2025-12-12 10:21:33.764 65846 INFO tempest.lib.common.rest_client [req-c804ed18-1aa4-45c1-aa56-3e0f58f7a656 req-c804ed18-1aa4-45c1-aa56-3e0f58f7a656 ] Request (AZAdminV2TestJSON:tearDownClass): 204 DELETE http://10.180.1.21/networking/v2.0/security-groups/5bcc9f0c-8115-4629-8e32-b3ee9fdef98f 0.089s
2025-12-12 10:21:33.829 65844 INFO tempest.lib.common.rest_client [req-68341e5b-da68-42c8-9201-c2bd2eff0d33 req-68341e5b-da68-42c8-9201-c2bd2eff0d33 ] Request (FlavorsV255TestJSON:test_crud_flavor): 200 GET http://10.180.1.21/compute/v2.1/flavors/959250889 5.917s
2025-12-12 10:21:33.872 65814 INFO tempest.lib.common.rest_client [req-0afa4a97-702e-4ff0-be8b-f58e7424e07b req-0afa4a97-702e-4ff0-be8b-f58e7424e07b ] Request (HypervisorAdminV253TestBase:tearDownClass): 204 DELETE http://10.180.1.21/identity/v3/users/abeaf7a178134442b4e239842bf3fe31 0.398s
2025-12-12 10:21:33.872 65814 INFO tempest.lib.common.dynamic_creds [-] Deleting project and security group for project: 3b236cac28be40b9aa67753bd576b6f3
2025-12-12 10:21:33.966 65838 INFO tempest.lib.common.rest_client [req-465e4f3d-4027-4233-af3e-475778bb031b req-465e4f3d-4027-4233-af3e-475778bb031b ] Request (ListImageFiltersNegativeTestJSON:tearDownClass): 201 POST http://10.180.1.21/identity/v3/auth/tokens 0.244s
2025-12-12 10:21:34.006 65848 INFO tempest.lib.common.rest_client [req-48cb8985-409c-42f8-9bd9-1de666f28990 req-48cb8985-409c-42f8-9bd9-1de666f28990 ] Request (HypervisorAdminV228Test:tearDownClass): 204 DELETE http://10.180.1.21/identity/v3/users/1e38d27ca82d4b4ebd1cba38d663b7b9 0.352s
2025-12-12 10:21:34.006 65848 INFO tempest.lib.common.dynamic_creds [-] Deleting project and security group for project: 3aa0e82fb94a4aacbbc13fbde2c43605
2025-12-12 10:21:34.059 65816 INFO tempest.lib.common.rest_client [req-b90472e5-600e-4db8-b555-736d93190101 req-b90472e5-600e-4db8-b555-736d93190101 ] Request (FloatingIPsAssociationTestJSON:setUpClass): 200 PUT http://10.180.1.21/networking/v2.0/routers/9bdb3028-14be-44c1-acce-40c7e985d9ff/add_router_interface 1.066s
2025-12-12 10:21:34.059 65816 INFO tempest.lib.common.dynamic_creds [-] Created isolated network resources for: credentials: Credentials: {'domain_id': 'default', 'domain_name': 'Default', 'username': 'tempest-FloatingIPsAssociationTestJSON-414106725-project-member', 'project_domain_id': 'default', 'project_domain_name': 'Default', 'project_id': '6c76d0d40aa747cba12cdd08485ddc5c', 'project_name': 'tempest-FloatingIPsAssociationTestJSON-414106725', 'tenant_id': '6c76d0d40aa747cba12cdd08485ddc5c', 'tenant_name': 'tempest-FloatingIPsAssociationTestJSON-414106725', 'user_domain_id': 'default', 'user_domain_name': 'Default', 'user_id': '955b88e4b6994230b917e68ba5948585', 'system': None}, Network: {'id': '21808ff7-5ca3-408c-90ac-bd53f58ab19e', 'name': 'tempest-FloatingIPsAssociationTestJSON-620424266-network', 'tenant_id': '6c76d0d40aa747cba12cdd08485ddc5c', 'project_id': '6c76d0d40aa747cba12cdd08485ddc5c', 'admin_state_up': True, 'mtu': 8950, 'status': 'ACTIVE', 'subnets': [], 'shared': False, 'port_security_enabled': True, 'router:external': False, 'provider:network_type': 'vlan', 'provider:physical_network': 'default', 'provider:segmentation_id': 530, 'availability_zone_hints': [], 'availability_zones': [], 'ipv4_address_scope': None, 'ipv6_address_scope': None, 'description': '', 'tags': [], 'created_at': '2025-12-12T10:21:30Z', 'updated_at': '2025-12-12T10:21:30Z', 'revision_number': 1}, Subnet: {'id': 'aad2d38b-fc8b-4a3f-8323-d9063d2b6c17', 'name': 'tempest-FloatingIPsAssociationTestJSON-620424266-subnet', 'tenant_id': '6c76d0d40aa747cba12cdd08485ddc5c', 'network_id': '21808ff7-5ca3-408c-90ac-bd53f58ab19e', 'ip_version': 4, 'subnetpool_id': None, 'enable_dhcp': True, 'ipv6_ra_mode': None, 'ipv6_address_mode': None, 'gateway_ip': '192.168.128.1', 'cidr': '192.168.128.0/28', 'allocation_pools': [{'start': '192.168.128.2', 'end': '192.168.128.14'}], 'host_routes': [], 'dns_nameservers': [], 'description': '', 'router:external': False, 'service_types': [], 'tags': [], 'created_at': '2025-12-12T10:21:31Z', 'updated_at': '2025-12-12T10:21:31Z', 'revision_number': 0, 'project_id': '6c76d0d40aa747cba12cdd08485ddc5c'}, Router: {'id': '9bdb3028-14be-44c1-acce-40c7e985d9ff', 'name': 'tempest-FloatingIPsAssociationTestJSON-620424266-router', 'tenant_id': '6c76d0d40aa747cba12cdd08485ddc5c', 'admin_state_up': True, 'status': 'ACTIVE', 'external_gateway_info': {'network_id': '527e60c1-b54c-4755-8c75-6419791c243e', 'external_fixed_ips': [{'subnet_id': '264afd0e-685d-4246-8fc1-f050b4e9877e', 'ip_address': '10.180.180.253'}], 'enable_snat': True}, 'description': '', 'availability_zones': [], 'distributed': False, 'ha': False, 'availability_zone_hints': [], 'routes': [], 'flavor_id': None, 'tags': [], 'created_at': '2025-12-12T10:21:32Z', 'updated_at': '2025-12-12T10:21:32Z', 'revision_number': 2, 'project_id': '6c76d0d40aa747cba12cdd08485ddc5c'}
2025-12-12 10:21:34.071 65846 INFO tempest.lib.common.rest_client [req-617abb23-3317-4569-ac35-2e27d5beaf01 req-617abb23-3317-4569-ac35-2e27d5beaf01 ] Request (AZAdminV2TestJSON:tearDownClass): 204 DELETE http://10.180.1.21/identity/v3/projects/0041834d36a84ff5833c3bde1aec0e0d 0.307s
2025-12-12 10:21:34.071 65846 INFO tempest.lib.common.dynamic_creds [-] Deleting project and security group for project: 291499474a9647b290f8e9d6c9ab5856
2025-12-12 10:21:34.151 65814 INFO tempest.lib.common.rest_client [req-3e963564-3e3b-4b95-a2da-0f358e0306e7 req-3e963564-3e3b-4b95-a2da-0f358e0306e7 ] Request (HypervisorAdminV253TestBase:tearDownClass): 201 POST http://10.180.1.21/identity/v3/auth/tokens 0.279s
2025-12-12 10:21:34.161 65854 INFO tempest.lib.common.rest_client [req-653d7f18-63ea-4b2d-bbaf-3212168a9446 req-653d7f18-63ea-4b2d-bbaf-3212168a9446 ] Request (ServersWithSpecificFlavorTestJSON:test_verify_created_server_ephemeral_disk): 200 GET http://10.180.1.21/compute/v2.1/flavors/42 3.984s
2025-12-12 10:21:34.168 65824 INFO tempest.lib.common.rest_client [req-dd691b00-2344-404b-96c9-2f0184c7d87a req-dd691b00-2344-404b-96c9-2f0184c7d87a ] Request (VolumesAssistedSnapshotsTest:test_volume_assisted_snapshot_create_delete): 200 GET http://10.180.1.21/volume/v3/volumes/5a9d5af0-3b97-4c34-af7e-e66992686a36 0.044s
2025-12-12 10:21:34.177 65824 INFO tempest.common.waiters [-] volume 5a9d5af0-3b97-4c34-af7e-e66992686a36 reached available after waiting for 1.177606 seconds
2025-12-12 10:21:34.188 65848 INFO tempest.lib.common.rest_client [req-4446c431-ae2b-4276-9cc7-75a2702848bd req-4446c431-ae2b-4276-9cc7-75a2702848bd ] Request (HypervisorAdminV228Test:tearDownClass): 201 POST http://10.180.1.21/identity/v3/auth/tokens 0.182s
2025-12-12 10:21:34.262 65846 INFO tempest.lib.common.rest_client [req-d8f2f374-de50-4257-8114-137022898a4e req-d8f2f374-de50-4257-8114-137022898a4e ] Request (AZAdminV2TestJSON:tearDownClass): 200 GET http://10.180.1.21/networking/v2.0/security-groups?tenant_id=291499474a9647b290f8e9d6c9ab5856&name=default 0.191s
2025-12-12 10:21:34.266 65816 INFO tempest.lib.common.rest_client [req-ea41d7aa-d2e4-4651-b764-ddbe6963cc2b req-ea41d7aa-d2e4-4651-b764-ddbe6963cc2b ] Request (FloatingIPsAssociationTestJSON:setUpClass): 201 POST http://10.180.1.21/identity/v3/auth/tokens 0.200s
2025-12-12 10:21:34.303 65816 INFO tempest.lib.common.rest_client [req-b5abea3e-036f-4f27-8b0a-821112b61698 req-b5abea3e-036f-4f27-8b0a-821112b61698 ] Request (FloatingIPsAssociationTestJSON:setUpClass): 201 POST http://10.180.1.21/identity/v3/auth/tokens 0.033s
2025-12-12 10:21:34.304 65816 INFO tempest.lib.common.fixed_network [-] (FloatingIPsAssociationTestJSON:setUpClass) Found network {'id': '21808ff7-5ca3-408c-90ac-bd53f58ab19e', 'name': 'tempest-FloatingIPsAssociationTestJSON-620424266-network', 'tenant_id': '6c76d0d40aa747cba12cdd08485ddc5c', 'project_id': '6c76d0d40aa747cba12cdd08485ddc5c', 'admin_state_up': True, 'mtu': 8950, 'status': 'ACTIVE', 'subnets': [], 'shared': False, 'port_security_enabled': True, 'router:external': False, 'provider:network_type': 'vlan', 'provider:physical_network': 'default', 'provider:segmentation_id': 530, 'availability_zone_hints': [], 'availability_zones': [], 'ipv4_address_scope': None, 'ipv6_address_scope': None, 'description': '', 'tags': [], 'created_at': '2025-12-12T10:21:30Z', 'updated_at': '2025-12-12T10:21:30Z', 'revision_number': 1} available for tenant
2025-12-12 10:21:34.320 65838 INFO tempest.lib.common.rest_client [req-7784f86f-1be4-43bc-8713-e6790845b866 req-7784f86f-1be4-43bc-8713-e6790845b866 ] Request (ListImageFiltersNegativeTestJSON:tearDownClass): 200 GET http://10.180.1.21/networking/v2.0/security-groups?tenant_id=0868cb88863b473f9e0703acb0cf7e5d&name=default 0.354s
2025-12-12 10:21:34.424 65814 INFO tempest.lib.common.rest_client [req-e09e49ce-2736-4446-8a03-58fcd394ea2f req-e09e49ce-2736-4446-8a03-58fcd394ea2f ] Request (HypervisorAdminV253TestBase:tearDownClass): 200 GET http://10.180.1.21/networking/v2.0/security-groups?tenant_id=3b236cac28be40b9aa67753bd576b6f3&name=default 0.272s
2025-12-12 10:21:34.446 65848 INFO tempest.lib.common.rest_client [req-0d401efa-6a26-45df-9b23-9764ed900985 req-0d401efa-6a26-45df-9b23-9764ed900985 ] Request (HypervisorAdminV228Test:tearDownClass): 200 GET http://10.180.1.21/networking/v2.0/security-groups?tenant_id=3aa0e82fb94a4aacbbc13fbde2c43605&name=default 0.257s
2025-12-12 10:21:34.530 65846 INFO tempest.lib.common.rest_client [req-e9a105cd-a97f-4c99-b8f7-f385d64a6a23 req-e9a105cd-a97f-4c99-b8f7-f385d64a6a23 ] Request (AZAdminV2TestJSON:tearDownClass): 204 DELETE http://10.180.1.21/networking/v2.0/security-groups/b609cb8b-d118-4ba3-b97d-55eb1ba36dd7 0.267s
2025-12-12 10:21:34.587 65832 INFO tempest.lib.common.rest_client [req-0d52dec4-7866-426b-a91b-c90d52cd9dab req-0d52dec4-7866-426b-a91b-c90d52cd9dab ] Request (DeleteServersTestJSON:test_delete_active_server): 200 GET http://10.180.1.21/compute/v2.1/servers/fe42a012-e29f-43bc-9a95-7742eaddbe6d 4.227s
2025-12-12 10:21:34.608 65846 INFO tempest.lib.common.rest_client [req-ecf1acab-ebe6-465f-a0b5-740907a4dfae req-ecf1acab-ebe6-465f-a0b5-740907a4dfae ] Request (AZAdminV2TestJSON:tearDownClass): 204 DELETE http://10.180.1.21/identity/v3/projects/291499474a9647b290f8e9d6c9ab5856 0.078s
2025-12-12 10:21:34.611 65838 INFO tempest.lib.common.rest_client [req-03a4afca-a7bc-4327-9f38-83803c5e1a54 req-03a4afca-a7bc-4327-9f38-83803c5e1a54 ] Request (ListImageFiltersNegativeTestJSON:tearDownClass): 204 DELETE http://10.180.1.21/networking/v2.0/security-groups/0ddad681-6f51-4a59-ae78-2dd7beeb73a5 0.290s
2025-12-12 10:21:34.654 65814 INFO tempest.lib.common.rest_client [req-9b2ba3d4-2842-4392-a518-ecc5ff24d559 req-9b2ba3d4-2842-4392-a518-ecc5ff24d559 ] Request (HypervisorAdminV253TestBase:tearDownClass): 204 DELETE http://10.180.1.21/networking/v2.0/security-groups/8f7ca308-d4b4-4e87-bd6c-1997b5511053 0.229s
2025-12-12 10:21:34.680 65846 INFO tempest.lib.common.rest_client [req-9034ae14-45a0-448a-b858-dfa5e5639b18 req-9034ae14-45a0-448a-b858-dfa5e5639b18 ] Request (MultipleCreateNegativeTestJSON:setUpClass): 201 POST http://10.180.1.21/identity/v3/auth/tokens 0.070s
2025-12-12 10:21:34.707 65862 INFO tempest.lib.common.rest_client [req-a2ccd931-dc42-4492-9c85-0c921e769a56 req-a2ccd931-dc42-4492-9c85-0c921e769a56 ] Request (HostsAdminNegativeTestJSON:test_list_hosts_with_non_admin_user): 403 GET http://10.180.1.21/compute/v2.1/os-hosts 4.160s
2025-12-12 10:21:34.712 65848 INFO tempest.lib.common.rest_client [req-724f359f-968b-4823-9aeb-0e4be294a259 req-724f359f-968b-4823-9aeb-0e4be294a259 ] Request (HypervisorAdminV228Test:tearDownClass): 204 DELETE http://10.180.1.21/networking/v2.0/security-groups/60b22f14-2949-4981-b1e5-550915f3b8b4 0.266s
2025-12-12 10:21:34.737 65828 INFO tempest.lib.common.rest_client [req-cf698094-ebf1-4e69-a682-86a177c329cd req-cf698094-ebf1-4e69-a682-86a177c329cd ] Request (FlavorsAdminTestJSON:_run_cleanups): 200 GET http://10.180.1.21/compute/v2.1/flavors/detail 4.157s
2025-12-12 10:21:34.738 65838 INFO tempest.lib.common.rest_client [req-bff539ee-beee-4ec3-9d20-9474f387b19c req-bff539ee-beee-4ec3-9d20-9474f387b19c ] Request (ListImageFiltersNegativeTestJSON:tearDownClass): 204 DELETE http://10.180.1.21/identity/v3/projects/0868cb88863b473f9e0703acb0cf7e5d 0.127s
2025-12-12 10:21:34.755 65818 INFO tempest.lib.common.rest_client [req-8ce85d25-5942-41ec-8242-2dd02f58a195 req-8ce85d25-5942-41ec-8242-2dd02f58a195 ] Request (KeyPairsV2TestJSON:test_get_keypair_detail): 200 GET http://10.180.1.21/compute/v2.1/os-keypairs/tempest-keypair-1321573744 4.040s
2025-12-12 10:21:34.767 65814 INFO tempest.lib.common.rest_client [req-3847e393-1773-492a-b2fa-327dd37bd653 req-3847e393-1773-492a-b2fa-327dd37bd653 ] Request (HypervisorAdminV253TestBase:tearDownClass): 204 DELETE http://10.180.1.21/identity/v3/projects/3b236cac28be40b9aa67753bd576b6f3 0.112s
2025-12-12 10:21:34.767 65814 INFO tempest.lib.common.dynamic_creds [-] Deleting project and security group for project: d5baed3f3a184dffaa0b427cf07ff6d3
2025-12-12 10:21:34.809 65846 INFO tempest.lib.common.rest_client [req-57b980e7-63e4-4ca8-bcbf-4302f9f3d9b9 req-57b980e7-63e4-4ca8-bcbf-4302f9f3d9b9 ] Request (MultipleCreateNegativeTestJSON:setUpClass): 201 POST http://10.180.1.21/identity/v3/auth/tokens 0.123s
2025-12-12 10:21:34.838 65869 INFO tempest.lib.common.rest_client [req-8f500d34-6c10-4b4d-9a2f-5db412725ffa req-8f500d34-6c10-4b4d-9a2f-5db412725ffa ] Request (ImagesTestJSON:test_create_image_from_stopped_server): 202 POST http://10.180.1.21/compute/v2.1/servers 5.593s
2025-12-12 10:21:34.839 65838 INFO tempest.lib.common.rest_client [req-c7167b42-63f2-4b9e-b26f-f155ea89613b req-c7167b42-63f2-4b9e-b26f-f155ea89613b ] Request (ServersTestFqdnHostnames:setUpClass): 201 POST http://10.180.1.21/identity/v3/auth/tokens 0.099s
2025-12-12 10:21:34.905 65848 INFO tempest.lib.common.rest_client [req-7fe049ab-b888-4f2e-a115-549c6c5bf03d req-7fe049ab-b888-4f2e-a115-549c6c5bf03d ] Request (HypervisorAdminV228Test:tearDownClass): 204 DELETE http://10.180.1.21/identity/v3/projects/3aa0e82fb94a4aacbbc13fbde2c43605 0.192s
2025-12-12 10:21:34.905 65848 INFO tempest.lib.common.dynamic_creds [-] Deleting project and security group for project: 27adb9f1e0de49c886ebb6b9772c22cb
2025-12-12 10:21:34.930 65814 INFO tempest.lib.common.rest_client [req-c23e94fa-ceab-4c8b-852e-e9318d87f34f req-c23e94fa-ceab-4c8b-852e-e9318d87f34f ] Request (HypervisorAdminV253TestBase:tearDownClass): 200 GET http://10.180.1.21/networking/v2.0/security-groups?tenant_id=d5baed3f3a184dffaa0b427cf07ff6d3&name=default 0.163s
2025-12-12 10:21:34.984 65846 INFO tempest.lib.common.rest_client [req-46c416b8-a553-4754-a49b-b669d5eeff5c req-46c416b8-a553-4754-a49b-b669d5eeff5c ] Request (MultipleCreateNegativeTestJSON:setUpClass): 200 GET http://10.180.1.21/identity/v3/domains?name=Default 0.174s
2025-12-12 10:21:35.053 65814 INFO tempest.lib.common.rest_client [req-28e4bfa9-7a69-4f9d-8d59-eb71c841275b req-28e4bfa9-7a69-4f9d-8d59-eb71c841275b ] Request (HypervisorAdminV253TestBase:tearDownClass): 204 DELETE http://10.180.1.21/networking/v2.0/security-groups/43507a9f-3e7b-485f-b775-74a3f627c125 0.122s
2025-12-12 10:21:35.058 65848 INFO tempest.lib.common.rest_client [req-50e1313a-f992-4522-bbb2-066be5ab9425 req-50e1313a-f992-4522-bbb2-066be5ab9425 ] Request (HypervisorAdminV228Test:tearDownClass): 200 GET http://10.180.1.21/networking/v2.0/security-groups?tenant_id=27adb9f1e0de49c886ebb6b9772c22cb&name=default 0.152s
2025-12-12 10:21:35.061 65838 INFO tempest.lib.common.rest_client [req-ad86beb0-8ccf-456c-9c01-7ccc32525567 req-ad86beb0-8ccf-456c-9c01-7ccc32525567 ] Request (ServersTestFqdnHostnames:setUpClass): 201 POST http://10.180.1.21/identity/v3/auth/tokens 0.219s
2025-12-12 10:21:35.123 65846 INFO tempest.lib.common.rest_client [req-f867c71b-d43d-4dea-94cc-be5d454ad772 req-f867c71b-d43d-4dea-94cc-be5d454ad772 ] Request (MultipleCreateNegativeTestJSON:setUpClass): 201 POST http://10.180.1.21/identity/v3/projects 0.138s
2025-12-12 10:21:35.164 65848 INFO tempest.lib.common.rest_client [req-5dcbf4de-a173-446d-b665-b68a5e442526 req-5dcbf4de-a173-446d-b665-b68a5e442526 ] Request (HypervisorAdminV228Test:tearDownClass): 204 DELETE http://10.180.1.21/networking/v2.0/security-groups/9e0f540d-f990-4198-b778-d99b4cd01f76 0.106s
2025-12-12 10:21:35.200 65838 INFO tempest.lib.common.rest_client [req-5408c719-01bb-4a16-b2e4-5de6cc199995 req-5408c719-01bb-4a16-b2e4-5de6cc199995 ] Request (ServersTestFqdnHostnames:setUpClass): 200 GET http://10.180.1.21/identity/v3/domains?name=Default 0.139s
2025-12-12 10:21:35.245 65814 INFO tempest.lib.common.rest_client [req-10a4f19d-931c-4550-a5a0-21c16ef5cd65 req-10a4f19d-931c-4550-a5a0-21c16ef5cd65 ] Request (HypervisorAdminV253TestBase:tearDownClass): 204 DELETE http://10.180.1.21/identity/v3/projects/d5baed3f3a184dffaa0b427cf07ff6d3 0.192s
2025-12-12 10:21:35.246 65814 INFO tempest.test [-] raised in LiveMigrationRemoteConsolesV26Test.setUpClass. Invoking tearDownClass.
2025-12-12 10:21:35.265 65846 INFO tempest.lib.common.rest_client [req-32e4104e-5b25-420f-9cff-9e66bb2ba618 req-32e4104e-5b25-420f-9cff-9e66bb2ba618 ] Request (MultipleCreateNegativeTestJSON:setUpClass): 201 POST http://10.180.1.21/identity/v3/users 0.141s
2025-12-12 10:21:35.293 65838 INFO tempest.lib.common.rest_client [req-a1f9b659-0123-447c-a1e4-c474919ef1fb req-a1f9b659-0123-447c-a1e4-c474919ef1fb ] Request (ServersTestFqdnHostnames:setUpClass): 201 POST http://10.180.1.21/identity/v3/projects 0.092s
2025-12-12 10:21:35.303 65826 INFO tempest.lib.common.rest_client [req-9c4b67e7-08ab-4257-8ac2-b70202e4656a req-9c4b67e7-08ab-4257-8ac2-b70202e4656a ] Request (FlavorsExtraSpecsTestJSON:setUpClass): 200 POST http://10.180.1.21/compute/v2.1/flavors 3.230s
2025-12-12 10:21:35.308 65848 INFO tempest.lib.common.rest_client [req-e531af3f-c5a3-4416-9ce4-dba2035ee473 req-e531af3f-c5a3-4416-9ce4-dba2035ee473 ] Request (HypervisorAdminV228Test:tearDownClass): 204 DELETE http://10.180.1.21/identity/v3/projects/27adb9f1e0de49c886ebb6b9772c22cb 0.143s
2025-12-12 10:21:35.358 65814 INFO tempest.lib.common.rest_client [req-7916e90b-be50-4de9-a5ac-cc5468705483 req-7916e90b-be50-4de9-a5ac-cc5468705483 ] Request (ServerDiagnosticsV248Test:setUpClass): 201 POST http://10.180.1.21/identity/v3/auth/tokens 0.106s
2025-12-12 10:21:35.375 65846 INFO tempest.lib.common.rest_client [req-70874fdc-61ba-4ad9-bc23-38880bc28859 req-70874fdc-61ba-4ad9-bc23-38880bc28859 ] Request (MultipleCreateNegativeTestJSON:setUpClass): 200 GET http://10.180.1.21/identity/v3/roles 0.110s
2025-12-12 10:21:35.376 65852 INFO tempest.lib.common.rest_client [req-6493120c-1315-4666-b86d-26d395a19044 req-6493120c-1315-4666-b86d-26d395a19044 ] Request (ListServerFiltersTestJSON:setUpClass): 202 POST http://10.180.1.21/compute/v2.1/servers 4.392s
2025-12-12 10:21:35.390 65838 INFO tempest.lib.common.rest_client [req-7cd3f7a0-f07c-4196-b993-a1f9dc44bb75 req-7cd3f7a0-f07c-4196-b993-a1f9dc44bb75 ] Request (ServersTestFqdnHostnames:setUpClass): 201 POST http://10.180.1.21/identity/v3/users 0.094s
2025-12-12 10:21:35.413 65848 INFO tempest.lib.common.rest_client [req-313cef24-af80-402d-b03d-f85fb439f8e2 req-313cef24-af80-402d-b03d-f85fb439f8e2 ] Request (QuotaClassesAdminTestJSON:setUpClass): 201 POST http://10.180.1.21/identity/v3/auth/tokens 0.103s
2025-12-12 10:21:35.438 65814 INFO tempest.lib.common.rest_client [req-3e3fff8c-5d9d-429c-9c3e-8a0caa791a54 req-3e3fff8c-5d9d-429c-9c3e-8a0caa791a54 ] Request (ServerDiagnosticsV248Test:setUpClass): 201 POST http://10.180.1.21/identity/v3/auth/tokens 0.077s
2025-12-12 10:21:35.464 65846 INFO tempest.lib.common.rest_client [req-20a63b8e-7e18-4340-8317-0e0f647e22bc req-20a63b8e-7e18-4340-8317-0e0f647e22bc ] Request (MultipleCreateNegativeTestJSON:setUpClass): 204 PUT http://10.180.1.21/identity/v3/projects/07102e51c5834824bc042fd647decef8/users/cb797bba1df54c45b0792fe6e9e501f2/roles/76d0949b9e50412c8059a61b411e68cd 0.089s
2025-12-12 10:21:35.465 65846 INFO tempest.lib.common.dynamic_creds [-] Dynamic test user cb797bba1df54c45b0792fe6e9e501f2 is created with scope project and roles: ['member']
2025-12-12 10:21:35.465 65846 INFO tempest.lib.common.dynamic_creds [-] Acquired dynamic creds: credentials: Credentials: {'domain_id': 'default', 'domain_name': 'Default', 'username': 'tempest-MultipleCreateNegativeTestJSON-488032955-project-member', 'project_domain_id': 'default', 'project_domain_name': 'Default', 'project_id': '07102e51c5834824bc042fd647decef8', 'project_name': 'tempest-MultipleCreateNegativeTestJSON-488032955', 'tenant_id': '07102e51c5834824bc042fd647decef8', 'tenant_name': 'tempest-MultipleCreateNegativeTestJSON-488032955', 'user_domain_id': 'default', 'user_domain_name': 'Default', 'user_id': 'cb797bba1df54c45b0792fe6e9e501f2', 'system': None}, Network: None, Subnet: None, Router: None
2025-12-12 10:21:35.465 65846 INFO tempest.lib.common.dynamic_creds [-] Created isolated network resources for: credentials: Credentials: {'domain_id': 'default', 'domain_name': 'Default', 'username': 'tempest-MultipleCreateNegativeTestJSON-488032955-project-member', 'project_domain_id': 'default', 'project_domain_name': 'Default', 'project_id': '07102e51c5834824bc042fd647decef8', 'project_name': 'tempest-MultipleCreateNegativeTestJSON-488032955', 'tenant_id': '07102e51c5834824bc042fd647decef8', 'tenant_name': 'tempest-MultipleCreateNegativeTestJSON-488032955', 'user_domain_id': 'default', 'user_domain_name': 'Default', 'user_id': 'cb797bba1df54c45b0792fe6e9e501f2', 'system': None}, Network: None, Subnet: None, Router: None
2025-12-12 10:21:35.467 65858 INFO tempest.lib.common.rest_client [req-f7f9ef0a-af1e-4008-8175-2ae6edd1fe90 req-f7f9ef0a-af1e-4008-8175-2ae6edd1fe90 ] Request (ServerRescueTestJSONUnderV235:setUpClass): 200 GET http://10.180.1.21/compute/v2.1/servers/0f5aa2e5-7537-4dd4-b403-43b330bae3e6 2.805s
2025-12-12 10:21:35.547 65864 INFO tempest.lib.common.rest_client [req-2b3285f2-05be-453b-953b-aecacb4fc64d req-2b3285f2-05be-453b-953b-aecacb4fc64d ] Request (DeleteServersAdminTestJSON:test_admin_delete_servers_of_others): 200 GET http://10.180.1.21/compute/v2.1/servers/e2db4662-6d97-492e-a8f8-44b559d6b2ad 2.876s
2025-12-12 10:21:35.573 65852 INFO tempest.lib.common.rest_client [req-6434b91c-07e5-46ed-bc8e-c51060b97acc req-6434b91c-07e5-46ed-bc8e-c51060b97acc ] Request (ListServerFiltersTestJSON:setUpClass): 201 POST http://10.180.1.21/identity/v3/auth/tokens 0.192s
2025-12-12 10:21:35.573 65852 INFO tempest.lib.common.fixed_network [-] (ListServerFiltersTestJSON:setUpClass) Found network {'id': '48904ee9-2c9b-4005-a903-d46d2191554c', 'name': 'tempest-ListServerFiltersTestJSON-738999779-network', 'tenant_id': '42e85b79ce6e4d6ab96b59ba91e99988', 'project_id': '42e85b79ce6e4d6ab96b59ba91e99988', 'admin_state_up': True, 'mtu': 8950, 'status': 'ACTIVE', 'subnets': [], 'shared': False, 'port_security_enabled': True, 'router:external': False, 'provider:network_type': 'vlan', 'provider:physical_network': 'default', 'provider:segmentation_id': 929, 'availability_zone_hints': [], 'availability_zones': [], 'ipv4_address_scope': None, 'ipv6_address_scope': None, 'description': '', 'tags': [], 'created_at': '2025-12-12T10:21:29Z', 'updated_at': '2025-12-12T10:21:29Z', 'revision_number': 1} available for tenant
2025-12-12 10:21:35.578 65838 INFO tempest.lib.common.rest_client [req-8bcb48d5-3521-4ef2-8bd5-d97c97d6d480 req-8bcb48d5-3521-4ef2-8bd5-d97c97d6d480 ] Request (ServersTestFqdnHostnames:setUpClass): 200 GET http://10.180.1.21/identity/v3/roles 0.188s
2025-12-12 10:21:35.608 65848 INFO tempest.lib.common.rest_client [req-33af7192-e750-4ded-b28a-ddd3a3dc63bf req-33af7192-e750-4ded-b28a-ddd3a3dc63bf ] Request (QuotaClassesAdminTestJSON:setUpClass): 201 POST http://10.180.1.21/identity/v3/auth/tokens 0.191s
2025-12-12 10:21:35.609 65814 INFO tempest.lib.common.rest_client [req-4944c4e5-ea92-4621-922c-ce3baef4176e req-4944c4e5-ea92-4621-922c-ce3baef4176e ] Request (ServerDiagnosticsV248Test:setUpClass): 200 GET http://10.180.1.21/identity/v3/domains?name=Default 0.171s
2025-12-12 10:21:35.674 65846 INFO tempest.lib.common.rest_client [req-e48eac42-fbc4-43e3-9ecb-cb3fd5bc2870 req-e48eac42-fbc4-43e3-9ecb-cb3fd5bc2870 ] Request (MultipleCreateNegativeTestJSON:setUpClass): 201 POST http://10.180.1.21/identity/v3/auth/tokens 0.205s
2025-12-12 10:21:35.700 65838 INFO tempest.lib.common.rest_client [req-0e9a8d74-ef28-4687-85b1-54384251d441 req-0e9a8d74-ef28-4687-85b1-54384251d441 ] Request (ServersTestFqdnHostnames:setUpClass): 204 PUT http://10.180.1.21/identity/v3/projects/543fcd975f504a98bb6679a5db1a23f9/users/91285d5ff9fa4ee29fa0470d2cf3f89e/roles/76d0949b9e50412c8059a61b411e68cd 0.121s
2025-12-12 10:21:35.702 65838 INFO tempest.lib.common.dynamic_creds [-] Dynamic test user 91285d5ff9fa4ee29fa0470d2cf3f89e is created with scope project and roles: ['member']
2025-12-12 10:21:35.702 65838 INFO tempest.lib.common.dynamic_creds [-] Acquired dynamic creds: credentials: Credentials: {'domain_id': 'default', 'domain_name': 'Default', 'username': 'tempest-ServersTestFqdnHostnames-1791544921-project-member', 'project_domain_id': 'default', 'project_domain_name': 'Default', 'project_id': '543fcd975f504a98bb6679a5db1a23f9', 'project_name': 'tempest-ServersTestFqdnHostnames-1791544921', 'tenant_id': '543fcd975f504a98bb6679a5db1a23f9', 'tenant_name': 'tempest-ServersTestFqdnHostnames-1791544921', 'user_domain_id': 'default', 'user_domain_name': 'Default', 'user_id': '91285d5ff9fa4ee29fa0470d2cf3f89e', 'system': None}, Network: None, Subnet: None, Router: None
2025-12-12 10:21:35.753 65848 INFO tempest.lib.common.rest_client [req-60d84140-007f-44fa-8bdd-01ecdf39bb84 req-60d84140-007f-44fa-8bdd-01ecdf39bb84 ] Request (QuotaClassesAdminTestJSON:setUpClass): 200 GET http://10.180.1.21/identity/v3/domains?name=Default 0.144s
2025-12-12 10:21:35.760 65814 INFO tempest.lib.common.rest_client [req-8c5ea91c-0a3a-4001-9948-31b9a3d10aa0 req-8c5ea91c-0a3a-4001-9948-31b9a3d10aa0 ] Request (ServerDiagnosticsV248Test:setUpClass): 201 POST http://10.180.1.21/identity/v3/projects 0.150s
2025-12-12 10:21:35.833 65846 INFO tempest.lib.common.rest_client [req-ac6aa26d-5276-4130-a4f2-018a56098c7b req-ac6aa26d-5276-4130-a4f2-018a56098c7b ] Request (MultipleCreateNegativeTestJSON:test_max_count_less_than_min_count): 201 POST http://10.180.1.21/identity/v3/auth/tokens 0.154s
2025-12-12 10:21:35.833 65846 INFO tempest.lib.common.fixed_network [-] (MultipleCreateNegativeTestJSON:test_max_count_less_than_min_count) Found network None available for tenant
2025-12-12 10:21:35.862 65876 INFO tempest.lib.common.rest_client [req-c412ff21-4c6f-48f3-a5e2-0d6137bcbc1e req-c412ff21-4c6f-48f3-a5e2-0d6137bcbc1e ] Request (InstanceActionsV221TestJSON:test_get_list_deleted_instance_actions): 202 POST http://10.180.1.21/compute/v2.1/servers 3.522s
2025-12-12 10:21:35.906 65838 INFO tempest.lib.common.rest_client [req-7ccbe32f-9ef6-461c-b6a8-75e601644de8 req-7ccbe32f-9ef6-461c-b6a8-75e601644de8 ] Request (ServersTestFqdnHostnames:setUpClass): 201 POST http://10.180.1.21/identity/v3/auth/tokens 0.203s
2025-12-12 10:21:35.916 65848 INFO tempest.lib.common.rest_client [req-908a2594-9b35-460f-beac-be1084282df9 req-908a2594-9b35-460f-beac-be1084282df9 ] Request (QuotaClassesAdminTestJSON:setUpClass): 201 POST http://10.180.1.21/identity/v3/projects 0.162s
2025-12-12 10:21:35.934 65836 INFO tempest.lib.common.rest_client [req-5417e2b2-6625-424a-8bbe-41cc5bd4e5fc req-5417e2b2-6625-424a-8bbe-41cc5bd4e5fc ] Request (SecurityGroupsTestAdminJSON:test_list_security_groups_list_all_tenants_filter): 200 POST http://10.180.1.21/compute/v2.1/os-security-groups 3.082s
2025-12-12 10:21:35.941 65814 INFO tempest.lib.common.rest_client [req-a3ac831b-feea-44c5-b00a-4531ddd9adec req-a3ac831b-feea-44c5-b00a-4531ddd9adec ] Request (ServerDiagnosticsV248Test:setUpClass): 201 POST http://10.180.1.21/identity/v3/users 0.180s
2025-12-12 10:21:35.979 65830 INFO tempest.lib.common.rest_client [req-572ea8f8-7c8e-4b11-81b8-fab7c02792be req-572ea8f8-7c8e-4b11-81b8-fab7c02792be ] Request (FlavorMetadataValidation:_run_cleanups): 200 GET http://10.180.1.21/compute/v2.1/flavors/detail 3.047s
2025-12-12 10:21:36.015 65848 INFO tempest.lib.common.rest_client [req-2c8b5cca-a8e9-40e5-845e-43afdc81ff62 req-2c8b5cca-a8e9-40e5-845e-43afdc81ff62 ] Request (QuotaClassesAdminTestJSON:setUpClass): 201 POST http://10.180.1.21/identity/v3/users 0.099s
2025-12-12 10:21:36.072 65814 INFO tempest.lib.common.rest_client [req-0c6fbde0-5161-4677-ae72-4a0704d6f141 req-0c6fbde0-5161-4677-ae72-4a0704d6f141 ] Request (ServerDiagnosticsV248Test:setUpClass): 200 GET http://10.180.1.21/identity/v3/roles 0.130s
2025-12-12 10:21:36.090 65848 INFO tempest.lib.common.rest_client [req-bb77c8e7-473f-4fb8-aa2b-d5a336cfe22d req-bb77c8e7-473f-4fb8-aa2b-d5a336cfe22d ] Request (QuotaClassesAdminTestJSON:setUpClass): 200 GET http://10.180.1.21/identity/v3/roles 0.074s
2025-12-12 10:21:36.152 65830 INFO tempest.lib.common.rest_client [req-e7025fb3-c185-4c54-8276-a53cde490c58 req-e7025fb3-c185-4c54-8276-a53cde490c58 ] Request (FlavorMetadataValidation:tearDownClass): 204 DELETE http://10.180.1.21/identity/v3/users/abe7070e3f71484e8d3908b3ca05c4e9 0.157s
2025-12-12 10:21:36.222 65860 INFO tempest.lib.common.rest_client [req-da516b69-dbb5-4534-a553-482586746240 req-da516b69-dbb5-4534-a553-482586746240 ] Request (QuotasAdminTestV236:test_get_updated_quotas): 200 GET http://10.180.1.21/compute/v2.1/os-quota-sets/3368a3c4bcb14cb384c6583db9b5dfc9/detail 3.281s
2025-12-12 10:21:36.248 65866 INFO tempest.lib.common.rest_client [req-35e5bc30-2c4b-4cff-b4bc-cf1bdfde38b5 req-35e5bc30-2c4b-4cff-b4bc-cf1bdfde38b5 ] Request (ServicesAdminNegativeTestJSON:test_get_service_with_valid_service_and_invalid_host): 200 GET http://10.180.1.21/compute/v2.1/os-services 3.264s
2025-12-12 10:21:36.283 65838 INFO tempest.lib.common.rest_client [req-109b0e3c-e5ad-4eae-a121-5ca7399fa09d req-109b0e3c-e5ad-4eae-a121-5ca7399fa09d ] Request (ServersTestFqdnHostnames:setUpClass): 201 POST http://10.180.1.21/networking/v2.0/networks 0.376s
2025-12-12 10:21:36.305 65848 INFO tempest.lib.common.rest_client [req-dcefb8f5-7cbf-4023-96d6-e38cde1c3bb7 req-dcefb8f5-7cbf-4023-96d6-e38cde1c3bb7 ] Request (QuotaClassesAdminTestJSON:setUpClass): 204 PUT http://10.180.1.21/identity/v3/projects/17a44dd0296a4402918e5854c877bd29/users/6470d07822d94eb696ba2414d2b4939e/roles/76d0949b9e50412c8059a61b411e68cd 0.214s
2025-12-12 10:21:36.305 65848 INFO tempest.lib.common.dynamic_creds [-] Dynamic test user 6470d07822d94eb696ba2414d2b4939e is created with scope project and roles: ['member']
2025-12-12 10:21:36.306 65848 INFO tempest.lib.common.dynamic_creds [-] Acquired dynamic creds: credentials: Credentials: {'domain_id': 'default', 'domain_name': 'Default', 'username': 'tempest-QuotaClassesAdminTestJSON-556744803-project-member', 'project_domain_id': 'default', 'project_domain_name': 'Default', 'project_id': '17a44dd0296a4402918e5854c877bd29', 'project_name': 'tempest-QuotaClassesAdminTestJSON-556744803', 'tenant_id': '17a44dd0296a4402918e5854c877bd29', 'tenant_name': 'tempest-QuotaClassesAdminTestJSON-556744803', 'user_domain_id': 'default', 'user_domain_name': 'Default', 'user_id': '6470d07822d94eb696ba2414d2b4939e', 'system': None}, Network: None, Subnet: None, Router: None
2025-12-12 10:21:36.306 65848 INFO tempest.lib.common.dynamic_creds [-] Created isolated network resources for: credentials: Credentials: {'domain_id': 'default', 'domain_name': 'Default', 'username': 'tempest-QuotaClassesAdminTestJSON-556744803-project-member', 'project_domain_id': 'default', 'project_domain_name': 'Default', 'project_id': '17a44dd0296a4402918e5854c877bd29', 'project_name': 'tempest-QuotaClassesAdminTestJSON-556744803', 'tenant_id': '17a44dd0296a4402918e5854c877bd29', 'tenant_name': 'tempest-QuotaClassesAdminTestJSON-556744803', 'user_domain_id': 'default', 'user_domain_name': 'Default', 'user_id': '6470d07822d94eb696ba2414d2b4939e', 'system': None}, Network: None, Subnet: None, Router: None
2025-12-12 10:21:36.315 65814 INFO tempest.lib.common.rest_client [req-37dd9578-9231-4dcd-ae2c-13bebbae8673 req-37dd9578-9231-4dcd-ae2c-13bebbae8673 ] Request (ServerDiagnosticsV248Test:setUpClass): 204 PUT http://10.180.1.21/identity/v3/projects/255a9582298141478b22dbb6eae095c1/users/2491b02ed9e042649e3b84dc0e46a2a0/roles/76d0949b9e50412c8059a61b411e68cd 0.242s
2025-12-12 10:21:36.315 65814 INFO tempest.lib.common.dynamic_creds [-] Dynamic test user 2491b02ed9e042649e3b84dc0e46a2a0 is created with scope project and roles: ['member']
2025-12-12 10:21:36.315 65814 INFO tempest.lib.common.dynamic_creds [-] Acquired dynamic creds: credentials: Credentials: {'domain_id': 'default', 'domain_name': 'Default', 'username': 'tempest-ServerDiagnosticsV248Test-983030343-project-member', 'project_domain_id': 'default', 'project_domain_name': 'Default', 'project_id': '255a9582298141478b22dbb6eae095c1', 'project_name': 'tempest-ServerDiagnosticsV248Test-983030343', 'tenant_id': '255a9582298141478b22dbb6eae095c1', 'tenant_name': 'tempest-ServerDiagnosticsV248Test-983030343', 'user_domain_id': 'default', 'user_domain_name': 'Default', 'user_id': '2491b02ed9e042649e3b84dc0e46a2a0', 'system': None}, Network: None, Subnet: None, Router: None
2025-12-12 10:21:36.315 65814 INFO tempest.lib.common.dynamic_creds [-] Created isolated network resources for: credentials: Credentials: {'domain_id': 'default', 'domain_name': 'Default', 'username': 'tempest-ServerDiagnosticsV248Test-983030343-project-member', 'project_domain_id': 'default', 'project_domain_name': 'Default', 'project_id': '255a9582298141478b22dbb6eae095c1', 'project_name': 'tempest-ServerDiagnosticsV248Test-983030343', 'tenant_id': '255a9582298141478b22dbb6eae095c1', 'tenant_name': 'tempest-ServerDiagnosticsV248Test-983030343', 'user_domain_id': 'default', 'user_domain_name': 'Default', 'user_id': '2491b02ed9e042649e3b84dc0e46a2a0', 'system': None}, Network: None, Subnet: None, Router: None
2025-12-12 10:21:36.404 65860 INFO tempest.lib.common.rest_client [req-1b7850a6-8fe2-4402-bc54-610280fb5228 req-1b7850a6-8fe2-4402-bc54-610280fb5228 ] Request (QuotasAdminTestV236:test_get_updated_quotas): 200 GET http://10.180.1.21/identity/v3/domains?name=Default 0.176s
2025-12-12 10:21:36.463 65830 INFO tempest.lib.common.rest_client [req-579cef33-a591-48bf-abac-554ffe9c4bb8 req-579cef33-a591-48bf-abac-554ffe9c4bb8 ] Request (FlavorMetadataValidation:tearDownClass): 204 DELETE http://10.180.1.21/identity/v3/users/947fa5e1ebcf4fb096e423810f379548 0.310s
2025-12-12 10:21:36.463 65830 INFO tempest.lib.common.dynamic_creds [-] Deleting project and security group for project: 1c266a98afd24291b8d983110cbcba1a
2025-12-12 10:21:36.469 65838 INFO tempest.lib.common.rest_client [req-bc93153d-23b1-4a4d-8d0a-763965e43cf9 req-bc93153d-23b1-4a4d-8d0a-763965e43cf9 ] Request (ServersTestFqdnHostnames:setUpClass): 201 POST http://10.180.1.21/networking/v2.0/subnets 0.185s
2025-12-12 10:21:36.539 65848 INFO tempest.lib.common.rest_client [req-de994a6e-e80d-4b67-bd58-689e0d4a0d00 req-de994a6e-e80d-4b67-bd58-689e0d4a0d00 ] Request (QuotaClassesAdminTestJSON:setUpClass): 201 POST http://10.180.1.21/identity/v3/auth/tokens 0.230s
2025-12-12 10:21:36.577 65874 INFO tempest.lib.common.rest_client [req-22b939c3-60fc-4e59-839b-39f7a51b4f2e req-22b939c3-60fc-4e59-839b-39f7a51b4f2e ] Request (FlavorsAccessTestJSON:test_flavor_access_add_remove): 200 GET http://10.180.1.21/compute/v2.1/flavors/detail 3.483s
2025-12-12 10:21:36.580 65820 INFO tempest.lib.common.rest_client [req-c0e16a49-75b4-4b99-b193-1392abd3cbb9 req-c0e16a49-75b4-4b99-b193-1392abd3cbb9 ] Request (FlavorsExtraSpecsNegativeTestJSON:test_flavor_non_admin_set_keys): 403 POST http://10.180.1.21/compute/v2.1/flavors/186296604/os-extra_specs 3.409s
2025-12-12 10:21:36.604 65872 INFO tempest.lib.common.rest_client [req-feae4020-110b-463e-92b4-f8db5a289b79 req-feae4020-110b-463e-92b4-f8db5a289b79 ] Request (HostsAdminTestJSON:test_list_hosts_with_nonexistent_zone): 200 GET http://10.180.1.21/compute/v2.1/os-hosts?zone=xxx 3.410s
2025-12-12 10:21:36.615 65860 INFO tempest.lib.common.rest_client [req-faa8d51a-1b23-4213-bcc8-a71a9c7fb8d9 req-faa8d51a-1b23-4213-bcc8-a71a9c7fb8d9 ] Request (QuotasAdminTestV236:test_get_updated_quotas): 201 POST http://10.180.1.21/identity/v3/users 0.211s
2025-12-12 10:21:36.629 65814 INFO tempest.lib.common.rest_client [req-30152e7d-b9ec-4527-93e2-4aebc9769a2d req-30152e7d-b9ec-4527-93e2-4aebc9769a2d ] Request (ServerDiagnosticsV248Test:setUpClass): 201 POST http://10.180.1.21/identity/v3/auth/tokens 0.311s
2025-12-12 10:21:36.675 65830 INFO tempest.lib.common.rest_client [req-1c8bab15-62c0-49e7-a3c4-de5117bc37c6 req-1c8bab15-62c0-49e7-a3c4-de5117bc37c6 ] Request (FlavorMetadataValidation:tearDownClass): 201 POST http://10.180.1.21/identity/v3/auth/tokens 0.212s
2025-12-12 10:21:36.708 65848 INFO tempest.lib.common.rest_client [req-265daf23-fea0-4c19-9797-9306f626e6f6 req-265daf23-fea0-4c19-9797-9306f626e6f6 ] Request (QuotaClassesAdminTestJSON:setUpClass): 201 POST http://10.180.1.21/identity/v3/projects 0.168s
2025-12-12 10:21:36.764 65860 INFO tempest.lib.common.rest_client [req-2a024d49-187f-4164-aac2-a45214e29f1d req-2a024d49-187f-4164-aac2-a45214e29f1d ] Request (QuotasAdminTestV236:test_get_updated_quotas): 200 GET http://10.180.1.21/identity/v3/domains?name=Default 0.148s
2025-12-12 10:21:36.836 65814 INFO tempest.lib.common.rest_client [req-dd00ccd0-8e20-4b9a-9991-b89c044ca17d req-dd00ccd0-8e20-4b9a-9991-b89c044ca17d ] Request (ServerDiagnosticsV248Test:setUpClass): 201 POST http://10.180.1.21/identity/v3/projects 0.205s
2025-12-12 10:21:36.897 65848 INFO tempest.lib.common.rest_client [req-210381f4-1327-40bc-83c4-76a679004c80 req-210381f4-1327-40bc-83c4-76a679004c80 ] Request (QuotaClassesAdminTestJSON:setUpClass): 201 POST http://10.180.1.21/identity/v3/users 0.188s
2025-12-12 10:21:36.973 65830 INFO tempest.lib.common.rest_client [req-f95e8e23-b6c8-4a27-8b81-9a0923ab6948 req-f95e8e23-b6c8-4a27-8b81-9a0923ab6948 ] Request (FlavorMetadataValidation:tearDownClass): 200 GET http://10.180.1.21/networking/v2.0/security-groups?tenant_id=1c266a98afd24291b8d983110cbcba1a&name=default 0.297s
2025-12-12 10:21:37.005 65814 INFO tempest.lib.common.rest_client [req-667ff6b1-5999-4ae4-8c19-aed54c569738 req-667ff6b1-5999-4ae4-8c19-aed54c569738 ] Request (ServerDiagnosticsV248Test:setUpClass): 201 POST http://10.180.1.21/identity/v3/users 0.169s
2025-12-12 10:21:37.013 65848 INFO tempest.lib.common.rest_client [req-03ce8543-04d1-4992-a635-b333f10f4bbd req-03ce8543-04d1-4992-a635-b333f10f4bbd ] Request (QuotaClassesAdminTestJSON:setUpClass): 200 GET http://10.180.1.21/identity/v3/roles 0.115s
2025-12-12 10:21:37.020 65870 INFO tempest.lib.common.rest_client [req-daab7940-c926-42b6-aaac-8abcb0fe2376 req-daab7940-c926-42b6-aaac-8abcb0fe2376 ] Request (FlavorsAccessNegativeTestJSON:test_add_flavor_access_duplicate): 200 POST http://10.180.1.21/compute/v2.1/flavors/756352934/action 3.711s
2025-12-12 10:21:37.025 65822 INFO tempest.lib.common.rest_client [req-c1a6f10a-5f4c-4d73-a885-c6f367c9450d req-c1a6f10a-5f4c-4d73-a885-c6f367c9450d ] Request (HypervisorAdminNegativeTestJSON:test_get_hypervisor_stats_with_non_admin_user): 403 GET http://10.180.1.21/compute/v2.1/os-hypervisors/statistics 3.674s
2025-12-12 10:21:37.035 65814 INFO tempest.lib.common.rest_client [req-385f9bd7-fb09-4451-a0f9-04f84e3095e5 req-385f9bd7-fb09-4451-a0f9-04f84e3095e5 ] Request (ServerDiagnosticsV248Test:setUpClass): 200 GET http://10.180.1.21/identity/v3/roles 0.029s
2025-12-12 10:21:37.051 65840 INFO tempest.lib.common.rest_client [req-5543fd05-8262-4229-be67-f4ef2d873c9f req-5543fd05-8262-4229-be67-f4ef2d873c9f ] Request (FlavorsV261TestJSON:test_crud_flavor): 200 PUT http://10.180.1.21/compute/v2.1/flavors/641455684 3.451s
2025-12-12 10:21:37.066 65842 INFO tempest.lib.common.rest_client [req-dd40c95b-05c0-4e20-a58e-b48dc8e421e0 req-dd40c95b-05c0-4e20-a58e-b48dc8e421e0 ] Request (ServicesAdminNegativeV253TestJSON:test_enable_service_with_invalid_service_id): 404 PUT http://10.180.1.21/compute/v2.1/os-services/dba3d5cd-58ee-482b-9293-fd668f8526fe 3.453s
2025-12-12 10:21:37.078 65834 INFO tempest.lib.common.rest_client [req-aace8bf1-2ae8-4529-bda8-02f89f8c20bc req-aace8bf1-2ae8-4529-bda8-02f89f8c20bc ] Request (AggregatesAdminNegativeTestJSON:test_aggregate_add_existent_host): 200 POST http://10.180.1.21/compute/v2.1/os-aggregates/1/action 4.170s
2025-12-12 10:21:37.091 65848 INFO tempest.lib.common.rest_client [req-1a87e20f-d95f-4049-b7fa-04c5bec83cd2 req-1a87e20f-d95f-4049-b7fa-04c5bec83cd2 ] Request (QuotaClassesAdminTestJSON:setUpClass): 204 PUT http://10.180.1.21/identity/v3/projects/9b065938e0c44c1aafedbb477d85419a/users/524b606c9e03495281e074356fa64d1c/roles/da0e2f8e1f0147a58f2971fe76d25e2e 0.078s
2025-12-12 10:21:37.100 65844 INFO tempest.lib.common.rest_client [req-af0e0655-70c7-448c-aec5-df264d99b7b3 req-af0e0655-70c7-448c-aec5-df264d99b7b3 ] Request (FlavorsV255TestJSON:test_crud_flavor): 200 PUT http://10.180.1.21/compute/v2.1/flavors/959250889 3.267s
2025-12-12 10:21:37.113 65814 INFO tempest.lib.common.rest_client [req-975e0af7-513c-4e1f-8c89-a20ec23cd86a req-975e0af7-513c-4e1f-8c89-a20ec23cd86a ] Request (ServerDiagnosticsV248Test:setUpClass): 204 PUT http://10.180.1.21/identity/v3/projects/f6a6670638a541409acc41bdf81e5a75/users/6c34cbb87e0b422385708cb63c46e806/roles/da0e2f8e1f0147a58f2971fe76d25e2e 0.077s
2025-12-12 10:21:37.169 65848 INFO tempest.lib.common.rest_client [req-cdf0c9e3-b47b-4d15-9b69-70c855878069 req-cdf0c9e3-b47b-4d15-9b69-70c855878069 ] Request (QuotaClassesAdminTestJSON:setUpClass): 200 GET http://10.180.1.21/identity/v3/roles 0.077s
2025-12-12 10:21:37.276 65814 INFO tempest.lib.common.rest_client [req-616ebe6f-c908-489b-a320-fc320c1a5836 req-616ebe6f-c908-489b-a320-fc320c1a5836 ] Request (ServerDiagnosticsV248Test:setUpClass): 200 GET http://10.180.1.21/identity/v3/roles 0.162s
2025-12-12 10:21:37.304 65814 INFO tempest.lib.common.rest_client [req-f92c3132-26ed-499b-b2d8-6c3f357d2f57 req-f92c3132-26ed-499b-b2d8-6c3f357d2f57 ] Request (ServerDiagnosticsV248Test:setUpClass): 204 PUT http://10.180.1.21/identity/v3/projects/f6a6670638a541409acc41bdf81e5a75/users/6c34cbb87e0b422385708cb63c46e806/roles/da0e2f8e1f0147a58f2971fe76d25e2e 0.028s
2025-12-12 10:21:37.304 65814 INFO tempest.lib.common.dynamic_creds [-] Dynamic test user 6c34cbb87e0b422385708cb63c46e806 is created with scope project and roles: ['admin']
2025-12-12 10:21:37.305 65814 INFO tempest.lib.common.dynamic_creds [-] Acquired dynamic creds: credentials: Credentials: {'domain_id': 'default', 'domain_name': 'Default', 'username': 'tempest-ServerDiagnosticsV248Test-2086562769-project-admin', 'project_domain_id': 'default', 'project_domain_name': 'Default', 'project_id': 'f6a6670638a541409acc41bdf81e5a75', 'project_name': 'tempest-ServerDiagnosticsV248Test-2086562769', 'tenant_id': 'f6a6670638a541409acc41bdf81e5a75', 'tenant_name': 'tempest-ServerDiagnosticsV248Test-2086562769', 'user_domain_id': 'default', 'user_domain_name': 'Default', 'user_id': '6c34cbb87e0b422385708cb63c46e806', 'system': None}, Network: None, Subnet: None, Router: None
2025-12-12 10:21:37.305 65814 INFO tempest.lib.common.dynamic_creds [-] Created isolated network resources for: credentials: Credentials: {'domain_id': 'default', 'domain_name': 'Default', 'username': 'tempest-ServerDiagnosticsV248Test-2086562769-project-admin', 'project_domain_id': 'default', 'project_domain_name': 'Default', 'project_id': 'f6a6670638a541409acc41bdf81e5a75', 'project_name': 'tempest-ServerDiagnosticsV248Test-2086562769', 'tenant_id': 'f6a6670638a541409acc41bdf81e5a75', 'tenant_name': 'tempest-ServerDiagnosticsV248Test-2086562769', 'user_domain_id': 'default', 'user_domain_name': 'Default', 'user_id': '6c34cbb87e0b422385708cb63c46e806', 'system': None}, Network: None, Subnet: None, Router: None
2025-12-12 10:21:37.305 65824 INFO tempest.lib.common.rest_client [req-7890d29e-f9f8-4f86-b2dc-c281d0e65235 req-7890d29e-f9f8-4f86-b2dc-c281d0e65235 ] Request (VolumesAssistedSnapshotsTest:test_volume_assisted_snapshot_create_delete): 200 POST http://10.180.1.21/compute/v2.1/os-keypairs 3.126s
2025-12-12 10:21:37.305 65838 INFO tempest.lib.common.rest_client [req-9b220fd6-8f60-4034-b7db-f1563d576325 req-9b220fd6-8f60-4034-b7db-f1563d576325 ] Request (ServersTestFqdnHostnames:setUpClass): 201 POST http://10.180.1.21/networking/v2.0/routers 0.836s
2025-12-12 10:21:37.306 65854 INFO tempest.lib.common.rest_client [req-8ffa8998-a387-415d-86fe-796db20f4cbc req-8ffa8998-a387-415d-86fe-796db20f4cbc ] Request (ServersWithSpecificFlavorTestJSON:test_verify_created_server_ephemeral_disk): 200 POST http://10.180.1.21/compute/v2.1/flavors 3.142s
2025-12-12 10:21:37.307 65848 INFO tempest.lib.common.rest_client [req-79db72da-e3d6-4711-8edd-d63760107e0f req-79db72da-e3d6-4711-8edd-d63760107e0f ] Request (QuotaClassesAdminTestJSON:setUpClass): 204 PUT http://10.180.1.21/identity/v3/projects/9b065938e0c44c1aafedbb477d85419a/users/524b606c9e03495281e074356fa64d1c/roles/da0e2f8e1f0147a58f2971fe76d25e2e 0.138s
2025-12-12 10:21:37.308 65848 INFO tempest.lib.common.dynamic_creds [-] Dynamic test user 524b606c9e03495281e074356fa64d1c is created with scope project and roles: ['admin']
2025-12-12 10:21:37.309 65848 INFO tempest.lib.common.dynamic_creds [-] Acquired dynamic creds: credentials: Credentials: {'domain_id': 'default', 'domain_name': 'Default', 'username': 'tempest-QuotaClassesAdminTestJSON-619273494-project-admin', 'project_domain_id': 'default', 'project_domain_name': 'Default', 'project_id': '9b065938e0c44c1aafedbb477d85419a', 'project_name': 'tempest-QuotaClassesAdminTestJSON-619273494', 'tenant_id': '9b065938e0c44c1aafedbb477d85419a', 'tenant_name': 'tempest-QuotaClassesAdminTestJSON-619273494', 'user_domain_id': 'default', 'user_domain_name': 'Default', 'user_id': '524b606c9e03495281e074356fa64d1c', 'system': None}, Network: None, Subnet: None, Router: None
2025-12-12 10:21:37.309 65848 INFO tempest.lib.common.dynamic_creds [-] Created isolated network resources for: credentials: Credentials: {'domain_id': 'default', 'domain_name': 'Default', 'username': 'tempest-QuotaClassesAdminTestJSON-619273494-project-admin', 'project_domain_id': 'default', 'project_domain_name': 'Default', 'project_id': '9b065938e0c44c1aafedbb477d85419a', 'project_name': 'tempest-QuotaClassesAdminTestJSON-619273494', 'tenant_id': '9b065938e0c44c1aafedbb477d85419a', 'tenant_name': 'tempest-QuotaClassesAdminTestJSON-619273494', 'user_domain_id': 'default', 'user_domain_name': 'Default', 'user_id': '524b606c9e03495281e074356fa64d1c', 'system': None}, Network: None, Subnet: None, Router: None
2025-12-12 10:21:37.316 65862 INFO tempest.lib.common.rest_client [req-03a00d94-0c52-48f2-b08d-5b9a3971f7a7 req-03a00d94-0c52-48f2-b08d-5b9a3971f7a7 ] Request (HostsAdminNegativeTestJSON:test_reboot_host_with_non_admin_user): 403 GET http://10.180.1.21/compute/v2.1/os-hosts/devstack/reboot 2.599s
2025-12-12 10:21:37.334 65828 INFO tempest.lib.common.rest_client [req-2c1f8212-ec6f-4b0c-a42b-e38d6b0f06d5 req-2c1f8212-ec6f-4b0c-a42b-e38d6b0f06d5 ] Request (FlavorsAdminTestJSON:test_create_flavor_verify_entry_in_list_details): 200 POST http://10.180.1.21/compute/v2.1/flavors 2.582s
2025-12-12 10:21:37.348 65818 INFO tempest.lib.common.rest_client [req-0cad7e5b-cd1d-4322-b147-30813cb70209 req-0cad7e5b-cd1d-4322-b147-30813cb70209 ] Request (KeyPairsV2TestJSON:_run_cleanups): 202 DELETE http://10.180.1.21/compute/v2.1/os-keypairs/tempest-keypair-1321573744 2.590s
2025-12-12 10:21:37.400 65814 INFO tempest.lib.common.rest_client [req-e70d9342-6514-4c51-8eb1-e0b409020db2 req-e70d9342-6514-4c51-8eb1-e0b409020db2 ] Request (ServerDiagnosticsV248Test:setUpClass): 201 POST http://10.180.1.21/identity/v3/auth/tokens 0.092s
2025-12-12 10:21:37.448 65830 INFO tempest.lib.common.rest_client [req-2d10f88f-81a2-404f-8c7f-bcec4325ffd9 req-2d10f88f-81a2-404f-8c7f-bcec4325ffd9 ] Request (FlavorMetadataValidation:tearDownClass): 204 DELETE http://10.180.1.21/networking/v2.0/security-groups/6bf375b3-b610-4c2e-97a1-e83bae38cb77 0.474s
2025-12-12 10:21:37.497 65814 INFO tempest.lib.common.rest_client [req-927dad30-40f8-4461-8313-fd5982d1a2af req-927dad30-40f8-4461-8313-fd5982d1a2af ] Request (ServerDiagnosticsV248Test:test_get_server_diagnostics): 201 POST http://10.180.1.21/identity/v3/auth/tokens 0.092s
2025-12-12 10:21:37.498 65814 INFO tempest.lib.common.fixed_network [-] (ServerDiagnosticsV248Test:test_get_server_diagnostics) Found network None available for tenant
2025-12-12 10:21:37.519 65848 INFO tempest.lib.common.rest_client [req-302d6fb1-3fbf-49d7-b3ce-cda28221066f req-302d6fb1-3fbf-49d7-b3ce-cda28221066f ] Request (QuotaClassesAdminTestJSON:setUpClass): 201 POST http://10.180.1.21/identity/v3/auth/tokens 0.206s
2025-12-12 10:21:37.604 65830 INFO tempest.lib.common.rest_client [req-aa7b8967-e345-48c2-ba79-b4cde80f55e2 req-aa7b8967-e345-48c2-ba79-b4cde80f55e2 ] Request (FlavorMetadataValidation:tearDownClass): 204 DELETE http://10.180.1.21/identity/v3/projects/1c266a98afd24291b8d983110cbcba1a 0.155s
2025-12-12 10:21:37.604 65830 INFO tempest.lib.common.dynamic_creds [-] Deleting project and security group for project: 43d6af05b3074c4a95e94d64e3c700ac
2025-12-12 10:21:38.413 65838 INFO tempest.lib.common.rest_client [req-07711b97-c2ad-49a5-b4e6-1ef46652d98f req-07711b97-c2ad-49a5-b4e6-1ef46652d98f ] Request (ServersTestFqdnHostnames:setUpClass): 200 PUT http://10.180.1.21/networking/v2.0/routers/8edcb62b-49fe-4023-914a-c114595c1454/add_router_interface 1.106s
