2025-12-12 10:24:28.397 65828 INFO tempest.lib.common.rest_client [req-9669c628-d9d1-4689-a336-244d4e26180a req-9669c628-d9d1-4689-a336-244d4e26180a ] Request (ServersAdmin275Test:setUpClass): 204 PUT http://10.180.1.21/identity/v3/projects/11898a5e49ac418396f04ccb2ab3f3fb/users/83b0c7702b5f49c7b598da42fa82b097/roles/da0e2f8e1f0147a58f2971fe76d25e2e 0.036s
2025-12-12 10:24:28.449 65844 INFO tempest.lib.common.rest_client [req-c82ecd0b-3c68-4dde-b20d-a3616d394cf3 req-c82ecd0b-3c68-4dde-b20d-a3616d394cf3 ] Request (SecurityGroupRulesTestJSON:tearDownClass): 204 DELETE http://10.180.1.21/networking/v2.0/security-groups/77def8e6-ca54-4ddf-b64d-c137611b4189 0.152s
2025-12-12 10:24:28.462 65828 INFO tempest.lib.common.rest_client [req-97e31350-2b99-4525-9d9d-3ede760dfb1f req-97e31350-2b99-4525-9d9d-3ede760dfb1f ] Request (ServersAdmin275Test:setUpClass): 200 GET http://10.180.1.21/identity/v3/roles 0.065s
2025-12-12 10:24:28.465 65860 INFO tempest.lib.common.rest_client [req-0681a81e-1891-4f50-84a0-b52f5de2ebd3 req-0681a81e-1891-4f50-84a0-b52f5de2ebd3 ] Request (ServersTestJSON:test_create_server_specify_multibyte_character_name): 200 GET http://10.180.1.21/compute/v2.1/servers/cac7951c-0571-4cf8-9684-332d60753524 2.183s
2025-12-12 10:24:28.484 65828 INFO tempest.lib.common.rest_client [req-6860ec28-fcb1-4bbe-ab79-f83c99b1d66c req-6860ec28-fcb1-4bbe-ab79-f83c99b1d66c ] Request (ServersAdmin275Test:setUpClass): 204 PUT http://10.180.1.21/identity/v3/projects/11898a5e49ac418396f04ccb2ab3f3fb/users/83b0c7702b5f49c7b598da42fa82b097/roles/da0e2f8e1f0147a58f2971fe76d25e2e 0.021s
2025-12-12 10:24:28.484 65828 INFO tempest.lib.common.dynamic_creds [-] Dynamic test user 83b0c7702b5f49c7b598da42fa82b097 is created with scope project and roles: ['admin']
2025-12-12 10:24:28.484 65828 INFO tempest.lib.common.dynamic_creds [-] Acquired dynamic creds: credentials: Credentials: {'domain_id': 'default', 'domain_name': 'Default', 'username': 'tempest-ServersAdmin275Test-1747295335-project-admin', 'project_domain_id': 'default', 'project_domain_name': 'Default', 'project_id': '11898a5e49ac418396f04ccb2ab3f3fb', 'project_name': 'tempest-ServersAdmin275Test-1747295335', 'tenant_id': '11898a5e49ac418396f04ccb2ab3f3fb', 'tenant_name': 'tempest-ServersAdmin275Test-1747295335', 'user_domain_id': 'default', 'user_domain_name': 'Default', 'user_id': '83b0c7702b5f49c7b598da42fa82b097', 'system': None}, Network: None, Subnet: None, Router: None
2025-12-12 10:24:28.484 65828 INFO tempest.lib.common.dynamic_creds [-] Created isolated network resources for: credentials: Credentials: {'domain_id': 'default', 'domain_name': 'Default', 'username': 'tempest-ServersAdmin275Test-1747295335-project-admin', 'project_domain_id': 'default', 'project_domain_name': 'Default', 'project_id': '11898a5e49ac418396f04ccb2ab3f3fb', 'project_name': 'tempest-ServersAdmin275Test-1747295335', 'tenant_id': '11898a5e49ac418396f04ccb2ab3f3fb', 'tenant_name': 'tempest-ServersAdmin275Test-1747295335', 'user_domain_id': 'default', 'user_domain_name': 'Default', 'user_id': '83b0c7702b5f49c7b598da42fa82b097', 'system': None}, Network: None, Subnet: None, Router: None
2025-12-12 10:24:28.488 65862 INFO tempest.lib.common.rest_client [req-6eade767-6910-4b2f-9151-3cc8bab87c9c req-6eade767-6910-4b2f-9151-3cc8bab87c9c ] Request (ImagesOneServerNegativeTestJSON:_run_cleanups): 404 GET http://10.180.1.21/compute/v2.1/servers/429ad889-a1f2-412a-ab97-b16017dc9ff9 1.656s
2025-12-12 10:24:28.514 65814 INFO tempest.lib.common.rest_client [req-80a379fb-d6d1-46e4-83ec-e6d9d49bd9be req-80a379fb-d6d1-46e4-83ec-e6d9d49bd9be ] Request (ServerGroupTestJSON:test_create_server_with_scheduler_hint_group): 202 POST http://10.180.1.21/compute/v2.1/servers 3.330s
2025-12-12 10:24:28.526 65844 INFO tempest.lib.common.rest_client [req-e0a563db-9982-4358-87a4-3dc380f9eda2 req-e0a563db-9982-4358-87a4-3dc380f9eda2 ] Request (SecurityGroupRulesTestJSON:tearDownClass): 204 DELETE http://10.180.1.21/identity/v3/projects/f173f02311a94a49809e8fbfeb67e5f8 0.076s
2025-12-12 10:24:28.569 65842 INFO tempest.lib.common.rest_client [req-bd48be0a-7408-48f6-aa65-b5c770bd4226 req-bd48be0a-7408-48f6-aa65-b5c770bd4226 ] Request (SecurityGroupsTestJSON:test_security_groups_create_list_delete): 404 GET http://10.180.1.21/compute/v2.1/os-security-groups/2c072392-a76a-4734-a933-5e87ca1ae123 1.089s
2025-12-12 10:24:28.569 65824 INFO tempest.lib.common.rest_client [req-fe247846-7421-4d35-b832-9d0202921cb7 req-fe247846-7421-4d35-b832-9d0202921cb7 ] Request (ServerDiagnosticsTest:test_get_server_diagnostics): 200 GET http://10.180.1.21/compute/v2.1/servers/43d76726-0e1c-414e-abb0-8c827f8c59cc 1.652s
2025-12-12 10:24:28.613 65826 INFO tempest.lib.common.rest_client [req-bf62b24f-67ee-48f0-bfa0-91892e7d7c43 req-bf62b24f-67ee-48f0-bfa0-91892e7d7c43 ] Request (MigrationsAdminTest:test_resize_server_revert_deleted_flavor): 200 GET http://10.180.1.21/compute/v2.1/flavors/42 0.854s
2025-12-12 10:24:28.622 65828 INFO tempest.lib.common.rest_client [req-1cbe2c54-9912-461f-aa83-3c736c76b515 req-1cbe2c54-9912-461f-aa83-3c736c76b515 ] Request (ServersAdmin275Test:setUpClass): 201 POST http://10.180.1.21/identity/v3/auth/tokens 0.134s
2025-12-12 10:24:28.623 65844 INFO tempest.lib.common.rest_client [req-80ad72fb-26ea-49fb-9431-10ea466d08be req-80ad72fb-26ea-49fb-9431-10ea466d08be ] Request (InstanceActionsNegativeTestJSON:setUpClass): 201 POST http://10.180.1.21/identity/v3/auth/tokens 0.095s
2025-12-12 10:24:28.658 65844 INFO tempest.lib.common.rest_client [req-a9d9a464-96ca-412d-9fa3-55c136bb1b36 req-a9d9a464-96ca-412d-9fa3-55c136bb1b36 ] Request (InstanceActionsNegativeTestJSON:setUpClass): 201 POST http://10.180.1.21/identity/v3/auth/tokens 0.028s
2025-12-12 10:24:28.682 65869 INFO tempest.lib.common.rest_client [req-0c764472-ed76-49bf-8719-9ccd58d1e134 req-0c764472-ed76-49bf-8719-9ccd58d1e134 ] Request (ImagesTestJSON:test_create_server_from_snapshot): 200 GET http://10.180.1.21/compute/v2.1/servers/c374e2a4-e244-4803-a7a2-1053ae2c98f9 0.882s
2025-12-12 10:24:28.683 65844 INFO tempest.lib.common.rest_client [req-890884b4-dab8-4126-8cf7-8b9325599aff req-890884b4-dab8-4126-8cf7-8b9325599aff ] Request (InstanceActionsNegativeTestJSON:setUpClass): 200 GET http://10.180.1.21/identity/v3/domains?name=Default 0.023s
2025-12-12 10:24:28.685 65840 INFO tempest.lib.common.rest_client [req-ae8ed6ea-6fa1-48a5-956e-2b8861cd3d46 req-ae8ed6ea-6fa1-48a5-956e-2b8861cd3d46 ] Request (ServerActionsV293TestJSON:setUpClass): 200 GET http://10.180.1.21/compute/v2.1/servers/fe0639d9-cd98-4b2e-a058-c63543791e0f/os-interface 0.932s
2025-12-12 10:24:28.695 65828 INFO tempest.lib.common.rest_client [req-3fd10dda-b0e0-4e31-afa2-f4c4efe9e5d5 req-3fd10dda-b0e0-4e31-afa2-f4c4efe9e5d5 ] Request (ServersAdmin275Test:test_rebuild_update_server_275): 201 POST http://10.180.1.21/identity/v3/auth/tokens 0.063s
2025-12-12 10:24:28.696 65828 INFO tempest.lib.common.fixed_network [-] (ServersAdmin275Test:test_rebuild_update_server_275) Found network None available for tenant
2025-12-12 10:24:28.723 65844 INFO tempest.lib.common.rest_client [req-43cb2257-48c6-44f7-b0d1-8078451a7857 req-43cb2257-48c6-44f7-b0d1-8078451a7857 ] Request (InstanceActionsNegativeTestJSON:setUpClass): 201 POST http://10.180.1.21/identity/v3/projects 0.039s
2025-12-12 10:24:28.807 65844 INFO tempest.lib.common.rest_client [req-b130c3f9-55dd-42d8-bf24-2fb50ffad3bd req-b130c3f9-55dd-42d8-bf24-2fb50ffad3bd ] Request (InstanceActionsNegativeTestJSON:setUpClass): 201 POST http://10.180.1.21/identity/v3/users 0.082s
2025-12-12 10:24:28.831 65844 INFO tempest.lib.common.rest_client [req-f616656d-4289-409a-ba2f-0a896adddf26 req-f616656d-4289-409a-ba2f-0a896adddf26 ] Request (InstanceActionsNegativeTestJSON:setUpClass): 200 GET http://10.180.1.21/identity/v3/roles 0.024s
2025-12-12 10:24:28.842 65852 INFO tempest.lib.common.rest_client [req-a3553d8c-06cd-4ba3-b4bb-aad70b2b1e3e req-a3553d8c-06cd-4ba3-b4bb-aad70b2b1e3e ] Request (ListServerFiltersTestJSON:tearDownClass): 200 GET http://10.180.1.21/compute/v2.1/servers/fe2c32d5-c68a-4d4d-87cc-a1ecf10a37c1 0.833s
2025-12-12 10:24:28.865 65864 INFO tempest.lib.common.rest_client [req-f707ebec-b4d6-435d-af42-06f738b74f48 req-f707ebec-b4d6-435d-af42-06f738b74f48 ] Request (ImagesMetadataNegativeTestJSON:test_list_nonexistent_image_metadata): 404 GET http://10.180.1.21/compute/v2.1/images/ef1183a1-3fa2-4765-9dbd-e24c710ddfeb/metadata 0.774s
2025-12-12 10:24:28.875 65844 INFO tempest.lib.common.rest_client [req-25104e50-916e-4ecd-8c79-30e3fb38ca59 req-25104e50-916e-4ecd-8c79-30e3fb38ca59 ] Request (InstanceActionsNegativeTestJSON:setUpClass): 204 PUT http://10.180.1.21/identity/v3/projects/0a993d6b27b04cbf8248df81b4f4651b/users/1ee379e0d4734a34b1e478519a1a3818/roles/76d0949b9e50412c8059a61b411e68cd 0.043s
2025-12-12 10:24:28.875 65844 INFO tempest.lib.common.dynamic_creds [-] Dynamic test user 1ee379e0d4734a34b1e478519a1a3818 is created with scope project and roles: ['member']
2025-12-12 10:24:28.875 65844 INFO tempest.lib.common.dynamic_creds [-] Acquired dynamic creds: credentials: Credentials: {'domain_id': 'default', 'domain_name': 'Default', 'username': 'tempest-InstanceActionsNegativeTestJSON-1969905280-project-member', 'project_domain_id': 'default', 'project_domain_name': 'Default', 'project_id': '0a993d6b27b04cbf8248df81b4f4651b', 'project_name': 'tempest-InstanceActionsNegativeTestJSON-1969905280', 'tenant_id': '0a993d6b27b04cbf8248df81b4f4651b', 'tenant_name': 'tempest-InstanceActionsNegativeTestJSON-1969905280', 'user_domain_id': 'default', 'user_domain_name': 'Default', 'user_id': '1ee379e0d4734a34b1e478519a1a3818', 'system': None}, Network: None, Subnet: None, Router: None
2025-12-12 10:24:28.883 65870 INFO tempest.lib.common.rest_client [req-150fb0a9-f5ce-4000-a9f0-29332cb71751 req-150fb0a9-f5ce-4000-a9f0-29332cb71751 ] Request (ImagesOneServerTestJSON:test_create_delete_image): 200 GET http://10.180.1.21/compute/v2.1/flavors/42 0.565s
2025-12-12 10:24:28.924 65862 INFO tempest.lib.common.rest_client [req-63500f7a-85cd-486b-80d8-7c4228f1612f req-63500f7a-85cd-486b-80d8-7c4228f1612f ] Request (ImagesOneServerNegativeTestJSON:_run_cleanups): 200 POST http://10.180.1.21/compute/v2.1/os-keypairs 0.434s
2025-12-12 10:24:28.957 65844 INFO tempest.lib.common.rest_client [req-8a0d1bc6-a572-4916-b19c-51091673e64c req-8a0d1bc6-a572-4916-b19c-51091673e64c ] Request (InstanceActionsNegativeTestJSON:setUpClass): 201 POST http://10.180.1.21/identity/v3/auth/tokens 0.081s
2025-12-12 10:24:28.985 65834 INFO tempest.lib.common.rest_client [req-e98d58ff-e786-427f-af65-9c809fc0bf1d req-e98d58ff-e786-427f-af65-9c809fc0bf1d ] Request (ImagesMetadataTestJSON:setUp): 200 PUT http://10.180.1.21/compute/v2.1/images/748afd36-9de3-4248-a87d-9a5e718c5313/metadata 0.923s
2025-12-12 10:24:29.074 65862 INFO tempest.lib.common.rest_client [req-351ef2e8-1fd1-4208-a472-9af69fd6ecf2 req-351ef2e8-1fd1-4208-a472-9af69fd6ecf2 ] Request (ImagesOneServerNegativeTestJSON:_run_cleanups): 201 POST http://10.180.1.21/networking/v2.0/security-groups 0.148s
2025-12-12 10:24:29.111 65814 INFO tempest.lib.common.rest_client [req-13bf3227-0867-4b87-801b-5d7167c292d7 req-13bf3227-0867-4b87-801b-5d7167c292d7 ] Request (ServerGroupTestJSON:test_create_server_with_scheduler_hint_group): 200 GET http://10.180.1.21/compute/v2.1/servers/d71ab6ab-1b6f-43bd-ba8a-3f6df96440f1 0.592s
2025-12-12 10:24:29.163 65848 INFO tempest.lib.common.rest_client [req-1e47a5f1-1147-4e09-9492-d0a8cc5610c6 req-1e47a5f1-1147-4e09-9492-d0a8cc5610c6 ] Request (ListImageFiltersTestJSON:setUpClass): 200 GET http://10.180.1.21/compute/v2.1/images/adcc4523-49da-4eda-b465-1b5cb7f7f8cc 0.627s
2025-12-12 10:24:29.361 65840 INFO tempest.lib.common.rest_client [req-c3fa01c8-4d8c-42ef-ac55-efc1081fafc5 req-c3fa01c8-4d8c-42ef-ac55-efc1081fafc5 ] Request (ServerActionsV293TestJSON:setUpClass): 200 PUT http://10.180.1.21/networking/v2.0/floatingips/a0bceae2-00ff-4313-b14e-a92115c7d439 0.673s
2025-12-12 10:24:29.385 65850 INFO tempest.lib.common.rest_client [req-e03600f7-44a0-442e-abc4-8bec1ee65150 req-e03600f7-44a0-442e-abc4-8bec1ee65150 ] Request (ServersAaction247Test:test_create_backup): 200 GET http://10.180.1.21/compute/v2.1/servers/c2a0c6a6-2deb-4887-9e22-7d34b95be7aa 0.853s
2025-12-12 10:24:29.410 65826 INFO tempest.lib.common.rest_client [req-b094467b-41e7-4498-b500-7a71bc9b22d1 req-b094467b-41e7-4498-b500-7a71bc9b22d1 ] Request (MigrationsAdminTest:test_resize_server_revert_deleted_flavor): 200 POST http://10.180.1.21/compute/v2.1/flavors 0.793s
2025-12-12 10:24:29.419 65844 INFO tempest.lib.common.rest_client [req-354a75f5-bfd9-4644-8699-530b9acdf38c req-354a75f5-bfd9-4644-8699-530b9acdf38c ] Request (InstanceActionsNegativeTestJSON:setUpClass): 201 POST http://10.180.1.21/networking/v2.0/networks 0.462s
2025-12-12 10:24:29.491 65862 INFO tempest.lib.common.rest_client [req-7532be3f-c7cb-42fc-8e2a-a47b4a41114c req-7532be3f-c7cb-42fc-8e2a-a47b4a41114c ] Request (ImagesOneServerNegativeTestJSON:_run_cleanups): 201 POST http://10.180.1.21/networking/v2.0/security-group-rules 0.416s
2025-12-12 10:24:29.662 65862 INFO tempest.lib.common.rest_client [req-52963a73-af7d-4c64-957b-702da7033e3a req-52963a73-af7d-4c64-957b-702da7033e3a ] Request (ImagesOneServerNegativeTestJSON:_run_cleanups): 201 POST http://10.180.1.21/networking/v2.0/security-group-rules 0.171s
2025-12-12 10:24:29.668 65844 INFO tempest.lib.common.rest_client [req-5da4cf61-0676-430f-8629-bc73881d513e req-5da4cf61-0676-430f-8629-bc73881d513e ] Request (InstanceActionsNegativeTestJSON:setUpClass): 201 POST http://10.180.1.21/networking/v2.0/subnets 0.247s
2025-12-12 10:24:29.692 65828 INFO tempest.lib.common.rest_client [req-5f0545a5-3cfa-4348-9c65-6ee25543ff36 req-5f0545a5-3cfa-4348-9c65-6ee25543ff36 ] Request (ServersAdmin275Test:test_rebuild_update_server_275): 202 POST http://10.180.1.21/compute/v2.1/servers 0.995s
2025-12-12 10:24:29.693 65842 INFO tempest.lib.common.rest_client [req-ee645d88-d50c-43d8-ac14-2fa0fbaad917 req-ee645d88-d50c-43d8-ac14-2fa0fbaad917 ] Request (SecurityGroupsTestJSON:test_security_groups_create_list_delete): 200 GET http://10.180.1.21/compute/v2.1/os-security-groups 1.123s
2025-12-12 10:24:30.167 65862 INFO tempest.lib.common.rest_client [req-c8d52bbc-15c8-4340-afc6-252785d40c61 req-c8d52bbc-15c8-4340-afc6-252785d40c61 ] Request (ImagesOneServerNegativeTestJSON:_run_cleanups): 201 POST http://10.180.1.21/networking/v2.0/floatingips 0.504s
2025-12-12 10:24:30.197 65818 INFO tempest.lib.common.rest_client [req-50907692-3506-4ed3-8c9e-804af1d1b13a req-50907692-3506-4ed3-8c9e-804af1d1b13a ] Request (ServersTestBootFromVolume:setUpClass): 200 GET http://10.180.1.21/compute/v2.1/servers/da8e5c6c-d9f4-49db-b796-5a6b7474dcc7 1.412s
2025-12-12 10:24:30.212 65822 INFO tempest.lib.common.rest_client [req-db1bf8a1-a486-4385-a625-c6191621f104 req-db1bf8a1-a486-4385-a625-c6191621f104 ] Request (ServersTestMultiNic:_run_cleanups): 200 GET http://10.180.1.21/compute/v2.1/servers/cfaeb85a-5ea5-47ec-a2df-7bb0c3649c7e 1.510s
2025-12-12 10:24:30.225 65864 INFO tempest.lib.common.rest_client [req-780d9252-58cd-4b3a-a142-6df93a8de544 req-780d9252-58cd-4b3a-a142-6df93a8de544 ] Request (ImagesMetadataNegativeTestJSON:test_set_nonexistent_image_metadata): 404 PUT http://10.180.1.21/compute/v2.1/images/3c0ae96b-2a72-448c-a62f-77ab4fef6d44/metadata 1.358s
2025-12-12 10:24:30.268 65862 INFO tempest.lib.common.rest_client [req-ddc9c2ac-c444-45d9-ae1b-3ee8c8145853 req-ddc9c2ac-c444-45d9-ae1b-3ee8c8145853 ] Request (ImagesOneServerNegativeTestJSON:_run_cleanups): 201 POST http://10.180.1.21/identity/v3/auth/tokens 0.098s
2025-12-12 10:24:30.268 65862 INFO tempest.lib.common.fixed_network [-] (ImagesOneServerNegativeTestJSON:_run_cleanups) Found network {'id': '43b29b50-6cb3-444c-8c20-1400abed6201', 'name': 'tempest-ImagesOneServerNegativeTestJSON-959643478-network', 'tenant_id': '1d7ca0410dde4f199b03b8795934d8fc', 'project_id': '1d7ca0410dde4f199b03b8795934d8fc', 'admin_state_up': True, 'mtu': 8950, 'status': 'ACTIVE', 'subnets': [], 'shared': False, 'port_security_enabled': True, 'router:external': False, 'provider:network_type': 'vlan', 'provider:physical_network': 'default', 'provider:segmentation_id': 988, 'availability_zone_hints': [], 'availability_zones': [], 'ipv4_address_scope': None, 'ipv6_address_scope': None, 'description': '', 'tags': [], 'created_at': '2025-12-12T10:22:19Z', 'updated_at': '2025-12-12T10:22:19Z', 'revision_number': 1} available for tenant
2025-12-12 10:24:30.334 65870 INFO tempest.lib.common.rest_client [req-bcf19ec5-c7da-498f-9d9c-b3a773dbf309 req-bcf19ec5-c7da-498f-9d9c-b3a773dbf309 ] Request (ImagesOneServerTestJSON:test_create_delete_image): 204 DELETE http://10.180.1.21/compute/v2.1/images/b6da3ee8-42b8-4b81-84f1-24e8aaed09df 1.447s
2025-12-12 10:24:30.512 65844 INFO tempest.lib.common.rest_client [req-c45a98af-b51a-4de3-b42b-62506871c31c req-c45a98af-b51a-4de3-b42b-62506871c31c ] Request (InstanceActionsNegativeTestJSON:setUpClass): 201 POST http://10.180.1.21/networking/v2.0/routers 0.843s
2025-12-12 10:24:30.535 65830 INFO tempest.lib.common.rest_client [req-d43f278b-1b20-41f3-a8dc-be4cd716f709 req-d43f278b-1b20-41f3-a8dc-be4cd716f709 ] Request (ServerDiskConfigTestJSON:test_rebuild_server_with_auto_disk_config): 200 GET http://10.180.1.21/compute/v2.1/servers/b1d70a45-dcd0-4fd5-b3f9-df8e378102df 1.645s
2025-12-12 10:24:30.553 65836 INFO tempest.lib.common.rest_client [req-7608b941-0776-4c8e-a55f-7d5068f025c7 req-7608b941-0776-4c8e-a55f-7d5068f025c7 ] Request (ServerAddressesTestJSON:tearDownClass): 200 GET http://10.180.1.21/compute/v2.1/servers/1fc30c61-fc56-477e-b052-658e578f8a70 1.656s
2025-12-12 10:24:30.621 65816 INFO tempest.lib.common.rest_client [req-e4254546-149c-4ed3-b415-53e47560f636 req-e4254546-149c-4ed3-b415-53e47560f636 ] Request (AttachInterfacesV270Test:test_create_get_list_interfaces): 200 GET http://10.180.1.21/compute/v2.1/servers/924c9c5b-45f3-4cce-baec-96ec60aecb31 1.658s
2025-12-12 10:24:30.773 65832 INFO tempest.lib.common.rest_client [req-672a0a7b-c62c-44fa-ba4f-ce89b279cc46 req-672a0a7b-c62c-44fa-ba4f-ce89b279cc46 ] Request (DeleteServersTestJSON:test_delete_server_while_in_shelved_state): 200 GET http://10.180.1.21/compute/v2.1/servers/9a96e2b5-fd0d-441a-9d7b-798eb3751534 1.494s
2025-12-12 10:24:30.785 65834 INFO tempest.lib.common.rest_client [req-f44d81ee-8e1d-432c-9a65-aae3798c3680 req-f44d81ee-8e1d-432c-9a65-aae3798c3680 ] Request (ImagesMetadataTestJSON:test_set_image_metadata_item): 200 PUT http://10.180.1.21/compute/v2.1/images/748afd36-9de3-4248-a87d-9a5e718c5313/metadata/os_version 1.798s
2025-12-12 10:24:30.811 65872 INFO tempest.lib.common.rest_client [req-17c5c613-b537-457b-af9f-630f614b3e3e req-17c5c613-b537-457b-af9f-630f614b3e3e ] Request (ServerMetadataNegativeTestJSON:tearDownClass): 404 GET http://10.180.1.21/compute/v2.1/servers/56d695fd-abb7-423b-8474-4a73ce093c2c 1.405s
2025-12-12 10:24:30.827 65826 INFO tempest.lib.common.rest_client [req-a7ee7200-376e-476d-96bf-2c3236337ae9 req-a7ee7200-376e-476d-96bf-2c3236337ae9 ] Request (MigrationsAdminTest:test_resize_server_revert_deleted_flavor): 200 GET http://10.180.1.21/compute/v2.1/flavors/42/os-extra_specs 1.414s
2025-12-12 10:24:31.454 65844 INFO tempest.lib.common.rest_client [req-6ce00549-9997-4f1a-845c-d03fa7918d30 req-6ce00549-9997-4f1a-845c-d03fa7918d30 ] Request (InstanceActionsNegativeTestJSON:setUpClass): 200 PUT http://10.180.1.21/networking/v2.0/routers/dab7bee3-a0be-4a39-96a8-ede95a307c2d/add_router_interface 0.942s
2025-12-12 10:24:31.454 65844 INFO tempest.lib.common.dynamic_creds [-] Created isolated network resources for: credentials: Credentials: {'domain_id': 'default', 'domain_name': 'Default', 'username': 'tempest-InstanceActionsNegativeTestJSON-1969905280-project-member', 'project_domain_id': 'default', 'project_domain_name': 'Default', 'project_id': '0a993d6b27b04cbf8248df81b4f4651b', 'project_name': 'tempest-InstanceActionsNegativeTestJSON-1969905280', 'tenant_id': '0a993d6b27b04cbf8248df81b4f4651b', 'tenant_name': 'tempest-InstanceActionsNegativeTestJSON-1969905280', 'user_domain_id': 'default', 'user_domain_name': 'Default', 'user_id': '1ee379e0d4734a34b1e478519a1a3818', 'system': None}, Network: {'id': '722f8049-4633-4a3a-a32b-1a9ca5e46826', 'name': 'tempest-InstanceActionsNegativeTestJSON-101937832-network', 'tenant_id': '0a993d6b27b04cbf8248df81b4f4651b', 'project_id': '0a993d6b27b04cbf8248df81b4f4651b', 'admin_state_up': True, 'mtu': 8950, 'status': 'ACTIVE', 'subnets': [], 'shared': False, 'port_security_enabled': True, 'router:external': False, 'provider:network_type': 'vlan', 'provider:physical_network': 'default', 'provider:segmentation_id': 965, 'availability_zone_hints': [], 'availability_zones': [], 'ipv4_address_scope': None, 'ipv6_address_scope': None, 'description': '', 'tags': [], 'created_at': '2025-12-12T10:24:29Z', 'updated_at': '2025-12-12T10:24:29Z', 'revision_number': 1}, Subnet: {'id': 'a0a9fa0f-9a3c-45db-8f41-5a16ba598e17', 'name': 'tempest-InstanceActionsNegativeTestJSON-101937832-subnet', 'tenant_id': '0a993d6b27b04cbf8248df81b4f4651b', 'network_id': '722f8049-4633-4a3a-a32b-1a9ca5e46826', 'ip_version': 4, 'subnetpool_id': None, 'enable_dhcp': True, 'ipv6_ra_mode': None, 'ipv6_address_mode': None, 'gateway_ip': '192.168.128.1', 'cidr': '192.168.128.0/28', 'allocation_pools': [{'start': '192.168.128.2', 'end': '192.168.128.14'}], 'host_routes': [], 'dns_nameservers': [], 'description': '', 'router:external': False, 'service_types': [], 'tags': [], 'created_at': '2025-12-12T10:24:29Z', 'updated_at': '2025-12-12T10:24:29Z', 'revision_number': 0, 'project_id': '0a993d6b27b04cbf8248df81b4f4651b'}, Router: {'id': 'dab7bee3-a0be-4a39-96a8-ede95a307c2d', 'name': 'tempest-InstanceActionsNegativeTestJSON-101937832-router', 'tenant_id': '0a993d6b27b04cbf8248df81b4f4651b', 'admin_state_up': True, 'status': 'ACTIVE', 'external_gateway_info': {'network_id': '527e60c1-b54c-4755-8c75-6419791c243e', 'external_fixed_ips': [{'subnet_id': '264afd0e-685d-4246-8fc1-f050b4e9877e', 'ip_address': '10.180.180.229'}], 'enable_snat': True}, 'description': '', 'availability_zones': [], 'distributed': False, 'ha': False, 'availability_zone_hints': [], 'routes': [], 'flavor_id': None, 'tags': [], 'created_at': '2025-12-12T10:24:29Z', 'updated_at': '2025-12-12T10:24:30Z', 'revision_number': 2, 'project_id': '0a993d6b27b04cbf8248df81b4f4651b'}
2025-12-12 10:24:31.515 65860 INFO tempest.lib.common.rest_client [req-492fa097-bb60-4f80-8343-19ada3650074 req-492fa097-bb60-4f80-8343-19ada3650074 ] Request (ServersTestJSON:test_create_server_specify_multibyte_character_name): 200 GET http://10.180.1.21/compute/v2.1/servers/cac7951c-0571-4cf8-9684-332d60753524 2.040s
2025-12-12 10:24:31.560 65840 INFO tempest.lib.common.rest_client [req-f8eb447f-6413-4948-8b69-e816259092e6 req-f8eb447f-6413-4948-8b69-e816259092e6 ] Request (ServerActionsV293TestJSON:test_rebuild_volume_backed_server): 200 GET http://10.180.1.21/compute/v2.1/servers/fe0639d9-cd98-4b2e-a058-c63543791e0f 2.197s
2025-12-12 10:24:31.562 65844 INFO tempest.lib.common.rest_client [req-19edc5b7-001c-4740-9b05-23f7a250a4b2 req-19edc5b7-001c-4740-9b05-23f7a250a4b2 ] Request (InstanceActionsNegativeTestJSON:setUpClass): 201 POST http://10.180.1.21/identity/v3/auth/tokens 0.103s
2025-12-12 10:24:31.618 65840 INFO tempest.lib.common.rest_client [req-784bb9fd-a20e-472f-b119-12545f67d763 req-784bb9fd-a20e-472f-b119-12545f67d763 ] Request (ServerActionsV293TestJSON:test_rebuild_volume_backed_server): 200 GET http://10.180.1.21/volume/v3/volumes/bf3cde08-0dce-46f1-a8f5-ada23dc5a929 0.047s
2025-12-12 10:24:31.618 65844 INFO tempest.lib.common.rest_client [req-eac5fc8a-6d14-49ce-b297-c9f5877a23db req-eac5fc8a-6d14-49ce-b297-c9f5877a23db ] Request (InstanceActionsNegativeTestJSON:setUpClass): 201 POST http://10.180.1.21/identity/v3/auth/tokens 0.051s
2025-12-12 10:24:31.619 65844 INFO tempest.lib.common.fixed_network [-] (InstanceActionsNegativeTestJSON:setUpClass) Found network {'id': '722f8049-4633-4a3a-a32b-1a9ca5e46826', 'name': 'tempest-InstanceActionsNegativeTestJSON-101937832-network', 'tenant_id': '0a993d6b27b04cbf8248df81b4f4651b', 'project_id': '0a993d6b27b04cbf8248df81b4f4651b', 'admin_state_up': True, 'mtu': 8950, 'status': 'ACTIVE', 'subnets': [], 'shared': False, 'port_security_enabled': True, 'router:external': False, 'provider:network_type': 'vlan', 'provider:physical_network': 'default', 'provider:segmentation_id': 965, 'availability_zone_hints': [], 'availability_zones': [], 'ipv4_address_scope': None, 'ipv6_address_scope': None, 'description': '', 'tags': [], 'created_at': '2025-12-12T10:24:29Z', 'updated_at': '2025-12-12T10:24:29Z', 'revision_number': 1} available for tenant
2025-12-12 10:24:31.629 65824 INFO tempest.lib.common.rest_client [req-21fdae1d-c502-4814-b9ab-1186e0f2c446 req-21fdae1d-c502-4814-b9ab-1186e0f2c446 ] Request (ServerDiagnosticsTest:test_get_server_diagnostics): 200 GET http://10.180.1.21/compute/v2.1/servers/43d76726-0e1c-414e-abb0-8c827f8c59cc 2.045s
2025-12-12 10:24:31.634 65840 INFO tempest.lib.common.ssh [-] Creating ssh connection to '10.180.180.245:22' as 'cirros' with public key authentication
2025-12-12 10:24:31.669 65872 INFO tempest.lib.common.rest_client [req-d28c9332-c855-4f95-99e5-f488f6e2a10d req-d28c9332-c855-4f95-99e5-f488f6e2a10d ] Request (ServerMetadataNegativeTestJSON:tearDownClass): 200 PUT http://10.180.1.21/networking/v2.0/routers/93fb711e-9848-4a1c-b18d-00f3433b9bd4/remove_router_interface 0.857s
2025-12-12 10:24:31.680 65828 INFO tempest.lib.common.rest_client [req-1c169d38-3fba-4e13-a57f-71c4eef56fbc req-1c169d38-3fba-4e13-a57f-71c4eef56fbc ] Request (ServersAdmin275Test:test_rebuild_update_server_275): 200 PUT http://10.180.1.21/compute/v2.1/servers/613e8576-c436-447d-95c6-0e6af6e59dc6 1.986s
2025-12-12 10:24:31.706 65869 INFO tempest.lib.common.rest_client [req-ab44f74c-f3d5-408b-ac9f-54890d2fe7ab req-ab44f74c-f3d5-408b-ac9f-54890d2fe7ab ] Request (ImagesTestJSON:test_create_server_from_snapshot): 200 GET http://10.180.1.21/compute/v2.1/servers/c374e2a4-e244-4803-a7a2-1053ae2c98f9 2.010s
2025-12-12 10:24:31.841 65842 INFO tempest.lib.common.rest_client [req-c4efa9c0-1a67-4330-8711-5e0d29569984 req-c4efa9c0-1a67-4330-8711-5e0d29569984 ] Request (SecurityGroupsTestJSON:test_server_security_groups): 200 POST http://10.180.1.21/compute/v2.1/os-security-groups 2.144s
2025-12-12 10:24:31.866 65852 INFO tempest.lib.common.rest_client [req-c3c36914-6237-4e9f-b282-62674c6e97b1 req-c3c36914-6237-4e9f-b282-62674c6e97b1 ] Request (ListServerFiltersTestJSON:tearDownClass): 200 GET http://10.180.1.21/compute/v2.1/servers/fe2c32d5-c68a-4d4d-87cc-a1ecf10a37c1 2.013s
2025-12-12 10:24:31.877 65852 INFO tempest.common.waiters [-] State transition "ACTIVE/deleting" ==> "DELETED/None" after 3 second wait
2025-12-12 10:24:31.905 65848 INFO tempest.lib.common.rest_client [req-33c2bd08-ecdb-482f-803a-245579fb27f2 req-33c2bd08-ecdb-482f-803a-245579fb27f2 ] Request (ListImageFiltersTestJSON:setUpClass): 200 GET http://10.180.1.21/compute/v2.1/images/adcc4523-49da-4eda-b465-1b5cb7f7f8cc 1.735s
2025-12-12 10:24:31.921 65814 INFO tempest.lib.common.rest_client [req-ea2b0948-0f60-43d8-ac9f-4d5ad1b16630 req-ea2b0948-0f60-43d8-ac9f-4d5ad1b16630 ] Request (ServerGroupTestJSON:test_create_server_with_scheduler_hint_group): 200 GET http://10.180.1.21/compute/v2.1/servers/d71ab6ab-1b6f-43bd-ba8a-3f6df96440f1 1.801s
2025-12-12 10:24:31.929 65864 INFO tempest.lib.common.rest_client [req-ad52b045-a5e1-4a92-9d62-e754556d8667 req-ad52b045-a5e1-4a92-9d62-e754556d8667 ] Request (ImagesMetadataNegativeTestJSON:test_set_nonexistent_image_metadata_item): 404 PUT http://10.180.1.21/compute/v2.1/images/547aaeed-cf83-4cd2-bb43-74fbb0e9d355/metadata/os_distro 1.703s
2025-12-12 10:24:31.934 65814 INFO tempest.common.waiters [-] State transition "BUILD/scheduling" ==> "BUILD/None" after 2 second wait
2025-12-12 10:24:31.954 65870 INFO tempest.lib.common.rest_client [req-32878a18-4072-4682-a711-6837600bb7e8 req-32878a18-4072-4682-a711-6837600bb7e8 ] Request (ImagesOneServerTestJSON:test_create_delete_image): 404 GET http://10.180.1.21/compute/v2.1/images/b6da3ee8-42b8-4b81-84f1-24e8aaed09df 1.619s
2025-12-12 10:24:32.131 65850 INFO tempest.lib.common.rest_client [req-2d54e819-d0e6-4282-8e5e-e225b0aae10d req-2d54e819-d0e6-4282-8e5e-e225b0aae10d ] Request (ServersAaction247Test:test_create_backup): 200 GET http://10.180.1.21/compute/v2.1/servers/c2a0c6a6-2deb-4887-9e22-7d34b95be7aa 1.731s
2025-12-12 10:24:32.178 65872 INFO tempest.lib.common.rest_client [req-11a67d55-9ef3-4887-a6fd-3efd590c2596 req-11a67d55-9ef3-4887-a6fd-3efd590c2596 ] Request (ServerMetadataNegativeTestJSON:tearDownClass): 204 DELETE http://10.180.1.21/networking/v2.0/routers/93fb711e-9848-4a1c-b18d-00f3433b9bd4 0.508s
2025-12-12 10:24:32.236 65834 INFO tempest.lib.common.rest_client [req-83f69d28-e9e7-4935-8294-785afda651f7 req-83f69d28-e9e7-4935-8294-785afda651f7 ] Request (ImagesMetadataTestJSON:test_set_image_metadata_item): 200 GET http://10.180.1.21/compute/v2.1/images/748afd36-9de3-4248-a87d-9a5e718c5313/metadata 1.450s
2025-12-12 10:24:32.275 65826 INFO tempest.lib.common.rest_client [req-505722c4-3a15-4f39-bba8-5f3a9385fdc5 req-505722c4-3a15-4f39-bba8-5f3a9385fdc5 ] Request (MigrationsAdminTest:test_resize_server_revert_deleted_flavor): 200 POST http://10.180.1.21/compute/v2.1/flavors/81fa20c3-2fb2-468a-93e2-07ec0e6e93a8/os-extra_specs 1.447s
2025-12-12 10:24:32.341 65872 INFO tempest.lib.common.rest_client [req-891ec6a8-33fd-47d9-a5cb-64629980f737 req-891ec6a8-33fd-47d9-a5cb-64629980f737 ] Request (ServerMetadataNegativeTestJSON:tearDownClass): 204 DELETE http://10.180.1.21/networking/v2.0/subnets/caacb508-5fdf-45f3-b5f0-a8a744d509f2 0.163s
2025-12-12 10:24:32.362 65826 INFO tempest.lib.common.rest_client [req-fd99ebdd-8f44-4d07-a832-c9e39757cfce req-fd99ebdd-8f44-4d07-a832-c9e39757cfce ] Request (MigrationsAdminTest:test_resize_server_revert_deleted_flavor): 201 POST http://10.180.1.21/identity/v3/auth/tokens 0.080s
2025-12-12 10:24:32.363 65826 INFO tempest.lib.common.fixed_network [-] (MigrationsAdminTest:test_resize_server_revert_deleted_flavor) Found network None available for tenant
2025-12-12 10:24:32.369 65818 INFO tempest.lib.common.rest_client [req-b7f5d97b-0ab4-43ea-ad9f-c3826f82f7b5 req-b7f5d97b-0ab4-43ea-ad9f-c3826f82f7b5 ] Request (ServersTestBootFromVolume:setUpClass): 200 GET http://10.180.1.21/compute/v2.1/servers/da8e5c6c-d9f4-49db-b796-5a6b7474dcc7 1.160s
2025-12-12 10:24:32.489 65862 INFO tempest.lib.common.rest_client [req-e90f2fea-0d30-46e0-abcf-704a052b55ab req-e90f2fea-0d30-46e0-abcf-704a052b55ab ] Request (ImagesOneServerNegativeTestJSON:_run_cleanups): 202 POST http://10.180.1.21/compute/v2.1/servers 2.220s
2025-12-12 10:24:32.567 65838 WARNING tempest.lib.common.ssh [-] Failed to establish authenticated ssh connection to cirros@10.180.180.163 ([Errno None] Unable to connect to port 22 on 10.180.180.163). Number attempts: 13. Retry after 14 seconds.: paramiko.ssh_exception.NoValidConnectionsError: [Errno None] Unable to connect to port 22 on 10.180.180.163
2025-12-12 10:24:32.690 65872 INFO tempest.lib.common.rest_client [req-0d0669bf-d6c8-4471-bb22-5941af258c74 req-0d0669bf-d6c8-4471-bb22-5941af258c74 ] Request (ServerMetadataNegativeTestJSON:tearDownClass): 204 DELETE http://10.180.1.21/networking/v2.0/networks/13c7ede1-b406-4986-8a72-c9bf0107e520 0.348s
2025-12-12 10:24:32.753 65822 INFO tempest.lib.common.rest_client [req-3728996f-14c7-4eaf-b38b-95cfca1f53ab req-3728996f-14c7-4eaf-b38b-95cfca1f53ab ] Request (ServersTestMultiNic:_run_cleanups): 200 GET http://10.180.1.21/compute/v2.1/servers/cfaeb85a-5ea5-47ec-a2df-7bb0c3649c7e 1.532s
2025-12-12 10:24:32.781 65830 INFO tempest.lib.common.rest_client [req-de41302f-ee0f-4dd3-9ba2-6107801eb071 req-de41302f-ee0f-4dd3-9ba2-6107801eb071 ] Request (ServerDiskConfigTestJSON:test_rebuild_server_with_auto_disk_config): 200 GET http://10.180.1.21/compute/v2.1/servers/b1d70a45-dcd0-4fd5-b3f9-df8e378102df 1.232s
2025-12-12 10:24:32.809 65872 INFO tempest.lib.common.rest_client [req-8075c7d3-21dc-4971-86a1-f5e6caff867f req-8075c7d3-21dc-4971-86a1-f5e6caff867f ] Request (ServerMetadataNegativeTestJSON:tearDownClass): 204 DELETE http://10.180.1.21/identity/v3/users/cb83c223922f4c59bd686313638b4a93 0.119s
2025-12-12 10:24:32.810 65872 INFO tempest.lib.common.dynamic_creds [-] Deleting project and security group for project: 8ce3dfa40a4e4e798f4e2dd3424ba892
2025-12-12 10:24:32.852 65872 INFO tempest.lib.common.rest_client [req-30c59daf-6899-4c35-b013-b513c9836c41 req-30c59daf-6899-4c35-b013-b513c9836c41 ] Request (ServerMetadataNegativeTestJSON:tearDownClass): 200 GET http://10.180.1.21/networking/v2.0/security-groups?tenant_id=8ce3dfa40a4e4e798f4e2dd3424ba892&name=default 0.042s
2025-12-12 10:24:32.962 65836 INFO tempest.lib.common.rest_client [req-8d2d1571-55d7-4712-9556-eed61ab9c973 req-8d2d1571-55d7-4712-9556-eed61ab9c973 ] Request (ServerAddressesTestJSON:tearDownClass): 200 GET http://10.180.1.21/compute/v2.1/servers/1fc30c61-fc56-477e-b052-658e578f8a70 1.400s
2025-12-12 10:24:33.208 65872 INFO tempest.lib.common.rest_client [req-a38421dd-5631-41d0-8d91-3e875502f95e req-a38421dd-5631-41d0-8d91-3e875502f95e ] Request (ServerMetadataNegativeTestJSON:tearDownClass): 204 DELETE http://10.180.1.21/networking/v2.0/security-groups/f8950d72-cdfa-4b89-babf-49c50bce2b96 0.355s
2025-12-12 10:24:33.260 65816 INFO tempest.lib.common.rest_client [req-735a1877-c5a5-47aa-8efa-c0521258b386 req-735a1877-c5a5-47aa-8efa-c0521258b386 ] Request (AttachInterfacesV270Test:test_create_get_list_interfaces): 200 GET http://10.180.1.21/compute/v2.1/servers/924c9c5b-45f3-4cce-baec-96ec60aecb31 1.615s
2025-12-12 10:24:33.376 65872 INFO tempest.lib.common.rest_client [req-a90d17be-597a-44da-9e5c-b913069f6ff1 req-a90d17be-597a-44da-9e5c-b913069f6ff1 ] Request (ServerMetadataNegativeTestJSON:tearDownClass): 204 DELETE http://10.180.1.21/identity/v3/projects/8ce3dfa40a4e4e798f4e2dd3424ba892 0.167s
2025-12-12 10:24:33.444 65828 INFO tempest.lib.common.rest_client [req-6c18668a-72d6-4a82-b861-96e8ab19ec77 req-6c18668a-72d6-4a82-b861-96e8ab19ec77 ] Request (ServersAdmin275Test:test_rebuild_update_server_275): 200 GET http://10.180.1.21/compute/v2.1/servers/613e8576-c436-447d-95c6-0e6af6e59dc6 1.749s
2025-12-12 10:24:33.452 65872 INFO tempest.lib.common.rest_client [req-6a814bdb-1849-4fd3-8a4c-df1817cec0b4 req-6a814bdb-1849-4fd3-8a4c-df1817cec0b4 ] Request (AttachVolumeTestJSON:setUpClass): 201 POST http://10.180.1.21/identity/v3/auth/tokens 0.075s
2025-12-12 10:24:33.466 65866 WARNING tempest.lib.common.ssh [-] Failed to establish authenticated ssh connection to cirros@10.180.180.246 ([Errno None] Unable to connect to port 22 on 10.180.180.246). Number attempts: 12. Retry after 13 seconds.: paramiko.ssh_exception.NoValidConnectionsError: [Errno None] Unable to connect to port 22 on 10.180.180.246
2025-12-12 10:24:33.491 65872 INFO tempest.lib.common.rest_client [req-3c0c4f71-c503-4f3f-bf7a-82a65c786c24 req-3c0c4f71-c503-4f3f-bf7a-82a65c786c24 ] Request (AttachVolumeTestJSON:setUpClass): 201 POST http://10.180.1.21/identity/v3/auth/tokens 0.035s
2025-12-12 10:24:33.516 65872 INFO tempest.lib.common.rest_client [req-1d1caced-6234-4ee7-96f5-660cc431dbef req-1d1caced-6234-4ee7-96f5-660cc431dbef ] Request (AttachVolumeTestJSON:setUpClass): 200 GET http://10.180.1.21/identity/v3/domains?name=Default 0.024s
2025-12-12 10:24:33.553 65872 INFO tempest.lib.common.rest_client [req-5fcd44e3-0c69-4ad0-b44b-78210cf55725 req-5fcd44e3-0c69-4ad0-b44b-78210cf55725 ] Request (AttachVolumeTestJSON:setUpClass): 201 POST http://10.180.1.21/identity/v3/projects 0.036s
2025-12-12 10:24:33.620 65872 INFO tempest.lib.common.rest_client [req-88764afd-2c3b-4c78-9c03-e8f0add08d31 req-88764afd-2c3b-4c78-9c03-e8f0add08d31 ] Request (AttachVolumeTestJSON:setUpClass): 201 POST http://10.180.1.21/identity/v3/users 0.066s
2025-12-12 10:24:33.642 65872 INFO tempest.lib.common.rest_client [req-a11ba5ba-55a3-44e2-ab82-c11e10ed63e1 req-a11ba5ba-55a3-44e2-ab82-c11e10ed63e1 ] Request (AttachVolumeTestJSON:setUpClass): 200 GET http://10.180.1.21/identity/v3/roles 0.022s
2025-12-12 10:24:33.672 65872 INFO tempest.lib.common.rest_client [req-a49940a8-9b2f-436f-a700-95114d5c8f74 req-a49940a8-9b2f-436f-a700-95114d5c8f74 ] Request (AttachVolumeTestJSON:setUpClass): 204 PUT http://10.180.1.21/identity/v3/projects/6a5b5867b47d4a1794a11a18d24798f3/users/e7df11341f734d27893292aedeee9c4a/roles/76d0949b9e50412c8059a61b411e68cd 0.030s
2025-12-12 10:24:33.673 65872 INFO tempest.lib.common.dynamic_creds [-] Dynamic test user e7df11341f734d27893292aedeee9c4a is created with scope project and roles: ['member']
2025-12-12 10:24:33.673 65872 INFO tempest.lib.common.dynamic_creds [-] Acquired dynamic creds: credentials: Credentials: {'domain_id': 'default', 'domain_name': 'Default', 'username': 'tempest-AttachVolumeTestJSON-1505693899-project-member', 'project_domain_id': 'default', 'project_domain_name': 'Default', 'project_id': '6a5b5867b47d4a1794a11a18d24798f3', 'project_name': 'tempest-AttachVolumeTestJSON-1505693899', 'tenant_id': '6a5b5867b47d4a1794a11a18d24798f3', 'tenant_name': 'tempest-AttachVolumeTestJSON-1505693899', 'user_domain_id': 'default', 'user_domain_name': 'Default', 'user_id': 'e7df11341f734d27893292aedeee9c4a', 'system': None}, Network: None, Subnet: None, Router: None
2025-12-12 10:24:33.703 65832 INFO tempest.lib.common.rest_client [req-1b970ef4-c646-4409-b5c2-1b5813488a56 req-1b970ef4-c646-4409-b5c2-1b5813488a56 ] Request (DeleteServersTestJSON:test_delete_server_while_in_shelved_state): 200 GET http://10.180.1.21/compute/v2.1/servers/9a96e2b5-fd0d-441a-9d7b-798eb3751534 1.919s
2025-12-12 10:24:33.744 65872 INFO tempest.lib.common.rest_client [req-3af1dfa7-2cff-47fb-b301-3bec4c2b08bc req-3af1dfa7-2cff-47fb-b301-3bec4c2b08bc ] Request (AttachVolumeTestJSON:setUpClass): 201 POST http://10.180.1.21/identity/v3/auth/tokens 0.070s
2025-12-12 10:24:33.850 65844 INFO tempest.lib.common.rest_client [req-842cf95e-3d19-4aa1-a4db-cef4460ff80f req-842cf95e-3d19-4aa1-a4db-cef4460ff80f ] Request (InstanceActionsNegativeTestJSON:setUpClass): 202 POST http://10.180.1.21/compute/v2.1/servers 2.230s
2025-12-12 10:24:33.873 65864 INFO tempest.lib.common.rest_client [req-8b568647-bbf5-4bb3-8d45-a530ee3d2513 req-8b568647-bbf5-4bb3-8d45-a530ee3d2513 ] Request (ImagesMetadataNegativeTestJSON:test_update_nonexistent_image_metadata): 404 POST http://10.180.1.21/compute/v2.1/images/0baa6745-73d3-4890-be3d-25cb8e7bf6f6/metadata 1.940s
2025-12-12 10:24:33.903 65842 INFO tempest.lib.common.rest_client [req-da1460e3-28c5-4e90-ab1d-088aad86fa98 req-da1460e3-28c5-4e90-ab1d-088aad86fa98 ] Request (SecurityGroupsTestJSON:test_server_security_groups): 200 POST http://10.180.1.21/compute/v2.1/os-security-groups 2.058s
2025-12-12 10:24:34.058 65864 INFO tempest.lib.common.rest_client [req-68ced4af-6447-4422-be46-e5e096ebb8b3 req-68ced4af-6447-4422-be46-e5e096ebb8b3 ] Request (ImagesMetadataNegativeTestJSON:tearDownClass): 204 DELETE http://10.180.1.21/identity/v3/users/77dc710c47cf44e4960ac68bc56dc3bc 0.180s
2025-12-12 10:24:34.059 65864 INFO tempest.lib.common.dynamic_creds [-] Deleting project and security group for project: dd14c4dcef4c4e0583ead8de78022cc5
2025-12-12 10:24:34.070 65842 INFO tempest.lib.common.rest_client [req-7f9a95b8-ab89-44d2-b386-c3e898eb4fb4 req-7f9a95b8-ab89-44d2-b386-c3e898eb4fb4 ] Request (SecurityGroupsTestJSON:test_server_security_groups): 201 POST http://10.180.1.21/identity/v3/auth/tokens 0.158s
2025-12-12 10:24:34.070 65842 INFO tempest.lib.common.fixed_network [-] (SecurityGroupsTestJSON:test_server_security_groups) Found network {'id': 'c42ccbd2-aa91-472c-b7c6-fb8df8f55927', 'name': 'tempest-SecurityGroupsTestJSON-97333123-network', 'tenant_id': '11de6e9fc03d45c491f38bb0e6237c33', 'project_id': '11de6e9fc03d45c491f38bb0e6237c33', 'admin_state_up': True, 'mtu': 8950, 'status': 'ACTIVE', 'subnets': [], 'shared': False, 'port_security_enabled': True, 'router:external': False, 'provider:network_type': 'vlan', 'provider:physical_network': 'default', 'provider:segmentation_id': 522, 'availability_zone_hints': [], 'availability_zones': [], 'ipv4_address_scope': None, 'ipv6_address_scope': None, 'description': '', 'tags': [], 'created_at': '2025-12-12T10:22:53Z', 'updated_at': '2025-12-12T10:22:53Z', 'revision_number': 1} available for tenant
2025-12-12 10:24:34.160 65864 INFO tempest.lib.common.rest_client [req-a5bedd57-9a5e-4641-a3bc-e5cae4ab4b97 req-a5bedd57-9a5e-4641-a3bc-e5cae4ab4b97 ] Request (ImagesMetadataNegativeTestJSON:tearDownClass): 201 POST http://10.180.1.21/identity/v3/auth/tokens 0.100s
2025-12-12 10:24:34.268 65872 INFO tempest.lib.common.rest_client [req-df13f1b1-a2ae-4deb-be0b-4f5665a93e5d req-df13f1b1-a2ae-4deb-be0b-4f5665a93e5d ] Request (AttachVolumeTestJSON:setUpClass): 201 POST http://10.180.1.21/networking/v2.0/networks 0.524s
2025-12-12 10:24:34.457 65864 INFO tempest.lib.common.rest_client [req-53b3d809-0dd2-4f5c-b761-848702bd02e6 req-53b3d809-0dd2-4f5c-b761-848702bd02e6 ] Request (ImagesMetadataNegativeTestJSON:tearDownClass): 200 GET http://10.180.1.21/networking/v2.0/security-groups?tenant_id=dd14c4dcef4c4e0583ead8de78022cc5&name=default 0.296s
2025-12-12 10:24:34.479 65870 INFO tempest.lib.common.rest_client [req-4a4d84ca-2e93-4c4f-a5b3-07aff01df7dc req-4a4d84ca-2e93-4c4f-a5b3-07aff01df7dc ] Request (ImagesOneServerTestJSON:test_create_image_specify_multibyte_character_image_name): 202 POST http://10.180.1.21/compute/v2.1/servers/e45b13af-29eb-4001-93b6-742fec06727a/action 2.524s
2025-12-12 10:24:34.610 65834 INFO tempest.lib.common.rest_client [req-63df95d8-952e-4579-9d90-39ae3e9c2816 req-63df95d8-952e-4579-9d90-39ae3e9c2816 ] Request (ImagesMetadataTestJSON:setUp): 200 PUT http://10.180.1.21/compute/v2.1/images/748afd36-9de3-4248-a87d-9a5e718c5313/metadata 2.372s
2025-12-12 10:24:34.698 65872 INFO tempest.lib.common.rest_client [req-00acda11-7809-4d17-a0b6-c13a6a1e2c4f req-00acda11-7809-4d17-a0b6-c13a6a1e2c4f ] Request (AttachVolumeTestJSON:setUpClass): 201 POST http://10.180.1.21/networking/v2.0/subnets 0.429s
2025-12-12 10:24:34.716 65840 WARNING tempest.lib.common.ssh [-] Failed to establish authenticated ssh connection to cirros@10.180.180.245 ([Errno None] Unable to connect to port 22 on 10.180.180.245). Number attempts: 1. Retry after 2 seconds.: paramiko.ssh_exception.NoValidConnectionsError: [Errno None] Unable to connect to port 22 on 10.180.180.245
2025-12-12 10:24:34.745 65862 INFO tempest.lib.common.rest_client [req-95254975-ad6d-4f6f-af09-ba8cfdfe2fdf req-95254975-ad6d-4f6f-af09-ba8cfdfe2fdf ] Request (ImagesOneServerNegativeTestJSON:_run_cleanups): 200 GET http://10.180.1.21/compute/v2.1/servers/3e8a06d8-2181-43e4-a791-71995b1c45de 2.254s
2025-12-12 10:24:34.770 65864 INFO tempest.lib.common.rest_client [req-24c35e35-d85a-4e0d-98b3-c5fb3f98a48c req-24c35e35-d85a-4e0d-98b3-c5fb3f98a48c ] Request (ImagesMetadataNegativeTestJSON:tearDownClass): 204 DELETE http://10.180.1.21/networking/v2.0/security-groups/df0c3b21-ae50-47df-b66b-4ffd879adf0c 0.312s
2025-12-12 10:24:34.858 65864 INFO tempest.lib.common.rest_client [req-08b4c7a7-4676-4621-882f-36a5cf60347a req-08b4c7a7-4676-4621-882f-36a5cf60347a ] Request (ImagesMetadataNegativeTestJSON:tearDownClass): 204 DELETE http://10.180.1.21/identity/v3/projects/dd14c4dcef4c4e0583ead8de78022cc5 0.087s
2025-12-12 10:24:34.936 65864 INFO tempest.lib.common.rest_client [req-7830fe71-3fe0-4b73-843d-bd7e5a74bf4b req-7830fe71-3fe0-4b73-843d-bd7e5a74bf4b ] Request (VolumesNegativeTest:setUpClass): 201 POST http://10.180.1.21/identity/v3/auth/tokens 0.077s
2025-12-12 10:24:34.971 65864 INFO tempest.lib.common.rest_client [req-dd31abb4-7b88-47df-8a36-b73da9465d8b req-dd31abb4-7b88-47df-8a36-b73da9465d8b ] Request (VolumesNegativeTest:setUpClass): 201 POST http://10.180.1.21/identity/v3/auth/tokens 0.032s
2025-12-12 10:24:34.998 65864 INFO tempest.lib.common.rest_client [req-f9a8da8c-25a3-418f-b00a-253ad49d89f8 req-f9a8da8c-25a3-418f-b00a-253ad49d89f8 ] Request (VolumesNegativeTest:setUpClass): 200 GET http://10.180.1.21/identity/v3/domains?name=Default 0.026s
2025-12-12 10:24:35.014 65860 INFO tempest.lib.common.rest_client [req-ff3f69d6-0093-411b-af84-fd2065c1c2d2 req-ff3f69d6-0093-411b-af84-fd2065c1c2d2 ] Request (ServersTestJSON:test_create_server_specify_multibyte_character_name): 200 GET http://10.180.1.21/compute/v2.1/servers/cac7951c-0571-4cf8-9684-332d60753524 2.486s
2025-12-12 10:24:35.021 65860 INFO tempest.common.waiters [-] State transition "BUILD/None" ==> "BUILD/spawning" after 20 second wait
2025-12-12 10:24:35.032 65864 INFO tempest.lib.common.rest_client [req-aa927e50-4043-4edb-89ec-a468402e42c8 req-aa927e50-4043-4edb-89ec-a468402e42c8 ] Request (VolumesNegativeTest:setUpClass): 201 POST http://10.180.1.21/identity/v3/projects 0.032s
2025-12-12 10:24:35.136 65864 INFO tempest.lib.common.rest_client [req-4f0f8051-cac0-47d7-bcdd-21592088a17d req-4f0f8051-cac0-47d7-bcdd-21592088a17d ] Request (VolumesNegativeTest:setUpClass): 201 POST http://10.180.1.21/identity/v3/users 0.104s
2025-12-12 10:24:35.172 65864 INFO tempest.lib.common.rest_client [req-8b57827a-4da9-48c6-b355-618570fa9708 req-8b57827a-4da9-48c6-b355-618570fa9708 ] Request (VolumesNegativeTest:setUpClass): 200 GET http://10.180.1.21/identity/v3/roles 0.034s
2025-12-12 10:24:35.209 65864 INFO tempest.lib.common.rest_client [req-e014a8ee-99a3-4a08-b3a0-c47f9dd5d9b3 req-e014a8ee-99a3-4a08-b3a0-c47f9dd5d9b3 ] Request (VolumesNegativeTest:setUpClass): 204 PUT http://10.180.1.21/identity/v3/projects/6183be192e2f458ab8db9637245fc0a3/users/da5e8b90d7d94e8b8821d46dfba05cb8/roles/76d0949b9e50412c8059a61b411e68cd 0.036s
2025-12-12 10:24:35.210 65864 INFO tempest.lib.common.dynamic_creds [-] Dynamic test user da5e8b90d7d94e8b8821d46dfba05cb8 is created with scope project and roles: ['member']
2025-12-12 10:24:35.210 65864 INFO tempest.lib.common.dynamic_creds [-] Acquired dynamic creds: credentials: Credentials: {'domain_id': 'default', 'domain_name': 'Default', 'username': 'tempest-VolumesNegativeTest-490676116-project-member', 'project_domain_id': 'default', 'project_domain_name': 'Default', 'project_id': '6183be192e2f458ab8db9637245fc0a3', 'project_name': 'tempest-VolumesNegativeTest-490676116', 'tenant_id': '6183be192e2f458ab8db9637245fc0a3', 'tenant_name': 'tempest-VolumesNegativeTest-490676116', 'user_domain_id': 'default', 'user_domain_name': 'Default', 'user_id': 'da5e8b90d7d94e8b8821d46dfba05cb8', 'system': None}, Network: None, Subnet: None, Router: None
2025-12-12 10:24:35.210 65864 INFO tempest.lib.common.dynamic_creds [-] Created isolated network resources for: credentials: Credentials: {'domain_id': 'default', 'domain_name': 'Default', 'username': 'tempest-VolumesNegativeTest-490676116-project-member', 'project_domain_id': 'default', 'project_domain_name': 'Default', 'project_id': '6183be192e2f458ab8db9637245fc0a3', 'project_name': 'tempest-VolumesNegativeTest-490676116', 'tenant_id': '6183be192e2f458ab8db9637245fc0a3', 'tenant_name': 'tempest-VolumesNegativeTest-490676116', 'user_domain_id': 'default', 'user_domain_name': 'Default', 'user_id': 'da5e8b90d7d94e8b8821d46dfba05cb8', 'system': None}, Network: None, Subnet: None, Router: None
2025-12-12 10:24:35.223 65826 INFO tempest.lib.common.rest_client [req-f3750fd3-2f52-45b7-ad38-c9d668ba3092 req-f3750fd3-2f52-45b7-ad38-c9d668ba3092 ] Request (MigrationsAdminTest:test_resize_server_revert_deleted_flavor): 202 POST http://10.180.1.21/compute/v2.1/servers 2.859s
2025-12-12 10:24:35.276 65824 INFO tempest.lib.common.rest_client [req-d9ab1da1-28db-4c29-923c-ce1389abc859 req-d9ab1da1-28db-4c29-923c-ce1389abc859 ] Request (ServerDiagnosticsTest:test_get_server_diagnostics): 200 GET http://10.180.1.21/compute/v2.1/servers/43d76726-0e1c-414e-abb0-8c827f8c59cc 2.625s
2025-12-12 10:24:35.336 65864 INFO tempest.lib.common.rest_client [req-9662b01c-a7f9-43c6-94aa-cf35fff33c37 req-9662b01c-a7f9-43c6-94aa-cf35fff33c37 ] Request (VolumesNegativeTest:setUpClass): 201 POST http://10.180.1.21/identity/v3/auth/tokens 0.123s
2025-12-12 10:24:35.367 65869 INFO tempest.lib.common.rest_client [req-a21ef6cc-ae08-4377-ae2a-04299920fb80 req-a21ef6cc-ae08-4377-ae2a-04299920fb80 ] Request (ImagesTestJSON:test_create_server_from_snapshot): 200 GET http://10.180.1.21/compute/v2.1/servers/c374e2a4-e244-4803-a7a2-1053ae2c98f9 2.645s
2025-12-12 10:24:35.406 65848 INFO tempest.lib.common.rest_client [req-738d381b-604b-4eb2-a521-09a62c954e72 req-738d381b-604b-4eb2-a521-09a62c954e72 ] Request (ListImageFiltersTestJSON:setUpClass): 200 GET http://10.180.1.21/compute/v2.1/images/adcc4523-49da-4eda-b465-1b5cb7f7f8cc 2.493s
2025-12-12 10:24:35.658 65872 INFO tempest.lib.common.rest_client [req-886029f5-a28f-4f2e-a11f-05b0422c55e9 req-886029f5-a28f-4f2e-a11f-05b0422c55e9 ] Request (AttachVolumeTestJSON:setUpClass): 201 POST http://10.180.1.21/networking/v2.0/routers 0.959s
2025-12-12 10:24:35.683 65852 INFO tempest.lib.common.rest_client [req-5f9e0354-40fd-486e-94d0-9dc7f1a0942a req-5f9e0354-40fd-486e-94d0-9dc7f1a0942a ] Request (ListServerFiltersTestJSON:tearDownClass): 200 GET http://10.180.1.21/compute/v2.1/servers/fe2c32d5-c68a-4d4d-87cc-a1ecf10a37c1 2.803s
2025-12-12 10:24:35.735 65814 INFO tempest.lib.common.rest_client [req-c008dbe8-a238-4f12-b9ab-ea9f49d410ad req-c008dbe8-a238-4f12-b9ab-ea9f49d410ad ] Request (ServerGroupTestJSON:test_create_server_with_scheduler_hint_group): 200 GET http://10.180.1.21/compute/v2.1/servers/d71ab6ab-1b6f-43bd-ba8a-3f6df96440f1 2.799s
2025-12-12 10:24:35.812 65850 INFO tempest.lib.common.rest_client [req-5d892a33-f55c-4264-9a65-bb05f2c81aef req-5d892a33-f55c-4264-9a65-bb05f2c81aef ] Request (ServersAaction247Test:test_create_backup): 200 GET http://10.180.1.21/compute/v2.1/servers/c2a0c6a6-2deb-4887-9e22-7d34b95be7aa 2.668s
