2025-12-12 10:24:14.710 65816 INFO tempest.lib.common.fixed_network [-] (AttachInterfacesV270Test:test_create_get_list_interfaces) Found network {'id': '1da7b7f2-6717-4158-ab36-1ddeb4be7e25', 'name': 'tempest-AttachInterfacesV270Test-867587046-network', 'tenant_id': '45e3d07c41ac44af978212a09b08f54e', 'project_id': '45e3d07c41ac44af978212a09b08f54e', 'admin_state_up': True, 'mtu': 8950, 'status': 'ACTIVE', 'subnets': [], 'shared': False, 'port_security_enabled': True, 'router:external': False, 'provider:network_type': 'vlan', 'provider:physical_network': 'default', 'provider:segmentation_id': 581, 'availability_zone_hints': [], 'availability_zones': [], 'ipv4_address_scope': None, 'ipv6_address_scope': None, 'description': '', 'tags': [], 'created_at': '2025-12-12T10:24:11Z', 'updated_at': '2025-12-12T10:24:11Z', 'revision_number': 1} available for tenant
2025-12-12 10:24:15.069 65836 INFO tempest.lib.common.rest_client [req-f0175b5a-9e6c-4a95-b954-89c01d6763ce req-f0175b5a-9e6c-4a95-b954-89c01d6763ce ] Request (ServerAddressesTestJSON:tearDownClass): 204 DELETE http://10.180.1.21/compute/v2.1/servers/1fc30c61-fc56-477e-b052-658e578f8a70 3.922s
2025-12-12 10:24:15.084 65830 INFO tempest.lib.common.rest_client [req-9f157218-d583-4726-b4e2-99dfa6f95f55 req-9f157218-d583-4726-b4e2-99dfa6f95f55 ] Request (KeyPairsV22TestJSON:test_keypairsv22_create_list_show_with_type): 200 GET http://10.180.1.21/compute/v2.1/os-keypairs 3.825s
2025-12-12 10:24:15.232 65860 INFO tempest.lib.common.rest_client [req-c6fda001-5870-4bee-a2b5-00a9a4c1c9ce req-c6fda001-5870-4bee-a2b5-00a9a4c1c9ce ] Request (ServersTestJSON:test_create_server_specify_multibyte_character_name): 200 GET http://10.180.1.21/compute/v2.1/servers/cac7951c-0571-4cf8-9684-332d60753524 4.131s
2025-12-12 10:24:15.432 65842 INFO tempest.lib.common.rest_client [req-6a1b5ab6-e349-4ab0-b3e1-02c2df7c5e87 req-6a1b5ab6-e349-4ab0-b3e1-02c2df7c5e87 ] Request (SecurityGroupsTestJSON:test_security_groups_create_list_delete): 200 GET http://10.180.1.21/compute/v2.1/os-security-groups 3.880s
2025-12-12 10:24:15.457 65864 INFO tempest.lib.common.rest_client [req-ee59dc75-c531-46f2-8a54-e4f5f8ab694d req-ee59dc75-c531-46f2-8a54-e4f5f8ab694d ] Request (QuotasAdminNegativeTest:test_create_server_when_memory_quota_is_full): 403 POST http://10.180.1.21/compute/v2.1/servers 3.966s
2025-12-12 10:24:15.487 65814 INFO tempest.lib.common.rest_client [req-0b1b1b73-e58b-4385-8baf-ae9f54620fe3 req-0b1b1b73-e58b-4385-8baf-ae9f54620fe3 ] Request (ServerGroupTestJSON:test_create_delete_server_group_with_affinity_policy): 204 DELETE http://10.180.1.21/compute/v2.1/os-server-groups/5bce6938-710f-482a-8ebb-195b9e0b2f26 3.796s
2025-12-12 10:24:15.493 65834 INFO tempest.lib.common.rest_client [req-06d60273-e55d-4312-a51b-2cf48cc138ba req-06d60273-e55d-4312-a51b-2cf48cc138ba ] Request (ImagesMetadataTestJSON:test_get_image_metadata_item): 200 GET http://10.180.1.21/compute/v2.1/images/748afd36-9de3-4248-a87d-9a5e718c5313/metadata/os_distro 3.636s
2025-12-12 10:24:15.647 65862 INFO tempest.lib.common.rest_client [req-1e4e1a8c-e28b-4d83-aa2a-ce518b83d2b6 req-1e4e1a8c-e28b-4d83-aa2a-ce518b83d2b6 ] Request (ImagesOneServerNegativeTestJSON:_run_cleanups): 200 GET http://10.180.1.21/compute/v2.1/servers/429ad889-a1f2-412a-ab97-b16017dc9ff9 3.388s
2025-12-12 10:24:15.693 65870 INFO tempest.lib.common.rest_client [req-79e32fbb-7854-46d2-9be4-eb700b17b179 req-79e32fbb-7854-46d2-9be4-eb700b17b179 ] Request (ImagesOneServerTestJSON:test_create_delete_image): 200 GET http://10.180.1.21/compute/v2.1/images/b6da3ee8-42b8-4b81-84f1-24e8aaed09df 3.085s
2025-12-12 10:24:15.720 65826 INFO tempest.lib.common.rest_client [req-1edcd036-da15-4a72-b242-49e272544c04 req-1edcd036-da15-4a72-b242-49e272544c04 ] Request (MigrationsAdminTest:test_list_migrations_in_flavor_resize_situation): 200 GET http://10.180.1.21/compute/v2.1/servers/d5e52695-02c1-41d4-bb4f-2b4eda82726a 3.251s
2025-12-12 10:24:15.759 65854 WARNING tempest.lib.common.ssh [-] Failed to establish authenticated ssh connection to cirros@10.180.180.135 ([Errno None] Unable to connect to port 22 on 10.180.180.135). Number attempts: 11. Retry after 12 seconds.: paramiko.ssh_exception.NoValidConnectionsError: [Errno None] Unable to connect to port 22 on 10.180.180.135
2025-12-12 10:24:15.764 65850 INFO tempest.lib.common.rest_client [req-b38dc6d1-6436-4de8-aa21-c42dafeb1ff7 req-b38dc6d1-6436-4de8-aa21-c42dafeb1ff7 ] Request (ServersAaction247Test:test_create_backup): 200 GET http://10.180.1.21/compute/v2.1/servers/c2a0c6a6-2deb-4887-9e22-7d34b95be7aa 3.147s
2025-12-12 10:24:15.785 65846 INFO tempest.lib.common.rest_client [req-640f54b4-03d2-4e5e-a5c2-585b69903390 req-640f54b4-03d2-4e5e-a5c2-585b69903390 ] Request (ServerTagsTestJSON:tearDownClass): 404 GET http://10.180.1.21/compute/v2.1/servers/e2762ef8-ed20-49e9-8129-4f23e14ba797 2.386s
2025-12-12 10:24:15.792 65840 INFO tempest.lib.common.rest_client [req-0ce8c4ba-4671-4ee2-8aae-d7f34ac44456 req-0ce8c4ba-4671-4ee2-8aae-d7f34ac44456 ] Request (ServerActionsV293TestJSON:setUpClass): 200 GET http://10.180.1.21/compute/v2.1/servers/fe0639d9-cd98-4b2e-a058-c63543791e0f 2.688s
2025-12-12 10:24:15.884 65824 INFO tempest.lib.common.rest_client [req-3a18908c-f04a-4fd5-ad6e-ef154193be2a req-3a18908c-f04a-4fd5-ad6e-ef154193be2a ] Request (VolumesAssistedSnapshotsTest:tearDownClass): 200 PUT http://10.180.1.21/networking/v2.0/routers/ee4c4a4a-fe0c-42fe-aeef-e567768fdf0d/remove_router_interface 1.507s
2025-12-12 10:24:15.893 65852 INFO tempest.lib.common.rest_client [req-c8f946e1-30c6-48dd-86ac-e97d7da9a27c req-c8f946e1-30c6-48dd-86ac-e97d7da9a27c ] Request (ListServerFiltersTestJSON:test_list_servers_filtered_by_name_regex): 200 GET http://10.180.1.21/compute/v2.1/servers?name=%5E.%2A%5C-instance%5C-%5B0-9%5D%2B%24 1.857s
2025-12-12 10:24:15.907 65818 INFO tempest.lib.common.rest_client [req-2d87f9a4-b866-4322-9c8c-1014910915c4 req-2d87f9a4-b866-4322-9c8c-1014910915c4 ] Request (ServersTestBootFromVolume:setUpClass): 200 GET http://10.180.1.21/compute/v2.1/servers/da8e5c6c-d9f4-49db-b796-5a6b7474dcc7 1.946s
2025-12-12 10:24:15.914 65828 INFO tempest.lib.common.rest_client [req-649244fa-555b-4a4b-8008-d9c8b043bb16 req-649244fa-555b-4a4b-8008-d9c8b043bb16 ] Request (InstanceUsageAuditLogTestJSON:test_list_instance_usage_audit_logs): 200 GET http://10.180.1.21/compute/v2.1/os-instance_usage_audit_log 1.677s
2025-12-12 10:24:16.028 65828 INFO tempest.lib.common.rest_client [req-0c3966be-5ae9-4317-9039-acddcf904031 req-0c3966be-5ae9-4317-9039-acddcf904031 ] Request (InstanceUsageAuditLogTestJSON:tearDownClass): 204 DELETE http://10.180.1.21/identity/v3/users/2326ebbdc8b648c19adb9a12968dacec 0.109s
2025-12-12 10:24:16.166 65828 INFO tempest.lib.common.rest_client [req-b07e44c1-478a-43c0-b9a2-25165b7567b2 req-b07e44c1-478a-43c0-b9a2-25165b7567b2 ] Request (InstanceUsageAuditLogTestJSON:tearDownClass): 204 DELETE http://10.180.1.21/identity/v3/users/0605a375d33243cba2ca23dc00e2a354 0.137s
2025-12-12 10:24:16.166 65828 INFO tempest.lib.common.dynamic_creds [-] Deleting project and security group for project: 2ba3778a028147f681ad7924532357c3
2025-12-12 10:24:16.237 65828 INFO tempest.lib.common.rest_client [req-b8707d12-4d8f-4674-9b14-253be8753d4a req-b8707d12-4d8f-4674-9b14-253be8753d4a ] Request (InstanceUsageAuditLogTestJSON:tearDownClass): 201 POST http://10.180.1.21/identity/v3/auth/tokens 0.071s
2025-12-12 10:24:16.342 65824 INFO tempest.lib.common.rest_client [req-52c8206c-2713-41db-a127-f0167315e804 req-52c8206c-2713-41db-a127-f0167315e804 ] Request (VolumesAssistedSnapshotsTest:tearDownClass): 204 DELETE http://10.180.1.21/networking/v2.0/routers/ee4c4a4a-fe0c-42fe-aeef-e567768fdf0d 0.458s
2025-12-12 10:24:16.558 65846 INFO tempest.lib.common.rest_client [req-5505c161-8a95-4a2d-aaa9-212c02c95df4 req-5505c161-8a95-4a2d-aaa9-212c02c95df4 ] Request (ServerTagsTestJSON:tearDownClass): 200 PUT http://10.180.1.21/networking/v2.0/routers/08a0a3b3-40ef-4409-a79f-34bd2eb01079/remove_router_interface 0.773s
2025-12-12 10:24:16.641 65828 INFO tempest.lib.common.rest_client [req-0a79eaa3-daa0-4033-85f4-ef8cf30c2f14 req-0a79eaa3-daa0-4033-85f4-ef8cf30c2f14 ] Request (InstanceUsageAuditLogTestJSON:tearDownClass): 200 GET http://10.180.1.21/networking/v2.0/security-groups?tenant_id=2ba3778a028147f681ad7924532357c3&name=default 0.403s
2025-12-12 10:24:16.728 65844 INFO tempest.lib.common.rest_client [req-e138e4e2-8cce-41fb-ba78-4b9895f3b5f0 req-e138e4e2-8cce-41fb-ba78-4b9895f3b5f0 ] Request (SecurityGroupRulesTestJSON:tearDownClass): 202 DELETE http://10.180.1.21/compute/v2.1/os-security-groups/22c2b7fb-d386-4e5f-8287-fe3185f2b1b2 2.269s
2025-12-12 10:24:16.763 65824 INFO tempest.lib.common.rest_client [req-87d39ea6-58f9-4f6d-930a-22a3a820274e req-87d39ea6-58f9-4f6d-930a-22a3a820274e ] Request (VolumesAssistedSnapshotsTest:tearDownClass): 204 DELETE http://10.180.1.21/networking/v2.0/subnets/30220cb0-8624-47ed-aa17-3da2001cbd0f 0.420s
2025-12-12 10:24:16.771 65848 INFO tempest.lib.common.rest_client [req-d55107a4-220e-488a-96b8-8768fc9ce0b9 req-d55107a4-220e-488a-96b8-8768fc9ce0b9 ] Request (ListImageFiltersTestJSON:setUpClass): 200 GET http://10.180.1.21/compute/v2.1/servers/c5ce872f-a961-4e80-878f-a07fa8519cb3 2.462s
2025-12-12 10:24:16.780 65858 INFO tempest.lib.common.rest_client [req-b121e413-24fe-4197-8dea-b36e78bf80ca req-b121e413-24fe-4197-8dea-b36e78bf80ca ] Request (VolumesTestJSON:test_volume_list_with_detail_param_offset_and_limit): 200 GET http://10.180.1.21/compute/v2.1/os-volumes/detail 2.250s
2025-12-12 10:24:16.867 65828 INFO tempest.lib.common.rest_client [req-006fe99e-cd3b-442a-9787-bb3886e51c97 req-006fe99e-cd3b-442a-9787-bb3886e51c97 ] Request (InstanceUsageAuditLogTestJSON:tearDownClass): 204 DELETE http://10.180.1.21/networking/v2.0/security-groups/8bb3b7e3-adb3-493a-b841-c9c3aacf7d7d 0.226s
2025-12-12 10:24:16.876 65822 INFO tempest.lib.common.rest_client [req-50766ac6-f26b-4422-a9ee-9e6189b26c79 req-50766ac6-f26b-4422-a9ee-9e6189b26c79 ] Request (ServersTestMultiNic:_run_cleanups): 204 DELETE http://10.180.1.21/compute/v2.1/servers/cfaeb85a-5ea5-47ec-a2df-7bb0c3649c7e 2.170s
2025-12-12 10:24:16.889 65869 INFO tempest.lib.common.rest_client [req-af775f03-a0bb-4594-9fc4-d5f68701314f req-af775f03-a0bb-4594-9fc4-d5f68701314f ] Request (ImagesTestJSON:_run_cleanups): 204 DELETE http://10.180.1.21/compute/v2.1/servers/3a0e19f5-acde-4ec6-9031-ca2fe09fc56c 2.224s
2025-12-12 10:24:16.968 65828 INFO tempest.lib.common.rest_client [req-a283434c-c4e5-4858-b379-2feebb1ecede req-a283434c-c4e5-4858-b379-2feebb1ecede ] Request (InstanceUsageAuditLogTestJSON:tearDownClass): 204 DELETE http://10.180.1.21/identity/v3/projects/2ba3778a028147f681ad7924532357c3 0.098s
2025-12-12 10:24:16.968 65828 INFO tempest.lib.common.dynamic_creds [-] Deleting project and security group for project: b11a138c7de94ea59b2e72c6f58365e5
2025-12-12 10:24:17.045 65874 WARNING tempest.lib.common.ssh [-] Failed to establish authenticated ssh connection to cirros@10.180.180.228 ([Errno None] Unable to connect to port 22 on 10.180.180.228). Number attempts: 8. Retry after 9 seconds.: paramiko.ssh_exception.NoValidConnectionsError: [Errno None] Unable to connect to port 22 on 10.180.180.228
2025-12-12 10:24:17.070 65869 INFO tempest.lib.common.rest_client [req-64477730-12da-4a54-860d-494de25eec1f req-64477730-12da-4a54-860d-494de25eec1f ] Request (ImagesTestJSON:test_create_server_from_snapshot): 201 POST http://10.180.1.21/identity/v3/auth/tokens 0.176s
2025-12-12 10:24:17.071 65869 INFO tempest.lib.common.fixed_network [-] (ImagesTestJSON:test_create_server_from_snapshot) Found network {'id': '6b7b501d-b648-4718-8e54-a94140c6ac03', 'name': 'tempest-ImagesTestJSON-1161776901-network', 'tenant_id': '171bacf1f1914f53acbb59e58b5d9fe2', 'project_id': '171bacf1f1914f53acbb59e58b5d9fe2', 'admin_state_up': True, 'mtu': 8950, 'status': 'ACTIVE', 'subnets': [], 'shared': False, 'port_security_enabled': True, 'router:external': False, 'provider:network_type': 'vlan', 'provider:physical_network': 'default', 'provider:segmentation_id': 337, 'availability_zone_hints': [], 'availability_zones': [], 'ipv4_address_scope': None, 'ipv6_address_scope': None, 'description': '', 'tags': [], 'created_at': '2025-12-12T10:21:26Z', 'updated_at': '2025-12-12T10:21:26Z', 'revision_number': 1} available for tenant
2025-12-12 10:24:17.223 65824 INFO tempest.lib.common.rest_client [req-3d16e986-4c53-42e4-958c-7f878bfbf01a req-3d16e986-4c53-42e4-958c-7f878bfbf01a ] Request (VolumesAssistedSnapshotsTest:tearDownClass): 204 DELETE http://10.180.1.21/networking/v2.0/networks/8781b92f-9d92-4d7c-bce2-96b75f0de1c8 0.459s
2025-12-12 10:24:17.273 65846 INFO tempest.lib.common.rest_client [req-996a605a-2bcf-44b8-9657-c84c08c4034c req-996a605a-2bcf-44b8-9657-c84c08c4034c ] Request (ServerTagsTestJSON:tearDownClass): 204 DELETE http://10.180.1.21/networking/v2.0/routers/08a0a3b3-40ef-4409-a79f-34bd2eb01079 0.715s
2025-12-12 10:24:17.401 65828 INFO tempest.lib.common.rest_client [req-ac6e4bb9-a06e-4004-a682-2913de11c4e2 req-ac6e4bb9-a06e-4004-a682-2913de11c4e2 ] Request (InstanceUsageAuditLogTestJSON:tearDownClass): 200 GET http://10.180.1.21/networking/v2.0/security-groups?tenant_id=b11a138c7de94ea59b2e72c6f58365e5&name=default 0.433s
2025-12-12 10:24:17.594 65846 INFO tempest.lib.common.rest_client [req-bacdff2e-b305-4e64-943a-b346f09d3128 req-bacdff2e-b305-4e64-943a-b346f09d3128 ] Request (ServerTagsTestJSON:tearDownClass): 204 DELETE http://10.180.1.21/networking/v2.0/subnets/4120671d-9c26-4328-8a75-b89d19c27349 0.320s
2025-12-12 10:24:17.633 65836 INFO tempest.lib.common.rest_client [req-95d732e8-4363-49a2-ac0d-ffc677d3a060 req-95d732e8-4363-49a2-ac0d-ffc677d3a060 ] Request (ServerAddressesTestJSON:tearDownClass): 200 GET http://10.180.1.21/compute/v2.1/servers/1fc30c61-fc56-477e-b052-658e578f8a70 2.564s
2025-12-12 10:24:17.649 65830 INFO tempest.lib.common.rest_client [req-dab9c65e-d9ce-41ef-83ca-a5342276766d req-dab9c65e-d9ce-41ef-83ca-a5342276766d ] Request (KeyPairsV22TestJSON:_run_cleanups): 204 DELETE http://10.180.1.21/compute/v2.1/os-keypairs/tempest-keypair-1772260501 2.563s
2025-12-12 10:24:17.725 65828 INFO tempest.lib.common.rest_client [req-5aab2aa7-fa87-4fa3-bafe-6fddc6c5b468 req-5aab2aa7-fa87-4fa3-bafe-6fddc6c5b468 ] Request (InstanceUsageAuditLogTestJSON:tearDownClass): 204 DELETE http://10.180.1.21/networking/v2.0/security-groups/265f692f-61d9-42aa-a540-0f1449fc4576 0.323s
2025-12-12 10:24:17.815 65830 INFO tempest.lib.common.rest_client [req-d0c2fa2f-a0c8-440d-980b-57f869ec3b0e req-d0c2fa2f-a0c8-440d-980b-57f869ec3b0e ] Request (KeyPairsV22TestJSON:tearDownClass): 204 DELETE http://10.180.1.21/identity/v3/users/9cc865964977482a98491aa2f49ce367 0.165s
2025-12-12 10:24:17.816 65830 INFO tempest.lib.common.dynamic_creds [-] Deleting project and security group for project: 94e506f09f92481aaeab4a41006e9ff3
2025-12-12 10:24:17.842 65828 INFO tempest.lib.common.rest_client [req-5c5f0d83-52db-4cd7-8a66-3689892ef439 req-5c5f0d83-52db-4cd7-8a66-3689892ef439 ] Request (InstanceUsageAuditLogTestJSON:tearDownClass): 204 DELETE http://10.180.1.21/identity/v3/projects/b11a138c7de94ea59b2e72c6f58365e5 0.117s
2025-12-12 10:24:17.883 65830 INFO tempest.lib.common.rest_client [req-691a789b-9237-41e1-ba33-ec0b67dffa79 req-691a789b-9237-41e1-ba33-ec0b67dffa79 ] Request (KeyPairsV22TestJSON:tearDownClass): 201 POST http://10.180.1.21/identity/v3/auth/tokens 0.067s
2025-12-12 10:24:17.914 65828 INFO tempest.lib.common.rest_client [req-5eecbd94-e630-43d9-8e34-d28d6e8f27d4 req-5eecbd94-e630-43d9-8e34-d28d6e8f27d4 ] Request (InstanceUsageAuditLogNegativeTestJSON:setUpClass): 201 POST http://10.180.1.21/identity/v3/auth/tokens 0.069s
2025-12-12 10:24:17.963 65828 INFO tempest.lib.common.rest_client [req-38f3001e-b93a-434b-b0ae-653a48680faa req-38f3001e-b93a-434b-b0ae-653a48680faa ] Request (InstanceUsageAuditLogNegativeTestJSON:setUpClass): 201 POST http://10.180.1.21/identity/v3/auth/tokens 0.045s
2025-12-12 10:24:18.004 65828 INFO tempest.lib.common.rest_client [req-12c77b5f-86f7-4c6d-925d-aba550c9a7e0 req-12c77b5f-86f7-4c6d-925d-aba550c9a7e0 ] Request (InstanceUsageAuditLogNegativeTestJSON:setUpClass): 200 GET http://10.180.1.21/identity/v3/domains?name=Default 0.040s
2025-12-12 10:24:18.028 65876 WARNING tempest.lib.common.ssh [-] Failed to establish authenticated ssh connection to cirros@10.180.180.194 ([Errno None] Unable to connect to port 22 on 10.180.180.194). Number attempts: 7. Retry after 8 seconds.: paramiko.ssh_exception.NoValidConnectionsError: [Errno None] Unable to connect to port 22 on 10.180.180.194
2025-12-12 10:24:18.067 65828 INFO tempest.lib.common.rest_client [req-1855ccd8-9981-454f-af61-a3f5dc8c512e req-1855ccd8-9981-454f-af61-a3f5dc8c512e ] Request (InstanceUsageAuditLogNegativeTestJSON:setUpClass): 201 POST http://10.180.1.21/identity/v3/projects 0.063s
2025-12-12 10:24:18.150 65824 INFO tempest.lib.common.rest_client [req-29de1c97-238f-40c0-93dc-d4472db6185a req-29de1c97-238f-40c0-93dc-d4472db6185a ] Request (VolumesAssistedSnapshotsTest:tearDownClass): 200 PUT http://10.180.1.21/networking/v2.0/routers/6959bf85-6014-4ba3-bc2c-d0f4166e7c31/remove_router_interface 0.927s
2025-12-12 10:24:18.171 65828 INFO tempest.lib.common.rest_client [req-0f9efd93-2dc3-466a-b99c-bab65944841c req-0f9efd93-2dc3-466a-b99c-bab65944841c ] Request (InstanceUsageAuditLogNegativeTestJSON:setUpClass): 201 POST http://10.180.1.21/identity/v3/users 0.102s
2025-12-12 10:24:18.203 65828 INFO tempest.lib.common.rest_client [req-e074e1e7-5bad-4be8-afae-06b00edd79d5 req-e074e1e7-5bad-4be8-afae-06b00edd79d5 ] Request (InstanceUsageAuditLogNegativeTestJSON:setUpClass): 200 GET http://10.180.1.21/identity/v3/roles 0.032s
2025-12-12 10:24:18.231 65828 INFO tempest.lib.common.rest_client [req-27516597-f793-4aa5-937b-219fc712d01b req-27516597-f793-4aa5-937b-219fc712d01b ] Request (InstanceUsageAuditLogNegativeTestJSON:setUpClass): 204 PUT http://10.180.1.21/identity/v3/projects/16bef5de8c0644bb88ebd41448599d7a/users/e3aa1305bf414eb7a4dfe722e3868dc5/roles/76d0949b9e50412c8059a61b411e68cd 0.027s
2025-12-12 10:24:18.232 65828 INFO tempest.lib.common.dynamic_creds [-] Dynamic test user e3aa1305bf414eb7a4dfe722e3868dc5 is created with scope project and roles: ['member']
2025-12-12 10:24:18.232 65828 INFO tempest.lib.common.dynamic_creds [-] Acquired dynamic creds: credentials: Credentials: {'domain_id': 'default', 'domain_name': 'Default', 'username': 'tempest-InstanceUsageAuditLogNegativeTestJSON-939995419-project-member', 'project_domain_id': 'default', 'project_domain_name': 'Default', 'project_id': '16bef5de8c0644bb88ebd41448599d7a', 'project_name': 'tempest-InstanceUsageAuditLogNegativeTestJSON-939995419', 'tenant_id': '16bef5de8c0644bb88ebd41448599d7a', 'tenant_name': 'tempest-InstanceUsageAuditLogNegativeTestJSON-939995419', 'user_domain_id': 'default', 'user_domain_name': 'Default', 'user_id': 'e3aa1305bf414eb7a4dfe722e3868dc5', 'system': None}, Network: None, Subnet: None, Router: None
2025-12-12 10:24:18.232 65828 INFO tempest.lib.common.dynamic_creds [-] Created isolated network resources for: credentials: Credentials: {'domain_id': 'default', 'domain_name': 'Default', 'username': 'tempest-InstanceUsageAuditLogNegativeTestJSON-939995419-project-member', 'project_domain_id': 'default', 'project_domain_name': 'Default', 'project_id': '16bef5de8c0644bb88ebd41448599d7a', 'project_name': 'tempest-InstanceUsageAuditLogNegativeTestJSON-939995419', 'tenant_id': '16bef5de8c0644bb88ebd41448599d7a', 'tenant_name': 'tempest-InstanceUsageAuditLogNegativeTestJSON-939995419', 'user_domain_id': 'default', 'user_domain_name': 'Default', 'user_id': 'e3aa1305bf414eb7a4dfe722e3868dc5', 'system': None}, Network: None, Subnet: None, Router: None
2025-12-12 10:24:18.312 65828 INFO tempest.lib.common.rest_client [req-79177a7f-d7c5-4b51-8839-27863d0b0d80 req-79177a7f-d7c5-4b51-8839-27863d0b0d80 ] Request (InstanceUsageAuditLogNegativeTestJSON:setUpClass): 201 POST http://10.180.1.21/identity/v3/auth/tokens 0.075s
2025-12-12 10:24:18.353 65846 INFO tempest.lib.common.rest_client [req-a36bb15a-7e46-4cfc-8f3f-75bcff82f177 req-a36bb15a-7e46-4cfc-8f3f-75bcff82f177 ] Request (ServerTagsTestJSON:tearDownClass): 204 DELETE http://10.180.1.21/networking/v2.0/networks/0291247e-9659-433f-8b48-4e62b2b69d89 0.758s
2025-12-12 10:24:18.392 65828 INFO tempest.lib.common.rest_client [req-b193c1ed-7420-4d6d-a448-283dd43658a3 req-b193c1ed-7420-4d6d-a448-283dd43658a3 ] Request (InstanceUsageAuditLogNegativeTestJSON:setUpClass): 201 POST http://10.180.1.21/identity/v3/projects 0.080s
2025-12-12 10:24:18.457 65828 INFO tempest.lib.common.rest_client [req-3b2346d6-d9c9-4add-8ad6-608f1e5d85e8 req-3b2346d6-d9c9-4add-8ad6-608f1e5d85e8 ] Request (InstanceUsageAuditLogNegativeTestJSON:setUpClass): 201 POST http://10.180.1.21/identity/v3/users 0.064s
2025-12-12 10:24:18.490 65846 INFO tempest.lib.common.rest_client [req-75be7ba2-90b6-4253-9a1c-b173b4f0e440 req-75be7ba2-90b6-4253-9a1c-b173b4f0e440 ] Request (ServerTagsTestJSON:tearDownClass): 204 DELETE http://10.180.1.21/identity/v3/users/b211269247ce49cd86f9f2e5df360be2 0.137s
2025-12-12 10:24:18.492 65846 INFO tempest.lib.common.dynamic_creds [-] Deleting project and security group for project: ac99199d4de640f994e76b72d198b50f
2025-12-12 10:24:18.496 65830 INFO tempest.lib.common.rest_client [req-a89dc583-b6e6-4827-8ac5-0a9c44b85e54 req-a89dc583-b6e6-4827-8ac5-0a9c44b85e54 ] Request (KeyPairsV22TestJSON:tearDownClass): 200 GET http://10.180.1.21/networking/v2.0/security-groups?tenant_id=94e506f09f92481aaeab4a41006e9ff3&name=default 0.613s
2025-12-12 10:24:18.526 65828 INFO tempest.lib.common.rest_client [req-5c5c2215-2ac5-43f3-8517-073e27aa2309 req-5c5c2215-2ac5-43f3-8517-073e27aa2309 ] Request (InstanceUsageAuditLogNegativeTestJSON:setUpClass): 200 GET http://10.180.1.21/identity/v3/roles 0.068s
2025-12-12 10:24:18.609 65828 INFO tempest.lib.common.rest_client [req-fe211624-fc51-4a96-960c-07c9b39936b6 req-fe211624-fc51-4a96-960c-07c9b39936b6 ] Request (InstanceUsageAuditLogNegativeTestJSON:setUpClass): 204 PUT http://10.180.1.21/identity/v3/projects/f6808ffe659244b2b633911ecda7e002/users/3d742b8458a540658ec9ddebdac062a7/roles/da0e2f8e1f0147a58f2971fe76d25e2e 0.082s
2025-12-12 10:24:18.630 65842 INFO tempest.lib.common.rest_client [req-abc5c72f-fb02-4d69-bbd9-fe5a225a610f req-abc5c72f-fb02-4d69-bbd9-fe5a225a610f ] Request (SecurityGroupsTestJSON:test_security_groups_create_list_delete): 202 DELETE http://10.180.1.21/compute/v2.1/os-security-groups/3e90ba4c-9932-41a6-8192-feb1cc09f64e 3.194s
2025-12-12 10:24:18.678 65828 INFO tempest.lib.common.rest_client [req-8624d74b-0992-46f5-9475-29c9dd54ccda req-8624d74b-0992-46f5-9475-29c9dd54ccda ] Request (InstanceUsageAuditLogNegativeTestJSON:setUpClass): 200 GET http://10.180.1.21/identity/v3/roles 0.068s
2025-12-12 10:24:18.705 65828 INFO tempest.lib.common.rest_client [req-890ce394-e761-4a25-9ff0-5d5cfa7ef15a req-890ce394-e761-4a25-9ff0-5d5cfa7ef15a ] Request (InstanceUsageAuditLogNegativeTestJSON:setUpClass): 204 PUT http://10.180.1.21/identity/v3/projects/f6808ffe659244b2b633911ecda7e002/users/3d742b8458a540658ec9ddebdac062a7/roles/da0e2f8e1f0147a58f2971fe76d25e2e 0.027s
2025-12-12 10:24:18.706 65828 INFO tempest.lib.common.dynamic_creds [-] Dynamic test user 3d742b8458a540658ec9ddebdac062a7 is created with scope project and roles: ['admin']
2025-12-12 10:24:18.706 65828 INFO tempest.lib.common.dynamic_creds [-] Acquired dynamic creds: credentials: Credentials: {'domain_id': 'default', 'domain_name': 'Default', 'username': 'tempest-InstanceUsageAuditLogNegativeTestJSON-1018636747-project-admin', 'project_domain_id': 'default', 'project_domain_name': 'Default', 'project_id': 'f6808ffe659244b2b633911ecda7e002', 'project_name': 'tempest-InstanceUsageAuditLogNegativeTestJSON-1018636747', 'tenant_id': 'f6808ffe659244b2b633911ecda7e002', 'tenant_name': 'tempest-InstanceUsageAuditLogNegativeTestJSON-1018636747', 'user_domain_id': 'default', 'user_domain_name': 'Default', 'user_id': '3d742b8458a540658ec9ddebdac062a7', 'system': None}, Network: None, Subnet: None, Router: None
2025-12-12 10:24:18.707 65828 INFO tempest.lib.common.dynamic_creds [-] Created isolated network resources for: credentials: Credentials: {'domain_id': 'default', 'domain_name': 'Default', 'username': 'tempest-InstanceUsageAuditLogNegativeTestJSON-1018636747-project-admin', 'project_domain_id': 'default', 'project_domain_name': 'Default', 'project_id': 'f6808ffe659244b2b633911ecda7e002', 'project_name': 'tempest-InstanceUsageAuditLogNegativeTestJSON-1018636747', 'tenant_id': 'f6808ffe659244b2b633911ecda7e002', 'tenant_name': 'tempest-InstanceUsageAuditLogNegativeTestJSON-1018636747', 'user_domain_id': 'default', 'user_domain_name': 'Default', 'user_id': '3d742b8458a540658ec9ddebdac062a7', 'system': None}, Network: None, Subnet: None, Router: None
2025-12-12 10:24:18.800 65828 INFO tempest.lib.common.rest_client [req-3f60eaa7-e259-4727-bc2b-3f4368eaba8e req-3f60eaa7-e259-4727-bc2b-3f4368eaba8e ] Request (InstanceUsageAuditLogNegativeTestJSON:setUpClass): 201 POST http://10.180.1.21/identity/v3/auth/tokens 0.090s
2025-12-12 10:24:18.841 65824 INFO tempest.lib.common.rest_client [req-f7a5b694-e52d-4b40-b481-ec9657bce09a req-f7a5b694-e52d-4b40-b481-ec9657bce09a ] Request (VolumesAssistedSnapshotsTest:tearDownClass): 204 DELETE http://10.180.1.21/networking/v2.0/routers/6959bf85-6014-4ba3-bc2c-d0f4166e7c31 0.690s
2025-12-12 10:24:18.864 65864 INFO tempest.lib.common.rest_client [req-89de9d4f-b000-4e98-807e-afc2aea5b877 req-89de9d4f-b000-4e98-807e-afc2aea5b877 ] Request (QuotasAdminNegativeTest:_run_cleanups): 200 PUT http://10.180.1.21/compute/v2.1/os-quota-sets/69ddfd3863ea4bf0b363eb5a7a53d1eb 3.407s
2025-12-12 10:24:18.864 65846 INFO tempest.lib.common.rest_client [req-933fb41a-1d9d-4536-89df-92b475250d1a req-933fb41a-1d9d-4536-89df-92b475250d1a ] Request (ServerTagsTestJSON:tearDownClass): 200 GET http://10.180.1.21/networking/v2.0/security-groups?tenant_id=ac99199d4de640f994e76b72d198b50f&name=default 0.372s
2025-12-12 10:24:18.977 65830 INFO tempest.lib.common.rest_client [req-a81364d5-ac98-4600-bdb0-f94db8928967 req-a81364d5-ac98-4600-bdb0-f94db8928967 ] Request (KeyPairsV22TestJSON:tearDownClass): 204 DELETE http://10.180.1.21/networking/v2.0/security-groups/7351fa73-13a9-4c77-abf3-c44121604387 0.480s
2025-12-12 10:24:19.050 65838 WARNING tempest.lib.common.ssh [-] Failed to establish authenticated ssh connection to cirros@10.180.180.163 ([Errno None] Unable to connect to port 22 on 10.180.180.163). Number attempts: 12. Retry after 13 seconds.: paramiko.ssh_exception.NoValidConnectionsError: [Errno None] Unable to connect to port 22 on 10.180.180.163
2025-12-12 10:24:19.145 65816 INFO tempest.lib.common.rest_client [req-9f7f2c62-a398-451d-ad07-d5e636c83de5 req-9f7f2c62-a398-451d-ad07-d5e636c83de5 ] Request (AttachInterfacesV270Test:test_create_get_list_interfaces): 202 POST http://10.180.1.21/compute/v2.1/servers 4.434s
2025-12-12 10:24:19.156 65830 INFO tempest.lib.common.rest_client [req-63e0061b-c4ca-4761-83e1-194b02214fd8 req-63e0061b-c4ca-4761-83e1-194b02214fd8 ] Request (KeyPairsV22TestJSON:tearDownClass): 204 DELETE http://10.180.1.21/identity/v3/projects/94e506f09f92481aaeab4a41006e9ff3 0.178s
2025-12-12 10:24:19.171 65814 INFO tempest.lib.common.rest_client [req-ea6f7d6e-4204-42b6-894d-498f37b5db89 req-ea6f7d6e-4204-42b6-894d-498f37b5db89 ] Request (ServerGroupTestJSON:test_create_delete_server_group_with_affinity_policy): 200 GET http://10.180.1.21/compute/v2.1/os-server-groups 3.683s
2025-12-12 10:24:19.255 65830 INFO tempest.lib.common.rest_client [req-35951eba-ab9d-4de4-8b39-e61cf563beaa req-35951eba-ab9d-4de4-8b39-e61cf563beaa ] Request (ServerDiskConfigTestJSON:setUpClass): 201 POST http://10.180.1.21/identity/v3/auth/tokens 0.098s
2025-12-12 10:24:19.256 65846 INFO tempest.lib.common.rest_client [req-2fc0eb24-9145-41cd-891a-2b2eeb0742c7 req-2fc0eb24-9145-41cd-891a-2b2eeb0742c7 ] Request (ServerTagsTestJSON:tearDownClass): 204 DELETE http://10.180.1.21/networking/v2.0/security-groups/638a5dec-549c-4c78-9abf-ae2d5f9d5265 0.391s
2025-12-12 10:24:19.270 65824 INFO tempest.lib.common.rest_client [req-58babad6-1204-4a6c-8083-243c0e7c636a req-58babad6-1204-4a6c-8083-243c0e7c636a ] Request (VolumesAssistedSnapshotsTest:tearDownClass): 204 DELETE http://10.180.1.21/networking/v2.0/subnets/af26bfa0-2b39-4ad5-957c-50ef0d23f4b9 0.429s
2025-12-12 10:24:19.288 65872 INFO tempest.lib.common.rest_client [req-0dfe97f6-d3a7-4549-904e-3b0df991803a req-0dfe97f6-d3a7-4549-904e-3b0df991803a ] Request (ServerMetadataNegativeTestJSON:tearDownClass): 200 GET http://10.180.1.21/compute/v2.1/servers/56d695fd-abb7-423b-8474-4a73ce093c2c 3.810s
2025-12-12 10:24:19.308 65830 INFO tempest.lib.common.rest_client [req-0e3a12f2-3569-49f4-b89f-76b1532e382c req-0e3a12f2-3569-49f4-b89f-76b1532e382c ] Request (ServerDiskConfigTestJSON:setUpClass): 201 POST http://10.180.1.21/identity/v3/auth/tokens 0.050s
2025-12-12 10:24:19.343 65830 INFO tempest.lib.common.rest_client [req-d6ca2fc7-7115-4ddb-8fa9-4f05606cb87d req-d6ca2fc7-7115-4ddb-8fa9-4f05606cb87d ] Request (ServerDiskConfigTestJSON:setUpClass): 200 GET http://10.180.1.21/identity/v3/domains?name=Default 0.033s
2025-12-12 10:24:19.390 65834 INFO tempest.lib.common.rest_client [req-5b976407-fa61-42e6-a835-6768e4c8973e req-5b976407-fa61-42e6-a835-6768e4c8973e ] Request (ImagesMetadataTestJSON:setUp): 200 PUT http://10.180.1.21/compute/v2.1/images/748afd36-9de3-4248-a87d-9a5e718c5313/metadata 3.894s
2025-12-12 10:24:19.400 65846 INFO tempest.lib.common.rest_client [req-5b2b69ba-7656-4bfd-8a64-eb5121f3969a req-5b2b69ba-7656-4bfd-8a64-eb5121f3969a ] Request (ServerTagsTestJSON:tearDownClass): 204 DELETE http://10.180.1.21/identity/v3/projects/ac99199d4de640f994e76b72d198b50f 0.143s
2025-12-12 10:24:19.402 65846 INFO tempest.test [-] raised in ComputeNetworksTest.setUpClass. Invoking tearDownClass.
2025-12-12 10:24:19.438 65830 INFO tempest.lib.common.rest_client [req-63830838-e5c5-41fb-a23e-048a17c642af req-63830838-e5c5-41fb-a23e-048a17c642af ] Request (ServerDiskConfigTestJSON:setUpClass): 201 POST http://10.180.1.21/identity/v3/projects 0.095s
2025-12-12 10:24:19.464 65852 INFO tempest.lib.common.rest_client [req-d0dbf92a-719a-401a-86c5-c40987d62192 req-d0dbf92a-719a-401a-86c5-c40987d62192 ] Request (ListServerFiltersTestJSON:test_list_servers_filtered_by_name_regex): 200 GET http://10.180.1.21/compute/v2.1/servers?name=%5E.%2A%5C-instance%5C-.%2A%24 3.569s
2025-12-12 10:24:19.519 65830 INFO tempest.lib.common.rest_client [req-cd2de2a4-1188-4320-8bef-8c7f1e994a58 req-cd2de2a4-1188-4320-8bef-8c7f1e994a58 ] Request (ServerDiskConfigTestJSON:setUpClass): 201 POST http://10.180.1.21/identity/v3/users 0.080s
2025-12-12 10:24:19.550 65830 INFO tempest.lib.common.rest_client [req-c7613c84-b17e-4ad3-8ecc-21de94acf93b req-c7613c84-b17e-4ad3-8ecc-21de94acf93b ] Request (ServerDiskConfigTestJSON:setUpClass): 200 GET http://10.180.1.21/identity/v3/roles 0.030s
2025-12-12 10:24:19.584 65830 INFO tempest.lib.common.rest_client [req-db8ad60c-ac03-413e-a5a5-39ffc24194e2 req-db8ad60c-ac03-413e-a5a5-39ffc24194e2 ] Request (ServerDiskConfigTestJSON:setUpClass): 204 PUT http://10.180.1.21/identity/v3/projects/f46875bef5394bbe97ca36e0fe75da79/users/e0163ae914bb45d381d2a1c9dfe77716/roles/76d0949b9e50412c8059a61b411e68cd 0.033s
2025-12-12 10:24:19.584 65830 INFO tempest.lib.common.dynamic_creds [-] Dynamic test user e0163ae914bb45d381d2a1c9dfe77716 is created with scope project and roles: ['member']
2025-12-12 10:24:19.585 65830 INFO tempest.lib.common.dynamic_creds [-] Acquired dynamic creds: credentials: Credentials: {'domain_id': 'default', 'domain_name': 'Default', 'username': 'tempest-ServerDiskConfigTestJSON-599122988-project-member', 'project_domain_id': 'default', 'project_domain_name': 'Default', 'project_id': 'f46875bef5394bbe97ca36e0fe75da79', 'project_name': 'tempest-ServerDiskConfigTestJSON-599122988', 'tenant_id': 'f46875bef5394bbe97ca36e0fe75da79', 'tenant_name': 'tempest-ServerDiskConfigTestJSON-599122988', 'user_domain_id': 'default', 'user_domain_name': 'Default', 'user_id': 'e0163ae914bb45d381d2a1c9dfe77716', 'system': None}, Network: None, Subnet: None, Router: None
2025-12-12 10:24:19.657 65830 INFO tempest.lib.common.rest_client [req-dbdc05fc-e8cc-4acc-90e8-53695123e3f8 req-dbdc05fc-e8cc-4acc-90e8-53695123e3f8 ] Request (ServerDiskConfigTestJSON:setUpClass): 201 POST http://10.180.1.21/identity/v3/auth/tokens 0.072s
2025-12-12 10:24:19.914 65824 INFO tempest.lib.common.rest_client [req-765e9427-367c-42f4-9d9f-24f80815b8e9 req-765e9427-367c-42f4-9d9f-24f80815b8e9 ] Request (VolumesAssistedSnapshotsTest:tearDownClass): 204 DELETE http://10.180.1.21/networking/v2.0/networks/1362b413-a86a-4fab-9e09-f13c95139091 0.640s
2025-12-12 10:24:19.945 65832 INFO tempest.lib.common.rest_client [req-bfdf46a4-3145-44a7-a4de-5a21f1ba0b06 req-bfdf46a4-3145-44a7-a4de-5a21f1ba0b06 ] Request (DeleteServersTestJSON:test_delete_server_while_in_shelved_state): 200 GET http://10.180.1.21/compute/v2.1/servers/9a96e2b5-fd0d-441a-9d7b-798eb3751534 4.297s
2025-12-12 10:24:19.954 65860 INFO tempest.lib.common.rest_client [req-791a1d64-c27c-481c-8e08-50c70bac99e8 req-791a1d64-c27c-481c-8e08-50c70bac99e8 ] Request (ServersTestJSON:test_create_server_specify_multibyte_character_name): 200 GET http://10.180.1.21/compute/v2.1/servers/cac7951c-0571-4cf8-9684-332d60753524 3.710s
2025-12-12 10:24:20.044 65870 INFO tempest.lib.common.rest_client [req-c84c873a-f388-4391-9354-71ab98a47a22 req-c84c873a-f388-4391-9354-71ab98a47a22 ] Request (ImagesOneServerTestJSON:test_create_delete_image): 200 GET http://10.180.1.21/compute/v2.1/images/b6da3ee8-42b8-4b81-84f1-24e8aaed09df 3.345s
2025-12-12 10:24:20.125 65824 INFO tempest.lib.common.rest_client [req-74b1147b-5b1f-4076-9c0a-c9104a4cb0bb req-74b1147b-5b1f-4076-9c0a-c9104a4cb0bb ] Request (VolumesAssistedSnapshotsTest:tearDownClass): 204 DELETE http://10.180.1.21/identity/v3/users/84fcef50ccc44fb69f9e6c6dfb51a94d 0.211s
2025-12-12 10:24:20.261 65824 INFO tempest.lib.common.rest_client [req-06a6579e-2f74-4894-beb5-09faee14c001 req-06a6579e-2f74-4894-beb5-09faee14c001 ] Request (VolumesAssistedSnapshotsTest:tearDownClass): 204 DELETE http://10.180.1.21/identity/v3/users/e890de3101dc4be3974a63313b19221f 0.135s
2025-12-12 10:24:20.364 65824 INFO tempest.lib.common.rest_client [req-3fc1fbce-db7e-40a4-80d7-758bd956bd4b req-3fc1fbce-db7e-40a4-80d7-758bd956bd4b ] Request (VolumesAssistedSnapshotsTest:tearDownClass): 204 DELETE http://10.180.1.21/identity/v3/users/4d97cfa7cb694fb6b505cc4bd22ada54 0.102s
2025-12-12 10:24:20.364 65824 INFO tempest.lib.common.dynamic_creds [-] Deleting project and security group for project: 9efaa6ac777047579622a2fc1a8d1251
2025-12-12 10:24:20.634 65830 INFO tempest.lib.common.rest_client [req-f1167f6f-368f-40f8-8041-97e7f7909448 req-f1167f6f-368f-40f8-8041-97e7f7909448 ] Request (ServerDiskConfigTestJSON:setUpClass): 201 POST http://10.180.1.21/networking/v2.0/networks 0.976s
2025-12-12 10:24:20.680 65862 INFO tempest.lib.common.rest_client [req-facc8e3c-8519-44cc-8a04-bfb11f894c3b req-facc8e3c-8519-44cc-8a04-bfb11f894c3b ] Request (ImagesOneServerNegativeTestJSON:_run_cleanups): 200 GET http://10.180.1.21/compute/v2.1/servers/429ad889-a1f2-412a-ab97-b16017dc9ff9 4.025s
2025-12-12 10:24:20.943 65824 INFO tempest.lib.common.rest_client [req-3d673027-c550-43fa-b34b-36efcc1bc7a5 req-3d673027-c550-43fa-b34b-36efcc1bc7a5 ] Request (VolumesAssistedSnapshotsTest:tearDownClass): 200 GET http://10.180.1.21/networking/v2.0/security-groups?tenant_id=9efaa6ac777047579622a2fc1a8d1251&name=default 0.579s
2025-12-12 10:24:20.949 65866 WARNING tempest.lib.common.ssh [-] Failed to establish authenticated ssh connection to cirros@10.180.180.246 ([Errno None] Unable to connect to port 22 on 10.180.180.246). Number attempts: 11. Retry after 12 seconds.: paramiko.ssh_exception.NoValidConnectionsError: [Errno None] Unable to connect to port 22 on 10.180.180.246
2025-12-12 10:24:21.138 65844 INFO tempest.lib.common.rest_client [req-f088b2f7-a5b1-4dc6-b7ff-e5a8bfc2c12c req-f088b2f7-a5b1-4dc6-b7ff-e5a8bfc2c12c ] Request (SecurityGroupRulesTestJSON:tearDownClass): 202 DELETE http://10.180.1.21/compute/v2.1/os-security-groups/c3e364e0-c842-4fb6-9921-54b6497b8857 4.408s
2025-12-12 10:24:21.145 65830 INFO tempest.lib.common.rest_client [req-7ac96095-aa3c-4dd7-86b0-bf48e8c469d3 req-7ac96095-aa3c-4dd7-86b0-bf48e8c469d3 ] Request (ServerDiskConfigTestJSON:setUpClass): 201 POST http://10.180.1.21/networking/v2.0/subnets 0.510s
2025-12-12 10:24:21.276 65824 INFO tempest.lib.common.rest_client [req-7b882c82-c4ac-4627-8ba0-855f552144d7 req-7b882c82-c4ac-4627-8ba0-855f552144d7 ] Request (VolumesAssistedSnapshotsTest:tearDownClass): 204 DELETE http://10.180.1.21/networking/v2.0/security-groups/d75f501d-5fa7-4af4-bda4-e0cb2b555a5c 0.332s
2025-12-12 10:24:21.333 65850 INFO tempest.lib.common.rest_client [req-4932264f-13c0-419f-9aba-027b81efeda1 req-4932264f-13c0-419f-9aba-027b81efeda1 ] Request (ServersAaction247Test:test_create_backup): 200 GET http://10.180.1.21/compute/v2.1/servers/c2a0c6a6-2deb-4887-9e22-7d34b95be7aa 4.559s
2025-12-12 10:24:21.359 65826 INFO tempest.lib.common.rest_client [req-801e9dd0-12d7-44b4-ae93-9a84b1f68d39 req-801e9dd0-12d7-44b4-ae93-9a84b1f68d39 ] Request (MigrationsAdminTest:test_list_migrations_in_flavor_resize_situation): 200 GET http://10.180.1.21/compute/v2.1/servers/d5e52695-02c1-41d4-bb4f-2b4eda82726a 4.625s
2025-12-12 10:24:21.366 65826 INFO tempest.common.waiters [-] State transition "VERIFY_RESIZE/None" ==> "ACTIVE/None" after 20 second wait
2025-12-12 10:24:21.376 65858 INFO tempest.lib.common.rest_client [req-68d88ec7-14db-45a4-929d-c8d31e38c737 req-68d88ec7-14db-45a4-929d-c8d31e38c737 ] Request (VolumesTestJSON:test_volume_list_with_detail_param_offset_and_limit): 200 GET http://10.180.1.21/compute/v2.1/os-volumes/detail?offset=1&limit=1 4.591s
2025-12-12 10:24:21.412 65824 INFO tempest.lib.common.rest_client [req-42fe236d-c123-4027-a41d-3f0d94de574f req-42fe236d-c123-4027-a41d-3f0d94de574f ] Request (VolumesAssistedSnapshotsTest:tearDownClass): 204 DELETE http://10.180.1.21/identity/v3/projects/9efaa6ac777047579622a2fc1a8d1251 0.136s
2025-12-12 10:24:21.412 65824 INFO tempest.lib.common.dynamic_creds [-] Deleting project and security group for project: e80249e968fa44b1acbf87f1ad9a0ffb
2025-12-12 10:24:21.502 65822 INFO tempest.lib.common.rest_client [req-64bce173-e716-4cf0-83cb-f258b93c3064 req-64bce173-e716-4cf0-83cb-f258b93c3064 ] Request (ServersTestMultiNic:_run_cleanups): 200 GET http://10.180.1.21/compute/v2.1/servers/cfaeb85a-5ea5-47ec-a2df-7bb0c3649c7e 4.624s
2025-12-12 10:24:21.519 65824 INFO tempest.lib.common.rest_client [req-a5c3fbcf-b346-4bd9-a40e-7d5361579057 req-a5c3fbcf-b346-4bd9-a40e-7d5361579057 ] Request (VolumesAssistedSnapshotsTest:tearDownClass): 200 GET http://10.180.1.21/networking/v2.0/security-groups?tenant_id=e80249e968fa44b1acbf87f1ad9a0ffb&name=default 0.106s
2025-12-12 10:24:21.560 65840 INFO tempest.lib.common.rest_client [req-0d1f2b8b-7824-47df-a534-d50e70d19d35 req-0d1f2b8b-7824-47df-a534-d50e70d19d35 ] Request (ServerActionsV293TestJSON:setUpClass): 200 GET http://10.180.1.21/compute/v2.1/servers/fe0639d9-cd98-4b2e-a058-c63543791e0f 4.752s
2025-12-12 10:24:21.570 65840 INFO tempest.common.waiters [-] State transition "BUILD/None" ==> "BUILD/spawning" after 19 second wait
2025-12-12 10:24:21.644 65824 INFO tempest.lib.common.rest_client [req-8c636b34-1894-42ad-9b49-b319002a13b4 req-8c636b34-1894-42ad-9b49-b319002a13b4 ] Request (VolumesAssistedSnapshotsTest:tearDownClass): 204 DELETE http://10.180.1.21/networking/v2.0/security-groups/0d8409df-a45f-4be7-9642-b57e6276efcf 0.125s
2025-12-12 10:24:21.668 65818 INFO tempest.lib.common.rest_client [req-f7833db8-06c7-4109-b404-5484662e5f77 req-f7833db8-06c7-4109-b404-5484662e5f77 ] Request (ServersTestBootFromVolume:setUpClass): 200 GET http://10.180.1.21/compute/v2.1/servers/da8e5c6c-d9f4-49db-b796-5a6b7474dcc7 4.748s
2025-12-12 10:24:21.753 65824 INFO tempest.lib.common.rest_client [req-dbc266bf-852a-4db6-82dc-a20ba8fdc37e req-dbc266bf-852a-4db6-82dc-a20ba8fdc37e ] Request (VolumesAssistedSnapshotsTest:tearDownClass): 204 DELETE http://10.180.1.21/identity/v3/projects/e80249e968fa44b1acbf87f1ad9a0ffb 0.108s
2025-12-12 10:24:21.754 65824 INFO tempest.lib.common.dynamic_creds [-] Deleting project and security group for project: 751f0aee47cb4d2b873699fea1765882
2025-12-12 10:24:21.790 65824 INFO tempest.lib.common.rest_client [req-021d0a28-a306-45c4-8652-fb0925ac080c req-021d0a28-a306-45c4-8652-fb0925ac080c ] Request (VolumesAssistedSnapshotsTest:tearDownClass): 200 GET http://10.180.1.21/networking/v2.0/security-groups?tenant_id=751f0aee47cb4d2b873699fea1765882&name=default 0.036s
2025-12-12 10:24:21.819 65848 INFO tempest.lib.common.rest_client [req-92c5c8b7-7710-418d-9649-6d4cbe547e77 req-92c5c8b7-7710-418d-9649-6d4cbe547e77 ] Request (ListImageFiltersTestJSON:setUpClass): 200 GET http://10.180.1.21/compute/v2.1/servers/c5ce872f-a961-4e80-878f-a07fa8519cb3 4.038s
2025-12-12 10:24:21.830 65848 INFO tempest.common.waiters [-] State transition "BUILD/spawning" ==> "ACTIVE/None" after 33 second wait
2025-12-12 10:24:21.914 65824 INFO tempest.lib.common.rest_client [req-9c071403-ced6-4f30-8c9a-27fc4d1d4f7e req-9c071403-ced6-4f30-8c9a-27fc4d1d4f7e ] Request (VolumesAssistedSnapshotsTest:tearDownClass): 204 DELETE http://10.180.1.21/networking/v2.0/security-groups/a69672b1-23b0-45bf-b681-87cc494db99a 0.123s
2025-12-12 10:24:21.974 65842 INFO tempest.lib.common.rest_client [req-3d9e04f6-1922-4fda-b960-dbc10c2b37b0 req-3d9e04f6-1922-4fda-b960-dbc10c2b37b0 ] Request (SecurityGroupsTestJSON:test_security_groups_create_list_delete): 404 GET http://10.180.1.21/compute/v2.1/os-security-groups/3e90ba4c-9932-41a6-8192-feb1cc09f64e 3.344s
2025-12-12 10:24:22.026 65830 INFO tempest.lib.common.rest_client [req-25fc09cc-04c7-4ee1-91b0-5be0fc3d0a88 req-25fc09cc-04c7-4ee1-91b0-5be0fc3d0a88 ] Request (ServerDiskConfigTestJSON:setUpClass): 201 POST http://10.180.1.21/networking/v2.0/routers 0.881s
2025-12-12 10:24:22.058 65824 INFO tempest.lib.common.rest_client [req-0fc28d52-add2-4837-a56b-a7899216d47b req-0fc28d52-add2-4837-a56b-a7899216d47b ] Request (VolumesAssistedSnapshotsTest:tearDownClass): 204 DELETE http://10.180.1.21/identity/v3/projects/751f0aee47cb4d2b873699fea1765882 0.144s
2025-12-12 10:24:22.110 65836 INFO tempest.lib.common.rest_client [req-448df31b-e7c5-47e7-b5ce-d89c5d4c4866 req-448df31b-e7c5-47e7-b5ce-d89c5d4c4866 ] Request (ServerAddressesTestJSON:tearDownClass): 200 GET http://10.180.1.21/compute/v2.1/servers/1fc30c61-fc56-477e-b052-658e578f8a70 3.467s
2025-12-12 10:24:22.120 65836 INFO tempest.common.waiters [-] State transition "ACTIVE/deleting" ==> "DELETED/None" after 5 second wait
2025-12-12 10:24:22.133 65869 INFO tempest.lib.common.rest_client [req-d4f6c5ab-6c99-4d17-8d5f-1069ae6480f4 req-d4f6c5ab-6c99-4d17-8d5f-1069ae6480f4 ] Request (ImagesTestJSON:test_create_server_from_snapshot): 202 POST http://10.180.1.21/compute/v2.1/servers 5.061s
2025-12-12 10:24:22.140 65864 INFO tempest.lib.common.rest_client [req-8f18e697-989c-48ee-9230-0944cddb9a0f req-8f18e697-989c-48ee-9230-0944cddb9a0f ] Request (QuotasAdminNegativeTest:test_update_quota_normal_user): 403 PUT http://10.180.1.21/compute/v2.1/os-quota-sets/69ddfd3863ea4bf0b363eb5a7a53d1eb 3.271s
2025-12-12 10:24:22.153 65824 INFO tempest.lib.common.rest_client [req-ddb2a0d7-c10d-4313-ae7e-b5976f5cd9b7 req-ddb2a0d7-c10d-4313-ae7e-b5976f5cd9b7 ] Request (ServerDiagnosticsTest:setUpClass): 201 POST http://10.180.1.21/identity/v3/auth/tokens 0.092s
2025-12-12 10:24:22.251 65816 INFO tempest.lib.common.rest_client [req-ef2ea9ff-42c8-4a99-b05b-89d52b26d6be req-ef2ea9ff-42c8-4a99-b05b-89d52b26d6be ] Request (AttachInterfacesV270Test:test_create_get_list_interfaces): 200 GET http://10.180.1.21/compute/v2.1/servers/924c9c5b-45f3-4cce-baec-96ec60aecb31 3.104s
2025-12-12 10:24:22.259 65828 INFO tempest.lib.common.rest_client [req-309985ea-f125-471f-9223-f93f38d6f077 req-309985ea-f125-471f-9223-f93f38d6f077 ] Request (InstanceUsageAuditLogNegativeTestJSON:test_get_instance_usage_audit_logs_with_invalid_time): 400 GET http://10.180.1.21/compute/v2.1/os-instance_usage_audit_log/invalid_time 3.458s
2025-12-12 10:24:22.277 65864 INFO tempest.lib.common.rest_client [req-3eb369f7-4f52-4e44-b466-25d9670ad4a0 req-3eb369f7-4f52-4e44-b466-25d9670ad4a0 ] Request (QuotasAdminNegativeTest:tearDownClass): 204 DELETE http://10.180.1.21/identity/v3/users/8bd15cdc2d714beda4a6e1ac3e99873e 0.134s
2025-12-12 10:24:22.319 65834 INFO tempest.lib.common.rest_client [req-b72f2b7d-3a16-4810-892e-52a76f359c65 req-b72f2b7d-3a16-4810-892e-52a76f359c65 ] Request (ImagesMetadataTestJSON:test_list_image_metadata): 200 GET http://10.180.1.21/compute/v2.1/images/748afd36-9de3-4248-a87d-9a5e718c5313/metadata 2.928s
2025-12-12 10:24:22.345 65824 INFO tempest.lib.common.rest_client [req-d83a39ca-2335-4352-8821-6f784d93eda1 req-d83a39ca-2335-4352-8821-6f784d93eda1 ] Request (ServerDiagnosticsTest:setUpClass): 201 POST http://10.180.1.21/identity/v3/auth/tokens 0.185s
2025-12-12 10:24:22.375 65824 INFO tempest.lib.common.rest_client [req-37e2c69f-31dc-48a7-ab83-1af34e76e9f2 req-37e2c69f-31dc-48a7-ab83-1af34e76e9f2 ] Request (ServerDiagnosticsTest:setUpClass): 200 GET http://10.180.1.21/identity/v3/domains?name=Default 0.030s
2025-12-12 10:24:22.381 65814 INFO tempest.lib.common.rest_client [req-821ebdfe-1aac-4478-895b-e681a36d181f req-821ebdfe-1aac-4478-895b-e681a36d181f ] Request (ServerGroupTestJSON:test_create_delete_server_group_with_anti_affinity_policy): 200 POST http://10.180.1.21/compute/v2.1/os-server-groups 3.206s
2025-12-12 10:24:22.400 65852 INFO tempest.lib.common.rest_client [req-3251ba00-23dd-42c0-94f8-0a1cd0f418a6 req-3251ba00-23dd-42c0-94f8-0a1cd0f418a6 ] Request (ListServerFiltersTestJSON:test_list_servers_filtered_by_name_regex): 200 GET http://10.180.1.21/compute/v2.1/servers?name=-731519715 2.934s
2025-12-12 10:24:22.411 65824 INFO tempest.lib.common.rest_client [req-0cae2718-5fa0-46a8-b5d7-f200fec5476a req-0cae2718-5fa0-46a8-b5d7-f200fec5476a ] Request (ServerDiagnosticsTest:setUpClass): 201 POST http://10.180.1.21/identity/v3/projects 0.036s
2025-12-12 10:24:22.431 65864 INFO tempest.lib.common.rest_client [req-00ef4ecf-d031-41e4-bb49-21b6521447ec req-00ef4ecf-d031-41e4-bb49-21b6521447ec ] Request (QuotasAdminNegativeTest:tearDownClass): 204 DELETE http://10.180.1.21/identity/v3/users/6e4831469c794eadaea469446257864d 0.153s
2025-12-12 10:24:22.432 65864 INFO tempest.lib.common.dynamic_creds [-] Deleting project and security group for project: 8009f207e5d24b94937f4482d92ba613
2025-12-12 10:24:22.504 65832 INFO tempest.lib.common.rest_client [req-4fdc5a75-faa1-435b-bbc4-11af7f92eac4 req-4fdc5a75-faa1-435b-bbc4-11af7f92eac4 ] Request (DeleteServersTestJSON:test_delete_server_while_in_shelved_state): 200 GET http://10.180.1.21/compute/v2.1/servers/9a96e2b5-fd0d-441a-9d7b-798eb3751534 1.549s
2025-12-12 10:24:22.525 65864 INFO tempest.lib.common.rest_client [req-44f01d66-7873-4eaf-8faa-cfb5a0d8ac9c req-44f01d66-7873-4eaf-8faa-cfb5a0d8ac9c ] Request (QuotasAdminNegativeTest:tearDownClass): 201 POST http://10.180.1.21/identity/v3/auth/tokens 0.093s
2025-12-12 10:24:22.530 65824 INFO tempest.lib.common.rest_client [req-00d9398b-039e-42cb-b76b-542981a03641 req-00d9398b-039e-42cb-b76b-542981a03641 ] Request (ServerDiagnosticsTest:setUpClass): 201 POST http://10.180.1.21/identity/v3/users 0.118s
2025-12-12 10:24:22.532 65872 INFO tempest.lib.common.rest_client [req-909f7f13-f198-420d-b969-2d0ddb39f945 req-909f7f13-f198-420d-b969-2d0ddb39f945 ] Request (ServerMetadataNegativeTestJSON:tearDownClass): 200 GET http://10.180.1.21/compute/v2.1/servers/56d695fd-abb7-423b-8474-4a73ce093c2c 2.234s
2025-12-12 10:24:22.566 65824 INFO tempest.lib.common.rest_client [req-199ce941-fb88-44da-abad-f3078efa3bae req-199ce941-fb88-44da-abad-f3078efa3bae ] Request (ServerDiagnosticsTest:setUpClass): 200 GET http://10.180.1.21/identity/v3/roles 0.036s
2025-12-12 10:24:22.583 65870 INFO tempest.lib.common.rest_client [req-4992b946-4cf9-43be-b3cd-92700a2a2f81 req-4992b946-4cf9-43be-b3cd-92700a2a2f81 ] Request (ImagesOneServerTestJSON:test_create_delete_image): 200 GET http://10.180.1.21/compute/v2.1/images/b6da3ee8-42b8-4b81-84f1-24e8aaed09df 1.531s
2025-12-12 10:24:22.597 65824 INFO tempest.lib.common.rest_client [req-1b1f6079-e5c6-458d-93c3-de357835f6aa req-1b1f6079-e5c6-458d-93c3-de357835f6aa ] Request (ServerDiagnosticsTest:setUpClass): 204 PUT http://10.180.1.21/identity/v3/projects/0ac29bc8cd3e447e908ec0f500cce938/users/4173be9c307c468eb185ab75d3cc2519/roles/76d0949b9e50412c8059a61b411e68cd 0.030s
2025-12-12 10:24:22.597 65824 INFO tempest.lib.common.dynamic_creds [-] Dynamic test user 4173be9c307c468eb185ab75d3cc2519 is created with scope project and roles: ['member']
2025-12-12 10:24:22.598 65824 INFO tempest.lib.common.dynamic_creds [-] Acquired dynamic creds: credentials: Credentials: {'domain_id': 'default', 'domain_name': 'Default', 'username': 'tempest-ServerDiagnosticsTest-1349326979-project-member', 'project_domain_id': 'default', 'project_domain_name': 'Default', 'project_id': '0ac29bc8cd3e447e908ec0f500cce938', 'project_name': 'tempest-ServerDiagnosticsTest-1349326979', 'tenant_id': '0ac29bc8cd3e447e908ec0f500cce938', 'tenant_name': 'tempest-ServerDiagnosticsTest-1349326979', 'user_domain_id': 'default', 'user_domain_name': 'Default', 'user_id': '4173be9c307c468eb185ab75d3cc2519', 'system': None}, Network: None, Subnet: None, Router: None
