2025-12-12 10:25:30.591 65826 INFO tempest.lib.common.rest_client [req-ee0e5dd4-7ee8-4ad3-88d5-465f79d2d141 req-ee0e5dd4-7ee8-4ad3-88d5-465f79d2d141 ] Request (MigrationsAdminTest:test_resize_server_revert_deleted_flavor): 200 GET http://10.180.1.21/compute/v2.1/servers/c49f1f1b-1db5-4f0e-b0f7-bc77deac99b2 1.951s
2025-12-12 10:25:30.616 65848 INFO tempest.lib.common.rest_client [req-b19ef059-b5a8-4ffc-bb4d-fc24f0131f2f req-b19ef059-b5a8-4ffc-bb4d-fc24f0131f2f ] Request (ListImageFiltersTestJSON:test_list_images_filter_by_name): 200 GET http://10.180.1.21/compute/v2.1/images?name=tempest-ListImageFiltersTestJSON-image-2019905347 1.934s
2025-12-12 10:25:30.749 65870 INFO tempest.lib.common.rest_client [req-61cf9aa3-0d87-4290-afed-0b1373c93968 req-61cf9aa3-0d87-4290-afed-0b1373c93968 ] Request (ImagesOneServerTestJSON:tearDownClass): 204 DELETE http://10.180.1.21/networking/v2.0/security-groups/4e9b38b3-5f77-4dd5-8cb8-d5807066b26a 0.188s
2025-12-12 10:25:30.776 65822 INFO tempest.lib.common.rest_client [req-f32c07fb-63cb-4e55-8bc7-b9913f6881e6 req-f32c07fb-63cb-4e55-8bc7-b9913f6881e6 ] Request (ServerAddressesNegativeTestJSON:setUpClass): 200 GET http://10.180.1.21/compute/v2.1/servers/d5abadfe-6b9a-4b2d-9aa7-3294076c351e 2.065s
2025-12-12 10:25:30.788 65832 INFO tempest.lib.common.rest_client [req-abd78f6e-ee30-43f2-b74a-841c5d0609a4 req-abd78f6e-ee30-43f2-b74a-841c5d0609a4 ] Request (DeleteServersTestJSON:test_delete_server_while_in_shelved_state): 200 GET http://10.180.1.21/compute/v2.1/servers/9a96e2b5-fd0d-441a-9d7b-798eb3751534 1.602s
2025-12-12 10:25:30.873 65870 INFO tempest.lib.common.rest_client [req-b7a2e17c-40e7-4320-95f4-b2c7a97b910a req-b7a2e17c-40e7-4320-95f4-b2c7a97b910a ] Request (ImagesOneServerTestJSON:tearDownClass): 204 DELETE http://10.180.1.21/identity/v3/projects/6640654a10a3431ba309db1d88ee9bfe 0.124s
2025-12-12 10:25:30.896 65824 INFO tempest.lib.common.rest_client [req-3e63d14f-3758-47fc-b6c0-bedbf895c57a req-3e63d14f-3758-47fc-b6c0-bedbf895c57a ] Request (ServerDiagnosticsTest:tearDownClass): 200 GET http://10.180.1.21/compute/v2.1/servers/43d76726-0e1c-414e-abb0-8c827f8c59cc 1.446s
2025-12-12 10:25:30.949 65842 INFO tempest.lib.common.rest_client [req-c3fdc476-64b7-4d65-9992-460824cf5345 req-c3fdc476-64b7-4d65-9992-460824cf5345 ] Request (SecurityGroupsTestJSON:test_server_security_groups): 200 GET http://10.180.1.21/compute/v2.1/servers/562eddf2-ebca-402c-bd28-12d0666b460d 1.512s
2025-12-12 10:25:30.961 65870 INFO tempest.lib.common.rest_client [req-d17ffadc-a8fd-4b09-a5dc-13441e9baf92 req-d17ffadc-a8fd-4b09-a5dc-13441e9baf92 ] Request (ServerMetadataTestJSON:setUpClass): 201 POST http://10.180.1.21/identity/v3/auth/tokens 0.085s
2025-12-12 10:25:30.984 65854 INFO tempest.lib.common.rest_client [req-a864e61d-356b-4e8c-941b-d847379e3302 req-a864e61d-356b-4e8c-941b-d847379e3302 ] Request (ServersWithSpecificFlavorTestJSON:test_verify_created_server_ephemeral_disk): 200 GET http://10.180.1.21/compute/v2.1/servers/24ff80ee-307d-461a-8b52-edc167f0a998 1.471s
2025-12-12 10:25:31.001 65870 INFO tempest.lib.common.rest_client [req-d0ea61a4-f4bb-4223-bb5f-35925cd3e99a req-d0ea61a4-f4bb-4223-bb5f-35925cd3e99a ] Request (ServerMetadataTestJSON:setUpClass): 201 POST http://10.180.1.21/identity/v3/auth/tokens 0.037s
2025-12-12 10:25:31.029 65834 INFO tempest.lib.common.rest_client [req-e4ad2c57-384d-4701-a6bc-2d44db1315bd req-e4ad2c57-384d-4701-a6bc-2d44db1315bd ] Request (ServerShowV257Test:test_rebuild_server): 200 GET http://10.180.1.21/compute/v2.1/servers/7ed987c8-7959-4f74-9c72-d397b76f45d8 1.501s
2025-12-12 10:25:31.035 65870 INFO tempest.lib.common.rest_client [req-494c3f4a-0a74-4ab0-bf8d-02fbb74d9d41 req-494c3f4a-0a74-4ab0-bf8d-02fbb74d9d41 ] Request (ServerMetadataTestJSON:setUpClass): 200 GET http://10.180.1.21/identity/v3/domains?name=Default 0.033s
2025-12-12 10:25:31.063 65874 INFO tempest.lib.common.rest_client [req-d18733cc-f7af-4f0e-a522-27fa94ffafee req-d18733cc-f7af-4f0e-a522-27fa94ffafee ] Request (AttachInterfacesUnderV243Test:_run_cleanups): 200 GET http://10.180.1.21/compute/v2.1/servers/78b6a078-6db3-42bd-85af-b27e10d98255 1.470s
2025-12-12 10:25:31.084 65870 INFO tempest.lib.common.rest_client [req-04f3d5a6-8ca6-4a3c-b2b3-1f804e8af415 req-04f3d5a6-8ca6-4a3c-b2b3-1f804e8af415 ] Request (ServerMetadataTestJSON:setUpClass): 201 POST http://10.180.1.21/identity/v3/projects 0.049s
2025-12-12 10:25:31.121 65828 INFO tempest.lib.common.rest_client [req-af20dc90-3d21-46e8-9f0c-5dc111de98aa req-af20dc90-3d21-46e8-9f0c-5dc111de98aa ] Request (ServersAdmin275Test:test_rebuild_update_server_275): 200 GET http://10.180.1.21/compute/v2.1/servers/613e8576-c436-447d-95c6-0e6af6e59dc6 1.488s
2025-12-12 10:25:31.173 65869 INFO tempest.lib.common.rest_client [req-4cf70a69-72f0-4c50-b723-fe414fd7c357 req-4cf70a69-72f0-4c50-b723-fe414fd7c357 ] Request (ImagesTestJSON:test_create_server_from_snapshot): 200 GET http://10.180.1.21/compute/v2.1/images/ebdf5e4f-648a-44e5-94fb-4184d88d1e2a 1.443s
2025-12-12 10:25:31.189 65866 INFO tempest.lib.common.rest_client [req-2b176a7c-7e37-42f2-ab58-b73e8c4c86d9 req-2b176a7c-7e37-42f2-ab58-b73e8c4c86d9 ] Request (ServersV294TestFqdnHostnames:tearDownClass): 200 GET http://10.180.1.21/compute/v2.1/servers/4f50d532-f168-4efd-b48c-84319586df8e 1.480s
2025-12-12 10:25:31.193 65870 INFO tempest.lib.common.rest_client [req-1959181c-cb8e-4b3c-8876-0308c3531ded req-1959181c-cb8e-4b3c-8876-0308c3531ded ] Request (ServerMetadataTestJSON:setUpClass): 201 POST http://10.180.1.21/identity/v3/users 0.108s
2025-12-12 10:25:31.222 65870 INFO tempest.lib.common.rest_client [req-bff07b0d-d5b2-45a9-982a-7519e282c7d0 req-bff07b0d-d5b2-45a9-982a-7519e282c7d0 ] Request (ServerMetadataTestJSON:setUpClass): 200 GET http://10.180.1.21/identity/v3/roles 0.029s
2025-12-12 10:25:31.263 65836 INFO tempest.lib.common.rest_client [req-6aeba586-14e3-4ac9-b6af-8d6fed9c7e23 req-6aeba586-14e3-4ac9-b6af-8d6fed9c7e23 ] Request (ServerRescueTestJSON:setUpClass): 200 GET http://10.180.1.21/compute/v2.1/servers/bb866875-e602-490e-8a15-e07a8e96ab82 1.479s
2025-12-12 10:25:31.268 65870 INFO tempest.lib.common.rest_client [req-2b01e0d7-a279-4838-ac1c-3ea0fb28d951 req-2b01e0d7-a279-4838-ac1c-3ea0fb28d951 ] Request (ServerMetadataTestJSON:setUpClass): 204 PUT http://10.180.1.21/identity/v3/projects/8829186163324a2481cccdc9741e8471/users/c804da9f9d7848e498b959e24f460521/roles/76d0949b9e50412c8059a61b411e68cd 0.045s
2025-12-12 10:25:31.268 65870 INFO tempest.lib.common.dynamic_creds [-] Dynamic test user c804da9f9d7848e498b959e24f460521 is created with scope project and roles: ['member']
2025-12-12 10:25:31.268 65870 INFO tempest.lib.common.dynamic_creds [-] Acquired dynamic creds: credentials: Credentials: {'domain_id': 'default', 'domain_name': 'Default', 'username': 'tempest-ServerMetadataTestJSON-492327230-project-member', 'project_domain_id': 'default', 'project_domain_name': 'Default', 'project_id': '8829186163324a2481cccdc9741e8471', 'project_name': 'tempest-ServerMetadataTestJSON-492327230', 'tenant_id': '8829186163324a2481cccdc9741e8471', 'tenant_name': 'tempest-ServerMetadataTestJSON-492327230', 'user_domain_id': 'default', 'user_domain_name': 'Default', 'user_id': 'c804da9f9d7848e498b959e24f460521', 'system': None}, Network: None, Subnet: None, Router: None
2025-12-12 10:25:31.271 65869 INFO tempest.lib.common.rest_client [req-05fb6d18-e5d7-48f4-9d2b-8fdb6ce92f74 req-05fb6d18-e5d7-48f4-9d2b-8fdb6ce92f74 ] Request (ImagesTestJSON:test_create_server_from_snapshot): 201 POST http://10.180.1.21/identity/v3/auth/tokens 0.091s
2025-12-12 10:25:31.271 65869 INFO tempest.lib.common.fixed_network [-] (ImagesTestJSON:test_create_server_from_snapshot) Found network {'id': '6b7b501d-b648-4718-8e54-a94140c6ac03', 'name': 'tempest-ImagesTestJSON-1161776901-network', 'tenant_id': '171bacf1f1914f53acbb59e58b5d9fe2', 'project_id': '171bacf1f1914f53acbb59e58b5d9fe2', 'admin_state_up': True, 'mtu': 8950, 'status': 'ACTIVE', 'subnets': [], 'shared': False, 'port_security_enabled': True, 'router:external': False, 'provider:network_type': 'vlan', 'provider:physical_network': 'default', 'provider:segmentation_id': 337, 'availability_zone_hints': [], 'availability_zones': [], 'ipv4_address_scope': None, 'ipv6_address_scope': None, 'description': '', 'tags': [], 'created_at': '2025-12-12T10:21:26Z', 'updated_at': '2025-12-12T10:21:26Z', 'revision_number': 1} available for tenant
2025-12-12 10:25:31.287 65852 INFO tempest.lib.common.rest_client [req-e2dea49e-0586-4bf4-a788-edfc4aec24c6 req-e2dea49e-0586-4bf4-a788-edfc4aec24c6 ] Request (ListServerFiltersTestJSON:tearDownClass): 200 GET http://10.180.1.21/compute/v2.1/servers/1804e78d-6522-4ef9-8cfb-b839c4ac8536 1.524s
2025-12-12 10:25:31.342 65870 INFO tempest.lib.common.rest_client [req-5b40769d-37dc-48aa-8273-023e5b2cafd6 req-5b40769d-37dc-48aa-8273-023e5b2cafd6 ] Request (ServerMetadataTestJSON:setUpClass): 201 POST http://10.180.1.21/identity/v3/auth/tokens 0.070s
2025-12-12 10:25:31.364 65838 INFO tempest.lib.common.rest_client [req-4ba1dfad-a180-4074-86d8-aab73955e0e3 req-4ba1dfad-a180-4074-86d8-aab73955e0e3 ] Request (ServersTestManualDisk:setUpClass): 201 POST http://10.180.1.21/networking/v2.0/routers 1.356s
2025-12-12 10:25:31.400 65876 INFO tempest.lib.common.rest_client [req-856d6504-c71d-4e2c-8d67-4e62d1f60172 req-856d6504-c71d-4e2c-8d67-4e62d1f60172 ] Request (ServerActionsTestOtherB:test_create_backup): 200 GET http://10.180.1.21/image/v2/images/7abbbe89-6224-4774-91ab-53950b161dae 0.020s
2025-12-12 10:25:31.708 65870 INFO tempest.lib.common.rest_client [req-f5e4d5d6-3e48-4843-9611-b13a337c82af req-f5e4d5d6-3e48-4843-9611-b13a337c82af ] Request (ServerMetadataTestJSON:setUpClass): 201 POST http://10.180.1.21/networking/v2.0/networks 0.365s
2025-12-12 10:25:31.749 65830 INFO tempest.lib.common.rest_client [req-b22f1501-61d5-4e4d-97cc-d8a9dd30d69d req-b22f1501-61d5-4e4d-97cc-d8a9dd30d69d ] Request (ServerDiskConfigTestJSON:test_rebuild_server_with_auto_disk_config): 200 GET http://10.180.1.21/compute/v2.1/servers/b1d70a45-dcd0-4fd5-b3f9-df8e378102df 1.151s
2025-12-12 10:25:31.784 65862 INFO tempest.lib.common.rest_client [req-e6483498-1d8a-409b-9894-0749591f5618 req-e6483498-1d8a-409b-9894-0749591f5618 ] Request (ImagesOneServerNegativeTestJSON:tearDown): 200 GET http://10.180.1.21/compute/v2.1/servers/3e8a06d8-2181-43e4-a791-71995b1c45de 1.388s
2025-12-12 10:25:31.792 65862 INFO tempest.common.waiters [-] State transition "ACTIVE/image_pending_upload" ==> "ACTIVE/image_uploading" after 2 second wait
2025-12-12 10:25:31.832 65848 INFO tempest.lib.common.rest_client [req-d1b013d2-9aa5-4865-8b48-95401b372f0a req-d1b013d2-9aa5-4865-8b48-95401b372f0a ] Request (ListImageFiltersTestJSON:test_list_images_filter_by_server_id): 200 GET http://10.180.1.21/compute/v2.1/images?server=8e41822d-d8f7-46ab-a55f-c8fc1beb5daa 1.211s
2025-12-12 10:25:32.003 65870 INFO tempest.lib.common.rest_client [req-174bfae0-8e4a-4231-aab4-822728baf338 req-174bfae0-8e4a-4231-aab4-822728baf338 ] Request (ServerMetadataTestJSON:setUpClass): 201 POST http://10.180.1.21/networking/v2.0/subnets 0.294s
2025-12-12 10:25:32.077 65860 INFO tempest.lib.common.rest_client [req-9b00c388-b14e-4cd6-b002-2c785b21ab86 req-9b00c388-b14e-4cd6-b002-2c785b21ab86 ] Request (ServersTestJSON:test_create_server_with_ipv6_addr_only): 200 GET http://10.180.1.21/compute/v2.1/servers/64239679-3608-46b7-a06c-3a23fbbe9854 1.383s
2025-12-12 10:25:32.100 65814 INFO tempest.lib.common.rest_client [req-f1fcb584-b48e-4725-a45d-2f36020d5d87 req-f1fcb584-b48e-4725-a45d-2f36020d5d87 ] Request (ServerGroupTestJSON:_run_cleanups): 200 GET http://10.180.1.21/compute/v2.1/servers/d71ab6ab-1b6f-43bd-ba8a-3f6df96440f1 1.152s
2025-12-12 10:25:32.313 65840 WARNING tempest.lib.common.ssh [-] Failed to establish authenticated ssh connection to cirros@10.180.180.245 ([Errno None] Unable to connect to port 22 on 10.180.180.245). Number attempts: 8. Retry after 9 seconds.: paramiko.ssh_exception.NoValidConnectionsError: [Errno None] Unable to connect to port 22 on 10.180.180.245
2025-12-12 10:25:32.348 65838 INFO tempest.lib.common.rest_client [req-db1bece0-5a19-4b60-bc3a-e665dd74a088 req-db1bece0-5a19-4b60-bc3a-e665dd74a088 ] Request (ServersTestManualDisk:setUpClass): 200 PUT http://10.180.1.21/networking/v2.0/routers/6fe02e0a-8cf2-4a63-aa92-061d036e03fe/add_router_interface 0.984s
2025-12-12 10:25:32.349 65838 INFO tempest.lib.common.dynamic_creds [-] Created isolated network resources for: credentials: Credentials: {'domain_id': 'default', 'domain_name': 'Default', 'username': 'tempest-ServersTestManualDisk-393770702-project-member', 'project_domain_id': 'default', 'project_domain_name': 'Default', 'project_id': '564b621a270e478b94c30803ca4da79b', 'project_name': 'tempest-ServersTestManualDisk-393770702', 'tenant_id': '564b621a270e478b94c30803ca4da79b', 'tenant_name': 'tempest-ServersTestManualDisk-393770702', 'user_domain_id': 'default', 'user_domain_name': 'Default', 'user_id': 'ff4f63ef42fe49ab9985b3634f3cc430', 'system': None}, Network: {'id': '1ca92e29-4edd-4b21-8450-7a17168e8a1a', 'name': 'tempest-ServersTestManualDisk-1484071927-network', 'tenant_id': '564b621a270e478b94c30803ca4da79b', 'project_id': '564b621a270e478b94c30803ca4da79b', 'admin_state_up': True, 'mtu': 8950, 'status': 'ACTIVE', 'subnets': [], 'shared': False, 'port_security_enabled': True, 'router:external': False, 'provider:network_type': 'vlan', 'provider:physical_network': 'default', 'provider:segmentation_id': 198, 'availability_zone_hints': [], 'availability_zones': [], 'ipv4_address_scope': None, 'ipv6_address_scope': None, 'description': '', 'tags': [], 'created_at': '2025-12-12T10:25:29Z', 'updated_at': '2025-12-12T10:25:29Z', 'revision_number': 1}, Subnet: {'id': 'a3fa6c0a-5a5c-4a10-ade6-828a58982dc4', 'name': 'tempest-ServersTestManualDisk-1484071927-subnet', 'tenant_id': '564b621a270e478b94c30803ca4da79b', 'network_id': '1ca92e29-4edd-4b21-8450-7a17168e8a1a', 'ip_version': 4, 'subnetpool_id': None, 'enable_dhcp': True, 'ipv6_ra_mode': None, 'ipv6_address_mode': None, 'gateway_ip': '192.168.128.1', 'cidr': '192.168.128.0/28', 'allocation_pools': [{'start': '192.168.128.2', 'end': '192.168.128.14'}], 'host_routes': [], 'dns_nameservers': [], 'description': '', 'router:external': False, 'service_types': [], 'tags': [], 'created_at': '2025-12-12T10:25:29Z', 'updated_at': '2025-12-12T10:25:29Z', 'revision_number': 0, 'project_id': '564b621a270e478b94c30803ca4da79b'}, Router: {'id': '6fe02e0a-8cf2-4a63-aa92-061d036e03fe', 'name': 'tempest-ServersTestManualDisk-1484071927-router', 'tenant_id': '564b621a270e478b94c30803ca4da79b', 'admin_state_up': True, 'status': 'ACTIVE', 'external_gateway_info': {'network_id': '527e60c1-b54c-4755-8c75-6419791c243e', 'external_fixed_ips': [{'subnet_id': '264afd0e-685d-4246-8fc1-f050b4e9877e', 'ip_address': '10.180.180.210'}], 'enable_snat': True}, 'description': '', 'availability_zones': [], 'distributed': False, 'ha': False, 'availability_zone_hints': [], 'routes': [], 'flavor_id': None, 'tags': [], 'created_at': '2025-12-12T10:25:30Z', 'updated_at': '2025-12-12T10:25:30Z', 'revision_number': 2, 'project_id': '564b621a270e478b94c30803ca4da79b'}
2025-12-12 10:25:32.428 65876 INFO tempest.lib.common.rest_client [req-4069ff2b-c54b-4e5b-9713-b3f6a144c1e6 req-4069ff2b-c54b-4e5b-9713-b3f6a144c1e6 ] Request (ServerActionsTestOtherB:test_create_backup): 200 GET http://10.180.1.21/image/v2/images/7abbbe89-6224-4774-91ab-53950b161dae 0.027s
2025-12-12 10:25:32.462 65838 INFO tempest.lib.common.rest_client [req-38e99cc7-ee54-4bfd-8721-01be77423e79 req-38e99cc7-ee54-4bfd-8721-01be77423e79 ] Request (ServersTestManualDisk:setUpClass): 201 POST http://10.180.1.21/identity/v3/auth/tokens 0.110s
2025-12-12 10:25:32.567 65872 INFO tempest.lib.common.rest_client [req-c56e84c6-8996-464f-baec-9ee3d5edc20b req-c56e84c6-8996-464f-baec-9ee3d5edc20b ] Request (AttachVolumeTestJSON:test_attach_detach_volume): 200 GET http://10.180.1.21/compute/v2.1/servers/b9c456df-5c98-4c19-8f34-26a25ae4b470 1.563s
2025-12-12 10:25:32.717 65844 INFO tempest.lib.common.rest_client [req-3d4371ed-ba9e-4b7e-9972-14dfe190bc14 req-3d4371ed-ba9e-4b7e-9972-14dfe190bc14 ] Request (InstanceActionsNegativeTestJSON:tearDownClass): 200 GET http://10.180.1.21/compute/v2.1/servers/3c47bc14-7681-4c68-93ef-ff40097cc0d4 1.381s
2025-12-12 10:25:32.727 65844 INFO tempest.common.waiters [-] State transition "ACTIVE/deleting" ==> "DELETED/None" after 5 second wait
2025-12-12 10:25:32.741 65816 INFO tempest.lib.common.rest_client [req-ece5ee26-b775-4898-bc22-ce0b63c99689 req-ece5ee26-b775-4898-bc22-ce0b63c99689 ] Request (AttachInterfacesV270Test:tearDownClass): 404 GET http://10.180.1.21/compute/v2.1/servers/924c9c5b-45f3-4cce-baec-96ec60aecb31 1.178s
2025-12-12 10:25:32.875 65870 INFO tempest.lib.common.rest_client [req-87267f27-fbe9-41e5-8053-a55ec6c94faf req-87267f27-fbe9-41e5-8053-a55ec6c94faf ] Request (ServerMetadataTestJSON:setUpClass): 201 POST http://10.180.1.21/networking/v2.0/routers 0.872s
2025-12-12 10:25:33.005 65869 INFO tempest.lib.common.rest_client [req-0f682cd0-c753-46e4-b125-23ac1e7a8a37 req-0f682cd0-c753-46e4-b125-23ac1e7a8a37 ] Request (ImagesTestJSON:test_create_server_from_snapshot): 202 POST http://10.180.1.21/compute/v2.1/servers 1.730s
2025-12-12 10:25:33.453 65876 INFO tempest.lib.common.rest_client [req-007fdf01-223e-4594-a079-8e0aef4b5533 req-007fdf01-223e-4594-a079-8e0aef4b5533 ] Request (ServerActionsTestOtherB:test_create_backup): 200 GET http://10.180.1.21/image/v2/images/7abbbe89-6224-4774-91ab-53950b161dae 0.023s
2025-12-12 10:25:33.643 65816 INFO tempest.lib.common.rest_client [req-040c2781-cbe2-4fb7-8658-a4461e1d1e7e req-040c2781-cbe2-4fb7-8658-a4461e1d1e7e ] Request (AttachInterfacesV270Test:tearDownClass): 200 PUT http://10.180.1.21/networking/v2.0/routers/8f946493-b306-44a1-ab37-ccff1042a09a/remove_router_interface 0.896s
2025-12-12 10:25:33.687 65826 INFO tempest.lib.common.rest_client [req-e2d71eda-b074-47a7-8fac-af7fb04355d9 req-e2d71eda-b074-47a7-8fac-af7fb04355d9 ] Request (MigrationsAdminTest:test_resize_server_revert_deleted_flavor): 200 GET http://10.180.1.21/compute/v2.1/servers/c49f1f1b-1db5-4f0e-b0f7-bc77deac99b2 2.080s
2025-12-12 10:25:33.700 65826 INFO tempest.common.waiters [-] State transition "BUILD/spawning" ==> "ACTIVE/None" after 57 second wait
2025-12-12 10:25:33.709 65822 INFO tempest.lib.common.rest_client [req-1a4e0e84-d3a0-4588-8c70-27c22cc6d359 req-1a4e0e84-d3a0-4588-8c70-27c22cc6d359 ] Request (ServerAddressesNegativeTestJSON:setUpClass): 200 GET http://10.180.1.21/compute/v2.1/servers/d5abadfe-6b9a-4b2d-9aa7-3294076c351e 1.920s
2025-12-12 10:25:33.717 65832 INFO tempest.lib.common.rest_client [req-4896d983-3fd5-4585-b743-71893e135bd3 req-4896d983-3fd5-4585-b743-71893e135bd3 ] Request (DeleteServersTestJSON:test_delete_server_while_in_shelved_state): 404 GET http://10.180.1.21/compute/v2.1/servers/9a96e2b5-fd0d-441a-9d7b-798eb3751534 1.918s
2025-12-12 10:25:33.785 65818 WARNING tempest.lib.common.ssh [-] Failed to establish authenticated ssh connection to cirros@10.180.180.221 ([Errno None] Unable to connect to port 22 on 10.180.180.221). Number attempts: 6. Retry after 7 seconds.: paramiko.ssh_exception.NoValidConnectionsError: [Errno None] Unable to connect to port 22 on 10.180.180.221
2025-12-12 10:25:33.822 65848 INFO tempest.lib.common.rest_client [req-df8cf34b-2143-48b3-bda9-d199b2565951 req-df8cf34b-2143-48b3-bda9-d199b2565951 ] Request (ListImageFiltersTestJSON:test_list_images_filter_by_server_ref): 200 GET http://10.180.1.21/compute/v2.1/images?server=http%3A%2F%2F10.180.1.21%2Fcompute%2Fv2.1%2Fservers%2Fc5ce872f-a961-4e80-878f-a07fa8519cb3 1.982s
2025-12-12 10:25:33.859 65832 INFO tempest.lib.common.rest_client [req-9eccfafe-c4eb-42ac-a868-adf9e00c1e10 req-9eccfafe-c4eb-42ac-a868-adf9e00c1e10 ] Request (DeleteServersTestJSON:test_delete_server_while_in_shutoff_state): 201 POST http://10.180.1.21/identity/v3/auth/tokens 0.134s
2025-12-12 10:25:33.862 65832 INFO tempest.lib.common.fixed_network [-] (DeleteServersTestJSON:test_delete_server_while_in_shutoff_state) Found network {'id': 'c52c7762-34ec-4804-8692-e76615e9e921', 'name': 'tempest-DeleteServersTestJSON-1751326849-network', 'tenant_id': '5558b6330205469cb326df02cbeb5ae9', 'project_id': '5558b6330205469cb326df02cbeb5ae9', 'admin_state_up': True, 'mtu': 8950, 'status': 'ACTIVE', 'subnets': [], 'shared': False, 'port_security_enabled': True, 'router:external': False, 'provider:network_type': 'vlan', 'provider:physical_network': 'default', 'provider:segmentation_id': 559, 'availability_zone_hints': [], 'availability_zones': [], 'ipv4_address_scope': None, 'ipv6_address_scope': None, 'description': '', 'tags': [], 'created_at': '2025-12-12T10:21:20Z', 'updated_at': '2025-12-12T10:21:20Z', 'revision_number': 1} available for tenant
2025-12-12 10:25:34.133 65870 INFO tempest.lib.common.rest_client [req-54d51611-cb0a-42dd-be1c-47e6c0392b70 req-54d51611-cb0a-42dd-be1c-47e6c0392b70 ] Request (ServerMetadataTestJSON:setUpClass): 200 PUT http://10.180.1.21/networking/v2.0/routers/8454503c-0c32-4c20-9cda-9e0dcef337cb/add_router_interface 1.258s
2025-12-12 10:25:34.134 65870 INFO tempest.lib.common.dynamic_creds [-] Created isolated network resources for: credentials: Credentials: {'domain_id': 'default', 'domain_name': 'Default', 'username': 'tempest-ServerMetadataTestJSON-492327230-project-member', 'project_domain_id': 'default', 'project_domain_name': 'Default', 'project_id': '8829186163324a2481cccdc9741e8471', 'project_name': 'tempest-ServerMetadataTestJSON-492327230', 'tenant_id': '8829186163324a2481cccdc9741e8471', 'tenant_name': 'tempest-ServerMetadataTestJSON-492327230', 'user_domain_id': 'default', 'user_domain_name': 'Default', 'user_id': 'c804da9f9d7848e498b959e24f460521', 'system': None}, Network: {'id': 'fb8326e8-7a43-4c75-86f5-53c5a7aaab4c', 'name': 'tempest-ServerMetadataTestJSON-1515617549-network', 'tenant_id': '8829186163324a2481cccdc9741e8471', 'project_id': '8829186163324a2481cccdc9741e8471', 'admin_state_up': True, 'mtu': 8950, 'status': 'ACTIVE', 'subnets': [], 'shared': False, 'port_security_enabled': True, 'router:external': False, 'provider:network_type': 'vlan', 'provider:physical_network': 'default', 'provider:segmentation_id': 425, 'availability_zone_hints': [], 'availability_zones': [], 'ipv4_address_scope': None, 'ipv6_address_scope': None, 'description': '', 'tags': [], 'created_at': '2025-12-12T10:25:31Z', 'updated_at': '2025-12-12T10:25:31Z', 'revision_number': 1}, Subnet: {'id': 'a231db54-4884-4d45-ab0b-ac0f129c7b03', 'name': 'tempest-ServerMetadataTestJSON-1515617549-subnet', 'tenant_id': '8829186163324a2481cccdc9741e8471', 'network_id': 'fb8326e8-7a43-4c75-86f5-53c5a7aaab4c', 'ip_version': 4, 'subnetpool_id': None, 'enable_dhcp': True, 'ipv6_ra_mode': None, 'ipv6_address_mode': None, 'gateway_ip': '192.168.128.1', 'cidr': '192.168.128.0/28', 'allocation_pools': [{'start': '192.168.128.2', 'end': '192.168.128.14'}], 'host_routes': [], 'dns_nameservers': [], 'description': '', 'router:external': False, 'service_types': [], 'tags': [], 'created_at': '2025-12-12T10:25:31Z', 'updated_at': '2025-12-12T10:25:31Z', 'revision_number': 0, 'project_id': '8829186163324a2481cccdc9741e8471'}, Router: {'id': '8454503c-0c32-4c20-9cda-9e0dcef337cb', 'name': 'tempest-ServerMetadataTestJSON-1515617549-router', 'tenant_id': '8829186163324a2481cccdc9741e8471', 'admin_state_up': True, 'status': 'ACTIVE', 'external_gateway_info': {'network_id': '527e60c1-b54c-4755-8c75-6419791c243e', 'external_fixed_ips': [{'subnet_id': '264afd0e-685d-4246-8fc1-f050b4e9877e', 'ip_address': '10.180.180.184'}], 'enable_snat': True}, 'description': '', 'availability_zones': [], 'distributed': False, 'ha': False, 'availability_zone_hints': [], 'routes': [], 'flavor_id': None, 'tags': [], 'created_at': '2025-12-12T10:25:32Z', 'updated_at': '2025-12-12T10:25:32Z', 'revision_number': 2, 'project_id': '8829186163324a2481cccdc9741e8471'}
2025-12-12 10:25:34.170 65824 INFO tempest.lib.common.rest_client [req-5ebd207b-419b-48a3-b867-23ebb333e90c req-5ebd207b-419b-48a3-b867-23ebb333e90c ] Request (ServerDiagnosticsTest:tearDownClass): 200 GET http://10.180.1.21/compute/v2.1/servers/43d76726-0e1c-414e-abb0-8c827f8c59cc 2.265s
2025-12-12 10:25:34.236 65816 INFO tempest.lib.common.rest_client [req-ad2b5288-6d26-4a5e-921f-9d800590326c req-ad2b5288-6d26-4a5e-921f-9d800590326c ] Request (AttachInterfacesV270Test:tearDownClass): 204 DELETE http://10.180.1.21/networking/v2.0/routers/8f946493-b306-44a1-ab37-ccff1042a09a 0.593s
2025-12-12 10:25:34.274 65870 INFO tempest.lib.common.rest_client [req-1d321409-eb8f-4671-851f-803d01c97708 req-1d321409-eb8f-4671-851f-803d01c97708 ] Request (ServerMetadataTestJSON:setUpClass): 201 POST http://10.180.1.21/identity/v3/auth/tokens 0.135s
2025-12-12 10:25:34.277 65854 INFO tempest.lib.common.rest_client [req-c3a19c6f-0320-4603-964f-64f3aed7c9c6 req-c3a19c6f-0320-4603-964f-64f3aed7c9c6 ] Request (ServersWithSpecificFlavorTestJSON:test_verify_created_server_ephemeral_disk): 200 GET http://10.180.1.21/compute/v2.1/servers/24ff80ee-307d-461a-8b52-edc167f0a998 2.285s
2025-12-12 10:25:34.319 65870 INFO tempest.lib.common.rest_client [req-26e4f628-f663-4249-a5b0-dcc85747472f req-26e4f628-f663-4249-a5b0-dcc85747472f ] Request (ServerMetadataTestJSON:setUpClass): 201 POST http://10.180.1.21/identity/v3/auth/tokens 0.039s
2025-12-12 10:25:34.319 65870 INFO tempest.lib.common.fixed_network [-] (ServerMetadataTestJSON:setUpClass) Found network {'id': 'fb8326e8-7a43-4c75-86f5-53c5a7aaab4c', 'name': 'tempest-ServerMetadataTestJSON-1515617549-network', 'tenant_id': '8829186163324a2481cccdc9741e8471', 'project_id': '8829186163324a2481cccdc9741e8471', 'admin_state_up': True, 'mtu': 8950, 'status': 'ACTIVE', 'subnets': [], 'shared': False, 'port_security_enabled': True, 'router:external': False, 'provider:network_type': 'vlan', 'provider:physical_network': 'default', 'provider:segmentation_id': 425, 'availability_zone_hints': [], 'availability_zones': [], 'ipv4_address_scope': None, 'ipv6_address_scope': None, 'description': '', 'tags': [], 'created_at': '2025-12-12T10:25:31Z', 'updated_at': '2025-12-12T10:25:31Z', 'revision_number': 1} available for tenant
2025-12-12 10:25:34.355 65842 INFO tempest.lib.common.rest_client [req-5b92bdcb-4f6a-4f41-a8a8-90e219373c91 req-5b92bdcb-4f6a-4f41-a8a8-90e219373c91 ] Request (SecurityGroupsTestJSON:test_server_security_groups): 200 GET http://10.180.1.21/compute/v2.1/servers/562eddf2-ebca-402c-bd28-12d0666b460d 2.395s
2025-12-12 10:25:34.374 65834 INFO tempest.lib.common.rest_client [req-9b87e619-09fb-4008-bfbd-731d783a299f req-9b87e619-09fb-4008-bfbd-731d783a299f ] Request (ServerShowV257Test:test_rebuild_server): 200 GET http://10.180.1.21/compute/v2.1/servers/7ed987c8-7959-4f74-9c72-d397b76f45d8 2.321s
2025-12-12 10:25:34.385 65874 INFO tempest.lib.common.rest_client [req-16dab508-b06c-42b0-a140-fe0a77a38577 req-16dab508-b06c-42b0-a140-fe0a77a38577 ] Request (AttachInterfacesUnderV243Test:_run_cleanups): 404 GET http://10.180.1.21/compute/v2.1/servers/78b6a078-6db3-42bd-85af-b27e10d98255 2.301s
2025-12-12 10:25:34.427 65816 INFO tempest.lib.common.rest_client [req-9308d567-d2b5-4db4-b2ee-b382d75c9c9f req-9308d567-d2b5-4db4-b2ee-b382d75c9c9f ] Request (AttachInterfacesV270Test:tearDownClass): 204 DELETE http://10.180.1.21/networking/v2.0/subnets/3b13b3ef-95f3-4214-96b3-af432f191bca 0.190s
2025-12-12 10:25:34.455 65828 INFO tempest.lib.common.rest_client [req-a1f908e8-3c80-4c6a-beec-c528a08f8d61 req-a1f908e8-3c80-4c6a-beec-c528a08f8d61 ] Request (ServersAdmin275Test:test_rebuild_update_server_275): 200 GET http://10.180.1.21/compute/v2.1/servers/613e8576-c436-447d-95c6-0e6af6e59dc6 2.316s
2025-12-12 10:25:34.464 65828 INFO tempest.common.waiters [-] State transition "REBUILD/rebuild_spawning" ==> "ACTIVE/None" after 21 second wait
2025-12-12 10:25:34.478 65866 INFO tempest.lib.common.rest_client [req-30d85b3b-922f-4ea1-aee8-b53f8c4bf7a1 req-30d85b3b-922f-4ea1-aee8-b53f8c4bf7a1 ] Request (ServersV294TestFqdnHostnames:tearDownClass): 200 GET http://10.180.1.21/compute/v2.1/servers/4f50d532-f168-4efd-b48c-84319586df8e 2.277s
2025-12-12 10:25:34.483 65876 INFO tempest.lib.common.rest_client [req-96001081-d84b-4836-bc6e-4b4d16fe8f23 req-96001081-d84b-4836-bc6e-4b4d16fe8f23 ] Request (ServerActionsTestOtherB:test_create_backup): 200 GET http://10.180.1.21/image/v2/images/7abbbe89-6224-4774-91ab-53950b161dae 0.029s
2025-12-12 10:25:34.531 65836 INFO tempest.lib.common.rest_client [req-7d655475-9993-432e-b5a4-1995425e6899 req-7d655475-9993-432e-b5a4-1995425e6899 ] Request (ServerRescueTestJSON:setUpClass): 200 GET http://10.180.1.21/compute/v2.1/servers/bb866875-e602-490e-8a15-e07a8e96ab82 2.258s
2025-12-12 10:25:34.569 65852 INFO tempest.lib.common.rest_client [req-535fc920-2c1d-4de3-be4b-7e0f4b912ac5 req-535fc920-2c1d-4de3-be4b-7e0f4b912ac5 ] Request (ListServerFiltersTestJSON:tearDownClass): 200 GET http://10.180.1.21/compute/v2.1/servers/1804e78d-6522-4ef9-8cfb-b839c4ac8536 2.272s
2025-12-12 10:25:34.707 65838 INFO tempest.lib.common.rest_client [req-51b34564-f4fc-40a9-a986-8aafc7e9cc46 req-51b34564-f4fc-40a9-a986-8aafc7e9cc46 ] Request (ServersTestManualDisk:setUpClass): 200 POST http://10.180.1.21/compute/v2.1/os-keypairs 2.243s
2025-12-12 10:25:34.743 65816 INFO tempest.lib.common.rest_client [req-f3e3f0cd-0604-4ea6-898d-cec0681568ee req-f3e3f0cd-0604-4ea6-898d-cec0681568ee ] Request (AttachInterfacesV270Test:tearDownClass): 204 DELETE http://10.180.1.21/networking/v2.0/networks/1da7b7f2-6717-4158-ab36-1ddeb4be7e25 0.316s
2025-12-12 10:25:34.871 65830 INFO tempest.lib.common.rest_client [req-f86704b5-073c-4515-a7b6-6d024255cf71 req-f86704b5-073c-4515-a7b6-6d024255cf71 ] Request (ServerDiskConfigTestJSON:test_rebuild_server_with_auto_disk_config): 200 GET http://10.180.1.21/compute/v2.1/servers/b1d70a45-dcd0-4fd5-b3f9-df8e378102df 2.106s
2025-12-12 10:25:34.882 65830 INFO tempest.common.waiters [-] State transition "REBUILD/rebuild_spawning" ==> "ACTIVE/None" after 22 second wait
2025-12-12 10:25:34.885 65816 INFO tempest.lib.common.rest_client [req-34c3f4da-ca7a-4412-8c85-c07be317f4f0 req-34c3f4da-ca7a-4412-8c85-c07be317f4f0 ] Request (AttachInterfacesV270Test:tearDownClass): 204 DELETE http://10.180.1.21/identity/v3/users/9997d5eb64fc4a94af6d42a60b8c26fc 0.141s
2025-12-12 10:25:34.886 65816 INFO tempest.lib.common.dynamic_creds [-] Deleting project and security group for project: 45e3d07c41ac44af978212a09b08f54e
2025-12-12 10:25:34.895 65862 INFO tempest.lib.common.rest_client [req-9de5741c-c705-4d48-ab55-18441db34e50 req-9de5741c-c705-4d48-ab55-18441db34e50 ] Request (ImagesOneServerNegativeTestJSON:tearDown): 200 GET http://10.180.1.21/compute/v2.1/servers/3e8a06d8-2181-43e4-a791-71995b1c45de 2.102s
2025-12-12 10:25:34.905 65862 INFO tempest.common.waiters [-] State transition "ACTIVE/image_uploading" ==> "ACTIVE/None" after 5 second wait
2025-12-12 10:25:34.908 65838 INFO tempest.lib.common.rest_client [req-5fa38136-eeb3-462a-ba18-e4e60df145d6 req-5fa38136-eeb3-462a-ba18-e4e60df145d6 ] Request (ServersTestManualDisk:setUpClass): 201 POST http://10.180.1.21/networking/v2.0/security-groups 0.198s
2025-12-12 10:25:34.915 65816 INFO tempest.lib.common.rest_client [req-151c9aa8-60fa-47c3-9c94-82687dc1c03c req-151c9aa8-60fa-47c3-9c94-82687dc1c03c ] Request (AttachInterfacesV270Test:tearDownClass): 200 GET http://10.180.1.21/networking/v2.0/security-groups?tenant_id=45e3d07c41ac44af978212a09b08f54e&name=default 0.029s
2025-12-12 10:25:35.018 65838 INFO tempest.lib.common.rest_client [req-4b1fa87a-bad9-4d9d-9a69-6ba244c49782 req-4b1fa87a-bad9-4d9d-9a69-6ba244c49782 ] Request (ServersTestManualDisk:setUpClass): 201 POST http://10.180.1.21/networking/v2.0/security-group-rules 0.110s
2025-12-12 10:25:35.025 65816 INFO tempest.lib.common.rest_client [req-6fa21719-3d5a-4c0f-9283-2d814b820bb8 req-6fa21719-3d5a-4c0f-9283-2d814b820bb8 ] Request (AttachInterfacesV270Test:tearDownClass): 204 DELETE http://10.180.1.21/networking/v2.0/security-groups/e805e5ac-07cc-4195-97d9-60139abf3cc5 0.109s
2025-12-12 10:25:35.051 65869 INFO tempest.lib.common.rest_client [req-a7e3767a-78aa-4192-b64f-23745a1d574d req-a7e3767a-78aa-4192-b64f-23745a1d574d ] Request (ImagesTestJSON:test_create_server_from_snapshot): 200 GET http://10.180.1.21/compute/v2.1/servers/3025af75-5d15-48d3-a4f0-e14f8160c187 2.044s
2025-12-12 10:25:35.063 65860 INFO tempest.lib.common.rest_client [req-607e79f7-8f8f-40d3-9687-ea4fa241ced0 req-607e79f7-8f8f-40d3-9687-ea4fa241ced0 ] Request (ServersTestJSON:test_create_server_with_ipv6_addr_only): 200 GET http://10.180.1.21/compute/v2.1/servers/64239679-3608-46b7-a06c-3a23fbbe9854 1.976s
2025-12-12 10:25:35.217 65838 INFO tempest.lib.common.rest_client [req-039a1fec-bd17-4896-893e-3e9a9b141e0e req-039a1fec-bd17-4896-893e-3e9a9b141e0e ] Request (ServersTestManualDisk:setUpClass): 201 POST http://10.180.1.21/networking/v2.0/security-group-rules 0.197s
2025-12-12 10:25:35.217 65816 INFO tempest.lib.common.rest_client [req-74e21809-96f9-432b-ac89-b6cf8e1756db req-74e21809-96f9-432b-ac89-b6cf8e1756db ] Request (AttachInterfacesV270Test:tearDownClass): 204 DELETE http://10.180.1.21/identity/v3/projects/45e3d07c41ac44af978212a09b08f54e 0.192s
2025-12-12 10:25:35.249 65814 INFO tempest.lib.common.rest_client [req-a8782b10-b739-4c55-b653-3103a284708c req-a8782b10-b739-4c55-b653-3103a284708c ] Request (ServerGroupTestJSON:_run_cleanups): 200 GET http://10.180.1.21/compute/v2.1/servers/d71ab6ab-1b6f-43bd-ba8a-3f6df96440f1 2.137s
2025-12-12 10:25:35.314 65872 INFO tempest.lib.common.rest_client [req-1647e02a-43a7-40cd-8dbd-0525f899daa3 req-1647e02a-43a7-40cd-8dbd-0525f899daa3 ] Request (AttachVolumeTestJSON:test_attach_detach_volume): 200 GET http://10.180.1.21/compute/v2.1/servers/b9c456df-5c98-4c19-8f34-26a25ae4b470 1.729s
2025-12-12 10:25:35.322 65872 INFO tempest.common.waiters [-] State transition "BUILD/spawning" ==> "ACTIVE/None" after 55 second wait
2025-12-12 10:25:35.396 65826 INFO tempest.lib.common.rest_client [req-e5cc3e20-5ba7-4b49-bc87-00a79ee67c2f req-e5cc3e20-5ba7-4b49-bc87-00a79ee67c2f ] Request (MigrationsAdminTest:test_resize_server_revert_deleted_flavor): 200 GET http://10.180.1.21/compute/v2.1/servers/c49f1f1b-1db5-4f0e-b0f7-bc77deac99b2 1.695s
2025-12-12 10:25:35.419 65844 INFO tempest.lib.common.rest_client [req-065de7f3-de8e-43c8-b054-f5bcb824dc9b req-065de7f3-de8e-43c8-b054-f5bcb824dc9b ] Request (InstanceActionsNegativeTestJSON:tearDownClass): 200 GET http://10.180.1.21/compute/v2.1/servers/3c47bc14-7681-4c68-93ef-ff40097cc0d4 1.690s
2025-12-12 10:25:35.451 65848 INFO tempest.lib.common.rest_client [req-af652022-b1ca-4afc-a1e4-05db03e9ca8a req-af652022-b1ca-4afc-a1e4-05db03e9ca8a ] Request (ListImageFiltersTestJSON:test_list_images_filter_by_server_ref): 200 GET http://10.180.1.21/compute/v2.1/images?server=http%3A%2F%2F10.180.1.21%2Fcompute%2Fservers%2Fc5ce872f-a961-4e80-878f-a07fa8519cb3 1.620s
2025-12-12 10:25:35.633 65876 INFO tempest.lib.common.rest_client [req-f5d00524-4431-41e4-b0b4-a2e49bdb81b8 req-f5d00524-4431-41e4-b0b4-a2e49bdb81b8 ] Request (ServerActionsTestOtherB:test_create_backup): 200 GET http://10.180.1.21/image/v2/images/7abbbe89-6224-4774-91ab-53950b161dae 0.149s
2025-12-12 10:25:35.696 65838 INFO tempest.lib.common.rest_client [req-6ecdb5d4-675d-4572-bd21-425ce2a256e0 req-6ecdb5d4-675d-4572-bd21-425ce2a256e0 ] Request (ServersTestManualDisk:setUpClass): 201 POST http://10.180.1.21/networking/v2.0/floatingips 0.479s
2025-12-12 10:25:35.779 65838 INFO tempest.lib.common.rest_client [req-7dda60fa-5357-4d9a-8d7f-11d74a524e28 req-7dda60fa-5357-4d9a-8d7f-11d74a524e28 ] Request (ServersTestManualDisk:setUpClass): 201 POST http://10.180.1.21/identity/v3/auth/tokens 0.079s
2025-12-12 10:25:35.780 65838 INFO tempest.lib.common.fixed_network [-] (ServersTestManualDisk:setUpClass) Found network {'id': '1ca92e29-4edd-4b21-8450-7a17168e8a1a', 'name': 'tempest-ServersTestManualDisk-1484071927-network', 'tenant_id': '564b621a270e478b94c30803ca4da79b', 'project_id': '564b621a270e478b94c30803ca4da79b', 'admin_state_up': True, 'mtu': 8950, 'status': 'ACTIVE', 'subnets': [], 'shared': False, 'port_security_enabled': True, 'router:external': False, 'provider:network_type': 'vlan', 'provider:physical_network': 'default', 'provider:segmentation_id': 198, 'availability_zone_hints': [], 'availability_zones': [], 'ipv4_address_scope': None, 'ipv6_address_scope': None, 'description': '', 'tags': [], 'created_at': '2025-12-12T10:25:29Z', 'updated_at': '2025-12-12T10:25:29Z', 'revision_number': 1} available for tenant
2025-12-12 10:25:35.785 65832 INFO tempest.lib.common.rest_client [req-4fe5ec2d-6db4-4d18-a584-27f4cb8f6f13 req-4fe5ec2d-6db4-4d18-a584-27f4cb8f6f13 ] Request (DeleteServersTestJSON:test_delete_server_while_in_shutoff_state): 202 POST http://10.180.1.21/compute/v2.1/servers 1.922s
2025-12-12 10:25:35.812 65874 INFO tempest.lib.common.rest_client [req-a220de35-5940-46f7-b960-f8438a370056 req-a220de35-5940-46f7-b960-f8438a370056 ] Request (AttachInterfacesUnderV243Test:_run_cleanups): 202 DELETE http://10.180.1.21/compute/v2.1/os-keypairs/tempest-keypair-1947962372 1.427s
2025-12-12 10:25:35.928 65874 INFO tempest.lib.common.rest_client [req-a179f903-859e-471a-97cc-8cd31857af9b req-a179f903-859e-471a-97cc-8cd31857af9b ] Request (AttachInterfacesUnderV243Test:_run_cleanups): 204 DELETE http://10.180.1.21/networking/v2.0/security-groups/2bcfe12f-28f7-472c-8e5a-1f4d45ae689c 0.115s
2025-12-12 10:25:35.941 65874 INFO tempest.lib.common.rest_client [req-26dad1ba-c2d4-43cf-938a-45e1d6c74d46 req-26dad1ba-c2d4-43cf-938a-45e1d6c74d46 ] Request (AttachInterfacesUnderV243Test:_run_cleanups): 404 GET http://10.180.1.21/networking/v2.0/security-groups/2bcfe12f-28f7-472c-8e5a-1f4d45ae689c 0.012s
2025-12-12 10:25:36.009 65870 INFO tempest.lib.common.rest_client [req-bcd3ea39-3241-4d09-9e67-11a656481097 req-bcd3ea39-3241-4d09-9e67-11a656481097 ] Request (ServerMetadataTestJSON:setUpClass): 202 POST http://10.180.1.21/compute/v2.1/servers 1.689s
2025-12-12 10:25:36.084 65822 INFO tempest.lib.common.rest_client [req-d0fa345b-d72c-4009-a575-bd98a0bc749f req-d0fa345b-d72c-4009-a575-bd98a0bc749f ] Request (ServerAddressesNegativeTestJSON:setUpClass): 200 GET http://10.180.1.21/compute/v2.1/servers/d5abadfe-6b9a-4b2d-9aa7-3294076c351e 1.354s
2025-12-12 10:25:36.300 65874 INFO tempest.lib.common.rest_client [req-baa624e8-f5b4-48d1-bd79-ea7deb4cba59 req-baa624e8-f5b4-48d1-bd79-ea7deb4cba59 ] Request (AttachInterfacesUnderV243Test:_run_cleanups): 204 DELETE http://10.180.1.21/networking/v2.0/floatingips/52e0ca7b-e748-44d3-ab1f-06d23f14ec9c 0.358s
2025-12-12 10:25:36.337 65830 INFO tempest.lib.common.rest_client [req-af9e8fa5-b5f1-45a1-8e0a-2c27cbf4a23a req-af9e8fa5-b5f1-45a1-8e0a-2c27cbf4a23a ] Request (ServerDiskConfigTestJSON:test_rebuild_server_with_auto_disk_config): 200 GET http://10.180.1.21/compute/v2.1/servers/b1d70a45-dcd0-4fd5-b3f9-df8e378102df 1.455s
2025-12-12 10:25:36.355 65828 INFO tempest.lib.common.rest_client [req-587647b9-3f22-4c2e-827c-8da69d170e12 req-587647b9-3f22-4c2e-827c-8da69d170e12 ] Request (ServersAdmin275Test:test_rebuild_update_server_275): 202 POST http://10.180.1.21/compute/v2.1/servers/613e8576-c436-447d-95c6-0e6af6e59dc6/action 1.889s
2025-12-12 10:25:36.436 65824 INFO tempest.lib.common.rest_client [req-ddff6b8e-f754-4d94-be90-86a6038e67bc req-ddff6b8e-f754-4d94-be90-86a6038e67bc ] Request (ServerDiagnosticsTest:tearDownClass): 200 GET http://10.180.1.21/compute/v2.1/servers/43d76726-0e1c-414e-abb0-8c827f8c59cc 1.256s
2025-12-12 10:25:36.451 65862 INFO tempest.lib.common.rest_client [req-0d2ec1af-f9e8-4710-ab53-0db8694d142f req-0d2ec1af-f9e8-4710-ab53-0db8694d142f ] Request (ImagesOneServerNegativeTestJSON:_run_cleanups): 204 DELETE http://10.180.1.21/compute/v2.1/servers/3e8a06d8-2181-43e4-a791-71995b1c45de 1.545s
2025-12-12 10:25:36.501 65854 INFO tempest.lib.common.rest_client [req-3655fac4-6c4f-48f5-81bc-c4f61eb05592 req-3655fac4-6c4f-48f5-81bc-c4f61eb05592 ] Request (ServersWithSpecificFlavorTestJSON:test_verify_created_server_ephemeral_disk): 200 GET http://10.180.1.21/compute/v2.1/servers/24ff80ee-307d-461a-8b52-edc167f0a998 1.214s
2025-12-12 10:25:36.521 65872 INFO tempest.lib.common.rest_client [req-f406ce20-1e0c-4a02-b368-bf0c91d6b249 req-f406ce20-1e0c-4a02-b368-bf0c91d6b249 ] Request (AttachVolumeTestJSON:test_attach_detach_volume): 200 GET http://10.180.1.21/compute/v2.1/servers/b9c456df-5c98-4c19-8f34-26a25ae4b470/os-interface 1.198s
2025-12-12 10:25:36.625 65834 INFO tempest.lib.common.rest_client [req-41f26b34-4c79-4fa1-954e-8182e97aa9c8 req-41f26b34-4c79-4fa1-954e-8182e97aa9c8 ] Request (ServerShowV257Test:test_rebuild_server): 200 GET http://10.180.1.21/compute/v2.1/servers/7ed987c8-7959-4f74-9c72-d397b76f45d8 1.238s
2025-12-12 10:25:36.641 65834 INFO tempest.common.waiters [-] State transition "BUILD/None" ==> "BUILD/networking" after 51 second wait
2025-12-12 10:25:36.651 65842 INFO tempest.lib.common.rest_client [req-00d4ad26-3dfc-474e-ae1c-df7e0c0287d0 req-00d4ad26-3dfc-474e-ae1c-df7e0c0287d0 ] Request (SecurityGroupsTestJSON:test_server_security_groups): 200 GET http://10.180.1.21/compute/v2.1/servers/562eddf2-ebca-402c-bd28-12d0666b460d 1.283s
2025-12-12 10:25:36.654 65826 INFO tempest.lib.common.rest_client [req-2663161f-5627-40c3-9aad-c6d1ce333f22 req-2663161f-5627-40c3-9aad-c6d1ce333f22 ] Request (MigrationsAdminTest:test_resize_server_revert_deleted_flavor): 202 DELETE http://10.180.1.21/compute/v2.1/flavors/81fa20c3-2fb2-468a-93e2-07ec0e6e93a8 1.249s
2025-12-12 10:25:36.660 65842 INFO tempest.common.waiters [-] State transition "BUILD/spawning" ==> "ACTIVE/None" after 59 second wait
2025-12-12 10:25:36.670 65876 INFO tempest.lib.common.rest_client [req-c2cd2d6d-e692-40f1-bb47-b0f4ae82dd09 req-c2cd2d6d-e692-40f1-bb47-b0f4ae82dd09 ] Request (ServerActionsTestOtherB:test_create_backup): 200 GET http://10.180.1.21/image/v2/images/7abbbe89-6224-4774-91ab-53950b161dae 0.035s
2025-12-12 10:25:36.747 65866 INFO tempest.lib.common.rest_client [req-740fd8ac-d064-4c3b-9950-bf5371563fbd req-740fd8ac-d064-4c3b-9950-bf5371563fbd ] Request (ServersV294TestFqdnHostnames:tearDownClass): 200 GET http://10.180.1.21/compute/v2.1/servers/4f50d532-f168-4efd-b48c-84319586df8e 1.248s
2025-12-12 10:25:36.754 65848 INFO tempest.lib.common.rest_client [req-90ecf308-fd2d-4435-8da1-b5a82cf80fd0 req-90ecf308-fd2d-4435-8da1-b5a82cf80fd0 ] Request (ListImageFiltersTestJSON:test_list_images_filter_by_status): 200 GET http://10.180.1.21/compute/v2.1/images?status=ACTIVE 1.300s
2025-12-12 10:25:36.804 65836 INFO tempest.lib.common.rest_client [req-c5fb6880-c643-43f7-a8a0-fdc90b275419 req-c5fb6880-c643-43f7-a8a0-fdc90b275419 ] Request (ServerRescueTestJSON:setUpClass): 200 GET http://10.180.1.21/compute/v2.1/servers/bb866875-e602-490e-8a15-e07a8e96ab82 1.262s
2025-12-12 10:25:36.838 65852 INFO tempest.lib.common.rest_client [req-c51348fb-177f-40b4-9dd5-103cad8cc597 req-c51348fb-177f-40b4-9dd5-103cad8cc597 ] Request (ListServerFiltersTestJSON:tearDownClass): 200 GET http://10.180.1.21/compute/v2.1/servers/1804e78d-6522-4ef9-8cfb-b839c4ac8536 1.259s
2025-12-12 10:25:36.920 65832 INFO tempest.lib.common.rest_client [req-f6d86820-c32e-4dcf-944a-15ac074d104b req-f6d86820-c32e-4dcf-944a-15ac074d104b ] Request (DeleteServersTestJSON:test_delete_server_while_in_shutoff_state): 200 GET http://10.180.1.21/compute/v2.1/servers/1d0fb37e-cf81-4093-a072-7e7fc3b586c1 1.133s
2025-12-12 10:25:36.990 65870 INFO tempest.lib.common.rest_client [req-2ab783af-7646-40dc-8efe-ffeaef5d33b9 req-2ab783af-7646-40dc-8efe-ffeaef5d33b9 ] Request (ServerMetadataTestJSON:setUpClass): 200 GET http://10.180.1.21/compute/v2.1/servers/aae12485-b9aa-42fa-951d-0f5bd8cbceb8 0.979s
2025-12-12 10:25:37.088 65869 INFO tempest.lib.common.rest_client [req-0e8bb6a3-7f12-4f6b-b51e-7cae736d22db req-0e8bb6a3-7f12-4f6b-b51e-7cae736d22db ] Request (ImagesTestJSON:test_create_server_from_snapshot): 200 GET http://10.180.1.21/compute/v2.1/servers/3025af75-5d15-48d3-a4f0-e14f8160c187 1.022s
2025-12-12 10:25:37.099 65872 INFO tempest.lib.common.rest_client [req-53184e14-b51b-4d23-9f32-c36f43df5a04 req-53184e14-b51b-4d23-9f32-c36f43df5a04 ] Request (AttachVolumeTestJSON:test_attach_detach_volume): 200 PUT http://10.180.1.21/networking/v2.0/floatingips/9d64fb49-4444-453f-8656-f9de97ef5810 0.575s
2025-12-12 10:25:37.101 65872 INFO tempest.lib.common.ssh [-] Creating ssh connection to '10.180.180.137:22' as 'cirros' with public key authentication
2025-12-12 10:25:37.155 65860 INFO tempest.lib.common.rest_client [req-845dd665-9fff-443d-999a-97b7f6342b56 req-845dd665-9fff-443d-999a-97b7f6342b56 ] Request (ServersTestJSON:test_create_server_with_ipv6_addr_only): 200 GET http://10.180.1.21/compute/v2.1/servers/64239679-3608-46b7-a06c-3a23fbbe9854 1.077s
2025-12-12 10:25:37.253 65814 INFO tempest.lib.common.rest_client [req-41c2e064-4d79-48f1-a37f-057bf54915a5 req-41c2e064-4d79-48f1-a37f-057bf54915a5 ] Request (ServerGroupTestJSON:_run_cleanups): 200 GET http://10.180.1.21/compute/v2.1/servers/d71ab6ab-1b6f-43bd-ba8a-3f6df96440f1 0.989s
2025-12-12 10:25:37.277 65874 INFO tempest.lib.common.rest_client [req-b01d36ee-11f6-4ea8-b566-3e3c0a75e35d req-b01d36ee-11f6-4ea8-b566-3e3c0a75e35d ] Request (AttachInterfacesUnderV243Test:tearDownClass): 404 DELETE http://10.180.1.21/compute/v2.1/servers/78b6a078-6db3-42bd-85af-b27e10d98255 0.974s
2025-12-12 10:25:37.289 65838 INFO tempest.lib.common.rest_client [req-002cf791-afc5-4d11-8ae3-1ebabe2e4ae8 req-002cf791-afc5-4d11-8ae3-1ebabe2e4ae8 ] Request (ServersTestManualDisk:setUpClass): 202 POST http://10.180.1.21/compute/v2.1/servers 1.508s
2025-12-12 10:25:37.384 65830 INFO tempest.lib.common.rest_client [req-b5ae7ba5-e23f-4efb-83e7-69bb1fef09bc req-b5ae7ba5-e23f-4efb-83e7-69bb1fef09bc ] Request (ServerDiskConfigTestJSON:_run_cleanups): 204 DELETE http://10.180.1.21/compute/v2.1/servers/b1d70a45-dcd0-4fd5-b3f9-df8e378102df 1.039s
2025-12-12 10:25:37.392 65828 INFO tempest.lib.common.rest_client [req-1523431c-2dbd-4757-b3ca-afc0b05432b6 req-1523431c-2dbd-4757-b3ca-afc0b05432b6 ] Request (ServersAdmin275Test:_run_cleanups): 200 GET http://10.180.1.21/compute/v2.1/servers/613e8576-c436-447d-95c6-0e6af6e59dc6 1.023s
2025-12-12 10:25:37.455 65844 INFO tempest.lib.common.rest_client [req-ec7ef799-e15e-4634-9c85-c1b509c0018c req-ec7ef799-e15e-4634-9c85-c1b509c0018c ] Request (InstanceActionsNegativeTestJSON:tearDownClass): 200 GET http://10.180.1.21/compute/v2.1/servers/3c47bc14-7681-4c68-93ef-ff40097cc0d4 1.027s
2025-12-12 10:25:37.461 65830 INFO tempest.lib.common.rest_client [req-2c5dea07-0ab6-40af-920d-2394c27126e7 req-2c5dea07-0ab6-40af-920d-2394c27126e7 ] Request (ServerDiskConfigTestJSON:test_rebuild_server_with_manual_disk_config): 201 POST http://10.180.1.21/identity/v3/auth/tokens 0.071s
2025-12-12 10:25:37.462 65830 INFO tempest.lib.common.fixed_network [-] (ServerDiskConfigTestJSON:test_rebuild_server_with_manual_disk_config) Found network {'id': 'c2341c38-aa45-44f0-ac74-2f4a82f2b863', 'name': 'tempest-ServerDiskConfigTestJSON-667624969-network', 'tenant_id': 'f46875bef5394bbe97ca36e0fe75da79', 'project_id': 'f46875bef5394bbe97ca36e0fe75da79', 'admin_state_up': True, 'mtu': 8950, 'status': 'ACTIVE', 'subnets': [], 'shared': False, 'port_security_enabled': True, 'router:external': False, 'provider:network_type': 'vlan', 'provider:physical_network': 'default', 'provider:segmentation_id': 550, 'availability_zone_hints': [], 'availability_zones': [], 'ipv4_address_scope': None, 'ipv6_address_scope': None, 'description': '', 'tags': [], 'created_at': '2025-12-12T10:24:20Z', 'updated_at': '2025-12-12T10:24:20Z', 'revision_number': 1} available for tenant
2025-12-12 10:25:37.483 65826 INFO tempest.lib.common.rest_client [req-88b862f6-ce96-4554-9a84-db95bfd6ea8b req-88b862f6-ce96-4554-9a84-db95bfd6ea8b ] Request (MigrationsAdminTest:test_resize_server_revert_deleted_flavor): 200 GET http://10.180.1.21/compute/v2.1/flavors/detail 0.828s
2025-12-12 10:25:37.506 65862 INFO tempest.lib.common.rest_client [req-3d60342e-9e4b-4e1f-bea5-3b7cd8a28dfe req-3d60342e-9e4b-4e1f-bea5-3b7cd8a28dfe ] Request (ImagesOneServerNegativeTestJSON:_run_cleanups): 200 GET http://10.180.1.21/compute/v2.1/servers/3e8a06d8-2181-43e4-a791-71995b1c45de 1.055s
2025-12-12 10:25:37.571 65848 INFO tempest.lib.common.rest_client [req-d05b14a0-bea1-46e0-9bb6-6ecd5e9c1990 req-d05b14a0-bea1-46e0-9bb6-6ecd5e9c1990 ] Request (ListImageFiltersTestJSON:test_list_images_filter_by_type): 200 GET http://10.180.1.21/compute/v2.1/images?type=snapshot 0.811s
2025-12-12 10:25:37.634 65822 INFO tempest.lib.common.rest_client [req-9951c0a5-8f11-4948-aa85-9fc398b96ae6 req-9951c0a5-8f11-4948-aa85-9fc398b96ae6 ] Request (ServerAddressesNegativeTestJSON:setUpClass): 200 GET http://10.180.1.21/compute/v2.1/servers/d5abadfe-6b9a-4b2d-9aa7-3294076c351e 0.536s
2025-12-12 10:25:37.684 65874 INFO tempest.lib.common.rest_client [req-ea0b59af-ce79-442e-ad33-49b14891129a req-ea0b59af-ce79-442e-ad33-49b14891129a ] Request (AttachInterfacesUnderV243Test:tearDownClass): 404 GET http://10.180.1.21/compute/v2.1/servers/78b6a078-6db3-42bd-85af-b27e10d98255 0.407s
2025-12-12 10:25:37.699 65876 INFO tempest.lib.common.rest_client [req-cc2732c7-08d8-4304-a57f-4c8641d8bd77 req-cc2732c7-08d8-4304-a57f-4c8641d8bd77 ] Request (ServerActionsTestOtherB:test_create_backup): 200 GET http://10.180.1.21/image/v2/images/7abbbe89-6224-4774-91ab-53950b161dae 0.027s
2025-12-12 10:25:37.917 65842 INFO tempest.lib.common.rest_client [req-67e95888-f00f-41a1-97bf-c958e9bfba34 req-67e95888-f00f-41a1-97bf-c958e9bfba34 ] Request (SecurityGroupsTestJSON:test_server_security_groups): 202 POST http://10.180.1.21/compute/v2.1/servers/562eddf2-ebca-402c-bd28-12d0666b460d/action 1.257s
