2025-12-12 10:22:50.190 65842 INFO tempest.lib.common.rest_client [req-72f88c7e-65a5-4855-9b43-e473eff38713 req-72f88c7e-65a5-4855-9b43-e473eff38713 ] Request (FloatingIPDetailsNegativeTestJSON:tearDownClass): 200 PUT http://10.180.1.21/networking/v2.0/routers/aa257498-db25-42c8-a644-e5eadbb4b093/remove_router_interface 0.996s
2025-12-12 10:22:50.225 65854 INFO tempest.lib.common.rest_client [req-781cb999-f976-4740-8ab5-937db9697296 req-781cb999-f976-4740-8ab5-937db9697296 ] Request (ServersWithSpecificFlavorTestJSON:test_verify_created_server_ephemeral_disk): 200 GET http://10.180.1.21/compute/v2.1/servers/efe1d00d-ae64-4b13-984b-5dc4a2327d42 4.813s
2025-12-12 10:22:50.238 65854 INFO tempest.lib.common.ssh [-] Creating ssh connection to '10.180.180.135:22' as 'cirros' with public key authentication
2025-12-12 10:22:50.630 65840 INFO tempest.lib.common.rest_client [req-02fabbba-88aa-4f64-a23f-121245f6f678 req-02fabbba-88aa-4f64-a23f-121245f6f678 ] Request (VolumesAdminNegativeTest:test_update_attached_volume_with_nonexistent_volume_in_uri): 200 GET http://10.180.1.21/volume/v3/volumes/eecfdb31-0bb5-4453-ade2-bda140f9da80 0.033s
2025-12-12 10:22:50.637 65840 INFO tempest.common.waiters [-] volume eecfdb31-0bb5-4453-ade2-bda140f9da80 reached available after waiting for 1.637520 seconds
2025-12-12 10:22:50.688 65842 INFO tempest.lib.common.rest_client [req-517298f5-f37b-4e6f-b99d-ba4f35138067 req-517298f5-f37b-4e6f-b99d-ba4f35138067 ] Request (FloatingIPDetailsNegativeTestJSON:tearDownClass): 204 DELETE http://10.180.1.21/networking/v2.0/routers/aa257498-db25-42c8-a644-e5eadbb4b093 0.497s
2025-12-12 10:22:50.878 65852 INFO tempest.lib.common.rest_client [req-988054a3-1a94-4b93-889e-62c596d125ba req-988054a3-1a94-4b93-889e-62c596d125ba ] Request (ListServerFiltersTestJSON:test_list_servers_detailed_limit_results): 200 GET http://10.180.1.21/compute/v2.1/servers/detail?limit=1 5.028s
2025-12-12 10:22:50.910 65842 INFO tempest.lib.common.rest_client [req-8997bd34-3e48-4a57-8632-b565d544d902 req-8997bd34-3e48-4a57-8632-b565d544d902 ] Request (FloatingIPDetailsNegativeTestJSON:tearDownClass): 204 DELETE http://10.180.1.21/networking/v2.0/subnets/6395b6cc-b70f-4b3e-8bec-5ba862018c8c 0.221s
2025-12-12 10:22:50.915 65834 INFO tempest.lib.common.rest_client [req-1ea1712c-242a-4bfd-a777-86dba0253a9d req-1ea1712c-242a-4bfd-a777-86dba0253a9d ] Request (AggregatesAdminNegativeTestJSON:test_aggregate_get_details_as_user): 200 POST http://10.180.1.21/compute/v2.1/os-aggregates 5.010s
2025-12-12 10:22:51.183 65842 INFO tempest.lib.common.rest_client [req-fb1ed69f-3904-4620-8346-e233f576a43e req-fb1ed69f-3904-4620-8346-e233f576a43e ] Request (FloatingIPDetailsNegativeTestJSON:tearDownClass): 204 DELETE http://10.180.1.21/networking/v2.0/networks/703e9b91-0ab9-444a-b275-3a243546e1a8 0.273s
2025-12-12 10:22:51.238 65850 INFO tempest.lib.common.rest_client [req-88379ec4-ad95-4bbd-9ec8-a8d49ef4a270 req-88379ec4-ad95-4bbd-9ec8-a8d49ef4a270 ] Request (QuotasAdminTestJSON:_run_cleanups): 200 PUT http://10.180.1.21/compute/v2.1/os-quota-sets/94062e2f7bc5417b9d351b2735246b5b 4.971s
2025-12-12 10:22:51.268 65858 INFO tempest.lib.common.rest_client [req-3a986268-4cd9-45ad-961f-9a03a1e46cfc req-3a986268-4cd9-45ad-961f-9a03a1e46cfc ] Request (ServerRescueTestJSONUnderV235:test_rescued_vm_associate_dissociate_floating_ip): 202 POST http://10.180.1.21/compute/v2.1/servers/0f5aa2e5-7537-4dd4-b403-43b330bae3e6/action 6.565s
2025-12-12 10:22:51.309 65842 INFO tempest.lib.common.rest_client [req-f3450454-70e0-43ad-b9c1-3f8a458c1fd0 req-f3450454-70e0-43ad-b9c1-3f8a458c1fd0 ] Request (FloatingIPDetailsNegativeTestJSON:tearDownClass): 204 DELETE http://10.180.1.21/identity/v3/users/646883c1361b4e9b831e2f8dfa0415c1 0.125s
2025-12-12 10:22:51.309 65842 INFO tempest.lib.common.dynamic_creds [-] Deleting project and security group for project: 2ff69fb73b8a4d3db35e2c0c49816238
2025-12-12 10:22:51.409 65842 INFO tempest.lib.common.rest_client [req-f550ae80-523e-443e-943d-40700a16b327 req-f550ae80-523e-443e-943d-40700a16b327 ] Request (FloatingIPDetailsNegativeTestJSON:tearDownClass): 200 GET http://10.180.1.21/networking/v2.0/security-groups?tenant_id=2ff69fb73b8a4d3db35e2c0c49816238&name=default 0.099s
2025-12-12 10:22:51.421 65850 INFO tempest.lib.common.rest_client [req-e7b17047-e6ce-4162-b18f-856861237859 req-e7b17047-e6ce-4162-b18f-856861237859 ] Request (QuotasAdminTestJSON:tearDownClass): 204 DELETE http://10.180.1.21/identity/v3/users/29db0f2832d4493ca3e854508471d7b5 0.179s
2025-12-12 10:22:51.455 65864 INFO tempest.lib.common.rest_client [req-10be3c87-e8ed-435c-98a4-5a401b63bec7 req-10be3c87-e8ed-435c-98a4-5a401b63bec7 ] Request (DeleteServersAdminTestJSON:test_delete_server_while_in_error_state): 200 GET http://10.180.1.21/compute/v2.1/servers/3e025ce1-dabf-49fd-9d25-57d21fc88361 4.222s
2025-12-12 10:22:51.503 65822 INFO tempest.lib.common.rest_client [req-31cf412e-2255-41fc-a169-e9f09b51fbbe req-31cf412e-2255-41fc-a169-e9f09b51fbbe ] Request (ServersTestMultiNic:test_verify_duplicate_network_nics): 200 GET http://10.180.1.21/compute/v2.1/servers/70be69f7-de00-4c2f-8880-861c2e7dc83a 4.597s
2025-12-12 10:22:51.531 65814 INFO tempest.lib.common.rest_client [req-ee7ddbeb-7668-401c-a9e3-d26da498181a req-ee7ddbeb-7668-401c-a9e3-d26da498181a ] Request (ServerDiagnosticsV248Test:tearDownClass): 200 GET http://10.180.1.21/compute/v2.1/servers/1320d919-a368-4c85-aabd-be9e599b1237 3.819s
2025-12-12 10:22:51.543 65842 INFO tempest.lib.common.rest_client [req-571fbab3-b2df-4eff-a479-3a26598ec7d2 req-571fbab3-b2df-4eff-a479-3a26598ec7d2 ] Request (FloatingIPDetailsNegativeTestJSON:tearDownClass): 204 DELETE http://10.180.1.21/networking/v2.0/security-groups/e82f2eb4-ef89-4165-bac4-b48f8b22c000 0.132s
2025-12-12 10:22:51.591 65820 INFO tempest.lib.common.rest_client [req-b069247e-cb34-4217-b3a3-1e44756fecaf req-b069247e-cb34-4217-b3a3-1e44756fecaf ] Request (ServersListShow296Test:test_list_show_update_rebuild_server_296): 200 GET http://10.180.1.21/compute/v2.1/servers/02e4f27a-e675-4950-a0ee-a8ea5f186e1d 3.836s
2025-12-12 10:22:51.591 65826 INFO tempest.lib.common.rest_client [req-ca093c9f-b026-40dc-9c3c-2592d3f98d1b req-ca093c9f-b026-40dc-9c3c-2592d3f98d1b ] Request (MigrationsAdminTest:test_list_migrations_in_flavor_resize_situation): 200 GET http://10.180.1.21/compute/v2.1/servers/d5e52695-02c1-41d4-bb4f-2b4eda82726a 3.536s
2025-12-12 10:22:51.611 65820 INFO tempest.common.waiters [-] State transition "BUILD/None" ==> "BUILD/spawning" after 23 second wait
2025-12-12 10:22:51.620 65850 INFO tempest.lib.common.rest_client [req-92832524-bf18-4e4b-804c-6ce1b7c57f94 req-92832524-bf18-4e4b-804c-6ce1b7c57f94 ] Request (QuotasAdminTestJSON:tearDownClass): 204 DELETE http://10.180.1.21/identity/v3/users/ef995726856549aca899a52b97110977 0.198s
2025-12-12 10:22:51.620 65850 INFO tempest.lib.common.dynamic_creds [-] Deleting project and security group for project: 5da736b53dc443d4b8e8e99b1ff6aaa9
2025-12-12 10:22:51.687 65850 INFO tempest.lib.common.rest_client [req-2e36987e-274f-4396-91a1-32df79d36f59 req-2e36987e-274f-4396-91a1-32df79d36f59 ] Request (QuotasAdminTestJSON:tearDownClass): 201 POST http://10.180.1.21/identity/v3/auth/tokens 0.066s
2025-12-12 10:22:51.727 65842 INFO tempest.lib.common.rest_client [req-51838f48-e507-4b86-ac13-384a36da40ce req-51838f48-e507-4b86-ac13-384a36da40ce ] Request (FloatingIPDetailsNegativeTestJSON:tearDownClass): 204 DELETE http://10.180.1.21/identity/v3/projects/2ff69fb73b8a4d3db35e2c0c49816238 0.184s
2025-12-12 10:22:51.754 65866 INFO tempest.lib.common.rest_client [req-b369b70e-539a-4d55-ae9f-bf35ce67ea16 req-b369b70e-539a-4d55-ae9f-bf35ce67ea16 ] Request (ServersV294TestFqdnHostnames:setUpClass): 200 GET http://10.180.1.21/compute/v2.1/servers/4f50d532-f168-4efd-b48c-84319586df8e 3.162s
2025-12-12 10:22:51.775 65866 INFO tempest.api.compute.base [-] Attempting to verify tagged devices in server 4f50d532-f168-4efd-b48c-84319586df8e via the metadata service: http://169.254.169.254/openstack/latest/meta_data.json
2025-12-12 10:22:51.776 65866 INFO tempest.lib.common.ssh [-] Creating ssh connection to '10.180.180.246:22' as 'cirros' with public key authentication
2025-12-12 10:22:51.788 65832 INFO tempest.lib.common.rest_client [req-bb5f5952-c69d-4005-9ba3-bb6a62b40131 req-bb5f5952-c69d-4005-9ba3-bb6a62b40131 ] Request (DeleteServersTestJSON:test_delete_server_while_in_attached_volume): 200 GET http://10.180.1.21/compute/v2.1/servers/61a03f64-0de1-4ecc-bf14-380f6107ad7d 3.000s
2025-12-12 10:22:51.808 65869 INFO tempest.lib.common.rest_client [req-a7ff6735-20a8-41eb-82f9-cc2a94008009 req-a7ff6735-20a8-41eb-82f9-cc2a94008009 ] Request (ImagesTestJSON:test_create_image_from_stopped_server): 200 GET http://10.180.1.21/compute/v2.1/images/b055933b-600e-40ba-9eb3-866bbb70d5ab 2.902s
2025-12-12 10:22:51.811 65842 INFO tempest.lib.common.rest_client [req-56a101ff-1a9e-47c4-8dec-43e9aa31ca1e req-56a101ff-1a9e-47c4-8dec-43e9aa31ca1e ] Request (SecurityGroupsTestJSON:setUpClass): 201 POST http://10.180.1.21/identity/v3/auth/tokens 0.081s
2025-12-12 10:22:51.836 65836 INFO tempest.lib.common.rest_client [req-64665fed-eec7-4574-b9dc-f1aa57980e49 req-64665fed-eec7-4574-b9dc-f1aa57980e49 ] Request (ServerDiagnosticsNegativeTest:test_get_server_diagnostics_by_non_admin): 403 GET http://10.180.1.21/compute/v2.1/servers/dba9e8e0-cadc-4888-9bab-9458e1b5a22f/diagnostics 2.779s
2025-12-12 10:22:51.844 65869 INFO tempest.lib.common.rest_client [req-de331926-5322-4bf9-a4f2-40210fffe62b req-de331926-5322-4bf9-a4f2-40210fffe62b ] Request (ImagesTestJSON:test_create_image_from_stopped_server): 200 GET http://10.180.1.21/image/v2/images/b055933b-600e-40ba-9eb3-866bbb70d5ab/tasks 0.032s
2025-12-12 10:22:51.854 65828 INFO tempest.lib.common.rest_client [req-db43a037-4123-4c54-b83c-e18cab85dfae req-db43a037-4123-4c54-b83c-e18cab85dfae ] Request (FlavorsAdminTestJSON:_run_cleanups): 202 DELETE http://10.180.1.21/compute/v2.1/flavors/1242097157 2.789s
2025-12-12 10:22:51.857 65842 INFO tempest.lib.common.rest_client [req-9942d9de-986d-405f-94f3-5a4faf51e1ac req-9942d9de-986d-405f-94f3-5a4faf51e1ac ] Request (SecurityGroupsTestJSON:setUpClass): 201 POST http://10.180.1.21/identity/v3/auth/tokens 0.044s
2025-12-12 10:22:51.861 65818 INFO tempest.lib.common.rest_client [req-15549b65-e670-4dec-a3ce-5602dc1273a9 req-15549b65-e670-4dec-a3ce-5602dc1273a9 ] Request (SecurityGroupRulesNegativeTestJSON:test_create_security_group_rule_with_invalid_id): 400 POST http://10.180.1.21/compute/v2.1/os-security-group-rules 2.693s
2025-12-12 10:22:51.891 65842 INFO tempest.lib.common.rest_client [req-1f36d26a-de9e-4cb6-98fe-9b0a67fd5256 req-1f36d26a-de9e-4cb6-98fe-9b0a67fd5256 ] Request (SecurityGroupsTestJSON:setUpClass): 200 GET http://10.180.1.21/identity/v3/domains?name=Default 0.033s
2025-12-12 10:22:51.898 65830 INFO tempest.lib.common.rest_client [req-092b378f-8f84-46cb-a9a1-c7eefcac8329 req-092b378f-8f84-46cb-a9a1-c7eefcac8329 ] Request (ImagesNegativeTestJSON:test_create_image_from_deleted_server): 404 POST http://10.180.1.21/compute/v2.1/servers/738e2568-fa3a-46d1-956e-62998ab475bd/action 2.441s
2025-12-12 10:22:51.976 65842 INFO tempest.lib.common.rest_client [req-8fc4116e-b181-4c8a-a31c-67bbbd64d7bc req-8fc4116e-b181-4c8a-a31c-67bbbd64d7bc ] Request (SecurityGroupsTestJSON:setUpClass): 201 POST http://10.180.1.21/identity/v3/projects 0.079s
2025-12-12 10:22:52.014 65846 INFO tempest.lib.common.rest_client [req-8bac52aa-8b93-47f9-b519-750cae8178ad req-8bac52aa-8b93-47f9-b519-750cae8178ad ] Request (ServerTagsTestJSON:_run_cleanups): 204 DELETE http://10.180.1.21/compute/v2.1/servers/e2762ef8-ed20-49e9-8129-4f23e14ba797/tags 2.397s
2025-12-12 10:22:52.015 65874 INFO tempest.lib.common.rest_client [req-24b588fc-1868-4e9c-a65b-cae6bc72cc2d req-24b588fc-1868-4e9c-a65b-cae6bc72cc2d ] Request (ValidationResourcesFixture:setUp): 200 POST http://10.180.1.21/compute/v2.1/os-keypairs 3.027s
2025-12-12 10:22:52.045 65876 INFO tempest.lib.common.rest_client [req-d1f05ffa-2ebb-4662-93b2-c1677214aca7 req-d1f05ffa-2ebb-4662-93b2-c1677214aca7 ] Request (InstanceActionsV221TestJSON:tearDownClass): 404 GET http://10.180.1.21/compute/v2.1/servers/e8ebab66-9a17-4447-ae93-f395f6010f12 2.409s
2025-12-12 10:22:52.068 65870 INFO tempest.lib.common.rest_client [req-723002fb-f7f5-47cc-8c95-6511019beaff req-723002fb-f7f5-47cc-8c95-6511019beaff ] Request (FlavorsAccessNegativeTestJSON:_run_cleanups): 202 DELETE http://10.180.1.21/compute/v2.1/flavors/1294342379 2.337s
2025-12-12 10:22:52.068 65850 INFO tempest.lib.common.rest_client [req-a95b0969-969d-4bb8-be38-b0fb4d9e56f4 req-a95b0969-969d-4bb8-be38-b0fb4d9e56f4 ] Request (QuotasAdminTestJSON:tearDownClass): 200 GET http://10.180.1.21/networking/v2.0/security-groups?tenant_id=5da736b53dc443d4b8e8e99b1ff6aaa9&name=default 0.381s
2025-12-12 10:22:52.176 65874 INFO tempest.lib.common.rest_client [req-7519352c-fb84-4753-be38-7da5942db38e req-7519352c-fb84-4753-be38-7da5942db38e ] Request (ValidationResourcesFixture:setUp): 201 POST http://10.180.1.21/networking/v2.0/security-groups 0.160s
2025-12-12 10:22:52.211 65842 INFO tempest.lib.common.rest_client [req-68dc807f-43d8-4db5-9fea-377dfec0a2a1 req-68dc807f-43d8-4db5-9fea-377dfec0a2a1 ] Request (SecurityGroupsTestJSON:setUpClass): 201 POST http://10.180.1.21/identity/v3/users 0.233s
2025-12-12 10:22:52.237 65842 INFO tempest.lib.common.rest_client [req-b6b55be4-22fc-4b0c-ad87-63a2f2fb83d2 req-b6b55be4-22fc-4b0c-ad87-63a2f2fb83d2 ] Request (SecurityGroupsTestJSON:setUpClass): 200 GET http://10.180.1.21/identity/v3/roles 0.026s
2025-12-12 10:22:52.272 65842 INFO tempest.lib.common.rest_client [req-f9931c94-bf34-41fb-ba4c-ea36dfdca300 req-f9931c94-bf34-41fb-ba4c-ea36dfdca300 ] Request (SecurityGroupsTestJSON:setUpClass): 204 PUT http://10.180.1.21/identity/v3/projects/11de6e9fc03d45c491f38bb0e6237c33/users/58247de12e9044d0ad07cc7073e69196/roles/76d0949b9e50412c8059a61b411e68cd 0.035s
2025-12-12 10:22:52.272 65842 INFO tempest.lib.common.dynamic_creds [-] Dynamic test user 58247de12e9044d0ad07cc7073e69196 is created with scope project and roles: ['member']
2025-12-12 10:22:52.273 65842 INFO tempest.lib.common.dynamic_creds [-] Acquired dynamic creds: credentials: Credentials: {'domain_id': 'default', 'domain_name': 'Default', 'username': 'tempest-SecurityGroupsTestJSON-435760640-project-member', 'project_domain_id': 'default', 'project_domain_name': 'Default', 'project_id': '11de6e9fc03d45c491f38bb0e6237c33', 'project_name': 'tempest-SecurityGroupsTestJSON-435760640', 'tenant_id': '11de6e9fc03d45c491f38bb0e6237c33', 'tenant_name': 'tempest-SecurityGroupsTestJSON-435760640', 'user_domain_id': 'default', 'user_domain_name': 'Default', 'user_id': '58247de12e9044d0ad07cc7073e69196', 'system': None}, Network: None, Subnet: None, Router: None
2025-12-12 10:22:52.355 65842 INFO tempest.lib.common.rest_client [req-5c51536f-eb3c-4275-857f-815b1a649606 req-5c51536f-eb3c-4275-857f-815b1a649606 ] Request (SecurityGroupsTestJSON:setUpClass): 201 POST http://10.180.1.21/identity/v3/auth/tokens 0.082s
2025-12-12 10:22:52.400 65872 INFO tempest.lib.common.rest_client [req-027b86d6-ad3c-41e3-bb59-e5749d73718c req-027b86d6-ad3c-41e3-bb59-e5749d73718c ] Request (ServerMetadataNegativeTestJSON:setUpClass): 200 GET http://10.180.1.21/compute/v2.1/servers/56d695fd-abb7-423b-8474-4a73ce093c2c 2.735s
2025-12-12 10:22:52.513 65850 INFO tempest.lib.common.rest_client [req-a1c973df-02cf-4e74-9958-a2f3dbb8881c req-a1c973df-02cf-4e74-9958-a2f3dbb8881c ] Request (QuotasAdminTestJSON:tearDownClass): 204 DELETE http://10.180.1.21/networking/v2.0/security-groups/ea0ff849-75b1-4add-955a-911f437800f7 0.444s
2025-12-12 10:22:52.613 65850 INFO tempest.lib.common.rest_client [req-e000d0b6-86b5-4d40-b2a9-e078fd7403fa req-e000d0b6-86b5-4d40-b2a9-e078fd7403fa ] Request (QuotasAdminTestJSON:tearDownClass): 204 DELETE http://10.180.1.21/identity/v3/projects/5da736b53dc443d4b8e8e99b1ff6aaa9 0.100s
2025-12-12 10:22:52.613 65850 INFO tempest.lib.common.dynamic_creds [-] Deleting project and security group for project: 94062e2f7bc5417b9d351b2735246b5b
2025-12-12 10:22:52.647 65874 INFO tempest.lib.common.rest_client [req-8899fb79-5884-4138-96c1-ba84b41ab9b6 req-8899fb79-5884-4138-96c1-ba84b41ab9b6 ] Request (ValidationResourcesFixture:setUp): 201 POST http://10.180.1.21/networking/v2.0/security-group-rules 0.470s
2025-12-12 10:22:52.682 65844 INFO tempest.lib.common.rest_client [req-c39d4ec4-255a-4b63-821a-d20580edc00d req-c39d4ec4-255a-4b63-821a-d20580edc00d ] Request (TenantUsagesTestJSON:test_list_usage_all_tenants): 200 GET http://10.180.1.21/compute/v2.1/os-simple-tenant-usage?start=2025-12-11T10%3A22%3A38.926071&end=2025-12-13T10%3A22%3A38.926071&detailed=1 2.656s
2025-12-12 10:22:52.855 65824 WARNING tempest.lib.common.ssh [-] Failed to establish authenticated ssh connection to cirros@10.180.180.206 ([Errno None] Unable to connect to port 22 on 10.180.180.206). Number attempts: 5. Retry after 6 seconds.: paramiko.ssh_exception.NoValidConnectionsError: [Errno None] Unable to connect to port 22 on 10.180.180.206
2025-12-12 10:22:53.113 65842 INFO tempest.lib.common.rest_client [req-cdbe25e6-4fee-470d-bb44-9f53995ff4bd req-cdbe25e6-4fee-470d-bb44-9f53995ff4bd ] Request (SecurityGroupsTestJSON:setUpClass): 201 POST http://10.180.1.21/networking/v2.0/networks 0.757s
2025-12-12 10:22:53.480 65876 INFO tempest.lib.common.rest_client [req-5eaf51c7-b0c6-4aab-ad5f-655eca2f17d5 req-5eaf51c7-b0c6-4aab-ad5f-655eca2f17d5 ] Request (InstanceActionsV221TestJSON:tearDownClass): 200 PUT http://10.180.1.21/networking/v2.0/routers/2092442b-54de-4817-ac28-303902554de8/remove_router_interface 1.434s
2025-12-12 10:22:53.662 65850 INFO tempest.lib.common.rest_client [req-76856a21-5b1a-48fe-8f20-da2610e8510d req-76856a21-5b1a-48fe-8f20-da2610e8510d ] Request (QuotasAdminTestJSON:tearDownClass): 200 GET http://10.180.1.21/networking/v2.0/security-groups?tenant_id=94062e2f7bc5417b9d351b2735246b5b&name=default 1.048s
2025-12-12 10:22:53.744 65874 INFO tempest.lib.common.rest_client [req-fce37bf4-c167-4acc-9341-a88731c34b81 req-fce37bf4-c167-4acc-9341-a88731c34b81 ] Request (ValidationResourcesFixture:setUp): 201 POST http://10.180.1.21/networking/v2.0/security-group-rules 1.097s
2025-12-12 10:22:54.058 65842 INFO tempest.lib.common.rest_client [req-ce2fd07b-d7c4-41d8-9976-22a2ec303fcf req-ce2fd07b-d7c4-41d8-9976-22a2ec303fcf ] Request (SecurityGroupsTestJSON:setUpClass): 201 POST http://10.180.1.21/networking/v2.0/subnets 0.945s
2025-12-12 10:22:54.362 65854 WARNING tempest.lib.common.ssh [-] Failed to establish authenticated ssh connection to cirros@10.180.180.135 ([Errno None] Unable to connect to port 22 on 10.180.180.135). Number attempts: 1. Retry after 2 seconds.: paramiko.ssh_exception.NoValidConnectionsError: [Errno None] Unable to connect to port 22 on 10.180.180.135
2025-12-12 10:22:54.452 65876 INFO tempest.lib.common.rest_client [req-88a8b9f8-46bc-4eff-853e-53bfa93ed9c4 req-88a8b9f8-46bc-4eff-853e-53bfa93ed9c4 ] Request (InstanceActionsV221TestJSON:tearDownClass): 204 DELETE http://10.180.1.21/networking/v2.0/routers/2092442b-54de-4817-ac28-303902554de8 0.972s
2025-12-12 10:22:54.590 65850 INFO tempest.lib.common.rest_client [req-752476d6-562c-41d9-a2bd-fb82fb90c3cf req-752476d6-562c-41d9-a2bd-fb82fb90c3cf ] Request (QuotasAdminTestJSON:tearDownClass): 204 DELETE http://10.180.1.21/networking/v2.0/security-groups/6b0fc76f-4648-4256-ab3c-ab97c96c0bce 0.928s
2025-12-12 10:22:54.681 65838 WARNING tempest.lib.common.ssh [-] Failed to establish authenticated ssh connection to cirros@10.180.180.163 ([Errno None] Unable to connect to port 22 on 10.180.180.163). Number attempts: 4. Retry after 5 seconds.: paramiko.ssh_exception.NoValidConnectionsError: [Errno None] Unable to connect to port 22 on 10.180.180.163
2025-12-12 10:22:54.695 65850 INFO tempest.lib.common.rest_client [req-acb6c935-82d4-44a8-a554-6ad42ca0e2dd req-acb6c935-82d4-44a8-a554-6ad42ca0e2dd ] Request (QuotasAdminTestJSON:tearDownClass): 204 DELETE http://10.180.1.21/identity/v3/projects/94062e2f7bc5417b9d351b2735246b5b 0.105s
2025-12-12 10:22:54.763 65850 INFO tempest.lib.common.rest_client [req-8a8180e9-4d9c-4632-933c-86ba0cf79853 req-8a8180e9-4d9c-4632-933c-86ba0cf79853 ] Request (ServerExternalEventsTest:setUpClass): 201 POST http://10.180.1.21/identity/v3/auth/tokens 0.066s
2025-12-12 10:22:54.805 65850 INFO tempest.lib.common.rest_client [req-e4e723d3-a03b-49c0-bc2a-ba1b222818f9 req-e4e723d3-a03b-49c0-bc2a-ba1b222818f9 ] Request (ServerExternalEventsTest:setUpClass): 201 POST http://10.180.1.21/identity/v3/auth/tokens 0.038s
2025-12-12 10:22:54.837 65850 INFO tempest.lib.common.rest_client [req-b25e3dde-a48b-4b1d-b5e2-9daaef280cfa req-b25e3dde-a48b-4b1d-b5e2-9daaef280cfa ] Request (ServerExternalEventsTest:setUpClass): 200 GET http://10.180.1.21/identity/v3/domains?name=Default 0.031s
2025-12-12 10:22:54.863 65862 INFO tempest.lib.common.rest_client [req-e7a726b6-f327-4245-8330-685a86b91c2a req-e7a726b6-f327-4245-8330-685a86b91c2a ] Request (ImagesOneServerNegativeTestJSON:setUpClass): 200 GET http://10.180.1.21/compute/v2.1/servers/429ad889-a1f2-412a-ab97-b16017dc9ff9 4.431s
2025-12-12 10:22:54.868 65850 INFO tempest.lib.common.rest_client [req-bd25218f-5f47-4361-af18-9745ce3806ca req-bd25218f-5f47-4361-af18-9745ce3806ca ] Request (ServerExternalEventsTest:setUpClass): 201 POST http://10.180.1.21/identity/v3/projects 0.030s
2025-12-12 10:22:54.870 65862 INFO tempest.common.waiters [-] State transition "BUILD/None" ==> "BUILD/block_device_mapping" after 23 second wait
2025-12-12 10:22:54.875 65866 WARNING tempest.lib.common.ssh [-] Failed to establish authenticated ssh connection to cirros@10.180.180.246 ([Errno None] Unable to connect to port 22 on 10.180.180.246). Number attempts: 1. Retry after 2 seconds.: paramiko.ssh_exception.NoValidConnectionsError: [Errno None] Unable to connect to port 22 on 10.180.180.246
2025-12-12 10:22:54.973 65850 INFO tempest.lib.common.rest_client [req-9a488f4c-2231-4b54-8af4-ff1ca394c32f req-9a488f4c-2231-4b54-8af4-ff1ca394c32f ] Request (ServerExternalEventsTest:setUpClass): 201 POST http://10.180.1.21/identity/v3/users 0.104s
2025-12-12 10:22:55.008 65850 INFO tempest.lib.common.rest_client [req-1f54e885-bcb6-45e8-b857-f81175850e41 req-1f54e885-bcb6-45e8-b857-f81175850e41 ] Request (ServerExternalEventsTest:setUpClass): 200 GET http://10.180.1.21/identity/v3/roles 0.035s
2025-12-12 10:22:55.056 65850 INFO tempest.lib.common.rest_client [req-36d558c5-e747-4541-a3e8-e7e7c48a2c79 req-36d558c5-e747-4541-a3e8-e7e7c48a2c79 ] Request (ServerExternalEventsTest:setUpClass): 204 PUT http://10.180.1.21/identity/v3/projects/86b1f88aaa16445f8d9d7f765b26c415/users/1f3525682fdf41fa955fbca7e4c369a6/roles/76d0949b9e50412c8059a61b411e68cd 0.048s
2025-12-12 10:22:55.057 65850 INFO tempest.lib.common.dynamic_creds [-] Dynamic test user 1f3525682fdf41fa955fbca7e4c369a6 is created with scope project and roles: ['member']
2025-12-12 10:22:55.057 65850 INFO tempest.lib.common.dynamic_creds [-] Acquired dynamic creds: credentials: Credentials: {'domain_id': 'default', 'domain_name': 'Default', 'username': 'tempest-ServerExternalEventsTest-1750897218-project-member', 'project_domain_id': 'default', 'project_domain_name': 'Default', 'project_id': '86b1f88aaa16445f8d9d7f765b26c415', 'project_name': 'tempest-ServerExternalEventsTest-1750897218', 'tenant_id': '86b1f88aaa16445f8d9d7f765b26c415', 'tenant_name': 'tempest-ServerExternalEventsTest-1750897218', 'user_domain_id': 'default', 'user_domain_name': 'Default', 'user_id': '1f3525682fdf41fa955fbca7e4c369a6', 'system': None}, Network: None, Subnet: None, Router: None
2025-12-12 10:22:55.057 65850 INFO tempest.lib.common.dynamic_creds [-] Created isolated network resources for: credentials: Credentials: {'domain_id': 'default', 'domain_name': 'Default', 'username': 'tempest-ServerExternalEventsTest-1750897218-project-member', 'project_domain_id': 'default', 'project_domain_name': 'Default', 'project_id': '86b1f88aaa16445f8d9d7f765b26c415', 'project_name': 'tempest-ServerExternalEventsTest-1750897218', 'tenant_id': '86b1f88aaa16445f8d9d7f765b26c415', 'tenant_name': 'tempest-ServerExternalEventsTest-1750897218', 'user_domain_id': 'default', 'user_domain_name': 'Default', 'user_id': '1f3525682fdf41fa955fbca7e4c369a6', 'system': None}, Network: None, Subnet: None, Router: None
2025-12-12 10:22:55.152 65850 INFO tempest.lib.common.rest_client [req-73b1895b-7973-4ce5-a227-171ce9b4864d req-73b1895b-7973-4ce5-a227-171ce9b4864d ] Request (ServerExternalEventsTest:setUpClass): 201 POST http://10.180.1.21/identity/v3/auth/tokens 0.091s
2025-12-12 10:22:55.191 65874 INFO tempest.lib.common.rest_client [req-0a358d87-5e2f-4563-b8d9-f7f07b48af91 req-0a358d87-5e2f-4563-b8d9-f7f07b48af91 ] Request (ValidationResourcesFixture:setUp): 201 POST http://10.180.1.21/networking/v2.0/floatingips 1.446s
2025-12-12 10:22:55.231 65850 INFO tempest.lib.common.rest_client [req-0439549e-a81c-4f53-9707-bf61cb71e853 req-0439549e-a81c-4f53-9707-bf61cb71e853 ] Request (ServerExternalEventsTest:setUpClass): 201 POST http://10.180.1.21/identity/v3/projects 0.079s
2025-12-12 10:22:55.259 65874 INFO tempest.lib.common.rest_client [req-7f577488-bd0b-4439-a401-aa7f642c7f0d req-7f577488-bd0b-4439-a401-aa7f642c7f0d ] Request (AttachInterfacesUnderV243Test:test_add_remove_fixed_ip): 201 POST http://10.180.1.21/identity/v3/auth/tokens 0.063s
2025-12-12 10:22:55.260 65874 INFO tempest.lib.common.fixed_network [-] (AttachInterfacesUnderV243Test:test_add_remove_fixed_ip) Found network {'id': '3912e584-8332-4913-be06-89ebddbec86b', 'name': 'tempest-AttachInterfacesUnderV243Test-672202194-network', 'tenant_id': '470895e2a3634c7db948b76052f6d96e', 'project_id': '470895e2a3634c7db948b76052f6d96e', 'admin_state_up': True, 'mtu': 8950, 'status': 'ACTIVE', 'subnets': [], 'shared': False, 'port_security_enabled': True, 'router:external': False, 'provider:network_type': 'vlan', 'provider:physical_network': 'default', 'provider:segmentation_id': 394, 'availability_zone_hints': [], 'availability_zones': [], 'ipv4_address_scope': None, 'ipv6_address_scope': None, 'description': '', 'tags': [], 'created_at': '2025-12-12T10:22:46Z', 'updated_at': '2025-12-12T10:22:46Z', 'revision_number': 1} available for tenant
2025-12-12 10:22:55.300 65850 INFO tempest.lib.common.rest_client [req-354e064c-c386-4fca-b8c3-ea35350c48f2 req-354e064c-c386-4fca-b8c3-ea35350c48f2 ] Request (ServerExternalEventsTest:setUpClass): 201 POST http://10.180.1.21/identity/v3/users 0.068s
2025-12-12 10:22:55.330 65850 INFO tempest.lib.common.rest_client [req-9d881830-6e83-4fce-8ca4-584d75e5bd6d req-9d881830-6e83-4fce-8ca4-584d75e5bd6d ] Request (ServerExternalEventsTest:setUpClass): 200 GET http://10.180.1.21/identity/v3/roles 0.029s
2025-12-12 10:22:55.357 65876 INFO tempest.lib.common.rest_client [req-deafcdf8-5d5a-45b1-8f2a-d9031e14a0c1 req-deafcdf8-5d5a-45b1-8f2a-d9031e14a0c1 ] Request (InstanceActionsV221TestJSON:tearDownClass): 204 DELETE http://10.180.1.21/networking/v2.0/subnets/f2f11180-4732-49ac-8477-a63caebc3133 0.905s
2025-12-12 10:22:55.369 65850 INFO tempest.lib.common.rest_client [req-96d75af5-3414-41f4-ab83-1d9fb639044c req-96d75af5-3414-41f4-ab83-1d9fb639044c ] Request (ServerExternalEventsTest:setUpClass): 204 PUT http://10.180.1.21/identity/v3/projects/4790003cb41b41c8a9f75f6c9b6f1d28/users/b9a9bc32d09e4b0592e2e7f44db93338/roles/da0e2f8e1f0147a58f2971fe76d25e2e 0.037s
2025-12-12 10:22:55.431 65850 INFO tempest.lib.common.rest_client [req-27f47805-ee80-43b1-8bb0-a8c77d44b5fa req-27f47805-ee80-43b1-8bb0-a8c77d44b5fa ] Request (ServerExternalEventsTest:setUpClass): 200 GET http://10.180.1.21/identity/v3/roles 0.061s
2025-12-12 10:22:55.456 65850 INFO tempest.lib.common.rest_client [req-819ae619-d2a9-4082-9e3f-cea765beb8f8 req-819ae619-d2a9-4082-9e3f-cea765beb8f8 ] Request (ServerExternalEventsTest:setUpClass): 204 PUT http://10.180.1.21/identity/v3/projects/4790003cb41b41c8a9f75f6c9b6f1d28/users/b9a9bc32d09e4b0592e2e7f44db93338/roles/da0e2f8e1f0147a58f2971fe76d25e2e 0.024s
2025-12-12 10:22:55.456 65850 INFO tempest.lib.common.dynamic_creds [-] Dynamic test user b9a9bc32d09e4b0592e2e7f44db93338 is created with scope project and roles: ['admin']
2025-12-12 10:22:55.456 65850 INFO tempest.lib.common.dynamic_creds [-] Acquired dynamic creds: credentials: Credentials: {'domain_id': 'default', 'domain_name': 'Default', 'username': 'tempest-ServerExternalEventsTest-150903977-project-admin', 'project_domain_id': 'default', 'project_domain_name': 'Default', 'project_id': '4790003cb41b41c8a9f75f6c9b6f1d28', 'project_name': 'tempest-ServerExternalEventsTest-150903977', 'tenant_id': '4790003cb41b41c8a9f75f6c9b6f1d28', 'tenant_name': 'tempest-ServerExternalEventsTest-150903977', 'user_domain_id': 'default', 'user_domain_name': 'Default', 'user_id': 'b9a9bc32d09e4b0592e2e7f44db93338', 'system': None}, Network: None, Subnet: None, Router: None
2025-12-12 10:22:55.456 65850 INFO tempest.lib.common.dynamic_creds [-] Created isolated network resources for: credentials: Credentials: {'domain_id': 'default', 'domain_name': 'Default', 'username': 'tempest-ServerExternalEventsTest-150903977-project-admin', 'project_domain_id': 'default', 'project_domain_name': 'Default', 'project_id': '4790003cb41b41c8a9f75f6c9b6f1d28', 'project_name': 'tempest-ServerExternalEventsTest-150903977', 'tenant_id': '4790003cb41b41c8a9f75f6c9b6f1d28', 'tenant_name': 'tempest-ServerExternalEventsTest-150903977', 'user_domain_id': 'default', 'user_domain_name': 'Default', 'user_id': 'b9a9bc32d09e4b0592e2e7f44db93338', 'system': None}, Network: None, Subnet: None, Router: None
2025-12-12 10:22:55.539 65850 INFO tempest.lib.common.rest_client [req-29c765fc-58c6-466d-ac7f-bc9dfcf9f53c req-29c765fc-58c6-466d-ac7f-bc9dfcf9f53c ] Request (ServerExternalEventsTest:setUpClass): 201 POST http://10.180.1.21/identity/v3/auth/tokens 0.080s
2025-12-12 10:22:55.614 65850 INFO tempest.lib.common.rest_client [req-5d53b164-da59-479d-b524-b4c054a8e056 req-5d53b164-da59-479d-b524-b4c054a8e056 ] Request (ServerExternalEventsTest:setUpClass): 201 POST http://10.180.1.21/identity/v3/projects 0.074s
2025-12-12 10:22:55.683 65850 INFO tempest.lib.common.rest_client [req-35e5853c-ea52-4195-9660-d708d6f78a5b req-35e5853c-ea52-4195-9660-d708d6f78a5b ] Request (ServerExternalEventsTest:setUpClass): 201 POST http://10.180.1.21/identity/v3/users 0.068s
2025-12-12 10:22:55.718 65850 INFO tempest.lib.common.rest_client [req-0958f4ea-6b76-4a6a-a1b2-ad28af21e83d req-0958f4ea-6b76-4a6a-a1b2-ad28af21e83d ] Request (ServerExternalEventsTest:setUpClass): 200 GET http://10.180.1.21/identity/v3/roles 0.034s
2025-12-12 10:22:55.748 65850 INFO tempest.lib.common.rest_client [req-9fa70b77-dfb0-4ccc-91bb-78560ece2001 req-9fa70b77-dfb0-4ccc-91bb-78560ece2001 ] Request (ServerExternalEventsTest:setUpClass): 204 PUT http://10.180.1.21/identity/v3/projects/b32a0be4182c47ceb4ecbba4f540e7e9/users/fafad1f844a14468bbdc9039c58ebff1/roles/da0e2f8e1f0147a58f2971fe76d25e2e 0.029s
2025-12-12 10:22:55.783 65876 INFO tempest.lib.common.rest_client [req-c9961ef6-8364-41d9-81d1-a60d6b395f41 req-c9961ef6-8364-41d9-81d1-a60d6b395f41 ] Request (InstanceActionsV221TestJSON:tearDownClass): 204 DELETE http://10.180.1.21/networking/v2.0/networks/c93ede8e-e74b-4133-a720-aa54353c8b5e 0.425s
2025-12-12 10:22:55.794 65842 INFO tempest.lib.common.rest_client [req-eb934c74-2161-4516-985b-0c7bd0694f35 req-eb934c74-2161-4516-985b-0c7bd0694f35 ] Request (SecurityGroupsTestJSON:setUpClass): 201 POST http://10.180.1.21/networking/v2.0/routers 1.735s
2025-12-12 10:22:55.807 65850 INFO tempest.lib.common.rest_client [req-f40d1dff-633f-4377-89e3-156f5b103f80 req-f40d1dff-633f-4377-89e3-156f5b103f80 ] Request (ServerExternalEventsTest:setUpClass): 200 GET http://10.180.1.21/identity/v3/roles 0.059s
2025-12-12 10:22:55.838 65850 INFO tempest.lib.common.rest_client [req-c402aeff-c407-4b17-9e4f-fd3a4658aa27 req-c402aeff-c407-4b17-9e4f-fd3a4658aa27 ] Request (ServerExternalEventsTest:setUpClass): 204 PUT http://10.180.1.21/identity/v3/projects/b32a0be4182c47ceb4ecbba4f540e7e9/users/fafad1f844a14468bbdc9039c58ebff1/roles/12eab9f809154aa6b01565dc03b6a6a8 0.030s
2025-12-12 10:22:55.838 65850 INFO tempest.lib.common.dynamic_creds [-] Dynamic test user fafad1f844a14468bbdc9039c58ebff1 is created with scope project and roles: ['admin', 'service']
2025-12-12 10:22:55.838 65850 INFO tempest.lib.common.dynamic_creds [-] Acquired dynamic creds: credentials: Credentials: {'domain_id': 'default', 'domain_name': 'Default', 'username': 'tempest-ServerExternalEventsTest-1003652360-project', 'project_domain_id': 'default', 'project_domain_name': 'Default', 'project_id': 'b32a0be4182c47ceb4ecbba4f540e7e9', 'project_name': 'tempest-ServerExternalEventsTest-1003652360', 'tenant_id': 'b32a0be4182c47ceb4ecbba4f540e7e9', 'tenant_name': 'tempest-ServerExternalEventsTest-1003652360', 'user_domain_id': 'default', 'user_domain_name': 'Default', 'user_id': 'fafad1f844a14468bbdc9039c58ebff1', 'system': None}, Network: None, Subnet: None, Router: None
2025-12-12 10:22:55.838 65850 INFO tempest.lib.common.dynamic_creds [-] Created isolated network resources for: credentials: Credentials: {'domain_id': 'default', 'domain_name': 'Default', 'username': 'tempest-ServerExternalEventsTest-1003652360-project', 'project_domain_id': 'default', 'project_domain_name': 'Default', 'project_id': 'b32a0be4182c47ceb4ecbba4f540e7e9', 'project_name': 'tempest-ServerExternalEventsTest-1003652360', 'tenant_id': 'b32a0be4182c47ceb4ecbba4f540e7e9', 'tenant_name': 'tempest-ServerExternalEventsTest-1003652360', 'user_domain_id': 'default', 'user_domain_name': 'Default', 'user_id': 'fafad1f844a14468bbdc9039c58ebff1', 'system': None}, Network: None, Subnet: None, Router: None
2025-12-12 10:22:55.936 65850 INFO tempest.lib.common.rest_client [req-671434d5-c452-4c33-9930-5ff71d28d47b req-671434d5-c452-4c33-9930-5ff71d28d47b ] Request (ServerExternalEventsTest:setUpClass): 201 POST http://10.180.1.21/identity/v3/auth/tokens 0.094s
2025-12-12 10:22:55.962 65816 INFO tempest.lib.common.rest_client [req-f3fe91eb-ee49-40c1-9625-c8a11f2c95e7 req-f3fe91eb-ee49-40c1-9625-c8a11f2c95e7 ] Request (FloatingIPsAssociationTestJSON:test_associate_already_associated_floating_ip): 200 GET http://10.180.1.21/compute/v2.1/servers/762eeef4-c71f-45b8-8b6f-15a4a70b7047 5.363s
2025-12-12 10:22:55.971 65876 INFO tempest.lib.common.rest_client [req-bb32dccd-9316-4460-aa36-5dda5b2b0fc1 req-bb32dccd-9316-4460-aa36-5dda5b2b0fc1 ] Request (InstanceActionsV221TestJSON:tearDownClass): 204 DELETE http://10.180.1.21/identity/v3/users/f1426596c46445479955032620008e26 0.187s
2025-12-12 10:22:55.971 65876 INFO tempest.lib.common.dynamic_creds [-] Deleting project and security group for project: ec5f167218cf4fab873f928191c810d6
2025-12-12 10:22:55.974 65816 INFO tempest.common.waiters [-] State transition "BUILD/spawning" ==> "ACTIVE/None" after 34 second wait
2025-12-12 10:22:56.012 65850 INFO tempest.lib.common.rest_client [req-a8ce6c78-cdd8-40a3-a8ba-0b81a2c7f1bd req-a8ce6c78-cdd8-40a3-a8ba-0b81a2c7f1bd ] Request (ServerExternalEventsTest:test_create_server_external_events): 201 POST http://10.180.1.21/identity/v3/auth/tokens 0.072s
2025-12-12 10:22:56.013 65850 INFO tempest.lib.common.fixed_network [-] (ServerExternalEventsTest:test_create_server_external_events) Found network None available for tenant
2025-12-12 10:22:56.089 65860 INFO tempest.lib.common.rest_client [req-083d8ce8-47a1-4fc9-8917-5db49fb10df3 req-083d8ce8-47a1-4fc9-8917-5db49fb10df3 ] Request (FloatingIPsAssociationNegativeTestJSON:_run_cleanups): 202 DELETE http://10.180.1.21/compute/v2.1/os-floating-ips/562a7046-1199-4344-bd6d-333d6a572c47 6.119s
2025-12-12 10:22:56.173 65840 INFO tempest.lib.common.rest_client [req-ae8935f7-7cc2-4955-b3d9-c1c9a4fbf1ba req-ae8935f7-7cc2-4955-b3d9-c1c9a4fbf1ba ] Request (VolumesAdminNegativeTest:test_update_attached_volume_with_nonexistent_volume_in_uri): 404 PUT http://10.180.1.21/compute/v2.1/servers/b4994fc2-9d0d-48e2-8fab-180808c3f593/os-volume_attachments/a6756bfe-5620-463c-9ed7-4bec6ea5efbf 5.535s
2025-12-12 10:22:56.182 65834 INFO tempest.lib.common.rest_client [req-e7417115-5ad3-4a9b-b587-dac459e81b57 req-e7417115-5ad3-4a9b-b587-dac459e81b57 ] Request (AggregatesAdminNegativeTestJSON:test_aggregate_get_details_as_user): 403 GET http://10.180.1.21/compute/v2.1/os-aggregates/6 5.265s
2025-12-12 10:22:56.211 65852 INFO tempest.lib.common.rest_client [req-0b5effa5-5f91-4604-b95d-f47c2f579eb7 req-0b5effa5-5f91-4604-b95d-f47c2f579eb7 ] Request (ListServerFiltersTestJSON:test_list_servers_filter_by_active_status): 200 GET http://10.180.1.21/compute/v2.1/servers?status=active 5.322s
2025-12-12 10:22:56.284 65840 INFO tempest.lib.common.rest_client [req-16c4684e-b231-447c-bdae-8f6e349ea65b req-16c4684e-b231-447c-bdae-8f6e349ea65b ] Request (VolumesAdminNegativeTest:tearDownClass): 202 DELETE http://10.180.1.21/volume/v3/volumes/eecfdb31-0bb5-4453-ade2-bda140f9da80 0.109s
2025-12-12 10:22:56.325 65840 INFO tempest.lib.common.rest_client [req-65039380-b0bf-428f-8238-ecd439e17cea req-65039380-b0bf-428f-8238-ecd439e17cea ] Request (VolumesAdminNegativeTest:tearDownClass): 200 GET http://10.180.1.21/volume/v3/volumes/eecfdb31-0bb5-4453-ade2-bda140f9da80 0.041s
2025-12-12 10:22:56.377 65848 INFO tempest.lib.common.rest_client [req-6ed58ae1-8a67-40e7-a711-537d2c4279a4 req-6ed58ae1-8a67-40e7-a711-537d2c4279a4 ] Request (QuotaClassesAdminTestJSON:test_update_default_quotas): 200 GET http://10.180.1.21/compute/v2.1/os-quota-class-sets/default 5.095s
2025-12-12 10:22:56.577 65836 INFO tempest.lib.common.rest_client [req-ddf887c7-b5cf-45df-ba84-68e5e8b4a487 req-ddf887c7-b5cf-45df-ba84-68e5e8b4a487 ] Request (ServerDiagnosticsNegativeTest:tearDownClass): 204 DELETE http://10.180.1.21/compute/v2.1/servers/dba9e8e0-cadc-4888-9bab-9458e1b5a22f 4.740s
2025-12-12 10:22:56.724 65869 INFO tempest.lib.common.rest_client [req-144be63f-4a14-4d19-8e72-2b22609e98b9 req-144be63f-4a14-4d19-8e72-2b22609e98b9 ] Request (ImagesTestJSON:_run_cleanups): 204 DELETE http://10.180.1.21/compute/v2.1/images/b055933b-600e-40ba-9eb3-866bbb70d5ab 4.879s
2025-12-12 10:22:56.749 65828 INFO tempest.lib.common.rest_client [req-419f13a0-55f9-4376-9cfc-bc2855acd146 req-419f13a0-55f9-4376-9cfc-bc2855acd146 ] Request (FlavorsAdminTestJSON:_run_cleanups): 200 GET http://10.180.1.21/compute/v2.1/flavors/detail 4.894s
2025-12-12 10:22:56.781 65876 INFO tempest.lib.common.rest_client [req-c66fe723-4ebf-4e7d-ab31-76a3147c5a9e req-c66fe723-4ebf-4e7d-ab31-76a3147c5a9e ] Request (InstanceActionsV221TestJSON:tearDownClass): 200 GET http://10.180.1.21/networking/v2.0/security-groups?tenant_id=ec5f167218cf4fab873f928191c810d6&name=default 0.809s
2025-12-12 10:22:57.353 65840 INFO tempest.lib.common.rest_client [req-bc22d031-d29d-461b-bcb0-caac9180dfff req-bc22d031-d29d-461b-bcb0-caac9180dfff ] Request (VolumesAdminNegativeTest:tearDownClass): 404 GET http://10.180.1.21/volume/v3/volumes/eecfdb31-0bb5-4453-ade2-bda140f9da80 0.016s
2025-12-12 10:22:57.388 65842 INFO tempest.lib.common.rest_client [req-02410054-9a19-4853-a08d-2d9c8868af6e req-02410054-9a19-4853-a08d-2d9c8868af6e ] Request (SecurityGroupsTestJSON:setUpClass): 200 PUT http://10.180.1.21/networking/v2.0/routers/2dfa66e5-f872-42b3-b77b-ba14d4aab4b9/add_router_interface 1.593s
2025-12-12 10:22:57.388 65842 INFO tempest.lib.common.dynamic_creds [-] Created isolated network resources for: credentials: Credentials: {'domain_id': 'default', 'domain_name': 'Default', 'username': 'tempest-SecurityGroupsTestJSON-435760640-project-member', 'project_domain_id': 'default', 'project_domain_name': 'Default', 'project_id': '11de6e9fc03d45c491f38bb0e6237c33', 'project_name': 'tempest-SecurityGroupsTestJSON-435760640', 'tenant_id': '11de6e9fc03d45c491f38bb0e6237c33', 'tenant_name': 'tempest-SecurityGroupsTestJSON-435760640', 'user_domain_id': 'default', 'user_domain_name': 'Default', 'user_id': '58247de12e9044d0ad07cc7073e69196', 'system': None}, Network: {'id': 'c42ccbd2-aa91-472c-b7c6-fb8df8f55927', 'name': 'tempest-SecurityGroupsTestJSON-97333123-network', 'tenant_id': '11de6e9fc03d45c491f38bb0e6237c33', 'project_id': '11de6e9fc03d45c491f38bb0e6237c33', 'admin_state_up': True, 'mtu': 8950, 'status': 'ACTIVE', 'subnets': [], 'shared': False, 'port_security_enabled': True, 'router:external': False, 'provider:network_type': 'vlan', 'provider:physical_network': 'default', 'provider:segmentation_id': 522, 'availability_zone_hints': [], 'availability_zones': [], 'ipv4_address_scope': None, 'ipv6_address_scope': None, 'description': '', 'tags': [], 'created_at': '2025-12-12T10:22:53Z', 'updated_at': '2025-12-12T10:22:53Z', 'revision_number': 1}, Subnet: {'id': 'c84754ae-33af-4c31-8917-f7daab43d8bc', 'name': 'tempest-SecurityGroupsTestJSON-97333123-subnet', 'tenant_id': '11de6e9fc03d45c491f38bb0e6237c33', 'network_id': 'c42ccbd2-aa91-472c-b7c6-fb8df8f55927', 'ip_version': 4, 'subnetpool_id': None, 'enable_dhcp': True, 'ipv6_ra_mode': None, 'ipv6_address_mode': None, 'gateway_ip': '192.168.128.1', 'cidr': '192.168.128.0/28', 'allocation_pools': [{'start': '192.168.128.2', 'end': '192.168.128.14'}], 'host_routes': [], 'dns_nameservers': [], 'description': '', 'router:external': False, 'service_types': [], 'tags': [], 'created_at': '2025-12-12T10:22:53Z', 'updated_at': '2025-12-12T10:22:53Z', 'revision_number': 0, 'project_id': '11de6e9fc03d45c491f38bb0e6237c33'}, Router: {'id': '2dfa66e5-f872-42b3-b77b-ba14d4aab4b9', 'name': 'tempest-SecurityGroupsTestJSON-97333123-router', 'tenant_id': '11de6e9fc03d45c491f38bb0e6237c33', 'admin_state_up': True, 'status': 'ACTIVE', 'external_gateway_info': {'network_id': '527e60c1-b54c-4755-8c75-6419791c243e', 'external_fixed_ips': [{'subnet_id': '264afd0e-685d-4246-8fc1-f050b4e9877e', 'ip_address': '10.180.180.219'}], 'enable_snat': True}, 'description': '', 'availability_zones': [], 'distributed': False, 'ha': False, 'availability_zone_hints': [], 'routes': [], 'flavor_id': None, 'tags': [], 'created_at': '2025-12-12T10:22:54Z', 'updated_at': '2025-12-12T10:22:55Z', 'revision_number': 2, 'project_id': '11de6e9fc03d45c491f38bb0e6237c33'}
2025-12-12 10:22:57.534 65842 INFO tempest.lib.common.rest_client [req-e0bb0aac-2dfd-4a57-b3e2-20e0d5e9afe5 req-e0bb0aac-2dfd-4a57-b3e2-20e0d5e9afe5 ] Request (SecurityGroupsTestJSON:setUpClass): 201 POST http://10.180.1.21/identity/v3/auth/tokens 0.140s
2025-12-12 10:22:57.606 65818 INFO tempest.lib.common.rest_client [req-c2218a0f-9a87-4255-9987-8f7a7ea3b684 req-c2218a0f-9a87-4255-9987-8f7a7ea3b684 ] Request (SecurityGroupRulesNegativeTestJSON:test_create_security_group_rule_with_invalid_ip_protocol): 200 POST http://10.180.1.21/compute/v2.1/os-security-groups 5.740s
2025-12-12 10:22:57.613 65830 INFO tempest.lib.common.rest_client [req-11500b5a-6468-4b3e-a4e6-b2c17573eb29 req-11500b5a-6468-4b3e-a4e6-b2c17573eb29 ] Request (ImagesNegativeTestJSON:test_create_image_from_invalid_server): 404 POST http://10.180.1.21/compute/v2.1/servers/tempest-invalid-1565526162/action 5.713s
2025-12-12 10:22:57.634 65846 INFO tempest.lib.common.rest_client [req-968dceb6-5ff9-4980-a14e-4b1575e96f80 req-968dceb6-5ff9-4980-a14e-4b1575e96f80 ] Request (ServerTagsTestJSON:test_create_delete_tag): 200 GET http://10.180.1.21/compute/v2.1/servers/e2762ef8-ed20-49e9-8129-4f23e14ba797/tags 5.619s
2025-12-12 10:22:57.661 65870 INFO tempest.lib.common.rest_client [req-36e5f19c-7e11-4734-9c04-d43b40f8daf2 req-36e5f19c-7e11-4734-9c04-d43b40f8daf2 ] Request (FlavorsAccessNegativeTestJSON:_run_cleanups): 200 GET http://10.180.1.21/compute/v2.1/flavors/detail 5.592s
2025-12-12 10:22:57.703 65876 INFO tempest.lib.common.rest_client [req-2e44e7d9-f3d8-4d1c-9a51-4b92db1ae703 req-2e44e7d9-f3d8-4d1c-9a51-4b92db1ae703 ] Request (InstanceActionsV221TestJSON:tearDownClass): 204 DELETE http://10.180.1.21/networking/v2.0/security-groups/070a53e6-caa7-4afa-8d02-177f2d45739a 0.921s
2025-12-12 10:22:57.800 65870 INFO tempest.lib.common.rest_client [req-16dffe9b-9a77-4d60-bba4-d876b38607ae req-16dffe9b-9a77-4d60-bba4-d876b38607ae ] Request (FlavorsAccessNegativeTestJSON:tearDownClass): 204 DELETE http://10.180.1.21/identity/v3/users/520dda13afb04c03a59ad469d97bbd91 0.130s
2025-12-12 10:22:57.822 65876 INFO tempest.lib.common.rest_client [req-b80394d9-3cb3-4698-b5fb-2db31501bc3f req-b80394d9-3cb3-4698-b5fb-2db31501bc3f ] Request (InstanceActionsV221TestJSON:tearDownClass): 204 DELETE http://10.180.1.21/identity/v3/projects/ec5f167218cf4fab873f928191c810d6 0.118s
2025-12-12 10:22:57.855 65876 INFO tempest.lib.common.rest_client [req-e5717892-b8fa-429c-9f45-5e131f064d99 req-e5717892-b8fa-429c-9f45-5e131f064d99 ] Request (ServerActionsTestOtherB:setUpClass): 201 POST http://10.180.1.21/identity/v3/auth/tokens 0.032s
2025-12-12 10:22:57.891 65876 INFO tempest.lib.common.rest_client [req-af592cc3-8e9a-4bce-b404-33c4f1b65bff req-af592cc3-8e9a-4bce-b404-33c4f1b65bff ] Request (ServerActionsTestOtherB:setUpClass): 201 POST http://10.180.1.21/identity/v3/auth/tokens 0.032s
2025-12-12 10:22:57.928 65876 INFO tempest.lib.common.rest_client [req-a2c09d83-6a98-48d4-994c-b2527f3dee90 req-a2c09d83-6a98-48d4-994c-b2527f3dee90 ] Request (ServerActionsTestOtherB:setUpClass): 200 GET http://10.180.1.21/identity/v3/domains?name=Default 0.036s
2025-12-12 10:22:57.946 65866 WARNING tempest.lib.common.ssh [-] Failed to establish authenticated ssh connection to cirros@10.180.180.246 ([Errno None] Unable to connect to port 22 on 10.180.180.246). Number attempts: 2. Retry after 3 seconds.: paramiko.ssh_exception.NoValidConnectionsError: [Errno None] Unable to connect to port 22 on 10.180.180.246
2025-12-12 10:22:57.983 65870 INFO tempest.lib.common.rest_client [req-44205897-63b3-414d-8a23-77ce893a8441 req-44205897-63b3-414d-8a23-77ce893a8441 ] Request (FlavorsAccessNegativeTestJSON:tearDownClass): 204 DELETE http://10.180.1.21/identity/v3/users/4b4025393c3b4ac4ada9b6ee90928042 0.182s
2025-12-12 10:22:58.020 65876 INFO tempest.lib.common.rest_client [req-d294a13f-8d09-4497-9620-aab253a903e3 req-d294a13f-8d09-4497-9620-aab253a903e3 ] Request (ServerActionsTestOtherB:setUpClass): 201 POST http://10.180.1.21/identity/v3/projects 0.091s
2025-12-12 10:22:58.097 65876 INFO tempest.lib.common.rest_client [req-046eda31-6cb7-450c-b26f-92c8f822515a req-046eda31-6cb7-450c-b26f-92c8f822515a ] Request (ServerActionsTestOtherB:setUpClass): 201 POST http://10.180.1.21/identity/v3/users 0.077s
2025-12-12 10:22:58.124 65876 INFO tempest.lib.common.rest_client [req-90fc2128-2358-4800-9a49-5deeb088de66 req-90fc2128-2358-4800-9a49-5deeb088de66 ] Request (ServerActionsTestOtherB:setUpClass): 200 GET http://10.180.1.21/identity/v3/roles 0.026s
2025-12-12 10:22:58.134 65864 INFO tempest.lib.common.rest_client [req-9457c61d-9871-4728-998c-706f44f733c0 req-9457c61d-9871-4728-998c-706f44f733c0 ] Request (DeleteServersAdminTestJSON:test_delete_server_while_in_error_state): 200 GET http://10.180.1.21/compute/v2.1/servers/3e025ce1-dabf-49fd-9d25-57d21fc88361 5.666s
2025-12-12 10:22:58.161 65876 INFO tempest.lib.common.rest_client [req-bf94caed-6524-4ac7-b95a-dc0a5aff36cc req-bf94caed-6524-4ac7-b95a-dc0a5aff36cc ] Request (ServerActionsTestOtherB:setUpClass): 204 PUT http://10.180.1.21/identity/v3/projects/5a5e792d47e840acb0b62df4a49d07bd/users/86a67fb381e04235b6f427d08c20375a/roles/76d0949b9e50412c8059a61b411e68cd 0.037s
2025-12-12 10:22:58.161 65876 INFO tempest.lib.common.dynamic_creds [-] Dynamic test user 86a67fb381e04235b6f427d08c20375a is created with scope project and roles: ['member']
2025-12-12 10:22:58.162 65876 INFO tempest.lib.common.dynamic_creds [-] Acquired dynamic creds: credentials: Credentials: {'domain_id': 'default', 'domain_name': 'Default', 'username': 'tempest-ServerActionsTestOtherB-879946144-project-member', 'project_domain_id': 'default', 'project_domain_name': 'Default', 'project_id': '5a5e792d47e840acb0b62df4a49d07bd', 'project_name': 'tempest-ServerActionsTestOtherB-879946144', 'tenant_id': '5a5e792d47e840acb0b62df4a49d07bd', 'tenant_name': 'tempest-ServerActionsTestOtherB-879946144', 'user_domain_id': 'default', 'user_domain_name': 'Default', 'user_id': '86a67fb381e04235b6f427d08c20375a', 'system': None}, Network: None, Subnet: None, Router: None
2025-12-12 10:22:58.209 65870 INFO tempest.lib.common.rest_client [req-af538bb9-1142-4b2d-b9d2-95aa2cf5c2a1 req-af538bb9-1142-4b2d-b9d2-95aa2cf5c2a1 ] Request (FlavorsAccessNegativeTestJSON:tearDownClass): 204 DELETE http://10.180.1.21/identity/v3/users/392c536afc024e3ca50c6622bc04d5a2 0.226s
2025-12-12 10:22:58.209 65870 INFO tempest.lib.common.dynamic_creds [-] Deleting project and security group for project: 4519aaa5c2a94a73a49f80df8e1ad158
2025-12-12 10:22:58.237 65876 INFO tempest.lib.common.rest_client [req-f22a3177-8a42-474d-b2b6-efa1cacdcd47 req-f22a3177-8a42-474d-b2b6-efa1cacdcd47 ] Request (ServerActionsTestOtherB:setUpClass): 201 POST http://10.180.1.21/identity/v3/auth/tokens 0.075s
2025-12-12 10:22:58.280 65870 INFO tempest.lib.common.rest_client [req-7be8da22-2402-4135-8499-5090772b1992 req-7be8da22-2402-4135-8499-5090772b1992 ] Request (FlavorsAccessNegativeTestJSON:tearDownClass): 201 POST http://10.180.1.21/identity/v3/auth/tokens 0.070s
2025-12-12 10:22:58.434 65858 INFO tempest.lib.common.rest_client [req-cd8405e1-6d85-4737-85e0-898749887e4d req-cd8405e1-6d85-4737-85e0-898749887e4d ] Request (ServerRescueTestJSONUnderV235:_run_cleanups): 202 DELETE http://10.180.1.21/compute/v2.1/os-floating-ips/7105363c-4b6c-4d98-8fa5-81e06ebd2a2b 7.165s
2025-12-12 10:22:58.818 65870 INFO tempest.lib.common.rest_client [req-e07b30ed-ef1b-4ed7-98ce-f3da90c72c84 req-e07b30ed-ef1b-4ed7-98ce-f3da90c72c84 ] Request (FlavorsAccessNegativeTestJSON:tearDownClass): 200 GET http://10.180.1.21/networking/v2.0/security-groups?tenant_id=4519aaa5c2a94a73a49f80df8e1ad158&name=default 0.538s
