2025-12-12 10:25:06.356 65869 INFO tempest.lib.common.rest_client [req-ce109e06-b99d-4f6b-9481-73de73ce61ad req-ce109e06-b99d-4f6b-9481-73de73ce61ad ] Request (ImagesTestJSON:test_create_server_from_snapshot): 200 GET http://10.180.1.21/compute/v2.1/servers/c374e2a4-e244-4803-a7a2-1053ae2c98f9 0.630s
2025-12-12 10:25:06.370 65869 INFO tempest.common.waiters [-] State transition "BUILD/spawning" ==> "ACTIVE/None" after 43 second wait
2025-12-12 10:25:06.438 65814 INFO tempest.lib.common.rest_client [req-4eb47508-a59a-4481-825b-da39eff2e3af req-4eb47508-a59a-4481-825b-da39eff2e3af ] Request (ServerGroupTestJSON:test_create_server_with_scheduler_hint_group): 200 GET http://10.180.1.21/compute/v2.1/servers/d71ab6ab-1b6f-43bd-ba8a-3f6df96440f1 0.554s
2025-12-12 10:25:06.460 65850 INFO tempest.lib.common.rest_client [req-37c6e224-f7e9-4c1f-9797-d537b994bae7 req-37c6e224-f7e9-4c1f-9797-d537b994bae7 ] Request (ServersAaction247Test:tearDownClass): 200 GET http://10.180.1.21/compute/v2.1/servers/c2a0c6a6-2deb-4887-9e22-7d34b95be7aa 0.536s
2025-12-12 10:25:06.520 65834 INFO tempest.lib.common.rest_client [req-dfa383a1-2d1a-47b9-ad6a-c92af6bbedc9 req-dfa383a1-2d1a-47b9-ad6a-c92af6bbedc9 ] Request (ServerShowV257Test:test_rebuild_server): 200 GET http://10.180.1.21/compute/v2.1/servers/7ed987c8-7959-4f74-9c72-d397b76f45d8 0.542s
2025-12-12 10:25:06.531 65834 INFO tempest.common.waiters [-] State transition "BUILD/scheduling" ==> "BUILD/None" after 21 second wait
2025-12-12 10:25:06.585 65874 INFO tempest.lib.common.rest_client [req-70d8c724-78f8-41c5-a55a-e9e316f00ebb req-70d8c724-78f8-41c5-a55a-e9e316f00ebb ] Request (AttachInterfacesUnderV243Test:_run_cleanups): 200 GET http://10.180.1.21/compute/v2.1/servers/78b6a078-6db3-42bd-85af-b27e10d98255 0.536s
2025-12-12 10:25:06.650 65866 INFO tempest.lib.common.rest_client [req-8c4bd4fb-29f3-4247-91b8-9c512ba4c345 req-8c4bd4fb-29f3-4247-91b8-9c512ba4c345 ] Request (ServersV294TestFqdnHostnames:tearDownClass): 200 GET http://10.180.1.21/compute/v2.1/servers/4f50d532-f168-4efd-b48c-84319586df8e 0.449s
2025-12-12 10:25:06.772 65830 INFO tempest.lib.common.rest_client [req-5f658271-def8-4f59-be4c-1fb53703d4a2 req-5f658271-def8-4f59-be4c-1fb53703d4a2 ] Request (ServerDiskConfigTestJSON:test_rebuild_server_with_auto_disk_config): 200 GET http://10.180.1.21/compute/v2.1/servers/b1d70a45-dcd0-4fd5-b3f9-df8e378102df 0.429s
2025-12-12 10:25:06.887 65848 INFO tempest.lib.common.rest_client [req-54cb9b1b-eeac-4026-be17-883dc513a732 req-54cb9b1b-eeac-4026-be17-883dc513a732 ] Request (ListImageFiltersTestJSON:setUpClass): 202 POST http://10.180.1.21/compute/v2.1/servers/8e41822d-d8f7-46ab-a55f-c8fc1beb5daa/action 0.942s
2025-12-12 10:25:06.914 65852 INFO tempest.lib.common.rest_client [req-5a139cbc-320d-487c-bab6-e585d31a7183 req-5a139cbc-320d-487c-bab6-e585d31a7183 ] Request (ListServerFiltersTestJSON:tearDownClass): 200 GET http://10.180.1.21/compute/v2.1/servers/1804e78d-6522-4ef9-8cfb-b839c4ac8536 0.561s
2025-12-12 10:25:06.972 65844 INFO tempest.lib.common.rest_client [req-72a65f2b-69ff-4220-ab65-6c1770d5a075 req-72a65f2b-69ff-4220-ab65-6c1770d5a075 ] Request (InstanceActionsNegativeTestJSON:setUpClass): 200 GET http://10.180.1.21/compute/v2.1/servers/3c47bc14-7681-4c68-93ef-ff40097cc0d4 0.564s
2025-12-12 10:25:06.987 65876 INFO tempest.lib.common.rest_client [req-0f56732c-386c-470c-9c4f-069f3605cf05 req-0f56732c-386c-470c-9c4f-069f3605cf05 ] Request (ServerActionsTestOtherB:test_create_backup): 200 GET http://10.180.1.21/image/v2/images/6be56d64-8a68-42d1-87f0-4d0045e217c4 0.014s
2025-12-12 10:25:07.025 65836 INFO tempest.lib.common.rest_client [req-ef315e08-c4b0-4a72-9eba-9c6170a61e11 req-ef315e08-c4b0-4a72-9eba-9c6170a61e11 ] Request (ServerRescueTestJSON:setUpClass): 200 GET http://10.180.1.21/compute/v2.1/servers/bb866875-e602-490e-8a15-e07a8e96ab82 0.617s
2025-12-12 10:25:07.097 65828 INFO tempest.lib.common.rest_client [req-21d52763-85a0-460c-8e78-0a3cdf4db9d6 req-21d52763-85a0-460c-8e78-0a3cdf4db9d6 ] Request (ServersAdmin275Test:test_rebuild_update_server_275): 200 GET http://10.180.1.21/compute/v2.1/servers/613e8576-c436-447d-95c6-0e6af6e59dc6 0.606s
2025-12-12 10:25:07.108 65828 INFO tempest.common.waiters [-] State transition "BUILD/block_device_mapping" ==> "BUILD/spawning" after 34 second wait
2025-12-12 10:25:07.160 65860 INFO tempest.lib.common.rest_client [req-b03012c3-4559-4952-b4a9-9a49873bacc8 req-b03012c3-4559-4952-b4a9-9a49873bacc8 ] Request (ServersTestJSON:test_create_server_with_ipv6_addr_only): 200 GET http://10.180.1.21/compute/v2.1/servers/64239679-3608-46b7-a06c-3a23fbbe9854 0.630s
2025-12-12 10:25:07.213 65826 INFO tempest.lib.common.rest_client [req-1b152ccf-e344-4334-a63d-bb5cd2b57a69 req-1b152ccf-e344-4334-a63d-bb5cd2b57a69 ] Request (MigrationsAdminTest:test_resize_server_revert_deleted_flavor): 200 GET http://10.180.1.21/compute/v2.1/servers/c49f1f1b-1db5-4f0e-b0f7-bc77deac99b2 0.662s
2025-12-12 10:25:07.278 65862 INFO tempest.lib.common.rest_client [req-76ceae5c-b2d1-4811-8942-5bb17b2a1660 req-76ceae5c-b2d1-4811-8942-5bb17b2a1660 ] Request (ImagesOneServerNegativeTestJSON:_run_cleanups): 200 GET http://10.180.1.21/compute/v2.1/servers/3e8a06d8-2181-43e4-a791-71995b1c45de 0.678s
2025-12-12 10:25:07.287 65862 INFO tempest.common.waiters [-] State transition "BUILD/None" ==> "BUILD/networking" after 33 second wait
2025-12-12 10:25:07.348 65872 INFO tempest.lib.common.rest_client [req-30be4956-07d2-40ca-809a-56f002c6b1ef req-30be4956-07d2-40ca-809a-56f002c6b1ef ] Request (AttachVolumeTestJSON:test_attach_detach_volume): 200 GET http://10.180.1.21/compute/v2.1/servers/b9c456df-5c98-4c19-8f34-26a25ae4b470 0.720s
2025-12-12 10:25:07.382 65869 INFO tempest.lib.common.rest_client [req-d19fcc79-0e62-47ee-bc13-edff98593b55 req-d19fcc79-0e62-47ee-bc13-edff98593b55 ] Request (ImagesTestJSON:test_create_server_from_snapshot): 202 POST http://10.180.1.21/compute/v2.1/servers/c374e2a4-e244-4803-a7a2-1053ae2c98f9/action 1.012s
2025-12-12 10:25:07.417 65816 INFO tempest.lib.common.rest_client [req-1858d3ad-59eb-4b9e-9925-c44ec91a2e8d req-1858d3ad-59eb-4b9e-9925-c44ec91a2e8d ] Request (AttachInterfacesV270Test:tearDownClass): 200 GET http://10.180.1.21/compute/v2.1/servers/924c9c5b-45f3-4cce-baec-96ec60aecb31 0.730s
2025-12-12 10:25:07.421 65848 INFO tempest.lib.common.rest_client [req-6d2c467c-a4cd-4749-b8ff-8ebb11a54fbd req-6d2c467c-a4cd-4749-b8ff-8ebb11a54fbd ] Request (ListImageFiltersTestJSON:setUpClass): 200 GET http://10.180.1.21/compute/v2.1/images/b960c741-0ec7-481e-a567-1c9ebed0bd4a 0.532s
2025-12-12 10:25:07.600 65838 INFO tempest.lib.common.rest_client [req-9a593bbb-2312-454b-ac23-e9257acd1973 req-9a593bbb-2312-454b-ac23-e9257acd1973 ] Request (ServersTestFqdnHostnames:tearDownClass): 200 GET http://10.180.1.21/compute/v2.1/servers/82758096-0b1a-48f9-ba64-b31451be178f 0.567s
2025-12-12 10:25:07.653 65832 INFO tempest.lib.common.rest_client [req-858dafef-5e73-41ae-9df9-a3e1048091b6 req-858dafef-5e73-41ae-9df9-a3e1048091b6 ] Request (DeleteServersTestJSON:test_delete_server_while_in_shelved_state): 200 GET http://10.180.1.21/compute/v2.1/servers/9a96e2b5-fd0d-441a-9d7b-798eb3751534 0.734s
2025-12-12 10:25:07.742 65822 INFO tempest.lib.common.rest_client [req-9ca8cd51-d147-41e0-ac53-359cfed14f98 req-9ca8cd51-d147-41e0-ac53-359cfed14f98 ] Request (ServerAddressesNegativeTestJSON:setUpClass): 200 GET http://10.180.1.21/compute/v2.1/servers/d5abadfe-6b9a-4b2d-9aa7-3294076c351e 0.626s
2025-12-12 10:25:07.778 65824 INFO tempest.lib.common.rest_client [req-9ed5e7d5-e96c-44d1-b63b-6a6bdee6bf30 req-9ed5e7d5-e96c-44d1-b63b-6a6bdee6bf30 ] Request (ServerDiagnosticsTest:test_get_server_diagnostics): 200 GET http://10.180.1.21/compute/v2.1/servers/43d76726-0e1c-414e-abb0-8c827f8c59cc 0.716s
2025-12-12 10:25:07.816 65870 INFO tempest.lib.common.rest_client [req-3e15b11e-24a6-4abe-93ae-62d8b4f0f42d req-3e15b11e-24a6-4abe-93ae-62d8b4f0f42d ] Request (ImagesOneServerTestJSON:tearDownClass): 200 GET http://10.180.1.21/compute/v2.1/servers/e45b13af-29eb-4001-93b6-742fec06727a 0.664s
2025-12-12 10:25:07.834 65842 INFO tempest.lib.common.rest_client [req-f07c7dae-ff07-49c9-bccb-b37d87e48d0a req-f07c7dae-ff07-49c9-bccb-b37d87e48d0a ] Request (SecurityGroupsTestJSON:test_server_security_groups): 200 GET http://10.180.1.21/compute/v2.1/servers/562eddf2-ebca-402c-bd28-12d0666b460d 0.627s
2025-12-12 10:25:07.874 65869 INFO tempest.lib.common.rest_client [req-cbfbd859-db26-43fa-a8ad-d1981125861a req-cbfbd859-db26-43fa-a8ad-d1981125861a ] Request (ImagesTestJSON:test_create_server_from_snapshot): 200 GET http://10.180.1.21/compute/v2.1/images/ebdf5e4f-648a-44e5-94fb-4184d88d1e2a 0.490s
2025-12-12 10:25:07.876 65854 INFO tempest.lib.common.rest_client [req-e7422890-fbee-4508-8625-0bdc978f9e94 req-e7422890-fbee-4508-8625-0bdc978f9e94 ] Request (ServersWithSpecificFlavorTestJSON:test_verify_created_server_ephemeral_disk): 200 GET http://10.180.1.21/compute/v2.1/servers/24ff80ee-307d-461a-8b52-edc167f0a998 0.585s
2025-12-12 10:25:07.970 65850 INFO tempest.lib.common.rest_client [req-ffe3ed35-ff78-4f24-8b11-2b4841916b22 req-ffe3ed35-ff78-4f24-8b11-2b4841916b22 ] Request (ServersAaction247Test:tearDownClass): 200 GET http://10.180.1.21/compute/v2.1/servers/c2a0c6a6-2deb-4887-9e22-7d34b95be7aa 0.501s
2025-12-12 10:25:07.994 65818 WARNING tempest.lib.common.ssh [-] Failed to establish authenticated ssh connection to cirros@10.180.180.221 ([Errno None] Unable to connect to port 22 on 10.180.180.221). Number attempts: 3. Retry after 4 seconds.: paramiko.ssh_exception.NoValidConnectionsError: [Errno None] Unable to connect to port 22 on 10.180.180.221
2025-12-12 10:25:07.999 65814 INFO tempest.lib.common.rest_client [req-598bfe24-44bd-4d3d-a79d-6f567c55f9f9 req-598bfe24-44bd-4d3d-a79d-6f567c55f9f9 ] Request (ServerGroupTestJSON:test_create_server_with_scheduler_hint_group): 200 GET http://10.180.1.21/compute/v2.1/servers/d71ab6ab-1b6f-43bd-ba8a-3f6df96440f1 0.554s
2025-12-12 10:25:08.009 65876 INFO tempest.lib.common.rest_client [req-40266a6d-0df0-4203-b552-a7639e4129ae req-40266a6d-0df0-4203-b552-a7639e4129ae ] Request (ServerActionsTestOtherB:test_create_backup): 200 GET http://10.180.1.21/image/v2/images/6be56d64-8a68-42d1-87f0-4d0045e217c4 0.019s
2025-12-12 10:25:08.045 65834 INFO tempest.lib.common.rest_client [req-b07bff6f-8dda-4d68-a0cd-7646d849fc46 req-b07bff6f-8dda-4d68-a0cd-7646d849fc46 ] Request (ServerShowV257Test:test_rebuild_server): 200 GET http://10.180.1.21/compute/v2.1/servers/7ed987c8-7959-4f74-9c72-d397b76f45d8 0.513s
2025-12-12 10:25:08.118 65874 INFO tempest.lib.common.rest_client [req-a83c13af-6248-41c8-9b67-c5d83ac5d503 req-a83c13af-6248-41c8-9b67-c5d83ac5d503 ] Request (AttachInterfacesUnderV243Test:_run_cleanups): 200 GET http://10.180.1.21/compute/v2.1/servers/78b6a078-6db3-42bd-85af-b27e10d98255 0.524s
2025-12-12 10:25:08.149 65866 INFO tempest.lib.common.rest_client [req-dfa93246-22ef-4620-a1f7-1bf5cd1d59bc req-dfa93246-22ef-4620-a1f7-1bf5cd1d59bc ] Request (ServersV294TestFqdnHostnames:tearDownClass): 200 GET http://10.180.1.21/compute/v2.1/servers/4f50d532-f168-4efd-b48c-84319586df8e 0.486s
2025-12-12 10:25:08.159 65866 INFO tempest.common.waiters [-] State transition "ACTIVE/deleting" ==> "DELETED/None" after 5 second wait
2025-12-12 10:25:08.271 65852 INFO tempest.lib.common.rest_client [req-6913845b-9b40-401f-b4f0-7f45b4ace963 req-6913845b-9b40-401f-b4f0-7f45b4ace963 ] Request (ListServerFiltersTestJSON:tearDownClass): 200 GET http://10.180.1.21/compute/v2.1/servers/1804e78d-6522-4ef9-8cfb-b839c4ac8536 0.349s
2025-12-12 10:25:08.305 65830 INFO tempest.lib.common.rest_client [req-e3432743-b986-41dc-a9a4-969eda6da6a2 req-e3432743-b986-41dc-a9a4-969eda6da6a2 ] Request (ServerDiskConfigTestJSON:test_rebuild_server_with_auto_disk_config): 200 GET http://10.180.1.21/compute/v2.1/servers/b1d70a45-dcd0-4fd5-b3f9-df8e378102df 0.519s
2025-12-12 10:25:08.352 65844 INFO tempest.lib.common.rest_client [req-047350c3-4d0c-45b2-a11f-f3a3363df25d req-047350c3-4d0c-45b2-a11f-f3a3363df25d ] Request (InstanceActionsNegativeTestJSON:setUpClass): 200 GET http://10.180.1.21/compute/v2.1/servers/3c47bc14-7681-4c68-93ef-ff40097cc0d4 0.371s
2025-12-12 10:25:08.375 65836 INFO tempest.lib.common.rest_client [req-3e4aab95-5973-4024-8b77-82619e643089 req-3e4aab95-5973-4024-8b77-82619e643089 ] Request (ServerRescueTestJSON:setUpClass): 200 GET http://10.180.1.21/compute/v2.1/servers/bb866875-e602-490e-8a15-e07a8e96ab82 0.337s
2025-12-12 10:25:08.435 65828 INFO tempest.lib.common.rest_client [req-3a8752c7-ea16-44ba-bf87-502d36ba68b4 req-3a8752c7-ea16-44ba-bf87-502d36ba68b4 ] Request (ServersAdmin275Test:test_rebuild_update_server_275): 200 GET http://10.180.1.21/compute/v2.1/servers/613e8576-c436-447d-95c6-0e6af6e59dc6 0.326s
2025-12-12 10:25:08.447 65860 INFO tempest.lib.common.rest_client [req-0d447dd8-1bb2-4901-adb1-6930937586b7 req-0d447dd8-1bb2-4901-adb1-6930937586b7 ] Request (ServersTestJSON:test_create_server_with_ipv6_addr_only): 200 GET http://10.180.1.21/compute/v2.1/servers/64239679-3608-46b7-a06c-3a23fbbe9854 0.275s
2025-12-12 10:25:08.511 65826 INFO tempest.lib.common.rest_client [req-fa498d84-00c1-4af5-8fac-2478805d57cb req-fa498d84-00c1-4af5-8fac-2478805d57cb ] Request (MigrationsAdminTest:test_resize_server_revert_deleted_flavor): 200 GET http://10.180.1.21/compute/v2.1/servers/c49f1f1b-1db5-4f0e-b0f7-bc77deac99b2 0.288s
2025-12-12 10:25:08.589 65872 INFO tempest.lib.common.rest_client [req-3305dd36-7998-48a4-866b-b04c701be5a4 req-3305dd36-7998-48a4-866b-b04c701be5a4 ] Request (AttachVolumeTestJSON:test_attach_detach_volume): 200 GET http://10.180.1.21/compute/v2.1/servers/b9c456df-5c98-4c19-8f34-26a25ae4b470 0.232s
2025-12-12 10:25:08.616 65862 INFO tempest.lib.common.rest_client [req-8f0e5c1a-0bb7-49b3-be37-dfb826ba7ff2 req-8f0e5c1a-0bb7-49b3-be37-dfb826ba7ff2 ] Request (ImagesOneServerNegativeTestJSON:_run_cleanups): 200 GET http://10.180.1.21/compute/v2.1/servers/3e8a06d8-2181-43e4-a791-71995b1c45de 0.326s
2025-12-12 10:25:08.623 65862 INFO tempest.common.waiters [-] State transition "BUILD/networking" ==> "BUILD/block_device_mapping" after 34 second wait
2025-12-12 10:25:08.648 65848 INFO tempest.lib.common.rest_client [req-f4b0b5a8-eedd-4a64-a533-70ee3b37f803 req-f4b0b5a8-eedd-4a64-a533-70ee3b37f803 ] Request (ListImageFiltersTestJSON:setUpClass): 200 GET http://10.180.1.21/compute/v2.1/images/b960c741-0ec7-481e-a567-1c9ebed0bd4a 0.217s
2025-12-12 10:25:08.653 65816 INFO tempest.lib.common.rest_client [req-c125127b-553f-457c-9aed-e203b6a41210 req-c125127b-553f-457c-9aed-e203b6a41210 ] Request (AttachInterfacesV270Test:tearDownClass): 200 GET http://10.180.1.21/compute/v2.1/servers/924c9c5b-45f3-4cce-baec-96ec60aecb31 0.222s
2025-12-12 10:25:08.714 65838 INFO tempest.lib.common.rest_client [req-aa66e29a-d098-46b0-93b2-b4fdf36cc670 req-aa66e29a-d098-46b0-93b2-b4fdf36cc670 ] Request (ServersTestFqdnHostnames:tearDownClass): 200 GET http://10.180.1.21/compute/v2.1/servers/82758096-0b1a-48f9-ba64-b31451be178f 0.104s
2025-12-12 10:25:08.775 65832 INFO tempest.lib.common.rest_client [req-077c45e4-034c-435e-b08d-04b2d42eedae req-077c45e4-034c-435e-b08d-04b2d42eedae ] Request (DeleteServersTestJSON:test_delete_server_while_in_shelved_state): 200 GET http://10.180.1.21/compute/v2.1/servers/9a96e2b5-fd0d-441a-9d7b-798eb3751534 0.112s
2025-12-12 10:25:08.808 65822 INFO tempest.lib.common.rest_client [req-8c9e5e35-5e60-4092-b760-321aa6d58661 req-8c9e5e35-5e60-4092-b760-321aa6d58661 ] Request (ServerAddressesNegativeTestJSON:setUpClass): 200 GET http://10.180.1.21/compute/v2.1/servers/d5abadfe-6b9a-4b2d-9aa7-3294076c351e 0.057s
2025-12-12 10:25:08.900 65824 INFO tempest.lib.common.rest_client [req-48d35b2f-1aab-4d85-a031-4113c7bd1426 req-48d35b2f-1aab-4d85-a031-4113c7bd1426 ] Request (ServerDiagnosticsTest:test_get_server_diagnostics): 200 GET http://10.180.1.21/compute/v2.1/servers/43d76726-0e1c-414e-abb0-8c827f8c59cc 0.113s
2025-12-12 10:25:08.909 65824 INFO tempest.common.waiters [-] State transition "BUILD/spawning" ==> "ACTIVE/None" after 43 second wait
2025-12-12 10:25:08.916 65870 INFO tempest.lib.common.rest_client [req-a3e7675e-5285-4ada-9809-b58df7f12eae req-a3e7675e-5285-4ada-9809-b58df7f12eae ] Request (ImagesOneServerTestJSON:tearDownClass): 200 GET http://10.180.1.21/compute/v2.1/servers/e45b13af-29eb-4001-93b6-742fec06727a 0.085s
2025-12-12 10:25:08.953 65869 INFO tempest.lib.common.rest_client [req-16a9383d-498f-4372-a5b6-fa026349ca82 req-16a9383d-498f-4372-a5b6-fa026349ca82 ] Request (ImagesTestJSON:test_create_server_from_snapshot): 200 GET http://10.180.1.21/compute/v2.1/images/ebdf5e4f-648a-44e5-94fb-4184d88d1e2a 0.075s
2025-12-12 10:25:08.961 65842 INFO tempest.lib.common.rest_client [req-f94fbadd-4aa8-4242-8512-4de72b1ca2bb req-f94fbadd-4aa8-4242-8512-4de72b1ca2bb ] Request (SecurityGroupsTestJSON:test_server_security_groups): 200 GET http://10.180.1.21/compute/v2.1/servers/562eddf2-ebca-402c-bd28-12d0666b460d 0.117s
2025-12-12 10:25:09.008 65854 INFO tempest.lib.common.rest_client [req-4eb18ece-9b7c-482f-8190-e97e91f0b64c req-4eb18ece-9b7c-482f-8190-e97e91f0b64c ] Request (ServersWithSpecificFlavorTestJSON:test_verify_created_server_ephemeral_disk): 200 GET http://10.180.1.21/compute/v2.1/servers/24ff80ee-307d-461a-8b52-edc167f0a998 0.124s
2025-12-12 10:25:09.035 65876 INFO tempest.lib.common.rest_client [req-12a6bfd5-235a-4f90-96ac-671a9390b1e9 req-12a6bfd5-235a-4f90-96ac-671a9390b1e9 ] Request (ServerActionsTestOtherB:test_create_backup): 200 GET http://10.180.1.21/image/v2/images/6be56d64-8a68-42d1-87f0-4d0045e217c4 0.024s
2025-12-12 10:25:09.076 65850 INFO tempest.lib.common.rest_client [req-547eb031-f07c-4d4b-815d-339b25854f50 req-547eb031-f07c-4d4b-815d-339b25854f50 ] Request (ServersAaction247Test:tearDownClass): 200 GET http://10.180.1.21/compute/v2.1/servers/c2a0c6a6-2deb-4887-9e22-7d34b95be7aa 0.095s
2025-12-12 10:25:09.250 65814 INFO tempest.lib.common.rest_client [req-700996b8-67ea-4892-bc07-7ec5816aa89a req-700996b8-67ea-4892-bc07-7ec5816aa89a ] Request (ServerGroupTestJSON:test_create_server_with_scheduler_hint_group): 200 GET http://10.180.1.21/compute/v2.1/servers/d71ab6ab-1b6f-43bd-ba8a-3f6df96440f1 0.235s
2025-12-12 10:25:09.310 65834 INFO tempest.lib.common.rest_client [req-de3c24a9-484a-4e4a-a237-233018e3f891 req-de3c24a9-484a-4e4a-a237-233018e3f891 ] Request (ServerShowV257Test:test_rebuild_server): 200 GET http://10.180.1.21/compute/v2.1/servers/7ed987c8-7959-4f74-9c72-d397b76f45d8 0.254s
2025-12-12 10:25:09.378 65874 INFO tempest.lib.common.rest_client [req-37093e84-5e55-47bb-96df-e1ca3f1198a2 req-37093e84-5e55-47bb-96df-e1ca3f1198a2 ] Request (AttachInterfacesUnderV243Test:_run_cleanups): 200 GET http://10.180.1.21/compute/v2.1/servers/78b6a078-6db3-42bd-85af-b27e10d98255 0.248s
2025-12-12 10:25:09.443 65866 INFO tempest.lib.common.rest_client [req-b45fe637-6a51-4747-a2de-d9b9c96e7160 req-b45fe637-6a51-4747-a2de-d9b9c96e7160 ] Request (ServersV294TestFqdnHostnames:tearDownClass): 200 GET http://10.180.1.21/compute/v2.1/servers/4f50d532-f168-4efd-b48c-84319586df8e 0.282s
2025-12-12 10:25:09.513 65852 INFO tempest.lib.common.rest_client [req-384af76e-fcf8-49f4-af14-9dac2c91fe14 req-384af76e-fcf8-49f4-af14-9dac2c91fe14 ] Request (ListServerFiltersTestJSON:tearDownClass): 200 GET http://10.180.1.21/compute/v2.1/servers/1804e78d-6522-4ef9-8cfb-b839c4ac8536 0.233s
2025-12-12 10:25:09.523 65852 INFO tempest.common.waiters [-] State transition "ACTIVE/deleting" ==> "DELETED/None" after 4 second wait
2025-12-12 10:25:09.607 65824 INFO tempest.lib.common.rest_client [req-21da996f-0dd7-4686-9d21-8a00071268d5 req-21da996f-0dd7-4686-9d21-8a00071268d5 ] Request (ServerDiagnosticsTest:test_get_server_diagnostics): 200 GET http://10.180.1.21/compute/v2.1/servers/43d76726-0e1c-414e-abb0-8c827f8c59cc/diagnostics 0.697s
2025-12-12 10:25:09.659 65830 INFO tempest.lib.common.rest_client [req-b887c509-4965-4084-9cad-cf9ed3e8a293 req-b887c509-4965-4084-9cad-cf9ed3e8a293 ] Request (ServerDiskConfigTestJSON:test_rebuild_server_with_auto_disk_config): 200 GET http://10.180.1.21/compute/v2.1/servers/b1d70a45-dcd0-4fd5-b3f9-df8e378102df 0.347s
2025-12-12 10:25:09.671 65844 INFO tempest.lib.common.rest_client [req-97c4bc09-69a5-4916-aeb4-014c97dc251c req-97c4bc09-69a5-4916-aeb4-014c97dc251c ] Request (InstanceActionsNegativeTestJSON:setUpClass): 200 GET http://10.180.1.21/compute/v2.1/servers/3c47bc14-7681-4c68-93ef-ff40097cc0d4 0.310s
2025-12-12 10:25:09.678 65844 INFO tempest.common.waiters [-] State transition "BUILD/None" ==> "BUILD/networking" after 33 second wait
2025-12-12 10:25:09.711 65836 INFO tempest.lib.common.rest_client [req-814e65cc-e34c-4df3-8ff4-74a1dd4268c9 req-814e65cc-e34c-4df3-8ff4-74a1dd4268c9 ] Request (ServerRescueTestJSON:setUpClass): 200 GET http://10.180.1.21/compute/v2.1/servers/bb866875-e602-490e-8a15-e07a8e96ab82 0.326s
2025-12-12 10:25:09.738 65828 INFO tempest.lib.common.rest_client [req-072dc054-493c-4fb6-8764-73d47ffb2f2a req-072dc054-493c-4fb6-8764-73d47ffb2f2a ] Request (ServersAdmin275Test:test_rebuild_update_server_275): 200 GET http://10.180.1.21/compute/v2.1/servers/613e8576-c436-447d-95c6-0e6af6e59dc6 0.288s
2025-12-12 10:25:09.796 65860 INFO tempest.lib.common.rest_client [req-85eb4f24-044c-4605-a5ca-7963e9cfbf20 req-85eb4f24-044c-4605-a5ca-7963e9cfbf20 ] Request (ServersTestJSON:test_create_server_with_ipv6_addr_only): 200 GET http://10.180.1.21/compute/v2.1/servers/64239679-3608-46b7-a06c-3a23fbbe9854 0.338s
2025-12-12 10:25:09.830 65826 INFO tempest.lib.common.rest_client [req-8304e79d-4458-4ee9-b7a7-3a384ee2d5c4 req-8304e79d-4458-4ee9-b7a7-3a384ee2d5c4 ] Request (MigrationsAdminTest:test_resize_server_revert_deleted_flavor): 200 GET http://10.180.1.21/compute/v2.1/servers/c49f1f1b-1db5-4f0e-b0f7-bc77deac99b2 0.311s
2025-12-12 10:25:09.858 65872 INFO tempest.lib.common.rest_client [req-ad4fa072-f246-4cfb-847a-f466208a6cdd req-ad4fa072-f246-4cfb-847a-f466208a6cdd ] Request (AttachVolumeTestJSON:test_attach_detach_volume): 200 GET http://10.180.1.21/compute/v2.1/servers/b9c456df-5c98-4c19-8f34-26a25ae4b470 0.259s
2025-12-12 10:25:09.934 65824 INFO tempest.lib.common.rest_client [req-e4ba84a8-420f-486c-8779-f401c4631436 req-e4ba84a8-420f-486c-8779-f401c4631436 ] Request (ServerDiagnosticsTest:tearDownClass): 204 DELETE http://10.180.1.21/compute/v2.1/servers/43d76726-0e1c-414e-abb0-8c827f8c59cc 0.326s
2025-12-12 10:25:09.975 65862 INFO tempest.lib.common.rest_client [req-2adfc60b-2c67-475b-a3eb-a7b3932f398d req-2adfc60b-2c67-475b-a3eb-a7b3932f398d ] Request (ImagesOneServerNegativeTestJSON:_run_cleanups): 200 GET http://10.180.1.21/compute/v2.1/servers/3e8a06d8-2181-43e4-a791-71995b1c45de 0.350s
2025-12-12 10:25:09.975 65848 INFO tempest.lib.common.rest_client [req-4b296925-dcd3-4bca-8aad-9a0cbb50a377 req-4b296925-dcd3-4bca-8aad-9a0cbb50a377 ] Request (ListImageFiltersTestJSON:setUpClass): 200 GET http://10.180.1.21/compute/v2.1/images/b960c741-0ec7-481e-a567-1c9ebed0bd4a 0.322s
2025-12-12 10:25:09.984 65862 INFO tempest.common.waiters [-] State transition "BUILD/block_device_mapping" ==> "BUILD/spawning" after 35 second wait
2025-12-12 10:25:10.047 65838 INFO tempest.lib.common.rest_client [req-a6b2c52e-013c-4c9b-a73c-dc1054d6b629 req-a6b2c52e-013c-4c9b-a73c-dc1054d6b629 ] Request (ServersTestFqdnHostnames:tearDownClass): 200 GET http://10.180.1.21/compute/v2.1/servers/82758096-0b1a-48f9-ba64-b31451be178f 0.324s
2025-12-12 10:25:10.061 65876 INFO tempest.lib.common.rest_client [req-7961d985-0436-44f0-b0d4-d82000b47f2e req-7961d985-0436-44f0-b0d4-d82000b47f2e ] Request (ServerActionsTestOtherB:test_create_backup): 200 GET http://10.180.1.21/image/v2/images/6be56d64-8a68-42d1-87f0-4d0045e217c4 0.023s
2025-12-12 10:25:10.068 65816 INFO tempest.lib.common.rest_client [req-30f6bf4f-5cc4-43d5-8bc8-dd7353b293cf req-30f6bf4f-5cc4-43d5-8bc8-dd7353b293cf ] Request (AttachInterfacesV270Test:tearDownClass): 200 GET http://10.180.1.21/compute/v2.1/servers/924c9c5b-45f3-4cce-baec-96ec60aecb31 0.402s
2025-12-12 10:25:10.170 65840 WARNING tempest.lib.common.ssh [-] Failed to establish authenticated ssh connection to cirros@10.180.180.245 ([Errno None] Unable to connect to port 22 on 10.180.180.245). Number attempts: 6. Retry after 7 seconds.: paramiko.ssh_exception.NoValidConnectionsError: [Errno None] Unable to connect to port 22 on 10.180.180.245
2025-12-12 10:25:10.213 65822 INFO tempest.lib.common.rest_client [req-0355f698-c138-444d-9818-94d611c9b95c req-0355f698-c138-444d-9818-94d611c9b95c ] Request (ServerAddressesNegativeTestJSON:setUpClass): 200 GET http://10.180.1.21/compute/v2.1/servers/d5abadfe-6b9a-4b2d-9aa7-3294076c351e 0.398s
2025-12-12 10:25:10.234 65832 INFO tempest.lib.common.rest_client [req-3df19634-52b6-4997-867e-6ad6a7a935a8 req-3df19634-52b6-4997-867e-6ad6a7a935a8 ] Request (DeleteServersTestJSON:test_delete_server_while_in_shelved_state): 200 GET http://10.180.1.21/compute/v2.1/servers/9a96e2b5-fd0d-441a-9d7b-798eb3751534 0.449s
2025-12-12 10:25:10.325 65870 INFO tempest.lib.common.rest_client [req-fcbbf278-f1e0-41ba-8756-00be9d7c685a req-fcbbf278-f1e0-41ba-8756-00be9d7c685a ] Request (ImagesOneServerTestJSON:tearDownClass): 200 GET http://10.180.1.21/compute/v2.1/servers/e45b13af-29eb-4001-93b6-742fec06727a 0.400s
2025-12-12 10:25:10.351 65824 INFO tempest.lib.common.rest_client [req-c6f4c712-af49-4319-a5e5-e2234854cc70 req-c6f4c712-af49-4319-a5e5-e2234854cc70 ] Request (ServerDiagnosticsTest:tearDownClass): 200 GET http://10.180.1.21/compute/v2.1/servers/43d76726-0e1c-414e-abb0-8c827f8c59cc 0.416s
2025-12-12 10:25:10.368 65869 INFO tempest.lib.common.rest_client [req-8ee11419-f20c-4bba-b399-51fdd365ab27 req-8ee11419-f20c-4bba-b399-51fdd365ab27 ] Request (ImagesTestJSON:test_create_server_from_snapshot): 200 GET http://10.180.1.21/compute/v2.1/images/ebdf5e4f-648a-44e5-94fb-4184d88d1e2a 0.411s
2025-12-12 10:25:10.422 65842 INFO tempest.lib.common.rest_client [req-9832afbf-388d-484f-946a-7fd07a476480 req-9832afbf-388d-484f-946a-7fd07a476480 ] Request (SecurityGroupsTestJSON:test_server_security_groups): 200 GET http://10.180.1.21/compute/v2.1/servers/562eddf2-ebca-402c-bd28-12d0666b460d 0.453s
2025-12-12 10:25:10.435 65854 INFO tempest.lib.common.rest_client [req-ea307c58-ea34-4a1d-836c-ea755e091ba0 req-ea307c58-ea34-4a1d-836c-ea755e091ba0 ] Request (ServersWithSpecificFlavorTestJSON:test_verify_created_server_ephemeral_disk): 200 GET http://10.180.1.21/compute/v2.1/servers/24ff80ee-307d-461a-8b52-edc167f0a998 0.408s
2025-12-12 10:25:10.494 65850 INFO tempest.lib.common.rest_client [req-edf36ab5-19bb-4c3a-83f3-b720d03f2179 req-edf36ab5-19bb-4c3a-83f3-b720d03f2179 ] Request (ServersAaction247Test:tearDownClass): 200 GET http://10.180.1.21/compute/v2.1/servers/c2a0c6a6-2deb-4887-9e22-7d34b95be7aa 0.401s
2025-12-12 10:25:10.576 65834 INFO tempest.lib.common.rest_client [req-4c078525-06f7-4dd5-8915-404d7d8a4b97 req-4c078525-06f7-4dd5-8915-404d7d8a4b97 ] Request (ServerShowV257Test:test_rebuild_server): 200 GET http://10.180.1.21/compute/v2.1/servers/7ed987c8-7959-4f74-9c72-d397b76f45d8 0.256s
2025-12-12 10:25:10.627 65814 INFO tempest.lib.common.rest_client [req-3334eff5-4517-41b8-b964-a0054be1d4bf req-3334eff5-4517-41b8-b964-a0054be1d4bf ] Request (ServerGroupTestJSON:test_create_server_with_scheduler_hint_group): 200 GET http://10.180.1.21/compute/v2.1/servers/d71ab6ab-1b6f-43bd-ba8a-3f6df96440f1 0.367s
2025-12-12 10:25:10.661 65874 INFO tempest.lib.common.rest_client [req-377671f9-da5d-4ee7-abaf-b0d4325fdabc req-377671f9-da5d-4ee7-abaf-b0d4325fdabc ] Request (AttachInterfacesUnderV243Test:_run_cleanups): 200 GET http://10.180.1.21/compute/v2.1/servers/78b6a078-6db3-42bd-85af-b27e10d98255 0.273s
2025-12-12 10:25:10.706 65866 INFO tempest.lib.common.rest_client [req-f99b5fcb-b2cd-4bd8-bbf4-4a0a9d95f6da req-f99b5fcb-b2cd-4bd8-bbf4-4a0a9d95f6da ] Request (ServersV294TestFqdnHostnames:tearDownClass): 200 GET http://10.180.1.21/compute/v2.1/servers/4f50d532-f168-4efd-b48c-84319586df8e 0.251s
2025-12-12 10:25:10.747 65852 INFO tempest.lib.common.rest_client [req-9bb52c6b-71ea-4699-8e54-6a58639898c8 req-9bb52c6b-71ea-4699-8e54-6a58639898c8 ] Request (ListServerFiltersTestJSON:tearDownClass): 200 GET http://10.180.1.21/compute/v2.1/servers/1804e78d-6522-4ef9-8cfb-b839c4ac8536 0.223s
2025-12-12 10:25:10.925 65830 INFO tempest.lib.common.rest_client [req-d64d1920-ebee-460c-b3a8-fc08645b0c50 req-d64d1920-ebee-460c-b3a8-fc08645b0c50 ] Request (ServerDiskConfigTestJSON:test_rebuild_server_with_auto_disk_config): 200 GET http://10.180.1.21/compute/v2.1/servers/b1d70a45-dcd0-4fd5-b3f9-df8e378102df 0.257s
2025-12-12 10:25:10.934 65830 INFO tempest.common.waiters [-] State transition "BUILD/spawning" ==> "ACTIVE/None" after 43 second wait
2025-12-12 10:25:10.945 65844 INFO tempest.lib.common.rest_client [req-3b593ef2-5689-41f1-864d-f4983d1ba555 req-3b593ef2-5689-41f1-864d-f4983d1ba555 ] Request (InstanceActionsNegativeTestJSON:setUpClass): 200 GET http://10.180.1.21/compute/v2.1/servers/3c47bc14-7681-4c68-93ef-ff40097cc0d4 0.265s
2025-12-12 10:25:10.953 65844 INFO tempest.common.waiters [-] State transition "BUILD/networking" ==> "BUILD/block_device_mapping" after 34 second wait
2025-12-12 10:25:10.980 65836 INFO tempest.lib.common.rest_client [req-7a5c8a6a-f809-4e5d-acfb-5dca31a59bda req-7a5c8a6a-f809-4e5d-acfb-5dca31a59bda ] Request (ServerRescueTestJSON:setUpClass): 200 GET http://10.180.1.21/compute/v2.1/servers/bb866875-e602-490e-8a15-e07a8e96ab82 0.256s
2025-12-12 10:25:11.010 65828 INFO tempest.lib.common.rest_client [req-972796c6-3a8f-4196-b42b-6173c84ecaac req-972796c6-3a8f-4196-b42b-6173c84ecaac ] Request (ServersAdmin275Test:test_rebuild_update_server_275): 200 GET http://10.180.1.21/compute/v2.1/servers/613e8576-c436-447d-95c6-0e6af6e59dc6 0.257s
2025-12-12 10:25:11.038 65860 INFO tempest.lib.common.rest_client [req-65910942-db7d-43f4-9a89-3b5dffc4d611 req-65910942-db7d-43f4-9a89-3b5dffc4d611 ] Request (ServersTestJSON:test_create_server_with_ipv6_addr_only): 200 GET http://10.180.1.21/compute/v2.1/servers/64239679-3608-46b7-a06c-3a23fbbe9854 0.231s
2025-12-12 10:25:11.087 65876 INFO tempest.lib.common.rest_client [req-b74e1bd0-def0-46b5-b958-d919b3230dd8 req-b74e1bd0-def0-46b5-b958-d919b3230dd8 ] Request (ServerActionsTestOtherB:test_create_backup): 200 GET http://10.180.1.21/image/v2/images/6be56d64-8a68-42d1-87f0-4d0045e217c4 0.025s
2025-12-12 10:25:11.112 65872 INFO tempest.lib.common.rest_client [req-36724fa9-d6ee-4a8b-be61-52c3cd0f5d5d req-36724fa9-d6ee-4a8b-be61-52c3cd0f5d5d ] Request (AttachVolumeTestJSON:test_attach_detach_volume): 200 GET http://10.180.1.21/compute/v2.1/servers/b9c456df-5c98-4c19-8f34-26a25ae4b470 0.245s
2025-12-12 10:25:11.292 65830 INFO tempest.lib.common.rest_client [req-01b5d806-cfaf-4c43-b012-94986f7d9906 req-01b5d806-cfaf-4c43-b012-94986f7d9906 ] Request (ServerDiskConfigTestJSON:test_rebuild_server_with_auto_disk_config): 200 GET http://10.180.1.21/compute/v2.1/servers/b1d70a45-dcd0-4fd5-b3f9-df8e378102df 0.357s
2025-12-12 10:25:11.326 65848 INFO tempest.lib.common.rest_client [req-e4647664-e405-4d43-9c19-c416d9d33283 req-e4647664-e405-4d43-9c19-c416d9d33283 ] Request (ListImageFiltersTestJSON:setUpClass): 200 GET http://10.180.1.21/compute/v2.1/images/b960c741-0ec7-481e-a567-1c9ebed0bd4a 0.346s
2025-12-12 10:25:11.375 65826 INFO tempest.lib.common.rest_client [req-6e8526d4-a305-4f98-a9db-6d41361afdbc req-6e8526d4-a305-4f98-a9db-6d41361afdbc ] Request (MigrationsAdminTest:test_resize_server_revert_deleted_flavor): 200 GET http://10.180.1.21/compute/v2.1/servers/c49f1f1b-1db5-4f0e-b0f7-bc77deac99b2 0.534s
2025-12-12 10:25:11.442 65862 INFO tempest.lib.common.rest_client [req-40a354ee-b260-4b5a-bc80-28ede754cf46 req-40a354ee-b260-4b5a-bc80-28ede754cf46 ] Request (ImagesOneServerNegativeTestJSON:_run_cleanups): 200 GET http://10.180.1.21/compute/v2.1/servers/3e8a06d8-2181-43e4-a791-71995b1c45de 0.456s
2025-12-12 10:25:11.463 65838 INFO tempest.lib.common.rest_client [req-6e66031d-5061-47fe-8778-41bc7f39742e req-6e66031d-5061-47fe-8778-41bc7f39742e ] Request (ServersTestFqdnHostnames:tearDownClass): 200 GET http://10.180.1.21/compute/v2.1/servers/82758096-0b1a-48f9-ba64-b31451be178f 0.406s
2025-12-12 10:25:11.527 65816 INFO tempest.lib.common.rest_client [req-8fe221e9-afec-42f1-9c8b-81c969e7bf8a req-8fe221e9-afec-42f1-9c8b-81c969e7bf8a ] Request (AttachInterfacesV270Test:tearDownClass): 200 GET http://10.180.1.21/compute/v2.1/servers/924c9c5b-45f3-4cce-baec-96ec60aecb31 0.444s
2025-12-12 10:25:11.539 65822 INFO tempest.lib.common.rest_client [req-78f90073-827a-4a0f-ac28-59d7a2dd2c61 req-78f90073-827a-4a0f-ac28-59d7a2dd2c61 ] Request (ServerAddressesNegativeTestJSON:setUpClass): 200 GET http://10.180.1.21/compute/v2.1/servers/d5abadfe-6b9a-4b2d-9aa7-3294076c351e 0.316s
2025-12-12 10:25:11.697 65832 INFO tempest.lib.common.rest_client [req-64c46aa3-6a1e-4594-a435-d5a4739b7e33 req-64c46aa3-6a1e-4594-a435-d5a4739b7e33 ] Request (DeleteServersTestJSON:test_delete_server_while_in_shelved_state): 200 GET http://10.180.1.21/compute/v2.1/servers/9a96e2b5-fd0d-441a-9d7b-798eb3751534 0.454s
2025-12-12 10:25:11.764 65830 INFO tempest.lib.common.rest_client [req-6ed095a3-441c-42a0-a21a-105a7a6bf5b6 req-6ed095a3-441c-42a0-a21a-105a7a6bf5b6 ] Request (ServerDiskConfigTestJSON:test_rebuild_server_with_auto_disk_config): 202 POST http://10.180.1.21/compute/v2.1/servers/b1d70a45-dcd0-4fd5-b3f9-df8e378102df/action 0.462s
2025-12-12 10:25:11.765 65870 INFO tempest.lib.common.rest_client [req-a62fce5d-4efe-441c-9101-70927f4c5be6 req-a62fce5d-4efe-441c-9101-70927f4c5be6 ] Request (ImagesOneServerTestJSON:tearDownClass): 200 GET http://10.180.1.21/compute/v2.1/servers/e45b13af-29eb-4001-93b6-742fec06727a 0.431s
2025-12-12 10:25:11.802 65869 INFO tempest.lib.common.rest_client [req-2f3ceb36-71d1-4bff-9d64-4ee46cc59b50 req-2f3ceb36-71d1-4bff-9d64-4ee46cc59b50 ] Request (ImagesTestJSON:test_create_server_from_snapshot): 200 GET http://10.180.1.21/compute/v2.1/images/ebdf5e4f-648a-44e5-94fb-4184d88d1e2a 0.430s
2025-12-12 10:25:11.890 65842 INFO tempest.lib.common.rest_client [req-3c213a2b-e73d-413d-9305-4fe7f163f50e req-3c213a2b-e73d-413d-9305-4fe7f163f50e ] Request (SecurityGroupsTestJSON:test_server_security_groups): 200 GET http://10.180.1.21/compute/v2.1/servers/562eddf2-ebca-402c-bd28-12d0666b460d 0.458s
2025-12-12 10:25:11.913 65824 INFO tempest.lib.common.rest_client [req-a5f34472-304f-4404-a020-efca5a28716c req-a5f34472-304f-4404-a020-efca5a28716c ] Request (ServerDiagnosticsTest:tearDownClass): 200 GET http://10.180.1.21/compute/v2.1/servers/43d76726-0e1c-414e-abb0-8c827f8c59cc 0.553s
2025-12-12 10:25:11.938 65850 INFO tempest.lib.common.rest_client [req-f4c35204-0cf4-4f07-8aae-582bd9f6a604 req-f4c35204-0cf4-4f07-8aae-582bd9f6a604 ] Request (ServersAaction247Test:tearDownClass): 404 GET http://10.180.1.21/compute/v2.1/servers/c2a0c6a6-2deb-4887-9e22-7d34b95be7aa 0.433s
2025-12-12 10:25:11.966 65854 INFO tempest.lib.common.rest_client [req-b195f7e0-f78d-4dbf-a460-8b5c5fbdd8ac req-b195f7e0-f78d-4dbf-a460-8b5c5fbdd8ac ] Request (ServersWithSpecificFlavorTestJSON:test_verify_created_server_ephemeral_disk): 200 GET http://10.180.1.21/compute/v2.1/servers/24ff80ee-307d-461a-8b52-edc167f0a998 0.523s
2025-12-12 10:25:11.974 65854 INFO tempest.common.waiters [-] State transition "BUILD/scheduling" ==> "BUILD/None" after 20 second wait
2025-12-12 10:25:12.011 65834 INFO tempest.lib.common.rest_client [req-b5fd99a5-c9c6-421a-b61e-b0242dc08320 req-b5fd99a5-c9c6-421a-b61e-b0242dc08320 ] Request (ServerShowV257Test:test_rebuild_server): 200 GET http://10.180.1.21/compute/v2.1/servers/7ed987c8-7959-4f74-9c72-d397b76f45d8 0.424s
2025-12-12 10:25:12.060 65850 INFO tempest.lib.common.rest_client [req-3dc0480a-aeed-4905-9abf-0afdf87f9775 req-3dc0480a-aeed-4905-9abf-0afdf87f9775 ] Request (ServersAaction247Test:tearDownClass): 204 DELETE http://10.180.1.21/identity/v3/users/ae23c48d22064fa39d8509f0d88b3e69 0.121s
2025-12-12 10:25:12.060 65850 INFO tempest.lib.common.dynamic_creds [-] Deleting project and security group for project: 8adef2c21a6540dcb903100bbb7b844e
2025-12-12 10:25:12.091 65874 INFO tempest.lib.common.rest_client [req-bd6b329b-dbc4-443b-ab29-dd205080ebf8 req-bd6b329b-dbc4-443b-ab29-dd205080ebf8 ] Request (AttachInterfacesUnderV243Test:_run_cleanups): 200 GET http://10.180.1.21/compute/v2.1/servers/78b6a078-6db3-42bd-85af-b27e10d98255 0.421s
2025-12-12 10:25:12.101 65814 INFO tempest.lib.common.rest_client [req-1ffbe7f8-8fde-4105-a7bf-4e664a2b43b5 req-1ffbe7f8-8fde-4105-a7bf-4e664a2b43b5 ] Request (ServerGroupTestJSON:test_create_server_with_scheduler_hint_group): 200 GET http://10.180.1.21/compute/v2.1/servers/d71ab6ab-1b6f-43bd-ba8a-3f6df96440f1 0.464s
2025-12-12 10:25:12.115 65876 INFO tempest.lib.common.rest_client [req-fdd128c1-6cde-46ff-8c7e-2e61e10f5ba9 req-fdd128c1-6cde-46ff-8c7e-2e61e10f5ba9 ] Request (ServerActionsTestOtherB:test_create_backup): 200 GET http://10.180.1.21/image/v2/images/6be56d64-8a68-42d1-87f0-4d0045e217c4 0.026s
2025-12-12 10:25:12.161 65850 INFO tempest.lib.common.rest_client [req-1fc9178d-e1b8-4285-9988-ca23b9bc1e50 req-1fc9178d-e1b8-4285-9988-ca23b9bc1e50 ] Request (ServersAaction247Test:tearDownClass): 201 POST http://10.180.1.21/identity/v3/auth/tokens 0.101s
2025-12-12 10:25:12.191 65866 INFO tempest.lib.common.rest_client [req-fc72c68b-48d4-4646-9224-62b9ac5f8166 req-fc72c68b-48d4-4646-9224-62b9ac5f8166 ] Request (ServersV294TestFqdnHostnames:tearDownClass): 200 GET http://10.180.1.21/compute/v2.1/servers/4f50d532-f168-4efd-b48c-84319586df8e 0.472s
2025-12-12 10:25:12.342 65850 INFO tempest.lib.common.rest_client [req-27d892d8-9174-4c3a-a75d-cbca50a28f40 req-27d892d8-9174-4c3a-a75d-cbca50a28f40 ] Request (ServersAaction247Test:tearDownClass): 200 GET http://10.180.1.21/networking/v2.0/security-groups?tenant_id=8adef2c21a6540dcb903100bbb7b844e&name=default 0.180s
2025-12-12 10:25:12.364 65852 INFO tempest.lib.common.rest_client [req-43262f6b-0fb0-41e1-9e09-7e3898a1dbec req-43262f6b-0fb0-41e1-9e09-7e3898a1dbec ] Request (ListServerFiltersTestJSON:tearDownClass): 200 GET http://10.180.1.21/compute/v2.1/servers/1804e78d-6522-4ef9-8cfb-b839c4ac8536 0.608s
2025-12-12 10:25:12.500 65830 INFO tempest.lib.common.rest_client [req-7076f55c-07be-463d-9b6f-627c24ae6b27 req-7076f55c-07be-463d-9b6f-627c24ae6b27 ] Request (ServerDiskConfigTestJSON:test_rebuild_server_with_auto_disk_config): 200 GET http://10.180.1.21/compute/v2.1/servers/b1d70a45-dcd0-4fd5-b3f9-df8e378102df 0.727s
2025-12-12 10:25:12.531 65844 INFO tempest.lib.common.rest_client [req-3489ac08-1d8e-451a-8942-9554a091b651 req-3489ac08-1d8e-451a-8942-9554a091b651 ] Request (InstanceActionsNegativeTestJSON:setUpClass): 200 GET http://10.180.1.21/compute/v2.1/servers/3c47bc14-7681-4c68-93ef-ff40097cc0d4 0.576s
2025-12-12 10:25:12.542 65844 INFO tempest.common.waiters [-] State transition "BUILD/block_device_mapping" ==> "BUILD/spawning" after 36 second wait
2025-12-12 10:25:12.542 65850 INFO tempest.lib.common.rest_client [req-6cf35afe-4a79-4d11-a49f-b4d9121005e6 req-6cf35afe-4a79-4d11-a49f-b4d9121005e6 ] Request (ServersAaction247Test:tearDownClass): 204 DELETE http://10.180.1.21/networking/v2.0/security-groups/fd513b78-c0fa-44b4-9835-dafc4e09d4c7 0.199s
2025-12-12 10:25:12.574 65836 INFO tempest.lib.common.rest_client [req-0b344ec7-62fc-4e36-9c07-26e6f217b759 req-0b344ec7-62fc-4e36-9c07-26e6f217b759 ] Request (ServerRescueTestJSON:setUpClass): 200 GET http://10.180.1.21/compute/v2.1/servers/bb866875-e602-490e-8a15-e07a8e96ab82 0.585s
2025-12-12 10:25:12.581 65836 INFO tempest.common.waiters [-] State transition "BUILD/scheduling" ==> "BUILD/None" after 20 second wait
2025-12-12 10:25:12.605 65828 INFO tempest.lib.common.rest_client [req-ffb53443-a1df-4e72-b38b-7705707a2c9b req-ffb53443-a1df-4e72-b38b-7705707a2c9b ] Request (ServersAdmin275Test:test_rebuild_update_server_275): 200 GET http://10.180.1.21/compute/v2.1/servers/613e8576-c436-447d-95c6-0e6af6e59dc6 0.582s
2025-12-12 10:25:12.618 65828 INFO tempest.common.waiters [-] State transition "BUILD/spawning" ==> "ACTIVE/None" after 39 second wait
2025-12-12 10:25:12.633 65860 INFO tempest.lib.common.rest_client [req-531697b2-ac69-4f31-be44-d493e7601a23 req-531697b2-ac69-4f31-be44-d493e7601a23 ] Request (ServersTestJSON:test_create_server_with_ipv6_addr_only): 200 GET http://10.180.1.21/compute/v2.1/servers/64239679-3608-46b7-a06c-3a23fbbe9854 0.585s
2025-12-12 10:25:12.644 65850 INFO tempest.lib.common.rest_client [req-549b50a6-8214-4fd0-b0c4-8ab747974c77 req-549b50a6-8214-4fd0-b0c4-8ab747974c77 ] Request (ServersAaction247Test:tearDownClass): 204 DELETE http://10.180.1.21/identity/v3/projects/8adef2c21a6540dcb903100bbb7b844e 0.102s
2025-12-12 10:25:12.645 65850 INFO tempest.test [-] raised in ServerStableDeviceRescueTest.setUpClass. Invoking tearDownClass.
2025-12-12 10:25:12.678 65848 INFO tempest.lib.common.rest_client [req-2e451078-c1a7-4c14-90bf-d84f5d3cea7a req-2e451078-c1a7-4c14-90bf-d84f5d3cea7a ] Request (ListImageFiltersTestJSON:setUpClass): 200 GET http://10.180.1.21/compute/v2.1/images/b960c741-0ec7-481e-a567-1c9ebed0bd4a 0.348s
2025-12-12 10:25:12.679 65872 INFO tempest.lib.common.rest_client [req-e6c17741-8b7f-4adf-b577-66ddcf4a7354 req-e6c17741-8b7f-4adf-b577-66ddcf4a7354 ] Request (AttachVolumeTestJSON:test_attach_detach_volume): 200 GET http://10.180.1.21/compute/v2.1/servers/b9c456df-5c98-4c19-8f34-26a25ae4b470 0.557s
2025-12-12 10:25:12.723 65850 INFO tempest.lib.common.rest_client [req-4cc976cb-b99b-4700-9d1a-799ea92591f8 req-4cc976cb-b99b-4700-9d1a-799ea92591f8 ] Request (ExtensionsTest:setUpClass): 201 POST http://10.180.1.21/identity/v3/auth/tokens 0.075s
2025-12-12 10:25:12.757 65850 INFO tempest.lib.common.rest_client [req-7970c93d-7b81-4ddc-800f-9feeaf9d2e63 req-7970c93d-7b81-4ddc-800f-9feeaf9d2e63 ] Request (ExtensionsTest:setUpClass): 201 POST http://10.180.1.21/identity/v3/auth/tokens 0.031s
2025-12-12 10:25:12.763 65826 INFO tempest.lib.common.rest_client [req-2eaa18e7-332a-4181-9fa2-37f6e6a2f02d req-2eaa18e7-332a-4181-9fa2-37f6e6a2f02d ] Request (MigrationsAdminTest:test_resize_server_revert_deleted_flavor): 200 GET http://10.180.1.21/compute/v2.1/servers/c49f1f1b-1db5-4f0e-b0f7-bc77deac99b2 0.380s
2025-12-12 10:25:12.794 65862 INFO tempest.lib.common.rest_client [req-0a22440b-d391-4d97-80ae-d7684e350c96 req-0a22440b-d391-4d97-80ae-d7684e350c96 ] Request (ImagesOneServerNegativeTestJSON:_run_cleanups): 200 GET http://10.180.1.21/compute/v2.1/servers/3e8a06d8-2181-43e4-a791-71995b1c45de 0.343s
2025-12-12 10:25:12.796 65850 INFO tempest.lib.common.rest_client [req-6697f158-4db3-41c7-bc7c-46e663a0c4d6 req-6697f158-4db3-41c7-bc7c-46e663a0c4d6 ] Request (ExtensionsTest:setUpClass): 200 GET http://10.180.1.21/identity/v3/domains?name=Default 0.038s
2025-12-12 10:25:12.835 65838 INFO tempest.lib.common.rest_client [req-ce102890-6033-4246-b0da-d7f050edd2ba req-ce102890-6033-4246-b0da-d7f050edd2ba ] Request (ServersTestFqdnHostnames:tearDownClass): 200 GET http://10.180.1.21/compute/v2.1/servers/82758096-0b1a-48f9-ba64-b31451be178f 0.364s
2025-12-12 10:25:12.840 65850 INFO tempest.lib.common.rest_client [req-c1384a70-b180-4a59-b897-fd5e7b81b93b req-c1384a70-b180-4a59-b897-fd5e7b81b93b ] Request (ExtensionsTest:setUpClass): 201 POST http://10.180.1.21/identity/v3/projects 0.043s
2025-12-12 10:25:12.872 65816 INFO tempest.lib.common.rest_client [req-ab64ae1b-4263-4514-9b30-91bb23a3cfb9 req-ab64ae1b-4263-4514-9b30-91bb23a3cfb9 ] Request (AttachInterfacesV270Test:tearDownClass): 200 GET http://10.180.1.21/compute/v2.1/servers/924c9c5b-45f3-4cce-baec-96ec60aecb31 0.335s
2025-12-12 10:25:12.897 65822 INFO tempest.lib.common.rest_client [req-77596ec8-288f-4e66-89f6-148de072e6e9 req-77596ec8-288f-4e66-89f6-148de072e6e9 ] Request (ServerAddressesNegativeTestJSON:setUpClass): 200 GET http://10.180.1.21/compute/v2.1/servers/d5abadfe-6b9a-4b2d-9aa7-3294076c351e 0.348s
2025-12-12 10:25:12.918 65850 INFO tempest.lib.common.rest_client [req-227be5ac-dda3-4a7b-ab8a-de67e80d6f63 req-227be5ac-dda3-4a7b-ab8a-de67e80d6f63 ] Request (ExtensionsTest:setUpClass): 201 POST http://10.180.1.21/identity/v3/users 0.077s
2025-12-12 10:25:12.959 65850 INFO tempest.lib.common.rest_client [req-5deafa9f-0af8-4815-a637-c70c6b2eea05 req-5deafa9f-0af8-4815-a637-c70c6b2eea05 ] Request (ExtensionsTest:setUpClass): 200 GET http://10.180.1.21/identity/v3/roles 0.040s
2025-12-12 10:25:12.989 65850 INFO tempest.lib.common.rest_client [req-ad2622bc-130d-4840-a5d9-a414aab134d3 req-ad2622bc-130d-4840-a5d9-a414aab134d3 ] Request (ExtensionsTest:setUpClass): 204 PUT http://10.180.1.21/identity/v3/projects/d3553ddc52df46bbaba35330d8707cd9/users/ba0f2fc4c949457482f6a6e6a9008aae/roles/76d0949b9e50412c8059a61b411e68cd 0.029s
2025-12-12 10:25:12.989 65850 INFO tempest.lib.common.dynamic_creds [-] Dynamic test user ba0f2fc4c949457482f6a6e6a9008aae is created with scope project and roles: ['member']
2025-12-12 10:25:12.989 65850 INFO tempest.lib.common.dynamic_creds [-] Acquired dynamic creds: credentials: Credentials: {'domain_id': 'default', 'domain_name': 'Default', 'username': 'tempest-ExtensionsTest-1152520590-project-member', 'project_domain_id': 'default', 'project_domain_name': 'Default', 'project_id': 'd3553ddc52df46bbaba35330d8707cd9', 'project_name': 'tempest-ExtensionsTest-1152520590', 'tenant_id': 'd3553ddc52df46bbaba35330d8707cd9', 'tenant_name': 'tempest-ExtensionsTest-1152520590', 'user_domain_id': 'default', 'user_domain_name': 'Default', 'user_id': 'ba0f2fc4c949457482f6a6e6a9008aae', 'system': None}, Network: None, Subnet: None, Router: None
2025-12-12 10:25:12.989 65850 INFO tempest.lib.common.dynamic_creds [-] Created isolated network resources for: credentials: Credentials: {'domain_id': 'default', 'domain_name': 'Default', 'username': 'tempest-ExtensionsTest-1152520590-project-member', 'project_domain_id': 'default', 'project_domain_name': 'Default', 'project_id': 'd3553ddc52df46bbaba35330d8707cd9', 'project_name': 'tempest-ExtensionsTest-1152520590', 'tenant_id': 'd3553ddc52df46bbaba35330d8707cd9', 'tenant_name': 'tempest-ExtensionsTest-1152520590', 'user_domain_id': 'default', 'user_domain_name': 'Default', 'user_id': 'ba0f2fc4c949457482f6a6e6a9008aae', 'system': None}, Network: None, Subnet: None, Router: None
2025-12-12 10:25:13.040 65832 INFO tempest.lib.common.rest_client [req-6059c369-593e-47fe-8a21-60c26da4d70e req-6059c369-593e-47fe-8a21-60c26da4d70e ] Request (DeleteServersTestJSON:test_delete_server_while_in_shelved_state): 200 GET http://10.180.1.21/compute/v2.1/servers/9a96e2b5-fd0d-441a-9d7b-798eb3751534 0.335s
2025-12-12 10:25:13.132 65850 INFO tempest.lib.common.rest_client [req-46c5c00e-7c5a-4b7e-b0df-951c45eec545 req-46c5c00e-7c5a-4b7e-b0df-951c45eec545 ] Request (ExtensionsTest:setUpClass): 201 POST http://10.180.1.21/identity/v3/auth/tokens 0.136s
2025-12-12 10:25:13.133 65876 INFO tempest.lib.common.rest_client [req-8cff82f8-6eb4-43fe-830d-100fadd57533 req-8cff82f8-6eb4-43fe-830d-100fadd57533 ] Request (ServerActionsTestOtherB:test_create_backup): 200 GET http://10.180.1.21/image/v2/images/6be56d64-8a68-42d1-87f0-4d0045e217c4 0.016s
2025-12-12 10:25:13.158 65828 INFO tempest.lib.common.rest_client [req-c46397e2-feda-4459-ba67-3615e6249c8b req-c46397e2-feda-4459-ba67-3615e6249c8b ] Request (ServersAdmin275Test:test_rebuild_update_server_275): 202 POST http://10.180.1.21/compute/v2.1/servers/613e8576-c436-447d-95c6-0e6af6e59dc6/action 0.539s
2025-12-12 10:25:13.175 65870 INFO tempest.lib.common.rest_client [req-7993368f-32a3-4746-a2be-0c421223c8a0 req-7993368f-32a3-4746-a2be-0c421223c8a0 ] Request (ImagesOneServerTestJSON:tearDownClass): 200 GET http://10.180.1.21/compute/v2.1/servers/e45b13af-29eb-4001-93b6-742fec06727a 0.401s
2025-12-12 10:25:13.200 65869 INFO tempest.lib.common.rest_client [req-290b54a8-951e-455b-8d60-2770fe7bb941 req-290b54a8-951e-455b-8d60-2770fe7bb941 ] Request (ImagesTestJSON:test_create_server_from_snapshot): 200 GET http://10.180.1.21/compute/v2.1/images/ebdf5e4f-648a-44e5-94fb-4184d88d1e2a 0.393s
2025-12-12 10:25:13.258 65842 INFO tempest.lib.common.rest_client [req-e0b74ec9-aaf6-4f66-8fd2-436abb232dee req-e0b74ec9-aaf6-4f66-8fd2-436abb232dee ] Request (SecurityGroupsTestJSON:test_server_security_groups): 200 GET http://10.180.1.21/compute/v2.1/servers/562eddf2-ebca-402c-bd28-12d0666b460d 0.358s
2025-12-12 10:25:13.271 65824 INFO tempest.lib.common.rest_client [req-af6c5a0d-3c9f-4a9f-a508-d7bf7ce84611 req-af6c5a0d-3c9f-4a9f-a508-d7bf7ce84611 ] Request (ServerDiagnosticsTest:tearDownClass): 200 GET http://10.180.1.21/compute/v2.1/servers/43d76726-0e1c-414e-abb0-8c827f8c59cc 0.344s
2025-12-12 10:25:13.315 65854 INFO tempest.lib.common.rest_client [req-ebf0b20c-ebe6-47d6-b2c1-65d126deae15 req-ebf0b20c-ebe6-47d6-b2c1-65d126deae15 ] Request (ServersWithSpecificFlavorTestJSON:test_verify_created_server_ephemeral_disk): 200 GET http://10.180.1.21/compute/v2.1/servers/24ff80ee-307d-461a-8b52-edc167f0a998 0.340s
2025-12-12 10:25:13.334 65834 INFO tempest.lib.common.rest_client [req-e8384259-0820-4bd9-9f74-2e1da8a225bc req-e8384259-0820-4bd9-9f74-2e1da8a225bc ] Request (ServerShowV257Test:test_rebuild_server): 200 GET http://10.180.1.21/compute/v2.1/servers/7ed987c8-7959-4f74-9c72-d397b76f45d8 0.309s
2025-12-12 10:25:13.387 65874 INFO tempest.lib.common.rest_client [req-3c749d25-b840-45fd-b05c-6026911375d7 req-3c749d25-b840-45fd-b05c-6026911375d7 ] Request (AttachInterfacesUnderV243Test:_run_cleanups): 200 GET http://10.180.1.21/compute/v2.1/servers/78b6a078-6db3-42bd-85af-b27e10d98255 0.286s
2025-12-12 10:25:13.466 65814 INFO tempest.lib.common.rest_client [req-ea282566-64d9-48fd-9b69-0dbdbe5068f9 req-ea282566-64d9-48fd-9b69-0dbdbe5068f9 ] Request (ServerGroupTestJSON:test_create_server_with_scheduler_hint_group): 200 GET http://10.180.1.21/compute/v2.1/servers/d71ab6ab-1b6f-43bd-ba8a-3f6df96440f1 0.358s
