2025-12-12 10:21:25.323 65854 INFO tempest.lib.common.dynamic_creds [-] Created isolated network resources for: credentials: Credentials: {'domain_id': 'default', 'domain_name': 'Default', 'username': 'tempest-ServersWithSpecificFlavorTestJSON-1121879236-project-member', 'project_domain_id': 'default', 'project_domain_name': 'Default', 'project_id': 'b9781a2299df46e3a4cb37bf5868e9e3', 'project_name': 'tempest-ServersWithSpecificFlavorTestJSON-1121879236', 'tenant_id': 'b9781a2299df46e3a4cb37bf5868e9e3', 'tenant_name': 'tempest-ServersWithSpecificFlavorTestJSON-1121879236', 'user_domain_id': 'default', 'user_domain_name': 'Default', 'user_id': '54fc31b8ea7e43529cb60588ad6df897', 'system': None}, Network: {'id': 'ffabc5fb-232f-4854-9ff0-37187b95219c', 'name': 'tempest-ServersWithSpecificFlavorTestJSON-1376401691-network', 'tenant_id': 'b9781a2299df46e3a4cb37bf5868e9e3', 'project_id': 'b9781a2299df46e3a4cb37bf5868e9e3', 'admin_state_up': True, 'mtu': 8950, 'status': 'ACTIVE', 'subnets': [], 'shared': False, 'port_security_enabled': True, 'router:external': False, 'provider:network_type': 'vlan', 'provider:physical_network': 'default', 'provider:segmentation_id': 913, 'availability_zone_hints': [], 'availability_zones': [], 'ipv4_address_scope': None, 'ipv6_address_scope': None, 'description': '', 'tags': [], 'created_at': '2025-12-12T10:21:21Z', 'updated_at': '2025-12-12T10:21:21Z', 'revision_number': 1}, Subnet: {'id': '16553ecb-3e56-4188-bfd0-d6122e6dc904', 'name': 'tempest-ServersWithSpecificFlavorTestJSON-1376401691-subnet', 'tenant_id': 'b9781a2299df46e3a4cb37bf5868e9e3', 'network_id': 'ffabc5fb-232f-4854-9ff0-37187b95219c', 'ip_version': 4, 'subnetpool_id': None, 'enable_dhcp': True, 'ipv6_ra_mode': None, 'ipv6_address_mode': None, 'gateway_ip': '192.168.128.1', 'cidr': '192.168.128.0/28', 'allocation_pools': [{'start': '192.168.128.2', 'end': '192.168.128.14'}], 'host_routes': [], 'dns_nameservers': [], 'description': '', 'router:external': False, 'service_types': [], 'tags': [], 'created_at': '2025-12-12T10:21:22Z', 'updated_at': '2025-12-12T10:21:22Z', 'revision_number': 0, 'project_id': 'b9781a2299df46e3a4cb37bf5868e9e3'}, Router: {'id': 'ec9dafef-10c3-43c9-b474-5a1a1d72b3c7', 'name': 'tempest-ServersWithSpecificFlavorTestJSON-1376401691-router', 'tenant_id': 'b9781a2299df46e3a4cb37bf5868e9e3', 'admin_state_up': True, 'status': 'ACTIVE', 'external_gateway_info': {'network_id': '527e60c1-b54c-4755-8c75-6419791c243e', 'external_fixed_ips': [{'subnet_id': '264afd0e-685d-4246-8fc1-f050b4e9877e', 'ip_address': '10.180.180.170'}], 'enable_snat': True}, 'description': '', 'availability_zones': [], 'distributed': False, 'ha': False, 'availability_zone_hints': [], 'routes': [], 'flavor_id': None, 'tags': [], 'created_at': '2025-12-12T10:21:23Z', 'updated_at': '2025-12-12T10:21:24Z', 'revision_number': 2, 'project_id': 'b9781a2299df46e3a4cb37bf5868e9e3'}
2025-12-12 10:21:25.341 65828 INFO tempest.lib.common.rest_client [req-5f632600-e207-4ee4-903f-9ef5b303edb2 req-5f632600-e207-4ee4-903f-9ef5b303edb2 ] Request (FlavorsAdminTestJSON:test_create_flavor_using_string_ram): 200 POST http://10.180.1.21/compute/v2.1/flavors 1.627s
2025-12-12 10:21:25.345 65869 INFO tempest.lib.common.rest_client [req-dd5684b7-41f8-4a9e-8167-8fa2767c40c2 req-dd5684b7-41f8-4a9e-8167-8fa2767c40c2 ] Request (ImagesTestJSON:setUpClass): 204 PUT http://10.180.1.21/identity/v3/projects/171bacf1f1914f53acbb59e58b5d9fe2/users/c84291d073c6498d9d234f1a7afa58df/roles/76d0949b9e50412c8059a61b411e68cd 0.676s
2025-12-12 10:21:25.345 65869 INFO tempest.lib.common.dynamic_creds [-] Dynamic test user c84291d073c6498d9d234f1a7afa58df is created with scope project and roles: ['member']
2025-12-12 10:21:25.346 65869 INFO tempest.lib.common.dynamic_creds [-] Acquired dynamic creds: credentials: Credentials: {'domain_id': 'default', 'domain_name': 'Default', 'username': 'tempest-ImagesTestJSON-1477379533-project-member', 'project_domain_id': 'default', 'project_domain_name': 'Default', 'project_id': '171bacf1f1914f53acbb59e58b5d9fe2', 'project_name': 'tempest-ImagesTestJSON-1477379533', 'tenant_id': '171bacf1f1914f53acbb59e58b5d9fe2', 'tenant_name': 'tempest-ImagesTestJSON-1477379533', 'user_domain_id': 'default', 'user_domain_name': 'Default', 'user_id': 'c84291d073c6498d9d234f1a7afa58df', 'system': None}, Network: None, Subnet: None, Router: None
2025-12-12 10:21:25.348 65870 INFO tempest.lib.common.rest_client [req-9c4baf90-dc72-45fe-8bd1-73df7803779f req-9c4baf90-dc72-45fe-8bd1-73df7803779f ] Request (FlavorsAccessNegativeTestJSON:setUpClass): 201 POST http://10.180.1.21/identity/v3/projects 0.685s
2025-12-12 10:21:25.400 65838 INFO tempest.lib.common.rest_client [req-d3186345-0e9c-4775-8993-cd57b8e60dc9 req-d3186345-0e9c-4775-8993-cd57b8e60dc9 ] Request (ListImageFiltersNegativeTestJSON:setUpClass): 201 POST http://10.180.1.21/identity/v3/auth/tokens 0.662s
2025-12-12 10:21:25.424 65860 INFO tempest.lib.common.rest_client [req-bc1873f1-e2e9-4f97-9bf3-722892a3cc74 req-bc1873f1-e2e9-4f97-9bf3-722892a3cc74 ] Request (QuotasAdminTestV236:test_get_updated_quotas): 201 POST http://10.180.1.21/identity/v3/projects 0.638s
2025-12-12 10:21:25.465 65818 INFO tempest.lib.common.rest_client [req-20dbbce9-3649-4d3e-9d9e-e254b9fc5464 req-20dbbce9-3649-4d3e-9d9e-e254b9fc5464 ] Request (KeyPairsV2TestJSON:setUpClass): 201 POST http://10.180.1.21/identity/v3/auth/tokens 0.609s
2025-12-12 10:21:25.517 65864 INFO tempest.lib.common.rest_client [req-e84799f2-eaee-421a-8bf5-895a863eef3e req-e84799f2-eaee-421a-8bf5-895a863eef3e ] Request (DeleteServersAdminTestJSON:test_admin_delete_servers_of_others): 201 POST http://10.180.1.21/identity/v3/auth/tokens 0.297s
2025-12-12 10:21:25.517 65864 INFO tempest.lib.common.fixed_network [-] (DeleteServersAdminTestJSON:test_admin_delete_servers_of_others) Found network None available for tenant
2025-12-12 10:21:25.539 65836 INFO tempest.lib.common.rest_client [req-559644d2-6483-4529-a016-88bc699a12d2 req-559644d2-6483-4529-a016-88bc699a12d2 ] Request (SecurityGroupsTestAdminJSON:test_list_security_groups_list_all_tenants_filter): 200 POST http://10.180.1.21/compute/v2.1/os-security-groups 1.852s
2025-12-12 10:21:25.577 65854 INFO tempest.lib.common.rest_client [req-91b94c8c-a715-40cb-8bde-00d2e3074806 req-91b94c8c-a715-40cb-8bde-00d2e3074806 ] Request (ServersWithSpecificFlavorTestJSON:setUpClass): 201 POST http://10.180.1.21/identity/v3/auth/tokens 0.246s
2025-12-12 10:21:25.579 65852 INFO tempest.lib.common.rest_client [req-d0bdf5b8-7ea2-4f90-bef9-4f5f84b72298 req-d0bdf5b8-7ea2-4f90-bef9-4f5f84b72298 ] Request (QuotasSecurityGroupAdminNegativeTest:tearDownClass): 204 DELETE http://10.180.1.21/identity/v3/users/bea9a5b29c62405a83116d8bfb9442b3 0.499s
2025-12-12 10:21:25.632 65869 INFO tempest.lib.common.rest_client [req-d59f8035-10b7-4500-b1a0-e8d3177e93a7 req-d59f8035-10b7-4500-b1a0-e8d3177e93a7 ] Request (ImagesTestJSON:setUpClass): 201 POST http://10.180.1.21/identity/v3/auth/tokens 0.286s
2025-12-12 10:21:25.639 65876 INFO tempest.lib.common.rest_client [req-5764cfcd-b95b-458f-8f7b-88a7aa174e5c req-5764cfcd-b95b-458f-8f7b-88a7aa174e5c ] Request (FlavorsV2TestJSON:tearDownClass): 204 DELETE http://10.180.1.21/networking/v2.0/security-groups/a360dfe0-3fe3-47cf-ba40-ef0d7f1059d1 0.565s
2025-12-12 10:21:25.651 65870 INFO tempest.lib.common.rest_client [req-f8dd51a2-04dd-4b6a-9d9c-eed272339261 req-f8dd51a2-04dd-4b6a-9d9c-eed272339261 ] Request (FlavorsAccessNegativeTestJSON:setUpClass): 201 POST http://10.180.1.21/identity/v3/users 0.302s
2025-12-12 10:21:25.655 65838 INFO tempest.lib.common.rest_client [req-073bcc16-b1f1-4795-8cd0-5472c3f881e2 req-073bcc16-b1f1-4795-8cd0-5472c3f881e2 ] Request (ListImageFiltersNegativeTestJSON:setUpClass): 201 POST http://10.180.1.21/identity/v3/auth/tokens 0.252s
2025-12-12 10:21:25.711 65860 INFO tempest.lib.common.rest_client [req-57032039-a8e6-4f00-a3ad-f47cc821e653 req-57032039-a8e6-4f00-a3ad-f47cc821e653 ] Request (QuotasAdminTestV236:test_get_updated_quotas): 200 GET http://10.180.1.21/identity/v3/domains?name=Default 0.286s
2025-12-12 10:21:25.748 65856 INFO tempest.lib.common.rest_client [req-84f6e1ef-86ba-4a9a-8511-713775f348fe req-84f6e1ef-86ba-4a9a-8511-713775f348fe ] Request (HypervisorAdminUnderV252Test:tearDownClass): 200 GET http://10.180.1.21/networking/v2.0/security-groups?tenant_id=75a9f3fbf772401d9b3c6f1f3c356ea7&name=default 0.607s
2025-12-12 10:21:25.751 65854 INFO tempest.lib.common.rest_client [req-acb37098-418d-4625-8ba3-96b45507cda5 req-acb37098-418d-4625-8ba3-96b45507cda5 ] Request (ServersWithSpecificFlavorTestJSON:setUpClass): 201 POST http://10.180.1.21/identity/v3/projects 0.173s
2025-12-12 10:21:25.765 65824 INFO tempest.lib.common.rest_client [req-b24e79e5-b4fa-48f2-a9f2-8b5531b1a8bf req-b24e79e5-b4fa-48f2-a9f2-8b5531b1a8bf ] Request (VolumesAssistedSnapshotsTest:setUpClass): 201 POST http://10.180.1.21/networking/v2.0/routers 1.261s
2025-12-12 10:21:25.778 65834 INFO tempest.lib.common.rest_client [req-ec7dbbc1-bee2-4e58-9f18-806255c03edd req-ec7dbbc1-bee2-4e58-9f18-806255c03edd ] Request (AggregatesAdminNegativeTestJSON:setUpClass): 200 GET http://10.180.1.21/compute/v2.1/os-services?binary=nova-compute 1.707s
2025-12-12 10:21:25.861 65816 INFO tempest.lib.common.rest_client [req-51932aa3-03ab-4dcd-871a-12c77e227b6d req-51932aa3-03ab-4dcd-871a-12c77e227b6d ] Request (NetworksTest:test_list_all_networks): 200 GET http://10.180.1.21/compute/v2.1/os-networks 1.963s
2025-12-12 10:21:25.866 65876 INFO tempest.lib.common.rest_client [req-3f7848ea-9c65-43e2-8da4-ae9ace724c68 req-3f7848ea-9c65-43e2-8da4-ae9ace724c68 ] Request (FlavorsV2TestJSON:tearDownClass): 204 DELETE http://10.180.1.21/identity/v3/projects/8b517a3af5df4a33a37bf4f4e4f24fb0 0.227s
2025-12-12 10:21:25.871 65852 INFO tempest.lib.common.rest_client [req-155a0262-bb00-4331-bbae-c6c09022ad7a req-155a0262-bb00-4331-bbae-c6c09022ad7a ] Request (QuotasSecurityGroupAdminNegativeTest:tearDownClass): 204 DELETE http://10.180.1.21/identity/v3/users/f4b58e1f5c0a4811978d7424295793c2 0.291s
2025-12-12 10:21:25.871 65852 INFO tempest.lib.common.dynamic_creds [-] Deleting project and security group for project: 1b94252d05a548db956897a03e5eee06
2025-12-12 10:21:25.884 65830 INFO tempest.lib.common.rest_client [req-efbabef2-167a-4c04-8cea-84e4b1735aeb req-efbabef2-167a-4c04-8cea-84e4b1735aeb ] Request (FlavorMetadataValidation:test_flavor_update_with_custom_namespace): 200 POST http://10.180.1.21/compute/v2.1/flavors/1003046582/os-extra_specs 1.607s
2025-12-12 10:21:25.889 65866 INFO tempest.lib.common.rest_client [req-0044bc7a-0ae1-4901-843c-075fce8074e9 req-0044bc7a-0ae1-4901-843c-075fce8074e9 ] Request (ServicesAdminNegativeTestJSON:test_get_service_by_invalid_service_and_valid_host): 200 GET http://10.180.1.21/compute/v2.1/os-services 1.585s
2025-12-12 10:21:25.928 65838 INFO tempest.lib.common.rest_client [req-d7f7c191-da26-4992-9b60-8e030b6afe6b req-d7f7c191-da26-4992-9b60-8e030b6afe6b ] Request (ListImageFiltersNegativeTestJSON:setUpClass): 200 GET http://10.180.1.21/identity/v3/domains?name=Default 0.273s
2025-12-12 10:21:25.928 65870 INFO tempest.lib.common.rest_client [req-9500fd0f-11e8-4ddc-996c-d8e9ff12ad45 req-9500fd0f-11e8-4ddc-996c-d8e9ff12ad45 ] Request (FlavorsAccessNegativeTestJSON:setUpClass): 200 GET http://10.180.1.21/identity/v3/roles 0.277s
2025-12-12 10:21:25.954 65854 INFO tempest.lib.common.rest_client [req-db6272c3-7de1-4d9f-a3e9-ff996bff684a req-db6272c3-7de1-4d9f-a3e9-ff996bff684a ] Request (ServersWithSpecificFlavorTestJSON:setUpClass): 201 POST http://10.180.1.21/identity/v3/users 0.203s
2025-12-12 10:21:25.960 65856 INFO tempest.lib.common.rest_client [req-f2d4f32c-f46b-4faa-b879-099f13cbc122 req-f2d4f32c-f46b-4faa-b879-099f13cbc122 ] Request (HypervisorAdminUnderV252Test:tearDownClass): 204 DELETE http://10.180.1.21/networking/v2.0/security-groups/b4b87bf6-6125-432b-8fa6-991dea77a129 0.211s
2025-12-12 10:21:26.014 65816 INFO tempest.lib.common.rest_client [req-a37144e2-0066-4d44-96df-07d0a2bc4329 req-a37144e2-0066-4d44-96df-07d0a2bc4329 ] Request (NetworksTest:tearDownClass): 204 DELETE http://10.180.1.21/identity/v3/users/7493d9146ac94e5095d4b21044230f94 0.151s
2025-12-12 10:21:26.051 65876 INFO tempest.lib.common.rest_client [req-1461231c-2a81-41c5-927f-c8f4e10f3bc1 req-1461231c-2a81-41c5-927f-c8f4e10f3bc1 ] Request (InstanceActionsV221TestJSON:setUpClass): 201 POST http://10.180.1.21/identity/v3/auth/tokens 0.182s
2025-12-12 10:21:26.067 65852 INFO tempest.lib.common.rest_client [req-115ce65e-8c0b-49fb-be95-895cf7faa1de req-115ce65e-8c0b-49fb-be95-895cf7faa1de ] Request (QuotasSecurityGroupAdminNegativeTest:tearDownClass): 201 POST http://10.180.1.21/identity/v3/auth/tokens 0.196s
2025-12-12 10:21:26.169 65869 INFO tempest.lib.common.rest_client [req-ae8c8fe5-a0f0-4c7a-a3a3-dbc4ad6e7e31 req-ae8c8fe5-a0f0-4c7a-a3a3-dbc4ad6e7e31 ] Request (ImagesTestJSON:setUpClass): 201 POST http://10.180.1.21/networking/v2.0/networks 0.537s
2025-12-12 10:21:26.184 65846 INFO tempest.lib.common.rest_client [req-7a4d99c3-b69f-490f-8670-25d097a1ba32 req-7a4d99c3-b69f-490f-8670-25d097a1ba32 ] Request (AZAdminV2TestJSON:test_get_availability_zone_list): 200 GET http://10.180.1.21/compute/v2.1/os-availability-zone 1.778s
2025-12-12 10:21:26.190 65838 INFO tempest.lib.common.rest_client [req-23301aa1-3c43-4677-a3e8-67b106ffd94d req-23301aa1-3c43-4677-a3e8-67b106ffd94d ] Request (ListImageFiltersNegativeTestJSON:setUpClass): 201 POST http://10.180.1.21/identity/v3/projects 0.262s
2025-12-12 10:21:26.206 65874 INFO tempest.lib.common.rest_client [req-708bc388-6647-4883-926e-e9b1cf62ad97 req-708bc388-6647-4883-926e-e9b1cf62ad97 ] Request (FlavorsAccessTestJSON:test_flavor_access_add_remove): 200 POST http://10.180.1.21/compute/v2.1/flavors 1.890s
2025-12-12 10:21:26.213 65870 INFO tempest.lib.common.rest_client [req-39dfe3ee-1882-425a-bbd4-93cc02777279 req-39dfe3ee-1882-425a-bbd4-93cc02777279 ] Request (FlavorsAccessNegativeTestJSON:setUpClass): 204 PUT http://10.180.1.21/identity/v3/projects/aee2ab6ebf1f4b34b1b1ad4c2a059b20/users/392c536afc024e3ca50c6622bc04d5a2/roles/76d0949b9e50412c8059a61b411e68cd 0.284s
2025-12-12 10:21:26.214 65870 INFO tempest.lib.common.dynamic_creds [-] Dynamic test user 392c536afc024e3ca50c6622bc04d5a2 is created with scope project and roles: ['member']
2025-12-12 10:21:26.214 65870 INFO tempest.lib.common.dynamic_creds [-] Acquired dynamic creds: credentials: Credentials: {'domain_id': 'default', 'domain_name': 'Default', 'username': 'tempest-FlavorsAccessNegativeTestJSON-81451301-project-member', 'project_domain_id': 'default', 'project_domain_name': 'Default', 'project_id': 'aee2ab6ebf1f4b34b1b1ad4c2a059b20', 'project_name': 'tempest-FlavorsAccessNegativeTestJSON-81451301', 'tenant_id': 'aee2ab6ebf1f4b34b1b1ad4c2a059b20', 'tenant_name': 'tempest-FlavorsAccessNegativeTestJSON-81451301', 'user_domain_id': 'default', 'user_domain_name': 'Default', 'user_id': '392c536afc024e3ca50c6622bc04d5a2', 'system': None}, Network: None, Subnet: None, Router: None
2025-12-12 10:21:26.214 65870 INFO tempest.lib.common.dynamic_creds [-] Created isolated network resources for: credentials: Credentials: {'domain_id': 'default', 'domain_name': 'Default', 'username': 'tempest-FlavorsAccessNegativeTestJSON-81451301-project-member', 'project_domain_id': 'default', 'project_domain_name': 'Default', 'project_id': 'aee2ab6ebf1f4b34b1b1ad4c2a059b20', 'project_name': 'tempest-FlavorsAccessNegativeTestJSON-81451301', 'tenant_id': 'aee2ab6ebf1f4b34b1b1ad4c2a059b20', 'tenant_name': 'tempest-FlavorsAccessNegativeTestJSON-81451301', 'user_domain_id': 'default', 'user_domain_name': 'Default', 'user_id': '392c536afc024e3ca50c6622bc04d5a2', 'system': None}, Network: None, Subnet: None, Router: None
2025-12-12 10:21:26.277 65854 INFO tempest.lib.common.rest_client [req-b65b9784-809d-4be7-8bf5-029ea2a1c631 req-b65b9784-809d-4be7-8bf5-029ea2a1c631 ] Request (ServersWithSpecificFlavorTestJSON:setUpClass): 200 GET http://10.180.1.21/identity/v3/roles 0.322s
2025-12-12 10:21:26.312 65856 INFO tempest.lib.common.rest_client [req-2b1730b3-e7f5-4b74-9e06-5399c62c8520 req-2b1730b3-e7f5-4b74-9e06-5399c62c8520 ] Request (HypervisorAdminUnderV252Test:tearDownClass): 204 DELETE http://10.180.1.21/identity/v3/projects/75a9f3fbf772401d9b3c6f1f3c356ea7 0.352s
2025-12-12 10:21:26.313 65856 INFO tempest.test [-] raised in LiveMigrationWithoutHostTest.setUpClass. Invoking tearDownClass.
2025-12-12 10:21:26.343 65876 INFO tempest.lib.common.rest_client [req-087e2520-a742-4d3a-a7d9-bed020e8d70d req-087e2520-a742-4d3a-a7d9-bed020e8d70d ] Request (InstanceActionsV221TestJSON:setUpClass): 201 POST http://10.180.1.21/identity/v3/auth/tokens 0.290s
2025-12-12 10:21:26.382 65816 INFO tempest.lib.common.rest_client [req-25708b47-fbf8-4f64-a5f1-645ce1294380 req-25708b47-fbf8-4f64-a5f1-645ce1294380 ] Request (NetworksTest:tearDownClass): 204 DELETE http://10.180.1.21/identity/v3/users/95167bad3664465d9801c6d7efde9c9d 0.367s
2025-12-12 10:21:26.382 65816 INFO tempest.lib.common.dynamic_creds [-] Deleting project and security group for project: f6575fa6b81c481a9eb817ae36cdc0c1
2025-12-12 10:21:26.517 65838 INFO tempest.lib.common.rest_client [req-fc4b10c1-c967-4fa8-b3fb-5ad4ea113a55 req-fc4b10c1-c967-4fa8-b3fb-5ad4ea113a55 ] Request (ListImageFiltersNegativeTestJSON:setUpClass): 201 POST http://10.180.1.21/identity/v3/users 0.326s
2025-12-12 10:21:26.549 65852 INFO tempest.lib.common.rest_client [req-ded079b8-dc34-4705-9643-facddf4b7200 req-ded079b8-dc34-4705-9643-facddf4b7200 ] Request (QuotasSecurityGroupAdminNegativeTest:tearDownClass): 200 GET http://10.180.1.21/networking/v2.0/security-groups?tenant_id=1b94252d05a548db956897a03e5eee06&name=default 0.482s
2025-12-12 10:21:26.561 65820 INFO tempest.lib.common.rest_client [req-5e1fd396-2f01-4bbc-ab37-d559ed4a8650 req-5e1fd396-2f01-4bbc-ab37-d559ed4a8650 ] Request (FlavorsExtraSpecsNegativeTestJSON:setUpClass): 200 POST http://10.180.1.21/compute/v2.1/flavors 2.087s
2025-12-12 10:21:26.583 65854 INFO tempest.lib.common.rest_client [req-72768a1d-ac2f-447b-bc4c-69c50f23c5e2 req-72768a1d-ac2f-447b-bc4c-69c50f23c5e2 ] Request (ServersWithSpecificFlavorTestJSON:setUpClass): 204 PUT http://10.180.1.21/identity/v3/projects/86e9f51d911a4fcdb8586e916fb59517/users/4fb22f6ef2594ab9a6039aeac5ff3650/roles/da0e2f8e1f0147a58f2971fe76d25e2e 0.306s
2025-12-12 10:21:26.599 65870 INFO tempest.lib.common.rest_client [req-f61e1cec-c754-4b84-938d-291bf548e0f9 req-f61e1cec-c754-4b84-938d-291bf548e0f9 ] Request (FlavorsAccessNegativeTestJSON:setUpClass): 201 POST http://10.180.1.21/identity/v3/auth/tokens 0.382s
2025-12-12 10:21:26.602 65870 WARNING tempest.lib.common.rest_client [-] Deprecated: "tenant_id" property is deprecated for removal, use "project_id" instead
2025-12-12 10:21:26.643 65856 INFO tempest.lib.common.rest_client [req-ca4a6502-6e92-4fa5-aa28-1510214e8ae3 req-ca4a6502-6e92-4fa5-aa28-1510214e8ae3 ] Request (QuotasAdminTestV257:setUpClass): 201 POST http://10.180.1.21/identity/v3/auth/tokens 0.326s
2025-12-12 10:21:26.659 65876 INFO tempest.lib.common.rest_client [req-83438459-1d4e-41fc-89be-afba249478a5 req-83438459-1d4e-41fc-89be-afba249478a5 ] Request (InstanceActionsV221TestJSON:setUpClass): 200 GET http://10.180.1.21/identity/v3/domains?name=Default 0.316s
2025-12-12 10:21:26.668 65816 INFO tempest.lib.common.rest_client [req-c844171c-cdee-4425-8a65-637d9a8fb76c req-c844171c-cdee-4425-8a65-637d9a8fb76c ] Request (NetworksTest:tearDownClass): 201 POST http://10.180.1.21/identity/v3/auth/tokens 0.286s
2025-12-12 10:21:26.679 65838 INFO tempest.lib.common.rest_client [req-59753bc0-07d2-4181-b3a5-ce700fad8229 req-59753bc0-07d2-4181-b3a5-ce700fad8229 ] Request (ListImageFiltersNegativeTestJSON:setUpClass): 200 GET http://10.180.1.21/identity/v3/roles 0.161s
2025-12-12 10:21:26.695 65854 INFO tempest.lib.common.rest_client [req-8f1ae952-a29f-4c18-8249-ea3bcb468c29 req-8f1ae952-a29f-4c18-8249-ea3bcb468c29 ] Request (ServersWithSpecificFlavorTestJSON:setUpClass): 200 GET http://10.180.1.21/identity/v3/roles 0.112s
2025-12-12 10:21:26.716 65869 INFO tempest.lib.common.rest_client [req-0ea6f533-d91c-4914-9d40-a610cb578d1f req-0ea6f533-d91c-4914-9d40-a610cb578d1f ] Request (ImagesTestJSON:setUpClass): 201 POST http://10.180.1.21/networking/v2.0/subnets 0.544s
2025-12-12 10:21:26.717 65856 INFO tempest.lib.common.rest_client [req-badb315d-ff32-4d2a-a336-f4796a3ab92a req-badb315d-ff32-4d2a-a336-f4796a3ab92a ] Request (QuotasAdminTestV257:setUpClass): 201 POST http://10.180.1.21/identity/v3/auth/tokens 0.070s
2025-12-12 10:21:26.738 65876 INFO tempest.lib.common.rest_client [req-d04a75fd-e6f0-4488-8a9c-35c04dcbd10d req-d04a75fd-e6f0-4488-8a9c-35c04dcbd10d ] Request (InstanceActionsV221TestJSON:setUpClass): 201 POST http://10.180.1.21/identity/v3/projects 0.079s
2025-12-12 10:21:26.741 65824 INFO tempest.lib.common.rest_client [req-14e38178-8a50-4394-a2ca-defcf486c68f req-14e38178-8a50-4394-a2ca-defcf486c68f ] Request (VolumesAssistedSnapshotsTest:setUpClass): 200 PUT http://10.180.1.21/networking/v2.0/routers/ee4c4a4a-fe0c-42fe-aeef-e567768fdf0d/add_router_interface 0.976s
2025-12-12 10:21:26.742 65824 INFO tempest.lib.common.dynamic_creds [-] Created isolated network resources for: credentials: Credentials: {'domain_id': 'default', 'domain_name': 'Default', 'username': 'tempest-VolumesAssistedSnapshotsTest-1773362174-project-admin', 'project_domain_id': 'default', 'project_domain_name': 'Default', 'project_id': '751f0aee47cb4d2b873699fea1765882', 'project_name': 'tempest-VolumesAssistedSnapshotsTest-1773362174', 'tenant_id': '751f0aee47cb4d2b873699fea1765882', 'tenant_name': 'tempest-VolumesAssistedSnapshotsTest-1773362174', 'user_domain_id': 'default', 'user_domain_name': 'Default', 'user_id': 'e890de3101dc4be3974a63313b19221f', 'system': None}, Network: {'id': '8781b92f-9d92-4d7c-bce2-96b75f0de1c8', 'name': 'tempest-VolumesAssistedSnapshotsTest-1682774446-network', 'tenant_id': '751f0aee47cb4d2b873699fea1765882', 'project_id': '751f0aee47cb4d2b873699fea1765882', 'admin_state_up': True, 'mtu': 8950, 'status': 'ACTIVE', 'subnets': [], 'shared': False, 'port_security_enabled': True, 'router:external': False, 'provider:network_type': 'vlan', 'provider:physical_network': 'default', 'provider:segmentation_id': 263, 'availability_zone_hints': [], 'availability_zones': [], 'ipv4_address_scope': None, 'ipv6_address_scope': None, 'description': '', 'tags': [], 'created_at': '2025-12-12T10:21:24Z', 'updated_at': '2025-12-12T10:21:24Z', 'revision_number': 1}, Subnet: {'id': '30220cb0-8624-47ed-aa17-3da2001cbd0f', 'name': 'tempest-VolumesAssistedSnapshotsTest-1682774446-subnet', 'tenant_id': '751f0aee47cb4d2b873699fea1765882', 'network_id': '8781b92f-9d92-4d7c-bce2-96b75f0de1c8', 'ip_version': 4, 'subnetpool_id': None, 'enable_dhcp': True, 'ipv6_ra_mode': None, 'ipv6_address_mode': None, 'gateway_ip': '192.168.128.1', 'cidr': '192.168.128.0/28', 'allocation_pools': [{'start': '192.168.128.2', 'end': '192.168.128.14'}], 'host_routes': [], 'dns_nameservers': [], 'description': '', 'router:external': False, 'service_types': [], 'tags': [], 'created_at': '2025-12-12T10:21:24Z', 'updated_at': '2025-12-12T10:21:24Z', 'revision_number': 0, 'project_id': '751f0aee47cb4d2b873699fea1765882'}, Router: {'id': 'ee4c4a4a-fe0c-42fe-aeef-e567768fdf0d', 'name': 'tempest-VolumesAssistedSnapshotsTest-1682774446-router', 'tenant_id': '751f0aee47cb4d2b873699fea1765882', 'admin_state_up': True, 'status': 'ACTIVE', 'external_gateway_info': {'network_id': '527e60c1-b54c-4755-8c75-6419791c243e', 'external_fixed_ips': [{'subnet_id': '264afd0e-685d-4246-8fc1-f050b4e9877e', 'ip_address': '10.180.180.157'}], 'enable_snat': True}, 'description': '', 'availability_zones': [], 'distributed': False, 'ha': False, 'availability_zone_hints': [], 'routes': [], 'flavor_id': None, 'tags': [], 'created_at': '2025-12-12T10:21:25Z', 'updated_at': '2025-12-12T10:21:25Z', 'revision_number': 2, 'project_id': '751f0aee47cb4d2b873699fea1765882'}
2025-12-12 10:21:26.782 65872 INFO tempest.lib.common.rest_client [req-53b349ac-c62b-40e3-912e-0b0a30706cf6 req-53b349ac-c62b-40e3-912e-0b0a30706cf6 ] Request (HostsAdminTestJSON:test_list_hosts): 200 GET http://10.180.1.21/compute/v2.1/os-hosts 2.280s
2025-12-12 10:21:26.804 65838 INFO tempest.lib.common.rest_client [req-3d98cfba-ce79-4a07-b318-fd917592129c req-3d98cfba-ce79-4a07-b318-fd917592129c ] Request (ListImageFiltersNegativeTestJSON:setUpClass): 204 PUT http://10.180.1.21/identity/v3/projects/0868cb88863b473f9e0703acb0cf7e5d/users/9dbc9153987e40f1a2590bfdf0173b08/roles/76d0949b9e50412c8059a61b411e68cd 0.125s
2025-12-12 10:21:26.805 65838 INFO tempest.lib.common.dynamic_creds [-] Dynamic test user 9dbc9153987e40f1a2590bfdf0173b08 is created with scope project and roles: ['member']
2025-12-12 10:21:26.805 65838 INFO tempest.lib.common.dynamic_creds [-] Acquired dynamic creds: credentials: Credentials: {'domain_id': 'default', 'domain_name': 'Default', 'username': 'tempest-ListImageFiltersNegativeTestJSON-1005561735-project-member', 'project_domain_id': 'default', 'project_domain_name': 'Default', 'project_id': '0868cb88863b473f9e0703acb0cf7e5d', 'project_name': 'tempest-ListImageFiltersNegativeTestJSON-1005561735', 'tenant_id': '0868cb88863b473f9e0703acb0cf7e5d', 'tenant_name': 'tempest-ListImageFiltersNegativeTestJSON-1005561735', 'user_domain_id': 'default', 'user_domain_name': 'Default', 'user_id': '9dbc9153987e40f1a2590bfdf0173b08', 'system': None}, Network: None, Subnet: None, Router: None
2025-12-12 10:21:26.805 65838 INFO tempest.lib.common.dynamic_creds [-] Created isolated network resources for: credentials: Credentials: {'domain_id': 'default', 'domain_name': 'Default', 'username': 'tempest-ListImageFiltersNegativeTestJSON-1005561735-project-member', 'project_domain_id': 'default', 'project_domain_name': 'Default', 'project_id': '0868cb88863b473f9e0703acb0cf7e5d', 'project_name': 'tempest-ListImageFiltersNegativeTestJSON-1005561735', 'tenant_id': '0868cb88863b473f9e0703acb0cf7e5d', 'tenant_name': 'tempest-ListImageFiltersNegativeTestJSON-1005561735', 'user_domain_id': 'default', 'user_domain_name': 'Default', 'user_id': '9dbc9153987e40f1a2590bfdf0173b08', 'system': None}, Network: None, Subnet: None, Router: None
2025-12-12 10:21:26.817 65854 INFO tempest.lib.common.rest_client [req-ee9fb8f9-b7c4-4d48-bd86-029147e1f1d5 req-ee9fb8f9-b7c4-4d48-bd86-029147e1f1d5 ] Request (ServersWithSpecificFlavorTestJSON:setUpClass): 204 PUT http://10.180.1.21/identity/v3/projects/86e9f51d911a4fcdb8586e916fb59517/users/4fb22f6ef2594ab9a6039aeac5ff3650/roles/da0e2f8e1f0147a58f2971fe76d25e2e 0.121s
2025-12-12 10:21:26.817 65854 INFO tempest.lib.common.dynamic_creds [-] Dynamic test user 4fb22f6ef2594ab9a6039aeac5ff3650 is created with scope project and roles: ['admin']
2025-12-12 10:21:26.817 65854 INFO tempest.lib.common.dynamic_creds [-] Acquired dynamic creds: credentials: Credentials: {'domain_id': 'default', 'domain_name': 'Default', 'username': 'tempest-ServersWithSpecificFlavorTestJSON-649928666-project-admin', 'project_domain_id': 'default', 'project_domain_name': 'Default', 'project_id': '86e9f51d911a4fcdb8586e916fb59517', 'project_name': 'tempest-ServersWithSpecificFlavorTestJSON-649928666', 'tenant_id': '86e9f51d911a4fcdb8586e916fb59517', 'tenant_name': 'tempest-ServersWithSpecificFlavorTestJSON-649928666', 'user_domain_id': 'default', 'user_domain_name': 'Default', 'user_id': '4fb22f6ef2594ab9a6039aeac5ff3650', 'system': None}, Network: None, Subnet: None, Router: None
2025-12-12 10:21:26.833 65852 INFO tempest.lib.common.rest_client [req-c1734cc7-5d9f-4466-93e0-4096457b9b7e req-c1734cc7-5d9f-4466-93e0-4096457b9b7e ] Request (QuotasSecurityGroupAdminNegativeTest:tearDownClass): 204 DELETE http://10.180.1.21/networking/v2.0/security-groups/06b805d4-cd42-41e2-a36c-79b94e1db4ad 0.283s
2025-12-12 10:21:26.878 65876 INFO tempest.lib.common.rest_client [req-0d186cce-ee47-4218-882f-bd63fd0b42e1 req-0d186cce-ee47-4218-882f-bd63fd0b42e1 ] Request (InstanceActionsV221TestJSON:setUpClass): 201 POST http://10.180.1.21/identity/v3/users 0.139s
2025-12-12 10:21:26.896 65856 INFO tempest.lib.common.rest_client [req-34883409-a200-4d3a-b516-3e3ef7399b57 req-34883409-a200-4d3a-b516-3e3ef7399b57 ] Request (QuotasAdminTestV257:setUpClass): 200 GET http://10.180.1.21/identity/v3/domains?name=Default 0.179s
2025-12-12 10:21:26.937 65824 INFO tempest.lib.common.rest_client [req-98547eb0-b0ae-44b1-95e0-0de2a2a833f1 req-98547eb0-b0ae-44b1-95e0-0de2a2a833f1 ] Request (VolumesAssistedSnapshotsTest:setUpClass): 201 POST http://10.180.1.21/identity/v3/auth/tokens 0.192s
2025-12-12 10:21:26.999 65838 INFO tempest.lib.common.rest_client [req-73ebb242-e824-451e-a624-5ac9672ba5a6 req-73ebb242-e824-451e-a624-5ac9672ba5a6 ] Request (ListImageFiltersNegativeTestJSON:setUpClass): 201 POST http://10.180.1.21/identity/v3/auth/tokens 0.189s
2025-12-12 10:21:27.034 65826 INFO tempest.lib.common.rest_client [req-2e49d6cd-a873-4931-a93c-50f3c779d549 req-2e49d6cd-a873-4931-a93c-50f3c779d549 ] Request (AZAdminNegativeTestJSON:test_get_availability_zone_list_detail_with_non_admin_user): 403 GET http://10.180.1.21/compute/v2.1/os-availability-zone/detail 2.464s
2025-12-12 10:21:27.057 65876 INFO tempest.lib.common.rest_client [req-d35e83d4-4119-4e23-a07e-60d896b3728f req-d35e83d4-4119-4e23-a07e-60d896b3728f ] Request (InstanceActionsV221TestJSON:setUpClass): 200 GET http://10.180.1.21/identity/v3/roles 0.178s
2025-12-12 10:21:27.061 65852 INFO tempest.lib.common.rest_client [req-32757cfb-d6e5-4eaa-9a4e-26c008243a8e req-32757cfb-d6e5-4eaa-9a4e-26c008243a8e ] Request (QuotasSecurityGroupAdminNegativeTest:tearDownClass): 204 DELETE http://10.180.1.21/identity/v3/projects/1b94252d05a548db956897a03e5eee06 0.227s
2025-12-12 10:21:27.063 65852 INFO tempest.lib.common.dynamic_creds [-] Deleting project and security group for project: 83c284d02bcc44ce8e9c982eb2ad15d1
2025-12-12 10:21:27.063 65816 INFO tempest.lib.common.rest_client [req-16039e22-867b-4a80-98f8-d66f69ecc975 req-16039e22-867b-4a80-98f8-d66f69ecc975 ] Request (NetworksTest:tearDownClass): 200 GET http://10.180.1.21/networking/v2.0/security-groups?tenant_id=f6575fa6b81c481a9eb817ae36cdc0c1&name=default 0.394s
2025-12-12 10:21:27.083 65814 INFO tempest.lib.common.rest_client [req-d5c77206-a67e-4683-8e2f-a347fccf8e12 req-d5c77206-a67e-4683-8e2f-a347fccf8e12 ] Request (HypervisorAdminV253TestBase:test_list_show_detail_hypervisors): 200 GET http://10.180.1.21/compute/v2.1/os-hypervisors?with_servers=True 2.419s
2025-12-12 10:21:27.126 65856 INFO tempest.lib.common.rest_client [req-b744fd4d-df20-4cdf-847d-7b667b88e4b0 req-b744fd4d-df20-4cdf-847d-7b667b88e4b0 ] Request (QuotasAdminTestV257:setUpClass): 201 POST http://10.180.1.21/identity/v3/projects 0.230s
2025-12-12 10:21:27.139 65824 INFO tempest.lib.common.rest_client [req-74f28107-7fe0-4b97-8f3e-80fa239963cd req-74f28107-7fe0-4b97-8f3e-80fa239963cd ] Request (VolumesAssistedSnapshotsTest:setUpClass): 201 POST http://10.180.1.21/identity/v3/projects 0.202s
2025-12-12 10:21:27.207 65876 INFO tempest.lib.common.rest_client [req-0a799ca6-da80-4f11-91e8-1fb44dcb87b4 req-0a799ca6-da80-4f11-91e8-1fb44dcb87b4 ] Request (InstanceActionsV221TestJSON:setUpClass): 204 PUT http://10.180.1.21/identity/v3/projects/ec5f167218cf4fab873f928191c810d6/users/f1426596c46445479955032620008e26/roles/76d0949b9e50412c8059a61b411e68cd 0.149s
2025-12-12 10:21:27.207 65876 INFO tempest.lib.common.dynamic_creds [-] Dynamic test user f1426596c46445479955032620008e26 is created with scope project and roles: ['member']
2025-12-12 10:21:27.208 65876 INFO tempest.lib.common.dynamic_creds [-] Acquired dynamic creds: credentials: Credentials: {'domain_id': 'default', 'domain_name': 'Default', 'username': 'tempest-InstanceActionsV221TestJSON-1232867568-project-member', 'project_domain_id': 'default', 'project_domain_name': 'Default', 'project_id': 'ec5f167218cf4fab873f928191c810d6', 'project_name': 'tempest-InstanceActionsV221TestJSON-1232867568', 'tenant_id': 'ec5f167218cf4fab873f928191c810d6', 'tenant_name': 'tempest-InstanceActionsV221TestJSON-1232867568', 'user_domain_id': 'default', 'user_domain_name': 'Default', 'user_id': 'f1426596c46445479955032620008e26', 'system': None}, Network: None, Subnet: None, Router: None
2025-12-12 10:21:27.260 65826 INFO tempest.lib.common.rest_client [req-df138b58-2dbf-4c94-b63c-11c1685e0627 req-df138b58-2dbf-4c94-b63c-11c1685e0627 ] Request (AZAdminNegativeTestJSON:tearDownClass): 204 DELETE http://10.180.1.21/identity/v3/users/33ee9c807c154c23a8670ddabe66f806 0.215s
2025-12-12 10:21:27.278 65854 INFO tempest.lib.common.rest_client [req-70e92b0c-ed6c-43c1-9593-834a055feb9c req-70e92b0c-ed6c-43c1-9593-834a055feb9c ] Request (ServersWithSpecificFlavorTestJSON:setUpClass): 201 POST http://10.180.1.21/networking/v2.0/networks 0.460s
2025-12-12 10:21:27.325 65856 INFO tempest.lib.common.rest_client [req-ca201ba2-d387-4163-85de-57ab98ccf739 req-ca201ba2-d387-4163-85de-57ab98ccf739 ] Request (QuotasAdminTestV257:setUpClass): 201 POST http://10.180.1.21/identity/v3/users 0.198s
2025-12-12 10:21:27.339 65822 INFO tempest.lib.common.rest_client [req-0334dd90-a8b2-49ad-8006-7c94618e9471 req-0334dd90-a8b2-49ad-8006-7c94618e9471 ] Request (HypervisorAdminNegativeTestJSON:test_get_hypervisor_list_details_with_non_admin_user): 403 GET http://10.180.1.21/compute/v2.1/os-hypervisors/detail 2.597s
2025-12-12 10:21:27.353 65824 INFO tempest.lib.common.rest_client [req-d95727de-ac5b-48db-8118-d69f740fa2a8 req-d95727de-ac5b-48db-8118-d69f740fa2a8 ] Request (VolumesAssistedSnapshotsTest:setUpClass): 201 POST http://10.180.1.21/identity/v3/users 0.213s
2025-12-12 10:21:27.360 65876 INFO tempest.lib.common.rest_client [req-8a6d0a96-cfc5-4ef4-b8cb-97205161a466 req-8a6d0a96-cfc5-4ef4-b8cb-97205161a466 ] Request (InstanceActionsV221TestJSON:setUpClass): 201 POST http://10.180.1.21/identity/v3/auth/tokens 0.151s
2025-12-12 10:21:27.372 65852 INFO tempest.lib.common.rest_client [req-3c74490f-92c7-45f9-88b4-0d2e359e2295 req-3c74490f-92c7-45f9-88b4-0d2e359e2295 ] Request (QuotasSecurityGroupAdminNegativeTest:tearDownClass): 200 GET http://10.180.1.21/networking/v2.0/security-groups?tenant_id=83c284d02bcc44ce8e9c982eb2ad15d1&name=default 0.308s
2025-12-12 10:21:27.376 65856 INFO tempest.lib.common.rest_client [req-82183472-4523-4f7c-90b0-b030ea96f690 req-82183472-4523-4f7c-90b0-b030ea96f690 ] Request (QuotasAdminTestV257:setUpClass): 200 GET http://10.180.1.21/identity/v3/roles 0.050s
2025-12-12 10:21:27.414 65826 INFO tempest.lib.common.rest_client [req-3e3987ef-0a62-43df-929d-6a54c359c3b6 req-3e3987ef-0a62-43df-929d-6a54c359c3b6 ] Request (AZAdminNegativeTestJSON:tearDownClass): 204 DELETE http://10.180.1.21/identity/v3/users/2552fd84334e4d028bc9d1a47a2dce2d 0.153s
2025-12-12 10:21:27.414 65826 INFO tempest.lib.common.dynamic_creds [-] Deleting project and security group for project: fb5342c3646d40a5962eecbefdd730d5
2025-12-12 10:21:27.468 65816 INFO tempest.lib.common.rest_client [req-88a7bdd2-e231-43f2-a320-e8261df56234 req-88a7bdd2-e231-43f2-a320-e8261df56234 ] Request (NetworksTest:tearDownClass): 204 DELETE http://10.180.1.21/networking/v2.0/security-groups/fff5bdaf-abae-43a7-9433-1aefc8fac8b0 0.404s
2025-12-12 10:21:27.476 65824 INFO tempest.lib.common.rest_client [req-b8543d93-43d3-448b-95df-c485de3a5951 req-b8543d93-43d3-448b-95df-c485de3a5951 ] Request (VolumesAssistedSnapshotsTest:setUpClass): 200 GET http://10.180.1.21/identity/v3/roles 0.122s
2025-12-12 10:21:27.505 65856 INFO tempest.lib.common.rest_client [req-6e85e213-b0ea-4164-a962-9871a6db655e req-6e85e213-b0ea-4164-a962-9871a6db655e ] Request (QuotasAdminTestV257:setUpClass): 204 PUT http://10.180.1.21/identity/v3/projects/fbf412f8c024470ea26a5b51c3f76c10/users/e38dcbd14cab49409f459cd6509f9bf6/roles/76d0949b9e50412c8059a61b411e68cd 0.128s
2025-12-12 10:21:27.506 65856 INFO tempest.lib.common.dynamic_creds [-] Dynamic test user e38dcbd14cab49409f459cd6509f9bf6 is created with scope project and roles: ['member']
2025-12-12 10:21:27.506 65856 INFO tempest.lib.common.dynamic_creds [-] Acquired dynamic creds: credentials: Credentials: {'domain_id': 'default', 'domain_name': 'Default', 'username': 'tempest-QuotasAdminTestV257-251292218-project-member', 'project_domain_id': 'default', 'project_domain_name': 'Default', 'project_id': 'fbf412f8c024470ea26a5b51c3f76c10', 'project_name': 'tempest-QuotasAdminTestV257-251292218', 'tenant_id': 'fbf412f8c024470ea26a5b51c3f76c10', 'tenant_name': 'tempest-QuotasAdminTestV257-251292218', 'user_domain_id': 'default', 'user_domain_name': 'Default', 'user_id': 'e38dcbd14cab49409f459cd6509f9bf6', 'system': None}, Network: None, Subnet: None, Router: None
2025-12-12 10:21:27.506 65856 INFO tempest.lib.common.dynamic_creds [-] Created isolated network resources for: credentials: Credentials: {'domain_id': 'default', 'domain_name': 'Default', 'username': 'tempest-QuotasAdminTestV257-251292218-project-member', 'project_domain_id': 'default', 'project_domain_name': 'Default', 'project_id': 'fbf412f8c024470ea26a5b51c3f76c10', 'project_name': 'tempest-QuotasAdminTestV257-251292218', 'tenant_id': 'fbf412f8c024470ea26a5b51c3f76c10', 'tenant_name': 'tempest-QuotasAdminTestV257-251292218', 'user_domain_id': 'default', 'user_domain_name': 'Default', 'user_id': 'e38dcbd14cab49409f459cd6509f9bf6', 'system': None}, Network: None, Subnet: None, Router: None
2025-12-12 10:21:27.552 65848 INFO tempest.lib.common.rest_client [req-a8db1c1f-5797-437a-9c8a-96e98d7ffb2b req-a8db1c1f-5797-437a-9c8a-96e98d7ffb2b ] Request (HypervisorAdminV228Test:test_get_list_hypervisor_details): 200 GET http://10.180.1.21/compute/v2.1/os-hypervisors 2.730s
2025-12-12 10:21:27.578 65826 INFO tempest.lib.common.rest_client [req-30ec3080-2b6d-40cf-97f0-e7a906e3b4fe req-30ec3080-2b6d-40cf-97f0-e7a906e3b4fe ] Request (AZAdminNegativeTestJSON:tearDownClass): 201 POST http://10.180.1.21/identity/v3/auth/tokens 0.163s
2025-12-12 10:21:27.602 65824 INFO tempest.lib.common.rest_client [req-12bc2757-9687-4c86-bdab-39ae3e85b7b9 req-12bc2757-9687-4c86-bdab-39ae3e85b7b9 ] Request (VolumesAssistedSnapshotsTest:setUpClass): 204 PUT http://10.180.1.21/identity/v3/projects/9efaa6ac777047579622a2fc1a8d1251/users/4d97cfa7cb694fb6b505cc4bd22ada54/roles/da0e2f8e1f0147a58f2971fe76d25e2e 0.126s
2025-12-12 10:21:27.631 65816 INFO tempest.lib.common.rest_client [req-bbae2332-e00c-46a6-a14a-5e7d9628959a req-bbae2332-e00c-46a6-a14a-5e7d9628959a ] Request (NetworksTest:tearDownClass): 204 DELETE http://10.180.1.21/identity/v3/projects/f6575fa6b81c481a9eb817ae36cdc0c1 0.163s
2025-12-12 10:21:27.631 65816 INFO tempest.lib.common.dynamic_creds [-] Deleting project and security group for project: d5e0b4b9d2404e5eb7a998ba8e852dd7
2025-12-12 10:21:27.672 65856 INFO tempest.lib.common.rest_client [req-c664b88f-e893-4c41-afe6-ba1d07e1a75b req-c664b88f-e893-4c41-afe6-ba1d07e1a75b ] Request (QuotasAdminTestV257:setUpClass): 201 POST http://10.180.1.21/identity/v3/auth/tokens 0.162s
2025-12-12 10:21:27.748 65824 INFO tempest.lib.common.rest_client [req-ac777c24-ef2f-4ba2-b94b-541c13dab339 req-ac777c24-ef2f-4ba2-b94b-541c13dab339 ] Request (VolumesAssistedSnapshotsTest:setUpClass): 200 GET http://10.180.1.21/identity/v3/roles 0.145s
2025-12-12 10:21:27.769 65840 INFO tempest.lib.common.rest_client [req-10248314-9158-4201-98b0-2b539da6be9c req-10248314-9158-4201-98b0-2b539da6be9c ] Request (FlavorsV261TestJSON:test_crud_flavor): 200 POST http://10.180.1.21/compute/v2.1/flavors 2.796s
2025-12-12 10:21:27.769 65854 INFO tempest.lib.common.rest_client [req-4bdc3ce9-fbdf-439a-bdd3-004bf27db6a0 req-4bdc3ce9-fbdf-439a-bdd3-004bf27db6a0 ] Request (ServersWithSpecificFlavorTestJSON:setUpClass): 201 POST http://10.180.1.21/networking/v2.0/subnets 0.491s
2025-12-12 10:21:27.777 65856 INFO tempest.lib.common.rest_client [req-a97ef272-6721-479f-9136-5dfc2baeb085 req-a97ef272-6721-479f-9136-5dfc2baeb085 ] Request (QuotasAdminTestV257:setUpClass): 201 POST http://10.180.1.21/identity/v3/projects 0.104s
2025-12-12 10:21:27.849 65824 INFO tempest.lib.common.rest_client [req-4a2a7b27-326e-4eed-a512-b96b502ae7f9 req-4a2a7b27-326e-4eed-a512-b96b502ae7f9 ] Request (VolumesAssistedSnapshotsTest:setUpClass): 204 PUT http://10.180.1.21/identity/v3/projects/9efaa6ac777047579622a2fc1a8d1251/users/4d97cfa7cb694fb6b505cc4bd22ada54/roles/12eab9f809154aa6b01565dc03b6a6a8 0.100s
2025-12-12 10:21:27.849 65824 INFO tempest.lib.common.dynamic_creds [-] Dynamic test user 4d97cfa7cb694fb6b505cc4bd22ada54 is created with scope project and roles: ['admin', 'service']
2025-12-12 10:21:27.849 65869 INFO tempest.lib.common.rest_client [req-ecca49b6-bea9-44d6-a708-82fad720969f req-ecca49b6-bea9-44d6-a708-82fad720969f ] Request (ImagesTestJSON:setUpClass): 201 POST http://10.180.1.21/networking/v2.0/routers 1.133s
2025-12-12 10:21:27.849 65824 INFO tempest.lib.common.dynamic_creds [-] Acquired dynamic creds: credentials: Credentials: {'domain_id': 'default', 'domain_name': 'Default', 'username': 'tempest-VolumesAssistedSnapshotsTest-441953582-project', 'project_domain_id': 'default', 'project_domain_name': 'Default', 'project_id': '9efaa6ac777047579622a2fc1a8d1251', 'project_name': 'tempest-VolumesAssistedSnapshotsTest-441953582', 'tenant_id': '9efaa6ac777047579622a2fc1a8d1251', 'tenant_name': 'tempest-VolumesAssistedSnapshotsTest-441953582', 'user_domain_id': 'default', 'user_domain_name': 'Default', 'user_id': '4d97cfa7cb694fb6b505cc4bd22ada54', 'system': None}, Network: None, Subnet: None, Router: None
2025-12-12 10:21:27.907 65844 INFO tempest.lib.common.rest_client [req-2fe29bab-9a58-4b1c-a06e-dca9373c2e56 req-2fe29bab-9a58-4b1c-a06e-dca9373c2e56 ] Request (FlavorsV255TestJSON:test_crud_flavor): 200 POST http://10.180.1.21/compute/v2.1/flavors 2.899s
2025-12-12 10:21:27.953 65852 INFO tempest.lib.common.rest_client [req-36819c8c-8461-40fb-963d-ef77c3174648 req-36819c8c-8461-40fb-963d-ef77c3174648 ] Request (QuotasSecurityGroupAdminNegativeTest:tearDownClass): 204 DELETE http://10.180.1.21/networking/v2.0/security-groups/193dd94f-581c-4add-bfbe-4b4a2f2b117a 0.581s
2025-12-12 10:21:27.963 65856 INFO tempest.lib.common.rest_client [req-6d7cb995-3182-4393-bbc5-20f5ff1ab6a0 req-6d7cb995-3182-4393-bbc5-20f5ff1ab6a0 ] Request (QuotasAdminTestV257:setUpClass): 201 POST http://10.180.1.21/identity/v3/users 0.186s
2025-12-12 10:21:28.037 65852 INFO tempest.lib.common.rest_client [req-d8d30e82-47b5-4d80-a2b1-729164c7f71b req-d8d30e82-47b5-4d80-a2b1-729164c7f71b ] Request (QuotasSecurityGroupAdminNegativeTest:tearDownClass): 204 DELETE http://10.180.1.21/identity/v3/projects/83c284d02bcc44ce8e9c982eb2ad15d1 0.083s
2025-12-12 10:21:28.038 65852 INFO tempest.test [-] raised in ServersOnMultiNodesTest.setUpClass. Invoking tearDownClass.
2025-12-12 10:21:28.057 65842 INFO tempest.lib.common.rest_client [req-fda6f993-fbc9-492f-a7c3-fee421fb8089 req-fda6f993-fbc9-492f-a7c3-fee421fb8089 ] Request (ServicesAdminNegativeV253TestJSON:test_disable_log_reason_with_invalid_service_id): 404 PUT http://10.180.1.21/compute/v2.1/os-services/dba3d5cd-58ee-482b-9293-fd668f8526fe 2.915s
2025-12-12 10:21:28.091 65856 INFO tempest.lib.common.rest_client [req-cd02a25f-9e5a-462b-9fc1-37671f4e26cb req-cd02a25f-9e5a-462b-9fc1-37671f4e26cb ] Request (QuotasAdminTestV257:setUpClass): 200 GET http://10.180.1.21/identity/v3/roles 0.127s
2025-12-12 10:21:28.109 65852 INFO tempest.lib.common.rest_client [req-04e96046-615b-4c1f-ae59-6dbebd69ea3a req-04e96046-615b-4c1f-ae59-6dbebd69ea3a ] Request (ListServerFiltersTestJSON:setUpClass): 201 POST http://10.180.1.21/identity/v3/auth/tokens 0.067s
2025-12-12 10:21:28.130 65856 INFO tempest.lib.common.rest_client [req-0f30c224-8b35-49ac-a81e-ebe9845d495f req-0f30c224-8b35-49ac-a81e-ebe9845d495f ] Request (QuotasAdminTestV257:setUpClass): 204 PUT http://10.180.1.21/identity/v3/projects/adcf65f700e14f6385e45800d4e64a1b/users/b917873947c748b7a998b21233b9e102/roles/da0e2f8e1f0147a58f2971fe76d25e2e 0.039s
2025-12-12 10:21:28.133 65876 INFO tempest.lib.common.rest_client [req-2ed72aaa-9e17-43e5-89c5-12d500dd2a0a req-2ed72aaa-9e17-43e5-89c5-12d500dd2a0a ] Request (InstanceActionsV221TestJSON:setUpClass): 201 POST http://10.180.1.21/networking/v2.0/networks 0.773s
2025-12-12 10:21:28.188 65852 INFO tempest.lib.common.rest_client [req-f454c1aa-1af8-415d-b23b-00268cfd49a8 req-f454c1aa-1af8-415d-b23b-00268cfd49a8 ] Request (ListServerFiltersTestJSON:setUpClass): 201 POST http://10.180.1.21/identity/v3/auth/tokens 0.075s
2025-12-12 10:21:28.193 65826 INFO tempest.lib.common.rest_client [req-c997fa67-f479-44fd-a3b3-1485f41b5376 req-c997fa67-f479-44fd-a3b3-1485f41b5376 ] Request (AZAdminNegativeTestJSON:tearDownClass): 200 GET http://10.180.1.21/networking/v2.0/security-groups?tenant_id=fb5342c3646d40a5962eecbefdd730d5&name=default 0.615s
2025-12-12 10:21:28.207 65856 INFO tempest.lib.common.rest_client [req-5dcc1141-b171-4982-a66e-b17162298ff5 req-5dcc1141-b171-4982-a66e-b17162298ff5 ] Request (QuotasAdminTestV257:setUpClass): 200 GET http://10.180.1.21/identity/v3/roles 0.076s
2025-12-12 10:21:28.233 65852 INFO tempest.lib.common.rest_client [req-5114f9bc-a57a-4065-b9f9-ac24a5c2dac6 req-5114f9bc-a57a-4065-b9f9-ac24a5c2dac6 ] Request (ListServerFiltersTestJSON:setUpClass): 200 GET http://10.180.1.21/identity/v3/domains?name=Default 0.044s
2025-12-12 10:21:28.241 65856 INFO tempest.lib.common.rest_client [req-260ab95f-ba97-4bf6-89fd-9905ba758f9e req-260ab95f-ba97-4bf6-89fd-9905ba758f9e ] Request (QuotasAdminTestV257:setUpClass): 204 PUT http://10.180.1.21/identity/v3/projects/adcf65f700e14f6385e45800d4e64a1b/users/b917873947c748b7a998b21233b9e102/roles/da0e2f8e1f0147a58f2971fe76d25e2e 0.034s
2025-12-12 10:21:28.241 65856 INFO tempest.lib.common.dynamic_creds [-] Dynamic test user b917873947c748b7a998b21233b9e102 is created with scope project and roles: ['admin']
2025-12-12 10:21:28.242 65856 INFO tempest.lib.common.dynamic_creds [-] Acquired dynamic creds: credentials: Credentials: {'domain_id': 'default', 'domain_name': 'Default', 'username': 'tempest-QuotasAdminTestV257-356545137-project-admin', 'project_domain_id': 'default', 'project_domain_name': 'Default', 'project_id': 'adcf65f700e14f6385e45800d4e64a1b', 'project_name': 'tempest-QuotasAdminTestV257-356545137', 'tenant_id': 'adcf65f700e14f6385e45800d4e64a1b', 'tenant_name': 'tempest-QuotasAdminTestV257-356545137', 'user_domain_id': 'default', 'user_domain_name': 'Default', 'user_id': 'b917873947c748b7a998b21233b9e102', 'system': None}, Network: None, Subnet: None, Router: None
2025-12-12 10:21:28.242 65856 INFO tempest.lib.common.dynamic_creds [-] Created isolated network resources for: credentials: Credentials: {'domain_id': 'default', 'domain_name': 'Default', 'username': 'tempest-QuotasAdminTestV257-356545137-project-admin', 'project_domain_id': 'default', 'project_domain_name': 'Default', 'project_id': 'adcf65f700e14f6385e45800d4e64a1b', 'project_name': 'tempest-QuotasAdminTestV257-356545137', 'tenant_id': 'adcf65f700e14f6385e45800d4e64a1b', 'tenant_name': 'tempest-QuotasAdminTestV257-356545137', 'user_domain_id': 'default', 'user_domain_name': 'Default', 'user_id': 'b917873947c748b7a998b21233b9e102', 'system': None}, Network: None, Subnet: None, Router: None
2025-12-12 10:21:28.244 65816 INFO tempest.lib.common.rest_client [req-62f21961-f884-4d19-b40c-237c64a80f92 req-62f21961-f884-4d19-b40c-237c64a80f92 ] Request (NetworksTest:tearDownClass): 200 GET http://10.180.1.21/networking/v2.0/security-groups?tenant_id=d5e0b4b9d2404e5eb7a998ba8e852dd7&name=default 0.612s
2025-12-12 10:21:28.294 65852 INFO tempest.lib.common.rest_client [req-1a28399e-a02a-4f64-a417-403a95034b40 req-1a28399e-a02a-4f64-a417-403a95034b40 ] Request (ListServerFiltersTestJSON:setUpClass): 201 POST http://10.180.1.21/identity/v3/projects 0.060s
2025-12-12 10:21:28.364 65856 INFO tempest.lib.common.rest_client [req-c722246e-1606-45da-9b0a-ef70da4d30b4 req-c722246e-1606-45da-9b0a-ef70da4d30b4 ] Request (QuotasAdminTestV257:setUpClass): 201 POST http://10.180.1.21/identity/v3/auth/tokens 0.117s
2025-12-12 10:21:28.365 65856 WARNING tempest.lib.common.rest_client [-] Deprecated: "tenant_id" property is deprecated for removal, use "project_id" instead
2025-12-12 10:21:28.381 65852 INFO tempest.lib.common.rest_client [req-90657ab3-1297-4714-9a9a-7fc81b86315c req-90657ab3-1297-4714-9a9a-7fc81b86315c ] Request (ListServerFiltersTestJSON:setUpClass): 201 POST http://10.180.1.21/identity/v3/users 0.087s
2025-12-12 10:21:28.404 65852 INFO tempest.lib.common.rest_client [req-db955470-0ccc-4b62-add7-0f93f0b31d47 req-db955470-0ccc-4b62-add7-0f93f0b31d47 ] Request (ListServerFiltersTestJSON:setUpClass): 200 GET http://10.180.1.21/identity/v3/roles 0.023s
2025-12-12 10:21:28.430 65852 INFO tempest.lib.common.rest_client [req-84929e25-047c-4448-a982-9ecfcb5f292d req-84929e25-047c-4448-a982-9ecfcb5f292d ] Request (ListServerFiltersTestJSON:setUpClass): 204 PUT http://10.180.1.21/identity/v3/projects/42e85b79ce6e4d6ab96b59ba91e99988/users/989112c99963442d8230073d2b93d392/roles/76d0949b9e50412c8059a61b411e68cd 0.025s
2025-12-12 10:21:28.430 65852 INFO tempest.lib.common.dynamic_creds [-] Dynamic test user 989112c99963442d8230073d2b93d392 is created with scope project and roles: ['member']
