2025-12-12 10:22:15.731 65840 INFO tempest.common.waiters [-] State transition "BUILD/scheduling" ==> "BUILD/None" after 3 second wait
2025-12-12 10:22:15.764 65866 INFO tempest.lib.common.rest_client [req-00fd6345-fd69-4672-bd05-9fab270496ca req-00fd6345-fd69-4672-bd05-9fab270496ca ] Request (ServersV294TestFqdnHostnames:setUpClass): 200 GET http://10.180.1.21/compute/v2.1/servers/4f50d532-f168-4efd-b48c-84319586df8e 2.186s
2025-12-12 10:22:15.784 65870 INFO tempest.lib.common.rest_client [req-d1909dfb-6afb-404d-a17c-a5ac66b095b5 req-d1909dfb-6afb-404d-a17c-a5ac66b095b5 ] Request (FlavorsAccessNegativeTestJSON:_run_cleanups): 202 DELETE http://10.180.1.21/compute/v2.1/flavors/950966807 1.948s
2025-12-12 10:22:15.845 65836 INFO tempest.lib.common.rest_client [req-fd585433-8688-4d27-bf33-135c96a12f95 req-fd585433-8688-4d27-bf33-135c96a12f95 ] Request (ServerDiagnosticsNegativeTest:test_get_server_diagnostics_by_non_admin): 200 GET http://10.180.1.21/compute/v2.1/servers/dba9e8e0-cadc-4888-9bab-9458e1b5a22f 1.995s
2025-12-12 10:22:15.996 65858 INFO tempest.lib.common.rest_client [req-f8828c96-301b-4083-85c6-600816151c63 req-f8828c96-301b-4083-85c6-600816151c63 ] Request (ServerRescueTestJSONUnderV235:setUpClass): 200 GET http://10.180.1.21/compute/v2.1/servers/0f5aa2e5-7537-4dd4-b403-43b330bae3e6 1.721s
2025-12-12 10:22:16.190 65869 INFO tempest.lib.common.rest_client [req-051570ae-08e0-4e27-a512-cc6a9f3cd0c9 req-051570ae-08e0-4e27-a512-cc6a9f3cd0c9 ] Request (ImagesTestJSON:test_create_image_from_stopped_server): 200 GET http://10.180.1.21/compute/v2.1/servers/e1ccf109-38eb-4e40-8708-7a6b30503672 1.795s
2025-12-12 10:22:16.290 65846 INFO tempest.lib.common.rest_client [req-2d9aec89-730e-44b8-bb5f-b1bb19799a48 req-2d9aec89-730e-44b8-bb5f-b1bb19799a48 ] Request (ServerTagsTestJSON:setUpClass): 200 GET http://10.180.1.21/compute/v2.1/servers/e2762ef8-ed20-49e9-8129-4f23e14ba797 1.838s
2025-12-12 10:22:16.395 65814 INFO tempest.lib.common.rest_client [req-8e05ab8d-2438-4605-bee7-1be86b53dbd1 req-8e05ab8d-2438-4605-bee7-1be86b53dbd1 ] Request (ServerDiagnosticsV248Test:test_get_server_diagnostics): 200 GET http://10.180.1.21/compute/v2.1/servers/1320d919-a368-4c85-aabd-be9e599b1237/diagnostics 2.635s
2025-12-12 10:22:16.401 65838 INFO tempest.lib.common.rest_client [req-e76c16ed-af66-4152-84b9-1cde278ac3ef req-e76c16ed-af66-4152-84b9-1cde278ac3ef ] Request (ServersTestFqdnHostnames:test_create_server_with_fqdn_name): 200 GET http://10.180.1.21/compute/v2.1/servers/82758096-0b1a-48f9-ba64-b31451be178f 1.713s
2025-12-12 10:22:16.405 65834 INFO tempest.lib.common.rest_client [req-69e13e9a-9c48-403f-95c3-c0a8f2c0a32f req-69e13e9a-9c48-403f-95c3-c0a8f2c0a32f ] Request (AggregatesAdminNegativeTestJSON:test_aggregate_create_aggregate_name_length_less_than_1): 400 POST http://10.180.1.21/compute/v2.1/os-aggregates 1.578s
2025-12-12 10:22:16.428 65826 INFO tempest.lib.common.rest_client [req-4cb22371-ad4d-4d55-be86-57d8fa577744 req-4cb22371-ad4d-4d55-be86-57d8fa577744 ] Request (FlavorsExtraSpecsTestJSON:tearDownClass): 202 DELETE http://10.180.1.21/compute/v2.1/flavors/948555913 1.541s
2025-12-12 10:22:16.429 65828 INFO tempest.lib.common.rest_client [req-7bf39c9d-4864-4f2c-b923-43d91c4a52a3 req-7bf39c9d-4864-4f2c-b923-43d91c4a52a3 ] Request (FlavorsAdminTestJSON:_run_cleanups): 202 DELETE http://10.180.1.21/compute/v2.1/flavors/9c2960e2-57d4-4a78-a49e-83d7df72d733 1.563s
2025-12-12 10:22:16.446 65818 INFO tempest.lib.common.rest_client [req-14ed8843-c15c-4503-92e9-6ee7cceba7a2 req-14ed8843-c15c-4503-92e9-6ee7cceba7a2 ] Request (KeyPairsV2TestJSON:_run_cleanups): 202 DELETE http://10.180.1.21/compute/v2.1/os-keypairs/tempest-KeyPairsV2TestJSON-keypair-2117338972 1.528s
2025-12-12 10:22:16.454 65864 INFO tempest.lib.common.rest_client [req-68aae5bb-a5a1-414b-b0b9-fa564a0f96d1 req-68aae5bb-a5a1-414b-b0b9-fa564a0f96d1 ] Request (DeleteServersAdminTestJSON:test_admin_delete_servers_of_others): 404 GET http://10.180.1.21/compute/v2.1/servers/e2db4662-6d97-492e-a8f8-44b559d6b2ad 1.532s
2025-12-12 10:22:16.490 65872 INFO tempest.lib.common.rest_client [req-0483e401-8fda-4a94-8556-9227895694cf req-0483e401-8fda-4a94-8556-9227895694cf ] Request (HypervisorAdminTestJSON:test_get_hypervisor_show_details): 200 GET http://10.180.1.21/compute/v2.1/os-hypervisors 1.471s
2025-12-12 10:22:16.504 65822 INFO tempest.lib.common.rest_client [req-75e19202-b3ad-4697-b727-1f7aa3bf61df req-75e19202-b3ad-4697-b727-1f7aa3bf61df ] Request (ServersTestMultiNic:test_verify_duplicate_network_nics): 200 GET http://10.180.1.21/compute/v2.1/servers/70be69f7-de00-4c2f-8880-861c2e7dc83a 1.511s
2025-12-12 10:22:16.542 65864 INFO tempest.lib.common.rest_client [req-db83ef83-047c-4737-86df-8099fb6b7e6a req-db83ef83-047c-4737-86df-8099fb6b7e6a ] Request (DeleteServersAdminTestJSON:test_delete_server_while_in_error_state): 201 POST http://10.180.1.21/identity/v3/auth/tokens 0.073s
2025-12-12 10:22:16.543 65864 INFO tempest.lib.common.fixed_network [-] (DeleteServersAdminTestJSON:test_delete_server_while_in_error_state) Found network None available for tenant
2025-12-12 10:22:16.570 65818 INFO tempest.lib.common.rest_client [req-b23e5be4-6c57-4ac7-b1b2-f8b661924205 req-b23e5be4-6c57-4ac7-b1b2-f8b661924205 ] Request (KeyPairsV2TestJSON:tearDownClass): 204 DELETE http://10.180.1.21/identity/v3/users/94ab567514cc449bb78417349e0fee53 0.122s
2025-12-12 10:22:16.570 65818 INFO tempest.lib.common.dynamic_creds [-] Deleting project and security group for project: 3b2f970de43249c0b265fd66a0d4ed82
2025-12-12 10:22:16.623 65860 INFO tempest.lib.common.rest_client [req-15821abd-e06b-4b05-864e-8f5035ade8cf req-15821abd-e06b-4b05-864e-8f5035ade8cf ] Request (FloatingIPsAssociationNegativeTestJSON:setUpClass): 200 GET http://10.180.1.21/compute/v2.1/servers/fef43dab-cf9f-4fbf-ac79-0d0e819ff0f8 1.319s
2025-12-12 10:22:16.624 65824 INFO tempest.lib.common.rest_client [req-3576d805-32d6-4ce3-a70e-9301e0651f20 req-3576d805-32d6-4ce3-a70e-9301e0651f20 ] Request (VolumesAssistedSnapshotsTest:test_volume_assisted_snapshot_create_delete): 200 GET http://10.180.1.21/compute/v2.1/servers/70626f0c-e172-4ac8-b18e-01b0263d1c1b 1.571s
2025-12-12 10:22:16.630 65820 INFO tempest.lib.common.rest_client [req-8996bc59-203a-4257-9c32-c56d92f15097 req-8996bc59-203a-4257-9c32-c56d92f15097 ] Request (TenantUsagesNegativeTestJSON:test_get_usage_tenant_with_invalid_date): 400 GET http://10.180.1.21/compute/v2.1/os-simple-tenant-usage/1e642721cb764ba4a2d18d6e21b6bf8c?start=2025-12-13T10%3A22%3A12.428062&end=2025-12-11T10%3A22%3A12.428062 1.304s
2025-12-12 10:22:16.636 65818 INFO tempest.lib.common.rest_client [req-0ab091e4-4ce5-4f72-9559-4a7f96c75d85 req-0ab091e4-4ce5-4f72-9559-4a7f96c75d85 ] Request (KeyPairsV2TestJSON:tearDownClass): 201 POST http://10.180.1.21/identity/v3/auth/tokens 0.065s
2025-12-12 10:22:16.671 65874 INFO tempest.lib.common.rest_client [req-102bb5ec-2072-4196-a951-1807c7820e66 req-102bb5ec-2072-4196-a951-1807c7820e66 ] Request (KeyPairsNegativeTestJSON:test_create_keypair_with_duplicate_name): 200 POST http://10.180.1.21/compute/v2.1/os-keypairs 1.166s
2025-12-12 10:22:16.690 65832 INFO tempest.lib.common.rest_client [req-8c78bbd7-dbe8-44dc-826e-17e735a094db req-8c78bbd7-dbe8-44dc-826e-17e735a094db ] Request (DeleteServersTestJSON:test_delete_active_server): 404 GET http://10.180.1.21/compute/v2.1/servers/fe42a012-e29f-43bc-9a95-7742eaddbe6d 1.167s
2025-12-12 10:22:16.754 65842 INFO tempest.lib.common.rest_client [req-5622fe01-6511-4ee4-9023-ae00e4bb1cf5 req-5622fe01-6511-4ee4-9023-ae00e4bb1cf5 ] Request (FloatingIPsTestJSON:test_allocate_floating_ip): 200 GET http://10.180.1.21/compute/v2.1/os-floating-ips 1.278s
2025-12-12 10:22:16.764 65832 INFO tempest.lib.common.rest_client [req-144e6add-936f-44d8-9956-1b48ac0cbb97 req-144e6add-936f-44d8-9956-1b48ac0cbb97 ] Request (DeleteServersTestJSON:test_delete_server_while_in_attached_volume): 201 POST http://10.180.1.21/identity/v3/auth/tokens 0.066s
2025-12-12 10:22:16.765 65832 INFO tempest.lib.common.fixed_network [-] (DeleteServersTestJSON:test_delete_server_while_in_attached_volume) Found network {'id': 'c52c7762-34ec-4804-8692-e76615e9e921', 'name': 'tempest-DeleteServersTestJSON-1751326849-network', 'tenant_id': '5558b6330205469cb326df02cbeb5ae9', 'project_id': '5558b6330205469cb326df02cbeb5ae9', 'admin_state_up': True, 'mtu': 8950, 'status': 'ACTIVE', 'subnets': [], 'shared': False, 'port_security_enabled': True, 'router:external': False, 'provider:network_type': 'vlan', 'provider:physical_network': 'default', 'provider:segmentation_id': 559, 'availability_zone_hints': [], 'availability_zones': [], 'ipv4_address_scope': None, 'ipv6_address_scope': None, 'description': '', 'tags': [], 'created_at': '2025-12-12T10:21:20Z', 'updated_at': '2025-12-12T10:21:20Z', 'revision_number': 1} available for tenant
2025-12-12 10:22:16.815 65850 INFO tempest.lib.common.rest_client [req-1f734230-e201-4268-b688-640d7ce2a2e1 req-1f734230-e201-4268-b688-640d7ce2a2e1 ] Request (QuotasAdminTestJSON:test_delete_quota): 200 GET http://10.180.1.21/compute/v2.1/os-quota-sets/590cb36e34c7457b9a4340ab490626c0 1.163s
2025-12-12 10:22:16.834 65862 INFO tempest.lib.common.rest_client [req-ec8a4705-2440-40a6-bba8-9fe61aa29edc req-ec8a4705-2440-40a6-bba8-9fe61aa29edc ] Request (HostsAdminNegativeTestJSON:test_update_nonexistent_host): 404 PUT http://10.180.1.21/compute/v2.1/os-hosts/nonexistent_hostname 1.105s
2025-12-12 10:22:16.839 65818 INFO tempest.lib.common.rest_client [req-0e6d3b52-b1ed-496d-90dc-d2316573c30f req-0e6d3b52-b1ed-496d-90dc-d2316573c30f ] Request (KeyPairsV2TestJSON:tearDownClass): 200 GET http://10.180.1.21/networking/v2.0/security-groups?tenant_id=3b2f970de43249c0b265fd66a0d4ed82&name=default 0.203s
2025-12-12 10:22:16.907 65876 INFO tempest.lib.common.rest_client [req-52935391-a57e-448b-9146-b4b3e7efa592 req-52935391-a57e-448b-9146-b4b3e7efa592 ] Request (InstanceActionsV221TestJSON:test_get_list_deleted_instance_actions): 200 GET http://10.180.1.21/compute/v2.1/servers/e8ebab66-9a17-4447-ae93-f395f6010f12 1.254s
2025-12-12 10:22:16.925 65850 INFO tempest.lib.common.rest_client [req-a1649607-f99c-4775-8ea3-59a86460abcb req-a1649607-f99c-4775-8ea3-59a86460abcb ] Request (QuotasAdminTestJSON:_run_cleanups): 204 DELETE http://10.180.1.21/identity/v3/projects/590cb36e34c7457b9a4340ab490626c0 0.106s
2025-12-12 10:22:16.950 65870 INFO tempest.lib.common.rest_client [req-2ce7b977-ec53-459e-92e2-8e9b0f144382 req-2ce7b977-ec53-459e-92e2-8e9b0f144382 ] Request (FlavorsAccessNegativeTestJSON:_run_cleanups): 200 GET http://10.180.1.21/compute/v2.1/flavors/detail 1.163s
2025-12-12 10:22:16.964 65862 INFO tempest.lib.common.rest_client [req-923269bd-0771-439f-9389-abb40c48d3b7 req-923269bd-0771-439f-9389-abb40c48d3b7 ] Request (HostsAdminNegativeTestJSON:tearDownClass): 204 DELETE http://10.180.1.21/identity/v3/users/86f5c6f1c1484623849e087246235cb3 0.127s
2025-12-12 10:22:16.996 65818 INFO tempest.lib.common.rest_client [req-ccb19a9d-1daa-47e8-9496-bba8b982cac1 req-ccb19a9d-1daa-47e8-9496-bba8b982cac1 ] Request (KeyPairsV2TestJSON:tearDownClass): 204 DELETE http://10.180.1.21/networking/v2.0/security-groups/192ef7cc-bc3d-4e4e-a5b5-08e9d1c8de7f 0.156s
2025-12-12 10:22:17.083 65852 INFO tempest.lib.common.rest_client [req-34a01441-ef0b-4d75-b47f-109456c2f072 req-34a01441-ef0b-4d75-b47f-109456c2f072 ] Request (ListServerFiltersTestJSON:setUpClass): 200 GET http://10.180.1.21/compute/v2.1/servers/fe2c32d5-c68a-4d4d-87cc-a1ecf10a37c1 1.255s
2025-12-12 10:22:17.103 65818 INFO tempest.lib.common.rest_client [req-79427d8d-4072-4bb7-b3da-9f5244a114d9 req-79427d8d-4072-4bb7-b3da-9f5244a114d9 ] Request (KeyPairsV2TestJSON:tearDownClass): 204 DELETE http://10.180.1.21/identity/v3/projects/3b2f970de43249c0b265fd66a0d4ed82 0.106s
2025-12-12 10:22:17.123 65862 INFO tempest.lib.common.rest_client [req-5393ea47-d46e-4806-8091-e88ca14cb1d9 req-5393ea47-d46e-4806-8091-e88ca14cb1d9 ] Request (HostsAdminNegativeTestJSON:tearDownClass): 204 DELETE http://10.180.1.21/identity/v3/users/687737654d8c47d08c0d08fd5ace7dbd 0.158s
2025-12-12 10:22:17.123 65862 INFO tempest.lib.common.dynamic_creds [-] Deleting project and security group for project: 552d0b758a3e47f0bf6e8c9e84a6d62e
2025-12-12 10:22:17.139 65854 INFO tempest.lib.common.rest_client [req-938573d6-9c61-4217-a513-fb8969b4deb0 req-938573d6-9c61-4217-a513-fb8969b4deb0 ] Request (ServersWithSpecificFlavorTestJSON:test_verify_created_server_ephemeral_disk): 200 GET http://10.180.1.21/compute/v2.1/servers/efe1d00d-ae64-4b13-984b-5dc4a2327d42 1.060s
2025-12-12 10:22:17.170 65818 INFO tempest.lib.common.rest_client [req-7b99fb07-0e32-4af8-9a0b-0a6dbd9f29c2 req-7b99fb07-0e32-4af8-9a0b-0a6dbd9f29c2 ] Request (SecurityGroupRulesNegativeTestJSON:setUpClass): 201 POST http://10.180.1.21/identity/v3/auth/tokens 0.065s
2025-12-12 10:22:17.181 65862 INFO tempest.lib.common.rest_client [req-c2810d3c-3f95-4b78-919a-95bb556e9737 req-c2810d3c-3f95-4b78-919a-95bb556e9737 ] Request (HostsAdminNegativeTestJSON:tearDownClass): 201 POST http://10.180.1.21/identity/v3/auth/tokens 0.058s
2025-12-12 10:22:17.204 65844 INFO tempest.lib.common.rest_client [req-f5fd9522-7064-4426-ac89-5e529340f6ea req-f5fd9522-7064-4426-ac89-5e529340f6ea ] Request (TenantUsagesTestJSON:setUpClass): 200 GET http://10.180.1.21/compute/v2.1/servers/3eeaf158-bd34-46c7-9ec1-7f2e356b17d0 1.120s
2025-12-12 10:22:17.211 65818 INFO tempest.lib.common.rest_client [req-9bd883dc-f10f-4f80-a47a-31ce077a577c req-9bd883dc-f10f-4f80-a47a-31ce077a577c ] Request (SecurityGroupRulesNegativeTestJSON:setUpClass): 201 POST http://10.180.1.21/identity/v3/auth/tokens 0.038s
2025-12-12 10:22:17.238 65818 INFO tempest.lib.common.rest_client [req-6d123a58-554f-4cf9-94bc-df00967cdf24 req-6d123a58-554f-4cf9-94bc-df00967cdf24 ] Request (SecurityGroupRulesNegativeTestJSON:setUpClass): 200 GET http://10.180.1.21/identity/v3/domains?name=Default 0.027s
2025-12-12 10:22:17.251 65816 INFO tempest.lib.common.rest_client [req-1d812f0e-a15f-4f2a-993b-b8af66f0ce9a req-1d812f0e-a15f-4f2a-993b-b8af66f0ce9a ] Request (FloatingIPsAssociationTestJSON:test_associate_already_associated_floating_ip): 202 POST http://10.180.1.21/compute/v2.1/servers 1.520s
2025-12-12 10:22:17.259 65834 INFO tempest.lib.common.rest_client [req-819cb728-dfb8-45ac-ad87-174018fe504f req-819cb728-dfb8-45ac-ad87-174018fe504f ] Request (AggregatesAdminNegativeTestJSON:test_aggregate_create_as_user): 403 POST http://10.180.1.21/compute/v2.1/os-aggregates 0.849s
2025-12-12 10:22:17.273 65818 INFO tempest.lib.common.rest_client [req-a35122f2-9db3-49a0-9a3a-78528315fa87 req-a35122f2-9db3-49a0-9a3a-78528315fa87 ] Request (SecurityGroupRulesNegativeTestJSON:setUpClass): 201 POST http://10.180.1.21/identity/v3/projects 0.034s
2025-12-12 10:22:17.285 65826 INFO tempest.lib.common.rest_client [req-4fb0c22f-c017-4ab9-b2c4-240906f85a25 req-4fb0c22f-c017-4ab9-b2c4-240906f85a25 ] Request (FlavorsExtraSpecsTestJSON:tearDownClass): 200 GET http://10.180.1.21/compute/v2.1/flavors/detail 0.856s
2025-12-12 10:22:17.308 65828 INFO tempest.lib.common.rest_client [req-eb64c1fd-2ea6-48fb-acb9-d9a7df1b97bb req-eb64c1fd-2ea6-48fb-acb9-d9a7df1b97bb ] Request (FlavorsAdminTestJSON:_run_cleanups): 200 GET http://10.180.1.21/compute/v2.1/flavors/detail 0.878s
2025-12-12 10:22:17.334 65872 INFO tempest.lib.common.rest_client [req-a609917e-a399-4dc2-80c5-93953258dba9 req-a609917e-a399-4dc2-80c5-93953258dba9 ] Request (HypervisorAdminTestJSON:test_get_hypervisor_show_details): 200 GET http://10.180.1.21/compute/v2.1/os-hypervisors/1 0.842s
2025-12-12 10:22:17.349 65818 INFO tempest.lib.common.rest_client [req-b11f0064-7945-4a28-bae8-389e724f5691 req-b11f0064-7945-4a28-bae8-389e724f5691 ] Request (SecurityGroupRulesNegativeTestJSON:setUpClass): 201 POST http://10.180.1.21/identity/v3/users 0.076s
2025-12-12 10:22:17.372 65830 INFO tempest.lib.common.rest_client [req-54366323-f9c6-4c24-a1ad-315872b3583e req-54366323-f9c6-4c24-a1ad-315872b3583e ] Request (ImagesNegativeTestJSON:test_create_image_from_deleted_server): 200 GET http://10.180.1.21/compute/v2.1/servers/738e2568-fa3a-46d1-956e-62998ab475bd 1.078s
2025-12-12 10:22:17.375 65818 INFO tempest.lib.common.rest_client [req-24655d13-2588-4724-b9fb-4ced335347a2 req-24655d13-2588-4724-b9fb-4ced335347a2 ] Request (SecurityGroupRulesNegativeTestJSON:setUpClass): 200 GET http://10.180.1.21/identity/v3/roles 0.024s
2025-12-12 10:22:17.406 65862 INFO tempest.lib.common.rest_client [req-f01db787-3906-4444-8c78-0171073f6b85 req-f01db787-3906-4444-8c78-0171073f6b85 ] Request (HostsAdminNegativeTestJSON:tearDownClass): 200 GET http://10.180.1.21/networking/v2.0/security-groups?tenant_id=552d0b758a3e47f0bf6e8c9e84a6d62e&name=default 0.224s
2025-12-12 10:22:17.436 65826 INFO tempest.lib.common.rest_client [req-e736fe6b-ec92-4efe-96df-cf932fc43e3f req-e736fe6b-ec92-4efe-96df-cf932fc43e3f ] Request (FlavorsExtraSpecsTestJSON:tearDownClass): 204 DELETE http://10.180.1.21/identity/v3/users/efb2b8c68a70484c94a232c18a8a5584 0.144s
2025-12-12 10:22:17.506 65818 INFO tempest.lib.common.rest_client [req-d15e92b0-5130-42f5-a983-21d2654bcb8b req-d15e92b0-5130-42f5-a983-21d2654bcb8b ] Request (SecurityGroupRulesNegativeTestJSON:setUpClass): 204 PUT http://10.180.1.21/identity/v3/projects/838fd87aa40d4862a3e7055fbfe47686/users/d33eea54bdfa41dc8dd1c393cb7c6cd4/roles/76d0949b9e50412c8059a61b411e68cd 0.131s
2025-12-12 10:22:17.507 65818 INFO tempest.lib.common.dynamic_creds [-] Dynamic test user d33eea54bdfa41dc8dd1c393cb7c6cd4 is created with scope project and roles: ['member']
2025-12-12 10:22:17.507 65818 INFO tempest.lib.common.dynamic_creds [-] Acquired dynamic creds: credentials: Credentials: {'domain_id': 'default', 'domain_name': 'Default', 'username': 'tempest-SecurityGroupRulesNegativeTestJSON-216918017-project-member', 'project_domain_id': 'default', 'project_domain_name': 'Default', 'project_id': '838fd87aa40d4862a3e7055fbfe47686', 'project_name': 'tempest-SecurityGroupRulesNegativeTestJSON-216918017', 'tenant_id': '838fd87aa40d4862a3e7055fbfe47686', 'tenant_name': 'tempest-SecurityGroupRulesNegativeTestJSON-216918017', 'user_domain_id': 'default', 'user_domain_name': 'Default', 'user_id': 'd33eea54bdfa41dc8dd1c393cb7c6cd4', 'system': None}, Network: None, Subnet: None, Router: None
2025-12-12 10:22:17.516 65820 INFO tempest.lib.common.rest_client [req-2eeea43c-bdcb-4925-bfa6-8f51200f48cf req-2eeea43c-bdcb-4925-bfa6-8f51200f48cf ] Request (TenantUsagesNegativeTestJSON:test_list_usage_all_tenants_with_non_admin_user): 403 GET http://10.180.1.21/compute/v2.1/os-simple-tenant-usage?start=2025-12-11T10%3A22%3A12.428062&end=2025-12-13T10%3A22%3A12.428062&detailed=1 0.883s
2025-12-12 10:22:17.558 65874 INFO tempest.lib.common.rest_client [req-3d898635-3acd-4638-a43f-f81d602a88d8 req-3d898635-3acd-4638-a43f-f81d602a88d8 ] Request (KeyPairsNegativeTestJSON:test_create_keypair_with_duplicate_name): 409 POST http://10.180.1.21/compute/v2.1/os-keypairs 0.885s
2025-12-12 10:22:17.577 65862 INFO tempest.lib.common.rest_client [req-a3c1b778-c094-4e8a-afec-4fc1825de0fc req-a3c1b778-c094-4e8a-afec-4fc1825de0fc ] Request (HostsAdminNegativeTestJSON:tearDownClass): 204 DELETE http://10.180.1.21/networking/v2.0/security-groups/1fec440b-ee66-4f32-9c5d-ac7d308620bb 0.170s
2025-12-12 10:22:17.597 65818 INFO tempest.lib.common.rest_client [req-d96b9a31-d329-488e-8b82-861ba5b260fa req-d96b9a31-d329-488e-8b82-861ba5b260fa ] Request (SecurityGroupRulesNegativeTestJSON:setUpClass): 201 POST http://10.180.1.21/identity/v3/auth/tokens 0.090s
2025-12-12 10:22:17.676 65820 INFO tempest.lib.common.rest_client [req-e25f2283-d115-4328-b92a-85aae4d27d1d req-e25f2283-d115-4328-b92a-85aae4d27d1d ] Request (TenantUsagesNegativeTestJSON:tearDownClass): 204 DELETE http://10.180.1.21/identity/v3/users/f241887970094082bd212c2af32d14d8 0.159s
2025-12-12 10:22:17.678 65826 INFO tempest.lib.common.rest_client [req-9004df88-e7c1-4d3a-a681-e483e06e7413 req-9004df88-e7c1-4d3a-a681-e483e06e7413 ] Request (FlavorsExtraSpecsTestJSON:tearDownClass): 204 DELETE http://10.180.1.21/identity/v3/users/4302dc920c9c4fe5b84e3dac7c1f1527 0.241s
2025-12-12 10:22:17.679 65826 INFO tempest.lib.common.dynamic_creds [-] Deleting project and security group for project: aa2e6373731743928591b047048840f9
2025-12-12 10:22:17.704 65864 INFO tempest.lib.common.rest_client [req-e1d3220a-3191-495f-8b0e-87553847856b req-e1d3220a-3191-495f-8b0e-87553847856b ] Request (DeleteServersAdminTestJSON:test_delete_server_while_in_error_state): 202 POST http://10.180.1.21/compute/v2.1/servers 1.158s
2025-12-12 10:22:17.723 65840 INFO tempest.lib.common.rest_client [req-a4b28dda-7c19-40e8-9b6d-9110c15b18e0 req-a4b28dda-7c19-40e8-9b6d-9110c15b18e0 ] Request (VolumesAdminNegativeTest:test_update_attached_volume_with_nonexistent_volume_in_uri): 200 GET http://10.180.1.21/compute/v2.1/servers/b4994fc2-9d0d-48e2-8fab-180808c3f593 0.990s
2025-12-12 10:22:17.877 65862 INFO tempest.lib.common.rest_client [req-7e7a3bd8-f71f-41b8-9adc-96b1badc7394 req-7e7a3bd8-f71f-41b8-9adc-96b1badc7394 ] Request (HostsAdminNegativeTestJSON:tearDownClass): 204 DELETE http://10.180.1.21/identity/v3/projects/552d0b758a3e47f0bf6e8c9e84a6d62e 0.300s
2025-12-12 10:22:17.877 65862 INFO tempest.lib.common.dynamic_creds [-] Deleting project and security group for project: bb5940816ca740438111e8879eebdb1b
2025-12-12 10:22:17.925 65820 INFO tempest.lib.common.rest_client [req-c5f5b204-c0b4-46c4-b3d0-c6925f196eb2 req-c5f5b204-c0b4-46c4-b3d0-c6925f196eb2 ] Request (TenantUsagesNegativeTestJSON:tearDownClass): 204 DELETE http://10.180.1.21/identity/v3/users/e5ce3ebd64cf42eaa6036b6b6b12eac1 0.248s
2025-12-12 10:22:17.926 65820 INFO tempest.lib.common.dynamic_creds [-] Deleting project and security group for project: 1e642721cb764ba4a2d18d6e21b6bf8c
2025-12-12 10:22:17.961 65826 INFO tempest.lib.common.rest_client [req-07666b31-876f-42db-b509-846136586a8e req-07666b31-876f-42db-b509-846136586a8e ] Request (FlavorsExtraSpecsTestJSON:tearDownClass): 201 POST http://10.180.1.21/identity/v3/auth/tokens 0.281s
2025-12-12 10:22:17.998 65820 INFO tempest.lib.common.rest_client [req-2f7327c8-c16b-4609-acee-10845362cb24 req-2f7327c8-c16b-4609-acee-10845362cb24 ] Request (TenantUsagesNegativeTestJSON:tearDownClass): 201 POST http://10.180.1.21/identity/v3/auth/tokens 0.072s
2025-12-12 10:22:18.083 65818 INFO tempest.lib.common.rest_client [req-d080d82f-2320-4135-a475-1493bb69d057 req-d080d82f-2320-4135-a475-1493bb69d057 ] Request (SecurityGroupRulesNegativeTestJSON:setUpClass): 201 POST http://10.180.1.21/networking/v2.0/networks 0.485s
2025-12-12 10:22:18.178 65862 INFO tempest.lib.common.rest_client [req-10dfb009-58ca-474f-a2fb-c0c7ffc0235d req-10dfb009-58ca-474f-a2fb-c0c7ffc0235d ] Request (HostsAdminNegativeTestJSON:tearDownClass): 200 GET http://10.180.1.21/networking/v2.0/security-groups?tenant_id=bb5940816ca740438111e8879eebdb1b&name=default 0.300s
2025-12-12 10:22:18.403 65826 INFO tempest.lib.common.rest_client [req-9d97e9e1-52cc-4c7b-81da-f2ba0239004f req-9d97e9e1-52cc-4c7b-81da-f2ba0239004f ] Request (FlavorsExtraSpecsTestJSON:tearDownClass): 200 GET http://10.180.1.21/networking/v2.0/security-groups?tenant_id=aa2e6373731743928591b047048840f9&name=default 0.442s
2025-12-12 10:22:18.404 65820 INFO tempest.lib.common.rest_client [req-b924d230-bf06-48dd-b407-60f527f5ba87 req-b924d230-bf06-48dd-b407-60f527f5ba87 ] Request (TenantUsagesNegativeTestJSON:tearDownClass): 200 GET http://10.180.1.21/networking/v2.0/security-groups?tenant_id=1e642721cb764ba4a2d18d6e21b6bf8c&name=default 0.406s
2025-12-12 10:22:18.528 65862 INFO tempest.lib.common.rest_client [req-0c824868-556a-42df-af84-9bb867a5526a req-0c824868-556a-42df-af84-9bb867a5526a ] Request (HostsAdminNegativeTestJSON:tearDownClass): 204 DELETE http://10.180.1.21/networking/v2.0/security-groups/c4fbc04f-c34a-488e-a0ab-229bc24e50f7 0.350s
2025-12-12 10:22:18.595 65818 INFO tempest.lib.common.rest_client [req-677ba000-f847-4657-8c3c-da4f9e3aa4f6 req-677ba000-f847-4657-8c3c-da4f9e3aa4f6 ] Request (SecurityGroupRulesNegativeTestJSON:setUpClass): 201 POST http://10.180.1.21/networking/v2.0/subnets 0.511s
2025-12-12 10:22:18.618 65862 INFO tempest.lib.common.rest_client [req-40c4d3d2-813d-4c8e-a403-8791c173f5cc req-40c4d3d2-813d-4c8e-a403-8791c173f5cc ] Request (HostsAdminNegativeTestJSON:tearDownClass): 204 DELETE http://10.180.1.21/identity/v3/projects/bb5940816ca740438111e8879eebdb1b 0.089s
2025-12-12 10:22:18.697 65862 INFO tempest.lib.common.rest_client [req-afa8d828-ef98-4334-b99c-296d85974058 req-afa8d828-ef98-4334-b99c-296d85974058 ] Request (ImagesOneServerNegativeTestJSON:setUpClass): 201 POST http://10.180.1.21/identity/v3/auth/tokens 0.076s
2025-12-12 10:22:18.747 65862 INFO tempest.lib.common.rest_client [req-2f6b8867-3166-4307-aa81-1051db912298 req-2f6b8867-3166-4307-aa81-1051db912298 ] Request (ImagesOneServerNegativeTestJSON:setUpClass): 201 POST http://10.180.1.21/identity/v3/auth/tokens 0.047s
2025-12-12 10:22:18.779 65862 INFO tempest.lib.common.rest_client [req-2dde6eff-70b8-4503-8927-92b51c05c799 req-2dde6eff-70b8-4503-8927-92b51c05c799 ] Request (ImagesOneServerNegativeTestJSON:setUpClass): 200 GET http://10.180.1.21/identity/v3/domains?name=Default 0.031s
2025-12-12 10:22:18.780 65826 INFO tempest.lib.common.rest_client [req-fa66d634-e43c-4453-921f-92ef0a50614d req-fa66d634-e43c-4453-921f-92ef0a50614d ] Request (FlavorsExtraSpecsTestJSON:tearDownClass): 204 DELETE http://10.180.1.21/networking/v2.0/security-groups/cf4be742-cd5f-444c-a9d6-5879af95be64 0.376s
2025-12-12 10:22:18.810 65862 INFO tempest.lib.common.rest_client [req-822ed85a-8e93-49be-a1a9-a66161b23274 req-822ed85a-8e93-49be-a1a9-a66161b23274 ] Request (ImagesOneServerNegativeTestJSON:setUpClass): 201 POST http://10.180.1.21/identity/v3/projects 0.031s
2025-12-12 10:22:18.885 65826 INFO tempest.lib.common.rest_client [req-7ae4e9e5-817b-4940-9ac3-e7a6a3bfc2b2 req-7ae4e9e5-817b-4940-9ac3-e7a6a3bfc2b2 ] Request (FlavorsExtraSpecsTestJSON:tearDownClass): 204 DELETE http://10.180.1.21/identity/v3/projects/aa2e6373731743928591b047048840f9 0.104s
2025-12-12 10:22:18.885 65826 INFO tempest.lib.common.dynamic_creds [-] Deleting project and security group for project: 05d7309ea0d2422480b0be4b14aac051
2025-12-12 10:22:18.896 65820 INFO tempest.lib.common.rest_client [req-2bfb199e-22f2-4a87-8af4-83429fa5bc13 req-2bfb199e-22f2-4a87-8af4-83429fa5bc13 ] Request (TenantUsagesNegativeTestJSON:tearDownClass): 204 DELETE http://10.180.1.21/networking/v2.0/security-groups/6bdde80d-6bf1-44ff-917d-5eb5ded1d260 0.491s
2025-12-12 10:22:18.929 65862 INFO tempest.lib.common.rest_client [req-8e3fc406-dae1-4590-8f07-1d3795f0c059 req-8e3fc406-dae1-4590-8f07-1d3795f0c059 ] Request (ImagesOneServerNegativeTestJSON:setUpClass): 201 POST http://10.180.1.21/identity/v3/users 0.119s
2025-12-12 10:22:18.961 65862 INFO tempest.lib.common.rest_client [req-35c911d8-6caf-4e6e-93ec-d0b31dde8e71 req-35c911d8-6caf-4e6e-93ec-d0b31dde8e71 ] Request (ImagesOneServerNegativeTestJSON:setUpClass): 200 GET http://10.180.1.21/identity/v3/roles 0.031s
2025-12-12 10:22:18.992 65820 INFO tempest.lib.common.rest_client [req-0bafa1fb-db4b-42c7-ae7b-27ce5c12bc8e req-0bafa1fb-db4b-42c7-ae7b-27ce5c12bc8e ] Request (TenantUsagesNegativeTestJSON:tearDownClass): 204 DELETE http://10.180.1.21/identity/v3/projects/1e642721cb764ba4a2d18d6e21b6bf8c 0.095s
2025-12-12 10:22:18.992 65820 INFO tempest.lib.common.dynamic_creds [-] Deleting project and security group for project: 1138dcb3f34444798049056d76ac033e
2025-12-12 10:22:19.034 65862 INFO tempest.lib.common.rest_client [req-3c000530-7b0e-4b0f-a11b-57626bf2ba6d req-3c000530-7b0e-4b0f-a11b-57626bf2ba6d ] Request (ImagesOneServerNegativeTestJSON:setUpClass): 204 PUT http://10.180.1.21/identity/v3/projects/1d7ca0410dde4f199b03b8795934d8fc/users/cc4e21cfd03c4725b699b9445dd27037/roles/76d0949b9e50412c8059a61b411e68cd 0.072s
2025-12-12 10:22:19.034 65862 INFO tempest.lib.common.dynamic_creds [-] Dynamic test user cc4e21cfd03c4725b699b9445dd27037 is created with scope project and roles: ['member']
2025-12-12 10:22:19.035 65862 INFO tempest.lib.common.dynamic_creds [-] Acquired dynamic creds: credentials: Credentials: {'domain_id': 'default', 'domain_name': 'Default', 'username': 'tempest-ImagesOneServerNegativeTestJSON-2110101679-project-member', 'project_domain_id': 'default', 'project_domain_name': 'Default', 'project_id': '1d7ca0410dde4f199b03b8795934d8fc', 'project_name': 'tempest-ImagesOneServerNegativeTestJSON-2110101679', 'tenant_id': '1d7ca0410dde4f199b03b8795934d8fc', 'tenant_name': 'tempest-ImagesOneServerNegativeTestJSON-2110101679', 'user_domain_id': 'default', 'user_domain_name': 'Default', 'user_id': 'cc4e21cfd03c4725b699b9445dd27037', 'system': None}, Network: None, Subnet: None, Router: None
2025-12-12 10:22:19.092 65862 INFO tempest.lib.common.rest_client [req-16092651-0b9a-474e-adf6-dffd7b31442c req-16092651-0b9a-474e-adf6-dffd7b31442c ] Request (ImagesOneServerNegativeTestJSON:setUpClass): 201 POST http://10.180.1.21/identity/v3/auth/tokens 0.058s
2025-12-12 10:22:19.094 65826 INFO tempest.lib.common.rest_client [req-77036799-c9af-4527-8126-93663bfa94d5 req-77036799-c9af-4527-8126-93663bfa94d5 ] Request (FlavorsExtraSpecsTestJSON:tearDownClass): 200 GET http://10.180.1.21/networking/v2.0/security-groups?tenant_id=05d7309ea0d2422480b0be4b14aac051&name=default 0.208s
2025-12-12 10:22:19.221 65832 INFO tempest.lib.common.rest_client [req-c0190f78-596e-40ff-ba9b-ca658b7314f2 req-c0190f78-596e-40ff-ba9b-ca658b7314f2 ] Request (DeleteServersTestJSON:test_delete_server_while_in_attached_volume): 202 POST http://10.180.1.21/compute/v2.1/servers 2.455s
2025-12-12 10:22:19.424 65842 INFO tempest.lib.common.rest_client [req-e64e907c-beb8-4504-ace4-dd49c2fb0620 req-e64e907c-beb8-4504-ace4-dd49c2fb0620 ] Request (FloatingIPsTestJSON:_run_cleanups): 202 DELETE http://10.180.1.21/compute/v2.1/os-floating-ips/506e3e72-0f86-48c9-8c33-e3bb4a8a7d65 2.667s
2025-12-12 10:22:19.526 65820 INFO tempest.lib.common.rest_client [req-3c509382-293d-4668-98bf-ea9dd027d222 req-3c509382-293d-4668-98bf-ea9dd027d222 ] Request (TenantUsagesNegativeTestJSON:tearDownClass): 200 GET http://10.180.1.21/networking/v2.0/security-groups?tenant_id=1138dcb3f34444798049056d76ac033e&name=default 0.534s
2025-12-12 10:22:19.643 65818 INFO tempest.lib.common.rest_client [req-3cf0f808-98cd-4085-aa9e-581e1afda09e req-3cf0f808-98cd-4085-aa9e-581e1afda09e ] Request (SecurityGroupRulesNegativeTestJSON:setUpClass): 201 POST http://10.180.1.21/networking/v2.0/routers 1.047s
2025-12-12 10:22:19.744 65826 INFO tempest.lib.common.rest_client [req-f0212e10-44ef-459a-98b6-cbfaf5cbee9b req-f0212e10-44ef-459a-98b6-cbfaf5cbee9b ] Request (FlavorsExtraSpecsTestJSON:tearDownClass): 204 DELETE http://10.180.1.21/networking/v2.0/security-groups/00ed72c7-27c3-4760-8ae1-cfeeaede8c1b 0.649s
2025-12-12 10:22:19.786 65866 INFO tempest.lib.common.rest_client [req-f331bb8a-5cb6-4ff9-a54d-21327e045b58 req-f331bb8a-5cb6-4ff9-a54d-21327e045b58 ] Request (ServersV294TestFqdnHostnames:setUpClass): 200 GET http://10.180.1.21/compute/v2.1/servers/4f50d532-f168-4efd-b48c-84319586df8e 3.003s
2025-12-12 10:22:19.817 65836 INFO tempest.lib.common.rest_client [req-4da07230-f82b-49a9-b95f-8255a7e5486d req-4da07230-f82b-49a9-b95f-8255a7e5486d ] Request (ServerDiagnosticsNegativeTest:test_get_server_diagnostics_by_non_admin): 200 GET http://10.180.1.21/compute/v2.1/servers/dba9e8e0-cadc-4888-9bab-9458e1b5a22f 2.961s
2025-12-12 10:22:19.830 65836 INFO tempest.common.waiters [-] State transition "BUILD/scheduling" ==> "BUILD/None" after 4 second wait
2025-12-12 10:22:19.843 65826 INFO tempest.lib.common.rest_client [req-47307090-045e-44a4-b669-bc63a0e64794 req-47307090-045e-44a4-b669-bc63a0e64794 ] Request (FlavorsExtraSpecsTestJSON:tearDownClass): 204 DELETE http://10.180.1.21/identity/v3/projects/05d7309ea0d2422480b0be4b14aac051 0.098s
2025-12-12 10:22:19.845 65862 INFO tempest.lib.common.rest_client [req-6e168940-0ec0-4913-9f94-dd9a3a9196fd req-6e168940-0ec0-4913-9f94-dd9a3a9196fd ] Request (ImagesOneServerNegativeTestJSON:setUpClass): 201 POST http://10.180.1.21/networking/v2.0/networks 0.752s
2025-12-12 10:22:19.868 65870 INFO tempest.lib.common.rest_client [req-63ceaa7e-9e12-4305-bdf6-71897c0df636 req-63ceaa7e-9e12-4305-bdf6-71897c0df636 ] Request (FlavorsAccessNegativeTestJSON:test_flavor_non_admin_remove): 200 POST http://10.180.1.21/compute/v2.1/flavors 2.911s
2025-12-12 10:22:19.974 65826 INFO tempest.lib.common.rest_client [req-88538134-6bfc-4188-a63c-113ab627aa21 req-88538134-6bfc-4188-a63c-113ab627aa21 ] Request (MigrationsAdminTest:setUpClass): 201 POST http://10.180.1.21/identity/v3/auth/tokens 0.130s
2025-12-12 10:22:20.006 65820 INFO tempest.lib.common.rest_client [req-7951c8e4-3f82-4d30-8db3-e7746f1469b8 req-7951c8e4-3f82-4d30-8db3-e7746f1469b8 ] Request (TenantUsagesNegativeTestJSON:tearDownClass): 204 DELETE http://10.180.1.21/networking/v2.0/security-groups/38b07104-57aa-451f-8a20-451458830519 0.479s
2025-12-12 10:22:20.036 65826 INFO tempest.lib.common.rest_client [req-d2288da7-2ff5-463f-a89f-c8210fa7c0ab req-d2288da7-2ff5-463f-a89f-c8210fa7c0ab ] Request (MigrationsAdminTest:setUpClass): 201 POST http://10.180.1.21/identity/v3/auth/tokens 0.054s
2025-12-12 10:22:20.086 65850 INFO tempest.lib.common.rest_client [req-4aa846ea-144d-4d15-b8df-ee072ab3e00a req-4aa846ea-144d-4d15-b8df-ee072ab3e00a ] Request (QuotasAdminTestJSON:test_get_default_quotas): 200 GET http://10.180.1.21/compute/v2.1/os-quota-sets/94062e2f7bc5417b9d351b2735246b5b/defaults 3.154s
2025-12-12 10:22:20.105 65826 INFO tempest.lib.common.rest_client [req-dbb7ed85-38d4-4e66-9611-5ffb50ee28da req-dbb7ed85-38d4-4e66-9611-5ffb50ee28da ] Request (MigrationsAdminTest:setUpClass): 200 GET http://10.180.1.21/identity/v3/domains?name=Default 0.068s
2025-12-12 10:22:20.129 65820 INFO tempest.lib.common.rest_client [req-0bdf4bcd-5acd-4370-8cc8-0f4a0072054b req-0bdf4bcd-5acd-4370-8cc8-0f4a0072054b ] Request (TenantUsagesNegativeTestJSON:tearDownClass): 204 DELETE http://10.180.1.21/identity/v3/projects/1138dcb3f34444798049056d76ac033e 0.122s
2025-12-12 10:22:20.130 65820 INFO tempest.test [-] raised in SpiceDirectConsoleTestJSON.setUpClass. Invoking tearDownClass.
2025-12-12 10:22:20.181 65850 INFO tempest.lib.common.rest_client [req-e6fa9fb0-33c3-41db-af5d-2d7d621d1685 req-e6fa9fb0-33c3-41db-af5d-2d7d621d1685 ] Request (QuotasAdminTestJSON:test_get_updated_quotas): 200 GET http://10.180.1.21/identity/v3/domains?name=Default 0.089s
2025-12-12 10:22:20.210 65820 INFO tempest.lib.common.rest_client [req-98c659f0-1a1c-4990-8f8c-6f5875ef69bc req-98c659f0-1a1c-4990-8f8c-6f5875ef69bc ] Request (ServersListShow296Test:setUpClass): 201 POST http://10.180.1.21/identity/v3/auth/tokens 0.073s
2025-12-12 10:22:20.237 65826 INFO tempest.lib.common.rest_client [req-35a81c37-a16b-4ac8-8023-3107c6445621 req-35a81c37-a16b-4ac8-8023-3107c6445621 ] Request (MigrationsAdminTest:setUpClass): 201 POST http://10.180.1.21/identity/v3/projects 0.132s
2025-12-12 10:22:20.253 65850 INFO tempest.lib.common.rest_client [req-8af66b1a-6462-48c9-9137-785f43cb7863 req-8af66b1a-6462-48c9-9137-785f43cb7863 ] Request (QuotasAdminTestJSON:test_get_updated_quotas): 201 POST http://10.180.1.21/identity/v3/projects 0.071s
2025-12-12 10:22:20.289 65862 INFO tempest.lib.common.rest_client [req-0860fa6b-a92c-4402-8696-6cc313f1e34a req-0860fa6b-a92c-4402-8696-6cc313f1e34a ] Request (ImagesOneServerNegativeTestJSON:setUpClass): 201 POST http://10.180.1.21/networking/v2.0/subnets 0.441s
2025-12-12 10:22:20.312 65820 INFO tempest.lib.common.rest_client [req-b9e788bb-82ff-454e-a452-b0ded09b046a req-b9e788bb-82ff-454e-a452-b0ded09b046a ] Request (ServersListShow296Test:setUpClass): 201 POST http://10.180.1.21/identity/v3/auth/tokens 0.097s
2025-12-12 10:22:20.327 65826 INFO tempest.lib.common.rest_client [req-86f3fb98-d588-4b04-b419-e7775dc98afb req-86f3fb98-d588-4b04-b419-e7775dc98afb ] Request (MigrationsAdminTest:setUpClass): 201 POST http://10.180.1.21/identity/v3/users 0.090s
2025-12-12 10:22:20.350 65820 INFO tempest.lib.common.rest_client [req-240ca7a1-dbad-42d6-9080-969a0521fe86 req-240ca7a1-dbad-42d6-9080-969a0521fe86 ] Request (ServersListShow296Test:setUpClass): 200 GET http://10.180.1.21/identity/v3/domains?name=Default 0.037s
2025-12-12 10:22:20.371 65826 INFO tempest.lib.common.rest_client [req-a08b85bc-481d-4fd6-9d34-326294b85b78 req-a08b85bc-481d-4fd6-9d34-326294b85b78 ] Request (MigrationsAdminTest:setUpClass): 200 GET http://10.180.1.21/identity/v3/roles 0.043s
2025-12-12 10:22:20.379 65850 INFO tempest.lib.common.rest_client [req-95c88221-2627-420a-bdc4-1f211196099c req-95c88221-2627-420a-bdc4-1f211196099c ] Request (QuotasAdminTestJSON:test_get_updated_quotas): 200 GET http://10.180.1.21/identity/v3/domains?name=Default 0.124s
2025-12-12 10:22:20.416 65826 INFO tempest.lib.common.rest_client [req-00aa02e4-6e0b-4a46-87b8-3d427dc2058d req-00aa02e4-6e0b-4a46-87b8-3d427dc2058d ] Request (MigrationsAdminTest:setUpClass): 204 PUT http://10.180.1.21/identity/v3/projects/07869abafae34368b30301ce446e5f6b/users/797ff228594c4846837177641cad353e/roles/76d0949b9e50412c8059a61b411e68cd 0.043s
2025-12-12 10:22:20.416 65826 INFO tempest.lib.common.dynamic_creds [-] Dynamic test user 797ff228594c4846837177641cad353e is created with scope project and roles: ['member']
2025-12-12 10:22:20.417 65826 INFO tempest.lib.common.dynamic_creds [-] Acquired dynamic creds: credentials: Credentials: {'domain_id': 'default', 'domain_name': 'Default', 'username': 'tempest-MigrationsAdminTest-1784604315-project-member', 'project_domain_id': 'default', 'project_domain_name': 'Default', 'project_id': '07869abafae34368b30301ce446e5f6b', 'project_name': 'tempest-MigrationsAdminTest-1784604315', 'tenant_id': '07869abafae34368b30301ce446e5f6b', 'tenant_name': 'tempest-MigrationsAdminTest-1784604315', 'user_domain_id': 'default', 'user_domain_name': 'Default', 'user_id': '797ff228594c4846837177641cad353e', 'system': None}, Network: None, Subnet: None, Router: None
2025-12-12 10:22:20.417 65826 INFO tempest.lib.common.dynamic_creds [-] Created isolated network resources for: credentials: Credentials: {'domain_id': 'default', 'domain_name': 'Default', 'username': 'tempest-MigrationsAdminTest-1784604315-project-member', 'project_domain_id': 'default', 'project_domain_name': 'Default', 'project_id': '07869abafae34368b30301ce446e5f6b', 'project_name': 'tempest-MigrationsAdminTest-1784604315', 'tenant_id': '07869abafae34368b30301ce446e5f6b', 'tenant_name': 'tempest-MigrationsAdminTest-1784604315', 'user_domain_id': 'default', 'user_domain_name': 'Default', 'user_id': '797ff228594c4846837177641cad353e', 'system': None}, Network: None, Subnet: None, Router: None
2025-12-12 10:22:20.418 65820 INFO tempest.lib.common.rest_client [req-9aa48390-51d6-4225-b745-5e58deb8c0d7 req-9aa48390-51d6-4225-b745-5e58deb8c0d7 ] Request (ServersListShow296Test:setUpClass): 201 POST http://10.180.1.21/identity/v3/projects 0.067s
2025-12-12 10:22:20.505 65826 INFO tempest.lib.common.rest_client [req-de4ab3fc-df59-4d6c-9dd3-7f347926a9d6 req-de4ab3fc-df59-4d6c-9dd3-7f347926a9d6 ] Request (MigrationsAdminTest:setUpClass): 201 POST http://10.180.1.21/identity/v3/auth/tokens 0.084s
2025-12-12 10:22:20.513 65820 INFO tempest.lib.common.rest_client [req-de6f704b-6081-4df2-8c37-10bd689c087b req-de6f704b-6081-4df2-8c37-10bd689c087b ] Request (ServersListShow296Test:setUpClass): 201 POST http://10.180.1.21/identity/v3/users 0.094s
2025-12-12 10:22:20.532 65820 INFO tempest.lib.common.rest_client [req-07b67279-bea3-4a70-a320-1575bb40263b req-07b67279-bea3-4a70-a320-1575bb40263b ] Request (ServersListShow296Test:setUpClass): 200 GET http://10.180.1.21/identity/v3/roles 0.018s
2025-12-12 10:22:20.544 65826 INFO tempest.lib.common.rest_client [req-96b0ad6e-3878-440a-b046-d9c33977854a req-96b0ad6e-3878-440a-b046-d9c33977854a ] Request (MigrationsAdminTest:setUpClass): 201 POST http://10.180.1.21/identity/v3/projects 0.037s
2025-12-12 10:22:20.562 65820 INFO tempest.lib.common.rest_client [req-296773d2-1cec-476b-98ea-a9a58a63eac7 req-296773d2-1cec-476b-98ea-a9a58a63eac7 ] Request (ServersListShow296Test:setUpClass): 204 PUT http://10.180.1.21/identity/v3/projects/633807202e0344aa834f28fd8016465e/users/1eaccff6bb7d41d29948bf866973f410/roles/76d0949b9e50412c8059a61b411e68cd 0.029s
2025-12-12 10:22:20.562 65820 INFO tempest.lib.common.dynamic_creds [-] Dynamic test user 1eaccff6bb7d41d29948bf866973f410 is created with scope project and roles: ['member']
2025-12-12 10:22:20.562 65820 INFO tempest.lib.common.dynamic_creds [-] Acquired dynamic creds: credentials: Credentials: {'domain_id': 'default', 'domain_name': 'Default', 'username': 'tempest-ServersListShow296Test-1852077558-project-member', 'project_domain_id': 'default', 'project_domain_name': 'Default', 'project_id': '633807202e0344aa834f28fd8016465e', 'project_name': 'tempest-ServersListShow296Test-1852077558', 'tenant_id': '633807202e0344aa834f28fd8016465e', 'tenant_name': 'tempest-ServersListShow296Test-1852077558', 'user_domain_id': 'default', 'user_domain_name': 'Default', 'user_id': '1eaccff6bb7d41d29948bf866973f410', 'system': None}, Network: None, Subnet: None, Router: None
2025-12-12 10:22:20.563 65820 INFO tempest.lib.common.dynamic_creds [-] Created isolated network resources for: credentials: Credentials: {'domain_id': 'default', 'domain_name': 'Default', 'username': 'tempest-ServersListShow296Test-1852077558-project-member', 'project_domain_id': 'default', 'project_domain_name': 'Default', 'project_id': '633807202e0344aa834f28fd8016465e', 'project_name': 'tempest-ServersListShow296Test-1852077558', 'tenant_id': '633807202e0344aa834f28fd8016465e', 'tenant_name': 'tempest-ServersListShow296Test-1852077558', 'user_domain_id': 'default', 'user_domain_name': 'Default', 'user_id': '1eaccff6bb7d41d29948bf866973f410', 'system': None}, Network: None, Subnet: None, Router: None
2025-12-12 10:22:20.656 65820 INFO tempest.lib.common.rest_client [req-004eb268-e5c2-4120-a9aa-6667e1a50679 req-004eb268-e5c2-4120-a9aa-6667e1a50679 ] Request (ServersListShow296Test:setUpClass): 201 POST http://10.180.1.21/identity/v3/auth/tokens 0.089s
2025-12-12 10:22:20.658 65826 INFO tempest.lib.common.rest_client [req-a16f9114-3a57-4c29-bcaa-f9c3b0016929 req-a16f9114-3a57-4c29-bcaa-f9c3b0016929 ] Request (MigrationsAdminTest:setUpClass): 201 POST http://10.180.1.21/identity/v3/users 0.114s
2025-12-12 10:22:20.680 65826 INFO tempest.lib.common.rest_client [req-bac23c82-dc5f-4f4d-a5a3-5aac3db0f70f req-bac23c82-dc5f-4f4d-a5a3-5aac3db0f70f ] Request (MigrationsAdminTest:setUpClass): 200 GET http://10.180.1.21/identity/v3/roles 0.021s
2025-12-12 10:22:20.692 65820 INFO tempest.lib.common.rest_client [req-55fa13ba-1580-47f1-8335-b5d4c5a1b3c6 req-55fa13ba-1580-47f1-8335-b5d4c5a1b3c6 ] Request (ServersListShow296Test:test_list_show_update_rebuild_server_296): 201 POST http://10.180.1.21/identity/v3/auth/tokens 0.030s
2025-12-12 10:22:20.693 65820 INFO tempest.lib.common.fixed_network [-] (ServersListShow296Test:test_list_show_update_rebuild_server_296) Found network None available for tenant
2025-12-12 10:22:20.712 65826 INFO tempest.lib.common.rest_client [req-6f21c17f-95eb-4999-a45b-d61cde471cd1 req-6f21c17f-95eb-4999-a45b-d61cde471cd1 ] Request (MigrationsAdminTest:setUpClass): 204 PUT http://10.180.1.21/identity/v3/projects/3f60b05e93704d51823d52f163deff19/users/a81443c88f0f4182b4ff692470df3564/roles/da0e2f8e1f0147a58f2971fe76d25e2e 0.031s
2025-12-12 10:22:20.776 65826 INFO tempest.lib.common.rest_client [req-9483b617-128e-46d1-a38d-529573fbaa21 req-9483b617-128e-46d1-a38d-529573fbaa21 ] Request (MigrationsAdminTest:setUpClass): 200 GET http://10.180.1.21/identity/v3/roles 0.064s
2025-12-12 10:22:20.799 65826 INFO tempest.lib.common.rest_client [req-6edaa266-29e2-4cf8-b01d-b24cbf62da14 req-6edaa266-29e2-4cf8-b01d-b24cbf62da14 ] Request (MigrationsAdminTest:setUpClass): 204 PUT http://10.180.1.21/identity/v3/projects/3f60b05e93704d51823d52f163deff19/users/a81443c88f0f4182b4ff692470df3564/roles/da0e2f8e1f0147a58f2971fe76d25e2e 0.022s
2025-12-12 10:22:20.799 65826 INFO tempest.lib.common.dynamic_creds [-] Dynamic test user a81443c88f0f4182b4ff692470df3564 is created with scope project and roles: ['admin']
2025-12-12 10:22:20.800 65826 INFO tempest.lib.common.dynamic_creds [-] Acquired dynamic creds: credentials: Credentials: {'domain_id': 'default', 'domain_name': 'Default', 'username': 'tempest-MigrationsAdminTest-1914919779-project-admin', 'project_domain_id': 'default', 'project_domain_name': 'Default', 'project_id': '3f60b05e93704d51823d52f163deff19', 'project_name': 'tempest-MigrationsAdminTest-1914919779', 'tenant_id': '3f60b05e93704d51823d52f163deff19', 'tenant_name': 'tempest-MigrationsAdminTest-1914919779', 'user_domain_id': 'default', 'user_domain_name': 'Default', 'user_id': 'a81443c88f0f4182b4ff692470df3564', 'system': None}, Network: None, Subnet: None, Router: None
2025-12-12 10:22:20.800 65826 INFO tempest.lib.common.dynamic_creds [-] Created isolated network resources for: credentials: Credentials: {'domain_id': 'default', 'domain_name': 'Default', 'username': 'tempest-MigrationsAdminTest-1914919779-project-admin', 'project_domain_id': 'default', 'project_domain_name': 'Default', 'project_id': '3f60b05e93704d51823d52f163deff19', 'project_name': 'tempest-MigrationsAdminTest-1914919779', 'tenant_id': '3f60b05e93704d51823d52f163deff19', 'tenant_name': 'tempest-MigrationsAdminTest-1914919779', 'user_domain_id': 'default', 'user_domain_name': 'Default', 'user_id': 'a81443c88f0f4182b4ff692470df3564', 'system': None}, Network: None, Subnet: None, Router: None
2025-12-12 10:22:20.920 65826 INFO tempest.lib.common.rest_client [req-0328b52e-e604-4b72-b079-d11850b4ea97 req-0328b52e-e604-4b72-b079-d11850b4ea97 ] Request (MigrationsAdminTest:setUpClass): 201 POST http://10.180.1.21/identity/v3/auth/tokens 0.117s
2025-12-12 10:22:20.964 65818 INFO tempest.lib.common.rest_client [req-cedb410d-5132-44b3-9248-f3bccf49c04b req-cedb410d-5132-44b3-9248-f3bccf49c04b ] Request (SecurityGroupRulesNegativeTestJSON:setUpClass): 200 PUT http://10.180.1.21/networking/v2.0/routers/7f5655d3-d618-42fa-bef7-03ebf9136ef0/add_router_interface 1.321s
2025-12-12 10:22:20.964 65818 INFO tempest.lib.common.dynamic_creds [-] Created isolated network resources for: credentials: Credentials: {'domain_id': 'default', 'domain_name': 'Default', 'username': 'tempest-SecurityGroupRulesNegativeTestJSON-216918017-project-member', 'project_domain_id': 'default', 'project_domain_name': 'Default', 'project_id': '838fd87aa40d4862a3e7055fbfe47686', 'project_name': 'tempest-SecurityGroupRulesNegativeTestJSON-216918017', 'tenant_id': '838fd87aa40d4862a3e7055fbfe47686', 'tenant_name': 'tempest-SecurityGroupRulesNegativeTestJSON-216918017', 'user_domain_id': 'default', 'user_domain_name': 'Default', 'user_id': 'd33eea54bdfa41dc8dd1c393cb7c6cd4', 'system': None}, Network: {'id': '35a2f3ec-5664-4a32-b7e3-68f51261beed', 'name': 'tempest-SecurityGroupRulesNegativeTestJSON-540917938-network', 'tenant_id': '838fd87aa40d4862a3e7055fbfe47686', 'project_id': '838fd87aa40d4862a3e7055fbfe47686', 'admin_state_up': True, 'mtu': 8950, 'status': 'ACTIVE', 'subnets': [], 'shared': False, 'port_security_enabled': True, 'router:external': False, 'provider:network_type': 'vlan', 'provider:physical_network': 'default', 'provider:segmentation_id': 540, 'availability_zone_hints': [], 'availability_zones': [], 'ipv4_address_scope': None, 'ipv6_address_scope': None, 'description': '', 'tags': [], 'created_at': '2025-12-12T10:22:17Z', 'updated_at': '2025-12-12T10:22:18Z', 'revision_number': 1}, Subnet: {'id': '50151e76-2b12-4482-85b9-619323a2fb43', 'name': 'tempest-SecurityGroupRulesNegativeTestJSON-540917938-subnet', 'tenant_id': '838fd87aa40d4862a3e7055fbfe47686', 'network_id': '35a2f3ec-5664-4a32-b7e3-68f51261beed', 'ip_version': 4, 'subnetpool_id': None, 'enable_dhcp': True, 'ipv6_ra_mode': None, 'ipv6_address_mode': None, 'gateway_ip': '192.168.128.1', 'cidr': '192.168.128.0/28', 'allocation_pools': [{'start': '192.168.128.2', 'end': '192.168.128.14'}], 'host_routes': [], 'dns_nameservers': [], 'description': '', 'router:external': False, 'service_types': [], 'tags': [], 'created_at': '2025-12-12T10:22:18Z', 'updated_at': '2025-12-12T10:22:18Z', 'revision_number': 0, 'project_id': '838fd87aa40d4862a3e7055fbfe47686'}, Router: {'id': '7f5655d3-d618-42fa-bef7-03ebf9136ef0', 'name': 'tempest-SecurityGroupRulesNegativeTestJSON-540917938-router', 'tenant_id': '838fd87aa40d4862a3e7055fbfe47686', 'admin_state_up': True, 'status': 'ACTIVE', 'external_gateway_info': {'network_id': '527e60c1-b54c-4755-8c75-6419791c243e', 'external_fixed_ips': [{'subnet_id': '264afd0e-685d-4246-8fc1-f050b4e9877e', 'ip_address': '10.180.180.226'}], 'enable_snat': True}, 'description': '', 'availability_zones': [], 'distributed': False, 'ha': False, 'availability_zone_hints': [], 'routes': [], 'flavor_id': None, 'tags': [], 'created_at': '2025-12-12T10:22:18Z', 'updated_at': '2025-12-12T10:22:19Z', 'revision_number': 2, 'project_id': '838fd87aa40d4862a3e7055fbfe47686'}
2025-12-12 10:22:20.996 65826 INFO tempest.lib.common.rest_client [req-12c6a105-a2cf-455f-b3a7-9a373cc745bd req-12c6a105-a2cf-455f-b3a7-9a373cc745bd ] Request (MigrationsAdminTest:setUpClass): 200 GET http://10.180.1.21/identity/v3/projects/07869abafae34368b30301ce446e5f6b 0.075s
2025-12-12 10:22:20.996 65826 INFO tempest.lib.common.dynamic_creds [-] Using the existing project 07869abafae34368b30301ce446e5f6b for scope project and roles: ['manager']
2025-12-12 10:22:21.019 65858 INFO tempest.lib.common.rest_client [req-014907e4-3df4-4c7c-99dc-421d9fbb4947 req-014907e4-3df4-4c7c-99dc-421d9fbb4947 ] Request (ServerRescueTestJSONUnderV235:setUpClass): 200 GET http://10.180.1.21/compute/v2.1/servers/0f5aa2e5-7537-4dd4-b403-43b330bae3e6 4.013s
