2025-12-12 10:24:22.598 65824 INFO tempest.lib.common.dynamic_creds [-] Created isolated network resources for: credentials: Credentials: {'domain_id': 'default', 'domain_name': 'Default', 'username': 'tempest-ServerDiagnosticsTest-1349326979-project-member', 'project_domain_id': 'default', 'project_domain_name': 'Default', 'project_id': '0ac29bc8cd3e447e908ec0f500cce938', 'project_name': 'tempest-ServerDiagnosticsTest-1349326979', 'tenant_id': '0ac29bc8cd3e447e908ec0f500cce938', 'tenant_name': 'tempest-ServerDiagnosticsTest-1349326979', 'user_domain_id': 'default', 'user_domain_name': 'Default', 'user_id': '4173be9c307c468eb185ab75d3cc2519', 'system': None}, Network: None, Subnet: None, Router: None
2025-12-12 10:24:22.673 65824 INFO tempest.lib.common.rest_client [req-f11a37b9-6ba7-4747-b595-ec1a54d322f3 req-f11a37b9-6ba7-4747-b595-ec1a54d322f3 ] Request (ServerDiagnosticsTest:setUpClass): 201 POST http://10.180.1.21/identity/v3/auth/tokens 0.072s
2025-12-12 10:24:22.710 65864 INFO tempest.lib.common.rest_client [req-b302af0f-7c25-4485-8d40-92ea83c39610 req-b302af0f-7c25-4485-8d40-92ea83c39610 ] Request (QuotasAdminNegativeTest:tearDownClass): 200 GET http://10.180.1.21/networking/v2.0/security-groups?tenant_id=8009f207e5d24b94937f4482d92ba613&name=default 0.184s
2025-12-12 10:24:22.733 65860 INFO tempest.lib.common.rest_client [req-231edcb7-82dd-423a-8d1f-fc630a5e4096 req-231edcb7-82dd-423a-8d1f-fc630a5e4096 ] Request (ServersTestJSON:test_create_server_specify_multibyte_character_name): 200 GET http://10.180.1.21/compute/v2.1/servers/cac7951c-0571-4cf8-9684-332d60753524 1.771s
2025-12-12 10:24:22.755 65824 INFO tempest.lib.common.rest_client [req-fc9d64d7-94c6-4732-a986-c9f1b32db0d7 req-fc9d64d7-94c6-4732-a986-c9f1b32db0d7 ] Request (ServerDiagnosticsTest:setUpClass): 201 POST http://10.180.1.21/identity/v3/projects 0.082s
2025-12-12 10:24:22.823 65824 INFO tempest.lib.common.rest_client [req-59c117c7-4abb-43e6-8de6-97182059f4af req-59c117c7-4abb-43e6-8de6-97182059f4af ] Request (ServerDiagnosticsTest:setUpClass): 201 POST http://10.180.1.21/identity/v3/users 0.067s
2025-12-12 10:24:22.836 65864 INFO tempest.lib.common.rest_client [req-79e39e2b-eff1-438b-92bf-95771d3b0e1a req-79e39e2b-eff1-438b-92bf-95771d3b0e1a ] Request (QuotasAdminNegativeTest:tearDownClass): 204 DELETE http://10.180.1.21/networking/v2.0/security-groups/35b31a72-9639-4972-b028-e3db2f1c4273 0.126s
2025-12-12 10:24:22.849 65824 INFO tempest.lib.common.rest_client [req-b629d7e9-8473-4c3b-8ae5-e08bf9882fad req-b629d7e9-8473-4c3b-8ae5-e08bf9882fad ] Request (ServerDiagnosticsTest:setUpClass): 200 GET http://10.180.1.21/identity/v3/roles 0.024s
2025-12-12 10:24:22.879 65824 INFO tempest.lib.common.rest_client [req-803b0082-852a-4283-b1e9-0f6e30b388ec req-803b0082-852a-4283-b1e9-0f6e30b388ec ] Request (ServerDiagnosticsTest:setUpClass): 204 PUT http://10.180.1.21/identity/v3/projects/103f767cce634e549d570da9606a5863/users/67a607dbee83493fbae4156c3f776269/roles/da0e2f8e1f0147a58f2971fe76d25e2e 0.030s
2025-12-12 10:24:22.913 65864 INFO tempest.lib.common.rest_client [req-5699d826-b64a-4b8e-ab0e-4b907fcd0462 req-5699d826-b64a-4b8e-ab0e-4b907fcd0462 ] Request (QuotasAdminNegativeTest:tearDownClass): 204 DELETE http://10.180.1.21/identity/v3/projects/8009f207e5d24b94937f4482d92ba613 0.076s
2025-12-12 10:24:22.913 65864 INFO tempest.lib.common.dynamic_creds [-] Deleting project and security group for project: 69ddfd3863ea4bf0b363eb5a7a53d1eb
2025-12-12 10:24:22.920 65844 INFO tempest.lib.common.rest_client [req-29ac7cbb-cc22-4b6f-9924-8d402a1b8453 req-29ac7cbb-cc22-4b6f-9924-8d402a1b8453 ] Request (SecurityGroupRulesTestJSON:tearDownClass): 202 DELETE http://10.180.1.21/compute/v2.1/os-security-groups/bec315c8-eeab-41e7-9949-c122e613d204 1.782s
2025-12-12 10:24:22.973 65858 INFO tempest.lib.common.rest_client [req-35dcafae-36df-42fe-b6d7-3071b0fa1fa6 req-35dcafae-36df-42fe-b6d7-3071b0fa1fa6 ] Request (VolumesTestJSON:test_volume_list_with_details): 200 GET http://10.180.1.21/compute/v2.1/os-volumes/detail 1.593s
2025-12-12 10:24:22.985 65824 INFO tempest.lib.common.rest_client [req-29fcd76a-a209-4323-91c5-1bfda0b5478a req-29fcd76a-a209-4323-91c5-1bfda0b5478a ] Request (ServerDiagnosticsTest:setUpClass): 200 GET http://10.180.1.21/identity/v3/roles 0.105s
2025-12-12 10:24:23.026 65824 INFO tempest.lib.common.rest_client [req-84547af0-7f13-4b2e-9559-e9e096e3a597 req-84547af0-7f13-4b2e-9559-e9e096e3a597 ] Request (ServerDiagnosticsTest:setUpClass): 204 PUT http://10.180.1.21/identity/v3/projects/103f767cce634e549d570da9606a5863/users/67a607dbee83493fbae4156c3f776269/roles/da0e2f8e1f0147a58f2971fe76d25e2e 0.039s
2025-12-12 10:24:23.027 65824 INFO tempest.lib.common.dynamic_creds [-] Dynamic test user 67a607dbee83493fbae4156c3f776269 is created with scope project and roles: ['admin']
2025-12-12 10:24:23.027 65824 INFO tempest.lib.common.dynamic_creds [-] Acquired dynamic creds: credentials: Credentials: {'domain_id': 'default', 'domain_name': 'Default', 'username': 'tempest-ServerDiagnosticsTest-951127038-project-admin', 'project_domain_id': 'default', 'project_domain_name': 'Default', 'project_id': '103f767cce634e549d570da9606a5863', 'project_name': 'tempest-ServerDiagnosticsTest-951127038', 'tenant_id': '103f767cce634e549d570da9606a5863', 'tenant_name': 'tempest-ServerDiagnosticsTest-951127038', 'user_domain_id': 'default', 'user_domain_name': 'Default', 'user_id': '67a607dbee83493fbae4156c3f776269', 'system': None}, Network: None, Subnet: None, Router: None
2025-12-12 10:24:23.027 65824 INFO tempest.lib.common.dynamic_creds [-] Created isolated network resources for: credentials: Credentials: {'domain_id': 'default', 'domain_name': 'Default', 'username': 'tempest-ServerDiagnosticsTest-951127038-project-admin', 'project_domain_id': 'default', 'project_domain_name': 'Default', 'project_id': '103f767cce634e549d570da9606a5863', 'project_name': 'tempest-ServerDiagnosticsTest-951127038', 'tenant_id': '103f767cce634e549d570da9606a5863', 'tenant_name': 'tempest-ServerDiagnosticsTest-951127038', 'user_domain_id': 'default', 'user_domain_name': 'Default', 'user_id': '67a607dbee83493fbae4156c3f776269', 'system': None}, Network: None, Subnet: None, Router: None
2025-12-12 10:24:23.064 65858 INFO tempest.lib.common.rest_client [req-1bc6ffb8-67ad-4edd-9e65-f6c706254280 req-1bc6ffb8-67ad-4edd-9e65-f6c706254280 ] Request (VolumesTestJSON:tearDownClass): 202 DELETE http://10.180.1.21/volume/v3/volumes/b6d28ead-4ea2-4cde-88c9-a2aab3fec562 0.074s
2025-12-12 10:24:23.128 65858 INFO tempest.lib.common.rest_client [req-840159c5-b459-4804-8dae-00a451988a01 req-840159c5-b459-4804-8dae-00a451988a01 ] Request (VolumesTestJSON:tearDownClass): 200 GET http://10.180.1.21/volume/v3/volumes/b6d28ead-4ea2-4cde-88c9-a2aab3fec562 0.062s
2025-12-12 10:24:23.169 65864 INFO tempest.lib.common.rest_client [req-a745aab0-8487-44b3-93ae-48e6a5bd2557 req-a745aab0-8487-44b3-93ae-48e6a5bd2557 ] Request (QuotasAdminNegativeTest:tearDownClass): 200 GET http://10.180.1.21/networking/v2.0/security-groups?tenant_id=69ddfd3863ea4bf0b363eb5a7a53d1eb&name=default 0.256s
2025-12-12 10:24:23.207 65824 INFO tempest.lib.common.rest_client [req-d9ec8c7f-1f8b-4ecd-bda3-af6e47ac58e3 req-d9ec8c7f-1f8b-4ecd-bda3-af6e47ac58e3 ] Request (ServerDiagnosticsTest:setUpClass): 201 POST http://10.180.1.21/identity/v3/auth/tokens 0.175s
2025-12-12 10:24:23.225 65826 INFO tempest.lib.common.rest_client [req-afbd7571-6af3-4ffb-bd1f-14d097483311 req-afbd7571-6af3-4ffb-bd1f-14d097483311 ] Request (MigrationsAdminTest:test_list_migrations_in_flavor_resize_situation): 200 GET http://10.180.1.21/compute/v2.1/servers/d5e52695-02c1-41d4-bb4f-2b4eda82726a 1.858s
2025-12-12 10:24:23.251 65862 INFO tempest.lib.common.rest_client [req-02020f3a-e427-4c68-a333-3d6980b0b61f req-02020f3a-e427-4c68-a333-3d6980b0b61f ] Request (ImagesOneServerNegativeTestJSON:_run_cleanups): 200 GET http://10.180.1.21/compute/v2.1/servers/429ad889-a1f2-412a-ab97-b16017dc9ff9 1.563s
2025-12-12 10:24:23.300 65824 INFO tempest.lib.common.rest_client [req-d72477c7-6ea8-4114-b71f-4f2c405679da req-d72477c7-6ea8-4114-b71f-4f2c405679da ] Request (ServerDiagnosticsTest:test_get_server_diagnostics): 201 POST http://10.180.1.21/identity/v3/auth/tokens 0.088s
2025-12-12 10:24:23.301 65824 INFO tempest.lib.common.fixed_network [-] (ServerDiagnosticsTest:test_get_server_diagnostics) Found network None available for tenant
2025-12-12 10:24:23.335 65830 INFO tempest.lib.common.rest_client [req-5e0410d5-c759-4c2b-acb7-ab7aebcf14b8 req-5e0410d5-c759-4c2b-acb7-ab7aebcf14b8 ] Request (ServerDiskConfigTestJSON:setUpClass): 200 PUT http://10.180.1.21/networking/v2.0/routers/3f9566ee-a0f4-4c91-8f60-00aa7b9629fc/add_router_interface 1.308s
2025-12-12 10:24:23.335 65830 INFO tempest.lib.common.dynamic_creds [-] Created isolated network resources for: credentials: Credentials: {'domain_id': 'default', 'domain_name': 'Default', 'username': 'tempest-ServerDiskConfigTestJSON-599122988-project-member', 'project_domain_id': 'default', 'project_domain_name': 'Default', 'project_id': 'f46875bef5394bbe97ca36e0fe75da79', 'project_name': 'tempest-ServerDiskConfigTestJSON-599122988', 'tenant_id': 'f46875bef5394bbe97ca36e0fe75da79', 'tenant_name': 'tempest-ServerDiskConfigTestJSON-599122988', 'user_domain_id': 'default', 'user_domain_name': 'Default', 'user_id': 'e0163ae914bb45d381d2a1c9dfe77716', 'system': None}, Network: {'id': 'c2341c38-aa45-44f0-ac74-2f4a82f2b863', 'name': 'tempest-ServerDiskConfigTestJSON-667624969-network', 'tenant_id': 'f46875bef5394bbe97ca36e0fe75da79', 'project_id': 'f46875bef5394bbe97ca36e0fe75da79', 'admin_state_up': True, 'mtu': 8950, 'status': 'ACTIVE', 'subnets': [], 'shared': False, 'port_security_enabled': True, 'router:external': False, 'provider:network_type': 'vlan', 'provider:physical_network': 'default', 'provider:segmentation_id': 550, 'availability_zone_hints': [], 'availability_zones': [], 'ipv4_address_scope': None, 'ipv6_address_scope': None, 'description': '', 'tags': [], 'created_at': '2025-12-12T10:24:20Z', 'updated_at': '2025-12-12T10:24:20Z', 'revision_number': 1}, Subnet: {'id': 'feb215b0-b931-4973-8c5b-b6be4a5f22e5', 'name': 'tempest-ServerDiskConfigTestJSON-667624969-subnet', 'tenant_id': 'f46875bef5394bbe97ca36e0fe75da79', 'network_id': 'c2341c38-aa45-44f0-ac74-2f4a82f2b863', 'ip_version': 4, 'subnetpool_id': None, 'enable_dhcp': True, 'ipv6_ra_mode': None, 'ipv6_address_mode': None, 'gateway_ip': '192.168.128.1', 'cidr': '192.168.128.0/28', 'allocation_pools': [{'start': '192.168.128.2', 'end': '192.168.128.14'}], 'host_routes': [], 'dns_nameservers': [], 'description': '', 'router:external': False, 'service_types': [], 'tags': [], 'created_at': '2025-12-12T10:24:21Z', 'updated_at': '2025-12-12T10:24:21Z', 'revision_number': 0, 'project_id': 'f46875bef5394bbe97ca36e0fe75da79'}, Router: {'id': '3f9566ee-a0f4-4c91-8f60-00aa7b9629fc', 'name': 'tempest-ServerDiskConfigTestJSON-667624969-router', 'tenant_id': 'f46875bef5394bbe97ca36e0fe75da79', 'admin_state_up': True, 'status': 'ACTIVE', 'external_gateway_info': {'network_id': '527e60c1-b54c-4755-8c75-6419791c243e', 'external_fixed_ips': [{'subnet_id': '264afd0e-685d-4246-8fc1-f050b4e9877e', 'ip_address': '10.180.180.240'}], 'enable_snat': True}, 'description': '', 'availability_zones': [], 'distributed': False, 'ha': False, 'availability_zone_hints': [], 'routes': [], 'flavor_id': None, 'tags': [], 'created_at': '2025-12-12T10:24:21Z', 'updated_at': '2025-12-12T10:24:21Z', 'revision_number': 2, 'project_id': 'f46875bef5394bbe97ca36e0fe75da79'}
2025-12-12 10:24:23.344 65864 INFO tempest.lib.common.rest_client [req-1847d192-d9db-45f1-8b40-9012a97d61ad req-1847d192-d9db-45f1-8b40-9012a97d61ad ] Request (QuotasAdminNegativeTest:tearDownClass): 204 DELETE http://10.180.1.21/networking/v2.0/security-groups/4dc205e7-ef6b-4d8d-91fa-e34fdb6fd39c 0.174s
2025-12-12 10:24:23.426 65848 INFO tempest.lib.common.rest_client [req-02801fea-95fa-4680-8374-17d5f4aa7454 req-02801fea-95fa-4680-8374-17d5f4aa7454 ] Request (ListImageFiltersTestJSON:setUpClass): 200 GET http://10.180.1.21/compute/v2.1/servers/8e41822d-d8f7-46ab-a55f-c8fc1beb5daa 1.595s
2025-12-12 10:24:23.443 65830 INFO tempest.lib.common.rest_client [req-08840937-d4c0-425c-b7bc-67ce67fac904 req-08840937-d4c0-425c-b7bc-67ce67fac904 ] Request (ServerDiskConfigTestJSON:setUpClass): 201 POST http://10.180.1.21/identity/v3/auth/tokens 0.103s
2025-12-12 10:24:23.446 65842 INFO tempest.lib.common.rest_client [req-b5459e1a-a6cf-479c-8d6b-90f8d98ca94b req-b5459e1a-a6cf-479c-8d6b-90f8d98ca94b ] Request (SecurityGroupsTestJSON:test_security_groups_create_list_delete): 202 DELETE http://10.180.1.21/compute/v2.1/os-security-groups/8094de23-e6dd-4838-b655-2d3568d55f5f 1.471s
2025-12-12 10:24:23.475 65864 INFO tempest.lib.common.rest_client [req-78a63485-2a4f-4f44-9a48-d05d86e3521a req-78a63485-2a4f-4f44-9a48-d05d86e3521a ] Request (QuotasAdminNegativeTest:tearDownClass): 204 DELETE http://10.180.1.21/identity/v3/projects/69ddfd3863ea4bf0b363eb5a7a53d1eb 0.130s
2025-12-12 10:24:23.492 65869 INFO tempest.lib.common.rest_client [req-dc4dd755-ba3f-4624-bab5-36c693960722 req-dc4dd755-ba3f-4624-bab5-36c693960722 ] Request (ImagesTestJSON:test_create_server_from_snapshot): 200 GET http://10.180.1.21/compute/v2.1/servers/c374e2a4-e244-4803-a7a2-1053ae2c98f9 1.357s
2025-12-12 10:24:23.523 65830 INFO tempest.lib.common.rest_client [req-15b22d2b-d8fc-48f7-b60b-9cda3b37b9a3 req-15b22d2b-d8fc-48f7-b60b-9cda3b37b9a3 ] Request (ServerDiskConfigTestJSON:test_rebuild_server_with_auto_disk_config): 201 POST http://10.180.1.21/identity/v3/auth/tokens 0.076s
2025-12-12 10:24:23.523 65830 INFO tempest.lib.common.fixed_network [-] (ServerDiskConfigTestJSON:test_rebuild_server_with_auto_disk_config) Found network {'id': 'c2341c38-aa45-44f0-ac74-2f4a82f2b863', 'name': 'tempest-ServerDiskConfigTestJSON-667624969-network', 'tenant_id': 'f46875bef5394bbe97ca36e0fe75da79', 'project_id': 'f46875bef5394bbe97ca36e0fe75da79', 'admin_state_up': True, 'mtu': 8950, 'status': 'ACTIVE', 'subnets': [], 'shared': False, 'port_security_enabled': True, 'router:external': False, 'provider:network_type': 'vlan', 'provider:physical_network': 'default', 'provider:segmentation_id': 550, 'availability_zone_hints': [], 'availability_zones': [], 'ipv4_address_scope': None, 'ipv6_address_scope': None, 'description': '', 'tags': [], 'created_at': '2025-12-12T10:24:20Z', 'updated_at': '2025-12-12T10:24:20Z', 'revision_number': 1} available for tenant
2025-12-12 10:24:23.586 65864 INFO tempest.lib.common.rest_client [req-ce9af9b5-136b-4744-8153-105acb9c0072 req-ce9af9b5-136b-4744-8153-105acb9c0072 ] Request (ImagesMetadataNegativeTestJSON:setUpClass): 201 POST http://10.180.1.21/identity/v3/auth/tokens 0.110s
2025-12-12 10:24:23.589 65828 INFO tempest.lib.common.rest_client [req-e542749d-63d7-4082-8dbd-9b87c8c0e954 req-e542749d-63d7-4082-8dbd-9b87c8c0e954 ] Request (InstanceUsageAuditLogNegativeTestJSON:test_instance_usage_audit_logs_with_nonadmin_user): 403 GET http://10.180.1.21/compute/v2.1/os-instance_usage_audit_log 1.328s
2025-12-12 10:24:23.625 65864 INFO tempest.lib.common.rest_client [req-bf5845ae-3eb3-48e4-8631-73063209e724 req-bf5845ae-3eb3-48e4-8631-73063209e724 ] Request (ImagesMetadataNegativeTestJSON:setUpClass): 201 POST http://10.180.1.21/identity/v3/auth/tokens 0.036s
2025-12-12 10:24:23.664 65850 INFO tempest.lib.common.rest_client [req-5ee7fb49-2584-4d97-94e5-528179857439 req-5ee7fb49-2584-4d97-94e5-528179857439 ] Request (ServersAaction247Test:test_create_backup): 200 GET http://10.180.1.21/compute/v2.1/servers/c2a0c6a6-2deb-4887-9e22-7d34b95be7aa 1.317s
2025-12-12 10:24:23.667 65864 INFO tempest.lib.common.rest_client [req-a1a174e8-736d-46a5-9fab-67e488ee1934 req-a1a174e8-736d-46a5-9fab-67e488ee1934 ] Request (ImagesMetadataNegativeTestJSON:setUpClass): 200 GET http://10.180.1.21/identity/v3/domains?name=Default 0.042s
2025-12-12 10:24:23.674 65850 INFO tempest.common.waiters [-] State transition "BUILD/None" ==> "BUILD/block_device_mapping" after 18 second wait
2025-12-12 10:24:23.676 65834 INFO tempest.lib.common.rest_client [req-69feb7d1-3a20-4680-97b6-b0add905d2ca req-69feb7d1-3a20-4680-97b6-b0add905d2ca ] Request (ImagesMetadataTestJSON:setUp): 200 PUT http://10.180.1.21/compute/v2.1/images/748afd36-9de3-4248-a87d-9a5e718c5313/metadata 1.355s
2025-12-12 10:24:23.698 65814 INFO tempest.lib.common.rest_client [req-c92fe40e-ab54-43db-ab22-b210ce3f69e8 req-c92fe40e-ab54-43db-ab22-b210ce3f69e8 ] Request (ServerGroupTestJSON:test_create_delete_server_group_with_anti_affinity_policy): 204 DELETE http://10.180.1.21/compute/v2.1/os-server-groups/a81852b8-a845-457f-abb5-f1c57b76e932 1.316s
2025-12-12 10:24:23.708 65864 INFO tempest.lib.common.rest_client [req-432e60b1-7649-44fe-8ea8-f71a05d9e907 req-432e60b1-7649-44fe-8ea8-f71a05d9e907 ] Request (ImagesMetadataNegativeTestJSON:setUpClass): 201 POST http://10.180.1.21/identity/v3/projects 0.040s
2025-12-12 10:24:23.739 65852 INFO tempest.lib.common.rest_client [req-47bf0388-3f62-4b13-a10e-10b2946b9ffd req-47bf0388-3f62-4b13-a10e-10b2946b9ffd ] Request (ListServerFiltersTestJSON:test_list_servers_filtered_by_name_wildcard): 200 GET http://10.180.1.21/compute/v2.1/servers?name=-instance 1.329s
2025-12-12 10:24:23.782 65822 INFO tempest.lib.common.rest_client [req-30afa37e-b9b5-4a94-88b1-18b19ba526ed req-30afa37e-b9b5-4a94-88b1-18b19ba526ed ] Request (ServersTestMultiNic:_run_cleanups): 200 GET http://10.180.1.21/compute/v2.1/servers/cfaeb85a-5ea5-47ec-a2df-7bb0c3649c7e 1.271s
2025-12-12 10:24:23.792 65822 INFO tempest.common.waiters [-] State transition "ACTIVE/deleting" ==> "DELETED/None" after 2 second wait
2025-12-12 10:24:23.796 65864 INFO tempest.lib.common.rest_client [req-a52a1621-94c1-4f1e-9ddb-1f5438e0cea6 req-a52a1621-94c1-4f1e-9ddb-1f5438e0cea6 ] Request (ImagesMetadataNegativeTestJSON:setUpClass): 201 POST http://10.180.1.21/identity/v3/users 0.087s
2025-12-12 10:24:23.818 65864 INFO tempest.lib.common.rest_client [req-ea5fbba7-7904-48d5-910c-3a0b92cfbd8c req-ea5fbba7-7904-48d5-910c-3a0b92cfbd8c ] Request (ImagesMetadataNegativeTestJSON:setUpClass): 200 GET http://10.180.1.21/identity/v3/roles 0.022s
2025-12-12 10:24:23.829 65870 INFO tempest.lib.common.rest_client [req-f08983ed-5a36-4912-b74a-7bf69c2d12e8 req-f08983ed-5a36-4912-b74a-7bf69c2d12e8 ] Request (ImagesOneServerTestJSON:test_create_delete_image): 200 GET http://10.180.1.21/compute/v2.1/images/b6da3ee8-42b8-4b81-84f1-24e8aaed09df 1.237s
2025-12-12 10:24:23.857 65864 INFO tempest.lib.common.rest_client [req-b791e67f-5da5-4a49-8d3a-ae3eb7ef2d21 req-b791e67f-5da5-4a49-8d3a-ae3eb7ef2d21 ] Request (ImagesMetadataNegativeTestJSON:setUpClass): 204 PUT http://10.180.1.21/identity/v3/projects/dd14c4dcef4c4e0583ead8de78022cc5/users/77dc710c47cf44e4960ac68bc56dc3bc/roles/76d0949b9e50412c8059a61b411e68cd 0.038s
2025-12-12 10:24:23.857 65864 INFO tempest.lib.common.dynamic_creds [-] Dynamic test user 77dc710c47cf44e4960ac68bc56dc3bc is created with scope project and roles: ['member']
2025-12-12 10:24:23.857 65864 INFO tempest.lib.common.dynamic_creds [-] Acquired dynamic creds: credentials: Credentials: {'domain_id': 'default', 'domain_name': 'Default', 'username': 'tempest-ImagesMetadataNegativeTestJSON-315535239-project-member', 'project_domain_id': 'default', 'project_domain_name': 'Default', 'project_id': 'dd14c4dcef4c4e0583ead8de78022cc5', 'project_name': 'tempest-ImagesMetadataNegativeTestJSON-315535239', 'tenant_id': 'dd14c4dcef4c4e0583ead8de78022cc5', 'tenant_name': 'tempest-ImagesMetadataNegativeTestJSON-315535239', 'user_domain_id': 'default', 'user_domain_name': 'Default', 'user_id': '77dc710c47cf44e4960ac68bc56dc3bc', 'system': None}, Network: None, Subnet: None, Router: None
2025-12-12 10:24:23.858 65864 INFO tempest.lib.common.dynamic_creds [-] Created isolated network resources for: credentials: Credentials: {'domain_id': 'default', 'domain_name': 'Default', 'username': 'tempest-ImagesMetadataNegativeTestJSON-315535239-project-member', 'project_domain_id': 'default', 'project_domain_name': 'Default', 'project_id': 'dd14c4dcef4c4e0583ead8de78022cc5', 'project_name': 'tempest-ImagesMetadataNegativeTestJSON-315535239', 'tenant_id': 'dd14c4dcef4c4e0583ead8de78022cc5', 'tenant_name': 'tempest-ImagesMetadataNegativeTestJSON-315535239', 'user_domain_id': 'default', 'user_domain_name': 'Default', 'user_id': '77dc710c47cf44e4960ac68bc56dc3bc', 'system': None}, Network: None, Subnet: None, Router: None
2025-12-12 10:24:23.864 65840 INFO tempest.lib.common.rest_client [req-cdf0061e-a8e8-4417-8b7b-9589721ab622 req-cdf0061e-a8e8-4417-8b7b-9589721ab622 ] Request (ServerActionsV293TestJSON:setUpClass): 200 GET http://10.180.1.21/compute/v2.1/servers/fe0639d9-cd98-4b2e-a058-c63543791e0f 1.292s
2025-12-12 10:24:23.887 65818 INFO tempest.lib.common.rest_client [req-9fe0cbe0-929a-4e8b-9315-3236d5ac6f30 req-9fe0cbe0-929a-4e8b-9315-3236d5ac6f30 ] Request (ServersTestBootFromVolume:setUpClass): 200 GET http://10.180.1.21/compute/v2.1/servers/da8e5c6c-d9f4-49db-b796-5a6b7474dcc7 1.209s
2025-12-12 10:24:23.938 65864 INFO tempest.lib.common.rest_client [req-19787993-e7fa-4f17-adc7-31e8fe80d0cc req-19787993-e7fa-4f17-adc7-31e8fe80d0cc ] Request (ImagesMetadataNegativeTestJSON:setUpClass): 201 POST http://10.180.1.21/identity/v3/auth/tokens 0.077s
2025-12-12 10:24:23.946 65836 INFO tempest.lib.common.rest_client [req-24e71fb1-73f7-44e2-b585-18c38d5995ec req-24e71fb1-73f7-44e2-b585-18c38d5995ec ] Request (ServerAddressesTestJSON:tearDownClass): 200 GET http://10.180.1.21/compute/v2.1/servers/1fc30c61-fc56-477e-b052-658e578f8a70 0.824s
2025-12-12 10:24:23.995 65844 INFO tempest.lib.common.rest_client [req-4c4bdf2f-b3f3-4127-a501-f26600204b10 req-4c4bdf2f-b3f3-4127-a501-f26600204b10 ] Request (SecurityGroupRulesTestJSON:tearDownClass): 202 DELETE http://10.180.1.21/compute/v2.1/os-security-groups/4fbd8451-e0fc-447a-a7a6-c87487dc4ac3 1.074s
2025-12-12 10:24:23.998 65826 INFO tempest.lib.common.rest_client [req-387e1a47-316d-439a-a84c-a2f4c9e66d21 req-387e1a47-316d-439a-a84c-a2f4c9e66d21 ] Request (MigrationsAdminTest:test_list_migrations_in_flavor_resize_situation): 200 POST http://10.180.1.21/compute/v2.1/os-keypairs 0.756s
2025-12-12 10:24:24.106 65816 INFO tempest.lib.common.rest_client [req-d211f61a-aaf0-408a-ba83-8a36e9ba635a req-d211f61a-aaf0-408a-ba83-8a36e9ba635a ] Request (AttachInterfacesV270Test:test_create_get_list_interfaces): 200 GET http://10.180.1.21/compute/v2.1/servers/924c9c5b-45f3-4cce-baec-96ec60aecb31 0.837s
2025-12-12 10:24:24.168 65858 INFO tempest.lib.common.rest_client [req-f4ff9ddc-8632-485a-94b8-037dab1b9873 req-f4ff9ddc-8632-485a-94b8-037dab1b9873 ] Request (VolumesTestJSON:tearDownClass): 404 GET http://10.180.1.21/volume/v3/volumes/b6d28ead-4ea2-4cde-88c9-a2aab3fec562 0.023s
2025-12-12 10:24:24.188 65826 INFO tempest.lib.common.rest_client [req-f9593a5f-1095-4b64-969c-2a1e48cde3f1 req-f9593a5f-1095-4b64-969c-2a1e48cde3f1 ] Request (MigrationsAdminTest:test_list_migrations_in_flavor_resize_situation): 201 POST http://10.180.1.21/networking/v2.0/security-groups 0.188s
2025-12-12 10:24:24.224 65858 INFO tempest.lib.common.rest_client [req-15c9b118-4b62-4188-a3d1-86539da455cd req-15c9b118-4b62-4188-a3d1-86539da455cd ] Request (VolumesTestJSON:tearDownClass): 202 DELETE http://10.180.1.21/volume/v3/volumes/49e3ad84-15b8-4a7a-9925-195bc01d9ee0 0.055s
2025-12-12 10:24:24.258 65858 INFO tempest.lib.common.rest_client [req-51fc83c7-02bc-4a95-b528-023bbcaab068 req-51fc83c7-02bc-4a95-b528-023bbcaab068 ] Request (VolumesTestJSON:tearDownClass): 200 GET http://10.180.1.21/volume/v3/volumes/49e3ad84-15b8-4a7a-9925-195bc01d9ee0 0.034s
2025-12-12 10:24:24.311 65826 INFO tempest.lib.common.rest_client [req-833c6380-dfec-4b24-a877-324b1b400e35 req-833c6380-dfec-4b24-a877-324b1b400e35 ] Request (MigrationsAdminTest:test_list_migrations_in_flavor_resize_situation): 201 POST http://10.180.1.21/networking/v2.0/security-group-rules 0.122s
2025-12-12 10:24:24.423 65824 INFO tempest.lib.common.rest_client [req-94a045cb-f4bf-4268-bd23-1f4af6829d55 req-94a045cb-f4bf-4268-bd23-1f4af6829d55 ] Request (ServerDiagnosticsTest:test_get_server_diagnostics): 202 POST http://10.180.1.21/compute/v2.1/servers 1.121s
2025-12-12 10:24:24.431 65826 INFO tempest.lib.common.rest_client [req-8480c23a-4cbc-49e1-844d-8429335e4258 req-8480c23a-4cbc-49e1-844d-8429335e4258 ] Request (MigrationsAdminTest:test_list_migrations_in_flavor_resize_situation): 201 POST http://10.180.1.21/networking/v2.0/security-group-rules 0.120s
2025-12-12 10:24:24.443 65842 INFO tempest.lib.common.rest_client [req-f323fd48-d347-4ad7-bff5-8a706e40a908 req-f323fd48-d347-4ad7-bff5-8a706e40a908 ] Request (SecurityGroupsTestJSON:test_security_groups_create_list_delete): 404 GET http://10.180.1.21/compute/v2.1/os-security-groups/8094de23-e6dd-4838-b655-2d3568d55f5f 0.996s
2025-12-12 10:24:24.531 65832 INFO tempest.lib.common.rest_client [req-a68311c8-ef9c-4922-8eb5-ea4630dcbe08 req-a68311c8-ef9c-4922-8eb5-ea4630dcbe08 ] Request (DeleteServersTestJSON:test_delete_server_while_in_shelved_state): 200 GET http://10.180.1.21/compute/v2.1/servers/9a96e2b5-fd0d-441a-9d7b-798eb3751534 1.017s
2025-12-12 10:24:24.697 65848 INFO tempest.lib.common.rest_client [req-6ff9b130-b6fa-4d35-86ea-25b7f482119b req-6ff9b130-b6fa-4d35-86ea-25b7f482119b ] Request (ListImageFiltersTestJSON:setUpClass): 202 POST http://10.180.1.21/compute/v2.1/servers/8e41822d-d8f7-46ab-a55f-c8fc1beb5daa/action 1.263s
2025-12-12 10:24:24.818 65872 INFO tempest.lib.common.rest_client [req-0c2b114d-274e-4f43-99dd-8ac58d44db5f req-0c2b114d-274e-4f43-99dd-8ac58d44db5f ] Request (ServerMetadataNegativeTestJSON:tearDownClass): 200 GET http://10.180.1.21/compute/v2.1/servers/56d695fd-abb7-423b-8474-4a73ce093c2c 1.276s
2025-12-12 10:24:24.830 65828 INFO tempest.lib.common.rest_client [req-832da883-a360-493c-bb44-d742ae19d4cf req-832da883-a360-493c-bb44-d742ae19d4cf ] Request (InstanceUsageAuditLogNegativeTestJSON:test_instance_usage_audit_logs_with_nonadmin_user): 403 GET http://10.180.1.21/compute/v2.1/os-instance_usage_audit_log/2025-12-12%2010%3A24%3A23 1.240s
2025-12-12 10:24:24.953 65826 INFO tempest.lib.common.rest_client [req-b0bf57eb-1990-4d5c-9f3a-47cf14b432fc req-b0bf57eb-1990-4d5c-9f3a-47cf14b432fc ] Request (MigrationsAdminTest:test_list_migrations_in_flavor_resize_situation): 201 POST http://10.180.1.21/networking/v2.0/floatingips 0.519s
2025-12-12 10:24:24.982 65828 INFO tempest.lib.common.rest_client [req-7bfa97bd-5e9d-4a57-9eed-db34d07cd785 req-7bfa97bd-5e9d-4a57-9eed-db34d07cd785 ] Request (InstanceUsageAuditLogNegativeTestJSON:tearDownClass): 204 DELETE http://10.180.1.21/identity/v3/users/e3aa1305bf414eb7a4dfe722e3868dc5 0.147s
2025-12-12 10:24:25.022 65830 INFO tempest.lib.common.rest_client [req-34317a01-330e-4ad2-9630-3cf2f62ab1f5 req-34317a01-330e-4ad2-9630-3cf2f62ab1f5 ] Request (ServerDiskConfigTestJSON:test_rebuild_server_with_auto_disk_config): 202 POST http://10.180.1.21/compute/v2.1/servers 1.498s
2025-12-12 10:24:25.054 65814 INFO tempest.lib.common.rest_client [req-5b545a61-2505-401e-8c81-c349b32ed939 req-5b545a61-2505-401e-8c81-c349b32ed939 ] Request (ServerGroupTestJSON:test_create_delete_server_group_with_anti_affinity_policy): 200 GET http://10.180.1.21/compute/v2.1/os-server-groups 1.355s
2025-12-12 10:24:25.155 65852 INFO tempest.lib.common.rest_client [req-f8405e07-ae00-46c7-9a80-5c06ca9e3660 req-f8405e07-ae00-46c7-9a80-5c06ca9e3660 ] Request (ListServerFiltersTestJSON:test_list_servers_filtered_by_name_wildcard): 200 GET http://10.180.1.21/compute/v2.1/servers?name=t-ListServerFiltersTestJSON-instance-73151971 1.413s
2025-12-12 10:24:25.180 65814 INFO tempest.lib.common.rest_client [req-e276bc1f-d31f-48cd-be8d-2e9375462f55 req-e276bc1f-d31f-48cd-be8d-2e9375462f55 ] Request (ServerGroupTestJSON:test_create_server_with_scheduler_hint_group): 201 POST http://10.180.1.21/identity/v3/auth/tokens 0.117s
2025-12-12 10:24:25.180 65814 INFO tempest.lib.common.fixed_network [-] (ServerGroupTestJSON:test_create_server_with_scheduler_hint_group) Found network {'id': '1f28a736-1923-45b5-b5b7-ae4f5ceca767', 'name': 'tempest-ServerGroupTestJSON-49858591-network', 'tenant_id': '18a56fc8241d4f3c9a6be29c3767652e', 'project_id': '18a56fc8241d4f3c9a6be29c3767652e', 'admin_state_up': True, 'mtu': 8950, 'status': 'ACTIVE', 'subnets': [], 'shared': False, 'port_security_enabled': True, 'router:external': False, 'provider:network_type': 'vlan', 'provider:physical_network': 'default', 'provider:segmentation_id': 587, 'availability_zone_hints': [], 'availability_zones': [], 'ipv4_address_scope': None, 'ipv6_address_scope': None, 'description': '', 'tags': [], 'created_at': '2025-12-12T10:23:53Z', 'updated_at': '2025-12-12T10:23:53Z', 'revision_number': 1} available for tenant
2025-12-12 10:24:25.205 65834 INFO tempest.lib.common.rest_client [req-5f697d1e-c100-4d51-87d4-39c3fc6302d4 req-5f697d1e-c100-4d51-87d4-39c3fc6302d4 ] Request (ImagesMetadataTestJSON:test_set_image_metadata): 200 PUT http://10.180.1.21/compute/v2.1/images/748afd36-9de3-4248-a87d-9a5e718c5313/metadata 1.527s
2025-12-12 10:24:25.207 65828 INFO tempest.lib.common.rest_client [req-ca4e03e4-8a39-42bd-ad1c-f2848666e2f8 req-ca4e03e4-8a39-42bd-ad1c-f2848666e2f8 ] Request (InstanceUsageAuditLogNegativeTestJSON:tearDownClass): 204 DELETE http://10.180.1.21/identity/v3/users/3d742b8458a540658ec9ddebdac062a7 0.224s
2025-12-12 10:24:25.207 65828 INFO tempest.lib.common.dynamic_creds [-] Deleting project and security group for project: f6808ffe659244b2b633911ecda7e002
2025-12-12 10:24:25.267 65860 INFO tempest.lib.common.rest_client [req-8c9b62be-11fb-4184-9a56-1da8ee0ce2f6 req-8c9b62be-11fb-4184-9a56-1da8ee0ce2f6 ] Request (ServersTestJSON:test_create_server_specify_multibyte_character_name): 200 GET http://10.180.1.21/compute/v2.1/servers/cac7951c-0571-4cf8-9684-332d60753524 1.523s
2025-12-12 10:24:25.295 65858 INFO tempest.lib.common.rest_client [req-735d6e68-3e4c-4135-b1c8-8f824c5e13cb req-735d6e68-3e4c-4135-b1c8-8f824c5e13cb ] Request (VolumesTestJSON:tearDownClass): 404 GET http://10.180.1.21/volume/v3/volumes/49e3ad84-15b8-4a7a-9925-195bc01d9ee0 0.029s
2025-12-12 10:24:25.313 65828 INFO tempest.lib.common.rest_client [req-91f4b867-5959-4b16-a229-443e05b05faf req-91f4b867-5959-4b16-a229-443e05b05faf ] Request (InstanceUsageAuditLogNegativeTestJSON:tearDownClass): 201 POST http://10.180.1.21/identity/v3/auth/tokens 0.105s
2025-12-12 10:24:25.364 65858 INFO tempest.lib.common.rest_client [req-b4b1326d-54a6-433d-84b3-c3aac0bfdf6a req-b4b1326d-54a6-433d-84b3-c3aac0bfdf6a ] Request (VolumesTestJSON:tearDownClass): 202 DELETE http://10.180.1.21/volume/v3/volumes/125eb75c-613f-40be-b692-d95638621b55 0.069s
2025-12-12 10:24:25.408 65858 INFO tempest.lib.common.rest_client [req-c1465d09-af17-45f3-b021-57ca94562068 req-c1465d09-af17-45f3-b021-57ca94562068 ] Request (VolumesTestJSON:tearDownClass): 200 GET http://10.180.1.21/volume/v3/volumes/125eb75c-613f-40be-b692-d95638621b55 0.043s
2025-12-12 10:24:25.469 65864 INFO tempest.lib.common.rest_client [req-f597f76f-9f3f-415c-acdf-7b4145a95493 req-f597f76f-9f3f-415c-acdf-7b4145a95493 ] Request (ImagesMetadataNegativeTestJSON:test_delete_nonexistent_image_metadata_item): 404 DELETE http://10.180.1.21/compute/v2.1/images/16d062e8-b985-4d87-9aa4-730997549f12/metadata/os_distro 1.529s
2025-12-12 10:24:25.614 65828 INFO tempest.lib.common.rest_client [req-25e230e7-6f9d-4131-be32-1103f82b31bd req-25e230e7-6f9d-4131-be32-1103f82b31bd ] Request (InstanceUsageAuditLogNegativeTestJSON:tearDownClass): 200 GET http://10.180.1.21/networking/v2.0/security-groups?tenant_id=f6808ffe659244b2b633911ecda7e002&name=default 0.300s
2025-12-12 10:24:25.664 65870 INFO tempest.lib.common.rest_client [req-ade2d14f-47d4-48a3-a573-37c88872ba8a req-ade2d14f-47d4-48a3-a573-37c88872ba8a ] Request (ImagesOneServerTestJSON:test_create_delete_image): 200 GET http://10.180.1.21/compute/v2.1/servers/e45b13af-29eb-4001-93b6-742fec06727a 1.827s
2025-12-12 10:24:25.779 65828 INFO tempest.lib.common.rest_client [req-beb851ab-4fbc-4b49-8ec3-8584774f7e1a req-beb851ab-4fbc-4b49-8ec3-8584774f7e1a ] Request (InstanceUsageAuditLogNegativeTestJSON:tearDownClass): 204 DELETE http://10.180.1.21/networking/v2.0/security-groups/5bfdbb48-687d-462c-bfeb-558f88260aff 0.164s
2025-12-12 10:24:25.822 65862 INFO tempest.lib.common.rest_client [req-d5a7a4ee-6a9d-446e-80fd-f2435bbbb355 req-d5a7a4ee-6a9d-446e-80fd-f2435bbbb355 ] Request (ImagesOneServerNegativeTestJSON:_run_cleanups): 200 GET http://10.180.1.21/compute/v2.1/servers/429ad889-a1f2-412a-ab97-b16017dc9ff9 1.556s
2025-12-12 10:24:25.882 65844 INFO tempest.lib.common.rest_client [req-5f0441af-6780-4310-ad1f-316ccb6b7129 req-5f0441af-6780-4310-ad1f-316ccb6b7129 ] Request (SecurityGroupRulesTestJSON:tearDownClass): 202 DELETE http://10.180.1.21/compute/v2.1/os-security-groups/d2e2121a-f0a7-472e-a2cd-4046236de096 1.887s
2025-12-12 10:24:25.906 65824 INFO tempest.lib.common.rest_client [req-b5fa6e8d-faa7-4e85-9fb4-b77ee9525956 req-b5fa6e8d-faa7-4e85-9fb4-b77ee9525956 ] Request (ServerDiagnosticsTest:test_get_server_diagnostics): 200 GET http://10.180.1.21/compute/v2.1/servers/43d76726-0e1c-414e-abb0-8c827f8c59cc 1.480s
2025-12-12 10:24:25.907 65828 INFO tempest.lib.common.rest_client [req-b16e4322-e3fd-41a3-b1e2-b19cf6332f5e req-b16e4322-e3fd-41a3-b1e2-b19cf6332f5e ] Request (InstanceUsageAuditLogNegativeTestJSON:tearDownClass): 204 DELETE http://10.180.1.21/identity/v3/projects/f6808ffe659244b2b633911ecda7e002 0.127s
2025-12-12 10:24:25.907 65828 INFO tempest.lib.common.dynamic_creds [-] Deleting project and security group for project: 16bef5de8c0644bb88ebd41448599d7a
2025-12-12 10:24:26.434 65858 INFO tempest.lib.common.rest_client [req-5d2ef20f-b347-4c9b-b677-79cc6ed9c33e req-5d2ef20f-b347-4c9b-b677-79cc6ed9c33e ] Request (VolumesTestJSON:tearDownClass): 404 GET http://10.180.1.21/volume/v3/volumes/125eb75c-613f-40be-b692-d95638621b55 0.014s
2025-12-12 10:24:26.538 65876 WARNING tempest.lib.common.ssh [-] Failed to establish authenticated ssh connection to cirros@10.180.180.194 ([Errno None] Unable to connect to port 22 on 10.180.180.194). Number attempts: 8. Retry after 9 seconds.: paramiko.ssh_exception.NoValidConnectionsError: [Errno None] Unable to connect to port 22 on 10.180.180.194
2025-12-12 10:24:26.542 65858 INFO tempest.lib.common.rest_client [req-113c5ce7-9344-49c5-a0bb-dd15f828f610 req-113c5ce7-9344-49c5-a0bb-dd15f828f610 ] Request (VolumesTestJSON:tearDownClass): 204 DELETE http://10.180.1.21/identity/v3/users/c1dc85be2ea04e698b53dd1177eee602 0.107s
2025-12-12 10:24:26.542 65858 INFO tempest.lib.common.dynamic_creds [-] Deleting project and security group for project: 63dfa87143314203bbf3d65c9588c8ce
2025-12-12 10:24:26.558 65874 WARNING tempest.lib.common.ssh [-] Failed to establish authenticated ssh connection to cirros@10.180.180.228 ([Errno None] Unable to connect to port 22 on 10.180.180.228). Number attempts: 9. Retry after 10 seconds.: paramiko.ssh_exception.NoValidConnectionsError: [Errno None] Unable to connect to port 22 on 10.180.180.228
2025-12-12 10:24:26.598 65858 INFO tempest.lib.common.rest_client [req-5b5cf69b-3588-412f-8e81-2a645cbe5f46 req-5b5cf69b-3588-412f-8e81-2a645cbe5f46 ] Request (VolumesTestJSON:tearDownClass): 201 POST http://10.180.1.21/identity/v3/auth/tokens 0.055s
2025-12-12 10:24:26.602 65844 INFO tempest.lib.common.rest_client [req-2dd15b23-8d7c-4fad-805b-70e46337d793 req-2dd15b23-8d7c-4fad-805b-70e46337d793 ] Request (SecurityGroupRulesTestJSON:tearDownClass): 200 PUT http://10.180.1.21/networking/v2.0/routers/7d96754e-2deb-440e-8ac6-375035d64fc5/remove_router_interface 0.719s
2025-12-12 10:24:26.737 65828 INFO tempest.lib.common.rest_client [req-0ea4fd8d-ffbd-4ad5-8cbf-20413a383254 req-0ea4fd8d-ffbd-4ad5-8cbf-20413a383254 ] Request (InstanceUsageAuditLogNegativeTestJSON:tearDownClass): 200 GET http://10.180.1.21/networking/v2.0/security-groups?tenant_id=16bef5de8c0644bb88ebd41448599d7a&name=default 0.829s
2025-12-12 10:24:26.791 65869 INFO tempest.lib.common.rest_client [req-e7ac3b5d-c981-4079-a4e2-e1f4f9974b88 req-e7ac3b5d-c981-4079-a4e2-e1f4f9974b88 ] Request (ImagesTestJSON:test_create_server_from_snapshot): 200 GET http://10.180.1.21/compute/v2.1/servers/c374e2a4-e244-4803-a7a2-1053ae2c98f9 2.288s
2025-12-12 10:24:26.992 65858 INFO tempest.lib.common.rest_client [req-aa291bd0-232a-409e-bfa8-9ca7b08abc73 req-aa291bd0-232a-409e-bfa8-9ca7b08abc73 ] Request (VolumesTestJSON:tearDownClass): 200 GET http://10.180.1.21/networking/v2.0/security-groups?tenant_id=63dfa87143314203bbf3d65c9588c8ce&name=default 0.394s
2025-12-12 10:24:27.383 65844 INFO tempest.lib.common.rest_client [req-6c9248f5-7bd7-4746-8613-6be71c7db7b5 req-6c9248f5-7bd7-4746-8613-6be71c7db7b5 ] Request (SecurityGroupRulesTestJSON:tearDownClass): 204 DELETE http://10.180.1.21/networking/v2.0/routers/7d96754e-2deb-440e-8ac6-375035d64fc5 0.781s
2025-12-12 10:24:27.479 65828 INFO tempest.lib.common.rest_client [req-7d5a355e-c08f-481f-b867-88396270b45f req-7d5a355e-c08f-481f-b867-88396270b45f ] Request (InstanceUsageAuditLogNegativeTestJSON:tearDownClass): 204 DELETE http://10.180.1.21/networking/v2.0/security-groups/6ed31db4-3103-4916-8577-c5564db3bf46 0.742s
2025-12-12 10:24:27.480 65842 INFO tempest.lib.common.rest_client [req-5908cbf5-4d4d-440a-bcab-3deef40d82a4 req-5908cbf5-4d4d-440a-bcab-3deef40d82a4 ] Request (SecurityGroupsTestJSON:test_security_groups_create_list_delete): 202 DELETE http://10.180.1.21/compute/v2.1/os-security-groups/2c072392-a76a-4734-a933-5e87ca1ae123 3.036s
2025-12-12 10:24:27.515 65850 INFO tempest.lib.common.rest_client [req-2c5fc22f-2728-4b56-8003-ca748fbb3e4e req-2c5fc22f-2728-4b56-8003-ca748fbb3e4e ] Request (ServersAaction247Test:test_create_backup): 200 GET http://10.180.1.21/compute/v2.1/servers/c2a0c6a6-2deb-4887-9e22-7d34b95be7aa 2.840s
2025-12-12 10:24:27.525 65850 INFO tempest.common.waiters [-] State transition "BUILD/block_device_mapping" ==> "BUILD/spawning" after 22 second wait
2025-12-12 10:24:27.531 65848 INFO tempest.lib.common.rest_client [req-0373f76e-b881-4c9d-a777-b779bde7919e req-0373f76e-b881-4c9d-a777-b779bde7919e ] Request (ListImageFiltersTestJSON:setUpClass): 200 GET http://10.180.1.21/compute/v2.1/images/adcc4523-49da-4eda-b465-1b5cb7f7f8cc 2.832s
2025-12-12 10:24:27.600 65828 INFO tempest.lib.common.rest_client [req-7c196d3a-876e-42bf-9cb6-543028baf421 req-7c196d3a-876e-42bf-9cb6-543028baf421 ] Request (InstanceUsageAuditLogNegativeTestJSON:tearDownClass): 204 DELETE http://10.180.1.21/identity/v3/projects/16bef5de8c0644bb88ebd41448599d7a 0.120s
2025-12-12 10:24:27.601 65828 INFO tempest.test [-] raised in LiveMigrationNegativeTest.setUpClass. Invoking tearDownClass.
2025-12-12 10:24:27.609 65858 INFO tempest.lib.common.rest_client [req-97c6b254-d950-4ac0-96d0-8499d12ffabb req-97c6b254-d950-4ac0-96d0-8499d12ffabb ] Request (VolumesTestJSON:tearDownClass): 204 DELETE http://10.180.1.21/networking/v2.0/security-groups/bdc7a92d-4b33-44b5-9194-b043cabd20c1 0.617s
2025-12-12 10:24:27.665 65844 INFO tempest.lib.common.rest_client [req-74b97c44-8cbb-4d73-85d2-c971f929a0db req-74b97c44-8cbb-4d73-85d2-c971f929a0db ] Request (SecurityGroupRulesTestJSON:tearDownClass): 204 DELETE http://10.180.1.21/networking/v2.0/subnets/b10de475-4691-457a-9fa6-9fda8a58c6bf 0.281s
2025-12-12 10:24:27.674 65828 INFO tempest.lib.common.rest_client [req-2732a2d9-58f9-48b4-b146-08051ca4f727 req-2732a2d9-58f9-48b4-b146-08051ca4f727 ] Request (ServersAdmin275Test:setUpClass): 201 POST http://10.180.1.21/identity/v3/auth/tokens 0.071s
2025-12-12 10:24:27.692 65822 INFO tempest.lib.common.rest_client [req-dcb77b5e-205b-4ea7-b882-072804686b7d req-dcb77b5e-205b-4ea7-b882-072804686b7d ] Request (ServersTestMultiNic:_run_cleanups): 200 GET http://10.180.1.21/compute/v2.1/servers/cfaeb85a-5ea5-47ec-a2df-7bb0c3649c7e 2.898s
2025-12-12 10:24:27.716 65858 INFO tempest.lib.common.rest_client [req-fb9e4afc-c8d4-45a7-9363-247a61b1e99f req-fb9e4afc-c8d4-45a7-9363-247a61b1e99f ] Request (VolumesTestJSON:tearDownClass): 204 DELETE http://10.180.1.21/identity/v3/projects/63dfa87143314203bbf3d65c9588c8ce 0.106s
2025-12-12 10:24:27.741 65840 INFO tempest.lib.common.rest_client [req-32414e56-f172-45f6-8f25-46c636cc0825 req-32414e56-f172-45f6-8f25-46c636cc0825 ] Request (ServerActionsV293TestJSON:setUpClass): 200 GET http://10.180.1.21/compute/v2.1/servers/fe0639d9-cd98-4b2e-a058-c63543791e0f 2.864s
2025-12-12 10:24:27.744 65828 INFO tempest.lib.common.rest_client [req-90b76285-da51-4da9-b4fa-4a95570ea0b3 req-90b76285-da51-4da9-b4fa-4a95570ea0b3 ] Request (ServersAdmin275Test:setUpClass): 201 POST http://10.180.1.21/identity/v3/auth/tokens 0.066s
2025-12-12 10:24:27.752 65840 INFO tempest.common.waiters [-] State transition "BUILD/spawning" ==> "ACTIVE/None" after 25 second wait
2025-12-12 10:24:27.755 65826 INFO tempest.lib.common.rest_client [req-5e6fe727-2cb1-4edf-b89c-c45d2c6e7821 req-5e6fe727-2cb1-4edf-b89c-c45d2c6e7821 ] Request (MigrationsAdminTest:test_list_migrations_in_flavor_resize_situation): 200 GET http://10.180.1.21/compute/v2.1/os-migrations 2.802s
2025-12-12 10:24:27.774 65818 INFO tempest.lib.common.rest_client [req-9e0e108d-8170-437e-a86f-30b86110f082 req-9e0e108d-8170-437e-a86f-30b86110f082 ] Request (ServersTestBootFromVolume:setUpClass): 200 GET http://10.180.1.21/compute/v2.1/servers/da8e5c6c-d9f4-49db-b796-5a6b7474dcc7 2.879s
2025-12-12 10:24:27.779 65828 INFO tempest.lib.common.rest_client [req-8cb3b5ff-e873-4c6a-8d1c-4aab9c523dda req-8cb3b5ff-e873-4c6a-8d1c-4aab9c523dda ] Request (ServersAdmin275Test:setUpClass): 200 GET http://10.180.1.21/identity/v3/domains?name=Default 0.035s
2025-12-12 10:24:27.833 65828 INFO tempest.lib.common.rest_client [req-116d8135-096f-4eb7-8153-72a5657560e2 req-116d8135-096f-4eb7-8153-72a5657560e2 ] Request (ServersAdmin275Test:setUpClass): 201 POST http://10.180.1.21/identity/v3/projects 0.052s
2025-12-12 10:24:27.874 65830 INFO tempest.lib.common.rest_client [req-beb1248f-65b5-43cb-ac32-4a5475aca7dc req-beb1248f-65b5-43cb-ac32-4a5475aca7dc ] Request (ServerDiskConfigTestJSON:test_rebuild_server_with_auto_disk_config): 200 GET http://10.180.1.21/compute/v2.1/servers/b1d70a45-dcd0-4fd5-b3f9-df8e378102df 2.850s
2025-12-12 10:24:27.888 65836 INFO tempest.lib.common.rest_client [req-2ed76c9b-70c7-4014-9371-e91c57f20467 req-2ed76c9b-70c7-4014-9371-e91c57f20467 ] Request (ServerAddressesTestJSON:tearDownClass): 200 GET http://10.180.1.21/compute/v2.1/servers/1fc30c61-fc56-477e-b052-658e578f8a70 2.931s
2025-12-12 10:24:27.914 65828 INFO tempest.lib.common.rest_client [req-d396608c-a282-4873-8f98-6309b99930ca req-d396608c-a282-4873-8f98-6309b99930ca ] Request (ServersAdmin275Test:setUpClass): 201 POST http://10.180.1.21/identity/v3/users 0.081s
2025-12-12 10:24:27.945 65828 INFO tempest.lib.common.rest_client [req-37b07005-b664-4c80-a960-248fedaa7fb0 req-37b07005-b664-4c80-a960-248fedaa7fb0 ] Request (ServersAdmin275Test:setUpClass): 200 GET http://10.180.1.21/identity/v3/roles 0.029s
2025-12-12 10:24:27.949 65816 INFO tempest.lib.common.rest_client [req-1dcd1d9a-7c53-4cd7-a09a-d60cf8e7f091 req-1dcd1d9a-7c53-4cd7-a09a-d60cf8e7f091 ] Request (AttachInterfacesV270Test:test_create_get_list_interfaces): 200 GET http://10.180.1.21/compute/v2.1/servers/924c9c5b-45f3-4cce-baec-96ec60aecb31 2.826s
2025-12-12 10:24:27.993 65828 INFO tempest.lib.common.rest_client [req-2a9f6885-2146-46e3-b71a-546f50f394ee req-2a9f6885-2146-46e3-b71a-546f50f394ee ] Request (ServersAdmin275Test:setUpClass): 204 PUT http://10.180.1.21/identity/v3/projects/c9f69cf74be14bb585e15a173d029f8b/users/c48bb6b3f058430cb8b00e109ef73c03/roles/76d0949b9e50412c8059a61b411e68cd 0.048s
2025-12-12 10:24:27.994 65828 INFO tempest.lib.common.dynamic_creds [-] Dynamic test user c48bb6b3f058430cb8b00e109ef73c03 is created with scope project and roles: ['member']
2025-12-12 10:24:27.994 65828 INFO tempest.lib.common.dynamic_creds [-] Acquired dynamic creds: credentials: Credentials: {'domain_id': 'default', 'domain_name': 'Default', 'username': 'tempest-ServersAdmin275Test-1834698741-project-member', 'project_domain_id': 'default', 'project_domain_name': 'Default', 'project_id': 'c9f69cf74be14bb585e15a173d029f8b', 'project_name': 'tempest-ServersAdmin275Test-1834698741', 'tenant_id': 'c9f69cf74be14bb585e15a173d029f8b', 'tenant_name': 'tempest-ServersAdmin275Test-1834698741', 'user_domain_id': 'default', 'user_domain_name': 'Default', 'user_id': 'c48bb6b3f058430cb8b00e109ef73c03', 'system': None}, Network: None, Subnet: None, Router: None
2025-12-12 10:24:27.994 65828 INFO tempest.lib.common.dynamic_creds [-] Created isolated network resources for: credentials: Credentials: {'domain_id': 'default', 'domain_name': 'Default', 'username': 'tempest-ServersAdmin275Test-1834698741-project-member', 'project_domain_id': 'default', 'project_domain_name': 'Default', 'project_id': 'c9f69cf74be14bb585e15a173d029f8b', 'project_name': 'tempest-ServersAdmin275Test-1834698741', 'tenant_id': 'c9f69cf74be14bb585e15a173d029f8b', 'tenant_name': 'tempest-ServersAdmin275Test-1834698741', 'user_domain_id': 'default', 'user_domain_name': 'Default', 'user_id': 'c48bb6b3f058430cb8b00e109ef73c03', 'system': None}, Network: None, Subnet: None, Router: None
2025-12-12 10:24:28.009 65852 INFO tempest.lib.common.rest_client [req-d5dfaf9e-efc3-405b-bed4-ff864600dd8a req-d5dfaf9e-efc3-405b-bed4-ff864600dd8a ] Request (ListServerFiltersTestJSON:tearDownClass): 204 DELETE http://10.180.1.21/compute/v2.1/servers/fe2c32d5-c68a-4d4d-87cc-a1ecf10a37c1 2.849s
2025-12-12 10:24:28.050 65844 INFO tempest.lib.common.rest_client [req-5cc0d5ec-ece1-4695-bba9-858a2df24004 req-5cc0d5ec-ece1-4695-bba9-858a2df24004 ] Request (SecurityGroupRulesTestJSON:tearDownClass): 204 DELETE http://10.180.1.21/networking/v2.0/networks/9a1f39a3-7329-4fc7-ab25-ca286762bb91 0.383s
2025-12-12 10:24:28.060 65834 INFO tempest.lib.common.rest_client [req-71cbe052-e009-4030-a39c-ef15b5d32dd1 req-71cbe052-e009-4030-a39c-ef15b5d32dd1 ] Request (ImagesMetadataTestJSON:test_set_image_metadata): 200 GET http://10.180.1.21/compute/v2.1/images/748afd36-9de3-4248-a87d-9a5e718c5313/metadata 2.854s
2025-12-12 10:24:28.088 65864 INFO tempest.lib.common.rest_client [req-228d5205-8cca-4d32-b08b-96ace902054b req-228d5205-8cca-4d32-b08b-96ace902054b ] Request (ImagesMetadataNegativeTestJSON:test_get_nonexistent_image_metadata_item): 404 GET http://10.180.1.21/compute/v2.1/images/7e52edd3-2432-429c-a95a-0d7bc7b26158/metadata/os_version 2.618s
2025-12-12 10:24:28.135 65828 INFO tempest.lib.common.rest_client [req-75d8e70d-aef4-4687-8aa6-3f452e1e6f0c req-75d8e70d-aef4-4687-8aa6-3f452e1e6f0c ] Request (ServersAdmin275Test:setUpClass): 201 POST http://10.180.1.21/identity/v3/auth/tokens 0.137s
2025-12-12 10:24:28.188 65828 INFO tempest.lib.common.rest_client [req-41236a16-3cab-4de1-aadf-e8821416b0d6 req-41236a16-3cab-4de1-aadf-e8821416b0d6 ] Request (ServersAdmin275Test:setUpClass): 201 POST http://10.180.1.21/identity/v3/projects 0.053s
2025-12-12 10:24:28.233 65844 INFO tempest.lib.common.rest_client [req-c4943d0a-815f-419c-8a1a-0360b9becaab req-c4943d0a-815f-419c-8a1a-0360b9becaab ] Request (SecurityGroupRulesTestJSON:tearDownClass): 204 DELETE http://10.180.1.21/identity/v3/users/6081ce2a9ecc47a1a5a2a4ca88dfa5f2 0.183s
2025-12-12 10:24:28.234 65844 INFO tempest.lib.common.dynamic_creds [-] Deleting project and security group for project: f173f02311a94a49809e8fbfeb67e5f8
2025-12-12 10:24:28.270 65832 INFO tempest.lib.common.rest_client [req-e167ed9c-83dd-41af-95c7-a64fe02568e0 req-e167ed9c-83dd-41af-95c7-a64fe02568e0 ] Request (DeleteServersTestJSON:test_delete_server_while_in_shelved_state): 200 GET http://10.180.1.21/compute/v2.1/servers/9a96e2b5-fd0d-441a-9d7b-798eb3751534 2.723s
2025-12-12 10:24:28.273 65854 WARNING tempest.lib.common.ssh [-] Failed to establish authenticated ssh connection to cirros@10.180.180.135 ([Errno None] Unable to connect to port 22 on 10.180.180.135). Number attempts: 12. Retry after 13 seconds.: paramiko.ssh_exception.NoValidConnectionsError: [Errno None] Unable to connect to port 22 on 10.180.180.135
2025-12-12 10:24:28.277 65832 INFO tempest.common.waiters [-] State transition "BUILD/None" ==> "BUILD/spawning" after 21 second wait
2025-12-12 10:24:28.296 65844 INFO tempest.lib.common.rest_client [req-a9fdf654-784a-4555-bff0-248440d95f3b req-a9fdf654-784a-4555-bff0-248440d95f3b ] Request (SecurityGroupRulesTestJSON:tearDownClass): 200 GET http://10.180.1.21/networking/v2.0/security-groups?tenant_id=f173f02311a94a49809e8fbfeb67e5f8&name=default 0.062s
2025-12-12 10:24:28.314 65870 INFO tempest.lib.common.rest_client [req-23a4e36b-7367-4522-884f-f8561f9dedb5 req-23a4e36b-7367-4522-884f-f8561f9dedb5 ] Request (ImagesOneServerTestJSON:test_create_delete_image): 200 GET http://10.180.1.21/compute/v2.1/images/1f5e0d12-87f6-4456-8100-ba3cb6bd4257 2.638s
2025-12-12 10:24:28.324 65828 INFO tempest.lib.common.rest_client [req-4d0debfa-6e30-47db-9f9c-c0b64534e352 req-4d0debfa-6e30-47db-9f9c-c0b64534e352 ] Request (ServersAdmin275Test:setUpClass): 201 POST http://10.180.1.21/identity/v3/users 0.135s
2025-12-12 10:24:28.361 65828 INFO tempest.lib.common.rest_client [req-5849d40b-194f-4fb6-bfc1-6caf7b53aaf5 req-5849d40b-194f-4fb6-bfc1-6caf7b53aaf5 ] Request (ServersAdmin275Test:setUpClass): 200 GET http://10.180.1.21/identity/v3/roles 0.036s
2025-12-12 10:24:28.392 65872 INFO tempest.lib.common.rest_client [req-ecb97c70-df89-4e54-9e82-2adf8a05ea6e req-ecb97c70-df89-4e54-9e82-2adf8a05ea6e ] Request (ServerMetadataNegativeTestJSON:tearDownClass): 200 GET http://10.180.1.21/compute/v2.1/servers/56d695fd-abb7-423b-8474-4a73ce093c2c 2.557s
