2025-11-21 12:47:45.348 66239 INFO tempest.lib.common.rest_client [req-ead8a9ff-0468-49cb-934f-2ce657e7f8fd req-ead8a9ff-0468-49cb-934f-2ce657e7f8fd ] Request (FlavorsExtraSpecsTestJSON:test_flavor_non_admin_get_specific_key): 200 GET http://10.180.1.21/compute/v2.1/flavors/1931358437/os-extra_specs/hw:numa_nodes 0.049s
2025-11-21 12:47:45.352 66208 INFO tempest.lib.common.rest_client [req-63a061de-2d13-4b17-8ef1-f75d6d9c27d6 req-63a061de-2d13-4b17-8ef1-f75d6d9c27d6 ] Request (ServersWithSpecificFlavorTestJSON:test_verify_created_server_ephemeral_disk): 200 GET http://10.180.1.21/compute/v2.1/servers/34aed745-d23e-4c79-95fd-17a3c2027fbb 0.071s
2025-11-21 12:47:45.358 66208 INFO tempest.common.waiters [-] State transition "BUILD/None" ==> "BUILD/networking" after 38 second wait
2025-11-21 12:47:45.428 66195 INFO tempest.lib.common.rest_client [req-0e4e7719-097c-4d81-af54-6b8577ef7ca1 req-0e4e7719-097c-4d81-af54-6b8577ef7ca1 ] Request (ServerShowV247Test:tearDownClass): 200 GET http://10.180.1.21/compute/v2.1/servers/e9e4cdf4-0107-4a8b-b657-f7cde09c99ed 0.087s
2025-11-21 12:47:45.446 66239 INFO tempest.lib.common.rest_client [req-7ede5170-4616-4c2c-a867-da7e590a60f6 req-7ede5170-4616-4c2c-a867-da7e590a60f6 ] Request (FlavorsExtraSpecsTestJSON:test_flavor_set_get_update_show_unset_keys): 200 POST http://10.180.1.21/compute/v2.1/flavors/1931358437/os-extra_specs 0.096s
2025-11-21 12:47:45.450 66237 INFO tempest.lib.common.rest_client [req-7c4bc098-1dc4-469a-a862-df11fb355056 req-7c4bc098-1dc4-469a-a862-df11fb355056 ] Request (ServerActionsTestOtherA:test_rebuild_server_in_stop_state): 200 GET http://10.180.1.21/compute/v2.1/servers/20906082-addb-4127-8ff5-20d6ca712e03 0.131s
2025-11-21 12:47:45.462 66239 INFO tempest.lib.common.rest_client [req-fa94a5a9-9ee1-4693-b4d9-81c0e597fa69 req-fa94a5a9-9ee1-4693-b4d9-81c0e597fa69 ] Request (FlavorsExtraSpecsTestJSON:test_flavor_set_get_update_show_unset_keys): 200 GET http://10.180.1.21/compute/v2.1/flavors/1931358437/os-extra_specs 0.014s
2025-11-21 12:47:45.485 66239 INFO tempest.lib.common.rest_client [req-2d10b70c-524f-4527-b9e4-b1601d83e87f req-2d10b70c-524f-4527-b9e4-b1601d83e87f ] Request (FlavorsExtraSpecsTestJSON:test_flavor_set_get_update_show_unset_keys): 200 PUT http://10.180.1.21/compute/v2.1/flavors/1931358437/os-extra_specs/hw:numa_nodes 0.022s
2025-11-21 12:47:45.497 66239 INFO tempest.lib.common.rest_client [req-293ccef9-63c5-4fe6-85ad-39835bfe6526 req-293ccef9-63c5-4fe6-85ad-39835bfe6526 ] Request (FlavorsExtraSpecsTestJSON:test_flavor_set_get_update_show_unset_keys): 200 GET http://10.180.1.21/compute/v2.1/flavors/1931358437/os-extra_specs 0.011s
2025-11-21 12:47:45.500 66183 INFO tempest.lib.common.rest_client [req-2f437efd-0597-4368-b46e-511a5ccd7572 req-2f437efd-0597-4368-b46e-511a5ccd7572 ] Request (ImagesTestJSON:test_create_server_from_snapshot): 200 GET http://10.180.1.21/compute/v2.1/servers/04fa7278-7f11-4915-bcbe-ea2f8656b971 0.098s
2025-11-21 12:47:45.523 66239 INFO tempest.lib.common.rest_client [req-1f99a0f4-2c59-40db-835d-1b6d34b58844 req-1f99a0f4-2c59-40db-835d-1b6d34b58844 ] Request (FlavorsExtraSpecsTestJSON:test_flavor_set_get_update_show_unset_keys): 200 DELETE http://10.180.1.21/compute/v2.1/flavors/1931358437/os-extra_specs/hw:numa_nodes 0.025s
2025-11-21 12:47:45.553 66239 INFO tempest.lib.common.rest_client [req-a2d6bd5a-013e-472a-96aa-2bacd0f6fbbf req-a2d6bd5a-013e-472a-96aa-2bacd0f6fbbf ] Request (FlavorsExtraSpecsTestJSON:test_flavor_set_get_update_show_unset_keys): 200 DELETE http://10.180.1.21/compute/v2.1/flavors/1931358437/os-extra_specs/hw:cpu_policy 0.029s
2025-11-21 12:47:45.567 66239 INFO tempest.lib.common.rest_client [req-e1dcda71-2b48-4fcc-9b78-fc059df07483 req-e1dcda71-2b48-4fcc-9b78-fc059df07483 ] Request (FlavorsExtraSpecsTestJSON:test_flavor_set_get_update_show_unset_keys): 200 GET http://10.180.1.21/compute/v2.1/flavors/1931358437/os-extra_specs 0.013s
2025-11-21 12:47:45.568 66187 INFO tempest.lib.common.rest_client [req-d3365240-861f-474e-b29a-e60ccf906597 req-d3365240-861f-474e-b29a-e60ccf906597 ] Request (ServerMetadataNegativeTestJSON:setUpClass): 200 GET http://10.180.1.21/compute/v2.1/servers/c2bc28fd-8694-4365-8789-d7ced1171e42 0.055s
2025-11-21 12:47:45.588 66239 INFO tempest.lib.common.rest_client [req-6cefb48b-767c-4518-a1ee-7883d80aa787 req-6cefb48b-767c-4518-a1ee-7883d80aa787 ] Request (FlavorsExtraSpecsTestJSON:tearDownClass): 202 DELETE http://10.180.1.21/compute/v2.1/flavors/1931358437 0.018s
2025-11-21 12:47:45.638 66239 INFO tempest.lib.common.rest_client [req-bbd4e753-4c4c-4788-a874-f8fa9bfd1d9a req-bbd4e753-4c4c-4788-a874-f8fa9bfd1d9a ] Request (FlavorsExtraSpecsTestJSON:tearDownClass): 200 GET http://10.180.1.21/compute/v2.1/flavors/detail 0.049s
2025-11-21 12:47:45.702 66231 INFO tempest.lib.common.rest_client [req-d35f8713-fb1a-4d7d-b867-89a03cb843b7 req-d35f8713-fb1a-4d7d-b867-89a03cb843b7 ] Request (MigrationsAdminTest:test_resize_server_revert_deleted_flavor): 200 GET http://10.180.1.21/compute/v2.1/servers/8a0377ef-7f60-4a71-b192-a6cf188e8ff4 0.131s
2025-11-21 12:47:45.777 66239 INFO tempest.lib.common.rest_client [req-1ca921e4-ef89-4ab3-a0f8-68ccf57eb87e req-1ca921e4-ef89-4ab3-a0f8-68ccf57eb87e ] Request (FlavorsExtraSpecsTestJSON:tearDownClass): 204 DELETE http://10.180.1.21/identity/v3/users/6ee5f6ad547d40d4bf5a57ab2e6932f3 0.134s
2025-11-21 12:47:45.890 66213 INFO tempest.lib.common.rest_client [req-65a5eb74-8f69-45aa-9235-c8a0565393a9 req-65a5eb74-8f69-45aa-9235-c8a0565393a9 ] Request (AttachInterfacesV270Test:test_create_get_list_interfaces): 200 GET http://10.180.1.21/compute/v2.1/servers/dee6889b-f8ef-48b4-864e-83d8eed24bd3 0.261s
2025-11-21 12:47:45.909 66239 INFO tempest.lib.common.rest_client [req-887b1824-839b-4aa6-ba6e-2767393f151b req-887b1824-839b-4aa6-ba6e-2767393f151b ] Request (FlavorsExtraSpecsTestJSON:tearDownClass): 204 DELETE http://10.180.1.21/identity/v3/users/84a290a5236e49a3909143a2c0bf866a 0.131s
2025-11-21 12:47:45.909 66239 INFO tempest.lib.common.dynamic_creds [-] Deleting project and security group for project: 26ba6d6bc3e24e98884a21e063b51cc3
2025-11-21 12:47:45.914 66224 INFO tempest.lib.common.rest_client [req-fc8ba8d1-15da-4d39-a3b8-e73d6b420ba3 req-fc8ba8d1-15da-4d39-a3b8-e73d6b420ba3 ] Request (ServersAdminNegativeTestJSON:tearDownClass): 200 GET http://10.180.1.21/compute/v2.1/servers/0dbea518-e44d-426f-8d08-3f8382ace99d 0.142s
2025-11-21 12:47:45.920 66212 INFO tempest.lib.common.rest_client [req-dd1e13bd-67a6-4665-86f8-061b220c90ea req-dd1e13bd-67a6-4665-86f8-061b220c90ea ] Request (SecurityGroupRulesTestJSON:tearDownClass): 200 PUT http://10.180.1.21/networking/v2.0/routers/1ff43224-99de-47e5-b985-c77d2c08b1c3/remove_router_interface 0.788s
2025-11-21 12:47:45.986 66239 INFO tempest.lib.common.rest_client [req-f496cb4f-107f-4caf-a462-23fa44b37e24 req-f496cb4f-107f-4caf-a462-23fa44b37e24 ] Request (FlavorsExtraSpecsTestJSON:tearDownClass): 201 POST http://10.180.1.21/identity/v3/auth/tokens 0.077s
2025-11-21 12:47:45.990 66233 INFO tempest.lib.common.rest_client [req-e80cfa45-b658-4631-9cab-8563bab79e77 req-e80cfa45-b658-4631-9cab-8563bab79e77 ] Request (ServersTestJSON:test_create_server_with_ipv6_addr_only): 200 GET http://10.180.1.21/compute/v2.1/servers/1a5af046-9cd7-4ec2-821f-09d71e5b4dd6 0.151s
2025-11-21 12:47:45.999 66233 INFO tempest.common.waiters [-] State transition "BUILD/scheduling" ==> "BUILD/None" after 12 second wait
2025-11-21 12:47:46.341 66227 INFO tempest.lib.common.rest_client [req-1a12b07f-5e00-4b2a-8a6e-f1caf00f29f2 req-1a12b07f-5e00-4b2a-8a6e-f1caf00f29f2 ] Request (ServerMetadataTestJSON:tearDownClass): 200 GET http://10.180.1.21/compute/v2.1/servers/b4787858-d751-40a7-9cb7-033aeb6e2c84 0.489s
2025-11-21 12:47:46.364 66212 INFO tempest.lib.common.rest_client [req-ed13f3c4-4bb7-42b9-8a07-9918fd71314d req-ed13f3c4-4bb7-42b9-8a07-9918fd71314d ] Request (SecurityGroupRulesTestJSON:tearDownClass): 204 DELETE http://10.180.1.21/networking/v2.0/routers/1ff43224-99de-47e5-b985-c77d2c08b1c3 0.444s
2025-11-21 12:47:46.387 66185 INFO tempest.lib.common.rest_client [req-13224f0a-947b-4679-bb99-9544107c5834 req-13224f0a-947b-4679-bb99-9544107c5834 ] Request (ServersAdminTestJSON:test_inject_network_info): 200 GET http://10.180.1.21/compute/v2.1/servers/d45b928b-f35e-468a-8a6d-23fa433086d7 0.493s
2025-11-21 12:47:46.505 66239 INFO tempest.lib.common.rest_client [req-69ea5150-1006-4dcd-a0d5-b5391e78ead8 req-69ea5150-1006-4dcd-a0d5-b5391e78ead8 ] Request (FlavorsExtraSpecsTestJSON:tearDownClass): 200 GET http://10.180.1.21/networking/v2.0/security-groups?tenant_id=26ba6d6bc3e24e98884a21e063b51cc3&name=default 0.518s
2025-11-21 12:47:46.610 66212 INFO tempest.lib.common.rest_client [req-b63b9ed2-2f59-4205-b031-ea5c521c0605 req-b63b9ed2-2f59-4205-b031-ea5c521c0605 ] Request (SecurityGroupRulesTestJSON:tearDownClass): 204 DELETE http://10.180.1.21/networking/v2.0/subnets/1c4aa7a3-3535-4b3e-947b-158ad3423ad7 0.245s
2025-11-21 12:47:46.631 66201 INFO tempest.lib.common.rest_client [req-d6eede29-3249-43bf-961d-78f479ba532c req-d6eede29-3249-43bf-961d-78f479ba532c ] Request (ServerRescueTestJSONUnderV235:setUpClass): 200 GET http://10.180.1.21/compute/v2.1/servers/59278197-2bf4-4e9a-a9d3-706eded8b008 0.731s
2025-11-21 12:47:46.649 66221 INFO tempest.lib.common.rest_client [req-9b2cc8d5-9f05-4a1e-9f06-03875955aa0e req-9b2cc8d5-9f05-4a1e-9f06-03875955aa0e ] Request (SecurityGroupsTestJSON:test_server_security_groups): 200 GET http://10.180.1.21/compute/v2.1/servers/d8cab879-d461-4c29-86d4-f31cf1ca4a1d 0.701s
2025-11-21 12:47:46.790 66239 INFO tempest.lib.common.rest_client [req-4d586e73-32e9-4b0f-b725-068744b63a64 req-4d586e73-32e9-4b0f-b725-068744b63a64 ] Request (FlavorsExtraSpecsTestJSON:tearDownClass): 204 DELETE http://10.180.1.21/networking/v2.0/security-groups/2901b758-119d-4f75-9617-6e7ef7e38544 0.284s
2025-11-21 12:47:46.858 66239 INFO tempest.lib.common.rest_client [req-54b07920-906e-4e6f-98b6-5866e3212cf3 req-54b07920-906e-4e6f-98b6-5866e3212cf3 ] Request (FlavorsExtraSpecsTestJSON:tearDownClass): 204 DELETE http://10.180.1.21/identity/v3/projects/26ba6d6bc3e24e98884a21e063b51cc3 0.067s
2025-11-21 12:47:46.858 66239 INFO tempest.lib.common.dynamic_creds [-] Deleting project and security group for project: 9e07fbbbed744302854dfc7fc61811e9
2025-11-21 12:47:46.927 66212 INFO tempest.lib.common.rest_client [req-4f8b35a7-6cb9-4c34-8c9a-e8a42b4e783f req-4f8b35a7-6cb9-4c34-8c9a-e8a42b4e783f ] Request (SecurityGroupRulesTestJSON:tearDownClass): 204 DELETE http://10.180.1.21/networking/v2.0/networks/e3de90ad-157c-4c44-8ff4-c7aef5ecb1ec 0.316s
2025-11-21 12:47:46.949 66197 INFO tempest.lib.common.rest_client [req-1cc82f90-a167-45c0-aedb-3277d27e481c req-1cc82f90-a167-45c0-aedb-3277d27e481c ] Request (ServersTestMultiNic:test_verify_duplicate_network_nics): 200 GET http://10.180.1.21/compute/v2.1/servers/a33e7e9f-3c11-4c6f-9989-6729394a8da1 0.947s
2025-11-21 12:47:46.981 66229 INFO tempest.lib.common.rest_client [req-6c216839-205e-4c8b-a5fd-69078469eda1 req-6c216839-205e-4c8b-a5fd-69078469eda1 ] Request (DeleteServersTestJSON:test_delete_active_server): 200 GET http://10.180.1.21/compute/v2.1/servers/5e12a65d-13e1-4d8d-9b6b-18b1ce31a245 0.905s
2025-11-21 12:47:47.059 66212 INFO tempest.lib.common.rest_client [req-cd130318-a042-4e1f-8ccf-5acb3a6d5395 req-cd130318-a042-4e1f-8ccf-5acb3a6d5395 ] Request (SecurityGroupRulesTestJSON:tearDownClass): 204 DELETE http://10.180.1.21/identity/v3/users/dec1516c0d2f486db1c06420f0c5c27a 0.131s
2025-11-21 12:47:47.059 66212 INFO tempest.lib.common.dynamic_creds [-] Deleting project and security group for project: 2144fc866f344ed2804f636bc4a0c04b
2025-11-21 12:47:47.105 66239 INFO tempest.lib.common.rest_client [req-3a278368-3ed5-4efa-8a2c-229ea9413482 req-3a278368-3ed5-4efa-8a2c-229ea9413482 ] Request (FlavorsExtraSpecsTestJSON:tearDownClass): 200 GET http://10.180.1.21/networking/v2.0/security-groups?tenant_id=9e07fbbbed744302854dfc7fc61811e9&name=default 0.247s
2025-11-21 12:47:47.196 66189 INFO tempest.lib.common.rest_client [req-dd660d2b-c837-4f3e-a8af-dbc395f59d3b req-dd660d2b-c837-4f3e-a8af-dbc395f59d3b ] Request (ImagesOneServerTestJSON:tearDownClass): 200 GET http://10.180.1.21/compute/v2.1/servers/ce3d685c-56b7-4b8d-aedf-2a04aa5a8fd3 0.985s
2025-11-21 12:47:47.211 66215 INFO tempest.lib.common.rest_client [req-1ce790d4-8574-4a24-8eb7-78ca582ae0ac req-1ce790d4-8574-4a24-8eb7-78ca582ae0ac ] Request (ServerShowV254Test:tearDownClass): 200 GET http://10.180.1.21/compute/v2.1/servers/5e2d45ff-4da9-4a9d-a86a-5b24e9f29d65 0.987s
2025-11-21 12:47:47.223 66212 INFO tempest.lib.common.rest_client [req-faf54ba0-2dc0-4fa6-b45a-f9349d271b4c req-faf54ba0-2dc0-4fa6-b45a-f9349d271b4c ] Request (SecurityGroupRulesTestJSON:tearDownClass): 200 GET http://10.180.1.21/networking/v2.0/security-groups?tenant_id=2144fc866f344ed2804f636bc4a0c04b&name=default 0.164s
2025-11-21 12:47:47.310 66239 INFO tempest.lib.common.rest_client [req-aa67cc1d-9b94-4ba1-a096-84b634168d46 req-aa67cc1d-9b94-4ba1-a096-84b634168d46 ] Request (FlavorsExtraSpecsTestJSON:tearDownClass): 204 DELETE http://10.180.1.21/networking/v2.0/security-groups/6ec3faef-abc6-42a5-8d9f-69e0ddda96f8 0.204s
2025-11-21 12:47:47.412 66239 INFO tempest.lib.common.rest_client [req-fe761bd9-0e94-454b-8f6a-08de5c122938 req-fe761bd9-0e94-454b-8f6a-08de5c122938 ] Request (FlavorsExtraSpecsTestJSON:tearDownClass): 204 DELETE http://10.180.1.21/identity/v3/projects/9e07fbbbed744302854dfc7fc61811e9 0.102s
2025-11-21 12:47:47.421 66212 INFO tempest.lib.common.rest_client [req-172109d1-4e31-4cc6-a752-6a36b74716f6 req-172109d1-4e31-4cc6-a752-6a36b74716f6 ] Request (SecurityGroupRulesTestJSON:tearDownClass): 204 DELETE http://10.180.1.21/networking/v2.0/security-groups/84eda6f1-c857-47c1-bbb1-52542f5c89a4 0.197s
2025-11-21 12:47:47.442 66193 INFO tempest.lib.common.rest_client [req-84b24fe2-4465-4e91-b041-7b4b883c948d req-84b24fe2-4465-4e91-b041-7b4b883c948d ] Request (VolumesAdminNegativeTest:test_update_attached_volume_with_nonexistent_volume_in_uri): 200 GET http://10.180.1.21/compute/v2.1/servers/4021e888-02d5-4681-8f0f-377173994876 1.155s
2025-11-21 12:47:47.472 66205 INFO tempest.lib.common.rest_client [req-a489e34a-1e70-4cc1-b2bb-acd0a6d4ad97 req-a489e34a-1e70-4cc1-b2bb-acd0a6d4ad97 ] Request (ServersListShow298Test:test_list_show_update_rebuild_server_298): 200 GET http://10.180.1.21/compute/v2.1/servers/28889c2c-0ec6-446f-952f-59e9398ac594 1.191s
2025-11-21 12:47:47.517 66239 INFO tempest.lib.common.rest_client [req-ddee3681-09b4-4d93-be3d-2c3421be0d6b req-ddee3681-09b4-4d93-be3d-2c3421be0d6b ] Request (AttachInterfacesUnderV243Test:setUpClass): 201 POST http://10.180.1.21/identity/v3/auth/tokens 0.102s
2025-11-21 12:47:47.536 66212 INFO tempest.lib.common.rest_client [req-7a569f8c-b5d2-46d9-b523-1b2b306c4175 req-7a569f8c-b5d2-46d9-b523-1b2b306c4175 ] Request (SecurityGroupRulesTestJSON:tearDownClass): 204 DELETE http://10.180.1.21/identity/v3/projects/2144fc866f344ed2804f636bc4a0c04b 0.114s
2025-11-21 12:47:47.572 66203 INFO tempest.lib.common.rest_client [req-cc42e8c6-5d36-437d-bbdd-240ab23927b2 req-cc42e8c6-5d36-437d-bbdd-240ab23927b2 ] Request (ServersTestJSON:tearDownClass): 200 GET http://10.180.1.21/compute/v2.1/servers/c28d7cf8-2d98-4b61-a306-b071a6c16da2 1.226s
2025-11-21 12:47:47.592 66239 INFO tempest.lib.common.rest_client [req-3157fb21-6099-4f85-9eb1-a143abb5273e req-3157fb21-6099-4f85-9eb1-a143abb5273e ] Request (AttachInterfacesUnderV243Test:setUpClass): 201 POST http://10.180.1.21/identity/v3/auth/tokens 0.071s
2025-11-21 12:47:47.596 66212 INFO tempest.lib.common.rest_client [req-a6a0d5f5-7991-47cb-862b-96de8555cc40 req-a6a0d5f5-7991-47cb-862b-96de8555cc40 ] Request (ServersV294TestFqdnHostnames:setUpClass): 201 POST http://10.180.1.21/identity/v3/auth/tokens 0.059s
2025-11-21 12:47:47.616 66239 INFO tempest.lib.common.rest_client [req-0ccd3a7f-a84e-4eec-ab6d-9d8ede16fda6 req-0ccd3a7f-a84e-4eec-ab6d-9d8ede16fda6 ] Request (AttachInterfacesUnderV243Test:setUpClass): 200 GET http://10.180.1.21/identity/v3/domains?name=Default 0.023s
2025-11-21 12:47:47.625 66212 INFO tempest.lib.common.rest_client [req-96ded238-709e-4a9a-bc03-068fe3632850 req-96ded238-709e-4a9a-bc03-068fe3632850 ] Request (ServersV294TestFqdnHostnames:setUpClass): 201 POST http://10.180.1.21/identity/v3/auth/tokens 0.025s
2025-11-21 12:47:47.637 66195 INFO tempest.lib.common.rest_client [req-c7656c4f-6c47-45e6-b0ed-199b6ac18bcd req-c7656c4f-6c47-45e6-b0ed-199b6ac18bcd ] Request (ServerShowV247Test:tearDownClass): 200 GET http://10.180.1.21/compute/v2.1/servers/e9e4cdf4-0107-4a8b-b657-f7cde09c99ed 1.199s
2025-11-21 12:47:47.648 66239 INFO tempest.lib.common.rest_client [req-6c589b23-c271-4cc0-b1f7-4953d5835df8 req-6c589b23-c271-4cc0-b1f7-4953d5835df8 ] Request (AttachInterfacesUnderV243Test:setUpClass): 201 POST http://10.180.1.21/identity/v3/projects 0.031s
2025-11-21 12:47:47.650 66212 INFO tempest.lib.common.rest_client [req-b98197d6-de74-4c24-9e83-b2fcb53b4bd3 req-b98197d6-de74-4c24-9e83-b2fcb53b4bd3 ] Request (ServersV294TestFqdnHostnames:setUpClass): 200 GET http://10.180.1.21/identity/v3/domains?name=Default 0.025s
2025-11-21 12:47:47.663 66208 INFO tempest.lib.common.rest_client [req-da03d0b9-4a1b-453e-84f4-77873e239a35 req-da03d0b9-4a1b-453e-84f4-77873e239a35 ] Request (ServersWithSpecificFlavorTestJSON:test_verify_created_server_ephemeral_disk): 200 GET http://10.180.1.21/compute/v2.1/servers/34aed745-d23e-4c79-95fd-17a3c2027fbb 1.303s
2025-11-21 12:47:47.664 66219 WARNING tempest.lib.common.ssh [-] Failed to establish authenticated ssh connection to cirros@10.180.180.254 ([Errno None] Unable to connect to port 22 on 10.180.180.254). Number attempts: 4. Retry after 5 seconds.: paramiko.ssh_exception.NoValidConnectionsError: [Errno None] Unable to connect to port 22 on 10.180.180.254
2025-11-21 12:47:47.671 66208 INFO tempest.common.waiters [-] State transition "BUILD/networking" ==> "BUILD/spawning" after 40 second wait
2025-11-21 12:47:47.710 66212 INFO tempest.lib.common.rest_client [req-027571d1-565c-4d98-9f60-1cdb04bb3467 req-027571d1-565c-4d98-9f60-1cdb04bb3467 ] Request (ServersV294TestFqdnHostnames:setUpClass): 201 POST http://10.180.1.21/identity/v3/projects 0.059s
2025-11-21 12:47:47.717 66239 INFO tempest.lib.common.rest_client [req-462f087a-9317-44e6-9b38-3ef651c42ee5 req-462f087a-9317-44e6-9b38-3ef651c42ee5 ] Request (AttachInterfacesUnderV243Test:setUpClass): 201 POST http://10.180.1.21/identity/v3/users 0.069s
2025-11-21 12:47:47.784 66239 INFO tempest.lib.common.rest_client [req-e91563d1-eb1b-450b-bde2-1923f8a462ed req-e91563d1-eb1b-450b-bde2-1923f8a462ed ] Request (AttachInterfacesUnderV243Test:setUpClass): 200 GET http://10.180.1.21/identity/v3/roles 0.066s
2025-11-21 12:47:47.789 66183 INFO tempest.lib.common.rest_client [req-f07d828c-6a5f-4d41-ad29-dc31bef6c6b6 req-f07d828c-6a5f-4d41-ad29-dc31bef6c6b6 ] Request (ImagesTestJSON:test_create_server_from_snapshot): 200 GET http://10.180.1.21/compute/v2.1/servers/04fa7278-7f11-4915-bcbe-ea2f8656b971 1.281s
2025-11-21 12:47:47.818 66212 INFO tempest.lib.common.rest_client [req-e70ec093-e42a-4783-8ba0-7a3c23820ef5 req-e70ec093-e42a-4783-8ba0-7a3c23820ef5 ] Request (ServersV294TestFqdnHostnames:setUpClass): 201 POST http://10.180.1.21/identity/v3/users 0.107s
2025-11-21 12:47:47.828 66239 INFO tempest.lib.common.rest_client [req-fafc0725-d834-406a-8779-9efb7b65502a req-fafc0725-d834-406a-8779-9efb7b65502a ] Request (AttachInterfacesUnderV243Test:setUpClass): 204 PUT http://10.180.1.21/identity/v3/projects/b2bad6a438f6482dbb7cb8f36b942786/users/f7678e5bc41f45169dc5c223a6367500/roles/85d2aa0347e64c86bf8cf95bef9080f1 0.043s
2025-11-21 12:47:47.828 66239 INFO tempest.lib.common.dynamic_creds [-] Dynamic test user f7678e5bc41f45169dc5c223a6367500 is created with scope project and roles: ['member']
2025-11-21 12:47:47.828 66239 INFO tempest.lib.common.dynamic_creds [-] Acquired dynamic creds: credentials: Credentials: {'domain_id': 'default', 'domain_name': 'Default', 'username': 'tempest-AttachInterfacesUnderV243Test-1073896042-project-member', 'project_domain_id': 'default', 'project_domain_name': 'Default', 'project_id': 'b2bad6a438f6482dbb7cb8f36b942786', 'project_name': 'tempest-AttachInterfacesUnderV243Test-1073896042', 'tenant_id': 'b2bad6a438f6482dbb7cb8f36b942786', 'tenant_name': 'tempest-AttachInterfacesUnderV243Test-1073896042', 'user_domain_id': 'default', 'user_domain_name': 'Default', 'user_id': 'f7678e5bc41f45169dc5c223a6367500', 'system': None}, Network: None, Subnet: None, Router: None
2025-11-21 12:47:47.852 66237 INFO tempest.lib.common.rest_client [req-01b53688-ad41-4f32-911f-2b6c8edac733 req-01b53688-ad41-4f32-911f-2b6c8edac733 ] Request (ServerActionsTestOtherA:test_rebuild_server_in_stop_state): 200 GET http://10.180.1.21/compute/v2.1/servers/20906082-addb-4127-8ff5-20d6ca712e03 1.392s
2025-11-21 12:47:47.866 66237 INFO tempest.common.waiters [-] State transition "ACTIVE/powering-off" ==> "SHUTOFF/None" after 3 second wait
2025-11-21 12:47:47.893 66187 INFO tempest.lib.common.rest_client [req-4159ad21-debf-4622-8e84-aa64a764dc44 req-4159ad21-debf-4622-8e84-aa64a764dc44 ] Request (ServerMetadataNegativeTestJSON:setUpClass): 200 GET http://10.180.1.21/compute/v2.1/servers/c2bc28fd-8694-4365-8789-d7ced1171e42 1.315s
2025-11-21 12:47:47.914 66239 INFO tempest.lib.common.rest_client [req-2b65e7d5-13e9-4ccf-bedf-390ca28454be req-2b65e7d5-13e9-4ccf-bedf-390ca28454be ] Request (AttachInterfacesUnderV243Test:setUpClass): 201 POST http://10.180.1.21/identity/v3/auth/tokens 0.086s
2025-11-21 12:47:47.938 66212 INFO tempest.lib.common.rest_client [req-85a08298-6999-4e43-9468-4e7a3ce57713 req-85a08298-6999-4e43-9468-4e7a3ce57713 ] Request (ServersV294TestFqdnHostnames:setUpClass): 200 GET http://10.180.1.21/identity/v3/roles 0.120s
2025-11-21 12:47:47.980 66212 INFO tempest.lib.common.rest_client [req-f31580a3-cf37-4262-975e-3d228ded77e0 req-f31580a3-cf37-4262-975e-3d228ded77e0 ] Request (ServersV294TestFqdnHostnames:setUpClass): 204 PUT http://10.180.1.21/identity/v3/projects/a70eaf6d893841f49a07349eec8e89ce/users/42180f52bc054d4aa8da2a9896558611/roles/85d2aa0347e64c86bf8cf95bef9080f1 0.042s
2025-11-21 12:47:47.981 66212 INFO tempest.lib.common.dynamic_creds [-] Dynamic test user 42180f52bc054d4aa8da2a9896558611 is created with scope project and roles: ['member']
2025-11-21 12:47:47.981 66212 INFO tempest.lib.common.dynamic_creds [-] Acquired dynamic creds: credentials: Credentials: {'domain_id': 'default', 'domain_name': 'Default', 'username': 'tempest-ServersV294TestFqdnHostnames-920120986-project-member', 'project_domain_id': 'default', 'project_domain_name': 'Default', 'project_id': 'a70eaf6d893841f49a07349eec8e89ce', 'project_name': 'tempest-ServersV294TestFqdnHostnames-920120986', 'tenant_id': 'a70eaf6d893841f49a07349eec8e89ce', 'tenant_name': 'tempest-ServersV294TestFqdnHostnames-920120986', 'user_domain_id': 'default', 'user_domain_name': 'Default', 'user_id': '42180f52bc054d4aa8da2a9896558611', 'system': None}, Network: None, Subnet: None, Router: None
2025-11-21 12:47:48.049 66212 INFO tempest.lib.common.rest_client [req-d8bbbf07-1ad5-4789-92b8-00a1a6b84405 req-d8bbbf07-1ad5-4789-92b8-00a1a6b84405 ] Request (ServersV294TestFqdnHostnames:setUpClass): 201 POST http://10.180.1.21/identity/v3/auth/tokens 0.068s
2025-11-21 12:47:48.182 66231 INFO tempest.lib.common.rest_client [req-e30b8473-8ccb-4a7b-940a-2a4311badcfb req-e30b8473-8ccb-4a7b-940a-2a4311badcfb ] Request (MigrationsAdminTest:test_resize_server_revert_deleted_flavor): 200 GET http://10.180.1.21/compute/v2.1/servers/8a0377ef-7f60-4a71-b192-a6cf188e8ff4 1.473s
2025-11-21 12:47:48.310 66239 INFO tempest.lib.common.rest_client [req-621434aa-2f62-41b0-b313-4a7bde2ac2a8 req-621434aa-2f62-41b0-b313-4a7bde2ac2a8 ] Request (AttachInterfacesUnderV243Test:setUpClass): 201 POST http://10.180.1.21/networking/v2.0/networks 0.395s
2025-11-21 12:47:48.345 66213 INFO tempest.lib.common.rest_client [req-e97ac675-0396-439d-97a2-2f3d455f704a req-e97ac675-0396-439d-97a2-2f3d455f704a ] Request (AttachInterfacesV270Test:test_create_get_list_interfaces): 200 GET http://10.180.1.21/compute/v2.1/servers/dee6889b-f8ef-48b4-864e-83d8eed24bd3 1.441s
2025-11-21 12:47:48.354 66213 INFO tempest.common.waiters [-] State transition "BUILD/spawning" ==> "ACTIVE/None" after 47 second wait
2025-11-21 12:47:48.356 66224 INFO tempest.lib.common.rest_client [req-2b3adb54-3532-4871-bb6a-59fe1d95cda2 req-2b3adb54-3532-4871-bb6a-59fe1d95cda2 ] Request (ServersAdminNegativeTestJSON:tearDownClass): 200 GET http://10.180.1.21/compute/v2.1/servers/0dbea518-e44d-426f-8d08-3f8382ace99d 1.433s
2025-11-21 12:47:48.415 66212 INFO tempest.lib.common.rest_client [req-00072b30-fd88-491f-9521-c6d3c0f514cb req-00072b30-fd88-491f-9521-c6d3c0f514cb ] Request (ServersV294TestFqdnHostnames:setUpClass): 201 POST http://10.180.1.21/networking/v2.0/networks 0.365s
2025-11-21 12:47:48.439 66233 INFO tempest.lib.common.rest_client [req-8d313d5e-236f-4e7b-833e-3ba3aa7e27d7 req-8d313d5e-236f-4e7b-833e-3ba3aa7e27d7 ] Request (ServersTestJSON:test_create_server_with_ipv6_addr_only): 200 GET http://10.180.1.21/compute/v2.1/servers/1a5af046-9cd7-4ec2-821f-09d71e5b4dd6 1.439s
2025-11-21 12:47:48.456 66227 INFO tempest.lib.common.rest_client [req-735159fb-123e-4bbd-8d19-ca98ac90b842 req-735159fb-123e-4bbd-8d19-ca98ac90b842 ] Request (ServerMetadataTestJSON:tearDownClass): 200 GET http://10.180.1.21/compute/v2.1/servers/b4787858-d751-40a7-9cb7-033aeb6e2c84 1.105s
2025-11-21 12:47:48.500 66239 INFO tempest.lib.common.rest_client [req-5461de4e-d0e9-41e7-8c0d-3b52f89ddc16 req-5461de4e-d0e9-41e7-8c0d-3b52f89ddc16 ] Request (AttachInterfacesUnderV243Test:setUpClass): 201 POST http://10.180.1.21/networking/v2.0/subnets 0.189s
2025-11-21 12:47:48.521 66185 INFO tempest.lib.common.rest_client [req-77ee7399-c6aa-4dd9-85d6-e5fc101f2329 req-77ee7399-c6aa-4dd9-85d6-e5fc101f2329 ] Request (ServersAdminTestJSON:test_inject_network_info): 200 GET http://10.180.1.21/compute/v2.1/servers/d45b928b-f35e-468a-8a6d-23fa433086d7 1.124s
2025-11-21 12:47:48.539 66201 INFO tempest.lib.common.rest_client [req-6071eb91-0a18-4a8d-bc91-0a4c26855021 req-6071eb91-0a18-4a8d-bc91-0a4c26855021 ] Request (ServerRescueTestJSONUnderV235:setUpClass): 200 GET http://10.180.1.21/compute/v2.1/servers/59278197-2bf4-4e9a-a9d3-706eded8b008 0.897s
2025-11-21 12:47:48.587 66212 INFO tempest.lib.common.rest_client [req-0be8020b-6438-4429-8dd0-276b3f573b1e req-0be8020b-6438-4429-8dd0-276b3f573b1e ] Request (ServersV294TestFqdnHostnames:setUpClass): 201 POST http://10.180.1.21/networking/v2.0/subnets 0.171s
2025-11-21 12:47:48.611 66221 INFO tempest.lib.common.rest_client [req-5754d46d-16eb-4325-9282-78c81901902e req-5754d46d-16eb-4325-9282-78c81901902e ] Request (SecurityGroupsTestJSON:test_server_security_groups): 200 GET http://10.180.1.21/compute/v2.1/servers/d8cab879-d461-4c29-86d4-f31cf1ca4a1d 0.952s
2025-11-21 12:47:48.735 66237 INFO tempest.lib.common.rest_client [req-ecb25bc2-acc4-47dc-983e-6a71ff577476 req-ecb25bc2-acc4-47dc-983e-6a71ff577476 ] Request (ServerActionsTestOtherA:test_rebuild_server_in_stop_state): 202 POST http://10.180.1.21/compute/v2.1/servers/20906082-addb-4127-8ff5-20d6ca712e03/action 0.868s
2025-11-21 12:47:48.805 66229 INFO tempest.lib.common.rest_client [req-97fcdbbb-f04b-4fd4-902a-94049d5a5de8 req-97fcdbbb-f04b-4fd4-902a-94049d5a5de8 ] Request (DeleteServersTestJSON:test_delete_active_server): 404 GET http://10.180.1.21/compute/v2.1/servers/5e12a65d-13e1-4d8d-9b6b-18b1ce31a245 0.813s
2025-11-21 12:47:48.886 66229 INFO tempest.lib.common.rest_client [req-abf26fc8-3509-4bb4-b037-3615baed8ad6 req-abf26fc8-3509-4bb4-b037-3615baed8ad6 ] Request (DeleteServersTestJSON:test_delete_server_while_in_attached_volume): 201 POST http://10.180.1.21/identity/v3/auth/tokens 0.076s
2025-11-21 12:47:48.886 66229 INFO tempest.lib.common.fixed_network [-] (DeleteServersTestJSON:test_delete_server_while_in_attached_volume) Found network {'id': '2c62de3a-bcb5-45f2-b04b-09d50a42c649', 'name': 'tempest-DeleteServersTestJSON-1329891437-network', 'tenant_id': '085ddb12dae744b4949bfa5ee35ffb0d', 'project_id': '085ddb12dae744b4949bfa5ee35ffb0d', 'admin_state_up': True, 'mtu': 8950, 'status': 'ACTIVE', 'subnets': [], 'shared': False, 'port_security_enabled': True, 'router:external': False, 'provider:network_type': 'vlan', 'provider:physical_network': 'default', 'provider:segmentation_id': 231, 'availability_zone_hints': [], 'availability_zones': [], 'ipv4_address_scope': None, 'ipv6_address_scope': None, 'description': '', 'tags': [], 'created_at': '2025-11-21T12:46:30Z', 'updated_at': '2025-11-21T12:46:30Z', 'revision_number': 1} available for tenant
2025-11-21 12:47:49.274 66239 INFO tempest.lib.common.rest_client [req-ee5c71b6-7d27-4ca7-8186-23eaf39231e3 req-ee5c71b6-7d27-4ca7-8186-23eaf39231e3 ] Request (AttachInterfacesUnderV243Test:setUpClass): 201 POST http://10.180.1.21/networking/v2.0/routers 0.773s
2025-11-21 12:47:49.279 66212 INFO tempest.lib.common.rest_client [req-ce2f89d9-bd2f-4edb-be22-d6007dd70b80 req-ce2f89d9-bd2f-4edb-be22-d6007dd70b80 ] Request (ServersV294TestFqdnHostnames:setUpClass): 201 POST http://10.180.1.21/networking/v2.0/routers 0.691s
2025-11-21 12:47:49.304 66197 INFO tempest.lib.common.rest_client [req-458df52f-b75a-4c86-9e08-486eadb52693 req-458df52f-b75a-4c86-9e08-486eadb52693 ] Request (ServersTestMultiNic:test_verify_duplicate_network_nics): 200 GET http://10.180.1.21/compute/v2.1/servers/a33e7e9f-3c11-4c6f-9989-6729394a8da1 1.346s
2025-11-21 12:47:49.311 66189 INFO tempest.lib.common.rest_client [req-e8c0379b-6a28-4dd6-b08c-85967a198f7e req-e8c0379b-6a28-4dd6-b08c-85967a198f7e ] Request (ImagesOneServerTestJSON:tearDownClass): 200 GET http://10.180.1.21/compute/v2.1/servers/ce3d685c-56b7-4b8d-aedf-2a04aa5a8fd3 1.107s
2025-11-21 12:47:50.163 66239 INFO tempest.lib.common.rest_client [req-5ce0edc4-efea-4743-85e3-f3d16badb97a req-5ce0edc4-efea-4743-85e3-f3d16badb97a ] Request (AttachInterfacesUnderV243Test:setUpClass): 200 PUT http://10.180.1.21/networking/v2.0/routers/3ef236c0-8539-40d3-90f6-63839d75efb0/add_router_interface 0.889s
2025-11-21 12:47:50.163 66239 INFO tempest.lib.common.dynamic_creds [-] Created isolated network resources for: credentials: Credentials: {'domain_id': 'default', 'domain_name': 'Default', 'username': 'tempest-AttachInterfacesUnderV243Test-1073896042-project-member', 'project_domain_id': 'default', 'project_domain_name': 'Default', 'project_id': 'b2bad6a438f6482dbb7cb8f36b942786', 'project_name': 'tempest-AttachInterfacesUnderV243Test-1073896042', 'tenant_id': 'b2bad6a438f6482dbb7cb8f36b942786', 'tenant_name': 'tempest-AttachInterfacesUnderV243Test-1073896042', 'user_domain_id': 'default', 'user_domain_name': 'Default', 'user_id': 'f7678e5bc41f45169dc5c223a6367500', 'system': None}, Network: {'id': '52af2234-0884-43f6-b5ea-71566cb204c6', 'name': 'tempest-AttachInterfacesUnderV243Test-1908893407-network', 'tenant_id': 'b2bad6a438f6482dbb7cb8f36b942786', 'project_id': 'b2bad6a438f6482dbb7cb8f36b942786', 'admin_state_up': True, 'mtu': 8950, 'status': 'ACTIVE', 'subnets': [], 'shared': False, 'port_security_enabled': True, 'router:external': False, 'provider:network_type': 'vlan', 'provider:physical_network': 'default', 'provider:segmentation_id': 616, 'availability_zone_hints': [], 'availability_zones': [], 'ipv4_address_scope': None, 'ipv6_address_scope': None, 'description': '', 'tags': [], 'created_at': '2025-11-21T12:47:48Z', 'updated_at': '2025-11-21T12:47:48Z', 'revision_number': 1}, Subnet: {'id': '4aa63a5c-8d6b-42cc-850b-374a1a89ed7c', 'name': 'tempest-AttachInterfacesUnderV243Test-1908893407-subnet', 'tenant_id': 'b2bad6a438f6482dbb7cb8f36b942786', 'network_id': '52af2234-0884-43f6-b5ea-71566cb204c6', 'ip_version': 4, 'subnetpool_id': None, 'enable_dhcp': True, 'ipv6_ra_mode': None, 'ipv6_address_mode': None, 'gateway_ip': '192.168.128.1', 'cidr': '192.168.128.0/28', 'allocation_pools': [{'start': '192.168.128.2', 'end': '192.168.128.14'}], 'host_routes': [], 'dns_nameservers': [], 'description': '', 'router:external': False, 'service_types': [], 'tags': [], 'created_at': '2025-11-21T12:47:48Z', 'updated_at': '2025-11-21T12:47:48Z', 'revision_number': 0, 'project_id': 'b2bad6a438f6482dbb7cb8f36b942786'}, Router: {'id': '3ef236c0-8539-40d3-90f6-63839d75efb0', 'name': 'tempest-AttachInterfacesUnderV243Test-1908893407-router', 'tenant_id': 'b2bad6a438f6482dbb7cb8f36b942786', 'admin_state_up': True, 'status': 'ACTIVE', 'external_gateway_info': {'network_id': '3753d3ec-79ab-4536-a8b6-e64d5a10ef41', 'external_fixed_ips': [{'subnet_id': '4e4d19dd-da82-4130-876d-22d3c70eca1f', 'ip_address': '10.180.180.162'}], 'enable_snat': True}, 'description': '', 'availability_zones': [], 'distributed': False, 'ha': False, 'availability_zone_hints': [], 'routes': [], 'flavor_id': None, 'tags': [], 'created_at': '2025-11-21T12:47:48Z', 'updated_at': '2025-11-21T12:47:48Z', 'revision_number': 2, 'project_id': 'b2bad6a438f6482dbb7cb8f36b942786'}
2025-11-21 12:47:50.166 66212 INFO tempest.lib.common.rest_client [req-d697a8b0-2ebc-475f-833a-74517699fec0 req-d697a8b0-2ebc-475f-833a-74517699fec0 ] Request (ServersV294TestFqdnHostnames:setUpClass): 200 PUT http://10.180.1.21/networking/v2.0/routers/fc449fef-a74c-4d0e-aeec-edef8d15e5b8/add_router_interface 0.887s
2025-11-21 12:47:50.166 66212 INFO tempest.lib.common.dynamic_creds [-] Created isolated network resources for: credentials: Credentials: {'domain_id': 'default', 'domain_name': 'Default', 'username': 'tempest-ServersV294TestFqdnHostnames-920120986-project-member', 'project_domain_id': 'default', 'project_domain_name': 'Default', 'project_id': 'a70eaf6d893841f49a07349eec8e89ce', 'project_name': 'tempest-ServersV294TestFqdnHostnames-920120986', 'tenant_id': 'a70eaf6d893841f49a07349eec8e89ce', 'tenant_name': 'tempest-ServersV294TestFqdnHostnames-920120986', 'user_domain_id': 'default', 'user_domain_name': 'Default', 'user_id': '42180f52bc054d4aa8da2a9896558611', 'system': None}, Network: {'id': '66d7f680-ab7d-4c69-8d3c-a5dea03b1d11', 'name': 'tempest-ServersV294TestFqdnHostnames-1123761630-network', 'tenant_id': 'a70eaf6d893841f49a07349eec8e89ce', 'project_id': 'a70eaf6d893841f49a07349eec8e89ce', 'admin_state_up': True, 'mtu': 8950, 'status': 'ACTIVE', 'subnets': [], 'shared': False, 'port_security_enabled': True, 'router:external': False, 'provider:network_type': 'vlan', 'provider:physical_network': 'default', 'provider:segmentation_id': 887, 'availability_zone_hints': [], 'availability_zones': [], 'ipv4_address_scope': None, 'ipv6_address_scope': None, 'description': '', 'tags': [], 'created_at': '2025-11-21T12:47:48Z', 'updated_at': '2025-11-21T12:47:48Z', 'revision_number': 1}, Subnet: {'id': '534a976d-fa8d-4386-bc92-0a97f06c6ccc', 'name': 'tempest-ServersV294TestFqdnHostnames-1123761630-subnet', 'tenant_id': 'a70eaf6d893841f49a07349eec8e89ce', 'network_id': '66d7f680-ab7d-4c69-8d3c-a5dea03b1d11', 'ip_version': 4, 'subnetpool_id': None, 'enable_dhcp': True, 'ipv6_ra_mode': None, 'ipv6_address_mode': None, 'gateway_ip': '192.168.128.1', 'cidr': '192.168.128.0/28', 'allocation_pools': [{'start': '192.168.128.2', 'end': '192.168.128.14'}], 'host_routes': [], 'dns_nameservers': [], 'description': '', 'router:external': False, 'service_types': [], 'tags': [], 'created_at': '2025-11-21T12:47:48Z', 'updated_at': '2025-11-21T12:47:48Z', 'revision_number': 0, 'project_id': 'a70eaf6d893841f49a07349eec8e89ce'}, Router: {'id': 'fc449fef-a74c-4d0e-aeec-edef8d15e5b8', 'name': 'tempest-ServersV294TestFqdnHostnames-1123761630-router', 'tenant_id': 'a70eaf6d893841f49a07349eec8e89ce', 'admin_state_up': True, 'status': 'ACTIVE', 'external_gateway_info': {'network_id': '3753d3ec-79ab-4536-a8b6-e64d5a10ef41', 'external_fixed_ips': [{'subnet_id': '4e4d19dd-da82-4130-876d-22d3c70eca1f', 'ip_address': '10.180.180.224'}], 'enable_snat': True}, 'description': '', 'availability_zones': [], 'distributed': False, 'ha': False, 'availability_zone_hints': [], 'routes': [], 'flavor_id': None, 'tags': [], 'created_at': '2025-11-21T12:47:48Z', 'updated_at': '2025-11-21T12:47:49Z', 'revision_number': 2, 'project_id': 'a70eaf6d893841f49a07349eec8e89ce'}
2025-11-21 12:47:50.192 66215 INFO tempest.lib.common.rest_client [req-f1344145-0001-4d77-b30c-6161f01ec0e2 req-f1344145-0001-4d77-b30c-6161f01ec0e2 ] Request (ServerShowV254Test:tearDownClass): 200 GET http://10.180.1.21/compute/v2.1/servers/5e2d45ff-4da9-4a9d-a86a-5b24e9f29d65 1.971s
2025-11-21 12:47:50.248 66193 INFO tempest.lib.common.rest_client [req-53970720-ee2b-4a20-8b86-360bc5af9743 req-53970720-ee2b-4a20-8b86-360bc5af9743 ] Request (VolumesAdminNegativeTest:test_update_attached_volume_with_nonexistent_volume_in_uri): 200 GET http://10.180.1.21/compute/v2.1/servers/4021e888-02d5-4681-8f0f-377173994876 1.796s
2025-11-21 12:47:50.266 66212 INFO tempest.lib.common.rest_client [req-c7bcdb0e-eaae-4641-ad55-24c7c27f82d9 req-c7bcdb0e-eaae-4641-ad55-24c7c27f82d9 ] Request (ServersV294TestFqdnHostnames:setUpClass): 201 POST http://10.180.1.21/identity/v3/auth/tokens 0.095s
2025-11-21 12:47:50.268 66239 INFO tempest.lib.common.rest_client [req-08cecf33-771e-4d25-9619-28edbbdbc614 req-08cecf33-771e-4d25-9619-28edbbdbc614 ] Request (AttachInterfacesUnderV243Test:setUpClass): 201 POST http://10.180.1.21/identity/v3/auth/tokens 0.100s
2025-11-21 12:47:50.320 66205 INFO tempest.lib.common.rest_client [req-b90bcac4-d80c-4b40-9620-29abb140a541 req-b90bcac4-d80c-4b40-9620-29abb140a541 ] Request (ServersListShow298Test:test_list_show_update_rebuild_server_298): 200 GET http://10.180.1.21/compute/v2.1/servers/28889c2c-0ec6-446f-952f-59e9398ac594 1.832s
2025-11-21 12:47:50.333 66205 INFO tempest.common.waiters [-] State transition "BUILD/scheduling" ==> "BUILD/None" after 10 second wait
2025-11-21 12:47:50.393 66203 INFO tempest.lib.common.rest_client [req-7b543571-0e0c-4fed-b2f1-f420e4ace0b5 req-7b543571-0e0c-4fed-b2f1-f420e4ace0b5 ] Request (ServersTestJSON:tearDownClass): 200 GET http://10.180.1.21/compute/v2.1/servers/c28d7cf8-2d98-4b61-a306-b071a6c16da2 1.814s
2025-11-21 12:47:50.453 66195 INFO tempest.lib.common.rest_client [req-88b891b0-b34c-4497-831e-c848e2bb95ec req-88b891b0-b34c-4497-831e-c848e2bb95ec ] Request (ServerShowV247Test:tearDownClass): 200 GET http://10.180.1.21/compute/v2.1/servers/e9e4cdf4-0107-4a8b-b657-f7cde09c99ed 1.802s
2025-11-21 12:47:50.463 66195 INFO tempest.common.waiters [-] State transition "ACTIVE/deleting" ==> "DELETED/None" after 6 second wait
2025-11-21 12:47:50.590 66208 INFO tempest.lib.common.rest_client [req-3ec5ffad-bf1a-4b69-8cbf-40699bd7cbf6 req-3ec5ffad-bf1a-4b69-8cbf-40699bd7cbf6 ] Request (ServersWithSpecificFlavorTestJSON:test_verify_created_server_ephemeral_disk): 200 GET http://10.180.1.21/compute/v2.1/servers/34aed745-d23e-4c79-95fd-17a3c2027fbb 1.918s
2025-11-21 12:47:50.683 66237 INFO tempest.lib.common.rest_client [req-8231fd5c-8c5d-4b0c-aeb3-b13fc1183cb6 req-8231fd5c-8c5d-4b0c-aeb3-b13fc1183cb6 ] Request (ServerActionsTestOtherA:test_rebuild_server_in_stop_state): 200 GET http://10.180.1.21/compute/v2.1/servers/20906082-addb-4127-8ff5-20d6ca712e03 1.938s
2025-11-21 12:47:50.741 66183 INFO tempest.lib.common.rest_client [req-ed33822a-22ae-45f5-a27e-b33f6e018ff0 req-ed33822a-22ae-45f5-a27e-b33f6e018ff0 ] Request (ImagesTestJSON:test_create_server_from_snapshot): 200 GET http://10.180.1.21/compute/v2.1/servers/04fa7278-7f11-4915-bcbe-ea2f8656b971 1.932s
2025-11-21 12:47:51.170 66229 INFO tempest.lib.common.rest_client [req-8e7362a5-ffad-406d-9c78-19d6f9972232 req-8e7362a5-ffad-406d-9c78-19d6f9972232 ] Request (DeleteServersTestJSON:test_delete_server_while_in_attached_volume): 202 POST http://10.180.1.21/compute/v2.1/servers 2.283s
2025-11-21 12:47:51.249 66187 INFO tempest.lib.common.rest_client [req-3439fc08-7460-4a34-b853-e8d888fee548 req-3439fc08-7460-4a34-b853-e8d888fee548 ] Request (ServerMetadataNegativeTestJSON:setUpClass): 200 GET http://10.180.1.21/compute/v2.1/servers/c2bc28fd-8694-4365-8789-d7ced1171e42 2.346s
2025-11-21 12:47:51.396 66231 INFO tempest.lib.common.rest_client [req-21b977e5-baab-45e0-8221-1aac313144b0 req-21b977e5-baab-45e0-8221-1aac313144b0 ] Request (MigrationsAdminTest:test_resize_server_revert_deleted_flavor): 200 GET http://10.180.1.21/compute/v2.1/servers/8a0377ef-7f60-4a71-b192-a6cf188e8ff4 2.205s
2025-11-21 12:47:51.460 66224 INFO tempest.lib.common.rest_client [req-60c3f067-6975-415d-bf42-360b11e5f364 req-60c3f067-6975-415d-bf42-360b11e5f364 ] Request (ServersAdminNegativeTestJSON:tearDownClass): 200 GET http://10.180.1.21/compute/v2.1/servers/0dbea518-e44d-426f-8d08-3f8382ace99d 2.093s
2025-11-21 12:47:51.515 66233 INFO tempest.lib.common.rest_client [req-ba316c6a-1681-46c3-a20a-df020a685970 req-ba316c6a-1681-46c3-a20a-df020a685970 ] Request (ServersTestJSON:test_create_server_with_ipv6_addr_only): 200 GET http://10.180.1.21/compute/v2.1/servers/1a5af046-9cd7-4ec2-821f-09d71e5b4dd6 2.062s
2025-11-21 12:47:51.593 66227 INFO tempest.lib.common.rest_client [req-db4f8fbd-9ed4-4840-98ae-a30886443024 req-db4f8fbd-9ed4-4840-98ae-a30886443024 ] Request (ServerMetadataTestJSON:tearDownClass): 200 GET http://10.180.1.21/compute/v2.1/servers/b4787858-d751-40a7-9cb7-033aeb6e2c84 2.130s
2025-11-21 12:47:51.641 66185 INFO tempest.lib.common.rest_client [req-6a5c5ad7-f482-47f4-99ce-48e5946a62cc req-6a5c5ad7-f482-47f4-99ce-48e5946a62cc ] Request (ServersAdminTestJSON:test_inject_network_info): 200 GET http://10.180.1.21/compute/v2.1/servers/d45b928b-f35e-468a-8a6d-23fa433086d7 2.112s
2025-11-21 12:47:51.687 66201 INFO tempest.lib.common.rest_client [req-cac53397-6629-423f-baf0-67d4777146ba req-cac53397-6629-423f-baf0-67d4777146ba ] Request (ServerRescueTestJSONUnderV235:setUpClass): 200 GET http://10.180.1.21/compute/v2.1/servers/59278197-2bf4-4e9a-a9d3-706eded8b008 2.140s
2025-11-21 12:47:51.795 66221 INFO tempest.lib.common.rest_client [req-404f53a0-5d00-4d4c-ba9d-a72ec58dad1c req-404f53a0-5d00-4d4c-ba9d-a72ec58dad1c ] Request (SecurityGroupsTestJSON:test_server_security_groups): 200 GET http://10.180.1.21/compute/v2.1/servers/d8cab879-d461-4c29-86d4-f31cf1ca4a1d 2.175s
2025-11-21 12:47:51.804 66221 INFO tempest.common.waiters [-] State transition "BUILD/None" ==> "BUILD/spawning" after 40 second wait
2025-11-21 12:47:51.920 66212 INFO tempest.lib.common.rest_client [req-1da41025-1799-4a57-8d84-36ecaaa99914 req-1da41025-1799-4a57-8d84-36ecaaa99914 ] Request (ServersV294TestFqdnHostnames:setUpClass): 201 POST http://10.180.1.21/compute/v2.1/os-keypairs 1.652s
2025-11-21 12:47:51.984 66239 INFO tempest.lib.common.rest_client [req-81484ebc-3d05-4cfa-af2c-90b334a99ffb req-81484ebc-3d05-4cfa-af2c-90b334a99ffb ] Request (ValidationResourcesFixture:setUp): 200 POST http://10.180.1.21/compute/v2.1/os-keypairs 1.711s
2025-11-21 12:47:52.040 66212 INFO tempest.lib.common.rest_client [req-4b936925-6d2d-47d9-87a7-1bb14416a7e1 req-4b936925-6d2d-47d9-87a7-1bb14416a7e1 ] Request (ServersV294TestFqdnHostnames:setUpClass): 201 POST http://10.180.1.21/networking/v2.0/security-groups 0.117s
2025-11-21 12:47:52.051 66179 WARNING tempest.lib.common.ssh [-] Failed to establish authenticated ssh connection to cirros@10.180.180.176 ([Errno None] Unable to connect to port 22 on 10.180.180.176). Number attempts: 6. Retry after 7 seconds.: paramiko.ssh_exception.NoValidConnectionsError: [Errno None] Unable to connect to port 22 on 10.180.180.176
2025-11-21 12:47:52.154 66239 INFO tempest.lib.common.rest_client [req-18d48bd0-bd1f-4f4e-a7d1-e1e10406adcf req-18d48bd0-bd1f-4f4e-a7d1-e1e10406adcf ] Request (ValidationResourcesFixture:setUp): 201 POST http://10.180.1.21/networking/v2.0/security-groups 0.167s
2025-11-21 12:47:52.185 66197 INFO tempest.lib.common.rest_client [req-8bbd77d4-f904-4368-8a5a-bb8cadad0538 req-8bbd77d4-f904-4368-8a5a-bb8cadad0538 ] Request (ServersTestMultiNic:test_verify_duplicate_network_nics): 200 GET http://10.180.1.21/compute/v2.1/servers/a33e7e9f-3c11-4c6f-9989-6729394a8da1 1.871s
2025-11-21 12:47:52.284 66212 INFO tempest.lib.common.rest_client [req-b99a9936-902d-423c-9a03-94e9fa02e01a req-b99a9936-902d-423c-9a03-94e9fa02e01a ] Request (ServersV294TestFqdnHostnames:setUpClass): 201 POST http://10.180.1.21/networking/v2.0/security-group-rules 0.243s
2025-11-21 12:47:52.368 66213 INFO tempest.lib.common.rest_client [req-28d03ffd-e8a3-453f-843e-3a3358f05b2a req-28d03ffd-e8a3-453f-843e-3a3358f05b2a ] Request (AttachInterfacesV270Test:test_create_get_list_interfaces): 400 POST http://10.180.1.21/compute/v2.1/servers/dee6889b-f8ef-48b4-864e-83d8eed24bd3/os-interface 4.013s
2025-11-21 12:47:52.420 66239 INFO tempest.lib.common.rest_client [req-a3152843-21a4-4d73-b0fe-e2885d6232a0 req-a3152843-21a4-4d73-b0fe-e2885d6232a0 ] Request (ValidationResourcesFixture:setUp): 201 POST http://10.180.1.21/networking/v2.0/security-group-rules 0.265s
2025-11-21 12:47:52.442 66189 INFO tempest.lib.common.rest_client [req-eebc07a6-833e-4b27-b144-d450a759a8f1 req-eebc07a6-833e-4b27-b144-d450a759a8f1 ] Request (ImagesOneServerTestJSON:tearDownClass): 200 GET http://10.180.1.21/compute/v2.1/servers/ce3d685c-56b7-4b8d-aedf-2a04aa5a8fd3 2.123s
2025-11-21 12:47:52.529 66212 INFO tempest.lib.common.rest_client [req-108986a3-740b-46ca-a2be-fee87b08168f req-108986a3-740b-46ca-a2be-fee87b08168f ] Request (ServersV294TestFqdnHostnames:setUpClass): 201 POST http://10.180.1.21/networking/v2.0/security-group-rules 0.245s
2025-11-21 12:47:52.618 66239 INFO tempest.lib.common.rest_client [req-2bbdb637-47a8-466a-8c8d-03cb65cc4ff5 req-2bbdb637-47a8-466a-8c8d-03cb65cc4ff5 ] Request (ValidationResourcesFixture:setUp): 201 POST http://10.180.1.21/networking/v2.0/security-group-rules 0.198s
2025-11-21 12:47:52.641 66229 INFO tempest.lib.common.rest_client [req-d48f77fe-ac94-49c4-b7de-07005726eeec req-d48f77fe-ac94-49c4-b7de-07005726eeec ] Request (DeleteServersTestJSON:test_delete_server_while_in_attached_volume): 200 GET http://10.180.1.21/compute/v2.1/servers/f15d1ca7-d3e5-4793-b789-aa33dccaf733 1.469s
2025-11-21 12:47:52.660 66215 INFO tempest.lib.common.rest_client [req-5723d14b-b301-4dde-8c2f-97bd3c9b86da req-5723d14b-b301-4dde-8c2f-97bd3c9b86da ] Request (ServerShowV254Test:tearDownClass): 200 GET http://10.180.1.21/compute/v2.1/servers/5e2d45ff-4da9-4a9d-a86a-5b24e9f29d65 1.454s
2025-11-21 12:47:52.670 66215 INFO tempest.common.waiters [-] State transition "ACTIVE/deleting" ==> "DELETED/None" after 7 second wait
2025-11-21 12:47:53.102 66212 INFO tempest.lib.common.rest_client [req-407a1008-5d2f-4628-a46a-31f5c7557eb8 req-407a1008-5d2f-4628-a46a-31f5c7557eb8 ] Request (ServersV294TestFqdnHostnames:setUpClass): 201 POST http://10.180.1.21/networking/v2.0/floatingips 0.572s
2025-11-21 12:47:53.107 66239 INFO tempest.lib.common.rest_client [req-6aea2ef2-2d4f-4ac8-a37c-500535d1a207 req-6aea2ef2-2d4f-4ac8-a37c-500535d1a207 ] Request (ValidationResourcesFixture:setUp): 201 POST http://10.180.1.21/networking/v2.0/floatingips 0.488s
2025-11-21 12:47:53.127 66193 INFO tempest.lib.common.rest_client [req-bde55f7f-823b-444e-8916-750b1d365151 req-bde55f7f-823b-444e-8916-750b1d365151 ] Request (VolumesAdminNegativeTest:test_update_attached_volume_with_nonexistent_volume_in_uri): 200 GET http://10.180.1.21/compute/v2.1/servers/4021e888-02d5-4681-8f0f-377173994876 1.865s
2025-11-21 12:47:53.137 66205 INFO tempest.lib.common.rest_client [req-43121663-abfd-4398-821b-b097a147bb09 req-43121663-abfd-4398-821b-b097a147bb09 ] Request (ServersListShow298Test:test_list_show_update_rebuild_server_298): 200 GET http://10.180.1.21/compute/v2.1/servers/28889c2c-0ec6-446f-952f-59e9398ac594 1.802s
2025-11-21 12:47:53.153 66239 INFO tempest.lib.common.rest_client [req-bcfab3b0-5c42-4989-8429-877652223662 req-bcfab3b0-5c42-4989-8429-877652223662 ] Request (AttachInterfacesUnderV243Test:test_add_remove_fixed_ip): 201 POST http://10.180.1.21/identity/v3/auth/tokens 0.041s
2025-11-21 12:47:53.153 66239 INFO tempest.lib.common.fixed_network [-] (AttachInterfacesUnderV243Test:test_add_remove_fixed_ip) Found network {'id': '52af2234-0884-43f6-b5ea-71566cb204c6', 'name': 'tempest-AttachInterfacesUnderV243Test-1908893407-network', 'tenant_id': 'b2bad6a438f6482dbb7cb8f36b942786', 'project_id': 'b2bad6a438f6482dbb7cb8f36b942786', 'admin_state_up': True, 'mtu': 8950, 'status': 'ACTIVE', 'subnets': [], 'shared': False, 'port_security_enabled': True, 'router:external': False, 'provider:network_type': 'vlan', 'provider:physical_network': 'default', 'provider:segmentation_id': 616, 'availability_zone_hints': [], 'availability_zones': [], 'ipv4_address_scope': None, 'ipv6_address_scope': None, 'description': '', 'tags': [], 'created_at': '2025-11-21T12:47:48Z', 'updated_at': '2025-11-21T12:47:48Z', 'revision_number': 1} available for tenant
2025-11-21 12:47:53.161 66212 INFO tempest.lib.common.rest_client [req-a2ec746f-09eb-40d5-af0b-c80f97301179 req-a2ec746f-09eb-40d5-af0b-c80f97301179 ] Request (ServersV294TestFqdnHostnames:setUpClass): 201 POST http://10.180.1.21/identity/v3/auth/tokens 0.054s
2025-11-21 12:47:53.161 66212 INFO tempest.lib.common.fixed_network [-] (ServersV294TestFqdnHostnames:setUpClass) Found network {'id': '66d7f680-ab7d-4c69-8d3c-a5dea03b1d11', 'name': 'tempest-ServersV294TestFqdnHostnames-1123761630-network', 'tenant_id': 'a70eaf6d893841f49a07349eec8e89ce', 'project_id': 'a70eaf6d893841f49a07349eec8e89ce', 'admin_state_up': True, 'mtu': 8950, 'status': 'ACTIVE', 'subnets': [], 'shared': False, 'port_security_enabled': True, 'router:external': False, 'provider:network_type': 'vlan', 'provider:physical_network': 'default', 'provider:segmentation_id': 887, 'availability_zone_hints': [], 'availability_zones': [], 'ipv4_address_scope': None, 'ipv6_address_scope': None, 'description': '', 'tags': [], 'created_at': '2025-11-21T12:47:48Z', 'updated_at': '2025-11-21T12:47:48Z', 'revision_number': 1} available for tenant
