2025-11-21 12:46:27.873 66229 INFO tempest.lib.common.rest_client [req-3f4644a6-b46f-41b7-80d9-8e7ce5113401 req-3f4644a6-b46f-41b7-80d9-8e7ce5113401 ] Request (ServerExternalEventsTest:tearDownClass): 200 GET http://10.180.1.21/networking/v2.0/security-groups?tenant_id=64de71fe33a24ce99da296ea02e39d9c&name=default 0.197s
2025-11-21 12:46:28.006 66229 INFO tempest.lib.common.rest_client [req-1b0d4399-5088-4ad2-8b03-2b0227da5203 req-1b0d4399-5088-4ad2-8b03-2b0227da5203 ] Request (ServerExternalEventsTest:tearDownClass): 204 DELETE http://10.180.1.21/networking/v2.0/security-groups/0ebdae58-a9c9-4eed-9bc7-a392ada76a14 0.132s
2025-11-21 12:46:28.026 66235 INFO tempest.lib.common.rest_client [req-6a94d885-c066-479c-b8d6-29aec8c839dc req-6a94d885-c066-479c-b8d6-29aec8c839dc ] Request (FloatingIPsTestJSON:_run_cleanups): 404 DELETE http://10.180.1.21/compute/v2.1/os-floating-ips/8942de9c-eb23-4f61-b714-ec438cba1739 2.453s
2025-11-21 12:46:28.125 66212 INFO tempest.lib.common.rest_client [req-1c5e27a7-39bf-4c66-b860-da06121b4be8 req-1c5e27a7-39bf-4c66-b860-da06121b4be8 ] Request (FloatingIPsAssociationTestJSON:_run_cleanups): 204 DELETE http://10.180.1.21/compute/v2.1/servers/0b13d9bd-4a3b-44e6-806d-f59d5bad102b 2.471s
2025-11-21 12:46:28.150 66229 INFO tempest.lib.common.rest_client [req-99170b8d-8a4a-4746-821d-c427a103321f req-99170b8d-8a4a-4746-821d-c427a103321f ] Request (ServerExternalEventsTest:tearDownClass): 204 DELETE http://10.180.1.21/identity/v3/projects/64de71fe33a24ce99da296ea02e39d9c 0.143s
2025-11-21 12:46:28.150 66229 INFO tempest.lib.common.dynamic_creds [-] Deleting project and security group for project: d73ed5d00afa4d81a96b1ae6f0b3b170
2025-11-21 12:46:28.172 66205 INFO tempest.lib.common.rest_client [req-5c2a8815-7bc4-43cd-9407-638c353408af req-5c2a8815-7bc4-43cd-9407-638c353408af ] Request (InstanceActionsV221TestJSON:test_get_list_deleted_instance_actions): 202 POST http://10.180.1.21/compute/v2.1/servers 5.693s
2025-11-21 12:46:28.203 66179 INFO tempest.lib.common.rest_client [req-4be2b5e8-63b5-4f3f-a583-4fd6ffdc049e req-4be2b5e8-63b5-4f3f-a583-4fd6ffdc049e ] Request (ServerActionsV293TestJSON:setUpClass): 200 GET http://10.180.1.21/volume/v3/volumes/959dac10-e07b-489d-a0f9-67dc827748c0 0.029s
2025-11-21 12:46:28.228 66213 INFO tempest.lib.common.rest_client [req-21902891-1782-41bd-85c0-1d9efc7562d1 req-21902891-1782-41bd-85c0-1d9efc7562d1 ] Request (KeyPairsV2TestJSON:test_keypairs_create_list_delete): 200 POST http://10.180.1.21/compute/v2.1/os-keypairs 2.395s
2025-11-21 12:46:28.363 66227 INFO tempest.lib.common.rest_client [req-6e318796-577a-49e1-9848-964457ca338e req-6e318796-577a-49e1-9848-964457ca338e ] Request (ServerMetadataTestJSON:setUpClass): 201 POST http://10.180.1.21/networking/v2.0/routers 0.937s
2025-11-21 12:46:28.370 66209 INFO tempest.lib.common.rest_client [req-58e319ca-22c3-498a-b060-b4596e64ae15 req-58e319ca-22c3-498a-b060-b4596e64ae15 ] Request (AggregatesAdminNegativeTestJSON:test_aggregate_remove_host_as_user): 200 POST http://10.180.1.21/compute/v2.1/os-aggregates/7/action 2.503s
2025-11-21 12:46:28.391 66191 INFO tempest.lib.common.rest_client [req-ee67f492-16bd-4728-89f6-a199f43efe8f req-ee67f492-16bd-4728-89f6-a199f43efe8f ] Request (KeyPairsV22TestJSON:_run_cleanups): 204 DELETE http://10.180.1.21/compute/v2.1/os-keypairs/tempest-keypair-576962795 2.486s
2025-11-21 12:46:28.543 66229 INFO tempest.lib.common.rest_client [req-2fc7311c-9074-477e-91ae-ed706968feaa req-2fc7311c-9074-477e-91ae-ed706968feaa ] Request (ServerExternalEventsTest:tearDownClass): 200 GET http://10.180.1.21/networking/v2.0/security-groups?tenant_id=d73ed5d00afa4d81a96b1ae6f0b3b170&name=default 0.393s
2025-11-21 12:46:28.570 66185 INFO tempest.lib.common.rest_client [req-d6c818b8-cb69-4033-8266-8d7feb40ba28 req-d6c818b8-cb69-4033-8266-8d7feb40ba28 ] Request (ServersAdminTestJSON:setUpClass): 200 GET http://10.180.1.21/compute/v2.1/servers/deb3f248-5bba-446f-ae3c-673034225ead 2.752s
2025-11-21 12:46:28.639 66195 INFO tempest.lib.common.rest_client [req-19170cb9-2c98-4d6d-b4ae-a42bd4dfb9b1 req-19170cb9-2c98-4d6d-b4ae-a42bd4dfb9b1 ] Request (QuotasAdminTestV236:test_get_updated_quotas): 200 PUT http://10.180.1.21/compute/v2.1/os-quota-sets/b06367b0ebca4c94bfee77bb0f9651ec?user_id=2bda825c98c6441cb8aec0ce2445b432 2.557s
2025-11-21 12:46:28.647 66193 INFO tempest.lib.common.rest_client [req-7f64b84b-edb2-4c1a-8495-2c9dcdeac722 req-7f64b84b-edb2-4c1a-8495-2c9dcdeac722 ] Request (DeleteServersAdminTestJSON:test_delete_server_while_in_error_state): 202 POST http://10.180.1.21/compute/v2.1/servers/1f2213a5-dad3-41a1-9f79-3353dc2163ec/action 2.466s
2025-11-21 12:46:28.817 66231 INFO tempest.lib.common.rest_client [req-d0ba201e-ef00-48ee-93c0-2f6a42654584 req-d0ba201e-ef00-48ee-93c0-2f6a42654584 ] Request (MigrationsAdminTest:test_list_migrations_in_flavor_resize_situation): 204 POST http://10.180.1.21/compute/v2.1/servers/5df4d97a-fa21-4fc7-94ed-3f3468e5a87b/action 2.496s
2025-11-21 12:46:28.839 66225 INFO tempest.lib.common.rest_client [req-39e774af-a2de-4051-9aab-a88aae122e9e req-39e774af-a2de-4051-9aab-a88aae122e9e ] Request (FlavorsAdminTestJSON:test_is_public_string_variations): 200 GET http://10.180.1.21/compute/v2.1/flavors/detail?is_public=false 2.505s
2025-11-21 12:46:28.997 66235 INFO tempest.lib.common.rest_client [req-ceef0083-e823-4563-a3c5-68deedcef282 req-ceef0083-e823-4563-a3c5-68deedcef282 ] Request (FloatingIPsTestJSON:tearDownClass): 200 PUT http://10.180.1.21/networking/v2.0/routers/880dcc42-746e-455b-961a-59e3897594d0/remove_router_interface 0.965s
2025-11-21 12:46:29.117 66229 INFO tempest.lib.common.rest_client [req-33549559-e9fb-4b4f-9368-9aced9a071cb req-33549559-e9fb-4b4f-9368-9aced9a071cb ] Request (ServerExternalEventsTest:tearDownClass): 204 DELETE http://10.180.1.21/networking/v2.0/security-groups/d6ea328f-47d5-4642-9961-18b9f4e6f1f6 0.574s
2025-11-21 12:46:29.144 66187 INFO tempest.lib.common.rest_client [req-c73f54d0-5cce-4464-8add-a87f056d8254 req-c73f54d0-5cce-4464-8add-a87f056d8254 ] Request (ServerDiagnosticsV248Test:test_get_server_diagnostics): 200 GET http://10.180.1.21/compute/v2.1/servers/076c55a9-731a-462b-8158-3331d701b43c 2.901s
2025-11-21 12:46:29.157 66187 INFO tempest.common.waiters [-] State transition "BUILD/spawning" ==> "ACTIVE/None" after 26 second wait
2025-11-21 12:46:29.192 66233 INFO tempest.lib.common.rest_client [req-00a880df-1bc8-4014-a2d9-2b54127967ae req-00a880df-1bc8-4014-a2d9-2b54127967ae ] Request (InstanceActionsTestJSON:tearDownClass): 200 GET http://10.180.1.21/compute/v2.1/servers/860b616f-e3b8-48c0-a16e-92f721e80617 2.413s
2025-11-21 12:46:29.253 66179 INFO tempest.lib.common.rest_client [req-2dcd4294-1eac-4ca5-8219-40b21722e71f req-2dcd4294-1eac-4ca5-8219-40b21722e71f ] Request (ServerActionsV293TestJSON:setUpClass): 200 GET http://10.180.1.21/volume/v3/volumes/959dac10-e07b-489d-a0f9-67dc827748c0 0.037s
2025-11-21 12:46:29.273 66229 INFO tempest.lib.common.rest_client [req-8a1d88bc-16bb-411f-a0cb-2b643237f81a req-8a1d88bc-16bb-411f-a0cb-2b643237f81a ] Request (ServerExternalEventsTest:tearDownClass): 204 DELETE http://10.180.1.21/identity/v3/projects/d73ed5d00afa4d81a96b1ae6f0b3b170 0.155s
2025-11-21 12:46:29.358 66229 INFO tempest.lib.common.rest_client [req-570ff63f-4b33-4929-9030-0ce4dcaf6907 req-570ff63f-4b33-4929-9030-0ce4dcaf6907 ] Request (DeleteServersTestJSON:setUpClass): 201 POST http://10.180.1.21/identity/v3/auth/tokens 0.083s
2025-11-21 12:46:29.402 66229 INFO tempest.lib.common.rest_client [req-c381b839-0024-43ff-9b85-e004988a9dd3 req-c381b839-0024-43ff-9b85-e004988a9dd3 ] Request (DeleteServersTestJSON:setUpClass): 201 POST http://10.180.1.21/identity/v3/auth/tokens 0.041s
2025-11-21 12:46:29.434 66229 INFO tempest.lib.common.rest_client [req-e236ef0c-85ab-43cd-8a2a-ae9eb8ea46a8 req-e236ef0c-85ab-43cd-8a2a-ae9eb8ea46a8 ] Request (DeleteServersTestJSON:setUpClass): 200 GET http://10.180.1.21/identity/v3/domains?name=Default 0.032s
2025-11-21 12:46:29.466 66229 INFO tempest.lib.common.rest_client [req-3af7b7e8-b72f-4fa8-8d97-cb94f98b4729 req-3af7b7e8-b72f-4fa8-8d97-cb94f98b4729 ] Request (DeleteServersTestJSON:setUpClass): 201 POST http://10.180.1.21/identity/v3/projects 0.031s
2025-11-21 12:46:29.580 66229 INFO tempest.lib.common.rest_client [req-98a56d73-16cf-46c2-a9c6-f2271cc883d8 req-98a56d73-16cf-46c2-a9c6-f2271cc883d8 ] Request (DeleteServersTestJSON:setUpClass): 201 POST http://10.180.1.21/identity/v3/users 0.113s
2025-11-21 12:46:29.613 66229 INFO tempest.lib.common.rest_client [req-9875dcf2-d62a-4f63-aee6-eb95a6bdb339 req-9875dcf2-d62a-4f63-aee6-eb95a6bdb339 ] Request (DeleteServersTestJSON:setUpClass): 200 GET http://10.180.1.21/identity/v3/roles 0.033s
2025-11-21 12:46:29.652 66229 INFO tempest.lib.common.rest_client [req-4d4a7597-93e8-41cc-936e-a2666847709f req-4d4a7597-93e8-41cc-936e-a2666847709f ] Request (DeleteServersTestJSON:setUpClass): 204 PUT http://10.180.1.21/identity/v3/projects/085ddb12dae744b4949bfa5ee35ffb0d/users/4b0aa67b8dab468f9bfa220f2f5d1939/roles/85d2aa0347e64c86bf8cf95bef9080f1 0.038s
2025-11-21 12:46:29.652 66229 INFO tempest.lib.common.dynamic_creds [-] Dynamic test user 4b0aa67b8dab468f9bfa220f2f5d1939 is created with scope project and roles: ['member']
2025-11-21 12:46:29.652 66229 INFO tempest.lib.common.dynamic_creds [-] Acquired dynamic creds: credentials: Credentials: {'domain_id': 'default', 'domain_name': 'Default', 'username': 'tempest-DeleteServersTestJSON-86677025-project-member', 'project_domain_id': 'default', 'project_domain_name': 'Default', 'project_id': '085ddb12dae744b4949bfa5ee35ffb0d', 'project_name': 'tempest-DeleteServersTestJSON-86677025', 'tenant_id': '085ddb12dae744b4949bfa5ee35ffb0d', 'tenant_name': 'tempest-DeleteServersTestJSON-86677025', 'user_domain_id': 'default', 'user_domain_name': 'Default', 'user_id': '4b0aa67b8dab468f9bfa220f2f5d1939', 'system': None}, Network: None, Subnet: None, Router: None
2025-11-21 12:46:29.663 66227 INFO tempest.lib.common.rest_client [req-9d7d13b6-c857-4567-a26a-ec6e79bf39c3 req-9d7d13b6-c857-4567-a26a-ec6e79bf39c3 ] Request (ServerMetadataTestJSON:setUpClass): 200 PUT http://10.180.1.21/networking/v2.0/routers/d1f93da8-0615-418c-84b5-3ae6d2507ffa/add_router_interface 1.295s
2025-11-21 12:46:29.663 66227 INFO tempest.lib.common.dynamic_creds [-] Created isolated network resources for: credentials: Credentials: {'domain_id': 'default', 'domain_name': 'Default', 'username': 'tempest-ServerMetadataTestJSON-2040202333-project-member', 'project_domain_id': 'default', 'project_domain_name': 'Default', 'project_id': 'c2b33fdea3014f3182ea1459ae68366c', 'project_name': 'tempest-ServerMetadataTestJSON-2040202333', 'tenant_id': 'c2b33fdea3014f3182ea1459ae68366c', 'tenant_name': 'tempest-ServerMetadataTestJSON-2040202333', 'user_domain_id': 'default', 'user_domain_name': 'Default', 'user_id': '2cbc1d529b7146e0ab03433fb11003a8', 'system': None}, Network: {'id': 'e624f055-da6f-4ad7-ba4c-74d0fce3e262', 'name': 'tempest-ServerMetadataTestJSON-1863275184-network', 'tenant_id': 'c2b33fdea3014f3182ea1459ae68366c', 'project_id': 'c2b33fdea3014f3182ea1459ae68366c', 'admin_state_up': True, 'mtu': 8950, 'status': 'ACTIVE', 'subnets': [], 'shared': False, 'port_security_enabled': True, 'router:external': False, 'provider:network_type': 'vlan', 'provider:physical_network': 'default', 'provider:segmentation_id': 253, 'availability_zone_hints': [], 'availability_zones': [], 'ipv4_address_scope': None, 'ipv6_address_scope': None, 'description': '', 'tags': [], 'created_at': '2025-11-21T12:46:26Z', 'updated_at': '2025-11-21T12:46:26Z', 'revision_number': 1}, Subnet: {'id': '07456568-cccd-4a0d-ac31-5b1d05029a62', 'name': 'tempest-ServerMetadataTestJSON-1863275184-subnet', 'tenant_id': 'c2b33fdea3014f3182ea1459ae68366c', 'network_id': 'e624f055-da6f-4ad7-ba4c-74d0fce3e262', 'ip_version': 4, 'subnetpool_id': None, 'enable_dhcp': True, 'ipv6_ra_mode': None, 'ipv6_address_mode': None, 'gateway_ip': '192.168.128.1', 'cidr': '192.168.128.0/28', 'allocation_pools': [{'start': '192.168.128.2', 'end': '192.168.128.14'}], 'host_routes': [], 'dns_nameservers': [], 'description': '', 'router:external': False, 'service_types': [], 'tags': [], 'created_at': '2025-11-21T12:46:27Z', 'updated_at': '2025-11-21T12:46:27Z', 'revision_number': 0, 'project_id': 'c2b33fdea3014f3182ea1459ae68366c'}, Router: {'id': 'd1f93da8-0615-418c-84b5-3ae6d2507ffa', 'name': 'tempest-ServerMetadataTestJSON-1863275184-router', 'tenant_id': 'c2b33fdea3014f3182ea1459ae68366c', 'admin_state_up': True, 'status': 'ACTIVE', 'external_gateway_info': {'network_id': '3753d3ec-79ab-4536-a8b6-e64d5a10ef41', 'external_fixed_ips': [{'subnet_id': '4e4d19dd-da82-4130-876d-22d3c70eca1f', 'ip_address': '10.180.180.208'}], 'enable_snat': True}, 'description': '', 'availability_zones': [], 'distributed': False, 'ha': False, 'availability_zone_hints': [], 'routes': [], 'flavor_id': None, 'tags': [], 'created_at': '2025-11-21T12:46:27Z', 'updated_at': '2025-11-21T12:46:28Z', 'revision_number': 2, 'project_id': 'c2b33fdea3014f3182ea1459ae68366c'}
2025-11-21 12:46:29.720 66235 INFO tempest.lib.common.rest_client [req-4a124f26-b0ca-4731-b1a5-450f4b6f379e req-4a124f26-b0ca-4731-b1a5-450f4b6f379e ] Request (FloatingIPsTestJSON:tearDownClass): 204 DELETE http://10.180.1.21/networking/v2.0/routers/880dcc42-746e-455b-961a-59e3897594d0 0.721s
2025-11-21 12:46:29.752 66183 INFO tempest.lib.common.rest_client [req-a447c8be-592a-4d19-b23b-e86f5a708de8 req-a447c8be-592a-4d19-b23b-e86f5a708de8 ] Request (ImagesTestJSON:test_create_image_from_suspended_server): 200 GET http://10.180.1.21/compute/v2.1/servers/d38695ea-0964-41a7-8d72-55b04336830d 2.950s
2025-11-21 12:46:29.763 66215 INFO tempest.lib.common.rest_client [req-1cba1920-f459-46da-9d8e-71a40483c018 req-1cba1920-f459-46da-9d8e-71a40483c018 ] Request (ServerDiagnosticsNegativeTest:tearDownClass): 200 GET http://10.180.1.21/compute/v2.1/servers/14528d52-9322-4450-b2f4-791c261b99f2 2.665s
2025-11-21 12:46:29.777 66215 INFO tempest.common.waiters [-] State transition "ACTIVE/deleting" ==> "DELETED/None" after 3 second wait
2025-11-21 12:46:29.795 66229 INFO tempest.lib.common.rest_client [req-e2bc71fa-a671-4be8-9811-9c7f9fd87d48 req-e2bc71fa-a671-4be8-9811-9c7f9fd87d48 ] Request (DeleteServersTestJSON:setUpClass): 201 POST http://10.180.1.21/identity/v3/auth/tokens 0.143s
2025-11-21 12:46:29.796 66227 INFO tempest.lib.common.rest_client [req-2f86ef6a-7b83-4e71-95ac-ceb2a9dda61c req-2f86ef6a-7b83-4e71-95ac-ceb2a9dda61c ] Request (ServerMetadataTestJSON:setUpClass): 201 POST http://10.180.1.21/identity/v3/auth/tokens 0.128s
2025-11-21 12:46:29.819 66189 INFO tempest.lib.common.rest_client [req-926f85e3-bb55-4235-a09f-77c201a5e38b req-926f85e3-bb55-4235-a09f-77c201a5e38b ] Request (ImagesOneServerTestJSON:test_create_delete_image): 200 GET http://10.180.1.21/compute/v2.1/images/3aa5c43c-89f9-4677-86f2-71ccdbdfbc9b 2.417s
2025-11-21 12:46:29.841 66227 INFO tempest.lib.common.rest_client [req-cd5edc98-4dbc-4d61-bc4c-d72b6e476ffe req-cd5edc98-4dbc-4d61-bc4c-d72b6e476ffe ] Request (ServerMetadataTestJSON:setUpClass): 201 POST http://10.180.1.21/identity/v3/auth/tokens 0.038s
2025-11-21 12:46:29.841 66227 INFO tempest.lib.common.fixed_network [-] (ServerMetadataTestJSON:setUpClass) Found network {'id': 'e624f055-da6f-4ad7-ba4c-74d0fce3e262', 'name': 'tempest-ServerMetadataTestJSON-1863275184-network', 'tenant_id': 'c2b33fdea3014f3182ea1459ae68366c', 'project_id': 'c2b33fdea3014f3182ea1459ae68366c', 'admin_state_up': True, 'mtu': 8950, 'status': 'ACTIVE', 'subnets': [], 'shared': False, 'port_security_enabled': True, 'router:external': False, 'provider:network_type': 'vlan', 'provider:physical_network': 'default', 'provider:segmentation_id': 253, 'availability_zone_hints': [], 'availability_zones': [], 'ipv4_address_scope': None, 'ipv6_address_scope': None, 'description': '', 'tags': [], 'created_at': '2025-11-21T12:46:26Z', 'updated_at': '2025-11-21T12:46:26Z', 'revision_number': 1} available for tenant
2025-11-21 12:46:30.008 66235 INFO tempest.lib.common.rest_client [req-b04d1ba6-56e9-424d-990e-65685dcc6225 req-b04d1ba6-56e9-424d-990e-65685dcc6225 ] Request (FloatingIPsTestJSON:tearDownClass): 204 DELETE http://10.180.1.21/networking/v2.0/subnets/1296e32a-1961-4357-9eda-4cab2bc05ccc 0.288s
2025-11-21 12:46:30.067 66177 WARNING tempest.lib.common.ssh [-] Failed to establish authenticated ssh connection to cirros@10.180.180.191 ([Errno None] Unable to connect to port 22 on 10.180.180.191). Number attempts: 2. Retry after 3 seconds.: paramiko.ssh_exception.NoValidConnectionsError: [Errno None] Unable to connect to port 22 on 10.180.180.191
2025-11-21 12:46:30.234 66229 INFO tempest.lib.common.rest_client [req-787a04f1-f8fa-49bd-8c2d-8fc218e1e339 req-787a04f1-f8fa-49bd-8c2d-8fc218e1e339 ] Request (DeleteServersTestJSON:setUpClass): 201 POST http://10.180.1.21/networking/v2.0/networks 0.438s
2025-11-21 12:46:30.267 66201 INFO tempest.lib.common.rest_client [req-51d07929-3e6e-4964-9ddf-a5fe697a2eea req-51d07929-3e6e-4964-9ddf-a5fe697a2eea ] Request (ServersAaction247Test:test_create_backup): 200 GET http://10.180.1.21/compute/v2.1/servers/f4bdcc86-b3d2-4336-be92-e074c190efb7 2.845s
2025-11-21 12:46:30.283 66201 INFO tempest.common.waiters [-] State transition "BUILD/networking" ==> "BUILD/spawning" after 19 second wait
2025-11-21 12:46:30.304 66179 INFO tempest.lib.common.rest_client [req-86e9d8a1-c294-448c-b1f5-e52aef1d3973 req-86e9d8a1-c294-448c-b1f5-e52aef1d3973 ] Request (ServerActionsV293TestJSON:setUpClass): 200 GET http://10.180.1.21/volume/v3/volumes/959dac10-e07b-489d-a0f9-67dc827748c0 0.039s
2025-11-21 12:46:30.450 66235 INFO tempest.lib.common.rest_client [req-fc5e7dd8-3a65-4d84-a44d-4da26c2a817d req-fc5e7dd8-3a65-4d84-a44d-4da26c2a817d ] Request (FloatingIPsTestJSON:tearDownClass): 204 DELETE http://10.180.1.21/networking/v2.0/networks/5a5c45b2-c38a-4a72-a17d-67190b1b2e96 0.441s
2025-11-21 12:46:30.511 66203 INFO tempest.lib.common.rest_client [req-f3953b48-e8da-446b-ba31-2d0ffd542ff8 req-f3953b48-e8da-446b-ba31-2d0ffd542ff8 ] Request (ServersTestJSON:setUpClass): 200 GET http://10.180.1.21/compute/v2.1/servers/c28d7cf8-2d98-4b61-a306-b071a6c16da2 3.219s
2025-11-21 12:46:30.520 66203 INFO tempest.common.waiters [-] State transition "BUILD/spawning" ==> "ACTIVE/None" after 32 second wait
2025-11-21 12:46:30.554 66235 INFO tempest.lib.common.rest_client [req-5dd539be-eaee-4c23-9439-0ee5366194aa req-5dd539be-eaee-4c23-9439-0ee5366194aa ] Request (FloatingIPsTestJSON:tearDownClass): 204 DELETE http://10.180.1.21/identity/v3/users/a9ca922bb22f4003addb7b31f4b14096 0.103s
2025-11-21 12:46:30.554 66235 INFO tempest.lib.common.dynamic_creds [-] Deleting project and security group for project: c5d71a40b3754b1188456559fb8c17a9
2025-11-21 12:46:30.650 66219 INFO tempest.lib.common.rest_client [req-4b6ec0ef-0845-4533-91ef-bb8ed4b126f6 req-4b6ec0ef-0845-4533-91ef-bb8ed4b126f6 ] Request (ServersAdmin275Test:tearDownClass): 200 GET http://10.180.1.21/compute/v2.1/servers/f7e9ad55-72c8-40f2-b4c1-79d9976fb61f 3.151s
2025-11-21 12:46:30.680 66229 INFO tempest.lib.common.rest_client [req-366783ea-8386-4c77-b212-c3e156035a2a req-366783ea-8386-4c77-b212-c3e156035a2a ] Request (DeleteServersTestJSON:setUpClass): 201 POST http://10.180.1.21/networking/v2.0/subnets 0.445s
2025-11-21 12:46:30.693 66199 INFO tempest.lib.common.rest_client [req-1cb111cc-b4b1-4d35-a218-1afad9016c05 req-1cb111cc-b4b1-4d35-a218-1afad9016c05 ] Request (FloatingIPsNegativeTestJSON:test_allocate_floating_ip_from_nonexistent_pool): 404 POST http://10.180.1.21/compute/v2.1/os-floating-ips 3.106s
2025-11-21 12:46:30.722 66235 INFO tempest.lib.common.rest_client [req-175a0b46-d48e-42e9-903e-b08f80ac2297 req-175a0b46-d48e-42e9-903e-b08f80ac2297 ] Request (FloatingIPsTestJSON:tearDownClass): 200 GET http://10.180.1.21/networking/v2.0/security-groups?tenant_id=c5d71a40b3754b1188456559fb8c17a9&name=default 0.168s
2025-11-21 12:46:31.355 66179 INFO tempest.lib.common.rest_client [req-fed5f929-7ea8-4cac-93d1-f57b83807b0c req-fed5f929-7ea8-4cac-93d1-f57b83807b0c ] Request (ServerActionsV293TestJSON:setUpClass): 200 GET http://10.180.1.21/volume/v3/volumes/959dac10-e07b-489d-a0f9-67dc827748c0 0.038s
2025-11-21 12:46:31.690 66239 INFO paramiko.transport [-] Connected (version 2.0, client dropbear_2020.81)
2025-11-21 12:46:31.755 66239 INFO paramiko.transport [-] Authentication (publickey) successful!
2025-11-21 12:46:31.755 66239 INFO tempest.lib.common.ssh [-] ssh connection to cirros@10.180.180.202 successfully created
2025-11-21 12:46:31.864 66229 INFO tempest.lib.common.rest_client [req-aee2c0d3-9896-4255-9975-ad58fdd9d7bc req-aee2c0d3-9896-4255-9975-ad58fdd9d7bc ] Request (DeleteServersTestJSON:setUpClass): 201 POST http://10.180.1.21/networking/v2.0/routers 1.184s
2025-11-21 12:46:31.987 66208 WARNING tempest.lib.common.ssh [-] Failed to establish authenticated ssh connection to cirros@10.180.180.161 ([Errno None] Unable to connect to port 22 on 10.180.180.161). Number attempts: 4. Retry after 5 seconds.: paramiko.ssh_exception.NoValidConnectionsError: [Errno None] Unable to connect to port 22 on 10.180.180.161
2025-11-21 12:46:32.121 66235 INFO tempest.lib.common.rest_client [req-68989aec-f0b4-4572-9352-13bffdc2f803 req-68989aec-f0b4-4572-9352-13bffdc2f803 ] Request (FloatingIPsTestJSON:tearDownClass): 204 DELETE http://10.180.1.21/networking/v2.0/security-groups/a2145d27-1943-4d6b-b0e4-6d869620998a 1.399s
2025-11-21 12:46:32.249 66235 INFO tempest.lib.common.rest_client [req-ed556dbe-ea84-437d-ade4-8cd72a72fd54 req-ed556dbe-ea84-437d-ade4-8cd72a72fd54 ] Request (FloatingIPsTestJSON:tearDownClass): 204 DELETE http://10.180.1.21/identity/v3/projects/c5d71a40b3754b1188456559fb8c17a9 0.127s
2025-11-21 12:46:32.415 66179 INFO tempest.lib.common.rest_client [req-af35a5a9-2f7d-44f5-a173-f4e1b6b5d31d req-af35a5a9-2f7d-44f5-a173-f4e1b6b5d31d ] Request (ServerActionsV293TestJSON:setUpClass): 200 GET http://10.180.1.21/volume/v3/volumes/959dac10-e07b-489d-a0f9-67dc827748c0 0.048s
2025-11-21 12:46:32.473 66197 INFO tempest.lib.common.rest_client [req-9cef337d-cd3b-4923-9e63-8dd464e06a02 req-9cef337d-cd3b-4923-9e63-8dd464e06a02 ] Request (SecurityGroupRulesNegativeTestJSON:test_create_security_group_rule_duplicate): 200 POST http://10.180.1.21/compute/v2.1/os-security-group-rules 4.619s
2025-11-21 12:46:32.517 66221 INFO tempest.lib.common.rest_client [req-9e64ace3-b5fe-4d45-8781-c0a46b574d5a req-9e64ace3-b5fe-4d45-8781-c0a46b574d5a ] Request (SecurityGroupsTestJSON:test_list_security_groups_by_server): 200 GET http://10.180.1.21/compute/v2.1/servers/b05778e4-8f40-41e9-9273-6d7db68c6c27 4.855s
2025-11-21 12:46:32.764 66205 INFO tempest.lib.common.rest_client [req-485c62a8-c490-44be-a2c4-9228ec995401 req-485c62a8-c490-44be-a2c4-9228ec995401 ] Request (InstanceActionsV221TestJSON:test_get_list_deleted_instance_actions): 200 GET http://10.180.1.21/compute/v2.1/servers/c0515c4c-3a73-4e2c-aeff-d08891328afd 4.590s
2025-11-21 12:46:32.802 66213 INFO tempest.lib.common.rest_client [req-a480a952-9265-4737-8934-1110ae450cc2 req-a480a952-9265-4737-8934-1110ae450cc2 ] Request (KeyPairsV2TestJSON:test_keypairs_create_list_delete): 200 POST http://10.180.1.21/compute/v2.1/os-keypairs 4.572s
2025-11-21 12:46:32.814 66209 INFO tempest.lib.common.rest_client [req-7366748f-76f0-40e7-b882-e77c4d77e3ec req-7366748f-76f0-40e7-b882-e77c4d77e3ec ] Request (AggregatesAdminNegativeTestJSON:test_aggregate_remove_host_as_user): 403 POST http://10.180.1.21/compute/v2.1/os-aggregates/7/action 4.442s
2025-11-21 12:46:32.848 66191 INFO tempest.lib.common.rest_client [req-d5329d6a-7b9e-4448-826b-5ca4de4ffcac req-d5329d6a-7b9e-4448-826b-5ca4de4ffcac ] Request (KeyPairsV22TestJSON:test_keypair_create_with_pub_key): 201 POST http://10.180.1.21/compute/v2.1/os-keypairs 4.456s
2025-11-21 12:46:32.999 66195 INFO tempest.lib.common.rest_client [req-782ca8a7-39eb-4dc8-bbb0-dc63864f37a2 req-782ca8a7-39eb-4dc8-bbb0-dc63864f37a2 ] Request (QuotasAdminTestV236:test_get_updated_quotas): 200 GET http://10.180.1.21/compute/v2.1/os-quota-sets/b06367b0ebca4c94bfee77bb0f9651ec?user_id=2bda825c98c6441cb8aec0ce2445b432 4.357s
2025-11-21 12:46:33.092 66195 INFO tempest.lib.common.rest_client [req-d28d0c4f-99f5-4051-a2c9-afeeb3bbf4b2 req-d28d0c4f-99f5-4051-a2c9-afeeb3bbf4b2 ] Request (QuotasAdminTestV236:_run_cleanups): 204 DELETE http://10.180.1.21/identity/v3/users/2bda825c98c6441cb8aec0ce2445b432 0.091s
2025-11-21 12:46:33.191 66229 INFO tempest.lib.common.rest_client [req-9597f26f-fd3f-4d78-9c7c-24b2fcba5db2 req-9597f26f-fd3f-4d78-9c7c-24b2fcba5db2 ] Request (DeleteServersTestJSON:setUpClass): 200 PUT http://10.180.1.21/networking/v2.0/routers/062332d3-4fb8-400c-8932-64246541631f/add_router_interface 1.326s
2025-11-21 12:46:33.191 66229 INFO tempest.lib.common.dynamic_creds [-] Created isolated network resources for: credentials: Credentials: {'domain_id': 'default', 'domain_name': 'Default', 'username': 'tempest-DeleteServersTestJSON-86677025-project-member', 'project_domain_id': 'default', 'project_domain_name': 'Default', 'project_id': '085ddb12dae744b4949bfa5ee35ffb0d', 'project_name': 'tempest-DeleteServersTestJSON-86677025', 'tenant_id': '085ddb12dae744b4949bfa5ee35ffb0d', 'tenant_name': 'tempest-DeleteServersTestJSON-86677025', 'user_domain_id': 'default', 'user_domain_name': 'Default', 'user_id': '4b0aa67b8dab468f9bfa220f2f5d1939', 'system': None}, Network: {'id': '2c62de3a-bcb5-45f2-b04b-09d50a42c649', 'name': 'tempest-DeleteServersTestJSON-1329891437-network', 'tenant_id': '085ddb12dae744b4949bfa5ee35ffb0d', 'project_id': '085ddb12dae744b4949bfa5ee35ffb0d', 'admin_state_up': True, 'mtu': 8950, 'status': 'ACTIVE', 'subnets': [], 'shared': False, 'port_security_enabled': True, 'router:external': False, 'provider:network_type': 'vlan', 'provider:physical_network': 'default', 'provider:segmentation_id': 231, 'availability_zone_hints': [], 'availability_zones': [], 'ipv4_address_scope': None, 'ipv6_address_scope': None, 'description': '', 'tags': [], 'created_at': '2025-11-21T12:46:30Z', 'updated_at': '2025-11-21T12:46:30Z', 'revision_number': 1}, Subnet: {'id': '108716df-7990-4088-af96-751218be6d7d', 'name': 'tempest-DeleteServersTestJSON-1329891437-subnet', 'tenant_id': '085ddb12dae744b4949bfa5ee35ffb0d', 'network_id': '2c62de3a-bcb5-45f2-b04b-09d50a42c649', 'ip_version': 4, 'subnetpool_id': None, 'enable_dhcp': True, 'ipv6_ra_mode': None, 'ipv6_address_mode': None, 'gateway_ip': '192.168.128.1', 'cidr': '192.168.128.0/28', 'allocation_pools': [{'start': '192.168.128.2', 'end': '192.168.128.14'}], 'host_routes': [], 'dns_nameservers': [], 'description': '', 'router:external': False, 'service_types': [], 'tags': [], 'created_at': '2025-11-21T12:46:30Z', 'updated_at': '2025-11-21T12:46:30Z', 'revision_number': 0, 'project_id': '085ddb12dae744b4949bfa5ee35ffb0d'}, Router: {'id': '062332d3-4fb8-400c-8932-64246541631f', 'name': 'tempest-DeleteServersTestJSON-1329891437-router', 'tenant_id': '085ddb12dae744b4949bfa5ee35ffb0d', 'admin_state_up': True, 'status': 'ACTIVE', 'external_gateway_info': {'network_id': '3753d3ec-79ab-4536-a8b6-e64d5a10ef41', 'external_fixed_ips': [{'subnet_id': '4e4d19dd-da82-4130-876d-22d3c70eca1f', 'ip_address': '10.180.180.130'}], 'enable_snat': True}, 'description': '', 'availability_zones': [], 'distributed': False, 'ha': False, 'availability_zone_hints': [], 'routes': [], 'flavor_id': None, 'tags': [], 'created_at': '2025-11-21T12:46:31Z', 'updated_at': '2025-11-21T12:46:31Z', 'revision_number': 2, 'project_id': '085ddb12dae744b4949bfa5ee35ffb0d'}
2025-11-21 12:46:33.201 66195 INFO tempest.lib.common.rest_client [req-2bc18e5f-add7-47dc-a9db-90771abc821d req-2bc18e5f-add7-47dc-a9db-90771abc821d ] Request (QuotasAdminTestV236:_run_cleanups): 204 DELETE http://10.180.1.21/identity/v3/projects/b06367b0ebca4c94bfee77bb0f9651ec 0.108s
2025-11-21 12:46:33.278 66229 INFO tempest.lib.common.rest_client [req-fbdce584-70d2-454f-99e7-4305173f0f42 req-fbdce584-70d2-454f-99e7-4305173f0f42 ] Request (DeleteServersTestJSON:setUpClass): 201 POST http://10.180.1.21/identity/v3/auth/tokens 0.082s
2025-11-21 12:46:33.330 66195 INFO tempest.lib.common.rest_client [req-3fbe408a-320c-4e2d-ada6-01ec30005ac6 req-3fbe408a-320c-4e2d-ada6-01ec30005ac6 ] Request (QuotasAdminTestV236:tearDownClass): 204 DELETE http://10.180.1.21/identity/v3/users/3a2016e7382e4423859bdeaa7108b73b 0.126s
2025-11-21 12:46:33.339 66229 INFO tempest.lib.common.rest_client [req-87fa5cfb-ca82-4c73-a69e-4e21960d9bdb req-87fa5cfb-ca82-4c73-a69e-4e21960d9bdb ] Request (DeleteServersTestJSON:test_delete_active_server): 201 POST http://10.180.1.21/identity/v3/auth/tokens 0.057s
2025-11-21 12:46:33.340 66229 INFO tempest.lib.common.fixed_network [-] (DeleteServersTestJSON:test_delete_active_server) Found network {'id': '2c62de3a-bcb5-45f2-b04b-09d50a42c649', 'name': 'tempest-DeleteServersTestJSON-1329891437-network', 'tenant_id': '085ddb12dae744b4949bfa5ee35ffb0d', 'project_id': '085ddb12dae744b4949bfa5ee35ffb0d', 'admin_state_up': True, 'mtu': 8950, 'status': 'ACTIVE', 'subnets': [], 'shared': False, 'port_security_enabled': True, 'router:external': False, 'provider:network_type': 'vlan', 'provider:physical_network': 'default', 'provider:segmentation_id': 231, 'availability_zone_hints': [], 'availability_zones': [], 'ipv4_address_scope': None, 'ipv6_address_scope': None, 'description': '', 'tags': [], 'created_at': '2025-11-21T12:46:30Z', 'updated_at': '2025-11-21T12:46:30Z', 'revision_number': 1} available for tenant
2025-11-21 12:46:33.365 66193 INFO tempest.lib.common.rest_client [req-f882c3ed-6e05-4922-9e54-bb6b56ef31e3 req-f882c3ed-6e05-4922-9e54-bb6b56ef31e3 ] Request (DeleteServersAdminTestJSON:test_delete_server_while_in_error_state): 200 GET http://10.180.1.21/compute/v2.1/servers/1f2213a5-dad3-41a1-9f79-3353dc2163ec 4.718s
2025-11-21 12:46:33.449 66195 INFO tempest.lib.common.rest_client [req-50b69db5-fd5d-430e-8e6f-295d0420959c req-50b69db5-fd5d-430e-8e6f-295d0420959c ] Request (QuotasAdminTestV236:tearDownClass): 204 DELETE http://10.180.1.21/identity/v3/users/7ea87847a95841cf978073e719516d19 0.119s
2025-11-21 12:46:33.449 66195 INFO tempest.lib.common.dynamic_creds [-] Deleting project and security group for project: 18a3d3023360406a98ad0f7b30e7a491
2025-11-21 12:46:33.473 66179 INFO tempest.lib.common.rest_client [req-d37b0f7c-f55e-43ff-8ce2-993733ebaa4d req-d37b0f7c-f55e-43ff-8ce2-993733ebaa4d ] Request (ServerActionsV293TestJSON:setUpClass): 200 GET http://10.180.1.21/volume/v3/volumes/959dac10-e07b-489d-a0f9-67dc827748c0 0.048s
2025-11-21 12:46:33.480 66179 INFO tempest.common.waiters [-] volume 959dac10-e07b-489d-a0f9-67dc827748c0 reached available after waiting for 20.480136 seconds
2025-11-21 12:46:33.520 66231 INFO tempest.lib.common.rest_client [req-d30997ec-741c-40fb-9926-886cb9ab86b9 req-d30997ec-741c-40fb-9926-886cb9ab86b9 ] Request (MigrationsAdminTest:test_list_migrations_in_flavor_resize_situation): 200 GET http://10.180.1.21/compute/v2.1/servers/5df4d97a-fa21-4fc7-94ed-3f3468e5a87b 4.702s
2025-11-21 12:46:33.537 66225 INFO tempest.lib.common.rest_client [req-99ccc0c6-7c20-4801-894f-1c28897e33a9 req-99ccc0c6-7c20-4801-894f-1c28897e33a9 ] Request (FlavorsAdminTestJSON:test_is_public_string_variations): 200 GET http://10.180.1.21/compute/v2.1/flavors/detail?is_public=no 4.694s
2025-11-21 12:46:33.544 66195 INFO tempest.lib.common.rest_client [req-46b3084e-ff3f-4856-8d6b-58762ae69409 req-46b3084e-ff3f-4856-8d6b-58762ae69409 ] Request (QuotasAdminTestV236:tearDownClass): 201 POST http://10.180.1.21/identity/v3/auth/tokens 0.093s
2025-11-21 12:46:33.789 66195 INFO tempest.lib.common.rest_client [req-784e8f4c-ca85-4f58-b8c9-baa3dfb581dd req-784e8f4c-ca85-4f58-b8c9-baa3dfb581dd ] Request (QuotasAdminTestV236:tearDownClass): 200 GET http://10.180.1.21/networking/v2.0/security-groups?tenant_id=18a3d3023360406a98ad0f7b30e7a491&name=default 0.245s
2025-11-21 12:46:33.885 66212 INFO tempest.lib.common.rest_client [req-ea6afe6e-64d0-4c91-918b-3e35d91accbb req-ea6afe6e-64d0-4c91-918b-3e35d91accbb ] Request (FloatingIPsAssociationTestJSON:test_associate_disassociate_floating_ip): 202 POST http://10.180.1.21/compute/v2.1/servers/c71add5e-9bec-4cd6-aafd-8d3260e60d28/action 5.748s
2025-11-21 12:46:33.925 66195 INFO tempest.lib.common.rest_client [req-2b8b53ff-5ab9-4fdd-b4a4-bb140d277a22 req-2b8b53ff-5ab9-4fdd-b4a4-bb140d277a22 ] Request (QuotasAdminTestV236:tearDownClass): 204 DELETE http://10.180.1.21/networking/v2.0/security-groups/3926d5df-ba06-4c61-962b-1ccf5f99967f 0.135s
2025-11-21 12:46:33.964 66185 INFO tempest.lib.common.rest_client [req-07a1ae5b-fb58-4ff1-8e90-9b032895c4e5 req-07a1ae5b-fb58-4ff1-8e90-9b032895c4e5 ] Request (ServersAdminTestJSON:setUpClass): 200 GET http://10.180.1.21/compute/v2.1/servers/deb3f248-5bba-446f-ae3c-673034225ead 4.382s
2025-11-21 12:46:33.975 66185 INFO tempest.common.waiters [-] State transition "BUILD/None" ==> "BUILD/networking" after 19 second wait
2025-11-21 12:46:34.018 66195 INFO tempest.lib.common.rest_client [req-32af363f-a90f-4401-8048-77f2e75f2095 req-32af363f-a90f-4401-8048-77f2e75f2095 ] Request (QuotasAdminTestV236:tearDownClass): 204 DELETE http://10.180.1.21/identity/v3/projects/18a3d3023360406a98ad0f7b30e7a491 0.093s
2025-11-21 12:46:34.019 66195 INFO tempest.lib.common.dynamic_creds [-] Deleting project and security group for project: ff941199d480419b9b2962da72bd6eb9
2025-11-21 12:46:34.150 66237 WARNING tempest.lib.common.ssh [-] Failed to establish authenticated ssh connection to cirros@10.180.180.239 ([Errno None] Unable to connect to port 22 on 10.180.180.239). Number attempts: 6. Retry after 7 seconds.: paramiko.ssh_exception.NoValidConnectionsError: [Errno None] Unable to connect to port 22 on 10.180.180.239
2025-11-21 12:46:34.176 66195 INFO tempest.lib.common.rest_client [req-d131f012-8b3d-4a07-923e-a6db9c9e6029 req-d131f012-8b3d-4a07-923e-a6db9c9e6029 ] Request (QuotasAdminTestV236:tearDownClass): 200 GET http://10.180.1.21/networking/v2.0/security-groups?tenant_id=ff941199d480419b9b2962da72bd6eb9&name=default 0.157s
2025-11-21 12:46:34.221 66187 INFO tempest.lib.common.rest_client [req-507d7fb5-c519-4361-87a9-a86662231e3d req-507d7fb5-c519-4361-87a9-a86662231e3d ] Request (ServerDiagnosticsV248Test:test_get_server_diagnostics): 200 GET http://10.180.1.21/compute/v2.1/servers/076c55a9-731a-462b-8158-3331d701b43c/diagnostics 5.063s
2025-11-21 12:46:34.327 66195 INFO tempest.lib.common.rest_client [req-b7c9e173-60a2-43fd-8962-81658d16374e req-b7c9e173-60a2-43fd-8962-81658d16374e ] Request (QuotasAdminTestV236:tearDownClass): 204 DELETE http://10.180.1.21/networking/v2.0/security-groups/37d67bf4-dc44-4121-b29f-60d50434c066 0.150s
2025-11-21 12:46:34.462 66233 INFO tempest.lib.common.rest_client [req-f9358668-edd8-413e-8d39-9cf368816877 req-f9358668-edd8-413e-8d39-9cf368816877 ] Request (InstanceActionsTestJSON:tearDownClass): 200 GET http://10.180.1.21/compute/v2.1/servers/860b616f-e3b8-48c0-a16e-92f721e80617 4.262s
2025-11-21 12:46:34.466 66195 INFO tempest.lib.common.rest_client [req-a9442e40-7d24-4993-9ad1-42bcdb6e4ff0 req-a9442e40-7d24-4993-9ad1-42bcdb6e4ff0 ] Request (QuotasAdminTestV236:tearDownClass): 204 DELETE http://10.180.1.21/identity/v3/projects/ff941199d480419b9b2962da72bd6eb9 0.138s
2025-11-21 12:46:34.540 66195 INFO tempest.lib.common.rest_client [req-f97938f9-fe36-4466-ac54-abdac1131a28 req-f97938f9-fe36-4466-ac54-abdac1131a28 ] Request (AZV2TestJSON:setUpClass): 201 POST http://10.180.1.21/identity/v3/auth/tokens 0.072s
2025-11-21 12:46:34.577 66195 INFO tempest.lib.common.rest_client [req-eb45bfc8-9848-4f68-83c8-dfa54b445078 req-eb45bfc8-9848-4f68-83c8-dfa54b445078 ] Request (AZV2TestJSON:setUpClass): 201 POST http://10.180.1.21/identity/v3/auth/tokens 0.031s
2025-11-21 12:46:34.617 66195 INFO tempest.lib.common.rest_client [req-e36ade1f-d882-43b6-b8a9-47666ea206b3 req-e36ade1f-d882-43b6-b8a9-47666ea206b3 ] Request (AZV2TestJSON:setUpClass): 200 GET http://10.180.1.21/identity/v3/domains?name=Default 0.039s
2025-11-21 12:46:34.629 66203 INFO tempest.lib.common.rest_client [req-9c16493d-3419-40f2-a124-2bb56411dda2 req-9c16493d-3419-40f2-a124-2bb56411dda2 ] Request (ServersTestJSON:setUpClass): 200 GET http://10.180.1.21/compute/v2.1/servers/c28d7cf8-2d98-4b61-a306-b071a6c16da2/os-interface 4.108s
2025-11-21 12:46:34.685 66195 INFO tempest.lib.common.rest_client [req-27e63ad8-4eeb-4536-a524-a156e8d3bcb0 req-27e63ad8-4eeb-4536-a524-a156e8d3bcb0 ] Request (AZV2TestJSON:setUpClass): 201 POST http://10.180.1.21/identity/v3/projects 0.067s
2025-11-21 12:46:34.801 66195 INFO tempest.lib.common.rest_client [req-3b2a5ae3-aee3-4925-84b9-dff313445f2e req-3b2a5ae3-aee3-4925-84b9-dff313445f2e ] Request (AZV2TestJSON:setUpClass): 201 POST http://10.180.1.21/identity/v3/users 0.115s
2025-11-21 12:46:34.838 66195 INFO tempest.lib.common.rest_client [req-86381eb1-ad8a-49d6-a45b-0d585741013a req-86381eb1-ad8a-49d6-a45b-0d585741013a ] Request (AZV2TestJSON:setUpClass): 200 GET http://10.180.1.21/identity/v3/roles 0.036s
2025-11-21 12:46:34.880 66195 INFO tempest.lib.common.rest_client [req-c79a7820-f0c8-49cd-84a1-6f68047bcb54 req-c79a7820-f0c8-49cd-84a1-6f68047bcb54 ] Request (AZV2TestJSON:setUpClass): 204 PUT http://10.180.1.21/identity/v3/projects/3418ede15e5340338843003a88e86e75/users/30a40cb9497b41e1ae1dd2a2c1384a1b/roles/85d2aa0347e64c86bf8cf95bef9080f1 0.042s
2025-11-21 12:46:34.881 66195 INFO tempest.lib.common.dynamic_creds [-] Dynamic test user 30a40cb9497b41e1ae1dd2a2c1384a1b is created with scope project and roles: ['member']
2025-11-21 12:46:34.881 66195 INFO tempest.lib.common.dynamic_creds [-] Acquired dynamic creds: credentials: Credentials: {'domain_id': 'default', 'domain_name': 'Default', 'username': 'tempest-AZV2TestJSON-347327786-project-member', 'project_domain_id': 'default', 'project_domain_name': 'Default', 'project_id': '3418ede15e5340338843003a88e86e75', 'project_name': 'tempest-AZV2TestJSON-347327786', 'tenant_id': '3418ede15e5340338843003a88e86e75', 'tenant_name': 'tempest-AZV2TestJSON-347327786', 'user_domain_id': 'default', 'user_domain_name': 'Default', 'user_id': '30a40cb9497b41e1ae1dd2a2c1384a1b', 'system': None}, Network: None, Subnet: None, Router: None
2025-11-21 12:46:34.881 66195 INFO tempest.lib.common.dynamic_creds [-] Created isolated network resources for: credentials: Credentials: {'domain_id': 'default', 'domain_name': 'Default', 'username': 'tempest-AZV2TestJSON-347327786-project-member', 'project_domain_id': 'default', 'project_domain_name': 'Default', 'project_id': '3418ede15e5340338843003a88e86e75', 'project_name': 'tempest-AZV2TestJSON-347327786', 'tenant_id': '3418ede15e5340338843003a88e86e75', 'tenant_name': 'tempest-AZV2TestJSON-347327786', 'user_domain_id': 'default', 'user_domain_name': 'Default', 'user_id': '30a40cb9497b41e1ae1dd2a2c1384a1b', 'system': None}, Network: None, Subnet: None, Router: None
2025-11-21 12:46:34.984 66195 INFO tempest.lib.common.rest_client [req-9ba1fbf3-9128-4d5d-897d-09a2d8d30c23 req-9ba1fbf3-9128-4d5d-897d-09a2d8d30c23 ] Request (AZV2TestJSON:setUpClass): 201 POST http://10.180.1.21/identity/v3/auth/tokens 0.099s
2025-11-21 12:46:35.324 66203 INFO tempest.lib.common.rest_client [req-bf943705-2eb8-4778-b6cd-ebbad98de6e6 req-bf943705-2eb8-4778-b6cd-ebbad98de6e6 ] Request (ServersTestJSON:setUpClass): 200 PUT http://10.180.1.21/networking/v2.0/floatingips/a575b72c-1ec0-4a47-baf6-cc7ee57c38d8 0.692s
2025-11-21 12:46:35.346 66199 INFO tempest.lib.common.rest_client [req-d389a914-3617-4b05-8a12-a0772037df56 req-d389a914-3617-4b05-8a12-a0772037df56 ] Request (FloatingIPsNegativeTestJSON:test_delete_nonexistent_floating_ip): 404 DELETE http://10.180.1.21/compute/v2.1/os-floating-ips/8e884c1e-9438-4e8f-8068-1299814cf80e 4.650s
2025-11-21 12:46:35.466 66227 INFO tempest.lib.common.rest_client [req-d1e87196-d5b2-4633-8c10-78d4ac811e6b req-d1e87196-d5b2-4633-8c10-78d4ac811e6b ] Request (ServerMetadataTestJSON:setUpClass): 202 POST http://10.180.1.21/compute/v2.1/servers 5.624s
2025-11-21 12:46:36.228 66199 INFO tempest.lib.common.rest_client [req-1a542e2e-a1e0-4bb4-b5dd-beeb9481c71f req-1a542e2e-a1e0-4bb4-b5dd-beeb9481c71f ] Request (FloatingIPsNegativeTestJSON:tearDownClass): 200 PUT http://10.180.1.21/networking/v2.0/routers/da494f6d-b561-4c26-8582-2d1f3ca98c66/remove_router_interface 0.880s
2025-11-21 12:46:36.253 66183 INFO tempest.lib.common.rest_client [req-603ffbaf-346a-4049-9b91-f5a5d3675dee req-603ffbaf-346a-4049-9b91-f5a5d3675dee ] Request (ImagesTestJSON:test_create_image_from_suspended_server): 200 GET http://10.180.1.21/compute/v2.1/servers/d38695ea-0964-41a7-8d72-55b04336830d 5.485s
2025-11-21 12:46:36.280 66215 INFO tempest.lib.common.rest_client [req-9d79a96c-8fda-4a2a-a079-4fa511dbbdb7 req-9d79a96c-8fda-4a2a-a079-4fa511dbbdb7 ] Request (ServerDiagnosticsNegativeTest:tearDownClass): 200 GET http://10.180.1.21/compute/v2.1/servers/14528d52-9322-4450-b2f4-791c261b99f2 5.502s
2025-11-21 12:46:36.300 66189 INFO tempest.lib.common.rest_client [req-9d80def4-601c-4f8b-bbc1-89606489fdc9 req-9d80def4-601c-4f8b-bbc1-89606489fdc9 ] Request (ImagesOneServerTestJSON:test_create_delete_image): 200 GET http://10.180.1.21/compute/v2.1/images/3aa5c43c-89f9-4677-86f2-71ccdbdfbc9b 5.477s
2025-11-21 12:46:36.360 66219 INFO tempest.lib.common.rest_client [req-4a4e139f-1a51-4054-bfe3-ad23d267aad1 req-4a4e139f-1a51-4054-bfe3-ad23d267aad1 ] Request (ServersAdmin275Test:tearDownClass): 404 GET http://10.180.1.21/compute/v2.1/servers/f7e9ad55-72c8-40f2-b4c1-79d9976fb61f 4.697s
2025-11-21 12:46:36.441 66201 INFO tempest.lib.common.rest_client [req-66afc980-2db2-4c37-84f1-89a156cc5d1d req-66afc980-2db2-4c37-84f1-89a156cc5d1d ] Request (ServersAaction247Test:test_create_backup): 200 GET http://10.180.1.21/compute/v2.1/servers/f4bdcc86-b3d2-4336-be92-e074c190efb7 5.156s
2025-11-21 12:46:36.452 66201 INFO tempest.common.waiters [-] State transition "BUILD/spawning" ==> "ACTIVE/None" after 25 second wait
2025-11-21 12:46:36.530 66197 INFO tempest.lib.common.rest_client [req-aef82b0c-eaea-41fb-aee5-51e13af91a0a req-aef82b0c-eaea-41fb-aee5-51e13af91a0a ] Request (SecurityGroupRulesNegativeTestJSON:test_create_security_group_rule_duplicate): 400 POST http://10.180.1.21/compute/v2.1/os-security-group-rules 4.054s
2025-11-21 12:46:36.555 66213 INFO tempest.lib.common.rest_client [req-32db23b6-6bb2-4974-b1bd-801510374807 req-32db23b6-6bb2-4974-b1bd-801510374807 ] Request (KeyPairsV2TestJSON:test_keypairs_create_list_delete): 200 GET http://10.180.1.21/compute/v2.1/os-keypairs 3.751s
2025-11-21 12:46:36.558 66219 INFO tempest.lib.common.rest_client [req-a4519e15-cec3-4476-80b3-b54b906fc1fa req-a4519e15-cec3-4476-80b3-b54b906fc1fa ] Request (ServersAdmin275Test:tearDownClass): 204 DELETE http://10.180.1.21/identity/v3/users/72542de813474663b9e075a63b3b6434 0.197s
2025-11-21 12:46:36.660 66177 WARNING tempest.lib.common.ssh [-] Failed to establish authenticated ssh connection to cirros@10.180.180.191 ([Errno None] Unable to connect to port 22 on 10.180.180.191). Number attempts: 3. Retry after 4 seconds.: paramiko.ssh_exception.NoValidConnectionsError: [Errno None] Unable to connect to port 22 on 10.180.180.191
2025-11-21 12:46:36.776 66219 INFO tempest.lib.common.rest_client [req-60949ef1-c993-4985-b5a9-ac2dbcf36a83 req-60949ef1-c993-4985-b5a9-ac2dbcf36a83 ] Request (ServersAdmin275Test:tearDownClass): 204 DELETE http://10.180.1.21/identity/v3/users/c599187e7ec443048a95cdb03352aab4 0.218s
2025-11-21 12:46:36.777 66219 INFO tempest.lib.common.dynamic_creds [-] Deleting project and security group for project: de5179846b034d2fab9395eb42870d2e
2025-11-21 12:46:36.897 66219 INFO tempest.lib.common.rest_client [req-8ed0f233-432e-4332-b32b-95e0e742c493 req-8ed0f233-432e-4332-b32b-95e0e742c493 ] Request (ServersAdmin275Test:tearDownClass): 201 POST http://10.180.1.21/identity/v3/auth/tokens 0.120s
2025-11-21 12:46:36.921 66199 INFO tempest.lib.common.rest_client [req-4d0916cd-acad-40dc-9e7c-c15f48a72f91 req-4d0916cd-acad-40dc-9e7c-c15f48a72f91 ] Request (FloatingIPsNegativeTestJSON:tearDownClass): 204 DELETE http://10.180.1.21/networking/v2.0/routers/da494f6d-b561-4c26-8582-2d1f3ca98c66 0.692s
2025-11-21 12:46:37.000 66209 INFO tempest.lib.common.rest_client [req-38e642af-4dc6-4b81-a5f6-b662ede8dd04 req-38e642af-4dc6-4b81-a5f6-b662ede8dd04 ] Request (AggregatesAdminNegativeTestJSON:_run_cleanups): 200 POST http://10.180.1.21/compute/v2.1/os-aggregates/7/action 4.185s
2025-11-21 12:46:37.025 66191 INFO tempest.lib.common.rest_client [req-b7e6162c-7acd-49c8-ab19-23331a3a922f req-b7e6162c-7acd-49c8-ab19-23331a3a922f ] Request (KeyPairsV22TestJSON:_run_cleanups): 204 DELETE http://10.180.1.21/compute/v2.1/os-keypairs/tempest-keypair-1508504587 4.174s
2025-11-21 12:46:37.057 66199 INFO tempest.lib.common.rest_client [req-dda97b0f-9df1-41ab-96c5-9172141f3d5c req-dda97b0f-9df1-41ab-96c5-9172141f3d5c ] Request (FloatingIPsNegativeTestJSON:tearDownClass): 204 DELETE http://10.180.1.21/networking/v2.0/subnets/5af43c10-61e0-49a2-b28c-c0fc589e6cc4 0.136s
2025-11-21 12:46:37.119 66219 INFO tempest.lib.common.rest_client [req-1ed36599-9b28-4958-b3fb-8c78a0692829 req-1ed36599-9b28-4958-b3fb-8c78a0692829 ] Request (ServersAdmin275Test:tearDownClass): 200 GET http://10.180.1.21/networking/v2.0/security-groups?tenant_id=de5179846b034d2fab9395eb42870d2e&name=default 0.222s
2025-11-21 12:46:37.142 66224 INFO tempest.lib.common.rest_client [req-289460cb-4a3f-4825-b79f-e52d151f03f3 req-289460cb-4a3f-4825-b79f-e52d151f03f3 ] Request (ServersAdminNegativeTestJSON:test_resize_server_using_overlimit_ram): 200 GET http://10.180.1.21/compute/v2.1/os-quota-sets/7c30b92fe1084f51962b59b5d95eb271 3.884s
2025-11-21 12:46:37.203 66199 INFO tempest.lib.common.rest_client [req-53c61d71-8405-4f1f-bebb-32551529bb13 req-53c61d71-8405-4f1f-bebb-32551529bb13 ] Request (FloatingIPsNegativeTestJSON:tearDownClass): 204 DELETE http://10.180.1.21/networking/v2.0/networks/5cd8437c-00ed-4145-b500-a79e97949eb2 0.145s
2025-11-21 12:46:37.209 66219 INFO tempest.lib.common.rest_client [req-84e19295-0e4d-4715-a28b-0f7a7b75b43f req-84e19295-0e4d-4715-a28b-0f7a7b75b43f ] Request (ServersAdmin275Test:tearDownClass): 204 DELETE http://10.180.1.21/networking/v2.0/security-groups/948969b1-18eb-4190-be76-6bcb363939c3 0.089s
2025-11-21 12:46:37.274 66219 INFO tempest.lib.common.rest_client [req-9dedbba0-800f-4ace-a185-2a47d7d6ee66 req-9dedbba0-800f-4ace-a185-2a47d7d6ee66 ] Request (ServersAdmin275Test:tearDownClass): 204 DELETE http://10.180.1.21/identity/v3/projects/de5179846b034d2fab9395eb42870d2e 0.065s
2025-11-21 12:46:37.275 66219 INFO tempest.lib.common.dynamic_creds [-] Deleting project and security group for project: 7447d7eceb8d4908a0be70316afc564b
2025-11-21 12:46:37.288 66199 INFO tempest.lib.common.rest_client [req-4c8a3c90-12c4-4309-b5de-637b50f06cfe req-4c8a3c90-12c4-4309-b5de-637b50f06cfe ] Request (FloatingIPsNegativeTestJSON:tearDownClass): 204 DELETE http://10.180.1.21/identity/v3/users/140b4d9030884c339ae006c72aa46790 0.084s
2025-11-21 12:46:37.288 66199 INFO tempest.lib.common.dynamic_creds [-] Deleting project and security group for project: 2efdd3c2c5e94edc974d7d510d713219
2025-11-21 12:46:37.318 66199 INFO tempest.lib.common.rest_client [req-f8ff54c5-aaba-4c73-a4a3-b86d25aeafa0 req-f8ff54c5-aaba-4c73-a4a3-b86d25aeafa0 ] Request (FloatingIPsNegativeTestJSON:tearDownClass): 200 GET http://10.180.1.21/networking/v2.0/security-groups?tenant_id=2efdd3c2c5e94edc974d7d510d713219&name=default 0.029s
2025-11-21 12:46:37.375 66219 INFO tempest.lib.common.rest_client [req-cd531e7e-7ed3-4975-a118-55edf921dbef req-cd531e7e-7ed3-4975-a118-55edf921dbef ] Request (ServersAdmin275Test:tearDownClass): 200 GET http://10.180.1.21/networking/v2.0/security-groups?tenant_id=7447d7eceb8d4908a0be70316afc564b&name=default 0.100s
2025-11-21 12:46:37.411 66199 INFO tempest.lib.common.rest_client [req-03f8d658-a87f-42b1-a268-2f876e02d680 req-03f8d658-a87f-42b1-a268-2f876e02d680 ] Request (FloatingIPsNegativeTestJSON:tearDownClass): 204 DELETE http://10.180.1.21/networking/v2.0/security-groups/74d28b01-581d-41c4-b5fd-2645cbd13b83 0.093s
2025-11-21 12:46:37.532 66219 INFO tempest.lib.common.rest_client [req-fcf549c6-5c58-4ee3-bd8c-3fabe7cc028d req-fcf549c6-5c58-4ee3-bd8c-3fabe7cc028d ] Request (ServersAdmin275Test:tearDownClass): 204 DELETE http://10.180.1.21/networking/v2.0/security-groups/28fca7e5-3dd0-49bb-94ee-2fcf257dc28f 0.156s
2025-11-21 12:46:37.550 66199 INFO tempest.lib.common.rest_client [req-08d0056c-1a66-4b48-b300-1b2f917a0d0a req-08d0056c-1a66-4b48-b300-1b2f917a0d0a ] Request (FloatingIPsNegativeTestJSON:tearDownClass): 204 DELETE http://10.180.1.21/identity/v3/projects/2efdd3c2c5e94edc974d7d510d713219 0.138s
2025-11-21 12:46:37.619 66199 INFO tempest.lib.common.rest_client [req-8321a7d1-aafb-46e5-b1e7-24ae436f3fce req-8321a7d1-aafb-46e5-b1e7-24ae436f3fce ] Request (ListImageFiltersNegativeTestJSON:setUpClass): 201 POST http://10.180.1.21/identity/v3/auth/tokens 0.068s
2025-11-21 12:46:37.635 66229 INFO tempest.lib.common.rest_client [req-24f32a0d-861b-4223-aff5-8a89499b8616 req-24f32a0d-861b-4223-aff5-8a89499b8616 ] Request (DeleteServersTestJSON:test_delete_active_server): 202 POST http://10.180.1.21/compute/v2.1/servers 4.294s
2025-11-21 12:46:37.649 66219 INFO tempest.lib.common.rest_client [req-56f5ff26-5705-48be-978d-49bc5f975016 req-56f5ff26-5705-48be-978d-49bc5f975016 ] Request (ServersAdmin275Test:tearDownClass): 204 DELETE http://10.180.1.21/identity/v3/projects/7447d7eceb8d4908a0be70316afc564b 0.117s
2025-11-21 12:46:37.650 66219 INFO tempest.test [-] raised in SpiceDirectConsoleTestJSON.setUpClass. Invoking tearDownClass.
