2025-11-21 12:45:48.732 66189 INFO tempest.lib.common.dynamic_creds [-] Created isolated network resources for: credentials: Credentials: {'domain_id': 'default', 'domain_name': 'Default', 'username': 'tempest-ImagesOneServerTestJSON-1701409942-project-member', 'project_domain_id': 'default', 'project_domain_name': 'Default', 'project_id': 'ff84409d9cd64010b50185f4f2cdb80c', 'project_name': 'tempest-ImagesOneServerTestJSON-1701409942', 'tenant_id': 'ff84409d9cd64010b50185f4f2cdb80c', 'tenant_name': 'tempest-ImagesOneServerTestJSON-1701409942', 'user_domain_id': 'default', 'user_domain_name': 'Default', 'user_id': '2365270967184be288c56dc9b938e5ca', 'system': None}, Network: {'id': '5181a5dc-223c-4426-bb23-607784f3eefe', 'name': 'tempest-ImagesOneServerTestJSON-1362697256-network', 'tenant_id': 'ff84409d9cd64010b50185f4f2cdb80c', 'project_id': 'ff84409d9cd64010b50185f4f2cdb80c', 'admin_state_up': True, 'mtu': 8950, 'status': 'ACTIVE', 'subnets': [], 'shared': False, 'port_security_enabled': True, 'router:external': False, 'provider:network_type': 'vlan', 'provider:physical_network': 'default', 'provider:segmentation_id': 211, 'availability_zone_hints': [], 'availability_zones': [], 'ipv4_address_scope': None, 'ipv6_address_scope': None, 'description': '', 'tags': [], 'created_at': '2025-11-21T12:45:45Z', 'updated_at': '2025-11-21T12:45:45Z', 'revision_number': 1}, Subnet: {'id': '7a355a1a-1df8-4c5f-8d53-cd25dff739b5', 'name': 'tempest-ImagesOneServerTestJSON-1362697256-subnet', 'tenant_id': 'ff84409d9cd64010b50185f4f2cdb80c', 'network_id': '5181a5dc-223c-4426-bb23-607784f3eefe', 'ip_version': 4, 'subnetpool_id': None, 'enable_dhcp': True, 'ipv6_ra_mode': None, 'ipv6_address_mode': None, 'gateway_ip': '192.168.128.1', 'cidr': '192.168.128.0/28', 'allocation_pools': [{'start': '192.168.128.2', 'end': '192.168.128.14'}], 'host_routes': [], 'dns_nameservers': [], 'description': '', 'router:external': False, 'service_types': [], 'tags': [], 'created_at': '2025-11-21T12:45:45Z', 'updated_at': '2025-11-21T12:45:45Z', 'revision_number': 0, 'project_id': 'ff84409d9cd64010b50185f4f2cdb80c'}, Router: {'id': '890bb3cc-e488-4c02-b884-a51f661ae135', 'name': 'tempest-ImagesOneServerTestJSON-1362697256-router', 'tenant_id': 'ff84409d9cd64010b50185f4f2cdb80c', 'admin_state_up': True, 'status': 'ACTIVE', 'external_gateway_info': {'network_id': '3753d3ec-79ab-4536-a8b6-e64d5a10ef41', 'external_fixed_ips': [{'subnet_id': '4e4d19dd-da82-4130-876d-22d3c70eca1f', 'ip_address': '10.180.180.219'}], 'enable_snat': True}, 'description': '', 'availability_zones': [], 'distributed': False, 'ha': False, 'availability_zone_hints': [], 'routes': [], 'flavor_id': None, 'tags': [], 'created_at': '2025-11-21T12:45:45Z', 'updated_at': '2025-11-21T12:45:46Z', 'revision_number': 2, 'project_id': 'ff84409d9cd64010b50185f4f2cdb80c'}
2025-11-21 12:45:48.759 66187 INFO tempest.lib.common.rest_client [req-38354aa2-3a83-4aea-abfe-f423e0f74229 req-38354aa2-3a83-4aea-abfe-f423e0f74229 ] Request (ServerDiagnosticsTest:tearDownClass): 200 GET http://10.180.1.21/compute/v2.1/servers/dd56397a-f0f9-4f4d-b40b-171a8ed1c176 4.659s
2025-11-21 12:45:48.844 66221 INFO tempest.lib.common.rest_client [req-d37cceac-5192-45d8-8002-72ac81cab383 req-d37cceac-5192-45d8-8002-72ac81cab383 ] Request (HostsAdminNegativeTestJSON:tearDownClass): 200 GET http://10.180.1.21/networking/v2.0/security-groups?tenant_id=59e7f18ecbc7408a894b126840ab37c8&name=default 0.698s
2025-11-21 12:45:48.852 66189 INFO tempest.lib.common.rest_client [req-58aa4112-f0a6-4133-81d7-61dd77ce407c req-58aa4112-f0a6-4133-81d7-61dd77ce407c ] Request (ImagesOneServerTestJSON:setUpClass): 201 POST http://10.180.1.21/identity/v3/auth/tokens 0.114s
2025-11-21 12:45:48.883 66189 INFO tempest.lib.common.rest_client [req-886cb76f-19eb-4087-abbb-ad165b4d3661 req-886cb76f-19eb-4087-abbb-ad165b4d3661 ] Request (ImagesOneServerTestJSON:setUpClass): 201 POST http://10.180.1.21/identity/v3/auth/tokens 0.027s
2025-11-21 12:45:48.883 66189 INFO tempest.lib.common.fixed_network [-] (ImagesOneServerTestJSON:setUpClass) Found network {'id': '5181a5dc-223c-4426-bb23-607784f3eefe', 'name': 'tempest-ImagesOneServerTestJSON-1362697256-network', 'tenant_id': 'ff84409d9cd64010b50185f4f2cdb80c', 'project_id': 'ff84409d9cd64010b50185f4f2cdb80c', 'admin_state_up': True, 'mtu': 8950, 'status': 'ACTIVE', 'subnets': [], 'shared': False, 'port_security_enabled': True, 'router:external': False, 'provider:network_type': 'vlan', 'provider:physical_network': 'default', 'provider:segmentation_id': 211, 'availability_zone_hints': [], 'availability_zones': [], 'ipv4_address_scope': None, 'ipv6_address_scope': None, 'description': '', 'tags': [], 'created_at': '2025-11-21T12:45:45Z', 'updated_at': '2025-11-21T12:45:45Z', 'revision_number': 1} available for tenant
2025-11-21 12:45:48.904 66213 INFO tempest.lib.common.rest_client [req-a9dca2c3-8761-441d-8eba-afd60566c554 req-a9dca2c3-8761-441d-8eba-afd60566c554 ] Request (TenantUsagesTestJSON:tearDownClass): 200 GET http://10.180.1.21/compute/v2.1/servers/c43b7a8f-ebce-4a2f-aa14-11f5c6f18cea 4.235s
2025-11-21 12:45:48.984 66227 INFO tempest.lib.common.rest_client [req-7324e2d9-647f-4c2b-a6d8-3bdde29a004a req-7324e2d9-647f-4c2b-a6d8-3bdde29a004a ] Request (ImagesNegativeTestJSON:test_create_image_from_deleted_server): 204 DELETE http://10.180.1.21/compute/v2.1/servers/616bbc7d-f52d-4cdd-bdd2-7eef9878109c 4.098s
2025-11-21 12:45:49.067 66221 INFO tempest.lib.common.rest_client [req-bede012a-6549-43a9-8d53-69d479c67976 req-bede012a-6549-43a9-8d53-69d479c67976 ] Request (HostsAdminNegativeTestJSON:tearDownClass): 204 DELETE http://10.180.1.21/networking/v2.0/security-groups/be900784-4b86-4d28-96ba-12524a2bb723 0.222s
2025-11-21 12:45:49.161 66239 INFO tempest.lib.common.rest_client [req-71513ed2-65eb-41a2-b0bd-e74bc40513f6 req-71513ed2-65eb-41a2-b0bd-e74bc40513f6 ] Request (VolumesAssistedSnapshotsTest:test_volume_assisted_snapshot_create_delete): 200 GET http://10.180.1.21/compute/v2.1/servers/1eab0b25-ccdf-4d79-994c-04298613ec82 4.465s
2025-11-21 12:45:49.220 66221 INFO tempest.lib.common.rest_client [req-b61b025e-2fbf-43a3-a357-36bf16830e37 req-b61b025e-2fbf-43a3-a357-36bf16830e37 ] Request (HostsAdminNegativeTestJSON:tearDownClass): 204 DELETE http://10.180.1.21/identity/v3/projects/59e7f18ecbc7408a894b126840ab37c8 0.153s
2025-11-21 12:45:49.310 66221 INFO tempest.lib.common.rest_client [req-46d5ee86-b9d6-479f-81af-a379254558e6 req-46d5ee86-b9d6-479f-81af-a379254558e6 ] Request (SecurityGroupsTestJSON:setUpClass): 201 POST http://10.180.1.21/identity/v3/auth/tokens 0.088s
2025-11-21 12:45:49.344 66221 INFO tempest.lib.common.rest_client [req-ee7507ed-1d95-4229-a44b-fd5e276e1253 req-ee7507ed-1d95-4229-a44b-fd5e276e1253 ] Request (SecurityGroupsTestJSON:setUpClass): 201 POST http://10.180.1.21/identity/v3/auth/tokens 0.030s
2025-11-21 12:45:49.378 66221 INFO tempest.lib.common.rest_client [req-b800d226-020c-4f7e-bb71-36a676574e40 req-b800d226-020c-4f7e-bb71-36a676574e40 ] Request (SecurityGroupsTestJSON:setUpClass): 200 GET http://10.180.1.21/identity/v3/domains?name=Default 0.033s
2025-11-21 12:45:49.415 66221 INFO tempest.lib.common.rest_client [req-2f156dba-efac-4165-aa22-b2d0d0a51ea8 req-2f156dba-efac-4165-aa22-b2d0d0a51ea8 ] Request (SecurityGroupsTestJSON:setUpClass): 201 POST http://10.180.1.21/identity/v3/projects 0.036s
2025-11-21 12:45:49.415 66224 INFO tempest.lib.common.rest_client [req-fa18fd71-6791-453d-9975-2c1b0a9f8536 req-fa18fd71-6791-453d-9975-2c1b0a9f8536 ] Request (ServersAdminNegativeTestJSON:test_migrate_server_invalid_state): 200 GET http://10.180.1.21/compute/v2.1/servers/da0ee9c7-5148-4a17-bcc6-4802049d449e 4.358s
2025-11-21 12:45:49.424 66224 INFO tempest.common.waiters [-] State transition "BUILD/None" ==> "BUILD/spawning" after 16 second wait
2025-11-21 12:45:49.431 66181 INFO tempest.lib.common.rest_client [req-11488ab0-9a92-4546-b818-00ec5aafd1d7 req-11488ab0-9a92-4546-b818-00ec5aafd1d7 ] Request (KeyPairsV210TestJSON:test_admin_manage_keypairs_for_other_users): 200 GET http://10.180.1.21/compute/v2.1/os-keypairs/tempest-keypair-1821015735?user_id=6492681dfa59411d81e24e775dbe7f12 4.262s
2025-11-21 12:45:49.487 66221 INFO tempest.lib.common.rest_client [req-29779f9a-5413-4de1-912d-54bc05353801 req-29779f9a-5413-4de1-912d-54bc05353801 ] Request (SecurityGroupsTestJSON:setUpClass): 201 POST http://10.180.1.21/identity/v3/users 0.072s
2025-11-21 12:45:49.513 66221 INFO tempest.lib.common.rest_client [req-138f188d-d609-481d-8f28-108e6549375e req-138f188d-d609-481d-8f28-108e6549375e ] Request (SecurityGroupsTestJSON:setUpClass): 200 GET http://10.180.1.21/identity/v3/roles 0.025s
2025-11-21 12:45:49.550 66221 INFO tempest.lib.common.rest_client [req-a83c3d6e-8c4a-4562-8a0b-408deb16408c req-a83c3d6e-8c4a-4562-8a0b-408deb16408c ] Request (SecurityGroupsTestJSON:setUpClass): 204 PUT http://10.180.1.21/identity/v3/projects/5e7cec8689394cd99b567ccbf688c208/users/9295f254b7ac4627beab0aa180821613/roles/85d2aa0347e64c86bf8cf95bef9080f1 0.036s
2025-11-21 12:45:49.550 66221 INFO tempest.lib.common.dynamic_creds [-] Dynamic test user 9295f254b7ac4627beab0aa180821613 is created with scope project and roles: ['member']
2025-11-21 12:45:49.550 66221 INFO tempest.lib.common.dynamic_creds [-] Acquired dynamic creds: credentials: Credentials: {'domain_id': 'default', 'domain_name': 'Default', 'username': 'tempest-SecurityGroupsTestJSON-1736033116-project-member', 'project_domain_id': 'default', 'project_domain_name': 'Default', 'project_id': '5e7cec8689394cd99b567ccbf688c208', 'project_name': 'tempest-SecurityGroupsTestJSON-1736033116', 'tenant_id': '5e7cec8689394cd99b567ccbf688c208', 'tenant_name': 'tempest-SecurityGroupsTestJSON-1736033116', 'user_domain_id': 'default', 'user_domain_name': 'Default', 'user_id': '9295f254b7ac4627beab0aa180821613', 'system': None}, Network: None, Subnet: None, Router: None
2025-11-21 12:45:49.637 66221 INFO tempest.lib.common.rest_client [req-6b08ee52-2c87-4b26-93a0-5b3856e6afd6 req-6b08ee52-2c87-4b26-93a0-5b3856e6afd6 ] Request (SecurityGroupsTestJSON:setUpClass): 201 POST http://10.180.1.21/identity/v3/auth/tokens 0.086s
2025-11-21 12:45:49.792 66231 INFO tempest.lib.common.rest_client [req-08beedca-f774-4959-9609-70e90b9c102c req-08beedca-f774-4959-9609-70e90b9c102c ] Request (MigrationsAdminTest:test_list_migrations_in_flavor_resize_situation): 200 GET http://10.180.1.21/compute/v2.1/servers/5df4d97a-fa21-4fc7-94ed-3f3468e5a87b 4.496s
2025-11-21 12:45:49.999 66185 INFO tempest.lib.common.rest_client [req-8cb3b0d2-7faf-4e3f-b372-0d514a8fc081 req-8cb3b0d2-7faf-4e3f-b372-0d514a8fc081 ] Request (QuotasAdminTestV257:test_get_updated_quotas): 200 PUT http://10.180.1.21/compute/v2.1/os-quota-sets/d834f49d347640048ec9f7bb70878c70?user_id=978259a984594e7490112422730e9383 4.553s
2025-11-21 12:45:50.089 66221 INFO tempest.lib.common.rest_client [req-a0782867-6781-4503-8b92-b198bb1b08cb req-a0782867-6781-4503-8b92-b198bb1b08cb ] Request (SecurityGroupsTestJSON:setUpClass): 201 POST http://10.180.1.21/networking/v2.0/networks 0.452s
2025-11-21 12:45:50.209 66177 INFO tempest.lib.common.rest_client [req-d61d9608-dfde-4300-b2fb-2566386361ee req-d61d9608-dfde-4300-b2fb-2566386361ee ] Request (ServersTestFqdnHostnames:test_create_server_with_fqdn_name): 202 POST http://10.180.1.21/compute/v2.1/servers 5.304s
2025-11-21 12:45:50.488 66221 INFO tempest.lib.common.rest_client [req-ac71b268-3c02-4c9a-b5fd-d53149056abf req-ac71b268-3c02-4c9a-b5fd-d53149056abf ] Request (SecurityGroupsTestJSON:setUpClass): 201 POST http://10.180.1.21/networking/v2.0/subnets 0.398s
2025-11-21 12:45:50.562 66229 INFO tempest.lib.common.rest_client [req-822d4808-19de-4ac6-a724-233537b75daf req-822d4808-19de-4ac6-a724-233537b75daf ] Request (ServerExternalEventsTest:test_create_server_external_events): 200 GET http://10.180.1.21/compute/v2.1/servers/6b5743db-ce9e-49d9-b694-dddb9c82e80d 5.114s
2025-11-21 12:45:50.584 66199 INFO tempest.lib.common.rest_client [req-99096624-8a4a-427d-87d4-f3a473c59790 req-99096624-8a4a-427d-87d4-f3a473c59790 ] Request (FlavorsAccessNegativeTestJSON:test_flavor_non_admin_remove): 200 POST http://10.180.1.21/compute/v2.1/flavors 4.831s
2025-11-21 12:45:50.628 66235 INFO tempest.lib.common.rest_client [req-1f0ad3e0-3d8f-41d8-bf5e-75c1c74e9a57 req-1f0ad3e0-3d8f-41d8-bf5e-75c1c74e9a57 ] Request (ServicesAdminNegativeTestJSON:test_get_service_with_valid_service_and_invalid_host): 200 GET http://10.180.1.21/compute/v2.1/os-services 4.843s
2025-11-21 12:45:50.693 66217 INFO tempest.lib.common.rest_client [req-e6bdf34d-fb72-4e14-bae5-9371c0ba371a req-e6bdf34d-fb72-4e14-bae5-9371c0ba371a ] Request (VolumesGetTestJSON:test_volume_create_get_delete): 200 GET http://10.180.1.21/compute/v2.1/os-volumes/5f488498-2eef-4ee1-9f5d-6b5530a22383 4.855s
2025-11-21 12:45:50.729 66225 INFO tempest.lib.common.rest_client [req-6d8f6fd3-c08b-463e-8389-7850708d68d6 req-6d8f6fd3-c08b-463e-8389-7850708d68d6 ] Request (FlavorsAdminTestJSON:_run_cleanups): 200 GET http://10.180.1.21/compute/v2.1/flavors/detail 4.874s
2025-11-21 12:45:51.016 66219 INFO tempest.lib.common.rest_client [req-4b8007fc-df21-4bfa-84fa-56dfdac8de30 req-4b8007fc-df21-4bfa-84fa-56dfdac8de30 ] Request (ServersAdmin275Test:test_rebuild_update_server_275): 202 POST http://10.180.1.21/compute/v2.1/servers/f7e9ad55-72c8-40f2-b4c1-79d9976fb61f/action 5.282s
2025-11-21 12:45:51.036 66191 INFO tempest.lib.common.rest_client [req-22e96e75-b8c6-46a7-b081-a8ef13d93b02 req-22e96e75-b8c6-46a7-b081-a8ef13d93b02 ] Request (FlavorsV2TestJSON:test_list_flavors_filter_by_min_disk): 200 GET http://10.180.1.21/compute/v2.1/flavors?minDisk=2 5.098s
2025-11-21 12:45:51.394 66221 INFO tempest.lib.common.rest_client [req-c9219667-f9ff-4801-afdb-3fd2c13e4117 req-c9219667-f9ff-4801-afdb-3fd2c13e4117 ] Request (SecurityGroupsTestJSON:setUpClass): 201 POST http://10.180.1.21/networking/v2.0/routers 0.906s
2025-11-21 12:45:51.446 66208 INFO tempest.lib.common.rest_client [req-28c0f095-bf1c-4b98-aedd-32ba91b7b771 req-28c0f095-bf1c-4b98-aedd-32ba91b7b771 ] Request (ServersWithSpecificFlavorTestJSON:test_verify_created_server_ephemeral_disk): 200 GET http://10.180.1.21/compute/v2.1/servers/dd95595b-1eb3-4af7-a1ca-77c1cff24ac5 5.532s
2025-11-21 12:45:51.454 66208 INFO tempest.common.waiters [-] State transition "BUILD/None" ==> "BUILD/spawning" after 17 second wait
2025-11-21 12:45:52.326 66221 INFO tempest.lib.common.rest_client [req-9dac79a6-6570-491b-8dfd-3dd30f0ff258 req-9dac79a6-6570-491b-8dfd-3dd30f0ff258 ] Request (SecurityGroupsTestJSON:setUpClass): 200 PUT http://10.180.1.21/networking/v2.0/routers/5f900e8e-d31c-46ae-a84a-710f90d60d0b/add_router_interface 0.931s
2025-11-21 12:45:52.326 66221 INFO tempest.lib.common.dynamic_creds [-] Created isolated network resources for: credentials: Credentials: {'domain_id': 'default', 'domain_name': 'Default', 'username': 'tempest-SecurityGroupsTestJSON-1736033116-project-member', 'project_domain_id': 'default', 'project_domain_name': 'Default', 'project_id': '5e7cec8689394cd99b567ccbf688c208', 'project_name': 'tempest-SecurityGroupsTestJSON-1736033116', 'tenant_id': '5e7cec8689394cd99b567ccbf688c208', 'tenant_name': 'tempest-SecurityGroupsTestJSON-1736033116', 'user_domain_id': 'default', 'user_domain_name': 'Default', 'user_id': '9295f254b7ac4627beab0aa180821613', 'system': None}, Network: {'id': '8f9a0ae5-1747-4701-b2a6-2ddb5f61e77c', 'name': 'tempest-SecurityGroupsTestJSON-802804755-network', 'tenant_id': '5e7cec8689394cd99b567ccbf688c208', 'project_id': '5e7cec8689394cd99b567ccbf688c208', 'admin_state_up': True, 'mtu': 8950, 'status': 'ACTIVE', 'subnets': [], 'shared': False, 'port_security_enabled': True, 'router:external': False, 'provider:network_type': 'vlan', 'provider:physical_network': 'default', 'provider:segmentation_id': 954, 'availability_zone_hints': [], 'availability_zones': [], 'ipv4_address_scope': None, 'ipv6_address_scope': None, 'description': '', 'tags': [], 'created_at': '2025-11-21T12:45:50Z', 'updated_at': '2025-11-21T12:45:50Z', 'revision_number': 1}, Subnet: {'id': '82a07db9-336d-4ac0-ab15-c436ade7aa09', 'name': 'tempest-SecurityGroupsTestJSON-802804755-subnet', 'tenant_id': '5e7cec8689394cd99b567ccbf688c208', 'network_id': '8f9a0ae5-1747-4701-b2a6-2ddb5f61e77c', 'ip_version': 4, 'subnetpool_id': None, 'enable_dhcp': True, 'ipv6_ra_mode': None, 'ipv6_address_mode': None, 'gateway_ip': '192.168.128.1', 'cidr': '192.168.128.0/28', 'allocation_pools': [{'start': '192.168.128.2', 'end': '192.168.128.14'}], 'host_routes': [], 'dns_nameservers': [], 'description': '', 'router:external': False, 'service_types': [], 'tags': [], 'created_at': '2025-11-21T12:45:50Z', 'updated_at': '2025-11-21T12:45:50Z', 'revision_number': 0, 'project_id': '5e7cec8689394cd99b567ccbf688c208'}, Router: {'id': '5f900e8e-d31c-46ae-a84a-710f90d60d0b', 'name': 'tempest-SecurityGroupsTestJSON-802804755-router', 'tenant_id': '5e7cec8689394cd99b567ccbf688c208', 'admin_state_up': True, 'status': 'ACTIVE', 'external_gateway_info': {'network_id': '3753d3ec-79ab-4536-a8b6-e64d5a10ef41', 'external_fixed_ips': [{'subnet_id': '4e4d19dd-da82-4130-876d-22d3c70eca1f', 'ip_address': '10.180.180.250'}], 'enable_snat': True}, 'description': '', 'availability_zones': [], 'distributed': False, 'ha': False, 'availability_zone_hints': [], 'routes': [], 'flavor_id': None, 'tags': [], 'created_at': '2025-11-21T12:45:50Z', 'updated_at': '2025-11-21T12:45:51Z', 'revision_number': 2, 'project_id': '5e7cec8689394cd99b567ccbf688c208'}
2025-11-21 12:45:52.405 66221 INFO tempest.lib.common.rest_client [req-b7fa9452-5ab7-42b5-ac0e-ef69d9fb9320 req-b7fa9452-5ab7-42b5-ac0e-ef69d9fb9320 ] Request (SecurityGroupsTestJSON:setUpClass): 201 POST http://10.180.1.21/identity/v3/auth/tokens 0.076s
2025-11-21 12:45:52.443 66212 INFO tempest.lib.common.rest_client [req-4c68161d-6bed-461a-be51-5b78dfb6380b req-4c68161d-6bed-461a-be51-5b78dfb6380b ] Request (FloatingIPsAssociationTestJSON:test_associate_already_associated_floating_ip): 200 GET http://10.180.1.21/compute/v2.1/servers/0b13d9bd-4a3b-44e6-806d-f59d5bad102b 6.303s
2025-11-21 12:45:52.454 66212 INFO tempest.common.waiters [-] State transition "BUILD/None" ==> "BUILD/spawning" after 18 second wait
2025-11-21 12:45:52.456 66215 INFO tempest.lib.common.rest_client [req-f5b14440-e045-4542-a41f-dd71fac429e3 req-f5b14440-e045-4542-a41f-dd71fac429e3 ] Request (ServerDiagnosticsNegativeTest:test_get_server_diagnostics_by_non_admin): 200 GET http://10.180.1.21/compute/v2.1/servers/14528d52-9322-4450-b2f4-791c261b99f2 5.522s
2025-11-21 12:45:52.469 66209 INFO tempest.lib.common.rest_client [req-c899bab0-f76d-482d-b2ad-0a0ca17b385c req-c899bab0-f76d-482d-b2ad-0a0ca17b385c ] Request (AggregatesAdminNegativeTestJSON:test_aggregate_create_with_existent_aggregate_name): 409 POST http://10.180.1.21/compute/v2.1/os-aggregates 4.523s
2025-11-21 12:45:52.553 66179 INFO tempest.lib.common.rest_client [req-2b53e8b6-9c96-42ab-943f-f922e2452a2d req-2b53e8b6-9c96-42ab-943f-f922e2452a2d ] Request (TenantUsagesNegativeTestJSON:test_list_usage_all_tenants_with_non_admin_user): 403 GET http://10.180.1.21/compute/v2.1/os-simple-tenant-usage?start=2025-11-20T12%3A45%3A39.334179&end=2025-11-22T12%3A45%3A39.334179&detailed=1 4.596s
2025-11-21 12:45:52.581 66203 INFO tempest.lib.common.rest_client [req-424f013f-d9ab-4f6c-af58-020d7f1a145f req-424f013f-d9ab-4f6c-af58-020d7f1a145f ] Request (ServersTestJSON:setUpClass): 200 POST http://10.180.1.21/compute/v2.1/os-keypairs 5.133s
2025-11-21 12:45:52.608 66201 INFO tempest.lib.common.rest_client [req-d61778dd-9a54-4685-b671-ec1870184b2d req-d61778dd-9a54-4685-b671-ec1870184b2d ] Request (ImagesMetadataNegativeTestJSON:test_list_nonexistent_image_metadata): 404 GET http://10.180.1.21/compute/v2.1/images/2e17a171-4f3a-4c3e-9671-8224b1c00668/metadata 4.447s
2025-11-21 12:45:52.704 66179 INFO tempest.lib.common.rest_client [req-36a67f86-38bf-4f1b-ad41-4b61a01d689a req-36a67f86-38bf-4f1b-ad41-4b61a01d689a ] Request (TenantUsagesNegativeTestJSON:tearDownClass): 204 DELETE http://10.180.1.21/identity/v3/users/f96d2f26230043aeb6eb8844376b2ee5 0.146s
2025-11-21 12:45:52.858 66179 INFO tempest.lib.common.rest_client [req-966616b2-d40c-499e-a72b-bd7ec31d8ddd req-966616b2-d40c-499e-a72b-bd7ec31d8ddd ] Request (TenantUsagesNegativeTestJSON:tearDownClass): 204 DELETE http://10.180.1.21/identity/v3/users/5beb26cd61464c29a1c64a30184b16c4 0.153s
2025-11-21 12:45:52.858 66179 INFO tempest.lib.common.dynamic_creds [-] Deleting project and security group for project: 8cac6eafe7eb47ca9d1c7179ff4768af
2025-11-21 12:45:52.920 66179 INFO tempest.lib.common.rest_client [req-f90f42c8-2fdf-426b-ae7f-db14ff5643c8 req-f90f42c8-2fdf-426b-ae7f-db14ff5643c8 ] Request (TenantUsagesNegativeTestJSON:tearDownClass): 201 POST http://10.180.1.21/identity/v3/auth/tokens 0.062s
2025-11-21 12:45:52.932 66203 INFO tempest.lib.common.rest_client [req-f9819b18-1381-40cc-afaf-26ae26a5de5a req-f9819b18-1381-40cc-afaf-26ae26a5de5a ] Request (ServersTestJSON:setUpClass): 201 POST http://10.180.1.21/networking/v2.0/security-groups 0.349s
2025-11-21 12:45:53.035 66183 INFO tempest.lib.common.rest_client [req-b3b5a390-1b90-4ec0-868d-3d2f2eb92ef3 req-b3b5a390-1b90-4ec0-868d-3d2f2eb92ef3 ] Request (ImagesTestJSON:test_create_image_from_stopped_server): 200 GET http://10.180.1.21/compute/v2.1/servers/5b918903-c867-4b35-84b9-670a920622f9 4.898s
2025-11-21 12:45:53.166 66203 INFO tempest.lib.common.rest_client [req-eeda1f9b-7fd4-4bbd-9675-189ce22699e3 req-eeda1f9b-7fd4-4bbd-9675-189ce22699e3 ] Request (ServersTestJSON:setUpClass): 201 POST http://10.180.1.21/networking/v2.0/security-group-rules 0.234s
2025-11-21 12:45:53.223 66179 INFO tempest.lib.common.rest_client [req-a48b48f1-583f-4379-85c4-4914aa9abc39 req-a48b48f1-583f-4379-85c4-4914aa9abc39 ] Request (TenantUsagesNegativeTestJSON:tearDownClass): 200 GET http://10.180.1.21/networking/v2.0/security-groups?tenant_id=8cac6eafe7eb47ca9d1c7179ff4768af&name=default 0.303s
2025-11-21 12:45:53.225 66233 INFO tempest.lib.common.rest_client [req-54978b4b-76db-463f-b6bb-305ac17c3909 req-54978b4b-76db-463f-b6bb-305ac17c3909 ] Request (InstanceActionsTestJSON:setUpClass): 200 GET http://10.180.1.21/compute/v2.1/servers/860b616f-e3b8-48c0-a16e-92f721e80617 4.404s
2025-11-21 12:45:53.236 66233 INFO tempest.common.waiters [-] State transition "BUILD/spawning" ==> "ACTIVE/None" after 33 second wait
2025-11-21 12:45:53.337 66203 INFO tempest.lib.common.rest_client [req-57c08ef6-5145-4649-994c-c4be14d86d00 req-57c08ef6-5145-4649-994c-c4be14d86d00 ] Request (ServersTestJSON:setUpClass): 201 POST http://10.180.1.21/networking/v2.0/security-group-rules 0.170s
2025-11-21 12:45:53.386 66179 INFO tempest.lib.common.rest_client [req-0558dc90-1c00-479f-9624-c0cf80447925 req-0558dc90-1c00-479f-9624-c0cf80447925 ] Request (TenantUsagesNegativeTestJSON:tearDownClass): 204 DELETE http://10.180.1.21/networking/v2.0/security-groups/4e2fd3cb-236f-47a2-8a4a-392cfd90260f 0.162s
2025-11-21 12:45:53.457 66179 INFO tempest.lib.common.rest_client [req-2322209f-807d-4ae0-9517-2c3ef76a5bdf req-2322209f-807d-4ae0-9517-2c3ef76a5bdf ] Request (TenantUsagesNegativeTestJSON:tearDownClass): 204 DELETE http://10.180.1.21/identity/v3/projects/8cac6eafe7eb47ca9d1c7179ff4768af 0.069s
2025-11-21 12:45:53.457 66179 INFO tempest.lib.common.dynamic_creds [-] Deleting project and security group for project: 4bf52397d7414e1dbd909e0127967873
2025-11-21 12:45:53.643 66179 INFO tempest.lib.common.rest_client [req-80164771-e57e-4b9d-a3ac-76005c3ad2c8 req-80164771-e57e-4b9d-a3ac-76005c3ad2c8 ] Request (TenantUsagesNegativeTestJSON:tearDownClass): 200 GET http://10.180.1.21/networking/v2.0/security-groups?tenant_id=4bf52397d7414e1dbd909e0127967873&name=default 0.186s
2025-11-21 12:45:53.695 66237 INFO tempest.lib.common.rest_client [req-696e2a31-57a2-44b4-a77d-63b8ce390196 req-696e2a31-57a2-44b4-a77d-63b8ce390196 ] Request (ServerActionsTestOtherA:setUpClass): 200 GET http://10.180.1.21/compute/v2.1/servers/60ca31bd-8d4d-45d2-bfad-428a6074199c 4.760s
2025-11-21 12:45:53.927 66179 INFO tempest.lib.common.rest_client [req-9df82742-2471-43bc-b01c-aa063421a87c req-9df82742-2471-43bc-b01c-aa063421a87c ] Request (TenantUsagesNegativeTestJSON:tearDownClass): 204 DELETE http://10.180.1.21/networking/v2.0/security-groups/9a69224e-a154-42c8-99e4-dfc0888d7a37 0.283s
2025-11-21 12:45:53.934 66203 INFO tempest.lib.common.rest_client [req-2edf92c9-ec3c-4bf0-9077-4a61575b5078 req-2edf92c9-ec3c-4bf0-9077-4a61575b5078 ] Request (ServersTestJSON:setUpClass): 201 POST http://10.180.1.21/networking/v2.0/floatingips 0.596s
2025-11-21 12:45:53.961 66227 INFO tempest.lib.common.rest_client [req-8d68bb58-6a48-43ae-aa39-9d218fd60bb5 req-8d68bb58-6a48-43ae-aa39-9d218fd60bb5 ] Request (ImagesNegativeTestJSON:test_create_image_from_deleted_server): 200 GET http://10.180.1.21/compute/v2.1/servers/616bbc7d-f52d-4cdd-bdd2-7eef9878109c 4.977s
2025-11-21 12:45:54.002 66203 INFO tempest.lib.common.rest_client [req-a53bf3d7-f978-4267-a701-bbcd2832688c req-a53bf3d7-f978-4267-a701-bbcd2832688c ] Request (ServersTestJSON:setUpClass): 201 POST http://10.180.1.21/identity/v3/auth/tokens 0.065s
2025-11-21 12:45:54.002 66203 INFO tempest.lib.common.fixed_network [-] (ServersTestJSON:setUpClass) Found network {'id': 'caae2b35-f6f0-4e2b-8150-7e0ab241f5ff', 'name': 'tempest-ServersTestJSON-319752866-network', 'tenant_id': '193fd23482df4695b2f5a451ed5b4951', 'project_id': '193fd23482df4695b2f5a451ed5b4951', 'admin_state_up': True, 'mtu': 8950, 'status': 'ACTIVE', 'subnets': [], 'shared': False, 'port_security_enabled': True, 'router:external': False, 'provider:network_type': 'vlan', 'provider:physical_network': 'default', 'provider:segmentation_id': 401, 'availability_zone_hints': [], 'availability_zones': [], 'ipv4_address_scope': None, 'ipv6_address_scope': None, 'description': '', 'tags': [], 'created_at': '2025-11-21T12:45:44Z', 'updated_at': '2025-11-21T12:45:44Z', 'revision_number': 1} available for tenant
2025-11-21 12:45:54.012 66181 INFO tempest.lib.common.rest_client [req-cdc2fc3d-d4e7-4ab2-988e-1eb196061531 req-cdc2fc3d-d4e7-4ab2-988e-1eb196061531 ] Request (KeyPairsV210TestJSON:test_admin_manage_keypairs_for_other_users): 201 POST http://10.180.1.21/compute/v2.1/os-keypairs 4.575s
2025-11-21 12:45:54.041 66193 INFO tempest.lib.common.rest_client [req-0e031342-905a-4b4f-9721-51ebac62e75a req-0e031342-905a-4b4f-9721-51ebac62e75a ] Request (DeleteServersAdminTestJSON:test_admin_delete_servers_of_others): 404 GET http://10.180.1.21/compute/v2.1/servers/a814d2d1-2c54-4b4d-8d47-a5f4ede46674 4.337s
2025-11-21 12:45:54.065 66187 INFO tempest.lib.common.rest_client [req-e79ea0a3-c796-463c-ac8b-b6d10e0de085 req-e79ea0a3-c796-463c-ac8b-b6d10e0de085 ] Request (ServerDiagnosticsTest:tearDownClass): 404 GET http://10.180.1.21/compute/v2.1/servers/dd56397a-f0f9-4f4d-b40b-171a8ed1c176 4.295s
2025-11-21 12:45:54.078 66179 INFO tempest.lib.common.rest_client [req-f92656db-e10d-47b1-b404-a517884e61b8 req-f92656db-e10d-47b1-b404-a517884e61b8 ] Request (TenantUsagesNegativeTestJSON:tearDownClass): 204 DELETE http://10.180.1.21/identity/v3/projects/4bf52397d7414e1dbd909e0127967873 0.151s
2025-11-21 12:45:54.124 66193 INFO tempest.lib.common.rest_client [req-c851ab7a-4fc0-49a8-b1d6-16fdde8c3870 req-c851ab7a-4fc0-49a8-b1d6-16fdde8c3870 ] Request (DeleteServersAdminTestJSON:test_delete_server_while_in_error_state): 201 POST http://10.180.1.21/identity/v3/auth/tokens 0.071s
2025-11-21 12:45:54.124 66193 INFO tempest.lib.common.fixed_network [-] (DeleteServersAdminTestJSON:test_delete_server_while_in_error_state) Found network None available for tenant
2025-11-21 12:45:54.144 66213 INFO tempest.lib.common.rest_client [req-c53da65d-7d06-408d-a137-277aee621095 req-c53da65d-7d06-408d-a137-277aee621095 ] Request (TenantUsagesTestJSON:tearDownClass): 200 GET http://10.180.1.21/compute/v2.1/servers/c43b7a8f-ebce-4a2f-aa14-11f5c6f18cea 4.233s
2025-11-21 12:45:54.152 66179 INFO tempest.lib.common.rest_client [req-dde89216-99d4-4edc-88e1-8aaecbb4c5fd req-dde89216-99d4-4edc-88e1-8aaecbb4c5fd ] Request (ListImagesTestJSON:setUpClass): 201 POST http://10.180.1.21/identity/v3/auth/tokens 0.072s
2025-11-21 12:45:54.159 66189 INFO tempest.lib.common.rest_client [req-76e7ff9e-0147-4713-98d1-65d0a8832bb1 req-76e7ff9e-0147-4713-98d1-65d0a8832bb1 ] Request (ImagesOneServerTestJSON:setUpClass): 202 POST http://10.180.1.21/compute/v2.1/servers 5.275s
2025-11-21 12:45:54.218 66187 INFO tempest.lib.common.rest_client [req-d8462f83-90c8-4549-852b-39d5d7ee4757 req-d8462f83-90c8-4549-852b-39d5d7ee4757 ] Request (ServerDiagnosticsTest:tearDownClass): 204 DELETE http://10.180.1.21/identity/v3/users/7b3cc6ab227147b994ae00cf6436868d 0.152s
2025-11-21 12:45:54.282 66179 INFO tempest.lib.common.rest_client [req-1364a265-a552-47e1-acdf-905effc3fb6b req-1364a265-a552-47e1-acdf-905effc3fb6b ] Request (ListImagesTestJSON:setUpClass): 201 POST http://10.180.1.21/identity/v3/auth/tokens 0.125s
2025-11-21 12:45:54.309 66239 INFO tempest.lib.common.rest_client [req-26f27746-df2e-4b21-b911-cb0b4f33c5ea req-26f27746-df2e-4b21-b911-cb0b4f33c5ea ] Request (VolumesAssistedSnapshotsTest:test_volume_assisted_snapshot_create_delete): 200 GET http://10.180.1.21/compute/v2.1/servers/1eab0b25-ccdf-4d79-994c-04298613ec82 4.133s
2025-11-21 12:45:54.323 66239 INFO tempest.common.waiters [-] State transition "BUILD/spawning" ==> "ACTIVE/None" after 29 second wait
2025-11-21 12:45:54.332 66185 INFO tempest.lib.common.rest_client [req-20188a39-aba0-4b40-a6e5-f215b03c6ff7 req-20188a39-aba0-4b40-a6e5-f215b03c6ff7 ] Request (QuotasAdminTestV257:test_get_updated_quotas): 200 GET http://10.180.1.21/compute/v2.1/os-quota-sets/d834f49d347640048ec9f7bb70878c70?user_id=978259a984594e7490112422730e9383 4.331s
2025-11-21 12:45:54.332 66179 INFO tempest.lib.common.rest_client [req-f75ea0c7-bce9-432e-9e43-a55c011aa74d req-f75ea0c7-bce9-432e-9e43-a55c011aa74d ] Request (ListImagesTestJSON:setUpClass): 200 GET http://10.180.1.21/identity/v3/domains?name=Default 0.050s
2025-11-21 12:45:54.355 66187 INFO tempest.lib.common.rest_client [req-3b452686-4314-45c7-9ce4-63c72b57597c req-3b452686-4314-45c7-9ce4-63c72b57597c ] Request (ServerDiagnosticsTest:tearDownClass): 204 DELETE http://10.180.1.21/identity/v3/users/e9bd7a395dd64f829a6670c11540e050 0.136s
2025-11-21 12:45:54.355 66187 INFO tempest.lib.common.dynamic_creds [-] Deleting project and security group for project: 3ea012bdc8274237a84a355fcaf714bf
2025-11-21 12:45:54.385 66177 INFO tempest.lib.common.rest_client [req-e009fbc2-e9ab-45ab-bfde-d34fca3b51b7 req-e009fbc2-e9ab-45ab-bfde-d34fca3b51b7 ] Request (ServersTestFqdnHostnames:test_create_server_with_fqdn_name): 200 GET http://10.180.1.21/compute/v2.1/servers/949b65e2-2465-4a34-8a5d-0a2f2ff391e4 4.174s
2025-11-21 12:45:54.403 66179 INFO tempest.lib.common.rest_client [req-a82d35d8-9f53-4722-b021-d80b26b65887 req-a82d35d8-9f53-4722-b021-d80b26b65887 ] Request (ListImagesTestJSON:setUpClass): 201 POST http://10.180.1.21/identity/v3/projects 0.069s
2025-11-21 12:45:54.453 66185 INFO tempest.lib.common.rest_client [req-54acb9ca-4fbe-4c1f-bcf7-84eb70e80b45 req-54acb9ca-4fbe-4c1f-bcf7-84eb70e80b45 ] Request (QuotasAdminTestV257:_run_cleanups): 204 DELETE http://10.180.1.21/identity/v3/users/978259a984594e7490112422730e9383 0.119s
2025-11-21 12:45:54.461 66187 INFO tempest.lib.common.rest_client [req-5d7d5f6a-4b70-4afe-959d-a38db28449f0 req-5d7d5f6a-4b70-4afe-959d-a38db28449f0 ] Request (ServerDiagnosticsTest:tearDownClass): 201 POST http://10.180.1.21/identity/v3/auth/tokens 0.105s
2025-11-21 12:45:54.483 66224 INFO tempest.lib.common.rest_client [req-ad9fef90-d637-4fc1-92e7-23b3d6423e72 req-ad9fef90-d637-4fc1-92e7-23b3d6423e72 ] Request (ServersAdminNegativeTestJSON:test_migrate_server_invalid_state): 200 GET http://10.180.1.21/compute/v2.1/servers/da0ee9c7-5148-4a17-bcc6-4802049d449e 4.057s
2025-11-21 12:45:54.510 66235 INFO tempest.lib.common.rest_client [req-9a938743-cd68-44dc-a038-ea2961da7f0a req-9a938743-cd68-44dc-a038-ea2961da7f0a ] Request (ServicesAdminNegativeTestJSON:test_get_service_with_valid_service_and_invalid_host): 200 GET http://10.180.1.21/compute/v2.1/os-services?host=xxx&binary=nova-scheduler 3.879s
2025-11-21 12:45:54.526 66179 INFO tempest.lib.common.rest_client [req-5c00bc05-5820-4284-88ad-a60ab82ec75e req-5c00bc05-5820-4284-88ad-a60ab82ec75e ] Request (ListImagesTestJSON:setUpClass): 201 POST http://10.180.1.21/identity/v3/users 0.122s
2025-11-21 12:45:54.578 66217 INFO tempest.lib.common.rest_client [req-95bf6d9c-94fa-471d-8fd9-87e752871ed1 req-95bf6d9c-94fa-471d-8fd9-87e752871ed1 ] Request (VolumesGetTestJSON:tearDownClass): 202 DELETE http://10.180.1.21/compute/v2.1/os-volumes/5f488498-2eef-4ee1-9f5d-6b5530a22383 3.873s
2025-11-21 12:45:54.621 66225 INFO tempest.lib.common.rest_client [req-3475c10e-6825-45b6-9258-a096760fef88 req-3475c10e-6825-45b6-9258-a096760fef88 ] Request (FlavorsAdminTestJSON:test_create_list_flavor_without_extra_data): 200 POST http://10.180.1.21/compute/v2.1/flavors 3.881s
2025-11-21 12:45:54.626 66185 INFO tempest.lib.common.rest_client [req-ec4932b3-ac27-412d-8d62-377cb81b1e3d req-ec4932b3-ac27-412d-8d62-377cb81b1e3d ] Request (QuotasAdminTestV257:_run_cleanups): 204 DELETE http://10.180.1.21/identity/v3/projects/d834f49d347640048ec9f7bb70878c70 0.172s
2025-11-21 12:45:54.733 66199 INFO tempest.lib.common.rest_client [req-ab2cf370-8012-4c1d-8071-056839ef1d8b req-ab2cf370-8012-4c1d-8071-056839ef1d8b ] Request (FlavorsAccessNegativeTestJSON:test_flavor_non_admin_remove): 200 POST http://10.180.1.21/compute/v2.1/flavors/2085571027/action 4.143s
2025-11-21 12:45:54.816 66187 INFO tempest.lib.common.rest_client [req-4a5fa6d8-4cb6-4d48-8ae8-c7ada37a98d6 req-4a5fa6d8-4cb6-4d48-8ae8-c7ada37a98d6 ] Request (ServerDiagnosticsTest:tearDownClass): 200 GET http://10.180.1.21/networking/v2.0/security-groups?tenant_id=3ea012bdc8274237a84a355fcaf714bf&name=default 0.355s
2025-11-21 12:45:54.833 66179 INFO tempest.lib.common.rest_client [req-387ab489-7dce-44b4-9e6f-7008a75815ce req-387ab489-7dce-44b4-9e6f-7008a75815ce ] Request (ListImagesTestJSON:setUpClass): 200 GET http://10.180.1.21/identity/v3/roles 0.307s
2025-11-21 12:45:54.880 66185 INFO tempest.lib.common.rest_client [req-bfbc522a-550d-4349-b36c-499118cd07ff req-bfbc522a-550d-4349-b36c-499118cd07ff ] Request (QuotasAdminTestV257:tearDownClass): 204 DELETE http://10.180.1.21/identity/v3/users/082de55eecf7473296271456ca8f9f22 0.246s
2025-11-21 12:45:54.896 66219 INFO tempest.lib.common.rest_client [req-5274382d-978e-4b7a-acf4-93b83fbbf320 req-5274382d-978e-4b7a-acf4-93b83fbbf320 ] Request (ServersAdmin275Test:_run_cleanups): 200 GET http://10.180.1.21/compute/v2.1/servers/f7e9ad55-72c8-40f2-b4c1-79d9976fb61f 3.870s
2025-11-21 12:45:54.912 66191 INFO tempest.lib.common.rest_client [req-356c8dc8-eb30-4b26-b6bf-ea1dc7965c90 req-356c8dc8-eb30-4b26-b6bf-ea1dc7965c90 ] Request (FlavorsV2TestJSON:test_list_flavors_filter_by_min_ram): 200 GET http://10.180.1.21/compute/v2.1/flavors/42 3.872s
2025-11-21 12:45:54.918 66231 INFO tempest.lib.common.rest_client [req-050445c6-e3b6-4f3a-b4c9-f9f0cac85756 req-050445c6-e3b6-4f3a-b4c9-f9f0cac85756 ] Request (MigrationsAdminTest:test_list_migrations_in_flavor_resize_situation): 200 GET http://10.180.1.21/compute/v2.1/servers/5df4d97a-fa21-4fc7-94ed-3f3468e5a87b 4.112s
2025-11-21 12:45:54.924 66187 INFO tempest.lib.common.rest_client [req-72ac5c66-d675-4b34-9d82-25fe5095354c req-72ac5c66-d675-4b34-9d82-25fe5095354c ] Request (ServerDiagnosticsTest:tearDownClass): 204 DELETE http://10.180.1.21/networking/v2.0/security-groups/83b31804-1a20-44c0-8875-4d820dbb8e3e 0.108s
2025-11-21 12:45:54.930 66179 INFO tempest.lib.common.rest_client [req-d54f7b3f-1299-40a2-8a7c-ee06b22ebff1 req-d54f7b3f-1299-40a2-8a7c-ee06b22ebff1 ] Request (ListImagesTestJSON:setUpClass): 204 PUT http://10.180.1.21/identity/v3/projects/9eaa211d2b2b43afa115710ea85607dd/users/4742e31c03b24c2a9a335bf27681918b/roles/85d2aa0347e64c86bf8cf95bef9080f1 0.096s
2025-11-21 12:45:54.930 66179 INFO tempest.lib.common.dynamic_creds [-] Dynamic test user 4742e31c03b24c2a9a335bf27681918b is created with scope project and roles: ['member']
2025-11-21 12:45:54.930 66179 INFO tempest.lib.common.dynamic_creds [-] Acquired dynamic creds: credentials: Credentials: {'domain_id': 'default', 'domain_name': 'Default', 'username': 'tempest-ListImagesTestJSON-468311704-project-member', 'project_domain_id': 'default', 'project_domain_name': 'Default', 'project_id': '9eaa211d2b2b43afa115710ea85607dd', 'project_name': 'tempest-ListImagesTestJSON-468311704', 'tenant_id': '9eaa211d2b2b43afa115710ea85607dd', 'tenant_name': 'tempest-ListImagesTestJSON-468311704', 'user_domain_id': 'default', 'user_domain_name': 'Default', 'user_id': '4742e31c03b24c2a9a335bf27681918b', 'system': None}, Network: None, Subnet: None, Router: None
2025-11-21 12:45:54.930 66179 INFO tempest.lib.common.dynamic_creds [-] Created isolated network resources for: credentials: Credentials: {'domain_id': 'default', 'domain_name': 'Default', 'username': 'tempest-ListImagesTestJSON-468311704-project-member', 'project_domain_id': 'default', 'project_domain_name': 'Default', 'project_id': '9eaa211d2b2b43afa115710ea85607dd', 'project_name': 'tempest-ListImagesTestJSON-468311704', 'tenant_id': '9eaa211d2b2b43afa115710ea85607dd', 'tenant_name': 'tempest-ListImagesTestJSON-468311704', 'user_domain_id': 'default', 'user_domain_name': 'Default', 'user_id': '4742e31c03b24c2a9a335bf27681918b', 'system': None}, Network: None, Subnet: None, Router: None
2025-11-21 12:45:55.044 66185 INFO tempest.lib.common.rest_client [req-5d273ff6-65ad-4638-9c3c-32e6349ffa79 req-5d273ff6-65ad-4638-9c3c-32e6349ffa79 ] Request (QuotasAdminTestV257:tearDownClass): 204 DELETE http://10.180.1.21/identity/v3/users/77be96fcf45b46d2b7ef92bf975ec66d 0.163s
2025-11-21 12:45:55.044 66185 INFO tempest.lib.common.dynamic_creds [-] Deleting project and security group for project: 26a6e26c7c55403daf26226d448cc6da
2025-11-21 12:45:55.048 66187 INFO tempest.lib.common.rest_client [req-78611819-9693-4570-916e-a2c70c01e7f0 req-78611819-9693-4570-916e-a2c70c01e7f0 ] Request (ServerDiagnosticsTest:tearDownClass): 204 DELETE http://10.180.1.21/identity/v3/projects/3ea012bdc8274237a84a355fcaf714bf 0.123s
2025-11-21 12:45:55.048 66187 INFO tempest.lib.common.dynamic_creds [-] Deleting project and security group for project: 90f89cfe513245909520b54e047a2047
2025-11-21 12:45:55.058 66229 INFO tempest.lib.common.rest_client [req-fcb30341-a8cc-4290-98a6-9b4ab24326b5 req-fcb30341-a8cc-4290-98a6-9b4ab24326b5 ] Request (ServerExternalEventsTest:test_create_server_external_events): 200 GET http://10.180.1.21/compute/v2.1/servers/6b5743db-ce9e-49d9-b694-dddb9c82e80d 3.486s
2025-11-21 12:45:55.071 66229 INFO tempest.common.waiters [-] State transition "BUILD/spawning" ==> "ACTIVE/None" after 26 second wait
2025-11-21 12:45:55.136 66179 INFO tempest.lib.common.rest_client [req-c30edcd3-1e97-4df3-b96c-9d5fdc7de3ff req-c30edcd3-1e97-4df3-b96c-9d5fdc7de3ff ] Request (ListImagesTestJSON:setUpClass): 201 POST http://10.180.1.21/identity/v3/auth/tokens 0.203s
2025-11-21 12:45:55.192 66187 INFO tempest.lib.common.rest_client [req-2c98452f-43f4-48a5-a36a-d10f0a718030 req-2c98452f-43f4-48a5-a36a-d10f0a718030 ] Request (ServerDiagnosticsTest:tearDownClass): 200 GET http://10.180.1.21/networking/v2.0/security-groups?tenant_id=90f89cfe513245909520b54e047a2047&name=default 0.144s
2025-11-21 12:45:55.206 66208 INFO tempest.lib.common.rest_client [req-f20ac016-fa85-452f-81d3-f60a8c2624b8 req-f20ac016-fa85-452f-81d3-f60a8c2624b8 ] Request (ServersWithSpecificFlavorTestJSON:test_verify_created_server_ephemeral_disk): 200 GET http://10.180.1.21/compute/v2.1/servers/dd95595b-1eb3-4af7-a1ca-77c1cff24ac5 2.749s
2025-11-21 12:45:55.215 66185 INFO tempest.lib.common.rest_client [req-f844f208-b29c-4498-ab6f-cb15e6ce9210 req-f844f208-b29c-4498-ab6f-cb15e6ce9210 ] Request (QuotasAdminTestV257:tearDownClass): 201 POST http://10.180.1.21/identity/v3/auth/tokens 0.171s
2025-11-21 12:45:55.234 66209 INFO tempest.lib.common.rest_client [req-14553f18-970f-490f-9c5e-75679f227747 req-14553f18-970f-490f-9c5e-75679f227747 ] Request (AggregatesAdminNegativeTestJSON:_run_cleanups): 200 DELETE http://10.180.1.21/compute/v2.1/os-aggregates/4 2.762s
2025-11-21 12:45:55.252 66201 INFO tempest.lib.common.rest_client [req-75c8f8cc-d003-4f2d-870d-9d1b75a1883e req-75c8f8cc-d003-4f2d-870d-9d1b75a1883e ] Request (ImagesMetadataNegativeTestJSON:test_set_nonexistent_image_metadata): 404 PUT http://10.180.1.21/compute/v2.1/images/826a6522-9f0e-49b2-9b40-98d6e2bc51b0/metadata 2.642s
2025-11-21 12:45:55.300 66187 INFO tempest.lib.common.rest_client [req-2703c64d-32a8-4130-856f-4cab51b804d4 req-2703c64d-32a8-4130-856f-4cab51b804d4 ] Request (ServerDiagnosticsTest:tearDownClass): 204 DELETE http://10.180.1.21/networking/v2.0/security-groups/de160e8f-39fc-4d97-971f-443a5a022bf9 0.107s
2025-11-21 12:45:55.333 66221 INFO tempest.lib.common.rest_client [req-10c61b65-1ae2-45a4-be42-38f52c21966f req-10c61b65-1ae2-45a4-be42-38f52c21966f ] Request (SecurityGroupsTestJSON:test_list_security_groups_by_server): 200 POST http://10.180.1.21/compute/v2.1/os-security-groups 2.925s
2025-11-21 12:45:55.382 66233 INFO tempest.lib.common.rest_client [req-325f3271-c16d-4b07-aed3-5a1563c9b464 req-325f3271-c16d-4b07-aed3-5a1563c9b464 ] Request (InstanceActionsTestJSON:test_get_instance_action): 200 GET http://10.180.1.21/compute/v2.1/servers/860b616f-e3b8-48c0-a16e-92f721e80617/os-instance-actions/req-821bb7f6-c342-4c3f-bfb6-73eb50d110df 2.144s
2025-11-21 12:45:55.388 66187 INFO tempest.lib.common.rest_client [req-0e513c3b-c5ff-4df5-9231-6db82f90fab9 req-0e513c3b-c5ff-4df5-9231-6db82f90fab9 ] Request (ServerDiagnosticsTest:tearDownClass): 204 DELETE http://10.180.1.21/identity/v3/projects/90f89cfe513245909520b54e047a2047 0.087s
2025-11-21 12:45:55.453 66187 INFO tempest.lib.common.rest_client [req-9db3dd90-8dab-43a4-86e7-beac85c38156 req-9db3dd90-8dab-43a4-86e7-beac85c38156 ] Request (ServerDiagnosticsV248Test:setUpClass): 201 POST http://10.180.1.21/identity/v3/auth/tokens 0.063s
2025-11-21 12:45:55.463 66185 INFO tempest.lib.common.rest_client [req-f7f27f85-c797-4795-b9b0-03371083da29 req-f7f27f85-c797-4795-b9b0-03371083da29 ] Request (QuotasAdminTestV257:tearDownClass): 200 GET http://10.180.1.21/networking/v2.0/security-groups?tenant_id=26a6e26c7c55403daf26226d448cc6da&name=default 0.247s
2025-11-21 12:45:55.481 66187 INFO tempest.lib.common.rest_client [req-73f74ab1-d94a-4819-9f8a-01ff105c7e81 req-73f74ab1-d94a-4819-9f8a-01ff105c7e81 ] Request (ServerDiagnosticsV248Test:setUpClass): 201 POST http://10.180.1.21/identity/v3/auth/tokens 0.025s
2025-11-21 12:45:55.505 66187 INFO tempest.lib.common.rest_client [req-4ba45fc8-c990-40c5-a347-657f6f650f1b req-4ba45fc8-c990-40c5-a347-657f6f650f1b ] Request (ServerDiagnosticsV248Test:setUpClass): 200 GET http://10.180.1.21/identity/v3/domains?name=Default 0.023s
2025-11-21 12:45:55.533 66187 INFO tempest.lib.common.rest_client [req-6454a872-da09-4ca6-a79a-d475ae01d596 req-6454a872-da09-4ca6-a79a-d475ae01d596 ] Request (ServerDiagnosticsV248Test:setUpClass): 201 POST http://10.180.1.21/identity/v3/projects 0.028s
2025-11-21 12:45:55.583 66212 INFO tempest.lib.common.rest_client [req-5c924edc-dead-46b1-99db-b06a61fb923c req-5c924edc-dead-46b1-99db-b06a61fb923c ] Request (FloatingIPsAssociationTestJSON:test_associate_already_associated_floating_ip): 200 GET http://10.180.1.21/compute/v2.1/servers/0b13d9bd-4a3b-44e6-806d-f59d5bad102b 2.128s
2025-11-21 12:45:55.593 66187 INFO tempest.lib.common.rest_client [req-97d62327-8c06-48d0-bb00-f4ec92064028 req-97d62327-8c06-48d0-bb00-f4ec92064028 ] Request (ServerDiagnosticsV248Test:setUpClass): 201 POST http://10.180.1.21/identity/v3/users 0.059s
2025-11-21 12:45:55.614 66185 INFO tempest.lib.common.rest_client [req-afb1059d-9550-406c-b162-356fee536bc8 req-afb1059d-9550-406c-b162-356fee536bc8 ] Request (QuotasAdminTestV257:tearDownClass): 204 DELETE http://10.180.1.21/networking/v2.0/security-groups/20e9a307-c150-4158-8252-652425f71724 0.150s
2025-11-21 12:45:55.628 66187 INFO tempest.lib.common.rest_client [req-794c5984-c391-4e0e-aea8-e6c5c3b0184b req-794c5984-c391-4e0e-aea8-e6c5c3b0184b ] Request (ServerDiagnosticsV248Test:setUpClass): 200 GET http://10.180.1.21/identity/v3/roles 0.034s
2025-11-21 12:45:55.657 66215 INFO tempest.lib.common.rest_client [req-50b10799-c100-4d61-8518-4be2f3cf9c63 req-50b10799-c100-4d61-8518-4be2f3cf9c63 ] Request (ServerDiagnosticsNegativeTest:test_get_server_diagnostics_by_non_admin): 200 GET http://10.180.1.21/compute/v2.1/servers/14528d52-9322-4450-b2f4-791c261b99f2 2.185s
2025-11-21 12:45:55.700 66187 INFO tempest.lib.common.rest_client [req-fc229a78-dc11-4dd2-8b8f-214116bfa905 req-fc229a78-dc11-4dd2-8b8f-214116bfa905 ] Request (ServerDiagnosticsV248Test:setUpClass): 204 PUT http://10.180.1.21/identity/v3/projects/65bac55038fb4866b50451d60007be6f/users/8f7923e85c0848cb8a5a090fde0d73e4/roles/85d2aa0347e64c86bf8cf95bef9080f1 0.071s
2025-11-21 12:45:55.700 66187 INFO tempest.lib.common.dynamic_creds [-] Dynamic test user 8f7923e85c0848cb8a5a090fde0d73e4 is created with scope project and roles: ['member']
2025-11-21 12:45:55.700 66187 INFO tempest.lib.common.dynamic_creds [-] Acquired dynamic creds: credentials: Credentials: {'domain_id': 'default', 'domain_name': 'Default', 'username': 'tempest-ServerDiagnosticsV248Test-924497540-project-member', 'project_domain_id': 'default', 'project_domain_name': 'Default', 'project_id': '65bac55038fb4866b50451d60007be6f', 'project_name': 'tempest-ServerDiagnosticsV248Test-924497540', 'tenant_id': '65bac55038fb4866b50451d60007be6f', 'tenant_name': 'tempest-ServerDiagnosticsV248Test-924497540', 'user_domain_id': 'default', 'user_domain_name': 'Default', 'user_id': '8f7923e85c0848cb8a5a090fde0d73e4', 'system': None}, Network: None, Subnet: None, Router: None
2025-11-21 12:45:55.700 66187 INFO tempest.lib.common.dynamic_creds [-] Created isolated network resources for: credentials: Credentials: {'domain_id': 'default', 'domain_name': 'Default', 'username': 'tempest-ServerDiagnosticsV248Test-924497540-project-member', 'project_domain_id': 'default', 'project_domain_name': 'Default', 'project_id': '65bac55038fb4866b50451d60007be6f', 'project_name': 'tempest-ServerDiagnosticsV248Test-924497540', 'tenant_id': '65bac55038fb4866b50451d60007be6f', 'tenant_name': 'tempest-ServerDiagnosticsV248Test-924497540', 'user_domain_id': 'default', 'user_domain_name': 'Default', 'user_id': '8f7923e85c0848cb8a5a090fde0d73e4', 'system': None}, Network: None, Subnet: None, Router: None
2025-11-21 12:45:55.746 66185 INFO tempest.lib.common.rest_client [req-bcc5225b-e864-4279-941a-9617e9505d2e req-bcc5225b-e864-4279-941a-9617e9505d2e ] Request (QuotasAdminTestV257:tearDownClass): 204 DELETE http://10.180.1.21/identity/v3/projects/26a6e26c7c55403daf26226d448cc6da 0.131s
2025-11-21 12:45:55.746 66185 INFO tempest.lib.common.dynamic_creds [-] Deleting project and security group for project: dbbb75edcb15481ebedccf5f24547483
2025-11-21 12:45:55.788 66183 INFO tempest.lib.common.rest_client [req-c6d5124c-9216-415c-b5dc-913212fb88e0 req-c6d5124c-9216-415c-b5dc-913212fb88e0 ] Request (ImagesTestJSON:test_create_image_from_stopped_server): 202 POST http://10.180.1.21/compute/v2.1/servers/5b918903-c867-4b35-84b9-670a920622f9/action 2.741s
2025-11-21 12:45:55.809 66181 INFO tempest.lib.common.rest_client [req-eb701ee2-aff0-4c71-8874-2a5ff75b32e5 req-eb701ee2-aff0-4c71-8874-2a5ff75b32e5 ] Request (KeyPairsV210TestJSON:test_admin_manage_keypairs_for_other_users): 200 GET http://10.180.1.21/compute/v2.1/os-keypairs?user_id=6492681dfa59411d81e24e775dbe7f12 1.795s
2025-11-21 12:45:55.813 66187 INFO tempest.lib.common.rest_client [req-e14efabc-65fe-438b-8903-6c988349c897 req-e14efabc-65fe-438b-8903-6c988349c897 ] Request (ServerDiagnosticsV248Test:setUpClass): 201 POST http://10.180.1.21/identity/v3/auth/tokens 0.107s
2025-11-21 12:45:55.904 66185 INFO tempest.lib.common.rest_client [req-b2991416-3ba1-414d-a63f-1d13c6e675d6 req-b2991416-3ba1-414d-a63f-1d13c6e675d6 ] Request (QuotasAdminTestV257:tearDownClass): 200 GET http://10.180.1.21/networking/v2.0/security-groups?tenant_id=dbbb75edcb15481ebedccf5f24547483&name=default 0.157s
2025-11-21 12:45:55.943 66187 INFO tempest.lib.common.rest_client [req-7efdbb3b-dd26-4d7c-8ecd-b9bd304d8ca5 req-7efdbb3b-dd26-4d7c-8ecd-b9bd304d8ca5 ] Request (ServerDiagnosticsV248Test:setUpClass): 201 POST http://10.180.1.21/identity/v3/projects 0.129s
2025-11-21 12:45:56.008 66185 INFO tempest.lib.common.rest_client [req-d2229532-702b-401d-87c4-60e6af47eb87 req-d2229532-702b-401d-87c4-60e6af47eb87 ] Request (QuotasAdminTestV257:tearDownClass): 204 DELETE http://10.180.1.21/networking/v2.0/security-groups/43a864f1-a9f8-4409-8acb-4c42aa06827c 0.103s
2025-11-21 12:45:56.012 66187 INFO tempest.lib.common.rest_client [req-56f9c97c-a443-4ce4-ab70-09ad2e598fe8 req-56f9c97c-a443-4ce4-ab70-09ad2e598fe8 ] Request (ServerDiagnosticsV248Test:setUpClass): 201 POST http://10.180.1.21/identity/v3/users 0.069s
2025-11-21 12:45:56.037 66187 INFO tempest.lib.common.rest_client [req-ae6c380d-d48c-44ab-8e78-3776aa0d8535 req-ae6c380d-d48c-44ab-8e78-3776aa0d8535 ] Request (ServerDiagnosticsV248Test:setUpClass): 200 GET http://10.180.1.21/identity/v3/roles 0.024s
2025-11-21 12:45:56.071 66187 INFO tempest.lib.common.rest_client [req-ca4fcdf2-b7ec-472d-ab46-4f7b1b00a306 req-ca4fcdf2-b7ec-472d-ab46-4f7b1b00a306 ] Request (ServerDiagnosticsV248Test:setUpClass): 204 PUT http://10.180.1.21/identity/v3/projects/182f893797314f8abe0a5b106fc9f98b/users/576aeec24d454e358a65630dcc998ea1/roles/7d9678a22deb4aae80bd53e8d62da049 0.033s
