2025-11-21 12:45:30.275 66183 INFO tempest.lib.common.rest_client [req-f62bb40e-a573-4f02-8fc0-8d02e5499604 req-f62bb40e-a573-4f02-8fc0-8d02e5499604 ] Request (ImagesTestJSON:test_create_image_from_stopped_server): 200 GET http://10.180.1.21/compute/v2.1/servers/5b918903-c867-4b35-84b9-670a920622f9 1.381s
2025-11-21 12:45:30.327 66237 INFO tempest.lib.common.rest_client [req-1d8541e3-9188-4efe-a227-88f4c12d5837 req-1d8541e3-9188-4efe-a227-88f4c12d5837 ] Request (ServerActionsTestOtherA:setUpClass): 200 GET http://10.180.1.21/compute/v2.1/servers/60ca31bd-8d4d-45d2-bfad-428a6074199c 1.208s
2025-11-21 12:45:30.363 66208 INFO tempest.lib.common.rest_client [req-c32a8ede-a974-4723-b0c7-cb4d902ae76f req-c32a8ede-a974-4723-b0c7-cb4d902ae76f ] Request (ValidationResourcesFixture:setUp): 200 POST http://10.180.1.21/compute/v2.1/os-keypairs 1.221s
2025-11-21 12:45:30.545 66208 INFO tempest.lib.common.rest_client [req-b018ece8-4423-4d5b-9fe5-0dda0dec2334 req-b018ece8-4423-4d5b-9fe5-0dda0dec2334 ] Request (ValidationResourcesFixture:setUp): 201 POST http://10.180.1.21/networking/v2.0/security-groups 0.180s
2025-11-21 12:45:30.633 66219 INFO tempest.lib.common.rest_client [req-2075173a-1d64-4812-94ff-12d9ed6d283b req-2075173a-1d64-4812-94ff-12d9ed6d283b ] Request (ServersAdmin275Test:test_rebuild_update_server_275): 202 POST http://10.180.1.21/compute/v2.1/servers/f7e9ad55-72c8-40f2-b4c1-79d9976fb61f/action 1.659s
2025-11-21 12:45:30.699 66208 INFO tempest.lib.common.rest_client [req-de9342bb-396e-40a3-a90b-ef555c4f7d81 req-de9342bb-396e-40a3-a90b-ef555c4f7d81 ] Request (ValidationResourcesFixture:setUp): 201 POST http://10.180.1.21/networking/v2.0/security-group-rules 0.153s
2025-11-21 12:45:30.802 66215 INFO tempest.lib.common.rest_client [req-8a16d96f-0d32-4cdb-8e81-d9090fd27856 req-8a16d96f-0d32-4cdb-8e81-d9090fd27856 ] Request (SecurityGroupsTestAdminJSON:_run_cleanups): 202 DELETE http://10.180.1.21/compute/v2.1/os-security-groups/e2ea6d69-38c4-4e34-9bdc-47a30aed4b9e 1.626s
2025-11-21 12:45:30.853 66224 INFO tempest.lib.common.rest_client [req-5689fe9d-8a03-49e4-b5ba-4f30339a33d0 req-5689fe9d-8a03-49e4-b5ba-4f30339a33d0 ] Request (ServersAdminNegativeTestJSON:test_migrate_non_existent_server): 404 POST http://10.180.1.21/compute/v2.1/servers/1c5d0e23-947b-412d-8943-ab61f7d866d2/action 1.436s
2025-11-21 12:45:30.859 66235 INFO tempest.lib.common.rest_client [req-ad0eff5b-3fbd-4348-8a2f-30c4a004e593 req-ad0eff5b-3fbd-4348-8a2f-30c4a004e593 ] Request (HostsAdminTestJSON:test_show_host_detail): 200 GET http://10.180.1.21/compute/v2.1/os-hosts/cpu-1 1.432s
2025-11-21 12:45:30.878 66208 INFO tempest.lib.common.rest_client [req-3d33ba58-ccdb-4d14-bc7f-274861083c19 req-3d33ba58-ccdb-4d14-bc7f-274861083c19 ] Request (ValidationResourcesFixture:setUp): 201 POST http://10.180.1.21/networking/v2.0/security-group-rules 0.177s
2025-11-21 12:45:30.894 66209 INFO tempest.lib.common.rest_client [req-0b123e30-a34f-4a2a-a930-3c1b85eaa7d9 req-0b123e30-a34f-4a2a-a930-3c1b85eaa7d9 ] Request (AggregatesAdminNegativeTestJSON:test_aggregate_add_non_exist_host): 200 POST http://10.180.1.21/compute/v2.1/os-aggregates 1.434s
2025-11-21 12:45:30.938 66224 INFO tempest.lib.common.rest_client [req-bb6edc67-6a75-4dd7-930f-455a313fe1fd req-bb6edc67-6a75-4dd7-930f-455a313fe1fd ] Request (ServersAdminNegativeTestJSON:test_migrate_server_invalid_state): 201 POST http://10.180.1.21/identity/v3/auth/tokens 0.069s
2025-11-21 12:45:30.938 66224 INFO tempest.lib.common.fixed_network [-] (ServersAdminNegativeTestJSON:test_migrate_server_invalid_state) Found network None available for tenant
2025-11-21 12:45:31.020 66235 INFO tempest.lib.common.rest_client [req-e8de4d53-2022-4981-ab55-a87e2c47388e req-e8de4d53-2022-4981-ab55-a87e2c47388e ] Request (HostsAdminTestJSON:tearDownClass): 204 DELETE http://10.180.1.21/identity/v3/users/d7a78bcf998b425691222bfa9e5331e3 0.157s
2025-11-21 12:45:31.081 66189 INFO tempest.lib.common.rest_client [req-e38710cc-34c3-4357-a98f-178546c47496 req-e38710cc-34c3-4357-a98f-178546c47496 ] Request (QuotasAdminNegativeTest:test_create_server_when_memory_quota_is_full): 200 GET http://10.180.1.21/compute/v2.1/os-quota-sets/af06ced579eb4d298d279206749e4af6 1.332s
2025-11-21 12:45:31.123 66235 INFO tempest.lib.common.rest_client [req-3f7824c3-3e15-4d78-9383-d097ff4494a3 req-3f7824c3-3e15-4d78-9383-d097ff4494a3 ] Request (HostsAdminTestJSON:tearDownClass): 204 DELETE http://10.180.1.21/identity/v3/users/14b0c22ba02f49348a481cfebc62eaed 0.102s
2025-11-21 12:45:31.124 66235 INFO tempest.lib.common.dynamic_creds [-] Deleting project and security group for project: d85eb476206245dc82dd6f314fc8c5c8
2025-11-21 12:45:31.185 66235 INFO tempest.lib.common.rest_client [req-16e98625-df64-48ae-afae-31e2a330660b req-16e98625-df64-48ae-afae-31e2a330660b ] Request (HostsAdminTestJSON:tearDownClass): 201 POST http://10.180.1.21/identity/v3/auth/tokens 0.061s
2025-11-21 12:45:31.311 66208 INFO tempest.lib.common.rest_client [req-9f154768-11fb-447f-8402-00c108b964da req-9f154768-11fb-447f-8402-00c108b964da ] Request (ValidationResourcesFixture:setUp): 201 POST http://10.180.1.21/networking/v2.0/floatingips 0.432s
2025-11-21 12:45:31.362 66239 INFO tempest.lib.common.rest_client [req-ec88ae9c-7fdc-42d4-8d1e-6a7bf07f0131 req-ec88ae9c-7fdc-42d4-8d1e-6a7bf07f0131 ] Request (VolumesAssistedSnapshotsTest:test_volume_assisted_snapshot_create_delete): 200 GET http://10.180.1.21/compute/v2.1/servers/1eab0b25-ccdf-4d79-994c-04298613ec82 1.612s
2025-11-21 12:45:31.385 66208 INFO tempest.lib.common.rest_client [req-d8951f63-72e1-4041-83e2-cb78df3ea402 req-d8951f63-72e1-4041-83e2-cb78df3ea402 ] Request (ServersWithSpecificFlavorTestJSON:test_verify_created_server_ephemeral_disk): 201 POST http://10.180.1.21/identity/v3/auth/tokens 0.067s
2025-11-21 12:45:31.385 66208 INFO tempest.lib.common.fixed_network [-] (ServersWithSpecificFlavorTestJSON:test_verify_created_server_ephemeral_disk) Found network {'id': 'aad5b21e-268d-458f-930f-9c58e7e17f2c', 'name': 'tempest-ServersWithSpecificFlavorTestJSON-1423290478-network', 'tenant_id': 'd6bb10ba06664b3aacd591109fccfe92', 'project_id': 'd6bb10ba06664b3aacd591109fccfe92', 'admin_state_up': True, 'mtu': 8950, 'status': 'ACTIVE', 'subnets': [], 'shared': False, 'port_security_enabled': True, 'router:external': False, 'provider:network_type': 'vlan', 'provider:physical_network': 'default', 'provider:segmentation_id': 421, 'availability_zone_hints': [], 'availability_zones': [], 'ipv4_address_scope': None, 'ipv6_address_scope': None, 'description': '', 'tags': [], 'created_at': '2025-11-21T12:44:57Z', 'updated_at': '2025-11-21T12:44:57Z', 'revision_number': 1} available for tenant
2025-11-21 12:45:31.387 66199 INFO tempest.lib.common.rest_client [req-c668d9b1-569d-4f30-8ca6-7e30b19c03a3 req-c668d9b1-569d-4f30-8ca6-7e30b19c03a3 ] Request (FlavorsAccessNegativeTestJSON:_run_cleanups): 202 DELETE http://10.180.1.21/compute/v2.1/flavors/1979024966 1.628s
2025-11-21 12:45:31.417 66203 INFO tempest.lib.common.rest_client [req-5c649d08-1b3f-4ab2-a7d5-a560b8220f0d req-5c649d08-1b3f-4ab2-a7d5-a560b8220f0d ] Request (ServicesAdminNegativeV253TestJSON:test_get_service_by_invalid_service_and_valid_host): 200 GET http://10.180.1.21/compute/v2.1/os-services 1.632s
2025-11-21 12:45:31.546 66235 INFO tempest.lib.common.rest_client [req-c1b22c45-e13e-4000-867a-046f8db13f62 req-c1b22c45-e13e-4000-867a-046f8db13f62 ] Request (HostsAdminTestJSON:tearDownClass): 200 GET http://10.180.1.21/networking/v2.0/security-groups?tenant_id=d85eb476206245dc82dd6f314fc8c5c8&name=default 0.361s
2025-11-21 12:45:31.566 66212 INFO tempest.lib.common.rest_client [req-142deafe-5a07-4f20-8fc5-88acb734ee9a req-142deafe-5a07-4f20-8fc5-88acb734ee9a ] Request (FloatingIPsAssociationTestJSON:setUpClass): 200 POST http://10.180.1.21/compute/v2.1/os-floating-ips 1.934s
2025-11-21 12:45:31.594 66227 INFO tempest.lib.common.rest_client [req-dd7b7599-acc3-47e5-94d0-c7f7d9cb1f94 req-dd7b7599-acc3-47e5-94d0-c7f7d9cb1f94 ] Request (ImagesNegativeTestJSON:test_create_image_from_deleted_server): 200 GET http://10.180.1.21/compute/v2.1/servers/616bbc7d-f52d-4cdd-bdd2-7eef9878109c 1.777s
2025-11-21 12:45:31.599 66217 INFO tempest.lib.common.rest_client [req-cbee5814-def8-41e9-a57c-c8290366df8c req-cbee5814-def8-41e9-a57c-c8290366df8c ] Request (TestVersions:test_get_version_details): 200 GET http://10.180.1.21/compute/v2/ 1.715s
2025-11-21 12:45:31.645 66212 INFO tempest.lib.common.rest_client [req-490fce09-cbec-41dd-94af-4aca31929db4 req-490fce09-cbec-41dd-94af-4aca31929db4 ] Request (FloatingIPsAssociationTestJSON:test_associate_already_associated_floating_ip): 201 POST http://10.180.1.21/identity/v3/auth/tokens 0.073s
2025-11-21 12:45:31.646 66212 INFO tempest.lib.common.fixed_network [-] (FloatingIPsAssociationTestJSON:test_associate_already_associated_floating_ip) Found network {'id': '031361b6-de99-4a3f-b662-6116cfbc0690', 'name': 'tempest-FloatingIPsAssociationTestJSON-33217190-network', 'tenant_id': 'e96ad994810f48b4870e8799aa8fe13f', 'project_id': 'e96ad994810f48b4870e8799aa8fe13f', 'admin_state_up': True, 'mtu': 8950, 'status': 'ACTIVE', 'subnets': [], 'shared': False, 'port_security_enabled': True, 'router:external': False, 'provider:network_type': 'vlan', 'provider:physical_network': 'default', 'provider:segmentation_id': 121, 'availability_zone_hints': [], 'availability_zones': [], 'ipv4_address_scope': None, 'ipv6_address_scope': None, 'description': '', 'tags': [], 'created_at': '2025-11-21T12:44:57Z', 'updated_at': '2025-11-21T12:44:57Z', 'revision_number': 1} available for tenant
2025-11-21 12:45:31.692 66235 INFO tempest.lib.common.rest_client [req-6de2234c-2082-45ee-971c-0ccbe3e0faf6 req-6de2234c-2082-45ee-971c-0ccbe3e0faf6 ] Request (HostsAdminTestJSON:tearDownClass): 204 DELETE http://10.180.1.21/networking/v2.0/security-groups/9b3f704f-6e21-4bd2-87dc-8dff6b05ddf5 0.145s
2025-11-21 12:45:31.703 66187 INFO tempest.lib.common.rest_client [req-7253171f-eb44-43c7-99aa-3c6cc4d056f9 req-7253171f-eb44-43c7-99aa-3c6cc4d056f9 ] Request (ServerDiagnosticsTest:tearDownClass): 204 DELETE http://10.180.1.21/compute/v2.1/servers/dd56397a-f0f9-4f4d-b40b-171a8ed1c176 1.819s
2025-11-21 12:45:31.709 66181 INFO tempest.lib.common.rest_client [req-afde912c-e10d-4d04-84cf-feacc74bd750 req-afde912c-e10d-4d04-84cf-feacc74bd750 ] Request (HypervisorAdminNegativeUnderV252Test:test_show_servers_with_non_admin_user): 403 GET http://10.180.1.21/compute/v2.1/os-hypervisors/1/servers 1.674s
2025-11-21 12:45:31.766 66229 INFO tempest.lib.common.rest_client [req-d69a9c1e-78cd-4849-bb4d-78555f34ceff req-d69a9c1e-78cd-4849-bb4d-78555f34ceff ] Request (ServerExternalEventsTest:test_create_server_external_events): 200 GET http://10.180.1.21/compute/v2.1/servers/6b5743db-ce9e-49d9-b694-dddb9c82e80d 1.702s
2025-11-21 12:45:31.767 66235 INFO tempest.lib.common.rest_client [req-a752ea5a-2f83-45c9-a6f7-1d3db1cf5ecb req-a752ea5a-2f83-45c9-a6f7-1d3db1cf5ecb ] Request (HostsAdminTestJSON:tearDownClass): 204 DELETE http://10.180.1.21/identity/v3/projects/d85eb476206245dc82dd6f314fc8c5c8 0.074s
2025-11-21 12:45:31.767 66235 INFO tempest.lib.common.dynamic_creds [-] Deleting project and security group for project: 0030f250e59e4b30ab8c841aff3db1be
2025-11-21 12:45:31.781 66177 INFO tempest.lib.common.rest_client [req-caec062d-1242-4223-9c4c-249fe9389ce4 req-caec062d-1242-4223-9c4c-249fe9389ce4 ] Request (FlavorsAccessTestJSON:_run_cleanups): 202 DELETE http://10.180.1.21/compute/v2.1/flavors/1568952597 1.682s
2025-11-21 12:45:31.794 66221 INFO tempest.lib.common.rest_client [req-663b4134-a6da-4ee8-8e32-f9d1afa702e8 req-663b4134-a6da-4ee8-8e32-f9d1afa702e8 ] Request (HostsAdminNegativeTestJSON:test_startup_nonexistent_host): 404 GET http://10.180.1.21/compute/v2.1/os-hosts/nonexistent_hostname/startup 1.678s
2025-11-21 12:45:31.815 66213 INFO tempest.lib.common.rest_client [req-2d5386ed-be52-45f7-abac-316ceb7f48da req-2d5386ed-be52-45f7-abac-316ceb7f48da ] Request (TenantUsagesTestJSON:test_get_usage_tenant_with_non_admin_user): 200 GET http://10.180.1.21/compute/v2.1/os-simple-tenant-usage/7c305c09b92741b99637fc05bcbe2e77?start=2025-11-20T12%3A45%3A28.704228&end=2025-11-22T12%3A45%3A28.704228 1.698s
2025-11-21 12:45:31.820 66179 INFO tempest.lib.common.rest_client [req-6d358f71-e7a3-438c-aea4-bf1aab3f6642 req-6d358f71-e7a3-438c-aea4-bf1aab3f6642 ] Request (FlavorsExtraSpecsNegativeTestJSON:test_flavor_update_more_key): 400 PUT http://10.180.1.21/compute/v2.1/flavors/1986541422/os-extra_specs/hw:numa_nodes 1.697s
2025-11-21 12:45:31.831 66191 INFO tempest.lib.common.rest_client [req-ee951998-6a2c-44f7-ad10-fa532bd1a0bc req-ee951998-6a2c-44f7-ad10-fa532bd1a0bc ] Request (FlavorsV2TestJSON:test_list_flavors_detailed_filter_by_min_ram): 200 GET http://10.180.1.21/compute/v2.1/flavors/42 1.702s
2025-11-21 12:45:31.852 66225 INFO tempest.lib.common.rest_client [req-e4070499-8e9d-40b7-8d4d-2d87d6545ca0 req-e4070499-8e9d-40b7-8d4d-2d87d6545ca0 ] Request (FlavorsAdminTestJSON:_run_cleanups): 200 GET http://10.180.1.21/compute/v2.1/flavors/detail 1.714s
2025-11-21 12:45:31.880 66235 INFO tempest.lib.common.rest_client [req-256a67d8-51f2-4737-b178-5247d9c08b2d req-256a67d8-51f2-4737-b178-5247d9c08b2d ] Request (HostsAdminTestJSON:tearDownClass): 200 GET http://10.180.1.21/networking/v2.0/security-groups?tenant_id=0030f250e59e4b30ab8c841aff3db1be&name=default 0.112s
2025-11-21 12:45:31.979 66235 INFO tempest.lib.common.rest_client [req-4f8203f9-da94-4a4d-85dd-45d4e69dd4b5 req-4f8203f9-da94-4a4d-85dd-45d4e69dd4b5 ] Request (HostsAdminTestJSON:tearDownClass): 204 DELETE http://10.180.1.21/networking/v2.0/security-groups/a325307b-4d34-4dfa-9952-7d78b642f28a 0.098s
2025-11-21 12:45:31.987 66195 INFO tempest.lib.common.rest_client [req-7d3e8626-62ba-41cf-86fa-5f8e76003e16 req-7d3e8626-62ba-41cf-86fa-5f8e76003e16 ] Request (QuotasAdminTestJSON:test_update_all_quota_resources_for_tenant): 200 GET http://10.180.1.21/compute/v2.1/os-quota-sets/df61c42051af4fb9a2efb5eac5e81fb7/defaults 1.788s
2025-11-21 12:45:32.011 66201 INFO tempest.lib.common.rest_client [req-a103d70b-6d79-4aa3-a6da-0db22dcfea95 req-a103d70b-6d79-4aa3-a6da-0db22dcfea95 ] Request (FloatingIPDetailsTestJSON:tearDownClass): 202 DELETE http://10.180.1.21/compute/v2.1/os-floating-ips/0d52567d-02e5-42aa-923a-86abe431837c 2.038s
2025-11-21 12:45:32.087 66235 INFO tempest.lib.common.rest_client [req-ec534565-7a63-4c02-9909-28567c58e935 req-ec534565-7a63-4c02-9909-28567c58e935 ] Request (HostsAdminTestJSON:tearDownClass): 204 DELETE http://10.180.1.21/identity/v3/projects/0030f250e59e4b30ab8c841aff3db1be 0.108s
2025-11-21 12:45:32.088 66235 INFO tempest.test [-] raised in LiveMigrationRemoteConsolesV26Test.setUpClass. Invoking tearDownClass.
2025-11-21 12:45:32.113 66219 INFO tempest.lib.common.rest_client [req-b1584c17-c852-4d1e-87f7-bfce460b1832 req-b1584c17-c852-4d1e-87f7-bfce460b1832 ] Request (ServersAdmin275Test:test_rebuild_update_server_275): 200 GET http://10.180.1.21/compute/v2.1/servers/f7e9ad55-72c8-40f2-b4c1-79d9976fb61f 1.461s
2025-11-21 12:45:32.135 66231 INFO tempest.lib.common.rest_client [req-d4087fcd-aca7-4850-8f27-5a811ab87ee0 req-d4087fcd-aca7-4850-8f27-5a811ab87ee0 ] Request (MigrationsAdminTest:test_list_migrations_in_flavor_resize_situation): 200 GET http://10.180.1.21/compute/v2.1/servers/5df4d97a-fa21-4fc7-94ed-3f3468e5a87b 1.852s
2025-11-21 12:45:32.142 66231 INFO tempest.common.waiters [-] State transition "BUILD/networking" ==> "BUILD/spawning" after 12 second wait
2025-11-21 12:45:32.163 66235 INFO tempest.lib.common.rest_client [req-5356aaee-63ea-4359-9058-9c733663e905 req-5356aaee-63ea-4359-9058-9c733663e905 ] Request (ServicesAdminNegativeTestJSON:setUpClass): 201 POST http://10.180.1.21/identity/v3/auth/tokens 0.071s
2025-11-21 12:45:32.189 66209 INFO tempest.lib.common.rest_client [req-6c04eb2e-25c6-49f4-912e-aed48e4476e2 req-6c04eb2e-25c6-49f4-912e-aed48e4476e2 ] Request (AggregatesAdminNegativeTestJSON:test_aggregate_add_non_exist_host): 404 POST http://10.180.1.21/compute/v2.1/os-aggregates/3/action 1.292s
2025-11-21 12:45:32.196 66235 INFO tempest.lib.common.rest_client [req-a3423fe5-06ee-45a6-914b-6bc7fb786dd2 req-a3423fe5-06ee-45a6-914b-6bc7fb786dd2 ] Request (ServicesAdminNegativeTestJSON:setUpClass): 201 POST http://10.180.1.21/identity/v3/auth/tokens 0.028s
2025-11-21 12:45:32.225 66215 INFO tempest.lib.common.rest_client [req-9a6843a3-4d25-46fb-8a26-43708ef3c863 req-9a6843a3-4d25-46fb-8a26-43708ef3c863 ] Request (SecurityGroupsTestAdminJSON:_run_cleanups): 202 DELETE http://10.180.1.21/compute/v2.1/os-security-groups/0193d00d-cede-4222-88fa-16086a938e1e 1.423s
2025-11-21 12:45:32.229 66235 INFO tempest.lib.common.rest_client [req-5c68e9a1-9102-43c6-a40d-430634aa1731 req-5c68e9a1-9102-43c6-a40d-430634aa1731 ] Request (ServicesAdminNegativeTestJSON:setUpClass): 200 GET http://10.180.1.21/identity/v3/domains?name=Default 0.033s
2025-11-21 12:45:32.257 66235 INFO tempest.lib.common.rest_client [req-0a76f225-dd81-4545-b9bd-111269d8355f req-0a76f225-dd81-4545-b9bd-111269d8355f ] Request (ServicesAdminNegativeTestJSON:setUpClass): 201 POST http://10.180.1.21/identity/v3/projects 0.027s
2025-11-21 12:45:32.316 66193 INFO tempest.lib.common.rest_client [req-09a6854b-6759-43af-9ce4-bfc177e32fcc req-09a6854b-6759-43af-9ce4-bfc177e32fcc ] Request (DeleteServersAdminTestJSON:test_admin_delete_servers_of_others): 200 GET http://10.180.1.21/compute/v2.1/servers/a814d2d1-2c54-4b4d-8d47-a5f4ede46674 1.306s
2025-11-21 12:45:32.325 66193 INFO tempest.common.waiters [-] State transition "BUILD/spawning" ==> "ACTIVE/None" after 17 second wait
2025-11-21 12:45:32.328 66235 INFO tempest.lib.common.rest_client [req-60e0f76f-db09-49db-8e44-6f3360d431d3 req-60e0f76f-db09-49db-8e44-6f3360d431d3 ] Request (ServicesAdminNegativeTestJSON:setUpClass): 201 POST http://10.180.1.21/identity/v3/users 0.071s
2025-11-21 12:45:32.352 66235 INFO tempest.lib.common.rest_client [req-2c0469cd-54fb-40e4-9a24-2aa0d8da8856 req-2c0469cd-54fb-40e4-9a24-2aa0d8da8856 ] Request (ServicesAdminNegativeTestJSON:setUpClass): 200 GET http://10.180.1.21/identity/v3/roles 0.023s
2025-11-21 12:45:32.386 66235 INFO tempest.lib.common.rest_client [req-45b76081-6360-46d8-8f56-afc157da6ae7 req-45b76081-6360-46d8-8f56-afc157da6ae7 ] Request (ServicesAdminNegativeTestJSON:setUpClass): 204 PUT http://10.180.1.21/identity/v3/projects/7b8e3e8ef3fc45c8a652f3a708ed2429/users/9258f9ea92cb44a2952ac7c3c28c480a/roles/85d2aa0347e64c86bf8cf95bef9080f1 0.033s
2025-11-21 12:45:32.386 66235 INFO tempest.lib.common.dynamic_creds [-] Dynamic test user 9258f9ea92cb44a2952ac7c3c28c480a is created with scope project and roles: ['member']
2025-11-21 12:45:32.386 66235 INFO tempest.lib.common.dynamic_creds [-] Acquired dynamic creds: credentials: Credentials: {'domain_id': 'default', 'domain_name': 'Default', 'username': 'tempest-ServicesAdminNegativeTestJSON-950666941-project-member', 'project_domain_id': 'default', 'project_domain_name': 'Default', 'project_id': '7b8e3e8ef3fc45c8a652f3a708ed2429', 'project_name': 'tempest-ServicesAdminNegativeTestJSON-950666941', 'tenant_id': '7b8e3e8ef3fc45c8a652f3a708ed2429', 'tenant_name': 'tempest-ServicesAdminNegativeTestJSON-950666941', 'user_domain_id': 'default', 'user_domain_name': 'Default', 'user_id': '9258f9ea92cb44a2952ac7c3c28c480a', 'system': None}, Network: None, Subnet: None, Router: None
2025-11-21 12:45:32.387 66235 INFO tempest.lib.common.dynamic_creds [-] Created isolated network resources for: credentials: Credentials: {'domain_id': 'default', 'domain_name': 'Default', 'username': 'tempest-ServicesAdminNegativeTestJSON-950666941-project-member', 'project_domain_id': 'default', 'project_domain_name': 'Default', 'project_id': '7b8e3e8ef3fc45c8a652f3a708ed2429', 'project_name': 'tempest-ServicesAdminNegativeTestJSON-950666941', 'tenant_id': '7b8e3e8ef3fc45c8a652f3a708ed2429', 'tenant_name': 'tempest-ServicesAdminNegativeTestJSON-950666941', 'user_domain_id': 'default', 'user_domain_name': 'Default', 'user_id': '9258f9ea92cb44a2952ac7c3c28c480a', 'system': None}, Network: None, Subnet: None, Router: None
2025-11-21 12:45:32.418 66224 INFO tempest.lib.common.rest_client [req-5c5abdf1-6cc4-4ec9-93eb-eaa5cc621002 req-5c5abdf1-6cc4-4ec9-93eb-eaa5cc621002 ] Request (ServersAdminNegativeTestJSON:test_migrate_server_invalid_state): 202 POST http://10.180.1.21/compute/v2.1/servers 1.479s
2025-11-21 12:45:32.461 66235 INFO tempest.lib.common.rest_client [req-3c8c2442-5286-44f7-98a9-fae39d11b91f req-3c8c2442-5286-44f7-98a9-fae39d11b91f ] Request (ServicesAdminNegativeTestJSON:setUpClass): 201 POST http://10.180.1.21/identity/v3/auth/tokens 0.070s
2025-11-21 12:45:32.480 66233 INFO tempest.lib.common.rest_client [req-2ef7d38f-7315-4f7a-81c5-3b16f3aed7c0 req-2ef7d38f-7315-4f7a-81c5-3b16f3aed7c0 ] Request (InstanceActionsTestJSON:setUpClass): 200 GET http://10.180.1.21/compute/v2.1/servers/860b616f-e3b8-48c0-a16e-92f721e80617 1.389s
2025-11-21 12:45:32.506 66189 INFO tempest.lib.common.rest_client [req-fd68ed0f-9ea8-4810-97d2-c5d173733ef9 req-fd68ed0f-9ea8-4810-97d2-c5d173733ef9 ] Request (QuotasAdminNegativeTest:test_create_server_when_memory_quota_is_full): 200 PUT http://10.180.1.21/compute/v2.1/os-quota-sets/af06ced579eb4d298d279206749e4af6 1.422s
2025-11-21 12:45:32.522 66235 INFO tempest.lib.common.rest_client [req-42c5cb04-0545-480c-a4b4-bea5601cbc17 req-42c5cb04-0545-480c-a4b4-bea5601cbc17 ] Request (ServicesAdminNegativeTestJSON:setUpClass): 201 POST http://10.180.1.21/identity/v3/projects 0.061s
2025-11-21 12:45:32.561 66237 INFO tempest.lib.common.rest_client [req-2c1ab180-c18b-458e-aa92-33bf1afe23f9 req-2c1ab180-c18b-458e-aa92-33bf1afe23f9 ] Request (ServerActionsTestOtherA:setUpClass): 200 GET http://10.180.1.21/compute/v2.1/servers/60ca31bd-8d4d-45d2-bfad-428a6074199c 1.223s
2025-11-21 12:45:32.568 66189 INFO tempest.lib.common.rest_client [req-599db538-9f0f-4b9d-8f01-3ed114d02d4b req-599db538-9f0f-4b9d-8f01-3ed114d02d4b ] Request (QuotasAdminNegativeTest:test_create_server_when_memory_quota_is_full): 201 POST http://10.180.1.21/identity/v3/auth/tokens 0.058s
2025-11-21 12:45:32.569 66189 INFO tempest.lib.common.fixed_network [-] (QuotasAdminNegativeTest:test_create_server_when_memory_quota_is_full) Found network None available for tenant
2025-11-21 12:45:32.572 66237 INFO tempest.common.waiters [-] State transition "BUILD/scheduling" ==> "BUILD/None" after 2 second wait
2025-11-21 12:45:32.605 66235 INFO tempest.lib.common.rest_client [req-272df7d4-95fe-4529-8f6e-58322a4b0a8e req-272df7d4-95fe-4529-8f6e-58322a4b0a8e ] Request (ServicesAdminNegativeTestJSON:setUpClass): 201 POST http://10.180.1.21/identity/v3/users 0.082s
2025-11-21 12:45:32.623 66183 INFO tempest.lib.common.rest_client [req-2de8bd34-3a09-4710-868c-05f7419b2866 req-2de8bd34-3a09-4710-868c-05f7419b2866 ] Request (ImagesTestJSON:test_create_image_from_stopped_server): 200 GET http://10.180.1.21/compute/v2.1/servers/5b918903-c867-4b35-84b9-670a920622f9 1.339s
2025-11-21 12:45:32.628 66235 INFO tempest.lib.common.rest_client [req-e0d1eacf-eb33-4c15-9f78-a8fb18d95c98 req-e0d1eacf-eb33-4c15-9f78-a8fb18d95c98 ] Request (ServicesAdminNegativeTestJSON:setUpClass): 200 GET http://10.180.1.21/identity/v3/roles 0.023s
2025-11-21 12:45:32.648 66199 INFO tempest.lib.common.rest_client [req-04710c61-5ff3-4765-868e-2a7f54bde9e7 req-04710c61-5ff3-4765-868e-2a7f54bde9e7 ] Request (FlavorsAccessNegativeTestJSON:_run_cleanups): 200 GET http://10.180.1.21/compute/v2.1/flavors/detail 1.261s
2025-11-21 12:45:32.666 66235 INFO tempest.lib.common.rest_client [req-b74a1b1f-afee-4ee6-9b07-2e9be8fdbfdd req-b74a1b1f-afee-4ee6-9b07-2e9be8fdbfdd ] Request (ServicesAdminNegativeTestJSON:setUpClass): 204 PUT http://10.180.1.21/identity/v3/projects/e45829bf739445028a51553e4d064ce9/users/6c79af4a0f81444ea1d4c393b8847370/roles/7d9678a22deb4aae80bd53e8d62da049 0.037s
2025-11-21 12:45:32.671 66203 INFO tempest.lib.common.rest_client [req-56fd2b10-f5c4-4299-8d6f-cf970150f039 req-56fd2b10-f5c4-4299-8d6f-cf970150f039 ] Request (ServicesAdminNegativeV253TestJSON:test_get_service_by_invalid_service_and_valid_host): 200 GET http://10.180.1.21/compute/v2.1/os-services?host=devstack&binary=xxx 1.252s
2025-11-21 12:45:32.676 66217 INFO tempest.lib.common.rest_client [req-3c9a8273-2c00-4db8-8275-f7bd08f20d92 req-3c9a8273-2c00-4db8-8275-f7bd08f20d92 ] Request (TestVersions:test_get_version_details): 200 GET http://10.180.1.21/compute/v2.1/ 1.073s
2025-11-21 12:45:32.726 66235 INFO tempest.lib.common.rest_client [req-f50bf23e-e82d-4073-8a4a-98577e12f3e7 req-f50bf23e-e82d-4073-8a4a-98577e12f3e7 ] Request (ServicesAdminNegativeTestJSON:setUpClass): 200 GET http://10.180.1.21/identity/v3/roles 0.059s
2025-11-21 12:45:32.749 66235 INFO tempest.lib.common.rest_client [req-7267d59a-4878-4c69-8b31-6eff31fa3d45 req-7267d59a-4878-4c69-8b31-6eff31fa3d45 ] Request (ServicesAdminNegativeTestJSON:setUpClass): 204 PUT http://10.180.1.21/identity/v3/projects/e45829bf739445028a51553e4d064ce9/users/6c79af4a0f81444ea1d4c393b8847370/roles/7d9678a22deb4aae80bd53e8d62da049 0.022s
2025-11-21 12:45:32.749 66235 INFO tempest.lib.common.dynamic_creds [-] Dynamic test user 6c79af4a0f81444ea1d4c393b8847370 is created with scope project and roles: ['admin']
2025-11-21 12:45:32.749 66235 INFO tempest.lib.common.dynamic_creds [-] Acquired dynamic creds: credentials: Credentials: {'domain_id': 'default', 'domain_name': 'Default', 'username': 'tempest-ServicesAdminNegativeTestJSON-921644528-project-admin', 'project_domain_id': 'default', 'project_domain_name': 'Default', 'project_id': 'e45829bf739445028a51553e4d064ce9', 'project_name': 'tempest-ServicesAdminNegativeTestJSON-921644528', 'tenant_id': 'e45829bf739445028a51553e4d064ce9', 'tenant_name': 'tempest-ServicesAdminNegativeTestJSON-921644528', 'user_domain_id': 'default', 'user_domain_name': 'Default', 'user_id': '6c79af4a0f81444ea1d4c393b8847370', 'system': None}, Network: None, Subnet: None, Router: None
2025-11-21 12:45:32.750 66235 INFO tempest.lib.common.dynamic_creds [-] Created isolated network resources for: credentials: Credentials: {'domain_id': 'default', 'domain_name': 'Default', 'username': 'tempest-ServicesAdminNegativeTestJSON-921644528-project-admin', 'project_domain_id': 'default', 'project_domain_name': 'Default', 'project_id': 'e45829bf739445028a51553e4d064ce9', 'project_name': 'tempest-ServicesAdminNegativeTestJSON-921644528', 'tenant_id': 'e45829bf739445028a51553e4d064ce9', 'tenant_name': 'tempest-ServicesAdminNegativeTestJSON-921644528', 'user_domain_id': 'default', 'user_domain_name': 'Default', 'user_id': '6c79af4a0f81444ea1d4c393b8847370', 'system': None}, Network: None, Subnet: None, Router: None
2025-11-21 12:45:32.842 66235 INFO tempest.lib.common.rest_client [req-05d7b831-8224-425e-9411-dc2fd13d113e req-05d7b831-8224-425e-9411-dc2fd13d113e ] Request (ServicesAdminNegativeTestJSON:setUpClass): 201 POST http://10.180.1.21/identity/v3/auth/tokens 0.090s
2025-11-21 12:45:33.031 66208 INFO tempest.lib.common.rest_client [req-5532119e-c573-4350-97ce-b8e0c9bf4209 req-5532119e-c573-4350-97ce-b8e0c9bf4209 ] Request (ServersWithSpecificFlavorTestJSON:test_verify_created_server_ephemeral_disk): 202 POST http://10.180.1.21/compute/v2.1/servers 1.645s
2025-11-21 12:45:33.038 66212 INFO tempest.lib.common.rest_client [req-e8f11794-5c54-4f6f-b23e-9144743c7172 req-e8f11794-5c54-4f6f-b23e-9144743c7172 ] Request (FloatingIPsAssociationTestJSON:test_associate_already_associated_floating_ip): 202 POST http://10.180.1.21/compute/v2.1/servers 1.392s
2025-11-21 12:45:33.051 66181 INFO tempest.lib.common.rest_client [req-fc9469b0-7387-48d9-9338-05dba579105e req-fc9469b0-7387-48d9-9338-05dba579105e ] Request (HypervisorAdminNegativeUnderV252Test:test_show_servers_with_nonexistent_hypervisor): 404 GET http://10.180.1.21/compute/v2.1/os-hypervisors/fbbdcf05-9f5c-498c-9d7a-3a724b1d7a1b/servers 1.341s
2025-11-21 12:45:33.078 66177 INFO tempest.lib.common.rest_client [req-5ed327bf-64c8-4e28-a4b5-7732cda0c6dc req-5ed327bf-64c8-4e28-a4b5-7732cda0c6dc ] Request (FlavorsAccessTestJSON:_run_cleanups): 200 GET http://10.180.1.21/compute/v2.1/flavors/detail 1.297s
2025-11-21 12:45:33.085 66221 INFO tempest.lib.common.rest_client [req-fe077cde-e208-42ad-b63d-59cbbb8c7ce3 req-fe077cde-e208-42ad-b63d-59cbbb8c7ce3 ] Request (HostsAdminNegativeTestJSON:test_update_host_with_invalid_maintenance_mode): 400 PUT http://10.180.1.21/compute/v2.1/os-hosts/devstack 1.289s
2025-11-21 12:45:33.122 66213 INFO tempest.lib.common.rest_client [req-db7201d6-060c-4f07-a03d-e0eef2f92c71 req-db7201d6-060c-4f07-a03d-e0eef2f92c71 ] Request (TenantUsagesTestJSON:test_list_usage_all_tenants): 200 GET http://10.180.1.21/compute/v2.1/os-simple-tenant-usage?start=2025-11-20T12%3A45%3A28.704228&end=2025-11-22T12%3A45%3A28.704228&detailed=1 1.302s
2025-11-21 12:45:33.164 66179 INFO tempest.lib.common.rest_client [req-b5cf8e9e-4e16-4111-aafa-6a97d69d87ea req-b5cf8e9e-4e16-4111-aafa-6a97d69d87ea ] Request (FlavorsExtraSpecsNegativeTestJSON:tearDownClass): 202 DELETE http://10.180.1.21/compute/v2.1/flavors/1986541422 1.342s
2025-11-21 12:45:33.165 66187 INFO tempest.lib.common.rest_client [req-c38a36ef-3a09-4310-9130-93f465f6ae82 req-c38a36ef-3a09-4310-9130-93f465f6ae82 ] Request (ServerDiagnosticsTest:tearDownClass): 200 GET http://10.180.1.21/compute/v2.1/servers/dd56397a-f0f9-4f4d-b40b-171a8ed1c176 1.462s
2025-11-21 12:45:33.182 66225 INFO tempest.lib.common.rest_client [req-186b38da-2b86-4fbd-a044-09145904d40b req-186b38da-2b86-4fbd-a044-09145904d40b ] Request (FlavorsAdminTestJSON:test_create_flavor_with_none_id): 200 POST http://10.180.1.21/compute/v2.1/flavors 1.323s
2025-11-21 12:45:33.203 66191 INFO tempest.lib.common.rest_client [req-aa504329-d964-443d-8eaf-6192069ce376 req-aa504329-d964-443d-8eaf-6192069ce376 ] Request (FlavorsV2TestJSON:test_list_flavors_detailed_filter_by_min_ram): 200 GET http://10.180.1.21/compute/v2.1/flavors/detail?minRam=193 1.369s
2025-11-21 12:45:33.222 66181 INFO tempest.lib.common.rest_client [req-20e02258-17a8-4218-80bc-6f48f5010d60 req-20e02258-17a8-4218-80bc-6f48f5010d60 ] Request (HypervisorAdminNegativeUnderV252Test:tearDownClass): 204 DELETE http://10.180.1.21/identity/v3/users/2391a5b33a8d476eb66630fa9b4e685b 0.170s
2025-11-21 12:45:33.227 66177 INFO tempest.lib.common.rest_client [req-0a730b0b-6aa8-41e4-a4d6-348a849ebcfb req-0a730b0b-6aa8-41e4-a4d6-348a849ebcfb ] Request (FlavorsAccessTestJSON:tearDownClass): 204 DELETE http://10.180.1.21/identity/v3/users/e7f328ec11d64b25ad7a1bd7efb2ce66 0.139s
2025-11-21 12:45:33.316 66181 INFO tempest.lib.common.rest_client [req-3df9329a-de86-4068-9079-5f11f74cc029 req-3df9329a-de86-4068-9079-5f11f74cc029 ] Request (HypervisorAdminNegativeUnderV252Test:tearDownClass): 204 DELETE http://10.180.1.21/identity/v3/users/c5647a7f140c45c0b2516618dcee9ee4 0.093s
2025-11-21 12:45:33.316 66181 INFO tempest.lib.common.dynamic_creds [-] Deleting project and security group for project: 66b7cc3a205d493fbc505a2499ba2436
2025-11-21 12:45:33.407 66177 INFO tempest.lib.common.rest_client [req-c4c98624-fb6e-46b8-8b14-a7d8a6a25513 req-c4c98624-fb6e-46b8-8b14-a7d8a6a25513 ] Request (FlavorsAccessTestJSON:tearDownClass): 204 DELETE http://10.180.1.21/identity/v3/users/6e0c50fa4f0a435c9d80a057143c7a71 0.179s
2025-11-21 12:45:33.407 66177 INFO tempest.lib.common.dynamic_creds [-] Deleting project and security group for project: cafa3528376945d1aa56416343f94887
2025-11-21 12:45:33.429 66181 INFO tempest.lib.common.rest_client [req-9fad0c2c-ba60-4c20-9c2a-10df0ac3a098 req-9fad0c2c-ba60-4c20-9c2a-10df0ac3a098 ] Request (HypervisorAdminNegativeUnderV252Test:tearDownClass): 201 POST http://10.180.1.21/identity/v3/auth/tokens 0.112s
2025-11-21 12:45:33.469 66177 INFO tempest.lib.common.rest_client [req-a3a3488c-4fdd-4abb-8493-181d39930056 req-a3a3488c-4fdd-4abb-8493-181d39930056 ] Request (FlavorsAccessTestJSON:tearDownClass): 201 POST http://10.180.1.21/identity/v3/auth/tokens 0.061s
2025-11-21 12:45:33.506 66195 INFO tempest.lib.common.rest_client [req-7f162db3-fbc7-4246-b23a-131794b40b97 req-7f162db3-fbc7-4246-b23a-131794b40b97 ] Request (QuotasAdminTestJSON:test_update_all_quota_resources_for_tenant): 200 PUT http://10.180.1.21/compute/v2.1/os-quota-sets/df61c42051af4fb9a2efb5eac5e81fb7 1.516s
2025-11-21 12:45:33.527 66209 INFO tempest.lib.common.rest_client [req-e8050a4d-b6ee-4c09-8b04-f5a73969cc8c req-e8050a4d-b6ee-4c09-8b04-f5a73969cc8c ] Request (AggregatesAdminNegativeTestJSON:_run_cleanups): 200 DELETE http://10.180.1.21/compute/v2.1/os-aggregates/3 1.338s
2025-11-21 12:45:33.619 66201 INFO tempest.lib.common.rest_client [req-ecbfa80c-6844-4e7c-a54b-b4278dc9be51 req-ecbfa80c-6844-4e7c-a54b-b4278dc9be51 ] Request (FloatingIPDetailsTestJSON:tearDownClass): 202 DELETE http://10.180.1.21/compute/v2.1/os-floating-ips/53581b1b-74e5-4014-84ba-572da85e09d1 1.608s
2025-11-21 12:45:33.652 66181 INFO tempest.lib.common.rest_client [req-35ec61d4-24c0-4e32-ba0e-7ca4889c13b6 req-35ec61d4-24c0-4e32-ba0e-7ca4889c13b6 ] Request (HypervisorAdminNegativeUnderV252Test:tearDownClass): 200 GET http://10.180.1.21/networking/v2.0/security-groups?tenant_id=66b7cc3a205d493fbc505a2499ba2436&name=default 0.222s
2025-11-21 12:45:33.764 66177 INFO tempest.lib.common.rest_client [req-5a35b1a2-0c8d-4709-9096-8c96dd0a82b6 req-5a35b1a2-0c8d-4709-9096-8c96dd0a82b6 ] Request (FlavorsAccessTestJSON:tearDownClass): 200 GET http://10.180.1.21/networking/v2.0/security-groups?tenant_id=cafa3528376945d1aa56416343f94887&name=default 0.295s
2025-11-21 12:45:33.776 66181 INFO tempest.lib.common.rest_client [req-aa098a51-2e01-463e-8e97-882dc64785ae req-aa098a51-2e01-463e-8e97-882dc64785ae ] Request (HypervisorAdminNegativeUnderV252Test:tearDownClass): 204 DELETE http://10.180.1.21/networking/v2.0/security-groups/db495914-00af-484c-b4b8-84d47288c7e5 0.123s
2025-11-21 12:45:33.830 66215 INFO tempest.lib.common.rest_client [req-a9fb81ca-78dd-488d-bcfd-9fca4693d620 req-a9fb81ca-78dd-488d-bcfd-9fca4693d620 ] Request (SecurityGroupsTestAdminJSON:_run_cleanups): 202 DELETE http://10.180.1.21/compute/v2.1/os-security-groups/7c7bff0c-9374-44c9-9be0-9b1daee0d657 1.604s
2025-11-21 12:45:33.845 66181 INFO tempest.lib.common.rest_client [req-dbd993f2-d456-418c-8a6a-46f0e5e1799b req-dbd993f2-d456-418c-8a6a-46f0e5e1799b ] Request (HypervisorAdminNegativeUnderV252Test:tearDownClass): 204 DELETE http://10.180.1.21/identity/v3/projects/66b7cc3a205d493fbc505a2499ba2436 0.069s
2025-11-21 12:45:33.846 66181 INFO tempest.lib.common.dynamic_creds [-] Deleting project and security group for project: 38ef667004684cb68789c7e42b57961b
2025-11-21 12:45:33.859 66193 INFO tempest.lib.common.rest_client [req-371813f7-9739-4191-9ea4-cacb778dce09 req-371813f7-9739-4191-9ea4-cacb778dce09 ] Request (DeleteServersAdminTestJSON:test_admin_delete_servers_of_others): 204 DELETE http://10.180.1.21/compute/v2.1/servers/a814d2d1-2c54-4b4d-8d47-a5f4ede46674 1.533s
2025-11-21 12:45:33.861 66177 INFO tempest.lib.common.rest_client [req-c95fb177-4307-4cac-8e82-2532463dc853 req-c95fb177-4307-4cac-8e82-2532463dc853 ] Request (FlavorsAccessTestJSON:tearDownClass): 204 DELETE http://10.180.1.21/networking/v2.0/security-groups/8283636b-abf5-415c-aca5-0f763357e4a6 0.096s
2025-11-21 12:45:33.882 66239 INFO tempest.lib.common.rest_client [req-453b332c-b953-4ffa-9e18-937679c11aca req-453b332c-b953-4ffa-9e18-937679c11aca ] Request (VolumesAssistedSnapshotsTest:test_volume_assisted_snapshot_create_delete): 200 GET http://10.180.1.21/compute/v2.1/servers/1eab0b25-ccdf-4d79-994c-04298613ec82 1.509s
2025-11-21 12:45:33.943 66215 INFO tempest.lib.common.rest_client [req-2d098849-bdea-46f9-a6e2-d8320caee1b8 req-2d098849-bdea-46f9-a6e2-d8320caee1b8 ] Request (SecurityGroupsTestAdminJSON:tearDownClass): 204 DELETE http://10.180.1.21/identity/v3/users/67777ccf5e754d6d89ea6e69f715a142 0.112s
2025-11-21 12:45:33.960 66177 INFO tempest.lib.common.rest_client [req-b0705732-15cd-42d9-bd0b-f3a96ddac7f0 req-b0705732-15cd-42d9-bd0b-f3a96ddac7f0 ] Request (FlavorsAccessTestJSON:tearDownClass): 204 DELETE http://10.180.1.21/identity/v3/projects/cafa3528376945d1aa56416343f94887 0.099s
2025-11-21 12:45:33.960 66177 INFO tempest.lib.common.dynamic_creds [-] Deleting project and security group for project: ad8c6fe233924b888b92473fe3e5d029
2025-11-21 12:45:33.966 66181 INFO tempest.lib.common.rest_client [req-00f1e2b0-6207-4620-8352-8f6b4659ba81 req-00f1e2b0-6207-4620-8352-8f6b4659ba81 ] Request (HypervisorAdminNegativeUnderV252Test:tearDownClass): 200 GET http://10.180.1.21/networking/v2.0/security-groups?tenant_id=38ef667004684cb68789c7e42b57961b&name=default 0.120s
2025-11-21 12:45:33.984 66224 INFO tempest.lib.common.rest_client [req-e199fb7b-c1ac-4d14-99c3-8e5cc1e98ed9 req-e199fb7b-c1ac-4d14-99c3-8e5cc1e98ed9 ] Request (ServersAdminNegativeTestJSON:test_migrate_server_invalid_state): 200 GET http://10.180.1.21/compute/v2.1/servers/da0ee9c7-5148-4a17-bcc6-4802049d449e 1.562s
2025-11-21 12:45:34.049 66215 INFO tempest.lib.common.rest_client [req-da3dfae1-8109-4408-9e19-1cf9d12c9e43 req-da3dfae1-8109-4408-9e19-1cf9d12c9e43 ] Request (SecurityGroupsTestAdminJSON:tearDownClass): 204 DELETE http://10.180.1.21/identity/v3/users/e539b7f9ebc541328baa2b21b449ab18 0.106s
2025-11-21 12:45:34.049 66215 INFO tempest.lib.common.dynamic_creds [-] Deleting project and security group for project: 6cfa83f7961944fa8d1bb8b52c7cbda6
2025-11-21 12:45:34.084 66177 INFO tempest.lib.common.rest_client [req-0149ce93-3b4a-4cd2-a24f-bec5b6cd13f9 req-0149ce93-3b4a-4cd2-a24f-bec5b6cd13f9 ] Request (FlavorsAccessTestJSON:tearDownClass): 200 GET http://10.180.1.21/networking/v2.0/security-groups?tenant_id=ad8c6fe233924b888b92473fe3e5d029&name=default 0.123s
2025-11-21 12:45:34.118 66215 INFO tempest.lib.common.rest_client [req-66319b31-9f6a-459d-8ce3-749220a0864f req-66319b31-9f6a-459d-8ce3-749220a0864f ] Request (SecurityGroupsTestAdminJSON:tearDownClass): 201 POST http://10.180.1.21/identity/v3/auth/tokens 0.069s
2025-11-21 12:45:34.175 66181 INFO tempest.lib.common.rest_client [req-8f20bdea-cdaa-43ec-955c-bd4cb235deab req-8f20bdea-cdaa-43ec-955c-bd4cb235deab ] Request (HypervisorAdminNegativeUnderV252Test:tearDownClass): 204 DELETE http://10.180.1.21/networking/v2.0/security-groups/e0e8da3f-9248-44f8-a374-00f737ac6cc4 0.208s
2025-11-21 12:45:34.270 66181 INFO tempest.lib.common.rest_client [req-9728a3f1-7e54-426f-8585-1dc7ff724643 req-9728a3f1-7e54-426f-8585-1dc7ff724643 ] Request (HypervisorAdminNegativeUnderV252Test:tearDownClass): 204 DELETE http://10.180.1.21/identity/v3/projects/38ef667004684cb68789c7e42b57961b 0.094s
2025-11-21 12:45:34.357 66181 INFO tempest.lib.common.rest_client [req-d0458952-75a6-445f-8ae2-654d0e90b6d1 req-d0458952-75a6-445f-8ae2-654d0e90b6d1 ] Request (KeyPairsV210TestJSON:setUpClass): 201 POST http://10.180.1.21/identity/v3/auth/tokens 0.084s
2025-11-21 12:45:34.392 66181 INFO tempest.lib.common.rest_client [req-86fdc983-8357-4862-a8b0-13b5f28e045e req-86fdc983-8357-4862-a8b0-13b5f28e045e ] Request (KeyPairsV210TestJSON:setUpClass): 201 POST http://10.180.1.21/identity/v3/auth/tokens 0.030s
2025-11-21 12:45:34.412 66177 INFO tempest.lib.common.rest_client [req-e4acd343-9c45-4482-b892-efb41891af74 req-e4acd343-9c45-4482-b892-efb41891af74 ] Request (FlavorsAccessTestJSON:tearDownClass): 204 DELETE http://10.180.1.21/networking/v2.0/security-groups/b1f41d5c-c0e5-45c0-8b76-232eeb76f61d 0.327s
2025-11-21 12:45:34.416 66181 INFO tempest.lib.common.rest_client [req-8da9b2d8-dbbc-4c57-93f0-ac652686efc0 req-8da9b2d8-dbbc-4c57-93f0-ac652686efc0 ] Request (KeyPairsV210TestJSON:setUpClass): 200 GET http://10.180.1.21/identity/v3/domains?name=Default 0.023s
2025-11-21 12:45:34.427 66215 INFO tempest.lib.common.rest_client [req-66a08bd8-17b9-4700-bb74-a2238a43b3c1 req-66a08bd8-17b9-4700-bb74-a2238a43b3c1 ] Request (SecurityGroupsTestAdminJSON:tearDownClass): 200 GET http://10.180.1.21/networking/v2.0/security-groups?tenant_id=6cfa83f7961944fa8d1bb8b52c7cbda6&name=default 0.308s
2025-11-21 12:45:34.444 66181 INFO tempest.lib.common.rest_client [req-7ac929b8-1a22-4c6a-b098-e672a67383cd req-7ac929b8-1a22-4c6a-b098-e672a67383cd ] Request (KeyPairsV210TestJSON:setUpClass): 201 POST http://10.180.1.21/identity/v3/projects 0.027s
2025-11-21 12:45:34.464 66227 INFO tempest.lib.common.rest_client [req-351567a8-9471-4030-935f-1adae6b52354 req-351567a8-9471-4030-935f-1adae6b52354 ] Request (ImagesNegativeTestJSON:test_create_image_from_deleted_server): 200 GET http://10.180.1.21/compute/v2.1/servers/616bbc7d-f52d-4cdd-bdd2-7eef9878109c 1.858s
2025-11-21 12:45:34.472 66177 INFO tempest.lib.common.rest_client [req-7cfe7390-059f-4bf8-8c36-938c24d89079 req-7cfe7390-059f-4bf8-8c36-938c24d89079 ] Request (FlavorsAccessTestJSON:tearDownClass): 204 DELETE http://10.180.1.21/identity/v3/projects/ad8c6fe233924b888b92473fe3e5d029 0.060s
2025-11-21 12:45:34.489 66199 INFO tempest.lib.common.rest_client [req-e12f6b6b-f43c-4c54-990d-4b2207852602 req-e12f6b6b-f43c-4c54-990d-4b2207852602 ] Request (FlavorsAccessNegativeTestJSON:test_flavor_non_admin_add): 200 POST http://10.180.1.21/compute/v2.1/flavors 1.834s
2025-11-21 12:45:34.523 66203 INFO tempest.lib.common.rest_client [req-f60e5c75-7e15-452a-aee3-aa6bd6d776ab req-f60e5c75-7e15-452a-aee3-aa6bd6d776ab ] Request (ServicesAdminNegativeV253TestJSON:test_get_service_with_valid_service_and_invalid_host): 200 GET http://10.180.1.21/compute/v2.1/os-services 1.848s
2025-11-21 12:45:34.529 66189 INFO tempest.lib.common.rest_client [req-16b566bb-78b5-47b7-abb5-8339681858c2 req-16b566bb-78b5-47b7-abb5-8339681858c2 ] Request (QuotasAdminNegativeTest:test_create_server_when_memory_quota_is_full): 403 POST http://10.180.1.21/compute/v2.1/servers 1.960s
2025-11-21 12:45:34.535 66217 INFO tempest.lib.common.rest_client [-] Request (TestVersions:test_list_api_versions): 200 GET http://10.180.1.21/compute/ 1.855s
2025-11-21 12:45:34.551 66177 INFO tempest.lib.common.rest_client [req-704d018f-2f2d-4e98-b85a-c5802f5530c0 req-704d018f-2f2d-4e98-b85a-c5802f5530c0 ] Request (ServersTestFqdnHostnames:setUpClass): 201 POST http://10.180.1.21/identity/v3/auth/tokens 0.076s
2025-11-21 12:45:34.557 66181 INFO tempest.lib.common.rest_client [req-7e52b521-263c-4203-8422-db98c39e2f97 req-7e52b521-263c-4203-8422-db98c39e2f97 ] Request (KeyPairsV210TestJSON:setUpClass): 201 POST http://10.180.1.21/identity/v3/users 0.112s
2025-11-21 12:45:34.558 66215 INFO tempest.lib.common.rest_client [req-6cc3fb1b-405b-455a-be52-80e6b337eaea req-6cc3fb1b-405b-455a-be52-80e6b337eaea ] Request (SecurityGroupsTestAdminJSON:tearDownClass): 204 DELETE http://10.180.1.21/networking/v2.0/security-groups/c2f709a9-9434-43fb-909b-cc700c99c69e 0.130s
2025-11-21 12:45:34.600 66229 INFO tempest.lib.common.rest_client [req-5da81f09-50ee-4813-8c5f-72cc3a082381 req-5da81f09-50ee-4813-8c5f-72cc3a082381 ] Request (ServerExternalEventsTest:test_create_server_external_events): 200 GET http://10.180.1.21/compute/v2.1/servers/6b5743db-ce9e-49d9-b694-dddb9c82e80d 1.824s
2025-11-21 12:45:34.648 66217 INFO tempest.lib.common.rest_client [req-b3bf30a0-c75e-4af8-88fc-52cd060bf3a1 req-b3bf30a0-c75e-4af8-88fc-52cd060bf3a1 ] Request (TestVersions:tearDownClass): 204 DELETE http://10.180.1.21/identity/v3/users/c2164abed5f5470b8139a20347e277ac 0.106s
2025-11-21 12:45:34.648 66217 INFO tempest.lib.common.dynamic_creds [-] Deleting project and security group for project: cbf60563356f4143b0cea5be79ed6078
2025-11-21 12:45:34.657 66208 INFO tempest.lib.common.rest_client [req-fce7f639-2f5e-4e13-b084-91259a53b072 req-fce7f639-2f5e-4e13-b084-91259a53b072 ] Request (ServersWithSpecificFlavorTestJSON:test_verify_created_server_ephemeral_disk): 200 GET http://10.180.1.21/compute/v2.1/servers/dd95595b-1eb3-4af7-a1ca-77c1cff24ac5 1.624s
2025-11-21 12:45:34.724 66212 INFO tempest.lib.common.rest_client [req-1a70e96b-48a7-44d6-81b8-ebb7714e242c req-1a70e96b-48a7-44d6-81b8-ebb7714e242c ] Request (FloatingIPsAssociationTestJSON:test_associate_already_associated_floating_ip): 200 GET http://10.180.1.21/compute/v2.1/servers/0b13d9bd-4a3b-44e6-806d-f59d5bad102b 1.684s
2025-11-21 12:45:34.725 66177 INFO tempest.lib.common.rest_client [req-bfea075d-bbc3-4a48-9edd-bcd945a13440 req-bfea075d-bbc3-4a48-9edd-bcd945a13440 ] Request (ServersTestFqdnHostnames:setUpClass): 201 POST http://10.180.1.21/identity/v3/auth/tokens 0.169s
2025-11-21 12:45:34.729 66235 INFO tempest.lib.common.rest_client [req-0c505bd0-fbd3-44fc-8dfc-3ee2d970f331 req-0c505bd0-fbd3-44fc-8dfc-3ee2d970f331 ] Request (ServicesAdminNegativeTestJSON:test_get_service_by_invalid_params): 200 GET http://10.180.1.21/compute/v2.1/os-services 1.886s
2025-11-21 12:45:34.729 66221 INFO tempest.lib.common.rest_client [req-030cb4a5-7eaf-4ff9-9224-c22899233ccb req-030cb4a5-7eaf-4ff9-9224-c22899233ccb ] Request (HostsAdminNegativeTestJSON:test_update_host_with_invalid_status): 400 PUT http://10.180.1.21/compute/v2.1/os-hosts/devstack 1.643s
2025-11-21 12:45:34.773 66181 INFO tempest.lib.common.rest_client [req-19ce5942-f694-414a-a265-732ea1af882c req-19ce5942-f694-414a-a265-732ea1af882c ] Request (KeyPairsV210TestJSON:setUpClass): 200 GET http://10.180.1.21/identity/v3/roles 0.215s
2025-11-21 12:45:34.793 66215 INFO tempest.lib.common.rest_client [req-eafe534e-11d5-49c3-b487-9f2a98f344dd req-eafe534e-11d5-49c3-b487-9f2a98f344dd ] Request (SecurityGroupsTestAdminJSON:tearDownClass): 204 DELETE http://10.180.1.21/identity/v3/projects/6cfa83f7961944fa8d1bb8b52c7cbda6 0.234s
2025-11-21 12:45:34.793 66215 INFO tempest.lib.common.dynamic_creds [-] Deleting project and security group for project: cefc4823215e4d00b7d342dacf48fa64
2025-11-21 12:45:34.800 66219 INFO tempest.lib.common.rest_client [req-a6a307f9-f811-4cea-9243-e102b66e455f req-a6a307f9-f811-4cea-9243-e102b66e455f ] Request (ServersAdmin275Test:test_rebuild_update_server_275): 200 GET http://10.180.1.21/compute/v2.1/servers/f7e9ad55-72c8-40f2-b4c1-79d9976fb61f 1.671s
2025-11-21 12:45:34.819 66219 INFO tempest.common.waiters [-] State transition "REBUILD/rebuilding" ==> "REBUILD/rebuild_spawning" after 2 second wait
2025-11-21 12:45:34.826 66215 INFO tempest.lib.common.rest_client [req-30adf169-6521-486c-b513-d9150e0399e0 req-30adf169-6521-486c-b513-d9150e0399e0 ] Request (SecurityGroupsTestAdminJSON:tearDownClass): 200 GET http://10.180.1.21/networking/v2.0/security-groups?tenant_id=cefc4823215e4d00b7d342dacf48fa64&name=default 0.033s
2025-11-21 12:45:34.834 66217 INFO tempest.lib.common.rest_client [req-d7194a98-d779-426a-9e91-d76fd97707a5 req-d7194a98-d779-426a-9e91-d76fd97707a5 ] Request (TestVersions:tearDownClass): 201 POST http://10.180.1.21/identity/v3/auth/tokens 0.186s
2025-11-21 12:45:34.856 66177 INFO tempest.lib.common.rest_client [req-dc552927-2379-4243-83f4-8289779e00d5 req-dc552927-2379-4243-83f4-8289779e00d5 ] Request (ServersTestFqdnHostnames:setUpClass): 200 GET http://10.180.1.21/identity/v3/domains?name=Default 0.131s
2025-11-21 12:45:34.859 66213 INFO tempest.lib.common.rest_client [req-044e44be-ac3b-46da-9a58-2118bc2037c2 req-044e44be-ac3b-46da-9a58-2118bc2037c2 ] Request (TenantUsagesTestJSON:tearDownClass): 204 DELETE http://10.180.1.21/compute/v2.1/servers/c43b7a8f-ebce-4a2f-aa14-11f5c6f18cea 1.728s
2025-11-21 12:45:34.868 66181 INFO tempest.lib.common.rest_client [req-6d796000-54ab-4409-860b-0de5fcda85df req-6d796000-54ab-4409-860b-0de5fcda85df ] Request (KeyPairsV210TestJSON:setUpClass): 204 PUT http://10.180.1.21/identity/v3/projects/2d40a6cb75da4a5aafd53f8ab94ae412/users/6492681dfa59411d81e24e775dbe7f12/roles/85d2aa0347e64c86bf8cf95bef9080f1 0.094s
2025-11-21 12:45:34.868 66181 INFO tempest.lib.common.dynamic_creds [-] Dynamic test user 6492681dfa59411d81e24e775dbe7f12 is created with scope project and roles: ['member']
2025-11-21 12:45:34.868 66181 INFO tempest.lib.common.dynamic_creds [-] Acquired dynamic creds: credentials: Credentials: {'domain_id': 'default', 'domain_name': 'Default', 'username': 'tempest-KeyPairsV210TestJSON-1773384614-project-member', 'project_domain_id': 'default', 'project_domain_name': 'Default', 'project_id': '2d40a6cb75da4a5aafd53f8ab94ae412', 'project_name': 'tempest-KeyPairsV210TestJSON-1773384614', 'tenant_id': '2d40a6cb75da4a5aafd53f8ab94ae412', 'tenant_name': 'tempest-KeyPairsV210TestJSON-1773384614', 'user_domain_id': 'default', 'user_domain_name': 'Default', 'user_id': '6492681dfa59411d81e24e775dbe7f12', 'system': None}, Network: None, Subnet: None, Router: None
2025-11-21 12:45:34.869 66181 INFO tempest.lib.common.dynamic_creds [-] Created isolated network resources for: credentials: Credentials: {'domain_id': 'default', 'domain_name': 'Default', 'username': 'tempest-KeyPairsV210TestJSON-1773384614-project-member', 'project_domain_id': 'default', 'project_domain_name': 'Default', 'project_id': '2d40a6cb75da4a5aafd53f8ab94ae412', 'project_name': 'tempest-KeyPairsV210TestJSON-1773384614', 'tenant_id': '2d40a6cb75da4a5aafd53f8ab94ae412', 'tenant_name': 'tempest-KeyPairsV210TestJSON-1773384614', 'user_domain_id': 'default', 'user_domain_name': 'Default', 'user_id': '6492681dfa59411d81e24e775dbe7f12', 'system': None}, Network: None, Subnet: None, Router: None
2025-11-21 12:45:34.885 66179 INFO tempest.lib.common.rest_client [req-9fd8fe5e-bd97-4dd6-bebc-1594edc56bb7 req-9fd8fe5e-bd97-4dd6-bebc-1594edc56bb7 ] Request (FlavorsExtraSpecsNegativeTestJSON:tearDownClass): 200 GET http://10.180.1.21/compute/v2.1/flavors/detail 1.720s
2025-11-21 12:45:34.914 66225 INFO tempest.lib.common.rest_client [req-9872065d-7d30-41ec-88ba-7c7ede5572f9 req-9872065d-7d30-41ec-88ba-7c7ede5572f9 ] Request (FlavorsAdminTestJSON:_run_cleanups): 202 DELETE http://10.180.1.21/compute/v2.1/flavors/c2a1d3d3-4c25-4b79-9175-329a5fe5b9ae 1.729s
