2025-11-21 12:45:19.066 66197 INFO tempest.lib.common.dynamic_creds [-] Created isolated network resources for: credentials: Credentials: {'domain_id': 'default', 'domain_name': 'Default', 'username': 'tempest-QuotaClassesAdminTestJSON-76262649-project-member', 'project_domain_id': 'default', 'project_domain_name': 'Default', 'project_id': '0c7fe21bb1e24d5597bf382f7878ed8f', 'project_name': 'tempest-QuotaClassesAdminTestJSON-76262649', 'tenant_id': '0c7fe21bb1e24d5597bf382f7878ed8f', 'tenant_name': 'tempest-QuotaClassesAdminTestJSON-76262649', 'user_domain_id': 'default', 'user_domain_name': 'Default', 'user_id': '436612254e0d4c2789b0f5d45d2ffb9f', 'system': None}, Network: None, Subnet: None, Router: None
2025-11-21 12:45:19.126 66191 INFO tempest.lib.common.rest_client [req-ec3694a3-9fb9-4370-a213-6e087639b0ea req-ec3694a3-9fb9-4370-a213-6e087639b0ea ] Request (FlavorsV2TestJSON:setUpClass): 201 POST http://10.180.1.21/identity/v3/auth/tokens 0.166s
2025-11-21 12:45:19.141 66203 INFO tempest.lib.common.rest_client [req-c3eb0fc2-bda8-4460-b85a-64ab5b480294 req-c3eb0fc2-bda8-4460-b85a-64ab5b480294 ] Request (ServicesAdminNegativeV253TestJSON:setUpClass): 200 GET http://10.180.1.21/identity/v3/roles 0.119s
2025-11-21 12:45:19.223 66197 INFO tempest.lib.common.rest_client [req-b780a653-0ad4-4f53-a191-7d6346772d2a req-b780a653-0ad4-4f53-a191-7d6346772d2a ] Request (QuotaClassesAdminTestJSON:setUpClass): 201 POST http://10.180.1.21/identity/v3/auth/tokens 0.154s
2025-11-21 12:45:19.254 66195 INFO tempest.lib.common.rest_client [req-ca1de6f4-5c01-425e-9bf3-e2f866aaad6e req-ca1de6f4-5c01-425e-9bf3-e2f866aaad6e ] Request (QuotasAdminTestJSON:test_delete_quota): 200 GET http://10.180.1.21/compute/v2.1/os-quota-sets/c849786688364b1faa525ed6d7d983ac 4.018s
2025-11-21 12:45:19.264 66191 INFO tempest.lib.common.rest_client [req-6def0b23-a656-4a7c-9182-a8c984d72620 req-6def0b23-a656-4a7c-9182-a8c984d72620 ] Request (FlavorsV2TestJSON:setUpClass): 201 POST http://10.180.1.21/identity/v3/auth/tokens 0.130s
2025-11-21 12:45:19.267 66203 INFO tempest.lib.common.rest_client [req-b2845e6c-34df-43b9-8169-e838f9920937 req-b2845e6c-34df-43b9-8169-e838f9920937 ] Request (ServicesAdminNegativeV253TestJSON:setUpClass): 204 PUT http://10.180.1.21/identity/v3/projects/4cceb7b324a14c76b9b30c9ac8eae725/users/86ba1237c6354cf4b087d631bf3e3aa6/roles/7d9678a22deb4aae80bd53e8d62da049 0.125s
2025-11-21 12:45:19.342 66197 INFO tempest.lib.common.rest_client [req-9fb36196-8de5-4844-9afe-339e7d78e1a5 req-9fb36196-8de5-4844-9afe-339e7d78e1a5 ] Request (QuotaClassesAdminTestJSON:setUpClass): 201 POST http://10.180.1.21/identity/v3/projects 0.118s
2025-11-21 12:45:19.375 66195 INFO tempest.lib.common.rest_client [req-3ae109b1-ddb3-4936-bc73-5ce6b17f873a req-3ae109b1-ddb3-4936-bc73-5ce6b17f873a ] Request (QuotasAdminTestJSON:_run_cleanups): 204 DELETE http://10.180.1.21/identity/v3/projects/c849786688364b1faa525ed6d7d983ac 0.118s
2025-11-21 12:45:19.410 66191 INFO tempest.lib.common.rest_client [req-c317e215-98c8-4425-824b-2ab45767e4ba req-c317e215-98c8-4425-824b-2ab45767e4ba ] Request (FlavorsV2TestJSON:setUpClass): 200 GET http://10.180.1.21/identity/v3/domains?name=Default 0.146s
2025-11-21 12:45:19.448 66197 INFO tempest.lib.common.rest_client [req-04453e60-f450-47dc-8bce-48a1e40f8e17 req-04453e60-f450-47dc-8bce-48a1e40f8e17 ] Request (QuotaClassesAdminTestJSON:setUpClass): 201 POST http://10.180.1.21/identity/v3/users 0.106s
2025-11-21 12:45:19.452 66203 INFO tempest.lib.common.rest_client [req-01d4d6c6-8743-44e7-9dbc-0431b987ff2d req-01d4d6c6-8743-44e7-9dbc-0431b987ff2d ] Request (ServicesAdminNegativeV253TestJSON:setUpClass): 200 GET http://10.180.1.21/identity/v3/roles 0.185s
2025-11-21 12:45:19.458 66233 INFO tempest.lib.common.rest_client [req-821bb7f6-c342-4c3f-bfb6-73eb50d110df req-821bb7f6-c342-4c3f-bfb6-73eb50d110df ] Request (InstanceActionsTestJSON:setUpClass): 202 POST http://10.180.1.21/compute/v2.1/servers 4.339s
2025-11-21 12:45:19.505 66191 INFO tempest.lib.common.rest_client [req-aee0cc6c-5b5b-4941-b844-a289d20f0a19 req-aee0cc6c-5b5b-4941-b844-a289d20f0a19 ] Request (FlavorsV2TestJSON:setUpClass): 201 POST http://10.180.1.21/identity/v3/projects 0.094s
2025-11-21 12:45:19.545 66209 INFO tempest.lib.common.rest_client [req-fea2ecc8-976c-4e79-a9af-01d1641bb1f8 req-fea2ecc8-976c-4e79-a9af-01d1641bb1f8 ] Request (AggregatesAdminNegativeTestJSON:test_aggregate_add_existent_host): 409 POST http://10.180.1.21/compute/v2.1/os-aggregates/1/action 3.908s
2025-11-21 12:45:19.581 66197 INFO tempest.lib.common.rest_client [req-23f23b89-f8e0-4f1e-891c-07bb32ff7a77 req-23f23b89-f8e0-4f1e-891c-07bb32ff7a77 ] Request (QuotaClassesAdminTestJSON:setUpClass): 200 GET http://10.180.1.21/identity/v3/roles 0.131s
2025-11-21 12:45:19.605 66239 INFO tempest.lib.common.rest_client [req-3ba8a497-13e0-471c-954f-e4f650887974 req-3ba8a497-13e0-471c-954f-e4f650887974 ] Request (VolumesAssistedSnapshotsTest:test_volume_assisted_snapshot_create_delete): 201 POST http://10.180.1.21/networking/v2.0/floatingips 0.568s
2025-11-21 12:45:19.605 66203 INFO tempest.lib.common.rest_client [req-7309f5bd-ff17-40d9-b6ca-d1ce5fc075d6 req-7309f5bd-ff17-40d9-b6ca-d1ce5fc075d6 ] Request (ServicesAdminNegativeV253TestJSON:setUpClass): 204 PUT http://10.180.1.21/identity/v3/projects/4cceb7b324a14c76b9b30c9ac8eae725/users/86ba1237c6354cf4b087d631bf3e3aa6/roles/7d9678a22deb4aae80bd53e8d62da049 0.152s
2025-11-21 12:45:19.606 66203 INFO tempest.lib.common.dynamic_creds [-] Dynamic test user 86ba1237c6354cf4b087d631bf3e3aa6 is created with scope project and roles: ['admin']
2025-11-21 12:45:19.607 66203 INFO tempest.lib.common.dynamic_creds [-] Acquired dynamic creds: credentials: Credentials: {'domain_id': 'default', 'domain_name': 'Default', 'username': 'tempest-ServicesAdminNegativeV253TestJSON-876305037-project-admin', 'project_domain_id': 'default', 'project_domain_name': 'Default', 'project_id': '4cceb7b324a14c76b9b30c9ac8eae725', 'project_name': 'tempest-ServicesAdminNegativeV253TestJSON-876305037', 'tenant_id': '4cceb7b324a14c76b9b30c9ac8eae725', 'tenant_name': 'tempest-ServicesAdminNegativeV253TestJSON-876305037', 'user_domain_id': 'default', 'user_domain_name': 'Default', 'user_id': '86ba1237c6354cf4b087d631bf3e3aa6', 'system': None}, Network: None, Subnet: None, Router: None
2025-11-21 12:45:19.607 66203 INFO tempest.lib.common.dynamic_creds [-] Created isolated network resources for: credentials: Credentials: {'domain_id': 'default', 'domain_name': 'Default', 'username': 'tempest-ServicesAdminNegativeV253TestJSON-876305037-project-admin', 'project_domain_id': 'default', 'project_domain_name': 'Default', 'project_id': '4cceb7b324a14c76b9b30c9ac8eae725', 'project_name': 'tempest-ServicesAdminNegativeV253TestJSON-876305037', 'tenant_id': '4cceb7b324a14c76b9b30c9ac8eae725', 'tenant_name': 'tempest-ServicesAdminNegativeV253TestJSON-876305037', 'user_domain_id': 'default', 'user_domain_name': 'Default', 'user_id': '86ba1237c6354cf4b087d631bf3e3aa6', 'system': None}, Network: None, Subnet: None, Router: None
2025-11-21 12:45:19.707 66191 INFO tempest.lib.common.rest_client [req-c60abe17-9dde-4a9b-8045-632f17832fa6 req-c60abe17-9dde-4a9b-8045-632f17832fa6 ] Request (FlavorsV2TestJSON:setUpClass): 201 POST http://10.180.1.21/identity/v3/users 0.201s
2025-11-21 12:45:19.723 66199 INFO tempest.lib.common.rest_client [req-2aba3af7-a66a-4aee-b400-606d2bb178c2 req-2aba3af7-a66a-4aee-b400-606d2bb178c2 ] Request (FlavorsAccessNegativeTestJSON:test_add_flavor_access_duplicate): 409 POST http://10.180.1.21/compute/v2.1/flavors/281918945/action 4.362s
2025-11-21 12:45:19.735 66197 INFO tempest.lib.common.rest_client [req-4f3e3dd4-1b39-4557-8d68-2eacf683194d req-4f3e3dd4-1b39-4557-8d68-2eacf683194d ] Request (QuotaClassesAdminTestJSON:setUpClass): 204 PUT http://10.180.1.21/identity/v3/projects/4ecbfdf1ae50430d99ff628c48077bda/users/90ec237047784b42bc4e44fb60bf0609/roles/7d9678a22deb4aae80bd53e8d62da049 0.153s
2025-11-21 12:45:19.746 66237 INFO tempest.lib.common.rest_client [req-eedc7b22-0257-4a59-8f1b-e2c6ed7401ba req-eedc7b22-0257-4a59-8f1b-e2c6ed7401ba ] Request (ImagesDeleteNegativeTestJSON:test_delete_non_existent_image): 404 DELETE http://10.180.1.21/compute/v2.1/images/8a68e2c5-57ae-4721-b899-bd69504d3800 3.794s
2025-11-21 12:45:19.780 66239 INFO tempest.lib.common.rest_client [req-99cbb869-cfaa-4009-ac90-a9f58a69ce6b req-99cbb869-cfaa-4009-ac90-a9f58a69ce6b ] Request (VolumesAssistedSnapshotsTest:test_volume_assisted_snapshot_create_delete): 201 POST http://10.180.1.21/identity/v3/auth/tokens 0.171s
2025-11-21 12:45:19.780 66239 INFO tempest.lib.common.fixed_network [-] (VolumesAssistedSnapshotsTest:test_volume_assisted_snapshot_create_delete) Found network {'id': '6e498f56-efb4-41b4-a05c-a7e9fc5a54be', 'name': 'tempest-VolumesAssistedSnapshotsTest-1097116405-network', 'tenant_id': '86b3ea12b10b46f4acec8c0933d1f171', 'project_id': '86b3ea12b10b46f4acec8c0933d1f171', 'admin_state_up': True, 'mtu': 8950, 'status': 'ACTIVE', 'subnets': [], 'shared': False, 'port_security_enabled': True, 'router:external': False, 'provider:network_type': 'vlan', 'provider:physical_network': 'default', 'provider:segmentation_id': 989, 'availability_zone_hints': [], 'availability_zones': [], 'ipv4_address_scope': None, 'ipv6_address_scope': None, 'description': '', 'tags': [], 'created_at': '2025-11-21T12:44:58Z', 'updated_at': '2025-11-21T12:44:58Z', 'revision_number': 1} available for tenant
2025-11-21 12:45:19.806 66203 INFO tempest.lib.common.rest_client [req-ad0ec992-27ba-464b-87d5-21440afe8a9f req-ad0ec992-27ba-464b-87d5-21440afe8a9f ] Request (ServicesAdminNegativeV253TestJSON:setUpClass): 201 POST http://10.180.1.21/identity/v3/auth/tokens 0.195s
2025-11-21 12:45:19.844 66191 INFO tempest.lib.common.rest_client [req-ef332e3a-a7bd-4a9d-8309-dde6e9ee1f05 req-ef332e3a-a7bd-4a9d-8309-dde6e9ee1f05 ] Request (FlavorsV2TestJSON:setUpClass): 200 GET http://10.180.1.21/identity/v3/roles 0.136s
2025-11-21 12:45:19.873 66197 INFO tempest.lib.common.rest_client [req-07214341-c643-4b53-83d9-a64b96d175ad req-07214341-c643-4b53-83d9-a64b96d175ad ] Request (QuotaClassesAdminTestJSON:setUpClass): 200 GET http://10.180.1.21/identity/v3/roles 0.137s
2025-11-21 12:45:19.901 66191 INFO tempest.lib.common.rest_client [req-c95801fe-4c08-4480-86a7-e67af6b840c7 req-c95801fe-4c08-4480-86a7-e67af6b840c7 ] Request (FlavorsV2TestJSON:setUpClass): 204 PUT http://10.180.1.21/identity/v3/projects/7009e746b9a14e8ca49f2f5191bc8211/users/6f3e6c39fd5f4c95ac17c7add3d0f0b1/roles/85d2aa0347e64c86bf8cf95bef9080f1 0.057s
2025-11-21 12:45:19.902 66191 INFO tempest.lib.common.dynamic_creds [-] Dynamic test user 6f3e6c39fd5f4c95ac17c7add3d0f0b1 is created with scope project and roles: ['member']
2025-11-21 12:45:19.902 66191 INFO tempest.lib.common.dynamic_creds [-] Acquired dynamic creds: credentials: Credentials: {'domain_id': 'default', 'domain_name': 'Default', 'username': 'tempest-FlavorsV2TestJSON-2002252321-project-member', 'project_domain_id': 'default', 'project_domain_name': 'Default', 'project_id': '7009e746b9a14e8ca49f2f5191bc8211', 'project_name': 'tempest-FlavorsV2TestJSON-2002252321', 'tenant_id': '7009e746b9a14e8ca49f2f5191bc8211', 'tenant_name': 'tempest-FlavorsV2TestJSON-2002252321', 'user_domain_id': 'default', 'user_domain_name': 'Default', 'user_id': '6f3e6c39fd5f4c95ac17c7add3d0f0b1', 'system': None}, Network: None, Subnet: None, Router: None
2025-11-21 12:45:19.902 66191 INFO tempest.lib.common.dynamic_creds [-] Created isolated network resources for: credentials: Credentials: {'domain_id': 'default', 'domain_name': 'Default', 'username': 'tempest-FlavorsV2TestJSON-2002252321-project-member', 'project_domain_id': 'default', 'project_domain_name': 'Default', 'project_id': '7009e746b9a14e8ca49f2f5191bc8211', 'project_name': 'tempest-FlavorsV2TestJSON-2002252321', 'tenant_id': '7009e746b9a14e8ca49f2f5191bc8211', 'tenant_name': 'tempest-FlavorsV2TestJSON-2002252321', 'user_domain_id': 'default', 'user_domain_name': 'Default', 'user_id': '6f3e6c39fd5f4c95ac17c7add3d0f0b1', 'system': None}, Network: None, Subnet: None, Router: None
2025-11-21 12:45:19.931 66237 INFO tempest.lib.common.rest_client [req-eef404a7-0a92-4825-8519-867cdf40ff9f req-eef404a7-0a92-4825-8519-867cdf40ff9f ] Request (ImagesDeleteNegativeTestJSON:tearDownClass): 204 DELETE http://10.180.1.21/identity/v3/users/37f7b801cd4d4d5a99f5c48c6da73e40 0.183s
2025-11-21 12:45:19.932 66237 INFO tempest.lib.common.dynamic_creds [-] Deleting project and security group for project: ed7d34b0cf3b47c09834ef4d28616fe6
2025-11-21 12:45:19.935 66224 INFO tempest.lib.common.rest_client [req-b4cdda03-ed86-43d6-b724-e4d417220556 req-b4cdda03-ed86-43d6-b724-e4d417220556 ] Request (ServersAdminNegativeTestJSON:setUpClass): 200 GET http://10.180.1.21/compute/v2.1/servers/0dbea518-e44d-426f-8d08-3f8382ace99d 3.950s
2025-11-21 12:45:19.942 66224 INFO tempest.common.waiters [-] State transition "BUILD/networking" ==> "BUILD/spawning" after 5 second wait
2025-11-21 12:45:20.002 66197 INFO tempest.lib.common.rest_client [req-8c39b4b9-67a8-45ab-bfaf-822db0f28b55 req-8c39b4b9-67a8-45ab-bfaf-822db0f28b55 ] Request (QuotaClassesAdminTestJSON:setUpClass): 204 PUT http://10.180.1.21/identity/v3/projects/4ecbfdf1ae50430d99ff628c48077bda/users/90ec237047784b42bc4e44fb60bf0609/roles/7d9678a22deb4aae80bd53e8d62da049 0.128s
2025-11-21 12:45:20.002 66197 INFO tempest.lib.common.dynamic_creds [-] Dynamic test user 90ec237047784b42bc4e44fb60bf0609 is created with scope project and roles: ['admin']
2025-11-21 12:45:20.003 66197 INFO tempest.lib.common.dynamic_creds [-] Acquired dynamic creds: credentials: Credentials: {'domain_id': 'default', 'domain_name': 'Default', 'username': 'tempest-QuotaClassesAdminTestJSON-601235417-project-admin', 'project_domain_id': 'default', 'project_domain_name': 'Default', 'project_id': '4ecbfdf1ae50430d99ff628c48077bda', 'project_name': 'tempest-QuotaClassesAdminTestJSON-601235417', 'tenant_id': '4ecbfdf1ae50430d99ff628c48077bda', 'tenant_name': 'tempest-QuotaClassesAdminTestJSON-601235417', 'user_domain_id': 'default', 'user_domain_name': 'Default', 'user_id': '90ec237047784b42bc4e44fb60bf0609', 'system': None}, Network: None, Subnet: None, Router: None
2025-11-21 12:45:20.003 66197 INFO tempest.lib.common.dynamic_creds [-] Created isolated network resources for: credentials: Credentials: {'domain_id': 'default', 'domain_name': 'Default', 'username': 'tempest-QuotaClassesAdminTestJSON-601235417-project-admin', 'project_domain_id': 'default', 'project_domain_name': 'Default', 'project_id': '4ecbfdf1ae50430d99ff628c48077bda', 'project_name': 'tempest-QuotaClassesAdminTestJSON-601235417', 'tenant_id': '4ecbfdf1ae50430d99ff628c48077bda', 'tenant_name': 'tempest-QuotaClassesAdminTestJSON-601235417', 'user_domain_id': 'default', 'user_domain_name': 'Default', 'user_id': '90ec237047784b42bc4e44fb60bf0609', 'system': None}, Network: None, Subnet: None, Router: None
2025-11-21 12:45:20.007 66231 INFO tempest.lib.common.rest_client [req-d51b833a-8da8-497f-a874-6787e0e7fc4d req-d51b833a-8da8-497f-a874-6787e0e7fc4d ] Request (MigrationsAdminTest:test_list_migrations_in_flavor_resize_situation): 200 GET http://10.180.1.21/compute/v2.1/servers/5df4d97a-fa21-4fc7-94ed-3f3468e5a87b 3.972s
2025-11-21 12:45:20.011 66191 INFO tempest.lib.common.rest_client [req-398d6b56-ccf0-43e6-90e2-01cf61f1674f req-398d6b56-ccf0-43e6-90e2-01cf61f1674f ] Request (FlavorsV2TestJSON:setUpClass): 201 POST http://10.180.1.21/identity/v3/auth/tokens 0.106s
2025-11-21 12:45:20.063 66237 INFO tempest.lib.common.rest_client [req-6fd4b3db-b940-4b19-9404-1156b119b362 req-6fd4b3db-b940-4b19-9404-1156b119b362 ] Request (ImagesDeleteNegativeTestJSON:tearDownClass): 201 POST http://10.180.1.21/identity/v3/auth/tokens 0.132s
2025-11-21 12:45:20.096 66197 INFO tempest.lib.common.rest_client [req-369c1111-2999-4adb-b865-92a3894a7adc req-369c1111-2999-4adb-b865-92a3894a7adc ] Request (QuotaClassesAdminTestJSON:setUpClass): 201 POST http://10.180.1.21/identity/v3/auth/tokens 0.087s
2025-11-21 12:45:20.194 66177 INFO tempest.lib.common.rest_client [req-0c22c2bd-4155-42f3-8aa3-71426e6e0083 req-0c22c2bd-4155-42f3-8aa3-71426e6e0083 ] Request (FlavorsAccessTestJSON:test_flavor_access_add_remove): 200 POST http://10.180.1.21/compute/v2.1/flavors/1058566929/action 4.101s
2025-11-21 12:45:20.226 66201 INFO tempest.lib.common.rest_client [req-104ddc84-8bc8-4a91-ab84-809982574c3f req-104ddc84-8bc8-4a91-ab84-809982574c3f ] Request (FloatingIPDetailsTestJSON:setUpClass): 200 POST http://10.180.1.21/compute/v2.1/os-floating-ips 4.288s
2025-11-21 12:45:20.239 66221 INFO tempest.lib.common.rest_client [req-e954bf07-28ba-41e4-92fb-c23cc88568ab req-e954bf07-28ba-41e4-92fb-c23cc88568ab ] Request (HostsAdminNegativeTestJSON:test_reboot_nonexistent_host): 404 GET http://10.180.1.21/compute/v2.1/os-hosts/nonexistent_hostname/reboot 4.062s
2025-11-21 12:45:20.256 66237 INFO tempest.lib.common.rest_client [req-ae6fbda6-82ef-4a25-b462-00c5bb5f2eee req-ae6fbda6-82ef-4a25-b462-00c5bb5f2eee ] Request (ImagesDeleteNegativeTestJSON:tearDownClass): 200 GET http://10.180.1.21/networking/v2.0/security-groups?tenant_id=ed7d34b0cf3b47c09834ef4d28616fe6&name=default 0.192s
2025-11-21 12:45:20.263 66179 INFO tempest.lib.common.rest_client [req-f43dc0c5-423a-4821-9e02-1893c94573f8 req-f43dc0c5-423a-4821-9e02-1893c94573f8 ] Request (FlavorsExtraSpecsNegativeTestJSON:test_flavor_non_admin_unset_keys): 200 POST http://10.180.1.21/compute/v2.1/flavors/1986541422/os-extra_specs 4.071s
2025-11-21 12:45:20.279 66181 INFO tempest.lib.common.rest_client [req-7464a8b3-ae7b-4368-9184-10aaedd0cd5e req-7464a8b3-ae7b-4368-9184-10aaedd0cd5e ] Request (HypervisorAdminUnderV252Test:test_search_hypervisor): 200 GET http://10.180.1.21/compute/v2.1/os-hypervisors/domain-c8.fc996f14-c53b-4953-92e3-bdfa48f5cc28/search 4.060s
2025-11-21 12:45:20.307 66212 INFO tempest.lib.common.rest_client [req-23b07afd-5d00-4f4d-8c8d-640e90fff87a req-23b07afd-5d00-4f4d-8c8d-640e90fff87a ] Request (FloatingIPsAssociationTestJSON:setUpClass): 200 GET http://10.180.1.21/compute/v2.1/servers/c71add5e-9bec-4cd6-aafd-8d3260e60d28 4.146s
2025-11-21 12:45:20.316 66212 INFO tempest.common.waiters [-] State transition "BUILD/None" ==> "BUILD/spawning" after 5 second wait
2025-11-21 12:45:20.324 66225 INFO tempest.lib.common.rest_client [req-988417b0-34bb-42d3-ab2c-140a7bd5bf32 req-988417b0-34bb-42d3-ab2c-140a7bd5bf32 ] Request (FlavorsAdminTestJSON:test_create_flavor_verify_entry_in_list_details): 200 POST http://10.180.1.21/compute/v2.1/flavors 4.043s
2025-11-21 12:45:20.332 66193 INFO tempest.lib.common.rest_client [req-76d9b3c5-d0bb-4d24-9677-73277e7e0c9f req-76d9b3c5-d0bb-4d24-9677-73277e7e0c9f ] Request (DeleteServersAdminTestJSON:test_admin_delete_servers_of_others): 200 GET http://10.180.1.21/compute/v2.1/servers/a814d2d1-2c54-4b4d-8d47-a5f4ede46674 4.099s
2025-11-21 12:45:20.340 66193 INFO tempest.common.waiters [-] State transition "BUILD/None" ==> "BUILD/networking" after 5 second wait
2025-11-21 12:45:20.342 66237 INFO tempest.lib.common.rest_client [req-78b79f84-f3e5-46b4-ac0c-2c5354be0177 req-78b79f84-f3e5-46b4-ac0c-2c5354be0177 ] Request (ImagesDeleteNegativeTestJSON:tearDownClass): 204 DELETE http://10.180.1.21/networking/v2.0/security-groups/049289c2-559d-423f-a7c3-c811d6500322 0.085s
2025-11-21 12:45:20.345 66229 INFO tempest.lib.common.rest_client [req-8a39108f-22d2-49d5-93b0-0aa50293642f req-8a39108f-22d2-49d5-93b0-0aa50293642f ] Request (HypervisorAdminTestJSON:test_get_hypervisor_show_details): 200 GET http://10.180.1.21/compute/v2.1/os-hypervisors/1 4.053s
2025-11-21 12:45:20.365 66181 INFO tempest.lib.common.rest_client [req-f4a7adf5-c80e-44f3-b0bd-085d44495e77 req-f4a7adf5-c80e-44f3-b0bd-085d44495e77 ] Request (HypervisorAdminUnderV252Test:tearDownClass): 204 DELETE http://10.180.1.21/identity/v3/users/f25133601c68430b85155191e01dde84 0.083s
2025-11-21 12:45:20.456 66237 INFO tempest.lib.common.rest_client [req-ecd52c07-a456-42bf-9aab-1560f9272983 req-ecd52c07-a456-42bf-9aab-1560f9272983 ] Request (ImagesDeleteNegativeTestJSON:tearDownClass): 204 DELETE http://10.180.1.21/identity/v3/projects/ed7d34b0cf3b47c09834ef4d28616fe6 0.113s
2025-11-21 12:45:20.460 66215 INFO tempest.lib.common.rest_client [req-441e1631-dbfd-416a-8a6b-c6b7ab49889c req-441e1631-dbfd-416a-8a6b-c6b7ab49889c ] Request (SecurityGroupsTestAdminJSON:test_list_security_groups_list_all_tenants_filter): 200 POST http://10.180.1.21/compute/v2.1/os-security-groups 3.295s
2025-11-21 12:45:20.515 66237 INFO tempest.lib.common.rest_client [req-0dcd17b0-52ff-47a3-92ce-bd8d5b77882f req-0dcd17b0-52ff-47a3-92ce-bd8d5b77882f ] Request (ServerActionsTestOtherA:setUpClass): 201 POST http://10.180.1.21/identity/v3/auth/tokens 0.058s
2025-11-21 12:45:20.519 66208 INFO tempest.lib.common.rest_client [req-c0673c61-c00a-495d-8fcf-b1ff0f0cf527 req-c0673c61-c00a-495d-8fcf-b1ff0f0cf527 ] Request (ServersWithSpecificFlavorTestJSON:test_verify_created_server_ephemeral_disk): 200 GET http://10.180.1.21/compute/v2.1/flavors/42/os-extra_specs 2.241s
2025-11-21 12:45:20.524 66217 INFO tempest.lib.common.rest_client [req-6b99c0be-d41b-4769-9eb6-5d311f50e6d3 req-6b99c0be-d41b-4769-9eb6-5d311f50e6d3 ] Request (MultipleCreateNegativeTestJSON:test_max_count_less_than_one): 400 POST http://10.180.1.21/compute/v2.1/servers 2.211s
2025-11-21 12:45:20.535 66181 INFO tempest.lib.common.rest_client [req-fffd5c9a-af9e-4c5c-ad79-2f3176178a9e req-fffd5c9a-af9e-4c5c-ad79-2f3176178a9e ] Request (HypervisorAdminUnderV252Test:tearDownClass): 204 DELETE http://10.180.1.21/identity/v3/users/758f60a8cc0b4e03844880443bffc228 0.169s
2025-11-21 12:45:20.536 66181 INFO tempest.lib.common.dynamic_creds [-] Deleting project and security group for project: 365a149db5dc4adc9ada2d2067e6218f
2025-11-21 12:45:20.595 66237 INFO tempest.lib.common.rest_client [req-651648e7-4311-4211-b9da-2b24091661cf req-651648e7-4311-4211-b9da-2b24091661cf ] Request (ServerActionsTestOtherA:setUpClass): 201 POST http://10.180.1.21/identity/v3/auth/tokens 0.077s
2025-11-21 12:45:20.651 66187 INFO tempest.lib.common.rest_client [req-80e9ae92-8fdd-48ce-aa33-aa3a61ce86f6 req-80e9ae92-8fdd-48ce-aa33-aa3a61ce86f6 ] Request (ServerDiagnosticsTest:test_get_server_diagnostics): 200 GET http://10.180.1.21/compute/v2.1/servers/dd56397a-f0f9-4f4d-b40b-171a8ed1c176 1.619s
2025-11-21 12:45:20.656 66217 INFO tempest.lib.common.rest_client [req-c23df8b4-7acd-483e-a548-c76c79c77e75 req-c23df8b4-7acd-483e-a548-c76c79c77e75 ] Request (MultipleCreateNegativeTestJSON:test_max_count_non_integer): 201 POST http://10.180.1.21/identity/v3/auth/tokens 0.129s
2025-11-21 12:45:20.657 66217 INFO tempest.lib.common.fixed_network [-] (MultipleCreateNegativeTestJSON:test_max_count_non_integer) Found network None available for tenant
2025-11-21 12:45:20.690 66181 INFO tempest.lib.common.rest_client [req-86f5690a-4d18-4cd3-9709-71fed93fea9a req-86f5690a-4d18-4cd3-9709-71fed93fea9a ] Request (HypervisorAdminUnderV252Test:tearDownClass): 201 POST http://10.180.1.21/identity/v3/auth/tokens 0.154s
2025-11-21 12:45:20.715 66237 INFO tempest.lib.common.rest_client [req-428c0191-d939-42b8-9c78-488831a968e5 req-428c0191-d939-42b8-9c78-488831a968e5 ] Request (ServerActionsTestOtherA:setUpClass): 200 GET http://10.180.1.21/identity/v3/domains?name=Default 0.120s
2025-11-21 12:45:20.750 66189 INFO tempest.lib.common.rest_client [req-02f97ce5-81ec-4145-a361-84fe378f86b3 req-02f97ce5-81ec-4145-a361-84fe378f86b3 ] Request (QuotasAdminNegativeTest:_run_cleanups): 200 PUT http://10.180.1.21/compute/v2.1/os-quota-sets/af06ced579eb4d298d279206749e4af6 2.576s
2025-11-21 12:45:20.808 66195 INFO tempest.lib.common.rest_client [req-b032fcdf-36e9-47b9-86d3-fb7a14795875 req-b032fcdf-36e9-47b9-86d3-fb7a14795875 ] Request (QuotasAdminTestJSON:test_get_default_quotas): 200 GET http://10.180.1.21/compute/v2.1/os-quota-sets/df61c42051af4fb9a2efb5eac5e81fb7/defaults 1.427s
2025-11-21 12:45:20.817 66237 INFO tempest.lib.common.rest_client [req-6aeae5d9-c3ff-4c29-8c6f-21e86c907eb8 req-6aeae5d9-c3ff-4c29-8c6f-21e86c907eb8 ] Request (ServerActionsTestOtherA:setUpClass): 201 POST http://10.180.1.21/identity/v3/projects 0.101s
2025-11-21 12:45:20.833 66233 INFO tempest.lib.common.rest_client [req-801cc06d-04d9-48f2-8eb5-1e3992903a93 req-801cc06d-04d9-48f2-8eb5-1e3992903a93 ] Request (InstanceActionsTestJSON:setUpClass): 200 GET http://10.180.1.21/compute/v2.1/servers/860b616f-e3b8-48c0-a16e-92f721e80617 1.367s
2025-11-21 12:45:20.883 66195 INFO tempest.lib.common.rest_client [req-90598946-6c05-46d9-8439-4616840ec131 req-90598946-6c05-46d9-8439-4616840ec131 ] Request (QuotasAdminTestJSON:test_get_updated_quotas): 200 GET http://10.180.1.21/identity/v3/domains?name=Default 0.071s
2025-11-21 12:45:20.892 66237 INFO tempest.lib.common.rest_client [req-fdd807c2-eac6-4594-98e2-4529d693f71d req-fdd807c2-eac6-4594-98e2-4529d693f71d ] Request (ServerActionsTestOtherA:setUpClass): 201 POST http://10.180.1.21/identity/v3/users 0.074s
2025-11-21 12:45:20.906 66181 INFO tempest.lib.common.rest_client [req-16eb8f91-95a7-4208-93c4-12bfc387b981 req-16eb8f91-95a7-4208-93c4-12bfc387b981 ] Request (HypervisorAdminUnderV252Test:tearDownClass): 200 GET http://10.180.1.21/networking/v2.0/security-groups?tenant_id=365a149db5dc4adc9ada2d2067e6218f&name=default 0.216s
2025-11-21 12:45:20.913 66237 INFO tempest.lib.common.rest_client [req-1a660c6f-8c4d-476c-83b0-c5007fcb71ba req-1a660c6f-8c4d-476c-83b0-c5007fcb71ba ] Request (ServerActionsTestOtherA:setUpClass): 200 GET http://10.180.1.21/identity/v3/roles 0.021s
2025-11-21 12:45:20.918 66195 INFO tempest.lib.common.rest_client [req-ad70770c-b214-43ef-9c63-36421cd19010 req-ad70770c-b214-43ef-9c63-36421cd19010 ] Request (QuotasAdminTestJSON:test_get_updated_quotas): 201 POST http://10.180.1.21/identity/v3/projects 0.034s
2025-11-21 12:45:20.927 66183 INFO tempest.lib.common.rest_client [req-fa844d90-b79d-4ca9-977c-74400bb4b801 req-fa844d90-b79d-4ca9-977c-74400bb4b801 ] Request (ImagesTestJSON:test_create_image_from_stopped_server): 200 GET http://10.180.1.21/compute/v2.1/servers/5b918903-c867-4b35-84b9-670a920622f9 1.272s
2025-11-21 12:45:20.929 66209 INFO tempest.lib.common.rest_client [req-37ff3826-2d9f-40c4-b9af-4d524a80e4b0 req-37ff3826-2d9f-40c4-b9af-4d524a80e4b0 ] Request (AggregatesAdminNegativeTestJSON:_run_cleanups): 200 POST http://10.180.1.21/compute/v2.1/os-aggregates/1/action 1.383s
2025-11-21 12:45:20.985 66237 INFO tempest.lib.common.rest_client [req-a8e3179b-15ce-44a0-b371-fba2a07171e7 req-a8e3179b-15ce-44a0-b371-fba2a07171e7 ] Request (ServerActionsTestOtherA:setUpClass): 204 PUT http://10.180.1.21/identity/v3/projects/400ac49e4eeb49548158bec0b863dad7/users/1ea8a7cca10b441db96bee7eea9a3a06/roles/85d2aa0347e64c86bf8cf95bef9080f1 0.071s
2025-11-21 12:45:20.985 66237 INFO tempest.lib.common.dynamic_creds [-] Dynamic test user 1ea8a7cca10b441db96bee7eea9a3a06 is created with scope project and roles: ['member']
2025-11-21 12:45:20.986 66237 INFO tempest.lib.common.dynamic_creds [-] Acquired dynamic creds: credentials: Credentials: {'domain_id': 'default', 'domain_name': 'Default', 'username': 'tempest-ServerActionsTestOtherA-516066495-project-member', 'project_domain_id': 'default', 'project_domain_name': 'Default', 'project_id': '400ac49e4eeb49548158bec0b863dad7', 'project_name': 'tempest-ServerActionsTestOtherA-516066495', 'tenant_id': '400ac49e4eeb49548158bec0b863dad7', 'tenant_name': 'tempest-ServerActionsTestOtherA-516066495', 'user_domain_id': 'default', 'user_domain_name': 'Default', 'user_id': '1ea8a7cca10b441db96bee7eea9a3a06', 'system': None}, Network: None, Subnet: None, Router: None
2025-11-21 12:45:20.999 66195 INFO tempest.lib.common.rest_client [req-0046062f-e25d-460c-94ee-74334c6a4646 req-0046062f-e25d-460c-94ee-74334c6a4646 ] Request (QuotasAdminTestJSON:test_get_updated_quotas): 200 GET http://10.180.1.21/identity/v3/domains?name=Default 0.081s
2025-11-21 12:45:21.015 66181 INFO tempest.lib.common.rest_client [req-30520932-60b4-47df-9b3f-70bde7165e76 req-30520932-60b4-47df-9b3f-70bde7165e76 ] Request (HypervisorAdminUnderV252Test:tearDownClass): 204 DELETE http://10.180.1.21/networking/v2.0/security-groups/3de88b2b-8ad9-49bd-a355-5209063e7c65 0.108s
2025-11-21 12:45:21.056 66237 INFO tempest.lib.common.rest_client [req-4993a5c5-b989-4a96-b25e-3a7db076c992 req-4993a5c5-b989-4a96-b25e-3a7db076c992 ] Request (ServerActionsTestOtherA:setUpClass): 201 POST http://10.180.1.21/identity/v3/auth/tokens 0.070s
2025-11-21 12:45:21.115 66181 INFO tempest.lib.common.rest_client [req-781186cc-56e1-4676-b5c1-c15b9942a609 req-781186cc-56e1-4676-b5c1-c15b9942a609 ] Request (HypervisorAdminUnderV252Test:tearDownClass): 204 DELETE http://10.180.1.21/identity/v3/projects/365a149db5dc4adc9ada2d2067e6218f 0.099s
2025-11-21 12:45:21.115 66181 INFO tempest.lib.common.dynamic_creds [-] Deleting project and security group for project: e40282497451449d80263c9bddb60900
2025-11-21 12:45:21.174 66199 INFO tempest.lib.common.rest_client [req-fdc1e66f-3efc-4b87-85d5-1ea496caa4a0 req-fdc1e66f-3efc-4b87-85d5-1ea496caa4a0 ] Request (FlavorsAccessNegativeTestJSON:_run_cleanups): 200 POST http://10.180.1.21/compute/v2.1/flavors/281918945/action 1.451s
2025-11-21 12:45:21.290 66203 INFO tempest.lib.common.rest_client [req-1771f85e-591c-4b9b-9ee8-52e931738150 req-1771f85e-591c-4b9b-9ee8-52e931738150 ] Request (ServicesAdminNegativeV253TestJSON:test_disable_log_reason_with_invalid_service_id): 404 PUT http://10.180.1.21/compute/v2.1/os-services/71845a09-89d6-4ed8-9fdf-9f3ea383796b 1.481s
2025-11-21 12:45:21.380 66237 INFO tempest.lib.common.rest_client [req-233f2543-5f5a-498f-b882-62128910ef6d req-233f2543-5f5a-498f-b882-62128910ef6d ] Request (ServerActionsTestOtherA:setUpClass): 201 POST http://10.180.1.21/networking/v2.0/networks 0.324s
2025-11-21 12:45:21.401 66181 INFO tempest.lib.common.rest_client [req-b32deea4-e016-4ccc-8151-34e2963a1549 req-b32deea4-e016-4ccc-8151-34e2963a1549 ] Request (HypervisorAdminUnderV252Test:tearDownClass): 200 GET http://10.180.1.21/networking/v2.0/security-groups?tenant_id=e40282497451449d80263c9bddb60900&name=default 0.285s
2025-11-21 12:45:21.611 66237 INFO tempest.lib.common.rest_client [req-bf093417-3c63-488f-872d-9eccc28cb93f req-bf093417-3c63-488f-872d-9eccc28cb93f ] Request (ServerActionsTestOtherA:setUpClass): 201 POST http://10.180.1.21/networking/v2.0/subnets 0.231s
2025-11-21 12:45:21.704 66181 INFO tempest.lib.common.rest_client [req-1d437525-bb49-4135-8639-2d305acb4142 req-1d437525-bb49-4135-8639-2d305acb4142 ] Request (HypervisorAdminUnderV252Test:tearDownClass): 204 DELETE http://10.180.1.21/networking/v2.0/security-groups/e1bd8e71-2763-4a9c-8133-32f7dab2f032 0.303s
2025-11-21 12:45:21.770 66181 INFO tempest.lib.common.rest_client [req-5bef3939-e271-425a-9cdd-21c96c5e9d46 req-5bef3939-e271-425a-9cdd-21c96c5e9d46 ] Request (HypervisorAdminUnderV252Test:tearDownClass): 204 DELETE http://10.180.1.21/identity/v3/projects/e40282497451449d80263c9bddb60900 0.065s
2025-11-21 12:45:21.813 66213 INFO tempest.lib.common.rest_client [req-d1260bad-4dff-4e1e-af61-8c4806e9c6b0 req-d1260bad-4dff-4e1e-af61-8c4806e9c6b0 ] Request (TenantUsagesTestJSON:setUpClass): 200 GET http://10.180.1.21/compute/v2.1/servers/c43b7a8f-ebce-4a2f-aa14-11f5c6f18cea 1.966s
2025-11-21 12:45:21.834 66181 INFO tempest.lib.common.rest_client [req-c16a6ee5-03fd-4f58-be1a-a245698b4e96 req-c16a6ee5-03fd-4f58-be1a-a245698b4e96 ] Request (HypervisorAdminNegativeUnderV252Test:setUpClass): 201 POST http://10.180.1.21/identity/v3/auth/tokens 0.063s
2025-11-21 12:45:21.862 66181 INFO tempest.lib.common.rest_client [req-7e758439-2b26-41b8-b79b-bb613388dbb0 req-7e758439-2b26-41b8-b79b-bb613388dbb0 ] Request (HypervisorAdminNegativeUnderV252Test:setUpClass): 201 POST http://10.180.1.21/identity/v3/auth/tokens 0.025s
2025-11-21 12:45:21.885 66181 INFO tempest.lib.common.rest_client [req-0af83caf-d12f-4119-976a-087d1baf3fbb req-0af83caf-d12f-4119-976a-087d1baf3fbb ] Request (HypervisorAdminNegativeUnderV252Test:setUpClass): 200 GET http://10.180.1.21/identity/v3/domains?name=Default 0.022s
2025-11-21 12:45:21.910 66181 INFO tempest.lib.common.rest_client [req-aa8b10c6-47d6-4657-8cdb-8d5d8b54db43 req-aa8b10c6-47d6-4657-8cdb-8d5d8b54db43 ] Request (HypervisorAdminNegativeUnderV252Test:setUpClass): 201 POST http://10.180.1.21/identity/v3/projects 0.024s
2025-11-21 12:45:21.962 66181 INFO tempest.lib.common.rest_client [req-e21d6af8-dafb-4dd0-a13e-08607d634ff0 req-e21d6af8-dafb-4dd0-a13e-08607d634ff0 ] Request (HypervisorAdminNegativeUnderV252Test:setUpClass): 201 POST http://10.180.1.21/identity/v3/users 0.052s
2025-11-21 12:45:21.982 66181 INFO tempest.lib.common.rest_client [req-cf6ff169-8ac7-401c-ae35-0bb76049d14c req-cf6ff169-8ac7-401c-ae35-0bb76049d14c ] Request (HypervisorAdminNegativeUnderV252Test:setUpClass): 200 GET http://10.180.1.21/identity/v3/roles 0.019s
2025-11-21 12:45:22.012 66181 INFO tempest.lib.common.rest_client [req-85e4c4ee-8e07-4f9b-a5bf-431be7108fbf req-85e4c4ee-8e07-4f9b-a5bf-431be7108fbf ] Request (HypervisorAdminNegativeUnderV252Test:setUpClass): 204 PUT http://10.180.1.21/identity/v3/projects/38ef667004684cb68789c7e42b57961b/users/2391a5b33a8d476eb66630fa9b4e685b/roles/85d2aa0347e64c86bf8cf95bef9080f1 0.029s
2025-11-21 12:45:22.012 66181 INFO tempest.lib.common.dynamic_creds [-] Dynamic test user 2391a5b33a8d476eb66630fa9b4e685b is created with scope project and roles: ['member']
2025-11-21 12:45:22.012 66181 INFO tempest.lib.common.dynamic_creds [-] Acquired dynamic creds: credentials: Credentials: {'domain_id': 'default', 'domain_name': 'Default', 'username': 'tempest-HypervisorAdminNegativeUnderV252Test-1749705615-project-member', 'project_domain_id': 'default', 'project_domain_name': 'Default', 'project_id': '38ef667004684cb68789c7e42b57961b', 'project_name': 'tempest-HypervisorAdminNegativeUnderV252Test-1749705615', 'tenant_id': '38ef667004684cb68789c7e42b57961b', 'tenant_name': 'tempest-HypervisorAdminNegativeUnderV252Test-1749705615', 'user_domain_id': 'default', 'user_domain_name': 'Default', 'user_id': '2391a5b33a8d476eb66630fa9b4e685b', 'system': None}, Network: None, Subnet: None, Router: None
2025-11-21 12:45:22.012 66181 INFO tempest.lib.common.dynamic_creds [-] Created isolated network resources for: credentials: Credentials: {'domain_id': 'default', 'domain_name': 'Default', 'username': 'tempest-HypervisorAdminNegativeUnderV252Test-1749705615-project-member', 'project_domain_id': 'default', 'project_domain_name': 'Default', 'project_id': '38ef667004684cb68789c7e42b57961b', 'project_name': 'tempest-HypervisorAdminNegativeUnderV252Test-1749705615', 'tenant_id': '38ef667004684cb68789c7e42b57961b', 'tenant_name': 'tempest-HypervisorAdminNegativeUnderV252Test-1749705615', 'user_domain_id': 'default', 'user_domain_name': 'Default', 'user_id': '2391a5b33a8d476eb66630fa9b4e685b', 'system': None}, Network: None, Subnet: None, Router: None
2025-11-21 12:45:22.104 66181 INFO tempest.lib.common.rest_client [req-6fa31dc8-16c8-4e51-870a-010c324210c3 req-6fa31dc8-16c8-4e51-870a-010c324210c3 ] Request (HypervisorAdminNegativeUnderV252Test:setUpClass): 201 POST http://10.180.1.21/identity/v3/auth/tokens 0.088s
2025-11-21 12:45:22.195 66181 INFO tempest.lib.common.rest_client [req-d4876288-077d-4d94-93ec-5644b096b508 req-d4876288-077d-4d94-93ec-5644b096b508 ] Request (HypervisorAdminNegativeUnderV252Test:setUpClass): 201 POST http://10.180.1.21/identity/v3/projects 0.091s
2025-11-21 12:45:22.269 66181 INFO tempest.lib.common.rest_client [req-d06c2898-d4af-4fa2-850a-85109272e99c req-d06c2898-d4af-4fa2-850a-85109272e99c ] Request (HypervisorAdminNegativeUnderV252Test:setUpClass): 201 POST http://10.180.1.21/identity/v3/users 0.073s
2025-11-21 12:45:22.295 66181 INFO tempest.lib.common.rest_client [req-4cb0b7c1-198b-4118-9b6f-c46914c851a4 req-4cb0b7c1-198b-4118-9b6f-c46914c851a4 ] Request (HypervisorAdminNegativeUnderV252Test:setUpClass): 200 GET http://10.180.1.21/identity/v3/roles 0.025s
2025-11-21 12:45:22.341 66181 INFO tempest.lib.common.rest_client [req-23b13695-489a-4dc1-bf33-37b39b412fed req-23b13695-489a-4dc1-bf33-37b39b412fed ] Request (HypervisorAdminNegativeUnderV252Test:setUpClass): 204 PUT http://10.180.1.21/identity/v3/projects/66b7cc3a205d493fbc505a2499ba2436/users/c5647a7f140c45c0b2516618dcee9ee4/roles/7d9678a22deb4aae80bd53e8d62da049 0.045s
2025-11-21 12:45:22.410 66181 INFO tempest.lib.common.rest_client [req-dcc4258c-7fc0-4ca8-ae48-b1a3491662be req-dcc4258c-7fc0-4ca8-ae48-b1a3491662be ] Request (HypervisorAdminNegativeUnderV252Test:setUpClass): 200 GET http://10.180.1.21/identity/v3/roles 0.068s
2025-11-21 12:45:22.430 66181 INFO tempest.lib.common.rest_client [req-bb201f81-e796-49c4-b5b2-0460e90cede2 req-bb201f81-e796-49c4-b5b2-0460e90cede2 ] Request (HypervisorAdminNegativeUnderV252Test:setUpClass): 204 PUT http://10.180.1.21/identity/v3/projects/66b7cc3a205d493fbc505a2499ba2436/users/c5647a7f140c45c0b2516618dcee9ee4/roles/7d9678a22deb4aae80bd53e8d62da049 0.020s
2025-11-21 12:45:22.431 66181 INFO tempest.lib.common.dynamic_creds [-] Dynamic test user c5647a7f140c45c0b2516618dcee9ee4 is created with scope project and roles: ['admin']
2025-11-21 12:45:22.431 66181 INFO tempest.lib.common.dynamic_creds [-] Acquired dynamic creds: credentials: Credentials: {'domain_id': 'default', 'domain_name': 'Default', 'username': 'tempest-HypervisorAdminNegativeUnderV252Test-1841015574-project-admin', 'project_domain_id': 'default', 'project_domain_name': 'Default', 'project_id': '66b7cc3a205d493fbc505a2499ba2436', 'project_name': 'tempest-HypervisorAdminNegativeUnderV252Test-1841015574', 'tenant_id': '66b7cc3a205d493fbc505a2499ba2436', 'tenant_name': 'tempest-HypervisorAdminNegativeUnderV252Test-1841015574', 'user_domain_id': 'default', 'user_domain_name': 'Default', 'user_id': 'c5647a7f140c45c0b2516618dcee9ee4', 'system': None}, Network: None, Subnet: None, Router: None
2025-11-21 12:45:22.431 66181 INFO tempest.lib.common.dynamic_creds [-] Created isolated network resources for: credentials: Credentials: {'domain_id': 'default', 'domain_name': 'Default', 'username': 'tempest-HypervisorAdminNegativeUnderV252Test-1841015574-project-admin', 'project_domain_id': 'default', 'project_domain_name': 'Default', 'project_id': '66b7cc3a205d493fbc505a2499ba2436', 'project_name': 'tempest-HypervisorAdminNegativeUnderV252Test-1841015574', 'tenant_id': '66b7cc3a205d493fbc505a2499ba2436', 'tenant_name': 'tempest-HypervisorAdminNegativeUnderV252Test-1841015574', 'user_domain_id': 'default', 'user_domain_name': 'Default', 'user_id': 'c5647a7f140c45c0b2516618dcee9ee4', 'system': None}, Network: None, Subnet: None, Router: None
2025-11-21 12:45:22.507 66181 INFO tempest.lib.common.rest_client [req-bc41a241-81a9-437e-bfea-5464485134d3 req-bc41a241-81a9-437e-bfea-5464485134d3 ] Request (HypervisorAdminNegativeUnderV252Test:setUpClass): 201 POST http://10.180.1.21/identity/v3/auth/tokens 0.074s
2025-11-21 12:45:22.512 66237 INFO tempest.lib.common.rest_client [req-9121bd5a-4081-4287-8df4-4aa4127fdf6f req-9121bd5a-4081-4287-8df4-4aa4127fdf6f ] Request (ServerActionsTestOtherA:setUpClass): 201 POST http://10.180.1.21/networking/v2.0/routers 0.900s
2025-11-21 12:45:22.629 66227 INFO tempest.lib.common.rest_client [req-dd66eabf-415d-40b2-90b7-ba973be5c408 req-dd66eabf-415d-40b2-90b7-ba973be5c408 ] Request (ImagesNegativeTestJSON:test_create_image_from_deleted_server): 200 GET http://10.180.1.21/compute/v2.1/servers/616bbc7d-f52d-4cdd-bdd2-7eef9878109c 2.768s
2025-11-21 12:45:23.025 66219 INFO tempest.lib.common.rest_client [req-93f893ed-f002-4e52-af79-c76ed0640feb req-93f893ed-f002-4e52-af79-c76ed0640feb ] Request (ServersAdmin275Test:test_rebuild_update_server_275): 200 GET http://10.180.1.21/compute/v2.1/servers/f7e9ad55-72c8-40f2-b4c1-79d9976fb61f 3.068s
2025-11-21 12:45:23.035 66219 INFO tempest.common.waiters [-] State transition "BUILD/networking" ==> "BUILD/spawning" after 5 second wait
2025-11-21 12:45:23.040 66239 INFO tempest.lib.common.rest_client [req-b21ca5c0-d459-4028-b164-c5539d7d9a5e req-b21ca5c0-d459-4028-b164-c5539d7d9a5e ] Request (VolumesAssistedSnapshotsTest:test_volume_assisted_snapshot_create_delete): 202 POST http://10.180.1.21/compute/v2.1/servers 3.259s
2025-11-21 12:45:23.076 66177 INFO tempest.lib.common.rest_client [req-776a8fb3-29e5-4375-80fc-c28f55c75e8a req-776a8fb3-29e5-4375-80fc-c28f55c75e8a ] Request (FlavorsAccessTestJSON:test_flavor_access_add_remove): 200 GET http://10.180.1.21/compute/v2.1/flavors/detail 2.881s
2025-11-21 12:45:23.144 66191 INFO tempest.lib.common.rest_client [req-28ccae89-2744-4c9a-9b5d-dbb5174d9419 req-28ccae89-2744-4c9a-9b5d-dbb5174d9419 ] Request (FlavorsV2TestJSON:test_get_flavor): 200 GET http://10.180.1.21/compute/v2.1/flavors/42 3.132s
2025-11-21 12:45:23.150 66221 INFO tempest.lib.common.rest_client [req-8c39787c-5850-4cab-8010-6afc2e1fb31a req-8c39787c-5850-4cab-8010-6afc2e1fb31a ] Request (HostsAdminNegativeTestJSON:test_show_host_detail_with_non_admin_user): 403 GET http://10.180.1.21/compute/v2.1/os-hosts/devstack 2.907s
2025-11-21 12:45:23.154 66179 INFO tempest.lib.common.rest_client [req-c717bd1c-11fd-49e9-90e3-682b8f8acfa4 req-c717bd1c-11fd-49e9-90e3-682b8f8acfa4 ] Request (FlavorsExtraSpecsNegativeTestJSON:test_flavor_non_admin_unset_keys): 403 DELETE http://10.180.1.21/compute/v2.1/flavors/1986541422/os-extra_specs/hw:numa_nodes 2.890s
2025-11-21 12:45:23.179 66225 INFO tempest.lib.common.rest_client [req-9db0ca75-a401-4bbe-9e70-7a91ca867ee9 req-9db0ca75-a401-4bbe-9e70-7a91ca867ee9 ] Request (FlavorsAdminTestJSON:test_create_flavor_verify_entry_in_list_details): 200 GET http://10.180.1.21/compute/v2.1/flavors/detail 2.852s
2025-11-21 12:45:23.204 66229 INFO tempest.lib.common.rest_client [req-40e0729d-e605-4bbc-9709-5b7c690fd693 req-40e0729d-e605-4bbc-9709-5b7c690fd693 ] Request (HypervisorAdminTestJSON:test_get_hypervisor_stats): 200 GET http://10.180.1.21/compute/v2.1/os-hypervisors/statistics 2.854s
2025-11-21 12:45:23.368 66229 INFO tempest.lib.common.rest_client [req-7112feae-479e-4eca-bfc2-9271b6e8c8a7 req-7112feae-479e-4eca-bfc2-9271b6e8c8a7 ] Request (HypervisorAdminTestJSON:tearDownClass): 204 DELETE http://10.180.1.21/identity/v3/users/ad6f18a4151c451ba76a577eba29ea39 0.160s
2025-11-21 12:45:23.502 66229 INFO tempest.lib.common.rest_client [req-e1a02ce1-4fae-4b41-b714-dad901bbd801 req-e1a02ce1-4fae-4b41-b714-dad901bbd801 ] Request (HypervisorAdminTestJSON:tearDownClass): 204 DELETE http://10.180.1.21/identity/v3/users/10d4f361827c43279231032983161c3b 0.134s
2025-11-21 12:45:23.502 66229 INFO tempest.lib.common.dynamic_creds [-] Deleting project and security group for project: e803da5e13d44a7dadd7012cb2d6c601
2025-11-21 12:45:23.535 66237 INFO tempest.lib.common.rest_client [req-ca233096-06e1-4bdb-b80e-9060c38489fe req-ca233096-06e1-4bdb-b80e-9060c38489fe ] Request (ServerActionsTestOtherA:setUpClass): 200 PUT http://10.180.1.21/networking/v2.0/routers/f5164a7a-8317-4169-9b79-4b8320334682/add_router_interface 1.022s
2025-11-21 12:45:23.535 66237 INFO tempest.lib.common.dynamic_creds [-] Created isolated network resources for: credentials: Credentials: {'domain_id': 'default', 'domain_name': 'Default', 'username': 'tempest-ServerActionsTestOtherA-516066495-project-member', 'project_domain_id': 'default', 'project_domain_name': 'Default', 'project_id': '400ac49e4eeb49548158bec0b863dad7', 'project_name': 'tempest-ServerActionsTestOtherA-516066495', 'tenant_id': '400ac49e4eeb49548158bec0b863dad7', 'tenant_name': 'tempest-ServerActionsTestOtherA-516066495', 'user_domain_id': 'default', 'user_domain_name': 'Default', 'user_id': '1ea8a7cca10b441db96bee7eea9a3a06', 'system': None}, Network: {'id': '0439565e-13ce-4c2c-9b92-6c689be2b14e', 'name': 'tempest-ServerActionsTestOtherA-1795651259-network', 'tenant_id': '400ac49e4eeb49548158bec0b863dad7', 'project_id': '400ac49e4eeb49548158bec0b863dad7', 'admin_state_up': True, 'mtu': 8950, 'status': 'ACTIVE', 'subnets': [], 'shared': False, 'port_security_enabled': True, 'router:external': False, 'provider:network_type': 'vlan', 'provider:physical_network': 'default', 'provider:segmentation_id': 820, 'availability_zone_hints': [], 'availability_zones': [], 'ipv4_address_scope': None, 'ipv6_address_scope': None, 'description': '', 'tags': [], 'created_at': '2025-11-21T12:45:21Z', 'updated_at': '2025-11-21T12:45:21Z', 'revision_number': 1}, Subnet: {'id': '697a031d-f9b4-4522-920a-4d4a44ae02c0', 'name': 'tempest-ServerActionsTestOtherA-1795651259-subnet', 'tenant_id': '400ac49e4eeb49548158bec0b863dad7', 'network_id': '0439565e-13ce-4c2c-9b92-6c689be2b14e', 'ip_version': 4, 'subnetpool_id': None, 'enable_dhcp': True, 'ipv6_ra_mode': None, 'ipv6_address_mode': None, 'gateway_ip': '192.168.128.1', 'cidr': '192.168.128.0/28', 'allocation_pools': [{'start': '192.168.128.2', 'end': '192.168.128.14'}], 'host_routes': [], 'dns_nameservers': [], 'description': '', 'router:external': False, 'service_types': [], 'tags': [], 'created_at': '2025-11-21T12:45:21Z', 'updated_at': '2025-11-21T12:45:21Z', 'revision_number': 0, 'project_id': '400ac49e4eeb49548158bec0b863dad7'}, Router: {'id': 'f5164a7a-8317-4169-9b79-4b8320334682', 'name': 'tempest-ServerActionsTestOtherA-1795651259-router', 'tenant_id': '400ac49e4eeb49548158bec0b863dad7', 'admin_state_up': True, 'status': 'ACTIVE', 'external_gateway_info': {'network_id': '3753d3ec-79ab-4536-a8b6-e64d5a10ef41', 'external_fixed_ips': [{'subnet_id': '4e4d19dd-da82-4130-876d-22d3c70eca1f', 'ip_address': '10.180.180.189'}], 'enable_snat': True}, 'description': '', 'availability_zones': [], 'distributed': False, 'ha': False, 'availability_zone_hints': [], 'routes': [], 'flavor_id': None, 'tags': [], 'created_at': '2025-11-21T12:45:21Z', 'updated_at': '2025-11-21T12:45:22Z', 'revision_number': 2, 'project_id': '400ac49e4eeb49548158bec0b863dad7'}
2025-11-21 12:45:23.622 66229 INFO tempest.lib.common.rest_client [req-3eb78a25-8006-414d-bdec-b79fe94afe86 req-3eb78a25-8006-414d-bdec-b79fe94afe86 ] Request (HypervisorAdminTestJSON:tearDownClass): 201 POST http://10.180.1.21/identity/v3/auth/tokens 0.120s
2025-11-21 12:45:23.640 66237 INFO tempest.lib.common.rest_client [req-334fbc3a-9203-4d06-bd24-75792097c043 req-334fbc3a-9203-4d06-bd24-75792097c043 ] Request (ServerActionsTestOtherA:setUpClass): 201 POST http://10.180.1.21/identity/v3/auth/tokens 0.100s
2025-11-21 12:45:23.675 66201 INFO tempest.lib.common.rest_client [req-be21c2a0-a308-4eb5-8120-9774892e6ea8 req-be21c2a0-a308-4eb5-8120-9774892e6ea8 ] Request (FloatingIPDetailsTestJSON:test_get_floating_ip_details): 200 POST http://10.180.1.21/compute/v2.1/os-floating-ips 3.446s
2025-11-21 12:45:23.703 66208 INFO tempest.lib.common.rest_client [req-d348f020-587f-4299-97a7-f3215dc87446 req-d348f020-587f-4299-97a7-f3215dc87446 ] Request (ServersWithSpecificFlavorTestJSON:test_verify_created_server_ephemeral_disk): 200 POST http://10.180.1.21/compute/v2.1/flavors/2096647712/os-extra_specs 3.182s
2025-11-21 12:45:23.708 66217 INFO tempest.lib.common.rest_client [req-fc6d6062-54aa-4f0b-bb73-bce42be05269 req-fc6d6062-54aa-4f0b-bb73-bce42be05269 ] Request (MultipleCreateNegativeTestJSON:test_max_count_non_integer): 400 POST http://10.180.1.21/compute/v2.1/servers 3.051s
2025-11-21 12:45:23.787 66217 INFO tempest.lib.common.rest_client [req-370d28a3-5293-4a7c-9ce6-94003277317c req-370d28a3-5293-4a7c-9ce6-94003277317c ] Request (MultipleCreateNegativeTestJSON:test_min_count_less_than_one): 201 POST http://10.180.1.21/identity/v3/auth/tokens 0.068s
2025-11-21 12:45:23.788 66217 INFO tempest.lib.common.fixed_network [-] (MultipleCreateNegativeTestJSON:test_min_count_less_than_one) Found network None available for tenant
2025-11-21 12:45:23.869 66229 INFO tempest.lib.common.rest_client [req-65b571d5-9e0d-4dfe-8bb4-8ffe7b356434 req-65b571d5-9e0d-4dfe-8bb4-8ffe7b356434 ] Request (HypervisorAdminTestJSON:tearDownClass): 200 GET http://10.180.1.21/networking/v2.0/security-groups?tenant_id=e803da5e13d44a7dadd7012cb2d6c601&name=default 0.246s
2025-11-21 12:45:23.871 66189 INFO tempest.lib.common.rest_client [req-9681a3ab-7cf2-4611-9b81-6a3dc4274f7d req-9681a3ab-7cf2-4611-9b81-6a3dc4274f7d ] Request (QuotasAdminNegativeTest:test_create_server_when_instances_quota_is_full): 200 GET http://10.180.1.21/compute/v2.1/os-quota-sets/af06ced579eb4d298d279206749e4af6 3.111s
2025-11-21 12:45:23.890 66209 INFO tempest.lib.common.rest_client [req-27aa5532-1196-46f2-a007-5b90887466e8 req-27aa5532-1196-46f2-a007-5b90887466e8 ] Request (AggregatesAdminNegativeTestJSON:_run_cleanups): 200 DELETE http://10.180.1.21/compute/v2.1/os-aggregates/1 2.953s
2025-11-21 12:45:23.957 66229 INFO tempest.lib.common.rest_client [req-64296bb1-da71-423f-abde-5611bed44c73 req-64296bb1-da71-423f-abde-5611bed44c73 ] Request (HypervisorAdminTestJSON:tearDownClass): 204 DELETE http://10.180.1.21/networking/v2.0/security-groups/7847dabb-273f-4985-9d1a-48dac5020d4d 0.088s
2025-11-21 12:45:24.042 66229 INFO tempest.lib.common.rest_client [req-16011102-0f1d-44d9-8622-2def52501100 req-16011102-0f1d-44d9-8622-2def52501100 ] Request (HypervisorAdminTestJSON:tearDownClass): 204 DELETE http://10.180.1.21/identity/v3/projects/e803da5e13d44a7dadd7012cb2d6c601 0.085s
2025-11-21 12:45:24.043 66229 INFO tempest.lib.common.dynamic_creds [-] Deleting project and security group for project: 25a8aa282d6e43c19da596e017b2945f
2025-11-21 12:45:24.057 66224 INFO tempest.lib.common.rest_client [req-698345e5-a57e-4357-9cd7-ef2577ede81d req-698345e5-a57e-4357-9cd7-ef2577ede81d ] Request (ServersAdminNegativeTestJSON:setUpClass): 200 GET http://10.180.1.21/compute/v2.1/servers/0dbea518-e44d-426f-8d08-3f8382ace99d 3.113s
