2025-11-21 12:46:43.731 66203 WARNING tempest.lib.common.ssh [-] Failed to establish authenticated ssh connection to cirros@10.180.180.131 ([Errno None] Unable to connect to port 22 on 10.180.180.131). Number attempts: 2. Retry after 3 seconds.: paramiko.ssh_exception.NoValidConnectionsError: [Errno None] Unable to connect to port 22 on 10.180.180.131
2025-11-21 12:46:44.196 66221 INFO tempest.lib.common.rest_client [req-8327ddb1-4ac6-4e28-9961-0b9b8bdb0582 req-8327ddb1-4ac6-4e28-9961-0b9b8bdb0582 ] Request (SecurityGroupsTestJSON:test_list_security_groups_by_server): 202 POST http://10.180.1.21/compute/v2.1/servers/b05778e4-8f40-41e9-9273-6d7db68c6c27/action 2.417s
2025-11-21 12:46:44.213 66213 INFO tempest.lib.common.rest_client [req-5cc99351-acf2-4314-9206-510fd06fd023 req-5cc99351-acf2-4314-9206-510fd06fd023 ] Request (KeyPairsV2TestJSON:_run_cleanups): 202 DELETE http://10.180.1.21/compute/v2.1/os-keypairs/tempest-KeyPairsV2TestJSON-keypair-223920152 2.190s
2025-11-21 12:46:44.238 66233 INFO tempest.lib.common.rest_client [req-eab24e40-83d2-4c5f-bd9d-6344c3e9e799 req-eab24e40-83d2-4c5f-bd9d-6344c3e9e799 ] Request (ServersTestJSON:setUpClass): 201 POST http://10.180.1.21/networking/v2.0/routers 0.945s
2025-11-21 12:46:44.241 66209 INFO tempest.lib.common.rest_client [req-9a3e28c9-722f-4581-b983-785d0b278dad req-9a3e28c9-722f-4581-b983-785d0b278dad ] Request (AggregatesAdminNegativeTestJSON:test_aggregate_remove_nonexistent_host): 404 POST http://10.180.1.21/compute/v2.1/os-aggregates/8/action 2.181s
2025-11-21 12:46:44.273 66191 INFO tempest.lib.common.rest_client [req-d3dbb7f8-6b05-4c7f-88b8-df44638c8c89 req-d3dbb7f8-6b05-4c7f-88b8-df44638c8c89 ] Request (KeyPairsV22TestJSON:test_keypairs_create_list_delete): 201 POST http://10.180.1.21/compute/v2.1/os-keypairs 2.176s
2025-11-21 12:46:44.275 66177 WARNING tempest.lib.common.ssh [-] Failed to establish authenticated ssh connection to cirros@10.180.180.191 ([Errno None] Unable to connect to port 22 on 10.180.180.191). Number attempts: 4. Retry after 5 seconds.: paramiko.ssh_exception.NoValidConnectionsError: [Errno None] Unable to connect to port 22 on 10.180.180.191
2025-11-21 12:46:44.295 66215 INFO tempest.lib.common.rest_client [req-315c28bb-23b0-4e50-b857-3782e976d4b1 req-315c28bb-23b0-4e50-b857-3782e976d4b1 ] Request (ServerDiagnosticsNegativeTest:tearDownClass): 200 GET http://10.180.1.21/networking/v2.0/security-groups?tenant_id=a5b9ee3907944c8ba18212de56325967&name=default 0.967s
2025-11-21 12:46:44.311 66213 INFO tempest.lib.common.rest_client [req-617b418d-7453-41dd-a473-1684bcd7d643 req-617b418d-7453-41dd-a473-1684bcd7d643 ] Request (KeyPairsV2TestJSON:tearDownClass): 204 DELETE http://10.180.1.21/identity/v3/users/71d8dabbead04e8c8b88ab1b9d1b81bc 0.094s
2025-11-21 12:46:44.311 66213 INFO tempest.lib.common.dynamic_creds [-] Deleting project and security group for project: af98c4f2379f49439e4cf6e811f2e078
2025-11-21 12:46:44.348 66201 INFO tempest.lib.common.rest_client [req-300609b5-a453-4699-9307-4b67c5e4a633 req-300609b5-a453-4699-9307-4b67c5e4a633 ] Request (ServersAaction247Test:tearDownClass): 200 GET http://10.180.1.21/compute/v2.1/servers/f4bdcc86-b3d2-4336-be92-e074c190efb7 2.344s
2025-11-21 12:46:44.378 66224 INFO tempest.lib.common.rest_client [req-3e3fa87b-3465-4797-93e8-8b37f7992e27 req-3e3fa87b-3465-4797-93e8-8b37f7992e27 ] Request (ServersAdminNegativeTestJSON:_run_cleanups): 202 DELETE http://10.180.1.21/compute/v2.1/flavors/2002312363 2.129s
2025-11-21 12:46:44.382 66213 INFO tempest.lib.common.rest_client [req-d9d0eb61-703d-4eda-8d8d-5bece477b0b7 req-d9d0eb61-703d-4eda-8d8d-5bece477b0b7 ] Request (KeyPairsV2TestJSON:tearDownClass): 201 POST http://10.180.1.21/identity/v3/auth/tokens 0.070s
2025-11-21 12:46:44.435 66219 INFO tempest.lib.common.rest_client [req-944bbef9-8ad1-4c5c-bc93-9cad87d5fda8 req-944bbef9-8ad1-4c5c-bc93-9cad87d5fda8 ] Request (ServerActionsTestOtherB:setUpClass): 201 POST http://10.180.1.21/networking/v2.0/security-group-rules 0.990s
2025-11-21 12:46:44.461 66239 INFO tempest.lib.common.rest_client [req-74cdacd6-55bd-40db-b2d6-e1c65d80ff4c req-74cdacd6-55bd-40db-b2d6-e1c65d80ff4c ] Request (VolumesAssistedSnapshotsTest:test_volume_assisted_snapshot_create_delete): 200 GET http://10.180.1.21/volume/v3/volumes/7a080e6c-86a0-4481-91b4-e863f51ea588 0.030s
2025-11-21 12:46:44.773 66215 INFO tempest.lib.common.rest_client [req-0a656c8c-53e8-488c-a6fb-af231552947e req-0a656c8c-53e8-488c-a6fb-af231552947e ] Request (ServerDiagnosticsNegativeTest:tearDownClass): 204 DELETE http://10.180.1.21/networking/v2.0/security-groups/5d16ecf8-36e1-49ad-b3ae-eac99b0e500c 0.477s
2025-11-21 12:46:44.802 66229 INFO tempest.lib.common.rest_client [req-97dc367c-1054-41e4-8a7d-0f21a9b72cad req-97dc367c-1054-41e4-8a7d-0f21a9b72cad ] Request (DeleteServersTestJSON:test_delete_active_server): 200 GET http://10.180.1.21/compute/v2.1/servers/5e12a65d-13e1-4d8d-9b6b-18b1ce31a245 2.698s
2025-11-21 12:46:44.861 66215 INFO tempest.lib.common.rest_client [req-aa43d219-2818-4cfe-a273-1a343e5d1cf8 req-aa43d219-2818-4cfe-a273-1a343e5d1cf8 ] Request (ServerDiagnosticsNegativeTest:tearDownClass): 204 DELETE http://10.180.1.21/identity/v3/projects/a5b9ee3907944c8ba18212de56325967 0.088s
2025-11-21 12:46:44.862 66215 INFO tempest.lib.common.dynamic_creds [-] Deleting project and security group for project: e7f79ab62e9947c2a7b7e130ed94f0ee
2025-11-21 12:46:45.059 66213 INFO tempest.lib.common.rest_client [req-bc559a5d-1b6c-4da8-84f5-43363e6f0baa req-bc559a5d-1b6c-4da8-84f5-43363e6f0baa ] Request (KeyPairsV2TestJSON:tearDownClass): 200 GET http://10.180.1.21/networking/v2.0/security-groups?tenant_id=af98c4f2379f49439e4cf6e811f2e078&name=default 0.677s
2025-11-21 12:46:45.088 66193 INFO tempest.lib.common.rest_client [req-98c41e2c-f1dc-451c-b942-427175ed7c77 req-98c41e2c-f1dc-451c-b942-427175ed7c77 ] Request (DeleteServersAdminTestJSON:test_delete_server_while_in_error_state): 200 GET http://10.180.1.21/compute/v2.1/servers/1f2213a5-dad3-41a1-9f79-3353dc2163ec 2.783s
2025-11-21 12:46:45.096 66193 INFO tempest.common.waiters [-] State transition "ERROR/deleting" ==> "DELETED/None" after 4 second wait
2025-11-21 12:46:45.197 66199 INFO tempest.lib.common.rest_client [req-04c9fa50-00ab-4e86-a266-33b1e7f7ff41 req-04c9fa50-00ab-4e86-a266-33b1e7f7ff41 ] Request (VolumesNegativeTest:test_create_volume_with_invalid_size): 400 POST http://10.180.1.21/compute/v2.1/os-volumes 2.475s
2025-11-21 12:46:45.368 66233 INFO tempest.lib.common.rest_client [req-c5d09ead-5da7-44ec-a537-e972c8ce6cb0 req-c5d09ead-5da7-44ec-a537-e972c8ce6cb0 ] Request (ServersTestJSON:setUpClass): 200 PUT http://10.180.1.21/networking/v2.0/routers/7ebd218d-65bd-4e24-be35-b836b28e880a/add_router_interface 1.129s
2025-11-21 12:46:45.368 66233 INFO tempest.lib.common.dynamic_creds [-] Created isolated network resources for: credentials: Credentials: {'domain_id': 'default', 'domain_name': 'Default', 'username': 'tempest-ServersTestJSON-1154023960-project-member', 'project_domain_id': 'default', 'project_domain_name': 'Default', 'project_id': '3873466e52654d24a8e7afc24124d7f6', 'project_name': 'tempest-ServersTestJSON-1154023960', 'tenant_id': '3873466e52654d24a8e7afc24124d7f6', 'tenant_name': 'tempest-ServersTestJSON-1154023960', 'user_domain_id': 'default', 'user_domain_name': 'Default', 'user_id': '674adbf59bc24cc48d1984900d38304b', 'system': None}, Network: {'id': 'f735d0b6-a85f-4bb4-873b-6613609e6d07', 'name': 'tempest-ServersTestJSON-585089057-network', 'tenant_id': '3873466e52654d24a8e7afc24124d7f6', 'project_id': '3873466e52654d24a8e7afc24124d7f6', 'admin_state_up': True, 'mtu': 8950, 'status': 'ACTIVE', 'subnets': [], 'shared': False, 'port_security_enabled': True, 'router:external': False, 'provider:network_type': 'vlan', 'provider:physical_network': 'default', 'provider:segmentation_id': 776, 'availability_zone_hints': [], 'availability_zones': [], 'ipv4_address_scope': None, 'ipv6_address_scope': None, 'description': '', 'tags': [], 'created_at': '2025-11-21T12:46:42Z', 'updated_at': '2025-11-21T12:46:42Z', 'revision_number': 1}, Subnet: {'id': 'cb16f5aa-8e70-4dbe-94f7-239b17c63e19', 'name': 'tempest-ServersTestJSON-585089057-subnet', 'tenant_id': '3873466e52654d24a8e7afc24124d7f6', 'network_id': 'f735d0b6-a85f-4bb4-873b-6613609e6d07', 'ip_version': 4, 'subnetpool_id': None, 'enable_dhcp': True, 'ipv6_ra_mode': None, 'ipv6_address_mode': None, 'gateway_ip': '192.168.128.1', 'cidr': '192.168.128.0/28', 'allocation_pools': [{'start': '192.168.128.2', 'end': '192.168.128.14'}], 'host_routes': [], 'dns_nameservers': [], 'description': '', 'router:external': False, 'service_types': [], 'tags': [], 'created_at': '2025-11-21T12:46:43Z', 'updated_at': '2025-11-21T12:46:43Z', 'revision_number': 0, 'project_id': '3873466e52654d24a8e7afc24124d7f6'}, Router: {'id': '7ebd218d-65bd-4e24-be35-b836b28e880a', 'name': 'tempest-ServersTestJSON-585089057-router', 'tenant_id': '3873466e52654d24a8e7afc24124d7f6', 'admin_state_up': True, 'status': 'ACTIVE', 'external_gateway_info': {'network_id': '3753d3ec-79ab-4536-a8b6-e64d5a10ef41', 'external_fixed_ips': [{'subnet_id': '4e4d19dd-da82-4130-876d-22d3c70eca1f', 'ip_address': '10.180.180.171'}], 'enable_snat': True}, 'description': '', 'availability_zones': [], 'distributed': False, 'ha': False, 'availability_zone_hints': [], 'routes': [], 'flavor_id': None, 'tags': [], 'created_at': '2025-11-21T12:46:43Z', 'updated_at': '2025-11-21T12:46:43Z', 'revision_number': 2, 'project_id': '3873466e52654d24a8e7afc24124d7f6'}
2025-11-21 12:46:45.444 66233 INFO tempest.lib.common.rest_client [req-75ff4681-6e78-40d9-b931-407309692f4d req-75ff4681-6e78-40d9-b931-407309692f4d ] Request (ServersTestJSON:setUpClass): 201 POST http://10.180.1.21/identity/v3/auth/tokens 0.073s
2025-11-21 12:46:45.466 66233 INFO tempest.lib.common.rest_client [req-779b35c6-ad03-42a1-8028-ad97d0fe526b req-779b35c6-ad03-42a1-8028-ad97d0fe526b ] Request (ServersTestJSON:setUpClass): 200 GET http://10.180.1.21/identity/v3/projects/3873466e52654d24a8e7afc24124d7f6 0.022s
2025-11-21 12:46:45.466 66233 INFO tempest.lib.common.dynamic_creds [-] Using the existing project 3873466e52654d24a8e7afc24124d7f6 for scope project and roles: ['reader']
2025-11-21 12:46:45.480 66219 INFO tempest.lib.common.rest_client [req-5ff86ae5-1637-4500-8d83-809a73541634 req-5ff86ae5-1637-4500-8d83-809a73541634 ] Request (ServerActionsTestOtherB:setUpClass): 201 POST http://10.180.1.21/networking/v2.0/floatingips 1.045s
2025-11-21 12:46:45.516 66239 INFO tempest.lib.common.rest_client [req-29b3521a-2c94-4438-b088-32b4c8c467a1 req-29b3521a-2c94-4438-b088-32b4c8c467a1 ] Request (VolumesAssistedSnapshotsTest:test_volume_assisted_snapshot_create_delete): 200 GET http://10.180.1.21/volume/v3/volumes/7a080e6c-86a0-4481-91b4-e863f51ea588 0.046s
2025-11-21 12:46:45.520 66233 INFO tempest.lib.common.rest_client [req-ea55ba25-9bf3-4e90-9681-3a2cc5723766 req-ea55ba25-9bf3-4e90-9681-3a2cc5723766 ] Request (ServersTestJSON:setUpClass): 201 POST http://10.180.1.21/identity/v3/users 0.054s
2025-11-21 12:46:45.528 66179 INFO tempest.lib.common.rest_client [req-30769ff2-3b6a-4245-a681-8199bfe0dc2a req-30769ff2-3b6a-4245-a681-8199bfe0dc2a ] Request (ServerActionsV293TestJSON:setUpClass): 200 GET http://10.180.1.21/compute/v2.1/servers/85e92dc4-7ad4-4d0f-b628-5104cd32475c 3.012s
2025-11-21 12:46:45.542 66233 INFO tempest.lib.common.rest_client [req-932862c9-dbb7-4723-9bd3-178d08f22319 req-932862c9-dbb7-4723-9bd3-178d08f22319 ] Request (ServersTestJSON:setUpClass): 200 GET http://10.180.1.21/identity/v3/roles 0.021s
2025-11-21 12:46:45.575 66233 INFO tempest.lib.common.rest_client [req-418dc15e-8411-4880-8114-27e48fca658e req-418dc15e-8411-4880-8114-27e48fca658e ] Request (ServersTestJSON:setUpClass): 204 PUT http://10.180.1.21/identity/v3/projects/3873466e52654d24a8e7afc24124d7f6/users/a7cf74fc6e914f6fa4593f4bb5ac33a2/roles/839cb230d70048a3933674da690d05cc 0.033s
2025-11-21 12:46:45.576 66233 INFO tempest.lib.common.dynamic_creds [-] Dynamic test user a7cf74fc6e914f6fa4593f4bb5ac33a2 is created with scope project and roles: ['reader']
2025-11-21 12:46:45.576 66233 INFO tempest.lib.common.dynamic_creds [-] Acquired dynamic creds: credentials: Credentials: {'domain_id': 'default', 'domain_name': 'Default', 'username': 'tempest-ServersTestJSON-1154023960-project-reader', 'project_domain_id': 'default', 'project_domain_name': 'Default', 'project_id': '3873466e52654d24a8e7afc24124d7f6', 'project_name': 'tempest-ServersTestJSON-1154023960', 'tenant_id': '3873466e52654d24a8e7afc24124d7f6', 'tenant_name': 'tempest-ServersTestJSON-1154023960', 'user_domain_id': 'default', 'user_domain_name': 'Default', 'user_id': 'a7cf74fc6e914f6fa4593f4bb5ac33a2', 'system': None}, Network: None, Subnet: None, Router: None
2025-11-21 12:46:45.576 66233 INFO tempest.lib.common.dynamic_creds [-] Network resources are not created for requested scope: project and credentials: Credentials: {'domain_id': 'default', 'domain_name': 'Default', 'username': 'tempest-ServersTestJSON-1154023960-project-reader', 'project_domain_id': 'default', 'project_domain_name': 'Default', 'project_id': '3873466e52654d24a8e7afc24124d7f6', 'project_name': 'tempest-ServersTestJSON-1154023960', 'tenant_id': '3873466e52654d24a8e7afc24124d7f6', 'tenant_name': 'tempest-ServersTestJSON-1154023960', 'user_domain_id': 'default', 'user_domain_name': 'Default', 'user_id': 'a7cf74fc6e914f6fa4593f4bb5ac33a2', 'system': None}, Network: None, Subnet: None, Router: None
2025-11-21 12:46:45.581 66219 INFO tempest.lib.common.rest_client [req-1e3ab7c7-54e9-4c30-bb2e-2b0132f9464c req-1e3ab7c7-54e9-4c30-bb2e-2b0132f9464c ] Request (ServerActionsTestOtherB:setUpClass): 201 POST http://10.180.1.21/identity/v3/auth/tokens 0.092s
2025-11-21 12:46:45.581 66219 INFO tempest.lib.common.fixed_network [-] (ServerActionsTestOtherB:setUpClass) Found network {'id': '2886d250-78b5-4c1f-a4dc-9461a4259c92', 'name': 'tempest-ServerActionsTestOtherB-1392813410-network', 'tenant_id': '50d363c51a374916853ae82d04d58ab4', 'project_id': '50d363c51a374916853ae82d04d58ab4', 'admin_state_up': True, 'mtu': 8950, 'status': 'ACTIVE', 'subnets': [], 'shared': False, 'port_security_enabled': True, 'router:external': False, 'provider:network_type': 'vlan', 'provider:physical_network': 'default', 'provider:segmentation_id': 990, 'availability_zone_hints': [], 'availability_zones': [], 'ipv4_address_scope': None, 'ipv6_address_scope': None, 'description': '', 'tags': [], 'created_at': '2025-11-21T12:46:38Z', 'updated_at': '2025-11-21T12:46:38Z', 'revision_number': 1} available for tenant
2025-11-21 12:46:45.624 66215 INFO tempest.lib.common.rest_client [req-7c5bf939-efe1-4f1e-85ac-3d075629d174 req-7c5bf939-efe1-4f1e-85ac-3d075629d174 ] Request (ServerDiagnosticsNegativeTest:tearDownClass): 200 GET http://10.180.1.21/networking/v2.0/security-groups?tenant_id=e7f79ab62e9947c2a7b7e130ed94f0ee&name=default 0.762s
2025-11-21 12:46:45.626 66212 INFO tempest.lib.common.rest_client [req-e8a7ca32-4093-48ab-84cd-0a2ad0a706cc req-e8a7ca32-4093-48ab-84cd-0a2ad0a706cc ] Request (FloatingIPsAssociationTestJSON:tearDownClass): 204 DELETE http://10.180.1.21/compute/v2.1/servers/0b13d9bd-4a3b-44e6-806d-f59d5bad102b 2.759s
2025-11-21 12:46:45.668 66233 INFO tempest.lib.common.rest_client [req-ee7c13b9-966e-4f57-bf6d-a4e3385856e7 req-ee7c13b9-966e-4f57-bf6d-a4e3385856e7 ] Request (ServersTestJSON:setUpClass): 201 POST http://10.180.1.21/identity/v3/auth/tokens 0.090s
2025-11-21 12:46:45.748 66213 INFO tempest.lib.common.rest_client [req-8d3da0dd-803e-4223-bc9f-97a2fd5c839d req-8d3da0dd-803e-4223-bc9f-97a2fd5c839d ] Request (KeyPairsV2TestJSON:tearDownClass): 204 DELETE http://10.180.1.21/networking/v2.0/security-groups/519fcc03-a321-4a36-84b7-330ec10931e6 0.687s
2025-11-21 12:46:45.752 66233 INFO tempest.lib.common.rest_client [req-b6221266-b7a4-4cb1-81df-e83bc2bf8dd0 req-b6221266-b7a4-4cb1-81df-e83bc2bf8dd0 ] Request (ServersTestJSON:test_create_server_specify_multibyte_character_name): 201 POST http://10.180.1.21/identity/v3/auth/tokens 0.079s
2025-11-21 12:46:45.753 66233 INFO tempest.lib.common.fixed_network [-] (ServersTestJSON:test_create_server_specify_multibyte_character_name) Found network {'id': 'f735d0b6-a85f-4bb4-873b-6613609e6d07', 'name': 'tempest-ServersTestJSON-585089057-network', 'tenant_id': '3873466e52654d24a8e7afc24124d7f6', 'project_id': '3873466e52654d24a8e7afc24124d7f6', 'admin_state_up': True, 'mtu': 8950, 'status': 'ACTIVE', 'subnets': [], 'shared': False, 'port_security_enabled': True, 'router:external': False, 'provider:network_type': 'vlan', 'provider:physical_network': 'default', 'provider:segmentation_id': 776, 'availability_zone_hints': [], 'availability_zones': [], 'ipv4_address_scope': None, 'ipv6_address_scope': None, 'description': '', 'tags': [], 'created_at': '2025-11-21T12:46:42Z', 'updated_at': '2025-11-21T12:46:42Z', 'revision_number': 1} available for tenant
2025-11-21 12:46:45.802 66197 INFO tempest.lib.common.rest_client [req-bf85c5e0-662e-40cb-9cac-116896b58ec9 req-bf85c5e0-662e-40cb-9cac-116896b58ec9 ] Request (SecurityGroupRulesNegativeTestJSON:test_create_security_group_rule_with_invalid_from_port): 400 POST http://10.180.1.21/compute/v2.1/os-security-group-rules 2.986s
2025-11-21 12:46:45.832 66225 INFO tempest.lib.common.rest_client [req-4bb78cec-4d48-48f0-8e4f-d7e685ab922a req-4bb78cec-4d48-48f0-8e4f-d7e685ab922a ] Request (FlavorsAdminTestJSON:test_is_public_string_variations): 200 GET http://10.180.1.21/compute/v2.1/flavors/detail?is_public=yes 2.885s
2025-11-21 12:46:45.864 66213 INFO tempest.lib.common.rest_client [req-b454513f-c2a3-451f-a6a0-0ee62881c8a4 req-b454513f-c2a3-451f-a6a0-0ee62881c8a4 ] Request (KeyPairsV2TestJSON:tearDownClass): 204 DELETE http://10.180.1.21/identity/v3/projects/af98c4f2379f49439e4cf6e811f2e078 0.115s
2025-11-21 12:46:45.927 66213 INFO tempest.lib.common.rest_client [req-1e5e847a-8f83-4577-9b4d-ccf27af5b838 req-1e5e847a-8f83-4577-9b4d-ccf27af5b838 ] Request (AbsoluteLimitsNegativeTestJSON:setUpClass): 201 POST http://10.180.1.21/identity/v3/auth/tokens 0.060s
2025-11-21 12:46:45.972 66213 INFO tempest.lib.common.rest_client [req-93ee65d9-895c-4465-98ec-1b59824ad728 req-93ee65d9-895c-4465-98ec-1b59824ad728 ] Request (AbsoluteLimitsNegativeTestJSON:setUpClass): 201 POST http://10.180.1.21/identity/v3/auth/tokens 0.042s
2025-11-21 12:46:46.001 66213 INFO tempest.lib.common.rest_client [req-fd2d6409-64a8-418e-8293-a8dd77e6155a req-fd2d6409-64a8-418e-8293-a8dd77e6155a ] Request (AbsoluteLimitsNegativeTestJSON:setUpClass): 200 GET http://10.180.1.21/identity/v3/domains?name=Default 0.028s
2025-11-21 12:46:46.057 66213 INFO tempest.lib.common.rest_client [req-6341c9ed-1c4f-485b-8ff1-e500e9a67f6b req-6341c9ed-1c4f-485b-8ff1-e500e9a67f6b ] Request (AbsoluteLimitsNegativeTestJSON:setUpClass): 201 POST http://10.180.1.21/identity/v3/projects 0.056s
2025-11-21 12:46:46.151 66213 INFO tempest.lib.common.rest_client [req-e037ec3e-cd38-4b5a-a166-229d312b9f27 req-e037ec3e-cd38-4b5a-a166-229d312b9f27 ] Request (AbsoluteLimitsNegativeTestJSON:setUpClass): 201 POST http://10.180.1.21/identity/v3/users 0.093s
2025-11-21 12:46:46.186 66213 INFO tempest.lib.common.rest_client [req-4db1f2eb-2d4e-465f-8950-ffc53cac4568 req-4db1f2eb-2d4e-465f-8950-ffc53cac4568 ] Request (AbsoluteLimitsNegativeTestJSON:setUpClass): 200 GET http://10.180.1.21/identity/v3/roles 0.033s
2025-11-21 12:46:46.230 66213 INFO tempest.lib.common.rest_client [req-78d9e1a2-268b-4e43-bda8-7750110fbd51 req-78d9e1a2-268b-4e43-bda8-7750110fbd51 ] Request (AbsoluteLimitsNegativeTestJSON:setUpClass): 204 PUT http://10.180.1.21/identity/v3/projects/bc3a2d4ff1d1488ba9b61e2128de1159/users/c94ad6a0c9bc41f3944060b66f981a3d/roles/85d2aa0347e64c86bf8cf95bef9080f1 0.044s
2025-11-21 12:46:46.231 66213 INFO tempest.lib.common.dynamic_creds [-] Dynamic test user c94ad6a0c9bc41f3944060b66f981a3d is created with scope project and roles: ['member']
2025-11-21 12:46:46.231 66213 INFO tempest.lib.common.dynamic_creds [-] Acquired dynamic creds: credentials: Credentials: {'domain_id': 'default', 'domain_name': 'Default', 'username': 'tempest-AbsoluteLimitsNegativeTestJSON-478170434-project-member', 'project_domain_id': 'default', 'project_domain_name': 'Default', 'project_id': 'bc3a2d4ff1d1488ba9b61e2128de1159', 'project_name': 'tempest-AbsoluteLimitsNegativeTestJSON-478170434', 'tenant_id': 'bc3a2d4ff1d1488ba9b61e2128de1159', 'tenant_name': 'tempest-AbsoluteLimitsNegativeTestJSON-478170434', 'user_domain_id': 'default', 'user_domain_name': 'Default', 'user_id': 'c94ad6a0c9bc41f3944060b66f981a3d', 'system': None}, Network: None, Subnet: None, Router: None
2025-11-21 12:46:46.231 66213 INFO tempest.lib.common.dynamic_creds [-] Created isolated network resources for: credentials: Credentials: {'domain_id': 'default', 'domain_name': 'Default', 'username': 'tempest-AbsoluteLimitsNegativeTestJSON-478170434-project-member', 'project_domain_id': 'default', 'project_domain_name': 'Default', 'project_id': 'bc3a2d4ff1d1488ba9b61e2128de1159', 'project_name': 'tempest-AbsoluteLimitsNegativeTestJSON-478170434', 'tenant_id': 'bc3a2d4ff1d1488ba9b61e2128de1159', 'tenant_name': 'tempest-AbsoluteLimitsNegativeTestJSON-478170434', 'user_domain_id': 'default', 'user_domain_name': 'Default', 'user_id': 'c94ad6a0c9bc41f3944060b66f981a3d', 'system': None}, Network: None, Subnet: None, Router: None
2025-11-21 12:46:46.314 66213 INFO tempest.lib.common.rest_client [req-6f179eb1-ad30-4345-b89a-06c57cc7a1ed req-6f179eb1-ad30-4345-b89a-06c57cc7a1ed ] Request (AbsoluteLimitsNegativeTestJSON:setUpClass): 201 POST http://10.180.1.21/identity/v3/auth/tokens 0.078s
2025-11-21 12:46:46.481 66215 INFO tempest.lib.common.rest_client [req-1127e507-5b13-4906-b1c0-82e9198014f9 req-1127e507-5b13-4906-b1c0-82e9198014f9 ] Request (ServerDiagnosticsNegativeTest:tearDownClass): 204 DELETE http://10.180.1.21/networking/v2.0/security-groups/f6749937-e24a-475f-8cbd-eba1da809606 0.856s
2025-11-21 12:46:46.503 66205 INFO tempest.lib.common.rest_client [req-81367024-e69d-41a5-89d2-efab438dab5b req-81367024-e69d-41a5-89d2-efab438dab5b ] Request (InstanceActionsV221TestJSON:test_get_list_deleted_instance_actions): 200 GET http://10.180.1.21/compute/v2.1/servers/c0515c4c-3a73-4e2c-aeff-d08891328afd 3.606s
2025-11-21 12:46:46.512 66205 INFO tempest.common.waiters [-] State transition "BUILD/None" ==> "BUILD/networking" after 14 second wait
2025-11-21 12:46:46.555 66239 INFO tempest.lib.common.rest_client [req-7c80ce52-1d2a-412f-85d4-8dc781dcc3b9 req-7c80ce52-1d2a-412f-85d4-8dc781dcc3b9 ] Request (VolumesAssistedSnapshotsTest:test_volume_assisted_snapshot_create_delete): 200 GET http://10.180.1.21/volume/v3/volumes/7a080e6c-86a0-4481-91b4-e863f51ea588 0.031s
2025-11-21 12:46:46.563 66239 INFO tempest.common.waiters [-] Attachment 1cf3b262-dfa8-4946-86c1-6e708497446a created for volume 7a080e6c-86a0-4481-91b4-e863f51ea588 to server 1eab0b25-ccdf-4d79-994c-04298613ec82 after waiting for 8.563325 seconds
2025-11-21 12:46:46.595 66239 INFO tempest.lib.common.rest_client [req-b19f8398-8b48-4b86-87d4-d822d3d0cb72 req-b19f8398-8b48-4b86-87d4-d822d3d0cb72 ] Request (VolumesAssistedSnapshotsTest:test_volume_assisted_snapshot_create_delete): 200 GET http://10.180.1.21/volume/v3/volumes/7a080e6c-86a0-4481-91b4-e863f51ea588 0.031s
2025-11-21 12:46:46.599 66215 INFO tempest.lib.common.rest_client [req-7006877a-9776-40b0-bde1-a61a4801ef0c req-7006877a-9776-40b0-bde1-a61a4801ef0c ] Request (ServerDiagnosticsNegativeTest:tearDownClass): 204 DELETE http://10.180.1.21/identity/v3/projects/e7f79ab62e9947c2a7b7e130ed94f0ee 0.117s
2025-11-21 12:46:46.602 66239 INFO tempest.common.waiters [-] volume 7a080e6c-86a0-4481-91b4-e863f51ea588 reached in-use after waiting for 0.602772 seconds
2025-11-21 12:46:46.614 66195 INFO tempest.lib.common.rest_client [req-35858010-be86-447b-9edc-e9a6573a03d3 req-35858010-be86-447b-9edc-e9a6573a03d3 ] Request (ServerShowV247Test:test_show_server): 200 GET http://10.180.1.21/compute/v2.1/servers/1f2256ec-3c23-4287-b1c4-8493fe6957ac 3.231s
2025-11-21 12:46:46.693 66215 INFO tempest.lib.common.rest_client [req-e8024d90-2ada-46e5-8b6c-40018ed4f2de req-e8024d90-2ada-46e5-8b6c-40018ed4f2de ] Request (ServerShowV254Test:setUpClass): 201 POST http://10.180.1.21/identity/v3/auth/tokens 0.092s
2025-11-21 12:46:46.710 66195 INFO tempest.lib.common.rest_client [req-f2a9f86a-3e07-4d92-810d-47a502fcf393 req-f2a9f86a-3e07-4d92-810d-47a502fcf393 ] Request (ServerShowV247Test:test_update_rebuild_list_server): 201 POST http://10.180.1.21/identity/v3/auth/tokens 0.078s
2025-11-21 12:46:46.710 66195 INFO tempest.lib.common.fixed_network [-] (ServerShowV247Test:test_update_rebuild_list_server) Found network None available for tenant
2025-11-21 12:46:46.733 66215 INFO tempest.lib.common.rest_client [req-e4d8dd2d-1390-49b3-aee6-5c866b185ded req-e4d8dd2d-1390-49b3-aee6-5c866b185ded ] Request (ServerShowV254Test:setUpClass): 201 POST http://10.180.1.21/identity/v3/auth/tokens 0.035s
2025-11-21 12:46:46.765 66215 INFO tempest.lib.common.rest_client [req-b5e86499-f6e5-4876-8ef3-eb7a063479fd req-b5e86499-f6e5-4876-8ef3-eb7a063479fd ] Request (ServerShowV254Test:setUpClass): 200 GET http://10.180.1.21/identity/v3/domains?name=Default 0.031s
2025-11-21 12:46:46.805 66215 INFO tempest.lib.common.rest_client [req-5338174a-65f4-415c-bed0-7cf53053c2ca req-5338174a-65f4-415c-bed0-7cf53053c2ca ] Request (ServerShowV254Test:setUpClass): 201 POST http://10.180.1.21/identity/v3/projects 0.039s
2025-11-21 12:46:46.879 66215 INFO tempest.lib.common.rest_client [req-cdf37892-b1d5-4007-bac7-0481b7733a7f req-cdf37892-b1d5-4007-bac7-0481b7733a7f ] Request (ServerShowV254Test:setUpClass): 201 POST http://10.180.1.21/identity/v3/users 0.074s
2025-11-21 12:46:46.910 66215 INFO tempest.lib.common.rest_client [req-049f0ade-7cb2-4fdb-8c0e-79e44f504733 req-049f0ade-7cb2-4fdb-8c0e-79e44f504733 ] Request (ServerShowV254Test:setUpClass): 200 GET http://10.180.1.21/identity/v3/roles 0.031s
2025-11-21 12:46:46.957 66215 INFO tempest.lib.common.rest_client [req-a59d85de-155b-43b6-adf0-44e35de509a0 req-a59d85de-155b-43b6-adf0-44e35de509a0 ] Request (ServerShowV254Test:setUpClass): 204 PUT http://10.180.1.21/identity/v3/projects/b387ba91c455471bb029ba54709f8939/users/0d7ac76ba3e54a73899ee0ae637ec34d/roles/85d2aa0347e64c86bf8cf95bef9080f1 0.046s
2025-11-21 12:46:46.957 66215 INFO tempest.lib.common.dynamic_creds [-] Dynamic test user 0d7ac76ba3e54a73899ee0ae637ec34d is created with scope project and roles: ['member']
2025-11-21 12:46:46.957 66215 INFO tempest.lib.common.dynamic_creds [-] Acquired dynamic creds: credentials: Credentials: {'domain_id': 'default', 'domain_name': 'Default', 'username': 'tempest-ServerShowV254Test-1384343870-project-member', 'project_domain_id': 'default', 'project_domain_name': 'Default', 'project_id': 'b387ba91c455471bb029ba54709f8939', 'project_name': 'tempest-ServerShowV254Test-1384343870', 'tenant_id': 'b387ba91c455471bb029ba54709f8939', 'tenant_name': 'tempest-ServerShowV254Test-1384343870', 'user_domain_id': 'default', 'user_domain_name': 'Default', 'user_id': '0d7ac76ba3e54a73899ee0ae637ec34d', 'system': None}, Network: None, Subnet: None, Router: None
2025-11-21 12:46:46.957 66215 INFO tempest.lib.common.dynamic_creds [-] Created isolated network resources for: credentials: Credentials: {'domain_id': 'default', 'domain_name': 'Default', 'username': 'tempest-ServerShowV254Test-1384343870-project-member', 'project_domain_id': 'default', 'project_domain_name': 'Default', 'project_id': 'b387ba91c455471bb029ba54709f8939', 'project_name': 'tempest-ServerShowV254Test-1384343870', 'tenant_id': 'b387ba91c455471bb029ba54709f8939', 'tenant_name': 'tempest-ServerShowV254Test-1384343870', 'user_domain_id': 'default', 'user_domain_name': 'Default', 'user_id': '0d7ac76ba3e54a73899ee0ae637ec34d', 'system': None}, Network: None, Subnet: None, Router: None
2025-11-21 12:46:47.048 66215 INFO tempest.lib.common.rest_client [req-1d86a449-c1c3-46eb-8532-ca03c15eb8a6 req-1d86a449-c1c3-46eb-8532-ca03c15eb8a6 ] Request (ServerShowV254Test:setUpClass): 201 POST http://10.180.1.21/identity/v3/auth/tokens 0.088s
2025-11-21 12:46:47.072 66208 WARNING tempest.lib.common.ssh [-] Failed to establish authenticated ssh connection to cirros@10.180.180.161 ([Errno None] Unable to connect to port 22 on 10.180.180.161). Number attempts: 6. Retry after 7 seconds.: paramiko.ssh_exception.NoValidConnectionsError: [Errno None] Unable to connect to port 22 on 10.180.180.161
2025-11-21 12:46:47.097 66215 INFO tempest.lib.common.rest_client [req-9f97566d-2c60-42b4-85a4-2a1f6cf7257e req-9f97566d-2c60-42b4-85a4-2a1f6cf7257e ] Request (ServerShowV254Test:test_rebuild_server): 201 POST http://10.180.1.21/identity/v3/auth/tokens 0.044s
2025-11-21 12:46:47.098 66215 INFO tempest.lib.common.fixed_network [-] (ServerShowV254Test:test_rebuild_server) Found network None available for tenant
2025-11-21 12:46:47.104 66231 INFO tempest.lib.common.rest_client [req-8029b8f0-a366-4e29-984e-5905c0e7fd34 req-8029b8f0-a366-4e29-984e-5905c0e7fd34 ] Request (MigrationsAdminTest:test_list_migrations_in_flavor_resize_situation): 200 GET http://10.180.1.21/compute/v2.1/servers/5df4d97a-fa21-4fc7-94ed-3f3468e5a87b 3.672s
2025-11-21 12:46:47.207 66185 INFO tempest.lib.common.rest_client [req-0b59fc8e-9dd2-4b8f-a9ed-d5a44aef9406 req-0b59fc8e-9dd2-4b8f-a9ed-d5a44aef9406 ] Request (ServersAdminTestJSON:setUpClass): 200 GET http://10.180.1.21/compute/v2.1/servers/deb3f248-5bba-446f-ae3c-673034225ead 3.634s
2025-11-21 12:46:47.216 66185 INFO tempest.common.waiters [-] State transition "BUILD/spawning" ==> "ACTIVE/None" after 33 second wait
2025-11-21 12:46:47.222 66227 INFO tempest.lib.common.rest_client [req-ffd91b8b-3c2b-4781-8d9d-e35f8a62c2ac req-ffd91b8b-3c2b-4781-8d9d-e35f8a62c2ac ] Request (ServerMetadataTestJSON:setUpClass): 200 GET http://10.180.1.21/compute/v2.1/servers/b4787858-d751-40a7-9cb7-033aeb6e2c84 3.559s
2025-11-21 12:46:47.239 66203 WARNING tempest.lib.common.ssh [-] Failed to establish authenticated ssh connection to cirros@10.180.180.131 ([Errno None] Unable to connect to port 22 on 10.180.180.131). Number attempts: 3. Retry after 4 seconds.: paramiko.ssh_exception.NoValidConnectionsError: [Errno None] Unable to connect to port 22 on 10.180.180.131
2025-11-21 12:46:47.275 66189 INFO tempest.lib.common.rest_client [req-b2264ab8-f389-4c52-8a3b-d02d498e89aa req-b2264ab8-f389-4c52-8a3b-d02d498e89aa ] Request (ImagesOneServerTestJSON:test_create_delete_image): 200 GET http://10.180.1.21/compute/v2.1/images/3aa5c43c-89f9-4677-86f2-71ccdbdfbc9b 3.257s
2025-11-21 12:46:47.385 66183 INFO tempest.lib.common.rest_client [req-0fe94e62-2e68-4b54-b9c5-fcd5f75e9243 req-0fe94e62-2e68-4b54-b9c5-fcd5f75e9243 ] Request (ImagesTestJSON:test_create_image_from_suspended_server): 200 GET http://10.180.1.21/compute/v2.1/servers/d38695ea-0964-41a7-8d72-55b04336830d 3.461s
2025-11-21 12:46:47.394 66183 INFO tempest.common.waiters [-] State transition "BUILD/networking" ==> "BUILD/spawning" after 18 second wait
2025-11-21 12:46:47.411 66209 INFO tempest.lib.common.rest_client [req-57052753-18d7-4b1e-b66b-e55819fd5bc5 req-57052753-18d7-4b1e-b66b-e55819fd5bc5 ] Request (AggregatesAdminNegativeTestJSON:_run_cleanups): 200 DELETE http://10.180.1.21/compute/v2.1/os-aggregates/8 3.169s
2025-11-21 12:46:47.554 66209 INFO tempest.lib.common.rest_client [req-c35ddee8-1aa0-42d2-a4d0-4bfad41ef079 req-c35ddee8-1aa0-42d2-a4d0-4bfad41ef079 ] Request (AggregatesAdminNegativeTestJSON:tearDownClass): 204 DELETE http://10.180.1.21/identity/v3/users/c270c1b4fc30417e97d914d598d2ba4e 0.140s
2025-11-21 12:46:47.716 66209 INFO tempest.lib.common.rest_client [req-57fd326d-41c7-4a05-b453-2a15bbe02ddf req-57fd326d-41c7-4a05-b453-2a15bbe02ddf ] Request (AggregatesAdminNegativeTestJSON:tearDownClass): 204 DELETE http://10.180.1.21/identity/v3/users/9ef451dd818f4f53920842acab7d676a 0.161s
2025-11-21 12:46:47.716 66209 INFO tempest.lib.common.dynamic_creds [-] Deleting project and security group for project: cb9faf6feb8d41c3b956dffd17c14acd
2025-11-21 12:46:47.792 66221 INFO tempest.lib.common.rest_client [req-cf1efc33-2ad8-4db0-be9b-9d2150f7323b req-cf1efc33-2ad8-4db0-be9b-9d2150f7323b ] Request (SecurityGroupsTestJSON:test_list_security_groups_by_server): 202 POST http://10.180.1.21/compute/v2.1/servers/b05778e4-8f40-41e9-9273-6d7db68c6c27/action 3.595s
2025-11-21 12:46:47.795 66209 INFO tempest.lib.common.rest_client [req-5ef4162c-9708-40b2-9cff-1eefb556225e req-5ef4162c-9708-40b2-9cff-1eefb556225e ] Request (AggregatesAdminNegativeTestJSON:tearDownClass): 201 POST http://10.180.1.21/identity/v3/auth/tokens 0.079s
2025-11-21 12:46:47.807 66191 INFO tempest.lib.common.rest_client [req-7d68c33a-e66c-42aa-85e1-e9b2cbceb72d req-7d68c33a-e66c-42aa-85e1-e9b2cbceb72d ] Request (KeyPairsV22TestJSON:test_keypairs_create_list_delete): 200 GET http://10.180.1.21/compute/v2.1/os-keypairs 3.532s
2025-11-21 12:46:47.839 66224 INFO tempest.lib.common.rest_client [req-9edb3604-04cf-472b-a5f0-ee03e2c626ad req-9edb3604-04cf-472b-a5f0-ee03e2c626ad ] Request (ServersAdminNegativeTestJSON:_run_cleanups): 200 GET http://10.180.1.21/compute/v2.1/flavors/detail 3.460s
2025-11-21 12:46:47.886 66199 INFO tempest.lib.common.rest_client [req-16cee555-0afe-43e7-b736-58581fa767a8 req-16cee555-0afe-43e7-b736-58581fa767a8 ] Request (VolumesNegativeTest:test_create_volume_with_size_zero): 400 POST http://10.180.1.21/compute/v2.1/os-volumes 2.688s
2025-11-21 12:46:47.953 66187 INFO tempest.lib.common.rest_client [req-d6f11f51-c687-4c63-92c7-086fe9726cdf req-d6f11f51-c687-4c63-92c7-086fe9726cdf ] Request (ServerDiagnosticsV248Test:test_get_server_diagnostics): 200 GET http://10.180.1.21/compute/v2.1/servers/076c55a9-731a-462b-8158-3331d701b43c/diagnostics 3.711s
2025-11-21 12:46:47.985 66209 INFO tempest.lib.common.rest_client [req-9d2a6415-1be2-4d83-ad2b-2ee638b84d8d req-9d2a6415-1be2-4d83-ad2b-2ee638b84d8d ] Request (AggregatesAdminNegativeTestJSON:tearDownClass): 200 GET http://10.180.1.21/networking/v2.0/security-groups?tenant_id=cb9faf6feb8d41c3b956dffd17c14acd&name=default 0.189s
2025-11-21 12:46:48.013 66201 INFO tempest.lib.common.rest_client [req-0e3de791-d295-4b93-8755-780c05cedb29 req-0e3de791-d295-4b93-8755-780c05cedb29 ] Request (ServersAaction247Test:tearDownClass): 200 GET http://10.180.1.21/compute/v2.1/servers/f4bdcc86-b3d2-4336-be92-e074c190efb7 2.654s
2025-11-21 12:46:48.032 66212 INFO tempest.lib.common.rest_client [req-b4159477-6dc6-49a0-b748-ded9d1382697 req-b4159477-6dc6-49a0-b748-ded9d1382697 ] Request (FloatingIPsAssociationTestJSON:tearDownClass): 404 GET http://10.180.1.21/compute/v2.1/servers/0b13d9bd-4a3b-44e6-806d-f59d5bad102b 2.406s
2025-11-21 12:46:48.083 66209 INFO tempest.lib.common.rest_client [req-f19c35c8-5eac-459b-98a3-fd0b137fbf8c req-f19c35c8-5eac-459b-98a3-fd0b137fbf8c ] Request (AggregatesAdminNegativeTestJSON:tearDownClass): 204 DELETE http://10.180.1.21/networking/v2.0/security-groups/dda7fb1c-1dcc-4126-8d85-a65a2a9ff458 0.098s
2025-11-21 12:46:48.180 66209 INFO tempest.lib.common.rest_client [req-000628da-a813-4ccd-b8ec-63ddbffca678 req-000628da-a813-4ccd-b8ec-63ddbffca678 ] Request (AggregatesAdminNegativeTestJSON:tearDownClass): 204 DELETE http://10.180.1.21/identity/v3/projects/cb9faf6feb8d41c3b956dffd17c14acd 0.096s
2025-11-21 12:46:48.180 66209 INFO tempest.lib.common.dynamic_creds [-] Deleting project and security group for project: 2fcd9e00e37b44609ee08dccf764af7e
2025-11-21 12:46:48.324 66209 INFO tempest.lib.common.rest_client [req-0414935a-6702-4894-afd9-9596fe13d92d req-0414935a-6702-4894-afd9-9596fe13d92d ] Request (AggregatesAdminNegativeTestJSON:tearDownClass): 200 GET http://10.180.1.21/networking/v2.0/security-groups?tenant_id=2fcd9e00e37b44609ee08dccf764af7e&name=default 0.144s
2025-11-21 12:46:48.493 66209 INFO tempest.lib.common.rest_client [req-ebc66bc1-19ea-4383-aa62-f5da86d40f6c req-ebc66bc1-19ea-4383-aa62-f5da86d40f6c ] Request (AggregatesAdminNegativeTestJSON:tearDownClass): 204 DELETE http://10.180.1.21/networking/v2.0/security-groups/fd870f13-f4ce-40bd-b66c-3e1e1b4cdff1 0.168s
2025-11-21 12:46:48.607 66209 INFO tempest.lib.common.rest_client [req-409a83c1-582c-4f74-838c-f413bd12b46b req-409a83c1-582c-4f74-838c-f413bd12b46b ] Request (AggregatesAdminNegativeTestJSON:tearDownClass): 204 DELETE http://10.180.1.21/identity/v3/projects/2fcd9e00e37b44609ee08dccf764af7e 0.114s
2025-11-21 12:46:48.690 66209 INFO tempest.lib.common.rest_client [req-48a985c8-1231-4625-9b39-0b3a16efa22d req-48a985c8-1231-4625-9b39-0b3a16efa22d ] Request (FlavorsV255TestJSON:setUpClass): 201 POST http://10.180.1.21/identity/v3/auth/tokens 0.081s
2025-11-21 12:46:48.735 66209 INFO tempest.lib.common.rest_client [req-7d96f1e1-962f-4456-8b33-21e081773919 req-7d96f1e1-962f-4456-8b33-21e081773919 ] Request (FlavorsV255TestJSON:setUpClass): 201 POST http://10.180.1.21/identity/v3/auth/tokens 0.041s
2025-11-21 12:46:48.766 66209 INFO tempest.lib.common.rest_client [req-767dd575-aa74-4b1f-a220-ea2fd92356f3 req-767dd575-aa74-4b1f-a220-ea2fd92356f3 ] Request (FlavorsV255TestJSON:setUpClass): 200 GET http://10.180.1.21/identity/v3/domains?name=Default 0.030s
2025-11-21 12:46:48.793 66209 INFO tempest.lib.common.rest_client [req-abe53d17-02c7-4115-b2ff-a656f9a8dd80 req-abe53d17-02c7-4115-b2ff-a656f9a8dd80 ] Request (FlavorsV255TestJSON:setUpClass): 201 POST http://10.180.1.21/identity/v3/projects 0.027s
2025-11-21 12:46:48.863 66209 INFO tempest.lib.common.rest_client [req-d5c4fa35-821d-4a43-82fa-6a0faf114bd0 req-d5c4fa35-821d-4a43-82fa-6a0faf114bd0 ] Request (FlavorsV255TestJSON:setUpClass): 201 POST http://10.180.1.21/identity/v3/users 0.069s
2025-11-21 12:46:48.886 66209 INFO tempest.lib.common.rest_client [req-51bb35a5-da93-4424-81d0-12125dee761e req-51bb35a5-da93-4424-81d0-12125dee761e ] Request (FlavorsV255TestJSON:setUpClass): 200 GET http://10.180.1.21/identity/v3/roles 0.021s
2025-11-21 12:46:48.929 66209 INFO tempest.lib.common.rest_client [req-a545d5da-4b58-4d90-b718-519c312dfb8c req-a545d5da-4b58-4d90-b718-519c312dfb8c ] Request (FlavorsV255TestJSON:setUpClass): 204 PUT http://10.180.1.21/identity/v3/projects/6aecddc78d7f4b89bfdad5d58960b40d/users/914e0fe8541d48e8b38a94600f6254a4/roles/85d2aa0347e64c86bf8cf95bef9080f1 0.042s
2025-11-21 12:46:48.930 66209 INFO tempest.lib.common.dynamic_creds [-] Dynamic test user 914e0fe8541d48e8b38a94600f6254a4 is created with scope project and roles: ['member']
2025-11-21 12:46:48.930 66209 INFO tempest.lib.common.dynamic_creds [-] Acquired dynamic creds: credentials: Credentials: {'domain_id': 'default', 'domain_name': 'Default', 'username': 'tempest-FlavorsV255TestJSON-536239038-project-member', 'project_domain_id': 'default', 'project_domain_name': 'Default', 'project_id': '6aecddc78d7f4b89bfdad5d58960b40d', 'project_name': 'tempest-FlavorsV255TestJSON-536239038', 'tenant_id': '6aecddc78d7f4b89bfdad5d58960b40d', 'tenant_name': 'tempest-FlavorsV255TestJSON-536239038', 'user_domain_id': 'default', 'user_domain_name': 'Default', 'user_id': '914e0fe8541d48e8b38a94600f6254a4', 'system': None}, Network: None, Subnet: None, Router: None
2025-11-21 12:46:48.930 66209 INFO tempest.lib.common.dynamic_creds [-] Created isolated network resources for: credentials: Credentials: {'domain_id': 'default', 'domain_name': 'Default', 'username': 'tempest-FlavorsV255TestJSON-536239038-project-member', 'project_domain_id': 'default', 'project_domain_name': 'Default', 'project_id': '6aecddc78d7f4b89bfdad5d58960b40d', 'project_name': 'tempest-FlavorsV255TestJSON-536239038', 'tenant_id': '6aecddc78d7f4b89bfdad5d58960b40d', 'tenant_name': 'tempest-FlavorsV255TestJSON-536239038', 'user_domain_id': 'default', 'user_domain_name': 'Default', 'user_id': '914e0fe8541d48e8b38a94600f6254a4', 'system': None}, Network: None, Subnet: None, Router: None
2025-11-21 12:46:48.936 66219 INFO tempest.lib.common.rest_client [req-50fda231-606c-4df5-a097-ce5691351f88 req-50fda231-606c-4df5-a097-ce5691351f88 ] Request (ServerActionsTestOtherB:setUpClass): 202 POST http://10.180.1.21/compute/v2.1/servers 3.354s
2025-11-21 12:46:48.941 66197 INFO tempest.lib.common.rest_client [req-3665b4ec-d0bc-4bda-b6f7-6481b72ead72 req-3665b4ec-d0bc-4bda-b6f7-6481b72ead72 ] Request (SecurityGroupRulesNegativeTestJSON:test_create_security_group_rule_with_invalid_id): 400 POST http://10.180.1.21/compute/v2.1/os-security-group-rules 3.138s
2025-11-21 12:46:48.981 66233 INFO tempest.lib.common.rest_client [req-37bdf849-26c6-4c9d-9866-7971c63c4189 req-37bdf849-26c6-4c9d-9866-7971c63c4189 ] Request (ServersTestJSON:test_create_server_specify_multibyte_character_name): 202 POST http://10.180.1.21/compute/v2.1/servers 3.227s
2025-11-21 12:46:49.007 66225 INFO tempest.lib.common.rest_client [req-e14a42c8-cf3b-429c-ba5d-7d53ac53ed9c req-e14a42c8-cf3b-429c-ba5d-7d53ac53ed9c ] Request (FlavorsAdminTestJSON:test_is_public_string_variations): 200 GET http://10.180.1.21/compute/v2.1/flavors/detail?is_public=1 3.170s
2025-11-21 12:46:49.016 66229 INFO tempest.lib.common.rest_client [req-168e66e4-9d0a-4810-9bc6-1a2fe0942e0a req-168e66e4-9d0a-4810-9bc6-1a2fe0942e0a ] Request (DeleteServersTestJSON:test_delete_active_server): 200 GET http://10.180.1.21/compute/v2.1/servers/5e12a65d-13e1-4d8d-9b6b-18b1ce31a245 3.202s
2025-11-21 12:46:49.033 66209 INFO tempest.lib.common.rest_client [req-9cd05f97-d2da-4656-b5ba-091071efeccf req-9cd05f97-d2da-4656-b5ba-091071efeccf ] Request (FlavorsV255TestJSON:setUpClass): 201 POST http://10.180.1.21/identity/v3/auth/tokens 0.098s
2025-11-21 12:46:49.092 66179 INFO tempest.lib.common.rest_client [req-a5427e28-79d2-4811-a38d-76a965ca3a8f req-a5427e28-79d2-4811-a38d-76a965ca3a8f ] Request (ServerActionsV293TestJSON:setUpClass): 200 GET http://10.180.1.21/compute/v2.1/servers/85e92dc4-7ad4-4d0f-b628-5104cd32475c 2.550s
2025-11-21 12:46:49.106 66193 INFO tempest.lib.common.rest_client [req-938dba22-551d-4643-8f92-946eedb0d9a1 req-938dba22-551d-4643-8f92-946eedb0d9a1 ] Request (DeleteServersAdminTestJSON:test_delete_server_while_in_error_state): 200 GET http://10.180.1.21/compute/v2.1/servers/1f2213a5-dad3-41a1-9f79-3353dc2163ec 3.008s
2025-11-21 12:46:49.118 66209 INFO tempest.lib.common.rest_client [req-6e114fc0-745c-4bc0-a6c0-54f81631f957 req-6e114fc0-745c-4bc0-a6c0-54f81631f957 ] Request (FlavorsV255TestJSON:setUpClass): 201 POST http://10.180.1.21/identity/v3/projects 0.085s
2025-11-21 12:46:49.184 66209 INFO tempest.lib.common.rest_client [req-a79a5439-7c5a-4933-8e22-9d0713734613 req-a79a5439-7c5a-4933-8e22-9d0713734613 ] Request (FlavorsV255TestJSON:setUpClass): 201 POST http://10.180.1.21/identity/v3/users 0.065s
2025-11-21 12:46:49.206 66209 INFO tempest.lib.common.rest_client [req-cb1c8cc3-e737-4348-bd9c-ba26d3e76ffe req-cb1c8cc3-e737-4348-bd9c-ba26d3e76ffe ] Request (FlavorsV255TestJSON:setUpClass): 200 GET http://10.180.1.21/identity/v3/roles 0.022s
2025-11-21 12:46:49.230 66195 INFO tempest.lib.common.rest_client [req-1654427b-53d0-49a5-beb5-9a7c8f78ff3b req-1654427b-53d0-49a5-beb5-9a7c8f78ff3b ] Request (ServerShowV247Test:test_update_rebuild_list_server): 202 POST http://10.180.1.21/compute/v2.1/servers 2.519s
2025-11-21 12:46:49.235 66209 INFO tempest.lib.common.rest_client [req-e2fc1687-8a90-476c-b279-bec0448836cb req-e2fc1687-8a90-476c-b279-bec0448836cb ] Request (FlavorsV255TestJSON:setUpClass): 204 PUT http://10.180.1.21/identity/v3/projects/073f8398751742afb6cc7e67f0e7d0d0/users/40c45716ded64d0cb44522f8f549a8ab/roles/7d9678a22deb4aae80bd53e8d62da049 0.028s
2025-11-21 12:46:49.344 66239 INFO tempest.lib.common.rest_client [req-3329a29d-dfa9-4661-bb26-bb155a7c12a2 req-3329a29d-dfa9-4661-bb26-bb155a7c12a2 ] Request (VolumesAssistedSnapshotsTest:test_volume_assisted_snapshot_create_delete): 200 POST http://10.180.1.21/compute/v2.1/os-assisted-volume-snapshots 2.741s
2025-11-21 12:46:49.389 66209 INFO tempest.lib.common.rest_client [req-8dd6f07a-c651-47e6-9fc5-6116f32de9a5 req-8dd6f07a-c651-47e6-9fc5-6116f32de9a5 ] Request (FlavorsV255TestJSON:setUpClass): 200 GET http://10.180.1.21/identity/v3/roles 0.154s
2025-11-21 12:46:49.410 66209 INFO tempest.lib.common.rest_client [req-b35b101c-3a50-4dfe-84c8-faa45961a67e req-b35b101c-3a50-4dfe-84c8-faa45961a67e ] Request (FlavorsV255TestJSON:setUpClass): 204 PUT http://10.180.1.21/identity/v3/projects/073f8398751742afb6cc7e67f0e7d0d0/users/40c45716ded64d0cb44522f8f549a8ab/roles/7d9678a22deb4aae80bd53e8d62da049 0.020s
2025-11-21 12:46:49.410 66209 INFO tempest.lib.common.dynamic_creds [-] Dynamic test user 40c45716ded64d0cb44522f8f549a8ab is created with scope project and roles: ['admin']
2025-11-21 12:46:49.410 66209 INFO tempest.lib.common.dynamic_creds [-] Acquired dynamic creds: credentials: Credentials: {'domain_id': 'default', 'domain_name': 'Default', 'username': 'tempest-FlavorsV255TestJSON-1745354132-project-admin', 'project_domain_id': 'default', 'project_domain_name': 'Default', 'project_id': '073f8398751742afb6cc7e67f0e7d0d0', 'project_name': 'tempest-FlavorsV255TestJSON-1745354132', 'tenant_id': '073f8398751742afb6cc7e67f0e7d0d0', 'tenant_name': 'tempest-FlavorsV255TestJSON-1745354132', 'user_domain_id': 'default', 'user_domain_name': 'Default', 'user_id': '40c45716ded64d0cb44522f8f549a8ab', 'system': None}, Network: None, Subnet: None, Router: None
2025-11-21 12:46:49.410 66209 INFO tempest.lib.common.dynamic_creds [-] Created isolated network resources for: credentials: Credentials: {'domain_id': 'default', 'domain_name': 'Default', 'username': 'tempest-FlavorsV255TestJSON-1745354132-project-admin', 'project_domain_id': 'default', 'project_domain_name': 'Default', 'project_id': '073f8398751742afb6cc7e67f0e7d0d0', 'project_name': 'tempest-FlavorsV255TestJSON-1745354132', 'tenant_id': '073f8398751742afb6cc7e67f0e7d0d0', 'tenant_name': 'tempest-FlavorsV255TestJSON-1745354132', 'user_domain_id': 'default', 'user_domain_name': 'Default', 'user_id': '40c45716ded64d0cb44522f8f549a8ab', 'system': None}, Network: None, Subnet: None, Router: None
2025-11-21 12:46:49.476 66215 INFO tempest.lib.common.rest_client [req-6cdc168e-3820-495e-9ea0-5d233f989b1e req-6cdc168e-3820-495e-9ea0-5d233f989b1e ] Request (ServerShowV254Test:test_rebuild_server): 202 POST http://10.180.1.21/compute/v2.1/servers 2.377s
2025-11-21 12:46:49.494 66185 INFO tempest.lib.common.rest_client [req-f36be156-2b36-4f19-897f-dafb7d06721e req-f36be156-2b36-4f19-897f-dafb7d06721e ] Request (ServersAdminTestJSON:setUpClass): 200 GET http://10.180.1.21/compute/v2.1/servers/290c7a44-2e9b-4a38-98f5-fc975a148b8e 2.278s
2025-11-21 12:46:49.513 66209 INFO tempest.lib.common.rest_client [req-370602e1-43d4-43f3-af4b-22bc2365430f req-370602e1-43d4-43f3-af4b-22bc2365430f ] Request (FlavorsV255TestJSON:setUpClass): 201 POST http://10.180.1.21/identity/v3/auth/tokens 0.100s
2025-11-21 12:46:49.532 66189 INFO tempest.lib.common.rest_client [req-9280c75a-5168-4e67-986e-ec41867d79f0 req-9280c75a-5168-4e67-986e-ec41867d79f0 ] Request (ImagesOneServerTestJSON:test_create_delete_image): 200 GET http://10.180.1.21/compute/v2.1/images/3aa5c43c-89f9-4677-86f2-71ccdbdfbc9b 2.253s
2025-11-21 12:46:49.581 66185 INFO tempest.lib.common.rest_client [req-c5644656-2780-4f4c-bd17-1e699f628e36 req-c5644656-2780-4f4c-bd17-1e699f628e36 ] Request (ServersAdminTestJSON:test_create_server_with_scheduling_hint): 201 POST http://10.180.1.21/identity/v3/auth/tokens 0.068s
2025-11-21 12:46:49.582 66185 INFO tempest.lib.common.fixed_network [-] (ServersAdminTestJSON:test_create_server_with_scheduling_hint) Found network {'id': 'd4eddd49-7e80-49df-9ae9-fd8eb9747414', 'name': 'tempest-ServersAdminTestJSON-1087161222-network', 'tenant_id': '6236b02cb256499c98926c09a17136f9', 'project_id': '6236b02cb256499c98926c09a17136f9', 'admin_state_up': True, 'mtu': 8950, 'status': 'ACTIVE', 'subnets': [], 'shared': False, 'port_security_enabled': True, 'router:external': False, 'provider:network_type': 'vlan', 'provider:physical_network': 'default', 'provider:segmentation_id': 793, 'availability_zone_hints': [], 'availability_zones': [], 'ipv4_address_scope': None, 'ipv6_address_scope': None, 'description': '', 'tags': [], 'created_at': '2025-11-21T12:45:57Z', 'updated_at': '2025-11-21T12:45:57Z', 'revision_number': 1} available for tenant
2025-11-21 12:46:49.656 66205 INFO tempest.lib.common.rest_client [req-e49cde40-fa24-4e79-b865-3387dbf5efcf req-e49cde40-fa24-4e79-b865-3387dbf5efcf ] Request (InstanceActionsV221TestJSON:test_get_list_deleted_instance_actions): 200 GET http://10.180.1.21/compute/v2.1/servers/c0515c4c-3a73-4e2c-aeff-d08891328afd 2.143s
2025-11-21 12:46:49.666 66205 INFO tempest.common.waiters [-] State transition "BUILD/networking" ==> "BUILD/spawning" after 17 second wait
2025-11-21 12:46:49.683 66191 INFO tempest.lib.common.rest_client [req-2e6ccd58-5953-4fe1-b65f-59c549b835a4 req-2e6ccd58-5953-4fe1-b65f-59c549b835a4 ] Request (KeyPairsV22TestJSON:_run_cleanups): 204 DELETE http://10.180.1.21/compute/v2.1/os-keypairs/tempest-KeyPairsV22TestJSON-keypair-1779545487 1.874s
2025-11-21 12:46:49.715 66221 INFO tempest.lib.common.rest_client [req-778032ef-3c5f-4b96-8739-b02efa161ef4 req-778032ef-3c5f-4b96-8739-b02efa161ef4 ] Request (SecurityGroupsTestJSON:test_list_security_groups_by_server): 200 GET http://10.180.1.21/compute/v2.1/servers/b05778e4-8f40-41e9-9273-6d7db68c6c27/os-security-groups 1.922s
2025-11-21 12:46:49.719 66199 INFO tempest.lib.common.rest_client [req-387789cc-bee4-4ab3-96b6-2a83ac9d4647 req-387789cc-bee4-4ab3-96b6-2a83ac9d4647 ] Request (VolumesNegativeTest:test_create_volume_without_passing_size): 400 POST http://10.180.1.21/compute/v2.1/os-volumes 1.832s
2025-11-21 12:46:49.828 66187 INFO tempest.lib.common.rest_client [req-7088f18a-60e9-4889-a3ab-699f57345003 req-7088f18a-60e9-4889-a3ab-699f57345003 ] Request (ServerDiagnosticsV248Test:tearDownClass): 204 DELETE http://10.180.1.21/compute/v2.1/servers/076c55a9-731a-462b-8158-3331d701b43c 1.866s
