2025-11-21 12:48:27.443 66183 INFO tempest.lib.common.rest_client [req-96d33802-67f2-42bc-8a5b-dd92409d70f6 req-96d33802-67f2-42bc-8a5b-dd92409d70f6 ] Request (ImagesTestJSON:test_create_server_from_snapshot): 200 GET http://10.180.1.21/compute/v2.1/images/bb469fa6-d642-4ace-8103-177c2141f2c7 0.252s
2025-11-21 12:48:27.489 66229 INFO tempest.lib.common.rest_client [req-3b46bef0-ace0-4548-99c7-302e114fb108 req-3b46bef0-ace0-4548-99c7-302e114fb108 ] Request (DeleteServersTestJSON:test_delete_server_while_in_attached_volume): 200 GET http://10.180.1.21/compute/v2.1/servers/f15d1ca7-d3e5-4793-b789-aa33dccaf733 0.285s
2025-11-21 12:48:27.543 66177 INFO tempest.lib.common.rest_client [req-0096b641-279c-4dda-80b1-50c29add1afd req-0096b641-279c-4dda-80b1-50c29add1afd ] Request (ServersTestFqdnHostnames:tearDownClass): 200 GET http://10.180.1.21/compute/v2.1/servers/949b65e2-2465-4a34-8a5d-0a2f2ff391e4 0.272s
2025-11-21 12:48:27.597 66189 INFO tempest.lib.common.rest_client [req-3ddc44bc-4b7f-4c5c-adfc-bc212446cc60 req-3ddc44bc-4b7f-4c5c-adfc-bc212446cc60 ] Request (ServerActionsTestJSON:setUpClass): 200 GET http://10.180.1.21/compute/v2.1/servers/5ea7b7d9-8a17-406a-8d91-1757bd6b133e 0.260s
2025-11-21 12:48:27.606 66219 INFO tempest.lib.common.rest_client [req-923b3534-d2b3-4c84-a4d7-ae6bba1518ff req-923b3534-d2b3-4c84-a4d7-ae6bba1518ff ] Request (ServerActionsTestOtherB:test_create_backup): 202 POST http://10.180.1.21/compute/v2.1/servers/dec66662-4e0f-4ff8-9058-1d6376416aa6/action 0.467s
2025-11-21 12:48:27.623 66219 INFO tempest.lib.common.rest_client [req-214b7d69-34ce-4357-b0ac-faf707e9ae87 req-214b7d69-34ce-4357-b0ac-faf707e9ae87 ] Request (ServerActionsTestOtherB:test_create_backup): 200 GET http://10.180.1.21/image/v2/images/343e10ef-485d-4582-8733-cf16e25c6e09 0.017s
2025-11-21 12:48:27.652 66239 INFO tempest.lib.common.rest_client [req-24c01649-f87f-42c2-a4f0-32be6da522f9 req-24c01649-f87f-42c2-a4f0-32be6da522f9 ] Request (AttachInterfacesUnderV243Test:test_add_remove_fixed_ip): 200 GET http://10.180.1.21/compute/v2.1/servers/c005d9ff-2425-44ad-8c73-410aac4c8177 0.242s
2025-11-21 12:48:27.671 66212 INFO tempest.lib.common.rest_client [req-65d039cc-1c15-4678-bdd2-5cc2e38ae2c8 req-65d039cc-1c15-4678-bdd2-5cc2e38ae2c8 ] Request (ServersV294TestFqdnHostnames:setUpClass): 200 GET http://10.180.1.21/compute/v2.1/servers/a37483fa-25e5-4488-a5cf-79bbf02f7a21 0.180s
2025-11-21 12:48:27.690 66215 INFO tempest.lib.common.rest_client [req-c309442d-2f94-4d8c-8a2f-6f31bb9d5a79 req-c309442d-2f94-4d8c-8a2f-6f31bb9d5a79 ] Request (ServerShowV254Test:tearDownClass): 404 GET http://10.180.1.21/compute/v2.1/servers/5e2d45ff-4da9-4a9d-a86a-5b24e9f29d65 0.123s
2025-11-21 12:48:27.740 66197 INFO tempest.lib.common.rest_client [req-78d68ef2-66d7-4d9b-9472-58e0a2083092 req-78d68ef2-66d7-4d9b-9472-58e0a2083092 ] Request (ServersTestMultiNic:_run_cleanups): 200 GET http://10.180.1.21/compute/v2.1/servers/a33e7e9f-3c11-4c6f-9989-6729394a8da1 0.156s
2025-11-21 12:48:27.745 66201 INFO tempest.lib.common.rest_client [req-330d0174-5650-4ca1-bf00-51738974ad34 req-330d0174-5650-4ca1-bf00-51738974ad34 ] Request (ServerRescueTestJSONUnderV235:setUpClass): 200 GET http://10.180.1.21/compute/v2.1/servers/59278197-2bf4-4e9a-a9d3-706eded8b008 0.234s
2025-11-21 12:48:27.752 66201 INFO tempest.common.waiters [-] State transition "ACTIVE/rescuing" ==> "RESCUE/None" after 11 second wait
2025-11-21 12:48:27.803 66215 INFO tempest.lib.common.rest_client [req-747c0969-3ce7-4fbb-9439-e4db037b82bf req-747c0969-3ce7-4fbb-9439-e4db037b82bf ] Request (ServerShowV254Test:tearDownClass): 204 DELETE http://10.180.1.21/identity/v3/users/0d7ac76ba3e54a73899ee0ae637ec34d 0.112s
2025-11-21 12:48:27.803 66215 INFO tempest.lib.common.dynamic_creds [-] Deleting project and security group for project: b387ba91c455471bb029ba54709f8939
2025-11-21 12:48:27.818 66205 INFO tempest.lib.common.rest_client [req-b551b118-305f-4e78-b920-206a72ea98cf req-b551b118-305f-4e78-b920-206a72ea98cf ] Request (ServersListShow298Test:test_list_show_update_rebuild_server_298): 200 GET http://10.180.1.21/compute/v2.1/servers/28889c2c-0ec6-446f-952f-59e9398ac594 0.181s
2025-11-21 12:48:27.820 66203 INFO tempest.lib.common.rest_client [req-adeeef25-b58b-4d96-9945-bfa3c8ac3699 req-adeeef25-b58b-4d96-9945-bfa3c8ac3699 ] Request (ServersListShow2100Test:test_list_show_rebuild_update_server_2100): 200 GET http://10.180.1.21/compute/v2.1/servers/372e3531-551a-4817-9371-d3b300650c07 0.158s
2025-11-21 12:48:27.869 66215 INFO tempest.lib.common.rest_client [req-1b1638c5-4cac-49db-aab0-ac794d479fc8 req-1b1638c5-4cac-49db-aab0-ac794d479fc8 ] Request (ServerShowV254Test:tearDownClass): 201 POST http://10.180.1.21/identity/v3/auth/tokens 0.066s
2025-11-21 12:48:27.884 66195 INFO tempest.lib.common.rest_client [req-81bfd7fb-a973-4294-ab55-f5bad67d92ae req-81bfd7fb-a973-4294-ab55-f5bad67d92ae ] Request (ServerShowV247Test:tearDownClass): 200 GET http://10.180.1.21/compute/v2.1/servers/1f2256ec-3c23-4287-b1c4-8493fe6957ac 0.187s
2025-11-21 12:48:27.893 66195 INFO tempest.common.waiters [-] State transition "ACTIVE/deleting" ==> "DELETED/None" after 4 second wait
2025-11-21 12:48:27.952 66201 INFO tempest.lib.common.rest_client [req-e03307b5-8838-4b5e-9660-4098a8c8e99e req-e03307b5-8838-4b5e-9660-4098a8c8e99e ] Request (ServerRescueTestJSONUnderV235:test_rescued_vm_add_remove_security_group): 200 POST http://10.180.1.21/compute/v2.1/os-security-groups 0.199s
2025-11-21 12:48:27.972 66221 INFO tempest.lib.common.rest_client [req-6791acc4-7e62-4645-846e-1a8c1b5313ae req-6791acc4-7e62-4645-846e-1a8c1b5313ae ] Request (SecurityGroupsTestJSON:test_server_security_groups): 200 GET http://10.180.1.21/compute/v2.1/servers/d8cab879-d461-4c29-86d4-f31cf1ca4a1d 0.214s
2025-11-21 12:48:28.066 66215 INFO tempest.lib.common.rest_client [req-323b2923-9ff5-47f9-84d8-1cfbbe22a511 req-323b2923-9ff5-47f9-84d8-1cfbbe22a511 ] Request (ServerShowV254Test:tearDownClass): 200 GET http://10.180.1.21/networking/v2.0/security-groups?tenant_id=b387ba91c455471bb029ba54709f8939&name=default 0.196s
2025-11-21 12:48:28.090 66193 INFO tempest.lib.common.rest_client [req-887af6ef-3ff9-4af5-a979-01aa8132427c req-887af6ef-3ff9-4af5-a979-01aa8132427c ] Request (VolumesAdminNegativeTest:tearDownClass): 200 GET http://10.180.1.21/compute/v2.1/servers/4021e888-02d5-4681-8f0f-377173994876 0.263s
2025-11-21 12:48:28.112 66231 INFO tempest.lib.common.rest_client [req-09911338-b3fc-4b80-91ba-2504f72696a0 req-09911338-b3fc-4b80-91ba-2504f72696a0 ] Request (MigrationsAdminTest:test_resize_server_revert_deleted_flavor): 200 GET http://10.180.1.21/compute/v2.1/servers/8a0377ef-7f60-4a71-b192-a6cf188e8ff4 0.334s
2025-11-21 12:48:28.160 66237 INFO tempest.lib.common.rest_client [req-0682c544-1fac-4b32-baed-bd59a5c2a11c req-0682c544-1fac-4b32-baed-bd59a5c2a11c ] Request (ServerActionsTestOtherA:_run_cleanups): 200 GET http://10.180.1.21/compute/v2.1/servers/20906082-addb-4127-8ff5-20d6ca712e03 0.225s
2025-11-21 12:48:28.177 66215 INFO tempest.lib.common.rest_client [req-53ae149a-3472-4aec-9473-e34527b3464a req-53ae149a-3472-4aec-9473-e34527b3464a ] Request (ServerShowV254Test:tearDownClass): 204 DELETE http://10.180.1.21/networking/v2.0/security-groups/e7b9e18b-1138-481f-baea-e5c444db0ccf 0.110s
2025-11-21 12:48:28.252 66215 INFO tempest.lib.common.rest_client [req-01ef27a3-617b-41df-89d3-d55be1bfaa24 req-01ef27a3-617b-41df-89d3-d55be1bfaa24 ] Request (ServerShowV254Test:tearDownClass): 204 DELETE http://10.180.1.21/identity/v3/projects/b387ba91c455471bb029ba54709f8939 0.075s
2025-11-21 12:48:28.276 66187 INFO tempest.lib.common.rest_client [req-480d00a1-1914-40aa-910f-e28c147ad59a req-480d00a1-1914-40aa-910f-e28c147ad59a ] Request (ServerMetadataNegativeTestJSON:setUpClass): 200 GET http://10.180.1.21/compute/v2.1/servers/c2bc28fd-8694-4365-8789-d7ced1171e42 0.120s
2025-11-21 12:48:28.336 66224 INFO tempest.lib.common.rest_client [req-00957c3c-139a-4757-ac8c-46aba8ffb988 req-00957c3c-139a-4757-ac8c-46aba8ffb988 ] Request (AttachInterfacesTestJSON:test_create_list_show_delete_interfaces_by_fixed_ip): 200 GET http://10.180.1.21/compute/v2.1/servers/3792793e-92d1-4f66-909f-cdce10bb2af2 0.139s
2025-11-21 12:48:28.400 66185 INFO tempest.lib.common.rest_client [req-abb5576c-3651-4f0e-8d9f-7ff30421eafc req-abb5576c-3651-4f0e-8d9f-7ff30421eafc ] Request (ServersAdminTestJSON:test_inject_network_info): 200 GET http://10.180.1.21/compute/v2.1/servers/d45b928b-f35e-468a-8a6d-23fa433086d7 0.171s
2025-11-21 12:48:28.506 66201 INFO tempest.lib.common.rest_client [req-50d93e82-148b-4751-9c17-b2dc677cb7aa req-50d93e82-148b-4751-9c17-b2dc677cb7aa ] Request (ServerRescueTestJSONUnderV235:test_rescued_vm_add_remove_security_group): 202 POST http://10.180.1.21/compute/v2.1/servers/59278197-2bf4-4e9a-a9d3-706eded8b008/action 0.550s
2025-11-21 12:48:28.533 66233 INFO tempest.lib.common.rest_client [req-71a30591-b4fc-4ad1-a17c-29dc0349f824 req-71a30591-b4fc-4ad1-a17c-29dc0349f824 ] Request (ServersTestJSON:test_create_server_with_ipv6_addr_only): 200 GET http://10.180.1.21/compute/v2.1/servers/1a5af046-9cd7-4ec2-821f-09d71e5b4dd6 0.180s
2025-11-21 12:48:28.569 66183 INFO tempest.lib.common.rest_client [req-f3612e8b-fd39-423f-8492-c90b61aca3b1 req-f3612e8b-fd39-423f-8492-c90b61aca3b1 ] Request (ImagesTestJSON:test_create_server_from_snapshot): 200 GET http://10.180.1.21/compute/v2.1/images/bb469fa6-d642-4ace-8103-177c2141f2c7 0.121s
2025-11-21 12:48:28.577 66213 INFO tempest.lib.common.rest_client [req-059910d2-89ee-4f0f-bea1-a2a7af6f6080 req-059910d2-89ee-4f0f-bea1-a2a7af6f6080 ] Request (AttachInterfacesV270Test:tearDownClass): 200 GET http://10.180.1.21/compute/v2.1/servers/dee6889b-f8ef-48b4-864e-83d8eed24bd3 0.161s
2025-11-21 12:48:28.621 66229 INFO tempest.lib.common.rest_client [req-ad80f441-9ad3-40e8-80ed-999e331aed5f req-ad80f441-9ad3-40e8-80ed-999e331aed5f ] Request (DeleteServersTestJSON:test_delete_server_while_in_attached_volume): 200 GET http://10.180.1.21/compute/v2.1/servers/f15d1ca7-d3e5-4793-b789-aa33dccaf733 0.124s
2025-11-21 12:48:28.641 66219 INFO tempest.lib.common.rest_client [req-f8e2aeaa-0dcf-49ac-a1f3-88d52e4bb573 req-f8e2aeaa-0dcf-49ac-a1f3-88d52e4bb573 ] Request (ServerActionsTestOtherB:test_create_backup): 200 GET http://10.180.1.21/image/v2/images/343e10ef-485d-4582-8733-cf16e25c6e09 0.016s
2025-11-21 12:48:28.689 66177 INFO tempest.lib.common.rest_client [req-bd274f8b-a016-4155-8563-385e833f86d9 req-bd274f8b-a016-4155-8563-385e833f86d9 ] Request (ServersTestFqdnHostnames:tearDownClass): 200 GET http://10.180.1.21/compute/v2.1/servers/949b65e2-2465-4a34-8a5d-0a2f2ff391e4 0.138s
2025-11-21 12:48:28.739 66189 INFO tempest.lib.common.rest_client [req-81cdae6f-1a70-4ac0-be63-23e56af1596b req-81cdae6f-1a70-4ac0-be63-23e56af1596b ] Request (ServerActionsTestJSON:setUpClass): 200 GET http://10.180.1.21/compute/v2.1/servers/5ea7b7d9-8a17-406a-8d91-1757bd6b133e 0.132s
2025-11-21 12:48:28.832 66239 INFO tempest.lib.common.rest_client [req-6b987fb0-fa67-4f2b-8afa-7f42eb9fb5f1 req-6b987fb0-fa67-4f2b-8afa-7f42eb9fb5f1 ] Request (AttachInterfacesUnderV243Test:test_add_remove_fixed_ip): 200 GET http://10.180.1.21/compute/v2.1/servers/c005d9ff-2425-44ad-8c73-410aac4c8177 0.172s
2025-11-21 12:48:28.898 66212 INFO tempest.lib.common.rest_client [req-c1d26753-c4c9-494d-b9df-bafe52efb595 req-c1d26753-c4c9-494d-b9df-bafe52efb595 ] Request (ServersV294TestFqdnHostnames:setUpClass): 200 GET http://10.180.1.21/compute/v2.1/servers/a37483fa-25e5-4488-a5cf-79bbf02f7a21 0.216s
2025-11-21 12:48:28.968 66197 INFO tempest.lib.common.rest_client [req-b0bb3725-db81-4ed5-8f90-5c5f11640ed9 req-b0bb3725-db81-4ed5-8f90-5c5f11640ed9 ] Request (ServersTestMultiNic:_run_cleanups): 200 GET http://10.180.1.21/compute/v2.1/servers/a33e7e9f-3c11-4c6f-9989-6729394a8da1 0.217s
2025-11-21 12:48:29.033 66201 INFO tempest.lib.common.rest_client [req-6b48f371-4e59-4b37-b2c3-c6f242e740e9 req-6b48f371-4e59-4b37-b2c3-c6f242e740e9 ] Request (ServerRescueTestJSONUnderV235:test_rescued_vm_add_remove_security_group): 202 POST http://10.180.1.21/compute/v2.1/servers/59278197-2bf4-4e9a-a9d3-706eded8b008/action 0.526s
2025-11-21 12:48:29.036 66205 INFO tempest.lib.common.rest_client [req-bc4d0e6b-2b19-4d39-82d4-739ece641f3f req-bc4d0e6b-2b19-4d39-82d4-739ece641f3f ] Request (ServersListShow298Test:test_list_show_update_rebuild_server_298): 200 GET http://10.180.1.21/compute/v2.1/servers/28889c2c-0ec6-446f-952f-59e9398ac594 0.206s
2025-11-21 12:48:29.098 66195 INFO tempest.lib.common.rest_client [req-997e10e7-acee-4cf2-beca-754ff9ffa79c req-997e10e7-acee-4cf2-beca-754ff9ffa79c ] Request (ServerShowV247Test:tearDownClass): 200 GET http://10.180.1.21/compute/v2.1/servers/1f2256ec-3c23-4287-b1c4-8493fe6957ac 0.203s
2025-11-21 12:48:29.100 66203 INFO tempest.lib.common.rest_client [req-75abb120-fac6-4e33-92d3-b0c71c49e301 req-75abb120-fac6-4e33-92d3-b0c71c49e301 ] Request (ServersListShow2100Test:test_list_show_rebuild_update_server_2100): 200 GET http://10.180.1.21/compute/v2.1/servers/372e3531-551a-4817-9371-d3b300650c07 0.267s
2025-11-21 12:48:29.170 66221 INFO tempest.lib.common.rest_client [req-89a0f66e-d522-478f-a022-ae3b60a0be17 req-89a0f66e-d522-478f-a022-ae3b60a0be17 ] Request (SecurityGroupsTestJSON:test_server_security_groups): 200 GET http://10.180.1.21/compute/v2.1/servers/d8cab879-d461-4c29-86d4-f31cf1ca4a1d 0.189s
2025-11-21 12:48:29.255 66193 INFO tempest.lib.common.rest_client [req-cf8c5c19-ba06-4218-ba0b-34e215161325 req-cf8c5c19-ba06-4218-ba0b-34e215161325 ] Request (VolumesAdminNegativeTest:tearDownClass): 200 GET http://10.180.1.21/compute/v2.1/servers/4021e888-02d5-4681-8f0f-377173994876 0.154s
2025-11-21 12:48:29.381 66231 INFO tempest.lib.common.rest_client [req-80292ae2-a748-4340-ab6f-7ee47daeee46 req-80292ae2-a748-4340-ab6f-7ee47daeee46 ] Request (MigrationsAdminTest:test_resize_server_revert_deleted_flavor): 200 GET http://10.180.1.21/compute/v2.1/servers/8a0377ef-7f60-4a71-b192-a6cf188e8ff4 0.261s
2025-11-21 12:48:29.492 66208 WARNING tempest.lib.common.ssh [-] Failed to establish authenticated ssh connection to cirros@10.180.180.161 ([Errno None] Unable to connect to port 22 on 10.180.180.161). Number attempts: 4. Retry after 5 seconds.: paramiko.ssh_exception.NoValidConnectionsError: [Errno None] Unable to connect to port 22 on 10.180.180.161
2025-11-21 12:48:29.497 66237 INFO tempest.lib.common.rest_client [req-efe63a50-cd38-4008-8850-89150afa0174 req-efe63a50-cd38-4008-8850-89150afa0174 ] Request (ServerActionsTestOtherA:_run_cleanups): 200 GET http://10.180.1.21/compute/v2.1/servers/20906082-addb-4127-8ff5-20d6ca712e03 0.328s
2025-11-21 12:48:29.649 66187 INFO tempest.lib.common.rest_client [req-94b5561d-61be-4c75-84f8-aa2781e1b603 req-94b5561d-61be-4c75-84f8-aa2781e1b603 ] Request (ServerMetadataNegativeTestJSON:setUpClass): 200 GET http://10.180.1.21/compute/v2.1/servers/c2bc28fd-8694-4365-8789-d7ced1171e42 0.365s
2025-11-21 12:48:29.658 66219 INFO tempest.lib.common.rest_client [req-55c51307-3eb7-4ea3-8b3c-4cc2abe06681 req-55c51307-3eb7-4ea3-8b3c-4cc2abe06681 ] Request (ServerActionsTestOtherB:test_create_backup): 200 GET http://10.180.1.21/image/v2/images/343e10ef-485d-4582-8733-cf16e25c6e09 0.016s
2025-11-21 12:48:29.710 66224 INFO tempest.lib.common.rest_client [req-c625e4a4-33d3-4108-a0e9-08e3a147e6ba req-c625e4a4-33d3-4108-a0e9-08e3a147e6ba ] Request (AttachInterfacesTestJSON:test_create_list_show_delete_interfaces_by_fixed_ip): 200 GET http://10.180.1.21/compute/v2.1/servers/3792793e-92d1-4f66-909f-cdce10bb2af2 0.366s
2025-11-21 12:48:29.714 66201 INFO tempest.lib.common.rest_client [req-e62ad369-a62a-4c5f-89d2-29e0e8617676 req-e62ad369-a62a-4c5f-89d2-29e0e8617676 ] Request (ServerRescueTestJSONUnderV235:test_rescued_vm_associate_dissociate_floating_ip): 200 POST http://10.180.1.21/compute/v2.1/os-floating-ips 0.679s
2025-11-21 12:48:29.765 66185 INFO tempest.lib.common.rest_client [req-54c811bb-6649-430f-ab61-1fd986088633 req-54c811bb-6649-430f-ab61-1fd986088633 ] Request (ServersAdminTestJSON:test_inject_network_info): 200 GET http://10.180.1.21/compute/v2.1/servers/d45b928b-f35e-468a-8a6d-23fa433086d7 0.356s
2025-11-21 12:48:29.808 66183 INFO tempest.lib.common.rest_client [req-1be19898-3935-4ec1-b27f-c3e9b9c2a059 req-1be19898-3935-4ec1-b27f-c3e9b9c2a059 ] Request (ImagesTestJSON:test_create_server_from_snapshot): 200 GET http://10.180.1.21/compute/v2.1/images/bb469fa6-d642-4ace-8103-177c2141f2c7 0.235s
2025-11-21 12:48:29.837 66233 INFO tempest.lib.common.rest_client [req-05430bec-34cb-4c26-94f2-7c54af60e898 req-05430bec-34cb-4c26-94f2-7c54af60e898 ] Request (ServersTestJSON:test_create_server_with_ipv6_addr_only): 200 GET http://10.180.1.21/compute/v2.1/servers/1a5af046-9cd7-4ec2-821f-09d71e5b4dd6 0.295s
2025-11-21 12:48:29.889 66213 INFO tempest.lib.common.rest_client [req-2d927160-f4cc-4bcd-8d21-f5d3c91f1c5d req-2d927160-f4cc-4bcd-8d21-f5d3c91f1c5d ] Request (AttachInterfacesV270Test:tearDownClass): 200 GET http://10.180.1.21/compute/v2.1/servers/dee6889b-f8ef-48b4-864e-83d8eed24bd3 0.299s
2025-11-21 12:48:29.896 66229 INFO tempest.lib.common.rest_client [req-abda780b-723c-4c3b-a3f6-5cb638f30cb8 req-abda780b-723c-4c3b-a3f6-5cb638f30cb8 ] Request (DeleteServersTestJSON:test_delete_server_while_in_attached_volume): 200 GET http://10.180.1.21/compute/v2.1/servers/f15d1ca7-d3e5-4793-b789-aa33dccaf733 0.265s
2025-11-21 12:48:29.960 66177 INFO tempest.lib.common.rest_client [req-4b5607e6-a32a-455a-a193-f29f4722ae0c req-4b5607e6-a32a-455a-a193-f29f4722ae0c ] Request (ServersTestFqdnHostnames:tearDownClass): 200 GET http://10.180.1.21/compute/v2.1/servers/949b65e2-2465-4a34-8a5d-0a2f2ff391e4 0.260s
2025-11-21 12:48:30.031 66189 INFO tempest.lib.common.rest_client [req-ab8c4810-773b-4618-9c4c-974c3d12d524 req-ab8c4810-773b-4618-9c4c-974c3d12d524 ] Request (ServerActionsTestJSON:setUpClass): 200 GET http://10.180.1.21/compute/v2.1/servers/5ea7b7d9-8a17-406a-8d91-1757bd6b133e 0.271s
2025-11-21 12:48:30.089 66239 INFO tempest.lib.common.rest_client [req-8460d67a-cdc7-4338-b98f-a5c473e8dd6c req-8460d67a-cdc7-4338-b98f-a5c473e8dd6c ] Request (AttachInterfacesUnderV243Test:test_add_remove_fixed_ip): 200 GET http://10.180.1.21/compute/v2.1/servers/c005d9ff-2425-44ad-8c73-410aac4c8177 0.247s
2025-11-21 12:48:30.146 66212 INFO tempest.lib.common.rest_client [req-f77d353d-654e-43b7-a87d-7195ab83a6b8 req-f77d353d-654e-43b7-a87d-7195ab83a6b8 ] Request (ServersV294TestFqdnHostnames:setUpClass): 200 GET http://10.180.1.21/compute/v2.1/servers/a37483fa-25e5-4488-a5cf-79bbf02f7a21 0.235s
2025-11-21 12:48:30.206 66197 INFO tempest.lib.common.rest_client [req-c04df971-206f-45ae-80ae-87d443ae107b req-c04df971-206f-45ae-80ae-87d443ae107b ] Request (ServersTestMultiNic:_run_cleanups): 200 GET http://10.180.1.21/compute/v2.1/servers/a33e7e9f-3c11-4c6f-9989-6729394a8da1 0.230s
2025-11-21 12:48:30.290 66205 INFO tempest.lib.common.rest_client [req-e88e6c8b-c88f-4cef-8b8c-d1c6cf95933c req-e88e6c8b-c88f-4cef-8b8c-d1c6cf95933c ] Request (ServersListShow298Test:test_list_show_update_rebuild_server_298): 200 GET http://10.180.1.21/compute/v2.1/servers/28889c2c-0ec6-446f-952f-59e9398ac594 0.243s
2025-11-21 12:48:30.366 66195 INFO tempest.lib.common.rest_client [req-8cfc9c0d-68f4-4d94-be35-f5892c1a661d req-8cfc9c0d-68f4-4d94-be35-f5892c1a661d ] Request (ServerShowV247Test:tearDownClass): 200 GET http://10.180.1.21/compute/v2.1/servers/1f2256ec-3c23-4287-b1c4-8493fe6957ac 0.256s
2025-11-21 12:48:30.575 66203 INFO tempest.lib.common.rest_client [req-798c23f7-5a13-493f-8598-bad76f01418b req-798c23f7-5a13-493f-8598-bad76f01418b ] Request (ServersListShow2100Test:test_list_show_rebuild_update_server_2100): 200 GET http://10.180.1.21/compute/v2.1/servers/372e3531-551a-4817-9371-d3b300650c07 0.457s
2025-11-21 12:48:30.682 66219 INFO tempest.lib.common.rest_client [req-abfe3e1c-2101-4510-8786-a61b8b1867ac req-abfe3e1c-2101-4510-8786-a61b8b1867ac ] Request (ServerActionsTestOtherB:test_create_backup): 200 GET http://10.180.1.21/image/v2/images/343e10ef-485d-4582-8733-cf16e25c6e09 0.022s
2025-11-21 12:48:30.690 66221 INFO tempest.lib.common.rest_client [req-99575696-3590-419a-a596-f222e748ae25 req-99575696-3590-419a-a596-f222e748ae25 ] Request (SecurityGroupsTestJSON:test_server_security_groups): 200 GET http://10.180.1.21/compute/v2.1/servers/d8cab879-d461-4c29-86d4-f31cf1ca4a1d 0.512s
2025-11-21 12:48:30.836 66193 INFO tempest.lib.common.rest_client [req-2d294764-1a0d-4888-b685-6b57b2ebe8c4 req-2d294764-1a0d-4888-b685-6b57b2ebe8c4 ] Request (VolumesAdminNegativeTest:tearDownClass): 200 GET http://10.180.1.21/compute/v2.1/servers/4021e888-02d5-4681-8f0f-377173994876 0.573s
2025-11-21 12:48:31.041 66231 INFO tempest.lib.common.rest_client [req-2ea64e45-84c0-4b3d-9f38-c5b3165e9623 req-2ea64e45-84c0-4b3d-9f38-c5b3165e9623 ] Request (MigrationsAdminTest:test_resize_server_revert_deleted_flavor): 200 GET http://10.180.1.21/compute/v2.1/servers/8a0377ef-7f60-4a71-b192-a6cf188e8ff4 0.649s
2025-11-21 12:48:31.076 66201 INFO tempest.lib.common.rest_client [req-1a622a58-a38b-4c50-a428-93c9f135304c req-1a622a58-a38b-4c50-a428-93c9f135304c ] Request (ServerRescueTestJSONUnderV235:test_rescued_vm_associate_dissociate_floating_ip): 202 POST http://10.180.1.21/compute/v2.1/servers/59278197-2bf4-4e9a-a9d3-706eded8b008/action 1.359s
2025-11-21 12:48:31.110 66237 INFO tempest.lib.common.rest_client [req-a0a1efda-6835-4906-a1be-ad4e885266a3 req-a0a1efda-6835-4906-a1be-ad4e885266a3 ] Request (ServerActionsTestOtherA:_run_cleanups): 200 GET http://10.180.1.21/compute/v2.1/servers/20906082-addb-4127-8ff5-20d6ca712e03 0.604s
2025-11-21 12:48:31.192 66224 INFO tempest.lib.common.rest_client [req-3d31c3cc-e5d9-44a7-869b-d9e80b6f3094 req-3d31c3cc-e5d9-44a7-869b-d9e80b6f3094 ] Request (AttachInterfacesTestJSON:test_create_list_show_delete_interfaces_by_fixed_ip): 200 GET http://10.180.1.21/compute/v2.1/servers/3792793e-92d1-4f66-909f-cdce10bb2af2 0.466s
2025-11-21 12:48:31.217 66187 INFO tempest.lib.common.rest_client [req-d38f2d1c-c39c-4ee8-afc9-bcf60a6d6061 req-d38f2d1c-c39c-4ee8-afc9-bcf60a6d6061 ] Request (ServerMetadataNegativeTestJSON:setUpClass): 200 GET http://10.180.1.21/compute/v2.1/servers/c2bc28fd-8694-4365-8789-d7ced1171e42 0.552s
2025-11-21 12:48:31.224 66187 INFO tempest.common.waiters [-] State transition "BUILD/spawning" ==> "ACTIVE/None" after 59 second wait
2025-11-21 12:48:31.260 66183 INFO tempest.lib.common.rest_client [req-a9215bab-f2d1-4cf8-b56f-9fc6fc026bb8 req-a9215bab-f2d1-4cf8-b56f-9fc6fc026bb8 ] Request (ImagesTestJSON:test_create_server_from_snapshot): 200 GET http://10.180.1.21/compute/v2.1/images/bb469fa6-d642-4ace-8103-177c2141f2c7 0.446s
2025-11-21 12:48:31.299 66187 INFO tempest.lib.common.rest_client [req-246084d5-c624-41ec-a529-cda6ad3cf295 req-246084d5-c624-41ec-a529-cda6ad3cf295 ] Request (ServerMetadataNegativeTestJSON:test_create_server_metadata_blank_key): 201 POST http://10.180.1.21/identity/v3/auth/tokens 0.070s
2025-11-21 12:48:31.299 66187 INFO tempest.lib.common.fixed_network [-] (ServerMetadataNegativeTestJSON:test_create_server_metadata_blank_key) Found network {'id': 'fe5b5de6-0bdb-4d17-a18b-5259d08ebfb7', 'name': 'tempest-ServerMetadataNegativeTestJSON-1806226172-network', 'tenant_id': '381dd5c015c842bfa042fcab683c55de', 'project_id': '381dd5c015c842bfa042fcab683c55de', 'admin_state_up': True, 'mtu': 8950, 'status': 'ACTIVE', 'subnets': [], 'shared': False, 'port_security_enabled': True, 'router:external': False, 'provider:network_type': 'vlan', 'provider:physical_network': 'default', 'provider:segmentation_id': 127, 'availability_zone_hints': [], 'availability_zones': [], 'ipv4_address_scope': None, 'ipv6_address_scope': None, 'description': '', 'tags': [], 'created_at': '2025-11-21T12:47:26Z', 'updated_at': '2025-11-21T12:47:26Z', 'revision_number': 1} available for tenant
2025-11-21 12:48:31.352 66185 INFO tempest.lib.common.rest_client [req-bda2fb31-0374-4dd4-9387-c6860e7a2797 req-bda2fb31-0374-4dd4-9387-c6860e7a2797 ] Request (ServersAdminTestJSON:test_inject_network_info): 200 GET http://10.180.1.21/compute/v2.1/servers/d45b928b-f35e-468a-8a6d-23fa433086d7 0.578s
2025-11-21 12:48:31.359 66185 INFO tempest.common.waiters [-] State transition "BUILD/None" ==> "BUILD/block_device_mapping" after 48 second wait
2025-11-21 12:48:31.377 66233 INFO tempest.lib.common.rest_client [req-1659ff6a-8303-41e6-b371-6ee6441d2a9c req-1659ff6a-8303-41e6-b371-6ee6441d2a9c ] Request (ServersTestJSON:test_create_server_with_ipv6_addr_only): 200 GET http://10.180.1.21/compute/v2.1/servers/1a5af046-9cd7-4ec2-821f-09d71e5b4dd6 0.530s
2025-11-21 12:48:31.386 66233 INFO tempest.common.waiters [-] State transition "BUILD/spawning" ==> "ACTIVE/None" after 58 second wait
2025-11-21 12:48:31.408 66229 INFO tempest.lib.common.rest_client [req-21b51f62-fc96-477d-add6-db6e8820d0a3 req-21b51f62-fc96-477d-add6-db6e8820d0a3 ] Request (DeleteServersTestJSON:test_delete_server_while_in_attached_volume): 200 GET http://10.180.1.21/compute/v2.1/servers/f15d1ca7-d3e5-4793-b789-aa33dccaf733 0.503s
2025-11-21 12:48:31.452 66213 INFO tempest.lib.common.rest_client [req-0da4d6f1-5dae-48d0-b513-1034afcc396f req-0da4d6f1-5dae-48d0-b513-1034afcc396f ] Request (AttachInterfacesV270Test:tearDownClass): 200 GET http://10.180.1.21/compute/v2.1/servers/dee6889b-f8ef-48b4-864e-83d8eed24bd3 0.544s
2025-11-21 12:48:31.476 66177 INFO tempest.lib.common.rest_client [req-f62c95ac-1483-428b-bedf-de35d115ecc5 req-f62c95ac-1483-428b-bedf-de35d115ecc5 ] Request (ServersTestFqdnHostnames:tearDownClass): 200 GET http://10.180.1.21/compute/v2.1/servers/949b65e2-2465-4a34-8a5d-0a2f2ff391e4 0.508s
2025-11-21 12:48:31.508 66189 INFO tempest.lib.common.rest_client [req-f85fcfbb-e030-4d6a-b4f2-a597d81d6a5c req-f85fcfbb-e030-4d6a-b4f2-a597d81d6a5c ] Request (ServerActionsTestJSON:setUpClass): 200 GET http://10.180.1.21/compute/v2.1/servers/5ea7b7d9-8a17-406a-8d91-1757bd6b133e 0.467s
2025-11-21 12:48:31.633 66239 INFO tempest.lib.common.rest_client [req-857ffc61-edc8-40c7-9269-14babf2af374 req-857ffc61-edc8-40c7-9269-14babf2af374 ] Request (AttachInterfacesUnderV243Test:test_add_remove_fixed_ip): 200 GET http://10.180.1.21/compute/v2.1/servers/c005d9ff-2425-44ad-8c73-410aac4c8177 0.536s
2025-11-21 12:48:31.697 66219 INFO tempest.lib.common.rest_client [req-aa198159-f7e5-4bac-b9db-07890e3e534a req-aa198159-f7e5-4bac-b9db-07890e3e534a ] Request (ServerActionsTestOtherB:test_create_backup): 200 GET http://10.180.1.21/image/v2/images/343e10ef-485d-4582-8733-cf16e25c6e09 0.013s
2025-11-21 12:48:31.707 66212 INFO tempest.lib.common.rest_client [req-102e9551-15b8-4d74-b3dd-52ca9f83461f req-102e9551-15b8-4d74-b3dd-52ca9f83461f ] Request (ServersV294TestFqdnHostnames:setUpClass): 200 GET http://10.180.1.21/compute/v2.1/servers/a37483fa-25e5-4488-a5cf-79bbf02f7a21 0.549s
2025-11-21 12:48:31.809 66197 INFO tempest.lib.common.rest_client [req-119a6ca4-904b-45ee-b86b-de3befb73660 req-119a6ca4-904b-45ee-b86b-de3befb73660 ] Request (ServersTestMultiNic:_run_cleanups): 200 GET http://10.180.1.21/compute/v2.1/servers/a33e7e9f-3c11-4c6f-9989-6729394a8da1 0.594s
2025-11-21 12:48:31.815 66187 INFO tempest.lib.common.rest_client [req-aab667d9-7200-4ad9-9208-45972135a845 req-aab667d9-7200-4ad9-9208-45972135a845 ] Request (ServerMetadataNegativeTestJSON:test_create_server_metadata_blank_key): 400 POST http://10.180.1.21/compute/v2.1/servers 0.515s
2025-11-21 12:48:32.172 66205 INFO tempest.lib.common.rest_client [req-0cb60ecf-ba12-4900-9455-c32daf0d8f66 req-0cb60ecf-ba12-4900-9455-c32daf0d8f66 ] Request (ServersListShow298Test:test_list_show_update_rebuild_server_298): 200 GET http://10.180.1.21/compute/v2.1/servers/28889c2c-0ec6-446f-952f-59e9398ac594 0.869s
2025-11-21 12:48:32.337 66195 INFO tempest.lib.common.rest_client [req-f5f7fece-d653-45b2-9057-a1a228571f76 req-f5f7fece-d653-45b2-9057-a1a228571f76 ] Request (ServerShowV247Test:tearDownClass): 200 GET http://10.180.1.21/compute/v2.1/servers/1f2256ec-3c23-4287-b1c4-8493fe6957ac 0.961s
2025-11-21 12:48:32.502 66201 INFO tempest.lib.common.rest_client [req-77451eb6-ad54-459d-be32-bcd836767a4e req-77451eb6-ad54-459d-be32-bcd836767a4e ] Request (ServerRescueTestJSONUnderV235:test_rescued_vm_associate_dissociate_floating_ip): 202 POST http://10.180.1.21/compute/v2.1/servers/59278197-2bf4-4e9a-a9d3-706eded8b008/action 1.425s
2025-11-21 12:48:32.567 66203 INFO tempest.lib.common.rest_client [req-928e16f4-ea5e-4b67-9fb7-2709cb9bdc92 req-928e16f4-ea5e-4b67-9fb7-2709cb9bdc92 ] Request (ServersListShow2100Test:test_list_show_rebuild_update_server_2100): 200 GET http://10.180.1.21/compute/v2.1/servers/372e3531-551a-4817-9371-d3b300650c07 0.970s
2025-11-21 12:48:32.574 66233 INFO tempest.lib.common.rest_client [req-5aaf363c-4ea7-4464-9a44-26fa18dc5191 req-5aaf363c-4ea7-4464-9a44-26fa18dc5191 ] Request (ServersTestJSON:test_create_server_with_ipv6_addr_only): 200 GET http://10.180.1.21/compute/v2.1/servers/1a5af046-9cd7-4ec2-821f-09d71e5b4dd6 1.187s
2025-11-21 12:48:32.582 66187 INFO tempest.lib.common.rest_client [req-96a3eb64-b83d-45cd-b7b9-668e3bc21a19 req-96a3eb64-b83d-45cd-b7b9-668e3bc21a19 ] Request (ServerMetadataNegativeTestJSON:test_delete_metadata_non_existent_server): 404 DELETE http://10.180.1.21/compute/v2.1/servers/48582dcf-010c-45ed-8c3a-0f038bbb0736/metadata/d 0.764s
2025-11-21 12:48:32.626 66221 INFO tempest.lib.common.rest_client [req-931d6f56-5448-4b03-bbd7-03b40c699292 req-931d6f56-5448-4b03-bbd7-03b40c699292 ] Request (SecurityGroupsTestJSON:test_server_security_groups): 200 GET http://10.180.1.21/compute/v2.1/servers/d8cab879-d461-4c29-86d4-f31cf1ca4a1d 0.926s
2025-11-21 12:48:32.644 66193 INFO tempest.lib.common.rest_client [req-51ae9668-ccf3-4d6c-aea8-2004b6c829e6 req-51ae9668-ccf3-4d6c-aea8-2004b6c829e6 ] Request (VolumesAdminNegativeTest:tearDownClass): 200 GET http://10.180.1.21/compute/v2.1/servers/4021e888-02d5-4681-8f0f-377173994876 0.797s
2025-11-21 12:48:32.702 66237 INFO tempest.lib.common.rest_client [req-c44703be-41fb-4981-9c49-4ebf2688af81 req-c44703be-41fb-4981-9c49-4ebf2688af81 ] Request (ServerActionsTestOtherA:_run_cleanups): 200 GET http://10.180.1.21/compute/v2.1/servers/20906082-addb-4127-8ff5-20d6ca712e03 0.583s
2025-11-21 12:48:32.716 66219 INFO tempest.lib.common.rest_client [req-4fdf2729-db64-40be-9411-548f80dd4d3c req-4fdf2729-db64-40be-9411-548f80dd4d3c ] Request (ServerActionsTestOtherB:test_create_backup): 200 GET http://10.180.1.21/image/v2/images/343e10ef-485d-4582-8733-cf16e25c6e09 0.018s
2025-11-21 12:48:32.754 66224 INFO tempest.lib.common.rest_client [req-7f66d042-8fbe-4b76-904c-e9b708078a1d req-7f66d042-8fbe-4b76-904c-e9b708078a1d ] Request (AttachInterfacesTestJSON:test_create_list_show_delete_interfaces_by_fixed_ip): 200 GET http://10.180.1.21/compute/v2.1/servers/3792793e-92d1-4f66-909f-cdce10bb2af2 0.554s
2025-11-21 12:48:32.773 66231 INFO tempest.lib.common.rest_client [req-65adbe8c-0ed4-447a-b15e-4fcf36bbc19f req-65adbe8c-0ed4-447a-b15e-4fcf36bbc19f ] Request (MigrationsAdminTest:test_resize_server_revert_deleted_flavor): 200 GET http://10.180.1.21/compute/v2.1/servers/8a0377ef-7f60-4a71-b192-a6cf188e8ff4 0.722s
2025-11-21 12:48:32.826 66183 INFO tempest.lib.common.rest_client [req-5c1f6e44-60a7-4aab-a681-6c45f5d2b007 req-5c1f6e44-60a7-4aab-a681-6c45f5d2b007 ] Request (ImagesTestJSON:test_create_server_from_snapshot): 200 GET http://10.180.1.21/compute/v2.1/images/bb469fa6-d642-4ace-8103-177c2141f2c7 0.561s
2025-11-21 12:48:32.877 66229 INFO tempest.lib.common.rest_client [req-d2e4e0b1-ed06-45ad-8916-1661fc92f127 req-d2e4e0b1-ed06-45ad-8916-1661fc92f127 ] Request (DeleteServersTestJSON:test_delete_server_while_in_attached_volume): 200 GET http://10.180.1.21/compute/v2.1/servers/f15d1ca7-d3e5-4793-b789-aa33dccaf733 0.459s
2025-11-21 12:48:32.899 66213 INFO tempest.lib.common.rest_client [req-eac89604-845a-4d70-bb20-7c50f1daeccc req-eac89604-845a-4d70-bb20-7c50f1daeccc ] Request (AttachInterfacesV270Test:tearDownClass): 404 GET http://10.180.1.21/compute/v2.1/servers/dee6889b-f8ef-48b4-864e-83d8eed24bd3 0.435s
2025-11-21 12:48:32.902 66185 INFO tempest.lib.common.rest_client [req-d445c52e-1981-4384-b75b-b698f7dd2fbe req-d445c52e-1981-4384-b75b-b698f7dd2fbe ] Request (ServersAdminTestJSON:test_inject_network_info): 200 GET http://10.180.1.21/compute/v2.1/servers/d45b928b-f35e-468a-8a6d-23fa433086d7 0.539s
2025-11-21 12:48:32.910 66185 INFO tempest.common.waiters [-] State transition "BUILD/block_device_mapping" ==> "BUILD/spawning" after 49 second wait
2025-11-21 12:48:32.999 66177 INFO tempest.lib.common.rest_client [req-5529c78e-4e3f-4801-bbaa-c2b17fdd0a7f req-5529c78e-4e3f-4801-bbaa-c2b17fdd0a7f ] Request (ServersTestFqdnHostnames:tearDownClass): 200 GET http://10.180.1.21/compute/v2.1/servers/949b65e2-2465-4a34-8a5d-0a2f2ff391e4 0.514s
2025-11-21 12:48:33.075 66189 INFO tempest.lib.common.rest_client [req-10b44629-98da-4c44-a790-31f5204f0a7b req-10b44629-98da-4c44-a790-31f5204f0a7b ] Request (ServerActionsTestJSON:setUpClass): 200 GET http://10.180.1.21/compute/v2.1/servers/5ea7b7d9-8a17-406a-8d91-1757bd6b133e 0.559s
2025-11-21 12:48:33.085 66187 INFO tempest.lib.common.rest_client [req-ccb2c19c-d2c3-48b0-a2de-98805b1c010a req-ccb2c19c-d2c3-48b0-a2de-98805b1c010a ] Request (ServerMetadataNegativeTestJSON:test_list_server_metadata_non_existent_server): 404 GET http://10.180.1.21/compute/v2.1/servers/177db70a-4dad-42a0-b42b-1137f5612513/metadata 0.502s
2025-11-21 12:48:33.172 66233 INFO tempest.lib.common.rest_client [req-11c24db6-a1ea-4d4c-afbb-70a837d1c221 req-11c24db6-a1ea-4d4c-afbb-70a837d1c221 ] Request (ServersTestJSON:_run_cleanups): 204 DELETE http://10.180.1.21/compute/v2.1/servers/1a5af046-9cd7-4ec2-821f-09d71e5b4dd6 0.589s
2025-11-21 12:48:33.311 66201 INFO tempest.lib.common.rest_client [req-afea0372-b7c3-4d54-a339-430ab09ea7b4 req-afea0372-b7c3-4d54-a339-430ab09ea7b4 ] Request (ServerRescueTestJSONUnderV235:_run_cleanups): 202 DELETE http://10.180.1.21/compute/v2.1/os-floating-ips/2362df35-7985-4ef1-96c4-981c1cb7f9ea 0.808s
2025-11-21 12:48:33.334 66239 INFO tempest.lib.common.rest_client [req-7aa520b4-9d70-4ef5-8610-f75ff321558b req-7aa520b4-9d70-4ef5-8610-f75ff321558b ] Request (AttachInterfacesUnderV243Test:test_add_remove_fixed_ip): 200 GET http://10.180.1.21/compute/v2.1/servers/c005d9ff-2425-44ad-8c73-410aac4c8177 0.689s
2025-11-21 12:48:33.379 66212 INFO tempest.lib.common.rest_client [req-94068517-48df-4325-ae2d-aed18d8362da req-94068517-48df-4325-ae2d-aed18d8362da ] Request (ServersV294TestFqdnHostnames:setUpClass): 200 GET http://10.180.1.21/compute/v2.1/servers/a37483fa-25e5-4488-a5cf-79bbf02f7a21 0.662s
2025-11-21 12:48:33.403 66197 INFO tempest.lib.common.rest_client [req-1067824f-fccb-462b-bb91-6b27b677b682 req-1067824f-fccb-462b-bb91-6b27b677b682 ] Request (ServersTestMultiNic:_run_cleanups): 200 GET http://10.180.1.21/compute/v2.1/servers/a33e7e9f-3c11-4c6f-9989-6729394a8da1 0.584s
2025-11-21 12:48:33.444 66187 INFO tempest.lib.common.rest_client [req-5688a3b7-44c6-431b-8994-dbfe959e0a42 req-5688a3b7-44c6-431b-8994-dbfe959e0a42 ] Request (ServerMetadataNegativeTestJSON:test_metadata_items_limit): 200 GET http://10.180.1.21/compute/v2.1/os-quota-sets/381dd5c015c842bfa042fcab683c55de 0.356s
2025-11-21 12:48:33.572 66205 INFO tempest.lib.common.rest_client [req-9d61a978-b1f1-4aa3-8149-ba005c10014e req-9d61a978-b1f1-4aa3-8149-ba005c10014e ] Request (ServersListShow298Test:test_list_show_update_rebuild_server_298): 200 GET http://10.180.1.21/compute/v2.1/servers/28889c2c-0ec6-446f-952f-59e9398ac594 0.380s
2025-11-21 12:48:33.582 66205 INFO tempest.common.waiters [-] State transition "BUILD/spawning" ==> "ACTIVE/None" after 53 second wait
2025-11-21 12:48:33.624 66233 INFO tempest.lib.common.rest_client [req-81fe99a1-b69c-4a47-832b-7ba795f4b797 req-81fe99a1-b69c-4a47-832b-7ba795f4b797 ] Request (ServersTestJSON:_run_cleanups): 200 GET http://10.180.1.21/compute/v2.1/servers/1a5af046-9cd7-4ec2-821f-09d71e5b4dd6 0.452s
2025-11-21 12:48:33.686 66213 INFO tempest.lib.common.rest_client [req-dce06689-9049-400a-a391-5dd3f36e1859 req-dce06689-9049-400a-a391-5dd3f36e1859 ] Request (AttachInterfacesV270Test:tearDownClass): 200 PUT http://10.180.1.21/networking/v2.0/routers/a23f479a-add3-4b46-8d93-7462fad4c02c/remove_router_interface 0.786s
2025-11-21 12:48:33.714 66195 INFO tempest.lib.common.rest_client [req-8eb86e54-3402-4483-a614-f781b036120a req-8eb86e54-3402-4483-a614-f781b036120a ] Request (ServerShowV247Test:tearDownClass): 200 GET http://10.180.1.21/compute/v2.1/servers/1f2256ec-3c23-4287-b1c4-8493fe6957ac 0.365s
2025-11-21 12:48:33.734 66219 INFO tempest.lib.common.rest_client [req-f1aa1a09-aedb-4a83-88b1-a61e18c69708 req-f1aa1a09-aedb-4a83-88b1-a61e18c69708 ] Request (ServerActionsTestOtherB:test_create_backup): 200 GET http://10.180.1.21/image/v2/images/343e10ef-485d-4582-8733-cf16e25c6e09 0.017s
2025-11-21 12:48:33.765 66187 INFO tempest.lib.common.rest_client [req-937319bf-085d-4523-bf80-de1abb7a96a8 req-937319bf-085d-4523-bf80-de1abb7a96a8 ] Request (ServerMetadataNegativeTestJSON:test_metadata_items_limit): 403 PUT http://10.180.1.21/compute/v2.1/servers/c2bc28fd-8694-4365-8789-d7ced1171e42/metadata 0.314s
2025-11-21 12:48:33.802 66201 INFO tempest.lib.common.rest_client [req-2af8f5b9-958d-4787-801f-5b00ed9d546f req-2af8f5b9-958d-4787-801f-5b00ed9d546f ] Request (ServerRescueTestJSONUnderV235:tearDownClass): 202 DELETE http://10.180.1.21/compute/v2.1/os-security-groups/96f52f8e-082c-47f3-aa72-294802bece07 0.489s
2025-11-21 12:48:33.892 66203 INFO tempest.lib.common.rest_client [req-66f7e164-8be5-4b8f-9ae6-7d3129935e3b req-66f7e164-8be5-4b8f-9ae6-7d3129935e3b ] Request (ServersListShow2100Test:test_list_show_rebuild_update_server_2100): 200 GET http://10.180.1.21/compute/v2.1/servers/372e3531-551a-4817-9371-d3b300650c07 0.312s
2025-11-21 12:48:34.006 66221 INFO tempest.lib.common.rest_client [req-e93ce3ac-de9d-4e14-874f-45381b775d11 req-e93ce3ac-de9d-4e14-874f-45381b775d11 ] Request (SecurityGroupsTestJSON:test_server_security_groups): 200 GET http://10.180.1.21/compute/v2.1/servers/d8cab879-d461-4c29-86d4-f31cf1ca4a1d 0.368s
2025-11-21 12:48:34.063 66205 INFO tempest.lib.common.rest_client [req-90eb1685-3969-438f-9181-3f8c62365806 req-90eb1685-3969-438f-9181-3f8c62365806 ] Request (ServersListShow298Test:test_list_show_update_rebuild_server_298): 200 GET http://10.180.1.21/compute/v2.1/servers/detail 0.480s
2025-11-21 12:48:34.115 66193 INFO tempest.lib.common.rest_client [req-93cd2a00-2d79-4dbb-89fe-8e618154cba2 req-93cd2a00-2d79-4dbb-89fe-8e618154cba2 ] Request (VolumesAdminNegativeTest:tearDownClass): 200 GET http://10.180.1.21/compute/v2.1/servers/4021e888-02d5-4681-8f0f-377173994876 0.463s
2025-11-21 12:48:34.164 66237 INFO tempest.lib.common.rest_client [req-71e28da5-cf46-4fb6-ad44-5ba436da1708 req-71e28da5-cf46-4fb6-ad44-5ba436da1708 ] Request (ServerActionsTestOtherA:_run_cleanups): 200 GET http://10.180.1.21/compute/v2.1/servers/20906082-addb-4127-8ff5-20d6ca712e03 0.453s
2025-11-21 12:48:34.192 66187 INFO tempest.lib.common.rest_client [req-f844fe85-2afa-4473-8571-83eb34990a05 req-f844fe85-2afa-4473-8571-83eb34990a05 ] Request (ServerMetadataNegativeTestJSON:test_metadata_items_limit): 403 POST http://10.180.1.21/compute/v2.1/servers/c2bc28fd-8694-4365-8789-d7ced1171e42/metadata 0.425s
2025-11-21 12:48:34.225 66179 WARNING tempest.lib.common.ssh [-] Failed to establish authenticated ssh connection to cirros@10.180.180.176 ([Errno None] Unable to connect to port 22 on 10.180.180.176). Number attempts: 10. Retry after 11 seconds.: paramiko.ssh_exception.NoValidConnectionsError: [Errno None] Unable to connect to port 22 on 10.180.180.176
2025-11-21 12:48:34.238 66187 INFO tempest.lib.common.rest_client [req-33964aec-ee81-41d1-807d-9e3261d20a9d req-33964aec-ee81-41d1-807d-9e3261d20a9d ] Request (ServerMetadataNegativeTestJSON:test_server_create_metadata_key_too_long): 201 POST http://10.180.1.21/identity/v3/auth/tokens 0.042s
2025-11-21 12:48:34.238 66187 INFO tempest.lib.common.fixed_network [-] (ServerMetadataNegativeTestJSON:test_server_create_metadata_key_too_long) Found network {'id': 'fe5b5de6-0bdb-4d17-a18b-5259d08ebfb7', 'name': 'tempest-ServerMetadataNegativeTestJSON-1806226172-network', 'tenant_id': '381dd5c015c842bfa042fcab683c55de', 'project_id': '381dd5c015c842bfa042fcab683c55de', 'admin_state_up': True, 'mtu': 8950, 'status': 'ACTIVE', 'subnets': [], 'shared': False, 'port_security_enabled': True, 'router:external': False, 'provider:network_type': 'vlan', 'provider:physical_network': 'default', 'provider:segmentation_id': 127, 'availability_zone_hints': [], 'availability_zones': [], 'ipv4_address_scope': None, 'ipv6_address_scope': None, 'description': '', 'tags': [], 'created_at': '2025-11-21T12:47:26Z', 'updated_at': '2025-11-21T12:47:26Z', 'revision_number': 1} available for tenant
2025-11-21 12:48:34.272 66224 INFO tempest.lib.common.rest_client [req-0a0c3519-4d65-4a5c-bb58-6484bc528219 req-0a0c3519-4d65-4a5c-bb58-6484bc528219 ] Request (AttachInterfacesTestJSON:test_create_list_show_delete_interfaces_by_fixed_ip): 200 GET http://10.180.1.21/compute/v2.1/servers/3792793e-92d1-4f66-909f-cdce10bb2af2 0.505s
2025-11-21 12:48:34.276 66213 INFO tempest.lib.common.rest_client [req-a7c7e3af-a2b3-48c4-bb9d-4775e0e19e87 req-a7c7e3af-a2b3-48c4-bb9d-4775e0e19e87 ] Request (AttachInterfacesV270Test:tearDownClass): 204 DELETE http://10.180.1.21/networking/v2.0/routers/a23f479a-add3-4b46-8d93-7462fad4c02c 0.590s
2025-11-21 12:48:34.376 66201 INFO tempest.lib.common.rest_client [req-752837ac-c7e0-4e33-89c4-88e34acc0a55 req-752837ac-c7e0-4e33-89c4-88e34acc0a55 ] Request (ServerRescueTestJSONUnderV235:tearDownClass): 204 DELETE http://10.180.1.21/compute/v2.1/servers/59278197-2bf4-4e9a-a9d3-706eded8b008 0.573s
2025-11-21 12:48:34.379 66231 INFO tempest.lib.common.rest_client [req-48f815f0-c776-4d3d-879f-67e60d332b5d req-48f815f0-c776-4d3d-879f-67e60d332b5d ] Request (MigrationsAdminTest:test_resize_server_revert_deleted_flavor): 200 GET http://10.180.1.21/compute/v2.1/servers/8a0377ef-7f60-4a71-b192-a6cf188e8ff4 0.597s
2025-11-21 12:48:34.453 66229 INFO tempest.lib.common.rest_client [req-067ca6c3-e477-4491-8d8b-8ca4b4789900 req-067ca6c3-e477-4491-8d8b-8ca4b4789900 ] Request (DeleteServersTestJSON:test_delete_server_while_in_attached_volume): 200 GET http://10.180.1.21/compute/v2.1/servers/f15d1ca7-d3e5-4793-b789-aa33dccaf733 0.566s
2025-11-21 12:48:34.454 66213 INFO tempest.lib.common.rest_client [req-71b40cab-6ad5-4975-83f2-edd3d0addc90 req-71b40cab-6ad5-4975-83f2-edd3d0addc90 ] Request (AttachInterfacesV270Test:tearDownClass): 204 DELETE http://10.180.1.21/networking/v2.0/subnets/753020c6-6d6f-4121-a767-48e52b77a52e 0.177s
2025-11-21 12:48:34.580 66185 INFO tempest.lib.common.rest_client [req-4d4b9cf4-e2b6-4372-ae39-971d256e71e5 req-4d4b9cf4-e2b6-4372-ae39-971d256e71e5 ] Request (ServersAdminTestJSON:test_inject_network_info): 200 GET http://10.180.1.21/compute/v2.1/servers/d45b928b-f35e-468a-8a6d-23fa433086d7 0.668s
2025-11-21 12:48:34.652 66177 INFO tempest.lib.common.rest_client [req-67aaa54e-2dc5-4e86-a242-6bc32527f163 req-67aaa54e-2dc5-4e86-a242-6bc32527f163 ] Request (ServersTestFqdnHostnames:tearDownClass): 200 GET http://10.180.1.21/compute/v2.1/servers/949b65e2-2465-4a34-8a5d-0a2f2ff391e4 0.643s
2025-11-21 12:48:34.740 66205 INFO tempest.lib.common.rest_client [req-511de476-e048-4116-a4ae-ac3f45b82868 req-511de476-e048-4116-a4ae-ac3f45b82868 ] Request (ServersListShow298Test:test_list_show_update_rebuild_server_298): 200 GET http://10.180.1.21/compute/v2.1/servers/28889c2c-0ec6-446f-952f-59e9398ac594 0.657s
2025-11-21 12:48:34.757 66213 INFO tempest.lib.common.rest_client [req-67da4e2e-e08f-4950-9a3d-dbf6aabab343 req-67da4e2e-e08f-4950-9a3d-dbf6aabab343 ] Request (AttachInterfacesV270Test:tearDownClass): 204 DELETE http://10.180.1.21/networking/v2.0/networks/a34a6e4d-1daf-4cd3-8337-80c7aa78d98a 0.302s
2025-11-21 12:48:34.831 66189 INFO tempest.lib.common.rest_client [req-cedaadb8-6115-45c9-a8cf-ec4864cb0ccc req-cedaadb8-6115-45c9-a8cf-ec4864cb0ccc ] Request (ServerActionsTestJSON:setUpClass): 200 GET http://10.180.1.21/compute/v2.1/servers/5ea7b7d9-8a17-406a-8d91-1757bd6b133e 0.745s
2025-11-21 12:48:34.841 66187 INFO tempest.lib.common.rest_client [req-1f6af455-728f-4316-8266-b01750e3afbc req-1f6af455-728f-4316-8266-b01750e3afbc ] Request (ServerMetadataNegativeTestJSON:test_server_create_metadata_key_too_long): 400 POST http://10.180.1.21/compute/v2.1/servers 0.602s
2025-11-21 12:48:34.878 66187 INFO tempest.lib.common.rest_client [req-e4769eb4-2c07-4267-9411-2cd617d71f24 req-e4769eb4-2c07-4267-9411-2cd617d71f24 ] Request (ServerMetadataNegativeTestJSON:test_server_create_metadata_key_too_long): 201 POST http://10.180.1.21/identity/v3/auth/tokens 0.034s
2025-11-21 12:48:34.879 66187 INFO tempest.lib.common.fixed_network [-] (ServerMetadataNegativeTestJSON:test_server_create_metadata_key_too_long) Found network {'id': 'fe5b5de6-0bdb-4d17-a18b-5259d08ebfb7', 'name': 'tempest-ServerMetadataNegativeTestJSON-1806226172-network', 'tenant_id': '381dd5c015c842bfa042fcab683c55de', 'project_id': '381dd5c015c842bfa042fcab683c55de', 'admin_state_up': True, 'mtu': 8950, 'status': 'ACTIVE', 'subnets': [], 'shared': False, 'port_security_enabled': True, 'router:external': False, 'provider:network_type': 'vlan', 'provider:physical_network': 'default', 'provider:segmentation_id': 127, 'availability_zone_hints': [], 'availability_zones': [], 'ipv4_address_scope': None, 'ipv6_address_scope': None, 'description': '', 'tags': [], 'created_at': '2025-11-21T12:47:26Z', 'updated_at': '2025-11-21T12:47:26Z', 'revision_number': 1} available for tenant
2025-11-21 12:48:34.914 66239 INFO tempest.lib.common.rest_client [req-2218f14f-5ce1-4d37-95e4-8c4175b7a862 req-2218f14f-5ce1-4d37-95e4-8c4175b7a862 ] Request (AttachInterfacesUnderV243Test:test_add_remove_fixed_ip): 200 GET http://10.180.1.21/compute/v2.1/servers/c005d9ff-2425-44ad-8c73-410aac4c8177 0.570s
2025-11-21 12:48:34.924 66213 INFO tempest.lib.common.rest_client [req-da2e7365-9444-4dcf-9f19-6214bab5c556 req-da2e7365-9444-4dcf-9f19-6214bab5c556 ] Request (AttachInterfacesV270Test:tearDownClass): 204 DELETE http://10.180.1.21/identity/v3/users/a386626130f84f7c82190bf3fb2df2f1 0.166s
2025-11-21 12:48:34.925 66213 INFO tempest.lib.common.dynamic_creds [-] Deleting project and security group for project: d4d42d037ff04e1db29e1e7f2db0783c
2025-11-21 12:48:34.959 66213 INFO tempest.lib.common.rest_client [req-b1f88432-e39b-4d30-8bda-75f5fa111208 req-b1f88432-e39b-4d30-8bda-75f5fa111208 ] Request (AttachInterfacesV270Test:tearDownClass): 200 GET http://10.180.1.21/networking/v2.0/security-groups?tenant_id=d4d42d037ff04e1db29e1e7f2db0783c&name=default 0.033s
2025-11-21 12:48:35.038 66201 INFO tempest.lib.common.rest_client [req-4b38a1ec-7f16-41ef-ac83-b6c666fec488 req-4b38a1ec-7f16-41ef-ac83-b6c666fec488 ] Request (ServerRescueTestJSONUnderV235:tearDownClass): 200 GET http://10.180.1.21/compute/v2.1/servers/59278197-2bf4-4e9a-a9d3-706eded8b008 0.662s
2025-11-21 12:48:35.085 66213 INFO tempest.lib.common.rest_client [req-c15b9e30-cf1f-4ecb-944f-5f72347316a8 req-c15b9e30-cf1f-4ecb-944f-5f72347316a8 ] Request (AttachInterfacesV270Test:tearDownClass): 204 DELETE http://10.180.1.21/networking/v2.0/security-groups/9ad4dbdb-3668-408a-9ffc-6bed670c5140 0.125s
2025-11-21 12:48:35.123 66212 INFO tempest.lib.common.rest_client [req-0e041084-fbd4-47c1-b422-b902f4769de0 req-0e041084-fbd4-47c1-b422-b902f4769de0 ] Request (ServersV294TestFqdnHostnames:setUpClass): 200 GET http://10.180.1.21/compute/v2.1/servers/a37483fa-25e5-4488-a5cf-79bbf02f7a21 0.730s
2025-11-21 12:48:35.193 66197 INFO tempest.lib.common.rest_client [req-b5d915eb-ce6a-4247-9e20-f9858e2be6b4 req-b5d915eb-ce6a-4247-9e20-f9858e2be6b4 ] Request (ServersTestMultiNic:_run_cleanups): 200 GET http://10.180.1.21/compute/v2.1/servers/a33e7e9f-3c11-4c6f-9989-6729394a8da1 0.782s
2025-11-21 12:48:35.201 66213 INFO tempest.lib.common.rest_client [req-7ab55b8f-ba85-4e73-8edb-a83859040d45 req-7ab55b8f-ba85-4e73-8edb-a83859040d45 ] Request (AttachInterfacesV270Test:tearDownClass): 204 DELETE http://10.180.1.21/identity/v3/projects/d4d42d037ff04e1db29e1e7f2db0783c 0.115s
2025-11-21 12:48:35.272 66213 INFO tempest.lib.common.rest_client [req-049d6b35-6691-41d6-9b76-7011ce18e481 req-049d6b35-6691-41d6-9b76-7011ce18e481 ] Request (ListServersNegativeTestJSON:setUpClass): 201 POST http://10.180.1.21/identity/v3/auth/tokens 0.070s
2025-11-21 12:48:35.306 66213 INFO tempest.lib.common.rest_client [req-81cb3b78-eb0a-479c-8793-fc627273a06a req-81cb3b78-eb0a-479c-8793-fc627273a06a ] Request (ListServersNegativeTestJSON:setUpClass): 201 POST http://10.180.1.21/identity/v3/auth/tokens 0.030s
2025-11-21 12:48:35.337 66213 INFO tempest.lib.common.rest_client [req-bccf3bea-0478-4637-9dd7-2de660512a82 req-bccf3bea-0478-4637-9dd7-2de660512a82 ] Request (ListServersNegativeTestJSON:setUpClass): 200 GET http://10.180.1.21/identity/v3/domains?name=Default 0.031s
2025-11-21 12:48:35.346 66233 INFO tempest.lib.common.rest_client [req-a46e94e0-8609-41da-9b1d-70109c71bceb req-a46e94e0-8609-41da-9b1d-70109c71bceb ] Request (ServersTestJSON:_run_cleanups): 200 GET http://10.180.1.21/compute/v2.1/servers/1a5af046-9cd7-4ec2-821f-09d71e5b4dd6 0.712s
2025-11-21 12:48:35.372 66213 INFO tempest.lib.common.rest_client [req-8c8e5597-5279-418c-a2f2-018b90eab16e req-8c8e5597-5279-418c-a2f2-018b90eab16e ] Request (ListServersNegativeTestJSON:setUpClass): 201 POST http://10.180.1.21/identity/v3/projects 0.033s
2025-11-21 12:48:35.422 66195 INFO tempest.lib.common.rest_client [req-1e887e84-de20-49ec-bda4-84de1f4f6863 req-1e887e84-de20-49ec-bda4-84de1f4f6863 ] Request (ServerShowV247Test:tearDownClass): 200 GET http://10.180.1.21/compute/v2.1/servers/1f2256ec-3c23-4287-b1c4-8493fe6957ac 0.697s
