2025-11-21 12:48:12.046 66237 INFO tempest.lib.common.rest_client [req-8a41b998-3bbd-4d41-af07-ce9ef3277437 req-8a41b998-3bbd-4d41-af07-ce9ef3277437 ] Request (ServerActionsTestOtherA:_run_cleanups): 200 GET http://10.180.1.21/compute/v2.1/servers/20906082-addb-4127-8ff5-20d6ca712e03 0.273s
2025-11-21 12:48:12.075 66227 INFO tempest.lib.common.rest_client [req-f441b2e8-12e0-4e81-80df-b8d1e3fbf088 req-f441b2e8-12e0-4e81-80df-b8d1e3fbf088 ] Request (ServerMetadataTestJSON:tearDownClass): 200 GET http://10.180.1.21/compute/v2.1/servers/b4787858-d751-40a7-9cb7-033aeb6e2c84 0.235s
2025-11-21 12:48:12.108 66185 INFO tempest.lib.common.rest_client [req-19c3306c-f45b-493f-9c87-3deecb0b27ff req-19c3306c-f45b-493f-9c87-3deecb0b27ff ] Request (ServersAdminTestJSON:test_inject_network_info): 200 GET http://10.180.1.21/compute/v2.1/servers/d45b928b-f35e-468a-8a6d-23fa433086d7 0.257s
2025-11-21 12:48:12.159 66224 INFO tempest.lib.common.rest_client [req-2d3bdabd-c5e2-4f08-ab24-32300d02f904 req-2d3bdabd-c5e2-4f08-ab24-32300d02f904 ] Request (KeyPairsNegativeTestJSON:test_create_keypair_invalid_name): 400 POST http://10.180.1.21/compute/v2.1/os-keypairs 0.225s
2025-11-21 12:48:12.181 66213 INFO tempest.lib.common.rest_client [req-d397c5e5-e447-458d-956c-b91c0f0d8395 req-d397c5e5-e447-458d-956c-b91c0f0d8395 ] Request (AttachInterfacesV270Test:tearDownClass): 200 GET http://10.180.1.21/compute/v2.1/servers/dee6889b-f8ef-48b4-864e-83d8eed24bd3 0.230s
2025-11-21 12:48:12.254 66229 INFO tempest.lib.common.rest_client [req-1b0d388a-31d0-41c2-8606-722d6bed2de8 req-1b0d388a-31d0-41c2-8606-722d6bed2de8 ] Request (DeleteServersTestJSON:test_delete_server_while_in_attached_volume): 200 GET http://10.180.1.21/compute/v2.1/servers/f15d1ca7-d3e5-4793-b789-aa33dccaf733 0.209s
2025-11-21 12:48:12.293 66201 INFO tempest.lib.common.rest_client [req-194b25a0-d587-47f4-8b45-951dc4f65735 req-194b25a0-d587-47f4-8b45-951dc4f65735 ] Request (ServerRescueTestJSONUnderV235:setUpClass): 200 GET http://10.180.1.21/compute/v2.1/servers/59278197-2bf4-4e9a-a9d3-706eded8b008 0.299s
2025-11-21 12:48:12.332 66177 INFO tempest.lib.common.rest_client [req-8d9ea04d-57e7-4d73-91e1-9ed1f93deaaf req-8d9ea04d-57e7-4d73-91e1-9ed1f93deaaf ] Request (ServersTestFqdnHostnames:tearDownClass): 200 GET http://10.180.1.21/compute/v2.1/servers/949b65e2-2465-4a34-8a5d-0a2f2ff391e4 0.268s
2025-11-21 12:48:12.365 66189 INFO tempest.lib.common.rest_client [req-a1600860-55a4-4c42-a809-0a9884c24b50 req-a1600860-55a4-4c42-a809-0a9884c24b50 ] Request (ServerActionsTestJSON:setUpClass): 200 GET http://10.180.1.21/compute/v2.1/servers/5ea7b7d9-8a17-406a-8d91-1757bd6b133e 0.255s
2025-11-21 12:48:12.397 66224 INFO tempest.lib.common.rest_client [req-3abecdf9-9823-4382-bc7a-4b5ae3978ed1 req-3abecdf9-9823-4382-bc7a-4b5ae3978ed1 ] Request (KeyPairsNegativeTestJSON:test_create_keypair_when_public_key_bits_exceeds_maximum): 400 POST http://10.180.1.21/compute/v2.1/os-keypairs 0.234s
2025-11-21 12:48:12.396 66219 INFO tempest.lib.common.rest_client [req-f9ec24ff-6db4-450b-bcca-3cca8d5f38bb req-f9ec24ff-6db4-450b-bcca-3cca8d5f38bb ] Request (ServerActionsTestOtherB:test_create_backup): 200 GET http://10.180.1.21/image/v2/images/8407ae3e-93ac-41d0-b898-5a1d2b91199f 0.015s
2025-11-21 12:48:12.414 66215 INFO tempest.lib.common.rest_client [req-9a07ff3c-b357-4b0c-81c1-f20672385e00 req-9a07ff3c-b357-4b0c-81c1-f20672385e00 ] Request (ServerShowV254Test:tearDownClass): 200 GET http://10.180.1.21/compute/v2.1/servers/5e2d45ff-4da9-4a9d-a86a-5b24e9f29d65 0.287s
2025-11-21 12:48:12.452 66239 INFO tempest.lib.common.rest_client [req-e12a631b-832a-4a35-bef2-e6f81002f847 req-e12a631b-832a-4a35-bef2-e6f81002f847 ] Request (AttachInterfacesUnderV243Test:test_add_remove_fixed_ip): 200 GET http://10.180.1.21/compute/v2.1/servers/c005d9ff-2425-44ad-8c73-410aac4c8177 0.236s
2025-11-21 12:48:12.520 66212 INFO tempest.lib.common.rest_client [req-88d783ce-42a5-4934-ae7e-8553e8c922b4 req-88d783ce-42a5-4934-ae7e-8553e8c922b4 ] Request (ServersV294TestFqdnHostnames:setUpClass): 200 GET http://10.180.1.21/compute/v2.1/servers/a37483fa-25e5-4488-a5cf-79bbf02f7a21 0.231s
2025-11-21 12:48:12.618 66197 INFO tempest.lib.common.rest_client [req-2a65b6fb-771a-4fd5-a8c9-c37fdce149b8 req-2a65b6fb-771a-4fd5-a8c9-c37fdce149b8 ] Request (ServersTestMultiNic:test_verify_duplicate_network_nics): 200 GET http://10.180.1.21/compute/v2.1/servers/a33e7e9f-3c11-4c6f-9989-6729394a8da1 0.372s
2025-11-21 12:48:12.636 66221 INFO tempest.lib.common.rest_client [req-699d0067-1ab1-497d-a5d1-9420ae24b370 req-699d0067-1ab1-497d-a5d1-9420ae24b370 ] Request (SecurityGroupsTestJSON:test_server_security_groups): 200 GET http://10.180.1.21/compute/v2.1/servers/d8cab879-d461-4c29-86d4-f31cf1ca4a1d 0.285s
2025-11-21 12:48:12.650 66221 INFO tempest.common.waiters [-] State transition "HARD_REBOOT/reboot_started_hard" ==> "ACTIVE/None" after 5 second wait
2025-11-21 12:48:12.659 66224 INFO tempest.lib.common.rest_client [req-38c7c63f-3436-48ca-887a-b955a943930c req-38c7c63f-3436-48ca-887a-b955a943930c ] Request (KeyPairsNegativeTestJSON:test_create_keypair_with_duplicate_name): 200 POST http://10.180.1.21/compute/v2.1/os-keypairs 0.260s
2025-11-21 12:48:12.714 66205 INFO tempest.lib.common.rest_client [req-74ba749e-14f6-47bd-9fba-670a3f1a5964 req-74ba749e-14f6-47bd-9fba-670a3f1a5964 ] Request (ServersListShow298Test:test_list_show_update_rebuild_server_298): 200 GET http://10.180.1.21/compute/v2.1/servers/28889c2c-0ec6-446f-952f-59e9398ac594 0.294s
2025-11-21 12:48:12.797 66195 INFO tempest.lib.common.rest_client [req-3cd41606-113c-44a4-8efb-9a59d855e444 req-3cd41606-113c-44a4-8efb-9a59d855e444 ] Request (ServerShowV247Test:tearDownClass): 200 GET http://10.180.1.21/compute/v2.1/servers/e9e4cdf4-0107-4a8b-b657-f7cde09c99ed 0.290s
2025-11-21 12:48:12.880 66231 INFO tempest.lib.common.rest_client [req-c94271b9-a13f-4078-9488-1da194d39c68 req-c94271b9-a13f-4078-9488-1da194d39c68 ] Request (MigrationsAdminTest:test_resize_server_revert_deleted_flavor): 200 GET http://10.180.1.21/compute/v2.1/servers/8a0377ef-7f60-4a71-b192-a6cf188e8ff4 0.400s
2025-11-21 12:48:12.921 66224 INFO tempest.lib.common.rest_client [req-59199e27-37eb-4c33-ae9c-77f47cb1bcba req-59199e27-37eb-4c33-ae9c-77f47cb1bcba ] Request (KeyPairsNegativeTestJSON:test_create_keypair_with_duplicate_name): 409 POST http://10.180.1.21/compute/v2.1/os-keypairs 0.260s
2025-11-21 12:48:13.037 66203 INFO tempest.lib.common.rest_client [req-67c87007-3dfd-4e63-827b-4c3f135ac73d req-67c87007-3dfd-4e63-827b-4c3f135ac73d ] Request (ServersListShow2100Test:test_list_show_rebuild_update_server_2100): 200 GET http://10.180.1.21/compute/v2.1/servers/372e3531-551a-4817-9371-d3b300650c07 0.297s
2025-11-21 12:48:13.159 66193 INFO tempest.lib.common.rest_client [req-7befbf54-7146-4c49-8b39-32ed385da7cb req-7befbf54-7146-4c49-8b39-32ed385da7cb ] Request (VolumesAdminNegativeTest:test_update_attached_volume_with_nonexistent_volume_in_uri): 200 GET http://10.180.1.21/compute/v2.1/servers/4021e888-02d5-4681-8f0f-377173994876 0.369s
2025-11-21 12:48:13.217 66187 INFO tempest.lib.common.rest_client [req-2fd341f0-2369-4110-83ee-3dbaa574000f req-2fd341f0-2369-4110-83ee-3dbaa574000f ] Request (ServerMetadataNegativeTestJSON:setUpClass): 200 GET http://10.180.1.21/compute/v2.1/servers/c2bc28fd-8694-4365-8789-d7ced1171e42 0.340s
2025-11-21 12:48:13.238 66224 INFO tempest.lib.common.rest_client [req-45db906f-9706-4819-9266-213a3904e89d req-45db906f-9706-4819-9266-213a3904e89d ] Request (KeyPairsNegativeTestJSON:test_create_keypair_with_duplicate_name): 202 DELETE http://10.180.1.21/compute/v2.1/os-keypairs/tempest-keypair-577365858 0.316s
2025-11-21 12:48:13.299 66233 INFO tempest.lib.common.rest_client [req-fcfdffae-aa63-493b-b9fb-390f59a009be req-fcfdffae-aa63-493b-b9fb-390f59a009be ] Request (ServersTestJSON:test_create_server_with_ipv6_addr_only): 200 GET http://10.180.1.21/compute/v2.1/servers/1a5af046-9cd7-4ec2-821f-09d71e5b4dd6 0.311s
2025-11-21 12:48:13.301 66221 INFO tempest.lib.common.rest_client [req-86cca221-d65a-4306-a436-5c8b0847bde5 req-86cca221-d65a-4306-a436-5c8b0847bde5 ] Request (SecurityGroupsTestJSON:test_server_security_groups): 202 POST http://10.180.1.21/compute/v2.1/servers/d8cab879-d461-4c29-86d4-f31cf1ca4a1d/action 0.650s
2025-11-21 12:48:13.363 66237 INFO tempest.lib.common.rest_client [req-5ecf8ad4-2be7-4157-8f45-aa6ca5e3967d req-5ecf8ad4-2be7-4157-8f45-aa6ca5e3967d ] Request (ServerActionsTestOtherA:_run_cleanups): 200 GET http://10.180.1.21/compute/v2.1/servers/20906082-addb-4127-8ff5-20d6ca712e03 0.307s
2025-11-21 12:48:13.385 66227 INFO tempest.lib.common.rest_client [req-b42ec095-80ef-4b3f-b7fd-53194922a246 req-b42ec095-80ef-4b3f-b7fd-53194922a246 ] Request (ServerMetadataTestJSON:tearDownClass): 404 GET http://10.180.1.21/compute/v2.1/servers/b4787858-d751-40a7-9cb7-033aeb6e2c84 0.301s
2025-11-21 12:48:13.404 66183 INFO tempest.lib.common.rest_client [req-aa8efda9-4ae1-4962-be2a-9f940f3fcdb2 req-aa8efda9-4ae1-4962-be2a-9f940f3fcdb2 ] Request (ImagesTestJSON:test_create_server_from_snapshot): 200 GET http://10.180.1.21/compute/v2.1/servers/04fa7278-7f11-4915-bcbe-ea2f8656b971 0.386s
2025-11-21 12:48:13.422 66219 INFO tempest.lib.common.rest_client [req-8c958e24-d29c-47a9-b68b-87ab6a3ad024 req-8c958e24-d29c-47a9-b68b-87ab6a3ad024 ] Request (ServerActionsTestOtherB:test_create_backup): 200 GET http://10.180.1.21/image/v2/images/8407ae3e-93ac-41d0-b898-5a1d2b91199f 0.022s
2025-11-21 12:48:13.450 66185 INFO tempest.lib.common.rest_client [req-4c4917e1-a018-4c6f-806e-c4de87cc31b6 req-4c4917e1-a018-4c6f-806e-c4de87cc31b6 ] Request (ServersAdminTestJSON:test_inject_network_info): 200 GET http://10.180.1.21/compute/v2.1/servers/d45b928b-f35e-468a-8a6d-23fa433086d7 0.334s
2025-11-21 12:48:13.456 66224 INFO tempest.lib.common.rest_client [req-2124a3dd-7c6c-49d5-871a-d22227c22efd req-2124a3dd-7c6c-49d5-871a-d22227c22efd ] Request (KeyPairsNegativeTestJSON:test_create_keypair_with_empty_name_string): 400 POST http://10.180.1.21/compute/v2.1/os-keypairs 0.216s
2025-11-21 12:48:13.471 66213 INFO tempest.lib.common.rest_client [req-cbace83b-8b38-4958-a8ee-675bd9fa7ef2 req-cbace83b-8b38-4958-a8ee-675bd9fa7ef2 ] Request (AttachInterfacesV270Test:tearDownClass): 200 GET http://10.180.1.21/compute/v2.1/servers/dee6889b-f8ef-48b4-864e-83d8eed24bd3 0.269s
2025-11-21 12:48:13.551 66229 INFO tempest.lib.common.rest_client [req-9cae01bc-af0d-42e6-b883-8bbda1df5393 req-9cae01bc-af0d-42e6-b883-8bbda1df5393 ] Request (DeleteServersTestJSON:test_delete_server_while_in_attached_volume): 200 GET http://10.180.1.21/compute/v2.1/servers/f15d1ca7-d3e5-4793-b789-aa33dccaf733 0.285s
2025-11-21 12:48:13.664 66221 INFO tempest.lib.common.rest_client [req-8690e388-1e1d-45fc-a0d4-90515b1c4b96 req-8690e388-1e1d-45fc-a0d4-90515b1c4b96 ] Request (SecurityGroupsTestJSON:test_server_security_groups): 400 DELETE http://10.180.1.21/compute/v2.1/os-security-groups/a1f91add-56bf-4e8a-a38e-40f095808069 0.363s
2025-11-21 12:48:13.742 66201 INFO tempest.lib.common.rest_client [req-40bbfe27-14ec-4e1d-b47e-329f3611fe9f req-40bbfe27-14ec-4e1d-b47e-329f3611fe9f ] Request (ServerRescueTestJSONUnderV235:setUpClass): 200 GET http://10.180.1.21/compute/v2.1/servers/59278197-2bf4-4e9a-a9d3-706eded8b008 0.440s
2025-11-21 12:48:13.805 66177 INFO tempest.lib.common.rest_client [req-2ec65f5d-963b-449a-9658-5126772155e6 req-2ec65f5d-963b-449a-9658-5126772155e6 ] Request (ServersTestFqdnHostnames:tearDownClass): 200 GET http://10.180.1.21/compute/v2.1/servers/949b65e2-2465-4a34-8a5d-0a2f2ff391e4 0.463s
2025-11-21 12:48:13.845 66189 INFO tempest.lib.common.rest_client [req-8ccd2bac-7d7d-4bf0-9270-5d98adb27104 req-8ccd2bac-7d7d-4bf0-9270-5d98adb27104 ] Request (ServerActionsTestJSON:setUpClass): 200 GET http://10.180.1.21/compute/v2.1/servers/5ea7b7d9-8a17-406a-8d91-1757bd6b133e 0.469s
2025-11-21 12:48:13.883 66224 INFO tempest.lib.common.rest_client [req-1c85882a-9412-4ec1-b86d-5c7464135202 req-1c85882a-9412-4ec1-b86d-5c7464135202 ] Request (KeyPairsNegativeTestJSON:test_create_keypair_with_empty_public_key): 400 POST http://10.180.1.21/compute/v2.1/os-keypairs 0.425s
2025-11-21 12:48:13.900 66215 INFO tempest.lib.common.rest_client [req-b153fe2e-f862-4bc8-974b-8f7872956219 req-b153fe2e-f862-4bc8-974b-8f7872956219 ] Request (ServerShowV254Test:tearDownClass): 200 GET http://10.180.1.21/compute/v2.1/servers/5e2d45ff-4da9-4a9d-a86a-5b24e9f29d65 0.476s
2025-11-21 12:48:13.964 66239 INFO tempest.lib.common.rest_client [req-702930a4-1cbd-4b5f-943e-250fc8ab860b req-702930a4-1cbd-4b5f-943e-250fc8ab860b ] Request (AttachInterfacesUnderV243Test:test_add_remove_fixed_ip): 200 GET http://10.180.1.21/compute/v2.1/servers/c005d9ff-2425-44ad-8c73-410aac4c8177 0.503s
2025-11-21 12:48:13.993 66212 INFO tempest.lib.common.rest_client [req-abca3b55-cac0-4cc7-9b27-eafe6146a0c2 req-abca3b55-cac0-4cc7-9b27-eafe6146a0c2 ] Request (ServersV294TestFqdnHostnames:setUpClass): 200 GET http://10.180.1.21/compute/v2.1/servers/a37483fa-25e5-4488-a5cf-79bbf02f7a21 0.464s
2025-11-21 12:48:14.085 66221 INFO tempest.lib.common.rest_client [req-14c76823-4a24-48f3-bd8a-785995e14d90 req-14c76823-4a24-48f3-bd8a-785995e14d90 ] Request (SecurityGroupsTestJSON:test_server_security_groups): 204 DELETE http://10.180.1.21/compute/v2.1/servers/d8cab879-d461-4c29-86d4-f31cf1ca4a1d 0.420s
2025-11-21 12:48:14.112 66197 INFO tempest.lib.common.rest_client [req-81cad84f-16bb-4f1d-80de-5112e171e507 req-81cad84f-16bb-4f1d-80de-5112e171e507 ] Request (ServersTestMultiNic:test_verify_duplicate_network_nics): 200 GET http://10.180.1.21/compute/v2.1/servers/a33e7e9f-3c11-4c6f-9989-6729394a8da1 0.481s
2025-11-21 12:48:14.149 66205 INFO tempest.lib.common.rest_client [req-d7c7fc89-3eba-46fa-9c34-78c72c03e881 req-d7c7fc89-3eba-46fa-9c34-78c72c03e881 ] Request (ServersListShow298Test:test_list_show_update_rebuild_server_298): 200 GET http://10.180.1.21/compute/v2.1/servers/28889c2c-0ec6-446f-952f-59e9398ac594 0.421s
2025-11-21 12:48:14.154 66224 INFO tempest.lib.common.rest_client [req-248be89a-c5a7-4882-a5d5-14c94db05b96 req-248be89a-c5a7-4882-a5d5-14c94db05b96 ] Request (KeyPairsNegativeTestJSON:test_create_keypair_with_long_keynames): 400 POST http://10.180.1.21/compute/v2.1/os-keypairs 0.269s
2025-11-21 12:48:14.188 66195 INFO tempest.lib.common.rest_client [req-896e6b64-b52b-4566-a52b-f5c48f1fedc7 req-896e6b64-b52b-4566-a52b-f5c48f1fedc7 ] Request (ServerShowV247Test:tearDownClass): 200 GET http://10.180.1.21/compute/v2.1/servers/e9e4cdf4-0107-4a8b-b657-f7cde09c99ed 0.377s
2025-11-21 12:48:14.198 66179 WARNING tempest.lib.common.ssh [-] Failed to establish authenticated ssh connection to cirros@10.180.180.176 ([Errno None] Unable to connect to port 22 on 10.180.180.176). Number attempts: 8. Retry after 9 seconds.: paramiko.ssh_exception.NoValidConnectionsError: [Errno None] Unable to connect to port 22 on 10.180.180.176
2025-11-21 12:48:14.311 66227 INFO tempest.lib.common.rest_client [req-fdfb3313-784c-4e48-b8e7-e19b08cb8e15 req-fdfb3313-784c-4e48-b8e7-e19b08cb8e15 ] Request (ServerMetadataTestJSON:tearDownClass): 200 PUT http://10.180.1.21/networking/v2.0/routers/d1f93da8-0615-418c-84b5-3ae6d2507ffa/remove_router_interface 0.925s
2025-11-21 12:48:14.318 66203 INFO tempest.lib.common.rest_client [req-1c4a8b7f-79bd-44b3-bcc7-9032f9fe9738 req-1c4a8b7f-79bd-44b3-bcc7-9032f9fe9738 ] Request (ServersListShow2100Test:test_list_show_rebuild_update_server_2100): 200 GET http://10.180.1.21/compute/v2.1/servers/372e3531-551a-4817-9371-d3b300650c07 0.259s
2025-11-21 12:48:14.354 66231 INFO tempest.lib.common.rest_client [req-30c343f5-0f8e-4eee-975c-5d2123566dcd req-30c343f5-0f8e-4eee-975c-5d2123566dcd ] Request (MigrationsAdminTest:test_resize_server_revert_deleted_flavor): 200 GET http://10.180.1.21/compute/v2.1/servers/8a0377ef-7f60-4a71-b192-a6cf188e8ff4 0.465s
2025-11-21 12:48:14.398 66224 INFO tempest.lib.common.rest_client [req-936736ea-7876-4eae-988b-6745e4453a4a req-936736ea-7876-4eae-988b-6745e4453a4a ] Request (KeyPairsNegativeTestJSON:test_keypair_create_with_invalid_pub_key): 400 POST http://10.180.1.21/compute/v2.1/os-keypairs 0.243s
2025-11-21 12:48:14.452 66219 INFO tempest.lib.common.rest_client [req-54d0d69d-f8b7-40a5-ae79-f47f99d07b18 req-54d0d69d-f8b7-40a5-ae79-f47f99d07b18 ] Request (ServerActionsTestOtherB:test_create_backup): 200 GET http://10.180.1.21/image/v2/images/8407ae3e-93ac-41d0-b898-5a1d2b91199f 0.028s
2025-11-21 12:48:14.453 66221 INFO tempest.lib.common.rest_client [req-da655425-f4cc-4429-855a-9cc9e179fc2c req-da655425-f4cc-4429-855a-9cc9e179fc2c ] Request (SecurityGroupsTestJSON:test_server_security_groups): 200 GET http://10.180.1.21/compute/v2.1/servers/d8cab879-d461-4c29-86d4-f31cf1ca4a1d 0.368s
2025-11-21 12:48:14.547 66187 INFO tempest.lib.common.rest_client [req-cbc31a8b-a58c-4d4d-8717-8dfe439c700d req-cbc31a8b-a58c-4d4d-8717-8dfe439c700d ] Request (ServerMetadataNegativeTestJSON:setUpClass): 200 GET http://10.180.1.21/compute/v2.1/servers/c2bc28fd-8694-4365-8789-d7ced1171e42 0.315s
2025-11-21 12:48:14.570 66193 INFO tempest.lib.common.rest_client [req-4ef65407-186c-46e8-b907-2990241a547f req-4ef65407-186c-46e8-b907-2990241a547f ] Request (VolumesAdminNegativeTest:test_update_attached_volume_with_nonexistent_volume_in_uri): 200 GET http://10.180.1.21/compute/v2.1/servers/4021e888-02d5-4681-8f0f-377173994876 0.397s
2025-11-21 12:48:14.581 66193 INFO tempest.common.waiters [-] State transition "BUILD/spawning" ==> "ACTIVE/None" after 48 second wait
2025-11-21 12:48:14.621 66233 INFO tempest.lib.common.rest_client [req-291649a6-caec-4d3d-812e-29ef82cd44f3 req-291649a6-caec-4d3d-812e-29ef82cd44f3 ] Request (ServersTestJSON:test_create_server_with_ipv6_addr_only): 200 GET http://10.180.1.21/compute/v2.1/servers/1a5af046-9cd7-4ec2-821f-09d71e5b4dd6 0.312s
2025-11-21 12:48:14.633 66224 INFO tempest.lib.common.rest_client [req-778fe995-eba2-4884-b3bb-060195bcc82a req-778fe995-eba2-4884-b3bb-060195bcc82a ] Request (KeyPairsNegativeTestJSON:test_keypair_delete_nonexistent_key): 404 DELETE http://10.180.1.21/compute/v2.1/os-keypairs/tempest-keypair-non-existent-1093606193 0.234s
2025-11-21 12:48:14.669 66237 INFO tempest.lib.common.rest_client [req-8e8c275d-f9bd-49a0-9a97-58c0a547d004 req-8e8c275d-f9bd-49a0-9a97-58c0a547d004 ] Request (ServerActionsTestOtherA:_run_cleanups): 200 GET http://10.180.1.21/compute/v2.1/servers/20906082-addb-4127-8ff5-20d6ca712e03 0.298s
2025-11-21 12:48:14.763 66185 INFO tempest.lib.common.rest_client [req-693309e5-24f3-4e7a-836c-e7f45376c8cf req-693309e5-24f3-4e7a-836c-e7f45376c8cf ] Request (ServersAdminTestJSON:test_inject_network_info): 200 GET http://10.180.1.21/compute/v2.1/servers/d45b928b-f35e-468a-8a6d-23fa433086d7 0.304s
2025-11-21 12:48:14.816 66183 INFO tempest.lib.common.rest_client [req-919d9631-6fbc-4f3c-9117-fb4d77b30c18 req-919d9631-6fbc-4f3c-9117-fb4d77b30c18 ] Request (ImagesTestJSON:test_create_server_from_snapshot): 200 GET http://10.180.1.21/compute/v2.1/servers/04fa7278-7f11-4915-bcbe-ea2f8656b971 0.403s
2025-11-21 12:48:14.878 66193 INFO tempest.lib.common.rest_client [req-ae73199c-9391-4baa-9bc9-f01774a30fb7 req-ae73199c-9391-4baa-9bc9-f01774a30fb7 ] Request (VolumesAdminNegativeTest:test_update_attached_volume_with_nonexistent_volume_in_uri): 202 POST http://10.180.1.21/volume/v3/volumes 0.296s
2025-11-21 12:48:14.893 66224 INFO tempest.lib.common.rest_client [req-802cc522-36eb-457e-bcc4-98f13b98e65a req-802cc522-36eb-457e-bcc4-98f13b98e65a ] Request (KeyPairsNegativeTestJSON:tearDownClass): 204 DELETE http://10.180.1.21/identity/v3/users/170d1dd7b7e448208355b98128828760 0.258s
2025-11-21 12:48:14.894 66224 INFO tempest.lib.common.dynamic_creds [-] Deleting project and security group for project: 0d2177f8221042b29caadb9420e9e990
2025-11-21 12:48:14.921 66213 INFO tempest.lib.common.rest_client [req-f1a32173-7b13-4922-b248-9c758cd43f21 req-f1a32173-7b13-4922-b248-9c758cd43f21 ] Request (AttachInterfacesV270Test:tearDownClass): 200 GET http://10.180.1.21/compute/v2.1/servers/dee6889b-f8ef-48b4-864e-83d8eed24bd3 0.436s
2025-11-21 12:48:14.940 66193 INFO tempest.lib.common.rest_client [req-5fae901f-f4f4-4a73-8937-c14e3d341d74 req-5fae901f-f4f4-4a73-8937-c14e3d341d74 ] Request (VolumesAdminNegativeTest:test_update_attached_volume_with_nonexistent_volume_in_uri): 200 GET http://10.180.1.21/volume/v3/volumes/a91c95f6-cff9-464b-bb9f-9bb0d46efd72 0.047s
2025-11-21 12:48:14.953 66229 INFO tempest.lib.common.rest_client [req-2034ff0a-2766-440a-8869-a5d74a9ce6a4 req-2034ff0a-2766-440a-8869-a5d74a9ce6a4 ] Request (DeleteServersTestJSON:test_delete_server_while_in_attached_volume): 200 GET http://10.180.1.21/compute/v2.1/servers/f15d1ca7-d3e5-4793-b789-aa33dccaf733 0.390s
2025-11-21 12:48:15.015 66224 INFO tempest.lib.common.rest_client [req-61650bfa-787c-450c-8643-f68a64a456d0 req-61650bfa-787c-450c-8643-f68a64a456d0 ] Request (KeyPairsNegativeTestJSON:tearDownClass): 201 POST http://10.180.1.21/identity/v3/auth/tokens 0.121s
2025-11-21 12:48:15.037 66227 INFO tempest.lib.common.rest_client [req-730bedeb-bc0f-41a1-bdab-f392a56634e9 req-730bedeb-bc0f-41a1-bdab-f392a56634e9 ] Request (ServerMetadataTestJSON:tearDownClass): 204 DELETE http://10.180.1.21/networking/v2.0/routers/d1f93da8-0615-418c-84b5-3ae6d2507ffa 0.725s
2025-11-21 12:48:15.228 66227 INFO tempest.lib.common.rest_client [req-0dd0b31d-8ae2-4f3e-9ca4-87e59a5ba7b0 req-0dd0b31d-8ae2-4f3e-9ca4-87e59a5ba7b0 ] Request (ServerMetadataTestJSON:tearDownClass): 204 DELETE http://10.180.1.21/networking/v2.0/subnets/07456568-cccd-4a0d-ac31-5b1d05029a62 0.191s
2025-11-21 12:48:15.257 66177 INFO tempest.lib.common.rest_client [req-b8bf8ffd-f29f-4925-b7a3-0d47b4468eb7 req-b8bf8ffd-f29f-4925-b7a3-0d47b4468eb7 ] Request (ServersTestFqdnHostnames:tearDownClass): 200 GET http://10.180.1.21/compute/v2.1/servers/949b65e2-2465-4a34-8a5d-0a2f2ff391e4 0.435s
2025-11-21 12:48:15.262 66224 INFO tempest.lib.common.rest_client [req-f378c3e6-63db-446e-9d4b-b89c8a4883b5 req-f378c3e6-63db-446e-9d4b-b89c8a4883b5 ] Request (KeyPairsNegativeTestJSON:tearDownClass): 200 GET http://10.180.1.21/networking/v2.0/security-groups?tenant_id=0d2177f8221042b29caadb9420e9e990&name=default 0.247s
2025-11-21 12:48:15.283 66201 INFO tempest.lib.common.rest_client [req-7b96b29e-9a68-4e84-be98-3764df2ebece req-7b96b29e-9a68-4e84-be98-3764df2ebece ] Request (ServerRescueTestJSONUnderV235:setUpClass): 200 GET http://10.180.1.21/compute/v2.1/servers/59278197-2bf4-4e9a-a9d3-706eded8b008 0.530s
2025-11-21 12:48:15.284 66208 WARNING tempest.lib.common.ssh [-] Failed to establish authenticated ssh connection to cirros@10.180.180.161 ([Errno None] Unable to connect to port 22 on 10.180.180.161). Number attempts: 2. Retry after 3 seconds.: paramiko.ssh_exception.NoValidConnectionsError: [Errno None] Unable to connect to port 22 on 10.180.180.161
2025-11-21 12:48:15.291 66201 INFO tempest.common.waiters [-] State transition "BUILD/spawning" ==> "ACTIVE/None" after 55 second wait
2025-11-21 12:48:15.362 66224 INFO tempest.lib.common.rest_client [req-aff88770-7591-4dd9-9975-cc1bb8721d15 req-aff88770-7591-4dd9-9975-cc1bb8721d15 ] Request (KeyPairsNegativeTestJSON:tearDownClass): 204 DELETE http://10.180.1.21/networking/v2.0/security-groups/b9131a66-3fda-4516-b3e3-45b54383ebbf 0.099s
2025-11-21 12:48:15.390 66189 INFO tempest.lib.common.rest_client [req-8f581496-2db2-48c4-bb9d-ef8a972ccb66 req-8f581496-2db2-48c4-bb9d-ef8a972ccb66 ] Request (ServerActionsTestJSON:setUpClass): 200 GET http://10.180.1.21/compute/v2.1/servers/5ea7b7d9-8a17-406a-8d91-1757bd6b133e 0.532s
2025-11-21 12:48:15.425 66215 INFO tempest.lib.common.rest_client [req-ed0941bd-f88c-47ca-8800-87223397d6e1 req-ed0941bd-f88c-47ca-8800-87223397d6e1 ] Request (ServerShowV254Test:tearDownClass): 200 GET http://10.180.1.21/compute/v2.1/servers/5e2d45ff-4da9-4a9d-a86a-5b24e9f29d65 0.514s
2025-11-21 12:48:15.470 66224 INFO tempest.lib.common.rest_client [req-7995c3a7-a74b-4854-8f26-04977ad8f1db req-7995c3a7-a74b-4854-8f26-04977ad8f1db ] Request (KeyPairsNegativeTestJSON:tearDownClass): 204 DELETE http://10.180.1.21/identity/v3/projects/0d2177f8221042b29caadb9420e9e990 0.108s
2025-11-21 12:48:15.482 66219 INFO tempest.lib.common.rest_client [req-ee8101f6-f475-44f0-aa93-d20e61e1997c req-ee8101f6-f475-44f0-aa93-d20e61e1997c ] Request (ServerActionsTestOtherB:test_create_backup): 200 GET http://10.180.1.21/image/v2/images/8407ae3e-93ac-41d0-b898-5a1d2b91199f 0.028s
2025-11-21 12:48:15.510 66239 INFO tempest.lib.common.rest_client [req-edc2a957-bf5a-4d2e-8b4f-eba9c50dbbc2 req-edc2a957-bf5a-4d2e-8b4f-eba9c50dbbc2 ] Request (AttachInterfacesUnderV243Test:test_add_remove_fixed_ip): 200 GET http://10.180.1.21/compute/v2.1/servers/c005d9ff-2425-44ad-8c73-410aac4c8177 0.538s
2025-11-21 12:48:15.522 66212 INFO tempest.lib.common.rest_client [req-2b572fb1-a6ef-44d0-8472-c912d812b724 req-2b572fb1-a6ef-44d0-8472-c912d812b724 ] Request (ServersV294TestFqdnHostnames:setUpClass): 200 GET http://10.180.1.21/compute/v2.1/servers/a37483fa-25e5-4488-a5cf-79bbf02f7a21 0.515s
2025-11-21 12:48:15.533 66212 INFO tempest.common.waiters [-] State transition "BUILD/scheduling" ==> "BUILD/None" after 21 second wait
2025-11-21 12:48:15.579 66227 INFO tempest.lib.common.rest_client [req-67e7f243-2a1d-4695-99ff-79197d1375f7 req-67e7f243-2a1d-4695-99ff-79197d1375f7 ] Request (ServerMetadataTestJSON:tearDownClass): 204 DELETE http://10.180.1.21/networking/v2.0/networks/e624f055-da6f-4ad7-ba4c-74d0fce3e262 0.350s
2025-11-21 12:48:15.584 66224 INFO tempest.lib.common.rest_client [req-5c9fee46-2f7d-41fb-a0a3-c3ee0990e9e3 req-5c9fee46-2f7d-41fb-a0a3-c3ee0990e9e3 ] Request (AttachInterfacesTestJSON:setUpClass): 201 POST http://10.180.1.21/identity/v3/auth/tokens 0.112s
2025-11-21 12:48:15.605 66205 INFO tempest.lib.common.rest_client [req-2665d230-3e4e-499b-b92d-09074b3ef2c2 req-2665d230-3e4e-499b-b92d-09074b3ef2c2 ] Request (ServersListShow298Test:test_list_show_update_rebuild_server_298): 200 GET http://10.180.1.21/compute/v2.1/servers/28889c2c-0ec6-446f-952f-59e9398ac594 0.442s
2025-11-21 12:48:15.615 66224 INFO tempest.lib.common.rest_client [req-371af6ac-94cc-4efe-a03e-138591fdda52 req-371af6ac-94cc-4efe-a03e-138591fdda52 ] Request (AttachInterfacesTestJSON:setUpClass): 201 POST http://10.180.1.21/identity/v3/auth/tokens 0.028s
2025-11-21 12:48:15.641 66224 INFO tempest.lib.common.rest_client [req-f9ef0a3f-eeca-4198-88fe-fad93c8976f5 req-f9ef0a3f-eeca-4198-88fe-fad93c8976f5 ] Request (AttachInterfacesTestJSON:setUpClass): 200 GET http://10.180.1.21/identity/v3/domains?name=Default 0.025s
2025-11-21 12:48:15.656 66197 INFO tempest.lib.common.rest_client [req-103988d7-747a-49b3-94c8-552e63cf5b4a req-103988d7-747a-49b3-94c8-552e63cf5b4a ] Request (ServersTestMultiNic:test_verify_duplicate_network_nics): 200 GET http://10.180.1.21/compute/v2.1/servers/a33e7e9f-3c11-4c6f-9989-6729394a8da1 0.531s
2025-11-21 12:48:15.662 66227 INFO tempest.lib.common.rest_client [req-f99f7e8f-181b-4951-bcf9-d04b30f29199 req-f99f7e8f-181b-4951-bcf9-d04b30f29199 ] Request (ServerMetadataTestJSON:tearDownClass): 204 DELETE http://10.180.1.21/identity/v3/users/2cbc1d529b7146e0ab03433fb11003a8 0.083s
2025-11-21 12:48:15.662 66227 INFO tempest.lib.common.dynamic_creds [-] Deleting project and security group for project: c2b33fdea3014f3182ea1459ae68366c
2025-11-21 12:48:15.665 66197 INFO tempest.common.waiters [-] State transition "BUILD/spawning" ==> "ACTIVE/None" after 56 second wait
2025-11-21 12:48:15.679 66195 INFO tempest.lib.common.rest_client [req-5df013a2-8c6f-48db-af5a-8f855bb071be req-5df013a2-8c6f-48db-af5a-8f855bb071be ] Request (ServerShowV247Test:tearDownClass): 200 GET http://10.180.1.21/compute/v2.1/servers/e9e4cdf4-0107-4a8b-b657-f7cde09c99ed 0.478s
2025-11-21 12:48:15.693 66227 INFO tempest.lib.common.rest_client [req-32946cda-116b-4e18-b813-aef08413572d req-32946cda-116b-4e18-b813-aef08413572d ] Request (ServerMetadataTestJSON:tearDownClass): 200 GET http://10.180.1.21/networking/v2.0/security-groups?tenant_id=c2b33fdea3014f3182ea1459ae68366c&name=default 0.030s
2025-11-21 12:48:15.717 66224 INFO tempest.lib.common.rest_client [req-7c9e0473-9ac9-4b23-a496-7f20d3aca481 req-7c9e0473-9ac9-4b23-a496-7f20d3aca481 ] Request (AttachInterfacesTestJSON:setUpClass): 201 POST http://10.180.1.21/identity/v3/projects 0.076s
2025-11-21 12:48:15.752 66203 INFO tempest.lib.common.rest_client [req-fb5d7aa7-afaa-4ef3-b16b-178158421f6c req-fb5d7aa7-afaa-4ef3-b16b-178158421f6c ] Request (ServersListShow2100Test:test_list_show_rebuild_update_server_2100): 200 GET http://10.180.1.21/compute/v2.1/servers/372e3531-551a-4817-9371-d3b300650c07 0.418s
2025-11-21 12:48:15.766 66203 INFO tempest.common.waiters [-] State transition "BUILD/scheduling" ==> "BUILD/None" after 17 second wait
2025-11-21 12:48:15.769 66201 INFO tempest.lib.common.rest_client [req-8dc8621c-d60f-4424-b5c2-803ab54893e8 req-8dc8621c-d60f-4424-b5c2-803ab54893e8 ] Request (ServerRescueTestJSONUnderV235:setUpClass): 200 POST http://10.180.1.21/compute/v2.1/servers/59278197-2bf4-4e9a-a9d3-706eded8b008/action 0.478s
2025-11-21 12:48:15.850 66224 INFO tempest.lib.common.rest_client [req-77a1b3bc-91ec-4db6-9627-f6705c7bd647 req-77a1b3bc-91ec-4db6-9627-f6705c7bd647 ] Request (AttachInterfacesTestJSON:setUpClass): 201 POST http://10.180.1.21/identity/v3/users 0.133s
2025-11-21 12:48:15.873 66227 INFO tempest.lib.common.rest_client [req-374f2e4c-2125-4be6-b39b-dcb2833422cc req-374f2e4c-2125-4be6-b39b-dcb2833422cc ] Request (ServerMetadataTestJSON:tearDownClass): 204 DELETE http://10.180.1.21/networking/v2.0/security-groups/f2962a11-d638-44bb-aac4-e7a0e28568ce 0.180s
2025-11-21 12:48:15.875 66224 INFO tempest.lib.common.rest_client [req-de6a1391-e1da-4775-864c-9ac11e34bc0b req-de6a1391-e1da-4775-864c-9ac11e34bc0b ] Request (AttachInterfacesTestJSON:setUpClass): 200 GET http://10.180.1.21/identity/v3/roles 0.024s
2025-11-21 12:48:15.906 66224 INFO tempest.lib.common.rest_client [req-fc24e847-1503-4ed8-a150-a16ca03d719b req-fc24e847-1503-4ed8-a150-a16ca03d719b ] Request (AttachInterfacesTestJSON:setUpClass): 204 PUT http://10.180.1.21/identity/v3/projects/4fb3802838bf458e908d734fd4a90e1a/users/45c5021f4eed42b7ac3c9ebb1084b709/roles/85d2aa0347e64c86bf8cf95bef9080f1 0.030s
2025-11-21 12:48:15.907 66224 INFO tempest.lib.common.dynamic_creds [-] Dynamic test user 45c5021f4eed42b7ac3c9ebb1084b709 is created with scope project and roles: ['member']
2025-11-21 12:48:15.907 66224 INFO tempest.lib.common.dynamic_creds [-] Acquired dynamic creds: credentials: Credentials: {'domain_id': 'default', 'domain_name': 'Default', 'username': 'tempest-AttachInterfacesTestJSON-474500666-project-member', 'project_domain_id': 'default', 'project_domain_name': 'Default', 'project_id': '4fb3802838bf458e908d734fd4a90e1a', 'project_name': 'tempest-AttachInterfacesTestJSON-474500666', 'tenant_id': '4fb3802838bf458e908d734fd4a90e1a', 'tenant_name': 'tempest-AttachInterfacesTestJSON-474500666', 'user_domain_id': 'default', 'user_domain_name': 'Default', 'user_id': '45c5021f4eed42b7ac3c9ebb1084b709', 'system': None}, Network: None, Subnet: None, Router: None
2025-11-21 12:48:15.965 66231 INFO tempest.lib.common.rest_client [req-6454e8dd-676d-41b3-ab7a-09df87410903 req-6454e8dd-676d-41b3-ab7a-09df87410903 ] Request (MigrationsAdminTest:test_resize_server_revert_deleted_flavor): 200 GET http://10.180.1.21/compute/v2.1/servers/8a0377ef-7f60-4a71-b192-a6cf188e8ff4 0.598s
2025-11-21 12:48:15.974 66227 INFO tempest.lib.common.rest_client [req-72bba47c-37d2-4549-97fc-b31528553101 req-72bba47c-37d2-4549-97fc-b31528553101 ] Request (ServerMetadataTestJSON:tearDownClass): 204 DELETE http://10.180.1.21/identity/v3/projects/c2b33fdea3014f3182ea1459ae68366c 0.101s
2025-11-21 12:48:15.988 66193 INFO tempest.lib.common.rest_client [req-78d8d051-5a68-487e-a227-c2f0709ebff2 req-78d8d051-5a68-487e-a227-c2f0709ebff2 ] Request (VolumesAdminNegativeTest:test_update_attached_volume_with_nonexistent_volume_in_uri): 200 GET http://10.180.1.21/volume/v3/volumes/a91c95f6-cff9-464b-bb9f-9bb0d46efd72 0.036s
2025-11-21 12:48:15.992 66224 INFO tempest.lib.common.rest_client [req-b086d197-8e89-4ae3-8266-be6fcd2e0ee1 req-b086d197-8e89-4ae3-8266-be6fcd2e0ee1 ] Request (AttachInterfacesTestJSON:setUpClass): 201 POST http://10.180.1.21/identity/v3/auth/tokens 0.085s
2025-11-21 12:48:15.995 66193 INFO tempest.common.waiters [-] volume a91c95f6-cff9-464b-bb9f-9bb0d46efd72 reached available after waiting for 1.995182 seconds
2025-11-21 12:48:15.995 66221 INFO tempest.lib.common.rest_client [req-3eabaa43-5aff-4267-9b25-9eb66867f7f8 req-3eabaa43-5aff-4267-9b25-9eb66867f7f8 ] Request (SecurityGroupsTestJSON:test_server_security_groups): 200 GET http://10.180.1.21/compute/v2.1/servers/d8cab879-d461-4c29-86d4-f31cf1ca4a1d 0.532s
2025-11-21 12:48:16.014 66227 INFO tempest.lib.common.rest_client [req-42dff069-6c55-4c34-a3f4-5b6f4a7dd145 req-42dff069-6c55-4c34-a3f4-5b6f4a7dd145 ] Request (ExtensionsTest:setUpClass): 201 POST http://10.180.1.21/identity/v3/auth/tokens 0.037s
2025-11-21 12:48:16.048 66227 INFO tempest.lib.common.rest_client [req-a1503577-f713-46d8-a574-1f9d797836c0 req-a1503577-f713-46d8-a574-1f9d797836c0 ] Request (ExtensionsTest:setUpClass): 201 POST http://10.180.1.21/identity/v3/auth/tokens 0.031s
2025-11-21 12:48:16.078 66187 INFO tempest.lib.common.rest_client [req-af6743c2-594a-4a83-83ad-69ceb64de9a6 req-af6743c2-594a-4a83-83ad-69ceb64de9a6 ] Request (ServerMetadataNegativeTestJSON:setUpClass): 200 GET http://10.180.1.21/compute/v2.1/servers/c2bc28fd-8694-4365-8789-d7ced1171e42 0.520s
2025-11-21 12:48:16.081 66227 INFO tempest.lib.common.rest_client [req-915c3d62-ddd0-4e5e-9f64-32c08c853bd7 req-915c3d62-ddd0-4e5e-9f64-32c08c853bd7 ] Request (ExtensionsTest:setUpClass): 200 GET http://10.180.1.21/identity/v3/domains?name=Default 0.033s
2025-11-21 12:48:16.091 66233 INFO tempest.lib.common.rest_client [req-c74db236-ef4d-4928-aef0-1fdbaa7453cf req-c74db236-ef4d-4928-aef0-1fdbaa7453cf ] Request (ServersTestJSON:test_create_server_with_ipv6_addr_only): 200 GET http://10.180.1.21/compute/v2.1/servers/1a5af046-9cd7-4ec2-821f-09d71e5b4dd6 0.455s
2025-11-21 12:48:16.114 66197 INFO tempest.lib.common.rest_client [req-8e3b8df9-f59b-4312-aace-ed6b909a29eb req-8e3b8df9-f59b-4312-aace-ed6b909a29eb ] Request (ServersTestMultiNic:test_verify_duplicate_network_nics): 200 GET http://10.180.1.21/compute/v2.1/servers/a33e7e9f-3c11-4c6f-9989-6729394a8da1/ips 0.448s
2025-11-21 12:48:16.133 66227 INFO tempest.lib.common.rest_client [req-2d19c762-2d68-4008-8469-6b72cf49f357 req-2d19c762-2d68-4008-8469-6b72cf49f357 ] Request (ExtensionsTest:setUpClass): 201 POST http://10.180.1.21/identity/v3/projects 0.050s
2025-11-21 12:48:16.163 66237 INFO tempest.lib.common.rest_client [req-453b870a-3516-42aa-bc44-5b5e73fe99b4 req-453b870a-3516-42aa-bc44-5b5e73fe99b4 ] Request (ServerActionsTestOtherA:_run_cleanups): 200 GET http://10.180.1.21/compute/v2.1/servers/20906082-addb-4127-8ff5-20d6ca712e03 0.482s
2025-11-21 12:48:16.212 66227 INFO tempest.lib.common.rest_client [req-18db7d9e-3758-4006-8b89-7fcfc7965570 req-18db7d9e-3758-4006-8b89-7fcfc7965570 ] Request (ExtensionsTest:setUpClass): 201 POST http://10.180.1.21/identity/v3/users 0.079s
2025-11-21 12:48:16.238 66227 INFO tempest.lib.common.rest_client [req-254e9dda-1d2d-4935-abde-4d12c604840d req-254e9dda-1d2d-4935-abde-4d12c604840d ] Request (ExtensionsTest:setUpClass): 200 GET http://10.180.1.21/identity/v3/roles 0.025s
2025-11-21 12:48:16.273 66227 INFO tempest.lib.common.rest_client [req-d2ecedf9-8c89-4eff-92a5-ae869e42b3ce req-d2ecedf9-8c89-4eff-92a5-ae869e42b3ce ] Request (ExtensionsTest:setUpClass): 204 PUT http://10.180.1.21/identity/v3/projects/50655f4741f64209b6ad35aeaed18c5b/users/cb01633e6fc74342b69f8f14b2a8403a/roles/85d2aa0347e64c86bf8cf95bef9080f1 0.035s
2025-11-21 12:48:16.274 66227 INFO tempest.lib.common.dynamic_creds [-] Dynamic test user cb01633e6fc74342b69f8f14b2a8403a is created with scope project and roles: ['member']
2025-11-21 12:48:16.274 66227 INFO tempest.lib.common.dynamic_creds [-] Acquired dynamic creds: credentials: Credentials: {'domain_id': 'default', 'domain_name': 'Default', 'username': 'tempest-ExtensionsTest-84595324-project-member', 'project_domain_id': 'default', 'project_domain_name': 'Default', 'project_id': '50655f4741f64209b6ad35aeaed18c5b', 'project_name': 'tempest-ExtensionsTest-84595324', 'tenant_id': '50655f4741f64209b6ad35aeaed18c5b', 'tenant_name': 'tempest-ExtensionsTest-84595324', 'user_domain_id': 'default', 'user_domain_name': 'Default', 'user_id': 'cb01633e6fc74342b69f8f14b2a8403a', 'system': None}, Network: None, Subnet: None, Router: None
2025-11-21 12:48:16.274 66227 INFO tempest.lib.common.dynamic_creds [-] Created isolated network resources for: credentials: Credentials: {'domain_id': 'default', 'domain_name': 'Default', 'username': 'tempest-ExtensionsTest-84595324-project-member', 'project_domain_id': 'default', 'project_domain_name': 'Default', 'project_id': '50655f4741f64209b6ad35aeaed18c5b', 'project_name': 'tempest-ExtensionsTest-84595324', 'tenant_id': '50655f4741f64209b6ad35aeaed18c5b', 'tenant_name': 'tempest-ExtensionsTest-84595324', 'user_domain_id': 'default', 'user_domain_name': 'Default', 'user_id': 'cb01633e6fc74342b69f8f14b2a8403a', 'system': None}, Network: None, Subnet: None, Router: None
2025-11-21 12:48:16.294 66224 INFO tempest.lib.common.rest_client [req-1ed5f65b-2c3c-45b2-82a9-ef5d39061254 req-1ed5f65b-2c3c-45b2-82a9-ef5d39061254 ] Request (AttachInterfacesTestJSON:setUpClass): 201 POST http://10.180.1.21/networking/v2.0/networks 0.301s
2025-11-21 12:48:16.307 66185 INFO tempest.lib.common.rest_client [req-418d3790-a160-4704-823b-504f758061c7 req-418d3790-a160-4704-823b-504f758061c7 ] Request (ServersAdminTestJSON:test_inject_network_info): 200 GET http://10.180.1.21/compute/v2.1/servers/d45b928b-f35e-468a-8a6d-23fa433086d7 0.528s
2025-11-21 12:48:16.339 66201 INFO tempest.lib.common.rest_client [req-a8848bcc-dd6c-44af-81f9-8bddf937215c req-a8848bcc-dd6c-44af-81f9-8bddf937215c ] Request (ServerRescueTestJSONUnderV235:setUpClass): 200 GET http://10.180.1.21/compute/v2.1/servers/59278197-2bf4-4e9a-a9d3-706eded8b008 0.569s
2025-11-21 12:48:16.366 66227 INFO tempest.lib.common.rest_client [req-915cfe66-7fcc-4f67-b227-665da21b5884 req-915cfe66-7fcc-4f67-b227-665da21b5884 ] Request (ExtensionsTest:setUpClass): 201 POST http://10.180.1.21/identity/v3/auth/tokens 0.087s
2025-11-21 12:48:16.504 66219 INFO tempest.lib.common.rest_client [req-d5519981-0595-442c-99b3-0f6e48979289 req-d5519981-0595-442c-99b3-0f6e48979289 ] Request (ServerActionsTestOtherB:test_create_backup): 200 GET http://10.180.1.21/image/v2/images/8407ae3e-93ac-41d0-b898-5a1d2b91199f 0.021s
2025-11-21 12:48:16.518 66224 INFO tempest.lib.common.rest_client [req-83b7ee6b-d236-40cc-a3e8-6bf08bf08821 req-83b7ee6b-d236-40cc-a3e8-6bf08bf08821 ] Request (AttachInterfacesTestJSON:setUpClass): 201 POST http://10.180.1.21/networking/v2.0/subnets 0.223s
2025-11-21 12:48:16.610 66213 INFO tempest.lib.common.rest_client [req-1d1ef179-17eb-4321-b74f-1e57461cb634 req-1d1ef179-17eb-4321-b74f-1e57461cb634 ] Request (AttachInterfacesV270Test:tearDownClass): 200 GET http://10.180.1.21/compute/v2.1/servers/dee6889b-f8ef-48b4-864e-83d8eed24bd3 0.674s
2025-11-21 12:48:16.640 66183 INFO tempest.lib.common.rest_client [req-f7585da4-c403-4bc8-b568-edcb2cab576b req-f7585da4-c403-4bc8-b568-edcb2cab576b ] Request (ImagesTestJSON:test_create_server_from_snapshot): 200 GET http://10.180.1.21/compute/v2.1/servers/04fa7278-7f11-4915-bcbe-ea2f8656b971 0.807s
2025-11-21 12:48:16.672 66229 INFO tempest.lib.common.rest_client [req-c4f892cb-1f47-4ab4-bcbe-a34c5381ad82 req-c4f892cb-1f47-4ab4-bcbe-a34c5381ad82 ] Request (DeleteServersTestJSON:test_delete_server_while_in_attached_volume): 200 GET http://10.180.1.21/compute/v2.1/servers/f15d1ca7-d3e5-4793-b789-aa33dccaf733 0.705s
2025-11-21 12:48:16.775 66197 INFO tempest.lib.common.rest_client [req-07f49d50-015b-4385-a18f-e818534ebb78 req-07f49d50-015b-4385-a18f-e818534ebb78 ] Request (ServersTestMultiNic:_run_cleanups): 204 DELETE http://10.180.1.21/compute/v2.1/servers/a33e7e9f-3c11-4c6f-9989-6729394a8da1 0.657s
2025-11-21 12:48:16.826 66193 INFO tempest.lib.common.rest_client [req-f9fe5f91-d589-4130-aea7-34d2ceda760d req-f9fe5f91-d589-4130-aea7-34d2ceda760d ] Request (VolumesAdminNegativeTest:test_update_attached_volume_with_nonexistent_volume_in_uri): 404 PUT http://10.180.1.21/compute/v2.1/servers/4021e888-02d5-4681-8f0f-377173994876/os-volume_attachments/a812df35-14dd-4c05-9524-ec2863688f1a 0.831s
2025-11-21 12:48:16.863 66227 INFO tempest.lib.common.rest_client [req-53398c44-5aaa-4b69-a253-81be0ff0324c req-53398c44-5aaa-4b69-a253-81be0ff0324c ] Request (ExtensionsTest:test_get_extension): 200 GET http://10.180.1.21/compute/v2.1/extensions/os-consoles 0.495s
2025-11-21 12:48:16.886 66193 INFO tempest.lib.common.rest_client [req-094a9a4d-a517-4347-8d51-6564465d0a3b req-094a9a4d-a517-4347-8d51-6564465d0a3b ] Request (VolumesAdminNegativeTest:tearDownClass): 202 DELETE http://10.180.1.21/volume/v3/volumes/a91c95f6-cff9-464b-bb9f-9bb0d46efd72 0.057s
2025-11-21 12:48:16.914 66193 INFO tempest.lib.common.rest_client [req-15e992a8-b1d9-4b5a-ad52-c28d1713f970 req-15e992a8-b1d9-4b5a-ad52-c28d1713f970 ] Request (VolumesAdminNegativeTest:tearDownClass): 200 GET http://10.180.1.21/volume/v3/volumes/a91c95f6-cff9-464b-bb9f-9bb0d46efd72 0.028s
2025-11-21 12:48:16.919 66177 INFO tempest.lib.common.rest_client [req-fceaa836-6ad6-48b0-a069-08e4bf900e1d req-fceaa836-6ad6-48b0-a069-08e4bf900e1d ] Request (ServersTestFqdnHostnames:tearDownClass): 200 GET http://10.180.1.21/compute/v2.1/servers/949b65e2-2465-4a34-8a5d-0a2f2ff391e4 0.648s
2025-11-21 12:48:16.974 66189 INFO tempest.lib.common.rest_client [req-4b10965c-86ff-4389-923a-7ee9cac7accc req-4b10965c-86ff-4389-923a-7ee9cac7accc ] Request (ServerActionsTestJSON:setUpClass): 200 GET http://10.180.1.21/compute/v2.1/servers/5ea7b7d9-8a17-406a-8d91-1757bd6b133e 0.572s
2025-11-21 12:48:16.981 66189 INFO tempest.common.waiters [-] State transition "BUILD/scheduling" ==> "BUILD/None" after 9 second wait
2025-11-21 12:48:17.300 66215 INFO tempest.lib.common.rest_client [req-8157eec9-464b-47f8-8dc3-13f0bd31a59b req-8157eec9-464b-47f8-8dc3-13f0bd31a59b ] Request (ServerShowV254Test:tearDownClass): 200 GET http://10.180.1.21/compute/v2.1/servers/5e2d45ff-4da9-4a9d-a86a-5b24e9f29d65 0.863s
2025-11-21 12:48:17.309 66239 INFO tempest.lib.common.rest_client [req-1bb7ca0d-043b-4b4d-b176-d55c6b1e10e7 req-1bb7ca0d-043b-4b4d-b176-d55c6b1e10e7 ] Request (AttachInterfacesUnderV243Test:test_add_remove_fixed_ip): 200 GET http://10.180.1.21/compute/v2.1/servers/c005d9ff-2425-44ad-8c73-410aac4c8177 0.792s
2025-11-21 12:48:17.349 66224 INFO tempest.lib.common.rest_client [req-76a67811-a414-4bb1-9cf1-43ea1f7aa35e req-76a67811-a414-4bb1-9cf1-43ea1f7aa35e ] Request (AttachInterfacesTestJSON:setUpClass): 201 POST http://10.180.1.21/networking/v2.0/routers 0.831s
2025-11-21 12:48:17.405 66212 INFO tempest.lib.common.rest_client [req-fcfdf6c1-ec65-4655-ba6d-b9c002b762ab req-fcfdf6c1-ec65-4655-ba6d-b9c002b762ab ] Request (ServersV294TestFqdnHostnames:setUpClass): 200 GET http://10.180.1.21/compute/v2.1/servers/a37483fa-25e5-4488-a5cf-79bbf02f7a21 0.871s
2025-11-21 12:48:17.423 66205 INFO tempest.lib.common.rest_client [req-efdf5d35-a86a-4949-b1a8-5aa739399a78 req-efdf5d35-a86a-4949-b1a8-5aa739399a78 ] Request (ServersListShow298Test:test_list_show_update_rebuild_server_298): 200 GET http://10.180.1.21/compute/v2.1/servers/28889c2c-0ec6-446f-952f-59e9398ac594 0.802s
2025-11-21 12:48:17.532 66219 INFO tempest.lib.common.rest_client [req-047b72f1-6d04-4d9a-9b62-07da454609d7 req-047b72f1-6d04-4d9a-9b62-07da454609d7 ] Request (ServerActionsTestOtherB:test_create_backup): 200 GET http://10.180.1.21/image/v2/images/8407ae3e-93ac-41d0-b898-5a1d2b91199f 0.026s
2025-11-21 12:48:17.938 66193 INFO tempest.lib.common.rest_client [req-f6012e85-fd8f-4743-8add-35a315b4e1dd req-f6012e85-fd8f-4743-8add-35a315b4e1dd ] Request (VolumesAdminNegativeTest:tearDownClass): 404 GET http://10.180.1.21/volume/v3/volumes/a91c95f6-cff9-464b-bb9f-9bb0d46efd72 0.016s
2025-11-21 12:48:18.387 66224 INFO tempest.lib.common.rest_client [req-6b875a21-9cf1-4adc-9e98-dd050f7207c6 req-6b875a21-9cf1-4adc-9e98-dd050f7207c6 ] Request (AttachInterfacesTestJSON:setUpClass): 200 PUT http://10.180.1.21/networking/v2.0/routers/b912ecf7-0420-457f-be98-7ce1ec44b364/add_router_interface 1.037s
2025-11-21 12:48:18.388 66224 INFO tempest.lib.common.dynamic_creds [-] Created isolated network resources for: credentials: Credentials: {'domain_id': 'default', 'domain_name': 'Default', 'username': 'tempest-AttachInterfacesTestJSON-474500666-project-member', 'project_domain_id': 'default', 'project_domain_name': 'Default', 'project_id': '4fb3802838bf458e908d734fd4a90e1a', 'project_name': 'tempest-AttachInterfacesTestJSON-474500666', 'tenant_id': '4fb3802838bf458e908d734fd4a90e1a', 'tenant_name': 'tempest-AttachInterfacesTestJSON-474500666', 'user_domain_id': 'default', 'user_domain_name': 'Default', 'user_id': '45c5021f4eed42b7ac3c9ebb1084b709', 'system': None}, Network: {'id': '6ca6072f-f323-4403-9ddd-ff8f4eaabad9', 'name': 'tempest-AttachInterfacesTestJSON-1226342071-network', 'tenant_id': '4fb3802838bf458e908d734fd4a90e1a', 'project_id': '4fb3802838bf458e908d734fd4a90e1a', 'admin_state_up': True, 'mtu': 8950, 'status': 'ACTIVE', 'subnets': [], 'shared': False, 'port_security_enabled': True, 'router:external': False, 'provider:network_type': 'vlan', 'provider:physical_network': 'default', 'provider:segmentation_id': 890, 'availability_zone_hints': [], 'availability_zones': [], 'ipv4_address_scope': None, 'ipv6_address_scope': None, 'description': '', 'tags': [], 'created_at': '2025-11-21T12:48:16Z', 'updated_at': '2025-11-21T12:48:16Z', 'revision_number': 1}, Subnet: {'id': '11cb733a-e62f-4e98-8259-7283d37d0fd9', 'name': 'tempest-AttachInterfacesTestJSON-1226342071-subnet', 'tenant_id': '4fb3802838bf458e908d734fd4a90e1a', 'network_id': '6ca6072f-f323-4403-9ddd-ff8f4eaabad9', 'ip_version': 4, 'subnetpool_id': None, 'enable_dhcp': True, 'ipv6_ra_mode': None, 'ipv6_address_mode': None, 'gateway_ip': '192.168.128.1', 'cidr': '192.168.128.0/28', 'allocation_pools': [{'start': '192.168.128.2', 'end': '192.168.128.14'}], 'host_routes': [], 'dns_nameservers': [], 'description': '', 'router:external': False, 'service_types': [], 'tags': [], 'created_at': '2025-11-21T12:48:16Z', 'updated_at': '2025-11-21T12:48:16Z', 'revision_number': 0, 'project_id': '4fb3802838bf458e908d734fd4a90e1a'}, Router: {'id': 'b912ecf7-0420-457f-be98-7ce1ec44b364', 'name': 'tempest-AttachInterfacesTestJSON-1226342071-router', 'tenant_id': '4fb3802838bf458e908d734fd4a90e1a', 'admin_state_up': True, 'status': 'ACTIVE', 'external_gateway_info': {'network_id': '3753d3ec-79ab-4536-a8b6-e64d5a10ef41', 'external_fixed_ips': [{'subnet_id': '4e4d19dd-da82-4130-876d-22d3c70eca1f', 'ip_address': '10.180.180.158'}], 'enable_snat': True}, 'description': '', 'availability_zones': [], 'distributed': False, 'ha': False, 'availability_zone_hints': [], 'routes': [], 'flavor_id': None, 'tags': [], 'created_at': '2025-11-21T12:48:16Z', 'updated_at': '2025-11-21T12:48:17Z', 'revision_number': 2, 'project_id': '4fb3802838bf458e908d734fd4a90e1a'}
2025-11-21 12:48:18.452 66195 INFO tempest.lib.common.rest_client [req-685b4f01-f1a6-4b65-80fe-73b6b5fb3f19 req-685b4f01-f1a6-4b65-80fe-73b6b5fb3f19 ] Request (ServerShowV247Test:tearDownClass): 200 GET http://10.180.1.21/compute/v2.1/servers/e9e4cdf4-0107-4a8b-b657-f7cde09c99ed 1.762s
2025-11-21 12:48:18.484 66203 INFO tempest.lib.common.rest_client [req-c5bcaa8b-3269-49ca-b15b-3c3e92426e3e req-c5bcaa8b-3269-49ca-b15b-3c3e92426e3e ] Request (ServersListShow2100Test:test_list_show_rebuild_update_server_2100): 200 GET http://10.180.1.21/compute/v2.1/servers/372e3531-551a-4817-9371-d3b300650c07 1.717s
2025-11-21 12:48:18.505 66227 INFO tempest.lib.common.rest_client [req-46cf1ad1-e474-4e3f-8051-cd87f7a6851a req-46cf1ad1-e474-4e3f-8051-cd87f7a6851a ] Request (ExtensionsTest:test_list_extensions): 200 GET http://10.180.1.21/compute/v2.1/extensions 1.640s
2025-11-21 12:48:18.542 66224 INFO tempest.lib.common.rest_client [req-c9ff5907-b4a9-4a5c-b7a5-1867bc3b9c08 req-c9ff5907-b4a9-4a5c-b7a5-1867bc3b9c08 ] Request (AttachInterfacesTestJSON:setUpClass): 201 POST http://10.180.1.21/identity/v3/auth/tokens 0.149s
2025-11-21 12:48:18.554 66219 INFO tempest.lib.common.rest_client [req-827cea18-358a-48c1-8b8a-f04504a066cd req-827cea18-358a-48c1-8b8a-f04504a066cd ] Request (ServerActionsTestOtherB:test_create_backup): 200 GET http://10.180.1.21/image/v2/images/8407ae3e-93ac-41d0-b898-5a1d2b91199f 0.022s
2025-11-21 12:48:18.677 66227 INFO tempest.lib.common.rest_client [req-d597d652-75f3-4c03-9685-43073330a1f5 req-d597d652-75f3-4c03-9685-43073330a1f5 ] Request (ExtensionsTest:tearDownClass): 204 DELETE http://10.180.1.21/identity/v3/users/cb01633e6fc74342b69f8f14b2a8403a 0.154s
2025-11-21 12:48:18.678 66227 INFO tempest.lib.common.dynamic_creds [-] Deleting project and security group for project: 50655f4741f64209b6ad35aeaed18c5b
2025-11-21 12:48:18.743 66227 INFO tempest.lib.common.rest_client [req-544ded22-9a1d-446f-ae42-cb77937b0a1e req-544ded22-9a1d-446f-ae42-cb77937b0a1e ] Request (ExtensionsTest:tearDownClass): 201 POST http://10.180.1.21/identity/v3/auth/tokens 0.065s
2025-11-21 12:48:18.795 66197 INFO tempest.lib.common.rest_client [req-578f7e25-b7ff-4e6c-a311-edaf4f7f9d03 req-578f7e25-b7ff-4e6c-a311-edaf4f7f9d03 ] Request (ServersTestMultiNic:_run_cleanups): 200 GET http://10.180.1.21/compute/v2.1/servers/a33e7e9f-3c11-4c6f-9989-6729394a8da1 2.019s
