2025-11-21 12:47:29.461 66227 INFO tempest.lib.common.rest_client [req-b297bbec-79aa-4d98-b0e9-3ea151ce44ac req-b297bbec-79aa-4d98-b0e9-3ea151ce44ac ] Request (ServerMetadataTestJSON:test_update_server_metadata): 200 GET http://10.180.1.21/compute/v2.1/servers/b4787858-d751-40a7-9cb7-033aeb6e2c84/metadata 0.984s
2025-11-21 12:47:29.607 66212 INFO tempest.lib.common.rest_client [req-532bb3b0-f1c6-4177-ba5b-c322f1823163 req-532bb3b0-f1c6-4177-ba5b-c322f1823163 ] Request (SecurityGroupRulesTestJSON:test_security_group_rules_create): 200 POST http://10.180.1.21/compute/v2.1/os-security-groups 1.149s
2025-11-21 12:47:29.671 66213 INFO tempest.lib.common.rest_client [req-02f52f50-8342-47e7-87b8-bc75666f0c98 req-02f52f50-8342-47e7-87b8-bc75666f0c98 ] Request (AttachInterfacesV270Test:test_create_get_list_interfaces): 200 GET http://10.180.1.21/compute/v2.1/servers/dee6889b-f8ef-48b4-864e-83d8eed24bd3 1.147s
2025-11-21 12:47:29.820 66219 INFO tempest.lib.common.rest_client [req-7212c558-2311-4408-975b-728a67b4b836 req-7212c558-2311-4408-975b-728a67b4b836 ] Request (ServerActionsTestOtherB:setUpClass): 200 GET http://10.180.1.21/compute/v2.1/servers/dec66662-4e0f-4ff8-9058-1d6376416aa6/os-interface 0.919s
2025-11-21 12:47:30.419 66219 INFO tempest.lib.common.rest_client [req-9b06ccd1-a230-4e66-b8d6-1ddc963c932a req-9b06ccd1-a230-4e66-b8d6-1ddc963c932a ] Request (ServerActionsTestOtherB:setUpClass): 200 PUT http://10.180.1.21/networking/v2.0/floatingips/0c2dfd83-9d17-4513-a42c-d8f23897e7ad 0.597s
2025-11-21 12:47:30.420 66219 INFO tempest.lib.common.ssh [-] Creating ssh connection to '10.180.180.254:22' as 'cirros' with public key authentication
2025-11-21 12:47:30.554 66187 INFO tempest.lib.common.rest_client [req-125f21ca-5444-424e-916e-ed5f016db6b5 req-125f21ca-5444-424e-916e-ed5f016db6b5 ] Request (ServerMetadataNegativeTestJSON:setUpClass): 202 POST http://10.180.1.21/compute/v2.1/servers 2.055s
2025-11-21 12:47:30.801 66233 INFO tempest.lib.common.rest_client [req-8be395d0-28e5-468a-8fbb-3ecbade0cd3c req-8be395d0-28e5-468a-8fbb-3ecbade0cd3c ] Request (ServersTestJSON:test_create_server_with_admin_password): 202 POST http://10.180.1.21/compute/v2.1/servers 1.815s
2025-11-21 12:47:30.824 66195 INFO tempest.lib.common.rest_client [req-7877ee36-a774-427c-84bf-1af1852aeac4 req-7877ee36-a774-427c-84bf-1af1852aeac4 ] Request (ServerShowV247Test:test_update_rebuild_list_server): 202 POST http://10.180.1.21/compute/v2.1/servers/e9e4cdf4-0107-4a8b-b657-f7cde09c99ed/action 1.559s
2025-11-21 12:47:30.919 66201 INFO tempest.lib.common.rest_client [req-7bc9b67e-04ea-43d5-bad5-b919f20fc773 req-7bc9b67e-04ea-43d5-bad5-b919f20fc773 ] Request (ServerRescueTestJSONUnderV235:setUpClass): 200 GET http://10.180.1.21/compute/v2.1/servers/59278197-2bf4-4e9a-a9d3-706eded8b008 1.526s
2025-11-21 12:47:30.929 66201 INFO tempest.common.waiters [-] State transition "BUILD/scheduling" ==> "BUILD/None" after 10 second wait
2025-11-21 12:47:30.947 66224 INFO tempest.lib.common.rest_client [req-7413de1f-db92-4418-a983-4e0581b75cb4 req-7413de1f-db92-4418-a983-4e0581b75cb4 ] Request (ServersAdminNegativeTestJSON:tearDownClass): 204 DELETE http://10.180.1.21/compute/v2.1/servers/0dbea518-e44d-426f-8d08-3f8382ace99d 1.577s
2025-11-21 12:47:31.042 66205 INFO tempest.lib.common.rest_client [req-59b3c11a-258c-4919-a9d9-4459a33efdca req-59b3c11a-258c-4919-a9d9-4459a33efdca ] Request (InstanceActionsV221TestJSON:test_get_list_deleted_instance_actions): 200 GET http://10.180.1.21/compute/v2.1/servers/c0515c4c-3a73-4e2c-aeff-d08891328afd 1.639s
2025-11-21 12:47:31.052 66227 INFO tempest.lib.common.rest_client [req-6f8ee70d-6b97-4ee3-9bdb-7ce0d8d6d91b req-6f8ee70d-6b97-4ee3-9bdb-7ce0d8d6d91b ] Request (ServerMetadataTestJSON:tearDownClass): 204 DELETE http://10.180.1.21/compute/v2.1/servers/b4787858-d751-40a7-9cb7-033aeb6e2c84 1.589s
2025-11-21 12:47:31.266 66212 INFO tempest.lib.common.rest_client [req-f1051f54-2526-4eff-8e36-ec03961ab73f req-f1051f54-2526-4eff-8e36-ec03961ab73f ] Request (SecurityGroupRulesTestJSON:test_security_group_rules_create): 200 POST http://10.180.1.21/compute/v2.1/os-security-group-rules 1.656s
2025-11-21 12:47:31.293 66229 INFO tempest.lib.common.rest_client [req-c95eec0c-9a16-4849-ab89-19de43715b95 req-c95eec0c-9a16-4849-ab89-19de43715b95 ] Request (DeleteServersTestJSON:test_delete_active_server): 200 GET http://10.180.1.21/compute/v2.1/servers/5e12a65d-13e1-4d8d-9b6b-18b1ce31a245 1.322s
2025-11-21 12:47:31.371 66239 INFO tempest.lib.common.rest_client [req-c6120e27-d16f-4d48-973f-6e6bec37e49d req-c6120e27-d16f-4d48-973f-6e6bec37e49d ] Request (VolumesAssistedSnapshotsTest:tearDownClass): 200 GET http://10.180.1.21/compute/v2.1/servers/1eab0b25-ccdf-4d79-994c-04298613ec82 1.379s
2025-11-21 12:47:31.396 66215 INFO tempest.lib.common.rest_client [req-3810a674-f588-4622-8402-5b895f165fa5 req-3810a674-f588-4622-8402-5b895f165fa5 ] Request (ServerShowV254Test:test_rebuild_server): 200 GET http://10.180.1.21/compute/v2.1/servers/5e2d45ff-4da9-4a9d-a86a-5b24e9f29d65 1.358s
2025-11-21 12:47:31.406 66215 INFO tempest.common.waiters [-] State transition "BUILD/spawning" ==> "ACTIVE/None" after 41 second wait
2025-11-21 12:47:31.459 66221 INFO tempest.lib.common.rest_client [req-c7527c6f-6ce5-4ea3-b97d-764dd842af10 req-c7527c6f-6ce5-4ea3-b97d-764dd842af10 ] Request (SecurityGroupsTestJSON:test_server_security_groups): 200 GET http://10.180.1.21/compute/v2.1/servers/d8cab879-d461-4c29-86d4-f31cf1ca4a1d 1.413s
2025-11-21 12:47:31.480 66197 INFO tempest.lib.common.rest_client [req-e843cd0f-131c-4abc-808a-3e88fcb6fec0 req-e843cd0f-131c-4abc-808a-3e88fcb6fec0 ] Request (ServersTestMultiNic:test_verify_duplicate_network_nics): 200 GET http://10.180.1.21/compute/v2.1/servers/a33e7e9f-3c11-4c6f-9989-6729394a8da1 1.385s
2025-11-21 12:47:31.612 66189 INFO tempest.lib.common.rest_client [req-da74d2c4-0320-4395-9dd9-687ec58f8b34 req-da74d2c4-0320-4395-9dd9-687ec58f8b34 ] Request (ImagesOneServerTestJSON:tearDownClass): 200 GET http://10.180.1.21/compute/v2.1/servers/ce3d685c-56b7-4b8d-aedf-2a04aa5a8fd3 1.450s
2025-11-21 12:47:31.654 66237 INFO tempest.lib.common.rest_client [req-1d456282-b2d9-42e6-ac82-06cb29c46465 req-1d456282-b2d9-42e6-ac82-06cb29c46465 ] Request (ServerActionsTestOtherA:test_rebuild_server_in_stop_state): 200 GET http://10.180.1.21/compute/v2.1/servers/20906082-addb-4127-8ff5-20d6ca712e03 1.545s
2025-11-21 12:47:31.661 66237 INFO tempest.common.waiters [-] State transition "BUILD/None" ==> "BUILD/block_device_mapping" after 39 second wait
2025-11-21 12:47:31.667 66193 INFO tempest.lib.common.rest_client [req-7884e0bb-9302-434a-a835-4678e54aaa4b req-7884e0bb-9302-434a-a835-4678e54aaa4b ] Request (VolumesAdminNegativeTest:test_update_attached_volume_with_nonexistent_volume_in_uri): 200 GET http://10.180.1.21/compute/v2.1/servers/4021e888-02d5-4681-8f0f-377173994876 1.494s
2025-11-21 12:47:31.720 66203 INFO tempest.lib.common.rest_client [req-a7a84692-c8a7-4bd2-9a4f-b06b32929e3d req-a7a84692-c8a7-4bd2-9a4f-b06b32929e3d ] Request (ServersTestJSON:tearDownClass): 200 GET http://10.180.1.21/compute/v2.1/servers/c28d7cf8-2d98-4b61-a306-b071a6c16da2 1.481s
2025-11-21 12:47:31.771 66208 INFO tempest.lib.common.rest_client [req-26b092d7-8cec-4a71-b24a-862893912374 req-26b092d7-8cec-4a71-b24a-862893912374 ] Request (ServersWithSpecificFlavorTestJSON:test_verify_created_server_ephemeral_disk): 200 GET http://10.180.1.21/compute/v2.1/servers/34aed745-d23e-4c79-95fd-17a3c2027fbb 1.443s
2025-11-21 12:47:31.912 66183 INFO tempest.lib.common.rest_client [req-20fdbe92-9bb3-4bc6-82ac-add44ae07938 req-20fdbe92-9bb3-4bc6-82ac-add44ae07938 ] Request (ImagesTestJSON:test_create_server_from_snapshot): 200 GET http://10.180.1.21/compute/v2.1/servers/04fa7278-7f11-4915-bcbe-ea2f8656b971 1.519s
2025-11-21 12:47:31.919 66183 INFO tempest.common.waiters [-] State transition "BUILD/scheduling" ==> "BUILD/None" after 2 second wait
2025-11-21 12:47:31.937 66185 INFO tempest.lib.common.rest_client [req-da719e12-4bdd-4dec-aa97-538b3cef4b0e req-da719e12-4bdd-4dec-aa97-538b3cef4b0e ] Request (ServersAdminTestJSON:test_create_server_with_scheduling_hint): 200 GET http://10.180.1.21/compute/v2.1/servers/a15820e4-2dc0-4ae1-85ef-3b654b53412f 1.582s
2025-11-21 12:47:31.987 66231 INFO tempest.lib.common.rest_client [req-f459bd19-c322-4c50-bfc2-9d63b07f2706 req-f459bd19-c322-4c50-bfc2-9d63b07f2706 ] Request (MigrationsAdminTest:test_resize_server_revert_deleted_flavor): 200 GET http://10.180.1.21/compute/v2.1/servers/8a0377ef-7f60-4a71-b192-a6cf188e8ff4 1.545s
2025-11-21 12:47:32.003 66187 INFO tempest.lib.common.rest_client [req-3966f078-6af7-43e1-b891-73f6df5b0745 req-3966f078-6af7-43e1-b891-73f6df5b0745 ] Request (ServerMetadataNegativeTestJSON:setUpClass): 200 GET http://10.180.1.21/compute/v2.1/servers/c2bc28fd-8694-4365-8789-d7ced1171e42 1.447s
2025-11-21 12:47:32.038 66213 INFO tempest.lib.common.rest_client [req-c3d4278b-bd18-4973-b15f-2107238024a7 req-c3d4278b-bd18-4973-b15f-2107238024a7 ] Request (AttachInterfacesV270Test:test_create_get_list_interfaces): 200 GET http://10.180.1.21/compute/v2.1/servers/dee6889b-f8ef-48b4-864e-83d8eed24bd3 1.357s
2025-11-21 12:47:32.097 66195 INFO tempest.lib.common.rest_client [req-9064efff-5764-48d0-a4e4-967a5be89929 req-9064efff-5764-48d0-a4e4-967a5be89929 ] Request (ServerShowV247Test:test_update_rebuild_list_server): 200 GET http://10.180.1.21/compute/v2.1/servers/e9e4cdf4-0107-4a8b-b657-f7cde09c99ed 1.257s
2025-11-21 12:47:32.199 66233 INFO tempest.lib.common.rest_client [req-2d01463d-93d9-4bea-9501-a45c159e9ceb req-2d01463d-93d9-4bea-9501-a45c159e9ceb ] Request (ServersTestJSON:_run_cleanups): 204 DELETE http://10.180.1.21/compute/v2.1/servers/a35143eb-7f54-4d85-918b-fd50d81befa9 1.396s
2025-11-21 12:47:32.233 66224 INFO tempest.lib.common.rest_client [req-44f20b92-e886-44b3-b41b-c64fa2fc5801 req-44f20b92-e886-44b3-b41b-c64fa2fc5801 ] Request (ServersAdminNegativeTestJSON:tearDownClass): 200 GET http://10.180.1.21/compute/v2.1/servers/0dbea518-e44d-426f-8d08-3f8382ace99d 1.285s
2025-11-21 12:47:32.396 66212 INFO tempest.lib.common.rest_client [req-96192064-2a1b-4bb2-aa7f-8e15348d4b6e req-96192064-2a1b-4bb2-aa7f-8e15348d4b6e ] Request (SecurityGroupRulesTestJSON:test_security_group_rules_create_with_optional_cidr): 200 POST http://10.180.1.21/compute/v2.1/os-security-groups 1.125s
2025-11-21 12:47:32.421 66227 INFO tempest.lib.common.rest_client [req-9064915a-9fa7-4e50-9948-739ef725fee4 req-9064915a-9fa7-4e50-9948-739ef725fee4 ] Request (ServerMetadataTestJSON:tearDownClass): 200 GET http://10.180.1.21/compute/v2.1/servers/b4787858-d751-40a7-9cb7-033aeb6e2c84 1.368s
2025-11-21 12:47:32.432 66215 INFO tempest.lib.common.rest_client [req-305f1d55-569f-43dd-9591-35129400bbe3 req-305f1d55-569f-43dd-9591-35129400bbe3 ] Request (ServerShowV254Test:test_rebuild_server): 201 POST http://10.180.1.21/compute/v2.1/os-keypairs 1.024s
2025-11-21 12:47:32.497 66201 INFO tempest.lib.common.rest_client [req-f1d7ea88-e68d-4fdf-98e9-3c6ee9f354c4 req-f1d7ea88-e68d-4fdf-98e9-3c6ee9f354c4 ] Request (ServerRescueTestJSONUnderV235:setUpClass): 200 GET http://10.180.1.21/compute/v2.1/servers/59278197-2bf4-4e9a-a9d3-706eded8b008 0.567s
2025-11-21 12:47:32.515 66205 INFO tempest.lib.common.rest_client [req-8b1b1c02-c47f-4022-9c6a-ccd687b37a03 req-8b1b1c02-c47f-4022-9c6a-ccd687b37a03 ] Request (InstanceActionsV221TestJSON:test_get_list_deleted_instance_actions): 200 GET http://10.180.1.21/compute/v2.1/servers/c0515c4c-3a73-4e2c-aeff-d08891328afd 0.461s
2025-11-21 12:47:32.519 66233 INFO tempest.lib.common.rest_client [req-377614ee-01f6-4d1d-9fe3-71259d71fa53 req-377614ee-01f6-4d1d-9fe3-71259d71fa53 ] Request (ServersTestJSON:_run_cleanups): 404 GET http://10.180.1.21/compute/v2.1/servers/a35143eb-7f54-4d85-918b-fd50d81befa9 0.319s
2025-11-21 12:47:32.557 66233 INFO tempest.lib.common.rest_client [req-3bf01ffc-3212-4bcf-8ca0-bdaf39f2a478 req-3bf01ffc-3212-4bcf-8ca0-bdaf39f2a478 ] Request (ServersTestJSON:test_create_server_with_ipv6_addr_only): 201 POST http://10.180.1.21/identity/v3/auth/tokens 0.032s
2025-11-21 12:47:32.557 66233 INFO tempest.lib.common.fixed_network [-] (ServersTestJSON:test_create_server_with_ipv6_addr_only) Found network {'id': 'f735d0b6-a85f-4bb4-873b-6613609e6d07', 'name': 'tempest-ServersTestJSON-585089057-network', 'tenant_id': '3873466e52654d24a8e7afc24124d7f6', 'project_id': '3873466e52654d24a8e7afc24124d7f6', 'admin_state_up': True, 'mtu': 8950, 'status': 'ACTIVE', 'subnets': [], 'shared': False, 'port_security_enabled': True, 'router:external': False, 'provider:network_type': 'vlan', 'provider:physical_network': 'default', 'provider:segmentation_id': 776, 'availability_zone_hints': [], 'availability_zones': [], 'ipv4_address_scope': None, 'ipv6_address_scope': None, 'description': '', 'tags': [], 'created_at': '2025-11-21T12:46:42Z', 'updated_at': '2025-11-21T12:46:42Z', 'revision_number': 1} available for tenant
2025-11-21 12:47:32.629 66229 INFO tempest.lib.common.rest_client [req-47562c34-f310-414c-ac8f-64cdd41dd24a req-47562c34-f310-414c-ac8f-64cdd41dd24a ] Request (DeleteServersTestJSON:test_delete_active_server): 200 GET http://10.180.1.21/compute/v2.1/servers/5e12a65d-13e1-4d8d-9b6b-18b1ce31a245 0.328s
2025-11-21 12:47:32.633 66239 INFO tempest.lib.common.rest_client [req-c26d8661-cc23-45d8-a659-ac43858df6e7 req-c26d8661-cc23-45d8-a659-ac43858df6e7 ] Request (VolumesAssistedSnapshotsTest:tearDownClass): 200 GET http://10.180.1.21/compute/v2.1/servers/1eab0b25-ccdf-4d79-994c-04298613ec82 0.249s
2025-11-21 12:47:32.864 66212 INFO tempest.lib.common.rest_client [req-7eec2549-1d69-43f7-815a-16552ebc4755 req-7eec2549-1d69-43f7-815a-16552ebc4755 ] Request (SecurityGroupRulesTestJSON:test_security_group_rules_create_with_optional_cidr): 200 POST http://10.180.1.21/compute/v2.1/os-security-group-rules 0.465s
2025-11-21 12:47:32.895 66215 INFO tempest.lib.common.rest_client [req-e4534240-464b-43e9-9309-f7bcbe6135ab req-e4534240-464b-43e9-9309-f7bcbe6135ab ] Request (ServerShowV254Test:test_rebuild_server): 202 POST http://10.180.1.21/compute/v2.1/servers/5e2d45ff-4da9-4a9d-a86a-5b24e9f29d65/action 0.462s
2025-11-21 12:47:32.942 66221 INFO tempest.lib.common.rest_client [req-0ab4ddc9-06d4-4a37-9165-26cc9ae75e04 req-0ab4ddc9-06d4-4a37-9165-26cc9ae75e04 ] Request (SecurityGroupsTestJSON:test_server_security_groups): 200 GET http://10.180.1.21/compute/v2.1/servers/d8cab879-d461-4c29-86d4-f31cf1ca4a1d 0.468s
2025-11-21 12:47:32.986 66197 INFO tempest.lib.common.rest_client [req-b5523b78-8ae4-428a-8bce-7ca15ebec8b3 req-b5523b78-8ae4-428a-8bce-7ca15ebec8b3 ] Request (ServersTestMultiNic:test_verify_duplicate_network_nics): 200 GET http://10.180.1.21/compute/v2.1/servers/a33e7e9f-3c11-4c6f-9989-6729394a8da1 0.493s
2025-11-21 12:47:33.077 66189 INFO tempest.lib.common.rest_client [req-c65ac7e1-572d-469f-9fde-fb4127eaaace req-c65ac7e1-572d-469f-9fde-fb4127eaaace ] Request (ImagesOneServerTestJSON:tearDownClass): 200 GET http://10.180.1.21/compute/v2.1/servers/ce3d685c-56b7-4b8d-aedf-2a04aa5a8fd3 0.455s
2025-11-21 12:47:33.199 66237 INFO tempest.lib.common.rest_client [req-6337ddd7-dfca-48bd-aebc-ddaf6bb0769c req-6337ddd7-dfca-48bd-aebc-ddaf6bb0769c ] Request (ServerActionsTestOtherA:test_rebuild_server_in_stop_state): 200 GET http://10.180.1.21/compute/v2.1/servers/20906082-addb-4127-8ff5-20d6ca712e03 0.537s
2025-11-21 12:47:33.207 66237 INFO tempest.common.waiters [-] State transition "BUILD/block_device_mapping" ==> "BUILD/spawning" after 41 second wait
2025-11-21 12:47:33.338 66233 INFO tempest.lib.common.rest_client [req-09ac281c-5cea-4ac0-a4f3-0d42ddcc2ba9 req-09ac281c-5cea-4ac0-a4f3-0d42ddcc2ba9 ] Request (ServersTestJSON:test_create_server_with_ipv6_addr_only): 202 POST http://10.180.1.21/compute/v2.1/servers 0.780s
2025-11-21 12:47:33.345 66193 INFO tempest.lib.common.rest_client [req-65f446d0-9627-4c15-98eb-83134cf1070c req-65f446d0-9627-4c15-98eb-83134cf1070c ] Request (VolumesAdminNegativeTest:test_update_attached_volume_with_nonexistent_volume_in_uri): 200 GET http://10.180.1.21/compute/v2.1/servers/4021e888-02d5-4681-8f0f-377173994876 0.664s
2025-11-21 12:47:33.562 66203 INFO tempest.lib.common.rest_client [req-df32f2d8-d097-4442-82da-4c57a9dbc849 req-df32f2d8-d097-4442-82da-4c57a9dbc849 ] Request (ServersTestJSON:tearDownClass): 200 GET http://10.180.1.21/compute/v2.1/servers/c28d7cf8-2d98-4b61-a306-b071a6c16da2 0.830s
2025-11-21 12:47:33.586 66208 INFO tempest.lib.common.rest_client [req-f387d1cd-5080-4e87-8dd0-08898ed6bdd9 req-f387d1cd-5080-4e87-8dd0-08898ed6bdd9 ] Request (ServersWithSpecificFlavorTestJSON:test_verify_created_server_ephemeral_disk): 200 GET http://10.180.1.21/compute/v2.1/servers/34aed745-d23e-4c79-95fd-17a3c2027fbb 0.805s
2025-11-21 12:47:33.650 66215 INFO tempest.lib.common.rest_client [req-9cc686c2-0260-4530-b203-685be1185e96 req-9cc686c2-0260-4530-b203-685be1185e96 ] Request (ServerShowV254Test:test_rebuild_server): 200 GET http://10.180.1.21/compute/v2.1/servers/5e2d45ff-4da9-4a9d-a86a-5b24e9f29d65 0.748s
2025-11-21 12:47:33.698 66212 INFO tempest.lib.common.rest_client [req-4f9fa1cb-185b-42fc-97a9-6b5b42ee64fd req-4f9fa1cb-185b-42fc-97a9-6b5b42ee64fd ] Request (SecurityGroupRulesTestJSON:test_security_group_rules_create_with_optional_group_id): 200 POST http://10.180.1.21/compute/v2.1/os-security-groups 0.831s
2025-11-21 12:47:33.707 66183 INFO tempest.lib.common.rest_client [req-0f8856f4-730c-4cee-ba1a-32cfb8e9dc48 req-0f8856f4-730c-4cee-ba1a-32cfb8e9dc48 ] Request (ImagesTestJSON:test_create_server_from_snapshot): 200 GET http://10.180.1.21/compute/v2.1/servers/04fa7278-7f11-4915-bcbe-ea2f8656b971 0.786s
2025-11-21 12:47:33.779 66231 INFO tempest.lib.common.rest_client [req-6979063e-1278-47c4-b624-21ecab901278 req-6979063e-1278-47c4-b624-21ecab901278 ] Request (MigrationsAdminTest:test_resize_server_revert_deleted_flavor): 200 GET http://10.180.1.21/compute/v2.1/servers/8a0377ef-7f60-4a71-b192-a6cf188e8ff4 0.782s
2025-11-21 12:47:33.827 66185 INFO tempest.lib.common.rest_client [req-ea1fe802-2b31-4c0b-8b55-e4de198c1011 req-ea1fe802-2b31-4c0b-8b55-e4de198c1011 ] Request (ServersAdminTestJSON:test_create_server_with_scheduling_hint): 200 GET http://10.180.1.21/compute/v2.1/servers/a15820e4-2dc0-4ae1-85ef-3b654b53412f 0.880s
2025-11-21 12:47:33.847 66187 INFO tempest.lib.common.rest_client [req-a266ef02-81b9-4312-ba72-1fa2617865c2 req-a266ef02-81b9-4312-ba72-1fa2617865c2 ] Request (ServerMetadataNegativeTestJSON:setUpClass): 200 GET http://10.180.1.21/compute/v2.1/servers/c2bc28fd-8694-4365-8789-d7ced1171e42 0.837s
2025-11-21 12:47:33.876 66179 WARNING tempest.lib.common.ssh [-] Failed to establish authenticated ssh connection to cirros@10.180.180.176 ([Errno None] Unable to connect to port 22 on 10.180.180.176). Number attempts: 4. Retry after 5 seconds.: paramiko.ssh_exception.NoValidConnectionsError: [Errno None] Unable to connect to port 22 on 10.180.180.176
2025-11-21 12:47:33.887 66213 INFO tempest.lib.common.rest_client [req-a4971056-19a0-418f-9a33-d0d1515254d6 req-a4971056-19a0-418f-9a33-d0d1515254d6 ] Request (AttachInterfacesV270Test:test_create_get_list_interfaces): 200 GET http://10.180.1.21/compute/v2.1/servers/dee6889b-f8ef-48b4-864e-83d8eed24bd3 0.839s
2025-11-21 12:47:33.922 66195 INFO tempest.lib.common.rest_client [req-578f0722-b895-4143-982d-bf9e3ee6f1db req-578f0722-b895-4143-982d-bf9e3ee6f1db ] Request (ServerShowV247Test:test_update_rebuild_list_server): 200 GET http://10.180.1.21/compute/v2.1/servers/e9e4cdf4-0107-4a8b-b657-f7cde09c99ed 0.816s
2025-11-21 12:47:33.932 66195 INFO tempest.common.waiters [-] State transition "REBUILD/rebuilding" ==> "REBUILD/rebuild_block_device_mapping" after 1 second wait
2025-11-21 12:47:33.955 66224 INFO tempest.lib.common.rest_client [req-627b3694-2e9c-403e-bd56-a16be556a241 req-627b3694-2e9c-403e-bd56-a16be556a241 ] Request (ServersAdminNegativeTestJSON:tearDownClass): 200 GET http://10.180.1.21/compute/v2.1/servers/0dbea518-e44d-426f-8d08-3f8382ace99d 0.713s
2025-11-21 12:47:33.962 66233 INFO tempest.lib.common.rest_client [req-b69ca9a7-7f8f-4735-975a-df2c95cec166 req-b69ca9a7-7f8f-4735-975a-df2c95cec166 ] Request (ServersTestJSON:test_create_server_with_ipv6_addr_only): 200 GET http://10.180.1.21/compute/v2.1/servers/1a5af046-9cd7-4ec2-821f-09d71e5b4dd6 0.621s
2025-11-21 12:47:34.011 66227 INFO tempest.lib.common.rest_client [req-b69e5d7d-ca18-4e92-a27d-1f452ff0550d req-b69e5d7d-ca18-4e92-a27d-1f452ff0550d ] Request (ServerMetadataTestJSON:tearDownClass): 200 GET http://10.180.1.21/compute/v2.1/servers/b4787858-d751-40a7-9cb7-033aeb6e2c84 0.581s
2025-11-21 12:47:34.021 66201 INFO tempest.lib.common.rest_client [req-4e0292a7-1d01-444e-9643-b11118cac243 req-4e0292a7-1d01-444e-9643-b11118cac243 ] Request (ServerRescueTestJSONUnderV235:setUpClass): 200 GET http://10.180.1.21/compute/v2.1/servers/59278197-2bf4-4e9a-a9d3-706eded8b008 0.516s
2025-11-21 12:47:34.034 66205 INFO tempest.lib.common.rest_client [req-1a90f5e9-d445-40fd-bf1e-7da6c0d12b08 req-1a90f5e9-d445-40fd-bf1e-7da6c0d12b08 ] Request (InstanceActionsV221TestJSON:test_get_list_deleted_instance_actions): 404 GET http://10.180.1.21/compute/v2.1/servers/c0515c4c-3a73-4e2c-aeff-d08891328afd 0.507s
2025-11-21 12:47:34.086 66229 INFO tempest.lib.common.rest_client [req-28b8edf5-0dfb-49f0-8e0a-d8ade7938035 req-28b8edf5-0dfb-49f0-8e0a-d8ade7938035 ] Request (DeleteServersTestJSON:test_delete_active_server): 200 GET http://10.180.1.21/compute/v2.1/servers/5e12a65d-13e1-4d8d-9b6b-18b1ce31a245 0.447s
2025-11-21 12:47:34.103 66239 INFO tempest.lib.common.rest_client [req-6cc7acd0-9dd3-41b6-aafe-c6cd1b98368f req-6cc7acd0-9dd3-41b6-aafe-c6cd1b98368f ] Request (VolumesAssistedSnapshotsTest:tearDownClass): 200 GET http://10.180.1.21/compute/v2.1/servers/1eab0b25-ccdf-4d79-994c-04298613ec82 0.461s
2025-11-21 12:47:34.114 66177 WARNING tempest.lib.common.ssh [-] Failed to establish authenticated ssh connection to cirros@10.180.180.191 ([Errno None] Unable to connect to port 22 on 10.180.180.191). Number attempts: 9. Retry after 10 seconds.: paramiko.ssh_exception.NoValidConnectionsError: [Errno None] Unable to connect to port 22 on 10.180.180.191
2025-11-21 12:47:34.184 66221 INFO tempest.lib.common.rest_client [req-819e7ca1-f79c-46ae-a7a2-1ddd34a2344c req-819e7ca1-f79c-46ae-a7a2-1ddd34a2344c ] Request (SecurityGroupsTestJSON:test_server_security_groups): 200 GET http://10.180.1.21/compute/v2.1/servers/d8cab879-d461-4c29-86d4-f31cf1ca4a1d 0.231s
2025-11-21 12:47:34.219 66212 INFO tempest.lib.common.rest_client [req-ec5da479-a114-44f5-9545-ea907bafa875 req-ec5da479-a114-44f5-9545-ea907bafa875 ] Request (SecurityGroupRulesTestJSON:test_security_group_rules_create_with_optional_group_id): 200 POST http://10.180.1.21/compute/v2.1/os-security-groups 0.518s
2025-11-21 12:47:34.238 66197 INFO tempest.lib.common.rest_client [req-ac9ac9f6-13b2-43d6-843f-f614495c4c59 req-ac9ac9f6-13b2-43d6-843f-f614495c4c59 ] Request (ServersTestMultiNic:test_verify_duplicate_network_nics): 200 GET http://10.180.1.21/compute/v2.1/servers/a33e7e9f-3c11-4c6f-9989-6729394a8da1 0.242s
2025-11-21 12:47:34.271 66205 INFO tempest.lib.common.rest_client [req-975a46ca-019e-4e5d-acf8-3309276edf0a req-975a46ca-019e-4e5d-acf8-3309276edf0a ] Request (InstanceActionsV221TestJSON:test_get_list_deleted_instance_actions): 200 GET http://10.180.1.21/compute/v2.1/servers/c0515c4c-3a73-4e2c-aeff-d08891328afd/os-instance-actions 0.236s
2025-11-21 12:47:34.292 66189 INFO tempest.lib.common.rest_client [req-2c598a61-c91f-40cb-93e4-4d5f22295916 req-2c598a61-c91f-40cb-93e4-4d5f22295916 ] Request (ImagesOneServerTestJSON:tearDownClass): 200 GET http://10.180.1.21/compute/v2.1/servers/ce3d685c-56b7-4b8d-aedf-2a04aa5a8fd3 0.206s
2025-11-21 12:47:34.357 66237 INFO tempest.lib.common.rest_client [req-845d1ee7-9668-464f-91c8-0f019a2885ba req-845d1ee7-9668-464f-91c8-0f019a2885ba ] Request (ServerActionsTestOtherA:test_rebuild_server_in_stop_state): 200 GET http://10.180.1.21/compute/v2.1/servers/20906082-addb-4127-8ff5-20d6ca712e03 0.149s
2025-11-21 12:47:34.373 66205 INFO tempest.lib.common.rest_client [req-85a7e58a-5b07-4905-beae-3105155e11bd req-85a7e58a-5b07-4905-beae-3105155e11bd ] Request (InstanceActionsV221TestJSON:tearDownClass): 404 DELETE http://10.180.1.21/compute/v2.1/servers/c0515c4c-3a73-4e2c-aeff-d08891328afd 0.099s
2025-11-21 12:47:34.425 66193 INFO tempest.lib.common.rest_client [req-58986234-8b4c-45c8-8672-9dca305aaf38 req-58986234-8b4c-45c8-8672-9dca305aaf38 ] Request (VolumesAdminNegativeTest:test_update_attached_volume_with_nonexistent_volume_in_uri): 200 GET http://10.180.1.21/compute/v2.1/servers/4021e888-02d5-4681-8f0f-377173994876 0.066s
2025-11-21 12:47:34.448 66205 INFO tempest.lib.common.rest_client [req-08ac81c7-e298-4b7d-a8aa-f72e0ebf1bd1 req-08ac81c7-e298-4b7d-a8aa-f72e0ebf1bd1 ] Request (InstanceActionsV221TestJSON:tearDownClass): 404 GET http://10.180.1.21/compute/v2.1/servers/c0515c4c-3a73-4e2c-aeff-d08891328afd 0.074s
2025-11-21 12:47:34.459 66212 INFO tempest.lib.common.rest_client [req-1a809cce-c34c-4e7e-a55a-a704fb9ba5b3 req-1a809cce-c34c-4e7e-a55a-a704fb9ba5b3 ] Request (SecurityGroupRulesTestJSON:test_security_group_rules_create_with_optional_group_id): 200 POST http://10.180.1.21/compute/v2.1/os-security-group-rules 0.236s
2025-11-21 12:47:34.461 66212 WARNING tempest.lib.common.rest_client [-] Deprecated: "tenant_id" property is deprecated for removal, use "project_id" instead
2025-11-21 12:47:34.579 66212 INFO tempest.lib.common.rest_client [req-7bedd0bb-70df-4db3-acfe-349f9dad79d7 req-7bedd0bb-70df-4db3-acfe-349f9dad79d7 ] Request (SecurityGroupRulesTestJSON:test_security_group_rules_delete_when_peer_group_deleted): 200 POST http://10.180.1.21/compute/v2.1/os-security-groups 0.116s
2025-11-21 12:47:34.724 66212 INFO tempest.lib.common.rest_client [req-c7f65bda-5b62-4e86-8549-3f37be531b9b req-c7f65bda-5b62-4e86-8549-3f37be531b9b ] Request (SecurityGroupRulesTestJSON:test_security_group_rules_delete_when_peer_group_deleted): 200 POST http://10.180.1.21/compute/v2.1/os-security-groups 0.142s
2025-11-21 12:47:34.751 66203 INFO tempest.lib.common.rest_client [req-069df8bb-e2a1-4b96-84f0-7760f10f99c6 req-069df8bb-e2a1-4b96-84f0-7760f10f99c6 ] Request (ServersTestJSON:tearDownClass): 200 GET http://10.180.1.21/compute/v2.1/servers/c28d7cf8-2d98-4b61-a306-b071a6c16da2 0.176s
2025-11-21 12:47:34.798 66208 INFO tempest.lib.common.rest_client [req-ea289abb-d01f-4cc1-8b52-883485d955c2 req-ea289abb-d01f-4cc1-8b52-883485d955c2 ] Request (ServersWithSpecificFlavorTestJSON:test_verify_created_server_ephemeral_disk): 200 GET http://10.180.1.21/compute/v2.1/servers/34aed745-d23e-4c79-95fd-17a3c2027fbb 0.203s
2025-11-21 12:47:34.822 66215 INFO tempest.lib.common.rest_client [req-07f9d96a-aaaf-43d4-99ae-c094db670eac req-07f9d96a-aaaf-43d4-99ae-c094db670eac ] Request (ServerShowV254Test:test_rebuild_server): 200 GET http://10.180.1.21/compute/v2.1/servers/5e2d45ff-4da9-4a9d-a86a-5b24e9f29d65 0.160s
2025-11-21 12:47:34.881 66183 INFO tempest.lib.common.rest_client [req-bd9bbebe-dee0-4f09-9be0-183401f7e3eb req-bd9bbebe-dee0-4f09-9be0-183401f7e3eb ] Request (ImagesTestJSON:test_create_server_from_snapshot): 200 GET http://10.180.1.21/compute/v2.1/servers/04fa7278-7f11-4915-bcbe-ea2f8656b971 0.164s
2025-11-21 12:47:35.037 66212 INFO tempest.lib.common.rest_client [req-174f1500-304b-4742-8f3f-baaad81c599f req-174f1500-304b-4742-8f3f-baaad81c599f ] Request (SecurityGroupRulesTestJSON:test_security_group_rules_delete_when_peer_group_deleted): 200 POST http://10.180.1.21/compute/v2.1/os-security-group-rules 0.309s
2025-11-21 12:47:35.057 66231 INFO tempest.lib.common.rest_client [req-1629c792-1de6-4a7c-a2fc-b07a5eabe67a req-1629c792-1de6-4a7c-a2fc-b07a5eabe67a ] Request (MigrationsAdminTest:test_resize_server_revert_deleted_flavor): 200 GET http://10.180.1.21/compute/v2.1/servers/8a0377ef-7f60-4a71-b192-a6cf188e8ff4 0.269s
2025-11-21 12:47:35.163 66187 INFO tempest.lib.common.rest_client [req-38774dd4-7cc6-47e3-af7e-d0abd2591f50 req-38774dd4-7cc6-47e3-af7e-d0abd2591f50 ] Request (ServerMetadataNegativeTestJSON:setUpClass): 200 GET http://10.180.1.21/compute/v2.1/servers/c2bc28fd-8694-4365-8789-d7ced1171e42 0.307s
2025-11-21 12:47:35.189 66185 INFO tempest.lib.common.rest_client [req-d2c69afb-ca78-4170-880f-3f78d44f27b4 req-d2c69afb-ca78-4170-880f-3f78d44f27b4 ] Request (ServersAdminTestJSON:test_create_server_with_scheduling_hint): 200 GET http://10.180.1.21/compute/v2.1/servers/a15820e4-2dc0-4ae1-85ef-3b654b53412f 0.354s
2025-11-21 12:47:35.238 66213 INFO tempest.lib.common.rest_client [req-af7e6196-d987-4688-83de-1044c11daa99 req-af7e6196-d987-4688-83de-1044c11daa99 ] Request (AttachInterfacesV270Test:test_create_get_list_interfaces): 200 GET http://10.180.1.21/compute/v2.1/servers/dee6889b-f8ef-48b4-864e-83d8eed24bd3 0.340s
2025-11-21 12:47:35.255 66195 INFO tempest.lib.common.rest_client [req-42cdd6d4-1306-422b-b234-0df10be93b8b req-42cdd6d4-1306-422b-b234-0df10be93b8b ] Request (ServerShowV247Test:test_update_rebuild_list_server): 200 GET http://10.180.1.21/compute/v2.1/servers/e9e4cdf4-0107-4a8b-b657-f7cde09c99ed 0.321s
2025-11-21 12:47:35.266 66195 INFO tempest.common.waiters [-] State transition "REBUILD/rebuild_block_device_mapping" ==> "REBUILD/rebuild_spawning" after 3 second wait
2025-11-21 12:47:35.298 66224 INFO tempest.lib.common.rest_client [req-864d5cc3-e745-4e7b-b909-cc723be6fa22 req-864d5cc3-e745-4e7b-b909-cc723be6fa22 ] Request (ServersAdminNegativeTestJSON:tearDownClass): 200 GET http://10.180.1.21/compute/v2.1/servers/0dbea518-e44d-426f-8d08-3f8382ace99d 0.332s
2025-11-21 12:47:35.306 66224 INFO tempest.common.waiters [-] State transition "ACTIVE/deleting" ==> "DELETED/None" after 3 second wait
2025-11-21 12:47:35.311 66233 INFO tempest.lib.common.rest_client [req-a061ee01-b2d5-4b9e-a1be-55fcd8d371b8 req-a061ee01-b2d5-4b9e-a1be-55fcd8d371b8 ] Request (ServersTestJSON:test_create_server_with_ipv6_addr_only): 200 GET http://10.180.1.21/compute/v2.1/servers/1a5af046-9cd7-4ec2-821f-09d71e5b4dd6 0.339s
2025-11-21 12:47:35.324 66205 INFO tempest.lib.common.rest_client [req-5ed93572-6bdb-4fb6-ad2b-6b0e9cc97e74 req-5ed93572-6bdb-4fb6-ad2b-6b0e9cc97e74 ] Request (InstanceActionsV221TestJSON:tearDownClass): 200 PUT http://10.180.1.21/networking/v2.0/routers/3b5975a3-810a-407a-b3c0-e1184ec298d1/remove_router_interface 0.876s
2025-11-21 12:47:35.354 66227 INFO tempest.lib.common.rest_client [req-91c87896-69c8-4299-ae96-4d421ec590c3 req-91c87896-69c8-4299-ae96-4d421ec590c3 ] Request (ServerMetadataTestJSON:tearDownClass): 200 GET http://10.180.1.21/compute/v2.1/servers/b4787858-d751-40a7-9cb7-033aeb6e2c84 0.332s
2025-11-21 12:47:35.361 66227 INFO tempest.common.waiters [-] State transition "ACTIVE/deleting" ==> "DELETED/None" after 3 second wait
2025-11-21 12:47:35.369 66201 INFO tempest.lib.common.rest_client [req-cd832130-0172-4eb5-84f7-62bcdf70ee41 req-cd832130-0172-4eb5-84f7-62bcdf70ee41 ] Request (ServerRescueTestJSONUnderV235:setUpClass): 200 GET http://10.180.1.21/compute/v2.1/servers/59278197-2bf4-4e9a-a9d3-706eded8b008 0.337s
2025-11-21 12:47:35.500 66212 INFO tempest.lib.common.rest_client [req-d9be998f-453b-4b4a-a14e-43288843b7bd req-d9be998f-453b-4b4a-a14e-43288843b7bd ] Request (SecurityGroupRulesTestJSON:test_security_group_rules_delete_when_peer_group_deleted): 202 DELETE http://10.180.1.21/compute/v2.1/os-security-groups/f5471e51-df26-4148-b410-c1295005d58d 0.459s
2025-11-21 12:47:35.522 66229 INFO tempest.lib.common.rest_client [req-863867a0-d383-42a0-a9bf-1524207a513e req-863867a0-d383-42a0-a9bf-1524207a513e ] Request (DeleteServersTestJSON:test_delete_active_server): 200 GET http://10.180.1.21/compute/v2.1/servers/5e12a65d-13e1-4d8d-9b6b-18b1ce31a245 0.427s
2025-11-21 12:47:35.522 66239 INFO tempest.lib.common.rest_client [req-6cb2cce4-cece-42b1-a28f-3653a0e6d3c9 req-6cb2cce4-cece-42b1-a28f-3653a0e6d3c9 ] Request (VolumesAssistedSnapshotsTest:tearDownClass): 404 GET http://10.180.1.21/compute/v2.1/servers/1eab0b25-ccdf-4d79-994c-04298613ec82 0.411s
2025-11-21 12:47:35.541 66219 WARNING tempest.lib.common.ssh [-] Failed to establish authenticated ssh connection to cirros@10.180.180.254 ([Errno None] Unable to connect to port 22 on 10.180.180.254). Number attempts: 1. Retry after 2 seconds.: paramiko.ssh_exception.NoValidConnectionsError: [Errno None] Unable to connect to port 22 on 10.180.180.254
2025-11-21 12:47:35.575 66221 INFO tempest.lib.common.rest_client [req-2bb792ec-a8ee-4fba-a4cb-7dfe4edd10ca req-2bb792ec-a8ee-4fba-a4cb-7dfe4edd10ca ] Request (SecurityGroupsTestJSON:test_server_security_groups): 200 GET http://10.180.1.21/compute/v2.1/servers/d8cab879-d461-4c29-86d4-f31cf1ca4a1d 0.380s
2025-11-21 12:47:35.591 66197 INFO tempest.lib.common.rest_client [req-193b7ca6-4d60-4b01-b3ef-0e3911848a7b req-193b7ca6-4d60-4b01-b3ef-0e3911848a7b ] Request (ServersTestMultiNic:test_verify_duplicate_network_nics): 200 GET http://10.180.1.21/compute/v2.1/servers/a33e7e9f-3c11-4c6f-9989-6729394a8da1 0.345s
2025-11-21 12:47:35.643 66189 INFO tempest.lib.common.rest_client [req-1c614af3-31f4-4a55-9b80-00443f384e36 req-1c614af3-31f4-4a55-9b80-00443f384e36 ] Request (ImagesOneServerTestJSON:tearDownClass): 200 GET http://10.180.1.21/compute/v2.1/servers/ce3d685c-56b7-4b8d-aedf-2a04aa5a8fd3 0.341s
2025-11-21 12:47:35.696 66205 INFO tempest.lib.common.rest_client [req-0f38e2a0-0966-4607-a595-f6dce976f258 req-0f38e2a0-0966-4607-a595-f6dce976f258 ] Request (InstanceActionsV221TestJSON:tearDownClass): 204 DELETE http://10.180.1.21/networking/v2.0/routers/3b5975a3-810a-407a-b3c0-e1184ec298d1 0.371s
2025-11-21 12:47:35.753 66193 INFO tempest.lib.common.rest_client [req-1ce34634-df31-475a-8e90-4df51acc744d req-1ce34634-df31-475a-8e90-4df51acc744d ] Request (VolumesAdminNegativeTest:test_update_attached_volume_with_nonexistent_volume_in_uri): 200 GET http://10.180.1.21/compute/v2.1/servers/4021e888-02d5-4681-8f0f-377173994876 0.316s
2025-11-21 12:47:35.775 66237 INFO tempest.lib.common.rest_client [req-a2e0e7e1-d89f-4e29-a7ec-5f0c8f184529 req-a2e0e7e1-d89f-4e29-a7ec-5f0c8f184529 ] Request (ServerActionsTestOtherA:test_rebuild_server_in_stop_state): 200 GET http://10.180.1.21/compute/v2.1/servers/20906082-addb-4127-8ff5-20d6ca712e03 0.410s
2025-11-21 12:47:35.797 66239 INFO tempest.lib.common.rest_client [req-12af290a-dc66-4e21-abd8-c00585a896fe req-12af290a-dc66-4e21-abd8-c00585a896fe ] Request (VolumesAssistedSnapshotsTest:tearDownClass): 202 DELETE http://10.180.1.21/compute/v2.1/os-keypairs/tempest-keypair-260747787 0.275s
2025-11-21 12:47:35.839 66212 INFO tempest.lib.common.rest_client [req-f2a24a61-fc0f-4775-aa21-f744b54f4c6a req-f2a24a61-fc0f-4775-aa21-f744b54f4c6a ] Request (SecurityGroupRulesTestJSON:test_security_group_rules_delete_when_peer_group_deleted): 200 GET http://10.180.1.21/compute/v2.1/os-security-groups/807f81e3-308f-43d8-8ffb-2cb223dc7e92 0.339s
2025-11-21 12:47:35.914 66205 INFO tempest.lib.common.rest_client [req-a2f440ce-f2a7-4e47-9c20-f30fc5c10c80 req-a2f440ce-f2a7-4e47-9c20-f30fc5c10c80 ] Request (InstanceActionsV221TestJSON:tearDownClass): 204 DELETE http://10.180.1.21/networking/v2.0/subnets/447828a5-d19c-404e-ac03-85783dd497b5 0.218s
2025-11-21 12:47:35.940 66239 INFO tempest.lib.common.rest_client [req-faa10f04-b9f9-4364-8e24-cbb4dba1544a req-faa10f04-b9f9-4364-8e24-cbb4dba1544a ] Request (VolumesAssistedSnapshotsTest:tearDownClass): 204 DELETE http://10.180.1.21/networking/v2.0/security-groups/ae9b11c1-1e39-4e0c-a82f-84ebc807cf15 0.142s
2025-11-21 12:47:35.942 66203 INFO tempest.lib.common.rest_client [req-2ba60eb9-13f2-4941-9c39-a98104d3e86f req-2ba60eb9-13f2-4941-9c39-a98104d3e86f ] Request (ServersTestJSON:tearDownClass): 200 GET http://10.180.1.21/compute/v2.1/servers/c28d7cf8-2d98-4b61-a306-b071a6c16da2 0.177s
2025-11-21 12:47:35.959 66239 INFO tempest.lib.common.rest_client [req-01b2aefd-536d-46ea-9761-65eb7394abda req-01b2aefd-536d-46ea-9761-65eb7394abda ] Request (VolumesAssistedSnapshotsTest:tearDownClass): 404 GET http://10.180.1.21/networking/v2.0/security-groups/ae9b11c1-1e39-4e0c-a82f-84ebc807cf15 0.018s
2025-11-21 12:47:35.962 66208 INFO tempest.lib.common.rest_client [req-7ede3db7-7823-49e6-92e2-9e60b194433e req-7ede3db7-7823-49e6-92e2-9e60b194433e ] Request (ServersWithSpecificFlavorTestJSON:test_verify_created_server_ephemeral_disk): 200 GET http://10.180.1.21/compute/v2.1/servers/34aed745-d23e-4c79-95fd-17a3c2027fbb 0.154s
2025-11-21 12:47:36.198 66239 INFO tempest.lib.common.rest_client [req-78c3a50a-0c21-4f69-820e-e664a2f99478 req-78c3a50a-0c21-4f69-820e-e664a2f99478 ] Request (VolumesAssistedSnapshotsTest:tearDownClass): 204 DELETE http://10.180.1.21/networking/v2.0/floatingips/ba7b769d-94b7-4efd-80ca-9c10f1c4002f 0.238s
2025-11-21 12:47:36.205 66205 INFO tempest.lib.common.rest_client [req-0f5845d0-7c7c-424b-8ad9-ccff02c2f28b req-0f5845d0-7c7c-424b-8ad9-ccff02c2f28b ] Request (InstanceActionsV221TestJSON:tearDownClass): 204 DELETE http://10.180.1.21/networking/v2.0/networks/c274e910-2473-4ddd-8277-93ed3da346c1 0.290s
2025-11-21 12:47:36.216 66239 INFO tempest.lib.common.rest_client [req-5c96760b-5fdc-47bf-9d02-9a538841bc86 req-5c96760b-5fdc-47bf-9d02-9a538841bc86 ] Request (VolumesAssistedSnapshotsTest:tearDownClass): 404 DELETE http://10.180.1.21/volume/v3/volumes/7a080e6c-86a0-4481-91b4-e863f51ea588 0.017s
2025-11-21 12:47:36.231 66239 INFO tempest.lib.common.rest_client [req-ffb72f58-382b-4f80-945c-ec7d3bfdaca3 req-ffb72f58-382b-4f80-945c-ec7d3bfdaca3 ] Request (VolumesAssistedSnapshotsTest:tearDownClass): 404 GET http://10.180.1.21/volume/v3/volumes/7a080e6c-86a0-4481-91b4-e863f51ea588 0.015s
2025-11-21 12:47:36.233 66215 INFO tempest.lib.common.rest_client [req-8b6d4231-24dd-4c2b-877f-478999237523 req-8b6d4231-24dd-4c2b-877f-478999237523 ] Request (ServerShowV254Test:test_rebuild_server): 200 GET http://10.180.1.21/compute/v2.1/servers/5e2d45ff-4da9-4a9d-a86a-5b24e9f29d65 0.400s
2025-11-21 12:47:36.242 66215 INFO tempest.common.waiters [-] State transition "REBUILD/rebuilding" ==> "REBUILD/rebuild_block_device_mapping" after 3 second wait
2025-11-21 12:47:36.331 66205 INFO tempest.lib.common.rest_client [req-7abb1196-bffa-44cc-83a5-e02d5d2c103c req-7abb1196-bffa-44cc-83a5-e02d5d2c103c ] Request (InstanceActionsV221TestJSON:tearDownClass): 204 DELETE http://10.180.1.21/identity/v3/users/ea2b672f405f4656abc4c1a034e87887 0.126s
2025-11-21 12:47:36.331 66205 INFO tempest.lib.common.dynamic_creds [-] Deleting project and security group for project: c03f279bb0dd4a10b74a3806de58cf88
2025-11-21 12:47:36.350 66212 INFO tempest.lib.common.rest_client [req-9ce1c97b-cdaa-432e-a021-3d33411580bd req-9ce1c97b-cdaa-432e-a021-3d33411580bd ] Request (SecurityGroupRulesTestJSON:test_security_group_rules_list): 200 POST http://10.180.1.21/compute/v2.1/os-security-groups 0.507s
2025-11-21 12:47:36.374 66183 INFO tempest.lib.common.rest_client [req-c3a704e0-b18e-401c-832d-a6318543b3b1 req-c3a704e0-b18e-401c-832d-a6318543b3b1 ] Request (ImagesTestJSON:test_create_server_from_snapshot): 200 GET http://10.180.1.21/compute/v2.1/servers/04fa7278-7f11-4915-bcbe-ea2f8656b971 0.484s
2025-11-21 12:47:36.390 66205 INFO tempest.lib.common.rest_client [req-16e9be80-fb49-4c68-94da-20bd96776af6 req-16e9be80-fb49-4c68-94da-20bd96776af6 ] Request (InstanceActionsV221TestJSON:tearDownClass): 200 GET http://10.180.1.21/networking/v2.0/security-groups?tenant_id=c03f279bb0dd4a10b74a3806de58cf88&name=default 0.059s
2025-11-21 12:47:36.417 66231 INFO tempest.lib.common.rest_client [req-1c5fd89b-764a-4b96-91b7-c8674daf45ed req-1c5fd89b-764a-4b96-91b7-c8674daf45ed ] Request (MigrationsAdminTest:test_resize_server_revert_deleted_flavor): 200 GET http://10.180.1.21/compute/v2.1/servers/8a0377ef-7f60-4a71-b192-a6cf188e8ff4 0.352s
2025-11-21 12:47:36.499 66205 INFO tempest.lib.common.rest_client [req-54091ca5-8a4a-4814-8137-f62f68c5d1b6 req-54091ca5-8a4a-4814-8137-f62f68c5d1b6 ] Request (InstanceActionsV221TestJSON:tearDownClass): 204 DELETE http://10.180.1.21/networking/v2.0/security-groups/2d99e83e-6cfc-4650-8c0f-fbd59d881c79 0.108s
2025-11-21 12:47:36.529 66187 INFO tempest.lib.common.rest_client [req-98705f63-d4bf-4c99-89a7-4f1646ff6b1e req-98705f63-d4bf-4c99-89a7-4f1646ff6b1e ] Request (ServerMetadataNegativeTestJSON:setUpClass): 200 GET http://10.180.1.21/compute/v2.1/servers/c2bc28fd-8694-4365-8789-d7ced1171e42 0.351s
2025-11-21 12:47:36.616 66213 INFO tempest.lib.common.rest_client [req-e3f97d32-4f2a-401c-a0e9-6a5a5e075906 req-e3f97d32-4f2a-401c-a0e9-6a5a5e075906 ] Request (AttachInterfacesV270Test:test_create_get_list_interfaces): 200 GET http://10.180.1.21/compute/v2.1/servers/dee6889b-f8ef-48b4-864e-83d8eed24bd3 0.365s
2025-11-21 12:47:36.627 66205 INFO tempest.lib.common.rest_client [req-cd93c197-d510-472f-bd0f-5712c920d770 req-cd93c197-d510-472f-bd0f-5712c920d770 ] Request (InstanceActionsV221TestJSON:tearDownClass): 204 DELETE http://10.180.1.21/identity/v3/projects/c03f279bb0dd4a10b74a3806de58cf88 0.127s
2025-11-21 12:47:36.634 66185 INFO tempest.lib.common.rest_client [req-a6ebedd4-1b1d-423e-88d2-88a1308c28f8 req-a6ebedd4-1b1d-423e-88d2-88a1308c28f8 ] Request (ServersAdminTestJSON:test_create_server_with_scheduling_hint): 200 GET http://10.180.1.21/compute/v2.1/servers/a15820e4-2dc0-4ae1-85ef-3b654b53412f 0.431s
2025-11-21 12:47:36.686 66195 INFO tempest.lib.common.rest_client [req-9c3ae22d-e536-4b6d-b987-d243790f786e req-9c3ae22d-e536-4b6d-b987-d243790f786e ] Request (ServerShowV247Test:test_update_rebuild_list_server): 200 GET http://10.180.1.21/compute/v2.1/servers/e9e4cdf4-0107-4a8b-b657-f7cde09c99ed 0.418s
2025-11-21 12:47:36.703 66224 INFO tempest.lib.common.rest_client [req-d3009b22-f549-4570-8cec-7ca7696d1f30 req-d3009b22-f549-4570-8cec-7ca7696d1f30 ] Request (ServersAdminNegativeTestJSON:tearDownClass): 200 GET http://10.180.1.21/compute/v2.1/servers/0dbea518-e44d-426f-8d08-3f8382ace99d 0.393s
2025-11-21 12:47:36.707 66205 INFO tempest.lib.common.rest_client [req-55c03255-c7f4-4d4a-8124-d18218e318a9 req-55c03255-c7f4-4d4a-8124-d18218e318a9 ] Request (ServersListShow298Test:setUpClass): 201 POST http://10.180.1.21/identity/v3/auth/tokens 0.078s
2025-11-21 12:47:36.753 66205 INFO tempest.lib.common.rest_client [req-19227918-c335-4c7e-a598-3f78b152d58e req-19227918-c335-4c7e-a598-3f78b152d58e ] Request (ServersListShow298Test:setUpClass): 201 POST http://10.180.1.21/identity/v3/auth/tokens 0.041s
2025-11-21 12:47:36.784 66233 INFO tempest.lib.common.rest_client [req-d4a867ae-1bd3-4a9f-beb4-a27b15904641 req-d4a867ae-1bd3-4a9f-beb4-a27b15904641 ] Request (ServersTestJSON:test_create_server_with_ipv6_addr_only): 200 GET http://10.180.1.21/compute/v2.1/servers/1a5af046-9cd7-4ec2-821f-09d71e5b4dd6 0.462s
2025-11-21 12:47:36.786 66205 INFO tempest.lib.common.rest_client [req-cf4b9743-a613-4c70-ab6b-e756f15ec10f req-cf4b9743-a613-4c70-ab6b-e756f15ec10f ] Request (ServersListShow298Test:setUpClass): 200 GET http://10.180.1.21/identity/v3/domains?name=Default 0.033s
2025-11-21 12:47:36.828 66205 INFO tempest.lib.common.rest_client [req-a3bb3c2d-b2d4-4b1a-ae72-3032e705e336 req-a3bb3c2d-b2d4-4b1a-ae72-3032e705e336 ] Request (ServersListShow298Test:setUpClass): 201 POST http://10.180.1.21/identity/v3/projects 0.041s
2025-11-21 12:47:36.897 66212 INFO tempest.lib.common.rest_client [req-e6eb264d-c717-44c5-be25-9d87aa8956bd req-e6eb264d-c717-44c5-be25-9d87aa8956bd ] Request (SecurityGroupRulesTestJSON:test_security_group_rules_list): 200 POST http://10.180.1.21/compute/v2.1/os-security-group-rules 0.542s
2025-11-21 12:47:36.908 66205 INFO tempest.lib.common.rest_client [req-5b75f7d6-3880-4849-a737-59f56216d84e req-5b75f7d6-3880-4849-a737-59f56216d84e ] Request (ServersListShow298Test:setUpClass): 201 POST http://10.180.1.21/identity/v3/users 0.079s
2025-11-21 12:47:36.926 66227 INFO tempest.lib.common.rest_client [req-155956c6-5d6f-4431-893b-0e67cfdade8b req-155956c6-5d6f-4431-893b-0e67cfdade8b ] Request (ServerMetadataTestJSON:tearDownClass): 200 GET http://10.180.1.21/compute/v2.1/servers/b4787858-d751-40a7-9cb7-033aeb6e2c84 0.564s
2025-11-21 12:47:36.940 66205 INFO tempest.lib.common.rest_client [req-fe64c6f2-82b7-494f-bc36-f09946026da5 req-fe64c6f2-82b7-494f-bc36-f09946026da5 ] Request (ServersListShow298Test:setUpClass): 200 GET http://10.180.1.21/identity/v3/roles 0.030s
2025-11-21 12:47:36.972 66205 INFO tempest.lib.common.rest_client [req-0b7cd1f6-74a2-4888-b723-48310f1cb527 req-0b7cd1f6-74a2-4888-b723-48310f1cb527 ] Request (ServersListShow298Test:setUpClass): 204 PUT http://10.180.1.21/identity/v3/projects/29c8bed97443438b87a3aa58dea97d5a/users/fb8a5be5d13c47509bf0b315ed019612/roles/85d2aa0347e64c86bf8cf95bef9080f1 0.032s
2025-11-21 12:47:36.972 66205 INFO tempest.lib.common.dynamic_creds [-] Dynamic test user fb8a5be5d13c47509bf0b315ed019612 is created with scope project and roles: ['member']
2025-11-21 12:47:36.973 66205 INFO tempest.lib.common.dynamic_creds [-] Acquired dynamic creds: credentials: Credentials: {'domain_id': 'default', 'domain_name': 'Default', 'username': 'tempest-ServersListShow298Test-1841183069-project-member', 'project_domain_id': 'default', 'project_domain_name': 'Default', 'project_id': '29c8bed97443438b87a3aa58dea97d5a', 'project_name': 'tempest-ServersListShow298Test-1841183069', 'tenant_id': '29c8bed97443438b87a3aa58dea97d5a', 'tenant_name': 'tempest-ServersListShow298Test-1841183069', 'user_domain_id': 'default', 'user_domain_name': 'Default', 'user_id': 'fb8a5be5d13c47509bf0b315ed019612', 'system': None}, Network: None, Subnet: None, Router: None
2025-11-21 12:47:36.973 66205 INFO tempest.lib.common.dynamic_creds [-] Created isolated network resources for: credentials: Credentials: {'domain_id': 'default', 'domain_name': 'Default', 'username': 'tempest-ServersListShow298Test-1841183069-project-member', 'project_domain_id': 'default', 'project_domain_name': 'Default', 'project_id': '29c8bed97443438b87a3aa58dea97d5a', 'project_name': 'tempest-ServersListShow298Test-1841183069', 'tenant_id': '29c8bed97443438b87a3aa58dea97d5a', 'tenant_name': 'tempest-ServersListShow298Test-1841183069', 'user_domain_id': 'default', 'user_domain_name': 'Default', 'user_id': 'fb8a5be5d13c47509bf0b315ed019612', 'system': None}, Network: None, Subnet: None, Router: None
2025-11-21 12:47:36.977 66201 INFO tempest.lib.common.rest_client [req-798ccbdb-4afb-43f0-8877-1d064dd5b649 req-798ccbdb-4afb-43f0-8877-1d064dd5b649 ] Request (ServerRescueTestJSONUnderV235:setUpClass): 200 GET http://10.180.1.21/compute/v2.1/servers/59278197-2bf4-4e9a-a9d3-706eded8b008 0.596s
2025-11-21 12:47:37.008 66229 INFO tempest.lib.common.rest_client [req-19b21876-fefc-4572-adf8-3f0d4f876883 req-19b21876-fefc-4572-adf8-3f0d4f876883 ] Request (DeleteServersTestJSON:test_delete_active_server): 200 GET http://10.180.1.21/compute/v2.1/servers/5e12a65d-13e1-4d8d-9b6b-18b1ce31a245 0.477s
2025-11-21 12:47:37.032 66221 INFO tempest.lib.common.rest_client [req-3cd0aa39-bd0c-43c4-b367-3e9ccfc2b4b9 req-3cd0aa39-bd0c-43c4-b367-3e9ccfc2b4b9 ] Request (SecurityGroupsTestJSON:test_server_security_groups): 200 GET http://10.180.1.21/compute/v2.1/servers/d8cab879-d461-4c29-86d4-f31cf1ca4a1d 0.446s
2025-11-21 12:47:37.058 66205 INFO tempest.lib.common.rest_client [req-4da060a6-72d3-42b5-86fa-b2ed7e57572d req-4da060a6-72d3-42b5-86fa-b2ed7e57572d ] Request (ServersListShow298Test:setUpClass): 201 POST http://10.180.1.21/identity/v3/auth/tokens 0.083s
2025-11-21 12:47:37.068 66197 INFO tempest.lib.common.rest_client [req-039c0a45-e56d-46da-9f77-bb3f5cec19b9 req-039c0a45-e56d-46da-9f77-bb3f5cec19b9 ] Request (ServersTestMultiNic:test_verify_duplicate_network_nics): 200 GET http://10.180.1.21/compute/v2.1/servers/a33e7e9f-3c11-4c6f-9989-6729394a8da1 0.466s
2025-11-21 12:47:37.097 66205 INFO tempest.lib.common.rest_client [req-7ee6e6e3-fa08-4a78-95a2-9f710431a34b req-7ee6e6e3-fa08-4a78-95a2-9f710431a34b ] Request (ServersListShow298Test:test_list_show_update_rebuild_server_298): 201 POST http://10.180.1.21/identity/v3/auth/tokens 0.031s
2025-11-21 12:47:37.097 66205 INFO tempest.lib.common.fixed_network [-] (ServersListShow298Test:test_list_show_update_rebuild_server_298) Found network None available for tenant
2025-11-21 12:47:37.108 66189 INFO tempest.lib.common.rest_client [req-7dfbfed8-2370-4bce-9ece-81ac405cd653 req-7dfbfed8-2370-4bce-9ece-81ac405cd653 ] Request (ImagesOneServerTestJSON:tearDownClass): 200 GET http://10.180.1.21/compute/v2.1/servers/ce3d685c-56b7-4b8d-aedf-2a04aa5a8fd3 0.456s
2025-11-21 12:47:37.140 66193 INFO tempest.lib.common.rest_client [req-8ab43a1f-68e0-4b3a-a147-3ec8ffd217a5 req-8ab43a1f-68e0-4b3a-a147-3ec8ffd217a5 ] Request (VolumesAdminNegativeTest:test_update_attached_volume_with_nonexistent_volume_in_uri): 200 GET http://10.180.1.21/compute/v2.1/servers/4021e888-02d5-4681-8f0f-377173994876 0.379s
2025-11-21 12:47:37.173 66239 INFO tempest.lib.common.rest_client [req-4d422bd1-0040-4b3d-91a2-69c3553e7445 req-4d422bd1-0040-4b3d-91a2-69c3553e7445 ] Request (VolumesAssistedSnapshotsTest:tearDownClass): 200 PUT http://10.180.1.21/networking/v2.0/routers/3cb2a606-a9d9-4bd2-899b-38c80ea4adb1/remove_router_interface 0.941s
2025-11-21 12:47:37.769 66212 INFO tempest.lib.common.rest_client [req-085d18aa-3b54-491b-a316-91112f061065 req-085d18aa-3b54-491b-a316-91112f061065 ] Request (SecurityGroupRulesTestJSON:test_security_group_rules_list): 200 POST http://10.180.1.21/compute/v2.1/os-security-group-rules 0.869s
2025-11-21 12:47:37.857 66237 INFO tempest.lib.common.rest_client [req-b6bfd102-6cbe-4b27-93e8-4f66617191ac req-b6bfd102-6cbe-4b27-93e8-4f66617191ac ] Request (ServerActionsTestOtherA:test_rebuild_server_in_stop_state): 200 GET http://10.180.1.21/compute/v2.1/servers/20906082-addb-4127-8ff5-20d6ca712e03 1.073s
