2025-11-21 12:46:56.074 66221 INFO tempest.lib.common.rest_client [req-d8cfa003-e4a1-4609-8b9f-16bf25d83fde req-d8cfa003-e4a1-4609-8b9f-16bf25d83fde ] Request (SecurityGroupsTestJSON:test_security_groups_create_list_delete): 200 POST http://10.180.1.21/compute/v2.1/os-security-groups 1.332s
2025-11-21 12:46:56.077 66209 INFO tempest.lib.common.rest_client [req-175fc532-d9de-4628-82f0-90a3c05eb80f req-175fc532-d9de-4628-82f0-90a3c05eb80f ] Request (ServerShowV263Test:setUpClass): 200 GET http://10.180.1.21/identity/v3/domains?name=Default 0.028s
2025-11-21 12:46:56.115 66209 INFO tempest.lib.common.rest_client [req-7cb4acc8-bccf-4d6d-b871-0a58c549ca15 req-7cb4acc8-bccf-4d6d-b871-0a58c549ca15 ] Request (ServerShowV263Test:setUpClass): 201 POST http://10.180.1.21/identity/v3/projects 0.037s
2025-11-21 12:46:56.185 66209 INFO tempest.lib.common.rest_client [req-268dc5fd-cd4f-493d-9ca6-f57576f5a96c req-268dc5fd-cd4f-493d-9ca6-f57576f5a96c ] Request (ServerShowV263Test:setUpClass): 201 POST http://10.180.1.21/identity/v3/users 0.069s
2025-11-21 12:46:56.204 66209 INFO tempest.lib.common.rest_client [req-b53e1416-8e1b-4506-9b73-1406248ed274 req-b53e1416-8e1b-4506-9b73-1406248ed274 ] Request (ServerShowV263Test:setUpClass): 200 GET http://10.180.1.21/identity/v3/roles 0.019s
2025-11-21 12:46:56.236 66209 INFO tempest.lib.common.rest_client [req-80ee7626-a06b-46ac-8473-2c6514c57669 req-80ee7626-a06b-46ac-8473-2c6514c57669 ] Request (ServerShowV263Test:setUpClass): 204 PUT http://10.180.1.21/identity/v3/projects/771729c50ccd4556bf497337ae7f8dbc/users/990e2c5ae50140119a43adf8a0496eb3/roles/85d2aa0347e64c86bf8cf95bef9080f1 0.032s
2025-11-21 12:46:56.237 66209 INFO tempest.lib.common.dynamic_creds [-] Dynamic test user 990e2c5ae50140119a43adf8a0496eb3 is created with scope project and roles: ['member']
2025-11-21 12:46:56.237 66209 INFO tempest.lib.common.dynamic_creds [-] Acquired dynamic creds: credentials: Credentials: {'domain_id': 'default', 'domain_name': 'Default', 'username': 'tempest-ServerShowV263Test-346026867-project-member', 'project_domain_id': 'default', 'project_domain_name': 'Default', 'project_id': '771729c50ccd4556bf497337ae7f8dbc', 'project_name': 'tempest-ServerShowV263Test-346026867', 'tenant_id': '771729c50ccd4556bf497337ae7f8dbc', 'tenant_name': 'tempest-ServerShowV263Test-346026867', 'user_domain_id': 'default', 'user_domain_name': 'Default', 'user_id': '990e2c5ae50140119a43adf8a0496eb3', 'system': None}, Network: None, Subnet: None, Router: None
2025-11-21 12:46:56.237 66209 INFO tempest.lib.common.dynamic_creds [-] Created isolated network resources for: credentials: Credentials: {'domain_id': 'default', 'domain_name': 'Default', 'username': 'tempest-ServerShowV263Test-346026867-project-member', 'project_domain_id': 'default', 'project_domain_name': 'Default', 'project_id': '771729c50ccd4556bf497337ae7f8dbc', 'project_name': 'tempest-ServerShowV263Test-346026867', 'tenant_id': '771729c50ccd4556bf497337ae7f8dbc', 'tenant_name': 'tempest-ServerShowV263Test-346026867', 'user_domain_id': 'default', 'user_domain_name': 'Default', 'user_id': '990e2c5ae50140119a43adf8a0496eb3', 'system': None}, Network: None, Subnet: None, Router: None
2025-11-21 12:46:56.315 66209 INFO tempest.lib.common.rest_client [req-c36db984-e540-430b-b380-063a32fd0e65 req-c36db984-e540-430b-b380-063a32fd0e65 ] Request (ServerShowV263Test:setUpClass): 201 POST http://10.180.1.21/identity/v3/auth/tokens 0.074s
2025-11-21 12:46:56.372 66209 INFO tempest.lib.common.rest_client [req-635f0cc3-8c63-4949-94df-c9bf44fc085f req-635f0cc3-8c63-4949-94df-c9bf44fc085f ] Request (ServerShowV263Test:setUpClass): 200 GET http://10.180.1.21/identity/v3/projects/771729c50ccd4556bf497337ae7f8dbc 0.056s
2025-11-21 12:46:56.372 66209 INFO tempest.lib.common.dynamic_creds [-] Using the existing project 771729c50ccd4556bf497337ae7f8dbc for scope project and roles: ['reader']
2025-11-21 12:46:56.383 66213 INFO tempest.lib.common.rest_client [req-f898b77e-b93b-4dec-ab3d-29860066e4b1 req-f898b77e-b93b-4dec-ab3d-29860066e4b1 ] Request (AttachInterfacesV270Test:setUpClass): 201 POST http://10.180.1.21/networking/v2.0/networks 0.395s
2025-11-21 12:46:56.403 66209 INFO tempest.lib.common.rest_client [req-e9e7ed06-57a1-45e7-8bc2-06fc94596b5d req-e9e7ed06-57a1-45e7-8bc2-06fc94596b5d ] Request (ServerShowV263Test:setUpClass): 201 POST http://10.180.1.21/identity/v3/users 0.030s
2025-11-21 12:46:56.426 66209 INFO tempest.lib.common.rest_client [req-252ef59a-7d85-4eba-bad1-4fdd41278efe req-252ef59a-7d85-4eba-bad1-4fdd41278efe ] Request (ServerShowV263Test:setUpClass): 200 GET http://10.180.1.21/identity/v3/roles 0.023s
2025-11-21 12:46:56.449 66212 INFO tempest.lib.common.rest_client [req-a684f106-79ed-4920-a7d3-4cbf750213c5 req-a684f106-79ed-4920-a7d3-4cbf750213c5 ] Request (FloatingIPsAssociationTestJSON:tearDownClass): 200 GET http://10.180.1.21/compute/v2.1/servers/c71add5e-9bec-4cd6-aafd-8d3260e60d28 1.522s
2025-11-21 12:46:56.456 66212 INFO tempest.common.waiters [-] State transition "ACTIVE/deleting" ==> "DELETED/None" after 5 second wait
2025-11-21 12:46:56.462 66219 INFO tempest.lib.common.rest_client [req-b2016fb1-346f-4b9c-95b2-d2a79484b8f1 req-b2016fb1-346f-4b9c-95b2-d2a79484b8f1 ] Request (ServerActionsTestOtherB:setUpClass): 200 GET http://10.180.1.21/compute/v2.1/servers/dec66662-4e0f-4ff8-9058-1d6376416aa6 1.125s
2025-11-21 12:46:56.466 66209 INFO tempest.lib.common.rest_client [req-6bf355ea-d329-433c-ad33-3d7b8a96217c req-6bf355ea-d329-433c-ad33-3d7b8a96217c ] Request (ServerShowV263Test:setUpClass): 204 PUT http://10.180.1.21/identity/v3/projects/771729c50ccd4556bf497337ae7f8dbc/users/132691ee92684b8482274d954432e760/roles/839cb230d70048a3933674da690d05cc 0.039s
2025-11-21 12:46:56.466 66209 INFO tempest.lib.common.dynamic_creds [-] Dynamic test user 132691ee92684b8482274d954432e760 is created with scope project and roles: ['reader']
2025-11-21 12:46:56.466 66209 INFO tempest.lib.common.dynamic_creds [-] Acquired dynamic creds: credentials: Credentials: {'domain_id': 'default', 'domain_name': 'Default', 'username': 'tempest-ServerShowV263Test-346026867-project-reader', 'project_domain_id': 'default', 'project_domain_name': 'Default', 'project_id': '771729c50ccd4556bf497337ae7f8dbc', 'project_name': 'tempest-ServerShowV263Test-346026867', 'tenant_id': '771729c50ccd4556bf497337ae7f8dbc', 'tenant_name': 'tempest-ServerShowV263Test-346026867', 'user_domain_id': 'default', 'user_domain_name': 'Default', 'user_id': '132691ee92684b8482274d954432e760', 'system': None}, Network: None, Subnet: None, Router: None
2025-11-21 12:46:56.467 66209 INFO tempest.lib.common.dynamic_creds [-] Network resources are not created for requested scope: project and credentials: Credentials: {'domain_id': 'default', 'domain_name': 'Default', 'username': 'tempest-ServerShowV263Test-346026867-project-reader', 'project_domain_id': 'default', 'project_domain_name': 'Default', 'project_id': '771729c50ccd4556bf497337ae7f8dbc', 'project_name': 'tempest-ServerShowV263Test-346026867', 'tenant_id': '771729c50ccd4556bf497337ae7f8dbc', 'tenant_name': 'tempest-ServerShowV263Test-346026867', 'user_domain_id': 'default', 'user_domain_name': 'Default', 'user_id': '132691ee92684b8482274d954432e760', 'system': None}, Network: None, Subnet: None, Router: None
2025-11-21 12:46:56.478 66231 INFO tempest.lib.common.rest_client [req-3a9ac92d-f4bf-440b-8197-f05f41bc3552 req-3a9ac92d-f4bf-440b-8197-f05f41bc3552 ] Request (MigrationsAdminTest:test_resize_server_revert_deleted_flavor): 200 GET http://10.180.1.21/compute/v2.1/flavors/42 1.085s
2025-11-21 12:46:56.544 66239 INFO tempest.lib.common.rest_client [req-a3772fed-8df3-4a66-8642-8587136ff3fa req-a3772fed-8df3-4a66-8642-8587136ff3fa ] Request (VolumesAssistedSnapshotsTest:_run_cleanups): 200 GET http://10.180.1.21/compute/v2.1/servers/1eab0b25-ccdf-4d79-994c-04298613ec82/os-volume_attachments 1.143s
2025-11-21 12:46:56.559 66209 INFO tempest.lib.common.rest_client [req-e82bb729-5aea-4c25-bb10-f20382dcf935 req-e82bb729-5aea-4c25-bb10-f20382dcf935 ] Request (ServerShowV263Test:setUpClass): 201 POST http://10.180.1.21/identity/v3/auth/tokens 0.090s
2025-11-21 12:46:56.576 66239 INFO tempest.lib.common.rest_client [req-3e081b9f-dcf7-4152-8251-d04d19f4a89f req-3e081b9f-dcf7-4152-8251-d04d19f4a89f ] Request (VolumesAssistedSnapshotsTest:_run_cleanups): 200 GET http://10.180.1.21/volume/v3/volumes/7a080e6c-86a0-4481-91b4-e863f51ea588 0.031s
2025-11-21 12:46:56.583 66239 INFO tempest.common.waiters [-] volume 7a080e6c-86a0-4481-91b4-e863f51ea588 reached available after waiting for 0.583447 seconds
2025-11-21 12:46:56.627 66239 INFO tempest.lib.common.rest_client [req-33ae3dde-50b8-4cb6-b13c-9a100a7b272b req-33ae3dde-50b8-4cb6-b13c-9a100a7b272b ] Request (VolumesAssistedSnapshotsTest:_run_cleanups): 202 DELETE http://10.180.1.21/volume/v3/volumes/7a080e6c-86a0-4481-91b4-e863f51ea588 0.044s
2025-11-21 12:46:56.657 66239 INFO tempest.lib.common.rest_client [req-b40ac86f-1e3f-4bf4-b7d4-6a4f439611a4 req-b40ac86f-1e3f-4bf4-b7d4-6a4f439611a4 ] Request (VolumesAssistedSnapshotsTest:_run_cleanups): 200 GET http://10.180.1.21/volume/v3/volumes/7a080e6c-86a0-4481-91b4-e863f51ea588 0.030s
2025-11-21 12:46:56.685 66213 INFO tempest.lib.common.rest_client [req-c0fff785-6ec2-45d6-b25b-9bd375131f96 req-c0fff785-6ec2-45d6-b25b-9bd375131f96 ] Request (AttachInterfacesV270Test:setUpClass): 201 POST http://10.180.1.21/networking/v2.0/subnets 0.301s
2025-11-21 12:46:56.696 66209 INFO tempest.lib.common.rest_client [req-0bda6c89-5602-4d99-a943-59760b92302a req-0bda6c89-5602-4d99-a943-59760b92302a ] Request (ServerShowV263Test:tearDownClass): 204 DELETE http://10.180.1.21/identity/v3/users/990e2c5ae50140119a43adf8a0496eb3 0.133s
2025-11-21 12:46:56.855 66209 INFO tempest.lib.common.rest_client [req-c3bc728b-b8a7-48cd-8a22-0d19384cb527 req-c3bc728b-b8a7-48cd-8a22-0d19384cb527 ] Request (ServerShowV263Test:tearDownClass): 204 DELETE http://10.180.1.21/identity/v3/users/132691ee92684b8482274d954432e760 0.159s
2025-11-21 12:46:56.856 66209 INFO tempest.lib.common.dynamic_creds [-] Deleting project and security group for project: 771729c50ccd4556bf497337ae7f8dbc
2025-11-21 12:46:56.931 66209 INFO tempest.lib.common.rest_client [req-e170bb0e-7518-4f4a-8df3-b56c5aafce87 req-e170bb0e-7518-4f4a-8df3-b56c5aafce87 ] Request (ServerShowV263Test:tearDownClass): 201 POST http://10.180.1.21/identity/v3/auth/tokens 0.075s
2025-11-21 12:46:57.059 66197 INFO tempest.lib.common.rest_client [req-92f1a803-b70e-41fd-bb2a-4d199254ea5d req-92f1a803-b70e-41fd-bb2a-4d199254ea5d ] Request (SecurityGroupRulesNegativeTestJSON:test_delete_security_group_rule_with_non_existent_id): 404 DELETE http://10.180.1.21/compute/v2.1/os-security-group-rules/4ffc07e0-327c-4265-a9cc-15c6e8025800 1.649s
2025-11-21 12:46:57.253 66203 WARNING tempest.lib.common.ssh [-] Failed to establish authenticated ssh connection to cirros@10.180.180.131 ([Errno None] Unable to connect to port 22 on 10.180.180.131). Number attempts: 5. Retry after 6 seconds.: paramiko.ssh_exception.NoValidConnectionsError: [Errno None] Unable to connect to port 22 on 10.180.180.131
2025-11-21 12:46:57.703 66239 INFO tempest.lib.common.rest_client [req-92b17c31-37a7-4baa-8652-9451acdafb37 req-92b17c31-37a7-4baa-8652-9451acdafb37 ] Request (VolumesAssistedSnapshotsTest:_run_cleanups): 200 GET http://10.180.1.21/volume/v3/volumes/7a080e6c-86a0-4481-91b4-e863f51ea588 0.037s
2025-11-21 12:46:57.792 66213 INFO tempest.lib.common.rest_client [req-07a83a70-c48a-45d8-8f56-c1ae664c0f2d req-07a83a70-c48a-45d8-8f56-c1ae664c0f2d ] Request (AttachInterfacesV270Test:setUpClass): 201 POST http://10.180.1.21/networking/v2.0/routers 1.106s
2025-11-21 12:46:57.826 66183 INFO tempest.lib.common.rest_client [req-7977475d-17e2-463e-b1e6-caeec25ec5a1 req-7977475d-17e2-463e-b1e6-caeec25ec5a1 ] Request (ImagesTestJSON:test_create_image_from_suspended_server): 200 GET http://10.180.1.21/compute/v2.1/servers/d38695ea-0964-41a7-8d72-55b04336830d 2.458s
2025-11-21 12:46:57.831 66209 INFO tempest.lib.common.rest_client [req-7a9f9bb7-4c7e-4691-ba11-a2a3597c4233 req-7a9f9bb7-4c7e-4691-ba11-a2a3597c4233 ] Request (ServerShowV263Test:tearDownClass): 200 GET http://10.180.1.21/networking/v2.0/security-groups?tenant_id=771729c50ccd4556bf497337ae7f8dbc&name=default 0.899s
2025-11-21 12:46:57.840 66183 INFO tempest.common.waiters [-] State transition "BUILD/spawning" ==> "ACTIVE/None" after 28 second wait
2025-11-21 12:46:57.856 66233 INFO tempest.lib.common.rest_client [req-4d5eaf3a-d270-4de6-b46f-395e7f010b31 req-4d5eaf3a-d270-4de6-b46f-395e7f010b31 ] Request (ServersTestJSON:test_create_server_specify_multibyte_character_name): 200 GET http://10.180.1.21/compute/v2.1/servers/a4224ae6-3d4f-4479-809c-3c16857a987f 2.394s
2025-11-21 12:46:57.869 66191 INFO tempest.lib.common.rest_client [req-e6e08d93-70d3-4e89-a1a4-207e0f2b0d25 req-e6e08d93-70d3-4e89-a1a4-207e0f2b0d25 ] Request (KeyPairsV22TestJSON:test_keypairsv22_create_list_show_with_type): 200 GET http://10.180.1.21/compute/v2.1/os-keypairs/tempest-keypair-1402304585 2.085s
2025-11-21 12:46:57.988 66209 INFO tempest.lib.common.rest_client [req-a3a85446-ced5-4775-aebf-c881bb627527 req-a3a85446-ced5-4775-aebf-c881bb627527 ] Request (ServerShowV263Test:tearDownClass): 204 DELETE http://10.180.1.21/networking/v2.0/security-groups/1eb1e1e1-aeb9-4623-a911-3f710280e97e 0.156s
2025-11-21 12:46:58.028 66201 INFO tempest.lib.common.rest_client [req-9e1a5b2b-3077-4eb5-93c6-92aaa33f8825 req-9e1a5b2b-3077-4eb5-93c6-92aaa33f8825 ] Request (ServersAaction247Test:tearDownClass): 200 GET http://10.180.1.21/compute/v2.1/servers/f4bdcc86-b3d2-4336-be92-e074c190efb7 2.472s
2025-11-21 12:46:58.041 66215 INFO tempest.lib.common.rest_client [req-3c965d06-a6b9-4e9c-b8ae-3057d7531a4a req-3c965d06-a6b9-4e9c-b8ae-3057d7531a4a ] Request (ServerShowV254Test:test_rebuild_server): 200 GET http://10.180.1.21/compute/v2.1/servers/5e2d45ff-4da9-4a9d-a86a-5b24e9f29d65 2.207s
2025-11-21 12:46:58.054 66225 INFO tempest.lib.common.rest_client [req-f7592828-1a2e-492c-8b00-d992c89c1701 req-f7592828-1a2e-492c-8b00-d992c89c1701 ] Request (FlavorsAdminTestJSON:_run_cleanups): 200 GET http://10.180.1.21/compute/v2.1/flavors/detail 2.183s
2025-11-21 12:46:58.087 66209 INFO tempest.lib.common.rest_client [req-5ec706de-b2fa-4ff7-bd7f-6e893ba14a34 req-5ec706de-b2fa-4ff7-bd7f-6e893ba14a34 ] Request (ServerShowV263Test:tearDownClass): 204 DELETE http://10.180.1.21/identity/v3/projects/771729c50ccd4556bf497337ae7f8dbc 0.099s
2025-11-21 12:46:58.189 66209 INFO tempest.lib.common.rest_client [req-94c6c747-76cc-4a86-8032-9ff444d52d3b req-94c6c747-76cc-4a86-8032-9ff444d52d3b ] Request (QuotasTestJSON:setUpClass): 201 POST http://10.180.1.21/identity/v3/auth/tokens 0.100s
2025-11-21 12:46:58.239 66209 INFO tempest.lib.common.rest_client [req-29b84eda-70c7-43b0-9ad0-a2cbd873c0e0 req-29b84eda-70c7-43b0-9ad0-a2cbd873c0e0 ] Request (QuotasTestJSON:setUpClass): 201 POST http://10.180.1.21/identity/v3/auth/tokens 0.044s
2025-11-21 12:46:58.283 66209 INFO tempest.lib.common.rest_client [req-5f02065a-a0b0-4322-974b-82fc3aa50c57 req-5f02065a-a0b0-4322-974b-82fc3aa50c57 ] Request (QuotasTestJSON:setUpClass): 200 GET http://10.180.1.21/identity/v3/domains?name=Default 0.043s
2025-11-21 12:46:58.299 66187 INFO tempest.lib.common.rest_client [req-8bf37924-9f29-4278-ad5d-742c19ec03c4 req-8bf37924-9f29-4278-ad5d-742c19ec03c4 ] Request (ServerDiagnosticsV248Test:tearDownClass): 200 GET http://10.180.1.21/compute/v2.1/servers/076c55a9-731a-462b-8158-3331d701b43c 2.393s
2025-11-21 12:46:58.328 66209 INFO tempest.lib.common.rest_client [req-07a41176-a6f0-493c-8082-6259ffd6af4d req-07a41176-a6f0-493c-8082-6259ffd6af4d ] Request (QuotasTestJSON:setUpClass): 201 POST http://10.180.1.21/identity/v3/projects 0.044s
2025-11-21 12:46:58.375 66229 INFO tempest.lib.common.rest_client [req-49bad2f6-023a-47d8-ab82-422db11ee2c8 req-49bad2f6-023a-47d8-ab82-422db11ee2c8 ] Request (DeleteServersTestJSON:test_delete_active_server): 200 GET http://10.180.1.21/compute/v2.1/servers/5e12a65d-13e1-4d8d-9b6b-18b1ce31a245 2.489s
2025-11-21 12:46:58.393 66229 INFO tempest.common.waiters [-] State transition "BUILD/None" ==> "BUILD/spawning" after 17 second wait
2025-11-21 12:46:58.440 66209 INFO tempest.lib.common.rest_client [req-bbd74d75-8d78-4574-b99f-a608ceaf1b12 req-bbd74d75-8d78-4574-b99f-a608ceaf1b12 ] Request (QuotasTestJSON:setUpClass): 201 POST http://10.180.1.21/identity/v3/users 0.111s
2025-11-21 12:46:58.471 66209 INFO tempest.lib.common.rest_client [req-74888e56-3326-49e4-ab69-da7c0649e314 req-74888e56-3326-49e4-ab69-da7c0649e314 ] Request (QuotasTestJSON:setUpClass): 200 GET http://10.180.1.21/identity/v3/roles 0.031s
2025-11-21 12:46:58.519 66209 INFO tempest.lib.common.rest_client [req-f088e8e2-2a2c-44c7-b95d-11ae828a2688 req-f088e8e2-2a2c-44c7-b95d-11ae828a2688 ] Request (QuotasTestJSON:setUpClass): 204 PUT http://10.180.1.21/identity/v3/projects/67b9f2e085db449088dec12e72cc74ce/users/fc9a4c89d91646dfa9a7a7ef37bed7ad/roles/85d2aa0347e64c86bf8cf95bef9080f1 0.047s
2025-11-21 12:46:58.519 66209 INFO tempest.lib.common.dynamic_creds [-] Dynamic test user fc9a4c89d91646dfa9a7a7ef37bed7ad is created with scope project and roles: ['member']
2025-11-21 12:46:58.520 66209 INFO tempest.lib.common.dynamic_creds [-] Acquired dynamic creds: credentials: Credentials: {'domain_id': 'default', 'domain_name': 'Default', 'username': 'tempest-QuotasTestJSON-967145273-project-member', 'project_domain_id': 'default', 'project_domain_name': 'Default', 'project_id': '67b9f2e085db449088dec12e72cc74ce', 'project_name': 'tempest-QuotasTestJSON-967145273', 'tenant_id': '67b9f2e085db449088dec12e72cc74ce', 'tenant_name': 'tempest-QuotasTestJSON-967145273', 'user_domain_id': 'default', 'user_domain_name': 'Default', 'user_id': 'fc9a4c89d91646dfa9a7a7ef37bed7ad', 'system': None}, Network: None, Subnet: None, Router: None
2025-11-21 12:46:58.520 66209 INFO tempest.lib.common.dynamic_creds [-] Created isolated network resources for: credentials: Credentials: {'domain_id': 'default', 'domain_name': 'Default', 'username': 'tempest-QuotasTestJSON-967145273-project-member', 'project_domain_id': 'default', 'project_domain_name': 'Default', 'project_id': '67b9f2e085db449088dec12e72cc74ce', 'project_name': 'tempest-QuotasTestJSON-967145273', 'tenant_id': '67b9f2e085db449088dec12e72cc74ce', 'tenant_name': 'tempest-QuotasTestJSON-967145273', 'user_domain_id': 'default', 'user_domain_name': 'Default', 'user_id': 'fc9a4c89d91646dfa9a7a7ef37bed7ad', 'system': None}, Network: None, Subnet: None, Router: None
2025-11-21 12:46:58.613 66209 INFO tempest.lib.common.rest_client [req-8ee44881-2909-42f9-8ee5-b7fea0f115d1 req-8ee44881-2909-42f9-8ee5-b7fea0f115d1 ] Request (QuotasTestJSON:setUpClass): 201 POST http://10.180.1.21/identity/v3/auth/tokens 0.089s
2025-11-21 12:46:58.614 66209 WARNING tempest.lib.common.rest_client [-] Deprecated: "tenant_id" property is deprecated for removal, use "project_id" instead
2025-11-21 12:46:58.758 66239 INFO tempest.lib.common.rest_client [req-0e3796bf-a662-403a-ac5f-fd60a1dffdf9 req-0e3796bf-a662-403a-ac5f-fd60a1dffdf9 ] Request (VolumesAssistedSnapshotsTest:_run_cleanups): 200 GET http://10.180.1.21/volume/v3/volumes/7a080e6c-86a0-4481-91b4-e863f51ea588 0.047s
2025-11-21 12:46:58.843 66193 INFO tempest.lib.common.rest_client [req-1a13981e-7e59-43b6-a6db-52ff1e79eef1 req-1a13981e-7e59-43b6-a6db-52ff1e79eef1 ] Request (DeleteServersAdminTestJSON:test_delete_server_while_in_error_state): 200 GET http://10.180.1.21/compute/v2.1/servers/1f2213a5-dad3-41a1-9f79-3353dc2163ec 2.688s
2025-11-21 12:46:58.931 66213 INFO tempest.lib.common.rest_client [req-6520bdaa-5a61-443c-9b55-6777c736f9cf req-6520bdaa-5a61-443c-9b55-6777c736f9cf ] Request (AttachInterfacesV270Test:setUpClass): 200 PUT http://10.180.1.21/networking/v2.0/routers/a23f479a-add3-4b46-8d93-7462fad4c02c/add_router_interface 1.139s
2025-11-21 12:46:58.932 66213 INFO tempest.lib.common.dynamic_creds [-] Created isolated network resources for: credentials: Credentials: {'domain_id': 'default', 'domain_name': 'Default', 'username': 'tempest-AttachInterfacesV270Test-54160481-project-member', 'project_domain_id': 'default', 'project_domain_name': 'Default', 'project_id': 'd4d42d037ff04e1db29e1e7f2db0783c', 'project_name': 'tempest-AttachInterfacesV270Test-54160481', 'tenant_id': 'd4d42d037ff04e1db29e1e7f2db0783c', 'tenant_name': 'tempest-AttachInterfacesV270Test-54160481', 'user_domain_id': 'default', 'user_domain_name': 'Default', 'user_id': 'a386626130f84f7c82190bf3fb2df2f1', 'system': None}, Network: {'id': 'a34a6e4d-1daf-4cd3-8337-80c7aa78d98a', 'name': 'tempest-AttachInterfacesV270Test-1068036230-network', 'tenant_id': 'd4d42d037ff04e1db29e1e7f2db0783c', 'project_id': 'd4d42d037ff04e1db29e1e7f2db0783c', 'admin_state_up': True, 'mtu': 8950, 'status': 'ACTIVE', 'subnets': [], 'shared': False, 'port_security_enabled': True, 'router:external': False, 'provider:network_type': 'vlan', 'provider:physical_network': 'default', 'provider:segmentation_id': 625, 'availability_zone_hints': [], 'availability_zones': [], 'ipv4_address_scope': None, 'ipv6_address_scope': None, 'description': '', 'tags': [], 'created_at': '2025-11-21T12:46:56Z', 'updated_at': '2025-11-21T12:46:56Z', 'revision_number': 1}, Subnet: {'id': '753020c6-6d6f-4121-a767-48e52b77a52e', 'name': 'tempest-AttachInterfacesV270Test-1068036230-subnet', 'tenant_id': 'd4d42d037ff04e1db29e1e7f2db0783c', 'network_id': 'a34a6e4d-1daf-4cd3-8337-80c7aa78d98a', 'ip_version': 4, 'subnetpool_id': None, 'enable_dhcp': True, 'ipv6_ra_mode': None, 'ipv6_address_mode': None, 'gateway_ip': '192.168.128.1', 'cidr': '192.168.128.0/28', 'allocation_pools': [{'start': '192.168.128.2', 'end': '192.168.128.14'}], 'host_routes': [], 'dns_nameservers': [], 'description': '', 'router:external': False, 'service_types': [], 'tags': [], 'created_at': '2025-11-21T12:46:56Z', 'updated_at': '2025-11-21T12:46:56Z', 'revision_number': 0, 'project_id': 'd4d42d037ff04e1db29e1e7f2db0783c'}, Router: {'id': 'a23f479a-add3-4b46-8d93-7462fad4c02c', 'name': 'tempest-AttachInterfacesV270Test-1068036230-router', 'tenant_id': 'd4d42d037ff04e1db29e1e7f2db0783c', 'admin_state_up': True, 'status': 'ACTIVE', 'external_gateway_info': {'network_id': '3753d3ec-79ab-4536-a8b6-e64d5a10ef41', 'external_fixed_ips': [{'subnet_id': '4e4d19dd-da82-4130-876d-22d3c70eca1f', 'ip_address': '10.180.180.175'}], 'enable_snat': True}, 'description': '', 'availability_zones': [], 'distributed': False, 'ha': False, 'availability_zone_hints': [], 'routes': [], 'flavor_id': None, 'tags': [], 'created_at': '2025-11-21T12:46:57Z', 'updated_at': '2025-11-21T12:46:57Z', 'revision_number': 2, 'project_id': 'd4d42d037ff04e1db29e1e7f2db0783c'}
2025-11-21 12:46:58.979 66221 INFO tempest.lib.common.rest_client [req-e7f2a516-deaa-4282-aad9-4374a17ae3ae req-e7f2a516-deaa-4282-aad9-4374a17ae3ae ] Request (SecurityGroupsTestJSON:test_security_groups_create_list_delete): 200 GET http://10.180.1.21/compute/v2.1/os-security-groups 2.901s
2025-11-21 12:46:59.041 66213 INFO tempest.lib.common.rest_client [req-7da7e296-3b97-4a9a-9f4c-863af4af591a req-7da7e296-3b97-4a9a-9f4c-863af4af591a ] Request (AttachInterfacesV270Test:setUpClass): 201 POST http://10.180.1.21/identity/v3/auth/tokens 0.105s
2025-11-21 12:46:59.074 66213 INFO tempest.lib.common.rest_client [req-9fe1fbff-e8eb-4fef-8977-b15659ed914c req-9fe1fbff-e8eb-4fef-8977-b15659ed914c ] Request (AttachInterfacesV270Test:test_create_get_list_interfaces): 201 POST http://10.180.1.21/identity/v3/auth/tokens 0.029s
2025-11-21 12:46:59.074 66213 INFO tempest.lib.common.fixed_network [-] (AttachInterfacesV270Test:test_create_get_list_interfaces) Found network {'id': 'a34a6e4d-1daf-4cd3-8337-80c7aa78d98a', 'name': 'tempest-AttachInterfacesV270Test-1068036230-network', 'tenant_id': 'd4d42d037ff04e1db29e1e7f2db0783c', 'project_id': 'd4d42d037ff04e1db29e1e7f2db0783c', 'admin_state_up': True, 'mtu': 8950, 'status': 'ACTIVE', 'subnets': [], 'shared': False, 'port_security_enabled': True, 'router:external': False, 'provider:network_type': 'vlan', 'provider:physical_network': 'default', 'provider:segmentation_id': 625, 'availability_zone_hints': [], 'availability_zones': [], 'ipv4_address_scope': None, 'ipv6_address_scope': None, 'description': '', 'tags': [], 'created_at': '2025-11-21T12:46:56Z', 'updated_at': '2025-11-21T12:46:56Z', 'revision_number': 1} available for tenant
2025-11-21 12:46:59.122 66237 INFO tempest.lib.common.rest_client [req-5a3d9fc6-eec0-44fd-9927-96f3deea8f25 req-5a3d9fc6-eec0-44fd-9927-96f3deea8f25 ] Request (ServerActionsTestOtherA:test_rebuild_server_in_stop_state): 200 GET http://10.180.1.21/compute/v2.1/servers/20906082-addb-4127-8ff5-20d6ca712e03 2.753s
2025-11-21 12:46:59.132 66237 INFO tempest.common.waiters [-] State transition "BUILD/scheduling" ==> "BUILD/None" after 7 second wait
2025-11-21 12:46:59.147 66179 INFO tempest.lib.common.rest_client [req-f5406b4d-6a7a-415e-b693-b4a72c6e591f req-f5406b4d-6a7a-415e-b693-b4a72c6e591f ] Request (ServerActionsV293TestJSON:setUpClass): 200 GET http://10.180.1.21/compute/v2.1/servers/85e92dc4-7ad4-4d0f-b628-5104cd32475c 2.969s
2025-11-21 12:46:59.163 66179 INFO tempest.common.waiters [-] State transition "BUILD/None" ==> "BUILD/block_device_mapping" after 18 second wait
2025-11-21 12:46:59.235 66195 INFO tempest.lib.common.rest_client [req-285a7a4e-f96d-4015-9de9-aa556be44b23 req-285a7a4e-f96d-4015-9de9-aa556be44b23 ] Request (ServerShowV247Test:test_update_rebuild_list_server): 200 GET http://10.180.1.21/compute/v2.1/servers/e9e4cdf4-0107-4a8b-b657-f7cde09c99ed 2.852s
2025-11-21 12:46:59.255 66231 INFO tempest.lib.common.rest_client [req-d26f0884-d158-4fae-8035-2c3a9503aeb3 req-d26f0884-d158-4fae-8035-2c3a9503aeb3 ] Request (MigrationsAdminTest:test_resize_server_revert_deleted_flavor): 200 POST http://10.180.1.21/compute/v2.1/flavors 2.773s
2025-11-21 12:46:59.292 66185 INFO tempest.lib.common.rest_client [req-9845ec44-cc0f-427b-86b1-e4dd1dd8d9d1 req-9845ec44-cc0f-427b-86b1-e4dd1dd8d9d1 ] Request (ServersAdminTestJSON:test_create_server_with_scheduling_hint): 200 GET http://10.180.1.21/compute/v2.1/servers/a15820e4-2dc0-4ae1-85ef-3b654b53412f 2.836s
2025-11-21 12:46:59.303 66185 INFO tempest.common.waiters [-] State transition "BUILD/scheduling" ==> "BUILD/None" after 8 second wait
2025-11-21 12:46:59.344 66189 INFO tempest.lib.common.rest_client [req-67f6d864-9f9b-4a0b-9468-84cda90e869f req-67f6d864-9f9b-4a0b-9468-84cda90e869f ] Request (ImagesOneServerTestJSON:test_create_image_specify_multibyte_character_image_name): 200 GET http://10.180.1.21/compute/v2.1/images/24517b78-253a-4fc8-9c0a-75f0f5c99920 2.510s
2025-11-21 12:46:59.528 66227 INFO tempest.lib.common.rest_client [req-bf18bcd8-e2f6-427b-aba0-37ec2793b3b9 req-bf18bcd8-e2f6-427b-aba0-37ec2793b3b9 ] Request (ServerMetadataTestJSON:setUpClass): 200 GET http://10.180.1.21/compute/v2.1/servers/b4787858-d751-40a7-9cb7-033aeb6e2c84 2.966s
2025-11-21 12:46:59.553 66205 INFO tempest.lib.common.rest_client [req-b60d0fb1-7bf8-4773-af1a-7a8f1871cd77 req-b60d0fb1-7bf8-4773-af1a-7a8f1871cd77 ] Request (InstanceActionsV221TestJSON:test_get_list_deleted_instance_actions): 200 GET http://10.180.1.21/compute/v2.1/servers/c0515c4c-3a73-4e2c-aeff-d08891328afd 2.696s
2025-11-21 12:46:59.562 66205 INFO tempest.common.waiters [-] State transition "BUILD/spawning" ==> "ACTIVE/None" after 27 second wait
2025-11-21 12:46:59.598 66224 INFO tempest.lib.common.rest_client [req-52d522bd-3e8c-4f33-bb50-c143599a7a0d req-52d522bd-3e8c-4f33-bb50-c143599a7a0d ] Request (ServersAdminNegativeTestJSON:tearDownClass): 200 GET http://10.180.1.21/compute/v2.1/servers/da0ee9c7-5148-4a17-bcc6-4802049d449e 2.577s
2025-11-21 12:46:59.605 66224 INFO tempest.common.waiters [-] State transition "SUSPENDED/deleting" ==> "DELETED/None" after 3 second wait
2025-11-21 12:46:59.666 66197 INFO tempest.lib.common.rest_client [req-44697879-7452-419c-afd1-61d0b97ecd1a req-44697879-7452-419c-afd1-61d0b97ecd1a ] Request (SecurityGroupRulesNegativeTestJSON:tearDownClass): 202 DELETE http://10.180.1.21/compute/v2.1/os-security-groups/ba971752-3d23-4cf2-b566-3aada8a0d451 2.605s
2025-11-21 12:46:59.692 66212 INFO tempest.lib.common.rest_client [req-23e91465-841a-45b2-af97-394dfd413cdc req-23e91465-841a-45b2-af97-394dfd413cdc ] Request (FloatingIPsAssociationTestJSON:tearDownClass): 200 GET http://10.180.1.21/compute/v2.1/servers/c71add5e-9bec-4cd6-aafd-8d3260e60d28 2.235s
2025-11-21 12:46:59.736 66219 INFO tempest.lib.common.rest_client [req-cdaae64b-b83f-4666-b465-2402abcf457a req-cdaae64b-b83f-4666-b465-2402abcf457a ] Request (ServerActionsTestOtherB:setUpClass): 200 GET http://10.180.1.21/compute/v2.1/servers/dec66662-4e0f-4ff8-9058-1d6376416aa6 2.257s
2025-11-21 12:46:59.750 66191 INFO tempest.lib.common.rest_client [req-f72faec9-477a-4342-8c14-68b5a55a546b req-f72faec9-477a-4342-8c14-68b5a55a546b ] Request (KeyPairsV22TestJSON:test_keypairsv22_create_list_show_with_type): 200 GET http://10.180.1.21/compute/v2.1/os-keypairs 1.878s
2025-11-21 12:46:59.783 66239 INFO tempest.lib.common.rest_client [req-bb351879-0a8f-4342-99b4-c696901a96fa req-bb351879-0a8f-4342-99b4-c696901a96fa ] Request (VolumesAssistedSnapshotsTest:_run_cleanups): 404 GET http://10.180.1.21/volume/v3/volumes/7a080e6c-86a0-4481-91b4-e863f51ea588 0.014s
2025-11-21 12:46:59.794 66225 INFO tempest.lib.common.rest_client [req-88935569-17bc-4a4a-b316-5de0f3bc3915 req-88935569-17bc-4a4a-b316-5de0f3bc3915 ] Request (FlavorsAdminTestJSON:test_list_public_flavor_with_other_user): 200 POST http://10.180.1.21/compute/v2.1/flavors 1.731s
2025-11-21 12:46:59.821 66183 INFO tempest.lib.common.rest_client [req-d7de5abb-0d96-45fb-af07-81205c71ece1 req-d7de5abb-0d96-45fb-af07-81205c71ece1 ] Request (ImagesTestJSON:test_create_image_from_suspended_server): 202 POST http://10.180.1.21/compute/v2.1/servers/d38695ea-0964-41a7-8d72-55b04336830d/action 1.980s
2025-11-21 12:46:59.895 66233 INFO tempest.lib.common.rest_client [req-73b268ce-b235-4bfc-9224-61cd37acdaf0 req-73b268ce-b235-4bfc-9224-61cd37acdaf0 ] Request (ServersTestJSON:test_create_server_specify_multibyte_character_name): 200 GET http://10.180.1.21/compute/v2.1/servers/a4224ae6-3d4f-4479-809c-3c16857a987f 1.031s
2025-11-21 12:46:59.970 66209 INFO tempest.lib.common.rest_client [req-a66849da-5ed7-47e9-b996-55d19222bf4f req-a66849da-5ed7-47e9-b996-55d19222bf4f ] Request (QuotasTestJSON:test_compare_tenant_quotas_with_default_quotas): 200 GET http://10.180.1.21/compute/v2.1/os-quota-sets/67b9f2e085db449088dec12e72cc74ce/defaults 1.354s
2025-11-21 12:47:00.055 66221 INFO tempest.lib.common.rest_client [req-0831e4c8-048c-4555-b22b-e3292bdc3e50 req-0831e4c8-048c-4555-b22b-e3292bdc3e50 ] Request (SecurityGroupsTestJSON:test_security_groups_create_list_delete): 202 DELETE http://10.180.1.21/compute/v2.1/os-security-groups/fe0f73b0-39c1-4753-809f-c07d47473d4e 1.067s
2025-11-21 12:47:00.081 66201 INFO tempest.lib.common.rest_client [req-104c255f-d5a3-4d36-94bd-6693d70d8267 req-104c255f-d5a3-4d36-94bd-6693d70d8267 ] Request (ServersAaction247Test:tearDownClass): 200 GET http://10.180.1.21/compute/v2.1/servers/f4bdcc86-b3d2-4336-be92-e074c190efb7 1.041s
2025-11-21 12:47:00.110 66215 INFO tempest.lib.common.rest_client [req-7222e357-6c50-4aec-9647-db8c509615c7 req-7222e357-6c50-4aec-9647-db8c509615c7 ] Request (ServerShowV254Test:test_rebuild_server): 200 GET http://10.180.1.21/compute/v2.1/servers/5e2d45ff-4da9-4a9d-a86a-5b24e9f29d65 1.052s
2025-11-21 12:47:00.132 66231 INFO tempest.lib.common.rest_client [req-1577de39-3397-4b2e-9765-8d924fa94620 req-1577de39-3397-4b2e-9765-8d924fa94620 ] Request (MigrationsAdminTest:test_resize_server_revert_deleted_flavor): 200 GET http://10.180.1.21/compute/v2.1/flavors/42/os-extra_specs 0.875s
2025-11-21 12:47:00.251 66187 INFO tempest.lib.common.rest_client [req-b45abaf2-5876-450f-a9e1-685c4fec1ec4 req-b45abaf2-5876-450f-a9e1-685c4fec1ec4 ] Request (ServerDiagnosticsV248Test:tearDownClass): 200 GET http://10.180.1.21/compute/v2.1/servers/076c55a9-731a-462b-8158-3331d701b43c 0.934s
2025-11-21 12:47:00.494 66229 INFO tempest.lib.common.rest_client [req-ee338943-2089-4b3d-8364-20dfe4363436 req-ee338943-2089-4b3d-8364-20dfe4363436 ] Request (DeleteServersTestJSON:test_delete_active_server): 200 GET http://10.180.1.21/compute/v2.1/servers/5e12a65d-13e1-4d8d-9b6b-18b1ce31a245 1.099s
2025-11-21 12:47:00.617 66205 INFO tempest.lib.common.rest_client [req-2b0f529e-5a2c-4b89-8fdd-42cf011b66b8 req-2b0f529e-5a2c-4b89-8fdd-42cf011b66b8 ] Request (InstanceActionsV221TestJSON:test_get_list_deleted_instance_actions): 204 DELETE http://10.180.1.21/compute/v2.1/servers/c0515c4c-3a73-4e2c-aeff-d08891328afd 1.054s
2025-11-21 12:47:00.718 66213 INFO tempest.lib.common.rest_client [req-72a667e4-2b5c-4045-b410-05dd00895feb req-72a667e4-2b5c-4045-b410-05dd00895feb ] Request (AttachInterfacesV270Test:test_create_get_list_interfaces): 202 POST http://10.180.1.21/compute/v2.1/servers 1.643s
2025-11-21 12:47:00.743 66191 INFO tempest.lib.common.rest_client [req-d56316a7-d2cb-4a85-acc8-95ae54bc44b3 req-d56316a7-d2cb-4a85-acc8-95ae54bc44b3 ] Request (KeyPairsV22TestJSON:_run_cleanups): 204 DELETE http://10.180.1.21/compute/v2.1/os-keypairs/tempest-keypair-1402304585 0.991s
2025-11-21 12:47:00.764 66197 INFO tempest.lib.common.rest_client [req-5e755e33-6704-4082-b1f8-9676caecc341 req-5e755e33-6704-4082-b1f8-9676caecc341 ] Request (SecurityGroupRulesNegativeTestJSON:tearDownClass): 202 DELETE http://10.180.1.21/compute/v2.1/os-security-groups/a20015bc-e0ef-4dea-86dd-ea3e4467e9f8 1.097s
2025-11-21 12:47:00.792 66225 INFO tempest.lib.common.rest_client [req-4e9856ac-7804-4ed8-b2d6-91830fcd4b01 req-4e9856ac-7804-4ed8-b2d6-91830fcd4b01 ] Request (FlavorsAdminTestJSON:test_list_public_flavor_with_other_user): 200 GET http://10.180.1.21/compute/v2.1/flavors/detail 0.995s
2025-11-21 12:47:00.844 66239 INFO tempest.lib.common.rest_client [req-6b0dd3b7-eea1-48bc-b792-79d186ed89b3 req-6b0dd3b7-eea1-48bc-b792-79d186ed89b3 ] Request (VolumesAssistedSnapshotsTest:tearDownClass): 204 DELETE http://10.180.1.21/compute/v2.1/servers/1eab0b25-ccdf-4d79-994c-04298613ec82 1.055s
2025-11-21 12:47:00.872 66193 INFO tempest.lib.common.rest_client [req-d0ca6b27-2ce0-479e-a0b4-df9f0bc62a1f req-d0ca6b27-2ce0-479e-a0b4-df9f0bc62a1f ] Request (DeleteServersAdminTestJSON:test_delete_server_while_in_error_state): 404 GET http://10.180.1.21/compute/v2.1/servers/1f2213a5-dad3-41a1-9f79-3353dc2163ec 1.020s
2025-11-21 12:47:00.937 66191 INFO tempest.lib.common.rest_client [req-3290a60e-623a-4fba-ae41-1360c3baae9e req-3290a60e-623a-4fba-ae41-1360c3baae9e ] Request (KeyPairsV22TestJSON:tearDownClass): 204 DELETE http://10.180.1.21/identity/v3/users/3926a8c432d24a748ea984f424827a1e 0.192s
2025-11-21 12:47:00.937 66191 INFO tempest.lib.common.dynamic_creds [-] Deleting project and security group for project: 63164f63fe244a8fb07be062f70ccd90
2025-11-21 12:47:00.956 66183 INFO tempest.lib.common.rest_client [req-f6ca2232-7f4b-4a28-83ef-43811f1955ca req-f6ca2232-7f4b-4a28-83ef-43811f1955ca ] Request (ImagesTestJSON:test_create_image_from_suspended_server): 200 GET http://10.180.1.21/compute/v2.1/servers/d38695ea-0964-41a7-8d72-55b04336830d 1.135s
2025-11-21 12:47:00.981 66221 INFO tempest.lib.common.rest_client [req-95f46288-0a2d-48a1-842c-4b8170c13076 req-95f46288-0a2d-48a1-842c-4b8170c13076 ] Request (SecurityGroupsTestJSON:test_security_groups_create_list_delete): 404 GET http://10.180.1.21/compute/v2.1/os-security-groups/fe0f73b0-39c1-4753-809f-c07d47473d4e 0.925s
2025-11-21 12:47:01.051 66237 INFO tempest.lib.common.rest_client [req-971373a8-dd5d-4b6e-a163-ec005f9aa72f req-971373a8-dd5d-4b6e-a163-ec005f9aa72f ] Request (ServerActionsTestOtherA:test_rebuild_server_in_stop_state): 200 GET http://10.180.1.21/compute/v2.1/servers/20906082-addb-4127-8ff5-20d6ca712e03 0.918s
2025-11-21 12:47:01.074 66209 INFO tempest.lib.common.rest_client [req-3c97fb2f-8933-4638-bb20-0e9590edc3ad req-3c97fb2f-8933-4638-bb20-0e9590edc3ad ] Request (QuotasTestJSON:test_compare_tenant_quotas_with_default_quotas): 200 GET http://10.180.1.21/compute/v2.1/os-quota-sets/67b9f2e085db449088dec12e72cc74ce 1.102s
2025-11-21 12:47:01.098 66231 INFO tempest.lib.common.rest_client [req-ac14dbbb-6448-4e38-8284-29cf790c169b req-ac14dbbb-6448-4e38-8284-29cf790c169b ] Request (MigrationsAdminTest:test_resize_server_revert_deleted_flavor): 200 POST http://10.180.1.21/compute/v2.1/flavors/134409eb-7d22-40b3-8dba-851c84f5ba2a/os-extra_specs 0.964s
2025-11-21 12:47:01.152 66191 INFO tempest.lib.common.rest_client [req-3355b958-9a6d-4dd5-8b6c-ddf408cf9bd8 req-3355b958-9a6d-4dd5-8b6c-ddf408cf9bd8 ] Request (KeyPairsV22TestJSON:tearDownClass): 201 POST http://10.180.1.21/identity/v3/auth/tokens 0.215s
2025-11-21 12:47:01.198 66231 INFO tempest.lib.common.rest_client [req-c43e7814-db74-4351-ba67-c65ae4954534 req-c43e7814-db74-4351-ba67-c65ae4954534 ] Request (MigrationsAdminTest:test_resize_server_revert_deleted_flavor): 201 POST http://10.180.1.21/identity/v3/auth/tokens 0.094s
2025-11-21 12:47:01.199 66231 INFO tempest.lib.common.fixed_network [-] (MigrationsAdminTest:test_resize_server_revert_deleted_flavor) Found network None available for tenant
2025-11-21 12:47:01.209 66195 INFO tempest.lib.common.rest_client [req-bd393580-74e7-4e58-a081-73c40e164d1e req-bd393580-74e7-4e58-a081-73c40e164d1e ] Request (ServerShowV247Test:test_update_rebuild_list_server): 200 GET http://10.180.1.21/compute/v2.1/servers/e9e4cdf4-0107-4a8b-b657-f7cde09c99ed 0.961s
2025-11-21 12:47:01.275 66185 INFO tempest.lib.common.rest_client [req-3b4f4ee6-2b6a-4f47-95db-b1f7895a4592 req-3b4f4ee6-2b6a-4f47-95db-b1f7895a4592 ] Request (ServersAdminTestJSON:test_create_server_with_scheduling_hint): 200 GET http://10.180.1.21/compute/v2.1/servers/a15820e4-2dc0-4ae1-85ef-3b654b53412f 0.971s
2025-11-21 12:47:01.346 66189 INFO tempest.lib.common.rest_client [req-85a733c9-f743-4876-9f92-221923a6f769 req-85a733c9-f743-4876-9f92-221923a6f769 ] Request (ImagesOneServerTestJSON:test_create_image_specify_multibyte_character_image_name): 200 GET http://10.180.1.21/compute/v2.1/images/24517b78-253a-4fc8-9c0a-75f0f5c99920 0.994s
2025-11-21 12:47:01.486 66191 INFO tempest.lib.common.rest_client [req-b8152778-fb60-4d8c-b9d3-7d929bd289e9 req-b8152778-fb60-4d8c-b9d3-7d929bd289e9 ] Request (KeyPairsV22TestJSON:tearDownClass): 200 GET http://10.180.1.21/networking/v2.0/security-groups?tenant_id=63164f63fe244a8fb07be062f70ccd90&name=default 0.333s
2025-11-21 12:47:01.494 66227 INFO tempest.lib.common.rest_client [req-bd963027-0e1a-40a2-9793-a222d1d75232 req-bd963027-0e1a-40a2-9793-a222d1d75232 ] Request (ServerMetadataTestJSON:setUpClass): 200 GET http://10.180.1.21/compute/v2.1/servers/b4787858-d751-40a7-9cb7-033aeb6e2c84 0.956s
2025-11-21 12:47:01.570 66179 INFO tempest.lib.common.rest_client [req-d47f7bd2-bead-49c1-adf3-f6bdfd48b36b req-d47f7bd2-bead-49c1-adf3-f6bdfd48b36b ] Request (ServerActionsV293TestJSON:setUpClass): 200 GET http://10.180.1.21/compute/v2.1/servers/85e92dc4-7ad4-4d0f-b628-5104cd32475c 1.406s
2025-11-21 12:47:01.580 66179 INFO tempest.common.waiters [-] State transition "BUILD/block_device_mapping" ==> "BUILD/spawning" after 20 second wait
2025-11-21 12:47:01.582 66224 INFO tempest.lib.common.rest_client [req-ded9598b-5c6c-47c3-bbf8-494f4837998e req-ded9598b-5c6c-47c3-bbf8-494f4837998e ] Request (ServersAdminNegativeTestJSON:tearDownClass): 200 GET http://10.180.1.21/compute/v2.1/servers/da0ee9c7-5148-4a17-bcc6-4802049d449e 0.976s
2025-11-21 12:47:01.597 66191 INFO tempest.lib.common.rest_client [req-0b82f1ad-9c2a-4668-9415-b57fd8d375c2 req-0b82f1ad-9c2a-4668-9415-b57fd8d375c2 ] Request (KeyPairsV22TestJSON:tearDownClass): 204 DELETE http://10.180.1.21/networking/v2.0/security-groups/9286663b-3fe6-45d7-b00d-8fec87df05ec 0.110s
2025-11-21 12:47:01.681 66212 INFO tempest.lib.common.rest_client [req-bb754faf-34d3-42c9-8856-e3f72bc007ce req-bb754faf-34d3-42c9-8856-e3f72bc007ce ] Request (FloatingIPsAssociationTestJSON:tearDownClass): 200 GET http://10.180.1.21/compute/v2.1/servers/c71add5e-9bec-4cd6-aafd-8d3260e60d28 0.980s
2025-11-21 12:47:01.740 66191 INFO tempest.lib.common.rest_client [req-62fe12e0-5030-42e6-849c-32fc0fa092c6 req-62fe12e0-5030-42e6-849c-32fc0fa092c6 ] Request (KeyPairsV22TestJSON:tearDownClass): 204 DELETE http://10.180.1.21/identity/v3/projects/63164f63fe244a8fb07be062f70ccd90 0.143s
2025-11-21 12:47:01.768 66205 INFO tempest.lib.common.rest_client [req-ccd35f2a-b24f-45b8-b3ea-e5d319d1a3a2 req-ccd35f2a-b24f-45b8-b3ea-e5d319d1a3a2 ] Request (InstanceActionsV221TestJSON:test_get_list_deleted_instance_actions): 200 GET http://10.180.1.21/compute/v2.1/servers/c0515c4c-3a73-4e2c-aeff-d08891328afd 1.151s
2025-11-21 12:47:01.793 66213 INFO tempest.lib.common.rest_client [req-b27981d0-63b7-4eb0-a601-08a8c31c2849 req-b27981d0-63b7-4eb0-a601-08a8c31c2849 ] Request (AttachInterfacesV270Test:test_create_get_list_interfaces): 200 GET http://10.180.1.21/compute/v2.1/servers/dee6889b-f8ef-48b4-864e-83d8eed24bd3 1.072s
2025-11-21 12:47:01.834 66191 INFO tempest.lib.common.rest_client [req-7fe2f910-efc1-44ef-91f4-46946fb8dce2 req-7fe2f910-efc1-44ef-91f4-46946fb8dce2 ] Request (AbsoluteLimitsTestJSON:setUpClass): 201 POST http://10.180.1.21/identity/v3/auth/tokens 0.091s
2025-11-21 12:47:01.888 66219 INFO tempest.lib.common.rest_client [req-673a6c2b-ee78-42af-bc8c-5f322c7fa21a req-673a6c2b-ee78-42af-bc8c-5f322c7fa21a ] Request (ServerActionsTestOtherB:setUpClass): 200 GET http://10.180.1.21/compute/v2.1/servers/dec66662-4e0f-4ff8-9058-1d6376416aa6 1.143s
2025-11-21 12:47:01.896 66191 INFO tempest.lib.common.rest_client [req-037e0869-72de-4f92-ad3b-eaf8a23ee4f2 req-037e0869-72de-4f92-ad3b-eaf8a23ee4f2 ] Request (AbsoluteLimitsTestJSON:setUpClass): 201 POST http://10.180.1.21/identity/v3/auth/tokens 0.060s
2025-11-21 12:47:01.910 66225 INFO tempest.lib.common.rest_client [req-ec4fb022-90b2-4c75-8959-24d8e7802c01 req-ec4fb022-90b2-4c75-8959-24d8e7802c01 ] Request (FlavorsAdminTestJSON:_run_cleanups): 202 DELETE http://10.180.1.21/compute/v2.1/flavors/744356234 1.111s
2025-11-21 12:47:01.961 66191 INFO tempest.lib.common.rest_client [req-ffb6c01c-d07b-44f7-93b9-ad658b28d342 req-ffb6c01c-d07b-44f7-93b9-ad658b28d342 ] Request (AbsoluteLimitsTestJSON:setUpClass): 200 GET http://10.180.1.21/identity/v3/domains?name=Default 0.064s
2025-11-21 12:47:02.000 66197 INFO tempest.lib.common.rest_client [req-210055cb-923a-4528-a7b0-adce85af5550 req-210055cb-923a-4528-a7b0-adce85af5550 ] Request (SecurityGroupRulesNegativeTestJSON:tearDownClass): 202 DELETE http://10.180.1.21/compute/v2.1/os-security-groups/9cca0ca5-029f-4ccb-8fc7-488c15662e25 1.236s
2025-11-21 12:47:02.009 66191 INFO tempest.lib.common.rest_client [req-e3a26397-bb3f-4bb0-a837-83d76ccadeb0 req-e3a26397-bb3f-4bb0-a837-83d76ccadeb0 ] Request (AbsoluteLimitsTestJSON:setUpClass): 201 POST http://10.180.1.21/identity/v3/projects 0.046s
2025-11-21 12:47:02.031 66193 INFO tempest.lib.common.rest_client [req-496fadef-08e4-4daf-bb0a-298e2f5b973f req-496fadef-08e4-4daf-bb0a-298e2f5b973f ] Request (DeleteServersAdminTestJSON:tearDownClass): 404 DELETE http://10.180.1.21/compute/v2.1/servers/1f2213a5-dad3-41a1-9f79-3353dc2163ec 1.157s
2025-11-21 12:47:02.092 66191 INFO tempest.lib.common.rest_client [req-b71e628a-5fe5-4468-bf4f-8d2824f3edaf req-b71e628a-5fe5-4468-bf4f-8d2824f3edaf ] Request (AbsoluteLimitsTestJSON:setUpClass): 201 POST http://10.180.1.21/identity/v3/users 0.083s
2025-11-21 12:47:02.103 66233 INFO tempest.lib.common.rest_client [req-3fb8246a-2ce0-4597-8306-ccff928deaed req-3fb8246a-2ce0-4597-8306-ccff928deaed ] Request (ServersTestJSON:test_create_server_specify_multibyte_character_name): 200 GET http://10.180.1.21/compute/v2.1/servers/a4224ae6-3d4f-4479-809c-3c16857a987f 1.198s
2025-11-21 12:47:02.123 66191 INFO tempest.lib.common.rest_client [req-c259e41b-9b50-4db6-ab05-e88a8f478349 req-c259e41b-9b50-4db6-ab05-e88a8f478349 ] Request (AbsoluteLimitsTestJSON:setUpClass): 200 GET http://10.180.1.21/identity/v3/roles 0.030s
2025-11-21 12:47:02.131 66239 INFO tempest.lib.common.rest_client [req-bf65c262-f854-4e96-8309-333c2b36cd13 req-bf65c262-f854-4e96-8309-333c2b36cd13 ] Request (VolumesAssistedSnapshotsTest:tearDownClass): 200 GET http://10.180.1.21/compute/v2.1/servers/1eab0b25-ccdf-4d79-994c-04298613ec82 1.287s
2025-11-21 12:47:02.163 66191 INFO tempest.lib.common.rest_client [req-d87b4c4f-858d-45d7-98b9-a6ca632294b3 req-d87b4c4f-858d-45d7-98b9-a6ca632294b3 ] Request (AbsoluteLimitsTestJSON:setUpClass): 204 PUT http://10.180.1.21/identity/v3/projects/5823ce21d49740c2a8c809494cb207c0/users/9d36a49a6bcc44a991645dd5db7b14a3/roles/85d2aa0347e64c86bf8cf95bef9080f1 0.039s
2025-11-21 12:47:02.163 66191 INFO tempest.lib.common.dynamic_creds [-] Dynamic test user 9d36a49a6bcc44a991645dd5db7b14a3 is created with scope project and roles: ['member']
2025-11-21 12:47:02.163 66191 INFO tempest.lib.common.dynamic_creds [-] Acquired dynamic creds: credentials: Credentials: {'domain_id': 'default', 'domain_name': 'Default', 'username': 'tempest-AbsoluteLimitsTestJSON-377640955-project-member', 'project_domain_id': 'default', 'project_domain_name': 'Default', 'project_id': '5823ce21d49740c2a8c809494cb207c0', 'project_name': 'tempest-AbsoluteLimitsTestJSON-377640955', 'tenant_id': '5823ce21d49740c2a8c809494cb207c0', 'tenant_name': 'tempest-AbsoluteLimitsTestJSON-377640955', 'user_domain_id': 'default', 'user_domain_name': 'Default', 'user_id': '9d36a49a6bcc44a991645dd5db7b14a3', 'system': None}, Network: None, Subnet: None, Router: None
2025-11-21 12:47:02.163 66191 INFO tempest.lib.common.dynamic_creds [-] Created isolated network resources for: credentials: Credentials: {'domain_id': 'default', 'domain_name': 'Default', 'username': 'tempest-AbsoluteLimitsTestJSON-377640955-project-member', 'project_domain_id': 'default', 'project_domain_name': 'Default', 'project_id': '5823ce21d49740c2a8c809494cb207c0', 'project_name': 'tempest-AbsoluteLimitsTestJSON-377640955', 'tenant_id': '5823ce21d49740c2a8c809494cb207c0', 'tenant_name': 'tempest-AbsoluteLimitsTestJSON-377640955', 'user_domain_id': 'default', 'user_domain_name': 'Default', 'user_id': '9d36a49a6bcc44a991645dd5db7b14a3', 'system': None}, Network: None, Subnet: None, Router: None
2025-11-21 12:47:02.230 66221 INFO tempest.lib.common.rest_client [req-c4558f27-f336-4826-80ca-8989055384b0 req-c4558f27-f336-4826-80ca-8989055384b0 ] Request (SecurityGroupsTestJSON:test_security_groups_create_list_delete): 202 DELETE http://10.180.1.21/compute/v2.1/os-security-groups/e9f27af4-bd15-4a61-89fb-d06425acb4aa 1.248s
2025-11-21 12:47:02.245 66191 INFO tempest.lib.common.rest_client [req-22998dc0-7153-4e37-b7bd-caa48de5b0eb req-22998dc0-7153-4e37-b7bd-caa48de5b0eb ] Request (AbsoluteLimitsTestJSON:setUpClass): 201 POST http://10.180.1.21/identity/v3/auth/tokens 0.078s
2025-11-21 12:47:02.302 66209 INFO tempest.lib.common.rest_client [req-2105f148-351e-4bfd-9f46-e565e51aeba6 req-2105f148-351e-4bfd-9f46-e565e51aeba6 ] Request (QuotasTestJSON:test_get_default_quotas): 200 GET http://10.180.1.21/compute/v2.1/os-quota-sets/67b9f2e085db449088dec12e72cc74ce/defaults 1.221s
2025-11-21 12:47:02.306 66201 INFO tempest.lib.common.rest_client [req-c3765974-d5b7-4398-833d-c8314c07af35 req-c3765974-d5b7-4398-833d-c8314c07af35 ] Request (ServersAaction247Test:tearDownClass): 200 GET http://10.180.1.21/compute/v2.1/servers/f4bdcc86-b3d2-4336-be92-e074c190efb7 1.215s
2025-11-21 12:47:02.359 66215 INFO tempest.lib.common.rest_client [req-b62b442a-2e3e-4cf2-9a0d-7b2c69ffb3de req-b62b442a-2e3e-4cf2-9a0d-7b2c69ffb3de ] Request (ServerShowV254Test:test_rebuild_server): 200 GET http://10.180.1.21/compute/v2.1/servers/5e2d45ff-4da9-4a9d-a86a-5b24e9f29d65 1.239s
2025-11-21 12:47:02.436 66187 INFO tempest.lib.common.rest_client [req-0f6a682f-42ef-4dd5-b410-e3fa0818001b req-0f6a682f-42ef-4dd5-b410-e3fa0818001b ] Request (ServerDiagnosticsV248Test:tearDownClass): 200 GET http://10.180.1.21/compute/v2.1/servers/076c55a9-731a-462b-8158-3331d701b43c 1.173s
2025-11-21 12:47:02.452 66177 WARNING tempest.lib.common.ssh [-] Failed to establish authenticated ssh connection to cirros@10.180.180.191 ([Errno None] Unable to connect to port 22 on 10.180.180.191). Number attempts: 6. Retry after 7 seconds.: paramiko.ssh_exception.NoValidConnectionsError: [Errno None] Unable to connect to port 22 on 10.180.180.191
2025-11-21 12:47:02.570 66229 INFO tempest.lib.common.rest_client [req-d6410678-38ae-4ec2-b55e-bf13384dee22 req-d6410678-38ae-4ec2-b55e-bf13384dee22 ] Request (DeleteServersTestJSON:test_delete_active_server): 200 GET http://10.180.1.21/compute/v2.1/servers/5e12a65d-13e1-4d8d-9b6b-18b1ce31a245 1.065s
2025-11-21 12:47:02.616 66231 INFO tempest.lib.common.rest_client [req-816220fc-6a5b-4d18-8f08-ca5d68e8a6fb req-816220fc-6a5b-4d18-8f08-ca5d68e8a6fb ] Request (MigrationsAdminTest:test_resize_server_revert_deleted_flavor): 202 POST http://10.180.1.21/compute/v2.1/servers 1.416s
2025-11-21 12:47:02.630 66225 INFO tempest.lib.common.rest_client [req-e35b39c9-fbd9-484b-a121-27e10369735c req-e35b39c9-fbd9-484b-a121-27e10369735c ] Request (FlavorsAdminTestJSON:_run_cleanups): 200 GET http://10.180.1.21/compute/v2.1/flavors/detail 0.720s
2025-11-21 12:47:02.824 66197 INFO tempest.lib.common.rest_client [req-5f933fbd-debf-4858-8219-501ee9620fd1 req-5f933fbd-debf-4858-8219-501ee9620fd1 ] Request (SecurityGroupRulesNegativeTestJSON:tearDownClass): 202 DELETE http://10.180.1.21/compute/v2.1/os-security-groups/b0e89ce9-f937-46cb-b19d-3c4b862422ab 0.823s
2025-11-21 12:47:02.837 66225 INFO tempest.lib.common.rest_client [req-da5022c0-cfbd-4192-b536-19062e62b7ef req-da5022c0-cfbd-4192-b536-19062e62b7ef ] Request (FlavorsAdminTestJSON:tearDownClass): 204 DELETE http://10.180.1.21/identity/v3/users/b5b40307c1db4770bee30fd92df2d6b1 0.200s
