2025-11-21 12:47:07.632 66185 INFO tempest.lib.common.rest_client [req-83140a42-85f7-4553-bb58-402e4128dca5 req-83140a42-85f7-4553-bb58-402e4128dca5 ] Request (ServersAdminTestJSON:test_create_server_with_scheduling_hint): 200 GET http://10.180.1.21/compute/v2.1/servers/a15820e4-2dc0-4ae1-85ef-3b654b53412f 1.235s
2025-11-21 12:47:07.677 66197 INFO tempest.lib.common.rest_client [req-8aab9a23-46e0-4a2e-9a6d-ef2217feacc3 req-8aab9a23-46e0-4a2e-9a6d-ef2217feacc3 ] Request (ServersTestMultiNic:setUpClass): 201 POST http://10.180.1.21/networking/v2.0/networks 0.395s
2025-11-21 12:47:07.684 66183 INFO tempest.lib.common.rest_client [req-c40693c3-5f3e-494f-a3e5-1eb2f172a70f req-c40693c3-5f3e-494f-a3e5-1eb2f172a70f ] Request (ImagesTestJSON:test_create_image_from_suspended_server): 200 GET http://10.180.1.21/compute/v2.1/images/06a3ad6a-bce4-4591-9438-f4c988bc5057 1.201s
2025-11-21 12:47:07.688 66189 INFO tempest.lib.common.rest_client [req-c0a0a912-cdc7-4ec4-877b-c86f957a2f8b req-c0a0a912-cdc7-4ec4-877b-c86f957a2f8b ] Request (ImagesOneServerTestJSON:test_create_image_specify_multibyte_character_image_name): 200 GET http://10.180.1.21/compute/v2.1/images/24517b78-253a-4fc8-9c0a-75f0f5c99920 1.262s
2025-11-21 12:47:07.733 66203 INFO tempest.lib.common.rest_client [req-e895ba8e-3c98-4b75-aee6-7c15773fcc68 req-e895ba8e-3c98-4b75-aee6-7c15773fcc68 ] Request (ServersTestJSON:test_verify_created_server_vcpus): 200 GET http://10.180.1.21/compute/v2.1/flavors/42 0.949s
2025-11-21 12:47:07.738 66203 INFO tempest.lib.common.ssh [-] Creating ssh connection to '10.180.180.131:22' as 'cirros' with public key authentication
2025-11-21 12:47:07.742 66203 INFO paramiko.transport [-] Connected (version 2.0, client dropbear_2020.81)
2025-11-21 12:47:07.764 66193 INFO tempest.lib.common.rest_client [req-79b8e8ea-7807-473c-9d30-6f16df7605ff req-79b8e8ea-7807-473c-9d30-6f16df7605ff ] Request (InstanceUsageAuditLogNegativeTestJSON:setUpClass): 201 POST http://10.180.1.21/identity/v3/auth/tokens 0.135s
2025-11-21 12:47:07.810 66203 INFO paramiko.transport [-] Authentication (publickey) successful!
2025-11-21 12:47:07.810 66203 INFO tempest.lib.common.ssh [-] ssh connection to cirros@10.180.180.131 successfully created
2025-11-21 12:47:07.821 66225 INFO tempest.lib.common.rest_client [req-1a13366e-9e30-4158-a475-df52d845bdde req-1a13366e-9e30-4158-a475-df52d845bdde ] Request (FlavorMetadataValidation:test_flavor_update_with_custom_namespace): 200 POST http://10.180.1.21/compute/v2.1/flavors/503186972/os-extra_specs 1.142s
2025-11-21 12:47:07.888 66221 INFO tempest.lib.common.rest_client [req-8cc7ce05-d87f-4888-9323-0b9641f63c2b req-8cc7ce05-d87f-4888-9323-0b9641f63c2b ] Request (SecurityGroupsTestJSON:test_server_security_groups): 200 POST http://10.180.1.21/compute/v2.1/os-security-groups 0.981s
2025-11-21 12:47:07.915 66197 INFO tempest.lib.common.rest_client [req-ed26dfb6-4ca3-462c-b51b-99a2eea8e8bd req-ed26dfb6-4ca3-462c-b51b-99a2eea8e8bd ] Request (ServersTestMultiNic:setUpClass): 201 POST http://10.180.1.21/networking/v2.0/subnets 0.237s
2025-11-21 12:47:07.939 66227 INFO tempest.lib.common.rest_client [req-19372070-00eb-4fac-885d-e3b2f9f4b1f1 req-19372070-00eb-4fac-885d-e3b2f9f4b1f1 ] Request (ServerMetadataTestJSON:test_delete_server_metadata_item): 204 DELETE http://10.180.1.21/compute/v2.1/servers/b4787858-d751-40a7-9cb7-033aeb6e2c84/metadata/key1 0.942s
2025-11-21 12:47:07.957 66179 INFO tempest.lib.common.rest_client [req-3ee24073-6062-4bb0-9fc5-df07695ab688 req-3ee24073-6062-4bb0-9fc5-df07695ab688 ] Request (ServerActionsV293TestJSON:setUpClass): 200 GET http://10.180.1.21/compute/v2.1/servers/85e92dc4-7ad4-4d0f-b628-5104cd32475c 0.989s
2025-11-21 12:47:07.969 66179 INFO tempest.common.waiters [-] State transition "BUILD/spawning" ==> "ACTIVE/None" after 26 second wait
2025-11-21 12:47:08.027 66224 INFO tempest.lib.common.rest_client [req-d1cd7f4f-5607-4e32-998c-8302a51f76dc req-d1cd7f4f-5607-4e32-998c-8302a51f76dc ] Request (ServersAdminNegativeTestJSON:tearDownClass): 200 GET http://10.180.1.21/compute/v2.1/servers/da0ee9c7-5148-4a17-bcc6-4802049d449e 0.864s
2025-11-21 12:47:08.037 66229 INFO tempest.lib.common.rest_client [req-ca91b555-5b6d-48ea-8dd8-b98532d41ddf req-ca91b555-5b6d-48ea-8dd8-b98532d41ddf ] Request (DeleteServersTestJSON:test_delete_active_server): 204 DELETE http://10.180.1.21/compute/v2.1/servers/5e12a65d-13e1-4d8d-9b6b-18b1ce31a245 0.778s
2025-11-21 12:47:08.084 66231 INFO tempest.lib.common.rest_client [req-b4cb4e73-0554-4cd5-94a5-e631bbf857e2 req-b4cb4e73-0554-4cd5-94a5-e631bbf857e2 ] Request (MigrationsAdminTest:test_resize_server_revert_deleted_flavor): 200 GET http://10.180.1.21/compute/v2.1/servers/8a0377ef-7f60-4a71-b192-a6cf188e8ff4 0.815s
2025-11-21 12:47:08.092 66231 INFO tempest.common.waiters [-] State transition "BUILD/scheduling" ==> "BUILD/None" after 5 second wait
2025-11-21 12:47:08.122 66212 INFO tempest.lib.common.rest_client [req-16028fbb-27cf-4b33-ab60-be61704a2f20 req-16028fbb-27cf-4b33-ab60-be61704a2f20 ] Request (FloatingIPsAssociationTestJSON:tearDownClass): 200 GET http://10.180.1.21/compute/v2.1/servers/c71add5e-9bec-4cd6-aafd-8d3260e60d28 0.753s
2025-11-21 12:47:08.146 66213 INFO tempest.lib.common.rest_client [req-33128501-443a-4d1e-ad90-e9ee1d144c4d req-33128501-443a-4d1e-ad90-e9ee1d144c4d ] Request (AttachInterfacesV270Test:test_create_get_list_interfaces): 200 GET http://10.180.1.21/compute/v2.1/servers/dee6889b-f8ef-48b4-864e-83d8eed24bd3 0.699s
2025-11-21 12:47:08.193 66205 INFO tempest.lib.common.rest_client [req-16f099ab-4996-4596-a4f7-42a053bc1623 req-16f099ab-4996-4596-a4f7-42a053bc1623 ] Request (InstanceActionsV221TestJSON:test_get_list_deleted_instance_actions): 200 GET http://10.180.1.21/compute/v2.1/servers/c0515c4c-3a73-4e2c-aeff-d08891328afd 0.729s
2025-11-21 12:47:08.234 66219 INFO tempest.lib.common.rest_client [req-c5afee2a-cafb-400d-8a97-96559e7b8d00 req-c5afee2a-cafb-400d-8a97-96559e7b8d00 ] Request (ServerActionsTestOtherB:setUpClass): 200 GET http://10.180.1.21/compute/v2.1/servers/dec66662-4e0f-4ff8-9058-1d6376416aa6 0.465s
2025-11-21 12:47:08.289 66193 INFO tempest.lib.common.rest_client [req-87b92145-0d60-4e45-859b-eef3261eb63f req-87b92145-0d60-4e45-859b-eef3261eb63f ] Request (InstanceUsageAuditLogNegativeTestJSON:test_get_instance_usage_audit_logs_with_invalid_time): 400 GET http://10.180.1.21/compute/v2.1/os-instance_usage_audit_log/invalid_time 0.518s
2025-11-21 12:47:08.322 66225 INFO tempest.lib.common.rest_client [req-bb432cd3-04dd-4710-9405-22206fef3ba5 req-bb432cd3-04dd-4710-9405-22206fef3ba5 ] Request (FlavorMetadataValidation:_run_cleanups): 202 DELETE http://10.180.1.21/compute/v2.1/flavors/503186972 0.498s
2025-11-21 12:47:08.335 66203 INFO tempest.lib.common.rest_client [req-03a7328b-2524-40dc-9c6f-b9f7e541cf15 req-03a7328b-2524-40dc-9c6f-b9f7e541cf15 ] Request (ServersTestJSON:tearDownClass): 204 DELETE http://10.180.1.21/compute/v2.1/servers/c28d7cf8-2d98-4b61-a306-b071a6c16da2 0.514s
2025-11-21 12:47:08.464 66221 INFO tempest.lib.common.rest_client [req-3dc724f4-41d0-4a78-b070-33ed256a9a8d req-3dc724f4-41d0-4a78-b070-33ed256a9a8d ] Request (SecurityGroupsTestJSON:test_server_security_groups): 200 POST http://10.180.1.21/compute/v2.1/os-security-groups 0.572s
2025-11-21 12:47:08.487 66233 INFO tempest.lib.common.rest_client [req-4fdc1f05-c98b-4feb-a43d-5f63af004ea6 req-4fdc1f05-c98b-4feb-a43d-5f63af004ea6 ] Request (ServersTestJSON:test_create_server_specify_multibyte_character_name): 200 GET http://10.180.1.21/compute/v2.1/servers/a4224ae6-3d4f-4479-809c-3c16857a987f 0.620s
2025-11-21 12:47:08.509 66227 INFO tempest.lib.common.rest_client [req-201289c3-8fba-4a20-8ea2-b8499234ee20 req-201289c3-8fba-4a20-8ea2-b8499234ee20 ] Request (ServerMetadataTestJSON:test_delete_server_metadata_item): 200 GET http://10.180.1.21/compute/v2.1/servers/b4787858-d751-40a7-9cb7-033aeb6e2c84/metadata 0.569s
2025-11-21 12:47:08.565 66239 INFO tempest.lib.common.rest_client [req-579262c0-b107-4509-8f5c-ebda097e8406 req-579262c0-b107-4509-8f5c-ebda097e8406 ] Request (VolumesAssistedSnapshotsTest:tearDownClass): 200 GET http://10.180.1.21/compute/v2.1/servers/1eab0b25-ccdf-4d79-994c-04298613ec82 0.603s
2025-11-21 12:47:08.570 66221 INFO tempest.lib.common.rest_client [req-579b32d0-0f95-42bd-8f50-f8518f4f4129 req-579b32d0-0f95-42bd-8f50-f8518f4f4129 ] Request (SecurityGroupsTestJSON:test_server_security_groups): 201 POST http://10.180.1.21/identity/v3/auth/tokens 0.094s
2025-11-21 12:47:08.571 66221 INFO tempest.lib.common.fixed_network [-] (SecurityGroupsTestJSON:test_server_security_groups) Found network {'id': '8f9a0ae5-1747-4701-b2a6-2ddb5f61e77c', 'name': 'tempest-SecurityGroupsTestJSON-802804755-network', 'tenant_id': '5e7cec8689394cd99b567ccbf688c208', 'project_id': '5e7cec8689394cd99b567ccbf688c208', 'admin_state_up': True, 'mtu': 8950, 'status': 'ACTIVE', 'subnets': [], 'shared': False, 'port_security_enabled': True, 'router:external': False, 'provider:network_type': 'vlan', 'provider:physical_network': 'default', 'provider:segmentation_id': 954, 'availability_zone_hints': [], 'availability_zones': [], 'ipv4_address_scope': None, 'ipv6_address_scope': None, 'description': '', 'tags': [], 'created_at': '2025-11-21T12:45:50Z', 'updated_at': '2025-11-21T12:45:50Z', 'revision_number': 1} available for tenant
2025-11-21 12:47:08.609 66179 INFO tempest.lib.common.rest_client [req-118505d1-091f-4098-8162-26cc796481e5 req-118505d1-091f-4098-8162-26cc796481e5 ] Request (ServerActionsV293TestJSON:setUpClass): 200 GET http://10.180.1.21/compute/v2.1/servers/85e92dc4-7ad4-4d0f-b628-5104cd32475c/os-interface 0.639s
2025-11-21 12:47:08.681 66197 INFO tempest.lib.common.rest_client [req-44f855bf-d3d8-437f-97db-474722b1abae req-44f855bf-d3d8-437f-97db-474722b1abae ] Request (ServersTestMultiNic:setUpClass): 201 POST http://10.180.1.21/networking/v2.0/routers 0.765s
2025-11-21 12:47:08.731 66229 INFO tempest.lib.common.rest_client [req-39e3f647-2de0-4358-960b-fbe9a4d40668 req-39e3f647-2de0-4358-960b-fbe9a4d40668 ] Request (DeleteServersTestJSON:test_delete_active_server): 200 GET http://10.180.1.21/compute/v2.1/servers/5e12a65d-13e1-4d8d-9b6b-18b1ce31a245 0.694s
2025-11-21 12:47:08.747 66201 INFO tempest.lib.common.rest_client [req-327a1fa7-2ecb-4d52-9f4c-506079fbe662 req-327a1fa7-2ecb-4d52-9f4c-506079fbe662 ] Request (ServersAaction247Test:tearDownClass): 200 GET http://10.180.1.21/compute/v2.1/servers/f4bdcc86-b3d2-4336-be92-e074c190efb7 0.692s
2025-11-21 12:47:09.216 66179 INFO tempest.lib.common.rest_client [req-427d67e2-cfda-495e-92e0-74d6b7e6aaf9 req-427d67e2-cfda-495e-92e0-74d6b7e6aaf9 ] Request (ServerActionsV293TestJSON:setUpClass): 200 PUT http://10.180.1.21/networking/v2.0/floatingips/6a211008-5c5a-4818-be0f-07a29ffa0c61 0.603s
2025-11-21 12:47:09.245 66215 INFO tempest.lib.common.rest_client [req-36c61e9d-e270-482a-8758-a5f26c2f9cfc req-36c61e9d-e270-482a-8758-a5f26c2f9cfc ] Request (ServerShowV254Test:test_rebuild_server): 200 GET http://10.180.1.21/compute/v2.1/servers/5e2d45ff-4da9-4a9d-a86a-5b24e9f29d65 1.142s
2025-11-21 12:47:09.259 66187 INFO tempest.lib.common.rest_client [req-169c72c3-e766-42ff-892d-e3c0598c7a6e req-169c72c3-e766-42ff-892d-e3c0598c7a6e ] Request (ServerDiagnosticsV248Test:tearDownClass): 200 GET http://10.180.1.21/compute/v2.1/servers/076c55a9-731a-462b-8158-3331d701b43c 1.093s
2025-11-21 12:47:09.348 66237 INFO tempest.lib.common.rest_client [req-902b7d7e-379b-403f-9f06-8a8d36efb3d8 req-902b7d7e-379b-403f-9f06-8a8d36efb3d8 ] Request (ServerActionsTestOtherA:test_rebuild_server_in_stop_state): 200 GET http://10.180.1.21/compute/v2.1/servers/20906082-addb-4127-8ff5-20d6ca712e03 1.122s
2025-11-21 12:47:09.394 66193 INFO tempest.lib.common.rest_client [req-0b00f03a-90d0-4196-8e6f-eaddd44b253b req-0b00f03a-90d0-4196-8e6f-eaddd44b253b ] Request (InstanceUsageAuditLogNegativeTestJSON:test_instance_usage_audit_logs_with_nonadmin_user): 403 GET http://10.180.1.21/compute/v2.1/os-instance_usage_audit_log 1.104s
2025-11-21 12:47:09.424 66225 INFO tempest.lib.common.rest_client [req-d0afe65a-0d57-45d1-b320-2ea9e058496d req-d0afe65a-0d57-45d1-b320-2ea9e058496d ] Request (FlavorMetadataValidation:_run_cleanups): 200 GET http://10.180.1.21/compute/v2.1/flavors/detail 1.102s
2025-11-21 12:47:09.449 66208 INFO tempest.lib.common.rest_client [req-a12590a7-e01b-4ec1-9edf-792e25b8453f req-a12590a7-e01b-4ec1-9edf-792e25b8453f ] Request (ServersWithSpecificFlavorTestJSON:test_verify_created_server_ephemeral_disk): 200 GET http://10.180.1.21/compute/v2.1/servers/34aed745-d23e-4c79-95fd-17a3c2027fbb 1.137s
2025-11-21 12:47:09.474 66208 INFO tempest.common.waiters [-] State transition "BUILD/scheduling" ==> "BUILD/None" after 2 second wait
2025-11-21 12:47:09.574 66227 INFO tempest.lib.common.rest_client [req-9fd2c806-38b8-4862-96f9-b7d93c6ad6e9 req-9fd2c806-38b8-4862-96f9-b7d93c6ad6e9 ] Request (ServerMetadataTestJSON:setUp): 200 PUT http://10.180.1.21/compute/v2.1/servers/b4787858-d751-40a7-9cb7-033aeb6e2c84/metadata 1.062s
2025-11-21 12:47:09.618 66203 INFO tempest.lib.common.rest_client [req-74036587-093a-49a6-9a78-55b6d70104c7 req-74036587-093a-49a6-9a78-55b6d70104c7 ] Request (ServersTestJSON:tearDownClass): 200 GET http://10.180.1.21/compute/v2.1/servers/c28d7cf8-2d98-4b61-a306-b071a6c16da2 1.282s
2025-11-21 12:47:09.631 66225 INFO tempest.lib.common.rest_client [req-aa884aa9-db18-4526-8f37-d1458e022430 req-aa884aa9-db18-4526-8f37-d1458e022430 ] Request (FlavorMetadataValidation:tearDownClass): 204 DELETE http://10.180.1.21/identity/v3/users/997e9c8ecca24f6eaa405db3812f74b8 0.197s
2025-11-21 12:47:09.690 66195 INFO tempest.lib.common.rest_client [req-e7ba8baf-f841-4af5-ba89-f3a725b8156b req-e7ba8baf-f841-4af5-ba89-f3a725b8156b ] Request (ServerShowV247Test:test_update_rebuild_list_server): 200 GET http://10.180.1.21/compute/v2.1/servers/e9e4cdf4-0107-4a8b-b657-f7cde09c99ed 1.054s
2025-11-21 12:47:09.820 66185 INFO tempest.lib.common.rest_client [req-28d04a9a-c2c7-4bc2-986d-7cfaf9fb5322 req-28d04a9a-c2c7-4bc2-986d-7cfaf9fb5322 ] Request (ServersAdminTestJSON:test_create_server_with_scheduling_hint): 200 GET http://10.180.1.21/compute/v2.1/servers/a15820e4-2dc0-4ae1-85ef-3b654b53412f 1.176s
2025-11-21 12:47:09.835 66225 INFO tempest.lib.common.rest_client [req-ac43fd73-12b5-488b-a006-8b37df1fa773 req-ac43fd73-12b5-488b-a006-8b37df1fa773 ] Request (FlavorMetadataValidation:tearDownClass): 204 DELETE http://10.180.1.21/identity/v3/users/dd6f09ca0367406faf2d0ab7a5043143 0.203s
2025-11-21 12:47:09.835 66225 INFO tempest.lib.common.dynamic_creds [-] Deleting project and security group for project: 3a8bc87872c64b41894e9730d8593294
2025-11-21 12:47:09.886 66189 INFO tempest.lib.common.rest_client [req-43a3b706-a4df-43fd-bdd1-7dbf5794add6 req-43a3b706-a4df-43fd-bdd1-7dbf5794add6 ] Request (ImagesOneServerTestJSON:test_create_image_specify_multibyte_character_image_name): 200 GET http://10.180.1.21/compute/v2.1/images/24517b78-253a-4fc8-9c0a-75f0f5c99920 1.192s
2025-11-21 12:47:09.919 66197 INFO tempest.lib.common.rest_client [req-ee7f168a-ac21-44ee-97f2-42b1531166a7 req-ee7f168a-ac21-44ee-97f2-42b1531166a7 ] Request (ServersTestMultiNic:setUpClass): 200 PUT http://10.180.1.21/networking/v2.0/routers/0809681c-7bdc-4543-b492-fb00c087870b/add_router_interface 1.238s
2025-11-21 12:47:09.920 66197 INFO tempest.lib.common.dynamic_creds [-] Created isolated network resources for: credentials: Credentials: {'domain_id': 'default', 'domain_name': 'Default', 'username': 'tempest-ServersTestMultiNic-1961025715-project-member', 'project_domain_id': 'default', 'project_domain_name': 'Default', 'project_id': 'd904130811e840ce93c2ea2c5a57c377', 'project_name': 'tempest-ServersTestMultiNic-1961025715', 'tenant_id': 'd904130811e840ce93c2ea2c5a57c377', 'tenant_name': 'tempest-ServersTestMultiNic-1961025715', 'user_domain_id': 'default', 'user_domain_name': 'Default', 'user_id': '5dc63dc11038437c8ce71f26ae0728ba', 'system': None}, Network: {'id': 'dfdff747-6a8f-49bf-add4-0c32e08d97ed', 'name': 'tempest-ServersTestMultiNic-172658639-network', 'tenant_id': 'd904130811e840ce93c2ea2c5a57c377', 'project_id': 'd904130811e840ce93c2ea2c5a57c377', 'admin_state_up': True, 'mtu': 8950, 'status': 'ACTIVE', 'subnets': [], 'shared': False, 'port_security_enabled': True, 'router:external': False, 'provider:network_type': 'vlan', 'provider:physical_network': 'default', 'provider:segmentation_id': 313, 'availability_zone_hints': [], 'availability_zones': [], 'ipv4_address_scope': None, 'ipv6_address_scope': None, 'description': '', 'tags': [], 'created_at': '2025-11-21T12:47:07Z', 'updated_at': '2025-11-21T12:47:07Z', 'revision_number': 1}, Subnet: {'id': 'a01af472-f2c0-422c-9b7f-e0d9caca646c', 'name': 'tempest-ServersTestMultiNic-172658639-subnet', 'tenant_id': 'd904130811e840ce93c2ea2c5a57c377', 'network_id': 'dfdff747-6a8f-49bf-add4-0c32e08d97ed', 'ip_version': 4, 'subnetpool_id': None, 'enable_dhcp': True, 'ipv6_ra_mode': None, 'ipv6_address_mode': None, 'gateway_ip': '192.168.128.1', 'cidr': '192.168.128.0/28', 'allocation_pools': [{'start': '192.168.128.2', 'end': '192.168.128.14'}], 'host_routes': [], 'dns_nameservers': [], 'description': '', 'router:external': False, 'service_types': [], 'tags': [], 'created_at': '2025-11-21T12:47:07Z', 'updated_at': '2025-11-21T12:47:07Z', 'revision_number': 0, 'project_id': 'd904130811e840ce93c2ea2c5a57c377'}, Router: {'id': '0809681c-7bdc-4543-b492-fb00c087870b', 'name': 'tempest-ServersTestMultiNic-172658639-router', 'tenant_id': 'd904130811e840ce93c2ea2c5a57c377', 'admin_state_up': True, 'status': 'ACTIVE', 'external_gateway_info': {'network_id': '3753d3ec-79ab-4536-a8b6-e64d5a10ef41', 'external_fixed_ips': [{'subnet_id': '4e4d19dd-da82-4130-876d-22d3c70eca1f', 'ip_address': '10.180.180.194'}], 'enable_snat': True}, 'description': '', 'availability_zones': [], 'distributed': False, 'ha': False, 'availability_zone_hints': [], 'routes': [], 'flavor_id': None, 'tags': [], 'created_at': '2025-11-21T12:47:07Z', 'updated_at': '2025-11-21T12:47:08Z', 'revision_number': 2, 'project_id': 'd904130811e840ce93c2ea2c5a57c377'}
2025-11-21 12:47:09.935 66183 INFO tempest.lib.common.rest_client [req-bd2b84cb-40bd-43b2-81f8-0ee052b192c0 req-bd2b84cb-40bd-43b2-81f8-0ee052b192c0 ] Request (ImagesTestJSON:test_create_image_from_suspended_server): 200 GET http://10.180.1.21/compute/v2.1/images/06a3ad6a-bce4-4591-9438-f4c988bc5057 1.241s
2025-11-21 12:47:09.946 66225 INFO tempest.lib.common.rest_client [req-6c5f3f66-d5dc-49c2-9b28-7a2e5eb0983a req-6c5f3f66-d5dc-49c2-9b28-7a2e5eb0983a ] Request (FlavorMetadataValidation:tearDownClass): 201 POST http://10.180.1.21/identity/v3/auth/tokens 0.108s
2025-11-21 12:47:10.048 66224 INFO tempest.lib.common.rest_client [req-87afcfab-7638-4a23-8171-998ada5eea5b req-87afcfab-7638-4a23-8171-998ada5eea5b ] Request (ServersAdminNegativeTestJSON:tearDownClass): 200 GET http://10.180.1.21/compute/v2.1/servers/da0ee9c7-5148-4a17-bcc6-4802049d449e 1.007s
2025-11-21 12:47:10.054 66197 INFO tempest.lib.common.rest_client [req-3a6d6518-4929-4976-9de9-40fe2a6ae0a5 req-3a6d6518-4929-4976-9de9-40fe2a6ae0a5 ] Request (ServersTestMultiNic:setUpClass): 201 POST http://10.180.1.21/identity/v3/auth/tokens 0.125s
2025-11-21 12:47:10.106 66221 INFO tempest.lib.common.rest_client [req-71b4d9f9-d5c6-4d72-8b29-d389f1f12175 req-71b4d9f9-d5c6-4d72-8b29-d389f1f12175 ] Request (SecurityGroupsTestJSON:test_server_security_groups): 202 POST http://10.180.1.21/compute/v2.1/servers 1.534s
2025-11-21 12:47:10.176 66225 INFO tempest.lib.common.rest_client [req-dc94873a-ec68-4f3f-9d6e-79aac0259048 req-dc94873a-ec68-4f3f-9d6e-79aac0259048 ] Request (FlavorMetadataValidation:tearDownClass): 200 GET http://10.180.1.21/networking/v2.0/security-groups?tenant_id=3a8bc87872c64b41894e9730d8593294&name=default 0.230s
2025-11-21 12:47:10.216 66231 INFO tempest.lib.common.rest_client [req-f6c58c5c-1b8f-4900-8518-d7dd8be2da29 req-f6c58c5c-1b8f-4900-8518-d7dd8be2da29 ] Request (MigrationsAdminTest:test_resize_server_revert_deleted_flavor): 200 GET http://10.180.1.21/compute/v2.1/servers/8a0377ef-7f60-4a71-b192-a6cf188e8ff4 1.123s
2025-11-21 12:47:10.221 66212 INFO tempest.lib.common.rest_client [req-04b9bb21-70eb-473c-8222-d849246fc5f2 req-04b9bb21-70eb-473c-8222-d849246fc5f2 ] Request (FloatingIPsAssociationTestJSON:tearDownClass): 200 GET http://10.180.1.21/compute/v2.1/servers/c71add5e-9bec-4cd6-aafd-8d3260e60d28 1.088s
2025-11-21 12:47:10.253 66197 INFO tempest.lib.common.rest_client [req-de98ef83-0f77-4810-bbb0-6bea877815dc req-de98ef83-0f77-4810-bbb0-6bea877815dc ] Request (ServersTestMultiNic:test_verify_duplicate_network_nics): 201 POST http://10.180.1.21/networking/v2.0/networks 0.197s
2025-11-21 12:47:10.332 66225 INFO tempest.lib.common.rest_client [req-fd5d5107-26c8-47ec-96f5-0909df2fe10e req-fd5d5107-26c8-47ec-96f5-0909df2fe10e ] Request (FlavorMetadataValidation:tearDownClass): 204 DELETE http://10.180.1.21/networking/v2.0/security-groups/cdbc514a-68c6-4497-821c-1cbbe3faadf7 0.155s
2025-11-21 12:47:10.362 66213 INFO tempest.lib.common.rest_client [req-5fe2d94d-234e-4602-956c-0662d274b19f req-5fe2d94d-234e-4602-956c-0662d274b19f ] Request (AttachInterfacesV270Test:test_create_get_list_interfaces): 200 GET http://10.180.1.21/compute/v2.1/servers/dee6889b-f8ef-48b4-864e-83d8eed24bd3 1.204s
2025-11-21 12:47:10.393 66205 INFO tempest.lib.common.rest_client [req-e54e5e68-03b2-4738-8e75-f52688b7a6a9 req-e54e5e68-03b2-4738-8e75-f52688b7a6a9 ] Request (InstanceActionsV221TestJSON:test_get_list_deleted_instance_actions): 200 GET http://10.180.1.21/compute/v2.1/servers/c0515c4c-3a73-4e2c-aeff-d08891328afd 1.190s
2025-11-21 12:47:10.478 66225 INFO tempest.lib.common.rest_client [req-5d55f74e-c378-43a6-8967-7db109b15ebc req-5d55f74e-c378-43a6-8967-7db109b15ebc ] Request (FlavorMetadataValidation:tearDownClass): 204 DELETE http://10.180.1.21/identity/v3/projects/3a8bc87872c64b41894e9730d8593294 0.146s
2025-11-21 12:47:10.479 66225 INFO tempest.lib.common.dynamic_creds [-] Deleting project and security group for project: af63ff95e09e40dbbc1b4a117b7e813b
2025-11-21 12:47:10.588 66197 INFO tempest.lib.common.rest_client [req-4d1f8694-75a8-47b7-ae3c-e3bd17ed6eee req-4d1f8694-75a8-47b7-ae3c-e3bd17ed6eee ] Request (ServersTestMultiNic:test_verify_duplicate_network_nics): 201 POST http://10.180.1.21/networking/v2.0/subnets 0.334s
2025-11-21 12:47:10.676 66219 INFO tempest.lib.common.rest_client [req-c46fc13a-f321-414a-9098-f803487d5c55 req-c46fc13a-f321-414a-9098-f803487d5c55 ] Request (ServerActionsTestOtherB:setUpClass): 200 GET http://10.180.1.21/compute/v2.1/servers/dec66662-4e0f-4ff8-9058-1d6376416aa6 1.430s
2025-11-21 12:47:10.687 66193 INFO tempest.lib.common.rest_client [req-d833fe5b-8c7b-4342-9d02-fe9860864032 req-d833fe5b-8c7b-4342-9d02-fe9860864032 ] Request (InstanceUsageAuditLogNegativeTestJSON:test_instance_usage_audit_logs_with_nonadmin_user): 403 GET http://10.180.1.21/compute/v2.1/os-instance_usage_audit_log/2025-11-21%2012%3A47%3A09 1.292s
2025-11-21 12:47:10.889 66225 INFO tempest.lib.common.rest_client [req-56de649a-e919-4432-987d-6c107fea17f5 req-56de649a-e919-4432-987d-6c107fea17f5 ] Request (FlavorMetadataValidation:tearDownClass): 200 GET http://10.180.1.21/networking/v2.0/security-groups?tenant_id=af63ff95e09e40dbbc1b4a117b7e813b&name=default 0.409s
2025-11-21 12:47:10.911 66193 INFO tempest.lib.common.rest_client [req-d451fa30-7cba-4f38-b68b-f63a6d598995 req-d451fa30-7cba-4f38-b68b-f63a6d598995 ] Request (InstanceUsageAuditLogNegativeTestJSON:tearDownClass): 204 DELETE http://10.180.1.21/identity/v3/users/0c8ea43367e64b9ba2f1d3df0248544a 0.220s
2025-11-21 12:47:10.932 66179 INFO tempest.lib.common.rest_client [req-b2ed837e-0eb8-411f-bb71-2e81111e1d7b req-b2ed837e-0eb8-411f-bb71-2e81111e1d7b ] Request (ServerActionsV293TestJSON:test_rebuild_volume_backed_server): 200 GET http://10.180.1.21/compute/v2.1/servers/85e92dc4-7ad4-4d0f-b628-5104cd32475c 1.715s
2025-11-21 12:47:10.945 66233 INFO tempest.lib.common.rest_client [req-6af72e64-c469-4291-aaf6-1c708b05b358 req-6af72e64-c469-4291-aaf6-1c708b05b358 ] Request (ServersTestJSON:test_create_server_specify_multibyte_character_name): 200 GET http://10.180.1.21/compute/v2.1/servers/a4224ae6-3d4f-4479-809c-3c16857a987f 1.449s
2025-11-21 12:47:10.958 66197 INFO tempest.lib.common.rest_client [req-20d3d4da-6d1a-4792-b600-8b8c952f01b3 req-20d3d4da-6d1a-4792-b600-8b8c952f01b3 ] Request (ServersTestMultiNic:test_verify_duplicate_network_nics): 201 POST http://10.180.1.21/networking/v2.0/networks 0.370s
2025-11-21 12:47:10.996 66179 INFO tempest.lib.common.rest_client [req-a59b3f49-0541-445b-8bf6-5a5098b01f94 req-a59b3f49-0541-445b-8bf6-5a5098b01f94 ] Request (ServerActionsV293TestJSON:test_rebuild_volume_backed_server): 200 GET http://10.180.1.21/volume/v3/volumes/959dac10-e07b-489d-a0f9-67dc827748c0 0.051s
2025-11-21 12:47:11.000 66227 INFO tempest.lib.common.rest_client [req-5963ec9d-c1cc-4a60-b778-beea3f16672e req-5963ec9d-c1cc-4a60-b778-beea3f16672e ] Request (ServerMetadataTestJSON:test_get_server_metadata_item): 200 GET http://10.180.1.21/compute/v2.1/servers/b4787858-d751-40a7-9cb7-033aeb6e2c84/metadata/key2 1.425s
2025-11-21 12:47:11.008 66179 INFO tempest.lib.common.ssh [-] Creating ssh connection to '10.180.180.176:22' as 'cirros' with public key authentication
2025-11-21 12:47:11.086 66193 INFO tempest.lib.common.rest_client [req-f2bd7816-4ffc-433a-a387-9f62eebf87f1 req-f2bd7816-4ffc-433a-a387-9f62eebf87f1 ] Request (InstanceUsageAuditLogNegativeTestJSON:tearDownClass): 204 DELETE http://10.180.1.21/identity/v3/users/4be31095296c4f42a63c4ff683e7da60 0.175s
2025-11-21 12:47:11.087 66193 INFO tempest.lib.common.dynamic_creds [-] Deleting project and security group for project: ce158f4116724943a8f94421b8832a75
2025-11-21 12:47:11.115 66225 INFO tempest.lib.common.rest_client [req-40b77ea4-91b6-4dcf-a03e-a1e1e09be61a req-40b77ea4-91b6-4dcf-a03e-a1e1e09be61a ] Request (FlavorMetadataValidation:tearDownClass): 204 DELETE http://10.180.1.21/networking/v2.0/security-groups/4f17f189-17b9-42ee-8707-553c7419e668 0.225s
2025-11-21 12:47:11.201 66193 INFO tempest.lib.common.rest_client [req-f3b283b5-dc60-492a-9d12-54e41f28ca61 req-f3b283b5-dc60-492a-9d12-54e41f28ca61 ] Request (InstanceUsageAuditLogNegativeTestJSON:tearDownClass): 201 POST http://10.180.1.21/identity/v3/auth/tokens 0.113s
2025-11-21 12:47:11.222 66225 INFO tempest.lib.common.rest_client [req-a522b782-5bf3-40f9-84be-3b2e8271242f req-a522b782-5bf3-40f9-84be-3b2e8271242f ] Request (FlavorMetadataValidation:tearDownClass): 204 DELETE http://10.180.1.21/identity/v3/projects/af63ff95e09e40dbbc1b4a117b7e813b 0.107s
2025-11-21 12:47:11.223 66225 INFO tempest.test [-] raised in LiveMigrationTest.setUpClass. Invoking tearDownClass.
2025-11-21 12:47:11.331 66225 INFO tempest.lib.common.rest_client [req-6dc2fa1b-22be-4e54-851b-46873fd920e6 req-6dc2fa1b-22be-4e54-851b-46873fd920e6 ] Request (ServerGroup264TestJSON:setUpClass): 201 POST http://10.180.1.21/identity/v3/auth/tokens 0.104s
2025-11-21 12:47:11.371 66225 INFO tempest.lib.common.rest_client [req-3829c0e7-6283-4bda-a3eb-8083c0676ea8 req-3829c0e7-6283-4bda-a3eb-8083c0676ea8 ] Request (ServerGroup264TestJSON:setUpClass): 201 POST http://10.180.1.21/identity/v3/auth/tokens 0.037s
2025-11-21 12:47:11.402 66225 INFO tempest.lib.common.rest_client [req-3305c34d-2dee-4189-ae47-680fb1f62393 req-3305c34d-2dee-4189-ae47-680fb1f62393 ] Request (ServerGroup264TestJSON:setUpClass): 200 GET http://10.180.1.21/identity/v3/domains?name=Default 0.030s
2025-11-21 12:47:11.413 66197 INFO tempest.lib.common.rest_client [req-71926504-ac4e-4003-9149-2b6d5f6677cc req-71926504-ac4e-4003-9149-2b6d5f6677cc ] Request (ServersTestMultiNic:test_verify_duplicate_network_nics): 201 POST http://10.180.1.21/networking/v2.0/subnets 0.454s
2025-11-21 12:47:11.446 66239 INFO tempest.lib.common.rest_client [req-0b3e6ae3-1f3f-4e35-94a0-fd7c6865ac3c req-0b3e6ae3-1f3f-4e35-94a0-fd7c6865ac3c ] Request (VolumesAssistedSnapshotsTest:tearDownClass): 200 GET http://10.180.1.21/compute/v2.1/servers/1eab0b25-ccdf-4d79-994c-04298613ec82 1.873s
2025-11-21 12:47:11.447 66225 INFO tempest.lib.common.rest_client [req-bef3043f-1b74-4da9-b528-2a8e7a0afd22 req-bef3043f-1b74-4da9-b528-2a8e7a0afd22 ] Request (ServerGroup264TestJSON:setUpClass): 201 POST http://10.180.1.21/identity/v3/projects 0.045s
2025-11-21 12:47:11.465 66229 INFO tempest.lib.common.rest_client [req-352edc6d-f2da-4819-a0b3-a8091a7ad614 req-352edc6d-f2da-4819-a0b3-a8091a7ad614 ] Request (DeleteServersTestJSON:test_delete_active_server): 200 GET http://10.180.1.21/compute/v2.1/servers/5e12a65d-13e1-4d8d-9b6b-18b1ce31a245 1.720s
2025-11-21 12:47:11.480 66201 INFO tempest.lib.common.rest_client [req-7c536bfa-e679-4edb-9579-3286aa3a02fd req-7c536bfa-e679-4edb-9579-3286aa3a02fd ] Request (ServersAaction247Test:tearDownClass): 404 GET http://10.180.1.21/compute/v2.1/servers/f4bdcc86-b3d2-4336-be92-e074c190efb7 1.714s
2025-11-21 12:47:11.498 66197 INFO tempest.lib.common.rest_client [req-8a955c79-3954-4c7a-b0ac-9395ae2b1948 req-8a955c79-3954-4c7a-b0ac-9395ae2b1948 ] Request (ServersTestMultiNic:test_verify_duplicate_network_nics): 201 POST http://10.180.1.21/identity/v3/auth/tokens 0.082s
2025-11-21 12:47:11.499 66197 INFO tempest.lib.common.fixed_network [-] (ServersTestMultiNic:test_verify_duplicate_network_nics) Found network {'id': 'dfdff747-6a8f-49bf-add4-0c32e08d97ed', 'name': 'tempest-ServersTestMultiNic-172658639-network', 'tenant_id': 'd904130811e840ce93c2ea2c5a57c377', 'project_id': 'd904130811e840ce93c2ea2c5a57c377', 'admin_state_up': True, 'mtu': 8950, 'status': 'ACTIVE', 'subnets': [], 'shared': False, 'port_security_enabled': True, 'router:external': False, 'provider:network_type': 'vlan', 'provider:physical_network': 'default', 'provider:segmentation_id': 313, 'availability_zone_hints': [], 'availability_zones': [], 'ipv4_address_scope': None, 'ipv6_address_scope': None, 'description': '', 'tags': [], 'created_at': '2025-11-21T12:47:07Z', 'updated_at': '2025-11-21T12:47:07Z', 'revision_number': 1} available for tenant
2025-11-21 12:47:11.514 66225 INFO tempest.lib.common.rest_client [req-87b43bdf-6a1b-4edb-860b-a2a75e25052f req-87b43bdf-6a1b-4edb-860b-a2a75e25052f ] Request (ServerGroup264TestJSON:setUpClass): 201 POST http://10.180.1.21/identity/v3/users 0.066s
2025-11-21 12:47:11.619 66201 INFO tempest.lib.common.rest_client [req-04b03d29-d3e4-43f1-b396-2c7cd8a9be63 req-04b03d29-d3e4-43f1-b396-2c7cd8a9be63 ] Request (ServersAaction247Test:tearDownClass): 204 DELETE http://10.180.1.21/identity/v3/users/9a9aaf93fd414f7c8bbedc3de13198a5 0.139s
2025-11-21 12:47:11.620 66201 INFO tempest.lib.common.dynamic_creds [-] Deleting project and security group for project: 13f542a77561437d98f17bffbb65ab21
2025-11-21 12:47:11.648 66215 INFO tempest.lib.common.rest_client [req-e6fa74c9-aef9-4f12-b518-fff83207e3ba req-e6fa74c9-aef9-4f12-b518-fff83207e3ba ] Request (ServerShowV254Test:test_rebuild_server): 200 GET http://10.180.1.21/compute/v2.1/servers/5e2d45ff-4da9-4a9d-a86a-5b24e9f29d65 1.390s
2025-11-21 12:47:11.660 66221 INFO tempest.lib.common.rest_client [req-bc1a66f5-1010-4210-944f-ed3cc4b6c085 req-bc1a66f5-1010-4210-944f-ed3cc4b6c085 ] Request (SecurityGroupsTestJSON:test_server_security_groups): 200 GET http://10.180.1.21/compute/v2.1/servers/d8cab879-d461-4c29-86d4-f31cf1ca4a1d 1.553s
2025-11-21 12:47:11.717 66225 INFO tempest.lib.common.rest_client [req-760fd120-5637-49f5-9964-5bc139b5e464 req-760fd120-5637-49f5-9964-5bc139b5e464 ] Request (ServerGroup264TestJSON:setUpClass): 200 GET http://10.180.1.21/identity/v3/roles 0.202s
2025-11-21 12:47:11.770 66201 INFO tempest.lib.common.rest_client [req-9ae37ad7-8a73-498c-bdbc-9d25b9713b16 req-9ae37ad7-8a73-498c-bdbc-9d25b9713b16 ] Request (ServersAaction247Test:tearDownClass): 201 POST http://10.180.1.21/identity/v3/auth/tokens 0.149s
2025-11-21 12:47:11.814 66225 INFO tempest.lib.common.rest_client [req-dfe82036-2ed0-42a4-9362-5a706c016cc4 req-dfe82036-2ed0-42a4-9362-5a706c016cc4 ] Request (ServerGroup264TestJSON:setUpClass): 204 PUT http://10.180.1.21/identity/v3/projects/b0c8ea2dbaba4ed6afc4a50ebc7e85cd/users/5d1642e8ed594e88b1372c535670a9db/roles/85d2aa0347e64c86bf8cf95bef9080f1 0.095s
2025-11-21 12:47:11.814 66225 INFO tempest.lib.common.dynamic_creds [-] Dynamic test user 5d1642e8ed594e88b1372c535670a9db is created with scope project and roles: ['member']
2025-11-21 12:47:11.815 66225 INFO tempest.lib.common.dynamic_creds [-] Acquired dynamic creds: credentials: Credentials: {'domain_id': 'default', 'domain_name': 'Default', 'username': 'tempest-ServerGroup264TestJSON-1034820249-project-member', 'project_domain_id': 'default', 'project_domain_name': 'Default', 'project_id': 'b0c8ea2dbaba4ed6afc4a50ebc7e85cd', 'project_name': 'tempest-ServerGroup264TestJSON-1034820249', 'tenant_id': 'b0c8ea2dbaba4ed6afc4a50ebc7e85cd', 'tenant_name': 'tempest-ServerGroup264TestJSON-1034820249', 'user_domain_id': 'default', 'user_domain_name': 'Default', 'user_id': '5d1642e8ed594e88b1372c535670a9db', 'system': None}, Network: None, Subnet: None, Router: None
2025-11-21 12:47:11.819 66237 INFO tempest.lib.common.rest_client [req-5f845d6a-f8fe-4c90-9209-c188a17044b7 req-5f845d6a-f8fe-4c90-9209-c188a17044b7 ] Request (ServerActionsTestOtherA:test_rebuild_server_in_stop_state): 200 GET http://10.180.1.21/compute/v2.1/servers/20906082-addb-4127-8ff5-20d6ca712e03 1.452s
2025-11-21 12:47:11.828 66187 INFO tempest.lib.common.rest_client [req-559697e7-5964-45dd-b9e0-51bb46693fb2 req-559697e7-5964-45dd-b9e0-51bb46693fb2 ] Request (ServerDiagnosticsV248Test:tearDownClass): 200 GET http://10.180.1.21/compute/v2.1/servers/076c55a9-731a-462b-8158-3331d701b43c 1.558s
2025-11-21 12:47:11.904 66225 INFO tempest.lib.common.rest_client [req-0e9582db-0d16-4441-ae96-9da3341e1e58 req-0e9582db-0d16-4441-ae96-9da3341e1e58 ] Request (ServerGroup264TestJSON:setUpClass): 201 POST http://10.180.1.21/identity/v3/auth/tokens 0.089s
2025-11-21 12:47:11.932 66193 INFO tempest.lib.common.rest_client [req-ac58ff16-2971-432a-b91a-6d0e0e6d014d req-ac58ff16-2971-432a-b91a-6d0e0e6d014d ] Request (InstanceUsageAuditLogNegativeTestJSON:tearDownClass): 200 GET http://10.180.1.21/networking/v2.0/security-groups?tenant_id=ce158f4116724943a8f94421b8832a75&name=default 0.731s
2025-11-21 12:47:12.014 66203 INFO tempest.lib.common.rest_client [req-8fc474bc-71a7-47bc-b110-508b9bad4519 req-8fc474bc-71a7-47bc-b110-508b9bad4519 ] Request (ServersTestJSON:tearDownClass): 200 GET http://10.180.1.21/compute/v2.1/servers/c28d7cf8-2d98-4b61-a306-b071a6c16da2 1.387s
2025-11-21 12:47:12.022 66208 INFO tempest.lib.common.rest_client [req-d18420c8-2c11-4ab5-b705-f1f7d2c33b0b req-d18420c8-2c11-4ab5-b705-f1f7d2c33b0b ] Request (ServersWithSpecificFlavorTestJSON:test_verify_created_server_ephemeral_disk): 200 GET http://10.180.1.21/compute/v2.1/servers/34aed745-d23e-4c79-95fd-17a3c2027fbb 1.547s
2025-11-21 12:47:12.073 66201 INFO tempest.lib.common.rest_client [req-81f57831-25ec-4638-b6ac-6fe3006c59f8 req-81f57831-25ec-4638-b6ac-6fe3006c59f8 ] Request (ServersAaction247Test:tearDownClass): 200 GET http://10.180.1.21/networking/v2.0/security-groups?tenant_id=13f542a77561437d98f17bffbb65ab21&name=default 0.302s
2025-11-21 12:47:12.227 66193 INFO tempest.lib.common.rest_client [req-0c1930cc-bf37-479c-9559-0304f0804d0c req-0c1930cc-bf37-479c-9559-0304f0804d0c ] Request (InstanceUsageAuditLogNegativeTestJSON:tearDownClass): 204 DELETE http://10.180.1.21/networking/v2.0/security-groups/aae192ce-cf0c-4a7d-be6e-b5fe151e0bfc 0.294s
2025-11-21 12:47:12.300 66195 INFO tempest.lib.common.rest_client [req-87d3ae42-6ff1-4b1c-88b5-fb3d06d18a6a req-87d3ae42-6ff1-4b1c-88b5-fb3d06d18a6a ] Request (ServerShowV247Test:test_update_rebuild_list_server): 200 GET http://10.180.1.21/compute/v2.1/servers/e9e4cdf4-0107-4a8b-b657-f7cde09c99ed 1.594s
2025-11-21 12:47:12.301 66225 INFO tempest.lib.common.rest_client [req-8114f634-8005-4446-98b9-e6a7ff0d5a19 req-8114f634-8005-4446-98b9-e6a7ff0d5a19 ] Request (ServerGroup264TestJSON:setUpClass): 201 POST http://10.180.1.21/networking/v2.0/networks 0.397s
2025-11-21 12:47:12.321 66185 INFO tempest.lib.common.rest_client [req-410ebc5c-6e7a-47a6-a511-e33b8882de7d req-410ebc5c-6e7a-47a6-a511-e33b8882de7d ] Request (ServersAdminTestJSON:test_create_server_with_scheduling_hint): 200 GET http://10.180.1.21/compute/v2.1/servers/a15820e4-2dc0-4ae1-85ef-3b654b53412f 1.491s
2025-11-21 12:47:12.343 66193 INFO tempest.lib.common.rest_client [req-22654a0c-8b74-4df1-8140-dd7abded4be5 req-22654a0c-8b74-4df1-8140-dd7abded4be5 ] Request (InstanceUsageAuditLogNegativeTestJSON:tearDownClass): 204 DELETE http://10.180.1.21/identity/v3/projects/ce158f4116724943a8f94421b8832a75 0.116s
2025-11-21 12:47:12.343 66193 INFO tempest.lib.common.dynamic_creds [-] Deleting project and security group for project: 6617d658fa934a4d9d62fac4768b3693
2025-11-21 12:47:12.373 66189 INFO tempest.lib.common.rest_client [req-2d952465-6121-4d3b-abff-1113daa0d39a req-2d952465-6121-4d3b-abff-1113daa0d39a ] Request (ImagesOneServerTestJSON:test_create_image_specify_multibyte_character_image_name): 200 GET http://10.180.1.21/compute/v2.1/images/24517b78-253a-4fc8-9c0a-75f0f5c99920 1.479s
2025-11-21 12:47:12.376 66183 INFO tempest.lib.common.rest_client [req-e48d8e83-865f-4998-bd75-984ac273a0dd req-e48d8e83-865f-4998-bd75-984ac273a0dd ] Request (ImagesTestJSON:test_create_image_from_suspended_server): 200 GET http://10.180.1.21/compute/v2.1/images/06a3ad6a-bce4-4591-9438-f4c988bc5057 1.434s
2025-11-21 12:47:12.400 66201 INFO tempest.lib.common.rest_client [req-a5e66336-3f8e-4f1b-8140-29e9563ddcff req-a5e66336-3f8e-4f1b-8140-29e9563ddcff ] Request (ServersAaction247Test:tearDownClass): 204 DELETE http://10.180.1.21/networking/v2.0/security-groups/71302dd4-e85a-4805-99a7-256d6dc0a494 0.326s
2025-11-21 12:47:12.480 66227 INFO tempest.lib.common.rest_client [req-9b16466a-252b-4ea6-bc12-fc27d5d15475 req-9b16466a-252b-4ea6-bc12-fc27d5d15475 ] Request (ServerMetadataTestJSON:setUp): 200 PUT http://10.180.1.21/compute/v2.1/servers/b4787858-d751-40a7-9cb7-033aeb6e2c84/metadata 1.478s
2025-11-21 12:47:12.507 66201 INFO tempest.lib.common.rest_client [req-70bc7fee-0e91-426b-99fd-b22584f0c090 req-70bc7fee-0e91-426b-99fd-b22584f0c090 ] Request (ServersAaction247Test:tearDownClass): 204 DELETE http://10.180.1.21/identity/v3/projects/13f542a77561437d98f17bffbb65ab21 0.106s
2025-11-21 12:47:12.532 66193 INFO tempest.lib.common.rest_client [req-1b2932c2-6f4a-44c5-b501-58f1d31fac48 req-1b2932c2-6f4a-44c5-b501-58f1d31fac48 ] Request (InstanceUsageAuditLogNegativeTestJSON:tearDownClass): 200 GET http://10.180.1.21/networking/v2.0/security-groups?tenant_id=6617d658fa934a4d9d62fac4768b3693&name=default 0.185s
2025-11-21 12:47:12.580 66201 INFO tempest.lib.common.rest_client [req-11cb05a1-9a83-456a-bf67-82e5c5bbc77f req-11cb05a1-9a83-456a-bf67-82e5c5bbc77f ] Request (ServerRescueTestJSONUnderV235:setUpClass): 201 POST http://10.180.1.21/identity/v3/auth/tokens 0.070s
2025-11-21 12:47:12.601 66225 INFO tempest.lib.common.rest_client [req-5b524410-8214-42f2-9f7a-d654e7213a9d req-5b524410-8214-42f2-9f7a-d654e7213a9d ] Request (ServerGroup264TestJSON:setUpClass): 201 POST http://10.180.1.21/networking/v2.0/subnets 0.299s
2025-11-21 12:47:12.616 66224 INFO tempest.lib.common.rest_client [req-5e9db9eb-cc72-4c09-b7e2-4e336f6d9374 req-5e9db9eb-cc72-4c09-b7e2-4e336f6d9374 ] Request (ServersAdminNegativeTestJSON:tearDownClass): 200 GET http://10.180.1.21/compute/v2.1/servers/da0ee9c7-5148-4a17-bcc6-4802049d449e 1.558s
2025-11-21 12:47:12.616 66201 INFO tempest.lib.common.rest_client [req-1c44518f-6422-4dde-bcc8-8918ac7774bf req-1c44518f-6422-4dde-bcc8-8918ac7774bf ] Request (ServerRescueTestJSONUnderV235:setUpClass): 201 POST http://10.180.1.21/identity/v3/auth/tokens 0.033s
2025-11-21 12:47:12.627 66231 INFO tempest.lib.common.rest_client [req-2df9e846-e572-4dc7-97ef-980298bfdab6 req-2df9e846-e572-4dc7-97ef-980298bfdab6 ] Request (MigrationsAdminTest:test_resize_server_revert_deleted_flavor): 200 GET http://10.180.1.21/compute/v2.1/servers/8a0377ef-7f60-4a71-b192-a6cf188e8ff4 1.397s
2025-11-21 12:47:12.652 66201 INFO tempest.lib.common.rest_client [req-ce605d0c-2857-469c-9110-d0d2ba148d49 req-ce605d0c-2857-469c-9110-d0d2ba148d49 ] Request (ServerRescueTestJSONUnderV235:setUpClass): 200 GET http://10.180.1.21/identity/v3/domains?name=Default 0.035s
2025-11-21 12:47:12.734 66201 INFO tempest.lib.common.rest_client [req-2b619ac1-5094-4fb1-a860-5a75376d0c07 req-2b619ac1-5094-4fb1-a860-5a75376d0c07 ] Request (ServerRescueTestJSONUnderV235:setUpClass): 201 POST http://10.180.1.21/identity/v3/projects 0.081s
2025-11-21 12:47:12.743 66193 INFO tempest.lib.common.rest_client [req-ba7363ae-edc4-44b4-948d-a27a19f76116 req-ba7363ae-edc4-44b4-948d-a27a19f76116 ] Request (InstanceUsageAuditLogNegativeTestJSON:tearDownClass): 204 DELETE http://10.180.1.21/networking/v2.0/security-groups/b42aca78-18fd-450b-acd7-36bbbe653306 0.210s
2025-11-21 12:47:12.778 66213 INFO tempest.lib.common.rest_client [req-807da989-54a9-4ed6-8578-a91a1dbf2b81 req-807da989-54a9-4ed6-8578-a91a1dbf2b81 ] Request (AttachInterfacesV270Test:test_create_get_list_interfaces): 200 GET http://10.180.1.21/compute/v2.1/servers/dee6889b-f8ef-48b4-864e-83d8eed24bd3 1.400s
2025-11-21 12:47:12.798 66212 INFO tempest.lib.common.rest_client [req-9b2da2a5-9e92-4235-85ac-c465da27c774 req-9b2da2a5-9e92-4235-85ac-c465da27c774 ] Request (FloatingIPsAssociationTestJSON:tearDownClass): 200 GET http://10.180.1.21/compute/v2.1/servers/c71add5e-9bec-4cd6-aafd-8d3260e60d28 1.557s
2025-11-21 12:47:12.835 66201 INFO tempest.lib.common.rest_client [req-38ace71a-b369-4b0b-9a81-0374348edfc2 req-38ace71a-b369-4b0b-9a81-0374348edfc2 ] Request (ServerRescueTestJSONUnderV235:setUpClass): 201 POST http://10.180.1.21/identity/v3/users 0.100s
2025-11-21 12:47:12.858 66201 INFO tempest.lib.common.rest_client [req-4d45d744-ed25-4ec7-bccf-1bb08a7fb2d5 req-4d45d744-ed25-4ec7-bccf-1bb08a7fb2d5 ] Request (ServerRescueTestJSONUnderV235:setUpClass): 200 GET http://10.180.1.21/identity/v3/roles 0.023s
2025-11-21 12:47:12.874 66205 INFO tempest.lib.common.rest_client [req-4014ff22-caa1-4a15-b595-5643b4c21715 req-4014ff22-caa1-4a15-b595-5643b4c21715 ] Request (InstanceActionsV221TestJSON:test_get_list_deleted_instance_actions): 200 GET http://10.180.1.21/compute/v2.1/servers/c0515c4c-3a73-4e2c-aeff-d08891328afd 1.468s
2025-11-21 12:47:12.880 66193 INFO tempest.lib.common.rest_client [req-82de25d3-fb0f-435a-876c-4949dcc8c3d9 req-82de25d3-fb0f-435a-876c-4949dcc8c3d9 ] Request (InstanceUsageAuditLogNegativeTestJSON:tearDownClass): 204 DELETE http://10.180.1.21/identity/v3/projects/6617d658fa934a4d9d62fac4768b3693 0.137s
2025-11-21 12:47:12.945 66201 INFO tempest.lib.common.rest_client [req-cc2378a4-feb3-48eb-a49b-2822090d51b2 req-cc2378a4-feb3-48eb-a49b-2822090d51b2 ] Request (ServerRescueTestJSONUnderV235:setUpClass): 204 PUT http://10.180.1.21/identity/v3/projects/853d3c8edd3c4f85a7e4cc4561f621e9/users/868a50a4521c431f8657c5ff9cbb87ab/roles/85d2aa0347e64c86bf8cf95bef9080f1 0.086s
2025-11-21 12:47:12.949 66201 INFO tempest.lib.common.dynamic_creds [-] Dynamic test user 868a50a4521c431f8657c5ff9cbb87ab is created with scope project and roles: ['member']
2025-11-21 12:47:12.949 66201 INFO tempest.lib.common.dynamic_creds [-] Acquired dynamic creds: credentials: Credentials: {'domain_id': 'default', 'domain_name': 'Default', 'username': 'tempest-ServerRescueTestJSONUnderV235-1174901645-project-member', 'project_domain_id': 'default', 'project_domain_name': 'Default', 'project_id': '853d3c8edd3c4f85a7e4cc4561f621e9', 'project_name': 'tempest-ServerRescueTestJSONUnderV235-1174901645', 'tenant_id': '853d3c8edd3c4f85a7e4cc4561f621e9', 'tenant_name': 'tempest-ServerRescueTestJSONUnderV235-1174901645', 'user_domain_id': 'default', 'user_domain_name': 'Default', 'user_id': '868a50a4521c431f8657c5ff9cbb87ab', 'system': None}, Network: None, Subnet: None, Router: None
2025-11-21 12:47:12.958 66219 INFO tempest.lib.common.rest_client [req-01994d25-f398-4f8c-a62d-de7684e045fa req-01994d25-f398-4f8c-a62d-de7684e045fa ] Request (ServerActionsTestOtherB:setUpClass): 200 GET http://10.180.1.21/compute/v2.1/servers/dec66662-4e0f-4ff8-9058-1d6376416aa6 1.266s
2025-11-21 12:47:12.964 66193 INFO tempest.lib.common.rest_client [req-4cd73058-7f83-47dc-9fed-c1b09dca5f13 req-4cd73058-7f83-47dc-9fed-c1b09dca5f13 ] Request (VolumesAdminNegativeTest:setUpClass): 201 POST http://10.180.1.21/identity/v3/auth/tokens 0.081s
2025-11-21 12:47:13.012 66177 WARNING tempest.lib.common.ssh [-] Failed to establish authenticated ssh connection to cirros@10.180.180.191 ([Errno None] Unable to connect to port 22 on 10.180.180.191). Number attempts: 7. Retry after 8 seconds.: paramiko.ssh_exception.NoValidConnectionsError: [Errno None] Unable to connect to port 22 on 10.180.180.191
2025-11-21 12:47:13.023 66201 INFO tempest.lib.common.rest_client [req-205fd6c7-69bc-46fc-886f-eeeb27504f09 req-205fd6c7-69bc-46fc-886f-eeeb27504f09 ] Request (ServerRescueTestJSONUnderV235:setUpClass): 201 POST http://10.180.1.21/identity/v3/auth/tokens 0.074s
2025-11-21 12:47:13.044 66193 INFO tempest.lib.common.rest_client [req-2a64d8f1-a40c-451d-9aef-7b6b93da45de req-2a64d8f1-a40c-451d-9aef-7b6b93da45de ] Request (VolumesAdminNegativeTest:setUpClass): 201 POST http://10.180.1.21/identity/v3/auth/tokens 0.077s
2025-11-21 12:47:13.059 66233 INFO tempest.lib.common.rest_client [req-658c4c86-7519-487f-b809-71718fd82709 req-658c4c86-7519-487f-b809-71718fd82709 ] Request (ServersTestJSON:test_create_server_specify_multibyte_character_name): 200 GET http://10.180.1.21/compute/v2.1/servers/a4224ae6-3d4f-4479-809c-3c16857a987f 1.099s
2025-11-21 12:47:13.074 66193 INFO tempest.lib.common.rest_client [req-6bc6cb09-d577-40e4-9856-671eb8537473 req-6bc6cb09-d577-40e4-9856-671eb8537473 ] Request (VolumesAdminNegativeTest:setUpClass): 200 GET http://10.180.1.21/identity/v3/domains?name=Default 0.029s
2025-11-21 12:47:13.108 66189 INFO tempest.lib.common.rest_client [req-4bfbf715-d590-4880-8d23-6af69abba38e req-4bfbf715-d590-4880-8d23-6af69abba38e ] Request (ImagesOneServerTestJSON:test_create_image_specify_multibyte_character_image_name): 200 GET http://10.180.1.21/compute/v2.1/images/24517b78-253a-4fc8-9c0a-75f0f5c99920 0.727s
2025-11-21 12:47:13.120 66193 INFO tempest.lib.common.rest_client [req-1bb8d3d2-d244-47cf-ad5c-05f9a91bab25 req-1bb8d3d2-d244-47cf-ad5c-05f9a91bab25 ] Request (VolumesAdminNegativeTest:setUpClass): 201 POST http://10.180.1.21/identity/v3/projects 0.045s
2025-11-21 12:47:13.210 66193 INFO tempest.lib.common.rest_client [req-a4f1bab1-01ef-4fd8-ab34-9ce5474169bc req-a4f1bab1-01ef-4fd8-ab34-9ce5474169bc ] Request (VolumesAdminNegativeTest:setUpClass): 201 POST http://10.180.1.21/identity/v3/users 0.089s
2025-11-21 12:47:13.237 66193 INFO tempest.lib.common.rest_client [req-53ecd1f8-527b-4626-a2af-71ae403f7312 req-53ecd1f8-527b-4626-a2af-71ae403f7312 ] Request (VolumesAdminNegativeTest:setUpClass): 200 GET http://10.180.1.21/identity/v3/roles 0.027s
2025-11-21 12:47:13.279 66193 INFO tempest.lib.common.rest_client [req-964845d2-699a-45a7-bbc6-f76e8155f98c req-964845d2-699a-45a7-bbc6-f76e8155f98c ] Request (VolumesAdminNegativeTest:setUpClass): 204 PUT http://10.180.1.21/identity/v3/projects/5143608e175f489d8c5371a4d7502430/users/3cb8a4c287d841e9805b596c5541e5d8/roles/85d2aa0347e64c86bf8cf95bef9080f1 0.041s
2025-11-21 12:47:13.279 66193 INFO tempest.lib.common.dynamic_creds [-] Dynamic test user 3cb8a4c287d841e9805b596c5541e5d8 is created with scope project and roles: ['member']
2025-11-21 12:47:13.279 66193 INFO tempest.lib.common.dynamic_creds [-] Acquired dynamic creds: credentials: Credentials: {'domain_id': 'default', 'domain_name': 'Default', 'username': 'tempest-VolumesAdminNegativeTest-565121244-project-member', 'project_domain_id': 'default', 'project_domain_name': 'Default', 'project_id': '5143608e175f489d8c5371a4d7502430', 'project_name': 'tempest-VolumesAdminNegativeTest-565121244', 'tenant_id': '5143608e175f489d8c5371a4d7502430', 'tenant_name': 'tempest-VolumesAdminNegativeTest-565121244', 'user_domain_id': 'default', 'user_domain_name': 'Default', 'user_id': '3cb8a4c287d841e9805b596c5541e5d8', 'system': None}, Network: None, Subnet: None, Router: None
2025-11-21 12:47:13.341 66201 INFO tempest.lib.common.rest_client [req-96154f7d-2fd8-465f-867e-0a4c04d05c8d req-96154f7d-2fd8-465f-867e-0a4c04d05c8d ] Request (ServerRescueTestJSONUnderV235:setUpClass): 201 POST http://10.180.1.21/networking/v2.0/networks 0.317s
2025-11-21 12:47:13.353 66193 INFO tempest.lib.common.rest_client [req-5b9a1c37-7faf-499e-93e8-fcbe21a6fdee req-5b9a1c37-7faf-499e-93e8-fcbe21a6fdee ] Request (VolumesAdminNegativeTest:setUpClass): 201 POST http://10.180.1.21/identity/v3/auth/tokens 0.073s
2025-11-21 12:47:13.402 66239 INFO tempest.lib.common.rest_client [req-7feb208c-4391-4b07-86a3-f873a85e19f7 req-7feb208c-4391-4b07-86a3-f873a85e19f7 ] Request (VolumesAssistedSnapshotsTest:tearDownClass): 200 GET http://10.180.1.21/compute/v2.1/servers/1eab0b25-ccdf-4d79-994c-04298613ec82 0.941s
2025-11-21 12:47:13.471 66225 INFO tempest.lib.common.rest_client [req-ce423297-9e5d-487f-98cb-b93a9006ceb5 req-ce423297-9e5d-487f-98cb-b93a9006ceb5 ] Request (ServerGroup264TestJSON:setUpClass): 201 POST http://10.180.1.21/networking/v2.0/routers 0.868s
2025-11-21 12:47:13.549 66201 INFO tempest.lib.common.rest_client [req-36932fa4-8276-4a95-93da-c8f5f2ae65af req-36932fa4-8276-4a95-93da-c8f5f2ae65af ] Request (ServerRescueTestJSONUnderV235:setUpClass): 201 POST http://10.180.1.21/networking/v2.0/subnets 0.207s
