2025-11-21 12:45:11.262 66239 INFO tempest.lib.common.rest_client [req-ec873c13-a615-45eb-9df8-3dd212d8f8bd req-ec873c13-a615-45eb-9df8-3dd212d8f8bd ] Request (VolumesAssistedSnapshotsTest:test_volume_assisted_snapshot_create_delete): 200 GET http://10.180.1.21/volume/v3/volumes/7a080e6c-86a0-4481-91b4-e863f51ea588 0.064s
2025-11-21 12:45:11.304 66187 INFO tempest.lib.common.rest_client [req-b557855b-6201-40ea-b8ea-4c7065bdd83c req-b557855b-6201-40ea-b8ea-4c7065bdd83c ] Request (ServerDiagnosticsTest:test_get_server_diagnostics): 200 GET http://10.180.1.21/compute/v2.1/servers/dd56397a-f0f9-4f4d-b40b-171a8ed1c176 7.609s
2025-11-21 12:45:11.317 66233 INFO tempest.lib.common.rest_client [req-5e6625f0-d4fe-4fed-9e47-c40304121bc3 req-5e6625f0-d4fe-4fed-9e47-c40304121bc3 ] Request (AZAdminV2TestJSON:tearDownClass): 204 DELETE http://10.180.1.21/identity/v3/users/e3c44bff821e4e239118dbba2f756d29 0.117s
2025-11-21 12:45:11.317 66233 INFO tempest.lib.common.dynamic_creds [-] Deleting project and security group for project: c3894ca31b4a4d1cb0da41fcbc3d3a8a
2025-11-21 12:45:11.383 66233 INFO tempest.lib.common.rest_client [req-299fc791-8396-4fe1-a6dc-7112e0170ad4 req-299fc791-8396-4fe1-a6dc-7112e0170ad4 ] Request (AZAdminV2TestJSON:tearDownClass): 201 POST http://10.180.1.21/identity/v3/auth/tokens 0.066s
2025-11-21 12:45:11.406 66177 INFO tempest.lib.common.rest_client [req-7497169c-ade8-40af-8105-de99a4be1051 req-7497169c-ade8-40af-8105-de99a4be1051 ] Request (FlavorsAccessTestJSON:test_flavor_access_add_remove): 200 POST http://10.180.1.21/compute/v2.1/flavors/1058566929/action 7.093s
2025-11-21 12:45:11.655 66233 INFO tempest.lib.common.rest_client [req-755009f1-9231-4eee-8501-0c8b8ed35ec3 req-755009f1-9231-4eee-8501-0c8b8ed35ec3 ] Request (AZAdminV2TestJSON:tearDownClass): 200 GET http://10.180.1.21/networking/v2.0/security-groups?tenant_id=c3894ca31b4a4d1cb0da41fcbc3d3a8a&name=default 0.271s
2025-11-21 12:45:11.703 66197 INFO tempest.lib.common.rest_client [req-4ed90b51-6ad3-4c0e-95d2-4784f3332e3f req-4ed90b51-6ad3-4c0e-95d2-4784f3332e3f ] Request (NetworksTest:test_get_network): 200 GET http://10.180.1.21/compute/v2.1/os-networks/3753d3ec-79ab-4536-a8b6-e64d5a10ef41 7.283s
2025-11-21 12:45:11.735 66217 INFO tempest.lib.common.rest_client [req-4b98c15c-781b-40a5-9e85-13741ab75c36 req-4b98c15c-781b-40a5-9e85-13741ab75c36 ] Request (FlavorsV2NegativeTest:test_boot_with_low_ram): 400 POST http://10.180.1.21/compute/v2.1/servers 7.351s
2025-11-21 12:45:11.813 66217 INFO tempest.lib.common.rest_client [req-156c07f7-0ea8-4762-9144-19aa5427b2a0 req-156c07f7-0ea8-4762-9144-19aa5427b2a0 ] Request (FlavorsV2NegativeTest:_run_cleanups): 204 DELETE http://10.180.1.21/image/v2/images/f2d74782-9cfe-4380-b2a1-5db440498666 0.077s
2025-11-21 12:45:11.837 66221 INFO tempest.lib.common.rest_client [req-fd117647-b361-4797-b8b4-fac833d57d2d req-fd117647-b361-4797-b8b4-fac833d57d2d ] Request (HostsAdminNegativeTestJSON:test_list_hosts_with_non_admin_user): 403 GET http://10.180.1.21/compute/v2.1/os-hosts 7.143s
2025-11-21 12:45:11.839 66233 INFO tempest.lib.common.rest_client [req-5e727d11-34a1-4466-b733-72ae7e440839 req-5e727d11-34a1-4466-b733-72ae7e440839 ] Request (AZAdminV2TestJSON:tearDownClass): 204 DELETE http://10.180.1.21/networking/v2.0/security-groups/259b0d01-9fb8-4988-8c85-af1ffffe6a38 0.183s
2025-11-21 12:45:11.880 66179 INFO tempest.lib.common.rest_client [req-2a24d7ab-19d3-4e52-840b-25fe7da7bd4f req-2a24d7ab-19d3-4e52-840b-25fe7da7bd4f ] Request (FlavorsExtraSpecsNegativeTestJSON:test_flavor_get_nonexistent_key): 404 GET http://10.180.1.21/compute/v2.1/flavors/1986541422/os-extra_specs/hw:cpu_thread_policy 7.351s
2025-11-21 12:45:11.910 66181 INFO tempest.lib.common.rest_client [req-6936715e-2735-4423-b5bb-d61b59becca9 req-6936715e-2735-4423-b5bb-d61b59becca9 ] Request (HypervisorAdminUnderV252Test:test_get_hypervisor_show_servers): 200 GET http://10.180.1.21/compute/v2.1/os-hypervisors/domain-c8.fc996f14-c53b-4953-92e3-bdfa48f5cc28/servers 7.115s
2025-11-21 12:45:11.929 66217 INFO tempest.lib.common.rest_client [req-df59abf7-44b4-439e-9222-0df8ad057a46 req-df59abf7-44b4-439e-9222-0df8ad057a46 ] Request (FlavorsV2NegativeTest:tearDownClass): 204 DELETE http://10.180.1.21/identity/v3/users/ade2adabd1d444c48eefa141da9267f6 0.112s
2025-11-21 12:45:11.929 66217 INFO tempest.lib.common.dynamic_creds [-] Deleting project and security group for project: c479b2d6c2e1440fb9e4333ffb1b7391
2025-11-21 12:45:11.947 66233 INFO tempest.lib.common.rest_client [req-5411cc98-321f-434b-b1f7-d4e13dc93289 req-5411cc98-321f-434b-b1f7-d4e13dc93289 ] Request (AZAdminV2TestJSON:tearDownClass): 204 DELETE http://10.180.1.21/identity/v3/projects/c3894ca31b4a4d1cb0da41fcbc3d3a8a 0.108s
2025-11-21 12:45:11.948 66233 INFO tempest.lib.common.dynamic_creds [-] Deleting project and security group for project: cf80a6148ef24b9a8214d08dcdbb9ef7
2025-11-21 12:45:12.042 66233 INFO tempest.lib.common.rest_client [req-f20d9eff-58e1-4912-bf2c-9b6f099f5f69 req-f20d9eff-58e1-4912-bf2c-9b6f099f5f69 ] Request (AZAdminV2TestJSON:tearDownClass): 200 GET http://10.180.1.21/networking/v2.0/security-groups?tenant_id=cf80a6148ef24b9a8214d08dcdbb9ef7&name=default 0.094s
2025-11-21 12:45:12.065 66191 INFO tempest.lib.common.rest_client [req-865fe84d-a7b8-44f0-85a4-10ca479cac2e req-865fe84d-a7b8-44f0-85a4-10ca479cac2e ] Request (InstanceUsageAuditLogTestJSON:test_get_instance_usage_audit_log): 200 GET http://10.180.1.21/compute/v2.1/os-instance_usage_audit_log/2025-11-21%2012%3A45%3A04 7.123s
2025-11-21 12:45:12.097 66225 INFO tempest.lib.common.rest_client [req-019724c4-d9f4-4f90-a2fe-623b7b2488ea req-019724c4-d9f4-4f90-a2fe-623b7b2488ea ] Request (FlavorsAdminTestJSON:_run_cleanups): 202 DELETE http://10.180.1.21/compute/v2.1/flavors/1098593955 7.070s
2025-11-21 12:45:12.107 66217 INFO tempest.lib.common.rest_client [req-fc6bb5a2-95c1-4ca7-9d1a-08ef3c9fe367 req-fc6bb5a2-95c1-4ca7-9d1a-08ef3c9fe367 ] Request (FlavorsV2NegativeTest:tearDownClass): 201 POST http://10.180.1.21/identity/v3/auth/tokens 0.177s
2025-11-21 12:45:12.126 66189 INFO tempest.lib.common.rest_client [req-b42cfcf0-3cfa-4ec5-89c4-026ee5a47bcf req-b42cfcf0-3cfa-4ec5-89c4-026ee5a47bcf ] Request (QuotasAdminNegativeTest:test_create_server_when_cpu_quota_is_full): 200 PUT http://10.180.1.21/compute/v2.1/os-quota-sets/af06ced579eb4d298d279206749e4af6 7.290s
2025-11-21 12:45:12.156 66233 INFO tempest.lib.common.rest_client [req-5d8ecc57-8cb8-4ef6-b37c-261f51c77c61 req-5d8ecc57-8cb8-4ef6-b37c-261f51c77c61 ] Request (AZAdminV2TestJSON:tearDownClass): 204 DELETE http://10.180.1.21/networking/v2.0/security-groups/326e61ed-e5c9-4f74-b5fd-5d472f846b16 0.113s
2025-11-21 12:45:12.157 66229 INFO tempest.lib.common.rest_client [req-dd415166-696a-4de8-86ca-15e08bc4921c req-dd415166-696a-4de8-86ca-15e08bc4921c ] Request (HypervisorAdminTestJSON:test_get_hypervisor_list_details): 200 GET http://10.180.1.21/compute/v2.1/os-hypervisors/detail 6.337s
2025-11-21 12:45:12.196 66235 INFO tempest.lib.common.rest_client [req-d85d7dcb-ecbb-49b5-b525-fec5426b189e req-d85d7dcb-ecbb-49b5-b525-fec5426b189e ] Request (HostsAdminTestJSON:test_list_hosts_with_a_blank_zone): 200 GET http://10.180.1.21/compute/v2.1/os-hosts?zone= 6.288s
2025-11-21 12:45:12.208 66189 INFO tempest.lib.common.rest_client [req-2ef36f49-cf91-47ba-8614-fb23715c1a43 req-2ef36f49-cf91-47ba-8614-fb23715c1a43 ] Request (QuotasAdminNegativeTest:test_create_server_when_cpu_quota_is_full): 201 POST http://10.180.1.21/identity/v3/auth/tokens 0.076s
2025-11-21 12:45:12.208 66189 INFO tempest.lib.common.fixed_network [-] (QuotasAdminNegativeTest:test_create_server_when_cpu_quota_is_full) Found network None available for tenant
2025-11-21 12:45:12.237 66233 INFO tempest.lib.common.rest_client [req-8427da95-7abe-437b-882e-04d0d02caf0e req-8427da95-7abe-437b-882e-04d0d02caf0e ] Request (AZAdminV2TestJSON:tearDownClass): 204 DELETE http://10.180.1.21/identity/v3/projects/cf80a6148ef24b9a8214d08dcdbb9ef7 0.081s
2025-11-21 12:45:12.238 66233 INFO tempest.test [-] raised in ServersOnMultiNodesTest.setUpClass. Invoking tearDownClass.
2025-11-21 12:45:12.296 66215 INFO tempest.lib.common.rest_client [req-73daa55b-3fd7-4261-ae84-56c78287dda7 req-73daa55b-3fd7-4261-ae84-56c78287dda7 ] Request (SecurityGroupsTestAdminJSON:test_list_security_groups_list_all_tenants_filter): 200 POST http://10.180.1.21/compute/v2.1/os-security-groups 6.614s
2025-11-21 12:45:12.324 66239 INFO tempest.lib.common.rest_client [req-0fd4319f-9b9f-4401-a85c-3137946b7cb7 req-0fd4319f-9b9f-4401-a85c-3137946b7cb7 ] Request (VolumesAssistedSnapshotsTest:test_volume_assisted_snapshot_create_delete): 200 GET http://10.180.1.21/volume/v3/volumes/7a080e6c-86a0-4481-91b4-e863f51ea588 0.050s
2025-11-21 12:45:12.336 66233 INFO tempest.lib.common.rest_client [req-ae654c9f-8ecb-4913-8d71-1462cb9b16d6 req-ae654c9f-8ecb-4913-8d71-1462cb9b16d6 ] Request (InstanceActionsTestJSON:setUpClass): 201 POST http://10.180.1.21/identity/v3/auth/tokens 0.092s
2025-11-21 12:45:12.336 66239 INFO tempest.common.waiters [-] volume 7a080e6c-86a0-4481-91b4-e863f51ea588 reached available after waiting for 1.336344 seconds
2025-11-21 12:45:12.345 66208 INFO tempest.lib.common.rest_client [req-94619335-dc29-41b9-8e89-373214f62599 req-94619335-dc29-41b9-8e89-373214f62599 ] Request (ServersWithSpecificFlavorTestJSON:test_verify_created_server_ephemeral_disk): 200 GET http://10.180.1.21/compute/v2.1/flavors/42 5.658s
2025-11-21 12:45:12.381 66233 INFO tempest.lib.common.rest_client [req-42e156bb-1774-4bbe-adb0-d95af40a3f62 req-42e156bb-1774-4bbe-adb0-d95af40a3f62 ] Request (InstanceActionsTestJSON:setUpClass): 201 POST http://10.180.1.21/identity/v3/auth/tokens 0.037s
2025-11-21 12:45:12.410 66233 INFO tempest.lib.common.rest_client [req-aee5ee4a-008e-4ed3-9d44-18e50ca2967e req-aee5ee4a-008e-4ed3-9d44-18e50ca2967e ] Request (InstanceActionsTestJSON:setUpClass): 200 GET http://10.180.1.21/identity/v3/domains?name=Default 0.029s
2025-11-21 12:45:12.442 66233 INFO tempest.lib.common.rest_client [req-0f38c2d9-0d88-4eb4-9187-82c9e3278e1d req-0f38c2d9-0d88-4eb4-9187-82c9e3278e1d ] Request (InstanceActionsTestJSON:setUpClass): 201 POST http://10.180.1.21/identity/v3/projects 0.031s
2025-11-21 12:45:12.500 66217 INFO tempest.lib.common.rest_client [req-27ec42f3-d2e1-4922-b811-f98597fda290 req-27ec42f3-d2e1-4922-b811-f98597fda290 ] Request (FlavorsV2NegativeTest:tearDownClass): 200 GET http://10.180.1.21/networking/v2.0/security-groups?tenant_id=c479b2d6c2e1440fb9e4333ffb1b7391&name=default 0.393s
2025-11-21 12:45:12.511 66233 INFO tempest.lib.common.rest_client [req-2765eb5d-cf4f-4d16-807c-e5a21fbcb6af req-2765eb5d-cf4f-4d16-807c-e5a21fbcb6af ] Request (InstanceActionsTestJSON:setUpClass): 201 POST http://10.180.1.21/identity/v3/users 0.069s
2025-11-21 12:45:12.542 66233 INFO tempest.lib.common.rest_client [req-a925341a-f333-4141-a568-3f481f989a9f req-a925341a-f333-4141-a568-3f481f989a9f ] Request (InstanceActionsTestJSON:setUpClass): 200 GET http://10.180.1.21/identity/v3/roles 0.030s
2025-11-21 12:45:12.542 66213 INFO tempest.lib.common.rest_client [req-522638e7-a5cf-4a39-949c-bb77bd6de92a req-522638e7-a5cf-4a39-949c-bb77bd6de92a ] Request (TenantUsagesTestJSON:setUpClass): 200 GET http://10.180.1.21/compute/v2.1/servers/c43b7a8f-ebce-4a2f-aa14-11f5c6f18cea 5.496s
2025-11-21 12:45:12.604 66233 INFO tempest.lib.common.rest_client [req-890699a5-f39d-4160-9939-b62dcb93f219 req-890699a5-f39d-4160-9939-b62dcb93f219 ] Request (InstanceActionsTestJSON:setUpClass): 204 PUT http://10.180.1.21/identity/v3/projects/8e673331f3ae444eb84e116bf15517b1/users/1b7df95d91da48eb8ca3acd41bd12ddb/roles/85d2aa0347e64c86bf8cf95bef9080f1 0.062s
2025-11-21 12:45:12.604 66233 INFO tempest.lib.common.dynamic_creds [-] Dynamic test user 1b7df95d91da48eb8ca3acd41bd12ddb is created with scope project and roles: ['member']
2025-11-21 12:45:12.605 66233 INFO tempest.lib.common.dynamic_creds [-] Acquired dynamic creds: credentials: Credentials: {'domain_id': 'default', 'domain_name': 'Default', 'username': 'tempest-InstanceActionsTestJSON-222664542-project-member', 'project_domain_id': 'default', 'project_domain_name': 'Default', 'project_id': '8e673331f3ae444eb84e116bf15517b1', 'project_name': 'tempest-InstanceActionsTestJSON-222664542', 'tenant_id': '8e673331f3ae444eb84e116bf15517b1', 'tenant_name': 'tempest-InstanceActionsTestJSON-222664542', 'user_domain_id': 'default', 'user_domain_name': 'Default', 'user_id': '1b7df95d91da48eb8ca3acd41bd12ddb', 'system': None}, Network: None, Subnet: None, Router: None
2025-11-21 12:45:12.637 66217 INFO tempest.lib.common.rest_client [req-eb136433-3735-48b6-87b4-b902f2814015 req-eb136433-3735-48b6-87b4-b902f2814015 ] Request (FlavorsV2NegativeTest:tearDownClass): 204 DELETE http://10.180.1.21/networking/v2.0/security-groups/4157be3a-d5b3-40dd-b891-0ba15464e3a5 0.137s
2025-11-21 12:45:12.669 66233 INFO tempest.lib.common.rest_client [req-a8ba8ce1-3164-48f8-a643-e85692a13ce1 req-a8ba8ce1-3164-48f8-a643-e85692a13ce1 ] Request (InstanceActionsTestJSON:setUpClass): 201 POST http://10.180.1.21/identity/v3/auth/tokens 0.064s
2025-11-21 12:45:12.733 66217 INFO tempest.lib.common.rest_client [req-be5130be-05a2-4f3e-9775-97e7b53f8c35 req-be5130be-05a2-4f3e-9775-97e7b53f8c35 ] Request (FlavorsV2NegativeTest:tearDownClass): 204 DELETE http://10.180.1.21/identity/v3/projects/c479b2d6c2e1440fb9e4333ffb1b7391 0.095s
2025-11-21 12:45:12.804 66217 INFO tempest.lib.common.rest_client [req-5eb7c552-ada8-4bd8-b2de-df05ee2b9272 req-5eb7c552-ada8-4bd8-b2de-df05ee2b9272 ] Request (MultipleCreateNegativeTestJSON:setUpClass): 201 POST http://10.180.1.21/identity/v3/auth/tokens 0.069s
2025-11-21 12:45:12.830 66217 INFO tempest.lib.common.rest_client [req-433c8211-58d6-40aa-9ba8-fd8b928f8ddf req-433c8211-58d6-40aa-9ba8-fd8b928f8ddf ] Request (MultipleCreateNegativeTestJSON:setUpClass): 201 POST http://10.180.1.21/identity/v3/auth/tokens 0.024s
2025-11-21 12:45:12.852 66217 INFO tempest.lib.common.rest_client [req-1b6cb80e-32e6-4019-8a39-8c44e43889e5 req-1b6cb80e-32e6-4019-8a39-8c44e43889e5 ] Request (MultipleCreateNegativeTestJSON:setUpClass): 200 GET http://10.180.1.21/identity/v3/domains?name=Default 0.021s
2025-11-21 12:45:12.886 66217 INFO tempest.lib.common.rest_client [req-326ac878-d940-4ccf-b890-c3f1831d8f0e req-326ac878-d940-4ccf-b890-c3f1831d8f0e ] Request (MultipleCreateNegativeTestJSON:setUpClass): 201 POST http://10.180.1.21/identity/v3/projects 0.034s
2025-11-21 12:45:12.949 66217 INFO tempest.lib.common.rest_client [req-80721c01-f304-4b89-8bdf-125ef89615bb req-80721c01-f304-4b89-8bdf-125ef89615bb ] Request (MultipleCreateNegativeTestJSON:setUpClass): 201 POST http://10.180.1.21/identity/v3/users 0.062s
2025-11-21 12:45:12.969 66217 INFO tempest.lib.common.rest_client [req-1c5dacba-5536-4bd1-a11b-1a52bb3db065 req-1c5dacba-5536-4bd1-a11b-1a52bb3db065 ] Request (MultipleCreateNegativeTestJSON:setUpClass): 200 GET http://10.180.1.21/identity/v3/roles 0.019s
2025-11-21 12:45:12.986 66233 INFO tempest.lib.common.rest_client [req-9d25e568-8911-48c5-86e0-59c8324bf0b2 req-9d25e568-8911-48c5-86e0-59c8324bf0b2 ] Request (InstanceActionsTestJSON:setUpClass): 201 POST http://10.180.1.21/networking/v2.0/networks 0.316s
2025-11-21 12:45:12.994 66217 INFO tempest.lib.common.rest_client [req-4d851b1e-48dd-4ab6-8dc7-d0596a07cec4 req-4d851b1e-48dd-4ab6-8dc7-d0596a07cec4 ] Request (MultipleCreateNegativeTestJSON:setUpClass): 204 PUT http://10.180.1.21/identity/v3/projects/9bb42b4a96f4474995cfd832580c9f76/users/dcb122d722654193a226f8132d2912f7/roles/85d2aa0347e64c86bf8cf95bef9080f1 0.025s
2025-11-21 12:45:12.995 66217 INFO tempest.lib.common.dynamic_creds [-] Dynamic test user dcb122d722654193a226f8132d2912f7 is created with scope project and roles: ['member']
2025-11-21 12:45:12.995 66217 INFO tempest.lib.common.dynamic_creds [-] Acquired dynamic creds: credentials: Credentials: {'domain_id': 'default', 'domain_name': 'Default', 'username': 'tempest-MultipleCreateNegativeTestJSON-442985344-project-member', 'project_domain_id': 'default', 'project_domain_name': 'Default', 'project_id': '9bb42b4a96f4474995cfd832580c9f76', 'project_name': 'tempest-MultipleCreateNegativeTestJSON-442985344', 'tenant_id': '9bb42b4a96f4474995cfd832580c9f76', 'tenant_name': 'tempest-MultipleCreateNegativeTestJSON-442985344', 'user_domain_id': 'default', 'user_domain_name': 'Default', 'user_id': 'dcb122d722654193a226f8132d2912f7', 'system': None}, Network: None, Subnet: None, Router: None
2025-11-21 12:45:12.995 66217 INFO tempest.lib.common.dynamic_creds [-] Created isolated network resources for: credentials: Credentials: {'domain_id': 'default', 'domain_name': 'Default', 'username': 'tempest-MultipleCreateNegativeTestJSON-442985344-project-member', 'project_domain_id': 'default', 'project_domain_name': 'Default', 'project_id': '9bb42b4a96f4474995cfd832580c9f76', 'project_name': 'tempest-MultipleCreateNegativeTestJSON-442985344', 'tenant_id': '9bb42b4a96f4474995cfd832580c9f76', 'tenant_name': 'tempest-MultipleCreateNegativeTestJSON-442985344', 'user_domain_id': 'default', 'user_domain_name': 'Default', 'user_id': 'dcb122d722654193a226f8132d2912f7', 'system': None}, Network: None, Subnet: None, Router: None
2025-11-21 12:45:13.068 66217 INFO tempest.lib.common.rest_client [req-eeae694a-fd49-4561-910c-9aab395a9ceb req-eeae694a-fd49-4561-910c-9aab395a9ceb ] Request (MultipleCreateNegativeTestJSON:setUpClass): 201 POST http://10.180.1.21/identity/v3/auth/tokens 0.069s
2025-11-21 12:45:13.101 66217 INFO tempest.lib.common.rest_client [req-57b6d37a-a518-42c8-900a-55a92451e7a1 req-57b6d37a-a518-42c8-900a-55a92451e7a1 ] Request (MultipleCreateNegativeTestJSON:test_max_count_less_than_min_count): 201 POST http://10.180.1.21/identity/v3/auth/tokens 0.029s
2025-11-21 12:45:13.102 66217 INFO tempest.lib.common.fixed_network [-] (MultipleCreateNegativeTestJSON:test_max_count_less_than_min_count) Found network None available for tenant
2025-11-21 12:45:13.247 66233 INFO tempest.lib.common.rest_client [req-d93dd3c9-41fa-4c54-946f-e9da5b46ac16 req-d93dd3c9-41fa-4c54-946f-e9da5b46ac16 ] Request (InstanceActionsTestJSON:setUpClass): 201 POST http://10.180.1.21/networking/v2.0/subnets 0.259s
2025-11-21 12:45:13.964 66233 INFO tempest.lib.common.rest_client [req-f7637b69-1cc7-4bda-90a2-03f52c36f1e1 req-f7637b69-1cc7-4bda-90a2-03f52c36f1e1 ] Request (InstanceActionsTestJSON:setUpClass): 201 POST http://10.180.1.21/networking/v2.0/routers 0.717s
2025-11-21 12:45:14.394 66183 INFO tempest.lib.common.rest_client [req-2ee3565a-7d3a-47e6-ae0a-da0e2e7bfcb6 req-2ee3565a-7d3a-47e6-ae0a-da0e2e7bfcb6 ] Request (ImagesTestJSON:test_create_image_from_stopped_server): 202 POST http://10.180.1.21/compute/v2.1/servers 5.563s
2025-11-21 12:45:14.824 66227 INFO tempest.lib.common.rest_client [req-b29a4e4b-8082-4426-85fd-d3b77fbd092f req-b29a4e4b-8082-4426-85fd-d3b77fbd092f ] Request (ImagesNegativeTestJSON:test_create_image_from_deleted_server): 202 POST http://10.180.1.21/compute/v2.1/servers 6.185s
2025-11-21 12:45:14.920 66233 INFO tempest.lib.common.rest_client [req-5258ccf1-2c4f-40ba-8455-a9fd80272a3f req-5258ccf1-2c4f-40ba-8455-a9fd80272a3f ] Request (InstanceActionsTestJSON:setUpClass): 200 PUT http://10.180.1.21/networking/v2.0/routers/014a9a6b-5d62-4072-862d-0ff9893ded26/add_router_interface 0.955s
2025-11-21 12:45:14.920 66233 INFO tempest.lib.common.dynamic_creds [-] Created isolated network resources for: credentials: Credentials: {'domain_id': 'default', 'domain_name': 'Default', 'username': 'tempest-InstanceActionsTestJSON-222664542-project-member', 'project_domain_id': 'default', 'project_domain_name': 'Default', 'project_id': '8e673331f3ae444eb84e116bf15517b1', 'project_name': 'tempest-InstanceActionsTestJSON-222664542', 'tenant_id': '8e673331f3ae444eb84e116bf15517b1', 'tenant_name': 'tempest-InstanceActionsTestJSON-222664542', 'user_domain_id': 'default', 'user_domain_name': 'Default', 'user_id': '1b7df95d91da48eb8ca3acd41bd12ddb', 'system': None}, Network: {'id': '5fc8a4f1-c55a-458c-a21a-7c8125341bd6', 'name': 'tempest-InstanceActionsTestJSON-1599458879-network', 'tenant_id': '8e673331f3ae444eb84e116bf15517b1', 'project_id': '8e673331f3ae444eb84e116bf15517b1', 'admin_state_up': True, 'mtu': 8950, 'status': 'ACTIVE', 'subnets': [], 'shared': False, 'port_security_enabled': True, 'router:external': False, 'provider:network_type': 'vlan', 'provider:physical_network': 'default', 'provider:segmentation_id': 649, 'availability_zone_hints': [], 'availability_zones': [], 'ipv4_address_scope': None, 'ipv6_address_scope': None, 'description': '', 'tags': [], 'created_at': '2025-11-21T12:45:12Z', 'updated_at': '2025-11-21T12:45:12Z', 'revision_number': 1}, Subnet: {'id': '7b38cfa3-529e-499f-9daf-ebb38bbf5d41', 'name': 'tempest-InstanceActionsTestJSON-1599458879-subnet', 'tenant_id': '8e673331f3ae444eb84e116bf15517b1', 'network_id': '5fc8a4f1-c55a-458c-a21a-7c8125341bd6', 'ip_version': 4, 'subnetpool_id': None, 'enable_dhcp': True, 'ipv6_ra_mode': None, 'ipv6_address_mode': None, 'gateway_ip': '192.168.128.1', 'cidr': '192.168.128.0/28', 'allocation_pools': [{'start': '192.168.128.2', 'end': '192.168.128.14'}], 'host_routes': [], 'dns_nameservers': [], 'description': '', 'router:external': False, 'service_types': [], 'tags': [], 'created_at': '2025-11-21T12:45:13Z', 'updated_at': '2025-11-21T12:45:13Z', 'revision_number': 0, 'project_id': '8e673331f3ae444eb84e116bf15517b1'}, Router: {'id': '014a9a6b-5d62-4072-862d-0ff9893ded26', 'name': 'tempest-InstanceActionsTestJSON-1599458879-router', 'tenant_id': '8e673331f3ae444eb84e116bf15517b1', 'admin_state_up': True, 'status': 'ACTIVE', 'external_gateway_info': {'network_id': '3753d3ec-79ab-4536-a8b6-e64d5a10ef41', 'external_fixed_ips': [{'subnet_id': '4e4d19dd-da82-4130-876d-22d3c70eca1f', 'ip_address': '10.180.180.152'}], 'enable_snat': True}, 'description': '', 'availability_zones': [], 'distributed': False, 'ha': False, 'availability_zone_hints': [], 'routes': [], 'flavor_id': None, 'tags': [], 'created_at': '2025-11-21T12:45:13Z', 'updated_at': '2025-11-21T12:45:13Z', 'revision_number': 2, 'project_id': '8e673331f3ae444eb84e116bf15517b1'}
2025-11-21 12:45:14.973 66224 INFO tempest.lib.common.rest_client [req-8aaa483b-a8f4-4282-89b7-74bbaa557513 req-8aaa483b-a8f4-4282-89b7-74bbaa557513 ] Request (ServersAdminNegativeTestJSON:setUpClass): 200 GET http://10.180.1.21/compute/v2.1/servers/0dbea518-e44d-426f-8d08-3f8382ace99d 6.054s
2025-11-21 12:45:15.071 66233 INFO tempest.lib.common.rest_client [req-54044572-f7c0-42fb-9c8d-db408b58bc7e req-54044572-f7c0-42fb-9c8d-db408b58bc7e ] Request (InstanceActionsTestJSON:setUpClass): 201 POST http://10.180.1.21/identity/v3/auth/tokens 0.147s
2025-11-21 12:45:15.088 66219 INFO tempest.lib.common.rest_client [req-f5368737-11cd-4da1-ae46-a1e8433f3d08 req-f5368737-11cd-4da1-ae46-a1e8433f3d08 ] Request (ServersAdmin275Test:test_rebuild_update_server_275): 200 PUT http://10.180.1.21/compute/v2.1/servers/f7e9ad55-72c8-40f2-b4c1-79d9976fb61f 5.883s
2025-11-21 12:45:15.117 66233 INFO tempest.lib.common.rest_client [req-85d4c27f-ec03-433d-9996-598a1a2eb380 req-85d4c27f-ec03-433d-9996-598a1a2eb380 ] Request (InstanceActionsTestJSON:setUpClass): 201 POST http://10.180.1.21/identity/v3/auth/tokens 0.042s
2025-11-21 12:45:15.117 66233 INFO tempest.lib.common.fixed_network [-] (InstanceActionsTestJSON:setUpClass) Found network {'id': '5fc8a4f1-c55a-458c-a21a-7c8125341bd6', 'name': 'tempest-InstanceActionsTestJSON-1599458879-network', 'tenant_id': '8e673331f3ae444eb84e116bf15517b1', 'project_id': '8e673331f3ae444eb84e116bf15517b1', 'admin_state_up': True, 'mtu': 8950, 'status': 'ACTIVE', 'subnets': [], 'shared': False, 'port_security_enabled': True, 'router:external': False, 'provider:network_type': 'vlan', 'provider:physical_network': 'default', 'provider:segmentation_id': 649, 'availability_zone_hints': [], 'availability_zones': [], 'ipv4_address_scope': None, 'ipv6_address_scope': None, 'description': '', 'tags': [], 'created_at': '2025-11-21T12:45:12Z', 'updated_at': '2025-11-21T12:45:12Z', 'revision_number': 1} available for tenant
2025-11-21 12:45:15.147 66212 INFO tempest.lib.common.rest_client [req-ed64c5e7-a775-451c-b4d4-1186928383d1 req-ed64c5e7-a775-451c-b4d4-1186928383d1 ] Request (FloatingIPsAssociationTestJSON:setUpClass): 200 GET http://10.180.1.21/compute/v2.1/servers/c71add5e-9bec-4cd6-aafd-8d3260e60d28 6.193s
2025-11-21 12:45:15.222 66193 INFO tempest.lib.common.rest_client [req-b7610b4b-1fa8-4744-902a-52362b9dd357 req-b7610b4b-1fa8-4744-902a-52362b9dd357 ] Request (DeleteServersAdminTestJSON:test_admin_delete_servers_of_others): 200 GET http://10.180.1.21/compute/v2.1/servers/a814d2d1-2c54-4b4d-8d47-a5f4ede46674 4.384s
2025-11-21 12:45:15.235 66195 INFO tempest.lib.common.rest_client [req-32d11f4e-2a42-444c-84a7-63a6daf6420e req-32d11f4e-2a42-444c-84a7-63a6daf6420e ] Request (QuotasAdminTestJSON:test_delete_quota): 202 DELETE http://10.180.1.21/compute/v2.1/os-quota-sets/c849786688364b1faa525ed6d7d983ac 4.367s
2025-11-21 12:45:15.359 66199 INFO tempest.lib.common.rest_client [req-af8c3b68-f01a-4f29-af88-e3b325dbd10c req-af8c3b68-f01a-4f29-af88-e3b325dbd10c ] Request (FlavorsAccessNegativeTestJSON:test_add_flavor_access_duplicate): 200 POST http://10.180.1.21/compute/v2.1/flavors/281918945/action 4.443s
2025-11-21 12:45:15.634 66209 INFO tempest.lib.common.rest_client [req-6bcf972d-718d-435c-843e-5959c9b905e8 req-6bcf972d-718d-435c-843e-5959c9b905e8 ] Request (AggregatesAdminNegativeTestJSON:test_aggregate_add_existent_host): 200 POST http://10.180.1.21/compute/v2.1/os-aggregates/1/action 4.574s
2025-11-21 12:45:15.935 66201 INFO tempest.lib.common.rest_client [req-189d9e41-7860-4426-8692-24a9175ca817 req-189d9e41-7860-4426-8692-24a9175ca817 ] Request (FloatingIPDetailsTestJSON:setUpClass): 200 POST http://10.180.1.21/compute/v2.1/os-floating-ips 5.196s
2025-11-21 12:45:15.951 66237 INFO tempest.lib.common.rest_client [req-a43c77e2-5b79-46b8-9ef1-11d7aa703d7e req-a43c77e2-5b79-46b8-9ef1-11d7aa703d7e ] Request (ImagesDeleteNegativeTestJSON:test_delete_image_with_invalid_image_id): 404 DELETE http://10.180.1.21/compute/v2.1/images/tempest-invalid-658967258 4.870s
2025-11-21 12:45:15.977 66203 INFO tempest.lib.common.rest_client [req-8f70efb4-769a-4c65-aafe-75132a7aa543 req-8f70efb4-769a-4c65-aafe-75132a7aa543 ] Request (HypervisorAdminV253TestBase:test_list_show_detail_hypervisors): 200 GET http://10.180.1.21/compute/v2.1/os-hypervisors/5ec589f9-5ad2-43bd-8a9a-7884596322f1 4.805s
2025-11-21 12:45:16.033 66231 INFO tempest.lib.common.rest_client [req-881e84e4-c446-4f63-9026-c1924e716bfc req-881e84e4-c446-4f63-9026-c1924e716bfc ] Request (MigrationsAdminTest:test_list_migrations_in_flavor_resize_situation): 202 POST http://10.180.1.21/compute/v2.1/servers 4.960s
2025-11-21 12:45:16.087 66177 INFO tempest.lib.common.rest_client [req-08a7f64b-4e0a-46fd-a9d2-45fdf23adaf9 req-08a7f64b-4e0a-46fd-a9d2-45fdf23adaf9 ] Request (FlavorsAccessTestJSON:test_flavor_access_add_remove): 200 GET http://10.180.1.21/compute/v2.1/flavors/detail 4.679s
2025-11-21 12:45:16.136 66203 INFO tempest.lib.common.rest_client [req-4ea8a239-f13a-49bb-8643-2c37bfecdacf req-4ea8a239-f13a-49bb-8643-2c37bfecdacf ] Request (HypervisorAdminV253TestBase:tearDownClass): 204 DELETE http://10.180.1.21/identity/v3/users/61af5720d8004b239aaa38dca6ed0594 0.148s
2025-11-21 12:45:16.158 66197 INFO tempest.lib.common.rest_client [req-5674825d-f850-40aa-b6c8-207ceb642e22 req-5674825d-f850-40aa-b6c8-207ceb642e22 ] Request (NetworksTest:test_list_all_networks): 200 GET http://10.180.1.21/compute/v2.1/os-networks 4.444s
2025-11-21 12:45:16.176 66221 INFO tempest.lib.common.rest_client [req-848c7bd6-e01a-493a-b0fa-617c0d846045 req-848c7bd6-e01a-493a-b0fa-617c0d846045 ] Request (HostsAdminNegativeTestJSON:test_reboot_host_with_non_admin_user): 403 GET http://10.180.1.21/compute/v2.1/os-hosts/devstack/reboot 4.333s
2025-11-21 12:45:16.189 66179 INFO tempest.lib.common.rest_client [req-1193cfde-5e71-469b-95e1-b07b8279821e req-1193cfde-5e71-469b-95e1-b07b8279821e ] Request (FlavorsExtraSpecsNegativeTestJSON:test_flavor_non_admin_set_keys): 403 POST http://10.180.1.21/compute/v2.1/flavors/1986541422/os-extra_specs 4.297s
2025-11-21 12:45:16.216 66181 INFO tempest.lib.common.rest_client [req-a757ec36-caff-416d-aaab-fd527727b726 req-a757ec36-caff-416d-aaab-fd527727b726 ] Request (HypervisorAdminUnderV252Test:test_search_hypervisor): 200 GET http://10.180.1.21/compute/v2.1/os-hypervisors 4.298s
2025-11-21 12:45:16.229 66191 INFO tempest.lib.common.rest_client [req-2c5a8e76-3d9e-47e5-9052-da7c835c4caf req-2c5a8e76-3d9e-47e5-9052-da7c835c4caf ] Request (InstanceUsageAuditLogTestJSON:test_list_instance_usage_audit_logs): 200 GET http://10.180.1.21/compute/v2.1/os-instance_usage_audit_log 4.158s
2025-11-21 12:45:16.265 66225 INFO tempest.lib.common.rest_client [req-418b2e18-08b2-430f-8229-0d96cd71ded2 req-418b2e18-08b2-430f-8229-0d96cd71ded2 ] Request (FlavorsAdminTestJSON:_run_cleanups): 200 GET http://10.180.1.21/compute/v2.1/flavors/detail 4.167s
2025-11-21 12:45:16.286 66203 INFO tempest.lib.common.rest_client [req-fc75ff5b-c126-4666-8661-8e09b257ee02 req-fc75ff5b-c126-4666-8661-8e09b257ee02 ] Request (HypervisorAdminV253TestBase:tearDownClass): 204 DELETE http://10.180.1.21/identity/v3/users/d0919c79798049efb1a654d2e1588555 0.150s
2025-11-21 12:45:16.287 66203 INFO tempest.lib.common.dynamic_creds [-] Deleting project and security group for project: 368cb9706ded4408ac9558fa66bac46f
2025-11-21 12:45:16.290 66235 INFO tempest.lib.common.rest_client [req-718fe070-9a03-471e-a4ed-18ba62d50a20 req-718fe070-9a03-471e-a4ed-18ba62d50a20 ] Request (HostsAdminTestJSON:test_list_hosts_with_nonexistent_zone): 200 GET http://10.180.1.21/compute/v2.1/os-hosts?zone=xxx 4.091s
2025-11-21 12:45:16.290 66229 INFO tempest.lib.common.rest_client [req-a776667b-4d6e-45ae-be79-9b2b40ca6794 req-a776667b-4d6e-45ae-be79-9b2b40ca6794 ] Request (HypervisorAdminTestJSON:test_get_hypervisor_show_details): 200 GET http://10.180.1.21/compute/v2.1/os-hypervisors 4.128s
2025-11-21 12:45:16.291 66197 INFO tempest.lib.common.rest_client [req-08c57646-f3b2-44cb-aca3-509a8af2b31b req-08c57646-f3b2-44cb-aca3-509a8af2b31b ] Request (NetworksTest:tearDownClass): 204 DELETE http://10.180.1.21/identity/v3/users/51848dc471f84d2f969e61a38421ab24 0.131s
2025-11-21 12:45:16.352 66203 INFO tempest.lib.common.rest_client [req-4b53a962-50d1-458c-bb3e-77d21d3b21d2 req-4b53a962-50d1-458c-bb3e-77d21d3b21d2 ] Request (HypervisorAdminV253TestBase:tearDownClass): 201 POST http://10.180.1.21/identity/v3/auth/tokens 0.065s
2025-11-21 12:45:16.410 66197 INFO tempest.lib.common.rest_client [req-66596c34-4125-42d0-a47e-5c33424fb89e req-66596c34-4125-42d0-a47e-5c33424fb89e ] Request (NetworksTest:tearDownClass): 204 DELETE http://10.180.1.21/identity/v3/users/5aa871413e844b24a4ea58fce4f2a9ff 0.119s
2025-11-21 12:45:16.411 66197 INFO tempest.lib.common.dynamic_creds [-] Deleting project and security group for project: da05fba851284624babe257866429d37
2025-11-21 12:45:16.414 66191 INFO tempest.lib.common.rest_client [req-a65584b8-63ce-4cef-9a56-01aeb2cad475 req-a65584b8-63ce-4cef-9a56-01aeb2cad475 ] Request (InstanceUsageAuditLogTestJSON:tearDownClass): 204 DELETE http://10.180.1.21/identity/v3/users/7152ae5a3e744e2f865bb7a93a4da401 0.181s
2025-11-21 12:45:16.605 66197 INFO tempest.lib.common.rest_client [req-563c2ee7-3080-4be3-ab51-ab130798e036 req-563c2ee7-3080-4be3-ab51-ab130798e036 ] Request (NetworksTest:tearDownClass): 201 POST http://10.180.1.21/identity/v3/auth/tokens 0.194s
2025-11-21 12:45:16.703 66191 INFO tempest.lib.common.rest_client [req-e7d530c4-879c-40f1-80db-ea5938d3f5b3 req-e7d530c4-879c-40f1-80db-ea5938d3f5b3 ] Request (InstanceUsageAuditLogTestJSON:tearDownClass): 204 DELETE http://10.180.1.21/identity/v3/users/ffc12f93308a40e1aaf325ed9bad00b9 0.288s
2025-11-21 12:45:16.703 66191 INFO tempest.lib.common.dynamic_creds [-] Deleting project and security group for project: ddd8bf9a58ec4f5b8d5b2e96014dfccd
2025-11-21 12:45:16.789 66191 INFO tempest.lib.common.rest_client [req-41108f1d-7b21-43b5-ab86-9ee63b75b3a8 req-41108f1d-7b21-43b5-ab86-9ee63b75b3a8 ] Request (InstanceUsageAuditLogTestJSON:tearDownClass): 201 POST http://10.180.1.21/identity/v3/auth/tokens 0.086s
2025-11-21 12:45:16.878 66203 INFO tempest.lib.common.rest_client [req-ac1993e4-255f-4dc6-9d06-0522bda1a026 req-ac1993e4-255f-4dc6-9d06-0522bda1a026 ] Request (HypervisorAdminV253TestBase:tearDownClass): 200 GET http://10.180.1.21/networking/v2.0/security-groups?tenant_id=368cb9706ded4408ac9558fa66bac46f&name=default 0.526s
2025-11-21 12:45:17.162 66215 INFO tempest.lib.common.rest_client [req-9eda6640-adba-4741-b4f7-e9e490b0e780 req-9eda6640-adba-4741-b4f7-e9e490b0e780 ] Request (SecurityGroupsTestAdminJSON:test_list_security_groups_list_all_tenants_filter): 200 POST http://10.180.1.21/compute/v2.1/os-security-groups 4.862s
2025-11-21 12:45:17.350 66197 INFO tempest.lib.common.rest_client [req-54d0f876-ea12-41bf-ac5e-097047671fcc req-54d0f876-ea12-41bf-ac5e-097047671fcc ] Request (NetworksTest:tearDownClass): 200 GET http://10.180.1.21/networking/v2.0/security-groups?tenant_id=da05fba851284624babe257866429d37&name=default 0.744s
2025-11-21 12:45:17.479 66191 INFO tempest.lib.common.rest_client [req-d7c3bc4e-976c-43dd-9a71-8effdd00e15a req-d7c3bc4e-976c-43dd-9a71-8effdd00e15a ] Request (InstanceUsageAuditLogTestJSON:tearDownClass): 200 GET http://10.180.1.21/networking/v2.0/security-groups?tenant_id=ddd8bf9a58ec4f5b8d5b2e96014dfccd&name=default 0.689s
2025-11-21 12:45:17.571 66203 INFO tempest.lib.common.rest_client [req-71381922-4c76-463b-9b6f-7dc310a21d96 req-71381922-4c76-463b-9b6f-7dc310a21d96 ] Request (HypervisorAdminV253TestBase:tearDownClass): 204 DELETE http://10.180.1.21/networking/v2.0/security-groups/e7ca46f6-e3ce-452c-894f-12b79cc650a7 0.692s
2025-11-21 12:45:17.665 66203 INFO tempest.lib.common.rest_client [req-d1abf38a-d425-451d-bd24-465618c986ba req-d1abf38a-d425-451d-bd24-465618c986ba ] Request (HypervisorAdminV253TestBase:tearDownClass): 204 DELETE http://10.180.1.21/identity/v3/projects/368cb9706ded4408ac9558fa66bac46f 0.093s
2025-11-21 12:45:17.665 66203 INFO tempest.lib.common.dynamic_creds [-] Deleting project and security group for project: 9b19eff414bd45a4bc020fb610d99e43
2025-11-21 12:45:17.776 66197 INFO tempest.lib.common.rest_client [req-45fece2c-f630-4b4c-99b0-002ae87e61b3 req-45fece2c-f630-4b4c-99b0-002ae87e61b3 ] Request (NetworksTest:tearDownClass): 204 DELETE http://10.180.1.21/networking/v2.0/security-groups/4cb2d950-cac2-45ae-a9a6-9a2d4078aa62 0.426s
2025-11-21 12:45:17.884 66191 INFO tempest.lib.common.rest_client [req-52fd5c97-1616-4409-a2a9-33709e278f3e req-52fd5c97-1616-4409-a2a9-33709e278f3e ] Request (InstanceUsageAuditLogTestJSON:tearDownClass): 204 DELETE http://10.180.1.21/networking/v2.0/security-groups/053d9168-940c-41a2-a60e-4ebc25a89d33 0.405s
2025-11-21 12:45:17.887 66197 INFO tempest.lib.common.rest_client [req-2626f73b-2024-4b3a-bd39-ee706792fd44 req-2626f73b-2024-4b3a-bd39-ee706792fd44 ] Request (NetworksTest:tearDownClass): 204 DELETE http://10.180.1.21/identity/v3/projects/da05fba851284624babe257866429d37 0.109s
2025-11-21 12:45:17.887 66197 INFO tempest.lib.common.dynamic_creds [-] Deleting project and security group for project: a8b7dc8e7aab475094de594f9407c0d7
2025-11-21 12:45:17.985 66203 INFO tempest.lib.common.rest_client [req-73e8d271-7ec6-4c55-b013-7ded4b3fd6d4 req-73e8d271-7ec6-4c55-b013-7ded4b3fd6d4 ] Request (HypervisorAdminV253TestBase:tearDownClass): 200 GET http://10.180.1.21/networking/v2.0/security-groups?tenant_id=9b19eff414bd45a4bc020fb610d99e43&name=default 0.320s
2025-11-21 12:45:18.016 66191 INFO tempest.lib.common.rest_client [req-7a3c7b97-8ad6-49e5-af75-367c00fea664 req-7a3c7b97-8ad6-49e5-af75-367c00fea664 ] Request (InstanceUsageAuditLogTestJSON:tearDownClass): 204 DELETE http://10.180.1.21/identity/v3/projects/ddd8bf9a58ec4f5b8d5b2e96014dfccd 0.131s
2025-11-21 12:45:18.016 66191 INFO tempest.lib.common.dynamic_creds [-] Deleting project and security group for project: b2ffb43ec93946daaf3f25cfab46e2ba
2025-11-21 12:45:18.020 66187 INFO tempest.lib.common.rest_client [req-b1db55a7-7284-410d-9108-1b88796441bf req-b1db55a7-7284-410d-9108-1b88796441bf ] Request (ServerDiagnosticsTest:test_get_server_diagnostics): 200 GET http://10.180.1.21/compute/v2.1/servers/dd56397a-f0f9-4f4d-b40b-171a8ed1c176 5.698s
2025-11-21 12:45:18.112 66197 INFO tempest.lib.common.rest_client [req-c4cefe1d-4b04-4aa9-b61d-9ade5372ebf6 req-c4cefe1d-4b04-4aa9-b61d-9ade5372ebf6 ] Request (NetworksTest:tearDownClass): 200 GET http://10.180.1.21/networking/v2.0/security-groups?tenant_id=a8b7dc8e7aab475094de594f9407c0d7&name=default 0.225s
2025-11-21 12:45:18.173 66189 INFO tempest.lib.common.rest_client [req-29797947-6a5a-4138-be49-ae97e3c26f54 req-29797947-6a5a-4138-be49-ae97e3c26f54 ] Request (QuotasAdminNegativeTest:test_create_server_when_cpu_quota_is_full): 403 POST http://10.180.1.21/compute/v2.1/servers 5.963s
2025-11-21 12:45:18.188 66239 INFO tempest.lib.common.rest_client [req-c6cb117d-b1eb-4e1d-8efb-0d76518a4246 req-c6cb117d-b1eb-4e1d-8efb-0d76518a4246 ] Request (VolumesAssistedSnapshotsTest:test_volume_assisted_snapshot_create_delete): 200 POST http://10.180.1.21/compute/v2.1/os-keypairs 5.850s
2025-11-21 12:45:18.246 66203 INFO tempest.lib.common.rest_client [req-7be69932-16e4-42d0-b320-c1563db2bd5c req-7be69932-16e4-42d0-b320-c1563db2bd5c ] Request (HypervisorAdminV253TestBase:tearDownClass): 204 DELETE http://10.180.1.21/networking/v2.0/security-groups/ba67ed26-325a-43fe-96d3-c7c1472e804d 0.260s
2025-11-21 12:45:18.275 66217 INFO tempest.lib.common.rest_client [req-1a27cf1d-62f5-455d-9685-475fc34f4896 req-1a27cf1d-62f5-455d-9685-475fc34f4896 ] Request (MultipleCreateNegativeTestJSON:test_max_count_less_than_min_count): 400 POST http://10.180.1.21/compute/v2.1/servers 5.172s
2025-11-21 12:45:18.276 66208 INFO tempest.lib.common.rest_client [req-45d576f4-6a72-4d4f-a1e3-84e27b42ee52 req-45d576f4-6a72-4d4f-a1e3-84e27b42ee52 ] Request (ServersWithSpecificFlavorTestJSON:test_verify_created_server_ephemeral_disk): 200 POST http://10.180.1.21/compute/v2.1/flavors 5.928s
2025-11-21 12:45:18.312 66217 INFO tempest.lib.common.rest_client [req-821d07a6-f13d-4127-8092-37cfcd712474 req-821d07a6-f13d-4127-8092-37cfcd712474 ] Request (MultipleCreateNegativeTestJSON:test_max_count_less_than_one): 201 POST http://10.180.1.21/identity/v3/auth/tokens 0.031s
2025-11-21 12:45:18.312 66217 INFO tempest.lib.common.fixed_network [-] (MultipleCreateNegativeTestJSON:test_max_count_less_than_one) Found network None available for tenant
2025-11-21 12:45:18.365 66203 INFO tempest.lib.common.rest_client [req-ec2e45ad-785f-4b71-91e2-09a2fabbd5d0 req-ec2e45ad-785f-4b71-91e2-09a2fabbd5d0 ] Request (HypervisorAdminV253TestBase:tearDownClass): 204 DELETE http://10.180.1.21/identity/v3/projects/9b19eff414bd45a4bc020fb610d99e43 0.119s
2025-11-21 12:45:18.368 66191 INFO tempest.lib.common.rest_client [req-7624eb31-849c-4ffe-ba64-7e26ff96f9c1 req-7624eb31-849c-4ffe-ba64-7e26ff96f9c1 ] Request (InstanceUsageAuditLogTestJSON:tearDownClass): 200 GET http://10.180.1.21/networking/v2.0/security-groups?tenant_id=b2ffb43ec93946daaf3f25cfab46e2ba&name=default 0.351s
2025-11-21 12:45:18.434 66203 INFO tempest.lib.common.rest_client [req-844dc79d-6eb0-4b48-8954-43f356f8399e req-844dc79d-6eb0-4b48-8954-43f356f8399e ] Request (ServicesAdminNegativeV253TestJSON:setUpClass): 201 POST http://10.180.1.21/identity/v3/auth/tokens 0.067s
2025-11-21 12:45:18.458 66197 INFO tempest.lib.common.rest_client [req-3ce25d50-5591-4a69-976d-8713bddeebcd req-3ce25d50-5591-4a69-976d-8713bddeebcd ] Request (NetworksTest:tearDownClass): 204 DELETE http://10.180.1.21/networking/v2.0/security-groups/e524c198-546a-4d82-8418-f058a27c15d0 0.345s
2025-11-21 12:45:18.472 66203 INFO tempest.lib.common.rest_client [req-937b159d-1893-41fa-823f-e72f7023fb32 req-937b159d-1893-41fa-823f-e72f7023fb32 ] Request (ServicesAdminNegativeV253TestJSON:setUpClass): 201 POST http://10.180.1.21/identity/v3/auth/tokens 0.034s
2025-11-21 12:45:18.497 66203 INFO tempest.lib.common.rest_client [req-39cbb7c5-01bc-4cda-a1f5-cc3a681d72e9 req-39cbb7c5-01bc-4cda-a1f5-cc3a681d72e9 ] Request (ServicesAdminNegativeV253TestJSON:setUpClass): 200 GET http://10.180.1.21/identity/v3/domains?name=Default 0.025s
2025-11-21 12:45:18.524 66197 INFO tempest.lib.common.rest_client [req-10e6ff96-0171-46eb-afb3-e89b7f6f3029 req-10e6ff96-0171-46eb-afb3-e89b7f6f3029 ] Request (NetworksTest:tearDownClass): 204 DELETE http://10.180.1.21/identity/v3/projects/a8b7dc8e7aab475094de594f9407c0d7 0.066s
2025-11-21 12:45:18.553 66197 INFO tempest.lib.common.rest_client [req-5f4a92d2-7cfa-4c82-a617-0b5dce5961f8 req-5f4a92d2-7cfa-4c82-a617-0b5dce5961f8 ] Request (QuotaClassesAdminTestJSON:setUpClass): 201 POST http://10.180.1.21/identity/v3/auth/tokens 0.027s
2025-11-21 12:45:18.568 66203 INFO tempest.lib.common.rest_client [req-1d94d0f6-d2b6-48d8-af4a-ca3cab8f378c req-1d94d0f6-d2b6-48d8-af4a-ca3cab8f378c ] Request (ServicesAdminNegativeV253TestJSON:setUpClass): 201 POST http://10.180.1.21/identity/v3/projects 0.069s
2025-11-21 12:45:18.622 66239 INFO tempest.lib.common.rest_client [req-fe438a62-a27b-4ed2-b28e-bd2ef55cf147 req-fe438a62-a27b-4ed2-b28e-bd2ef55cf147 ] Request (VolumesAssistedSnapshotsTest:test_volume_assisted_snapshot_create_delete): 201 POST http://10.180.1.21/networking/v2.0/security-groups 0.432s
2025-11-21 12:45:18.644 66183 INFO tempest.lib.common.rest_client [req-03b2763d-fa66-49df-8a7a-3288a8a4d23b req-03b2763d-fa66-49df-8a7a-3288a8a4d23b ] Request (ImagesTestJSON:test_create_image_from_stopped_server): 200 GET http://10.180.1.21/compute/v2.1/servers/5b918903-c867-4b35-84b9-670a920622f9 4.249s
2025-11-21 12:45:18.656 66197 INFO tempest.lib.common.rest_client [req-151d1e80-9a4c-4643-b2c4-515b057e9449 req-151d1e80-9a4c-4643-b2c4-515b057e9449 ] Request (QuotaClassesAdminTestJSON:setUpClass): 201 POST http://10.180.1.21/identity/v3/auth/tokens 0.095s
2025-11-21 12:45:18.665 66203 INFO tempest.lib.common.rest_client [req-2dcc5cb4-39ed-42cb-b161-29da1c353df1 req-2dcc5cb4-39ed-42cb-b161-29da1c353df1 ] Request (ServicesAdminNegativeV253TestJSON:setUpClass): 201 POST http://10.180.1.21/identity/v3/users 0.096s
2025-11-21 12:45:18.690 66203 INFO tempest.lib.common.rest_client [req-1d6b20b0-d29f-4f1a-800b-a951af50064b req-1d6b20b0-d29f-4f1a-800b-a951af50064b ] Request (ServicesAdminNegativeV253TestJSON:setUpClass): 200 GET http://10.180.1.21/identity/v3/roles 0.024s
2025-11-21 12:45:18.692 66197 INFO tempest.lib.common.rest_client [req-d4a2eae0-e911-456d-96c4-f87e249d477c req-d4a2eae0-e911-456d-96c4-f87e249d477c ] Request (QuotaClassesAdminTestJSON:setUpClass): 200 GET http://10.180.1.21/identity/v3/domains?name=Default 0.035s
2025-11-21 12:45:18.720 66203 INFO tempest.lib.common.rest_client [req-4aae61f6-ce40-4457-b2b9-0d83e8705802 req-4aae61f6-ce40-4457-b2b9-0d83e8705802 ] Request (ServicesAdminNegativeV253TestJSON:setUpClass): 204 PUT http://10.180.1.21/identity/v3/projects/6c9438867a86491f877bab75996ed8b0/users/4ceea5d6f9f243bb8d7176d9b43cde3d/roles/85d2aa0347e64c86bf8cf95bef9080f1 0.030s
2025-11-21 12:45:18.720 66203 INFO tempest.lib.common.dynamic_creds [-] Dynamic test user 4ceea5d6f9f243bb8d7176d9b43cde3d is created with scope project and roles: ['member']
2025-11-21 12:45:18.721 66203 INFO tempest.lib.common.dynamic_creds [-] Acquired dynamic creds: credentials: Credentials: {'domain_id': 'default', 'domain_name': 'Default', 'username': 'tempest-ServicesAdminNegativeV253TestJSON-1265537865-project-member', 'project_domain_id': 'default', 'project_domain_name': 'Default', 'project_id': '6c9438867a86491f877bab75996ed8b0', 'project_name': 'tempest-ServicesAdminNegativeV253TestJSON-1265537865', 'tenant_id': '6c9438867a86491f877bab75996ed8b0', 'tenant_name': 'tempest-ServicesAdminNegativeV253TestJSON-1265537865', 'user_domain_id': 'default', 'user_domain_name': 'Default', 'user_id': '4ceea5d6f9f243bb8d7176d9b43cde3d', 'system': None}, Network: None, Subnet: None, Router: None
2025-11-21 12:45:18.721 66203 INFO tempest.lib.common.dynamic_creds [-] Created isolated network resources for: credentials: Credentials: {'domain_id': 'default', 'domain_name': 'Default', 'username': 'tempest-ServicesAdminNegativeV253TestJSON-1265537865-project-member', 'project_domain_id': 'default', 'project_domain_name': 'Default', 'project_id': '6c9438867a86491f877bab75996ed8b0', 'project_name': 'tempest-ServicesAdminNegativeV253TestJSON-1265537865', 'tenant_id': '6c9438867a86491f877bab75996ed8b0', 'tenant_name': 'tempest-ServicesAdminNegativeV253TestJSON-1265537865', 'user_domain_id': 'default', 'user_domain_name': 'Default', 'user_id': '4ceea5d6f9f243bb8d7176d9b43cde3d', 'system': None}, Network: None, Subnet: None, Router: None
2025-11-21 12:45:18.723 66197 INFO tempest.lib.common.rest_client [req-520d6750-358a-417b-a855-b5dbe85839d0 req-520d6750-358a-417b-a855-b5dbe85839d0 ] Request (QuotaClassesAdminTestJSON:setUpClass): 201 POST http://10.180.1.21/identity/v3/projects 0.030s
2025-11-21 12:45:18.768 66191 INFO tempest.lib.common.rest_client [req-cfda6bae-8940-4bd5-8039-b241b3de4588 req-cfda6bae-8940-4bd5-8039-b241b3de4588 ] Request (InstanceUsageAuditLogTestJSON:tearDownClass): 204 DELETE http://10.180.1.21/networking/v2.0/security-groups/edeb616b-fa5b-4967-89fa-831e72c95300 0.399s
2025-11-21 12:45:18.798 66203 INFO tempest.lib.common.rest_client [req-05c7f970-8282-41e9-b540-04489830d927 req-05c7f970-8282-41e9-b540-04489830d927 ] Request (ServicesAdminNegativeV253TestJSON:setUpClass): 201 POST http://10.180.1.21/identity/v3/auth/tokens 0.074s
2025-11-21 12:45:18.828 66197 INFO tempest.lib.common.rest_client [req-72eec5bc-f9db-42d2-9d86-6637bb9b685f req-72eec5bc-f9db-42d2-9d86-6637bb9b685f ] Request (QuotaClassesAdminTestJSON:setUpClass): 201 POST http://10.180.1.21/identity/v3/users 0.104s
2025-11-21 12:45:18.834 66213 INFO tempest.lib.common.rest_client [req-aeb24cbd-07f5-4425-b131-4bd55ef07133 req-aeb24cbd-07f5-4425-b131-4bd55ef07133 ] Request (TenantUsagesTestJSON:setUpClass): 200 GET http://10.180.1.21/compute/v2.1/servers/c43b7a8f-ebce-4a2f-aa14-11f5c6f18cea 5.278s
2025-11-21 12:45:18.846 66213 INFO tempest.common.waiters [-] State transition "BUILD/block_device_mapping" ==> "BUILD/spawning" after 6 second wait
2025-11-21 12:45:18.847 66227 INFO tempest.lib.common.rest_client [req-2bb9b8ab-dfd0-48fe-b7ff-406bffd38c18 req-2bb9b8ab-dfd0-48fe-b7ff-406bffd38c18 ] Request (ImagesNegativeTestJSON:test_create_image_from_deleted_server): 200 GET http://10.180.1.21/compute/v2.1/servers/616bbc7d-f52d-4cdd-bdd2-7eef9878109c 4.019s
2025-11-21 12:45:18.857 66203 INFO tempest.lib.common.rest_client [req-5fc06120-91ce-406e-9686-b36005fd498b req-5fc06120-91ce-406e-9686-b36005fd498b ] Request (ServicesAdminNegativeV253TestJSON:setUpClass): 201 POST http://10.180.1.21/identity/v3/projects 0.058s
2025-11-21 12:45:18.913 66197 INFO tempest.lib.common.rest_client [req-3fd708c9-ba6c-4523-b08c-4a23b84bb244 req-3fd708c9-ba6c-4523-b08c-4a23b84bb244 ] Request (QuotaClassesAdminTestJSON:setUpClass): 200 GET http://10.180.1.21/identity/v3/roles 0.085s
2025-11-21 12:45:18.914 66239 INFO tempest.lib.common.rest_client [req-a60a2adc-4464-470e-88ed-28ec82c6db02 req-a60a2adc-4464-470e-88ed-28ec82c6db02 ] Request (VolumesAssistedSnapshotsTest:test_volume_assisted_snapshot_create_delete): 201 POST http://10.180.1.21/networking/v2.0/security-group-rules 0.292s
2025-11-21 12:45:18.945 66219 INFO tempest.lib.common.rest_client [req-3a874bd0-3a3e-4b88-9b7a-79115538358e req-3a874bd0-3a3e-4b88-9b7a-79115538358e ] Request (ServersAdmin275Test:test_rebuild_update_server_275): 200 GET http://10.180.1.21/compute/v2.1/servers/f7e9ad55-72c8-40f2-b4c1-79d9976fb61f 3.845s
2025-11-21 12:45:18.956 66191 INFO tempest.lib.common.rest_client [req-cfc00df2-4b26-4a2e-9da3-c162c87330bf req-cfc00df2-4b26-4a2e-9da3-c162c87330bf ] Request (InstanceUsageAuditLogTestJSON:tearDownClass): 204 DELETE http://10.180.1.21/identity/v3/projects/b2ffb43ec93946daaf3f25cfab46e2ba 0.188s
2025-11-21 12:45:19.021 66203 INFO tempest.lib.common.rest_client [req-d44dfd33-8fb7-4d6e-81c1-42d1526d75ef req-d44dfd33-8fb7-4d6e-81c1-42d1526d75ef ] Request (ServicesAdminNegativeV253TestJSON:setUpClass): 201 POST http://10.180.1.21/identity/v3/users 0.164s
2025-11-21 12:45:19.036 66239 INFO tempest.lib.common.rest_client [req-0a5d7202-a0a8-43b0-abaa-5675fe63cff8 req-0a5d7202-a0a8-43b0-abaa-5675fe63cff8 ] Request (VolumesAssistedSnapshotsTest:test_volume_assisted_snapshot_create_delete): 201 POST http://10.180.1.21/networking/v2.0/security-group-rules 0.121s
2025-11-21 12:45:19.064 66197 INFO tempest.lib.common.rest_client [req-12295780-2bd2-484a-9f1c-ba542eabcc7e req-12295780-2bd2-484a-9f1c-ba542eabcc7e ] Request (QuotaClassesAdminTestJSON:setUpClass): 204 PUT http://10.180.1.21/identity/v3/projects/0c7fe21bb1e24d5597bf382f7878ed8f/users/436612254e0d4c2789b0f5d45d2ffb9f/roles/85d2aa0347e64c86bf8cf95bef9080f1 0.150s
2025-11-21 12:45:19.065 66197 INFO tempest.lib.common.dynamic_creds [-] Dynamic test user 436612254e0d4c2789b0f5d45d2ffb9f is created with scope project and roles: ['member']
2025-11-21 12:45:19.065 66197 INFO tempest.lib.common.dynamic_creds [-] Acquired dynamic creds: credentials: Credentials: {'domain_id': 'default', 'domain_name': 'Default', 'username': 'tempest-QuotaClassesAdminTestJSON-76262649-project-member', 'project_domain_id': 'default', 'project_domain_name': 'Default', 'project_id': '0c7fe21bb1e24d5597bf382f7878ed8f', 'project_name': 'tempest-QuotaClassesAdminTestJSON-76262649', 'tenant_id': '0c7fe21bb1e24d5597bf382f7878ed8f', 'tenant_name': 'tempest-QuotaClassesAdminTestJSON-76262649', 'user_domain_id': 'default', 'user_domain_name': 'Default', 'user_id': '436612254e0d4c2789b0f5d45d2ffb9f', 'system': None}, Network: None, Subnet: None, Router: None
