2025-11-21 12:48:35.437 66213 INFO tempest.lib.common.rest_client [req-cf2d46cc-459b-495f-81f9-1b0bdf7d438a req-cf2d46cc-459b-495f-81f9-1b0bdf7d438a ] Request (ListServersNegativeTestJSON:setUpClass): 201 POST http://10.180.1.21/identity/v3/users 0.064s
2025-11-21 12:48:35.462 66213 INFO tempest.lib.common.rest_client [req-2dcc2f81-cafc-4a19-8d9a-05d0fd5edbf3 req-2dcc2f81-cafc-4a19-8d9a-05d0fd5edbf3 ] Request (ListServersNegativeTestJSON:setUpClass): 200 GET http://10.180.1.21/identity/v3/roles 0.024s
2025-11-21 12:48:35.493 66205 INFO tempest.lib.common.rest_client [req-74e9bde5-cf95-4abd-942a-043002bafeba req-74e9bde5-cf95-4abd-942a-043002bafeba ] Request (ServersListShow298Test:test_list_show_update_rebuild_server_298): 200 PUT http://10.180.1.21/compute/v2.1/servers/28889c2c-0ec6-446f-952f-59e9398ac594 0.739s
2025-11-21 12:48:35.497 66213 INFO tempest.lib.common.rest_client [req-e1b58df9-01e9-4fc1-bfc0-262c7cc64e9f req-e1b58df9-01e9-4fc1-bfc0-262c7cc64e9f ] Request (ListServersNegativeTestJSON:setUpClass): 204 PUT http://10.180.1.21/identity/v3/projects/b9e077ad56664ccf9be70baccc79f098/users/475d7cf6f615416fab54f02f3fe5fa0d/roles/85d2aa0347e64c86bf8cf95bef9080f1 0.035s
2025-11-21 12:48:35.497 66213 INFO tempest.lib.common.dynamic_creds [-] Dynamic test user 475d7cf6f615416fab54f02f3fe5fa0d is created with scope project and roles: ['member']
2025-11-21 12:48:35.498 66213 INFO tempest.lib.common.dynamic_creds [-] Acquired dynamic creds: credentials: Credentials: {'domain_id': 'default', 'domain_name': 'Default', 'username': 'tempest-ListServersNegativeTestJSON-165235897-project-member', 'project_domain_id': 'default', 'project_domain_name': 'Default', 'project_id': 'b9e077ad56664ccf9be70baccc79f098', 'project_name': 'tempest-ListServersNegativeTestJSON-165235897', 'tenant_id': 'b9e077ad56664ccf9be70baccc79f098', 'tenant_name': 'tempest-ListServersNegativeTestJSON-165235897', 'user_domain_id': 'default', 'user_domain_name': 'Default', 'user_id': '475d7cf6f615416fab54f02f3fe5fa0d', 'system': None}, Network: None, Subnet: None, Router: None
2025-11-21 12:48:35.520 66187 INFO tempest.lib.common.rest_client [req-bc0ff353-b31f-4129-95be-e9fca5a8dcb3 req-bc0ff353-b31f-4129-95be-e9fca5a8dcb3 ] Request (ServerMetadataNegativeTestJSON:test_server_create_metadata_key_too_long): 400 POST http://10.180.1.21/compute/v2.1/servers 0.641s
2025-11-21 12:48:35.563 66213 INFO tempest.lib.common.rest_client [req-8077aa3e-5daf-45df-9589-899a36f84178 req-8077aa3e-5daf-45df-9589-899a36f84178 ] Request (ListServersNegativeTestJSON:setUpClass): 201 POST http://10.180.1.21/identity/v3/auth/tokens 0.064s
2025-11-21 12:48:35.580 66187 INFO tempest.lib.common.rest_client [req-ca99f9cf-555d-4a4a-9b25-dc89cb1e4825 req-ca99f9cf-555d-4a4a-9b25-dc89cb1e4825 ] Request (ServerMetadataNegativeTestJSON:test_server_create_metadata_key_too_long): 201 POST http://10.180.1.21/identity/v3/auth/tokens 0.055s
2025-11-21 12:48:35.581 66187 INFO tempest.lib.common.fixed_network [-] (ServerMetadataNegativeTestJSON:test_server_create_metadata_key_too_long) Found network {'id': 'fe5b5de6-0bdb-4d17-a18b-5259d08ebfb7', 'name': 'tempest-ServerMetadataNegativeTestJSON-1806226172-network', 'tenant_id': '381dd5c015c842bfa042fcab683c55de', 'project_id': '381dd5c015c842bfa042fcab683c55de', 'admin_state_up': True, 'mtu': 8950, 'status': 'ACTIVE', 'subnets': [], 'shared': False, 'port_security_enabled': True, 'router:external': False, 'provider:network_type': 'vlan', 'provider:physical_network': 'default', 'provider:segmentation_id': 127, 'availability_zone_hints': [], 'availability_zones': [], 'ipv4_address_scope': None, 'ipv6_address_scope': None, 'description': '', 'tags': [], 'created_at': '2025-11-21T12:47:26Z', 'updated_at': '2025-11-21T12:47:26Z', 'revision_number': 1} available for tenant
2025-11-21 12:48:35.588 66203 INFO tempest.lib.common.rest_client [req-a780bc06-c2cb-4024-958b-8bcf6166d8f2 req-a780bc06-c2cb-4024-958b-8bcf6166d8f2 ] Request (ServersListShow2100Test:test_list_show_rebuild_update_server_2100): 200 GET http://10.180.1.21/compute/v2.1/servers/372e3531-551a-4817-9371-d3b300650c07 0.670s
2025-11-21 12:48:35.651 66221 INFO tempest.lib.common.rest_client [req-a790cf68-6309-489e-badc-f95175834e6b req-a790cf68-6309-489e-badc-f95175834e6b ] Request (SecurityGroupsTestJSON:test_server_security_groups): 200 GET http://10.180.1.21/compute/v2.1/servers/d8cab879-d461-4c29-86d4-f31cf1ca4a1d 0.635s
2025-11-21 12:48:35.718 66193 INFO tempest.lib.common.rest_client [req-0459b6da-9381-4410-85e6-005330099c38 req-0459b6da-9381-4410-85e6-005330099c38 ] Request (VolumesAdminNegativeTest:tearDownClass): 200 GET http://10.180.1.21/compute/v2.1/servers/4021e888-02d5-4681-8f0f-377173994876 0.593s
2025-11-21 12:48:35.788 66237 INFO tempest.lib.common.rest_client [req-f5326f04-8de3-4c35-814a-570e3e6ed589 req-f5326f04-8de3-4c35-814a-570e3e6ed589 ] Request (ServerActionsTestOtherA:_run_cleanups): 200 GET http://10.180.1.21/compute/v2.1/servers/20906082-addb-4127-8ff5-20d6ca712e03 0.614s
2025-11-21 12:48:35.856 66224 INFO tempest.lib.common.rest_client [req-2ae9af56-c5fd-4e75-9a86-9236793c71c8 req-2ae9af56-c5fd-4e75-9a86-9236793c71c8 ] Request (AttachInterfacesTestJSON:test_create_list_show_delete_interfaces_by_fixed_ip): 200 GET http://10.180.1.21/compute/v2.1/servers/3792793e-92d1-4f66-909f-cdce10bb2af2 0.576s
2025-11-21 12:48:35.877 66213 INFO tempest.lib.common.rest_client [req-297bd623-ec62-4ed5-a31d-9207a484fdd7 req-297bd623-ec62-4ed5-a31d-9207a484fdd7 ] Request (ListServersNegativeTestJSON:setUpClass): 201 POST http://10.180.1.21/networking/v2.0/networks 0.314s
2025-11-21 12:48:36.064 66213 INFO tempest.lib.common.rest_client [req-c9519a10-5864-420b-b8cb-cb508dc2e0f6 req-c9519a10-5864-420b-b8cb-cb508dc2e0f6 ] Request (ListServersNegativeTestJSON:setUpClass): 201 POST http://10.180.1.21/networking/v2.0/subnets 0.186s
2025-11-21 12:48:36.102 66231 INFO tempest.lib.common.rest_client [req-2da4cb46-d467-4437-b1a9-f1b97a9bd2e3 req-2da4cb46-d467-4437-b1a9-f1b97a9bd2e3 ] Request (MigrationsAdminTest:test_resize_server_revert_deleted_flavor): 200 GET http://10.180.1.21/compute/v2.1/servers/8a0377ef-7f60-4a71-b192-a6cf188e8ff4 0.712s
2025-11-21 12:48:36.251 66229 INFO tempest.lib.common.rest_client [req-2e4d2a60-a9fb-425d-ad51-200e9ee9f7ed req-2e4d2a60-a9fb-425d-ad51-200e9ee9f7ed ] Request (DeleteServersTestJSON:test_delete_server_while_in_attached_volume): 200 GET http://10.180.1.21/compute/v2.1/servers/f15d1ca7-d3e5-4793-b789-aa33dccaf733 0.785s
2025-11-21 12:48:37.317 66213 INFO tempest.lib.common.rest_client [req-91798bf8-7d80-4f46-ba5f-d666fd0670c0 req-91798bf8-7d80-4f46-ba5f-d666fd0670c0 ] Request (ListServersNegativeTestJSON:setUpClass): 201 POST http://10.180.1.21/networking/v2.0/routers 1.253s
2025-11-21 12:48:37.459 66219 INFO tempest.lib.common.rest_client [req-1f776a0d-4715-464c-a6b2-31ec5e2cb695 req-1f776a0d-4715-464c-a6b2-31ec5e2cb695 ] Request (ServerActionsTestOtherB:test_create_backup): 200 GET http://10.180.1.21/image/v2/images/343e10ef-485d-4582-8733-cf16e25c6e09 2.723s
2025-11-21 12:48:37.491 66183 INFO tempest.lib.common.rest_client [req-7fda801c-7229-4c76-b7b2-6c9cfdbaa4af req-7fda801c-7229-4c76-b7b2-6c9cfdbaa4af ] Request (ImagesTestJSON:test_create_server_from_snapshot): 200 GET http://10.180.1.21/compute/v2.1/images/bb469fa6-d642-4ace-8103-177c2141f2c7 3.660s
2025-11-21 12:48:37.497 66187 INFO tempest.lib.common.rest_client [req-8d566511-8314-4356-b927-002a51aa74c2 req-8d566511-8314-4356-b927-002a51aa74c2 ] Request (ServerMetadataNegativeTestJSON:test_server_create_metadata_key_too_long): 400 POST http://10.180.1.21/compute/v2.1/servers 1.916s
2025-11-21 12:48:37.541 66187 INFO tempest.lib.common.rest_client [req-9769c531-604d-4bc0-9daf-797521bed130 req-9769c531-604d-4bc0-9daf-797521bed130 ] Request (ServerMetadataNegativeTestJSON:test_server_create_metadata_key_too_long): 201 POST http://10.180.1.21/identity/v3/auth/tokens 0.037s
2025-11-21 12:48:37.542 66187 INFO tempest.lib.common.fixed_network [-] (ServerMetadataNegativeTestJSON:test_server_create_metadata_key_too_long) Found network {'id': 'fe5b5de6-0bdb-4d17-a18b-5259d08ebfb7', 'name': 'tempest-ServerMetadataNegativeTestJSON-1806226172-network', 'tenant_id': '381dd5c015c842bfa042fcab683c55de', 'project_id': '381dd5c015c842bfa042fcab683c55de', 'admin_state_up': True, 'mtu': 8950, 'status': 'ACTIVE', 'subnets': [], 'shared': False, 'port_security_enabled': True, 'router:external': False, 'provider:network_type': 'vlan', 'provider:physical_network': 'default', 'provider:segmentation_id': 127, 'availability_zone_hints': [], 'availability_zones': [], 'ipv4_address_scope': None, 'ipv6_address_scope': None, 'description': '', 'tags': [], 'created_at': '2025-11-21T12:47:26Z', 'updated_at': '2025-11-21T12:47:26Z', 'revision_number': 1} available for tenant
2025-11-21 12:48:37.630 66205 INFO tempest.lib.common.rest_client [req-0327bc8f-3e07-4ab8-876b-4f4ff77d1651 req-0327bc8f-3e07-4ab8-876b-4f4ff77d1651 ] Request (ServersListShow298Test:test_list_show_update_rebuild_server_298): 202 POST http://10.180.1.21/compute/v2.1/servers/28889c2c-0ec6-446f-952f-59e9398ac594/action 2.122s
2025-11-21 12:48:37.646 66185 INFO tempest.lib.common.rest_client [req-71957aea-4d8a-4f42-906d-c8c89d7e5848 req-71957aea-4d8a-4f42-906d-c8c89d7e5848 ] Request (ServersAdminTestJSON:test_inject_network_info): 200 GET http://10.180.1.21/compute/v2.1/servers/d45b928b-f35e-468a-8a6d-23fa433086d7 2.057s
2025-11-21 12:48:37.706 66177 INFO tempest.lib.common.rest_client [req-70014b0d-9fba-4377-ad4c-a9f551ffe730 req-70014b0d-9fba-4377-ad4c-a9f551ffe730 ] Request (ServersTestFqdnHostnames:tearDownClass): 200 GET http://10.180.1.21/compute/v2.1/servers/949b65e2-2465-4a34-8a5d-0a2f2ff391e4 2.046s
2025-11-21 12:48:37.724 66189 INFO tempest.lib.common.rest_client [req-6566df68-a361-4fa4-8dee-4729d761be25 req-6566df68-a361-4fa4-8dee-4729d761be25 ] Request (ServerActionsTestJSON:setUpClass): 200 GET http://10.180.1.21/compute/v2.1/servers/5ea7b7d9-8a17-406a-8d91-1757bd6b133e 1.882s
2025-11-21 12:48:37.788 66239 INFO tempest.lib.common.rest_client [req-ed84a0f7-8c82-42dd-9f0e-6015e7a3d65d req-ed84a0f7-8c82-42dd-9f0e-6015e7a3d65d ] Request (AttachInterfacesUnderV243Test:test_add_remove_fixed_ip): 200 GET http://10.180.1.21/compute/v2.1/servers/c005d9ff-2425-44ad-8c73-410aac4c8177 1.864s
2025-11-21 12:48:37.805 66201 INFO tempest.lib.common.rest_client [req-383310ce-3a45-4608-a6be-c894329891fb req-383310ce-3a45-4608-a6be-c894329891fb ] Request (ServerRescueTestJSONUnderV235:tearDownClass): 200 GET http://10.180.1.21/compute/v2.1/servers/59278197-2bf4-4e9a-a9d3-706eded8b008 1.754s
2025-11-21 12:48:37.882 66212 INFO tempest.lib.common.rest_client [req-8a3009e3-affe-4fa5-bd0a-19e753e80f07 req-8a3009e3-affe-4fa5-bd0a-19e753e80f07 ] Request (ServersV294TestFqdnHostnames:setUpClass): 200 GET http://10.180.1.21/compute/v2.1/servers/a37483fa-25e5-4488-a5cf-79bbf02f7a21 1.743s
2025-11-21 12:48:37.894 66197 INFO tempest.lib.common.rest_client [req-23eafa9b-1f07-4d59-9f65-c4caa3ec871e req-23eafa9b-1f07-4d59-9f65-c4caa3ec871e ] Request (ServersTestMultiNic:_run_cleanups): 200 GET http://10.180.1.21/compute/v2.1/servers/a33e7e9f-3c11-4c6f-9989-6729394a8da1 1.693s
2025-11-21 12:48:37.948 66233 INFO tempest.lib.common.rest_client [req-750bd209-44ec-42be-b5e4-99382b8fafaa req-750bd209-44ec-42be-b5e4-99382b8fafaa ] Request (ServersTestJSON:_run_cleanups): 200 GET http://10.180.1.21/compute/v2.1/servers/1a5af046-9cd7-4ec2-821f-09d71e5b4dd6 1.590s
2025-11-21 12:48:37.962 66233 INFO tempest.common.waiters [-] State transition "ACTIVE/deleting" ==> "DELETED/None" after 4 second wait
2025-11-21 12:48:37.974 66195 INFO tempest.lib.common.rest_client [req-cf80676a-e6df-4140-a738-3eeab9f75b4c req-cf80676a-e6df-4140-a738-3eeab9f75b4c ] Request (ServerShowV247Test:tearDownClass): 200 GET http://10.180.1.21/compute/v2.1/servers/1f2256ec-3c23-4287-b1c4-8493fe6957ac 1.543s
2025-11-21 12:48:38.024 66203 INFO tempest.lib.common.rest_client [req-cd5ad886-4706-49a3-898d-7cb9ca4e2f1f req-cd5ad886-4706-49a3-898d-7cb9ca4e2f1f ] Request (ServersListShow2100Test:test_list_show_rebuild_update_server_2100): 200 GET http://10.180.1.21/compute/v2.1/servers/372e3531-551a-4817-9371-d3b300650c07 1.423s
2025-11-21 12:48:38.052 66221 INFO tempest.lib.common.rest_client [req-981bb58e-72c1-4892-b8cb-9d157a8e2704 req-981bb58e-72c1-4892-b8cb-9d157a8e2704 ] Request (SecurityGroupsTestJSON:test_server_security_groups): 200 GET http://10.180.1.21/compute/v2.1/servers/d8cab879-d461-4c29-86d4-f31cf1ca4a1d 1.388s
2025-11-21 12:48:38.068 66208 WARNING tempest.lib.common.ssh [-] Failed to establish authenticated ssh connection to cirros@10.180.180.161 ([Errno None] Unable to connect to port 22 on 10.180.180.161). Number attempts: 5. Retry after 6 seconds.: paramiko.ssh_exception.NoValidConnectionsError: [Errno None] Unable to connect to port 22 on 10.180.180.161
2025-11-21 12:48:38.098 66193 INFO tempest.lib.common.rest_client [req-50cdfb77-364b-4aa9-9a58-504f6e1e34ee req-50cdfb77-364b-4aa9-9a58-504f6e1e34ee ] Request (VolumesAdminNegativeTest:tearDownClass): 200 GET http://10.180.1.21/compute/v2.1/servers/4021e888-02d5-4681-8f0f-377173994876 1.371s
2025-11-21 12:48:38.126 66237 INFO tempest.lib.common.rest_client [req-7d3cdd36-a3d6-47eb-8487-0d7764022cf3 req-7d3cdd36-a3d6-47eb-8487-0d7764022cf3 ] Request (ServerActionsTestOtherA:_run_cleanups): 200 GET http://10.180.1.21/compute/v2.1/servers/20906082-addb-4127-8ff5-20d6ca712e03 1.328s
2025-11-21 12:48:38.181 66224 INFO tempest.lib.common.rest_client [req-e64b546b-90a0-4352-a738-87eb7b7cb155 req-e64b546b-90a0-4352-a738-87eb7b7cb155 ] Request (AttachInterfacesTestJSON:test_create_list_show_delete_interfaces_by_fixed_ip): 200 GET http://10.180.1.21/compute/v2.1/servers/3792793e-92d1-4f66-909f-cdce10bb2af2 1.317s
2025-11-21 12:48:38.261 66229 INFO tempest.lib.common.rest_client [req-21e10111-4d11-4ad6-bc58-e91f2a8ff23b req-21e10111-4d11-4ad6-bc58-e91f2a8ff23b ] Request (DeleteServersTestJSON:test_delete_server_while_in_attached_volume): 200 GET http://10.180.1.21/compute/v2.1/servers/f15d1ca7-d3e5-4793-b789-aa33dccaf733 1.001s
2025-11-21 12:48:38.287 66231 INFO tempest.lib.common.rest_client [req-5e2b49da-ad50-4828-883f-248d1ecf5433 req-5e2b49da-ad50-4828-883f-248d1ecf5433 ] Request (MigrationsAdminTest:test_resize_server_revert_deleted_flavor): 200 GET http://10.180.1.21/compute/v2.1/servers/8a0377ef-7f60-4a71-b192-a6cf188e8ff4 1.174s
2025-11-21 12:48:38.294 66231 INFO tempest.common.waiters [-] State transition "RESIZE/resize_prep" ==> "RESIZE/resize_migrating" after 42 second wait
2025-11-21 12:48:38.298 66183 INFO tempest.lib.common.rest_client [req-143b5e49-abdd-45ca-842c-aae14390c53c req-143b5e49-abdd-45ca-842c-aae14390c53c ] Request (ImagesTestJSON:test_create_server_from_snapshot): 200 GET http://10.180.1.21/compute/v2.1/images/bb469fa6-d642-4ace-8103-177c2141f2c7 0.803s
2025-11-21 12:48:38.303 66187 INFO tempest.lib.common.rest_client [req-bae68b00-5cd6-4737-8475-e27c7c7e3979 req-bae68b00-5cd6-4737-8475-e27c7c7e3979 ] Request (ServerMetadataNegativeTestJSON:test_server_create_metadata_key_too_long): 400 POST http://10.180.1.21/compute/v2.1/servers 0.761s
2025-11-21 12:48:38.326 66187 INFO tempest.lib.common.rest_client [req-acb99149-aeda-4b40-bbe7-6224bf263f48 req-acb99149-aeda-4b40-bbe7-6224bf263f48 ] Request (ServerMetadataNegativeTestJSON:test_server_metadata_non_existent_server): 404 GET http://10.180.1.21/compute/v2.1/servers/4723b746-abfa-46f4-bbbd-8c6dfa75c834/metadata/test2 0.021s
2025-11-21 12:48:38.329 66213 INFO tempest.lib.common.rest_client [req-cc49d02a-19ca-4f50-985d-2aab86d51d25 req-cc49d02a-19ca-4f50-985d-2aab86d51d25 ] Request (ListServersNegativeTestJSON:setUpClass): 200 PUT http://10.180.1.21/networking/v2.0/routers/11fe7fc1-603b-4c0e-aa39-4126792c7b5a/add_router_interface 1.011s
2025-11-21 12:48:38.329 66213 INFO tempest.lib.common.dynamic_creds [-] Created isolated network resources for: credentials: Credentials: {'domain_id': 'default', 'domain_name': 'Default', 'username': 'tempest-ListServersNegativeTestJSON-165235897-project-member', 'project_domain_id': 'default', 'project_domain_name': 'Default', 'project_id': 'b9e077ad56664ccf9be70baccc79f098', 'project_name': 'tempest-ListServersNegativeTestJSON-165235897', 'tenant_id': 'b9e077ad56664ccf9be70baccc79f098', 'tenant_name': 'tempest-ListServersNegativeTestJSON-165235897', 'user_domain_id': 'default', 'user_domain_name': 'Default', 'user_id': '475d7cf6f615416fab54f02f3fe5fa0d', 'system': None}, Network: {'id': '634c3edf-e6ce-4269-8c87-d0a97209a914', 'name': 'tempest-ListServersNegativeTestJSON-374446403-network', 'tenant_id': 'b9e077ad56664ccf9be70baccc79f098', 'project_id': 'b9e077ad56664ccf9be70baccc79f098', 'admin_state_up': True, 'mtu': 8950, 'status': 'ACTIVE', 'subnets': [], 'shared': False, 'port_security_enabled': True, 'router:external': False, 'provider:network_type': 'vlan', 'provider:physical_network': 'default', 'provider:segmentation_id': 35, 'availability_zone_hints': [], 'availability_zones': [], 'ipv4_address_scope': None, 'ipv6_address_scope': None, 'description': '', 'tags': [], 'created_at': '2025-11-21T12:48:35Z', 'updated_at': '2025-11-21T12:48:35Z', 'revision_number': 1}, Subnet: {'id': '043beef5-5b28-496e-9067-6e10675ac1b0', 'name': 'tempest-ListServersNegativeTestJSON-374446403-subnet', 'tenant_id': 'b9e077ad56664ccf9be70baccc79f098', 'network_id': '634c3edf-e6ce-4269-8c87-d0a97209a914', 'ip_version': 4, 'subnetpool_id': None, 'enable_dhcp': True, 'ipv6_ra_mode': None, 'ipv6_address_mode': None, 'gateway_ip': '192.168.128.1', 'cidr': '192.168.128.0/28', 'allocation_pools': [{'start': '192.168.128.2', 'end': '192.168.128.14'}], 'host_routes': [], 'dns_nameservers': [], 'description': '', 'router:external': False, 'service_types': [], 'tags': [], 'created_at': '2025-11-21T12:48:35Z', 'updated_at': '2025-11-21T12:48:35Z', 'revision_number': 0, 'project_id': 'b9e077ad56664ccf9be70baccc79f098'}, Router: {'id': '11fe7fc1-603b-4c0e-aa39-4126792c7b5a', 'name': 'tempest-ListServersNegativeTestJSON-374446403-router', 'tenant_id': 'b9e077ad56664ccf9be70baccc79f098', 'admin_state_up': True, 'status': 'ACTIVE', 'external_gateway_info': {'network_id': '3753d3ec-79ab-4536-a8b6-e64d5a10ef41', 'external_fixed_ips': [{'subnet_id': '4e4d19dd-da82-4130-876d-22d3c70eca1f', 'ip_address': '10.180.180.163'}], 'enable_snat': True}, 'description': '', 'availability_zones': [], 'distributed': False, 'ha': False, 'availability_zone_hints': [], 'routes': [], 'flavor_id': None, 'tags': [], 'created_at': '2025-11-21T12:48:36Z', 'updated_at': '2025-11-21T12:48:36Z', 'revision_number': 2, 'project_id': 'b9e077ad56664ccf9be70baccc79f098'}
2025-11-21 12:48:38.357 66187 INFO tempest.lib.common.rest_client [req-b4bafbd5-00dd-4a5f-a43d-b98c7892ffe2 req-b4bafbd5-00dd-4a5f-a43d-b98c7892ffe2 ] Request (ServerMetadataNegativeTestJSON:test_set_metadata_invalid_key): 400 PUT http://10.180.1.21/compute/v2.1/servers/c2bc28fd-8694-4365-8789-d7ced1171e42/metadata/key 0.029s
2025-11-21 12:48:38.374 66187 INFO tempest.lib.common.rest_client [req-4699ae18-c926-4832-af6b-627ee7a5f08c req-4699ae18-c926-4832-af6b-627ee7a5f08c ] Request (ServerMetadataNegativeTestJSON:test_set_metadata_non_existent_server): 404 PUT http://10.180.1.21/compute/v2.1/servers/3d720267-a670-435d-9718-f2013e545375/metadata 0.015s
2025-11-21 12:48:38.383 66187 INFO tempest.lib.common.rest_client [req-e4ada49e-9266-4147-b509-96fe0962bc10 req-e4ada49e-9266-4147-b509-96fe0962bc10 ] Request (ServerMetadataNegativeTestJSON:test_set_server_metadata_blank_key): 400 PUT http://10.180.1.21/compute/v2.1/servers/c2bc28fd-8694-4365-8789-d7ced1171e42/metadata 0.007s
2025-11-21 12:48:38.383 66183 INFO tempest.lib.common.rest_client [req-845010b6-ab71-4d67-a5c4-13c5b4f99667 req-845010b6-ab71-4d67-a5c4-13c5b4f99667 ] Request (ImagesTestJSON:test_create_server_from_snapshot): 201 POST http://10.180.1.21/identity/v3/auth/tokens 0.079s
2025-11-21 12:48:38.384 66183 INFO tempest.lib.common.fixed_network [-] (ImagesTestJSON:test_create_server_from_snapshot) Found network {'id': '56ebf29b-d8c1-4e17-a92e-2ac99af27627', 'name': 'tempest-ImagesTestJSON-801302755-network', 'tenant_id': '486b4160eb8247c8ba2457adab8f81ef', 'project_id': '486b4160eb8247c8ba2457adab8f81ef', 'admin_state_up': True, 'mtu': 8950, 'status': 'ACTIVE', 'subnets': [], 'shared': False, 'port_security_enabled': True, 'router:external': False, 'provider:network_type': 'vlan', 'provider:physical_network': 'default', 'provider:segmentation_id': 336, 'availability_zone_hints': [], 'availability_zones': [], 'ipv4_address_scope': None, 'ipv6_address_scope': None, 'description': '', 'tags': [], 'created_at': '2025-11-21T12:45:05Z', 'updated_at': '2025-11-21T12:45:05Z', 'revision_number': 1} available for tenant
2025-11-21 12:48:38.387 66205 INFO tempest.lib.common.rest_client [req-aad85631-cecb-4a77-8671-51ac208989b7 req-aad85631-cecb-4a77-8671-51ac208989b7 ] Request (ServersListShow298Test:test_list_show_update_rebuild_server_298): 200 GET http://10.180.1.21/compute/v2.1/servers/28889c2c-0ec6-446f-952f-59e9398ac594 0.746s
2025-11-21 12:48:38.391 66187 INFO tempest.lib.common.rest_client [req-28629614-5eae-458e-bb73-ecd2221b1e61 req-28629614-5eae-458e-bb73-ecd2221b1e61 ] Request (ServerMetadataNegativeTestJSON:test_set_server_metadata_missing_metadata): 400 PUT http://10.180.1.21/compute/v2.1/servers/c2bc28fd-8694-4365-8789-d7ced1171e42/metadata 0.006s
2025-11-21 12:48:38.405 66187 INFO tempest.lib.common.rest_client [req-ae364fad-59ff-4056-b088-bb52ed3d32d0 req-ae364fad-59ff-4056-b088-bb52ed3d32d0 ] Request (ServerMetadataNegativeTestJSON:test_update_metadata_non_existent_server): 404 POST http://10.180.1.21/compute/v2.1/servers/b6e292e2-1d65-40c4-a7b0-4d9c3e789109/metadata 0.013s
2025-11-21 12:48:38.418 66187 INFO tempest.lib.common.rest_client [req-8d1075ca-b6db-414f-a45a-f034d9af139f req-8d1075ca-b6db-414f-a45a-f034d9af139f ] Request (ServerMetadataNegativeTestJSON:test_update_metadata_with_blank_key): 400 POST http://10.180.1.21/compute/v2.1/servers/c2bc28fd-8694-4365-8789-d7ced1171e42/metadata 0.011s
2025-11-21 12:48:38.436 66213 INFO tempest.lib.common.rest_client [req-a0f60d6b-d421-4bc9-941c-b6abd68f0cd5 req-a0f60d6b-d421-4bc9-941c-b6abd68f0cd5 ] Request (ListServersNegativeTestJSON:setUpClass): 201 POST http://10.180.1.21/identity/v3/auth/tokens 0.103s
2025-11-21 12:48:38.476 66213 INFO tempest.lib.common.rest_client [req-de4eb855-b97d-4ae2-a12a-d9e41b49af9b req-de4eb855-b97d-4ae2-a12a-d9e41b49af9b ] Request (ListServersNegativeTestJSON:setUpClass): 201 POST http://10.180.1.21/identity/v3/auth/tokens 0.037s
2025-11-21 12:48:38.476 66213 INFO tempest.lib.common.fixed_network [-] (ListServersNegativeTestJSON:setUpClass) Found network {'id': '634c3edf-e6ce-4269-8c87-d0a97209a914', 'name': 'tempest-ListServersNegativeTestJSON-374446403-network', 'tenant_id': 'b9e077ad56664ccf9be70baccc79f098', 'project_id': 'b9e077ad56664ccf9be70baccc79f098', 'admin_state_up': True, 'mtu': 8950, 'status': 'ACTIVE', 'subnets': [], 'shared': False, 'port_security_enabled': True, 'router:external': False, 'provider:network_type': 'vlan', 'provider:physical_network': 'default', 'provider:segmentation_id': 35, 'availability_zone_hints': [], 'availability_zones': [], 'ipv4_address_scope': None, 'ipv6_address_scope': None, 'description': '', 'tags': [], 'created_at': '2025-11-21T12:48:35Z', 'updated_at': '2025-11-21T12:48:35Z', 'revision_number': 1} available for tenant
2025-11-21 12:48:38.478 66219 INFO tempest.lib.common.rest_client [req-d4c345bd-57bf-4f00-81be-b088766f9e90 req-d4c345bd-57bf-4f00-81be-b088766f9e90 ] Request (ServerActionsTestOtherB:test_create_backup): 200 GET http://10.180.1.21/image/v2/images/343e10ef-485d-4582-8733-cf16e25c6e09 0.018s
2025-11-21 12:48:38.513 66187 INFO tempest.lib.common.rest_client [req-d4104cd7-955e-425a-a555-842bcdf9e205 req-d4104cd7-955e-425a-a555-842bcdf9e205 ] Request (ServerMetadataNegativeTestJSON:tearDownClass): 204 DELETE http://10.180.1.21/compute/v2.1/servers/c2bc28fd-8694-4365-8789-d7ced1171e42 0.093s
2025-11-21 12:48:38.733 66183 INFO tempest.lib.common.rest_client [req-b5b32257-9104-4a4a-b477-68aeaa388da0 req-b5b32257-9104-4a4a-b477-68aeaa388da0 ] Request (ImagesTestJSON:test_create_server_from_snapshot): 202 POST http://10.180.1.21/compute/v2.1/servers 0.348s
2025-11-21 12:48:38.915 66187 INFO tempest.lib.common.rest_client [req-670ae61d-cb00-49cf-aae1-2e38e739d301 req-670ae61d-cb00-49cf-aae1-2e38e739d301 ] Request (ServerMetadataNegativeTestJSON:tearDownClass): 200 GET http://10.180.1.21/compute/v2.1/servers/c2bc28fd-8694-4365-8789-d7ced1171e42 0.402s
2025-11-21 12:48:39.039 66213 INFO tempest.lib.common.rest_client [req-b58c03c4-2449-48d0-8e0f-210755f62123 req-b58c03c4-2449-48d0-8e0f-210755f62123 ] Request (ListServersNegativeTestJSON:setUpClass): 202 POST http://10.180.1.21/compute/v2.1/servers 0.561s
2025-11-21 12:48:39.127 66185 INFO tempest.lib.common.rest_client [req-b1bca049-129d-402b-80de-c2ffa337d1ae req-b1bca049-129d-402b-80de-c2ffa337d1ae ] Request (ServersAdminTestJSON:test_inject_network_info): 200 GET http://10.180.1.21/compute/v2.1/servers/d45b928b-f35e-468a-8a6d-23fa433086d7 0.473s
2025-11-21 12:48:39.149 66177 INFO tempest.lib.common.rest_client [req-f6e5e0ad-4345-4379-a602-b1ee66f1eab6 req-f6e5e0ad-4345-4379-a602-b1ee66f1eab6 ] Request (ServersTestFqdnHostnames:tearDownClass): 200 GET http://10.180.1.21/compute/v2.1/servers/949b65e2-2465-4a34-8a5d-0a2f2ff391e4 0.435s
2025-11-21 12:48:39.182 66183 INFO tempest.lib.common.rest_client [req-5aabf470-d76e-4f0e-9771-9abd03ebaf5b req-5aabf470-d76e-4f0e-9771-9abd03ebaf5b ] Request (ImagesTestJSON:test_create_server_from_snapshot): 200 GET http://10.180.1.21/compute/v2.1/servers/f0fc033f-963e-4cdb-b521-9449ea0b3379 0.448s
2025-11-21 12:48:39.232 66189 INFO tempest.lib.common.rest_client [req-bc32bd36-2efb-4a21-b76d-b253603ae076 req-bc32bd36-2efb-4a21-b76d-b253603ae076 ] Request (ServerActionsTestJSON:setUpClass): 200 GET http://10.180.1.21/compute/v2.1/servers/5ea7b7d9-8a17-406a-8d91-1757bd6b133e 0.494s
2025-11-21 12:48:39.276 66239 INFO tempest.lib.common.rest_client [req-21dcbb12-e2ae-40c6-88e7-91f1d92feed3 req-21dcbb12-e2ae-40c6-88e7-91f1d92feed3 ] Request (AttachInterfacesUnderV243Test:test_add_remove_fixed_ip): 200 GET http://10.180.1.21/compute/v2.1/servers/c005d9ff-2425-44ad-8c73-410aac4c8177 0.475s
2025-11-21 12:48:39.340 66201 INFO tempest.lib.common.rest_client [req-b88eb2c9-6049-494b-91d1-64419d59652f req-b88eb2c9-6049-494b-91d1-64419d59652f ] Request (ServerRescueTestJSONUnderV235:tearDownClass): 200 GET http://10.180.1.21/compute/v2.1/servers/59278197-2bf4-4e9a-a9d3-706eded8b008 0.524s
2025-11-21 12:48:39.348 66201 INFO tempest.common.waiters [-] State transition "RESCUE/deleting" ==> "DELETED/None" after 4 second wait
2025-11-21 12:48:39.369 66212 INFO tempest.lib.common.rest_client [req-da6c48fd-098d-484b-98cc-dc7325aad441 req-da6c48fd-098d-484b-98cc-dc7325aad441 ] Request (ServersV294TestFqdnHostnames:setUpClass): 200 GET http://10.180.1.21/compute/v2.1/servers/a37483fa-25e5-4488-a5cf-79bbf02f7a21 0.475s
2025-11-21 12:48:39.435 66197 INFO tempest.lib.common.rest_client [req-93a94944-4320-4633-b77d-2c2e324f7dba req-93a94944-4320-4633-b77d-2c2e324f7dba ] Request (ServersTestMultiNic:_run_cleanups): 200 GET http://10.180.1.21/compute/v2.1/servers/a33e7e9f-3c11-4c6f-9989-6729394a8da1 0.532s
2025-11-21 12:48:39.462 66233 INFO tempest.lib.common.rest_client [req-944a4d17-ae2e-460c-97f7-ecdd568d6c2f req-944a4d17-ae2e-460c-97f7-ecdd568d6c2f ] Request (ServersTestJSON:_run_cleanups): 200 GET http://10.180.1.21/compute/v2.1/servers/1a5af046-9cd7-4ec2-821f-09d71e5b4dd6 0.499s
2025-11-21 12:48:39.515 66219 INFO tempest.lib.common.rest_client [req-a309a26b-3c0e-4dbe-9440-84d9eea304bc req-a309a26b-3c0e-4dbe-9440-84d9eea304bc ] Request (ServerActionsTestOtherB:test_create_backup): 200 GET http://10.180.1.21/image/v2/images/343e10ef-485d-4582-8733-cf16e25c6e09 0.034s
2025-11-21 12:48:39.531 66195 INFO tempest.lib.common.rest_client [req-2ad459d3-9d71-498e-b574-d5322b42d6bd req-2ad459d3-9d71-498e-b574-d5322b42d6bd ] Request (ServerShowV247Test:tearDownClass): 200 GET http://10.180.1.21/compute/v2.1/servers/1f2256ec-3c23-4287-b1c4-8493fe6957ac 0.544s
2025-11-21 12:48:39.541 66213 INFO tempest.lib.common.rest_client [req-c6c26c20-ccab-4fdb-8577-2d1228ed9181 req-c6c26c20-ccab-4fdb-8577-2d1228ed9181 ] Request (ListServersNegativeTestJSON:setUpClass): 200 GET http://10.180.1.21/compute/v2.1/servers 0.500s
2025-11-21 12:48:39.625 66203 INFO tempest.lib.common.rest_client [req-0ffaae04-dfc0-463a-937b-ab22513161c8 req-0ffaae04-dfc0-463a-937b-ab22513161c8 ] Request (ServersListShow2100Test:test_list_show_rebuild_update_server_2100): 200 GET http://10.180.1.21/compute/v2.1/servers/372e3531-551a-4817-9371-d3b300650c07 0.584s
2025-11-21 12:48:39.637 66221 INFO tempest.lib.common.rest_client [req-85dc3544-43e0-4794-8b1e-d33209b291cb req-85dc3544-43e0-4794-8b1e-d33209b291cb ] Request (SecurityGroupsTestJSON:test_server_security_groups): 200 GET http://10.180.1.21/compute/v2.1/servers/d8cab879-d461-4c29-86d4-f31cf1ca4a1d 0.576s
2025-11-21 12:48:39.708 66193 INFO tempest.lib.common.rest_client [req-65391fdc-adf2-451f-9604-c9f5fc67abcc req-65391fdc-adf2-451f-9604-c9f5fc67abcc ] Request (VolumesAdminNegativeTest:tearDownClass): 200 GET http://10.180.1.21/compute/v2.1/servers/4021e888-02d5-4681-8f0f-377173994876 0.601s
2025-11-21 12:48:39.724 66237 INFO tempest.lib.common.rest_client [req-be994584-d3bf-46f6-ab85-8efc976f8639 req-be994584-d3bf-46f6-ab85-8efc976f8639 ] Request (ServerActionsTestOtherA:_run_cleanups): 200 GET http://10.180.1.21/compute/v2.1/servers/20906082-addb-4127-8ff5-20d6ca712e03 0.587s
2025-11-21 12:48:39.794 66224 INFO tempest.lib.common.rest_client [req-c5ff0d50-c4e1-4fce-8bbf-283b686e5cf7 req-c5ff0d50-c4e1-4fce-8bbf-283b686e5cf7 ] Request (AttachInterfacesTestJSON:test_create_list_show_delete_interfaces_by_fixed_ip): 200 GET http://10.180.1.21/compute/v2.1/servers/3792793e-92d1-4f66-909f-cdce10bb2af2 0.601s
2025-11-21 12:48:39.885 66229 INFO tempest.lib.common.rest_client [req-e378aec6-e77e-4294-93ec-3060b4c9a415 req-e378aec6-e77e-4294-93ec-3060b4c9a415 ] Request (DeleteServersTestJSON:test_delete_server_while_in_attached_volume): 200 GET http://10.180.1.21/compute/v2.1/servers/f15d1ca7-d3e5-4793-b789-aa33dccaf733 0.615s
2025-11-21 12:48:39.894 66229 INFO tempest.common.waiters [-] State transition "BUILD/None" ==> "BUILD/block_device_mapping" after 47 second wait
2025-11-21 12:48:39.964 66231 INFO tempest.lib.common.rest_client [req-b5f3a298-3554-4b5c-b1f6-39ef32e41cdd req-b5f3a298-3554-4b5c-b1f6-39ef32e41cdd ] Request (MigrationsAdminTest:test_resize_server_revert_deleted_flavor): 200 GET http://10.180.1.21/compute/v2.1/servers/8a0377ef-7f60-4a71-b192-a6cf188e8ff4 0.668s
2025-11-21 12:48:39.981 66205 INFO tempest.lib.common.rest_client [req-d5911d24-7530-48fc-b7a2-d0e677bbae2f req-d5911d24-7530-48fc-b7a2-d0e677bbae2f ] Request (ServersListShow298Test:test_list_show_update_rebuild_server_298): 200 GET http://10.180.1.21/compute/v2.1/servers/28889c2c-0ec6-446f-952f-59e9398ac594 0.571s
2025-11-21 12:48:40.025 66213 INFO tempest.lib.common.rest_client [req-1ccb9682-ae74-4283-9b10-99fd67efb0db req-1ccb9682-ae74-4283-9b10-99fd67efb0db ] Request (ListServersNegativeTestJSON:setUpClass): 200 GET http://10.180.1.21/compute/v2.1/servers/e3ff6a10-3873-4094-a1a3-3e5261b0de72 0.483s
2025-11-21 12:48:40.103 66187 INFO tempest.lib.common.rest_client [req-f0997f78-a5b4-48d0-92b9-8d20467e2d40 req-f0997f78-a5b4-48d0-92b9-8d20467e2d40 ] Request (ServerMetadataNegativeTestJSON:tearDownClass): 200 GET http://10.180.1.21/compute/v2.1/servers/c2bc28fd-8694-4365-8789-d7ced1171e42 0.180s
2025-11-21 12:48:40.239 66177 INFO tempest.lib.common.rest_client [req-68070b1a-a61e-437a-9d3b-baeb6541a24a req-68070b1a-a61e-437a-9d3b-baeb6541a24a ] Request (ServersTestFqdnHostnames:tearDownClass): 200 GET http://10.180.1.21/compute/v2.1/servers/949b65e2-2465-4a34-8a5d-0a2f2ff391e4 0.078s
2025-11-21 12:48:40.264 66185 INFO tempest.lib.common.rest_client [req-2b7d1fb5-b7a7-4e68-96f1-01c87327f03d req-2b7d1fb5-b7a7-4e68-96f1-01c87327f03d ] Request (ServersAdminTestJSON:test_inject_network_info): 200 GET http://10.180.1.21/compute/v2.1/servers/d45b928b-f35e-468a-8a6d-23fa433086d7 0.128s
2025-11-21 12:48:40.293 66183 INFO tempest.lib.common.rest_client [req-05d5cc5e-5219-444d-9cc1-f5e7aa0010ba req-05d5cc5e-5219-444d-9cc1-f5e7aa0010ba ] Request (ImagesTestJSON:test_create_server_from_snapshot): 200 GET http://10.180.1.21/compute/v2.1/servers/f0fc033f-963e-4cdb-b521-9449ea0b3379 0.097s
2025-11-21 12:48:40.301 66183 INFO tempest.common.waiters [-] State transition "BUILD/scheduling" ==> "BUILD/None" after 1 second wait
2025-11-21 12:48:40.324 66189 INFO tempest.lib.common.rest_client [req-bccae267-3e68-46bc-bbcb-39c024ecb037 req-bccae267-3e68-46bc-bbcb-39c024ecb037 ] Request (ServerActionsTestJSON:setUpClass): 200 GET http://10.180.1.21/compute/v2.1/servers/5ea7b7d9-8a17-406a-8d91-1757bd6b133e 0.081s
2025-11-21 12:48:40.364 66239 INFO tempest.lib.common.rest_client [req-b78c5f03-2de8-42b5-b82a-a6613423098c req-b78c5f03-2de8-42b5-b82a-a6613423098c ] Request (AttachInterfacesUnderV243Test:test_add_remove_fixed_ip): 200 GET http://10.180.1.21/compute/v2.1/servers/c005d9ff-2425-44ad-8c73-410aac4c8177 0.076s
2025-11-21 12:48:40.435 66201 INFO tempest.lib.common.rest_client [req-fdd98292-0e01-4162-ae2a-3da6dd945b5a req-fdd98292-0e01-4162-ae2a-3da6dd945b5a ] Request (ServerRescueTestJSONUnderV235:tearDownClass): 200 GET http://10.180.1.21/compute/v2.1/servers/59278197-2bf4-4e9a-a9d3-706eded8b008 0.085s
2025-11-21 12:48:40.465 66212 INFO tempest.lib.common.rest_client [req-17b47a17-e5e4-44a7-a85c-55e7ab35b3da req-17b47a17-e5e4-44a7-a85c-55e7ab35b3da ] Request (ServersV294TestFqdnHostnames:setUpClass): 200 GET http://10.180.1.21/compute/v2.1/servers/a37483fa-25e5-4488-a5cf-79bbf02f7a21 0.076s
2025-11-21 12:48:40.512 66197 INFO tempest.lib.common.rest_client [req-d14ac2b6-a98e-4e2d-a2a2-7c23f3c82813 req-d14ac2b6-a98e-4e2d-a2a2-7c23f3c82813 ] Request (ServersTestMultiNic:_run_cleanups): 200 GET http://10.180.1.21/compute/v2.1/servers/a33e7e9f-3c11-4c6f-9989-6729394a8da1 0.064s
2025-11-21 12:48:40.535 66219 INFO tempest.lib.common.rest_client [req-84937a04-ca7a-421e-b9fd-4ed48b53a0f2 req-84937a04-ca7a-421e-b9fd-4ed48b53a0f2 ] Request (ServerActionsTestOtherB:test_create_backup): 200 GET http://10.180.1.21/image/v2/images/343e10ef-485d-4582-8733-cf16e25c6e09 0.018s
2025-11-21 12:48:40.537 66233 INFO tempest.lib.common.rest_client [req-b443eb66-9df6-4847-bb63-2bff416456b8 req-b443eb66-9df6-4847-bb63-2bff416456b8 ] Request (ServersTestJSON:_run_cleanups): 200 GET http://10.180.1.21/compute/v2.1/servers/1a5af046-9cd7-4ec2-821f-09d71e5b4dd6 0.063s
2025-11-21 12:48:40.613 66195 INFO tempest.lib.common.rest_client [req-d16faced-ab8b-40d2-a0a2-36e083d69768 req-d16faced-ab8b-40d2-a0a2-36e083d69768 ] Request (ServerShowV247Test:tearDownClass): 200 GET http://10.180.1.21/compute/v2.1/servers/1f2256ec-3c23-4287-b1c4-8493fe6957ac 0.068s
2025-11-21 12:48:40.718 66203 INFO tempest.lib.common.rest_client [req-dfc63312-edbc-4a92-88be-8e7a35e7a6c7 req-dfc63312-edbc-4a92-88be-8e7a35e7a6c7 ] Request (ServersListShow2100Test:test_list_show_rebuild_update_server_2100): 200 GET http://10.180.1.21/compute/v2.1/servers/372e3531-551a-4817-9371-d3b300650c07 0.074s
2025-11-21 12:48:40.726 66221 INFO tempest.lib.common.rest_client [req-b19cf52b-a8cd-470f-9fc8-be1b81fec763 req-b19cf52b-a8cd-470f-9fc8-be1b81fec763 ] Request (SecurityGroupsTestJSON:test_server_security_groups): 200 GET http://10.180.1.21/compute/v2.1/servers/d8cab879-d461-4c29-86d4-f31cf1ca4a1d 0.075s
2025-11-21 12:48:41.012 66193 INFO tempest.lib.common.rest_client [req-3281f1f7-448b-411e-a9a3-74fb53541c4d req-3281f1f7-448b-411e-a9a3-74fb53541c4d ] Request (VolumesAdminNegativeTest:tearDownClass): 200 GET http://10.180.1.21/compute/v2.1/servers/4021e888-02d5-4681-8f0f-377173994876 0.294s
2025-11-21 12:48:41.025 66237 INFO tempest.lib.common.rest_client [req-14d47f28-8e29-4fff-9a55-c3ed702ff4ae req-14d47f28-8e29-4fff-9a55-c3ed702ff4ae ] Request (ServerActionsTestOtherA:_run_cleanups): 200 GET http://10.180.1.21/compute/v2.1/servers/20906082-addb-4127-8ff5-20d6ca712e03 0.292s
2025-11-21 12:48:41.067 66224 INFO tempest.lib.common.rest_client [req-f97e9cc2-df4d-4fcf-8ee6-32b08db1c910 req-f97e9cc2-df4d-4fcf-8ee6-32b08db1c910 ] Request (AttachInterfacesTestJSON:test_create_list_show_delete_interfaces_by_fixed_ip): 200 GET http://10.180.1.21/compute/v2.1/servers/3792793e-92d1-4f66-909f-cdce10bb2af2 0.264s
2025-11-21 12:48:41.174 66229 INFO tempest.lib.common.rest_client [req-957cb627-e5bd-4420-b80b-4e08488ab214 req-957cb627-e5bd-4420-b80b-4e08488ab214 ] Request (DeleteServersTestJSON:test_delete_server_while_in_attached_volume): 200 GET http://10.180.1.21/compute/v2.1/servers/f15d1ca7-d3e5-4793-b789-aa33dccaf733 0.279s
2025-11-21 12:48:41.182 66229 INFO tempest.common.waiters [-] State transition "BUILD/block_device_mapping" ==> "BUILD/spawning" after 49 second wait
2025-11-21 12:48:41.194 66231 INFO tempest.lib.common.rest_client [req-e2a84041-2261-4717-84f7-bc0e92591559 req-e2a84041-2261-4717-84f7-bc0e92591559 ] Request (MigrationsAdminTest:test_resize_server_revert_deleted_flavor): 200 GET http://10.180.1.21/compute/v2.1/servers/8a0377ef-7f60-4a71-b192-a6cf188e8ff4 0.221s
2025-11-21 12:48:41.254 66205 INFO tempest.lib.common.rest_client [req-4a83b674-e2a7-47bc-a854-2adc6217e5b0 req-4a83b674-e2a7-47bc-a854-2adc6217e5b0 ] Request (ServersListShow298Test:test_list_show_update_rebuild_server_298): 200 GET http://10.180.1.21/compute/v2.1/servers/28889c2c-0ec6-446f-952f-59e9398ac594 0.263s
2025-11-21 12:48:41.264 66205 INFO tempest.common.waiters [-] State transition "REBUILD/rebuilding" ==> "REBUILD/rebuild_spawning" after 3 second wait
2025-11-21 12:48:41.287 66213 INFO tempest.lib.common.rest_client [req-71a45aa5-a587-4ef6-94d5-8fba556f8a35 req-71a45aa5-a587-4ef6-94d5-8fba556f8a35 ] Request (ListServersNegativeTestJSON:setUpClass): 200 GET http://10.180.1.21/compute/v2.1/servers/e3ff6a10-3873-4094-a1a3-3e5261b0de72 0.252s
2025-11-21 12:48:41.306 66187 INFO tempest.lib.common.rest_client [req-522f0ff1-bdee-47a4-8db9-9cebb3df0196 req-522f0ff1-bdee-47a4-8db9-9cebb3df0196 ] Request (ServerMetadataNegativeTestJSON:tearDownClass): 200 GET http://10.180.1.21/compute/v2.1/servers/c2bc28fd-8694-4365-8789-d7ced1171e42 0.194s
2025-11-21 12:48:41.352 66177 INFO tempest.lib.common.rest_client [req-0e73b46c-30bf-42d7-91db-cdb4f8ad0af4 req-0e73b46c-30bf-42d7-91db-cdb4f8ad0af4 ] Request (ServersTestFqdnHostnames:tearDownClass): 200 GET http://10.180.1.21/compute/v2.1/servers/949b65e2-2465-4a34-8a5d-0a2f2ff391e4 0.106s
2025-11-21 12:48:41.409 66185 INFO tempest.lib.common.rest_client [req-903c6dd7-8f5e-438a-b66e-b0fa933c1904 req-903c6dd7-8f5e-438a-b66e-b0fa933c1904 ] Request (ServersAdminTestJSON:test_inject_network_info): 200 GET http://10.180.1.21/compute/v2.1/servers/d45b928b-f35e-468a-8a6d-23fa433086d7 0.137s
2025-11-21 12:48:41.409 66183 INFO tempest.lib.common.rest_client [req-a448f973-bb37-41f8-8b11-d66d3832a713 req-a448f973-bb37-41f8-8b11-d66d3832a713 ] Request (ImagesTestJSON:test_create_server_from_snapshot): 200 GET http://10.180.1.21/compute/v2.1/servers/f0fc033f-963e-4cdb-b521-9449ea0b3379 0.106s
2025-11-21 12:48:41.462 66189 INFO tempest.lib.common.rest_client [req-eb9dba89-b8c4-4956-9095-52a9524e2484 req-eb9dba89-b8c4-4956-9095-52a9524e2484 ] Request (ServerActionsTestJSON:setUpClass): 200 GET http://10.180.1.21/compute/v2.1/servers/5ea7b7d9-8a17-406a-8d91-1757bd6b133e 0.130s
2025-11-21 12:48:41.464 66239 INFO tempest.lib.common.rest_client [req-87d8f73c-3bc5-4349-b09e-9b52bc3d868e req-87d8f73c-3bc5-4349-b09e-9b52bc3d868e ] Request (AttachInterfacesUnderV243Test:test_add_remove_fixed_ip): 200 GET http://10.180.1.21/compute/v2.1/servers/c005d9ff-2425-44ad-8c73-410aac4c8177 0.093s
2025-11-21 12:48:41.471 66239 INFO tempest.common.waiters [-] State transition "BUILD/None" ==> "BUILD/networking" after 47 second wait
2025-11-21 12:48:41.527 66201 INFO tempest.lib.common.rest_client [req-f2d69f51-daf8-4149-9463-77269019671a req-f2d69f51-daf8-4149-9463-77269019671a ] Request (ServerRescueTestJSONUnderV235:tearDownClass): 200 GET http://10.180.1.21/compute/v2.1/servers/59278197-2bf4-4e9a-a9d3-706eded8b008 0.084s
2025-11-21 12:48:41.544 66212 INFO tempest.lib.common.rest_client [req-459c15db-4c34-48e2-a0c1-448e22954457 req-459c15db-4c34-48e2-a0c1-448e22954457 ] Request (ServersV294TestFqdnHostnames:setUpClass): 200 GET http://10.180.1.21/compute/v2.1/servers/a37483fa-25e5-4488-a5cf-79bbf02f7a21 0.069s
2025-11-21 12:48:41.552 66219 INFO tempest.lib.common.rest_client [req-760330e8-637a-4a9d-924f-1a5c92a24925 req-760330e8-637a-4a9d-924f-1a5c92a24925 ] Request (ServerActionsTestOtherB:test_create_backup): 200 GET http://10.180.1.21/image/v2/images/343e10ef-485d-4582-8733-cf16e25c6e09 0.015s
2025-11-21 12:48:41.578 66219 INFO tempest.lib.common.rest_client [req-614468fb-c1de-49ad-9f33-58acaeb53c8c req-614468fb-c1de-49ad-9f33-58acaeb53c8c ] Request (ServerActionsTestOtherB:test_create_backup): 200 GET http://10.180.1.21/image/v2/images/343e10ef-485d-4582-8733-cf16e25c6e09/tasks 0.025s
2025-11-21 12:48:41.592 66197 INFO tempest.lib.common.rest_client [req-97250fca-51cb-4f6f-84d8-b4cb6446ce87 req-97250fca-51cb-4f6f-84d8-b4cb6446ce87 ] Request (ServersTestMultiNic:_run_cleanups): 200 GET http://10.180.1.21/compute/v2.1/servers/a33e7e9f-3c11-4c6f-9989-6729394a8da1 0.072s
2025-11-21 12:48:41.609 66233 INFO tempest.lib.common.rest_client [req-6e2745d9-78f0-4c37-91fb-575e727a26a7 req-6e2745d9-78f0-4c37-91fb-575e727a26a7 ] Request (ServersTestJSON:_run_cleanups): 200 GET http://10.180.1.21/compute/v2.1/servers/1a5af046-9cd7-4ec2-821f-09d71e5b4dd6 0.063s
2025-11-21 12:48:41.626 66219 INFO tempest.lib.common.rest_client [req-a6f802e4-c118-4fbe-839b-c6377ef08b18 req-a6f802e4-c118-4fbe-839b-c6377ef08b18 ] Request (ServerActionsTestOtherB:test_create_backup): 200 GET http://10.180.1.21/image/v2/images?status=active&sort_key=created_at&sort_dir=asc&image_type=backup&backup_type=daily&instance_uuid=dec66662-4e0f-4ff8-9058-1d6376416aa6 0.048s
2025-11-21 12:48:41.705 66195 INFO tempest.lib.common.rest_client [req-d09dbf4f-f65b-4873-9f04-4274a84b9e39 req-d09dbf4f-f65b-4873-9f04-4274a84b9e39 ] Request (ServerShowV247Test:tearDownClass): 200 GET http://10.180.1.21/compute/v2.1/servers/1f2256ec-3c23-4287-b1c4-8493fe6957ac 0.080s
2025-11-21 12:48:41.765 66219 INFO tempest.lib.common.rest_client [req-9dd3e4ec-e3e4-4fc5-912b-8bc52dc709bb req-9dd3e4ec-e3e4-4fc5-912b-8bc52dc709bb ] Request (ServerActionsTestOtherB:test_create_backup): 200 GET http://10.180.1.21/compute/v2.1/servers/dec66662-4e0f-4ff8-9058-1d6376416aa6 0.138s
2025-11-21 12:48:41.820 66203 INFO tempest.lib.common.rest_client [req-347e88a4-27a9-4943-b7d9-e9d415a4103e req-347e88a4-27a9-4943-b7d9-e9d415a4103e ] Request (ServersListShow2100Test:test_list_show_rebuild_update_server_2100): 200 GET http://10.180.1.21/compute/v2.1/servers/372e3531-551a-4817-9371-d3b300650c07 0.087s
2025-11-21 12:48:41.867 66221 INFO tempest.lib.common.rest_client [req-10dd11f3-fc4e-495b-acdb-d41a85476e24 req-10dd11f3-fc4e-495b-acdb-d41a85476e24 ] Request (SecurityGroupsTestJSON:test_server_security_groups): 200 GET http://10.180.1.21/compute/v2.1/servers/d8cab879-d461-4c29-86d4-f31cf1ca4a1d 0.132s
2025-11-21 12:48:42.096 66193 INFO tempest.lib.common.rest_client [req-f23eebe0-5256-46b9-87a1-b64de578b976 req-f23eebe0-5256-46b9-87a1-b64de578b976 ] Request (VolumesAdminNegativeTest:tearDownClass): 200 GET http://10.180.1.21/compute/v2.1/servers/4021e888-02d5-4681-8f0f-377173994876 0.074s
2025-11-21 12:48:42.110 66237 INFO tempest.lib.common.rest_client [req-b48d0ba9-5407-471b-8d45-2699d2b433fa req-b48d0ba9-5407-471b-8d45-2699d2b433fa ] Request (ServerActionsTestOtherA:_run_cleanups): 200 GET http://10.180.1.21/compute/v2.1/servers/20906082-addb-4127-8ff5-20d6ca712e03 0.076s
2025-11-21 12:48:42.146 66224 INFO tempest.lib.common.rest_client [req-c314b556-75fb-44d8-a0f7-1319c457b39c req-c314b556-75fb-44d8-a0f7-1319c457b39c ] Request (AttachInterfacesTestJSON:test_create_list_show_delete_interfaces_by_fixed_ip): 200 GET http://10.180.1.21/compute/v2.1/servers/3792793e-92d1-4f66-909f-cdce10bb2af2 0.071s
2025-11-21 12:48:42.312 66229 INFO tempest.lib.common.rest_client [req-8431874c-040e-41cd-987f-4a011e4132d3 req-8431874c-040e-41cd-987f-4a011e4132d3 ] Request (DeleteServersTestJSON:test_delete_server_while_in_attached_volume): 200 GET http://10.180.1.21/compute/v2.1/servers/f15d1ca7-d3e5-4793-b789-aa33dccaf733 0.128s
2025-11-21 12:48:42.334 66231 INFO tempest.lib.common.rest_client [req-bd082a40-372c-435e-8c7e-9e4c2e681f90 req-bd082a40-372c-435e-8c7e-9e4c2e681f90 ] Request (MigrationsAdminTest:test_resize_server_revert_deleted_flavor): 200 GET http://10.180.1.21/compute/v2.1/servers/8a0377ef-7f60-4a71-b192-a6cf188e8ff4 0.131s
2025-11-21 12:48:42.386 66205 INFO tempest.lib.common.rest_client [req-8d7f9ea8-901c-4ea8-b964-6a2be699d29e req-8d7f9ea8-901c-4ea8-b964-6a2be699d29e ] Request (ServersListShow298Test:test_list_show_update_rebuild_server_298): 200 GET http://10.180.1.21/compute/v2.1/servers/28889c2c-0ec6-446f-952f-59e9398ac594 0.121s
2025-11-21 12:48:42.407 66213 INFO tempest.lib.common.rest_client [req-18db1d6b-22e2-4411-a038-620b5639b985 req-18db1d6b-22e2-4411-a038-620b5639b985 ] Request (ListServersNegativeTestJSON:setUpClass): 200 GET http://10.180.1.21/compute/v2.1/servers/e3ff6a10-3873-4094-a1a3-3e5261b0de72 0.108s
2025-11-21 12:48:42.448 66187 INFO tempest.lib.common.rest_client [req-34e7e745-25f6-48e6-8930-d5999dbdf3b0 req-34e7e745-25f6-48e6-8930-d5999dbdf3b0 ] Request (ServerMetadataNegativeTestJSON:tearDownClass): 200 GET http://10.180.1.21/compute/v2.1/servers/c2bc28fd-8694-4365-8789-d7ced1171e42 0.131s
2025-11-21 12:48:42.455 66187 INFO tempest.common.waiters [-] State transition "ACTIVE/deleting" ==> "DELETED/None" after 4 second wait
2025-11-21 12:48:42.472 66177 INFO tempest.lib.common.rest_client [req-02c019e1-fc70-4b8c-a0d8-1cf6ac098d60 req-02c019e1-fc70-4b8c-a0d8-1cf6ac098d60 ] Request (ServersTestFqdnHostnames:tearDownClass): 200 GET http://10.180.1.21/compute/v2.1/servers/949b65e2-2465-4a34-8a5d-0a2f2ff391e4 0.112s
2025-11-21 12:48:42.530 66183 INFO tempest.lib.common.rest_client [req-1d9079c2-67ec-403c-80ee-25c9f62a65a9 req-1d9079c2-67ec-403c-80ee-25c9f62a65a9 ] Request (ImagesTestJSON:test_create_server_from_snapshot): 200 GET http://10.180.1.21/compute/v2.1/servers/f0fc033f-963e-4cdb-b521-9449ea0b3379 0.113s
2025-11-21 12:48:42.552 66185 INFO tempest.lib.common.rest_client [req-94faa771-d948-4230-9c62-1f3dbfa7c6ec req-94faa771-d948-4230-9c62-1f3dbfa7c6ec ] Request (ServersAdminTestJSON:test_inject_network_info): 200 GET http://10.180.1.21/compute/v2.1/servers/d45b928b-f35e-468a-8a6d-23fa433086d7 0.136s
2025-11-21 12:48:42.560 66185 INFO tempest.common.waiters [-] State transition "BUILD/spawning" ==> "ACTIVE/None" after 59 second wait
2025-11-21 12:48:42.579 66189 INFO tempest.lib.common.rest_client [req-248d4166-3045-4e52-a96f-1ba35fb01264 req-248d4166-3045-4e52-a96f-1ba35fb01264 ] Request (ServerActionsTestJSON:setUpClass): 200 GET http://10.180.1.21/compute/v2.1/servers/5ea7b7d9-8a17-406a-8d91-1757bd6b133e 0.108s
2025-11-21 12:48:42.633 66201 INFO tempest.lib.common.rest_client [req-3bc2440c-d32f-44c1-8649-b5cff5ed661a req-3bc2440c-d32f-44c1-8649-b5cff5ed661a ] Request (ServerRescueTestJSONUnderV235:tearDownClass): 200 GET http://10.180.1.21/compute/v2.1/servers/59278197-2bf4-4e9a-a9d3-706eded8b008 0.097s
2025-11-21 12:48:42.656 66239 INFO tempest.lib.common.rest_client [req-d5c1d40c-78a8-4540-b30e-7b5267446caf req-d5c1d40c-78a8-4540-b30e-7b5267446caf ] Request (AttachInterfacesUnderV243Test:test_add_remove_fixed_ip): 200 GET http://10.180.1.21/compute/v2.1/servers/c005d9ff-2425-44ad-8c73-410aac4c8177 0.184s
2025-11-21 12:48:42.663 66239 INFO tempest.common.waiters [-] State transition "BUILD/networking" ==> "BUILD/block_device_mapping" after 48 second wait
2025-11-21 12:48:42.686 66212 INFO tempest.lib.common.rest_client [req-ceef0521-c738-4442-9da5-3dabda0a1ec8 req-ceef0521-c738-4442-9da5-3dabda0a1ec8 ] Request (ServersV294TestFqdnHostnames:setUpClass): 200 GET http://10.180.1.21/compute/v2.1/servers/a37483fa-25e5-4488-a5cf-79bbf02f7a21 0.131s
2025-11-21 12:48:42.749 66197 INFO tempest.lib.common.rest_client [req-7a63d657-a393-41f9-9b81-f4191c56f854 req-7a63d657-a393-41f9-9b81-f4191c56f854 ] Request (ServersTestMultiNic:_run_cleanups): 200 GET http://10.180.1.21/compute/v2.1/servers/a33e7e9f-3c11-4c6f-9989-6729394a8da1 0.147s
2025-11-21 12:48:42.764 66185 INFO tempest.lib.common.rest_client [req-15aade39-0a34-4891-9ffd-fa2af9e4e578 req-15aade39-0a34-4891-9ffd-fa2af9e4e578 ] Request (ServersAdminTestJSON:test_inject_network_info): 202 POST http://10.180.1.21/compute/v2.1/servers/d45b928b-f35e-468a-8a6d-23fa433086d7/action 0.204s
2025-11-21 12:48:42.836 66233 INFO tempest.lib.common.rest_client [req-5c513e87-aa6f-4085-bb56-f4419cae73f2 req-5c513e87-aa6f-4085-bb56-f4419cae73f2 ] Request (ServersTestJSON:_run_cleanups): 200 GET http://10.180.1.21/compute/v2.1/servers/1a5af046-9cd7-4ec2-821f-09d71e5b4dd6 0.220s
2025-11-21 12:48:42.853 66195 INFO tempest.lib.common.rest_client [req-0bc4fe61-bb75-408a-90e4-b817a7987675 req-0bc4fe61-bb75-408a-90e4-b817a7987675 ] Request (ServerShowV247Test:tearDownClass): 200 GET http://10.180.1.21/compute/v2.1/servers/1f2256ec-3c23-4287-b1c4-8493fe6957ac 0.138s
2025-11-21 12:48:42.897 66185 INFO tempest.lib.common.rest_client [req-b6ba705c-553e-4486-98a5-8d45206aa398 req-b6ba705c-553e-4486-98a5-8d45206aa398 ] Request (ServersAdminTestJSON:test_list_servers_by_admin): 200 GET http://10.180.1.21/compute/v2.1/servers/detail 0.131s
