2025-12-12 09:27:18.418 66731 INFO tempest.lib.common.rest_client [req-a2374623-1abc-4778-a079-a3191acbc065 req-a2374623-1abc-4778-a079-a3191acbc065 ] Request (SecurityGroupsTestJSON:test_server_security_groups): 200 GET http://10.180.1.21/compute/v2.1/servers/46e297fa-7518-4d7b-8158-f1cea5cd556e 0.867s
2025-12-12 09:27:18.433 66723 INFO tempest.lib.common.rest_client [req-54045101-f769-4497-aa19-6ac619d5561d req-54045101-f769-4497-aa19-6ac619d5561d ] Request (ServerPasswordTestJSON:tearDownClass): 204 DELETE http://10.180.1.21/networking/v2.0/security-groups/50902304-a642-468d-9f6f-1fdba632f61d 0.089s
2025-12-12 09:27:18.475 66715 INFO tempest.lib.common.rest_client [req-e5127105-08fd-4bc5-84a9-c3d08dc140ee req-e5127105-08fd-4bc5-84a9-c3d08dc140ee ] Request (ServerRescueNegativeTestJSON:setUpClass): 200 GET http://10.180.1.21/compute/v2.1/servers/9430bfc6-4e05-4191-a372-afd5bba4cd87 0.586s
2025-12-12 09:27:18.507 66753 INFO tempest.lib.common.rest_client [req-4dcfcf67-032f-40ce-a5ec-bd0a784ca584 req-4dcfcf67-032f-40ce-a5ec-bd0a784ca584 ] Request (ServersWithSpecificFlavorTestJSON:test_verify_created_server_ephemeral_disk): 200 GET http://10.180.1.21/compute/v2.1/servers/e62aa2fd-09a3-4b7c-ba61-610611731e6b 0.630s
2025-12-12 09:27:18.539 66723 INFO tempest.lib.common.rest_client [req-73f475dd-6b3b-42b5-bd3b-100a42010f5a req-73f475dd-6b3b-42b5-bd3b-100a42010f5a ] Request (ServerPasswordTestJSON:tearDownClass): 204 DELETE http://10.180.1.21/identity/v3/projects/141499056fa5462e934f33a3c802d92a 0.106s
2025-12-12 09:27:18.549 66711 INFO tempest.lib.common.rest_client [req-3355ac07-a08f-42ba-b2c0-f5ab38b08a71 req-3355ac07-a08f-42ba-b2c0-f5ab38b08a71 ] Request (ServersAdminNegativeTestJSON:setUpClass): 200 GET http://10.180.1.21/compute/v2.1/servers/45216f11-5517-43c2-9ac9-35e577e5d246 0.404s
2025-12-12 09:27:18.571 66752 INFO tempest.lib.common.rest_client [req-e97583e3-6bcc-4350-94ce-afb929b3ab6f req-e97583e3-6bcc-4350-94ce-afb929b3ab6f ] Request (ServersAdmin275Test:test_rebuild_update_server_275): 200 GET http://10.180.1.21/compute/v2.1/servers/5f688bda-ff22-4e55-9172-98161b48ac28 0.405s
2025-12-12 09:27:18.581 66752 INFO tempest.common.waiters [-] State transition "BUILD/spawning" ==> "ACTIVE/None" after 63 second wait
2025-12-12 09:27:18.606 66770 INFO tempest.lib.common.rest_client [req-df2ee393-89da-4d17-b2d8-a94a16fac8a3 req-df2ee393-89da-4d17-b2d8-a94a16fac8a3 ] Request (ServersAdminTestJSON:test_list_servers_filter_by_error_status): 200 GET http://10.180.1.21/compute/v2.1/servers?status=error 0.314s
2025-12-12 09:27:18.623 66723 INFO tempest.lib.common.rest_client [req-487c583d-4698-46c2-8d65-76455ed52f67 req-487c583d-4698-46c2-8d65-76455ed52f67 ] Request (ServerShowV263Test:setUpClass): 201 POST http://10.180.1.21/identity/v3/auth/tokens 0.081s
2025-12-12 09:27:18.639 66733 INFO tempest.lib.common.rest_client [req-1b64f2f4-4ad7-4896-a1de-5a54761ede2e req-1b64f2f4-4ad7-4896-a1de-5a54761ede2e ] Request (ServersTestFqdnHostnames:tearDownClass): 200 GET http://10.180.1.21/compute/v2.1/servers/c74bc66a-d256-4f01-8b41-d88025e4d4e0 0.219s
2025-12-12 09:27:18.665 66723 INFO tempest.lib.common.rest_client [req-0b82c74d-edf0-4326-a419-fc4a8f1ff443 req-0b82c74d-edf0-4326-a419-fc4a8f1ff443 ] Request (ServerShowV263Test:setUpClass): 201 POST http://10.180.1.21/identity/v3/auth/tokens 0.039s
2025-12-12 09:27:18.694 66723 INFO tempest.lib.common.rest_client [req-7768f9c7-56d6-4816-9184-1135fa63c474 req-7768f9c7-56d6-4816-9184-1135fa63c474 ] Request (ServerShowV263Test:setUpClass): 200 GET http://10.180.1.21/identity/v3/domains?name=Default 0.029s
2025-12-12 09:27:18.735 66723 INFO tempest.lib.common.rest_client [req-631bd579-1fa3-46da-ad9c-dd5658a0b923 req-631bd579-1fa3-46da-ad9c-dd5658a0b923 ] Request (ServerShowV263Test:setUpClass): 201 POST http://10.180.1.21/identity/v3/projects 0.041s
2025-12-12 09:27:18.813 66749 INFO tempest.lib.common.rest_client [req-eed2932f-f203-475f-bc0a-73eba80b1c73 req-eed2932f-f203-475f-bc0a-73eba80b1c73 ] Request (ServerDiskConfigTestJSON:test_resize_server_from_auto_to_manual): 200 GET http://10.180.1.21/compute/v2.1/servers/e1fe560f-ccdd-4cf4-9880-b383be9cf8eb 0.218s
2025-12-12 09:27:18.817 66723 INFO tempest.lib.common.rest_client [req-f17ead84-060a-4a40-9482-a6316e82227d req-f17ead84-060a-4a40-9482-a6316e82227d ] Request (ServerShowV263Test:setUpClass): 201 POST http://10.180.1.21/identity/v3/users 0.081s
2025-12-12 09:27:18.837 66752 INFO tempest.lib.common.rest_client [req-46ae4058-dd54-48e1-9034-5976c0c761ac req-46ae4058-dd54-48e1-9034-5976c0c761ac ] Request (ServersAdmin275Test:test_rebuild_update_server_275): 202 POST http://10.180.1.21/compute/v2.1/servers/5f688bda-ff22-4e55-9172-98161b48ac28/action 0.255s
2025-12-12 09:27:18.843 66723 INFO tempest.lib.common.rest_client [req-beceae86-b279-4459-be25-7e12ed197658 req-beceae86-b279-4459-be25-7e12ed197658 ] Request (ServerShowV263Test:setUpClass): 200 GET http://10.180.1.21/identity/v3/roles 0.025s
2025-12-12 09:27:18.866 66727 INFO tempest.lib.common.rest_client [req-5b994e02-8152-45de-8a11-8eafc12a6c2f req-5b994e02-8152-45de-8a11-8eafc12a6c2f ] Request (ServerMetadataTestJSON:setUpClass): 200 GET http://10.180.1.21/compute/v2.1/servers/67d76c65-9a92-402d-8b79-1427ba158f91 0.260s
2025-12-12 09:27:18.869 66723 INFO tempest.lib.common.rest_client [req-81077726-a00c-40a1-8e94-272a7b2c4939 req-81077726-a00c-40a1-8e94-272a7b2c4939 ] Request (ServerShowV263Test:setUpClass): 204 PUT http://10.180.1.21/identity/v3/projects/5b251038db7f4194a649197bb7dfae92/users/99c3ccc3763444cd8c2bd17ab6fd46ff/roles/8628bdb8fa5046aa97da1652121664fe 0.024s
2025-12-12 09:27:18.869 66723 INFO tempest.lib.common.dynamic_creds [-] Dynamic test user 99c3ccc3763444cd8c2bd17ab6fd46ff is created with scope project and roles: ['member']
2025-12-12 09:27:18.869 66723 INFO tempest.lib.common.dynamic_creds [-] Acquired dynamic creds: credentials: Credentials: {'domain_id': 'default', 'domain_name': 'Default', 'username': 'tempest-ServerShowV263Test-358766871-project-member', 'project_domain_id': 'default', 'project_domain_name': 'Default', 'project_id': '5b251038db7f4194a649197bb7dfae92', 'project_name': 'tempest-ServerShowV263Test-358766871', 'tenant_id': '5b251038db7f4194a649197bb7dfae92', 'tenant_name': 'tempest-ServerShowV263Test-358766871', 'user_domain_id': 'default', 'user_domain_name': 'Default', 'user_id': '99c3ccc3763444cd8c2bd17ab6fd46ff', 'system': None}, Network: None, Subnet: None, Router: None
2025-12-12 09:27:18.869 66723 INFO tempest.lib.common.dynamic_creds [-] Created isolated network resources for: credentials: Credentials: {'domain_id': 'default', 'domain_name': 'Default', 'username': 'tempest-ServerShowV263Test-358766871-project-member', 'project_domain_id': 'default', 'project_domain_name': 'Default', 'project_id': '5b251038db7f4194a649197bb7dfae92', 'project_name': 'tempest-ServerShowV263Test-358766871', 'tenant_id': '5b251038db7f4194a649197bb7dfae92', 'tenant_name': 'tempest-ServerShowV263Test-358766871', 'user_domain_id': 'default', 'user_domain_name': 'Default', 'user_id': '99c3ccc3763444cd8c2bd17ab6fd46ff', 'system': None}, Network: None, Subnet: None, Router: None
2025-12-12 09:27:18.890 66770 INFO tempest.lib.common.rest_client [req-12956cb3-11c8-47eb-a114-222e7bfcbd6e req-12956cb3-11c8-47eb-a114-222e7bfcbd6e ] Request (ServersAdminTestJSON:test_list_servers_filter_by_error_status): 202 POST http://10.180.1.21/compute/v2.1/servers/f21721e9-c183-4091-8c30-71372021006f/action 0.282s
2025-12-12 09:27:18.921 66765 INFO tempest.lib.common.rest_client [req-49dad0d8-9a14-4452-84a7-24ad181ef817 req-49dad0d8-9a14-4452-84a7-24ad181ef817 ] Request (ServersTestMultiNic:_run_cleanups): 200 GET http://10.180.1.21/compute/v2.1/servers/fab1d992-659a-4833-a3fe-2927c5d1731d 0.188s
2025-12-12 09:27:18.929 66765 INFO tempest.common.waiters [-] State transition "ACTIVE/deleting" ==> "DELETED/None" after 3 second wait
2025-12-12 09:27:18.941 66735 INFO tempest.lib.common.rest_client [req-11e898a4-cb76-47e6-ba59-eebb74527bff req-11e898a4-cb76-47e6-ba59-eebb74527bff ] Request (ServersAaction247Test:tearDownClass): 200 GET http://10.180.1.21/compute/v2.1/servers/0ff3828c-c5f7-4de0-b515-efbd14312708 0.141s
2025-12-12 09:27:18.948 66723 INFO tempest.lib.common.rest_client [req-e3a63289-aba4-4af8-9f50-c2217f0fe7a8 req-e3a63289-aba4-4af8-9f50-c2217f0fe7a8 ] Request (ServerShowV263Test:setUpClass): 201 POST http://10.180.1.21/identity/v3/auth/tokens 0.076s
2025-12-12 09:27:18.984 66752 INFO tempest.lib.common.rest_client [req-315648bf-25aa-432a-87fd-8b457775276d req-315648bf-25aa-432a-87fd-8b457775276d ] Request (ServersAdmin275Test:test_rebuild_update_server_275): 200 GET http://10.180.1.21/compute/v2.1/servers/5f688bda-ff22-4e55-9172-98161b48ac28 0.138s
2025-12-12 09:27:18.996 66723 INFO tempest.lib.common.rest_client [req-a0889b4c-4017-4286-939e-ec4699be0b4c req-a0889b4c-4017-4286-939e-ec4699be0b4c ] Request (ServerShowV263Test:setUpClass): 200 GET http://10.180.1.21/identity/v3/projects/5b251038db7f4194a649197bb7dfae92 0.048s
2025-12-12 09:27:18.996 66723 INFO tempest.lib.common.dynamic_creds [-] Using the existing project 5b251038db7f4194a649197bb7dfae92 for scope project and roles: ['reader']
2025-12-12 09:27:19.021 66723 INFO tempest.lib.common.rest_client [req-612013eb-d18a-4d16-9af8-434fa32fd658 req-612013eb-d18a-4d16-9af8-434fa32fd658 ] Request (ServerShowV263Test:setUpClass): 201 POST http://10.180.1.21/identity/v3/users 0.024s
2025-12-12 09:27:19.040 66721 INFO tempest.lib.common.rest_client [req-67d1cec6-28aa-4364-a8a6-36a1ab217e90 req-67d1cec6-28aa-4364-a8a6-36a1ab217e90 ] Request (ListServerFiltersTestJSON:tearDownClass): 200 GET http://10.180.1.21/compute/v2.1/servers/1f50ea8b-462b-4d61-b1b1-9f61fc43ace2 0.098s
2025-12-12 09:27:19.044 66723 INFO tempest.lib.common.rest_client [req-94f0b2bd-ae33-4dc8-ac00-53db4622280a req-94f0b2bd-ae33-4dc8-ac00-53db4622280a ] Request (ServerShowV263Test:setUpClass): 200 GET http://10.180.1.21/identity/v3/roles 0.022s
2025-12-12 09:27:19.055 66770 INFO tempest.lib.common.rest_client [req-efc09e35-f0a7-4efc-abe9-e8086f869d25 req-efc09e35-f0a7-4efc-abe9-e8086f869d25 ] Request (ServersAdminTestJSON:test_list_servers_filter_by_error_status): 200 GET http://10.180.1.21/compute/v2.1/servers/f21721e9-c183-4091-8c30-71372021006f 0.164s
2025-12-12 09:27:19.075 66723 INFO tempest.lib.common.rest_client [req-bb0b95a7-dfb9-4b11-8648-2a453c8b63a3 req-bb0b95a7-dfb9-4b11-8648-2a453c8b63a3 ] Request (ServerShowV263Test:setUpClass): 204 PUT http://10.180.1.21/identity/v3/projects/5b251038db7f4194a649197bb7dfae92/users/be0d9eb421964df3ab23baa16184e342/roles/44244a4a9d904a87ba7b243441db35f7 0.030s
2025-12-12 09:27:19.075 66723 INFO tempest.lib.common.dynamic_creds [-] Dynamic test user be0d9eb421964df3ab23baa16184e342 is created with scope project and roles: ['reader']
2025-12-12 09:27:19.076 66723 INFO tempest.lib.common.dynamic_creds [-] Acquired dynamic creds: credentials: Credentials: {'domain_id': 'default', 'domain_name': 'Default', 'username': 'tempest-ServerShowV263Test-358766871-project-reader', 'project_domain_id': 'default', 'project_domain_name': 'Default', 'project_id': '5b251038db7f4194a649197bb7dfae92', 'project_name': 'tempest-ServerShowV263Test-358766871', 'tenant_id': '5b251038db7f4194a649197bb7dfae92', 'tenant_name': 'tempest-ServerShowV263Test-358766871', 'user_domain_id': 'default', 'user_domain_name': 'Default', 'user_id': 'be0d9eb421964df3ab23baa16184e342', 'system': None}, Network: None, Subnet: None, Router: None
2025-12-12 09:27:19.076 66723 INFO tempest.lib.common.dynamic_creds [-] Network resources are not created for requested scope: project and credentials: Credentials: {'domain_id': 'default', 'domain_name': 'Default', 'username': 'tempest-ServerShowV263Test-358766871-project-reader', 'project_domain_id': 'default', 'project_domain_name': 'Default', 'project_id': '5b251038db7f4194a649197bb7dfae92', 'project_name': 'tempest-ServerShowV263Test-358766871', 'tenant_id': '5b251038db7f4194a649197bb7dfae92', 'tenant_name': 'tempest-ServerShowV263Test-358766871', 'user_domain_id': 'default', 'user_domain_name': 'Default', 'user_id': 'be0d9eb421964df3ab23baa16184e342', 'system': None}, Network: None, Subnet: None, Router: None
2025-12-12 09:27:19.103 66764 INFO tempest.lib.common.rest_client [req-05892967-fbe9-4468-867e-3a0979169df8 req-05892967-fbe9-4468-867e-3a0979169df8 ] Request (ServerMetadataNegativeTestJSON:setUpClass): 200 GET http://10.180.1.21/compute/v2.1/servers/1836dad4-b2a9-4c7a-836b-17c30c2f7a50 0.158s
2025-12-12 09:27:19.116 66741 INFO tempest.lib.common.rest_client [req-9bf824f6-ee6c-4869-a7bc-ecfe6afa3925 req-9bf824f6-ee6c-4869-a7bc-ecfe6afa3925 ] Request (ImagesOneServerNegativeTestJSON:_run_cleanups): 200 GET http://10.180.1.21/compute/v2.1/servers/f208d00f-bb6d-4919-92b8-79c27dab6abf 0.114s
2025-12-12 09:27:19.169 66747 INFO tempest.lib.common.rest_client [req-c6fef23c-11e3-4081-9030-ddb28b6b7a28 req-c6fef23c-11e3-4081-9030-ddb28b6b7a28 ] Request (AttachInterfacesTestJSON:test_create_list_show_delete_interfaces_by_fixed_ip): 200 GET http://10.180.1.21/compute/v2.1/servers/c30910fe-56b1-4497-bb7c-2827aa8d55ce 0.106s
2025-12-12 09:27:19.169 66723 INFO tempest.lib.common.rest_client [req-ae405350-d7d9-4660-8ebc-4213ca68d691 req-ae405350-d7d9-4660-8ebc-4213ca68d691 ] Request (ServerShowV263Test:setUpClass): 201 POST http://10.180.1.21/identity/v3/auth/tokens 0.090s
2025-12-12 09:27:19.173 66729 INFO tempest.lib.common.rest_client [req-5ba1a21b-c1cd-4a32-8157-7014bedfcb17 req-5ba1a21b-c1cd-4a32-8157-7014bedfcb17 ] Request (InstanceActionsV221TestJSON:test_get_list_deleted_instance_actions): 200 GET http://10.180.1.21/compute/v2.1/servers/c62c31de-241b-4ad4-913b-46fc169ebbcc 0.152s
2025-12-12 09:27:19.235 66757 INFO tempest.lib.common.rest_client [req-cfaee4f8-3e0a-4b73-91e1-c3dd1ab062dc req-cfaee4f8-3e0a-4b73-91e1-c3dd1ab062dc ] Request (ServersListShow296Test:tearDownClass): 200 GET http://10.180.1.21/compute/v2.1/servers/47e9ae49-0cb8-46e2-a8da-7d0f3d6f4c68 0.123s
2025-12-12 09:27:19.252 66759 INFO tempest.lib.common.rest_client [req-185a788c-63c9-4013-b49a-797df265fe5b req-185a788c-63c9-4013-b49a-797df265fe5b ] Request (AttachInterfacesUnderV243Test:_run_cleanups): 404 GET http://10.180.1.21/compute/v2.1/servers/65740369-e59f-458c-bf6b-ba8ee453401d 0.118s
2025-12-12 09:27:19.263 66770 INFO tempest.lib.common.rest_client [req-e114ac0f-281e-471c-9ef7-53ead352065e req-e114ac0f-281e-471c-9ef7-53ead352065e ] Request (ServersAdminTestJSON:test_list_servers_filter_by_exist_host): 200 GET http://10.180.1.21/compute/v2.1/servers/f21721e9-c183-4091-8c30-71372021006f 0.198s
2025-12-12 09:27:19.282 66723 INFO tempest.lib.common.rest_client [req-a275f75a-9fba-4cfd-887e-c71a54816389 req-a275f75a-9fba-4cfd-887e-c71a54816389 ] Request (ServerShowV263Test:tearDownClass): 204 DELETE http://10.180.1.21/identity/v3/users/99c3ccc3763444cd8c2bd17ab6fd46ff 0.108s
2025-12-12 09:27:19.308 66755 INFO tempest.lib.common.rest_client [req-4a2ccbeb-9aed-4fa6-a246-320853c751ec req-4a2ccbeb-9aed-4fa6-a246-320853c751ec ] Request (MultipleCreateTestJSON:tearDownClass): 200 GET http://10.180.1.21/compute/v2.1/servers/4528a941-8278-4085-a2ae-969a47111c9e 0.136s
2025-12-12 09:27:19.345 66719 INFO tempest.lib.common.rest_client [req-cfa64715-4be1-418b-885d-fc9b1555bbfd req-cfa64715-4be1-418b-885d-fc9b1555bbfd ] Request (ListImageFiltersTestJSON:setUpClass): 200 GET http://10.180.1.21/compute/v2.1/servers/a8657440-f7f6-49f1-ab63-da4e18f1ffe4 0.147s
2025-12-12 09:27:19.366 66740 INFO tempest.lib.common.rest_client [req-c6c31266-fe3f-4ce9-9d28-d61f303bb9b5 req-c6c31266-fe3f-4ce9-9d28-d61f303bb9b5 ] Request (MigrationsAdminTest:test_resize_server_revert_deleted_flavor): 200 GET http://10.180.1.21/compute/v2.1/servers/da93d79c-415a-4c11-835f-a06841230b5b 0.142s
2025-12-12 09:27:19.389 66759 INFO tempest.lib.common.rest_client [req-fae08e95-62a6-4cae-a1f5-cf4b9a627472 req-fae08e95-62a6-4cae-a1f5-cf4b9a627472 ] Request (AttachInterfacesUnderV243Test:_run_cleanups): 202 DELETE http://10.180.1.21/compute/v2.1/os-keypairs/tempest-keypair-8414250 0.136s
2025-12-12 09:27:19.409 66723 INFO tempest.lib.common.rest_client [req-fadcd102-32e6-4a54-8ebf-f780a1653a3f req-fadcd102-32e6-4a54-8ebf-f780a1653a3f ] Request (ServerShowV263Test:tearDownClass): 204 DELETE http://10.180.1.21/identity/v3/users/be0d9eb421964df3ab23baa16184e342 0.126s
2025-12-12 09:27:19.410 66723 INFO tempest.lib.common.dynamic_creds [-] Deleting project and security group for project: 5b251038db7f4194a649197bb7dfae92
2025-12-12 09:27:19.417 66771 INFO tempest.lib.common.rest_client [req-022b9e88-6f27-43e5-bfe5-a7c68e5d7afd req-022b9e88-6f27-43e5-bfe5-a7c68e5d7afd ] Request (ImagesTestJSON:test_create_server_from_snapshot): 200 GET http://10.180.1.21/compute/v2.1/servers/8fea86e9-f26b-4c4b-afd9-c7555d787736 0.169s
2025-12-12 09:27:19.488 66743 INFO tempest.lib.common.rest_client [req-58a88be2-0343-464d-8ede-ee29e54c5f8a req-58a88be2-0343-464d-8ede-ee29e54c5f8a ] Request (ServerRescueTestJSONUnderV235:setUpClass): 200 GET http://10.180.1.21/compute/v2.1/servers/dddf65fc-713b-4b2e-9a52-4f127d7ac49d 0.164s
2025-12-12 09:27:19.501 66759 INFO tempest.lib.common.rest_client [req-f84881e9-29e3-4e6b-a75a-60af7a61cbf7 req-f84881e9-29e3-4e6b-a75a-60af7a61cbf7 ] Request (AttachInterfacesUnderV243Test:_run_cleanups): 204 DELETE http://10.180.1.21/networking/v2.0/security-groups/62317bb7-3292-40e8-af0b-a6964011a4d6 0.111s
2025-12-12 09:27:19.503 66723 INFO tempest.lib.common.rest_client [req-cb2cac8d-fd99-4887-9fa1-cf63c1d88940 req-cb2cac8d-fd99-4887-9fa1-cf63c1d88940 ] Request (ServerShowV263Test:tearDownClass): 201 POST http://10.180.1.21/identity/v3/auth/tokens 0.093s
2025-12-12 09:27:19.511 66770 INFO tempest.lib.common.rest_client [req-5c15009b-74b8-4009-ae8c-4bb5666bb049 req-5c15009b-74b8-4009-ae8c-4bb5666bb049 ] Request (ServersAdminTestJSON:test_list_servers_filter_by_exist_host): 200 GET http://10.180.1.21/compute/v2.1/servers?host=cpu-1&all_tenants=1 0.240s
2025-12-12 09:27:19.515 66759 INFO tempest.lib.common.rest_client [req-f9726dda-6a5f-4660-a8e7-daa2b81dcac6 req-f9726dda-6a5f-4660-a8e7-daa2b81dcac6 ] Request (AttachInterfacesUnderV243Test:_run_cleanups): 404 GET http://10.180.1.21/networking/v2.0/security-groups/62317bb7-3292-40e8-af0b-a6964011a4d6 0.013s
2025-12-12 09:27:19.723 66723 INFO tempest.lib.common.rest_client [req-d2a9aba6-4593-4bfb-89d8-11e5609ab480 req-d2a9aba6-4593-4bfb-89d8-11e5609ab480 ] Request (ServerShowV263Test:tearDownClass): 200 GET http://10.180.1.21/networking/v2.0/security-groups?tenant_id=5b251038db7f4194a649197bb7dfae92&name=default 0.220s
2025-12-12 09:27:19.745 66713 INFO tempest.lib.common.rest_client [req-af94693d-80d5-40b3-b410-6ef9244ca08d req-af94693d-80d5-40b3-b410-6ef9244ca08d ] Request (ServerGroupTestJSON:test_create_server_with_scheduler_hint_group): 200 GET http://10.180.1.21/compute/v2.1/servers/a538831e-6853-4281-b386-1001668f1d22 0.391s
2025-12-12 09:27:19.761 66745 INFO tempest.lib.common.rest_client [req-abe4d62e-cc46-4609-ac17-79a9bd195f3a req-abe4d62e-cc46-4609-ac17-79a9bd195f3a ] Request (ServersTestManualDisk:tearDownClass): 200 GET http://10.180.1.21/compute/v2.1/servers/d6fae594-b4ce-47a0-b1a0-260f9ef021d2 0.351s
2025-12-12 09:27:19.810 66759 INFO tempest.lib.common.rest_client [req-872ea4a7-4053-4c8a-87cc-3c1a39a0c20e req-872ea4a7-4053-4c8a-87cc-3c1a39a0c20e ] Request (AttachInterfacesUnderV243Test:_run_cleanups): 204 DELETE http://10.180.1.21/networking/v2.0/floatingips/3017a1d7-9a42-4074-a07b-c0071fc64ff1 0.295s
2025-12-12 09:27:19.834 66731 INFO tempest.lib.common.rest_client [req-4b2aa13f-764e-4a60-b44e-c44925966f20 req-4b2aa13f-764e-4a60-b44e-c44925966f20 ] Request (SecurityGroupsTestJSON:test_server_security_groups): 200 GET http://10.180.1.21/compute/v2.1/servers/46e297fa-7518-4d7b-8158-f1cea5cd556e 0.406s
2025-12-12 09:27:19.848 66715 INFO tempest.lib.common.rest_client [req-bc84c2ba-8882-4844-b85b-7dac6b8a2e6d req-bc84c2ba-8882-4844-b85b-7dac6b8a2e6d ] Request (ServerRescueNegativeTestJSON:setUpClass): 200 GET http://10.180.1.21/compute/v2.1/servers/9430bfc6-4e05-4191-a372-afd5bba4cd87 0.364s
2025-12-12 09:27:19.862 66723 INFO tempest.lib.common.rest_client [req-9e774461-5050-4c2f-8100-486946c0de54 req-9e774461-5050-4c2f-8100-486946c0de54 ] Request (ServerShowV263Test:tearDownClass): 204 DELETE http://10.180.1.21/networking/v2.0/security-groups/d45156d4-b3e4-49dd-ac5b-e90c3da3b767 0.138s
2025-12-12 09:27:19.885 66770 INFO tempest.lib.common.rest_client [req-f3146f5e-ec0f-4a3d-b286-b41ef5dbc9b8 req-f3146f5e-ec0f-4a3d-b286-b41ef5dbc9b8 ] Request (ServersAdminTestJSON:test_list_servers_filter_by_exist_host): 200 GET http://10.180.1.21/compute/v2.1/servers?host=nonexistent_host&all_tenants=1 0.367s
2025-12-12 09:27:19.945 66711 INFO tempest.lib.common.rest_client [req-633bfd32-ee1a-48dd-9974-8b6eb2c3e000 req-633bfd32-ee1a-48dd-9974-8b6eb2c3e000 ] Request (ServersAdminNegativeTestJSON:setUpClass): 200 GET http://10.180.1.21/compute/v2.1/servers/45216f11-5517-43c2-9ac9-35e577e5d246 0.387s
2025-12-12 09:27:19.949 66723 INFO tempest.lib.common.rest_client [req-9ec73de1-5ff0-4b8d-a67a-55a0d8805dd6 req-9ec73de1-5ff0-4b8d-a67a-55a0d8805dd6 ] Request (ServerShowV263Test:tearDownClass): 204 DELETE http://10.180.1.21/identity/v3/projects/5b251038db7f4194a649197bb7dfae92 0.087s
2025-12-12 09:27:19.998 66753 INFO tempest.lib.common.rest_client [req-2968170d-c47a-48ef-8698-bf8cf6c67b84 req-2968170d-c47a-48ef-8698-bf8cf6c67b84 ] Request (ServersWithSpecificFlavorTestJSON:test_verify_created_server_ephemeral_disk): 200 GET http://10.180.1.21/compute/v2.1/servers/e62aa2fd-09a3-4b7c-ba61-610611731e6b 0.478s
2025-12-12 09:27:20.017 66759 INFO tempest.lib.common.rest_client [req-70e0eabd-c0ad-4dc4-b499-d7b9f14cf785 req-70e0eabd-c0ad-4dc4-b499-d7b9f14cf785 ] Request (AttachInterfacesUnderV243Test:tearDownClass): 404 DELETE http://10.180.1.21/compute/v2.1/servers/65740369-e59f-458c-bf6b-ba8ee453401d 0.205s
2025-12-12 09:27:20.042 66733 INFO tempest.lib.common.rest_client [req-188f62b7-d86d-4544-888f-9fca9088594d req-188f62b7-d86d-4544-888f-9fca9088594d ] Request (ServersTestFqdnHostnames:tearDownClass): 200 GET http://10.180.1.21/compute/v2.1/servers/c74bc66a-d256-4f01-8b41-d88025e4d4e0 0.394s
2025-12-12 09:27:20.095 66727 INFO tempest.lib.common.rest_client [req-c879d16d-dc4a-4bab-9937-dc18bf8b2813 req-c879d16d-dc4a-4bab-9937-dc18bf8b2813 ] Request (ServerMetadataTestJSON:setUpClass): 200 GET http://10.180.1.21/compute/v2.1/servers/67d76c65-9a92-402d-8b79-1427ba158f91 0.221s
2025-12-12 09:27:20.126 66749 INFO tempest.lib.common.rest_client [req-05738f82-73ed-4725-a048-f8d1ce33d5f1 req-05738f82-73ed-4725-a048-f8d1ce33d5f1 ] Request (ServerDiskConfigTestJSON:test_resize_server_from_auto_to_manual): 200 GET http://10.180.1.21/compute/v2.1/servers/e1fe560f-ccdd-4cf4-9880-b383be9cf8eb 0.304s
2025-12-12 09:27:20.149 66770 INFO tempest.lib.common.rest_client [req-1da94b39-8b11-4760-8e07-7f80563bf3e9 req-1da94b39-8b11-4760-8e07-7f80563bf3e9 ] Request (ServersAdminTestJSON:test_rebuild_server_in_error_state): 202 POST http://10.180.1.21/compute/v2.1/servers/f21721e9-c183-4091-8c30-71372021006f/action 0.260s
2025-12-12 09:27:20.182 66765 INFO tempest.lib.common.rest_client [req-05be7ed7-49aa-40be-a051-adaf049fc9fd req-05be7ed7-49aa-40be-a051-adaf049fc9fd ] Request (ServersTestMultiNic:_run_cleanups): 200 GET http://10.180.1.21/compute/v2.1/servers/fab1d992-659a-4833-a3fe-2927c5d1731d 0.252s
2025-12-12 09:27:20.207 66735 INFO tempest.lib.common.rest_client [req-1a0ec859-bbd1-49b5-8730-c0433f88833c req-1a0ec859-bbd1-49b5-8730-c0433f88833c ] Request (ServersAaction247Test:tearDownClass): 200 GET http://10.180.1.21/compute/v2.1/servers/0ff3828c-c5f7-4de0-b515-efbd14312708 0.256s
2025-12-12 09:27:20.215 66735 INFO tempest.common.waiters [-] State transition "ACTIVE/deleting" ==> "DELETED/None" after 5 second wait
2025-12-12 09:27:20.225 66759 INFO tempest.lib.common.rest_client [req-386fd1e0-f474-46c3-b7ef-f1abef658dc3 req-386fd1e0-f474-46c3-b7ef-f1abef658dc3 ] Request (AttachInterfacesUnderV243Test:tearDownClass): 404 GET http://10.180.1.21/compute/v2.1/servers/65740369-e59f-458c-bf6b-ba8ee453401d 0.207s
2025-12-12 09:27:20.237 66752 INFO tempest.lib.common.rest_client [req-d4b31505-8b59-4ad9-ad8c-c480f7e2000c req-d4b31505-8b59-4ad9-ad8c-c480f7e2000c ] Request (ServersAdmin275Test:test_rebuild_update_server_275): 200 GET http://10.180.1.21/compute/v2.1/servers/5f688bda-ff22-4e55-9172-98161b48ac28 0.243s
2025-12-12 09:27:20.282 66721 INFO tempest.lib.common.rest_client [req-b8a2b1bf-1313-4da4-bace-971af4bb83cd req-b8a2b1bf-1313-4da4-bace-971af4bb83cd ] Request (ListServerFiltersTestJSON:tearDownClass): 200 GET http://10.180.1.21/compute/v2.1/servers/1f50ea8b-462b-4d61-b1b1-9f61fc43ace2 0.234s
2025-12-12 09:27:20.298 66764 INFO tempest.lib.common.rest_client [req-35bf5a8a-d353-4410-b96a-071dd88533b2 req-35bf5a8a-d353-4410-b96a-071dd88533b2 ] Request (ServerMetadataNegativeTestJSON:setUpClass): 200 GET http://10.180.1.21/compute/v2.1/servers/1836dad4-b2a9-4c7a-836b-17c30c2f7a50 0.186s
2025-12-12 09:27:20.304 66764 INFO tempest.common.waiters [-] State transition "BUILD/scheduling" ==> "BUILD/None" after 42 second wait
2025-12-12 09:27:20.329 66741 INFO tempest.lib.common.rest_client [req-9e776b26-c66f-44b3-b7d1-585f94577d19 req-9e776b26-c66f-44b3-b7d1-585f94577d19 ] Request (ImagesOneServerNegativeTestJSON:_run_cleanups): 200 GET http://10.180.1.21/compute/v2.1/servers/f208d00f-bb6d-4919-92b8-79c27dab6abf 0.205s
2025-12-12 09:27:20.389 66747 INFO tempest.lib.common.rest_client [req-bc014d16-f740-41da-8324-3893f2951a58 req-bc014d16-f740-41da-8324-3893f2951a58 ] Request (AttachInterfacesTestJSON:test_create_list_show_delete_interfaces_by_fixed_ip): 200 GET http://10.180.1.21/compute/v2.1/servers/c30910fe-56b1-4497-bb7c-2827aa8d55ce 0.210s
2025-12-12 09:27:20.472 66729 INFO tempest.lib.common.rest_client [req-c1b3de3a-b7a3-4f30-9d45-46f4bab18f2e req-c1b3de3a-b7a3-4f30-9d45-46f4bab18f2e ] Request (InstanceActionsV221TestJSON:test_get_list_deleted_instance_actions): 200 GET http://10.180.1.21/compute/v2.1/servers/c62c31de-241b-4ad4-913b-46fc169ebbcc 0.289s
2025-12-12 09:27:20.583 66757 INFO tempest.lib.common.rest_client [req-51f24c8b-aaca-4a50-9bd0-a873bda4dde2 req-51f24c8b-aaca-4a50-9bd0-a873bda4dde2 ] Request (ServersListShow296Test:tearDownClass): 200 GET http://10.180.1.21/compute/v2.1/servers/47e9ae49-0cb8-46e2-a8da-7d0f3d6f4c68 0.338s
2025-12-12 09:27:20.585 66770 INFO tempest.lib.common.rest_client [req-a3cb0f81-a251-45a1-8808-ba8a76223d28 req-a3cb0f81-a251-45a1-8808-ba8a76223d28 ] Request (ServersAdminTestJSON:test_rebuild_server_in_error_state): 202 POST http://10.180.1.21/compute/v2.1/servers/f21721e9-c183-4091-8c30-71372021006f/action 0.435s
2025-12-12 09:27:20.679 66719 INFO tempest.lib.common.rest_client [req-496dd4b7-ad8a-4af1-a8c5-071a62eed327 req-496dd4b7-ad8a-4af1-a8c5-071a62eed327 ] Request (ListImageFiltersTestJSON:setUpClass): 200 GET http://10.180.1.21/compute/v2.1/servers/a8657440-f7f6-49f1-ab63-da4e18f1ffe4 0.323s
2025-12-12 09:27:20.705 66755 INFO tempest.lib.common.rest_client [req-6593d2a9-e791-4597-a61d-5d26ba0c9258 req-6593d2a9-e791-4597-a61d-5d26ba0c9258 ] Request (MultipleCreateTestJSON:tearDownClass): 200 GET http://10.180.1.21/compute/v2.1/servers/4528a941-8278-4085-a2ae-969a47111c9e 0.387s
2025-12-12 09:27:20.744 66740 INFO tempest.lib.common.rest_client [req-42684e9d-24f8-456f-8885-7203bca6a675 req-42684e9d-24f8-456f-8885-7203bca6a675 ] Request (MigrationsAdminTest:test_resize_server_revert_deleted_flavor): 200 GET http://10.180.1.21/compute/v2.1/servers/da93d79c-415a-4c11-835f-a06841230b5b 0.370s
2025-12-12 09:27:20.762 66771 INFO tempest.lib.common.rest_client [req-9bfe7b86-5d27-4030-89b2-185ece2881b9 req-9bfe7b86-5d27-4030-89b2-185ece2881b9 ] Request (ImagesTestJSON:test_create_server_from_snapshot): 200 GET http://10.180.1.21/compute/v2.1/servers/8fea86e9-f26b-4c4b-afd9-c7555d787736 0.330s
2025-12-12 09:27:20.798 66743 INFO tempest.lib.common.rest_client [req-9c69aa6b-60b4-4bab-830f-bd5fd009d15f req-9c69aa6b-60b4-4bab-830f-bd5fd009d15f ] Request (ServerRescueTestJSONUnderV235:setUpClass): 200 GET http://10.180.1.21/compute/v2.1/servers/dddf65fc-713b-4b2e-9a52-4f127d7ac49d 0.298s
2025-12-12 09:27:20.875 66713 INFO tempest.lib.common.rest_client [req-78b25765-466b-44cd-9b53-afd400deac6f req-78b25765-466b-44cd-9b53-afd400deac6f ] Request (ServerGroupTestJSON:test_create_server_with_scheduler_hint_group): 200 GET http://10.180.1.21/compute/v2.1/servers/a538831e-6853-4281-b386-1001668f1d22 0.116s
2025-12-12 09:27:20.903 66770 INFO tempest.lib.common.rest_client [req-daa33dba-941a-40b3-866c-c94ebcea7def req-daa33dba-941a-40b3-866c-c94ebcea7def ] Request (ServersAdminTestJSON:test_rebuild_server_in_error_state): 200 GET http://10.180.1.21/compute/v2.1/servers/f21721e9-c183-4091-8c30-71372021006f 0.306s
2025-12-12 09:27:20.952 66745 INFO tempest.lib.common.rest_client [req-3d4f707d-82c9-4fcb-ba84-c5ec399910d5 req-3d4f707d-82c9-4fcb-ba84-c5ec399910d5 ] Request (ServersTestManualDisk:tearDownClass): 200 GET http://10.180.1.21/compute/v2.1/servers/d6fae594-b4ce-47a0-b1a0-260f9ef021d2 0.182s
2025-12-12 09:27:20.963 66731 INFO tempest.lib.common.rest_client [req-9d938c0b-1e01-4d76-9d15-202414f4db11 req-9d938c0b-1e01-4d76-9d15-202414f4db11 ] Request (SecurityGroupsTestJSON:test_server_security_groups): 200 GET http://10.180.1.21/compute/v2.1/servers/46e297fa-7518-4d7b-8158-f1cea5cd556e 0.117s
2025-12-12 09:27:21.014 66715 INFO tempest.lib.common.rest_client [req-d5ad0489-7728-4d37-8096-f9d84a27c9fb req-d5ad0489-7728-4d37-8096-f9d84a27c9fb ] Request (ServerRescueNegativeTestJSON:setUpClass): 200 GET http://10.180.1.21/compute/v2.1/servers/9430bfc6-4e05-4191-a372-afd5bba4cd87 0.158s
2025-12-12 09:27:21.031 66711 INFO tempest.lib.common.rest_client [req-d7275949-7927-4d58-b249-feb38cacee7e req-d7275949-7927-4d58-b249-feb38cacee7e ] Request (ServersAdminNegativeTestJSON:setUpClass): 200 GET http://10.180.1.21/compute/v2.1/servers/45216f11-5517-43c2-9ac9-35e577e5d246 0.078s
2025-12-12 09:27:21.138 66733 INFO tempest.lib.common.rest_client [req-6a20eb97-9819-40de-bb1a-8d3467544162 req-6a20eb97-9819-40de-bb1a-8d3467544162 ] Request (ServersTestFqdnHostnames:tearDownClass): 200 GET http://10.180.1.21/compute/v2.1/servers/c74bc66a-d256-4f01-8b41-d88025e4d4e0 0.086s
2025-12-12 09:27:21.157 66753 INFO tempest.lib.common.rest_client [req-6ea0fa08-8737-4117-9825-482bfe767287 req-6ea0fa08-8737-4117-9825-482bfe767287 ] Request (ServersWithSpecificFlavorTestJSON:test_verify_created_server_ephemeral_disk): 200 GET http://10.180.1.21/compute/v2.1/servers/e62aa2fd-09a3-4b7c-ba61-610611731e6b 0.148s
2025-12-12 09:27:21.193 66727 INFO tempest.lib.common.rest_client [req-e808760b-6c3c-4ad6-ad93-c64ef6cc5d21 req-e808760b-6c3c-4ad6-ad93-c64ef6cc5d21 ] Request (ServerMetadataTestJSON:setUpClass): 200 GET http://10.180.1.21/compute/v2.1/servers/67d76c65-9a92-402d-8b79-1427ba158f91 0.081s
2025-12-12 09:27:21.257 66749 INFO tempest.lib.common.rest_client [req-2a108b13-d626-4167-bf3d-c0a1db3f7e0f req-2a108b13-d626-4167-bf3d-c0a1db3f7e0f ] Request (ServerDiskConfigTestJSON:test_resize_server_from_auto_to_manual): 200 GET http://10.180.1.21/compute/v2.1/servers/e1fe560f-ccdd-4cf4-9880-b383be9cf8eb 0.123s
2025-12-12 09:27:21.276 66765 INFO tempest.lib.common.rest_client [req-eb3748fe-3d14-4176-93c4-1864d2289d69 req-eb3748fe-3d14-4176-93c4-1864d2289d69 ] Request (ServersTestMultiNic:_run_cleanups): 200 GET http://10.180.1.21/compute/v2.1/servers/fab1d992-659a-4833-a3fe-2927c5d1731d 0.085s
2025-12-12 09:27:21.326 66735 INFO tempest.lib.common.rest_client [req-e838eae8-48ae-4415-bdf4-282ebde4a73b req-e838eae8-48ae-4415-bdf4-282ebde4a73b ] Request (ServersAaction247Test:tearDownClass): 200 GET http://10.180.1.21/compute/v2.1/servers/0ff3828c-c5f7-4de0-b515-efbd14312708 0.108s
2025-12-12 09:27:21.347 66752 INFO tempest.lib.common.rest_client [req-ffabe63c-454d-4066-a783-7194e182a32d req-ffabe63c-454d-4066-a783-7194e182a32d ] Request (ServersAdmin275Test:test_rebuild_update_server_275): 200 GET http://10.180.1.21/compute/v2.1/servers/5f688bda-ff22-4e55-9172-98161b48ac28 0.098s
2025-12-12 09:27:21.350 66721 INFO tempest.lib.common.rest_client [req-0fda6a0c-0943-43ec-a072-2dbaf28b9c20 req-0fda6a0c-0943-43ec-a072-2dbaf28b9c20 ] Request (ListServerFiltersTestJSON:tearDownClass): 404 GET http://10.180.1.21/compute/v2.1/servers/1f50ea8b-462b-4d61-b1b1-9f61fc43ace2 0.060s
2025-12-12 09:27:21.394 66741 INFO tempest.lib.common.rest_client [req-94ed8122-e0db-4e90-9482-790f23f6c744 req-94ed8122-e0db-4e90-9482-790f23f6c744 ] Request (ImagesOneServerNegativeTestJSON:_run_cleanups): 200 GET http://10.180.1.21/compute/v2.1/servers/f208d00f-bb6d-4919-92b8-79c27dab6abf 0.053s
2025-12-12 09:27:21.407 66759 INFO tempest.lib.common.rest_client [req-7134d63a-0938-4bb3-b294-b42f1615638e req-7134d63a-0938-4bb3-b294-b42f1615638e ] Request (AttachInterfacesUnderV243Test:tearDownClass): 200 PUT http://10.180.1.21/networking/v2.0/routers/7af46ef0-5bb9-4f42-9302-336f73b34654/remove_router_interface 1.182s
2025-12-12 09:27:21.413 66764 INFO tempest.lib.common.rest_client [req-b11bff22-1d45-44f3-91fc-34a374e1504a req-b11bff22-1d45-44f3-91fc-34a374e1504a ] Request (ServerMetadataNegativeTestJSON:setUpClass): 200 GET http://10.180.1.21/compute/v2.1/servers/1836dad4-b2a9-4c7a-836b-17c30c2f7a50 0.108s
2025-12-12 09:27:21.466 66721 INFO tempest.lib.common.rest_client [req-0c531a62-33dc-4c1d-ba16-557cebc8f677 req-0c531a62-33dc-4c1d-ba16-557cebc8f677 ] Request (ListServerFiltersTestJSON:tearDownClass): 204 DELETE http://10.180.1.21/compute/v2.1/servers/0cefee18-ecf7-4825-bbdf-773f76468de2 0.115s
2025-12-12 09:27:21.469 66747 INFO tempest.lib.common.rest_client [req-4042a906-ea09-47ea-9b95-09783d5a2d50 req-4042a906-ea09-47ea-9b95-09783d5a2d50 ] Request (AttachInterfacesTestJSON:test_create_list_show_delete_interfaces_by_fixed_ip): 200 GET http://10.180.1.21/compute/v2.1/servers/c30910fe-56b1-4497-bb7c-2827aa8d55ce 0.067s
2025-12-12 09:27:21.585 66729 INFO tempest.lib.common.rest_client [req-56cd75fb-4afd-417f-b985-ab2f8571a46a req-56cd75fb-4afd-417f-b985-ab2f8571a46a ] Request (InstanceActionsV221TestJSON:test_get_list_deleted_instance_actions): 200 GET http://10.180.1.21/compute/v2.1/servers/c62c31de-241b-4ad4-913b-46fc169ebbcc 0.101s
2025-12-12 09:27:21.623 66721 INFO tempest.lib.common.rest_client [req-fb56baf0-5329-4351-8512-97be208d3f2f req-fb56baf0-5329-4351-8512-97be208d3f2f ] Request (ListServerFiltersTestJSON:tearDownClass): 200 GET http://10.180.1.21/compute/v2.1/servers/0cefee18-ecf7-4825-bbdf-773f76468de2 0.156s
2025-12-12 09:27:21.684 66757 INFO tempest.lib.common.rest_client [req-5cb2b32e-0a70-4b07-963b-82ad62b9c5af req-5cb2b32e-0a70-4b07-963b-82ad62b9c5af ] Request (ServersListShow296Test:tearDownClass): 200 GET http://10.180.1.21/compute/v2.1/servers/47e9ae49-0cb8-46e2-a8da-7d0f3d6f4c68 0.089s
2025-12-12 09:27:21.756 66719 INFO tempest.lib.common.rest_client [req-25cdcf3b-acab-4229-b0e2-0c19e896fd10 req-25cdcf3b-acab-4229-b0e2-0c19e896fd10 ] Request (ListImageFiltersTestJSON:setUpClass): 200 GET http://10.180.1.21/compute/v2.1/servers/a8657440-f7f6-49f1-ab63-da4e18f1ffe4 0.066s
2025-12-12 09:27:21.782 66755 INFO tempest.lib.common.rest_client [req-509ebd6a-dba4-44ea-a751-c1facd1758de req-509ebd6a-dba4-44ea-a751-c1facd1758de ] Request (MultipleCreateTestJSON:tearDownClass): 200 GET http://10.180.1.21/compute/v2.1/servers/4528a941-8278-4085-a2ae-969a47111c9e 0.066s
2025-12-12 09:27:21.811 66740 INFO tempest.lib.common.rest_client [req-4ab5db85-77be-4f22-aef3-d6a738325b2b req-4ab5db85-77be-4f22-aef3-d6a738325b2b ] Request (MigrationsAdminTest:test_resize_server_revert_deleted_flavor): 200 GET http://10.180.1.21/compute/v2.1/servers/da93d79c-415a-4c11-835f-a06841230b5b 0.057s
2025-12-12 09:27:21.835 66771 INFO tempest.lib.common.rest_client [req-721f9531-719a-4f05-a75c-6826f26bd077 req-721f9531-719a-4f05-a75c-6826f26bd077 ] Request (ImagesTestJSON:test_create_server_from_snapshot): 200 GET http://10.180.1.21/compute/v2.1/servers/8fea86e9-f26b-4c4b-afd9-c7555d787736 0.064s
2025-12-12 09:27:21.855 66743 INFO tempest.lib.common.rest_client [req-561a7db5-42fa-4bc2-9912-15a0e72b55a1 req-561a7db5-42fa-4bc2-9912-15a0e72b55a1 ] Request (ServerRescueTestJSONUnderV235:setUpClass): 200 GET http://10.180.1.21/compute/v2.1/servers/dddf65fc-713b-4b2e-9a52-4f127d7ac49d 0.049s
2025-12-12 09:27:21.876 66759 INFO tempest.lib.common.rest_client [req-a2f6d3c9-4101-4a7b-9eff-cfe5856cf685 req-a2f6d3c9-4101-4a7b-9eff-cfe5856cf685 ] Request (AttachInterfacesUnderV243Test:tearDownClass): 204 DELETE http://10.180.1.21/networking/v2.0/routers/7af46ef0-5bb9-4f42-9302-336f73b34654 0.468s
2025-12-12 09:27:21.934 66713 INFO tempest.lib.common.rest_client [req-b77caec4-b9f7-4e85-8cc0-e1d3d9dffb1b req-b77caec4-b9f7-4e85-8cc0-e1d3d9dffb1b ] Request (ServerGroupTestJSON:test_create_server_with_scheduler_hint_group): 200 GET http://10.180.1.21/compute/v2.1/servers/a538831e-6853-4281-b386-1001668f1d22 0.052s
2025-12-12 09:27:21.999 66759 INFO tempest.lib.common.rest_client [req-d0cc3a48-5323-4b4c-a48b-4e21dabb33ee req-d0cc3a48-5323-4b4c-a48b-4e21dabb33ee ] Request (AttachInterfacesUnderV243Test:tearDownClass): 204 DELETE http://10.180.1.21/networking/v2.0/subnets/9bf067c4-d5b1-49b3-9f49-34c9046ffb63 0.123s
2025-12-12 09:27:22.028 66745 INFO tempest.lib.common.rest_client [req-5edaf92d-ea4f-4d94-91b1-91d8ac270df8 req-5edaf92d-ea4f-4d94-91b1-91d8ac270df8 ] Request (ServersTestManualDisk:tearDownClass): 200 GET http://10.180.1.21/compute/v2.1/servers/d6fae594-b4ce-47a0-b1a0-260f9ef021d2 0.068s
2025-12-12 09:27:22.028 66770 INFO tempest.lib.common.rest_client [req-fffb7894-8818-4f64-a556-0652e260f73c req-fffb7894-8818-4f64-a556-0652e260f73c ] Request (ServersAdminTestJSON:test_rebuild_server_in_error_state): 200 GET http://10.180.1.21/compute/v2.1/servers/f21721e9-c183-4091-8c30-71372021006f 0.117s
2025-12-12 09:27:22.078 66715 INFO tempest.lib.common.rest_client [req-bf45cbac-5872-4af9-8523-fc5056b3fe9d req-bf45cbac-5872-4af9-8523-fc5056b3fe9d ] Request (ServerRescueNegativeTestJSON:setUpClass): 200 GET http://10.180.1.21/compute/v2.1/servers/9430bfc6-4e05-4191-a372-afd5bba4cd87 0.056s
2025-12-12 09:27:22.093 66731 INFO tempest.lib.common.rest_client [req-5a91ed4f-beef-4746-8b3a-2d62995ab536 req-5a91ed4f-beef-4746-8b3a-2d62995ab536 ] Request (SecurityGroupsTestJSON:test_server_security_groups): 200 GET http://10.180.1.21/compute/v2.1/servers/46e297fa-7518-4d7b-8158-f1cea5cd556e 0.121s
2025-12-12 09:27:22.132 66711 INFO tempest.lib.common.rest_client [req-6ca6292b-59a5-4bd0-8caa-23ddaaba70de req-6ca6292b-59a5-4bd0-8caa-23ddaaba70de ] Request (ServersAdminNegativeTestJSON:setUpClass): 200 GET http://10.180.1.21/compute/v2.1/servers/45216f11-5517-43c2-9ac9-35e577e5d246 0.092s
2025-12-12 09:27:22.214 66733 INFO tempest.lib.common.rest_client [req-c43b6bf5-8555-4ed1-b95f-d8dfdb90f0a8 req-c43b6bf5-8555-4ed1-b95f-d8dfdb90f0a8 ] Request (ServersTestFqdnHostnames:tearDownClass): 200 GET http://10.180.1.21/compute/v2.1/servers/c74bc66a-d256-4f01-8b41-d88025e4d4e0 0.064s
2025-12-12 09:27:22.271 66759 INFO tempest.lib.common.rest_client [req-9c56c28d-7679-4b3f-988e-b32baf83861f req-9c56c28d-7679-4b3f-988e-b32baf83861f ] Request (AttachInterfacesUnderV243Test:tearDownClass): 204 DELETE http://10.180.1.21/networking/v2.0/networks/990be461-d99b-4b03-806f-b5d97ab51e78 0.272s
2025-12-12 09:27:22.277 66727 INFO tempest.lib.common.rest_client [req-bb48a22e-6af0-4d12-8dcb-f7d3c3c6d4d5 req-bb48a22e-6af0-4d12-8dcb-f7d3c3c6d4d5 ] Request (ServerMetadataTestJSON:setUpClass): 200 GET http://10.180.1.21/compute/v2.1/servers/67d76c65-9a92-402d-8b79-1427ba158f91 0.077s
2025-12-12 09:27:22.313 66753 INFO tempest.lib.common.rest_client [req-c9964e77-c304-471c-9d9d-a3dfc07f7af6 req-c9964e77-c304-471c-9d9d-a3dfc07f7af6 ] Request (ServersWithSpecificFlavorTestJSON:test_verify_created_server_ephemeral_disk): 200 GET http://10.180.1.21/compute/v2.1/servers/e62aa2fd-09a3-4b7c-ba61-610611731e6b 0.147s
2025-12-12 09:27:22.376 66765 INFO tempest.lib.common.rest_client [req-019c0f9c-5c08-43ee-88fb-821255e65364 req-019c0f9c-5c08-43ee-88fb-821255e65364 ] Request (ServersTestMultiNic:_run_cleanups): 200 GET http://10.180.1.21/compute/v2.1/servers/fab1d992-659a-4833-a3fe-2927c5d1731d 0.090s
2025-12-12 09:27:22.392 66759 INFO tempest.lib.common.rest_client [req-b26dc837-0513-4e09-8435-072a99b8286d req-b26dc837-0513-4e09-8435-072a99b8286d ] Request (AttachInterfacesUnderV243Test:tearDownClass): 204 DELETE http://10.180.1.21/identity/v3/users/b42753fbadd741f29be3187848e425b0 0.120s
2025-12-12 09:27:22.392 66759 INFO tempest.lib.common.dynamic_creds [-] Deleting project and security group for project: bd13b76b8cba42468898774020a71362
2025-12-12 09:27:22.419 66759 INFO tempest.lib.common.rest_client [req-0e0b0bf6-b2cb-4de7-b0b5-529f4a169519 req-0e0b0bf6-b2cb-4de7-b0b5-529f4a169519 ] Request (AttachInterfacesUnderV243Test:tearDownClass): 200 GET http://10.180.1.21/networking/v2.0/security-groups?tenant_id=bd13b76b8cba42468898774020a71362&name=default 0.026s
2025-12-12 09:27:22.440 66749 INFO tempest.lib.common.rest_client [req-2b85d11a-d6c7-4317-a145-19e63ecad958 req-2b85d11a-d6c7-4317-a145-19e63ecad958 ] Request (ServerDiskConfigTestJSON:test_resize_server_from_auto_to_manual): 200 GET http://10.180.1.21/compute/v2.1/servers/e1fe560f-ccdd-4cf4-9880-b383be9cf8eb 0.175s
2025-12-12 09:27:22.442 66735 INFO tempest.lib.common.rest_client [req-696a9b45-7e8d-4b47-ab96-01aa844f37c0 req-696a9b45-7e8d-4b47-ab96-01aa844f37c0 ] Request (ServersAaction247Test:tearDownClass): 200 GET http://10.180.1.21/compute/v2.1/servers/0ff3828c-c5f7-4de0-b515-efbd14312708 0.106s
2025-12-12 09:27:22.496 66752 INFO tempest.lib.common.rest_client [req-e232b79a-c36e-468c-88db-d87867023722 req-e232b79a-c36e-468c-88db-d87867023722 ] Request (ServersAdmin275Test:test_rebuild_update_server_275): 200 GET http://10.180.1.21/compute/v2.1/servers/5f688bda-ff22-4e55-9172-98161b48ac28 0.138s
2025-12-12 09:27:22.507 66741 INFO tempest.lib.common.rest_client [req-546a83b4-c0a2-4b01-9677-556a94a11a26 req-546a83b4-c0a2-4b01-9677-556a94a11a26 ] Request (ImagesOneServerNegativeTestJSON:_run_cleanups): 200 GET http://10.180.1.21/compute/v2.1/servers/f208d00f-bb6d-4919-92b8-79c27dab6abf 0.102s
2025-12-12 09:27:22.507 66752 INFO tempest.common.waiters [-] State transition "REBUILD/rebuilding" ==> "REBUILD/rebuild_spawning" after 4 second wait
2025-12-12 09:27:22.538 66759 INFO tempest.lib.common.rest_client [req-99329ff4-36d5-4f9d-a59c-cdcf1fe14924 req-99329ff4-36d5-4f9d-a59c-cdcf1fe14924 ] Request (AttachInterfacesUnderV243Test:tearDownClass): 204 DELETE http://10.180.1.21/networking/v2.0/security-groups/5e79f8f7-98c0-47aa-bbdb-ff1dbfc3fa1e 0.119s
2025-12-12 09:27:22.565 66764 INFO tempest.lib.common.rest_client [req-657a72dc-24ae-45aa-aff3-46aa4bb534f5 req-657a72dc-24ae-45aa-aff3-46aa4bb534f5 ] Request (ServerMetadataNegativeTestJSON:setUpClass): 200 GET http://10.180.1.21/compute/v2.1/servers/1836dad4-b2a9-4c7a-836b-17c30c2f7a50 0.144s
2025-12-12 09:27:22.584 66747 INFO tempest.lib.common.rest_client [req-92db96f6-d248-4a61-a8fd-ca9fd9501e4e req-92db96f6-d248-4a61-a8fd-ca9fd9501e4e ] Request (AttachInterfacesTestJSON:test_create_list_show_delete_interfaces_by_fixed_ip): 200 GET http://10.180.1.21/compute/v2.1/servers/c30910fe-56b1-4497-bb7c-2827aa8d55ce 0.105s
2025-12-12 09:27:22.923 66729 INFO tempest.lib.common.rest_client [req-a3c6933e-6fbc-4cfd-9ff8-db3d81396b62 req-a3c6933e-6fbc-4cfd-9ff8-db3d81396b62 ] Request (InstanceActionsV221TestJSON:test_get_list_deleted_instance_actions): 200 GET http://10.180.1.21/compute/v2.1/servers/c62c31de-241b-4ad4-913b-46fc169ebbcc 0.327s
2025-12-12 09:27:22.942 66771 INFO tempest.lib.common.rest_client [req-0a648275-ebf8-432a-bfbd-c97ec28d6270 req-0a648275-ebf8-432a-bfbd-c97ec28d6270 ] Request (ImagesTestJSON:test_create_server_from_snapshot): 200 GET http://10.180.1.21/compute/v2.1/servers/8fea86e9-f26b-4c4b-afd9-c7555d787736 0.087s
2025-12-12 09:27:22.942 66759 INFO tempest.lib.common.rest_client [req-b419446b-1c11-40e5-aacc-0374c7ca5d36 req-b419446b-1c11-40e5-aacc-0374c7ca5d36 ] Request (AttachInterfacesUnderV243Test:tearDownClass): 204 DELETE http://10.180.1.21/identity/v3/projects/bd13b76b8cba42468898774020a71362 0.403s
2025-12-12 09:27:23.001 66740 INFO tempest.lib.common.rest_client [req-17e896db-3e02-41d5-80b5-46bf95796138 req-17e896db-3e02-41d5-80b5-46bf95796138 ] Request (MigrationsAdminTest:test_resize_server_revert_deleted_flavor): 200 GET http://10.180.1.21/compute/v2.1/servers/da93d79c-415a-4c11-835f-a06841230b5b 0.182s
2025-12-12 09:27:23.022 66759 INFO tempest.lib.common.rest_client [req-f989ade8-c249-4a36-8139-b0ccfe12c1e4 req-f989ade8-c249-4a36-8139-b0ccfe12c1e4 ] Request (ListServersNegativeTestJSON:setUpClass): 201 POST http://10.180.1.21/identity/v3/auth/tokens 0.078s
2025-12-12 09:27:23.026 66757 INFO tempest.lib.common.rest_client [req-56dd2e3e-a341-412d-ac4c-264f49778d5b req-56dd2e3e-a341-412d-ac4c-264f49778d5b ] Request (ServersListShow296Test:tearDownClass): 200 GET http://10.180.1.21/compute/v2.1/servers/47e9ae49-0cb8-46e2-a8da-7d0f3d6f4c68 0.170s
2025-12-12 09:27:23.055 66759 INFO tempest.lib.common.rest_client [req-7562f3d3-ced6-4682-bb30-7e7b4ce1f6c7 req-7562f3d3-ced6-4682-bb30-7e7b4ce1f6c7 ] Request (ListServersNegativeTestJSON:setUpClass): 201 POST http://10.180.1.21/identity/v3/auth/tokens 0.030s
2025-12-12 09:27:23.082 66719 INFO tempest.lib.common.rest_client [req-bf13320c-ac5b-4be3-827a-25b2726c8442 req-bf13320c-ac5b-4be3-827a-25b2726c8442 ] Request (ListImageFiltersTestJSON:setUpClass): 200 GET http://10.180.1.21/compute/v2.1/servers/a8657440-f7f6-49f1-ab63-da4e18f1ffe4 0.223s
2025-12-12 09:27:23.085 66759 INFO tempest.lib.common.rest_client [req-812fc19d-718e-49a2-9b2a-fdb8e692090d req-812fc19d-718e-49a2-9b2a-fdb8e692090d ] Request (ListServersNegativeTestJSON:setUpClass): 200 GET http://10.180.1.21/identity/v3/domains?name=Default 0.030s
2025-12-12 09:27:23.116 66759 INFO tempest.lib.common.rest_client [req-4f49abfb-106f-4726-9a76-90bac6808ecc req-4f49abfb-106f-4726-9a76-90bac6808ecc ] Request (ListServersNegativeTestJSON:setUpClass): 201 POST http://10.180.1.21/identity/v3/projects 0.030s
2025-12-12 09:27:23.144 66755 INFO tempest.lib.common.rest_client [req-969357bc-eba3-4b6a-9ce5-6ae6c533497d req-969357bc-eba3-4b6a-9ce5-6ae6c533497d ] Request (MultipleCreateTestJSON:tearDownClass): 200 GET http://10.180.1.21/compute/v2.1/servers/4528a941-8278-4085-a2ae-969a47111c9e 0.287s
2025-12-12 09:27:23.155 66721 INFO tempest.lib.common.rest_client [req-ad434944-0881-43eb-8a9d-6841f0cfdd29 req-ad434944-0881-43eb-8a9d-6841f0cfdd29 ] Request (ListServerFiltersTestJSON:tearDownClass): 200 GET http://10.180.1.21/compute/v2.1/servers/0cefee18-ecf7-4825-bbdf-773f76468de2 0.298s
2025-12-12 09:27:23.193 66759 INFO tempest.lib.common.rest_client [req-438fa896-f7a9-4e4d-bebb-b41c6a6c35ab req-438fa896-f7a9-4e4d-bebb-b41c6a6c35ab ] Request (ListServersNegativeTestJSON:setUpClass): 201 POST http://10.180.1.21/identity/v3/users 0.076s
2025-12-12 09:27:23.207 66713 INFO tempest.lib.common.rest_client [req-ad321dad-bfb8-486e-83e2-e73d980418ea req-ad321dad-bfb8-486e-83e2-e73d980418ea ] Request (ServerGroupTestJSON:test_create_server_with_scheduler_hint_group): 200 GET http://10.180.1.21/compute/v2.1/servers/a538831e-6853-4281-b386-1001668f1d22 0.260s
2025-12-12 09:27:23.210 66743 INFO tempest.lib.common.rest_client [req-b0015686-bbf1-4109-9485-63c0dd11ae9f req-b0015686-bbf1-4109-9485-63c0dd11ae9f ] Request (ServerRescueTestJSONUnderV235:setUpClass): 200 GET http://10.180.1.21/compute/v2.1/servers/dddf65fc-713b-4b2e-9a52-4f127d7ac49d 0.346s
2025-12-12 09:27:23.217 66759 INFO tempest.lib.common.rest_client [req-28254374-75c0-4822-acfb-a57436f09291 req-28254374-75c0-4822-acfb-a57436f09291 ] Request (ListServersNegativeTestJSON:setUpClass): 200 GET http://10.180.1.21/identity/v3/roles 0.023s
2025-12-12 09:27:23.246 66759 INFO tempest.lib.common.rest_client [req-32b6d93c-85fb-45b9-999f-79d66eae731b req-32b6d93c-85fb-45b9-999f-79d66eae731b ] Request (ListServersNegativeTestJSON:setUpClass): 204 PUT http://10.180.1.21/identity/v3/projects/3b74510b3d8b45adbfc6fbdd5f8cf8d8/users/ca0b040f150540229de207fc9049934d/roles/8628bdb8fa5046aa97da1652121664fe 0.028s
2025-12-12 09:27:23.246 66759 INFO tempest.lib.common.dynamic_creds [-] Dynamic test user ca0b040f150540229de207fc9049934d is created with scope project and roles: ['member']
2025-12-12 09:27:23.246 66759 INFO tempest.lib.common.dynamic_creds [-] Acquired dynamic creds: credentials: Credentials: {'domain_id': 'default', 'domain_name': 'Default', 'username': 'tempest-ListServersNegativeTestJSON-671363711-project-member', 'project_domain_id': 'default', 'project_domain_name': 'Default', 'project_id': '3b74510b3d8b45adbfc6fbdd5f8cf8d8', 'project_name': 'tempest-ListServersNegativeTestJSON-671363711', 'tenant_id': '3b74510b3d8b45adbfc6fbdd5f8cf8d8', 'tenant_name': 'tempest-ListServersNegativeTestJSON-671363711', 'user_domain_id': 'default', 'user_domain_name': 'Default', 'user_id': 'ca0b040f150540229de207fc9049934d', 'system': None}, Network: None, Subnet: None, Router: None
2025-12-12 09:27:23.268 66745 INFO tempest.lib.common.rest_client [req-907897a6-e9c6-4abc-990a-79972c6c6bd3 req-907897a6-e9c6-4abc-990a-79972c6c6bd3 ] Request (ServersTestManualDisk:tearDownClass): 200 GET http://10.180.1.21/compute/v2.1/servers/d6fae594-b4ce-47a0-b1a0-260f9ef021d2 0.232s
2025-12-12 09:27:23.311 66759 INFO tempest.lib.common.rest_client [req-07862374-0d58-4a4a-881e-342537147a51 req-07862374-0d58-4a4a-881e-342537147a51 ] Request (ListServersNegativeTestJSON:setUpClass): 201 POST http://10.180.1.21/identity/v3/auth/tokens 0.064s
