2025-12-12 09:23:31.790 66764 INFO tempest.test [-] raised in UpdateMultiattachVolumeNegativeTest.setUpClass. Invoking tearDownClass.
2025-12-12 09:23:31.798 66755 INFO tempest.lib.common.rest_client [req-2979fb81-b0b2-44ce-a95a-0b1c68d02ce1 req-2979fb81-b0b2-44ce-a95a-0b1c68d02ce1 ] Request (KeyPairsNegativeTestJSON:test_create_keypair_with_empty_public_key): 400 POST http://10.180.1.21/compute/v2.1/os-keypairs 8.538s
2025-12-12 09:23:31.819 66717 INFO tempest.lib.common.rest_client [req-99aa55b9-edea-4d3a-9744-687d3154eac5 req-99aa55b9-edea-4d3a-9744-687d3154eac5 ] Request (FlavorsExtraSpecsTestJSON:test_flavor_set_get_update_show_unset_keys): 200 DELETE http://10.180.1.21/compute/v2.1/flavors/1650955294/os-extra_specs/hw:numa_nodes 8.399s
2025-12-12 09:23:31.844 66740 INFO tempest.lib.common.rest_client [req-c6f72954-7f3f-4600-a3f3-170b469951a7 req-c6f72954-7f3f-4600-a3f3-170b469951a7 ] Request (FlavorsV255TestJSON:test_crud_flavor): 200 GET http://10.180.1.21/compute/v2.1/flavors 8.392s
2025-12-12 09:23:31.886 66767 INFO tempest.lib.common.rest_client [req-005ed8c7-45c7-47b0-9dac-5cc72784405f req-005ed8c7-45c7-47b0-9dac-5cc72784405f ] Request (SecurityGroupRulesTestJSON:test_security_group_rules_create_with_optional_cidr): 200 POST http://10.180.1.21/compute/v2.1/os-security-group-rules 8.651s
2025-12-12 09:23:31.897 66764 INFO tempest.lib.common.rest_client [req-0b4ddec5-06da-4177-a358-a3f730a41c70 req-0b4ddec5-06da-4177-a358-a3f730a41c70 ] Request (FloatingIPsAssociationTestJSON:setUpClass): 201 POST http://10.180.1.21/identity/v3/auth/tokens 0.104s
2025-12-12 09:23:31.918 66721 INFO tempest.lib.common.rest_client [req-5b918425-7967-4a6e-a092-3e20168b130d req-5b918425-7967-4a6e-a092-3e20168b130d ] Request (ImagesMetadataNegativeTestJSON:test_get_nonexistent_image_metadata_item): 404 GET http://10.180.1.21/compute/v2.1/images/59676016-0acc-4748-b99b-a9da773f0f14/metadata/os_version 8.409s
2025-12-12 09:23:31.928 66765 INFO tempest.lib.common.rest_client [req-a54adf16-4d65-44a4-ad21-7fa2e46d3180 req-a54adf16-4d65-44a4-ad21-7fa2e46d3180 ] Request (HypervisorAdminNegativeTestJSON:test_get_hypervisor_uptime_with_non_admin_user): 403 GET http://10.180.1.21/compute/v2.1/os-hypervisors/1/uptime 8.302s
2025-12-12 09:23:31.937 66764 INFO tempest.lib.common.rest_client [req-45c4353c-2c73-432a-890f-f9c3b76d516a req-45c4353c-2c73-432a-890f-f9c3b76d516a ] Request (FloatingIPsAssociationTestJSON:setUpClass): 201 POST http://10.180.1.21/identity/v3/auth/tokens 0.036s
2025-12-12 09:23:31.962 66773 INFO tempest.lib.common.rest_client [req-917ea5ad-a62e-4853-8b9d-04b423ea2036 req-917ea5ad-a62e-4853-8b9d-04b423ea2036 ] Request (FlavorsAccessTestJSON:test_flavor_access_add_remove): 200 GET http://10.180.1.21/compute/v2.1/flavors/detail 8.121s
2025-12-12 09:23:31.980 66764 INFO tempest.lib.common.rest_client [req-bb628c6b-a0d1-47d6-a00a-33c2fc4d1bce req-bb628c6b-a0d1-47d6-a00a-33c2fc4d1bce ] Request (FloatingIPsAssociationTestJSON:setUpClass): 200 GET http://10.180.1.21/identity/v3/domains?name=Default 0.042s
2025-12-12 09:23:32.022 66764 INFO tempest.lib.common.rest_client [req-deb9a95b-bf2b-4f62-b6a8-4f1fc1bdf1d0 req-deb9a95b-bf2b-4f62-b6a8-4f1fc1bdf1d0 ] Request (FloatingIPsAssociationTestJSON:setUpClass): 201 POST http://10.180.1.21/identity/v3/projects 0.040s
2025-12-12 09:23:32.102 66764 INFO tempest.lib.common.rest_client [req-393957eb-5361-49f6-9ad9-acde939606b5 req-393957eb-5361-49f6-9ad9-acde939606b5 ] Request (FloatingIPsAssociationTestJSON:setUpClass): 201 POST http://10.180.1.21/identity/v3/users 0.080s
2025-12-12 09:23:32.134 66764 INFO tempest.lib.common.rest_client [req-601db96f-b0ef-47da-80ff-833302fa3bad req-601db96f-b0ef-47da-80ff-833302fa3bad ] Request (FloatingIPsAssociationTestJSON:setUpClass): 200 GET http://10.180.1.21/identity/v3/roles 0.031s
2025-12-12 09:23:32.168 66764 INFO tempest.lib.common.rest_client [req-ffa8fa9d-be57-494e-8844-4ee093618fee req-ffa8fa9d-be57-494e-8844-4ee093618fee ] Request (FloatingIPsAssociationTestJSON:setUpClass): 204 PUT http://10.180.1.21/identity/v3/projects/6906f221568545378582546670bfd961/users/ace4d6d31dbc4b8f910ef80edc2aa768/roles/8628bdb8fa5046aa97da1652121664fe 0.034s
2025-12-12 09:23:32.168 66764 INFO tempest.lib.common.dynamic_creds [-] Dynamic test user ace4d6d31dbc4b8f910ef80edc2aa768 is created with scope project and roles: ['member']
2025-12-12 09:23:32.169 66764 INFO tempest.lib.common.dynamic_creds [-] Acquired dynamic creds: credentials: Credentials: {'domain_id': 'default', 'domain_name': 'Default', 'username': 'tempest-FloatingIPsAssociationTestJSON-1991619011-project-member', 'project_domain_id': 'default', 'project_domain_name': 'Default', 'project_id': '6906f221568545378582546670bfd961', 'project_name': 'tempest-FloatingIPsAssociationTestJSON-1991619011', 'tenant_id': '6906f221568545378582546670bfd961', 'tenant_name': 'tempest-FloatingIPsAssociationTestJSON-1991619011', 'user_domain_id': 'default', 'user_domain_name': 'Default', 'user_id': 'ace4d6d31dbc4b8f910ef80edc2aa768', 'system': None}, Network: None, Subnet: None, Router: None
2025-12-12 09:23:32.221 66715 INFO tempest.lib.common.rest_client [req-e538b660-4b73-43d9-a6fa-6dac25a52096 req-e538b660-4b73-43d9-a6fa-6dac25a52096 ] Request (InstanceActionsTestJSON:setUpClass): 200 GET http://10.180.1.21/compute/v2.1/servers/cdf5fcb8-00e7-49b5-ac22-04657178c5f0 8.727s
2025-12-12 09:23:32.253 66764 INFO tempest.lib.common.rest_client [req-f93be84b-4b67-41bd-9da8-668550e09d44 req-f93be84b-4b67-41bd-9da8-668550e09d44 ] Request (FloatingIPsAssociationTestJSON:setUpClass): 201 POST http://10.180.1.21/identity/v3/auth/tokens 0.084s
2025-12-12 09:23:32.295 66733 INFO tempest.lib.common.rest_client [req-557fe246-f165-4974-a90c-5c355ac78d72 req-557fe246-f165-4974-a90c-5c355ac78d72 ] Request (ServerExternalEventsTest:test_create_server_external_events): 200 GET http://10.180.1.21/compute/v2.1/servers/ac5f320e-5cb9-4bea-8f8d-9832ca7dc788 7.885s
2025-12-12 09:23:32.302 66733 INFO tempest.common.waiters [-] State transition "BUILD/networking" ==> "BUILD/spawning" after 9 second wait
2025-12-12 09:23:32.317 66729 INFO tempest.lib.common.rest_client [req-5f192eea-d612-4ef0-a06f-84fdbbb81943 req-5f192eea-d612-4ef0-a06f-84fdbbb81943 ] Request (HypervisorAdminTestJSON:test_get_hypervisor_stats): 200 GET http://10.180.1.21/compute/v2.1/os-hypervisors/statistics 7.211s
2025-12-12 09:23:32.322 66757 INFO tempest.lib.common.rest_client [req-f0a5be4f-d5f9-42ea-8021-94d55e21b8bf req-f0a5be4f-d5f9-42ea-8021-94d55e21b8bf ] Request (HostsAdminNegativeTestJSON:test_show_host_detail_with_non_admin_user): 403 GET http://10.180.1.21/compute/v2.1/os-hosts/devstack 7.204s
2025-12-12 09:23:32.437 66729 INFO tempest.lib.common.rest_client [req-2da22520-dd24-4af8-b893-1b9c62fb8707 req-2da22520-dd24-4af8-b893-1b9c62fb8707 ] Request (HypervisorAdminTestJSON:tearDownClass): 204 DELETE http://10.180.1.21/identity/v3/users/da72a86202154fcebdde5c0d7bbadfa8 0.117s
2025-12-12 09:23:32.503 66759 INFO tempest.lib.common.rest_client [req-b2dfd208-de93-4d87-ab37-413da3303dec req-b2dfd208-de93-4d87-ab37-413da3303dec ] Request (ValidationResourcesFixture:setUp): 200 POST http://10.180.1.21/compute/v2.1/os-keypairs 7.229s
2025-12-12 09:23:32.572 66729 INFO tempest.lib.common.rest_client [req-a7763190-0ce9-4b82-93d6-8af752ee2988 req-a7763190-0ce9-4b82-93d6-8af752ee2988 ] Request (HypervisorAdminTestJSON:tearDownClass): 204 DELETE http://10.180.1.21/identity/v3/users/171a952f83cd4952931174df8b5a0cbd 0.134s
2025-12-12 09:23:32.573 66729 INFO tempest.lib.common.dynamic_creds [-] Deleting project and security group for project: 78df8186d909428cb9455a04db3cdb2b
2025-12-12 09:23:32.591 66725 INFO tempest.lib.common.rest_client [req-cc96ef2f-8346-4765-88bd-87bfa205db4f req-cc96ef2f-8346-4765-88bd-87bfa205db4f ] Request (VolumesAdminNegativeTest:setUpClass): 201 POST http://10.180.1.21/networking/v2.0/routers 1.138s
2025-12-12 09:23:32.645 66729 INFO tempest.lib.common.rest_client [req-957dfede-9639-41cb-9343-19e51b614d7c req-957dfede-9639-41cb-9343-19e51b614d7c ] Request (HypervisorAdminTestJSON:tearDownClass): 201 POST http://10.180.1.21/identity/v3/auth/tokens 0.071s
2025-12-12 09:23:32.733 66759 INFO tempest.lib.common.rest_client [req-d4c5cbb3-d31e-41ec-879a-f2239b12a43f req-d4c5cbb3-d31e-41ec-879a-f2239b12a43f ] Request (ValidationResourcesFixture:setUp): 201 POST http://10.180.1.21/networking/v2.0/security-groups 0.228s
2025-12-12 09:23:32.735 66764 INFO tempest.lib.common.rest_client [req-e374f2d0-7fe4-46fd-9d51-d6d1a826a694 req-e374f2d0-7fe4-46fd-9d51-d6d1a826a694 ] Request (FloatingIPsAssociationTestJSON:setUpClass): 201 POST http://10.180.1.21/networking/v2.0/networks 0.481s
2025-12-12 09:23:32.763 66770 INFO tempest.lib.common.rest_client [req-bf9d92a1-527c-460e-aff4-5146c4904e68 req-bf9d92a1-527c-460e-aff4-5146c4904e68 ] Request (ServerDiagnosticsV248Test:test_get_server_diagnostics): 200 GET http://10.180.1.21/compute/v2.1/servers/6e2c01fc-48ec-4dfc-b405-27cd6175bca7 7.387s
2025-12-12 09:23:32.932 66729 INFO tempest.lib.common.rest_client [req-db95a412-8821-4daa-9eb2-48804204ec75 req-db95a412-8821-4daa-9eb2-48804204ec75 ] Request (HypervisorAdminTestJSON:tearDownClass): 200 GET http://10.180.1.21/networking/v2.0/security-groups?tenant_id=78df8186d909428cb9455a04db3cdb2b&name=default 0.287s
2025-12-12 09:23:33.033 66759 INFO tempest.lib.common.rest_client [req-518b3535-afa1-4ed0-9d36-ea3ba08b0dc9 req-518b3535-afa1-4ed0-9d36-ea3ba08b0dc9 ] Request (ValidationResourcesFixture:setUp): 201 POST http://10.180.1.21/networking/v2.0/security-group-rules 0.299s
2025-12-12 09:23:33.043 66762 INFO tempest.lib.common.rest_client [req-022025e9-e1db-42d5-bea1-a2e2853a037f req-022025e9-e1db-42d5-bea1-a2e2853a037f ] Request (AggregatesAdminNegativeTestJSON:_run_cleanups): 200 POST http://10.180.1.21/compute/v2.1/os-aggregates/1/action 7.586s
2025-12-12 09:23:33.069 66735 INFO tempest.lib.common.rest_client [req-364b82a8-3ca5-4b1d-ad4c-d36c3a255218 req-364b82a8-3ca5-4b1d-ad4c-d36c3a255218 ] Request (FlavorsAccessNegativeTestJSON:_run_cleanups): 202 DELETE http://10.180.1.21/compute/v2.1/flavors/1436552272 7.471s
2025-12-12 09:23:33.091 66719 INFO tempest.lib.common.rest_client [req-99604a5d-4485-47e9-8680-d8c66d204e92 req-99604a5d-4485-47e9-8680-d8c66d204e92 ] Request (ServicesAdminNegativeTestJSON:test_get_service_with_valid_service_and_invalid_host): 200 GET http://10.180.1.21/compute/v2.1/os-services?host=xxx&binary=nova-scheduler 7.463s
2025-12-12 09:23:33.114 66753 INFO tempest.lib.common.rest_client [req-7de7f093-7be8-4899-b561-95aa20c125f6 req-7de7f093-7be8-4899-b561-95aa20c125f6 ] Request (ServersWithSpecificFlavorTestJSON:test_verify_created_server_ephemeral_disk): 200 POST http://10.180.1.21/compute/v2.1/flavors/1856327993/os-extra_specs 7.471s
2025-12-12 09:23:33.227 66764 INFO tempest.lib.common.rest_client [req-c33fd0ea-4868-48cf-a63c-059e074dae54 req-c33fd0ea-4868-48cf-a63c-059e074dae54 ] Request (FloatingIPsAssociationTestJSON:setUpClass): 201 POST http://10.180.1.21/networking/v2.0/subnets 0.491s
2025-12-12 09:23:33.355 66729 INFO tempest.lib.common.rest_client [req-d13fbf08-4517-4b8b-b7a6-aca133533337 req-d13fbf08-4517-4b8b-b7a6-aca133533337 ] Request (HypervisorAdminTestJSON:tearDownClass): 204 DELETE http://10.180.1.21/networking/v2.0/security-groups/a1e1be55-085d-465c-8f48-46626c456604 0.423s
2025-12-12 09:23:33.450 66729 INFO tempest.lib.common.rest_client [req-8bc9ce6d-e39b-44b8-8e3a-41ece187e07c req-8bc9ce6d-e39b-44b8-8e3a-41ece187e07c ] Request (HypervisorAdminTestJSON:tearDownClass): 204 DELETE http://10.180.1.21/identity/v3/projects/78df8186d909428cb9455a04db3cdb2b 0.094s
2025-12-12 09:23:33.450 66729 INFO tempest.lib.common.dynamic_creds [-] Deleting project and security group for project: 0a536ebc8a514880be0cf15567166822
2025-12-12 09:23:33.464 66759 INFO tempest.lib.common.rest_client [req-8e2de492-d5a0-48ff-bf83-92c59be94af7 req-8e2de492-d5a0-48ff-bf83-92c59be94af7 ] Request (ValidationResourcesFixture:setUp): 201 POST http://10.180.1.21/networking/v2.0/security-group-rules 0.431s
2025-12-12 09:23:33.626 66725 INFO tempest.lib.common.rest_client [req-4d718196-7de4-4c17-992c-0b75767038bb req-4d718196-7de4-4c17-992c-0b75767038bb ] Request (VolumesAdminNegativeTest:setUpClass): 200 PUT http://10.180.1.21/networking/v2.0/routers/b1de79de-7144-431f-87b8-903665e7491f/add_router_interface 1.034s
2025-12-12 09:23:33.626 66725 INFO tempest.lib.common.dynamic_creds [-] Created isolated network resources for: credentials: Credentials: {'domain_id': 'default', 'domain_name': 'Default', 'username': 'tempest-VolumesAdminNegativeTest-1266435504-project-admin', 'project_domain_id': 'default', 'project_domain_name': 'Default', 'project_id': '288ec9aa8502485db2a203ad03af445d', 'project_name': 'tempest-VolumesAdminNegativeTest-1266435504', 'tenant_id': '288ec9aa8502485db2a203ad03af445d', 'tenant_name': 'tempest-VolumesAdminNegativeTest-1266435504', 'user_domain_id': 'default', 'user_domain_name': 'Default', 'user_id': '50da21697c5f49c0a6d08c2488461796', 'system': None}, Network: {'id': 'd7ea333e-59e6-4e70-acbc-ce31513aa4e3', 'name': 'tempest-VolumesAdminNegativeTest-1661850571-network', 'tenant_id': '288ec9aa8502485db2a203ad03af445d', 'project_id': '288ec9aa8502485db2a203ad03af445d', 'admin_state_up': True, 'mtu': 8950, 'status': 'ACTIVE', 'subnets': [], 'shared': False, 'port_security_enabled': True, 'router:external': False, 'provider:network_type': 'vlan', 'provider:physical_network': 'default', 'provider:segmentation_id': 693, 'availability_zone_hints': [], 'availability_zones': [], 'ipv4_address_scope': None, 'ipv6_address_scope': None, 'description': '', 'tags': [], 'created_at': '2025-12-12T09:23:30Z', 'updated_at': '2025-12-12T09:23:30Z', 'revision_number': 1}, Subnet: {'id': '14631249-6102-48af-b038-d5fda6ec6a8e', 'name': 'tempest-VolumesAdminNegativeTest-1661850571-subnet', 'tenant_id': '288ec9aa8502485db2a203ad03af445d', 'network_id': 'd7ea333e-59e6-4e70-acbc-ce31513aa4e3', 'ip_version': 4, 'subnetpool_id': None, 'enable_dhcp': True, 'ipv6_ra_mode': None, 'ipv6_address_mode': None, 'gateway_ip': '192.168.128.1', 'cidr': '192.168.128.0/28', 'allocation_pools': [{'start': '192.168.128.2', 'end': '192.168.128.14'}], 'host_routes': [], 'dns_nameservers': [], 'description': '', 'router:external': False, 'service_types': [], 'tags': [], 'created_at': '2025-12-12T09:23:31Z', 'updated_at': '2025-12-12T09:23:31Z', 'revision_number': 0, 'project_id': '288ec9aa8502485db2a203ad03af445d'}, Router: {'id': 'b1de79de-7144-431f-87b8-903665e7491f', 'name': 'tempest-VolumesAdminNegativeTest-1661850571-router', 'tenant_id': '288ec9aa8502485db2a203ad03af445d', 'admin_state_up': True, 'status': 'ACTIVE', 'external_gateway_info': {'network_id': '177b0751-4b95-4bf9-a1ed-81250cca2e75', 'external_fixed_ips': [{'subnet_id': '70064f64-9710-4534-9251-2cccec34fcf6', 'ip_address': '10.180.180.132'}], 'enable_snat': True}, 'description': '', 'availability_zones': [], 'distributed': False, 'ha': False, 'availability_zone_hints': [], 'routes': [], 'flavor_id': None, 'tags': [], 'created_at': '2025-12-12T09:23:31Z', 'updated_at': '2025-12-12T09:23:32Z', 'revision_number': 2, 'project_id': '288ec9aa8502485db2a203ad03af445d'}
2025-12-12 09:23:33.719 66725 INFO tempest.lib.common.rest_client [req-82382f28-2f3b-4bb1-a646-d04f0916cdf1 req-82382f28-2f3b-4bb1-a646-d04f0916cdf1 ] Request (VolumesAdminNegativeTest:setUpClass): 201 POST http://10.180.1.21/identity/v3/auth/tokens 0.090s
2025-12-12 09:23:33.805 66725 INFO tempest.lib.common.rest_client [req-870ac28b-8532-43d5-8dc6-41e7799d39cb req-870ac28b-8532-43d5-8dc6-41e7799d39cb ] Request (VolumesAdminNegativeTest:setUpClass): 201 POST http://10.180.1.21/identity/v3/projects 0.084s
2025-12-12 09:23:33.814 66729 INFO tempest.lib.common.rest_client [req-5eb6dbfb-2514-4750-a78d-ebbcd22b3527 req-5eb6dbfb-2514-4750-a78d-ebbcd22b3527 ] Request (HypervisorAdminTestJSON:tearDownClass): 200 GET http://10.180.1.21/networking/v2.0/security-groups?tenant_id=0a536ebc8a514880be0cf15567166822&name=default 0.363s
2025-12-12 09:23:33.888 66725 INFO tempest.lib.common.rest_client [req-b44eab62-c437-4f24-9ee3-4c9f1f85b13d req-b44eab62-c437-4f24-9ee3-4c9f1f85b13d ] Request (VolumesAdminNegativeTest:setUpClass): 201 POST http://10.180.1.21/identity/v3/users 0.082s
2025-12-12 09:23:33.908 66725 INFO tempest.lib.common.rest_client [req-543d54fa-e6cb-414b-a76c-31c1f4908aa4 req-543d54fa-e6cb-414b-a76c-31c1f4908aa4 ] Request (VolumesAdminNegativeTest:setUpClass): 200 GET http://10.180.1.21/identity/v3/roles 0.020s
2025-12-12 09:23:33.937 66725 INFO tempest.lib.common.rest_client [req-7fa70925-a720-4398-a7fa-2820f0dadf8d req-7fa70925-a720-4398-a7fa-2820f0dadf8d ] Request (VolumesAdminNegativeTest:setUpClass): 204 PUT http://10.180.1.21/identity/v3/projects/4a80e313405c4cb191f0ac27002b62f9/users/92958ebf78f549b19ccee71fdae61ee6/roles/7de9d961136140e1b8b062a0d2c0bbf3 0.028s
2025-12-12 09:23:33.999 66725 INFO tempest.lib.common.rest_client [req-9d53e155-a4f2-40cf-9327-6457fbd9538f req-9d53e155-a4f2-40cf-9327-6457fbd9538f ] Request (VolumesAdminNegativeTest:setUpClass): 200 GET http://10.180.1.21/identity/v3/roles 0.061s
2025-12-12 09:23:34.021 66725 INFO tempest.lib.common.rest_client [req-064a0895-de6b-4760-8e2f-b32c33eaf61e req-064a0895-de6b-4760-8e2f-b32c33eaf61e ] Request (VolumesAdminNegativeTest:setUpClass): 204 PUT http://10.180.1.21/identity/v3/projects/4a80e313405c4cb191f0ac27002b62f9/users/92958ebf78f549b19ccee71fdae61ee6/roles/411bba152f4540e2bb7d02fcc0a07c16 0.022s
2025-12-12 09:23:34.021 66725 INFO tempest.lib.common.dynamic_creds [-] Dynamic test user 92958ebf78f549b19ccee71fdae61ee6 is created with scope project and roles: ['service', 'admin']
2025-12-12 09:23:34.022 66725 INFO tempest.lib.common.dynamic_creds [-] Acquired dynamic creds: credentials: Credentials: {'domain_id': 'default', 'domain_name': 'Default', 'username': 'tempest-VolumesAdminNegativeTest-1273024124-project', 'project_domain_id': 'default', 'project_domain_name': 'Default', 'project_id': '4a80e313405c4cb191f0ac27002b62f9', 'project_name': 'tempest-VolumesAdminNegativeTest-1273024124', 'tenant_id': '4a80e313405c4cb191f0ac27002b62f9', 'tenant_name': 'tempest-VolumesAdminNegativeTest-1273024124', 'user_domain_id': 'default', 'user_domain_name': 'Default', 'user_id': '92958ebf78f549b19ccee71fdae61ee6', 'system': None}, Network: None, Subnet: None, Router: None
2025-12-12 09:23:34.202 66759 INFO tempest.lib.common.rest_client [req-782de45d-49ba-4735-9612-ee0bfe58c42e req-782de45d-49ba-4735-9612-ee0bfe58c42e ] Request (ValidationResourcesFixture:setUp): 201 POST http://10.180.1.21/networking/v2.0/floatingips 0.738s
2025-12-12 09:23:34.254 66764 INFO tempest.lib.common.rest_client [req-ae9c815d-297c-4279-89fc-777f25e6c469 req-ae9c815d-297c-4279-89fc-777f25e6c469 ] Request (FloatingIPsAssociationTestJSON:setUpClass): 201 POST http://10.180.1.21/networking/v2.0/routers 1.025s
2025-12-12 09:23:34.283 66759 INFO tempest.lib.common.rest_client [req-58f60748-1b00-43c2-a54e-015bcf82be55 req-58f60748-1b00-43c2-a54e-015bcf82be55 ] Request (AttachInterfacesUnderV243Test:test_add_remove_fixed_ip): 201 POST http://10.180.1.21/identity/v3/auth/tokens 0.077s
2025-12-12 09:23:34.284 66759 INFO tempest.lib.common.fixed_network [-] (AttachInterfacesUnderV243Test:test_add_remove_fixed_ip) Found network {'id': '990be461-d99b-4b03-806f-b5d97ab51e78', 'name': 'tempest-AttachInterfacesUnderV243Test-1466823423-network', 'tenant_id': 'bd13b76b8cba42468898774020a71362', 'project_id': 'bd13b76b8cba42468898774020a71362', 'admin_state_up': True, 'mtu': 8950, 'status': 'ACTIVE', 'subnets': [], 'shared': False, 'port_security_enabled': True, 'router:external': False, 'provider:network_type': 'vlan', 'provider:physical_network': 'default', 'provider:segmentation_id': 32, 'availability_zone_hints': [], 'availability_zones': [], 'ipv4_address_scope': None, 'ipv6_address_scope': None, 'description': '', 'tags': [], 'created_at': '2025-12-12T09:23:20Z', 'updated_at': '2025-12-12T09:23:20Z', 'revision_number': 1} available for tenant
2025-12-12 09:23:34.341 66729 INFO tempest.lib.common.rest_client [req-4aab6fa2-3d57-4b69-baf9-2f7297da94ea req-4aab6fa2-3d57-4b69-baf9-2f7297da94ea ] Request (HypervisorAdminTestJSON:tearDownClass): 204 DELETE http://10.180.1.21/networking/v2.0/security-groups/c1db2eda-2368-41f9-a8fb-94adc6275f0a 0.527s
2025-12-12 09:23:34.461 66729 INFO tempest.lib.common.rest_client [req-d99752f6-110c-4024-9942-f84b79ded6da req-d99752f6-110c-4024-9942-f84b79ded6da ] Request (HypervisorAdminTestJSON:tearDownClass): 204 DELETE http://10.180.1.21/identity/v3/projects/0a536ebc8a514880be0cf15567166822 0.119s
2025-12-12 09:23:34.491 66725 INFO tempest.lib.common.rest_client [req-5ec2fbc3-74e1-4ef6-8062-40fbe7cf4ede req-5ec2fbc3-74e1-4ef6-8062-40fbe7cf4ede ] Request (VolumesAdminNegativeTest:setUpClass): 201 POST http://10.180.1.21/networking/v2.0/networks 0.469s
2025-12-12 09:23:34.551 66729 INFO tempest.lib.common.rest_client [req-6103c80f-2f7f-4a66-ac80-d30c12c9b48c req-6103c80f-2f7f-4a66-ac80-d30c12c9b48c ] Request (QuotaClassesAdmin257Test:setUpClass): 201 POST http://10.180.1.21/identity/v3/auth/tokens 0.088s
2025-12-12 09:23:34.588 66729 INFO tempest.lib.common.rest_client [req-9ee07a8a-ebcd-47eb-b121-807ddc18b3c2 req-9ee07a8a-ebcd-47eb-b121-807ddc18b3c2 ] Request (QuotaClassesAdmin257Test:setUpClass): 201 POST http://10.180.1.21/identity/v3/auth/tokens 0.032s
2025-12-12 09:23:34.637 66729 INFO tempest.lib.common.rest_client [req-37ec84e1-cce1-4091-8b74-829b10225aa9 req-37ec84e1-cce1-4091-8b74-829b10225aa9 ] Request (QuotaClassesAdmin257Test:setUpClass): 200 GET http://10.180.1.21/identity/v3/domains?name=Default 0.049s
2025-12-12 09:23:34.680 66729 INFO tempest.lib.common.rest_client [req-28900fea-c2d1-4ca2-8ffb-c104dd96de3d req-28900fea-c2d1-4ca2-8ffb-c104dd96de3d ] Request (QuotaClassesAdmin257Test:setUpClass): 201 POST http://10.180.1.21/identity/v3/projects 0.042s
2025-12-12 09:23:34.751 66725 INFO tempest.lib.common.rest_client [req-34e65367-ecfb-4b5b-8e88-eb0b1d04b6c3 req-34e65367-ecfb-4b5b-8e88-eb0b1d04b6c3 ] Request (VolumesAdminNegativeTest:setUpClass): 201 POST http://10.180.1.21/networking/v2.0/subnets 0.259s
2025-12-12 09:23:34.765 66729 INFO tempest.lib.common.rest_client [req-465a7a54-7b68-4171-a458-121c5340a045 req-465a7a54-7b68-4171-a458-121c5340a045 ] Request (QuotaClassesAdmin257Test:setUpClass): 201 POST http://10.180.1.21/identity/v3/users 0.084s
2025-12-12 09:23:34.797 66729 INFO tempest.lib.common.rest_client [req-05d74fcf-eca6-48d9-a90e-f63ad4700c28 req-05d74fcf-eca6-48d9-a90e-f63ad4700c28 ] Request (QuotaClassesAdmin257Test:setUpClass): 200 GET http://10.180.1.21/identity/v3/roles 0.031s
2025-12-12 09:23:34.835 66729 INFO tempest.lib.common.rest_client [req-3823617b-7c06-4418-8819-5f1f24b198d7 req-3823617b-7c06-4418-8819-5f1f24b198d7 ] Request (QuotaClassesAdmin257Test:setUpClass): 204 PUT http://10.180.1.21/identity/v3/projects/bea2843d7ad9410daf9398638570b5b1/users/cef4efb2f2e54d7aa411d52dab4255cf/roles/8628bdb8fa5046aa97da1652121664fe 0.038s
2025-12-12 09:23:34.835 66729 INFO tempest.lib.common.dynamic_creds [-] Dynamic test user cef4efb2f2e54d7aa411d52dab4255cf is created with scope project and roles: ['member']
2025-12-12 09:23:34.836 66729 INFO tempest.lib.common.dynamic_creds [-] Acquired dynamic creds: credentials: Credentials: {'domain_id': 'default', 'domain_name': 'Default', 'username': 'tempest-QuotaClassesAdmin257Test-309043749-project-member', 'project_domain_id': 'default', 'project_domain_name': 'Default', 'project_id': 'bea2843d7ad9410daf9398638570b5b1', 'project_name': 'tempest-QuotaClassesAdmin257Test-309043749', 'tenant_id': 'bea2843d7ad9410daf9398638570b5b1', 'tenant_name': 'tempest-QuotaClassesAdmin257Test-309043749', 'user_domain_id': 'default', 'user_domain_name': 'Default', 'user_id': 'cef4efb2f2e54d7aa411d52dab4255cf', 'system': None}, Network: None, Subnet: None, Router: None
2025-12-12 09:23:34.836 66729 INFO tempest.lib.common.dynamic_creds [-] Created isolated network resources for: credentials: Credentials: {'domain_id': 'default', 'domain_name': 'Default', 'username': 'tempest-QuotaClassesAdmin257Test-309043749-project-member', 'project_domain_id': 'default', 'project_domain_name': 'Default', 'project_id': 'bea2843d7ad9410daf9398638570b5b1', 'project_name': 'tempest-QuotaClassesAdmin257Test-309043749', 'tenant_id': 'bea2843d7ad9410daf9398638570b5b1', 'tenant_name': 'tempest-QuotaClassesAdmin257Test-309043749', 'user_domain_id': 'default', 'user_domain_name': 'Default', 'user_id': 'cef4efb2f2e54d7aa411d52dab4255cf', 'system': None}, Network: None, Subnet: None, Router: None
2025-12-12 09:23:34.913 66771 INFO tempest.lib.common.rest_client [req-b35fa305-24a6-4434-b60e-9a75546a4a35 req-b35fa305-24a6-4434-b60e-9a75546a4a35 ] Request (ImagesTestJSON:test_create_image_from_stopped_server): 202 POST http://10.180.1.21/compute/v2.1/servers 8.622s
2025-12-12 09:23:34.919 66729 INFO tempest.lib.common.rest_client [req-e5d741b6-ed37-4771-b9b9-888232554764 req-e5d741b6-ed37-4771-b9b9-888232554764 ] Request (QuotaClassesAdmin257Test:setUpClass): 201 POST http://10.180.1.21/identity/v3/auth/tokens 0.078s
2025-12-12 09:23:34.982 66729 INFO tempest.lib.common.rest_client [req-f76a3163-98f6-4111-b7fd-8b1fbdd6f5a0 req-f76a3163-98f6-4111-b7fd-8b1fbdd6f5a0 ] Request (QuotaClassesAdmin257Test:setUpClass): 201 POST http://10.180.1.21/identity/v3/projects 0.063s
2025-12-12 09:23:35.057 66729 INFO tempest.lib.common.rest_client [req-46850abf-da81-4614-9bcb-b7eb85408ea3 req-46850abf-da81-4614-9bcb-b7eb85408ea3 ] Request (QuotaClassesAdmin257Test:setUpClass): 201 POST http://10.180.1.21/identity/v3/users 0.074s
2025-12-12 09:23:35.076 66729 INFO tempest.lib.common.rest_client [req-f838541c-72bd-4c64-8aef-bf582fe339b1 req-f838541c-72bd-4c64-8aef-bf582fe339b1 ] Request (QuotaClassesAdmin257Test:setUpClass): 200 GET http://10.180.1.21/identity/v3/roles 0.019s
2025-12-12 09:23:35.113 66729 INFO tempest.lib.common.rest_client [req-d7558b6c-b8c9-41bf-be9a-a8ecfa748924 req-d7558b6c-b8c9-41bf-be9a-a8ecfa748924 ] Request (QuotaClassesAdmin257Test:setUpClass): 204 PUT http://10.180.1.21/identity/v3/projects/ed412fa4dbee429c9efb0d3c89103142/users/41ac62175b8741669774b98b0b8ff795/roles/411bba152f4540e2bb7d02fcc0a07c16 0.036s
2025-12-12 09:23:35.177 66729 INFO tempest.lib.common.rest_client [req-818a9890-6efb-4e02-817f-8ab56a1de07e req-818a9890-6efb-4e02-817f-8ab56a1de07e ] Request (QuotaClassesAdmin257Test:setUpClass): 200 GET http://10.180.1.21/identity/v3/roles 0.064s
2025-12-12 09:23:35.201 66729 INFO tempest.lib.common.rest_client [req-23b638bd-3cad-47ed-9e73-513c51b0275b req-23b638bd-3cad-47ed-9e73-513c51b0275b ] Request (QuotaClassesAdmin257Test:setUpClass): 204 PUT http://10.180.1.21/identity/v3/projects/ed412fa4dbee429c9efb0d3c89103142/users/41ac62175b8741669774b98b0b8ff795/roles/411bba152f4540e2bb7d02fcc0a07c16 0.022s
2025-12-12 09:23:35.201 66729 INFO tempest.lib.common.dynamic_creds [-] Dynamic test user 41ac62175b8741669774b98b0b8ff795 is created with scope project and roles: ['admin']
2025-12-12 09:23:35.201 66729 INFO tempest.lib.common.dynamic_creds [-] Acquired dynamic creds: credentials: Credentials: {'domain_id': 'default', 'domain_name': 'Default', 'username': 'tempest-QuotaClassesAdmin257Test-1913409894-project-admin', 'project_domain_id': 'default', 'project_domain_name': 'Default', 'project_id': 'ed412fa4dbee429c9efb0d3c89103142', 'project_name': 'tempest-QuotaClassesAdmin257Test-1913409894', 'tenant_id': 'ed412fa4dbee429c9efb0d3c89103142', 'tenant_name': 'tempest-QuotaClassesAdmin257Test-1913409894', 'user_domain_id': 'default', 'user_domain_name': 'Default', 'user_id': '41ac62175b8741669774b98b0b8ff795', 'system': None}, Network: None, Subnet: None, Router: None
2025-12-12 09:23:35.202 66729 INFO tempest.lib.common.dynamic_creds [-] Created isolated network resources for: credentials: Credentials: {'domain_id': 'default', 'domain_name': 'Default', 'username': 'tempest-QuotaClassesAdmin257Test-1913409894-project-admin', 'project_domain_id': 'default', 'project_domain_name': 'Default', 'project_id': 'ed412fa4dbee429c9efb0d3c89103142', 'project_name': 'tempest-QuotaClassesAdmin257Test-1913409894', 'tenant_id': 'ed412fa4dbee429c9efb0d3c89103142', 'tenant_name': 'tempest-QuotaClassesAdmin257Test-1913409894', 'user_domain_id': 'default', 'user_domain_name': 'Default', 'user_id': '41ac62175b8741669774b98b0b8ff795', 'system': None}, Network: None, Subnet: None, Router: None
2025-12-12 09:23:35.301 66729 INFO tempest.lib.common.rest_client [req-717c41e4-6d54-4a4e-8fb2-caa76f357773 req-717c41e4-6d54-4a4e-8fb2-caa76f357773 ] Request (QuotaClassesAdmin257Test:setUpClass): 201 POST http://10.180.1.21/identity/v3/auth/tokens 0.097s
2025-12-12 09:23:35.311 66764 INFO tempest.lib.common.rest_client [req-0a72aa89-2263-4ef5-8c5c-0ba188d4454c req-0a72aa89-2263-4ef5-8c5c-0ba188d4454c ] Request (FloatingIPsAssociationTestJSON:setUpClass): 200 PUT http://10.180.1.21/networking/v2.0/routers/51b7f845-0aae-4cfb-a182-f4c2b954e62a/add_router_interface 1.055s
2025-12-12 09:23:35.312 66764 INFO tempest.lib.common.dynamic_creds [-] Created isolated network resources for: credentials: Credentials: {'domain_id': 'default', 'domain_name': 'Default', 'username': 'tempest-FloatingIPsAssociationTestJSON-1991619011-project-member', 'project_domain_id': 'default', 'project_domain_name': 'Default', 'project_id': '6906f221568545378582546670bfd961', 'project_name': 'tempest-FloatingIPsAssociationTestJSON-1991619011', 'tenant_id': '6906f221568545378582546670bfd961', 'tenant_name': 'tempest-FloatingIPsAssociationTestJSON-1991619011', 'user_domain_id': 'default', 'user_domain_name': 'Default', 'user_id': 'ace4d6d31dbc4b8f910ef80edc2aa768', 'system': None}, Network: {'id': '88516567-46cb-41fd-8016-473eb6799e82', 'name': 'tempest-FloatingIPsAssociationTestJSON-1768651006-network', 'tenant_id': '6906f221568545378582546670bfd961', 'project_id': '6906f221568545378582546670bfd961', 'admin_state_up': True, 'mtu': 8950, 'status': 'ACTIVE', 'subnets': [], 'shared': False, 'port_security_enabled': True, 'router:external': False, 'provider:network_type': 'vlan', 'provider:physical_network': 'default', 'provider:segmentation_id': 471, 'availability_zone_hints': [], 'availability_zones': [], 'ipv4_address_scope': None, 'ipv6_address_scope': None, 'description': '', 'tags': [], 'created_at': '2025-12-12T09:23:32Z', 'updated_at': '2025-12-12T09:23:32Z', 'revision_number': 1}, Subnet: {'id': 'f8f1fc35-b3e9-440a-994c-cdac627fc264', 'name': 'tempest-FloatingIPsAssociationTestJSON-1768651006-subnet', 'tenant_id': '6906f221568545378582546670bfd961', 'network_id': '88516567-46cb-41fd-8016-473eb6799e82', 'ip_version': 4, 'subnetpool_id': None, 'enable_dhcp': True, 'ipv6_ra_mode': None, 'ipv6_address_mode': None, 'gateway_ip': '192.168.128.1', 'cidr': '192.168.128.0/28', 'allocation_pools': [{'start': '192.168.128.2', 'end': '192.168.128.14'}], 'host_routes': [], 'dns_nameservers': [], 'description': '', 'router:external': False, 'service_types': [], 'tags': [], 'created_at': '2025-12-12T09:23:33Z', 'updated_at': '2025-12-12T09:23:33Z', 'revision_number': 0, 'project_id': '6906f221568545378582546670bfd961'}, Router: {'id': '51b7f845-0aae-4cfb-a182-f4c2b954e62a', 'name': 'tempest-FloatingIPsAssociationTestJSON-1768651006-router', 'tenant_id': '6906f221568545378582546670bfd961', 'admin_state_up': True, 'status': 'ACTIVE', 'external_gateway_info': {'network_id': '177b0751-4b95-4bf9-a1ed-81250cca2e75', 'external_fixed_ips': [{'subnet_id': '70064f64-9710-4534-9251-2cccec34fcf6', 'ip_address': '10.180.180.224'}], 'enable_snat': True}, 'description': '', 'availability_zones': [], 'distributed': False, 'ha': False, 'availability_zone_hints': [], 'routes': [], 'flavor_id': None, 'tags': [], 'created_at': '2025-12-12T09:23:33Z', 'updated_at': '2025-12-12T09:23:33Z', 'revision_number': 2, 'project_id': '6906f221568545378582546670bfd961'}
2025-12-12 09:23:35.387 66764 INFO tempest.lib.common.rest_client [req-6e6c3695-c590-4c4f-a0ac-649cba0d6a9f req-6e6c3695-c590-4c4f-a0ac-649cba0d6a9f ] Request (FloatingIPsAssociationTestJSON:setUpClass): 201 POST http://10.180.1.21/identity/v3/auth/tokens 0.072s
2025-12-12 09:23:35.422 66764 INFO tempest.lib.common.rest_client [req-b8acf923-1f49-4c75-9106-6b08d24250b2 req-b8acf923-1f49-4c75-9106-6b08d24250b2 ] Request (FloatingIPsAssociationTestJSON:setUpClass): 201 POST http://10.180.1.21/identity/v3/auth/tokens 0.030s
2025-12-12 09:23:35.422 66764 INFO tempest.lib.common.fixed_network [-] (FloatingIPsAssociationTestJSON:setUpClass) Found network {'id': '88516567-46cb-41fd-8016-473eb6799e82', 'name': 'tempest-FloatingIPsAssociationTestJSON-1768651006-network', 'tenant_id': '6906f221568545378582546670bfd961', 'project_id': '6906f221568545378582546670bfd961', 'admin_state_up': True, 'mtu': 8950, 'status': 'ACTIVE', 'subnets': [], 'shared': False, 'port_security_enabled': True, 'router:external': False, 'provider:network_type': 'vlan', 'provider:physical_network': 'default', 'provider:segmentation_id': 471, 'availability_zone_hints': [], 'availability_zones': [], 'ipv4_address_scope': None, 'ipv6_address_scope': None, 'description': '', 'tags': [], 'created_at': '2025-12-12T09:23:32Z', 'updated_at': '2025-12-12T09:23:32Z', 'revision_number': 1} available for tenant
2025-12-12 09:23:35.586 66725 INFO tempest.lib.common.rest_client [req-defcc039-9af1-4261-b6e6-96870493aa18 req-defcc039-9af1-4261-b6e6-96870493aa18 ] Request (VolumesAdminNegativeTest:setUpClass): 201 POST http://10.180.1.21/networking/v2.0/routers 0.834s
2025-12-12 09:23:35.824 66711 INFO tempest.lib.common.rest_client [req-a35b5c9a-32c6-4e1b-bde4-d275cc12eb60 req-a35b5c9a-32c6-4e1b-bde4-d275cc12eb60 ] Request (VolumesAssistedSnapshotsTest:test_volume_assisted_snapshot_create_delete): 202 POST http://10.180.1.21/compute/v2.1/servers 5.800s
2025-12-12 09:23:35.984 66723 INFO tempest.lib.common.rest_client [req-442efdd9-d4a4-493b-b09c-a1a518169497 req-442efdd9-d4a4-493b-b09c-a1a518169497 ] Request (ServerDiagnosticsTest:test_get_server_diagnostics): 200 GET http://10.180.1.21/compute/v2.1/servers/b5b2888e-9adc-4a5a-a1b9-8b57ab2486f2 5.623s
2025-12-12 09:23:36.165 66731 INFO tempest.lib.common.rest_client [req-6971031e-c6a6-4f3b-a05a-55a40bf47964 req-6971031e-c6a6-4f3b-a05a-55a40bf47964 ] Request (FloatingIPsNegativeTestJSON:setUpClass): 200 GET http://10.180.1.21/compute/v2.1/os-floating-ips 5.032s
2025-12-12 09:23:36.284 66743 INFO tempest.lib.common.rest_client [req-3ab3b31b-f31c-4c20-8a58-41c319067a73 req-3ab3b31b-f31c-4c20-8a58-41c319067a73 ] Request (ServersTestBootFromVolume:setUpClass): 200 POST http://10.180.1.21/compute/v2.1/os-keypairs 4.996s
2025-12-12 09:23:36.304 66752 INFO tempest.lib.common.rest_client [req-aee6cb8d-44a8-409f-8962-db46c3025787 req-aee6cb8d-44a8-409f-8962-db46c3025787 ] Request (FlavorsAdminTestJSON:_run_cleanups): 202 DELETE http://10.180.1.21/compute/v2.1/flavors/912671596 5.008s
2025-12-12 09:23:36.321 66745 INFO tempest.lib.common.rest_client [req-d839ea01-567f-4b49-85b4-b7c0d0880539 req-d839ea01-567f-4b49-85b4-b7c0d0880539 ] Request (FlavorsV261TestJSON:_run_cleanups): 202 DELETE http://10.180.1.21/compute/v2.1/flavors/756990291 5.005s
2025-12-12 09:23:36.491 66725 INFO tempest.lib.common.rest_client [req-6da8a9fc-aab2-4ed8-b132-f612fb34b698 req-6da8a9fc-aab2-4ed8-b132-f612fb34b698 ] Request (VolumesAdminNegativeTest:setUpClass): 200 PUT http://10.180.1.21/networking/v2.0/routers/4377b911-16fb-4612-b4ec-4c97b945484f/add_router_interface 0.905s
2025-12-12 09:23:36.491 66725 INFO tempest.lib.common.dynamic_creds [-] Created isolated network resources for: credentials: Credentials: {'domain_id': 'default', 'domain_name': 'Default', 'username': 'tempest-VolumesAdminNegativeTest-1273024124-project', 'project_domain_id': 'default', 'project_domain_name': 'Default', 'project_id': '4a80e313405c4cb191f0ac27002b62f9', 'project_name': 'tempest-VolumesAdminNegativeTest-1273024124', 'tenant_id': '4a80e313405c4cb191f0ac27002b62f9', 'tenant_name': 'tempest-VolumesAdminNegativeTest-1273024124', 'user_domain_id': 'default', 'user_domain_name': 'Default', 'user_id': '92958ebf78f549b19ccee71fdae61ee6', 'system': None}, Network: {'id': '844e7a96-94d8-4383-bb67-ff0ce3eb2439', 'name': 'tempest-VolumesAdminNegativeTest-2022175453-network', 'tenant_id': '4a80e313405c4cb191f0ac27002b62f9', 'project_id': '4a80e313405c4cb191f0ac27002b62f9', 'admin_state_up': True, 'mtu': 8950, 'status': 'ACTIVE', 'subnets': [], 'shared': False, 'port_security_enabled': True, 'router:external': False, 'provider:network_type': 'vlan', 'provider:physical_network': 'default', 'provider:segmentation_id': 193, 'availability_zone_hints': [], 'availability_zones': [], 'ipv4_address_scope': None, 'ipv6_address_scope': None, 'description': '', 'tags': [], 'created_at': '2025-12-12T09:23:34Z', 'updated_at': '2025-12-12T09:23:34Z', 'revision_number': 1}, Subnet: {'id': 'fd04c91c-f77f-46d9-9614-b319a11a04d1', 'name': 'tempest-VolumesAdminNegativeTest-2022175453-subnet', 'tenant_id': '4a80e313405c4cb191f0ac27002b62f9', 'network_id': '844e7a96-94d8-4383-bb67-ff0ce3eb2439', 'ip_version': 4, 'subnetpool_id': None, 'enable_dhcp': True, 'ipv6_ra_mode': None, 'ipv6_address_mode': None, 'gateway_ip': '192.168.128.1', 'cidr': '192.168.128.0/28', 'allocation_pools': [{'start': '192.168.128.2', 'end': '192.168.128.14'}], 'host_routes': [], 'dns_nameservers': [], 'description': '', 'router:external': False, 'service_types': [], 'tags': [], 'created_at': '2025-12-12T09:23:34Z', 'updated_at': '2025-12-12T09:23:34Z', 'revision_number': 0, 'project_id': '4a80e313405c4cb191f0ac27002b62f9'}, Router: {'id': '4377b911-16fb-4612-b4ec-4c97b945484f', 'name': 'tempest-VolumesAdminNegativeTest-2022175453-router', 'tenant_id': '4a80e313405c4cb191f0ac27002b62f9', 'admin_state_up': True, 'status': 'ACTIVE', 'external_gateway_info': {'network_id': '177b0751-4b95-4bf9-a1ed-81250cca2e75', 'external_fixed_ips': [{'subnet_id': '70064f64-9710-4534-9251-2cccec34fcf6', 'ip_address': '10.180.180.232'}], 'enable_snat': True}, 'description': '', 'availability_zones': [], 'distributed': False, 'ha': False, 'availability_zone_hints': [], 'routes': [], 'flavor_id': None, 'tags': [], 'created_at': '2025-12-12T09:23:34Z', 'updated_at': '2025-12-12T09:23:35Z', 'revision_number': 2, 'project_id': '4a80e313405c4cb191f0ac27002b62f9'}
2025-12-12 09:23:36.591 66725 INFO tempest.lib.common.rest_client [req-96a09b91-5a4b-49f1-be77-8be4cbc9e7d4 req-96a09b91-5a4b-49f1-be77-8be4cbc9e7d4 ] Request (VolumesAdminNegativeTest:setUpClass): 201 POST http://10.180.1.21/identity/v3/auth/tokens 0.096s
2025-12-12 09:23:36.662 66743 INFO tempest.lib.common.rest_client [req-246b15a0-6892-4378-a10f-da98ae82ffe7 req-246b15a0-6892-4378-a10f-da98ae82ffe7 ] Request (ServersTestBootFromVolume:setUpClass): 201 POST http://10.180.1.21/networking/v2.0/security-groups 0.376s
2025-12-12 09:23:36.672 66725 INFO tempest.lib.common.rest_client [req-5fe68f21-5256-4079-b0c8-e27813493b5f req-5fe68f21-5256-4079-b0c8-e27813493b5f ] Request (VolumesAdminNegativeTest:test_update_attached_volume_with_nonexistent_volume_in_uri): 201 POST http://10.180.1.21/identity/v3/auth/tokens 0.075s
2025-12-12 09:23:36.672 66725 INFO tempest.lib.common.fixed_network [-] (VolumesAdminNegativeTest:test_update_attached_volume_with_nonexistent_volume_in_uri) Found network {'id': 'c47814ec-ec44-465f-828a-6fbb8a09bc59', 'name': 'tempest-VolumesAdminNegativeTest-53356444-network', 'tenant_id': '219d1d0e4d7e4bd38f4c58b3192d9bd2', 'project_id': '219d1d0e4d7e4bd38f4c58b3192d9bd2', 'admin_state_up': True, 'mtu': 8950, 'status': 'ACTIVE', 'subnets': [], 'shared': False, 'port_security_enabled': True, 'router:external': False, 'provider:network_type': 'vlan', 'provider:physical_network': 'default', 'provider:segmentation_id': 207, 'availability_zone_hints': [], 'availability_zones': [], 'ipv4_address_scope': None, 'ipv6_address_scope': None, 'description': '', 'tags': [], 'created_at': '2025-12-12T09:23:23Z', 'updated_at': '2025-12-12T09:23:23Z', 'revision_number': 1} available for tenant
2025-12-12 09:23:36.817 66743 INFO tempest.lib.common.rest_client [req-c76cedcf-02bd-4520-8ce8-e3b80adbceca req-c76cedcf-02bd-4520-8ce8-e3b80adbceca ] Request (ServersTestBootFromVolume:setUpClass): 201 POST http://10.180.1.21/networking/v2.0/security-group-rules 0.154s
2025-12-12 09:23:36.926 66743 INFO tempest.lib.common.rest_client [req-8c03d105-cd0b-4ee6-adc1-892ff886b387 req-8c03d105-cd0b-4ee6-adc1-892ff886b387 ] Request (ServersTestBootFromVolume:setUpClass): 201 POST http://10.180.1.21/networking/v2.0/security-group-rules 0.108s
2025-12-12 09:23:37.365 66743 INFO tempest.lib.common.rest_client [req-4eeb484b-59ac-4d80-9f83-887da3aa796c req-4eeb484b-59ac-4d80-9f83-887da3aa796c ] Request (ServersTestBootFromVolume:setUpClass): 201 POST http://10.180.1.21/networking/v2.0/floatingips 0.439s
2025-12-12 09:23:37.409 66743 INFO tempest.lib.common.rest_client [req-5a7490f2-1717-4bf4-96d6-21c0ef2b4710 req-5a7490f2-1717-4bf4-96d6-21c0ef2b4710 ] Request (ServersTestBootFromVolume:setUpClass): 201 POST http://10.180.1.21/identity/v3/auth/tokens 0.037s
2025-12-12 09:23:37.410 66743 INFO tempest.lib.common.fixed_network [-] (ServersTestBootFromVolume:setUpClass) Found network {'id': '28b7e3cf-3e31-46b1-a175-ffb986549543', 'name': 'tempest-ServersTestBootFromVolume-237225545-network', 'tenant_id': '7d6b45100b95489f90016eaa11d10e77', 'project_id': '7d6b45100b95489f90016eaa11d10e77', 'admin_state_up': True, 'mtu': 8950, 'status': 'ACTIVE', 'subnets': [], 'shared': False, 'port_security_enabled': True, 'router:external': False, 'provider:network_type': 'vlan', 'provider:physical_network': 'default', 'provider:segmentation_id': 828, 'availability_zone_hints': [], 'availability_zones': [], 'ipv4_address_scope': None, 'ipv6_address_scope': None, 'description': '', 'tags': [], 'created_at': '2025-12-12T09:23:25Z', 'updated_at': '2025-12-12T09:23:25Z', 'revision_number': 1} available for tenant
2025-12-12 09:23:37.597 66727 INFO tempest.lib.common.rest_client [req-7ed3b6d0-96f5-447d-9d9b-45e5b9306fe7 req-7ed3b6d0-96f5-447d-9d9b-45e5b9306fe7 ] Request (ServersV294TestFqdnHostnames:setUpClass): 202 POST http://10.180.1.21/compute/v2.1/servers 5.993s
2025-12-12 09:23:37.828 66749 INFO tempest.lib.common.rest_client [req-c45a5406-2327-44b2-8bbe-284b842d7563 req-c45a5406-2327-44b2-8bbe-284b842d7563 ] Request (ServerDiskConfigTestJSON:test_rebuild_server_with_auto_disk_config): 200 GET http://10.180.1.21/compute/v2.1/servers/05897d45-d524-4211-9098-b45ef2214406 6.054s
2025-12-12 09:23:37.831 66755 INFO tempest.lib.common.rest_client [req-7f2401a4-757c-4150-a423-9bdf7ed54cb1 req-7f2401a4-757c-4150-a423-9bdf7ed54cb1 ] Request (KeyPairsNegativeTestJSON:test_create_keypair_with_long_keynames): 400 POST http://10.180.1.21/compute/v2.1/os-keypairs 6.031s
2025-12-12 09:23:37.856 66717 INFO tempest.lib.common.rest_client [req-77e1db23-c349-43f7-b481-65d6d4fd8e54 req-77e1db23-c349-43f7-b481-65d6d4fd8e54 ] Request (FlavorsExtraSpecsTestJSON:test_flavor_set_get_update_show_unset_keys): 200 DELETE http://10.180.1.21/compute/v2.1/flavors/1650955294/os-extra_specs/hw:cpu_policy 6.037s
2025-12-12 09:23:37.876 66740 INFO tempest.lib.common.rest_client [req-6f8cda87-8c68-4754-be7c-b83a19f541d4 req-6f8cda87-8c68-4754-be7c-b83a19f541d4 ] Request (FlavorsV255TestJSON:_run_cleanups): 202 DELETE http://10.180.1.21/compute/v2.1/flavors/557900254 6.022s
2025-12-12 09:23:37.996 66767 INFO tempest.lib.common.rest_client [req-79d76e1f-6a1f-4ddf-a303-982a297fb643 req-79d76e1f-6a1f-4ddf-a303-982a297fb643 ] Request (SecurityGroupRulesTestJSON:test_security_group_rules_create_with_optional_group_id): 200 POST http://10.180.1.21/compute/v2.1/os-security-groups 6.105s
2025-12-12 09:23:38.018 66721 INFO tempest.lib.common.rest_client [req-3948fa22-b44c-42c3-9f0c-97442c525739 req-3948fa22-b44c-42c3-9f0c-97442c525739 ] Request (ImagesMetadataNegativeTestJSON:test_list_nonexistent_image_metadata): 404 GET http://10.180.1.21/compute/v2.1/images/c1376520-46cd-4eaf-a590-bb077359dad5/metadata 6.097s
2025-12-12 09:23:38.023 66765 INFO tempest.lib.common.rest_client [req-2647dbad-f8bb-4c7c-8380-3c03adb6dd06 req-2647dbad-f8bb-4c7c-8380-3c03adb6dd06 ] Request (HypervisorAdminNegativeTestJSON:test_get_nonexistent_hypervisor_uptime): 404 GET http://10.180.1.21/compute/v2.1/os-hypervisors/9ea7c2eb-3205-43e0-a1af-70e655248795/uptime 6.094s
2025-12-12 09:23:38.037 66773 INFO tempest.lib.common.rest_client [req-476774fd-72bf-4a36-9adc-eb58e3226eb8 req-476774fd-72bf-4a36-9adc-eb58e3226eb8 ] Request (FlavorsAccessTestJSON:_run_cleanups): 202 DELETE http://10.180.1.21/compute/v2.1/flavors/1491736657 6.068s
2025-12-12 09:23:38.120 66743 INFO tempest.lib.common.rest_client [req-b3838ac8-6778-4f75-972b-91cba3306fe2 req-b3838ac8-6778-4f75-972b-91cba3306fe2 ] Request (ServersTestBootFromVolume:setUpClass): 202 POST http://10.180.1.21/volume/v3/volumes 0.709s
2025-12-12 09:23:38.208 66747 INFO tempest.lib.common.rest_client [req-6bcb1409-705f-472b-ac50-dff40e5d9b30 req-6bcb1409-705f-472b-ac50-dff40e5d9b30 ] Request (DeleteServersAdminTestJSON:test_admin_delete_servers_of_others): 200 GET http://10.180.1.21/compute/v2.1/servers/80a05856-83bc-48d0-adc7-bb13ba3c1ff4 5.946s
2025-12-12 09:23:38.218 66757 INFO tempest.lib.common.rest_client [req-cde671fa-2436-4f08-929f-0d8021d4c0d8 req-cde671fa-2436-4f08-929f-0d8021d4c0d8 ] Request (HostsAdminNegativeTestJSON:test_show_host_detail_with_nonexistent_hostname): 404 GET http://10.180.1.21/compute/v2.1/os-hosts/nonexistent_hostname 5.895s
2025-12-12 09:23:38.262 66762 INFO tempest.lib.common.rest_client [req-5c9d9f03-cdd5-4408-b1ec-3cf213c08c56 req-5c9d9f03-cdd5-4408-b1ec-3cf213c08c56 ] Request (AggregatesAdminNegativeTestJSON:_run_cleanups): 200 DELETE http://10.180.1.21/compute/v2.1/os-aggregates/1 5.216s
2025-12-12 09:23:38.290 66735 INFO tempest.lib.common.rest_client [req-fd684118-cfd3-49ca-8388-3514df2d02ca req-fd684118-cfd3-49ca-8388-3514df2d02ca ] Request (FlavorsAccessNegativeTestJSON:_run_cleanups): 200 GET http://10.180.1.21/compute/v2.1/flavors/detail 5.221s
2025-12-12 09:23:38.295 66741 INFO tempest.lib.common.rest_client [req-bce83a54-5e89-486b-be01-9d930bb2b52a req-bce83a54-5e89-486b-be01-9d930bb2b52a ] Request (SecurityGroupsTestAdminJSON:test_list_security_groups_list_all_tenants_filter): 200 GET http://10.180.1.21/compute/v2.1/os-security-groups?all_tenants=true 13.216s
2025-12-12 09:23:38.301 66743 INFO tempest.lib.common.rest_client [req-ef42a9a0-f9f3-452f-8fc3-73e8d0caa38a req-ef42a9a0-f9f3-452f-8fc3-73e8d0caa38a ] Request (ServersTestBootFromVolume:setUpClass): 200 GET http://10.180.1.21/volume/v3/volumes/dcf93bf8-1c84-40cd-80ce-a72e91a01717 0.174s
2025-12-12 09:23:38.319 66753 INFO tempest.lib.common.rest_client [req-fbff4e74-d94c-48ca-af0a-840e7b7ff278 req-fbff4e74-d94c-48ca-af0a-840e7b7ff278 ] Request (ServersWithSpecificFlavorTestJSON:test_verify_created_server_ephemeral_disk): 200 POST http://10.180.1.21/compute/v2.1/flavors 5.204s
2025-12-12 09:23:38.366 66719 INFO tempest.lib.common.rest_client [req-ec69cc5d-7d0e-4e6b-85d4-6901365bbcc3 req-ec69cc5d-7d0e-4e6b-85d4-6901365bbcc3 ] Request (ServicesAdminNegativeTestJSON:test_list_services_with_non_admin_user): 403 GET http://10.180.1.21/compute/v2.1/os-services 5.272s
2025-12-12 09:23:38.553 66715 INFO tempest.lib.common.rest_client [req-2e3cb223-e928-4394-b83d-3dc5a564534b req-2e3cb223-e928-4394-b83d-3dc5a564534b ] Request (InstanceActionsTestJSON:setUpClass): 200 GET http://10.180.1.21/compute/v2.1/servers/cdf5fcb8-00e7-49b5-ac22-04657178c5f0 5.321s
2025-12-12 09:23:38.554 66719 INFO tempest.lib.common.rest_client [req-c5417f0b-a65e-4086-aa92-ce90b37b13ff req-c5417f0b-a65e-4086-aa92-ce90b37b13ff ] Request (ServicesAdminNegativeTestJSON:tearDownClass): 204 DELETE http://10.180.1.21/identity/v3/users/4d396a5ea42f43fc8062eb7697429e99 0.183s
2025-12-12 09:23:38.582 66733 INFO tempest.lib.common.rest_client [req-ab817376-1867-4d02-ae12-7c1141e3de77 req-ab817376-1867-4d02-ae12-7c1141e3de77 ] Request (ServerExternalEventsTest:test_create_server_external_events): 200 GET http://10.180.1.21/compute/v2.1/servers/ac5f320e-5cb9-4bea-8f8d-9832ca7dc788 5.278s
2025-12-12 09:23:38.699 66719 INFO tempest.lib.common.rest_client [req-7d41d4a9-5400-46a4-a240-ab07f5390689 req-7d41d4a9-5400-46a4-a240-ab07f5390689 ] Request (ServicesAdminNegativeTestJSON:tearDownClass): 204 DELETE http://10.180.1.21/identity/v3/users/3116fe32649c4191a7a19a9ebd68d1c2 0.144s
2025-12-12 09:23:38.699 66719 INFO tempest.lib.common.dynamic_creds [-] Deleting project and security group for project: 2795dd6810ef427d8d77a8acc902af01
2025-12-12 09:23:38.702 66770 INFO tempest.lib.common.rest_client [req-8a46b54c-06b4-42e9-88a4-a314a4b4ef76 req-8a46b54c-06b4-42e9-88a4-a314a4b4ef76 ] Request (ServerDiagnosticsV248Test:test_get_server_diagnostics): 200 GET http://10.180.1.21/compute/v2.1/servers/6e2c01fc-48ec-4dfc-b405-27cd6175bca7 4.927s
2025-12-12 09:23:38.773 66771 INFO tempest.lib.common.rest_client [req-a0311bd3-3ecf-4ba5-83b3-24e411a85d49 req-a0311bd3-3ecf-4ba5-83b3-24e411a85d49 ] Request (ImagesTestJSON:test_create_image_from_stopped_server): 200 GET http://10.180.1.21/compute/v2.1/servers/5152f121-7d4a-4840-820a-4929899982ac 3.858s
2025-12-12 09:23:38.802 66719 INFO tempest.lib.common.rest_client [req-802914d8-ca44-412c-a902-59b56fa03d89 req-802914d8-ca44-412c-a902-59b56fa03d89 ] Request (ServicesAdminNegativeTestJSON:tearDownClass): 201 POST http://10.180.1.21/identity/v3/auth/tokens 0.102s
2025-12-12 09:23:38.916 66729 INFO tempest.lib.common.rest_client [req-c236596f-fd4a-43e4-8261-d264fcbd847f req-c236596f-fd4a-43e4-8261-d264fcbd847f ] Request (QuotaClassesAdmin257Test:test_update_default_quotas): 200 GET http://10.180.1.21/compute/v2.1/os-quota-class-sets/default 3.613s
