2025-12-12 09:25:17.679 66721 INFO tempest.lib.common.rest_client [req-4174bfba-0533-4561-9d94-8f446c189ec0 req-4174bfba-0533-4561-9d94-8f446c189ec0 ] Request (ListServerFiltersTestJSON:setUpClass): 204 PUT http://10.180.1.21/identity/v3/projects/d9c43a2f7a82414d80bd7171026c3397/users/6de34f4936f2485b91f5de9289ebecad/roles/44244a4a9d904a87ba7b243441db35f7 0.033s
2025-12-12 09:25:17.679 66721 INFO tempest.lib.common.dynamic_creds [-] Dynamic test user 6de34f4936f2485b91f5de9289ebecad is created with scope project and roles: ['reader']
2025-12-12 09:25:17.679 66721 INFO tempest.lib.common.dynamic_creds [-] Acquired dynamic creds: credentials: Credentials: {'domain_id': 'default', 'domain_name': 'Default', 'username': 'tempest-ListServerFiltersTestJSON-1649813458-project-reader', 'project_domain_id': 'default', 'project_domain_name': 'Default', 'project_id': 'd9c43a2f7a82414d80bd7171026c3397', 'project_name': 'tempest-ListServerFiltersTestJSON-1649813458', 'tenant_id': 'd9c43a2f7a82414d80bd7171026c3397', 'tenant_name': 'tempest-ListServerFiltersTestJSON-1649813458', 'user_domain_id': 'default', 'user_domain_name': 'Default', 'user_id': '6de34f4936f2485b91f5de9289ebecad', 'system': None}, Network: None, Subnet: None, Router: None
2025-12-12 09:25:17.680 66721 INFO tempest.lib.common.dynamic_creds [-] Network resources are not created for requested scope: project and credentials: Credentials: {'domain_id': 'default', 'domain_name': 'Default', 'username': 'tempest-ListServerFiltersTestJSON-1649813458-project-reader', 'project_domain_id': 'default', 'project_domain_name': 'Default', 'project_id': 'd9c43a2f7a82414d80bd7171026c3397', 'project_name': 'tempest-ListServerFiltersTestJSON-1649813458', 'tenant_id': 'd9c43a2f7a82414d80bd7171026c3397', 'tenant_name': 'tempest-ListServerFiltersTestJSON-1649813458', 'user_domain_id': 'default', 'user_domain_name': 'Default', 'user_id': '6de34f4936f2485b91f5de9289ebecad', 'system': None}, Network: None, Subnet: None, Router: None
2025-12-12 09:25:17.695 66773 INFO tempest.lib.common.rest_client [req-6ffb9a56-dd3f-408e-9714-13eb446733fb req-6ffb9a56-dd3f-408e-9714-13eb446733fb ] Request (KeyPairsV2TestJSON:_run_cleanups): 202 DELETE http://10.180.1.21/compute/v2.1/os-keypairs/tempest-KeyPairsV2TestJSON-keypair-561340097 5.059s
2025-12-12 09:25:17.720 66713 INFO tempest.lib.common.rest_client [req-8b50649b-cc56-4f4d-ac93-6f7c38ca0a46 req-8b50649b-cc56-4f4d-ac93-6f7c38ca0a46 ] Request (TenantUsagesTestJSON:setUpClass): 202 POST http://10.180.1.21/compute/v2.1/servers 5.128s
2025-12-12 09:25:17.784 66715 INFO tempest.lib.common.rest_client [req-e82552a4-2e1b-44cb-98d1-99445fd4b5a4 req-e82552a4-2e1b-44cb-98d1-99445fd4b5a4 ] Request (ServerActionsV293TestJSON:setUpClass): 200 GET http://10.180.1.21/compute/v2.1/servers/5540c562-756e-45b7-9ec2-9981887f9476 5.116s
2025-12-12 09:25:17.793 66721 INFO tempest.lib.common.rest_client [req-a6405a1e-d984-46a8-892b-4eb836fa7880 req-a6405a1e-d984-46a8-892b-4eb836fa7880 ] Request (ListServerFiltersTestJSON:setUpClass): 201 POST http://10.180.1.21/identity/v3/auth/tokens 0.109s
2025-12-12 09:25:17.890 66773 INFO tempest.lib.common.rest_client [req-61ab8b5d-2840-4b3a-bc0b-431e321e482d req-61ab8b5d-2840-4b3a-bc0b-431e321e482d ] Request (KeyPairsV2TestJSON:tearDownClass): 204 DELETE http://10.180.1.21/identity/v3/users/6847c270b2da493598dc243a88fe33ac 0.194s
2025-12-12 09:25:17.891 66773 INFO tempest.lib.common.dynamic_creds [-] Deleting project and security group for project: 199ee78e061b40a390209a05ef45b013
2025-12-12 09:25:17.955 66765 INFO tempest.lib.common.rest_client [req-149bfb44-9985-4399-96ec-1a9586d7e3fe req-149bfb44-9985-4399-96ec-1a9586d7e3fe ] Request (FloatingIPsAssociationNegativeTestJSON:test_associate_nonexistent_floating_ip): 404 POST http://10.180.1.21/compute/v2.1/servers/3667d7a7-ea88-4698-9fd9-5365ddc42dc5/action 5.168s
2025-12-12 09:25:17.964 66721 INFO tempest.lib.common.rest_client [req-22711a2e-c80c-4834-9b0a-52b5b8b81506 req-22711a2e-c80c-4834-9b0a-52b5b8b81506 ] Request (ListServerFiltersTestJSON:setUpClass): 201 POST http://10.180.1.21/identity/v3/auth/tokens 0.166s
2025-12-12 09:25:17.965 66721 INFO tempest.lib.common.fixed_network [-] (ListServerFiltersTestJSON:setUpClass) Found network {'id': 'f2231a7a-8f40-48d3-8871-6c1120998037', 'name': 'tempest-ListServerFiltersTestJSON-234618613-network', 'tenant_id': 'd9c43a2f7a82414d80bd7171026c3397', 'project_id': 'd9c43a2f7a82414d80bd7171026c3397', 'admin_state_up': True, 'mtu': 8950, 'status': 'ACTIVE', 'subnets': [], 'shared': False, 'port_security_enabled': True, 'router:external': False, 'provider:network_type': 'vlan', 'provider:physical_network': 'default', 'provider:segmentation_id': 704, 'availability_zone_hints': [], 'availability_zones': [], 'ipv4_address_scope': None, 'ipv6_address_scope': None, 'description': '', 'tags': [], 'created_at': '2025-12-12T09:25:17Z', 'updated_at': '2025-12-12T09:25:17Z', 'revision_number': 1} available for tenant
2025-12-12 09:25:18.020 66721 INFO tempest.lib.common.rest_client [req-0371b713-0a04-4f35-a6b0-3a68616dac8f req-0371b713-0a04-4f35-a6b0-3a68616dac8f ] Request (ListServerFiltersTestJSON:setUpClass): 201 POST http://10.180.1.21/identity/v3/auth/tokens 0.053s
2025-12-12 09:25:18.021 66721 INFO tempest.lib.common.fixed_network [-] (ListServerFiltersTestJSON:setUpClass) Found network {'id': 'f2231a7a-8f40-48d3-8871-6c1120998037', 'name': 'tempest-ListServerFiltersTestJSON-234618613-network', 'tenant_id': 'd9c43a2f7a82414d80bd7171026c3397', 'project_id': 'd9c43a2f7a82414d80bd7171026c3397', 'admin_state_up': True, 'mtu': 8950, 'status': 'ACTIVE', 'subnets': [], 'shared': False, 'port_security_enabled': True, 'router:external': False, 'provider:network_type': 'vlan', 'provider:physical_network': 'default', 'provider:segmentation_id': 704, 'availability_zone_hints': [], 'availability_zones': [], 'ipv4_address_scope': None, 'ipv6_address_scope': None, 'description': '', 'tags': [], 'created_at': '2025-12-12T09:25:17Z', 'updated_at': '2025-12-12T09:25:17Z', 'revision_number': 1} available for tenant
2025-12-12 09:25:18.045 66735 INFO tempest.lib.common.rest_client [req-4d04f89a-ba91-4c62-ab83-0201d9b2e0d5 req-4d04f89a-ba91-4c62-ab83-0201d9b2e0d5 ] Request (QuotasAdminNegativeTest:test_create_server_when_instances_quota_is_full): 200 PUT http://10.180.1.21/compute/v2.1/os-quota-sets/dc932cd2deed4c829fdd2942450a58a6 5.033s
2025-12-12 09:25:18.049 66773 INFO tempest.lib.common.rest_client [req-8b81ca95-a511-4f39-8cb1-90d6e2aedfca req-8b81ca95-a511-4f39-8cb1-90d6e2aedfca ] Request (KeyPairsV2TestJSON:tearDownClass): 201 POST http://10.180.1.21/identity/v3/auth/tokens 0.158s
2025-12-12 09:25:18.085 66719 INFO tempest.lib.common.rest_client [req-7d834ddf-c104-4a3c-b4eb-d56b9caa5cf8 req-7d834ddf-c104-4a3c-b4eb-d56b9caa5cf8 ] Request (ImagesOneServerTestJSON:test_create_image_specify_multibyte_character_image_name): 200 GET http://10.180.1.21/compute/v2.1/images/46d09f04-22ae-481b-9101-fc2e288a5114 4.249s
2025-12-12 09:25:18.092 66725 INFO tempest.lib.common.rest_client [req-31151226-0b90-46b1-8fc3-68fcf417b53f req-31151226-0b90-46b1-8fc3-68fcf417b53f ] Request (ServerGroup264TestJSON:tearDownClass): 404 DELETE http://10.180.1.21/compute/v2.1/os-server-groups/011afa4e-a9f6-4048-8c56-231bfd12b69d 4.249s
2025-12-12 09:25:18.112 66735 INFO tempest.lib.common.rest_client [req-a55c70b3-29c5-4e18-a93a-b73112d088d9 req-a55c70b3-29c5-4e18-a93a-b73112d088d9 ] Request (QuotasAdminNegativeTest:test_create_server_when_instances_quota_is_full): 201 POST http://10.180.1.21/identity/v3/auth/tokens 0.063s
2025-12-12 09:25:18.113 66735 INFO tempest.lib.common.fixed_network [-] (QuotasAdminNegativeTest:test_create_server_when_instances_quota_is_full) Found network None available for tenant
2025-12-12 09:25:18.459 66745 INFO tempest.lib.common.rest_client [req-4d60758c-d12d-4490-b7e0-e178cfac817a req-4d60758c-d12d-4490-b7e0-e178cfac817a ] Request (ServersTestManualDisk:setUpClass): 200 PUT http://10.180.1.21/networking/v2.0/routers/092d61b0-0afd-4b2e-b503-e32439a6ac91/add_router_interface 1.098s
2025-12-12 09:25:18.459 66745 INFO tempest.lib.common.dynamic_creds [-] Created isolated network resources for: credentials: Credentials: {'domain_id': 'default', 'domain_name': 'Default', 'username': 'tempest-ServersTestManualDisk-1486569766-project-member', 'project_domain_id': 'default', 'project_domain_name': 'Default', 'project_id': '1d5a3acc0d0e448f85f8d3204c04cc6f', 'project_name': 'tempest-ServersTestManualDisk-1486569766', 'tenant_id': '1d5a3acc0d0e448f85f8d3204c04cc6f', 'tenant_name': 'tempest-ServersTestManualDisk-1486569766', 'user_domain_id': 'default', 'user_domain_name': 'Default', 'user_id': '924afa50a94147d982cbeddcfececa56', 'system': None}, Network: {'id': '2ef9650d-4ec1-4340-9a51-abd1b367dd0d', 'name': 'tempest-ServersTestManualDisk-540555041-network', 'tenant_id': '1d5a3acc0d0e448f85f8d3204c04cc6f', 'project_id': '1d5a3acc0d0e448f85f8d3204c04cc6f', 'admin_state_up': True, 'mtu': 8950, 'status': 'ACTIVE', 'subnets': [], 'shared': False, 'port_security_enabled': True, 'router:external': False, 'provider:network_type': 'vlan', 'provider:physical_network': 'default', 'provider:segmentation_id': 456, 'availability_zone_hints': [], 'availability_zones': [], 'ipv4_address_scope': None, 'ipv6_address_scope': None, 'description': '', 'tags': [], 'created_at': '2025-12-12T09:25:15Z', 'updated_at': '2025-12-12T09:25:16Z', 'revision_number': 1}, Subnet: {'id': '38369d02-b235-474f-bea4-65b0d3a89628', 'name': 'tempest-ServersTestManualDisk-540555041-subnet', 'tenant_id': '1d5a3acc0d0e448f85f8d3204c04cc6f', 'network_id': '2ef9650d-4ec1-4340-9a51-abd1b367dd0d', 'ip_version': 4, 'subnetpool_id': None, 'enable_dhcp': True, 'ipv6_ra_mode': None, 'ipv6_address_mode': None, 'gateway_ip': '192.168.128.1', 'cidr': '192.168.128.0/28', 'allocation_pools': [{'start': '192.168.128.2', 'end': '192.168.128.14'}], 'host_routes': [], 'dns_nameservers': [], 'description': '', 'router:external': False, 'service_types': [], 'tags': [], 'created_at': '2025-12-12T09:25:16Z', 'updated_at': '2025-12-12T09:25:16Z', 'revision_number': 0, 'project_id': '1d5a3acc0d0e448f85f8d3204c04cc6f'}, Router: {'id': '092d61b0-0afd-4b2e-b503-e32439a6ac91', 'name': 'tempest-ServersTestManualDisk-540555041-router', 'tenant_id': '1d5a3acc0d0e448f85f8d3204c04cc6f', 'admin_state_up': True, 'status': 'ACTIVE', 'external_gateway_info': {'network_id': '177b0751-4b95-4bf9-a1ed-81250cca2e75', 'external_fixed_ips': [{'subnet_id': '70064f64-9710-4534-9251-2cccec34fcf6', 'ip_address': '10.180.180.215'}], 'enable_snat': True}, 'description': '', 'availability_zones': [], 'distributed': False, 'ha': False, 'availability_zone_hints': [], 'routes': [], 'flavor_id': None, 'tags': [], 'created_at': '2025-12-12T09:25:16Z', 'updated_at': '2025-12-12T09:25:17Z', 'revision_number': 2, 'project_id': '1d5a3acc0d0e448f85f8d3204c04cc6f'}
2025-12-12 09:25:18.481 66773 INFO tempest.lib.common.rest_client [req-ee428e2e-7997-4b35-a480-8b12835733fd req-ee428e2e-7997-4b35-a480-8b12835733fd ] Request (KeyPairsV2TestJSON:tearDownClass): 200 GET http://10.180.1.21/networking/v2.0/security-groups?tenant_id=199ee78e061b40a390209a05ef45b013&name=default 0.431s
2025-12-12 09:25:18.585 66745 INFO tempest.lib.common.rest_client [req-20b5d2da-736d-4938-ae89-1f6a679e47b8 req-20b5d2da-736d-4938-ae89-1f6a679e47b8 ] Request (ServersTestManualDisk:setUpClass): 201 POST http://10.180.1.21/identity/v3/auth/tokens 0.121s
2025-12-12 09:25:18.635 66731 INFO tempest.lib.common.rest_client [req-ff1145e5-2761-4356-a583-5ce0dd9bab80 req-ff1145e5-2761-4356-a583-5ce0dd9bab80 ] Request (SecurityGroupsTestJSON:test_security_groups_create_list_delete): 200 POST http://10.180.1.21/compute/v2.1/os-security-groups 4.726s
2025-12-12 09:25:19.185 66725 INFO tempest.lib.common.rest_client [req-cf5698b3-8590-41ee-9b4a-83b5da19da64 req-cf5698b3-8590-41ee-9b4a-83b5da19da64 ] Request (ServerGroup264TestJSON:tearDownClass): 200 PUT http://10.180.1.21/networking/v2.0/routers/59b98cbe-661a-45ac-b669-630be713112c/remove_router_interface 1.092s
2025-12-12 09:25:19.247 66740 INFO tempest.lib.common.rest_client [req-c83560ea-e630-4127-8118-0ba656ab1206 req-c83560ea-e630-4127-8118-0ba656ab1206 ] Request (MigrationsAdminTest:test_list_migrations_in_flavor_resize_situation): 200 GET http://10.180.1.21/compute/v2.1/servers/fc8c242a-a9b9-4a5f-b03d-0a97772a13ba 5.869s
2025-12-12 09:25:19.370 66773 INFO tempest.lib.common.rest_client [req-2cf4d19a-72a7-4471-8665-372147d0c004 req-2cf4d19a-72a7-4471-8665-372147d0c004 ] Request (KeyPairsV2TestJSON:tearDownClass): 204 DELETE http://10.180.1.21/networking/v2.0/security-groups/54373a6b-0ee1-4af3-b137-d0835f8e79b3 0.889s
2025-12-12 09:25:19.400 66723 INFO tempest.lib.common.rest_client [req-16ed73c2-8850-42b8-b312-6f7cf9405c29 req-16ed73c2-8850-42b8-b312-6f7cf9405c29 ] Request (ServerAddressesNegativeTestJSON:tearDownClass): 200 GET http://10.180.1.21/compute/v2.1/servers/8b5f950f-1705-4065-b47a-b69f5ef51557 5.470s
2025-12-12 09:25:19.443 66762 INFO tempest.lib.common.rest_client [req-2ed7b1b2-5610-451b-8bdb-a209070070ac req-2ed7b1b2-5610-451b-8bdb-a209070070ac ] Request (AggregatesAdminNegativeTestJSON:_run_cleanups): 200 DELETE http://10.180.1.21/compute/v2.1/os-aggregates/7 5.235s
2025-12-12 09:25:19.462 66733 INFO tempest.lib.common.rest_client [req-17203061-c9cc-441f-83a7-79f11f834908 req-17203061-c9cc-441f-83a7-79f11f834908 ] Request (ServersTestFqdnHostnames:test_create_server_with_fqdn_name): 200 POST http://10.180.1.21/compute/v2.1/os-keypairs 5.440s
2025-12-12 09:25:19.496 66773 INFO tempest.lib.common.rest_client [req-bdab53ee-f7a1-4c14-bfd4-ac2fe454ea1b req-bdab53ee-f7a1-4c14-bfd4-ac2fe454ea1b ] Request (KeyPairsV2TestJSON:tearDownClass): 204 DELETE http://10.180.1.21/identity/v3/projects/199ee78e061b40a390209a05ef45b013 0.125s
2025-12-12 09:25:19.497 66773 INFO tempest.test [-] raised in ServerStableDeviceRescueTestIDE.setUpClass. Invoking tearDownClass.
2025-12-12 09:25:19.591 66753 WARNING tempest.lib.common.ssh [-] Failed to establish authenticated ssh connection to cirros@10.180.180.210 ([Errno None] Unable to connect to port 22 on 10.180.180.210). Number attempts: 7. Retry after 8 seconds.: paramiko.ssh_exception.NoValidConnectionsError: [Errno None] Unable to connect to port 22 on 10.180.180.210
2025-12-12 09:25:19.858 66725 INFO tempest.lib.common.rest_client [req-1258ec1e-b73d-46f1-8f5a-51e2452efc41 req-1258ec1e-b73d-46f1-8f5a-51e2452efc41 ] Request (ServerGroup264TestJSON:tearDownClass): 204 DELETE http://10.180.1.21/networking/v2.0/routers/59b98cbe-661a-45ac-b669-630be713112c 0.673s
2025-12-12 09:25:19.940 66743 INFO paramiko.transport [-] Connected (version 2.0, client dropbear_2020.81)
2025-12-12 09:25:20.043 66743 INFO paramiko.transport [-] Authentication (publickey) successful!
2025-12-12 09:25:20.043 66743 INFO tempest.lib.common.ssh [-] ssh connection to cirros@10.180.180.136 successfully created
2025-12-12 09:25:20.070 66733 INFO tempest.lib.common.rest_client [req-e1b0e5ad-6cba-44c7-89b7-c71105beae69 req-e1b0e5ad-6cba-44c7-89b7-c71105beae69 ] Request (ServersTestFqdnHostnames:test_create_server_with_fqdn_name): 201 POST http://10.180.1.21/networking/v2.0/security-groups 0.606s
2025-12-12 09:25:20.097 66767 INFO tempest.lib.common.rest_client [req-7beed03e-b3ce-4de5-94ec-25d072354a66 req-7beed03e-b3ce-4de5-94ec-25d072354a66 ] Request (AttachVolumeTestJSON:test_attach_detach_volume): 200 GET http://10.180.1.21/compute/v2.1/servers/0afab712-40f8-4eda-9e5d-bcae8d1a04ca 5.291s
2025-12-12 09:25:20.236 66725 INFO tempest.lib.common.rest_client [req-022b8a73-8348-4c1f-b582-0d560a54ed6e req-022b8a73-8348-4c1f-b582-0d560a54ed6e ] Request (ServerGroup264TestJSON:tearDownClass): 204 DELETE http://10.180.1.21/networking/v2.0/subnets/69803d85-6b22-45a5-8029-ac19d27bb728 0.373s
2025-12-12 09:25:20.297 66733 INFO tempest.lib.common.rest_client [req-4f05f3f7-b856-4473-8fec-77a31feea5fc req-4f05f3f7-b856-4473-8fec-77a31feea5fc ] Request (ServersTestFqdnHostnames:test_create_server_with_fqdn_name): 201 POST http://10.180.1.21/networking/v2.0/security-group-rules 0.226s
2025-12-12 09:25:20.333 66770 INFO tempest.lib.common.rest_client [req-9c1710f5-ed7c-4cfc-9af4-aa6195393a3f req-9c1710f5-ed7c-4cfc-9af4-aa6195393a3f ] Request (ServersAdminTestJSON:setUpClass): 200 GET http://10.180.1.21/compute/v2.1/servers/375b25ec-45d7-4f98-a495-049910a7ade8 5.530s
2025-12-12 09:25:20.341 66770 INFO tempest.common.waiters [-] State transition "BUILD/spawning" ==> "ACTIVE/None" after 24 second wait
2025-12-12 09:25:20.385 66741 INFO tempest.lib.common.rest_client [req-f8bc8d08-93a0-4fb7-b279-d32af573d07d req-f8bc8d08-93a0-4fb7-b279-d32af573d07d ] Request (ImagesOneServerNegativeTestJSON:setUp): 200 GET http://10.180.1.21/compute/v2.1/servers/95578162-f9a8-46e3-8e22-98a1cc2a7fff 5.569s
2025-12-12 09:25:20.479 66733 INFO tempest.lib.common.rest_client [req-837eda26-ae65-49f0-9599-4379ebce8157 req-837eda26-ae65-49f0-9599-4379ebce8157 ] Request (ServersTestFqdnHostnames:test_create_server_with_fqdn_name): 201 POST http://10.180.1.21/networking/v2.0/security-group-rules 0.181s
2025-12-12 09:25:20.483 66725 INFO tempest.lib.common.rest_client [req-eccb6835-1a03-4647-8be0-492f81b1a8a4 req-eccb6835-1a03-4647-8be0-492f81b1a8a4 ] Request (ServerGroup264TestJSON:tearDownClass): 204 DELETE http://10.180.1.21/networking/v2.0/networks/526361a0-05b4-43e5-a3e1-bbd6cfb32cb1 0.246s
2025-12-12 09:25:20.574 66757 INFO tempest.lib.common.rest_client [req-f9473b90-aa4a-4595-ba15-475b7601d4c3 req-f9473b90-aa4a-4595-ba15-475b7601d4c3 ] Request (ImagesNegativeTestJSON:test_create_image_from_deleted_server): 200 GET http://10.180.1.21/compute/v2.1/servers/cdf2235f-94ff-44f8-8d20-4b5395a2242e 3.861s
2025-12-12 09:25:20.623 66717 INFO tempest.lib.common.rest_client [req-95c3bf41-da3b-482e-8980-3436653b04b9 req-95c3bf41-da3b-482e-8980-3436653b04b9 ] Request (ImagesMetadataTestJSON:test_set_image_metadata): 200 GET http://10.180.1.21/compute/v2.1/images/72fb2be4-234e-4cd1-b8a4-b911d1f8e6e8/metadata 3.810s
2025-12-12 09:25:20.646 66725 INFO tempest.lib.common.rest_client [req-4cfead5d-8996-42d0-ad0f-11deac8f370b req-4cfead5d-8996-42d0-ad0f-11deac8f370b ] Request (ServerGroup264TestJSON:tearDownClass): 204 DELETE http://10.180.1.21/identity/v3/users/8a9fe4f3a86d4c6197a9bceffe521260 0.162s
2025-12-12 09:25:20.646 66725 INFO tempest.lib.common.dynamic_creds [-] Deleting project and security group for project: 7ff89ef5485f4265a7444c600a14bb3b
2025-12-12 09:25:20.649 66747 INFO tempest.lib.common.rest_client [req-3108b1b7-ea43-4de0-853a-a263896dcd36 req-3108b1b7-ea43-4de0-853a-a263896dcd36 ] Request (DeleteServersAdminTestJSON:tearDownClass): 404 DELETE http://10.180.1.21/compute/v2.1/servers/80a05856-83bc-48d0-adc7-bb13ba3c1ff4 3.808s
2025-12-12 09:25:20.723 66755 INFO tempest.lib.common.rest_client [req-849c96ac-6d3d-4664-9981-e470b2acfd9b req-849c96ac-6d3d-4664-9981-e470b2acfd9b ] Request (MultipleCreateTestJSON:test_multiple_create): 200 GET http://10.180.1.21/compute/v2.1/servers/32061cab-b1fe-4599-8c91-ed9cca03ebc1 5.677s
2025-12-12 09:25:20.733 66755 INFO tempest.common.waiters [-] State transition "BUILD/None" ==> "BUILD/spawning" after 6 second wait
2025-12-12 09:25:20.773 66725 INFO tempest.lib.common.rest_client [req-fa736dee-b5bc-48bb-809e-0eec09df433f req-fa736dee-b5bc-48bb-809e-0eec09df433f ] Request (ServerGroup264TestJSON:tearDownClass): 200 GET http://10.180.1.21/networking/v2.0/security-groups?tenant_id=7ff89ef5485f4265a7444c600a14bb3b&name=default 0.127s
2025-12-12 09:25:20.849 66764 INFO tempest.lib.common.rest_client [req-844e1b46-35dd-4a00-9ff4-f4bb29559207 req-844e1b46-35dd-4a00-9ff4-f4bb29559207 ] Request (FloatingIPsAssociationTestJSON:_run_cleanups): 204 DELETE http://10.180.1.21/compute/v2.1/servers/0d9008dd-3ed9-48be-8a40-5ad3207e8517 3.295s
2025-12-12 09:25:20.859 66711 INFO tempest.lib.common.rest_client [req-5c3b8051-083c-4638-ae62-462e7790a22f req-5c3b8051-083c-4638-ae62-462e7790a22f ] Request (VolumesAssistedSnapshotsTest:test_volume_assisted_snapshot_create_delete): 200 POST http://10.180.1.21/compute/v2.1/os-assisted-volume-snapshots 3.864s
2025-12-12 09:25:20.914 66725 INFO tempest.lib.common.rest_client [req-c4ad388f-b463-44ba-9070-b6d844425eca req-c4ad388f-b463-44ba-9070-b6d844425eca ] Request (ServerGroup264TestJSON:tearDownClass): 204 DELETE http://10.180.1.21/networking/v2.0/security-groups/dd81f485-20ce-44fe-8039-87fc1301a03e 0.140s
2025-12-12 09:25:21.048 66733 INFO tempest.lib.common.rest_client [req-9d81e822-b382-455c-b562-233c0a92382d req-9d81e822-b382-455c-b562-233c0a92382d ] Request (ServersTestFqdnHostnames:test_create_server_with_fqdn_name): 201 POST http://10.180.1.21/networking/v2.0/floatingips 0.568s
2025-12-12 09:25:21.091 66725 INFO tempest.lib.common.rest_client [req-b2d62bc7-bbe6-4e26-839a-05a61449674d req-b2d62bc7-bbe6-4e26-839a-05a61449674d ] Request (ServerGroup264TestJSON:tearDownClass): 204 DELETE http://10.180.1.21/identity/v3/projects/7ff89ef5485f4265a7444c600a14bb3b 0.177s
2025-12-12 09:25:21.124 66733 INFO tempest.lib.common.rest_client [req-17886e16-84e3-4e1d-87b9-533f78331bb6 req-17886e16-84e3-4e1d-87b9-533f78331bb6 ] Request (ServersTestFqdnHostnames:test_create_server_with_fqdn_name): 201 POST http://10.180.1.21/identity/v3/auth/tokens 0.072s
2025-12-12 09:25:21.124 66733 INFO tempest.lib.common.fixed_network [-] (ServersTestFqdnHostnames:test_create_server_with_fqdn_name) Found network {'id': '61bc2477-07ab-4a68-ad21-2d4e55a51c37', 'name': 'tempest-ServersTestFqdnHostnames-1895947775-network', 'tenant_id': 'c8b6424e6d0b43a292af49550c8d46bc', 'project_id': 'c8b6424e6d0b43a292af49550c8d46bc', 'admin_state_up': True, 'mtu': 8950, 'status': 'ACTIVE', 'subnets': [], 'shared': False, 'port_security_enabled': True, 'router:external': False, 'provider:network_type': 'vlan', 'provider:physical_network': 'default', 'provider:segmentation_id': 364, 'availability_zone_hints': [], 'availability_zones': [], 'ipv4_address_scope': None, 'ipv6_address_scope': None, 'description': '', 'tags': [], 'created_at': '2025-12-12T09:25:11Z', 'updated_at': '2025-12-12T09:25:11Z', 'revision_number': 1} available for tenant
2025-12-12 09:25:21.126 66771 INFO tempest.lib.common.rest_client [req-8aa8734f-e617-49cd-9818-1ebeff908ae2 req-8aa8734f-e617-49cd-9818-1ebeff908ae2 ] Request (ImagesTestJSON:test_create_image_from_suspended_server): 200 GET http://10.180.1.21/compute/v2.1/servers/6e858d6d-3eb4-40d7-8d37-92fef0f9b79c 3.524s
2025-12-12 09:25:21.137 66771 INFO tempest.common.waiters [-] State transition "BUILD/spawning" ==> "ACTIVE/None" after 25 second wait
2025-12-12 09:25:21.144 66749 INFO tempest.lib.common.rest_client [req-8fd7bd26-6860-4b9e-a5d1-a4eab3d31287 req-8fd7bd26-6860-4b9e-a5d1-a4eab3d31287 ] Request (ServerDiskConfigTestJSON:test_rebuild_server_with_manual_disk_config): 200 GET http://10.180.1.21/compute/v2.1/servers/f178320e-3a02-4de1-9302-e3e1c1116296 3.496s
2025-12-12 09:25:21.167 66752 INFO tempest.lib.common.rest_client [req-26f827a9-5df6-4aaa-8425-e7c2c63e4b3a req-26f827a9-5df6-4aaa-8425-e7c2c63e4b3a ] Request (FlavorsAdminTestJSON:test_is_public_string_variations): 200 GET http://10.180.1.21/compute/v2.1/flavors/detail?is_public=true 3.492s
2025-12-12 09:25:21.187 66725 INFO tempest.lib.common.rest_client [req-ae8ba20a-6292-4da2-be22-46ba81b03205 req-ae8ba20a-6292-4da2-be22-46ba81b03205 ] Request (ServersNegativeTestMultiTenantJSON:setUpClass): 201 POST http://10.180.1.21/identity/v3/auth/tokens 0.093s
2025-12-12 09:25:21.198 66765 INFO tempest.lib.common.rest_client [req-d93cec5e-291c-40c3-b248-afcc8e3181d0 req-d93cec5e-291c-40c3-b248-afcc8e3181d0 ] Request (FloatingIPsAssociationNegativeTestJSON:test_dissociate_nonexistent_floating_ip): 404 POST http://10.180.1.21/compute/v2.1/servers/3667d7a7-ea88-4698-9fd9-5365ddc42dc5/action 3.239s
2025-12-12 09:25:21.226 66725 INFO tempest.lib.common.rest_client [req-6a754cc8-6612-4220-8819-6852b9a5a965 req-6a754cc8-6612-4220-8819-6852b9a5a965 ] Request (ServersNegativeTestMultiTenantJSON:setUpClass): 201 POST http://10.180.1.21/identity/v3/auth/tokens 0.037s
2025-12-12 09:25:21.238 66713 INFO tempest.lib.common.rest_client [req-f3956642-51d9-46bb-8874-9c68dc0e375d req-f3956642-51d9-46bb-8874-9c68dc0e375d ] Request (TenantUsagesTestJSON:setUpClass): 200 GET http://10.180.1.21/compute/v2.1/servers/8c3008d0-58d6-4549-a914-95f4de4c0ba9 3.515s
2025-12-12 09:25:21.257 66725 INFO tempest.lib.common.rest_client [req-e3a4ffca-8f87-4bd9-9727-125322a62074 req-e3a4ffca-8f87-4bd9-9727-125322a62074 ] Request (ServersNegativeTestMultiTenantJSON:setUpClass): 200 GET http://10.180.1.21/identity/v3/domains?name=Default 0.030s
2025-12-12 09:25:21.287 66719 INFO tempest.lib.common.rest_client [req-a81be25e-2948-446e-ad43-d03bd0ddba22 req-a81be25e-2948-446e-ad43-d03bd0ddba22 ] Request (ImagesOneServerTestJSON:test_create_image_specify_multibyte_character_image_name): 200 GET http://10.180.1.21/compute/v2.1/images/46d09f04-22ae-481b-9101-fc2e288a5114 3.199s
2025-12-12 09:25:21.298 66725 INFO tempest.lib.common.rest_client [req-8075c34b-1ae2-468a-91a3-510103c4cd4f req-8075c34b-1ae2-468a-91a3-510103c4cd4f ] Request (ServersNegativeTestMultiTenantJSON:setUpClass): 201 POST http://10.180.1.21/identity/v3/projects 0.040s
2025-12-12 09:25:21.383 66725 INFO tempest.lib.common.rest_client [req-0ea9c8b0-d96e-4f62-b933-3d1af0e33f93 req-0ea9c8b0-d96e-4f62-b933-3d1af0e33f93 ] Request (ServersNegativeTestMultiTenantJSON:setUpClass): 201 POST http://10.180.1.21/identity/v3/users 0.084s
2025-12-12 09:25:21.412 66725 INFO tempest.lib.common.rest_client [req-d92b9e3e-a49a-491e-b849-0b0dc175e573 req-d92b9e3e-a49a-491e-b849-0b0dc175e573 ] Request (ServersNegativeTestMultiTenantJSON:setUpClass): 200 GET http://10.180.1.21/identity/v3/roles 0.029s
2025-12-12 09:25:21.448 66725 INFO tempest.lib.common.rest_client [req-2a6190fe-fe76-4009-94b8-27a89d56e617 req-2a6190fe-fe76-4009-94b8-27a89d56e617 ] Request (ServersNegativeTestMultiTenantJSON:setUpClass): 204 PUT http://10.180.1.21/identity/v3/projects/7350745490724324900e24daaf8ec330/users/64eb868922ad487ca36cc02373a53f92/roles/8628bdb8fa5046aa97da1652121664fe 0.035s
2025-12-12 09:25:21.449 66725 INFO tempest.lib.common.dynamic_creds [-] Dynamic test user 64eb868922ad487ca36cc02373a53f92 is created with scope project and roles: ['member']
2025-12-12 09:25:21.449 66725 INFO tempest.lib.common.dynamic_creds [-] Acquired dynamic creds: credentials: Credentials: {'domain_id': 'default', 'domain_name': 'Default', 'username': 'tempest-ServersNegativeTestMultiTenantJSON-960484607-project-member', 'project_domain_id': 'default', 'project_domain_name': 'Default', 'project_id': '7350745490724324900e24daaf8ec330', 'project_name': 'tempest-ServersNegativeTestMultiTenantJSON-960484607', 'tenant_id': '7350745490724324900e24daaf8ec330', 'tenant_name': 'tempest-ServersNegativeTestMultiTenantJSON-960484607', 'user_domain_id': 'default', 'user_domain_name': 'Default', 'user_id': '64eb868922ad487ca36cc02373a53f92', 'system': None}, Network: None, Subnet: None, Router: None
2025-12-12 09:25:21.491 66727 WARNING tempest.lib.common.ssh [-] Failed to establish authenticated ssh connection to cirros@10.180.180.151 ([Errno None] Unable to connect to port 22 on 10.180.180.151). Number attempts: 9. Retry after 10 seconds.: paramiko.ssh_exception.NoValidConnectionsError: [Errno None] Unable to connect to port 22 on 10.180.180.151
2025-12-12 09:25:21.511 66735 INFO tempest.lib.common.rest_client [req-d6cf65dd-63f6-4f38-b387-74f3a95187bd req-d6cf65dd-63f6-4f38-b387-74f3a95187bd ] Request (QuotasAdminNegativeTest:test_create_server_when_instances_quota_is_full): 403 POST http://10.180.1.21/compute/v2.1/servers 3.397s
2025-12-12 09:25:21.528 66725 INFO tempest.lib.common.rest_client [req-fb1c33ca-08fa-4ca0-b4f0-cb7f2a2b1e25 req-fb1c33ca-08fa-4ca0-b4f0-cb7f2a2b1e25 ] Request (ServersNegativeTestMultiTenantJSON:setUpClass): 201 POST http://10.180.1.21/identity/v3/auth/tokens 0.079s
2025-12-12 09:25:21.668 66721 INFO tempest.lib.common.rest_client [req-a4289e3c-7188-45ef-bbc3-796762b982e4 req-a4289e3c-7188-45ef-bbc3-796762b982e4 ] Request (ListServerFiltersTestJSON:setUpClass): 202 POST http://10.180.1.21/compute/v2.1/servers 3.646s
2025-12-12 09:25:21.670 66745 INFO tempest.lib.common.rest_client [req-ded41a8b-6424-4bbc-9223-437975c73be8 req-ded41a8b-6424-4bbc-9223-437975c73be8 ] Request (ServersTestManualDisk:setUpClass): 200 POST http://10.180.1.21/compute/v2.1/os-keypairs 3.083s
2025-12-12 09:25:21.744 66759 WARNING tempest.lib.common.ssh [-] Failed to establish authenticated ssh connection to cirros@10.180.180.231 ([Errno None] Unable to connect to port 22 on 10.180.180.231). Number attempts: 9. Retry after 10 seconds.: paramiko.ssh_exception.NoValidConnectionsError: [Errno None] Unable to connect to port 22 on 10.180.180.231
2025-12-12 09:25:21.746 66721 INFO tempest.lib.common.rest_client [req-83d724ac-daff-400d-a8f3-0bad734fa0cf req-83d724ac-daff-400d-a8f3-0bad734fa0cf ] Request (ListServerFiltersTestJSON:setUpClass): 201 POST http://10.180.1.21/identity/v3/auth/tokens 0.074s
2025-12-12 09:25:21.746 66721 INFO tempest.lib.common.fixed_network [-] (ListServerFiltersTestJSON:setUpClass) Found network {'id': 'f2231a7a-8f40-48d3-8871-6c1120998037', 'name': 'tempest-ListServerFiltersTestJSON-234618613-network', 'tenant_id': 'd9c43a2f7a82414d80bd7171026c3397', 'project_id': 'd9c43a2f7a82414d80bd7171026c3397', 'admin_state_up': True, 'mtu': 8950, 'status': 'ACTIVE', 'subnets': [], 'shared': False, 'port_security_enabled': True, 'router:external': False, 'provider:network_type': 'vlan', 'provider:physical_network': 'default', 'provider:segmentation_id': 704, 'availability_zone_hints': [], 'availability_zones': [], 'ipv4_address_scope': None, 'ipv6_address_scope': None, 'description': '', 'tags': [], 'created_at': '2025-12-12T09:25:17Z', 'updated_at': '2025-12-12T09:25:17Z', 'revision_number': 1} available for tenant
2025-12-12 09:25:21.780 66745 INFO tempest.lib.common.rest_client [req-797c44ee-852b-4e36-8e36-066d0b852a67 req-797c44ee-852b-4e36-8e36-066d0b852a67 ] Request (ServersTestManualDisk:setUpClass): 201 POST http://10.180.1.21/networking/v2.0/security-groups 0.107s
2025-12-12 09:25:21.797 66725 INFO tempest.lib.common.rest_client [req-347aeeae-0ad5-4989-9181-1e11e4f61163 req-347aeeae-0ad5-4989-9181-1e11e4f61163 ] Request (ServersNegativeTestMultiTenantJSON:setUpClass): 201 POST http://10.180.1.21/networking/v2.0/networks 0.268s
2025-12-12 09:25:21.822 66715 INFO tempest.lib.common.rest_client [req-e06406e0-acf8-44f4-a032-2cabb375a7b8 req-e06406e0-acf8-44f4-a032-2cabb375a7b8 ] Request (ServerActionsV293TestJSON:setUpClass): 200 GET http://10.180.1.21/compute/v2.1/servers/5540c562-756e-45b7-9ec2-9981887f9476 3.021s
2025-12-12 09:25:21.851 66762 INFO tempest.lib.common.rest_client [req-c2727b66-10f3-48f6-8542-4a0b9f63176e req-c2727b66-10f3-48f6-8542-4a0b9f63176e ] Request (AggregatesAdminNegativeTestJSON:test_aggregate_remove_nonexistent_host): 200 POST http://10.180.1.21/compute/v2.1/os-aggregates 2.407s
2025-12-12 09:25:21.902 66731 INFO tempest.lib.common.rest_client [req-ccc74d11-462f-4a72-956c-dfc8c679ef5f req-ccc74d11-462f-4a72-956c-dfc8c679ef5f ] Request (SecurityGroupsTestJSON:test_security_groups_create_list_delete): 200 POST http://10.180.1.21/compute/v2.1/os-security-groups 3.263s
2025-12-12 09:25:21.924 66745 INFO tempest.lib.common.rest_client [req-0593be7b-fb0c-46fd-97c6-86f82a0df5db req-0593be7b-fb0c-46fd-97c6-86f82a0df5db ] Request (ServersTestManualDisk:setUpClass): 201 POST http://10.180.1.21/networking/v2.0/security-group-rules 0.143s
2025-12-12 09:25:21.998 66743 INFO tempest.lib.common.rest_client [req-84ddcb39-8b33-48a1-8786-0ab3f5beaebb req-84ddcb39-8b33-48a1-8786-0ab3f5beaebb ] Request (ServersTestBootFromVolume:test_list_servers): 200 GET http://10.180.1.21/compute/v2.1/servers 1.945s
2025-12-12 09:25:22.065 66745 INFO tempest.lib.common.rest_client [req-40a8d5ca-a2a0-4b5a-aa9c-19a1861edea1 req-40a8d5ca-a2a0-4b5a-aa9c-19a1861edea1 ] Request (ServersTestManualDisk:setUpClass): 201 POST http://10.180.1.21/networking/v2.0/security-group-rules 0.141s
2025-12-12 09:25:22.078 66725 INFO tempest.lib.common.rest_client [req-27a8e08c-bcc7-44ba-b679-cd85bfdbe0b0 req-27a8e08c-bcc7-44ba-b679-cd85bfdbe0b0 ] Request (ServersNegativeTestMultiTenantJSON:setUpClass): 201 POST http://10.180.1.21/networking/v2.0/subnets 0.280s
2025-12-12 09:25:22.595 66745 INFO tempest.lib.common.rest_client [req-72ab0be9-d263-45e5-b76d-cd3f1f9e639b req-72ab0be9-d263-45e5-b76d-cd3f1f9e639b ] Request (ServersTestManualDisk:setUpClass): 201 POST http://10.180.1.21/networking/v2.0/floatingips 0.530s
2025-12-12 09:25:22.640 66740 INFO tempest.lib.common.rest_client [req-967405a3-e0b4-4f1d-93f6-3412d0d756df req-967405a3-e0b4-4f1d-93f6-3412d0d756df ] Request (MigrationsAdminTest:test_list_migrations_in_flavor_resize_situation): 200 GET http://10.180.1.21/compute/v2.1/servers/fc8c242a-a9b9-4a5f-b03d-0a97772a13ba 2.385s
2025-12-12 09:25:22.643 66745 INFO tempest.lib.common.rest_client [req-806aee86-51cd-4452-bd32-078976fcd008 req-806aee86-51cd-4452-bd32-078976fcd008 ] Request (ServersTestManualDisk:setUpClass): 201 POST http://10.180.1.21/identity/v3/auth/tokens 0.045s
2025-12-12 09:25:22.645 66745 INFO tempest.lib.common.fixed_network [-] (ServersTestManualDisk:setUpClass) Found network {'id': '2ef9650d-4ec1-4340-9a51-abd1b367dd0d', 'name': 'tempest-ServersTestManualDisk-540555041-network', 'tenant_id': '1d5a3acc0d0e448f85f8d3204c04cc6f', 'project_id': '1d5a3acc0d0e448f85f8d3204c04cc6f', 'admin_state_up': True, 'mtu': 8950, 'status': 'ACTIVE', 'subnets': [], 'shared': False, 'port_security_enabled': True, 'router:external': False, 'provider:network_type': 'vlan', 'provider:physical_network': 'default', 'provider:segmentation_id': 456, 'availability_zone_hints': [], 'availability_zones': [], 'ipv4_address_scope': None, 'ipv6_address_scope': None, 'description': '', 'tags': [], 'created_at': '2025-12-12T09:25:15Z', 'updated_at': '2025-12-12T09:25:16Z', 'revision_number': 1} available for tenant
2025-12-12 09:25:22.648 66741 INFO tempest.lib.common.rest_client [req-5dd672a0-0c5c-4f20-bab5-541f5dc89be7 req-5dd672a0-0c5c-4f20-bab5-541f5dc89be7 ] Request (ImagesOneServerNegativeTestJSON:test_create_image_specify_name_over_character_limit): 400 POST http://10.180.1.21/compute/v2.1/servers/95578162-f9a8-46e3-8e22-98a1cc2a7fff/action 2.251s
2025-12-12 09:25:22.695 66770 INFO tempest.lib.common.rest_client [req-cf22e3e6-4bc7-40b6-8d7c-25dfd6f0fc0b req-cf22e3e6-4bc7-40b6-8d7c-25dfd6f0fc0b ] Request (ServersAdminTestJSON:setUpClass): 200 GET http://10.180.1.21/compute/v2.1/servers/f21721e9-c183-4091-8c30-71372021006f 2.353s
2025-12-12 09:25:22.785 66770 INFO tempest.lib.common.rest_client [req-b531b045-ec50-481a-81f1-681ee651bc44 req-b531b045-ec50-481a-81f1-681ee651bc44 ] Request (ServersAdminTestJSON:test_create_server_with_scheduling_hint): 201 POST http://10.180.1.21/identity/v3/auth/tokens 0.077s
2025-12-12 09:25:22.786 66770 INFO tempest.lib.common.fixed_network [-] (ServersAdminTestJSON:test_create_server_with_scheduling_hint) Found network {'id': 'b4eebee8-11ce-406e-9430-0f47d81ebc13', 'name': 'tempest-ServersAdminTestJSON-1488882434-network', 'tenant_id': '3f3a6abc5cc24bdf959d793f56c81aab', 'project_id': '3f3a6abc5cc24bdf959d793f56c81aab', 'admin_state_up': True, 'mtu': 8950, 'status': 'ACTIVE', 'subnets': [], 'shared': False, 'port_security_enabled': True, 'router:external': False, 'provider:network_type': 'vlan', 'provider:physical_network': 'default', 'provider:segmentation_id': 814, 'availability_zone_hints': [], 'availability_zones': [], 'ipv4_address_scope': None, 'ipv6_address_scope': None, 'description': '', 'tags': [], 'created_at': '2025-12-12T09:24:36Z', 'updated_at': '2025-12-12T09:24:36Z', 'revision_number': 1} available for tenant
2025-12-12 09:25:22.797 66723 INFO tempest.lib.common.rest_client [req-c532174a-89ff-41ab-856e-ae47ab83ef3f req-c532174a-89ff-41ab-856e-ae47ab83ef3f ] Request (ServerAddressesNegativeTestJSON:tearDownClass): 200 GET http://10.180.1.21/compute/v2.1/servers/8b5f950f-1705-4065-b47a-b69f5ef51557 2.385s
2025-12-12 09:25:22.816 66747 INFO tempest.lib.common.rest_client [req-b8fae3d4-f1da-409a-9f56-db622a78fb88 req-b8fae3d4-f1da-409a-9f56-db622a78fb88 ] Request (DeleteServersAdminTestJSON:tearDownClass): 404 GET http://10.180.1.21/compute/v2.1/servers/80a05856-83bc-48d0-adc7-bb13ba3c1ff4 2.167s
2025-12-12 09:25:22.899 66747 INFO tempest.lib.common.rest_client [req-4e644c21-e2cc-4fc3-863a-ff808f2ad043 req-4e644c21-e2cc-4fc3-863a-ff808f2ad043 ] Request (DeleteServersAdminTestJSON:tearDownClass): 204 DELETE http://10.180.1.21/identity/v3/users/dd85fd89d0e548db9f96688f4fd35bf9 0.082s
2025-12-12 09:25:22.953 66717 INFO tempest.lib.common.rest_client [req-1fc943a5-6dad-44a0-b3ee-949cb438f8bd req-1fc943a5-6dad-44a0-b3ee-949cb438f8bd ] Request (ImagesMetadataTestJSON:setUp): 200 PUT http://10.180.1.21/compute/v2.1/images/72fb2be4-234e-4cd1-b8a4-b911d1f8e6e8/metadata 2.328s
2025-12-12 09:25:22.985 66711 INFO tempest.lib.common.rest_client [req-8c657d37-fb75-4824-bb98-e75913eefe4e req-8c657d37-fb75-4824-bb98-e75913eefe4e ] Request (VolumesAssistedSnapshotsTest:test_volume_assisted_snapshot_create_delete): 204 DELETE http://10.180.1.21/compute/v2.1/os-assisted-volume-snapshots/None?delete_info=%7B%22volume_id%22%3A+%22cd92b0d3-9ea1-45d8-91b7-7be28f0781fe%22%7D 2.125s
2025-12-12 09:25:23.017 66747 INFO tempest.lib.common.rest_client [req-b56cf7da-8b63-481d-9cc3-d3cc14f7435f req-b56cf7da-8b63-481d-9cc3-d3cc14f7435f ] Request (DeleteServersAdminTestJSON:tearDownClass): 204 DELETE http://10.180.1.21/identity/v3/users/ba5b3d3eb0e3482abd56e8bd237a44b4 0.116s
2025-12-12 09:25:23.017 66747 INFO tempest.lib.common.dynamic_creds [-] Deleting project and security group for project: a87b0599a9ca452d8cd0e9ecd1d542be
2025-12-12 09:25:23.023 66711 INFO tempest.lib.common.rest_client [req-d2c89fbb-6646-44da-a361-1db6a200cef7 req-d2c89fbb-6646-44da-a361-1db6a200cef7 ] Request (VolumesAssistedSnapshotsTest:_run_cleanups): 200 GET http://10.180.1.21/volume/v3/volumes/cd92b0d3-9ea1-45d8-91b7-7be28f0781fe 0.037s
2025-12-12 09:25:23.099 66747 INFO tempest.lib.common.rest_client [req-a6e970a3-9bfe-469f-a910-cb319133cdb8 req-a6e970a3-9bfe-469f-a910-cb319133cdb8 ] Request (DeleteServersAdminTestJSON:tearDownClass): 201 POST http://10.180.1.21/identity/v3/auth/tokens 0.082s
2025-12-12 09:25:23.136 66767 INFO tempest.lib.common.rest_client [req-938cfc10-bda4-4d28-9719-09ca41dedd1c req-938cfc10-bda4-4d28-9719-09ca41dedd1c ] Request (AttachVolumeTestJSON:test_attach_detach_volume): 200 GET http://10.180.1.21/compute/v2.1/servers/0afab712-40f8-4eda-9e5d-bcae8d1a04ca 2.027s
2025-12-12 09:25:23.143 66767 INFO tempest.common.waiters [-] State transition "BUILD/None" ==> "BUILD/networking" after 10 second wait
2025-12-12 09:25:23.392 66725 INFO tempest.lib.common.rest_client [req-4aa4dad5-0caf-427f-a345-00b226c755bd req-4aa4dad5-0caf-427f-a345-00b226c755bd ] Request (ServersNegativeTestMultiTenantJSON:setUpClass): 201 POST http://10.180.1.21/networking/v2.0/routers 1.314s
2025-12-12 09:25:23.585 66747 INFO tempest.lib.common.rest_client [req-ef015df8-c741-4f14-a948-3e092c866829 req-ef015df8-c741-4f14-a948-3e092c866829 ] Request (DeleteServersAdminTestJSON:tearDownClass): 200 GET http://10.180.1.21/networking/v2.0/security-groups?tenant_id=a87b0599a9ca452d8cd0e9ecd1d542be&name=default 0.485s
2025-12-12 09:25:24.015 66729 INFO paramiko.transport [-] Connected (version 2.0, client dropbear_2020.81)
2025-12-12 09:25:24.019 66747 INFO tempest.lib.common.rest_client [req-9fe03d80-1389-4001-9945-8461f1e8bd07 req-9fe03d80-1389-4001-9945-8461f1e8bd07 ] Request (DeleteServersAdminTestJSON:tearDownClass): 204 DELETE http://10.180.1.21/networking/v2.0/security-groups/8cad6249-bcb9-4a05-a29e-ea86d3a93191 0.433s
2025-12-12 09:25:24.077 66729 INFO paramiko.transport [-] Authentication (publickey) successful!
2025-12-12 09:25:24.078 66729 INFO tempest.lib.common.ssh [-] ssh connection to cirros@10.180.180.195 successfully created
2025-12-12 09:25:24.091 66747 INFO tempest.lib.common.rest_client [req-9ba8adab-0036-451d-a4f1-137986cf575c req-9ba8adab-0036-451d-a4f1-137986cf575c ] Request (DeleteServersAdminTestJSON:tearDownClass): 204 DELETE http://10.180.1.21/identity/v3/projects/a87b0599a9ca452d8cd0e9ecd1d542be 0.072s
2025-12-12 09:25:24.092 66747 INFO tempest.lib.common.dynamic_creds [-] Deleting project and security group for project: b92bca8a7a2c437790ce5d6f52bceba6
2025-12-12 09:25:24.678 66747 INFO tempest.lib.common.rest_client [req-8e660483-151a-4f32-8252-48e006e03b03 req-8e660483-151a-4f32-8252-48e006e03b03 ] Request (DeleteServersAdminTestJSON:tearDownClass): 200 GET http://10.180.1.21/networking/v2.0/security-groups?tenant_id=b92bca8a7a2c437790ce5d6f52bceba6&name=default 0.585s
2025-12-12 09:25:25.206 66725 INFO tempest.lib.common.rest_client [req-ae44df1e-352b-45bb-8386-d9b7b12370ee req-ae44df1e-352b-45bb-8386-d9b7b12370ee ] Request (ServersNegativeTestMultiTenantJSON:setUpClass): 200 PUT http://10.180.1.21/networking/v2.0/routers/be4c40a8-d518-4f64-b9cd-6a89cca31d47/add_router_interface 1.813s
2025-12-12 09:25:25.207 66725 INFO tempest.lib.common.dynamic_creds [-] Created isolated network resources for: credentials: Credentials: {'domain_id': 'default', 'domain_name': 'Default', 'username': 'tempest-ServersNegativeTestMultiTenantJSON-960484607-project-member', 'project_domain_id': 'default', 'project_domain_name': 'Default', 'project_id': '7350745490724324900e24daaf8ec330', 'project_name': 'tempest-ServersNegativeTestMultiTenantJSON-960484607', 'tenant_id': '7350745490724324900e24daaf8ec330', 'tenant_name': 'tempest-ServersNegativeTestMultiTenantJSON-960484607', 'user_domain_id': 'default', 'user_domain_name': 'Default', 'user_id': '64eb868922ad487ca36cc02373a53f92', 'system': None}, Network: {'id': '178c1fda-8188-43fc-b568-50e3dfc7f97e', 'name': 'tempest-ServersNegativeTestMultiTenantJSON-1226626547-network', 'tenant_id': '7350745490724324900e24daaf8ec330', 'project_id': '7350745490724324900e24daaf8ec330', 'admin_state_up': True, 'mtu': 8950, 'status': 'ACTIVE', 'subnets': [], 'shared': False, 'port_security_enabled': True, 'router:external': False, 'provider:network_type': 'vlan', 'provider:physical_network': 'default', 'provider:segmentation_id': 583, 'availability_zone_hints': [], 'availability_zones': [], 'ipv4_address_scope': None, 'ipv6_address_scope': None, 'description': '', 'tags': [], 'created_at': '2025-12-12T09:25:21Z', 'updated_at': '2025-12-12T09:25:21Z', 'revision_number': 1}, Subnet: {'id': '4b2b42c5-0b84-4d05-bca2-9aba8eeedd75', 'name': 'tempest-ServersNegativeTestMultiTenantJSON-1226626547-subnet', 'tenant_id': '7350745490724324900e24daaf8ec330', 'network_id': '178c1fda-8188-43fc-b568-50e3dfc7f97e', 'ip_version': 4, 'subnetpool_id': None, 'enable_dhcp': True, 'ipv6_ra_mode': None, 'ipv6_address_mode': None, 'gateway_ip': '192.168.128.1', 'cidr': '192.168.128.0/28', 'allocation_pools': [{'start': '192.168.128.2', 'end': '192.168.128.14'}], 'host_routes': [], 'dns_nameservers': [], 'description': '', 'router:external': False, 'service_types': [], 'tags': [], 'created_at': '2025-12-12T09:25:21Z', 'updated_at': '2025-12-12T09:25:21Z', 'revision_number': 0, 'project_id': '7350745490724324900e24daaf8ec330'}, Router: {'id': 'be4c40a8-d518-4f64-b9cd-6a89cca31d47', 'name': 'tempest-ServersNegativeTestMultiTenantJSON-1226626547-router', 'tenant_id': '7350745490724324900e24daaf8ec330', 'admin_state_up': True, 'status': 'ACTIVE', 'external_gateway_info': {'network_id': '177b0751-4b95-4bf9-a1ed-81250cca2e75', 'external_fixed_ips': [{'subnet_id': '70064f64-9710-4534-9251-2cccec34fcf6', 'ip_address': '10.180.180.155'}], 'enable_snat': True}, 'description': '', 'availability_zones': [], 'distributed': False, 'ha': False, 'availability_zone_hints': [], 'routes': [], 'flavor_id': None, 'tags': [], 'created_at': '2025-12-12T09:25:22Z', 'updated_at': '2025-12-12T09:25:23Z', 'revision_number': 2, 'project_id': '7350745490724324900e24daaf8ec330'}
2025-12-12 09:25:25.305 66725 INFO tempest.lib.common.rest_client [req-cc315661-c2a1-4852-82b8-1e7d47293504 req-cc315661-c2a1-4852-82b8-1e7d47293504 ] Request (ServersNegativeTestMultiTenantJSON:setUpClass): 201 POST http://10.180.1.21/identity/v3/auth/tokens 0.093s
2025-12-12 09:25:25.380 66747 INFO tempest.lib.common.rest_client [req-049cc7a1-d2c7-4af9-adda-c8aaa1818e98 req-049cc7a1-d2c7-4af9-adda-c8aaa1818e98 ] Request (DeleteServersAdminTestJSON:tearDownClass): 204 DELETE http://10.180.1.21/networking/v2.0/security-groups/030993cf-b6f6-4fbf-9fd5-1a54f2df8f6d 0.702s
2025-12-12 09:25:25.385 66725 INFO tempest.lib.common.rest_client [req-462e70bb-d559-43c0-a53d-db22b25ec48f req-462e70bb-d559-43c0-a53d-db22b25ec48f ] Request (ServersNegativeTestMultiTenantJSON:setUpClass): 201 POST http://10.180.1.21/identity/v3/projects 0.079s
2025-12-12 09:25:25.444 66725 INFO tempest.lib.common.rest_client [req-c5ce8fe9-b4a2-4a16-98d6-866d42ad5306 req-c5ce8fe9-b4a2-4a16-98d6-866d42ad5306 ] Request (ServersNegativeTestMultiTenantJSON:setUpClass): 201 POST http://10.180.1.21/identity/v3/users 0.059s
2025-12-12 09:25:25.467 66725 INFO tempest.lib.common.rest_client [req-bfd72446-512c-4b14-b649-b1807411f559 req-bfd72446-512c-4b14-b649-b1807411f559 ] Request (ServersNegativeTestMultiTenantJSON:setUpClass): 200 GET http://10.180.1.21/identity/v3/roles 0.022s
2025-12-12 09:25:25.478 66747 INFO tempest.lib.common.rest_client [req-4dc72842-e684-4468-b8a2-e282e0ee086a req-4dc72842-e684-4468-b8a2-e282e0ee086a ] Request (DeleteServersAdminTestJSON:tearDownClass): 204 DELETE http://10.180.1.21/identity/v3/projects/b92bca8a7a2c437790ce5d6f52bceba6 0.097s
2025-12-12 09:25:25.558 66747 INFO tempest.lib.common.rest_client [req-e5afc66f-b490-4fdd-8d18-43de4b15cccf req-e5afc66f-b490-4fdd-8d18-43de4b15cccf ] Request (FlavorsExtraSpecsNegativeTestJSON:setUpClass): 201 POST http://10.180.1.21/identity/v3/auth/tokens 0.079s
2025-12-12 09:25:25.561 66725 INFO tempest.lib.common.rest_client [req-92c985c0-8b0a-4fc9-bda7-e3b1b13acfdc req-92c985c0-8b0a-4fc9-bda7-e3b1b13acfdc ] Request (ServersNegativeTestMultiTenantJSON:setUpClass): 204 PUT http://10.180.1.21/identity/v3/projects/c71ea3baddd54679bbceb168e9be7a5c/users/69cfcade41454fec933d8bd8c24596b9/roles/8628bdb8fa5046aa97da1652121664fe 0.094s
2025-12-12 09:25:25.561 66725 INFO tempest.lib.common.dynamic_creds [-] Dynamic test user 69cfcade41454fec933d8bd8c24596b9 is created with scope project and roles: ['member']
2025-12-12 09:25:25.561 66725 INFO tempest.lib.common.dynamic_creds [-] Acquired dynamic creds: credentials: Credentials: {'domain_id': 'default', 'domain_name': 'Default', 'username': 'tempest-ServersNegativeTestMultiTenantJSON-340059254-project-member', 'project_domain_id': 'default', 'project_domain_name': 'Default', 'project_id': 'c71ea3baddd54679bbceb168e9be7a5c', 'project_name': 'tempest-ServersNegativeTestMultiTenantJSON-340059254', 'tenant_id': 'c71ea3baddd54679bbceb168e9be7a5c', 'tenant_name': 'tempest-ServersNegativeTestMultiTenantJSON-340059254', 'user_domain_id': 'default', 'user_domain_name': 'Default', 'user_id': '69cfcade41454fec933d8bd8c24596b9', 'system': None}, Network: None, Subnet: None, Router: None
2025-12-12 09:25:25.649 66747 INFO tempest.lib.common.rest_client [req-7e7b3355-109e-4c9c-89f0-741746e75748 req-7e7b3355-109e-4c9c-89f0-741746e75748 ] Request (FlavorsExtraSpecsNegativeTestJSON:setUpClass): 201 POST http://10.180.1.21/identity/v3/auth/tokens 0.085s
2025-12-12 09:25:25.680 66747 INFO tempest.lib.common.rest_client [req-ce20975a-6aba-4ad6-8977-9401ecec6745 req-ce20975a-6aba-4ad6-8977-9401ecec6745 ] Request (FlavorsExtraSpecsNegativeTestJSON:setUpClass): 200 GET http://10.180.1.21/identity/v3/domains?name=Default 0.030s
2025-12-12 09:25:25.687 66733 INFO tempest.lib.common.rest_client [req-fb9923b7-93f9-487e-9abe-cc66272fc33b req-fb9923b7-93f9-487e-9abe-cc66272fc33b ] Request (ServersTestFqdnHostnames:test_create_server_with_fqdn_name): 202 POST http://10.180.1.21/compute/v2.1/servers 4.560s
2025-12-12 09:25:25.718 66747 INFO tempest.lib.common.rest_client [req-49bb8a0e-3246-40d7-8d4e-02d63122ab12 req-49bb8a0e-3246-40d7-8d4e-02d63122ab12 ] Request (FlavorsExtraSpecsNegativeTestJSON:setUpClass): 201 POST http://10.180.1.21/identity/v3/projects 0.037s
2025-12-12 09:25:25.802 66747 INFO tempest.lib.common.rest_client [req-6b726bd1-ea16-48a5-92ab-a2f40966d344 req-6b726bd1-ea16-48a5-92ab-a2f40966d344 ] Request (FlavorsExtraSpecsNegativeTestJSON:setUpClass): 201 POST http://10.180.1.21/identity/v3/users 0.083s
2025-12-12 09:25:25.807 66771 INFO tempest.lib.common.rest_client [req-523e7e65-1e4a-4f99-a266-341f5b2aeb9e req-523e7e65-1e4a-4f99-a266-341f5b2aeb9e ] Request (ImagesTestJSON:test_create_image_from_suspended_server): 202 POST http://10.180.1.21/compute/v2.1/servers/6e858d6d-3eb4-40d7-8d37-92fef0f9b79c/action 4.669s
2025-12-12 09:25:25.832 66747 INFO tempest.lib.common.rest_client [req-821070da-cf3d-4fef-95fb-7d42a1e0b38d req-821070da-cf3d-4fef-95fb-7d42a1e0b38d ] Request (FlavorsExtraSpecsNegativeTestJSON:setUpClass): 200 GET http://10.180.1.21/identity/v3/roles 0.030s
2025-12-12 09:25:25.840 66725 INFO tempest.lib.common.rest_client [req-e0c6e7c2-a944-47c2-9a47-93879dace8b9 req-e0c6e7c2-a944-47c2-9a47-93879dace8b9 ] Request (ServersNegativeTestMultiTenantJSON:setUpClass): 201 POST http://10.180.1.21/networking/v2.0/networks 0.278s
2025-12-12 09:25:25.880 66747 INFO tempest.lib.common.rest_client [req-871cad86-53cb-4922-adc9-7b1300c56600 req-871cad86-53cb-4922-adc9-7b1300c56600 ] Request (FlavorsExtraSpecsNegativeTestJSON:setUpClass): 204 PUT http://10.180.1.21/identity/v3/projects/d0046a09a3b6470cb6e77c099038346c/users/78d413f07ba444f7abf2ee76ac1c63d0/roles/8628bdb8fa5046aa97da1652121664fe 0.047s
