2025-12-12 09:25:54.126 66757 INFO tempest.lib.common.rest_client [req-fbc60907-b2fa-4496-91e2-88337405dc22 req-fbc60907-b2fa-4496-91e2-88337405dc22 ] Request (ServersListShow296Test:test_list_show_update_rebuild_server_296): 200 GET http://10.180.1.21/compute/v2.1/servers/47e9ae49-0cb8-46e2-a8da-7d0f3d6f4c68 1.990s
2025-12-12 09:25:54.188 66713 INFO tempest.lib.common.rest_client [req-8e105485-6c7c-4b95-805c-4ccc7e8cf984 req-8e105485-6c7c-4b95-805c-4ccc7e8cf984 ] Request (TenantUsagesTestJSON:test_list_usage_all_tenants): 200 GET http://10.180.1.21/compute/v2.1/os-simple-tenant-usage?start=2025-12-11T09%3A25%3A49.122170&end=2025-12-13T09%3A25%3A49.122170&detailed=1 1.996s
2025-12-12 09:25:54.234 66733 INFO tempest.lib.common.rest_client [req-9de901a3-ab17-41bd-af6b-5fad03409887 req-9de901a3-ab17-41bd-af6b-5fad03409887 ] Request (ServersTestFqdnHostnames:test_create_server_with_fqdn_name): 200 GET http://10.180.1.21/compute/v2.1/servers/c74bc66a-d256-4f01-8b41-d88025e4d4e0 2.082s
2025-12-12 09:25:54.280 66719 INFO tempest.lib.common.rest_client [req-6d9a6100-7506-4eeb-af1a-2493ae1e9b6f req-6d9a6100-7506-4eeb-af1a-2493ae1e9b6f ] Request (ImagesOneServerTestJSON:tearDownClass): 200 GET http://10.180.1.21/compute/v2.1/servers/7a259652-f551-48db-b47b-a3d88dc5e5c8 2.082s
2025-12-12 09:25:54.328 66711 INFO tempest.lib.common.rest_client [req-f6b3905b-13af-44d1-bb63-737756e4042d req-f6b3905b-13af-44d1-bb63-737756e4042d ] Request (VolumesAssistedSnapshotsTest:tearDownClass): 200 GET http://10.180.1.21/compute/v2.1/servers/25626b6e-e0cd-417b-a6ef-06639bfd0a10 2.111s
2025-12-12 09:25:54.352 66721 INFO tempest.lib.common.rest_client [req-d493b584-cf44-4ca8-9246-bf1a52e02de1 req-d493b584-cf44-4ca8-9246-bf1a52e02de1 ] Request (ListServerFiltersTestJSON:setUpClass): 200 GET http://10.180.1.21/compute/v2.1/servers/1f50ea8b-462b-4d61-b1b1-9f61fc43ace2 2.104s
2025-12-12 09:25:54.384 66765 INFO tempest.lib.common.rest_client [req-085008b9-99eb-4bac-a6d4-876e84c1ea1a req-085008b9-99eb-4bac-a6d4-876e84c1ea1a ] Request (FloatingIPsAssociationNegativeTestJSON:tearDownClass): 404 GET http://10.180.1.21/compute/v2.1/servers/3667d7a7-ea88-4698-9fd9-5365ddc42dc5 2.098s
2025-12-12 09:25:54.495 66731 INFO tempest.lib.common.rest_client [req-475c3f41-cd59-4c92-9499-abe2c897c1a4 req-475c3f41-cd59-4c92-9499-abe2c897c1a4 ] Request (SecurityGroupsTestJSON:test_server_security_groups): 200 POST http://10.180.1.21/compute/v2.1/os-security-groups 2.231s
2025-12-12 09:25:54.512 66725 INFO tempest.lib.common.rest_client [req-460646f2-79f0-4d6a-a302-4b7e100f7767 req-460646f2-79f0-4d6a-a302-4b7e100f7767 ] Request (ServersNegativeTestMultiTenantJSON:setUpClass): 200 GET http://10.180.1.21/compute/v2.1/servers/20a4685c-f935-4a68-9163-9dd38788598e 2.131s
2025-12-12 09:25:54.625 66731 INFO tempest.lib.common.rest_client [req-e15e21f6-5c8a-4da8-a3d6-bcfbceff88ab req-e15e21f6-5c8a-4da8-a3d6-bcfbceff88ab ] Request (SecurityGroupsTestJSON:test_server_security_groups): 201 POST http://10.180.1.21/identity/v3/auth/tokens 0.121s
2025-12-12 09:25:54.626 66731 INFO tempest.lib.common.fixed_network [-] (SecurityGroupsTestJSON:test_server_security_groups) Found network {'id': 'ee45887a-5ae2-49d1-992f-000206f56289', 'name': 'tempest-SecurityGroupsTestJSON-2014266147-network', 'tenant_id': 'c912c5f68de345af9b3a60be23a89d21', 'project_id': 'c912c5f68de345af9b3a60be23a89d21', 'admin_state_up': True, 'mtu': 8950, 'status': 'ACTIVE', 'subnets': [], 'shared': False, 'port_security_enabled': True, 'router:external': False, 'provider:network_type': 'vlan', 'provider:physical_network': 'default', 'provider:segmentation_id': 236, 'availability_zone_hints': [], 'availability_zones': [], 'ipv4_address_scope': None, 'ipv6_address_scope': None, 'description': '', 'tags': [], 'created_at': '2025-12-12T09:23:47Z', 'updated_at': '2025-12-12T09:23:47Z', 'revision_number': 1} available for tenant
2025-12-12 09:25:54.671 66729 INFO tempest.lib.common.rest_client [req-df55d48d-ca9e-4818-a3cc-b42a4b159c4f req-df55d48d-ca9e-4818-a3cc-b42a4b159c4f ] Request (ServersTestJSON:tearDownClass): 200 GET http://10.180.1.21/compute/v2.1/servers/44c0e9f7-5c81-48b8-ab82-4d86248dad84 2.189s
2025-12-12 09:25:54.701 66745 INFO tempest.lib.common.rest_client [req-c0e726a4-1993-4456-8d3a-d1c41165dd21 req-c0e726a4-1993-4456-8d3a-d1c41165dd21 ] Request (ServersTestManualDisk:setUpClass): 200 GET http://10.180.1.21/compute/v2.1/servers/d6fae594-b4ce-47a0-b1a0-260f9ef021d2 2.305s
2025-12-12 09:25:54.781 66770 INFO tempest.lib.common.rest_client [req-348ddd48-c67a-4cdb-bc0b-89946743f194 req-348ddd48-c67a-4cdb-bc0b-89946743f194 ] Request (ServersAdminTestJSON:test_create_server_with_scheduling_hint): 200 GET http://10.180.1.21/compute/v2.1/servers/200a8b2d-2747-418d-9b26-e9f5e3459203 2.222s
2025-12-12 09:25:54.789 66770 INFO tempest.common.waiters [-] State transition "BUILD/networking" ==> "BUILD/spawning" after 24 second wait
2025-12-12 09:25:54.797 66741 INFO tempest.lib.common.rest_client [req-6029f6c3-2b28-4b45-b83a-73c7d50551ac req-6029f6c3-2b28-4b45-b83a-73c7d50551ac ] Request (ImagesOneServerNegativeTestJSON:_run_cleanups): 200 GET http://10.180.1.21/compute/v2.1/servers/95578162-f9a8-46e3-8e22-98a1cc2a7fff 2.140s
2025-12-12 09:25:54.806 66741 INFO tempest.common.waiters [-] State transition "ACTIVE/deleting" ==> "DELETED/None" after 3 second wait
2025-12-12 09:25:54.841 66723 INFO tempest.lib.common.rest_client [req-87bccf8d-5ad7-4d58-a633-71632ea10995 req-87bccf8d-5ad7-4d58-a633-71632ea10995 ] Request (ServerPasswordTestJSON:setUpClass): 200 GET http://10.180.1.21/compute/v2.1/servers/72358cc3-068e-46a6-be1c-5cb9b9d38726 2.140s
2025-12-12 09:25:54.864 66764 INFO tempest.lib.common.rest_client [req-52b57d4a-1fad-485f-9f06-8512c9b812cf req-52b57d4a-1fad-485f-9f06-8512c9b812cf ] Request (FloatingIPsAssociationTestJSON:tearDownClass): 200 GET http://10.180.1.21/compute/v2.1/servers/c421304e-254f-4484-a489-45343cbbf3ff 1.914s
2025-12-12 09:25:54.888 66752 INFO tempest.lib.common.rest_client [req-7e988777-09cf-4049-a0a6-a014c8d248ce req-7e988777-09cf-4049-a0a6-a014c8d248ce ] Request (FlavorsAdminTestJSON:test_list_public_flavor_with_other_user): 200 POST http://10.180.1.21/compute/v2.1/flavors 1.864s
2025-12-12 09:25:54.909 66747 INFO tempest.lib.common.rest_client [req-1ec22982-49b5-47fb-ba3d-87a575f11111 req-1ec22982-49b5-47fb-ba3d-87a575f11111 ] Request (FlavorsExtraSpecsNegativeTestJSON:tearDownClass): 202 DELETE http://10.180.1.21/compute/v2.1/flavors/6806940 1.882s
2025-12-12 09:25:54.922 66715 WARNING tempest.lib.common.ssh [-] Failed to establish authenticated ssh connection to cirros@10.180.180.191 ([Errno None] Unable to connect to port 22 on 10.180.180.191). Number attempts: 1. Retry after 2 seconds.: paramiko.ssh_exception.NoValidConnectionsError: [Errno None] Unable to connect to port 22 on 10.180.180.191
2025-12-12 09:25:55.002 66743 INFO tempest.lib.common.rest_client [req-2b599718-6547-4178-a7d6-56ee1b0e5d21 req-2b599718-6547-4178-a7d6-56ee1b0e5d21 ] Request (ServersTestBootFromVolume:tearDownClass): 200 GET http://10.180.1.21/compute/v2.1/servers/e07c8c40-055e-44f7-9087-702a8c63eb0e 1.892s
2025-12-12 09:25:55.044 66767 WARNING tempest.lib.common.ssh [-] Failed to establish authenticated ssh connection to cirros@10.180.180.192 ([Errno None] Unable to connect to port 22 on 10.180.180.192). Number attempts: 3. Retry after 4 seconds.: paramiko.ssh_exception.NoValidConnectionsError: [Errno None] Unable to connect to port 22 on 10.180.180.192
2025-12-12 09:25:55.135 66762 INFO tempest.lib.common.rest_client [req-95423aba-a66b-41bd-b322-8bcd7a7df88d req-95423aba-a66b-41bd-b322-8bcd7a7df88d ] Request (QuotasAdminTestJSON:test_get_updated_quotas): 200 PUT http://10.180.1.21/compute/v2.1/os-quota-sets/d43023a5db3044d996a87d3bbd80f2fc 1.810s
2025-12-12 09:25:55.280 66765 INFO tempest.lib.common.rest_client [req-9c7b86f6-fcf3-4e7d-8881-ed408e14e527 req-9c7b86f6-fcf3-4e7d-8881-ed408e14e527 ] Request (FloatingIPsAssociationNegativeTestJSON:tearDownClass): 200 PUT http://10.180.1.21/networking/v2.0/routers/57133a65-1220-4db5-95bb-3868052a1efc/remove_router_interface 0.895s
2025-12-12 09:25:55.304 66735 INFO tempest.lib.common.rest_client [req-3a0c804e-b928-49a1-aa69-fdbdf15d67e2 req-3a0c804e-b928-49a1-aa69-fdbdf15d67e2 ] Request (FloatingIPsTestJSON:_run_cleanups): 202 DELETE http://10.180.1.21/compute/v2.1/os-floating-ips/d197295a-6b0e-4410-b98e-f6d6a980c661 2.310s
2025-12-12 09:25:55.331 66749 INFO tempest.lib.common.rest_client [req-07f21ee0-37dd-46c5-8d3f-3156cfaee6ff req-07f21ee0-37dd-46c5-8d3f-3156cfaee6ff ] Request (ServerDiskConfigTestJSON:test_resize_server_from_auto_to_manual): 200 GET http://10.180.1.21/compute/v2.1/servers/e1fe560f-ccdd-4cf4-9880-b383be9cf8eb 1.940s
2025-12-12 09:25:55.370 66717 INFO tempest.lib.common.rest_client [req-938d4e5a-729f-4a68-b649-0119fa108fd0 req-938d4e5a-729f-4a68-b649-0119fa108fd0 ] Request (SecurityGroupsNegativeTestJSON:test_security_group_get_nonexistent_group): 404 GET http://10.180.1.21/compute/v2.1/os-security-groups/222caa74-03b8-49b1-91ca-4daa989d4055 1.730s
2025-12-12 09:25:55.558 66713 INFO tempest.lib.common.rest_client [req-c7220cb5-b99c-4a25-8d5d-07408ee245d4 req-c7220cb5-b99c-4a25-8d5d-07408ee245d4 ] Request (TenantUsagesTestJSON:tearDownClass): 204 DELETE http://10.180.1.21/compute/v2.1/servers/8c3008d0-58d6-4549-a914-95f4de4c0ba9 1.354s
2025-12-12 09:25:55.737 66755 INFO tempest.lib.common.rest_client [req-61d60bf8-914e-45bb-811b-4676681eefe7 req-61d60bf8-914e-45bb-811b-4676681eefe7 ] Request (MultipleCreateTestJSON:_run_cleanups): 200 GET http://10.180.1.21/compute/v2.1/servers/ca2ab339-b58b-40e5-ade6-d349efdeee81 1.371s
2025-12-12 09:25:55.774 66765 INFO tempest.lib.common.rest_client [req-4f611038-25e1-4bb1-b3f8-3219e9b9c5f8 req-4f611038-25e1-4bb1-b3f8-3219e9b9c5f8 ] Request (FloatingIPsAssociationNegativeTestJSON:tearDownClass): 204 DELETE http://10.180.1.21/networking/v2.0/routers/57133a65-1220-4db5-95bb-3868052a1efc 0.494s
2025-12-12 09:25:55.939 66765 INFO tempest.lib.common.rest_client [req-448c0f64-6c41-4224-a332-43386773f7e2 req-448c0f64-6c41-4224-a332-43386773f7e2 ] Request (FloatingIPsAssociationNegativeTestJSON:tearDownClass): 204 DELETE http://10.180.1.21/networking/v2.0/subnets/36b7ff38-592f-4c42-94dc-a2ecde8ad79e 0.164s
2025-12-12 09:25:56.032 66727 WARNING tempest.lib.common.ssh [-] Failed to establish authenticated ssh connection to cirros@10.180.180.151 ([Errno None] Unable to connect to port 22 on 10.180.180.151). Number attempts: 12. Retry after 13 seconds.: paramiko.ssh_exception.NoValidConnectionsError: [Errno None] Unable to connect to port 22 on 10.180.180.151
2025-12-12 09:25:56.245 66765 INFO tempest.lib.common.rest_client [req-c35e62c0-6550-4476-a670-123c17bac513 req-c35e62c0-6550-4476-a670-123c17bac513 ] Request (FloatingIPsAssociationNegativeTestJSON:tearDownClass): 204 DELETE http://10.180.1.21/networking/v2.0/networks/75e54f61-ad7f-4dd0-93ec-15aa0cf9bc33 0.305s
2025-12-12 09:25:56.257 66771 INFO tempest.lib.common.rest_client [req-53d2a412-258b-487b-8b67-dabec2806c5e req-53d2a412-258b-487b-8b67-dabec2806c5e ] Request (ImagesTestJSON:test_create_server_from_snapshot): 202 POST http://10.180.1.21/compute/v2.1/servers 2.416s
2025-12-12 09:25:56.288 66759 WARNING tempest.lib.common.ssh [-] Failed to establish authenticated ssh connection to cirros@10.180.180.231 ([Errno None] Unable to connect to port 22 on 10.180.180.231). Number attempts: 12. Retry after 13 seconds.: paramiko.ssh_exception.NoValidConnectionsError: [Errno None] Unable to connect to port 22 on 10.180.180.231
2025-12-12 09:25:56.431 66765 INFO tempest.lib.common.rest_client [req-004bf7d0-d8b9-4e02-a77c-586e3e62cae3 req-004bf7d0-d8b9-4e02-a77c-586e3e62cae3 ] Request (FloatingIPsAssociationNegativeTestJSON:tearDownClass): 204 DELETE http://10.180.1.21/identity/v3/users/d6313e2cdf4f491f8780c105bd09b8b5 0.185s
2025-12-12 09:25:56.431 66765 INFO tempest.lib.common.dynamic_creds [-] Deleting project and security group for project: e275e7e3424744ce971a2f85a0c61865
2025-12-12 09:25:56.739 66765 INFO tempest.lib.common.rest_client [req-00e787fb-82f6-404d-b39a-aedcef014641 req-00e787fb-82f6-404d-b39a-aedcef014641 ] Request (FloatingIPsAssociationNegativeTestJSON:tearDownClass): 200 GET http://10.180.1.21/networking/v2.0/security-groups?tenant_id=e275e7e3424744ce971a2f85a0c61865&name=default 0.306s
2025-12-12 09:25:56.779 66740 INFO tempest.lib.common.rest_client [req-b06c3211-a06d-495f-81ac-e656c7da05e6 req-b06c3211-a06d-495f-81ac-e656c7da05e6 ] Request (MigrationsAdminTest:test_list_migrations_in_flavor_resize_situation): 200 GET http://10.180.1.21/compute/v2.1/servers/fc8c242a-a9b9-4a5f-b03d-0a97772a13ba 2.008s
2025-12-12 09:25:56.812 66752 INFO tempest.lib.common.rest_client [req-5b6411c6-3a45-4a4d-8f58-b90842086dac req-5b6411c6-3a45-4a4d-8f58-b90842086dac ] Request (FlavorsAdminTestJSON:test_list_public_flavor_with_other_user): 200 GET http://10.180.1.21/compute/v2.1/flavors/detail 1.921s
2025-12-12 09:25:56.845 66747 INFO tempest.lib.common.rest_client [req-b838539f-f31a-4961-8f6f-8b4b163b9554 req-b838539f-f31a-4961-8f6f-8b4b163b9554 ] Request (FlavorsExtraSpecsNegativeTestJSON:tearDownClass): 200 GET http://10.180.1.21/compute/v2.1/flavors/detail 1.935s
2025-12-12 09:25:56.896 66731 INFO tempest.lib.common.rest_client [req-2379a73f-9801-42b9-be12-4d211db21b78 req-2379a73f-9801-42b9-be12-4d211db21b78 ] Request (SecurityGroupsTestJSON:test_server_security_groups): 202 POST http://10.180.1.21/compute/v2.1/servers 2.269s
2025-12-12 09:25:56.924 66765 INFO tempest.lib.common.rest_client [req-4a380ecd-9c62-4763-a630-b7db36fbbd9c req-4a380ecd-9c62-4763-a630-b7db36fbbd9c ] Request (FloatingIPsAssociationNegativeTestJSON:tearDownClass): 204 DELETE http://10.180.1.21/networking/v2.0/security-groups/aad28b08-b7eb-4fbc-8970-0ff4141f12e7 0.184s
2025-12-12 09:25:56.966 66757 INFO tempest.lib.common.rest_client [req-d1b257b3-832d-4cc1-874a-8df86b86e53b req-d1b257b3-832d-4cc1-874a-8df86b86e53b ] Request (ServersListShow296Test:test_list_show_update_rebuild_server_296): 200 GET http://10.180.1.21/compute/v2.1/servers/47e9ae49-0cb8-46e2-a8da-7d0f3d6f4c68 1.828s
2025-12-12 09:25:57.104 66747 INFO tempest.lib.common.rest_client [req-2403cf73-f187-4cc8-b756-8f18c62dc3da req-2403cf73-f187-4cc8-b756-8f18c62dc3da ] Request (FlavorsExtraSpecsNegativeTestJSON:tearDownClass): 204 DELETE http://10.180.1.21/identity/v3/users/78d413f07ba444f7abf2ee76ac1c63d0 0.250s
2025-12-12 09:25:57.200 66762 INFO tempest.lib.common.rest_client [req-8698767c-3c14-48df-a704-845eac6e366f req-8698767c-3c14-48df-a704-845eac6e366f ] Request (QuotasAdminTestJSON:test_get_updated_quotas): 200 GET http://10.180.1.21/compute/v2.1/os-quota-sets/d43023a5db3044d996a87d3bbd80f2fc/detail 2.063s
2025-12-12 09:25:57.237 66765 INFO tempest.lib.common.rest_client [req-1c74e609-4101-41ab-8b2e-e7e6eb1c20e6 req-1c74e609-4101-41ab-8b2e-e7e6eb1c20e6 ] Request (FloatingIPsAssociationNegativeTestJSON:tearDownClass): 204 DELETE http://10.180.1.21/identity/v3/projects/e275e7e3424744ce971a2f85a0c61865 0.313s
2025-12-12 09:25:57.312 66733 INFO tempest.lib.common.rest_client [req-69a266aa-1bd1-4d7b-afc1-b43c6847892e req-69a266aa-1bd1-4d7b-afc1-b43c6847892e ] Request (ServersTestFqdnHostnames:test_create_server_with_fqdn_name): 200 GET http://10.180.1.21/compute/v2.1/servers/c74bc66a-d256-4f01-8b41-d88025e4d4e0 2.067s
2025-12-12 09:25:57.326 66733 INFO tempest.common.waiters [-] State transition "BUILD/spawning" ==> "ACTIVE/None" after 29 second wait
2025-12-12 09:25:57.363 66747 INFO tempest.lib.common.rest_client [req-60224cb9-b876-4d8d-adf2-392b9c75c51b req-60224cb9-b876-4d8d-adf2-392b9c75c51b ] Request (FlavorsExtraSpecsNegativeTestJSON:tearDownClass): 204 DELETE http://10.180.1.21/identity/v3/users/9fb1850a384249b682296d697eb6362c 0.258s
2025-12-12 09:25:57.363 66747 INFO tempest.lib.common.dynamic_creds [-] Deleting project and security group for project: f29a9fbef4cc46b5a06cb9d51afef67a
2025-12-12 09:25:57.384 66762 INFO tempest.lib.common.rest_client [req-f41f6fde-c34a-420c-83b2-a291ed339408 req-f41f6fde-c34a-420c-83b2-a291ed339408 ] Request (QuotasAdminTestJSON:test_get_updated_quotas): 200 GET http://10.180.1.21/identity/v3/domains?name=Default 0.175s
2025-12-12 09:25:57.391 66719 INFO tempest.lib.common.rest_client [req-d531b89e-34ec-4806-9c91-3f9f1786203a req-d531b89e-34ec-4806-9c91-3f9f1786203a ] Request (ImagesOneServerTestJSON:tearDownClass): 200 GET http://10.180.1.21/compute/v2.1/servers/7a259652-f551-48db-b47b-a3d88dc5e5c8 2.101s
2025-12-12 09:25:57.425 66715 WARNING tempest.lib.common.ssh [-] Failed to establish authenticated ssh connection to cirros@10.180.180.191 ([Errno None] Unable to connect to port 22 on 10.180.180.191). Number attempts: 2. Retry after 3 seconds.: paramiko.ssh_exception.NoValidConnectionsError: [Errno None] Unable to connect to port 22 on 10.180.180.191
2025-12-12 09:25:57.448 66765 INFO tempest.lib.common.rest_client [req-ba0415e8-f6fc-40e2-85e2-87ae1a3f3011 req-ba0415e8-f6fc-40e2-85e2-87ae1a3f3011 ] Request (ServersTestMultiNic:setUpClass): 201 POST http://10.180.1.21/identity/v3/auth/tokens 0.206s
2025-12-12 09:25:57.468 66747 INFO tempest.lib.common.rest_client [req-48f8ba0f-d12e-4d6b-81a7-06f6e945f733 req-48f8ba0f-d12e-4d6b-81a7-06f6e945f733 ] Request (FlavorsExtraSpecsNegativeTestJSON:tearDownClass): 201 POST http://10.180.1.21/identity/v3/auth/tokens 0.105s
2025-12-12 09:25:57.505 66765 INFO tempest.lib.common.rest_client [req-67fb1963-8db8-43db-a5a6-1de7776fdadc req-67fb1963-8db8-43db-a5a6-1de7776fdadc ] Request (ServersTestMultiNic:setUpClass): 201 POST http://10.180.1.21/identity/v3/auth/tokens 0.052s
2025-12-12 09:25:57.540 66765 INFO tempest.lib.common.rest_client [req-f8314abe-57fd-4dbc-ae68-6228e668bed7 req-f8314abe-57fd-4dbc-ae68-6228e668bed7 ] Request (ServersTestMultiNic:setUpClass): 200 GET http://10.180.1.21/identity/v3/domains?name=Default 0.034s
2025-12-12 09:25:57.549 66762 INFO tempest.lib.common.rest_client [req-3f0d3d58-d1cd-48f2-b29d-716fa4c2f1c6 req-3f0d3d58-d1cd-48f2-b29d-716fa4c2f1c6 ] Request (QuotasAdminTestJSON:test_get_updated_quotas): 201 POST http://10.180.1.21/identity/v3/users 0.165s
2025-12-12 09:25:57.585 66762 INFO tempest.lib.common.rest_client [req-d6dfd679-5235-4f0a-a21c-5d29b0beb3bd req-d6dfd679-5235-4f0a-a21c-5d29b0beb3bd ] Request (QuotasAdminTestJSON:test_get_updated_quotas): 200 GET http://10.180.1.21/identity/v3/domains?name=Default 0.035s
2025-12-12 09:25:57.656 66765 INFO tempest.lib.common.rest_client [req-9f073f7b-b3b8-4dae-9e92-75166323edaa req-9f073f7b-b3b8-4dae-9e92-75166323edaa ] Request (ServersTestMultiNic:setUpClass): 201 POST http://10.180.1.21/identity/v3/projects 0.116s
2025-12-12 09:25:57.751 66765 INFO tempest.lib.common.rest_client [req-61996e5d-c51c-498f-b14b-066eaf77627a req-61996e5d-c51c-498f-b14b-066eaf77627a ] Request (ServersTestMultiNic:setUpClass): 201 POST http://10.180.1.21/identity/v3/users 0.094s
2025-12-12 09:25:57.776 66765 INFO tempest.lib.common.rest_client [req-8133b775-2a19-4582-b3fe-71a01e06d238 req-8133b775-2a19-4582-b3fe-71a01e06d238 ] Request (ServersTestMultiNic:setUpClass): 200 GET http://10.180.1.21/identity/v3/roles 0.024s
2025-12-12 09:25:57.819 66765 INFO tempest.lib.common.rest_client [req-3a4d3188-24dc-47e0-9965-6b2b8ae2b416 req-3a4d3188-24dc-47e0-9965-6b2b8ae2b416 ] Request (ServersTestMultiNic:setUpClass): 204 PUT http://10.180.1.21/identity/v3/projects/0f7b3cb70af0438a9fa67624fefc0cd3/users/6720be7386d6437db0a0ed7c8f2f956d/roles/8628bdb8fa5046aa97da1652121664fe 0.043s
2025-12-12 09:25:57.820 66765 INFO tempest.lib.common.dynamic_creds [-] Dynamic test user 6720be7386d6437db0a0ed7c8f2f956d is created with scope project and roles: ['member']
2025-12-12 09:25:57.820 66765 INFO tempest.lib.common.dynamic_creds [-] Acquired dynamic creds: credentials: Credentials: {'domain_id': 'default', 'domain_name': 'Default', 'username': 'tempest-ServersTestMultiNic-872851536-project-member', 'project_domain_id': 'default', 'project_domain_name': 'Default', 'project_id': '0f7b3cb70af0438a9fa67624fefc0cd3', 'project_name': 'tempest-ServersTestMultiNic-872851536', 'tenant_id': '0f7b3cb70af0438a9fa67624fefc0cd3', 'tenant_name': 'tempest-ServersTestMultiNic-872851536', 'user_domain_id': 'default', 'user_domain_name': 'Default', 'user_id': '6720be7386d6437db0a0ed7c8f2f956d', 'system': None}, Network: None, Subnet: None, Router: None
2025-12-12 09:25:57.906 66765 INFO tempest.lib.common.rest_client [req-4345135c-4cf1-4014-8133-169980d9a419 req-4345135c-4cf1-4014-8133-169980d9a419 ] Request (ServersTestMultiNic:setUpClass): 201 POST http://10.180.1.21/identity/v3/auth/tokens 0.085s
2025-12-12 09:25:58.142 66711 INFO tempest.lib.common.rest_client [req-a89991fa-8711-4191-a29c-6d64705f86fd req-a89991fa-8711-4191-a29c-6d64705f86fd ] Request (VolumesAssistedSnapshotsTest:tearDownClass): 200 GET http://10.180.1.21/compute/v2.1/servers/25626b6e-e0cd-417b-a6ef-06639bfd0a10 2.805s
2025-12-12 09:25:58.312 66747 INFO tempest.lib.common.rest_client [req-d469a10c-3050-46de-8ec1-515fb3a483a5 req-d469a10c-3050-46de-8ec1-515fb3a483a5 ] Request (FlavorsExtraSpecsNegativeTestJSON:tearDownClass): 200 GET http://10.180.1.21/networking/v2.0/security-groups?tenant_id=f29a9fbef4cc46b5a06cb9d51afef67a&name=default 0.843s
2025-12-12 09:25:58.565 66765 INFO tempest.lib.common.rest_client [req-444b1525-9413-4ff6-b9e2-ba9fa423acc7 req-444b1525-9413-4ff6-b9e2-ba9fa423acc7 ] Request (ServersTestMultiNic:setUpClass): 201 POST http://10.180.1.21/networking/v2.0/networks 0.659s
2025-12-12 09:25:58.637 66735 INFO tempest.lib.common.rest_client [req-825fdf76-3035-4c58-910d-d8f0479a97be req-825fdf76-3035-4c58-910d-d8f0479a97be ] Request (FloatingIPsTestJSON:test_delete_floating_ip): 200 POST http://10.180.1.21/compute/v2.1/os-floating-ips 3.332s
2025-12-12 09:25:58.648 66747 INFO tempest.lib.common.rest_client [req-baf2765d-423a-4054-9814-665d98e4246d req-baf2765d-423a-4054-9814-665d98e4246d ] Request (FlavorsExtraSpecsNegativeTestJSON:tearDownClass): 204 DELETE http://10.180.1.21/networking/v2.0/security-groups/78df32b2-2863-483a-8617-26390e95bfe7 0.336s
2025-12-12 09:25:58.675 66721 INFO tempest.lib.common.rest_client [req-f3e10001-f6ef-4b8f-b1c0-e118e11472e5 req-f3e10001-f6ef-4b8f-b1c0-e118e11472e5 ] Request (ListServerFiltersTestJSON:setUpClass): 200 GET http://10.180.1.21/compute/v2.1/servers/1f50ea8b-462b-4d61-b1b1-9f61fc43ace2 3.312s
2025-12-12 09:25:58.683 66721 INFO tempest.common.waiters [-] State transition "BUILD/None" ==> "BUILD/spawning" after 25 second wait
2025-12-12 09:25:58.724 66747 INFO tempest.lib.common.rest_client [req-d83ea3a8-c5aa-4688-8063-07d9f8b7ded2 req-d83ea3a8-c5aa-4688-8063-07d9f8b7ded2 ] Request (FlavorsExtraSpecsNegativeTestJSON:tearDownClass): 204 DELETE http://10.180.1.21/identity/v3/projects/f29a9fbef4cc46b5a06cb9d51afef67a 0.075s
2025-12-12 09:25:58.725 66747 INFO tempest.lib.common.dynamic_creds [-] Deleting project and security group for project: d0046a09a3b6470cb6e77c099038346c
2025-12-12 09:25:58.737 66717 INFO tempest.lib.common.rest_client [req-8989f28a-40f0-4772-812a-7c4fdfe1e49a req-8989f28a-40f0-4772-812a-7c4fdfe1e49a ] Request (SecurityGroupsNegativeTestJSON:test_update_non_existent_security_group): 404 PUT http://10.180.1.21/compute/v2.1/os-security-groups/ecc1c02c-bb33-4a09-8b21-c51b48173973 3.365s
2025-12-12 09:25:58.762 66725 INFO tempest.lib.common.rest_client [req-87a50760-7033-4930-9bf8-6ba11a183242 req-87a50760-7033-4930-9bf8-6ba11a183242 ] Request (ServersNegativeTestMultiTenantJSON:setUpClass): 200 GET http://10.180.1.21/compute/v2.1/servers/20a4685c-f935-4a68-9163-9dd38788598e 3.238s
2025-12-12 09:25:58.776 66725 INFO tempest.common.waiters [-] State transition "BUILD/None" ==> "BUILD/networking" after 25 second wait
2025-12-12 09:25:58.827 66765 INFO tempest.lib.common.rest_client [req-62f41f82-1af8-4ad8-91a4-531ce8d4daf1 req-62f41f82-1af8-4ad8-91a4-531ce8d4daf1 ] Request (ServersTestMultiNic:setUpClass): 201 POST http://10.180.1.21/networking/v2.0/subnets 0.261s
2025-12-12 09:25:58.883 66747 INFO tempest.lib.common.rest_client [req-b68914b5-3d5d-4da6-83fe-59521fe69ea0 req-b68914b5-3d5d-4da6-83fe-59521fe69ea0 ] Request (FlavorsExtraSpecsNegativeTestJSON:tearDownClass): 200 GET http://10.180.1.21/networking/v2.0/security-groups?tenant_id=d0046a09a3b6470cb6e77c099038346c&name=default 0.158s
2025-12-12 09:25:59.014 66729 INFO tempest.lib.common.rest_client [req-009d2837-a171-4f8b-8b36-eeec8087eeef req-009d2837-a171-4f8b-8b36-eeec8087eeef ] Request (ServersTestJSON:tearDownClass): 200 GET http://10.180.1.21/compute/v2.1/servers/44c0e9f7-5c81-48b8-ab82-4d86248dad84 3.335s
2025-12-12 09:25:59.552 66767 WARNING tempest.lib.common.ssh [-] Failed to establish authenticated ssh connection to cirros@10.180.180.192 ([Errno None] Unable to connect to port 22 on 10.180.180.192). Number attempts: 4. Retry after 5 seconds.: paramiko.ssh_exception.NoValidConnectionsError: [Errno None] Unable to connect to port 22 on 10.180.180.192
2025-12-12 09:25:59.615 66717 INFO tempest.lib.common.rest_client [req-f6fb0d15-706d-45ab-9f2e-e10e235d7c10 req-f6fb0d15-706d-45ab-9f2e-e10e235d7c10 ] Request (SecurityGroupsNegativeTestJSON:tearDownClass): 200 PUT http://10.180.1.21/networking/v2.0/routers/9b4241ba-f841-480c-8c31-15ce1b795724/remove_router_interface 0.871s
2025-12-12 09:25:59.638 66753 WARNING tempest.lib.common.ssh [-] Failed to establish authenticated ssh connection to cirros@10.180.180.210 ([Errno None] Unable to connect to port 22 on 10.180.180.210). Number attempts: 11. Retry after 12 seconds.: paramiko.ssh_exception.NoValidConnectionsError: [Errno None] Unable to connect to port 22 on 10.180.180.210
2025-12-12 09:25:59.744 66765 INFO tempest.lib.common.rest_client [req-27faca56-2760-442d-9031-de95ddc62956 req-27faca56-2760-442d-9031-de95ddc62956 ] Request (ServersTestMultiNic:setUpClass): 201 POST http://10.180.1.21/networking/v2.0/routers 0.916s
2025-12-12 09:25:59.832 66747 INFO tempest.lib.common.rest_client [req-5fe2de3b-b0f7-48a0-b0ef-9a4e4fe562b7 req-5fe2de3b-b0f7-48a0-b0ef-9a4e4fe562b7 ] Request (FlavorsExtraSpecsNegativeTestJSON:tearDownClass): 204 DELETE http://10.180.1.21/networking/v2.0/security-groups/ebdca38f-9d85-4324-9eee-f93c5d7c355c 0.949s
2025-12-12 09:25:59.869 66713 INFO tempest.lib.common.rest_client [req-d2c6f540-ee7f-4832-90e3-19c57e0c80d7 req-d2c6f540-ee7f-4832-90e3-19c57e0c80d7 ] Request (TenantUsagesTestJSON:tearDownClass): 200 GET http://10.180.1.21/compute/v2.1/servers/8c3008d0-58d6-4549-a914-95f4de4c0ba9 4.310s
2025-12-12 09:25:59.960 66747 INFO tempest.lib.common.rest_client [req-eb61393a-6630-4159-8d8a-7dd7fd2373c1 req-eb61393a-6630-4159-8d8a-7dd7fd2373c1 ] Request (FlavorsExtraSpecsNegativeTestJSON:tearDownClass): 204 DELETE http://10.180.1.21/identity/v3/projects/d0046a09a3b6470cb6e77c099038346c 0.127s
2025-12-12 09:26:00.065 66747 INFO tempest.lib.common.rest_client [req-72a8f169-7bd3-4892-948a-39c5b586f3db req-72a8f169-7bd3-4892-948a-39c5b586f3db ] Request (KeyPairsV210TestJSON:setUpClass): 201 POST http://10.180.1.21/identity/v3/auth/tokens 0.104s
2025-12-12 09:26:00.101 66747 INFO tempest.lib.common.rest_client [req-dbc0c13b-22c5-499b-a55c-df0e54f7e505 req-dbc0c13b-22c5-499b-a55c-df0e54f7e505 ] Request (KeyPairsV210TestJSON:setUpClass): 201 POST http://10.180.1.21/identity/v3/auth/tokens 0.033s
2025-12-12 09:26:00.135 66747 INFO tempest.lib.common.rest_client [req-1e37e575-e855-42f3-ba8b-00c6a8fa6490 req-1e37e575-e855-42f3-ba8b-00c6a8fa6490 ] Request (KeyPairsV210TestJSON:setUpClass): 200 GET http://10.180.1.21/identity/v3/domains?name=Default 0.033s
2025-12-12 09:26:00.170 66747 INFO tempest.lib.common.rest_client [req-11ce7b08-6454-43d5-b61c-23b4cec1c0e3 req-11ce7b08-6454-43d5-b61c-23b4cec1c0e3 ] Request (KeyPairsV210TestJSON:setUpClass): 201 POST http://10.180.1.21/identity/v3/projects 0.034s
2025-12-12 09:26:00.247 66747 INFO tempest.lib.common.rest_client [req-155d3ad1-113a-47e3-a7b4-d4b6deb65d41 req-155d3ad1-113a-47e3-a7b4-d4b6deb65d41 ] Request (KeyPairsV210TestJSON:setUpClass): 201 POST http://10.180.1.21/identity/v3/users 0.076s
2025-12-12 09:26:00.272 66747 INFO tempest.lib.common.rest_client [req-4de82363-4396-4342-84e5-3e060e6e3dd5 req-4de82363-4396-4342-84e5-3e060e6e3dd5 ] Request (KeyPairsV210TestJSON:setUpClass): 200 GET http://10.180.1.21/identity/v3/roles 0.024s
2025-12-12 09:26:00.331 66747 INFO tempest.lib.common.rest_client [req-2e7f62d3-50d4-4dc6-8cdb-c6c3acd2157e req-2e7f62d3-50d4-4dc6-8cdb-c6c3acd2157e ] Request (KeyPairsV210TestJSON:setUpClass): 204 PUT http://10.180.1.21/identity/v3/projects/d69f0300aa7148ec89f8d8d632b58170/users/babe877d001d4e5b90194a77568110b7/roles/8628bdb8fa5046aa97da1652121664fe 0.059s
2025-12-12 09:26:00.331 66747 INFO tempest.lib.common.dynamic_creds [-] Dynamic test user babe877d001d4e5b90194a77568110b7 is created with scope project and roles: ['member']
2025-12-12 09:26:00.332 66747 INFO tempest.lib.common.dynamic_creds [-] Acquired dynamic creds: credentials: Credentials: {'domain_id': 'default', 'domain_name': 'Default', 'username': 'tempest-KeyPairsV210TestJSON-12062729-project-member', 'project_domain_id': 'default', 'project_domain_name': 'Default', 'project_id': 'd69f0300aa7148ec89f8d8d632b58170', 'project_name': 'tempest-KeyPairsV210TestJSON-12062729', 'tenant_id': 'd69f0300aa7148ec89f8d8d632b58170', 'tenant_name': 'tempest-KeyPairsV210TestJSON-12062729', 'user_domain_id': 'default', 'user_domain_name': 'Default', 'user_id': 'babe877d001d4e5b90194a77568110b7', 'system': None}, Network: None, Subnet: None, Router: None
2025-12-12 09:26:00.332 66747 INFO tempest.lib.common.dynamic_creds [-] Created isolated network resources for: credentials: Credentials: {'domain_id': 'default', 'domain_name': 'Default', 'username': 'tempest-KeyPairsV210TestJSON-12062729-project-member', 'project_domain_id': 'default', 'project_domain_name': 'Default', 'project_id': 'd69f0300aa7148ec89f8d8d632b58170', 'project_name': 'tempest-KeyPairsV210TestJSON-12062729', 'tenant_id': 'd69f0300aa7148ec89f8d8d632b58170', 'tenant_name': 'tempest-KeyPairsV210TestJSON-12062729', 'user_domain_id': 'default', 'user_domain_name': 'Default', 'user_id': 'babe877d001d4e5b90194a77568110b7', 'system': None}, Network: None, Subnet: None, Router: None
2025-12-12 09:26:00.429 66747 INFO tempest.lib.common.rest_client [req-6f720112-d5c1-4496-88fa-98623f9e47bb req-6f720112-d5c1-4496-88fa-98623f9e47bb ] Request (KeyPairsV210TestJSON:setUpClass): 201 POST http://10.180.1.21/identity/v3/auth/tokens 0.092s
2025-12-12 09:26:00.518 66747 INFO tempest.lib.common.rest_client [req-a8698294-02a2-4a15-8315-584d652a626c req-a8698294-02a2-4a15-8315-584d652a626c ] Request (KeyPairsV210TestJSON:setUpClass): 201 POST http://10.180.1.21/identity/v3/projects 0.088s
2025-12-12 09:26:00.520 66717 INFO tempest.lib.common.rest_client [req-2c4203c3-8f32-4c0f-91e1-ae54bb096214 req-2c4203c3-8f32-4c0f-91e1-ae54bb096214 ] Request (SecurityGroupsNegativeTestJSON:tearDownClass): 204 DELETE http://10.180.1.21/networking/v2.0/routers/9b4241ba-f841-480c-8c31-15ce1b795724 0.904s
2025-12-12 09:26:00.615 66747 INFO tempest.lib.common.rest_client [req-f579de76-43e5-4a3a-bd6a-5b8aa28e566f req-f579de76-43e5-4a3a-bd6a-5b8aa28e566f ] Request (KeyPairsV210TestJSON:setUpClass): 201 POST http://10.180.1.21/identity/v3/users 0.095s
2025-12-12 09:26:00.644 66747 INFO tempest.lib.common.rest_client [req-9c411acc-d8d2-4be3-8d79-25cdcd812e2f req-9c411acc-d8d2-4be3-8d79-25cdcd812e2f ] Request (KeyPairsV210TestJSON:setUpClass): 200 GET http://10.180.1.21/identity/v3/roles 0.029s
2025-12-12 09:26:00.650 66745 INFO tempest.lib.common.rest_client [req-19201fc1-5b51-4136-89cf-2b717e72bafd req-19201fc1-5b51-4136-89cf-2b717e72bafd ] Request (ServersTestManualDisk:setUpClass): 200 GET http://10.180.1.21/compute/v2.1/servers/d6fae594-b4ce-47a0-b1a0-260f9ef021d2 4.938s
2025-12-12 09:26:00.686 66747 INFO tempest.lib.common.rest_client [req-39ec060d-dfae-4829-b5f8-a704bc99caa7 req-39ec060d-dfae-4829-b5f8-a704bc99caa7 ] Request (KeyPairsV210TestJSON:setUpClass): 204 PUT http://10.180.1.21/identity/v3/projects/6586a0b035cf4abbb006e99bf66fcc98/users/3dc72ebbfa6c46fb8a28d6a53ac2c164/roles/411bba152f4540e2bb7d02fcc0a07c16 0.041s
2025-12-12 09:26:00.757 66747 INFO tempest.lib.common.rest_client [req-13806cc5-031c-4792-881d-4622ccb89171 req-13806cc5-031c-4792-881d-4622ccb89171 ] Request (KeyPairsV210TestJSON:setUpClass): 200 GET http://10.180.1.21/identity/v3/roles 0.071s
2025-12-12 09:26:00.786 66747 INFO tempest.lib.common.rest_client [req-ebc2a06c-1380-4435-8dc3-707515788f26 req-ebc2a06c-1380-4435-8dc3-707515788f26 ] Request (KeyPairsV210TestJSON:setUpClass): 204 PUT http://10.180.1.21/identity/v3/projects/6586a0b035cf4abbb006e99bf66fcc98/users/3dc72ebbfa6c46fb8a28d6a53ac2c164/roles/411bba152f4540e2bb7d02fcc0a07c16 0.027s
2025-12-12 09:26:00.786 66747 INFO tempest.lib.common.dynamic_creds [-] Dynamic test user 3dc72ebbfa6c46fb8a28d6a53ac2c164 is created with scope project and roles: ['admin']
2025-12-12 09:26:00.786 66747 INFO tempest.lib.common.dynamic_creds [-] Acquired dynamic creds: credentials: Credentials: {'domain_id': 'default', 'domain_name': 'Default', 'username': 'tempest-KeyPairsV210TestJSON-1345591425-project-admin', 'project_domain_id': 'default', 'project_domain_name': 'Default', 'project_id': '6586a0b035cf4abbb006e99bf66fcc98', 'project_name': 'tempest-KeyPairsV210TestJSON-1345591425', 'tenant_id': '6586a0b035cf4abbb006e99bf66fcc98', 'tenant_name': 'tempest-KeyPairsV210TestJSON-1345591425', 'user_domain_id': 'default', 'user_domain_name': 'Default', 'user_id': '3dc72ebbfa6c46fb8a28d6a53ac2c164', 'system': None}, Network: None, Subnet: None, Router: None
2025-12-12 09:26:00.786 66747 INFO tempest.lib.common.dynamic_creds [-] Created isolated network resources for: credentials: Credentials: {'domain_id': 'default', 'domain_name': 'Default', 'username': 'tempest-KeyPairsV210TestJSON-1345591425-project-admin', 'project_domain_id': 'default', 'project_domain_name': 'Default', 'project_id': '6586a0b035cf4abbb006e99bf66fcc98', 'project_name': 'tempest-KeyPairsV210TestJSON-1345591425', 'tenant_id': '6586a0b035cf4abbb006e99bf66fcc98', 'tenant_name': 'tempest-KeyPairsV210TestJSON-1345591425', 'user_domain_id': 'default', 'user_domain_name': 'Default', 'user_id': '3dc72ebbfa6c46fb8a28d6a53ac2c164', 'system': None}, Network: None, Subnet: None, Router: None
2025-12-12 09:26:00.863 66747 INFO tempest.lib.common.rest_client [req-3f619ee7-2b66-464f-ab7b-8cfdcaa1d880 req-3f619ee7-2b66-464f-ab7b-8cfdcaa1d880 ] Request (KeyPairsV210TestJSON:setUpClass): 201 POST http://10.180.1.21/identity/v3/auth/tokens 0.074s
2025-12-12 09:26:00.932 66715 WARNING tempest.lib.common.ssh [-] Failed to establish authenticated ssh connection to cirros@10.180.180.191 ([Errno None] Unable to connect to port 22 on 10.180.180.191). Number attempts: 3. Retry after 4 seconds.: paramiko.ssh_exception.NoValidConnectionsError: [Errno None] Unable to connect to port 22 on 10.180.180.191
2025-12-12 09:26:01.200 66765 INFO tempest.lib.common.rest_client [req-be1d68a1-b4e0-404b-8d7e-e5367ed374e1 req-be1d68a1-b4e0-404b-8d7e-e5367ed374e1 ] Request (ServersTestMultiNic:setUpClass): 200 PUT http://10.180.1.21/networking/v2.0/routers/ecd3d443-8e64-4f58-a7bf-f0d548d46c67/add_router_interface 1.455s
2025-12-12 09:26:01.201 66765 INFO tempest.lib.common.dynamic_creds [-] Created isolated network resources for: credentials: Credentials: {'domain_id': 'default', 'domain_name': 'Default', 'username': 'tempest-ServersTestMultiNic-872851536-project-member', 'project_domain_id': 'default', 'project_domain_name': 'Default', 'project_id': '0f7b3cb70af0438a9fa67624fefc0cd3', 'project_name': 'tempest-ServersTestMultiNic-872851536', 'tenant_id': '0f7b3cb70af0438a9fa67624fefc0cd3', 'tenant_name': 'tempest-ServersTestMultiNic-872851536', 'user_domain_id': 'default', 'user_domain_name': 'Default', 'user_id': '6720be7386d6437db0a0ed7c8f2f956d', 'system': None}, Network: {'id': '1e66fda8-327d-4024-b494-e51c5fdbc314', 'name': 'tempest-ServersTestMultiNic-727383063-network', 'tenant_id': '0f7b3cb70af0438a9fa67624fefc0cd3', 'project_id': '0f7b3cb70af0438a9fa67624fefc0cd3', 'admin_state_up': True, 'mtu': 8950, 'status': 'ACTIVE', 'subnets': [], 'shared': False, 'port_security_enabled': True, 'router:external': False, 'provider:network_type': 'vlan', 'provider:physical_network': 'default', 'provider:segmentation_id': 403, 'availability_zone_hints': [], 'availability_zones': [], 'ipv4_address_scope': None, 'ipv6_address_scope': None, 'description': '', 'tags': [], 'created_at': '2025-12-12T09:25:58Z', 'updated_at': '2025-12-12T09:25:58Z', 'revision_number': 1}, Subnet: {'id': 'b014e2ac-2d54-4ddb-a231-02bf1b9aae41', 'name': 'tempest-ServersTestMultiNic-727383063-subnet', 'tenant_id': '0f7b3cb70af0438a9fa67624fefc0cd3', 'network_id': '1e66fda8-327d-4024-b494-e51c5fdbc314', 'ip_version': 4, 'subnetpool_id': None, 'enable_dhcp': True, 'ipv6_ra_mode': None, 'ipv6_address_mode': None, 'gateway_ip': '192.168.128.1', 'cidr': '192.168.128.0/28', 'allocation_pools': [{'start': '192.168.128.2', 'end': '192.168.128.14'}], 'host_routes': [], 'dns_nameservers': [], 'description': '', 'router:external': False, 'service_types': [], 'tags': [], 'created_at': '2025-12-12T09:25:58Z', 'updated_at': '2025-12-12T09:25:58Z', 'revision_number': 0, 'project_id': '0f7b3cb70af0438a9fa67624fefc0cd3'}, Router: {'id': 'ecd3d443-8e64-4f58-a7bf-f0d548d46c67', 'name': 'tempest-ServersTestMultiNic-727383063-router', 'tenant_id': '0f7b3cb70af0438a9fa67624fefc0cd3', 'admin_state_up': True, 'status': 'ACTIVE', 'external_gateway_info': {'network_id': '177b0751-4b95-4bf9-a1ed-81250cca2e75', 'external_fixed_ips': [{'subnet_id': '70064f64-9710-4534-9251-2cccec34fcf6', 'ip_address': '10.180.180.154'}], 'enable_snat': True}, 'description': '', 'availability_zones': [], 'distributed': False, 'ha': False, 'availability_zone_hints': [], 'routes': [], 'flavor_id': None, 'tags': [], 'created_at': '2025-12-12T09:25:59Z', 'updated_at': '2025-12-12T09:25:59Z', 'revision_number': 2, 'project_id': '0f7b3cb70af0438a9fa67624fefc0cd3'}
2025-12-12 09:26:01.277 66765 INFO tempest.lib.common.rest_client [req-1408b4c3-e745-4576-b18c-aaaf60061055 req-1408b4c3-e745-4576-b18c-aaaf60061055 ] Request (ServersTestMultiNic:setUpClass): 201 POST http://10.180.1.21/identity/v3/auth/tokens 0.072s
2025-12-12 09:26:01.330 66717 INFO tempest.lib.common.rest_client [req-3afa96c6-9883-457c-a5c0-7631a4eb3bb3 req-3afa96c6-9883-457c-a5c0-7631a4eb3bb3 ] Request (SecurityGroupsNegativeTestJSON:tearDownClass): 204 DELETE http://10.180.1.21/networking/v2.0/subnets/8f3a8ca0-93eb-46a0-9477-7b2bb401f0a2 0.810s
2025-12-12 09:26:01.366 66770 INFO tempest.lib.common.rest_client [req-e51dd81a-ac00-4f79-8b95-fe8b47c8c30a req-e51dd81a-ac00-4f79-8b95-fe8b47c8c30a ] Request (ServersAdminTestJSON:test_create_server_with_scheduling_hint): 200 GET http://10.180.1.21/compute/v2.1/servers/200a8b2d-2747-418d-9b26-e9f5e3459203 5.575s
2025-12-12 09:26:01.395 66741 INFO tempest.lib.common.rest_client [req-3eab0647-eb81-498a-bbae-aec8bd8c282d req-3eab0647-eb81-498a-bbae-aec8bd8c282d ] Request (ImagesOneServerNegativeTestJSON:_run_cleanups): 200 GET http://10.180.1.21/compute/v2.1/servers/95578162-f9a8-46e3-8e22-98a1cc2a7fff 5.588s
2025-12-12 09:26:01.631 66765 INFO tempest.lib.common.rest_client [req-1055ff4a-bf6c-452d-92df-c57836f262c4 req-1055ff4a-bf6c-452d-92df-c57836f262c4 ] Request (ServersTestMultiNic:test_verify_duplicate_network_nics): 201 POST http://10.180.1.21/networking/v2.0/networks 0.351s
2025-12-12 09:26:01.775 66717 INFO tempest.lib.common.rest_client [req-c2fcbe50-34a9-4bcd-8765-30fc6e3c541b req-c2fcbe50-34a9-4bcd-8765-30fc6e3c541b ] Request (SecurityGroupsNegativeTestJSON:tearDownClass): 204 DELETE http://10.180.1.21/networking/v2.0/networks/9c5273d9-8a09-4024-b640-baae45afe533 0.444s
2025-12-12 09:26:01.816 66723 INFO tempest.lib.common.rest_client [req-4b632d67-a289-4cac-b75e-6f486e953781 req-4b632d67-a289-4cac-b75e-6f486e953781 ] Request (ServerPasswordTestJSON:setUpClass): 200 GET http://10.180.1.21/compute/v2.1/servers/72358cc3-068e-46a6-be1c-5cb9b9d38726 5.966s
2025-12-12 09:26:01.832 66764 INFO tempest.lib.common.rest_client [req-6d441382-5414-47ac-92ff-3bdb033605bd req-6d441382-5414-47ac-92ff-3bdb033605bd ] Request (FloatingIPsAssociationTestJSON:tearDownClass): 200 GET http://10.180.1.21/compute/v2.1/servers/c421304e-254f-4484-a489-45343cbbf3ff 5.955s
2025-12-12 09:26:01.849 66764 INFO tempest.common.waiters [-] State transition "ACTIVE/deleting" ==> "DELETED/None" after 10 second wait
2025-12-12 09:26:01.910 66717 INFO tempest.lib.common.rest_client [req-f18239dc-7e7e-48d9-91a4-ba23dba2a7e4 req-f18239dc-7e7e-48d9-91a4-ba23dba2a7e4 ] Request (SecurityGroupsNegativeTestJSON:tearDownClass): 204 DELETE http://10.180.1.21/identity/v3/users/21467b8ae9bc4a14b6b9109dc4f25bb6 0.135s
2025-12-12 09:26:01.911 66717 INFO tempest.lib.common.dynamic_creds [-] Deleting project and security group for project: 8f13a91d309e44f4b0c7546f8d8cdc7f
2025-12-12 09:26:02.032 66765 INFO tempest.lib.common.rest_client [req-119271a1-e965-4c20-811d-03f7daeeeec8 req-119271a1-e965-4c20-811d-03f7daeeeec8 ] Request (ServersTestMultiNic:test_verify_duplicate_network_nics): 201 POST http://10.180.1.21/networking/v2.0/subnets 0.400s
2025-12-12 09:26:02.083 66771 INFO tempest.lib.common.rest_client [req-21ceb47f-0872-4f0c-8676-4282aca2afc0 req-21ceb47f-0872-4f0c-8676-4282aca2afc0 ] Request (ImagesTestJSON:test_create_server_from_snapshot): 200 GET http://10.180.1.21/compute/v2.1/servers/20e4247b-b4d0-44bf-a247-d48ddc080bf9 5.824s
2025-12-12 09:26:02.103 66743 INFO tempest.lib.common.rest_client [req-4232a601-a488-48bb-9263-e24d18a33855 req-4232a601-a488-48bb-9263-e24d18a33855 ] Request (ServersTestBootFromVolume:tearDownClass): 200 GET http://10.180.1.21/compute/v2.1/servers/e07c8c40-055e-44f7-9087-702a8c63eb0e 6.091s
2025-12-12 09:26:02.116 66717 INFO tempest.lib.common.rest_client [req-a4bfa287-d4a7-422f-83b8-243770a20353 req-a4bfa287-d4a7-422f-83b8-243770a20353 ] Request (SecurityGroupsNegativeTestJSON:tearDownClass): 200 GET http://10.180.1.21/networking/v2.0/security-groups?tenant_id=8f13a91d309e44f4b0c7546f8d8cdc7f&name=default 0.204s
2025-12-12 09:26:02.218 66765 INFO tempest.lib.common.rest_client [req-767d79de-e395-4b0b-a508-e0908ceb9e02 req-767d79de-e395-4b0b-a508-e0908ceb9e02 ] Request (ServersTestMultiNic:test_verify_duplicate_network_nics): 201 POST http://10.180.1.21/networking/v2.0/networks 0.186s
2025-12-12 09:26:02.349 66749 INFO tempest.lib.common.rest_client [req-eb33eb38-3d75-4a45-b99c-b885cf28f39d req-eb33eb38-3d75-4a45-b99c-b885cf28f39d ] Request (ServerDiskConfigTestJSON:test_resize_server_from_auto_to_manual): 200 GET http://10.180.1.21/compute/v2.1/servers/e1fe560f-ccdd-4cf4-9880-b383be9cf8eb 6.009s
2025-12-12 09:26:02.359 66755 INFO tempest.lib.common.rest_client [req-863e8307-1962-4e0f-9fac-34ec05118dc9 req-863e8307-1962-4e0f-9fac-34ec05118dc9 ] Request (MultipleCreateTestJSON:_run_cleanups): 200 GET http://10.180.1.21/compute/v2.1/servers/ca2ab339-b58b-40e5-ade6-d349efdeee81 5.613s
2025-12-12 09:26:02.372 66752 INFO tempest.lib.common.rest_client [req-f1ac4e0e-982d-4284-bd2e-38f3626d5530 req-f1ac4e0e-982d-4284-bd2e-38f3626d5530 ] Request (FlavorsAdminTestJSON:_run_cleanups): 202 DELETE http://10.180.1.21/compute/v2.1/flavors/191349964 5.554s
2025-12-12 09:26:02.396 66717 INFO tempest.lib.common.rest_client [req-51a29102-c8a0-484d-9da0-4f39583eed02 req-51a29102-c8a0-484d-9da0-4f39583eed02 ] Request (SecurityGroupsNegativeTestJSON:tearDownClass): 204 DELETE http://10.180.1.21/networking/v2.0/security-groups/bd5ec410-d120-421c-ae38-e4ec87de8945 0.280s
2025-12-12 09:26:02.439 66731 INFO tempest.lib.common.rest_client [req-9ec6c3c8-9577-4fa9-85b7-4dbabaee4e71 req-9ec6c3c8-9577-4fa9-85b7-4dbabaee4e71 ] Request (SecurityGroupsTestJSON:test_server_security_groups): 200 GET http://10.180.1.21/compute/v2.1/servers/46e297fa-7518-4d7b-8158-f1cea5cd556e 5.534s
2025-12-12 09:26:02.509 66733 INFO tempest.lib.common.rest_client [req-88f4bc10-d434-40a4-852c-067171a3049d req-88f4bc10-d434-40a4-852c-067171a3049d ] Request (ServersTestFqdnHostnames:test_create_server_with_fqdn_name): 200 GET http://10.180.1.21/compute/v2.1/servers/c74bc66a-d256-4f01-8b41-d88025e4d4e0/os-interface 5.182s
2025-12-12 09:26:02.557 66717 INFO tempest.lib.common.rest_client [req-870a409c-d89f-4e0b-b6b3-2c906ff8f133 req-870a409c-d89f-4e0b-b6b3-2c906ff8f133 ] Request (SecurityGroupsNegativeTestJSON:tearDownClass): 204 DELETE http://10.180.1.21/identity/v3/projects/8f13a91d309e44f4b0c7546f8d8cdc7f 0.160s
2025-12-12 09:26:02.601 66765 INFO tempest.lib.common.rest_client [req-d2f1b96d-4012-463c-a2fd-9cf4aa410769 req-d2f1b96d-4012-463c-a2fd-9cf4aa410769 ] Request (ServersTestMultiNic:test_verify_duplicate_network_nics): 201 POST http://10.180.1.21/networking/v2.0/subnets 0.382s
2025-12-12 09:26:02.673 66765 INFO tempest.lib.common.rest_client [req-6474c71c-bbd9-4327-849a-dbee72c99d62 req-6474c71c-bbd9-4327-849a-dbee72c99d62 ] Request (ServersTestMultiNic:test_verify_duplicate_network_nics): 201 POST http://10.180.1.21/identity/v3/auth/tokens 0.069s
2025-12-12 09:26:02.674 66765 INFO tempest.lib.common.fixed_network [-] (ServersTestMultiNic:test_verify_duplicate_network_nics) Found network {'id': '1e66fda8-327d-4024-b494-e51c5fdbc314', 'name': 'tempest-ServersTestMultiNic-727383063-network', 'tenant_id': '0f7b3cb70af0438a9fa67624fefc0cd3', 'project_id': '0f7b3cb70af0438a9fa67624fefc0cd3', 'admin_state_up': True, 'mtu': 8950, 'status': 'ACTIVE', 'subnets': [], 'shared': False, 'port_security_enabled': True, 'router:external': False, 'provider:network_type': 'vlan', 'provider:physical_network': 'default', 'provider:segmentation_id': 403, 'availability_zone_hints': [], 'availability_zones': [], 'ipv4_address_scope': None, 'ipv6_address_scope': None, 'description': '', 'tags': [], 'created_at': '2025-12-12T09:25:58Z', 'updated_at': '2025-12-12T09:25:58Z', 'revision_number': 1} available for tenant
2025-12-12 09:26:02.729 66740 INFO tempest.lib.common.rest_client [req-88373712-3544-4639-a9c1-5375befc4c19 req-88373712-3544-4639-a9c1-5375befc4c19 ] Request (MigrationsAdminTest:test_list_migrations_in_flavor_resize_situation): 200 GET http://10.180.1.21/compute/v2.1/servers/fc8c242a-a9b9-4a5f-b03d-0a97772a13ba 4.935s
2025-12-12 09:26:02.787 66762 INFO tempest.lib.common.rest_client [req-5e592787-ba28-4c70-8d6f-9a0ff576e0cd req-5e592787-ba28-4c70-8d6f-9a0ff576e0cd ] Request (QuotasAdminTestJSON:test_get_updated_quotas): 200 PUT http://10.180.1.21/compute/v2.1/os-quota-sets/d43023a5db3044d996a87d3bbd80f2fc?user_id=ca2f9f25584b48aeaa077f1a98346b34 5.200s
2025-12-12 09:26:02.809 66719 INFO tempest.lib.common.rest_client [req-7113b7b9-bc8d-47db-8d6f-da14161042c5 req-7113b7b9-bc8d-47db-8d6f-da14161042c5 ] Request (ImagesOneServerTestJSON:tearDownClass): 404 GET http://10.180.1.21/compute/v2.1/servers/7a259652-f551-48db-b47b-a3d88dc5e5c8 4.408s
2025-12-12 09:26:02.809 66757 INFO tempest.lib.common.rest_client [req-a8f85128-5b5d-4836-a071-702c2d632486 req-a8f85128-5b5d-4836-a071-702c2d632486 ] Request (ServersListShow296Test:test_list_show_update_rebuild_server_296): 200 GET http://10.180.1.21/compute/v2.1/servers/47e9ae49-0cb8-46e2-a8da-7d0f3d6f4c68 4.827s
2025-12-12 09:26:03.092 66733 INFO tempest.lib.common.rest_client [req-7893d670-8547-411d-8ebd-625481616db5 req-7893d670-8547-411d-8ebd-625481616db5 ] Request (ServersTestFqdnHostnames:test_create_server_with_fqdn_name): 200 PUT http://10.180.1.21/networking/v2.0/floatingips/c36562f0-aecb-4b66-ad40-6abd369c24af 0.580s
2025-12-12 09:26:03.094 66733 INFO tempest.lib.common.ssh [-] Creating ssh connection to '10.180.180.199:22' as 'cirros' with public key authentication
2025-12-12 09:26:03.147 66711 INFO tempest.lib.common.rest_client [req-403007a1-4782-4b88-9574-6d69684d34fa req-403007a1-4782-4b88-9574-6d69684d34fa ] Request (VolumesAssistedSnapshotsTest:tearDownClass): 200 GET http://10.180.1.21/compute/v2.1/servers/25626b6e-e0cd-417b-a6ef-06639bfd0a10 3.997s
2025-12-12 09:26:03.429 66721 INFO tempest.lib.common.rest_client [req-487ff4d2-f25c-4e15-b661-1172168905b1 req-487ff4d2-f25c-4e15-b661-1172168905b1 ] Request (ListServerFiltersTestJSON:setUpClass): 200 GET http://10.180.1.21/compute/v2.1/servers/1f50ea8b-462b-4d61-b1b1-9f61fc43ace2 3.745s
2025-12-12 09:26:03.595 66719 INFO tempest.lib.common.rest_client [req-b4517a7f-c8c9-4c5b-b75c-f49230805043 req-b4517a7f-c8c9-4c5b-b75c-f49230805043 ] Request (ImagesOneServerTestJSON:tearDownClass): 200 PUT http://10.180.1.21/networking/v2.0/routers/022e5a27-2719-4db8-91d5-f357c0215fd7/remove_router_interface 0.785s
2025-12-12 09:26:03.735 66735 INFO tempest.lib.common.rest_client [req-c8f47634-8ad1-4493-9b20-e9ad316f4713 req-c8f47634-8ad1-4493-9b20-e9ad316f4713 ] Request (FloatingIPsTestJSON:test_delete_floating_ip): 202 DELETE http://10.180.1.21/compute/v2.1/os-floating-ips/0bcbfb4b-4b14-4396-9ac0-0d776fa54ed2 5.096s
2025-12-12 09:26:03.773 66725 INFO tempest.lib.common.rest_client [req-1efc1dca-ce63-4c6e-b6f2-6af5121b6828 req-1efc1dca-ce63-4c6e-b6f2-6af5121b6828 ] Request (ServersNegativeTestMultiTenantJSON:setUpClass): 200 GET http://10.180.1.21/compute/v2.1/servers/20a4685c-f935-4a68-9163-9dd38788598e 3.994s
2025-12-12 09:26:03.784 66725 INFO tempest.common.waiters [-] State transition "BUILD/networking" ==> "BUILD/spawning" after 30 second wait
2025-12-12 09:26:03.868 66729 INFO tempest.lib.common.rest_client [req-0c567584-5fc1-4345-a319-89ef0f4f13be req-0c567584-5fc1-4345-a319-89ef0f4f13be ] Request (ServersTestJSON:tearDownClass): 200 GET http://10.180.1.21/compute/v2.1/servers/44c0e9f7-5c81-48b8-ab82-4d86248dad84 3.842s
