2025-11-27 03:37:08.079 67480 INFO tempest.lib.common.rest_client [req-eaeccd15-42d7-4f3a-b49f-8e36a54aa7c5 req-eaeccd15-42d7-4f3a-b49f-8e36a54aa7c5 ] Request (SecurityGroupRulesNegativeTestJSON:setUpClass): 201 POST http://10.180.1.21/networking/v2.0/routers 1.108s
2025-11-27 03:37:08.128 67500 INFO tempest.lib.common.rest_client [req-6d143e10-1765-4368-8de2-e4813a2046d5 req-6d143e10-1765-4368-8de2-e4813a2046d5 ] Request (ServersAdminNegativeTestJSON:tearDownClass): 200 GET http://10.180.1.21/compute/v2.1/servers/8236c767-79b5-4382-8500-68533eac9f93 3.569s
2025-11-27 03:37:08.278 67460 INFO tempest.lib.common.rest_client [req-9eda3645-0e0a-4b47-a684-c91e088cc860 req-9eda3645-0e0a-4b47-a684-c91e088cc860 ] Request (FloatingIPDetailsNegativeTestJSON:tearDownClass): 204 DELETE http://10.180.1.21/networking/v2.0/networks/a93cc7d8-2173-47e4-9d11-8b8cf5f3d00f 0.905s
2025-11-27 03:37:08.421 67460 INFO tempest.lib.common.rest_client [req-49bc9c7c-046e-45d3-bb98-88fc46b2b112 req-49bc9c7c-046e-45d3-bb98-88fc46b2b112 ] Request (FloatingIPDetailsNegativeTestJSON:tearDownClass): 204 DELETE http://10.180.1.21/identity/v3/users/479e6bfefb2249e3935c3dd44ca88e76 0.142s
2025-11-27 03:37:08.421 67460 INFO tempest.lib.common.dynamic_creds [-] Deleting project and security group for project: 83128282951043b2bf6abdf939460a31
2025-11-27 03:37:08.879 67499 INFO tempest.lib.common.rest_client [req-89aefd11-f4c2-440d-9325-9cd74d1e3a93 req-89aefd11-f4c2-440d-9325-9cd74d1e3a93 ] Request (ServerActionsTestOtherA:setUpClass): 200 PUT http://10.180.1.21/networking/v2.0/routers/4c129355-09e5-4c9f-b2e0-df59546007c0/add_router_interface 1.671s
2025-11-27 03:37:08.880 67499 INFO tempest.lib.common.dynamic_creds [-] Created isolated network resources for: credentials: Credentials: {'domain_id': 'default', 'domain_name': 'Default', 'username': 'tempest-ServerActionsTestOtherA-276518123-project-member', 'project_domain_id': 'default', 'project_domain_name': 'Default', 'project_id': 'dd4a6ddc755e402fb5b2ad59dc09cb1c', 'project_name': 'tempest-ServerActionsTestOtherA-276518123', 'tenant_id': 'dd4a6ddc755e402fb5b2ad59dc09cb1c', 'tenant_name': 'tempest-ServerActionsTestOtherA-276518123', 'user_domain_id': 'default', 'user_domain_name': 'Default', 'user_id': '982613f5ee3a481fbf3267c46d8e3b3f', 'system': None}, Network: {'id': '742faf51-99b1-4988-b7a5-5080c84bb387', 'name': 'tempest-ServerActionsTestOtherA-800234911-network', 'tenant_id': 'dd4a6ddc755e402fb5b2ad59dc09cb1c', 'project_id': 'dd4a6ddc755e402fb5b2ad59dc09cb1c', 'admin_state_up': True, 'mtu': 8950, 'status': 'ACTIVE', 'subnets': [], 'shared': False, 'port_security_enabled': True, 'router:external': False, 'provider:network_type': 'vlan', 'provider:physical_network': 'default', 'provider:segmentation_id': 997, 'availability_zone_hints': [], 'availability_zones': [], 'ipv4_address_scope': None, 'ipv6_address_scope': None, 'description': '', 'tags': [], 'created_at': '2025-11-27T03:37:05Z', 'updated_at': '2025-11-27T03:37:05Z', 'revision_number': 1}, Subnet: {'id': '41e070f1-afb5-4ce8-a642-193c8a50f2bf', 'name': 'tempest-ServerActionsTestOtherA-800234911-subnet', 'tenant_id': 'dd4a6ddc755e402fb5b2ad59dc09cb1c', 'network_id': '742faf51-99b1-4988-b7a5-5080c84bb387', 'ip_version': 4, 'subnetpool_id': None, 'enable_dhcp': True, 'ipv6_ra_mode': None, 'ipv6_address_mode': None, 'gateway_ip': '192.168.128.1', 'cidr': '192.168.128.0/28', 'allocation_pools': [{'start': '192.168.128.2', 'end': '192.168.128.14'}], 'host_routes': [], 'dns_nameservers': [], 'description': '', 'router:external': False, 'service_types': [], 'tags': [], 'created_at': '2025-11-27T03:37:06Z', 'updated_at': '2025-11-27T03:37:06Z', 'revision_number': 0, 'project_id': 'dd4a6ddc755e402fb5b2ad59dc09cb1c'}, Router: {'id': '4c129355-09e5-4c9f-b2e0-df59546007c0', 'name': 'tempest-ServerActionsTestOtherA-800234911-router', 'tenant_id': 'dd4a6ddc755e402fb5b2ad59dc09cb1c', 'admin_state_up': True, 'status': 'ACTIVE', 'external_gateway_info': {'network_id': '0a105b03-d067-485d-a46b-acbfb4c370c5', 'external_fixed_ips': [{'subnet_id': '0808e687-ee68-42dc-81da-32b1973236e1', 'ip_address': '10.180.180.221'}], 'enable_snat': True}, 'description': '', 'availability_zones': [], 'distributed': False, 'ha': False, 'availability_zone_hints': [], 'routes': [], 'flavor_id': None, 'tags': [], 'created_at': '2025-11-27T03:37:06Z', 'updated_at': '2025-11-27T03:37:06Z', 'revision_number': 2, 'project_id': 'dd4a6ddc755e402fb5b2ad59dc09cb1c'}
2025-11-27 03:37:08.925 67502 INFO tempest.lib.common.rest_client [req-3b5d741d-6e2b-4bef-b02d-32519eb20989 req-3b5d741d-6e2b-4bef-b02d-32519eb20989 ] Request (AttachInterfacesTestJSON:test_create_list_show_delete_interfaces_by_fixed_ip): 200 GET http://10.180.1.21/networking/v2.0/subnets/cc8aab19-a0c1-4b2a-85a1-24a8f020acff 1.457s
2025-11-27 03:37:08.990 67499 INFO tempest.lib.common.rest_client [req-ed852a3a-ac72-4de2-b4bc-f9cb88a04ef8 req-ed852a3a-ac72-4de2-b4bc-f9cb88a04ef8 ] Request (ServerActionsTestOtherA:setUpClass): 201 POST http://10.180.1.21/identity/v3/auth/tokens 0.105s
2025-11-27 03:37:09.938 67480 INFO tempest.lib.common.rest_client [req-eb0d048c-537d-457f-abbe-d42386bac9be req-eb0d048c-537d-457f-abbe-d42386bac9be ] Request (SecurityGroupRulesNegativeTestJSON:setUpClass): 200 PUT http://10.180.1.21/networking/v2.0/routers/cccc7b93-93e8-4a16-b574-5c8c85b3e57e/add_router_interface 1.859s
2025-11-27 03:37:09.939 67480 INFO tempest.lib.common.dynamic_creds [-] Created isolated network resources for: credentials: Credentials: {'domain_id': 'default', 'domain_name': 'Default', 'username': 'tempest-SecurityGroupRulesNegativeTestJSON-997979899-project-member', 'project_domain_id': 'default', 'project_domain_name': 'Default', 'project_id': 'e9a664bf21f84987836c02f3c35f30d9', 'project_name': 'tempest-SecurityGroupRulesNegativeTestJSON-997979899', 'tenant_id': 'e9a664bf21f84987836c02f3c35f30d9', 'tenant_name': 'tempest-SecurityGroupRulesNegativeTestJSON-997979899', 'user_domain_id': 'default', 'user_domain_name': 'Default', 'user_id': 'a28dca00823c4035828da2eaea5de150', 'system': None}, Network: {'id': 'f6889002-fab2-4d36-b27d-5066531aa8d5', 'name': 'tempest-SecurityGroupRulesNegativeTestJSON-909637438-network', 'tenant_id': 'e9a664bf21f84987836c02f3c35f30d9', 'project_id': 'e9a664bf21f84987836c02f3c35f30d9', 'admin_state_up': True, 'mtu': 8950, 'status': 'ACTIVE', 'subnets': [], 'shared': False, 'port_security_enabled': True, 'router:external': False, 'provider:network_type': 'vlan', 'provider:physical_network': 'default', 'provider:segmentation_id': 770, 'availability_zone_hints': [], 'availability_zones': [], 'ipv4_address_scope': None, 'ipv6_address_scope': None, 'description': '', 'tags': [], 'created_at': '2025-11-27T03:37:06Z', 'updated_at': '2025-11-27T03:37:06Z', 'revision_number': 1}, Subnet: {'id': '5c574386-5b54-4817-8032-b772269fbe3c', 'name': 'tempest-SecurityGroupRulesNegativeTestJSON-909637438-subnet', 'tenant_id': 'e9a664bf21f84987836c02f3c35f30d9', 'network_id': 'f6889002-fab2-4d36-b27d-5066531aa8d5', 'ip_version': 4, 'subnetpool_id': None, 'enable_dhcp': True, 'ipv6_ra_mode': None, 'ipv6_address_mode': None, 'gateway_ip': '192.168.128.1', 'cidr': '192.168.128.0/28', 'allocation_pools': [{'start': '192.168.128.2', 'end': '192.168.128.14'}], 'host_routes': [], 'dns_nameservers': [], 'description': '', 'router:external': False, 'service_types': [], 'tags': [], 'created_at': '2025-11-27T03:37:06Z', 'updated_at': '2025-11-27T03:37:06Z', 'revision_number': 0, 'project_id': 'e9a664bf21f84987836c02f3c35f30d9'}, Router: {'id': 'cccc7b93-93e8-4a16-b574-5c8c85b3e57e', 'name': 'tempest-SecurityGroupRulesNegativeTestJSON-909637438-router', 'tenant_id': 'e9a664bf21f84987836c02f3c35f30d9', 'admin_state_up': True, 'status': 'ACTIVE', 'external_gateway_info': {'network_id': '0a105b03-d067-485d-a46b-acbfb4c370c5', 'external_fixed_ips': [{'subnet_id': '0808e687-ee68-42dc-81da-32b1973236e1', 'ip_address': '10.180.180.178'}], 'enable_snat': True}, 'description': '', 'availability_zones': [], 'distributed': False, 'ha': False, 'availability_zone_hints': [], 'routes': [], 'flavor_id': None, 'tags': [], 'created_at': '2025-11-27T03:37:07Z', 'updated_at': '2025-11-27T03:37:07Z', 'revision_number': 2, 'project_id': 'e9a664bf21f84987836c02f3c35f30d9'}
2025-11-27 03:37:09.965 67460 INFO tempest.lib.common.rest_client [req-9d361660-1b9d-40e2-90a6-fc071d53e45f req-9d361660-1b9d-40e2-90a6-fc071d53e45f ] Request (FloatingIPDetailsNegativeTestJSON:tearDownClass): 200 GET http://10.180.1.21/networking/v2.0/security-groups?tenant_id=83128282951043b2bf6abdf939460a31&name=default 1.543s
2025-11-27 03:37:10.044 67512 INFO tempest.lib.common.rest_client [req-f7df7c0c-211a-4de1-abd7-c64cacda5423 req-f7df7c0c-211a-4de1-abd7-c64cacda5423 ] Request (ImagesOneServerNegativeTestJSON:tearDown): 200 GET http://10.180.1.21/compute/v2.1/servers/72e4dd0b-4e98-4c1b-8f42-a9e5c7fccf61 5.295s
2025-11-27 03:37:10.058 67512 INFO tempest.common.waiters [-] State transition "ACTIVE/image_uploading" ==> "ACTIVE/None" after 13 second wait
2025-11-27 03:37:10.059 67480 INFO tempest.lib.common.rest_client [req-ba1245ba-c5ef-4865-b624-998f2cb1d3eb req-ba1245ba-c5ef-4865-b624-998f2cb1d3eb ] Request (SecurityGroupRulesNegativeTestJSON:setUpClass): 201 POST http://10.180.1.21/identity/v3/auth/tokens 0.116s
2025-11-27 03:37:10.099 67482 INFO tempest.lib.common.rest_client [req-fd765f86-4f20-425f-a4a7-04aeb355fa6b req-fd765f86-4f20-425f-a4a7-04aeb355fa6b ] Request (ServersWithSpecificFlavorTestJSON:test_verify_created_server_ephemeral_disk): 200 GET http://10.180.1.21/compute/v2.1/servers/15b63cc3-11f1-4ac0-91f4-cd50f7a166c1 5.316s
2025-11-27 03:37:10.154 67460 INFO tempest.lib.common.rest_client [req-1c7f6a06-59ab-4bb9-8a85-54abb87a5abc req-1c7f6a06-59ab-4bb9-8a85-54abb87a5abc ] Request (FloatingIPDetailsNegativeTestJSON:tearDownClass): 204 DELETE http://10.180.1.21/networking/v2.0/security-groups/e7095f02-b0ee-433f-880a-30ca0f1c5e22 0.189s
2025-11-27 03:37:10.224 67488 INFO tempest.lib.common.rest_client [req-afbe3fa8-5726-43ba-8b60-792ba954d29f req-afbe3fa8-5726-43ba-8b60-792ba954d29f ] Request (ServerGroupTestJSON:test_create_server_with_scheduler_hint_group): 200 GET http://10.180.1.21/compute/v2.1/servers/66020181-d5e9-4272-b948-a6c44768a2e4 5.367s
2025-11-27 03:37:10.237 67488 INFO tempest.common.waiters [-] State transition "BUILD/None" ==> "BUILD/networking" after 54 second wait
2025-11-27 03:37:10.291 67460 INFO tempest.lib.common.rest_client [req-634afbf1-b55c-47ba-a222-daa861d0ed78 req-634afbf1-b55c-47ba-a222-daa861d0ed78 ] Request (FloatingIPDetailsNegativeTestJSON:tearDownClass): 204 DELETE http://10.180.1.21/identity/v3/projects/83128282951043b2bf6abdf939460a31 0.136s
2025-11-27 03:37:10.382 67466 INFO tempest.lib.common.rest_client [req-7b4303cd-e307-403f-9a5e-d63dbd0b48ec req-7b4303cd-e307-403f-9a5e-d63dbd0b48ec ] Request (ServersTestJSON:test_create_specify_keypair): 200 GET http://10.180.1.21/compute/v2.1/servers/14445203-557a-4739-a336-d5177f3c86c0 5.472s
2025-11-27 03:37:10.383 67460 INFO tempest.lib.common.rest_client [req-591c1626-3ca2-4305-bc24-053cbf1c5a98 req-591c1626-3ca2-4305-bc24-053cbf1c5a98 ] Request (SecurityGroupRulesTestJSON:setUpClass): 201 POST http://10.180.1.21/identity/v3/auth/tokens 0.089s
2025-11-27 03:37:10.410 67468 INFO tempest.lib.common.rest_client [req-d4896498-2029-44bf-910b-e9dbf305cf34 req-d4896498-2029-44bf-910b-e9dbf305cf34 ] Request (SecurityGroupsTestJSON:test_list_security_groups_by_server): 200 GET http://10.180.1.21/compute/v2.1/servers/69e34c5a-2a45-4e1b-bccd-c5e4af22acfc 5.528s
2025-11-27 03:37:10.420 67468 INFO tempest.common.waiters [-] State transition "BUILD/spawning" ==> "ACTIVE/None" after 69 second wait
2025-11-27 03:37:10.436 67460 INFO tempest.lib.common.rest_client [req-6c3e835d-bf54-4ea8-bf67-6ed5f4ebd380 req-6c3e835d-bf54-4ea8-bf67-6ed5f4ebd380 ] Request (SecurityGroupRulesTestJSON:setUpClass): 201 POST http://10.180.1.21/identity/v3/auth/tokens 0.048s
2025-11-27 03:37:10.445 67478 INFO tempest.lib.common.rest_client [req-bfe21f98-5645-4fbf-828b-b949b9205738 req-bfe21f98-5645-4fbf-828b-b949b9205738 ] Request (ServersAdminTestJSON:test_create_server_with_scheduling_hint): 200 GET http://10.180.1.21/compute/v2.1/servers/3f9376fb-a017-453a-b035-f4aec0e01fd7 5.512s
2025-11-27 03:37:10.466 67460 INFO tempest.lib.common.rest_client [req-b1e0b306-5235-4402-80b6-dc515f80999e req-b1e0b306-5235-4402-80b6-dc515f80999e ] Request (SecurityGroupRulesTestJSON:setUpClass): 200 GET http://10.180.1.21/identity/v3/domains?name=Default 0.029s
2025-11-27 03:37:10.484 67518 INFO tempest.lib.common.rest_client [req-5387d5a0-340e-4809-b578-357fd2fc7e22 req-5387d5a0-340e-4809-b578-357fd2fc7e22 ] Request (ImagesTestJSON:test_create_server_from_snapshot): 200 GET http://10.180.1.21/compute/v2.1/servers/39fbc567-a982-4edf-9b94-f653e7d06752 5.510s
2025-11-27 03:37:10.499 67460 INFO tempest.lib.common.rest_client [req-279f8b51-8718-4b53-ab07-1560f782a010 req-279f8b51-8718-4b53-ab07-1560f782a010 ] Request (SecurityGroupRulesTestJSON:setUpClass): 201 POST http://10.180.1.21/identity/v3/projects 0.033s
2025-11-27 03:37:10.545 67470 INFO tempest.lib.common.rest_client [req-e64ec89f-5001-47e0-9727-c28f4df943ca req-e64ec89f-5001-47e0-9727-c28f4df943ca ] Request (ServerAddressesTestJSON:tearDownClass): 200 GET http://10.180.1.21/compute/v2.1/servers/7546cbfe-a6a7-4aad-a425-a79bc1f151dd 5.456s
2025-11-27 03:37:10.589 67464 INFO tempest.lib.common.rest_client [req-fad06466-17c8-47aa-b42d-dd14a98e791f req-fad06466-17c8-47aa-b42d-dd14a98e791f ] Request (ListImageFiltersTestJSON:tearDownClass): 200 GET http://10.180.1.21/compute/v2.1/servers/e6d70993-4180-4454-9e6a-c602eb8a8d6c 5.099s
2025-11-27 03:37:10.608 67460 INFO tempest.lib.common.rest_client [req-300f8c65-1d02-4c88-8e9e-0e46c033ff0b req-300f8c65-1d02-4c88-8e9e-0e46c033ff0b ] Request (SecurityGroupRulesTestJSON:setUpClass): 201 POST http://10.180.1.21/identity/v3/users 0.108s
2025-11-27 03:37:10.614 67522 INFO tempest.lib.common.rest_client [req-0a2dffb9-4d80-4165-aaf9-1fe0d16e2304 req-0a2dffb9-4d80-4165-aaf9-1fe0d16e2304 ] Request (ServerRescueTestJSONUnderV235:setUpClass): 200 GET http://10.180.1.21/compute/v2.1/servers/d1c25c94-6937-48b6-a2af-a5aa68554471 4.829s
2025-11-27 03:37:10.636 67460 INFO tempest.lib.common.rest_client [req-65b6f4c0-8042-4d96-8dce-2acfcb701eac req-65b6f4c0-8042-4d96-8dce-2acfcb701eac ] Request (SecurityGroupRulesTestJSON:setUpClass): 200 GET http://10.180.1.21/identity/v3/roles 0.028s
2025-11-27 03:37:10.649 67477 INFO tempest.lib.common.rest_client [req-51bff63f-6716-421c-8a01-3c0c3da592a5 req-51bff63f-6716-421c-8a01-3c0c3da592a5 ] Request (VolumesAdminNegativeTest:test_update_attached_volume_with_nonexistent_volume_in_uri): 200 GET http://10.180.1.21/compute/v2.1/servers/8142ff2c-4284-4f3f-bb60-d7bad174b159 4.851s
2025-11-27 03:37:10.680 67460 INFO tempest.lib.common.rest_client [req-b635bdea-6464-4fc0-b014-fded62c4d658 req-b635bdea-6464-4fc0-b014-fded62c4d658 ] Request (SecurityGroupRulesTestJSON:setUpClass): 204 PUT http://10.180.1.21/identity/v3/projects/df1417a4beda48debe45db06bb368f5f/users/f0a4f0f3c64a4d24a01896f24e3c685b/roles/eb849749393546558300251f18f5eb3f 0.043s
2025-11-27 03:37:10.681 67460 INFO tempest.lib.common.dynamic_creds [-] Dynamic test user f0a4f0f3c64a4d24a01896f24e3c685b is created with scope project and roles: ['member']
2025-11-27 03:37:10.681 67460 INFO tempest.lib.common.dynamic_creds [-] Acquired dynamic creds: credentials: Credentials: {'domain_id': 'default', 'domain_name': 'Default', 'username': 'tempest-SecurityGroupRulesTestJSON-2088080837-project-member', 'project_domain_id': 'default', 'project_domain_name': 'Default', 'project_id': 'df1417a4beda48debe45db06bb368f5f', 'project_name': 'tempest-SecurityGroupRulesTestJSON-2088080837', 'tenant_id': 'df1417a4beda48debe45db06bb368f5f', 'tenant_name': 'tempest-SecurityGroupRulesTestJSON-2088080837', 'user_domain_id': 'default', 'user_domain_name': 'Default', 'user_id': 'f0a4f0f3c64a4d24a01896f24e3c685b', 'system': None}, Network: None, Subnet: None, Router: None
2025-11-27 03:37:10.748 67460 INFO tempest.lib.common.rest_client [req-84a60ba8-e6ea-425a-b8c3-bf9c3a9fbea3 req-84a60ba8-e6ea-425a-b8c3-bf9c3a9fbea3 ] Request (SecurityGroupRulesTestJSON:setUpClass): 201 POST http://10.180.1.21/identity/v3/auth/tokens 0.067s
2025-11-27 03:37:10.763 67496 INFO tempest.lib.common.rest_client [req-e8f49239-7158-47d7-929b-79fb00f182f6 req-e8f49239-7158-47d7-929b-79fb00f182f6 ] Request (ServerActionsV293TestJSON:setUpClass): 200 GET http://10.180.1.21/compute/v2.1/servers/3952526e-c33a-43a8-851c-bfce1b8653a9 4.603s
2025-11-27 03:37:10.796 67494 INFO tempest.lib.common.rest_client [req-931af40e-f95b-4d16-b4af-8eec54449c75 req-931af40e-f95b-4d16-b4af-8eec54449c75 ] Request (ServerDiskConfigTestJSON:test_rebuild_server_with_auto_disk_config): 200 GET http://10.180.1.21/compute/v2.1/servers/f0f33c10-b452-4cae-9156-b6bf1e0126fc 4.523s
2025-11-27 03:37:10.798 67458 INFO tempest.lib.common.rest_client [req-e2b1417a-f9e2-4e47-bc90-363e03a68fa5 req-e2b1417a-f9e2-4e47-bc90-363e03a68fa5 ] Request (MigrationsAdminTest:test_resize_server_revert_deleted_flavor): 200 GET http://10.180.1.21/compute/v2.1/flavors/detail 4.371s
2025-11-27 03:37:11.112 67460 INFO tempest.lib.common.rest_client [req-c8adcb55-0198-43b2-82ae-8d106375d016 req-c8adcb55-0198-43b2-82ae-8d106375d016 ] Request (SecurityGroupRulesTestJSON:setUpClass): 201 POST http://10.180.1.21/networking/v2.0/networks 0.363s
2025-11-27 03:37:11.202 67516 INFO tempest.lib.common.rest_client [req-bbf7a8e4-3f78-4e31-b569-336420ed5ac0 req-bbf7a8e4-3f78-4e31-b569-336420ed5ac0 ] Request (ServersTestMultiNic:_run_cleanups): 200 GET http://10.180.1.21/compute/v2.1/servers/56153710-61a6-47d8-942e-66c403335dbd 4.518s
2025-11-27 03:37:11.370 67460 INFO tempest.lib.common.rest_client [req-8f521cd9-8f14-40d9-8e36-10a2e5c2ee32 req-8f521cd9-8f14-40d9-8e36-10a2e5c2ee32 ] Request (SecurityGroupRulesTestJSON:setUpClass): 201 POST http://10.180.1.21/networking/v2.0/subnets 0.258s
2025-11-27 03:37:11.432 67506 INFO tempest.lib.common.rest_client [req-08b78629-164c-471f-a0c2-5fe7f9a6b1c9 req-08b78629-164c-471f-a0c2-5fe7f9a6b1c9 ] Request (FloatingIPsAssociationTestJSON:test_associate_already_associated_floating_ip): 200 GET http://10.180.1.21/compute/v2.1/servers/592721b9-1fa1-4377-8c05-08269fba6888 4.771s
2025-11-27 03:37:11.439 67506 INFO tempest.common.waiters [-] State transition "BUILD/None" ==> "BUILD/spawning" after 59 second wait
2025-11-27 03:37:11.465 67472 INFO tempest.lib.common.rest_client [req-a242042e-8de5-491b-9384-8b6ca21c48df req-a242042e-8de5-491b-9384-8b6ca21c48df ] Request (ServersTestJSON:setUpClass): 200 GET http://10.180.1.21/compute/v2.1/servers/bcfa0c19-b500-4bd3-be12-25917e377e1d 4.397s
2025-11-27 03:37:11.475 67472 INFO tempest.common.waiters [-] State transition "BUILD/scheduling" ==> "BUILD/None" after 19 second wait
2025-11-27 03:37:11.604 67462 INFO paramiko.transport [-] Connected (version 2.0, client dropbear_2020.81)
2025-11-27 03:37:11.670 67462 INFO paramiko.transport [-] Authentication (publickey) successful!
2025-11-27 03:37:11.670 67462 INFO tempest.lib.common.ssh [-] ssh connection to cirros@10.180.180.165 successfully created
2025-11-27 03:37:12.219 67460 INFO tempest.lib.common.rest_client [req-74835e58-485a-4597-ac65-869a898e6a9d req-74835e58-485a-4597-ac65-869a898e6a9d ] Request (SecurityGroupRulesTestJSON:setUpClass): 201 POST http://10.180.1.21/networking/v2.0/routers 0.848s
2025-11-27 03:37:12.300 67490 INFO tempest.lib.common.rest_client [req-b4eef971-a2fa-439c-990f-c03b58c23c7f req-b4eef971-a2fa-439c-990f-c03b58c23c7f ] Request (InstanceActionsNegativeTestJSON:tearDownClass): 200 GET http://10.180.1.21/compute/v2.1/servers/0728e591-5d01-4b48-9f85-f7f217e12d30 4.941s
2025-11-27 03:37:12.728 67484 INFO tempest.lib.common.rest_client [req-c853f4c6-a2f7-4f0f-b8d6-2a5fcce41c1a req-c853f4c6-a2f7-4f0f-b8d6-2a5fcce41c1a ] Request (AttachVolumeTestJSON:test_attach_detach_volume): 200 GET http://10.180.1.21/compute/v2.1/servers/52219928-c403-41b0-91b0-4567d4efdcff 5.314s
2025-11-27 03:37:12.742 67508 INFO tempest.lib.common.rest_client [req-242b4a58-70eb-49e7-8cef-082697142596 req-242b4a58-70eb-49e7-8cef-082697142596 ] Request (ServerMetadataNegativeTestJSON:tearDownClass): 200 GET http://10.180.1.21/compute/v2.1/servers/d504ffed-8ae7-4738-bba5-9c12b9aefaa6 4.497s
2025-11-27 03:37:13.181 67460 INFO tempest.lib.common.rest_client [req-41734c6c-b55a-43e3-b7c9-aad292c52614 req-41734c6c-b55a-43e3-b7c9-aad292c52614 ] Request (SecurityGroupRulesTestJSON:setUpClass): 200 PUT http://10.180.1.21/networking/v2.0/routers/89869269-921d-41ea-b329-5ab342bf3d4f/add_router_interface 0.961s
2025-11-27 03:37:13.182 67460 INFO tempest.lib.common.dynamic_creds [-] Created isolated network resources for: credentials: Credentials: {'domain_id': 'default', 'domain_name': 'Default', 'username': 'tempest-SecurityGroupRulesTestJSON-2088080837-project-member', 'project_domain_id': 'default', 'project_domain_name': 'Default', 'project_id': 'df1417a4beda48debe45db06bb368f5f', 'project_name': 'tempest-SecurityGroupRulesTestJSON-2088080837', 'tenant_id': 'df1417a4beda48debe45db06bb368f5f', 'tenant_name': 'tempest-SecurityGroupRulesTestJSON-2088080837', 'user_domain_id': 'default', 'user_domain_name': 'Default', 'user_id': 'f0a4f0f3c64a4d24a01896f24e3c685b', 'system': None}, Network: {'id': 'bb48b25a-e5d7-4f9e-bfff-913826aba699', 'name': 'tempest-SecurityGroupRulesTestJSON-1762731845-network', 'tenant_id': 'df1417a4beda48debe45db06bb368f5f', 'project_id': 'df1417a4beda48debe45db06bb368f5f', 'admin_state_up': True, 'mtu': 8950, 'status': 'ACTIVE', 'subnets': [], 'shared': False, 'port_security_enabled': True, 'router:external': False, 'provider:network_type': 'vlan', 'provider:physical_network': 'default', 'provider:segmentation_id': 840, 'availability_zone_hints': [], 'availability_zones': [], 'ipv4_address_scope': None, 'ipv6_address_scope': None, 'description': '', 'tags': [], 'created_at': '2025-11-27T03:37:11Z', 'updated_at': '2025-11-27T03:37:11Z', 'revision_number': 1}, Subnet: {'id': 'fb75f4a3-b0f5-4688-881d-608489fd9df2', 'name': 'tempest-SecurityGroupRulesTestJSON-1762731845-subnet', 'tenant_id': 'df1417a4beda48debe45db06bb368f5f', 'network_id': 'bb48b25a-e5d7-4f9e-bfff-913826aba699', 'ip_version': 4, 'subnetpool_id': None, 'enable_dhcp': True, 'ipv6_ra_mode': None, 'ipv6_address_mode': None, 'gateway_ip': '192.168.128.1', 'cidr': '192.168.128.0/28', 'allocation_pools': [{'start': '192.168.128.2', 'end': '192.168.128.14'}], 'host_routes': [], 'dns_nameservers': [], 'description': '', 'router:external': False, 'service_types': [], 'tags': [], 'created_at': '2025-11-27T03:37:11Z', 'updated_at': '2025-11-27T03:37:11Z', 'revision_number': 0, 'project_id': 'df1417a4beda48debe45db06bb368f5f'}, Router: {'id': '89869269-921d-41ea-b329-5ab342bf3d4f', 'name': 'tempest-SecurityGroupRulesTestJSON-1762731845-router', 'tenant_id': 'df1417a4beda48debe45db06bb368f5f', 'admin_state_up': True, 'status': 'ACTIVE', 'external_gateway_info': {'network_id': '0a105b03-d067-485d-a46b-acbfb4c370c5', 'external_fixed_ips': [{'subnet_id': '0808e687-ee68-42dc-81da-32b1973236e1', 'ip_address': '10.180.180.234'}], 'enable_snat': True}, 'description': '', 'availability_zones': [], 'distributed': False, 'ha': False, 'availability_zone_hints': [], 'routes': [], 'flavor_id': None, 'tags': [], 'created_at': '2025-11-27T03:37:11Z', 'updated_at': '2025-11-27T03:37:11Z', 'revision_number': 2, 'project_id': 'df1417a4beda48debe45db06bb368f5f'}
2025-11-27 03:37:13.212 67487 INFO tempest.lib.common.rest_client [req-ad005b3d-c634-40f2-9926-0c8c8a2278d0 req-ad005b3d-c634-40f2-9926-0c8c8a2278d0 ] Request (ServerShowV254Test:test_rebuild_server): 200 GET http://10.180.1.21/compute/v2.1/servers/d1788258-7750-4f63-b5fe-ddfeedfb2172 4.713s
2025-11-27 03:37:13.221 67487 INFO tempest.common.waiters [-] State transition "BUILD/scheduling" ==> "BUILD/None" after 18 second wait
2025-11-27 03:37:13.273 67460 INFO tempest.lib.common.rest_client [req-d82ae40e-2431-41b6-8569-d63dac5742ce req-d82ae40e-2431-41b6-8569-d63dac5742ce ] Request (SecurityGroupRulesTestJSON:setUpClass): 201 POST http://10.180.1.21/identity/v3/auth/tokens 0.087s
2025-11-27 03:37:13.370 67499 INFO tempest.lib.common.rest_client [req-869b1eb2-a85e-49ad-9b6b-74b0604f7099 req-869b1eb2-a85e-49ad-9b6b-74b0604f7099 ] Request (ServerActionsTestOtherA:setUpClass): 200 POST http://10.180.1.21/compute/v2.1/os-keypairs 4.378s
2025-11-27 03:37:13.507 67499 INFO tempest.lib.common.rest_client [req-7623beca-5fb8-41a1-952d-22256cb53d78 req-7623beca-5fb8-41a1-952d-22256cb53d78 ] Request (ServerActionsTestOtherA:setUpClass): 201 POST http://10.180.1.21/networking/v2.0/security-groups 0.135s
2025-11-27 03:37:13.554 67500 INFO tempest.lib.common.rest_client [req-bc11da0a-0de3-4f7a-bc94-44721723a911 req-bc11da0a-0de3-4f7a-bc94-44721723a911 ] Request (ServersAdminNegativeTestJSON:tearDownClass): 200 GET http://10.180.1.21/compute/v2.1/servers/8236c767-79b5-4382-8500-68533eac9f93 4.412s
2025-11-27 03:37:13.630 67499 INFO tempest.lib.common.rest_client [req-8a993d7f-c11d-4e39-838c-844e42c0df60 req-8a993d7f-c11d-4e39-838c-844e42c0df60 ] Request (ServerActionsTestOtherA:setUpClass): 201 POST http://10.180.1.21/networking/v2.0/security-group-rules 0.123s
2025-11-27 03:37:13.643 67512 INFO tempest.lib.common.rest_client [req-cdcdcefd-373b-4c74-bbc9-8a20a4c61d1c req-cdcdcefd-373b-4c74-bbc9-8a20a4c61d1c ] Request (ImagesOneServerNegativeTestJSON:_run_cleanups): 204 DELETE http://10.180.1.21/compute/v2.1/servers/72e4dd0b-4e98-4c1b-8f42-a9e5c7fccf61 3.584s
2025-11-27 03:37:13.735 67499 INFO tempest.lib.common.rest_client [req-027c319a-947b-4672-868b-a931c34d5e23 req-027c319a-947b-4672-868b-a931c34d5e23 ] Request (ServerActionsTestOtherA:setUpClass): 201 POST http://10.180.1.21/networking/v2.0/security-group-rules 0.105s
2025-11-27 03:37:13.894 67480 INFO tempest.lib.common.rest_client [req-2373ccbf-6582-40b3-8f4a-88a6f768aacb req-2373ccbf-6582-40b3-8f4a-88a6f768aacb ] Request (SecurityGroupRulesNegativeTestJSON:test_create_security_group_rule_duplicate): 200 POST http://10.180.1.21/compute/v2.1/os-security-groups 3.831s
2025-11-27 03:37:14.518 67499 INFO tempest.lib.common.rest_client [req-43fef2c3-e0e9-4ad9-8a04-d581d60e0b5b req-43fef2c3-e0e9-4ad9-8a04-d581d60e0b5b ] Request (ServerActionsTestOtherA:setUpClass): 201 POST http://10.180.1.21/networking/v2.0/floatingips 0.781s
2025-11-27 03:37:14.554 67499 INFO tempest.lib.common.rest_client [req-b7930e88-b231-4e2f-9261-4be942c439a6 req-b7930e88-b231-4e2f-9261-4be942c439a6 ] Request (ServerActionsTestOtherA:setUpClass): 201 POST http://10.180.1.21/identity/v3/auth/tokens 0.034s
2025-11-27 03:37:14.555 67499 INFO tempest.lib.common.fixed_network [-] (ServerActionsTestOtherA:setUpClass) Found network {'id': '742faf51-99b1-4988-b7a5-5080c84bb387', 'name': 'tempest-ServerActionsTestOtherA-800234911-network', 'tenant_id': 'dd4a6ddc755e402fb5b2ad59dc09cb1c', 'project_id': 'dd4a6ddc755e402fb5b2ad59dc09cb1c', 'admin_state_up': True, 'mtu': 8950, 'status': 'ACTIVE', 'subnets': [], 'shared': False, 'port_security_enabled': True, 'router:external': False, 'provider:network_type': 'vlan', 'provider:physical_network': 'default', 'provider:segmentation_id': 997, 'availability_zone_hints': [], 'availability_zones': [], 'ipv4_address_scope': None, 'ipv6_address_scope': None, 'description': '', 'tags': [], 'created_at': '2025-11-27T03:37:05Z', 'updated_at': '2025-11-27T03:37:05Z', 'revision_number': 1} available for tenant
2025-11-27 03:37:14.923 67468 INFO tempest.lib.common.rest_client [req-007ccf53-c579-415b-9037-28aaa9c2d0d0 req-007ccf53-c579-415b-9037-28aaa9c2d0d0 ] Request (SecurityGroupsTestJSON:test_list_security_groups_by_server): 202 POST http://10.180.1.21/compute/v2.1/servers/69e34c5a-2a45-4e1b-bccd-c5e4af22acfc/action 4.502s
2025-11-27 03:37:15.190 67458 INFO tempest.lib.common.rest_client [req-9b33a432-fb60-421b-8f71-89ca68d9b348 req-9b33a432-fb60-421b-8f71-89ca68d9b348 ] Request (MigrationsAdminTest:test_resize_server_revert_deleted_flavor): 202 POST http://10.180.1.21/compute/v2.1/servers/83838f9e-3ade-4a08-be93-dd3374a7fafa/action 4.384s
2025-11-27 03:37:15.346 67482 INFO tempest.lib.common.rest_client [req-49143043-3dea-4aeb-8885-93b4a4b8de9b req-49143043-3dea-4aeb-8885-93b4a4b8de9b ] Request (ServersWithSpecificFlavorTestJSON:test_verify_created_server_ephemeral_disk): 200 GET http://10.180.1.21/compute/v2.1/servers/15b63cc3-11f1-4ac0-91f4-cd50f7a166c1 4.232s
2025-11-27 03:37:15.359 67482 INFO tempest.common.waiters [-] State transition "BUILD/spawning" ==> "ACTIVE/None" after 69 second wait
2025-11-27 03:37:15.487 67488 INFO tempest.lib.common.rest_client [req-1d4830c3-427f-499b-98ae-41951205ffa6 req-1d4830c3-427f-499b-98ae-41951205ffa6 ] Request (ServerGroupTestJSON:test_create_server_with_scheduler_hint_group): 200 GET http://10.180.1.21/compute/v2.1/servers/66020181-d5e9-4272-b948-a6c44768a2e4 4.249s
2025-11-27 03:37:15.494 67488 INFO tempest.common.waiters [-] State transition "BUILD/networking" ==> "BUILD/spawning" after 59 second wait
2025-11-27 03:37:15.581 67466 INFO tempest.lib.common.rest_client [req-1c03dade-7985-4058-8fc2-127d6d6a1987 req-1c03dade-7985-4058-8fc2-127d6d6a1987 ] Request (ServersTestJSON:test_create_specify_keypair): 200 GET http://10.180.1.21/compute/v2.1/servers/14445203-557a-4739-a336-d5177f3c86c0 4.187s
2025-11-27 03:37:15.674 67478 INFO tempest.lib.common.rest_client [req-ba5953c8-449e-4106-81c3-9da1a708ff58 req-ba5953c8-449e-4106-81c3-9da1a708ff58 ] Request (ServersAdminTestJSON:test_create_server_with_scheduling_hint): 200 GET http://10.180.1.21/compute/v2.1/servers/3f9376fb-a017-453a-b035-f4aec0e01fd7 4.220s
2025-11-27 03:37:15.760 67518 INFO tempest.lib.common.rest_client [req-35470f7b-6821-41f3-9adf-1d1fb97cfc02 req-35470f7b-6821-41f3-9adf-1d1fb97cfc02 ] Request (ImagesTestJSON:test_create_server_from_snapshot): 200 GET http://10.180.1.21/compute/v2.1/servers/39fbc567-a982-4edf-9b94-f653e7d06752 4.261s
2025-11-27 03:37:15.895 67470 INFO tempest.lib.common.rest_client [req-0fbbc7fb-c19b-4b0f-96f4-2dd2f6974d51 req-0fbbc7fb-c19b-4b0f-96f4-2dd2f6974d51 ] Request (ServerAddressesTestJSON:tearDownClass): 200 GET http://10.180.1.21/compute/v2.1/servers/7546cbfe-a6a7-4aad-a425-a79bc1f151dd 4.342s
2025-11-27 03:37:16.200 67474 WARNING tempest.lib.common.ssh [-] Failed to establish authenticated ssh connection to cirros@10.180.180.155 ([Errno None] Unable to connect to port 22 on 10.180.180.155). Number attempts: 13. Retry after 14 seconds.: paramiko.ssh_exception.NoValidConnectionsError: [Errno None] Unable to connect to port 22 on 10.180.180.155
2025-11-27 03:37:16.413 67464 INFO tempest.lib.common.rest_client [req-84a90985-24bd-4dbc-b933-2d019252141d req-84a90985-24bd-4dbc-b933-2d019252141d ] Request (ListImageFiltersTestJSON:tearDownClass): 200 GET http://10.180.1.21/compute/v2.1/servers/e6d70993-4180-4454-9e6a-c602eb8a8d6c 4.813s
2025-11-27 03:37:16.553 67522 INFO tempest.lib.common.rest_client [req-4cf07a8b-6317-4e56-be6f-8f0c121f1a2e req-4cf07a8b-6317-4e56-be6f-8f0c121f1a2e ] Request (ServerRescueTestJSONUnderV235:setUpClass): 200 GET http://10.180.1.21/compute/v2.1/servers/d1c25c94-6937-48b6-a2af-a5aa68554471 4.929s
2025-11-27 03:37:16.560 67522 INFO tempest.common.waiters [-] State transition "BUILD/None" ==> "BUILD/spawning" after 39 second wait
2025-11-27 03:37:16.614 67477 INFO tempest.lib.common.rest_client [req-5eb1a5d6-bef2-462f-9a54-fd9c3d3cbe21 req-5eb1a5d6-bef2-462f-9a54-fd9c3d3cbe21 ] Request (VolumesAdminNegativeTest:test_update_attached_volume_with_nonexistent_volume_in_uri): 200 GET http://10.180.1.21/compute/v2.1/servers/8142ff2c-4284-4f3f-bb60-d7bad174b159 4.954s
2025-11-27 03:37:16.666 67462 INFO tempest.lib.common.rest_client [req-5ae5d8b1-7185-4ffa-bda6-6ceaec96294c req-5ae5d8b1-7185-4ffa-bda6-6ceaec96294c ] Request (ServersTestManualDisk:test_list_servers): 200 GET http://10.180.1.21/compute/v2.1/servers 4.985s
2025-11-27 03:37:16.732 67496 INFO tempest.lib.common.rest_client [req-9fbf16a6-f63c-4af2-b3dd-3f4fbcbcf513 req-9fbf16a6-f63c-4af2-b3dd-3f4fbcbcf513 ] Request (ServerActionsV293TestJSON:setUpClass): 200 GET http://10.180.1.21/compute/v2.1/servers/3952526e-c33a-43a8-851c-bfce1b8653a9 4.958s
2025-11-27 03:37:16.881 67494 INFO tempest.lib.common.rest_client [req-09633432-a2c1-4d6b-8091-45866696e3eb req-09633432-a2c1-4d6b-8091-45866696e3eb ] Request (ServerDiskConfigTestJSON:test_rebuild_server_with_auto_disk_config): 200 GET http://10.180.1.21/compute/v2.1/servers/f0f33c10-b452-4cae-9156-b6bf1e0126fc 5.075s
2025-11-27 03:37:16.905 67516 INFO tempest.lib.common.rest_client [req-e9da742b-dcfe-470f-8f9d-84a2eae1365d req-e9da742b-dcfe-470f-8f9d-84a2eae1365d ] Request (ServersTestMultiNic:_run_cleanups): 404 GET http://10.180.1.21/compute/v2.1/servers/56153710-61a6-47d8-942e-66c403335dbd 4.695s
2025-11-27 03:37:17.087 67516 INFO tempest.lib.common.rest_client [req-3f7cb7b1-8d6e-417b-a326-35f87942f678 req-3f7cb7b1-8d6e-417b-a326-35f87942f678 ] Request (ServersTestMultiNic:_run_cleanups): 204 DELETE http://10.180.1.21/networking/v2.0/subnets/cc10536d-5668-4eeb-8d6c-377f3cf3d66a 0.180s
2025-11-27 03:37:17.250 67506 INFO tempest.lib.common.rest_client [req-732a4507-6f5e-4819-9bc8-022322431bfc req-732a4507-6f5e-4819-9bc8-022322431bfc ] Request (FloatingIPsAssociationTestJSON:test_associate_already_associated_floating_ip): 200 GET http://10.180.1.21/compute/v2.1/servers/592721b9-1fa1-4377-8c05-08269fba6888 4.810s
2025-11-27 03:37:17.315 67472 INFO tempest.lib.common.rest_client [req-d33d6be3-481c-4f13-8bce-150ab047e884 req-d33d6be3-481c-4f13-8bce-150ab047e884 ] Request (ServersTestJSON:setUpClass): 200 GET http://10.180.1.21/compute/v2.1/servers/bcfa0c19-b500-4bd3-be12-25917e377e1d 4.839s
2025-11-27 03:37:17.423 67516 INFO tempest.lib.common.rest_client [req-c45cc69b-9d1f-4d9b-8f6f-4e5b186ec2d9 req-c45cc69b-9d1f-4d9b-8f6f-4e5b186ec2d9 ] Request (ServersTestMultiNic:_run_cleanups): 204 DELETE http://10.180.1.21/networking/v2.0/networks/ec84b3f7-97ee-461a-b3d5-9087ef2bf9d2 0.336s
2025-11-27 03:37:17.470 67460 INFO tempest.lib.common.rest_client [req-b3eb45e1-1090-48ef-8d17-ec37fa536840 req-b3eb45e1-1090-48ef-8d17-ec37fa536840 ] Request (SecurityGroupRulesTestJSON:test_security_group_rules_create): 200 POST http://10.180.1.21/compute/v2.1/os-security-groups 4.196s
2025-11-27 03:37:17.525 67490 INFO tempest.lib.common.rest_client [req-e91c5706-7fb0-4a6e-ae5c-bdbbd60196e3 req-e91c5706-7fb0-4a6e-ae5c-bdbbd60196e3 ] Request (InstanceActionsNegativeTestJSON:tearDownClass): 200 GET http://10.180.1.21/compute/v2.1/servers/0728e591-5d01-4b48-9f85-f7f217e12d30 4.214s
2025-11-27 03:37:17.535 67516 INFO tempest.lib.common.rest_client [req-f5136cba-7c80-4af0-9e5f-536e7fa42708 req-f5136cba-7c80-4af0-9e5f-536e7fa42708 ] Request (ServersTestMultiNic:_run_cleanups): 204 DELETE http://10.180.1.21/networking/v2.0/subnets/96556fa1-f64a-454c-9d7d-ab07eed9f922 0.111s
2025-11-27 03:37:17.582 67512 INFO tempest.lib.common.rest_client [req-a5f4a77b-69ae-47fc-b67d-4b382c7aac6e req-a5f4a77b-69ae-47fc-b67d-4b382c7aac6e ] Request (ImagesOneServerNegativeTestJSON:_run_cleanups): 200 GET http://10.180.1.21/compute/v2.1/servers/72e4dd0b-4e98-4c1b-8f42-a9e5c7fccf61 3.939s
2025-11-27 03:37:17.747 67484 INFO tempest.lib.common.rest_client [req-1e242220-7730-4736-a9e7-b67e13cbdc36 req-1e242220-7730-4736-a9e7-b67e13cbdc36 ] Request (AttachVolumeTestJSON:test_attach_detach_volume): 200 GET http://10.180.1.21/compute/v2.1/servers/52219928-c403-41b0-91b0-4567d4efdcff 4.011s
2025-11-27 03:37:17.756 67484 INFO tempest.common.waiters [-] State transition "SHUTOFF/powering-on" ==> "ACTIVE/None" after 11 second wait
2025-11-27 03:37:17.757 67484 INFO tempest.lib.common.ssh [-] Creating ssh connection to '10.180.180.131:22' as 'cirros' with public key authentication
2025-11-27 03:37:17.782 67516 INFO tempest.lib.common.rest_client [req-c42241fd-c302-4526-a0c0-36dad8242c43 req-c42241fd-c302-4526-a0c0-36dad8242c43 ] Request (ServersTestMultiNic:_run_cleanups): 204 DELETE http://10.180.1.21/networking/v2.0/networks/4ea2d024-5ef0-44a9-ae89-bd6cccce7681 0.247s
2025-11-27 03:37:17.818 67508 INFO tempest.lib.common.rest_client [req-d724a969-3054-4891-b4b0-6e28e68b3b95 req-d724a969-3054-4891-b4b0-6e28e68b3b95 ] Request (ServerMetadataNegativeTestJSON:tearDownClass): 200 GET http://10.180.1.21/compute/v2.1/servers/d504ffed-8ae7-4738-bba5-9c12b9aefaa6 4.068s
2025-11-27 03:37:18.003 67480 INFO tempest.lib.common.rest_client [req-53f15065-d85e-4987-8c2c-dbc20b321805 req-53f15065-d85e-4987-8c2c-dbc20b321805 ] Request (SecurityGroupRulesNegativeTestJSON:test_create_security_group_rule_duplicate): 200 POST http://10.180.1.21/compute/v2.1/os-security-group-rules 4.105s
2025-11-27 03:37:18.065 67487 INFO tempest.lib.common.rest_client [req-b0c796f8-e7dd-48f7-b6d6-a2babe3de3aa req-b0c796f8-e7dd-48f7-b6d6-a2babe3de3aa ] Request (ServerShowV254Test:test_rebuild_server): 200 GET http://10.180.1.21/compute/v2.1/servers/d1788258-7750-4f63-b5fe-ddfeedfb2172 3.843s
2025-11-27 03:37:18.320 67492 INFO paramiko.transport [-] Connected (version 2.0, client dropbear_2020.81)
2025-11-27 03:37:18.382 67492 INFO paramiko.transport [-] Authentication (publickey) successful!
2025-11-27 03:37:18.382 67492 INFO tempest.lib.common.ssh [-] ssh connection to cirros@10.180.180.236 successfully created
2025-11-27 03:37:18.426 67499 INFO tempest.lib.common.rest_client [req-7e343cca-39c5-41b8-b88a-8a59663c0531 req-7e343cca-39c5-41b8-b88a-8a59663c0531 ] Request (ServerActionsTestOtherA:setUpClass): 202 POST http://10.180.1.21/compute/v2.1/servers 3.871s
2025-11-27 03:37:18.505 67500 INFO tempest.lib.common.rest_client [req-50e58754-303c-4926-8156-b75d0fd53efc req-50e58754-303c-4926-8156-b75d0fd53efc ] Request (ServersAdminNegativeTestJSON:tearDownClass): 200 GET http://10.180.1.21/compute/v2.1/servers/8236c767-79b5-4382-8500-68533eac9f93 3.943s
2025-11-27 03:37:18.877 67468 INFO tempest.lib.common.rest_client [req-832b20fd-8465-4791-a206-51d31d12f3ad req-832b20fd-8465-4791-a206-51d31d12f3ad ] Request (SecurityGroupsTestJSON:test_list_security_groups_by_server): 202 POST http://10.180.1.21/compute/v2.1/servers/69e34c5a-2a45-4e1b-bccd-c5e4af22acfc/action 3.953s
2025-11-27 03:37:18.927 67514 WARNING tempest.lib.common.ssh [-] Failed to establish authenticated ssh connection to cirros@10.180.180.171 ([Errno None] Unable to connect to port 22 on 10.180.180.171). Number attempts: 10. Retry after 11 seconds.: paramiko.ssh_exception.NoValidConnectionsError: [Errno None] Unable to connect to port 22 on 10.180.180.171
2025-11-27 03:37:19.048 67458 INFO tempest.lib.common.rest_client [req-bfe4a67d-213b-4dc6-b6e9-aacd3f4c0c59 req-bfe4a67d-213b-4dc6-b6e9-aacd3f4c0c59 ] Request (MigrationsAdminTest:test_resize_server_revert_deleted_flavor): 200 GET http://10.180.1.21/compute/v2.1/servers/83838f9e-3ade-4a08-be93-dd3374a7fafa 3.858s
2025-11-27 03:37:19.175 67482 INFO tempest.lib.common.rest_client [req-e181d374-e604-4210-8bb7-ebe9192c25e2 req-e181d374-e604-4210-8bb7-ebe9192c25e2 ] Request (ServersWithSpecificFlavorTestJSON:test_verify_created_server_ephemeral_disk): 200 GET http://10.180.1.21/compute/v2.1/servers/15b63cc3-11f1-4ac0-91f4-cd50f7a166c1/os-interface 3.816s
2025-11-27 03:37:19.726 67482 INFO tempest.lib.common.rest_client [req-81821863-043a-4b31-a7e7-a3ea46ae7583 req-81821863-043a-4b31-a7e7-a3ea46ae7583 ] Request (ServersWithSpecificFlavorTestJSON:test_verify_created_server_ephemeral_disk): 200 PUT http://10.180.1.21/networking/v2.0/floatingips/9859f284-ec26-46b5-b593-21957bc0e691 0.549s
2025-11-27 03:37:19.800 67488 INFO tempest.lib.common.rest_client [req-db0f7687-f54e-4418-bc49-0b2d6cc1f039 req-db0f7687-f54e-4418-bc49-0b2d6cc1f039 ] Request (ServerGroupTestJSON:test_create_server_with_scheduler_hint_group): 200 GET http://10.180.1.21/compute/v2.1/servers/66020181-d5e9-4272-b948-a6c44768a2e4 3.305s
2025-11-27 03:37:19.959 67466 INFO tempest.lib.common.rest_client [req-2b5715c8-be49-4be8-92db-c8952e45c038 req-2b5715c8-be49-4be8-92db-c8952e45c038 ] Request (ServersTestJSON:test_create_specify_keypair): 200 GET http://10.180.1.21/compute/v2.1/servers/14445203-557a-4739-a336-d5177f3c86c0 3.366s
2025-11-27 03:37:19.969 67466 INFO tempest.common.waiters [-] State transition "BUILD/None" ==> "BUILD/block_device_mapping" after 31 second wait
2025-11-27 03:37:20.465 67462 INFO tempest.lib.common.rest_client [req-a107ed07-417c-4e92-b5fb-bc57e716d1fe req-a107ed07-417c-4e92-b5fb-bc57e716d1fe ] Request (ServersTestManualDisk:test_list_servers_with_detail): 200 GET http://10.180.1.21/compute/v2.1/servers/detail 3.796s
2025-11-27 03:37:20.525 67478 INFO tempest.lib.common.rest_client [req-d847dec8-43eb-411d-a510-6e33b9048f00 req-d847dec8-43eb-411d-a510-6e33b9048f00 ] Request (ServersAdminTestJSON:test_create_server_with_scheduling_hint): 200 GET http://10.180.1.21/compute/v2.1/servers/3f9376fb-a017-453a-b035-f4aec0e01fd7 3.840s
2025-11-27 03:37:20.579 67518 INFO tempest.lib.common.rest_client [req-1546d082-10c6-4d4d-8a6a-7829e8120a37 req-1546d082-10c6-4d4d-8a6a-7829e8120a37 ] Request (ImagesTestJSON:test_create_server_from_snapshot): 200 GET http://10.180.1.21/compute/v2.1/servers/39fbc567-a982-4edf-9b94-f653e7d06752 3.807s
2025-11-27 03:37:20.640 67470 INFO tempest.lib.common.rest_client [req-cb7d02b4-9c13-47a1-9871-8c3c7775ba8b req-cb7d02b4-9c13-47a1-9871-8c3c7775ba8b ] Request (ServerAddressesTestJSON:tearDownClass): 200 GET http://10.180.1.21/compute/v2.1/servers/7546cbfe-a6a7-4aad-a425-a79bc1f151dd 3.734s
2025-11-27 03:37:20.700 67464 INFO tempest.lib.common.rest_client [req-bcdc1586-6cf6-46ad-8439-fdb3892956ca req-bcdc1586-6cf6-46ad-8439-fdb3892956ca ] Request (ListImageFiltersTestJSON:tearDownClass): 200 GET http://10.180.1.21/compute/v2.1/servers/e6d70993-4180-4454-9e6a-c602eb8a8d6c 3.279s
2025-11-27 03:37:20.861 67460 INFO tempest.lib.common.rest_client [req-88b6b4c4-1025-4c21-8269-de09e9090212 req-88b6b4c4-1025-4c21-8269-de09e9090212 ] Request (SecurityGroupRulesTestJSON:test_security_group_rules_create): 200 POST http://10.180.1.21/compute/v2.1/os-security-group-rules 3.387s
2025-11-27 03:37:21.005 67522 INFO tempest.lib.common.rest_client [req-0f812994-9fcd-4861-9b1b-e0eead75fcf6 req-0f812994-9fcd-4861-9b1b-e0eead75fcf6 ] Request (ServerRescueTestJSONUnderV235:setUpClass): 200 GET http://10.180.1.21/compute/v2.1/servers/d1c25c94-6937-48b6-a2af-a5aa68554471 3.443s
2025-11-27 03:37:21.074 67477 INFO tempest.lib.common.rest_client [req-8d43fab0-9c60-429c-bb07-3db092ef14dd req-8d43fab0-9c60-429c-bb07-3db092ef14dd ] Request (VolumesAdminNegativeTest:test_update_attached_volume_with_nonexistent_volume_in_uri): 200 GET http://10.180.1.21/compute/v2.1/servers/8142ff2c-4284-4f3f-bb60-d7bad174b159 3.450s
2025-11-27 03:37:21.138 67496 INFO tempest.lib.common.rest_client [req-0d81c39e-f955-49de-b58e-f32216c26e8b req-0d81c39e-f955-49de-b58e-f32216c26e8b ] Request (ServerActionsV293TestJSON:setUpClass): 200 GET http://10.180.1.21/compute/v2.1/servers/3952526e-c33a-43a8-851c-bfce1b8653a9 3.393s
2025-11-27 03:37:21.148 67496 INFO tempest.common.waiters [-] State transition "BUILD/scheduling" ==> "BUILD/None" after 16 second wait
2025-11-27 03:37:21.156 67516 INFO tempest.lib.common.rest_client [req-0cfd053e-e3a5-40ff-ac6c-af956d8260e9 req-0cfd053e-e3a5-40ff-ac6c-af956d8260e9 ] Request (ServersTestMultiNic:tearDownClass): 404 DELETE http://10.180.1.21/compute/v2.1/servers/56153710-61a6-47d8-942e-66c403335dbd 3.372s
2025-11-27 03:37:21.321 67494 INFO tempest.lib.common.rest_client [req-8265a54b-146b-4027-a854-2f2e45c628eb req-8265a54b-146b-4027-a854-2f2e45c628eb ] Request (ServerDiskConfigTestJSON:test_rebuild_server_with_auto_disk_config): 200 GET http://10.180.1.21/compute/v2.1/servers/f0f33c10-b452-4cae-9156-b6bf1e0126fc 3.430s
2025-11-27 03:37:21.330 67494 INFO tempest.common.waiters [-] State transition "BUILD/spawning" ==> "ACTIVE/None" after 70 second wait
2025-11-27 03:37:21.362 67480 INFO tempest.lib.common.rest_client [req-8fa67f8b-db6e-485e-9ff0-35345e6b7ad0 req-8fa67f8b-db6e-485e-9ff0-35345e6b7ad0 ] Request (SecurityGroupRulesNegativeTestJSON:test_create_security_group_rule_duplicate): 400 POST http://10.180.1.21/compute/v2.1/os-security-group-rules 3.356s
2025-11-27 03:37:21.412 67502 INFO tempest.lib.common.rest_client [req-9435621c-c319-4ebe-8095-e4391bc975d1 req-9435621c-c319-4ebe-8095-e4391bc975d1 ] Request (AttachInterfacesTestJSON:test_create_list_show_delete_interfaces_by_fixed_ip): 200 POST http://10.180.1.21/compute/v2.1/servers/9dd3fbb6-9fbb-4d40-a66b-b18ce65694dd/os-interface 12.486s
2025-11-27 03:37:21.464 67472 INFO tempest.lib.common.rest_client [req-f8491177-3cbc-4efb-a0d7-ae3ac31d3500 req-f8491177-3cbc-4efb-a0d7-ae3ac31d3500 ] Request (ServersTestJSON:setUpClass): 200 GET http://10.180.1.21/compute/v2.1/servers/bcfa0c19-b500-4bd3-be12-25917e377e1d 3.140s
2025-11-27 03:37:21.487 67506 INFO tempest.lib.common.rest_client [req-2f86f69d-1844-4155-9bbb-42220d6b0a2c req-2f86f69d-1844-4155-9bbb-42220d6b0a2c ] Request (FloatingIPsAssociationTestJSON:test_associate_already_associated_floating_ip): 200 GET http://10.180.1.21/compute/v2.1/servers/592721b9-1fa1-4377-8c05-08269fba6888 3.229s
2025-11-27 03:37:21.535 67499 INFO tempest.lib.common.rest_client [req-3f91964b-0984-46d5-9cd8-c258e71bb950 req-3f91964b-0984-46d5-9cd8-c258e71bb950 ] Request (ServerActionsTestOtherA:setUpClass): 200 GET http://10.180.1.21/compute/v2.1/servers/a92f6b3e-a5f8-4a5c-b20a-82b1c672ebb6 3.106s
2025-11-27 03:37:21.544 67492 INFO tempest.lib.common.rest_client [req-b366dba5-b707-42e2-9927-c48d916f56bf req-b366dba5-b707-42e2-9927-c48d916f56bf ] Request (ServersTestFqdnHostnames:tearDownClass): 204 DELETE http://10.180.1.21/compute/v2.1/servers/dafac0fd-ae1e-4852-a25a-b3319c091bee 3.155s
2025-11-27 03:37:21.594 67490 INFO tempest.lib.common.rest_client [req-73e3e0b9-f2ef-4ee9-8d45-ab758bdf003e req-73e3e0b9-f2ef-4ee9-8d45-ab758bdf003e ] Request (InstanceActionsNegativeTestJSON:tearDownClass): 200 GET http://10.180.1.21/compute/v2.1/servers/0728e591-5d01-4b48-9f85-f7f217e12d30 3.059s
2025-11-27 03:37:21.600 67512 INFO tempest.lib.common.rest_client [req-1edf45b7-8ae9-421a-8bef-cc1effa7dd2b req-1edf45b7-8ae9-421a-8bef-cc1effa7dd2b ] Request (ImagesOneServerNegativeTestJSON:_run_cleanups): 200 GET http://10.180.1.21/compute/v2.1/servers/72e4dd0b-4e98-4c1b-8f42-a9e5c7fccf61 3.009s
2025-11-27 03:37:21.680 67508 INFO tempest.lib.common.rest_client [req-a772d184-a572-46ea-a2c0-100fcfcc0aff req-a772d184-a572-46ea-a2c0-100fcfcc0aff ] Request (ServerMetadataNegativeTestJSON:tearDownClass): 200 GET http://10.180.1.21/compute/v2.1/servers/d504ffed-8ae7-4738-bba5-9c12b9aefaa6 2.854s
2025-11-27 03:37:21.705 67468 INFO tempest.lib.common.rest_client [req-b4937687-bd20-43b9-8115-436fa67b79fb req-b4937687-bd20-43b9-8115-436fa67b79fb ] Request (SecurityGroupsTestJSON:test_list_security_groups_by_server): 200 GET http://10.180.1.21/compute/v2.1/servers/69e34c5a-2a45-4e1b-bccd-c5e4af22acfc/os-security-groups 2.828s
2025-11-27 03:37:21.744 67487 INFO tempest.lib.common.rest_client [req-778060a4-5278-4f9e-8b6b-ae6602e468c2 req-778060a4-5278-4f9e-8b6b-ae6602e468c2 ] Request (ServerShowV254Test:test_rebuild_server): 200 GET http://10.180.1.21/compute/v2.1/servers/d1788258-7750-4f63-b5fe-ddfeedfb2172 2.670s
2025-11-27 03:37:21.792 67500 INFO tempest.lib.common.rest_client [req-b2ad3881-d995-4844-9fa4-e1f99b688b73 req-b2ad3881-d995-4844-9fa4-e1f99b688b73 ] Request (ServersAdminNegativeTestJSON:tearDownClass): 200 GET http://10.180.1.21/compute/v2.1/servers/8236c767-79b5-4382-8500-68533eac9f93 2.280s
2025-11-27 03:37:21.939 67482 INFO tempest.lib.common.rest_client [req-b658ee6c-e3aa-410e-afab-fe59b5723f64 req-b658ee6c-e3aa-410e-afab-fe59b5723f64 ] Request (ServersWithSpecificFlavorTestJSON:test_verify_created_server_ephemeral_disk): 200 GET http://10.180.1.21/compute/v2.1/servers/15b63cc3-11f1-4ac0-91f4-cd50f7a166c1 2.212s
2025-11-27 03:37:21.950 67482 INFO tempest.lib.common.ssh [-] Creating ssh connection to '10.180.180.161:22' as 'cirros' with public key authentication
2025-11-27 03:37:21.954 67462 INFO tempest.lib.common.rest_client [req-36a73b1f-3e29-4a9a-935c-bd21d6c8d510 req-36a73b1f-3e29-4a9a-935c-bd21d6c8d510 ] Request (ServersTestManualDisk:test_verify_created_server_vcpus): 200 GET http://10.180.1.21/compute/v2.1/flavors/42 1.480s
2025-11-27 03:37:21.959 67462 INFO tempest.lib.common.ssh [-] Creating ssh connection to '10.180.180.165:22' as 'cirros' with public key authentication
2025-11-27 03:37:21.962 67462 INFO paramiko.transport [-] Connected (version 2.0, client dropbear_2020.81)
2025-11-27 03:37:21.965 67458 INFO tempest.lib.common.rest_client [req-756f5048-d560-49ed-96a9-a0ca1804bd8d req-756f5048-d560-49ed-96a9-a0ca1804bd8d ] Request (MigrationsAdminTest:test_resize_server_revert_deleted_flavor): 200 GET http://10.180.1.21/compute/v2.1/servers/83838f9e-3ade-4a08-be93-dd3374a7fafa 1.905s
2025-11-27 03:37:22.027 67462 INFO paramiko.transport [-] Authentication (publickey) successful!
2025-11-27 03:37:22.029 67462 INFO tempest.lib.common.ssh [-] ssh connection to cirros@10.180.180.165 successfully created
2025-11-27 03:37:22.148 67460 INFO tempest.lib.common.rest_client [req-1402052e-7c40-4add-a1dd-a43501025327 req-1402052e-7c40-4add-a1dd-a43501025327 ] Request (SecurityGroupRulesTestJSON:test_security_group_rules_create_with_optional_cidr): 200 POST http://10.180.1.21/compute/v2.1/os-security-groups 1.284s
2025-11-27 03:37:22.269 67488 INFO tempest.lib.common.rest_client [req-c785c100-37e4-442d-b0f6-0a8a80a2e7e3 req-c785c100-37e4-442d-b0f6-0a8a80a2e7e3 ] Request (ServerGroupTestJSON:test_create_server_with_scheduler_hint_group): 200 GET http://10.180.1.21/compute/v2.1/servers/66020181-d5e9-4272-b948-a6c44768a2e4 1.457s
