2025-11-27 03:34:44.939 67464 INFO tempest.lib.common.rest_client [req-3e8e7add-9dba-4e33-9a6a-0a57cc2dbfe1 req-3e8e7add-9dba-4e33-9a6a-0a57cc2dbfe1 ] Request (ListImageFiltersTestJSON:setUpClass): 200 GET http://10.180.1.21/compute/v2.1/servers/e6d70993-4180-4454-9e6a-c602eb8a8d6c 4.618s
2025-11-27 03:34:44.970 67500 INFO tempest.lib.common.rest_client [req-085bde1a-277a-42bf-b16d-bf86c288d1a0 req-085bde1a-277a-42bf-b16d-bf86c288d1a0 ] Request (ServersAdminNegativeTestJSON:test_migrate_non_existent_server): 404 POST http://10.180.1.21/compute/v2.1/servers/3bfa5648-1d5e-44ea-9322-2525826b011e/action 4.897s
2025-11-27 03:34:45.052 67500 INFO tempest.lib.common.rest_client [req-ad7ac60b-8d04-4d8e-996b-ca10e56537dc req-ad7ac60b-8d04-4d8e-996b-ca10e56537dc ] Request (ServersAdminNegativeTestJSON:test_migrate_server_invalid_state): 201 POST http://10.180.1.21/identity/v3/auth/tokens 0.073s
2025-11-27 03:34:45.053 67500 INFO tempest.lib.common.fixed_network [-] (ServersAdminNegativeTestJSON:test_migrate_server_invalid_state) Found network None available for tenant
2025-11-27 03:34:45.098 67484 INFO tempest.lib.common.rest_client [req-9dea6607-f3e1-489c-80a9-55f04279c5fd req-9dea6607-f3e1-489c-80a9-55f04279c5fd ] Request (QuotaClassesAdmin257Test:tearDownClass): 200 GET http://10.180.1.21/networking/v2.0/security-groups?tenant_id=c71c53567f5047b4ac9f3b578e65ed11&name=default 0.174s
2025-11-27 03:34:45.127 67487 INFO tempest.lib.common.rest_client [req-dd99254b-881d-4d49-b9e2-df3644bbfc53 req-dd99254b-881d-4d49-b9e2-df3644bbfc53 ] Request (ListServersNegativeTestJSON:setUpClass): 200 GET http://10.180.1.21/compute/v2.1/servers/a79e3bcc-1b17-4ebb-9e24-b0dce3c220e6 4.796s
2025-11-27 03:34:45.197 67460 INFO tempest.lib.common.rest_client [req-004c72e1-cfb5-46cf-b9e7-1e5e38ff73c0 req-004c72e1-cfb5-46cf-b9e7-1e5e38ff73c0 ] Request (QuotasAdminNegativeTest:_run_cleanups): 200 PUT http://10.180.1.21/compute/v2.1/os-quota-sets/ec2481da6ba24dcb9a04423e49d889c9 4.757s
2025-11-27 03:34:45.217 67484 INFO tempest.lib.common.rest_client [req-e0bf09e7-d9eb-46b3-a6da-0e95af1f2b6b req-e0bf09e7-d9eb-46b3-a6da-0e95af1f2b6b ] Request (QuotaClassesAdmin257Test:tearDownClass): 204 DELETE http://10.180.1.21/networking/v2.0/security-groups/743cd1ba-bad6-4354-bb08-b2e5d475919e 0.117s
2025-11-27 03:34:45.299 67508 INFO tempest.lib.common.rest_client [req-1223f11b-c76c-4d1d-9299-1e705fdade5c req-1223f11b-c76c-4d1d-9299-1e705fdade5c ] Request (ServerExternalEventsTest:tearDownClass): 200 GET http://10.180.1.21/compute/v2.1/servers/17d5946b-0e1e-44ee-90c1-602f1d030824 4.717s
2025-11-27 03:34:45.309 67508 INFO tempest.common.waiters [-] State transition "ACTIVE/deleting" ==> "DELETED/None" after 6 second wait
2025-11-27 03:34:45.342 67480 INFO tempest.lib.common.rest_client [req-d2213f20-94f7-4fd2-8272-2da86ddb14fd req-d2213f20-94f7-4fd2-8272-2da86ddb14fd ] Request (FloatingIPsAssociationNegativeTestJSON:setUpClass): 200 GET http://10.180.1.21/compute/v2.1/servers/e84594db-a9e0-4440-93bf-ade1d4f57a13 4.844s
2025-11-27 03:34:45.352 67480 INFO tempest.common.waiters [-] State transition "BUILD/None" ==> "BUILD/spawning" after 11 second wait
2025-11-27 03:34:45.356 67484 INFO tempest.lib.common.rest_client [req-bf3f4d05-0161-4c6a-996e-54d7f8914f84 req-bf3f4d05-0161-4c6a-996e-54d7f8914f84 ] Request (QuotaClassesAdmin257Test:tearDownClass): 204 DELETE http://10.180.1.21/identity/v3/projects/c71c53567f5047b4ac9f3b578e65ed11 0.139s
2025-11-27 03:34:45.382 67468 INFO tempest.lib.common.rest_client [req-b293ceee-36f9-49f8-b882-65e2f0de4435 req-b293ceee-36f9-49f8-b882-65e2f0de4435 ] Request (ServerDiagnosticsNegativeTest:test_get_server_diagnostics_by_non_admin): 200 GET http://10.180.1.21/compute/v2.1/servers/fd44708f-f684-4b88-a0ae-1f9d3f15168d 4.424s
2025-11-27 03:34:45.452 67484 INFO tempest.lib.common.rest_client [req-d3f076e2-b8d7-46d2-86f2-ed65ce7f6371 req-d3f076e2-b8d7-46d2-86f2-ed65ce7f6371 ] Request (TenantUsagesNegativeTestJSON:setUpClass): 201 POST http://10.180.1.21/identity/v3/auth/tokens 0.094s
2025-11-27 03:34:45.478 67506 INFO tempest.lib.common.rest_client [req-45a92116-7331-488b-882f-96352a2b1a8c req-45a92116-7331-488b-882f-96352a2b1a8c ] Request (ServerDiagnosticsV248Test:tearDownClass): 200 GET http://10.180.1.21/compute/v2.1/servers/0acd86a9-ada4-4665-afd0-c9ce1aad41cf 4.339s
2025-11-27 03:34:45.493 67506 INFO tempest.common.waiters [-] State transition "ACTIVE/deleting" ==> "DELETED/None" after 5 second wait
2025-11-27 03:34:45.507 67474 INFO tempest.lib.common.rest_client [req-8e0e5705-6fa4-428b-9bae-11b9cd7238f4 req-8e0e5705-6fa4-428b-9bae-11b9cd7238f4 ] Request (ServerActionsTestJSON:setUpClass): 200 GET http://10.180.1.21/compute/v2.1/servers/1a0f0b20-4153-4edd-9255-60ed008d9ece 4.481s
2025-11-27 03:34:45.509 67484 INFO tempest.lib.common.rest_client [req-d887bbdd-d342-4243-a752-f6bb28055916 req-d887bbdd-d342-4243-a752-f6bb28055916 ] Request (TenantUsagesNegativeTestJSON:setUpClass): 201 POST http://10.180.1.21/identity/v3/auth/tokens 0.051s
2025-11-27 03:34:45.516 67474 INFO tempest.common.waiters [-] State transition "BUILD/None" ==> "BUILD/spawning" after 10 second wait
2025-11-27 03:34:45.546 67484 INFO tempest.lib.common.rest_client [req-8cfbb01e-7a84-4651-88d3-e2b4faafff20 req-8cfbb01e-7a84-4651-88d3-e2b4faafff20 ] Request (TenantUsagesNegativeTestJSON:setUpClass): 200 GET http://10.180.1.21/identity/v3/domains?name=Default 0.037s
2025-11-27 03:34:45.589 67484 INFO tempest.lib.common.rest_client [req-dcfe15fa-af3b-454a-ae58-507db75ef0ac req-dcfe15fa-af3b-454a-ae58-507db75ef0ac ] Request (TenantUsagesNegativeTestJSON:setUpClass): 201 POST http://10.180.1.21/identity/v3/projects 0.042s
2025-11-27 03:34:45.630 67518 INFO tempest.lib.common.rest_client [req-aef83269-beb7-4da8-bc60-97ed86ad7a2d req-aef83269-beb7-4da8-bc60-97ed86ad7a2d ] Request (ImagesTestJSON:test_create_image_from_stopped_server): 202 POST http://10.180.1.21/compute/v2.1/servers/26de6201-89f7-46d0-8e11-65467fd7141a/action 4.100s
2025-11-27 03:34:45.657 67512 INFO tempest.lib.common.rest_client [req-b3b8534e-c52e-4597-bdee-f81bdeb7f518 req-b3b8534e-c52e-4597-bdee-f81bdeb7f518 ] Request (ImagesMetadataTestJSON:setUpClass): 204 PUT http://10.180.1.21/image/v2/images/efc81298-a620-4685-a8f7-b7b4716a1ed4/file 1.022s
2025-11-27 03:34:45.679 67516 INFO tempest.lib.common.rest_client [req-e82aa156-b880-4549-8283-cb31208fa4de req-e82aa156-b880-4549-8283-cb31208fa4de ] Request (ServersTestMultiNic:test_verify_duplicate_network_nics): 200 GET http://10.180.1.21/compute/v2.1/servers/02c97587-2f42-485f-84c2-12d88c1b4bb2/ips 4.121s
2025-11-27 03:34:45.701 67496 INFO tempest.lib.common.rest_client [req-a3716d34-72ff-468c-9e4a-bc863c6c9f6a req-a3716d34-72ff-468c-9e4a-bc863c6c9f6a ] Request (ImagesOneServerTestJSON:test_create_delete_image): 200 GET http://10.180.1.21/compute/v2.1/images/19bec2ba-13f4-4b28-a55e-fb2f640e3835 4.322s
2025-11-27 03:34:45.707 67484 INFO tempest.lib.common.rest_client [req-6b370610-a730-4846-a39e-60b37dd3da3f req-6b370610-a730-4846-a39e-60b37dd3da3f ] Request (TenantUsagesNegativeTestJSON:setUpClass): 201 POST http://10.180.1.21/identity/v3/users 0.117s
2025-11-27 03:34:45.745 67484 INFO tempest.lib.common.rest_client [req-296a4d50-282d-4bb6-bdd9-23114a41f107 req-296a4d50-282d-4bb6-bdd9-23114a41f107 ] Request (TenantUsagesNegativeTestJSON:setUpClass): 200 GET http://10.180.1.21/identity/v3/roles 0.037s
2025-11-27 03:34:45.751 67522 INFO tempest.lib.common.rest_client [req-7d3baabb-d2ff-4b84-9f33-2e618e1ad903 req-7d3baabb-d2ff-4b84-9f33-2e618e1ad903 ] Request (ServerMetadataTestJSON:test_delete_server_metadata_item): 204 DELETE http://10.180.1.21/compute/v2.1/servers/6ca93c90-8bd7-4240-9596-ce7742a6e8d7/metadata/key1 2.654s
2025-11-27 03:34:45.778 67484 INFO tempest.lib.common.rest_client [req-41fadf04-590e-4c7c-95ef-2d0649d3294c req-41fadf04-590e-4c7c-95ef-2d0649d3294c ] Request (TenantUsagesNegativeTestJSON:setUpClass): 204 PUT http://10.180.1.21/identity/v3/projects/1367a1b9768549cb921d27d79d4ca003/users/91aead41f49441d59317197b709243e4/roles/eb849749393546558300251f18f5eb3f 0.033s
2025-11-27 03:34:45.779 67484 INFO tempest.lib.common.dynamic_creds [-] Dynamic test user 91aead41f49441d59317197b709243e4 is created with scope project and roles: ['member']
2025-11-27 03:34:45.779 67484 INFO tempest.lib.common.dynamic_creds [-] Acquired dynamic creds: credentials: Credentials: {'domain_id': 'default', 'domain_name': 'Default', 'username': 'tempest-TenantUsagesNegativeTestJSON-1160439839-project-member', 'project_domain_id': 'default', 'project_domain_name': 'Default', 'project_id': '1367a1b9768549cb921d27d79d4ca003', 'project_name': 'tempest-TenantUsagesNegativeTestJSON-1160439839', 'tenant_id': '1367a1b9768549cb921d27d79d4ca003', 'tenant_name': 'tempest-TenantUsagesNegativeTestJSON-1160439839', 'user_domain_id': 'default', 'user_domain_name': 'Default', 'user_id': '91aead41f49441d59317197b709243e4', 'system': None}, Network: None, Subnet: None, Router: None
2025-11-27 03:34:45.779 67484 INFO tempest.lib.common.dynamic_creds [-] Created isolated network resources for: credentials: Credentials: {'domain_id': 'default', 'domain_name': 'Default', 'username': 'tempest-TenantUsagesNegativeTestJSON-1160439839-project-member', 'project_domain_id': 'default', 'project_domain_name': 'Default', 'project_id': '1367a1b9768549cb921d27d79d4ca003', 'project_name': 'tempest-TenantUsagesNegativeTestJSON-1160439839', 'tenant_id': '1367a1b9768549cb921d27d79d4ca003', 'tenant_name': 'tempest-TenantUsagesNegativeTestJSON-1160439839', 'user_domain_id': 'default', 'user_domain_name': 'Default', 'user_id': '91aead41f49441d59317197b709243e4', 'system': None}, Network: None, Subnet: None, Router: None
2025-11-27 03:34:45.863 67484 INFO tempest.lib.common.rest_client [req-ea0c0887-5dec-42bf-b48b-bf5aa1b3e623 req-ea0c0887-5dec-42bf-b48b-bf5aa1b3e623 ] Request (TenantUsagesNegativeTestJSON:setUpClass): 201 POST http://10.180.1.21/identity/v3/auth/tokens 0.080s
2025-11-27 03:34:45.943 67484 INFO tempest.lib.common.rest_client [req-92d1dd4b-b159-4ad3-97a9-1dea0448fec7 req-92d1dd4b-b159-4ad3-97a9-1dea0448fec7 ] Request (TenantUsagesNegativeTestJSON:setUpClass): 201 POST http://10.180.1.21/identity/v3/projects 0.079s
2025-11-27 03:34:46.028 67484 INFO tempest.lib.common.rest_client [req-41d06001-52ad-42ad-9a65-84219a5abcdc req-41d06001-52ad-42ad-9a65-84219a5abcdc ] Request (TenantUsagesNegativeTestJSON:setUpClass): 201 POST http://10.180.1.21/identity/v3/users 0.084s
2025-11-27 03:34:46.063 67484 INFO tempest.lib.common.rest_client [req-0f03440b-fadd-4c6c-90c2-ae75c82c5f0e req-0f03440b-fadd-4c6c-90c2-ae75c82c5f0e ] Request (TenantUsagesNegativeTestJSON:setUpClass): 200 GET http://10.180.1.21/identity/v3/roles 0.035s
2025-11-27 03:34:46.100 67484 INFO tempest.lib.common.rest_client [req-1642f8e6-2c98-452b-a63f-cd25a04bf740 req-1642f8e6-2c98-452b-a63f-cd25a04bf740 ] Request (TenantUsagesNegativeTestJSON:setUpClass): 204 PUT http://10.180.1.21/identity/v3/projects/f33066833b544314a614b9daf8a97435/users/2bcddeef716a45d48e82473dde6dbc97/roles/95c921bc8dfd40e1ad8d15326753ce1f 0.036s
2025-11-27 03:34:46.159 67484 INFO tempest.lib.common.rest_client [req-51305fce-db7f-47d1-82e2-4b94ff22a9b3 req-51305fce-db7f-47d1-82e2-4b94ff22a9b3 ] Request (TenantUsagesNegativeTestJSON:setUpClass): 200 GET http://10.180.1.21/identity/v3/roles 0.059s
2025-11-27 03:34:46.178 67484 INFO tempest.lib.common.rest_client [req-d9c1fdce-dc23-4db8-9be9-5cf1959ea831 req-d9c1fdce-dc23-4db8-9be9-5cf1959ea831 ] Request (TenantUsagesNegativeTestJSON:setUpClass): 204 PUT http://10.180.1.21/identity/v3/projects/f33066833b544314a614b9daf8a97435/users/2bcddeef716a45d48e82473dde6dbc97/roles/95c921bc8dfd40e1ad8d15326753ce1f 0.019s
2025-11-27 03:34:46.179 67484 INFO tempest.lib.common.dynamic_creds [-] Dynamic test user 2bcddeef716a45d48e82473dde6dbc97 is created with scope project and roles: ['admin']
2025-11-27 03:34:46.179 67484 INFO tempest.lib.common.dynamic_creds [-] Acquired dynamic creds: credentials: Credentials: {'domain_id': 'default', 'domain_name': 'Default', 'username': 'tempest-TenantUsagesNegativeTestJSON-1821691108-project-admin', 'project_domain_id': 'default', 'project_domain_name': 'Default', 'project_id': 'f33066833b544314a614b9daf8a97435', 'project_name': 'tempest-TenantUsagesNegativeTestJSON-1821691108', 'tenant_id': 'f33066833b544314a614b9daf8a97435', 'tenant_name': 'tempest-TenantUsagesNegativeTestJSON-1821691108', 'user_domain_id': 'default', 'user_domain_name': 'Default', 'user_id': '2bcddeef716a45d48e82473dde6dbc97', 'system': None}, Network: None, Subnet: None, Router: None
2025-11-27 03:34:46.179 67484 INFO tempest.lib.common.dynamic_creds [-] Created isolated network resources for: credentials: Credentials: {'domain_id': 'default', 'domain_name': 'Default', 'username': 'tempest-TenantUsagesNegativeTestJSON-1821691108-project-admin', 'project_domain_id': 'default', 'project_domain_name': 'Default', 'project_id': 'f33066833b544314a614b9daf8a97435', 'project_name': 'tempest-TenantUsagesNegativeTestJSON-1821691108', 'tenant_id': 'f33066833b544314a614b9daf8a97435', 'tenant_name': 'tempest-TenantUsagesNegativeTestJSON-1821691108', 'user_domain_id': 'default', 'user_domain_name': 'Default', 'user_id': '2bcddeef716a45d48e82473dde6dbc97', 'system': None}, Network: None, Subnet: None, Router: None
2025-11-27 03:34:46.248 67478 INFO tempest.lib.common.rest_client [req-a8d174b0-c5c6-4e71-a98d-6c88770c35f2 req-a8d174b0-c5c6-4e71-a98d-6c88770c35f2 ] Request (SecurityGroupsTestAdminJSON:test_list_security_groups_list_all_tenants_filter): 200 POST http://10.180.1.21/compute/v2.1/os-security-groups 3.334s
2025-11-27 03:34:46.293 67484 INFO tempest.lib.common.rest_client [req-6e35922d-bd4d-4009-966c-ce9a4d46bee3 req-6e35922d-bd4d-4009-966c-ce9a4d46bee3 ] Request (TenantUsagesNegativeTestJSON:setUpClass): 201 POST http://10.180.1.21/identity/v3/auth/tokens 0.111s
2025-11-27 03:34:46.610 67458 INFO tempest.lib.common.rest_client [req-bbf0e470-c596-4367-9890-2ec0fc03d3b2 req-bbf0e470-c596-4367-9890-2ec0fc03d3b2 ] Request (MigrationsAdminTest:test_list_migrations_in_flavor_resize_situation): 200 GET http://10.180.1.21/compute/v2.1/servers/e30eb879-aafc-4261-b180-32b24164f7de 2.621s
2025-11-27 03:34:46.620 67488 INFO tempest.lib.common.rest_client [req-6cc63217-c79a-43f3-b877-450a26123d28 req-6cc63217-c79a-43f3-b877-450a26123d28 ] Request (AggregatesAdminNegativeTestJSON:test_aggregate_create_aggregate_name_length_exceeds_255): 400 POST http://10.180.1.21/compute/v2.1/os-aggregates 2.152s
2025-11-27 03:34:46.636 67504 INFO tempest.lib.common.rest_client [req-58afa4e7-2c34-4de5-a0cc-f4daabb4902b req-58afa4e7-2c34-4de5-a0cc-f4daabb4902b ] Request (HypervisorAdminNegativeUnderV252Test:test_show_servers_with_nonexistent_hypervisor): 404 GET http://10.180.1.21/compute/v2.1/os-hypervisors/0d86591e-52db-4ccb-b98c-8168d993cc14/servers 2.126s
2025-11-27 03:34:46.677 67472 INFO tempest.lib.common.rest_client [req-ddd1e600-79e9-4fe6-b7e5-6a8737735cc5 req-ddd1e600-79e9-4fe6-b7e5-6a8737735cc5 ] Request (DeleteServersAdminTestJSON:test_admin_delete_servers_of_others): 200 GET http://10.180.1.21/compute/v2.1/servers/24529121-8be4-4d69-ad66-3fa57515cf62 2.435s
2025-11-27 03:34:46.702 67470 INFO tempest.lib.common.rest_client [req-81cba03d-d161-44c1-b9af-b48b0237820c req-81cba03d-d161-44c1-b9af-b48b0237820c ] Request (ImagesMetadataNegativeTestJSON:test_list_nonexistent_image_metadata): 404 GET http://10.180.1.21/compute/v2.1/images/9ccf46ee-e137-420f-a358-c21dfbe9b054/metadata 2.041s
2025-11-27 03:34:46.715 67477 INFO tempest.lib.common.rest_client [req-f27ceffc-28ff-4de6-a0e3-d381d6e22b83 req-f27ceffc-28ff-4de6-a0e3-d381d6e22b83 ] Request (HostsAdminNegativeTestJSON:test_update_nonexistent_host): 404 PUT http://10.180.1.21/compute/v2.1/os-hosts/nonexistent_hostname 2.046s
2025-11-27 03:34:46.787 67504 INFO tempest.lib.common.rest_client [req-754fc853-4f5f-4b43-9fa7-9bb233a599c6 req-754fc853-4f5f-4b43-9fa7-9bb233a599c6 ] Request (HypervisorAdminNegativeUnderV252Test:tearDownClass): 204 DELETE http://10.180.1.21/identity/v3/users/0e6dba4ac7fc483d85e25ba0f53839b5 0.149s
2025-11-27 03:34:46.859 67477 INFO tempest.lib.common.rest_client [req-c8b44c28-8918-436f-9a45-ab88f7f7df0c req-c8b44c28-8918-436f-9a45-ab88f7f7df0c ] Request (HostsAdminNegativeTestJSON:tearDownClass): 204 DELETE http://10.180.1.21/identity/v3/users/de356631c9214514b018f765fd4b7a64 0.142s
2025-11-27 03:34:46.861 67502 INFO tempest.lib.common.rest_client [req-94263c80-c398-4af4-a245-c938d1eae5e7 req-94263c80-c398-4af4-a245-c938d1eae5e7 ] Request (SecurityGroupsNegativeTestJSON:test_delete_nonexistent_security_group): 404 DELETE http://10.180.1.21/compute/v2.1/os-security-groups/6b6e1232-5525-4b03-9e3f-546de104e863 2.322s
2025-11-27 03:34:46.881 67504 INFO tempest.lib.common.rest_client [req-e4cd8ba1-1fa7-46d0-a8e2-04aa6f47c7dc req-e4cd8ba1-1fa7-46d0-a8e2-04aa6f47c7dc ] Request (HypervisorAdminNegativeUnderV252Test:tearDownClass): 204 DELETE http://10.180.1.21/identity/v3/users/a9412c234b5a44a7be4872549838fbfc 0.093s
2025-11-27 03:34:46.882 67504 INFO tempest.lib.common.dynamic_creds [-] Deleting project and security group for project: bbdad3a4d11745609151eec8494187f2
2025-11-27 03:34:46.894 67514 INFO tempest.lib.common.rest_client [req-9e096277-638b-41ae-8b62-e1d5355b60a6 req-9e096277-638b-41ae-8b62-e1d5355b60a6 ] Request (KeyPairsNegativeTestJSON:test_keypair_create_with_invalid_pub_key): 400 POST http://10.180.1.21/compute/v2.1/os-keypairs 2.083s
2025-11-27 03:34:46.919 67490 INFO tempest.lib.common.rest_client [req-b1ca8a5a-c6c2-4d79-8409-4e3578019736 req-b1ca8a5a-c6c2-4d79-8409-4e3578019736 ] Request (ImagesNegativeTestJSON:test_create_image_from_deleted_server): 200 GET http://10.180.1.21/compute/v2.1/servers/2a43d9a3-5451-4c04-af68-8921b71085ae 2.112s
2025-11-27 03:34:46.923 67494 INFO tempest.lib.common.rest_client [req-775965a4-5099-467f-af47-29686e2a9d7a req-775965a4-5099-467f-af47-29686e2a9d7a ] Request (FlavorsAccessNegativeTestJSON:_run_cleanups): 202 DELETE http://10.180.1.21/compute/v2.1/flavors/1125319274 2.052s
2025-11-27 03:34:46.954 67504 INFO tempest.lib.common.rest_client [req-86db2d2f-659c-44b9-9ca7-1db1a67a4857 req-86db2d2f-659c-44b9-9ca7-1db1a67a4857 ] Request (HypervisorAdminNegativeUnderV252Test:tearDownClass): 201 POST http://10.180.1.21/identity/v3/auth/tokens 0.071s
2025-11-27 03:34:46.963 67460 INFO tempest.lib.common.rest_client [req-66f84ad2-fcdb-4772-9d83-be6813a7eba7 req-66f84ad2-fcdb-4772-9d83-be6813a7eba7 ] Request (QuotasAdminNegativeTest:test_update_quota_normal_user): 403 PUT http://10.180.1.21/compute/v2.1/os-quota-sets/ec2481da6ba24dcb9a04423e49d889c9 1.762s
2025-11-27 03:34:47.003 67477 INFO tempest.lib.common.rest_client [req-9681f760-69f8-4c92-9c03-4245ec9f7991 req-9681f760-69f8-4c92-9c03-4245ec9f7991 ] Request (HostsAdminNegativeTestJSON:tearDownClass): 204 DELETE http://10.180.1.21/identity/v3/users/d3298c51d8f2489a85f16f3b4c924fc6 0.144s
2025-11-27 03:34:47.003 67477 INFO tempest.lib.common.dynamic_creds [-] Deleting project and security group for project: f1a5b4e2a7894d30abc854f2bdced3a0
2025-11-27 03:34:47.033 67460 INFO tempest.lib.common.rest_client [req-c99299b7-8ecf-4ec4-a161-696c91ac04cf req-c99299b7-8ecf-4ec4-a161-696c91ac04cf ] Request (QuotasAdminNegativeTest:tearDownClass): 204 DELETE http://10.180.1.21/identity/v3/users/146d1472a4e0406b8f837868e59f87fb 0.068s
2025-11-27 03:34:47.097 67477 INFO tempest.lib.common.rest_client [req-d3a9834f-29b0-466a-9335-0e5a74fd904d req-d3a9834f-29b0-466a-9335-0e5a74fd904d ] Request (HostsAdminNegativeTestJSON:tearDownClass): 201 POST http://10.180.1.21/identity/v3/auth/tokens 0.094s
2025-11-27 03:34:47.190 67460 INFO tempest.lib.common.rest_client [req-8d12fc15-c1b8-4b55-93ad-f97dc630c1f0 req-8d12fc15-c1b8-4b55-93ad-f97dc630c1f0 ] Request (QuotasAdminNegativeTest:tearDownClass): 204 DELETE http://10.180.1.21/identity/v3/users/e4ccd7fd55bc4330a02d90a97aab2a79 0.156s
2025-11-27 03:34:47.190 67460 INFO tempest.lib.common.dynamic_creds [-] Deleting project and security group for project: 2d3330ec3d3949d2908f30a291a87b62
2025-11-27 03:34:47.251 67504 INFO tempest.lib.common.rest_client [req-8a514803-a242-49c7-9bb1-5bcfd61c2c87 req-8a514803-a242-49c7-9bb1-5bcfd61c2c87 ] Request (HypervisorAdminNegativeUnderV252Test:tearDownClass): 200 GET http://10.180.1.21/networking/v2.0/security-groups?tenant_id=bbdad3a4d11745609151eec8494187f2&name=default 0.297s
2025-11-27 03:34:47.259 67460 INFO tempest.lib.common.rest_client [req-fde5e41b-844e-416f-a2cb-c9fe8ad1999b req-fde5e41b-844e-416f-a2cb-c9fe8ad1999b ] Request (QuotasAdminNegativeTest:tearDownClass): 201 POST http://10.180.1.21/identity/v3/auth/tokens 0.068s
2025-11-27 03:34:47.318 67482 INFO tempest.lib.common.rest_client [req-8709bd8f-1746-417f-b7da-4cda0643dd6e req-8709bd8f-1746-417f-b7da-4cda0643dd6e ] Request (ServersWithSpecificFlavorTestJSON:test_verify_created_server_ephemeral_disk): 200 GET http://10.180.1.21/compute/v2.1/servers/e5ba98ae-8ebd-452e-a91e-211814bd9004 1.926s
2025-11-27 03:34:47.479 67477 INFO tempest.lib.common.rest_client [req-4a80f7cb-ba25-4a07-852f-1ceeb6582c58 req-4a80f7cb-ba25-4a07-852f-1ceeb6582c58 ] Request (HostsAdminNegativeTestJSON:tearDownClass): 200 GET http://10.180.1.21/networking/v2.0/security-groups?tenant_id=f1a5b4e2a7894d30abc854f2bdced3a0&name=default 0.381s
2025-11-27 03:34:47.565 67504 INFO tempest.lib.common.rest_client [req-30ccd917-f742-47f9-b53d-ea691cd3ec44 req-30ccd917-f742-47f9-b53d-ea691cd3ec44 ] Request (HypervisorAdminNegativeUnderV252Test:tearDownClass): 204 DELETE http://10.180.1.21/networking/v2.0/security-groups/1ba214a3-bd90-4276-9976-58eecb517261 0.313s
2025-11-27 03:34:47.639 67504 INFO tempest.lib.common.rest_client [req-c558c49f-4256-441e-a706-99cac82ec9df req-c558c49f-4256-441e-a706-99cac82ec9df ] Request (HypervisorAdminNegativeUnderV252Test:tearDownClass): 204 DELETE http://10.180.1.21/identity/v3/projects/bbdad3a4d11745609151eec8494187f2 0.073s
2025-11-27 03:34:47.639 67504 INFO tempest.lib.common.dynamic_creds [-] Deleting project and security group for project: 1e81c0a445bf49e1959ccc3916cdb308
2025-11-27 03:34:47.688 67460 INFO tempest.lib.common.rest_client [req-ac5127d9-f388-4393-afa0-a3f6470419d7 req-ac5127d9-f388-4393-afa0-a3f6470419d7 ] Request (QuotasAdminNegativeTest:tearDownClass): 200 GET http://10.180.1.21/networking/v2.0/security-groups?tenant_id=2d3330ec3d3949d2908f30a291a87b62&name=default 0.428s
2025-11-27 03:34:48.059 67477 INFO tempest.lib.common.rest_client [req-bb173ff5-1aaf-4ded-88dc-729fbf606eff req-bb173ff5-1aaf-4ded-88dc-729fbf606eff ] Request (HostsAdminNegativeTestJSON:tearDownClass): 204 DELETE http://10.180.1.21/networking/v2.0/security-groups/f86077e4-4ca3-446f-8eec-641ad21d29a5 0.580s
2025-11-27 03:34:48.126 67504 INFO tempest.lib.common.rest_client [req-a20feda5-7f66-444c-8246-751b2e8b62d2 req-a20feda5-7f66-444c-8246-751b2e8b62d2 ] Request (HypervisorAdminNegativeUnderV252Test:tearDownClass): 200 GET http://10.180.1.21/networking/v2.0/security-groups?tenant_id=1e81c0a445bf49e1959ccc3916cdb308&name=default 0.487s
2025-11-27 03:34:48.155 67460 INFO tempest.lib.common.rest_client [req-4397c09f-9aad-4cbe-b79a-75aef72310f8 req-4397c09f-9aad-4cbe-b79a-75aef72310f8 ] Request (QuotasAdminNegativeTest:tearDownClass): 204 DELETE http://10.180.1.21/networking/v2.0/security-groups/dbc25b67-84e5-4b6b-baf2-e0ab859efd35 0.467s
2025-11-27 03:34:48.185 67466 INFO tempest.lib.common.rest_client [req-2151d986-ac10-4d08-a372-41aefdeaac20 req-2151d986-ac10-4d08-a372-41aefdeaac20 ] Request (ServersTestJSON:test_create_server_specify_multibyte_character_name): 200 GET http://10.180.1.21/compute/v2.1/servers/48a998a5-8829-44e2-85d1-a1b77f959fbc 2.667s
2025-11-27 03:34:48.241 67477 INFO tempest.lib.common.rest_client [req-f186423c-5629-4466-9ff0-cf44bd9912f8 req-f186423c-5629-4466-9ff0-cf44bd9912f8 ] Request (HostsAdminNegativeTestJSON:tearDownClass): 204 DELETE http://10.180.1.21/identity/v3/projects/f1a5b4e2a7894d30abc854f2bdced3a0 0.181s
2025-11-27 03:34:48.241 67477 INFO tempest.lib.common.dynamic_creds [-] Deleting project and security group for project: 09a81eb4e26c46eca802388706c43464
2025-11-27 03:34:48.290 67460 INFO tempest.lib.common.rest_client [req-e682bb0d-08f2-42ba-a7ff-7532c371e0e9 req-e682bb0d-08f2-42ba-a7ff-7532c371e0e9 ] Request (QuotasAdminNegativeTest:tearDownClass): 204 DELETE http://10.180.1.21/identity/v3/projects/2d3330ec3d3949d2908f30a291a87b62 0.135s
2025-11-27 03:34:48.291 67460 INFO tempest.lib.common.dynamic_creds [-] Deleting project and security group for project: ec2481da6ba24dcb9a04423e49d889c9
2025-11-27 03:34:48.340 67504 INFO tempest.lib.common.rest_client [req-48a4568c-dc17-4aa8-b107-c1de51693c27 req-48a4568c-dc17-4aa8-b107-c1de51693c27 ] Request (HypervisorAdminNegativeUnderV252Test:tearDownClass): 204 DELETE http://10.180.1.21/networking/v2.0/security-groups/fa254038-c5cc-451d-9654-3bf1fa123a47 0.213s
2025-11-27 03:34:48.442 67500 INFO tempest.lib.common.rest_client [req-fe7db93b-888c-4515-8738-eb23e4ef0f9a req-fe7db93b-888c-4515-8738-eb23e4ef0f9a ] Request (ServersAdminNegativeTestJSON:test_migrate_server_invalid_state): 202 POST http://10.180.1.21/compute/v2.1/servers 3.387s
2025-11-27 03:34:48.494 67512 INFO tempest.lib.common.rest_client [req-2226f4e5-0022-42a4-a5ad-b9694ec3b963 req-2226f4e5-0022-42a4-a5ad-b9694ec3b963 ] Request (ImagesMetadataTestJSON:setUpClass): 200 GET http://10.180.1.21/compute/v2.1/images/efc81298-a620-4685-a8f7-b7b4716a1ed4 2.837s
2025-11-27 03:34:48.555 67477 INFO tempest.lib.common.rest_client [req-95d0c94b-ac1e-48dd-829b-a685bbd16415 req-95d0c94b-ac1e-48dd-829b-a685bbd16415 ] Request (HostsAdminNegativeTestJSON:tearDownClass): 200 GET http://10.180.1.21/networking/v2.0/security-groups?tenant_id=09a81eb4e26c46eca802388706c43464&name=default 0.313s
2025-11-27 03:34:48.559 67504 INFO tempest.lib.common.rest_client [req-cc08ba26-746a-402f-b580-ea17a82a4f6d req-cc08ba26-746a-402f-b580-ea17a82a4f6d ] Request (HypervisorAdminNegativeUnderV252Test:tearDownClass): 204 DELETE http://10.180.1.21/identity/v3/projects/1e81c0a445bf49e1959ccc3916cdb308 0.219s
2025-11-27 03:34:48.608 67516 INFO tempest.lib.common.rest_client [req-c42b97d4-818f-41e2-8084-6ef52a829d9d req-c42b97d4-818f-41e2-8084-6ef52a829d9d ] Request (ServersTestMultiNic:_run_cleanups): 204 DELETE http://10.180.1.21/compute/v2.1/servers/02c97587-2f42-485f-84c2-12d88c1b4bb2 2.924s
2025-11-27 03:34:48.684 67504 INFO tempest.lib.common.rest_client [req-670ab020-f953-45bb-8a20-7de2ea5f108a req-670ab020-f953-45bb-8a20-7de2ea5f108a ] Request (QuotasAdminTestV236:setUpClass): 201 POST http://10.180.1.21/identity/v3/auth/tokens 0.124s
2025-11-27 03:34:48.687 67460 INFO tempest.lib.common.rest_client [req-5c015070-9bc3-4bd5-89a4-993dcc35e8f1 req-5c015070-9bc3-4bd5-89a4-993dcc35e8f1 ] Request (QuotasAdminNegativeTest:tearDownClass): 200 GET http://10.180.1.21/networking/v2.0/security-groups?tenant_id=ec2481da6ba24dcb9a04423e49d889c9&name=default 0.396s
2025-11-27 03:34:48.691 67518 INFO tempest.lib.common.rest_client [req-0751e4dd-c2f7-47db-ba77-2e12d91924fa req-0751e4dd-c2f7-47db-ba77-2e12d91924fa ] Request (ImagesTestJSON:test_create_image_from_stopped_server): 200 GET http://10.180.1.21/compute/v2.1/servers/26de6201-89f7-46d0-8e11-65467fd7141a 3.060s
2025-11-27 03:34:48.724 67504 INFO tempest.lib.common.rest_client [req-cd338224-3446-45f7-814e-4d7902f2db96 req-cd338224-3446-45f7-814e-4d7902f2db96 ] Request (QuotasAdminTestV236:setUpClass): 201 POST http://10.180.1.21/identity/v3/auth/tokens 0.036s
2025-11-27 03:34:48.735 67522 INFO tempest.lib.common.rest_client [req-fe0068bf-8ebf-47c3-990c-4d5f8ffe84fd req-fe0068bf-8ebf-47c3-990c-4d5f8ffe84fd ] Request (ServerMetadataTestJSON:test_delete_server_metadata_item): 200 GET http://10.180.1.21/compute/v2.1/servers/6ca93c90-8bd7-4240-9596-ce7742a6e8d7/metadata 2.984s
2025-11-27 03:34:48.752 67504 INFO tempest.lib.common.rest_client [req-f928b272-cc58-4422-826b-98c0d9b64585 req-f928b272-cc58-4422-826b-98c0d9b64585 ] Request (QuotasAdminTestV236:setUpClass): 200 GET http://10.180.1.21/identity/v3/domains?name=Default 0.028s
2025-11-27 03:34:48.778 67477 INFO tempest.lib.common.rest_client [req-8e37e6bd-ac59-46e8-8b6f-db6bc7fbdef5 req-8e37e6bd-ac59-46e8-8b6f-db6bc7fbdef5 ] Request (HostsAdminNegativeTestJSON:tearDownClass): 204 DELETE http://10.180.1.21/networking/v2.0/security-groups/b4067637-05d0-4b10-bad8-6b5a0e47472b 0.222s
2025-11-27 03:34:48.788 67504 INFO tempest.lib.common.rest_client [req-9e089863-3365-4870-a0c3-66fbc295cb31 req-9e089863-3365-4870-a0c3-66fbc295cb31 ] Request (QuotasAdminTestV236:setUpClass): 201 POST http://10.180.1.21/identity/v3/projects 0.035s
2025-11-27 03:34:48.799 67462 INFO tempest.lib.common.rest_client [req-19435ed3-8778-43d4-96f4-1b791b0abd1d req-19435ed3-8778-43d4-96f4-1b791b0abd1d ] Request (TenantUsagesTestJSON:tearDownClass): 200 GET http://10.180.1.21/compute/v2.1/servers/fd4f258d-e359-4566-bd9e-11c963ecd52a 3.069s
2025-11-27 03:34:48.809 67462 INFO tempest.common.waiters [-] State transition "ACTIVE/deleting" ==> "DELETED/None" after 4 second wait
2025-11-27 03:34:48.857 67504 INFO tempest.lib.common.rest_client [req-15c8d478-b60b-4eec-8691-ae0e3460db0b req-15c8d478-b60b-4eec-8691-ae0e3460db0b ] Request (QuotasAdminTestV236:setUpClass): 201 POST http://10.180.1.21/identity/v3/users 0.069s
2025-11-27 03:34:48.863 67460 INFO tempest.lib.common.rest_client [req-81b9c995-b416-453a-ba23-1bdc4e79daff req-81b9c995-b416-453a-ba23-1bdc4e79daff ] Request (QuotasAdminNegativeTest:tearDownClass): 204 DELETE http://10.180.1.21/networking/v2.0/security-groups/780f7279-5e73-4d39-999f-bda3de4eb8c4 0.175s
2025-11-27 03:34:48.889 67464 INFO tempest.lib.common.rest_client [req-a6b69fa0-851c-470b-b58c-ca5abf791579 req-a6b69fa0-851c-470b-b58c-ca5abf791579 ] Request (ListImageFiltersTestJSON:setUpClass): 200 GET http://10.180.1.21/compute/v2.1/servers/e6d70993-4180-4454-9e6a-c602eb8a8d6c 2.932s
2025-11-27 03:34:48.894 67477 INFO tempest.lib.common.rest_client [req-e5f86037-4f9f-404e-9b63-dac6b3cace6d req-e5f86037-4f9f-404e-9b63-dac6b3cace6d ] Request (HostsAdminNegativeTestJSON:tearDownClass): 204 DELETE http://10.180.1.21/identity/v3/projects/09a81eb4e26c46eca802388706c43464 0.116s
2025-11-27 03:34:48.899 67487 INFO tempest.lib.common.rest_client [req-ff99c774-0a03-4edc-8d14-caa1e6dc0845 req-ff99c774-0a03-4edc-8d14-caa1e6dc0845 ] Request (ListServersNegativeTestJSON:setUpClass): 200 GET http://10.180.1.21/compute/v2.1/servers/a79e3bcc-1b17-4ebb-9e24-b0dce3c220e6 2.761s
2025-11-27 03:34:48.920 67504 INFO tempest.lib.common.rest_client [req-ff272756-6553-4902-bef3-5bef50470002 req-ff272756-6553-4902-bef3-5bef50470002 ] Request (QuotasAdminTestV236:setUpClass): 200 GET http://10.180.1.21/identity/v3/roles 0.062s
2025-11-27 03:34:48.962 67477 INFO tempest.lib.common.rest_client [req-3b03a5ae-a41b-4734-af2a-e8d7d3346734 req-3b03a5ae-a41b-4734-af2a-e8d7d3346734 ] Request (QuotasSecurityGroupAdminNegativeTest:setUpClass): 201 POST http://10.180.1.21/identity/v3/auth/tokens 0.067s
2025-11-27 03:34:49.031 67460 INFO tempest.lib.common.rest_client [req-f4abfb3c-2cbf-4bee-8ccd-3898aec31ed9 req-f4abfb3c-2cbf-4bee-8ccd-3898aec31ed9 ] Request (QuotasAdminNegativeTest:tearDownClass): 204 DELETE http://10.180.1.21/identity/v3/projects/ec2481da6ba24dcb9a04423e49d889c9 0.167s
2025-11-27 03:34:49.084 67478 INFO tempest.lib.common.rest_client [req-44e5fb84-144a-4f1d-8a77-12893f967a7f req-44e5fb84-144a-4f1d-8a77-12893f967a7f ] Request (SecurityGroupsTestAdminJSON:test_list_security_groups_list_all_tenants_filter): 200 POST http://10.180.1.21/compute/v2.1/os-security-groups 2.832s
2025-11-27 03:34:49.123 67504 INFO tempest.lib.common.rest_client [req-f0026234-5952-4c75-a867-9b709fc9bd80 req-f0026234-5952-4c75-a867-9b709fc9bd80 ] Request (QuotasAdminTestV236:setUpClass): 204 PUT http://10.180.1.21/identity/v3/projects/c1e742b1ec7a442092bb88a624de27d4/users/94cad64307b5483dbae909fedece514e/roles/eb849749393546558300251f18f5eb3f 0.202s
2025-11-27 03:34:49.123 67504 INFO tempest.lib.common.dynamic_creds [-] Dynamic test user 94cad64307b5483dbae909fedece514e is created with scope project and roles: ['member']
2025-11-27 03:34:49.123 67504 INFO tempest.lib.common.dynamic_creds [-] Acquired dynamic creds: credentials: Credentials: {'domain_id': 'default', 'domain_name': 'Default', 'username': 'tempest-QuotasAdminTestV236-932622930-project-member', 'project_domain_id': 'default', 'project_domain_name': 'Default', 'project_id': 'c1e742b1ec7a442092bb88a624de27d4', 'project_name': 'tempest-QuotasAdminTestV236-932622930', 'tenant_id': 'c1e742b1ec7a442092bb88a624de27d4', 'tenant_name': 'tempest-QuotasAdminTestV236-932622930', 'user_domain_id': 'default', 'user_domain_name': 'Default', 'user_id': '94cad64307b5483dbae909fedece514e', 'system': None}, Network: None, Subnet: None, Router: None
2025-11-27 03:34:49.123 67504 INFO tempest.lib.common.dynamic_creds [-] Created isolated network resources for: credentials: Credentials: {'domain_id': 'default', 'domain_name': 'Default', 'username': 'tempest-QuotasAdminTestV236-932622930-project-member', 'project_domain_id': 'default', 'project_domain_name': 'Default', 'project_id': 'c1e742b1ec7a442092bb88a624de27d4', 'project_name': 'tempest-QuotasAdminTestV236-932622930', 'tenant_id': 'c1e742b1ec7a442092bb88a624de27d4', 'tenant_name': 'tempest-QuotasAdminTestV236-932622930', 'user_domain_id': 'default', 'user_domain_name': 'Default', 'user_id': '94cad64307b5483dbae909fedece514e', 'system': None}, Network: None, Subnet: None, Router: None
2025-11-27 03:34:49.183 67484 INFO tempest.lib.common.rest_client [req-b9df4902-0b5f-4e93-b162-85753d89a038 req-b9df4902-0b5f-4e93-b162-85753d89a038 ] Request (TenantUsagesNegativeTestJSON:test_get_usage_tenant_with_empty_tenant_id): 404 GET http://10.180.1.21/compute/v2.1/os-simple-tenant-usage/?start=2025-11-26T03%3A34%3A46.294624&end=2025-11-28T03%3A34%3A46.294624 2.888s
2025-11-27 03:34:49.184 67484 WARNING tempest.lib.common.rest_client [-] Deprecated: "tenant_id" property is deprecated for removal, use "project_id" instead
2025-11-27 03:34:49.189 67508 INFO tempest.lib.common.rest_client [req-6d9264e6-76fc-4a23-87e3-3e6dc491cddf req-6d9264e6-76fc-4a23-87e3-3e6dc491cddf ] Request (ServerExternalEventsTest:tearDownClass): 200 GET http://10.180.1.21/compute/v2.1/servers/17d5946b-0e1e-44ee-90c1-602f1d030824 2.879s
2025-11-27 03:34:49.198 67477 INFO tempest.lib.common.rest_client [req-3e61ae05-4bb9-4989-9d64-c460e66e8987 req-3e61ae05-4bb9-4989-9d64-c460e66e8987 ] Request (QuotasSecurityGroupAdminNegativeTest:setUpClass): 201 POST http://10.180.1.21/identity/v3/auth/tokens 0.227s
2025-11-27 03:34:49.208 67460 INFO tempest.lib.common.rest_client [req-ffa176b3-675b-4be2-9d46-ce14d8a17696 req-ffa176b3-675b-4be2-9d46-ce14d8a17696 ] Request (ServersAdmin275Test:setUpClass): 201 POST http://10.180.1.21/identity/v3/auth/tokens 0.175s
2025-11-27 03:34:49.243 67477 INFO tempest.lib.common.rest_client [req-cd144749-0146-4b7d-be89-1a02d8a8d5fe req-cd144749-0146-4b7d-be89-1a02d8a8d5fe ] Request (QuotasSecurityGroupAdminNegativeTest:setUpClass): 200 GET http://10.180.1.21/identity/v3/domains?name=Default 0.044s
2025-11-27 03:34:49.249 67468 INFO tempest.lib.common.rest_client [req-04ae1007-9944-400a-a1fa-5cac89aeac08 req-04ae1007-9944-400a-a1fa-5cac89aeac08 ] Request (ServerDiagnosticsNegativeTest:test_get_server_diagnostics_by_non_admin): 200 GET http://10.180.1.21/compute/v2.1/servers/fd44708f-f684-4b88-a0ae-1f9d3f15168d 2.857s
2025-11-27 03:34:49.272 67504 INFO tempest.lib.common.rest_client [req-351014e5-9fd1-498b-b997-e8f1a4f7d78e req-351014e5-9fd1-498b-b997-e8f1a4f7d78e ] Request (QuotasAdminTestV236:setUpClass): 201 POST http://10.180.1.21/identity/v3/auth/tokens 0.141s
2025-11-27 03:34:49.281 67460 INFO tempest.lib.common.rest_client [req-92b77724-6abf-44f8-819c-0a67227ce383 req-92b77724-6abf-44f8-819c-0a67227ce383 ] Request (ServersAdmin275Test:setUpClass): 201 POST http://10.180.1.21/identity/v3/auth/tokens 0.069s
2025-11-27 03:34:49.301 67477 INFO tempest.lib.common.rest_client [req-dca1f054-baad-408a-8443-6f50c7fb66be req-dca1f054-baad-408a-8443-6f50c7fb66be ] Request (QuotasSecurityGroupAdminNegativeTest:setUpClass): 201 POST http://10.180.1.21/identity/v3/projects 0.057s
2025-11-27 03:34:49.308 67504 INFO tempest.lib.common.rest_client [req-bbf3e29d-a438-4cce-99d5-9a8763c8064e req-bbf3e29d-a438-4cce-99d5-9a8763c8064e ] Request (QuotasAdminTestV236:setUpClass): 201 POST http://10.180.1.21/identity/v3/projects 0.035s
2025-11-27 03:34:49.330 67506 INFO tempest.lib.common.rest_client [req-71cb06c0-daad-4379-8375-46a15b9cf393 req-71cb06c0-daad-4379-8375-46a15b9cf393 ] Request (ServerDiagnosticsV248Test:tearDownClass): 200 GET http://10.180.1.21/compute/v2.1/servers/0acd86a9-ada4-4665-afd0-c9ce1aad41cf 2.836s
2025-11-27 03:34:49.333 67480 INFO tempest.lib.common.rest_client [req-401ea1e7-661f-46eb-8374-2aa21be00b28 req-401ea1e7-661f-46eb-8374-2aa21be00b28 ] Request (FloatingIPsAssociationNegativeTestJSON:setUpClass): 200 GET http://10.180.1.21/compute/v2.1/servers/e84594db-a9e0-4440-93bf-ade1d4f57a13 2.980s
2025-11-27 03:34:49.338 67488 INFO tempest.lib.common.rest_client [req-aa3442bb-a7e1-4768-8485-2b9ea17bbfb3 req-aa3442bb-a7e1-4768-8485-2b9ea17bbfb3 ] Request (AggregatesAdminNegativeTestJSON:test_aggregate_create_aggregate_name_length_less_than_1): 400 POST http://10.180.1.21/compute/v2.1/os-aggregates 2.713s
2025-11-27 03:34:49.363 67460 INFO tempest.lib.common.rest_client [req-51dc4dfd-5e40-4138-b270-d08fc13769cc req-51dc4dfd-5e40-4138-b270-d08fc13769cc ] Request (ServersAdmin275Test:setUpClass): 200 GET http://10.180.1.21/identity/v3/domains?name=Default 0.082s
2025-11-27 03:34:49.370 67470 INFO tempest.lib.common.rest_client [req-0527076e-8c32-4109-85a2-b4de9c0c9f97 req-0527076e-8c32-4109-85a2-b4de9c0c9f97 ] Request (ImagesMetadataNegativeTestJSON:test_set_nonexistent_image_metadata): 404 PUT http://10.180.1.21/compute/v2.1/images/1af8819d-9b7f-452f-8b6e-9a95f0540ac8/metadata 2.666s
2025-11-27 03:34:49.374 67477 INFO tempest.lib.common.rest_client [req-5fa7ffc4-d2bb-45b8-b217-d4ae31a04b1a req-5fa7ffc4-d2bb-45b8-b217-d4ae31a04b1a ] Request (QuotasSecurityGroupAdminNegativeTest:setUpClass): 201 POST http://10.180.1.21/identity/v3/users 0.072s
2025-11-27 03:34:49.416 67496 INFO tempest.lib.common.rest_client [req-fd576042-81da-4450-bd81-2f3577edf6b9 req-fd576042-81da-4450-bd81-2f3577edf6b9 ] Request (ImagesOneServerTestJSON:test_create_delete_image): 200 GET http://10.180.1.21/compute/v2.1/images/19bec2ba-13f4-4b28-a55e-fb2f640e3835 2.708s
2025-11-27 03:34:49.420 67502 INFO tempest.lib.common.rest_client [req-e93f4899-a634-411c-bccd-2bbd5f502421 req-e93f4899-a634-411c-bccd-2bbd5f502421 ] Request (SecurityGroupsNegativeTestJSON:test_delete_security_group_without_passing_id): 404 DELETE http://10.180.1.21/compute/v2.1/os-security-groups/ 2.557s
2025-11-27 03:34:49.434 67514 INFO tempest.lib.common.rest_client [req-ea8013dc-76f6-4a2d-b7cc-1f0305d73f9a req-ea8013dc-76f6-4a2d-b7cc-1f0305d73f9a ] Request (KeyPairsNegativeTestJSON:test_keypair_delete_nonexistent_key): 404 DELETE http://10.180.1.21/compute/v2.1/os-keypairs/tempest-keypair-non-existent-329699730 2.538s
2025-11-27 03:34:49.456 67504 INFO tempest.lib.common.rest_client [req-d80fd1b0-5d9c-487e-a4ac-85b6e996ee12 req-d80fd1b0-5d9c-487e-a4ac-85b6e996ee12 ] Request (QuotasAdminTestV236:setUpClass): 201 POST http://10.180.1.21/identity/v3/users 0.147s
2025-11-27 03:34:49.457 67460 INFO tempest.lib.common.rest_client [req-41fdf10b-000a-4cb5-8c57-3b7910bea1db req-41fdf10b-000a-4cb5-8c57-3b7910bea1db ] Request (ServersAdmin275Test:setUpClass): 201 POST http://10.180.1.21/identity/v3/projects 0.092s
2025-11-27 03:34:49.461 67494 INFO tempest.lib.common.rest_client [req-c72a5826-f365-42b6-b3cb-785187e924b5 req-c72a5826-f365-42b6-b3cb-785187e924b5 ] Request (FlavorsAccessNegativeTestJSON:_run_cleanups): 200 GET http://10.180.1.21/compute/v2.1/flavors/detail 2.537s
2025-11-27 03:34:49.518 67477 INFO tempest.lib.common.rest_client [req-fa61f3dc-40c1-471a-85d5-9aef68f23c45 req-fa61f3dc-40c1-471a-85d5-9aef68f23c45 ] Request (QuotasSecurityGroupAdminNegativeTest:setUpClass): 200 GET http://10.180.1.21/identity/v3/roles 0.144s
2025-11-27 03:34:49.535 67504 INFO tempest.lib.common.rest_client [req-5e59a9fb-fbad-4aca-9723-ac8c6c1d7d46 req-5e59a9fb-fbad-4aca-9723-ac8c6c1d7d46 ] Request (QuotasAdminTestV236:setUpClass): 200 GET http://10.180.1.21/identity/v3/roles 0.078s
2025-11-27 03:34:49.537 67474 INFO tempest.lib.common.rest_client [req-64476b75-da16-4e91-8117-df3e22196a01 req-64476b75-da16-4e91-8117-df3e22196a01 ] Request (ServerActionsTestJSON:setUpClass): 200 GET http://10.180.1.21/compute/v2.1/servers/1a0f0b20-4153-4edd-9255-60ed008d9ece 3.020s
2025-11-27 03:34:49.558 67460 INFO tempest.lib.common.rest_client [req-d4ca7429-48f9-4876-a51a-6bbf7457eb93 req-d4ca7429-48f9-4876-a51a-6bbf7457eb93 ] Request (ServersAdmin275Test:setUpClass): 201 POST http://10.180.1.21/identity/v3/users 0.100s
2025-11-27 03:34:49.564 67472 INFO tempest.lib.common.rest_client [req-cbfa15e6-4881-45c3-ac22-3c23d54d6e93 req-cbfa15e6-4881-45c3-ac22-3c23d54d6e93 ] Request (DeleteServersAdminTestJSON:test_admin_delete_servers_of_others): 404 GET http://10.180.1.21/compute/v2.1/servers/24529121-8be4-4d69-ad66-3fa57515cf62 1.878s
2025-11-27 03:34:49.575 67514 INFO tempest.lib.common.rest_client [req-5b6a9cef-ed01-4bea-86e2-02a9f96a3e1d req-5b6a9cef-ed01-4bea-86e2-02a9f96a3e1d ] Request (KeyPairsNegativeTestJSON:tearDownClass): 204 DELETE http://10.180.1.21/identity/v3/users/855abf464feb4756a05b0df2f5d76abb 0.139s
2025-11-27 03:34:49.575 67514 INFO tempest.lib.common.dynamic_creds [-] Deleting project and security group for project: 3604ff977ead48648d5314805286d2b4
2025-11-27 03:34:49.592 67458 INFO tempest.lib.common.rest_client [req-f8365f14-843c-44b5-8ffe-10b765defecb req-f8365f14-843c-44b5-8ffe-10b765defecb ] Request (MigrationsAdminTest:test_list_migrations_in_flavor_resize_situation): 200 GET http://10.180.1.21/compute/v2.1/servers/e30eb879-aafc-4261-b180-32b24164f7de 1.969s
2025-11-27 03:34:49.633 67477 INFO tempest.lib.common.rest_client [req-61a4794f-176a-43a6-b64c-72b3ca244872 req-61a4794f-176a-43a6-b64c-72b3ca244872 ] Request (QuotasSecurityGroupAdminNegativeTest:setUpClass): 204 PUT http://10.180.1.21/identity/v3/projects/eb482c152d174ca683239fa68591e939/users/25c800be59a34d448062777a5ff608cf/roles/eb849749393546558300251f18f5eb3f 0.114s
2025-11-27 03:34:49.633 67477 INFO tempest.lib.common.dynamic_creds [-] Dynamic test user 25c800be59a34d448062777a5ff608cf is created with scope project and roles: ['member']
2025-11-27 03:34:49.634 67477 INFO tempest.lib.common.dynamic_creds [-] Acquired dynamic creds: credentials: Credentials: {'domain_id': 'default', 'domain_name': 'Default', 'username': 'tempest-QuotasSecurityGroupAdminNegativeTest-1449441715-project-member', 'project_domain_id': 'default', 'project_domain_name': 'Default', 'project_id': 'eb482c152d174ca683239fa68591e939', 'project_name': 'tempest-QuotasSecurityGroupAdminNegativeTest-1449441715', 'tenant_id': 'eb482c152d174ca683239fa68591e939', 'tenant_name': 'tempest-QuotasSecurityGroupAdminNegativeTest-1449441715', 'user_domain_id': 'default', 'user_domain_name': 'Default', 'user_id': '25c800be59a34d448062777a5ff608cf', 'system': None}, Network: None, Subnet: None, Router: None
2025-11-27 03:34:49.634 67477 INFO tempest.lib.common.dynamic_creds [-] Created isolated network resources for: credentials: Credentials: {'domain_id': 'default', 'domain_name': 'Default', 'username': 'tempest-QuotasSecurityGroupAdminNegativeTest-1449441715-project-member', 'project_domain_id': 'default', 'project_domain_name': 'Default', 'project_id': 'eb482c152d174ca683239fa68591e939', 'project_name': 'tempest-QuotasSecurityGroupAdminNegativeTest-1449441715', 'tenant_id': 'eb482c152d174ca683239fa68591e939', 'tenant_name': 'tempest-QuotasSecurityGroupAdminNegativeTest-1449441715', 'user_domain_id': 'default', 'user_domain_name': 'Default', 'user_id': '25c800be59a34d448062777a5ff608cf', 'system': None}, Network: None, Subnet: None, Router: None
2025-11-27 03:34:49.637 67504 INFO tempest.lib.common.rest_client [req-66af5a30-98d9-4710-ae49-9c9d75214e23 req-66af5a30-98d9-4710-ae49-9c9d75214e23 ] Request (QuotasAdminTestV236:setUpClass): 204 PUT http://10.180.1.21/identity/v3/projects/c8efa97ded0c4f81b0ac09f35074912d/users/b911517452b54ca6b146e9b24f6cf3c4/roles/95c921bc8dfd40e1ad8d15326753ce1f 0.101s
2025-11-27 03:34:49.660 67482 INFO tempest.lib.common.rest_client [req-9a16b9cc-a182-4191-96e6-c389c0a800e6 req-9a16b9cc-a182-4191-96e6-c389c0a800e6 ] Request (ServersWithSpecificFlavorTestJSON:test_verify_created_server_ephemeral_disk): 200 GET http://10.180.1.21/compute/v2.1/servers/e5ba98ae-8ebd-452e-a91e-211814bd9004 1.331s
2025-11-27 03:34:49.668 67490 INFO tempest.lib.common.rest_client [req-b842a97f-d3e9-4307-a457-a1249ec86687 req-b842a97f-d3e9-4307-a457-a1249ec86687 ] Request (ImagesNegativeTestJSON:test_create_image_from_deleted_server): 200 GET http://10.180.1.21/compute/v2.1/servers/2a43d9a3-5451-4c04-af68-8921b71085ae 1.739s
2025-11-27 03:34:49.679 67490 INFO tempest.common.waiters [-] State transition "ACTIVE/deleting" ==> "DELETED/None" after 3 second wait
2025-11-27 03:34:49.697 67472 INFO tempest.lib.common.rest_client [req-8b059d29-e0f4-4b6e-8b09-664ab7f99f83 req-8b059d29-e0f4-4b6e-8b09-664ab7f99f83 ] Request (DeleteServersAdminTestJSON:test_delete_server_while_in_error_state): 201 POST http://10.180.1.21/identity/v3/auth/tokens 0.126s
2025-11-27 03:34:49.698 67472 INFO tempest.lib.common.fixed_network [-] (DeleteServersAdminTestJSON:test_delete_server_while_in_error_state) Found network None available for tenant
2025-11-27 03:34:49.712 67500 INFO tempest.lib.common.rest_client [req-e3fc448f-7dc2-4080-a00e-36b6728b0551 req-e3fc448f-7dc2-4080-a00e-36b6728b0551 ] Request (ServersAdminNegativeTestJSON:test_migrate_server_invalid_state): 200 GET http://10.180.1.21/compute/v2.1/servers/cfc2d02e-934d-4bb5-bd53-e99bcaf525cf 1.269s
2025-11-27 03:34:49.725 67514 INFO tempest.lib.common.rest_client [req-46e39bc3-f990-4849-be7c-453c3ff3d990 req-46e39bc3-f990-4849-be7c-453c3ff3d990 ] Request (KeyPairsNegativeTestJSON:tearDownClass): 201 POST http://10.180.1.21/identity/v3/auth/tokens 0.149s
2025-11-27 03:34:49.733 67460 INFO tempest.lib.common.rest_client [req-9bf15726-e866-4e72-818d-20365b8f3418 req-9bf15726-e866-4e72-818d-20365b8f3418 ] Request (ServersAdmin275Test:setUpClass): 200 GET http://10.180.1.21/identity/v3/roles 0.174s
2025-11-27 03:34:49.753 67504 INFO tempest.lib.common.rest_client [req-6ed8e1b2-e07b-4682-af0f-cd6cd068b04f req-6ed8e1b2-e07b-4682-af0f-cd6cd068b04f ] Request (QuotasAdminTestV236:setUpClass): 200 GET http://10.180.1.21/identity/v3/roles 0.116s
2025-11-27 03:34:49.813 67477 INFO tempest.lib.common.rest_client [req-b05eeb40-f2ee-4776-946c-50b3cfeda68d req-b05eeb40-f2ee-4776-946c-50b3cfeda68d ] Request (QuotasSecurityGroupAdminNegativeTest:setUpClass): 201 POST http://10.180.1.21/identity/v3/auth/tokens 0.176s
2025-11-27 03:34:49.833 67504 INFO tempest.lib.common.rest_client [req-6859ea25-c4cb-4e23-9778-245b09011b67 req-6859ea25-c4cb-4e23-9778-245b09011b67 ] Request (QuotasAdminTestV236:setUpClass): 204 PUT http://10.180.1.21/identity/v3/projects/c8efa97ded0c4f81b0ac09f35074912d/users/b911517452b54ca6b146e9b24f6cf3c4/roles/95c921bc8dfd40e1ad8d15326753ce1f 0.080s
2025-11-27 03:34:49.834 67504 INFO tempest.lib.common.dynamic_creds [-] Dynamic test user b911517452b54ca6b146e9b24f6cf3c4 is created with scope project and roles: ['admin']
2025-11-27 03:34:49.834 67504 INFO tempest.lib.common.dynamic_creds [-] Acquired dynamic creds: credentials: Credentials: {'domain_id': 'default', 'domain_name': 'Default', 'username': 'tempest-QuotasAdminTestV236-1295212386-project-admin', 'project_domain_id': 'default', 'project_domain_name': 'Default', 'project_id': 'c8efa97ded0c4f81b0ac09f35074912d', 'project_name': 'tempest-QuotasAdminTestV236-1295212386', 'tenant_id': 'c8efa97ded0c4f81b0ac09f35074912d', 'tenant_name': 'tempest-QuotasAdminTestV236-1295212386', 'user_domain_id': 'default', 'user_domain_name': 'Default', 'user_id': 'b911517452b54ca6b146e9b24f6cf3c4', 'system': None}, Network: None, Subnet: None, Router: None
2025-11-27 03:34:49.834 67504 INFO tempest.lib.common.dynamic_creds [-] Created isolated network resources for: credentials: Credentials: {'domain_id': 'default', 'domain_name': 'Default', 'username': 'tempest-QuotasAdminTestV236-1295212386-project-admin', 'project_domain_id': 'default', 'project_domain_name': 'Default', 'project_id': 'c8efa97ded0c4f81b0ac09f35074912d', 'project_name': 'tempest-QuotasAdminTestV236-1295212386', 'tenant_id': 'c8efa97ded0c4f81b0ac09f35074912d', 'tenant_name': 'tempest-QuotasAdminTestV236-1295212386', 'user_domain_id': 'default', 'user_domain_name': 'Default', 'user_id': 'b911517452b54ca6b146e9b24f6cf3c4', 'system': None}, Network: None, Subnet: None, Router: None
2025-11-27 03:34:49.843 67460 INFO tempest.lib.common.rest_client [req-e65d825f-cb03-4ef3-9310-ce415d31de13 req-e65d825f-cb03-4ef3-9310-ce415d31de13 ] Request (ServersAdmin275Test:setUpClass): 204 PUT http://10.180.1.21/identity/v3/projects/436ccfc726e84d8895ef921cde353ddd/users/18d4f27e1ca94d999d7f6d72abcec81a/roles/eb849749393546558300251f18f5eb3f 0.108s
2025-11-27 03:34:49.844 67460 INFO tempest.lib.common.dynamic_creds [-] Dynamic test user 18d4f27e1ca94d999d7f6d72abcec81a is created with scope project and roles: ['member']
