2025-11-27 03:34:35.822 67478 INFO tempest.lib.common.rest_client [req-bce4eaad-4f00-4a94-b84b-f8b83ad3e3fd req-bce4eaad-4f00-4a94-b84b-f8b83ad3e3fd ] Request (FlavorsAccessTestJSON:_run_cleanups): 202 DELETE http://10.180.1.21/compute/v2.1/flavors/2000751740 2.619s
2025-11-27 03:34:35.830 67514 INFO tempest.lib.common.rest_client [req-4a76d243-4eaa-4b44-9296-71fc0b2414e5 req-4a76d243-4eaa-4b44-9296-71fc0b2414e5 ] Request (KeyPairsNegativeTestJSON:test_create_keypair_with_empty_name_string): 400 POST http://10.180.1.21/compute/v2.1/os-keypairs 2.621s
2025-11-27 03:34:35.853 67494 INFO tempest.lib.common.rest_client [req-264555b2-2777-40b3-9625-72e9c14f5545 req-264555b2-2777-40b3-9625-72e9c14f5545 ] Request (FlavorsAccessNegativeTestJSON:_run_cleanups): 200 GET http://10.180.1.21/compute/v2.1/flavors/detail 2.633s
2025-11-27 03:34:35.859 67477 INFO tempest.lib.common.rest_client [req-ed18f7c0-c033-46f2-bda6-83fb6778be44 req-ed18f7c0-c033-46f2-bda6-83fb6778be44 ] Request (HostsAdminNegativeTestJSON:test_update_host_with_invalid_status): 400 PUT http://10.180.1.21/compute/v2.1/os-hosts/devstack 2.632s
2025-11-27 03:34:35.950 67468 INFO tempest.lib.common.rest_client [req-c5b403f7-ed4d-4892-99ce-1e2e83c9473a req-c5b403f7-ed4d-4892-99ce-1e2e83c9473a ] Request (ServerDiagnosticsNegativeTest:test_get_server_diagnostics_by_non_admin): 202 POST http://10.180.1.21/compute/v2.1/servers 3.102s
2025-11-27 03:34:35.996 67516 INFO tempest.lib.common.rest_client [req-37b61d1e-645e-4cbf-8a0a-9fc5ebcad637 req-37b61d1e-645e-4cbf-8a0a-9fc5ebcad637 ] Request (ServersTestMultiNic:test_verify_duplicate_network_nics): 200 GET http://10.180.1.21/compute/v2.1/servers/02c97587-2f42-485f-84c2-12d88c1b4bb2 2.467s
2025-11-27 03:34:36.055 67518 INFO tempest.lib.common.rest_client [req-3f73d5d3-8dd4-4fbb-8818-a71fe519fff3 req-3f73d5d3-8dd4-4fbb-8818-a71fe519fff3 ] Request (ImagesTestJSON:test_create_image_from_stopped_server): 200 GET http://10.180.1.21/compute/v2.1/servers/26de6201-89f7-46d0-8e11-65467fd7141a 2.486s
2025-11-27 03:34:36.145 67502 INFO tempest.lib.common.rest_client [req-f264d5bf-200c-4283-accc-bb35d1936395 req-f264d5bf-200c-4283-accc-bb35d1936395 ] Request (FloatingIPsTestJSON:_run_cleanups): 404 DELETE http://10.180.1.21/compute/v2.1/os-floating-ips/5d2c34c2-5795-44b4-89e0-0ae11c638092 2.448s
2025-11-27 03:34:36.166 67512 INFO tempest.lib.common.rest_client [req-af60ef57-d3f8-4b96-ada0-ce88bd5599ba req-af60ef57-d3f8-4b96-ada0-ce88bd5599ba ] Request (FlavorsExtraSpecsNegativeTestJSON:tearDownClass): 202 DELETE http://10.180.1.21/compute/v2.1/flavors/83646628 2.365s
2025-11-27 03:34:36.175 67458 INFO tempest.lib.common.rest_client [req-71780e58-4f63-4b7d-b088-27843e91bf79 req-71780e58-4f63-4b7d-b088-27843e91bf79 ] Request (MigrationsAdminTest:test_list_migrations_in_flavor_resize_situation): 200 GET http://10.180.1.21/compute/v2.1/servers/e30eb879-aafc-4261-b180-32b24164f7de 2.509s
2025-11-27 03:34:36.462 67492 INFO tempest.lib.common.rest_client [req-8ffe4758-daa8-4dcb-b45d-a644b86f1beb req-8ffe4758-daa8-4dcb-b45d-a644b86f1beb ] Request (ServersTestFqdnHostnames:test_create_server_with_fqdn_name): 200 PUT http://10.180.1.21/networking/v2.0/floatingips/ded179bf-7f58-417d-be51-cff578eeb0eb 0.704s
2025-11-27 03:34:36.466 67492 INFO tempest.lib.common.ssh [-] Creating ssh connection to '10.180.180.236:22' as 'cirros' with public key authentication
2025-11-27 03:34:36.475 67506 INFO tempest.lib.common.rest_client [req-2effd526-6934-4a1a-a0a4-8d3346d03df4 req-2effd526-6934-4a1a-a0a4-8d3346d03df4 ] Request (ServerDiagnosticsV248Test:tearDownClass): 204 DELETE http://10.180.1.21/compute/v2.1/servers/0acd86a9-ada4-4665-afd0-c9ce1aad41cf 2.651s
2025-11-27 03:34:36.661 67464 INFO tempest.lib.common.rest_client [req-75a6e14c-bce7-4fea-a696-ff0bfa03403a req-75a6e14c-bce7-4fea-a696-ff0bfa03403a ] Request (ListImageFiltersTestJSON:setUpClass): 202 POST http://10.180.1.21/compute/v2.1/servers 2.817s
2025-11-27 03:34:36.669 67460 INFO tempest.lib.common.rest_client [req-408ddad2-bc63-4616-8abe-886576c6779d req-408ddad2-bc63-4616-8abe-886576c6779d ] Request (QuotasAdminNegativeTest:test_create_server_when_memory_quota_is_full): 200 PUT http://10.180.1.21/compute/v2.1/os-quota-sets/ec2481da6ba24dcb9a04423e49d889c9 2.744s
2025-11-27 03:34:36.736 67464 INFO tempest.lib.common.rest_client [req-3a22d080-ae61-48d1-af5e-f388b61acf61 req-3a22d080-ae61-48d1-af5e-f388b61acf61 ] Request (ListImageFiltersTestJSON:setUpClass): 201 POST http://10.180.1.21/identity/v3/auth/tokens 0.068s
2025-11-27 03:34:36.736 67464 INFO tempest.lib.common.fixed_network [-] (ListImageFiltersTestJSON:setUpClass) Found network None available for tenant
2025-11-27 03:34:36.756 67460 INFO tempest.lib.common.rest_client [req-78c9ff7e-6c5d-4b6c-9f31-496f5bf422a2 req-78c9ff7e-6c5d-4b6c-9f31-496f5bf422a2 ] Request (QuotasAdminNegativeTest:test_create_server_when_memory_quota_is_full): 201 POST http://10.180.1.21/identity/v3/auth/tokens 0.079s
2025-11-27 03:34:36.756 67460 INFO tempest.lib.common.fixed_network [-] (QuotasAdminNegativeTest:test_create_server_when_memory_quota_is_full) Found network None available for tenant
2025-11-27 03:34:37.202 67472 INFO tempest.lib.common.rest_client [req-2aa88f24-58f7-4684-9f07-36d62e667d82 req-2aa88f24-58f7-4684-9f07-36d62e667d82 ] Request (DeleteServersAdminTestJSON:test_admin_delete_servers_of_others): 200 GET http://10.180.1.21/compute/v2.1/servers/24529121-8be4-4d69-ad66-3fa57515cf62 3.002s
2025-11-27 03:34:37.211 67472 INFO tempest.common.waiters [-] State transition "ACTIVE/deleting" ==> "DELETED/None" after 4 second wait
2025-11-27 03:34:37.471 67502 INFO tempest.lib.common.rest_client [req-3125984b-d0d0-4dd9-b0f0-5e3a52dd6d1c req-3125984b-d0d0-4dd9-b0f0-5e3a52dd6d1c ] Request (FloatingIPsTestJSON:tearDownClass): 200 PUT http://10.180.1.21/networking/v2.0/routers/c47ea896-f384-4615-881f-195534977ad5/remove_router_interface 1.323s
2025-11-27 03:34:37.525 67499 INFO tempest.lib.common.rest_client [req-3dc5c8bd-2104-4715-a686-0bac4f8f084e req-3dc5c8bd-2104-4715-a686-0bac4f8f084e ] Request (VolumesAssistedSnapshotsTest:test_volume_assisted_snapshot_create_delete): 200 GET http://10.180.1.21/compute/v2.1/servers/2e4d65da-dafe-439d-9cf2-5a7a92d2d2eb 3.100s
2025-11-27 03:34:37.537 67499 INFO tempest.common.waiters [-] State transition "BUILD/spawning" ==> "ACTIVE/None" after 21 second wait
2025-11-27 03:34:38.437 67502 INFO tempest.lib.common.rest_client [req-e0333f57-bb0f-4a7e-b251-a979b924776d req-e0333f57-bb0f-4a7e-b251-a979b924776d ] Request (FloatingIPsTestJSON:tearDownClass): 204 DELETE http://10.180.1.21/networking/v2.0/routers/c47ea896-f384-4615-881f-195534977ad5 0.965s
2025-11-27 03:34:38.527 67466 INFO tempest.lib.common.rest_client [req-ded61d8f-2ab2-4a92-af28-7a6b619e8a5d req-ded61d8f-2ab2-4a92-af28-7a6b619e8a5d ] Request (ServersTestJSON:test_create_server_specify_multibyte_character_name): 200 GET http://10.180.1.21/compute/v2.1/servers/48a998a5-8829-44e2-85d1-a1b77f959fbc 3.422s
2025-11-27 03:34:38.540 67466 INFO tempest.common.waiters [-] State transition "BUILD/None" ==> "BUILD/block_device_mapping" after 4 second wait
2025-11-27 03:34:38.970 67502 INFO tempest.lib.common.rest_client [req-fa551875-dc0a-4180-af8c-1797f9f8defa req-fa551875-dc0a-4180-af8c-1797f9f8defa ] Request (FloatingIPsTestJSON:tearDownClass): 204 DELETE http://10.180.1.21/networking/v2.0/subnets/52a0395b-d18c-4213-b74a-9384ad2b0a36 0.533s
2025-11-27 03:34:39.160 67522 INFO tempest.lib.common.rest_client [req-6287540b-f212-46c4-a618-f901af6d5341 req-6287540b-f212-46c4-a618-f901af6d5341 ] Request (ServerMetadataTestJSON:setUpClass): 200 GET http://10.180.1.21/compute/v2.1/servers/6ca93c90-8bd7-4240-9596-ce7742a6e8d7 4.027s
2025-11-27 03:34:39.168 67522 INFO tempest.common.waiters [-] State transition "BUILD/spawning" ==> "ACTIVE/None" after 18 second wait
2025-11-27 03:34:39.318 67487 INFO tempest.lib.common.rest_client [req-2e6730e6-2651-417d-8cc3-20858fe383eb req-2e6730e6-2651-417d-8cc3-20858fe383eb ] Request (ListServersNegativeTestJSON:setUpClass): 200 GET http://10.180.1.21/compute/v2.1/servers/a79e3bcc-1b17-4ebb-9e24-b0dce3c220e6 4.178s
2025-11-27 03:34:39.444 67502 INFO tempest.lib.common.rest_client [req-05785a10-8f85-4dfe-b74a-6e459765a790 req-05785a10-8f85-4dfe-b74a-6e459765a790 ] Request (FloatingIPsTestJSON:tearDownClass): 204 DELETE http://10.180.1.21/networking/v2.0/networks/cbc2ae4a-6596-46e7-a15e-a7712e9bf212 0.473s
2025-11-27 03:34:39.484 67480 INFO tempest.lib.common.rest_client [req-ca7fd8c7-fd30-46f8-9a52-164bd5354bd1 req-ca7fd8c7-fd30-46f8-9a52-164bd5354bd1 ] Request (FloatingIPsAssociationNegativeTestJSON:setUpClass): 200 GET http://10.180.1.21/compute/v2.1/servers/e84594db-a9e0-4440-93bf-ade1d4f57a13 4.268s
2025-11-27 03:34:39.498 67484 INFO tempest.lib.common.rest_client [req-42b319b7-3ff6-4375-9555-c8105e9b88b3 req-42b319b7-3ff6-4375-9555-c8105e9b88b3 ] Request (QuotaClassesAdmin257Test:test_update_default_quotas): 200 GET http://10.180.1.21/compute/v2.1/os-quota-class-sets/default 4.219s
2025-11-27 03:34:39.571 67508 INFO tempest.lib.common.rest_client [req-faeab240-a92a-4361-8828-60ab72c6b0ec req-faeab240-a92a-4361-8828-60ab72c6b0ec ] Request (ServerExternalEventsTest:tearDownClass): 200 GET http://10.180.1.21/compute/v2.1/servers/17d5946b-0e1e-44ee-90c1-602f1d030824 4.274s
2025-11-27 03:34:39.573 67502 INFO tempest.lib.common.rest_client [req-2c79e925-14f3-498a-92b5-cafcf841c694 req-2c79e925-14f3-498a-92b5-cafcf841c694 ] Request (FloatingIPsTestJSON:tearDownClass): 204 DELETE http://10.180.1.21/identity/v3/users/08e9b0e95624460db0b28a3ca70291a9 0.129s
2025-11-27 03:34:39.573 67502 INFO tempest.lib.common.dynamic_creds [-] Deleting project and security group for project: fced9978aa8d421aac45de4c11094907
2025-11-27 03:34:39.603 67482 INFO tempest.lib.common.rest_client [req-953db1e2-3d83-4bb9-b2fd-21edbd4172f8 req-953db1e2-3d83-4bb9-b2fd-21edbd4172f8 ] Request (ServersWithSpecificFlavorTestJSON:test_verify_created_server_ephemeral_disk): 202 POST http://10.180.1.21/compute/v2.1/servers 4.478s
2025-11-27 03:34:39.609 67502 INFO tempest.lib.common.rest_client [req-25e32afe-b90b-44ba-87c4-3127a4204f55 req-25e32afe-b90b-44ba-87c4-3127a4204f55 ] Request (FloatingIPsTestJSON:tearDownClass): 200 GET http://10.180.1.21/networking/v2.0/security-groups?tenant_id=fced9978aa8d421aac45de4c11094907&name=default 0.036s
2025-11-27 03:34:39.643 67488 INFO tempest.lib.common.rest_client [req-1108c886-453f-40a8-ae30-d583b1722e5f req-1108c886-453f-40a8-ae30-d583b1722e5f ] Request (AggregatesAdminNegativeTestJSON:test_aggregate_add_non_exist_host): 404 POST http://10.180.1.21/compute/v2.1/os-aggregates/3/action 4.027s
2025-11-27 03:34:39.666 67462 INFO tempest.lib.common.rest_client [req-b8374b7c-4ad0-4c33-a57b-752b41fa58a0 req-b8374b7c-4ad0-4c33-a57b-752b41fa58a0 ] Request (TenantUsagesTestJSON:tearDownClass): 204 DELETE http://10.180.1.21/compute/v2.1/servers/fd4f258d-e359-4566-bd9e-11c963ecd52a 4.316s
2025-11-27 03:34:39.673 67504 INFO tempest.lib.common.rest_client [req-7a1a24da-93d8-4474-98c7-89fcf14c2a37 req-7a1a24da-93d8-4474-98c7-89fcf14c2a37 ] Request (HypervisorAdminNegativeUnderV252Test:test_show_servers_with_non_admin_user): 200 GET http://10.180.1.21/compute/v2.1/os-hypervisors 4.040s
2025-11-27 03:34:39.738 67502 INFO tempest.lib.common.rest_client [req-fd37739e-a01b-401b-97e2-f159c0341ab7 req-fd37739e-a01b-401b-97e2-f159c0341ab7 ] Request (FloatingIPsTestJSON:tearDownClass): 204 DELETE http://10.180.1.21/networking/v2.0/security-groups/96ace347-c1de-47a6-97d8-3052d0893ef9 0.128s
2025-11-27 03:34:39.811 67470 INFO tempest.lib.common.rest_client [req-7d2a6314-d40e-44a1-9703-92020aa50074 req-7d2a6314-d40e-44a1-9703-92020aa50074 ] Request (ImagesMetadataNegativeTestJSON:test_delete_nonexistent_image_metadata_item): 404 DELETE http://10.180.1.21/compute/v2.1/images/9edd1f30-28ed-4090-b20c-3d64471266d4/metadata/os_distro 4.091s
2025-11-27 03:34:39.839 67478 INFO tempest.lib.common.rest_client [req-68113c6f-9d37-421c-9a62-0252205655ed req-68113c6f-9d37-421c-9a62-0252205655ed ] Request (FlavorsAccessTestJSON:_run_cleanups): 200 GET http://10.180.1.21/compute/v2.1/flavors/detail 4.016s
2025-11-27 03:34:39.845 67502 INFO tempest.lib.common.rest_client [req-1c467a0d-f251-4cf2-8bd0-b6293dd6a3d0 req-1c467a0d-f251-4cf2-8bd0-b6293dd6a3d0 ] Request (FloatingIPsTestJSON:tearDownClass): 204 DELETE http://10.180.1.21/identity/v3/projects/fced9978aa8d421aac45de4c11094907 0.107s
2025-11-27 03:34:39.849 67490 INFO tempest.lib.common.rest_client [req-633d37b7-7644-4fcf-9fc5-40c0f122a01f req-633d37b7-7644-4fcf-9fc5-40c0f122a01f ] Request (ImagesNegativeTestJSON:test_create_image_from_deleted_server): 200 GET http://10.180.1.21/compute/v2.1/servers/2a43d9a3-5451-4c04-af68-8921b71085ae 4.109s
2025-11-27 03:34:39.857 67477 INFO tempest.lib.common.rest_client [req-7f6469d7-226f-4a88-8e74-227ecb85c73b req-7f6469d7-226f-4a88-8e74-227ecb85c73b ] Request (HostsAdminNegativeTestJSON:test_update_host_with_non_admin_user): 403 PUT http://10.180.1.21/compute/v2.1/os-hosts/devstack 3.997s
2025-11-27 03:34:39.867 67490 INFO tempest.common.waiters [-] State transition "BUILD/spawning" ==> "ACTIVE/None" after 17 second wait
2025-11-27 03:34:39.876 67494 INFO tempest.lib.common.rest_client [req-c1bdf92e-ebac-4d89-bd66-3d2ae3dafcb5 req-c1bdf92e-ebac-4d89-bd66-3d2ae3dafcb5 ] Request (FlavorsAccessNegativeTestJSON:test_flavor_non_admin_add): 200 POST http://10.180.1.21/compute/v2.1/flavors 4.010s
2025-11-27 03:34:39.878 67514 INFO tempest.lib.common.rest_client [req-c5c44b5d-af47-4d2c-87eb-2e09e006a9a2 req-c5c44b5d-af47-4d2c-87eb-2e09e006a9a2 ] Request (KeyPairsNegativeTestJSON:test_create_keypair_with_empty_public_key): 400 POST http://10.180.1.21/compute/v2.1/os-keypairs 4.047s
2025-11-27 03:34:39.945 67468 INFO tempest.lib.common.rest_client [req-5cb24e94-e2cf-48f8-8218-a9c4000e5489 req-5cb24e94-e2cf-48f8-8218-a9c4000e5489 ] Request (ServerDiagnosticsNegativeTest:test_get_server_diagnostics_by_non_admin): 200 GET http://10.180.1.21/compute/v2.1/servers/fd44708f-f684-4b88-a0ae-1f9d3f15168d 3.993s
2025-11-27 03:34:39.954 67502 INFO tempest.lib.common.rest_client [req-a361e1e6-7f28-4764-86d2-47bd64c34aa7 req-a361e1e6-7f28-4764-86d2-47bd64c34aa7 ] Request (SecurityGroupsNegativeTestJSON:setUpClass): 201 POST http://10.180.1.21/identity/v3/auth/tokens 0.107s
2025-11-27 03:34:39.986 67478 INFO tempest.lib.common.rest_client [req-857a2cad-540e-4297-9419-77d48aedf60c req-857a2cad-540e-4297-9419-77d48aedf60c ] Request (FlavorsAccessTestJSON:tearDownClass): 204 DELETE http://10.180.1.21/identity/v3/users/c2a2a20d8de1454d99b1b694ef85e2fd 0.139s
2025-11-27 03:34:40.016 67474 INFO tempest.lib.common.rest_client [req-589809fd-9b76-449f-a7c4-27861a9f9b6a req-589809fd-9b76-449f-a7c4-27861a9f9b6a ] Request (ServerActionsTestJSON:setUpClass): 200 GET http://10.180.1.21/compute/v2.1/servers/1a0f0b20-4153-4edd-9255-60ed008d9ece 3.933s
2025-11-27 03:34:40.021 67502 INFO tempest.lib.common.rest_client [req-696f5cc9-bed7-4797-adf7-a2879e96c6af req-696f5cc9-bed7-4797-adf7-a2879e96c6af ] Request (SecurityGroupsNegativeTestJSON:setUpClass): 201 POST http://10.180.1.21/identity/v3/auth/tokens 0.064s
2025-11-27 03:34:40.041 67512 INFO tempest.lib.common.rest_client [req-f155fc65-6e95-42d2-87e2-a048c090d129 req-f155fc65-6e95-42d2-87e2-a048c090d129 ] Request (FlavorsExtraSpecsNegativeTestJSON:tearDownClass): 200 GET http://10.180.1.21/compute/v2.1/flavors/detail 3.874s
2025-11-27 03:34:40.059 67500 INFO tempest.lib.common.rest_client [req-db1a8e30-d424-4516-910c-a65da1110b04 req-db1a8e30-d424-4516-910c-a65da1110b04 ] Request (ServersAdminNegativeTestJSON:setUpClass): 200 GET http://10.180.1.21/compute/v2.1/servers/8236c767-79b5-4382-8500-68533eac9f93 4.053s
2025-11-27 03:34:40.071 67500 INFO tempest.common.waiters [-] State transition "BUILD/spawning" ==> "ACTIVE/None" after 16 second wait
2025-11-27 03:34:40.119 67506 INFO tempest.lib.common.rest_client [req-0db3e3b0-2b70-4c94-8880-524273bfbff5 req-0db3e3b0-2b70-4c94-8880-524273bfbff5 ] Request (ServerDiagnosticsV248Test:tearDownClass): 200 GET http://10.180.1.21/compute/v2.1/servers/0acd86a9-ada4-4665-afd0-c9ce1aad41cf 3.644s
2025-11-27 03:34:40.127 67478 INFO tempest.lib.common.rest_client [req-f32bca60-c0f7-445a-97e9-599fa604bda9 req-f32bca60-c0f7-445a-97e9-599fa604bda9 ] Request (FlavorsAccessTestJSON:tearDownClass): 204 DELETE http://10.180.1.21/identity/v3/users/3d01ea9202f04d1d923f15f6157aebba 0.141s
2025-11-27 03:34:40.127 67478 INFO tempest.lib.common.dynamic_creds [-] Deleting project and security group for project: 4e3a2384993642f2b9a706e77a790b4c
2025-11-27 03:34:40.161 67502 INFO tempest.lib.common.rest_client [req-d71d2c91-1619-41a0-8282-f82c1be6e21b req-d71d2c91-1619-41a0-8282-f82c1be6e21b ] Request (SecurityGroupsNegativeTestJSON:setUpClass): 200 GET http://10.180.1.21/identity/v3/domains?name=Default 0.140s
2025-11-27 03:34:40.276 67512 INFO tempest.lib.common.rest_client [req-bf4496e9-a693-48a7-91c1-aa8c42a3bae5 req-bf4496e9-a693-48a7-91c1-aa8c42a3bae5 ] Request (FlavorsExtraSpecsNegativeTestJSON:tearDownClass): 204 DELETE http://10.180.1.21/identity/v3/users/9e5c15bc3a364f8ea5bde98c340474f8 0.227s
2025-11-27 03:34:40.318 67464 INFO tempest.lib.common.rest_client [req-17cbc7bf-0662-4b0c-a396-22c21d735668 req-17cbc7bf-0662-4b0c-a396-22c21d735668 ] Request (ListImageFiltersTestJSON:setUpClass): 202 POST http://10.180.1.21/compute/v2.1/servers 3.581s
2025-11-27 03:34:40.323 67478 INFO tempest.lib.common.rest_client [req-b98d967d-04b0-462d-a42f-147a79f3664b req-b98d967d-04b0-462d-a42f-147a79f3664b ] Request (FlavorsAccessTestJSON:tearDownClass): 201 POST http://10.180.1.21/identity/v3/auth/tokens 0.196s
2025-11-27 03:34:40.360 67502 INFO tempest.lib.common.rest_client [req-821f728d-b41e-482e-ab6c-d27427af6c16 req-821f728d-b41e-482e-ab6c-d27427af6c16 ] Request (SecurityGroupsNegativeTestJSON:setUpClass): 201 POST http://10.180.1.21/identity/v3/projects 0.198s
2025-11-27 03:34:40.365 67496 INFO tempest.lib.common.rest_client [req-0eb35ce7-52ee-4e02-967c-84aea9777fe9 req-0eb35ce7-52ee-4e02-967c-84aea9777fe9 ] Request (ImagesOneServerTestJSON:test_create_delete_image): 200 GET http://10.180.1.21/compute/v2.1/images/19bec2ba-13f4-4b28-a55e-fb2f640e3835 3.558s
2025-11-27 03:34:40.439 67460 INFO tempest.lib.common.rest_client [req-0a0e7838-22cc-4adf-bcd9-43e3a7c433f1 req-0a0e7838-22cc-4adf-bcd9-43e3a7c433f1 ] Request (QuotasAdminNegativeTest:test_create_server_when_memory_quota_is_full): 403 POST http://10.180.1.21/compute/v2.1/servers 3.682s
2025-11-27 03:34:40.521 67502 INFO tempest.lib.common.rest_client [req-7e293067-7679-43d3-99d8-5e23cd9b130a req-7e293067-7679-43d3-99d8-5e23cd9b130a ] Request (SecurityGroupsNegativeTestJSON:setUpClass): 201 POST http://10.180.1.21/identity/v3/users 0.160s
2025-11-27 03:34:40.537 67512 INFO tempest.lib.common.rest_client [req-0c7fb27e-9ce3-41d7-97f7-7e08ec2f90b8 req-0c7fb27e-9ce3-41d7-97f7-7e08ec2f90b8 ] Request (FlavorsExtraSpecsNegativeTestJSON:tearDownClass): 204 DELETE http://10.180.1.21/identity/v3/users/462c49d8e28546dbb7b2abf2d59fa9f5 0.261s
2025-11-27 03:34:40.538 67512 INFO tempest.lib.common.dynamic_creds [-] Deleting project and security group for project: 170d48efc4ca4787a60cfb4f8a04d549
2025-11-27 03:34:40.593 67492 WARNING tempest.lib.common.ssh [-] Failed to establish authenticated ssh connection to cirros@10.180.180.236 ([Errno None] Unable to connect to port 22 on 10.180.180.236). Number attempts: 1. Retry after 2 seconds.: paramiko.ssh_exception.NoValidConnectionsError: [Errno None] Unable to connect to port 22 on 10.180.180.236
2025-11-27 03:34:40.666 67502 INFO tempest.lib.common.rest_client [req-01256b2a-b08d-499f-aaef-5de1df137e09 req-01256b2a-b08d-499f-aaef-5de1df137e09 ] Request (SecurityGroupsNegativeTestJSON:setUpClass): 200 GET http://10.180.1.21/identity/v3/roles 0.145s
2025-11-27 03:34:40.693 67512 INFO tempest.lib.common.rest_client [req-a57d1066-396c-49fe-a5e1-2836da944b30 req-a57d1066-396c-49fe-a5e1-2836da944b30 ] Request (FlavorsExtraSpecsNegativeTestJSON:tearDownClass): 201 POST http://10.180.1.21/identity/v3/auth/tokens 0.155s
2025-11-27 03:34:40.724 67502 INFO tempest.lib.common.rest_client [req-a1d658f2-3bfc-4fe7-a9e6-6a52622e7af7 req-a1d658f2-3bfc-4fe7-a9e6-6a52622e7af7 ] Request (SecurityGroupsNegativeTestJSON:setUpClass): 204 PUT http://10.180.1.21/identity/v3/projects/108f8301e2134bc991733249ae3ccdf1/users/cb50f4032ffc4cd2a986d80bd4d82853/roles/eb849749393546558300251f18f5eb3f 0.058s
2025-11-27 03:34:40.725 67502 INFO tempest.lib.common.dynamic_creds [-] Dynamic test user cb50f4032ffc4cd2a986d80bd4d82853 is created with scope project and roles: ['member']
2025-11-27 03:34:40.725 67502 INFO tempest.lib.common.dynamic_creds [-] Acquired dynamic creds: credentials: Credentials: {'domain_id': 'default', 'domain_name': 'Default', 'username': 'tempest-SecurityGroupsNegativeTestJSON-321030765-project-member', 'project_domain_id': 'default', 'project_domain_name': 'Default', 'project_id': '108f8301e2134bc991733249ae3ccdf1', 'project_name': 'tempest-SecurityGroupsNegativeTestJSON-321030765', 'tenant_id': '108f8301e2134bc991733249ae3ccdf1', 'tenant_name': 'tempest-SecurityGroupsNegativeTestJSON-321030765', 'user_domain_id': 'default', 'user_domain_name': 'Default', 'user_id': 'cb50f4032ffc4cd2a986d80bd4d82853', 'system': None}, Network: None, Subnet: None, Router: None
2025-11-27 03:34:40.729 67478 INFO tempest.lib.common.rest_client [req-c8c796ad-131f-48a6-85fa-3702f42e261e req-c8c796ad-131f-48a6-85fa-3702f42e261e ] Request (FlavorsAccessTestJSON:tearDownClass): 200 GET http://10.180.1.21/networking/v2.0/security-groups?tenant_id=4e3a2384993642f2b9a706e77a790b4c&name=default 0.405s
2025-11-27 03:34:40.808 67502 INFO tempest.lib.common.rest_client [req-9159abdd-e3ec-4eb7-8699-c37125c75d7e req-9159abdd-e3ec-4eb7-8699-c37125c75d7e ] Request (SecurityGroupsNegativeTestJSON:setUpClass): 201 POST http://10.180.1.21/identity/v3/auth/tokens 0.083s
2025-11-27 03:34:41.047 67478 INFO tempest.lib.common.rest_client [req-478e108b-94ef-4ede-88ef-536eea3d8bb7 req-478e108b-94ef-4ede-88ef-536eea3d8bb7 ] Request (FlavorsAccessTestJSON:tearDownClass): 204 DELETE http://10.180.1.21/networking/v2.0/security-groups/7f5329ae-3b72-49dd-a952-68294c068776 0.318s
2025-11-27 03:34:41.116 67512 INFO tempest.lib.common.rest_client [req-c453bc5c-869c-4a78-b2e9-cb42e40fd6e1 req-c453bc5c-869c-4a78-b2e9-cb42e40fd6e1 ] Request (FlavorsExtraSpecsNegativeTestJSON:tearDownClass): 200 GET http://10.180.1.21/networking/v2.0/security-groups?tenant_id=170d48efc4ca4787a60cfb4f8a04d549&name=default 0.423s
2025-11-27 03:34:41.150 67478 INFO tempest.lib.common.rest_client [req-933ac4ba-43ee-463a-a735-392db2799e7d req-933ac4ba-43ee-463a-a735-392db2799e7d ] Request (FlavorsAccessTestJSON:tearDownClass): 204 DELETE http://10.180.1.21/identity/v3/projects/4e3a2384993642f2b9a706e77a790b4c 0.101s
2025-11-27 03:34:41.150 67478 INFO tempest.lib.common.dynamic_creds [-] Deleting project and security group for project: e344b7139fde416baf5c625ff1973f01
2025-11-27 03:34:41.521 67518 INFO tempest.lib.common.rest_client [req-d370dc1d-0a04-4133-8cf7-776680d635f6 req-d370dc1d-0a04-4133-8cf7-776680d635f6 ] Request (ImagesTestJSON:test_create_image_from_stopped_server): 200 GET http://10.180.1.21/compute/v2.1/servers/26de6201-89f7-46d0-8e11-65467fd7141a 4.455s
2025-11-27 03:34:41.529 67518 INFO tempest.common.waiters [-] State transition "BUILD/spawning" ==> "ACTIVE/None" after 14 second wait
2025-11-27 03:34:41.530 67502 INFO tempest.lib.common.rest_client [req-bdcaa50d-dbc0-41f7-bb8e-09edd63712ec req-bdcaa50d-dbc0-41f7-bb8e-09edd63712ec ] Request (SecurityGroupsNegativeTestJSON:setUpClass): 201 POST http://10.180.1.21/networking/v2.0/networks 0.720s
2025-11-27 03:34:41.548 67516 INFO tempest.lib.common.rest_client [req-ee3c9be6-283f-4a46-805c-b5b4d90d62f9 req-ee3c9be6-283f-4a46-805c-b5b4d90d62f9 ] Request (ServersTestMultiNic:test_verify_duplicate_network_nics): 200 GET http://10.180.1.21/compute/v2.1/servers/02c97587-2f42-485f-84c2-12d88c1b4bb2 4.543s
2025-11-27 03:34:41.557 67516 INFO tempest.common.waiters [-] State transition "BUILD/spawning" ==> "ACTIVE/None" after 38 second wait
2025-11-27 03:34:41.628 67512 INFO tempest.lib.common.rest_client [req-d96e06a2-d366-4185-a86a-8e189ef7f072 req-d96e06a2-d366-4185-a86a-8e189ef7f072 ] Request (FlavorsExtraSpecsNegativeTestJSON:tearDownClass): 204 DELETE http://10.180.1.21/networking/v2.0/security-groups/df5064f2-e387-4c32-8f64-579e6c57477a 0.511s
2025-11-27 03:34:41.655 67478 INFO tempest.lib.common.rest_client [req-1d4b0d41-537e-448a-8217-8b84d0f829ed req-1d4b0d41-537e-448a-8217-8b84d0f829ed ] Request (FlavorsAccessTestJSON:tearDownClass): 200 GET http://10.180.1.21/networking/v2.0/security-groups?tenant_id=e344b7139fde416baf5c625ff1973f01&name=default 0.504s
2025-11-27 03:34:41.710 67512 INFO tempest.lib.common.rest_client [req-23c4b574-7d95-4316-a9b6-b9fff4912c53 req-23c4b574-7d95-4316-a9b6-b9fff4912c53 ] Request (FlavorsExtraSpecsNegativeTestJSON:tearDownClass): 204 DELETE http://10.180.1.21/identity/v3/projects/170d48efc4ca4787a60cfb4f8a04d549 0.081s
2025-11-27 03:34:41.711 67512 INFO tempest.lib.common.dynamic_creds [-] Deleting project and security group for project: 78919051f6bc42ae8271631cb899710f
2025-11-27 03:34:41.841 67502 INFO tempest.lib.common.rest_client [req-e968872b-455d-4b05-928b-52bbc983c765 req-e968872b-455d-4b05-928b-52bbc983c765 ] Request (SecurityGroupsNegativeTestJSON:setUpClass): 201 POST http://10.180.1.21/networking/v2.0/subnets 0.310s
2025-11-27 03:34:41.914 67499 INFO tempest.lib.common.rest_client [req-09f35559-dd9e-4027-a728-919d9b1ceae1 req-09f35559-dd9e-4027-a728-919d9b1ceae1 ] Request (VolumesAssistedSnapshotsTest:test_volume_assisted_snapshot_create_delete): 200 GET http://10.180.1.21/compute/v2.1/servers/2e4d65da-dafe-439d-9cf2-5a7a92d2d2eb/os-interface 4.375s
2025-11-27 03:34:41.994 67478 INFO tempest.lib.common.rest_client [req-e358a212-f326-462d-83f0-1d1386298f1f req-e358a212-f326-462d-83f0-1d1386298f1f ] Request (FlavorsAccessTestJSON:tearDownClass): 204 DELETE http://10.180.1.21/networking/v2.0/security-groups/30f6d740-1d49-4838-af2a-e1982ff80fae 0.339s
2025-11-27 03:34:42.124 67478 INFO tempest.lib.common.rest_client [req-31b8c531-c30b-4339-ab7a-51ac56ec31bd req-31b8c531-c30b-4339-ab7a-51ac56ec31bd ] Request (FlavorsAccessTestJSON:tearDownClass): 204 DELETE http://10.180.1.21/identity/v3/projects/e344b7139fde416baf5c625ff1973f01 0.129s
2025-11-27 03:34:42.125 67512 INFO tempest.lib.common.rest_client [req-d62493a8-b5de-4910-9324-849bf4b7ab29 req-d62493a8-b5de-4910-9324-849bf4b7ab29 ] Request (FlavorsExtraSpecsNegativeTestJSON:tearDownClass): 200 GET http://10.180.1.21/networking/v2.0/security-groups?tenant_id=78919051f6bc42ae8271631cb899710f&name=default 0.414s
2025-11-27 03:34:42.207 67478 INFO tempest.lib.common.rest_client [req-c0c0e613-6e86-4e3a-83ae-c71231de2b0e req-c0c0e613-6e86-4e3a-83ae-c71231de2b0e ] Request (SecurityGroupsTestAdminJSON:setUpClass): 201 POST http://10.180.1.21/identity/v3/auth/tokens 0.080s
2025-11-27 03:34:42.258 67478 INFO tempest.lib.common.rest_client [req-89baa8e6-9dee-4ad8-b828-ddfddf633d7c req-89baa8e6-9dee-4ad8-b828-ddfddf633d7c ] Request (SecurityGroupsTestAdminJSON:setUpClass): 201 POST http://10.180.1.21/identity/v3/auth/tokens 0.047s
2025-11-27 03:34:42.289 67478 INFO tempest.lib.common.rest_client [req-5039ef3d-cd89-4f8d-87c0-4aa44196e6da req-5039ef3d-cd89-4f8d-87c0-4aa44196e6da ] Request (SecurityGroupsTestAdminJSON:setUpClass): 200 GET http://10.180.1.21/identity/v3/domains?name=Default 0.031s
2025-11-27 03:34:42.323 67478 INFO tempest.lib.common.rest_client [req-4ad25a55-ecbc-4f36-a608-842b65297da5 req-4ad25a55-ecbc-4f36-a608-842b65297da5 ] Request (SecurityGroupsTestAdminJSON:setUpClass): 201 POST http://10.180.1.21/identity/v3/projects 0.033s
2025-11-27 03:34:42.416 67478 INFO tempest.lib.common.rest_client [req-f397a758-7a15-42a1-b80c-2133573ea393 req-f397a758-7a15-42a1-b80c-2133573ea393 ] Request (SecurityGroupsTestAdminJSON:setUpClass): 201 POST http://10.180.1.21/identity/v3/users 0.092s
2025-11-27 03:34:42.443 67478 INFO tempest.lib.common.rest_client [req-d4e8a1e6-df87-4f49-af7f-4e08e40c555e req-d4e8a1e6-df87-4f49-af7f-4e08e40c555e ] Request (SecurityGroupsTestAdminJSON:setUpClass): 200 GET http://10.180.1.21/identity/v3/roles 0.026s
2025-11-27 03:34:42.491 67478 INFO tempest.lib.common.rest_client [req-1ffeb73b-408e-4809-809c-66f6f54f6339 req-1ffeb73b-408e-4809-809c-66f6f54f6339 ] Request (SecurityGroupsTestAdminJSON:setUpClass): 204 PUT http://10.180.1.21/identity/v3/projects/218a0f0a85f543f08fdf6847906c5072/users/1824af0f3d2c4ef8ad87f8a990caf42c/roles/eb849749393546558300251f18f5eb3f 0.048s
2025-11-27 03:34:42.491 67478 INFO tempest.lib.common.dynamic_creds [-] Dynamic test user 1824af0f3d2c4ef8ad87f8a990caf42c is created with scope project and roles: ['member']
2025-11-27 03:34:42.492 67478 INFO tempest.lib.common.dynamic_creds [-] Acquired dynamic creds: credentials: Credentials: {'domain_id': 'default', 'domain_name': 'Default', 'username': 'tempest-SecurityGroupsTestAdminJSON-2118811479-project-member', 'project_domain_id': 'default', 'project_domain_name': 'Default', 'project_id': '218a0f0a85f543f08fdf6847906c5072', 'project_name': 'tempest-SecurityGroupsTestAdminJSON-2118811479', 'tenant_id': '218a0f0a85f543f08fdf6847906c5072', 'tenant_name': 'tempest-SecurityGroupsTestAdminJSON-2118811479', 'user_domain_id': 'default', 'user_domain_name': 'Default', 'user_id': '1824af0f3d2c4ef8ad87f8a990caf42c', 'system': None}, Network: None, Subnet: None, Router: None
2025-11-27 03:34:42.492 67478 INFO tempest.lib.common.dynamic_creds [-] Created isolated network resources for: credentials: Credentials: {'domain_id': 'default', 'domain_name': 'Default', 'username': 'tempest-SecurityGroupsTestAdminJSON-2118811479-project-member', 'project_domain_id': 'default', 'project_domain_name': 'Default', 'project_id': '218a0f0a85f543f08fdf6847906c5072', 'project_name': 'tempest-SecurityGroupsTestAdminJSON-2118811479', 'tenant_id': '218a0f0a85f543f08fdf6847906c5072', 'tenant_name': 'tempest-SecurityGroupsTestAdminJSON-2118811479', 'user_domain_id': 'default', 'user_domain_name': 'Default', 'user_id': '1824af0f3d2c4ef8ad87f8a990caf42c', 'system': None}, Network: None, Subnet: None, Router: None
2025-11-27 03:34:42.578 67478 INFO tempest.lib.common.rest_client [req-61121c9c-9c99-427c-9112-e53647d09de7 req-61121c9c-9c99-427c-9112-e53647d09de7 ] Request (SecurityGroupsTestAdminJSON:setUpClass): 201 POST http://10.180.1.21/identity/v3/auth/tokens 0.083s
2025-11-27 03:34:42.644 67478 INFO tempest.lib.common.rest_client [req-6b3d7703-909c-4183-8757-f3d04b7555c2 req-6b3d7703-909c-4183-8757-f3d04b7555c2 ] Request (SecurityGroupsTestAdminJSON:setUpClass): 201 POST http://10.180.1.21/identity/v3/projects 0.065s
2025-11-27 03:34:42.700 67478 INFO tempest.lib.common.rest_client [req-79b7805e-4aef-40b6-9263-2010e305d4b1 req-79b7805e-4aef-40b6-9263-2010e305d4b1 ] Request (SecurityGroupsTestAdminJSON:setUpClass): 201 POST http://10.180.1.21/identity/v3/users 0.056s
2025-11-27 03:34:42.725 67478 INFO tempest.lib.common.rest_client [req-ffeeedd7-2cdc-4816-a846-c33600b24ec4 req-ffeeedd7-2cdc-4816-a846-c33600b24ec4 ] Request (SecurityGroupsTestAdminJSON:setUpClass): 200 GET http://10.180.1.21/identity/v3/roles 0.024s
2025-11-27 03:34:42.757 67478 INFO tempest.lib.common.rest_client [req-73c0fa82-8475-4b8c-b9cc-8cc3926eacc5 req-73c0fa82-8475-4b8c-b9cc-8cc3926eacc5 ] Request (SecurityGroupsTestAdminJSON:setUpClass): 204 PUT http://10.180.1.21/identity/v3/projects/cf4447fbdfb549bebdb75f526e7e9f64/users/f4e9581a2f8c49c0b0036d441726a594/roles/95c921bc8dfd40e1ad8d15326753ce1f 0.031s
2025-11-27 03:34:42.819 67478 INFO tempest.lib.common.rest_client [req-9060f763-365a-4f72-ae5d-996bbec13db9 req-9060f763-365a-4f72-ae5d-996bbec13db9 ] Request (SecurityGroupsTestAdminJSON:setUpClass): 200 GET http://10.180.1.21/identity/v3/roles 0.061s
2025-11-27 03:34:42.837 67478 INFO tempest.lib.common.rest_client [req-fde9f8b1-fb13-4f6d-9a2f-00fc6af2141f req-fde9f8b1-fb13-4f6d-9a2f-00fc6af2141f ] Request (SecurityGroupsTestAdminJSON:setUpClass): 204 PUT http://10.180.1.21/identity/v3/projects/cf4447fbdfb549bebdb75f526e7e9f64/users/f4e9581a2f8c49c0b0036d441726a594/roles/95c921bc8dfd40e1ad8d15326753ce1f 0.017s
2025-11-27 03:34:42.837 67478 INFO tempest.lib.common.dynamic_creds [-] Dynamic test user f4e9581a2f8c49c0b0036d441726a594 is created with scope project and roles: ['admin']
2025-11-27 03:34:42.837 67478 INFO tempest.lib.common.dynamic_creds [-] Acquired dynamic creds: credentials: Credentials: {'domain_id': 'default', 'domain_name': 'Default', 'username': 'tempest-SecurityGroupsTestAdminJSON-380710693-project-admin', 'project_domain_id': 'default', 'project_domain_name': 'Default', 'project_id': 'cf4447fbdfb549bebdb75f526e7e9f64', 'project_name': 'tempest-SecurityGroupsTestAdminJSON-380710693', 'tenant_id': 'cf4447fbdfb549bebdb75f526e7e9f64', 'tenant_name': 'tempest-SecurityGroupsTestAdminJSON-380710693', 'user_domain_id': 'default', 'user_domain_name': 'Default', 'user_id': 'f4e9581a2f8c49c0b0036d441726a594', 'system': None}, Network: None, Subnet: None, Router: None
2025-11-27 03:34:42.838 67478 INFO tempest.lib.common.dynamic_creds [-] Created isolated network resources for: credentials: Credentials: {'domain_id': 'default', 'domain_name': 'Default', 'username': 'tempest-SecurityGroupsTestAdminJSON-380710693-project-admin', 'project_domain_id': 'default', 'project_domain_name': 'Default', 'project_id': 'cf4447fbdfb549bebdb75f526e7e9f64', 'project_name': 'tempest-SecurityGroupsTestAdminJSON-380710693', 'tenant_id': 'cf4447fbdfb549bebdb75f526e7e9f64', 'tenant_name': 'tempest-SecurityGroupsTestAdminJSON-380710693', 'user_domain_id': 'default', 'user_domain_name': 'Default', 'user_id': 'f4e9581a2f8c49c0b0036d441726a594', 'system': None}, Network: None, Subnet: None, Router: None
2025-11-27 03:34:42.912 67478 INFO tempest.lib.common.rest_client [req-f278e738-9314-4a59-a5d6-3def667c5c11 req-f278e738-9314-4a59-a5d6-3def667c5c11 ] Request (SecurityGroupsTestAdminJSON:setUpClass): 201 POST http://10.180.1.21/identity/v3/auth/tokens 0.072s
2025-11-27 03:34:42.945 67502 INFO tempest.lib.common.rest_client [req-f06c6d80-9c43-4857-ae12-718301fb1010 req-f06c6d80-9c43-4857-ae12-718301fb1010 ] Request (SecurityGroupsNegativeTestJSON:setUpClass): 201 POST http://10.180.1.21/networking/v2.0/routers 1.103s
2025-11-27 03:34:42.978 67458 INFO tempest.lib.common.rest_client [req-b9d7b4e0-3ed4-45ed-8888-99db69441d03 req-b9d7b4e0-3ed4-45ed-8888-99db69441d03 ] Request (MigrationsAdminTest:test_list_migrations_in_flavor_resize_situation): 200 GET http://10.180.1.21/compute/v2.1/servers/e30eb879-aafc-4261-b180-32b24164f7de 5.790s
2025-11-27 03:34:43.096 67522 INFO tempest.lib.common.rest_client [req-91bc2d63-6e82-49ab-b80a-6c0e3ad3a9f8 req-91bc2d63-6e82-49ab-b80a-6c0e3ad3a9f8 ] Request (ServerMetadataTestJSON:setUp): 200 PUT http://10.180.1.21/compute/v2.1/servers/6ca93c90-8bd7-4240-9596-ce7742a6e8d7/metadata 3.926s
2025-11-27 03:34:43.136 67484 INFO tempest.lib.common.rest_client [req-cd01e1ef-f382-4071-8ff6-b7a290b6c5cf req-cd01e1ef-f382-4071-8ff6-b7a290b6c5cf ] Request (QuotaClassesAdmin257Test:_run_cleanups): 200 PUT http://10.180.1.21/compute/v2.1/os-quota-class-sets/default 3.634s
2025-11-27 03:34:43.230 67472 INFO tempest.lib.common.rest_client [req-46c1d798-fcaf-4d8a-a548-ad3c4e756bac req-46c1d798-fcaf-4d8a-a548-ad3c4e756bac ] Request (DeleteServersAdminTestJSON:test_admin_delete_servers_of_others): 200 GET http://10.180.1.21/compute/v2.1/servers/24529121-8be4-4d69-ad66-3fa57515cf62 5.018s
2025-11-27 03:34:43.283 67484 INFO tempest.lib.common.rest_client [req-3fed2523-640f-4840-bf73-b82edb260d11 req-3fed2523-640f-4840-bf73-b82edb260d11 ] Request (QuotaClassesAdmin257Test:tearDownClass): 204 DELETE http://10.180.1.21/identity/v3/users/d2de754d871f4b4ab82fd2aaf8961b27 0.144s
2025-11-27 03:34:43.372 67512 INFO tempest.lib.common.rest_client [req-0c2d1c99-c6f7-4008-904b-fa801872d575 req-0c2d1c99-c6f7-4008-904b-fa801872d575 ] Request (FlavorsExtraSpecsNegativeTestJSON:tearDownClass): 204 DELETE http://10.180.1.21/networking/v2.0/security-groups/a09e8e3f-ebde-4bd9-a50e-2841f13db4b1 1.246s
2025-11-27 03:34:43.394 67484 INFO tempest.lib.common.rest_client [req-efe38710-f879-499c-9303-e4c52b19053f req-efe38710-f879-499c-9303-e4c52b19053f ] Request (QuotaClassesAdmin257Test:tearDownClass): 204 DELETE http://10.180.1.21/identity/v3/users/3af36cf226504019ae9155dc218fc5bc 0.111s
2025-11-27 03:34:43.394 67484 INFO tempest.lib.common.dynamic_creds [-] Deleting project and security group for project: 59a4a2edfccc4aaa8008ba0c16abe084
2025-11-27 03:34:43.472 67484 INFO tempest.lib.common.rest_client [req-4ad87719-3482-4860-8296-063ad995ba0f req-4ad87719-3482-4860-8296-063ad995ba0f ] Request (QuotaClassesAdmin257Test:tearDownClass): 201 POST http://10.180.1.21/identity/v3/auth/tokens 0.078s
2025-11-27 03:34:43.505 67512 INFO tempest.lib.common.rest_client [req-44b9a96c-94dd-4ebe-ba9f-2d333734d630 req-44b9a96c-94dd-4ebe-ba9f-2d333734d630 ] Request (FlavorsExtraSpecsNegativeTestJSON:tearDownClass): 204 DELETE http://10.180.1.21/identity/v3/projects/78919051f6bc42ae8271631cb899710f 0.132s
2025-11-27 03:34:43.586 67512 INFO tempest.lib.common.rest_client [req-271e4821-46b8-4cf1-bb34-25a4c108f6f2 req-271e4821-46b8-4cf1-bb34-25a4c108f6f2 ] Request (ImagesMetadataTestJSON:setUpClass): 201 POST http://10.180.1.21/identity/v3/auth/tokens 0.079s
2025-11-27 03:34:43.622 67512 INFO tempest.lib.common.rest_client [req-3996f120-815b-44e4-a818-f693a7fb9e96 req-3996f120-815b-44e4-a818-f693a7fb9e96 ] Request (ImagesMetadataTestJSON:setUpClass): 201 POST http://10.180.1.21/identity/v3/auth/tokens 0.032s
2025-11-27 03:34:43.654 67512 INFO tempest.lib.common.rest_client [req-f72186b1-e3dc-4497-bacc-e7d652cc240e req-f72186b1-e3dc-4497-bacc-e7d652cc240e ] Request (ImagesMetadataTestJSON:setUpClass): 200 GET http://10.180.1.21/identity/v3/domains?name=Default 0.032s
2025-11-27 03:34:43.664 67492 WARNING tempest.lib.common.ssh [-] Failed to establish authenticated ssh connection to cirros@10.180.180.236 ([Errno None] Unable to connect to port 22 on 10.180.180.236). Number attempts: 2. Retry after 3 seconds.: paramiko.ssh_exception.NoValidConnectionsError: [Errno None] Unable to connect to port 22 on 10.180.180.236
2025-11-27 03:34:43.690 67512 INFO tempest.lib.common.rest_client [req-82f5aac0-d6ab-471c-bafb-4ea2f6c846e1 req-82f5aac0-d6ab-471c-bafb-4ea2f6c846e1 ] Request (ImagesMetadataTestJSON:setUpClass): 201 POST http://10.180.1.21/identity/v3/projects 0.035s
2025-11-27 03:34:43.788 67512 INFO tempest.lib.common.rest_client [req-850bb36b-6b93-4776-a8f5-50ffd9ec0333 req-850bb36b-6b93-4776-a8f5-50ffd9ec0333 ] Request (ImagesMetadataTestJSON:setUpClass): 201 POST http://10.180.1.21/identity/v3/users 0.097s
2025-11-27 03:34:43.823 67512 INFO tempest.lib.common.rest_client [req-ace174c9-7954-41fd-b9fd-57bdf6a08203 req-ace174c9-7954-41fd-b9fd-57bdf6a08203 ] Request (ImagesMetadataTestJSON:setUpClass): 200 GET http://10.180.1.21/identity/v3/roles 0.034s
2025-11-27 03:34:43.852 67512 INFO tempest.lib.common.rest_client [req-35694cb4-0373-40c4-b4a8-0ce7aa2717e6 req-35694cb4-0373-40c4-b4a8-0ce7aa2717e6 ] Request (ImagesMetadataTestJSON:setUpClass): 204 PUT http://10.180.1.21/identity/v3/projects/e211d30df97d49958f07debfdaf82d74/users/8a2dbbbb8428491ca463515b5c7a738f/roles/eb849749393546558300251f18f5eb3f 0.029s
2025-11-27 03:34:43.853 67512 INFO tempest.lib.common.dynamic_creds [-] Dynamic test user 8a2dbbbb8428491ca463515b5c7a738f is created with scope project and roles: ['member']
2025-11-27 03:34:43.853 67512 INFO tempest.lib.common.dynamic_creds [-] Acquired dynamic creds: credentials: Credentials: {'domain_id': 'default', 'domain_name': 'Default', 'username': 'tempest-ImagesMetadataTestJSON-181613020-project-member', 'project_domain_id': 'default', 'project_domain_name': 'Default', 'project_id': 'e211d30df97d49958f07debfdaf82d74', 'project_name': 'tempest-ImagesMetadataTestJSON-181613020', 'tenant_id': 'e211d30df97d49958f07debfdaf82d74', 'tenant_name': 'tempest-ImagesMetadataTestJSON-181613020', 'user_domain_id': 'default', 'user_domain_name': 'Default', 'user_id': '8a2dbbbb8428491ca463515b5c7a738f', 'system': None}, Network: None, Subnet: None, Router: None
2025-11-27 03:34:43.853 67512 INFO tempest.lib.common.dynamic_creds [-] Created isolated network resources for: credentials: Credentials: {'domain_id': 'default', 'domain_name': 'Default', 'username': 'tempest-ImagesMetadataTestJSON-181613020-project-member', 'project_domain_id': 'default', 'project_domain_name': 'Default', 'project_id': 'e211d30df97d49958f07debfdaf82d74', 'project_name': 'tempest-ImagesMetadataTestJSON-181613020', 'tenant_id': 'e211d30df97d49958f07debfdaf82d74', 'tenant_name': 'tempest-ImagesMetadataTestJSON-181613020', 'user_domain_id': 'default', 'user_domain_name': 'Default', 'user_id': '8a2dbbbb8428491ca463515b5c7a738f', 'system': None}, Network: None, Subnet: None, Router: None
2025-11-27 03:34:43.930 67499 INFO tempest.lib.common.rest_client [req-acbae40e-63b9-42af-b85c-e76ebd6cb4e7 req-acbae40e-63b9-42af-b85c-e76ebd6cb4e7 ] Request (VolumesAssistedSnapshotsTest:test_volume_assisted_snapshot_create_delete): 200 PUT http://10.180.1.21/networking/v2.0/floatingips/b4b3bbf4-9b67-4601-89a0-c496822570f6 2.014s
2025-11-27 03:34:43.932 67499 INFO tempest.lib.common.ssh [-] Creating ssh connection to '10.180.180.175:22' as 'cirros' with public key authentication
2025-11-27 03:34:43.953 67512 INFO tempest.lib.common.rest_client [req-cce85515-191f-4b96-a394-7fe455e0233d req-cce85515-191f-4b96-a394-7fe455e0233d ] Request (ImagesMetadataTestJSON:setUpClass): 201 POST http://10.180.1.21/identity/v3/auth/tokens 0.096s
2025-11-27 03:34:44.383 67482 INFO tempest.lib.common.rest_client [req-af9e77f9-ad08-4810-b7a8-114bc33421b0 req-af9e77f9-ad08-4810-b7a8-114bc33421b0 ] Request (ServersWithSpecificFlavorTestJSON:test_verify_created_server_ephemeral_disk): 200 GET http://10.180.1.21/compute/v2.1/servers/e5ba98ae-8ebd-452e-a91e-211814bd9004 4.778s
2025-11-27 03:34:44.398 67502 INFO tempest.lib.common.rest_client [req-c4102407-6414-44db-b84a-d20585eb9b70 req-c4102407-6414-44db-b84a-d20585eb9b70 ] Request (SecurityGroupsNegativeTestJSON:setUpClass): 200 PUT http://10.180.1.21/networking/v2.0/routers/e54bec16-d564-465e-bc98-0f3ee234f53a/add_router_interface 1.452s
2025-11-27 03:34:44.398 67502 INFO tempest.lib.common.dynamic_creds [-] Created isolated network resources for: credentials: Credentials: {'domain_id': 'default', 'domain_name': 'Default', 'username': 'tempest-SecurityGroupsNegativeTestJSON-321030765-project-member', 'project_domain_id': 'default', 'project_domain_name': 'Default', 'project_id': '108f8301e2134bc991733249ae3ccdf1', 'project_name': 'tempest-SecurityGroupsNegativeTestJSON-321030765', 'tenant_id': '108f8301e2134bc991733249ae3ccdf1', 'tenant_name': 'tempest-SecurityGroupsNegativeTestJSON-321030765', 'user_domain_id': 'default', 'user_domain_name': 'Default', 'user_id': 'cb50f4032ffc4cd2a986d80bd4d82853', 'system': None}, Network: {'id': 'ae43db85-f61f-4bf5-b21d-123d61c46266', 'name': 'tempest-SecurityGroupsNegativeTestJSON-498469439-network', 'tenant_id': '108f8301e2134bc991733249ae3ccdf1', 'project_id': '108f8301e2134bc991733249ae3ccdf1', 'admin_state_up': True, 'mtu': 8950, 'status': 'ACTIVE', 'subnets': [], 'shared': False, 'port_security_enabled': True, 'router:external': False, 'provider:network_type': 'vlan', 'provider:physical_network': 'default', 'provider:segmentation_id': 88, 'availability_zone_hints': [], 'availability_zones': [], 'ipv4_address_scope': None, 'ipv6_address_scope': None, 'description': '', 'tags': [], 'created_at': '2025-11-27T03:34:41Z', 'updated_at': '2025-11-27T03:34:41Z', 'revision_number': 1}, Subnet: {'id': 'b2d59019-0003-4b39-a5e7-cc664d048d1c', 'name': 'tempest-SecurityGroupsNegativeTestJSON-498469439-subnet', 'tenant_id': '108f8301e2134bc991733249ae3ccdf1', 'network_id': 'ae43db85-f61f-4bf5-b21d-123d61c46266', 'ip_version': 4, 'subnetpool_id': None, 'enable_dhcp': True, 'ipv6_ra_mode': None, 'ipv6_address_mode': None, 'gateway_ip': '192.168.128.1', 'cidr': '192.168.128.0/28', 'allocation_pools': [{'start': '192.168.128.2', 'end': '192.168.128.14'}], 'host_routes': [], 'dns_nameservers': [], 'description': '', 'router:external': False, 'service_types': [], 'tags': [], 'created_at': '2025-11-27T03:34:41Z', 'updated_at': '2025-11-27T03:34:41Z', 'revision_number': 0, 'project_id': '108f8301e2134bc991733249ae3ccdf1'}, Router: {'id': 'e54bec16-d564-465e-bc98-0f3ee234f53a', 'name': 'tempest-SecurityGroupsNegativeTestJSON-498469439-router', 'tenant_id': '108f8301e2134bc991733249ae3ccdf1', 'admin_state_up': True, 'status': 'ACTIVE', 'external_gateway_info': {'network_id': '0a105b03-d067-485d-a46b-acbfb4c370c5', 'external_fixed_ips': [{'subnet_id': '0808e687-ee68-42dc-81da-32b1973236e1', 'ip_address': '10.180.180.194'}], 'enable_snat': True}, 'description': '', 'availability_zones': [], 'distributed': False, 'ha': False, 'availability_zone_hints': [], 'routes': [], 'flavor_id': None, 'tags': [], 'created_at': '2025-11-27T03:34:42Z', 'updated_at': '2025-11-27T03:34:42Z', 'revision_number': 2, 'project_id': '108f8301e2134bc991733249ae3ccdf1'}
2025-11-27 03:34:44.467 67488 INFO tempest.lib.common.rest_client [req-b354271f-33c7-43c0-8857-d5b50f219255 req-b354271f-33c7-43c0-8857-d5b50f219255 ] Request (AggregatesAdminNegativeTestJSON:_run_cleanups): 200 DELETE http://10.180.1.21/compute/v2.1/os-aggregates/3 4.822s
2025-11-27 03:34:44.502 67466 INFO tempest.lib.common.rest_client [req-ab7ca3e4-b63d-4245-85bd-ebd9580df721 req-ab7ca3e4-b63d-4245-85bd-ebd9580df721 ] Request (ServersTestJSON:test_create_server_specify_multibyte_character_name): 200 GET http://10.180.1.21/compute/v2.1/servers/48a998a5-8829-44e2-85d1-a1b77f959fbc 4.957s
2025-11-27 03:34:44.508 67504 INFO tempest.lib.common.rest_client [req-dfb12786-3667-4a20-8585-f609208e7fbf req-dfb12786-3667-4a20-8585-f609208e7fbf ] Request (HypervisorAdminNegativeUnderV252Test:test_show_servers_with_non_admin_user): 403 GET http://10.180.1.21/compute/v2.1/os-hypervisors/1/servers 4.833s
2025-11-27 03:34:44.514 67466 INFO tempest.common.waiters [-] State transition "BUILD/block_device_mapping" ==> "BUILD/spawning" after 10 second wait
2025-11-27 03:34:44.537 67502 INFO tempest.lib.common.rest_client [req-c1bcd44a-dad1-4fea-b2ab-2fcc1d4d5327 req-c1bcd44a-dad1-4fea-b2ab-2fcc1d4d5327 ] Request (SecurityGroupsNegativeTestJSON:setUpClass): 201 POST http://10.180.1.21/identity/v3/auth/tokens 0.130s
2025-11-27 03:34:44.634 67512 INFO tempest.lib.common.rest_client [req-9ca9f51a-1d0b-42b7-a76f-0d973af553b0 req-9ca9f51a-1d0b-42b7-a76f-0d973af553b0 ] Request (ImagesMetadataTestJSON:setUpClass): 201 POST http://10.180.1.21/image/v2/images 0.681s
2025-11-27 03:34:44.659 67470 INFO tempest.lib.common.rest_client [req-efe82508-fe80-440e-a495-8adbbebc5d4f req-efe82508-fe80-440e-a495-8adbbebc5d4f ] Request (ImagesMetadataNegativeTestJSON:test_get_nonexistent_image_metadata_item): 404 GET http://10.180.1.21/compute/v2.1/images/b62962a0-8494-4b58-9f3b-dfacf2fae1a2/metadata/os_version 4.847s
2025-11-27 03:34:44.667 67477 INFO tempest.lib.common.rest_client [req-9a0f7d66-6e6b-4275-ba55-39d8355b8a86 req-9a0f7d66-6e6b-4275-ba55-39d8355b8a86 ] Request (HostsAdminNegativeTestJSON:test_update_host_without_param): 400 PUT http://10.180.1.21/compute/v2.1/os-hosts/devstack 4.808s
2025-11-27 03:34:44.672 67484 INFO tempest.lib.common.rest_client [req-cbc46d0b-3872-410a-a3fa-c0b174a42b24 req-cbc46d0b-3872-410a-a3fa-c0b174a42b24 ] Request (QuotaClassesAdmin257Test:tearDownClass): 200 GET http://10.180.1.21/networking/v2.0/security-groups?tenant_id=59a4a2edfccc4aaa8008ba0c16abe084&name=default 1.199s
2025-11-27 03:34:44.719 67462 INFO tempest.lib.common.rest_client [req-e098548e-e36d-4108-934a-af832df008bc req-e098548e-e36d-4108-934a-af832df008bc ] Request (TenantUsagesTestJSON:tearDownClass): 200 GET http://10.180.1.21/compute/v2.1/servers/fd4f258d-e359-4566-bd9e-11c963ecd52a 5.053s
2025-11-27 03:34:44.806 67490 INFO tempest.lib.common.rest_client [req-8c30c767-fa7f-4a7c-8d7e-49d8a5baa549 req-8c30c767-fa7f-4a7c-8d7e-49d8a5baa549 ] Request (ImagesNegativeTestJSON:test_create_image_from_deleted_server): 204 DELETE http://10.180.1.21/compute/v2.1/servers/2a43d9a3-5451-4c04-af68-8921b71085ae 4.938s
2025-11-27 03:34:44.810 67514 INFO tempest.lib.common.rest_client [req-be5feb69-df25-4ec5-9d3f-8eda05d6b422 req-be5feb69-df25-4ec5-9d3f-8eda05d6b422 ] Request (KeyPairsNegativeTestJSON:test_create_keypair_with_long_keynames): 400 POST http://10.180.1.21/compute/v2.1/os-keypairs 4.930s
2025-11-27 03:34:44.811 67484 INFO tempest.lib.common.rest_client [req-e60ed544-c31b-4615-96fe-f9a9d3318930 req-e60ed544-c31b-4615-96fe-f9a9d3318930 ] Request (QuotaClassesAdmin257Test:tearDownClass): 204 DELETE http://10.180.1.21/networking/v2.0/security-groups/e9c849c1-83fa-40f6-a043-87d674430cbc 0.139s
2025-11-27 03:34:44.870 67494 INFO tempest.lib.common.rest_client [req-c9ecd0f5-984d-40a5-9c47-e1aa95c4584f req-c9ecd0f5-984d-40a5-9c47-e1aa95c4584f ] Request (FlavorsAccessNegativeTestJSON:test_flavor_non_admin_add): 403 POST http://10.180.1.21/compute/v2.1/flavors/1125319274/action 4.991s
2025-11-27 03:34:44.923 67484 INFO tempest.lib.common.rest_client [req-074f60a6-285a-4e96-a6eb-8ed362a72bc6 req-074f60a6-285a-4e96-a6eb-8ed362a72bc6 ] Request (QuotaClassesAdmin257Test:tearDownClass): 204 DELETE http://10.180.1.21/identity/v3/projects/59a4a2edfccc4aaa8008ba0c16abe084 0.111s
2025-11-27 03:34:44.923 67484 INFO tempest.lib.common.dynamic_creds [-] Deleting project and security group for project: c71c53567f5047b4ac9f3b578e65ed11
