2025-11-27 03:38:35.672 67484 WARNING tempest.lib.common.ssh [-] Failed to establish authenticated ssh connection to cirros@10.180.180.131 ([Errno None] Unable to connect to port 22 on 10.180.180.131). Number attempts: 2. Retry after 3 seconds.: paramiko.ssh_exception.NoValidConnectionsError: [Errno None] Unable to connect to port 22 on 10.180.180.131
2025-11-27 03:38:35.770 67494 INFO tempest.lib.common.rest_client [req-7cc1b688-3ec1-4a01-9146-a3e34b04de4f req-7cc1b688-3ec1-4a01-9146-a3e34b04de4f ] Request (ServerDiskConfigTestJSON:test_rebuild_server_with_manual_disk_config): 200 GET http://10.180.1.21/compute/v2.1/servers/dc1a2386-a568-4e07-8cbd-9f2b65f2ba26 0.770s
2025-11-27 03:38:35.779 67466 INFO tempest.lib.common.rest_client [req-b3ee1595-a271-4647-b20b-45f93621e1ef req-b3ee1595-a271-4647-b20b-45f93621e1ef ] Request (ServersTestJSON:test_create_with_existing_server_name): 200 GET http://10.180.1.21/compute/v2.1/servers/b5064ac0-3498-4fd9-afb3-ef75ec956968 0.767s
2025-11-27 03:38:36.452 67477 INFO tempest.lib.common.rest_client [req-1a9c9219-e1fc-4a11-8f1b-a0f51eb81716 req-1a9c9219-e1fc-4a11-8f1b-a0f51eb81716 ] Request (ServerRescueTestJSON:setUpClass): 201 POST http://10.180.1.21/networking/v2.0/routers 0.855s
2025-11-27 03:38:36.774 67474 WARNING tempest.lib.common.ssh [-] Failed to establish authenticated ssh connection to cirros@10.180.180.155 ([Errno None] Unable to connect to port 22 on 10.180.180.155). Number attempts: 4. Retry after 5 seconds.: paramiko.ssh_exception.NoValidConnectionsError: [Errno None] Unable to connect to port 22 on 10.180.180.155
2025-11-27 03:38:36.880 67496 WARNING tempest.lib.common.ssh [-] Failed to establish authenticated ssh connection to cirros@10.180.180.142 ([Errno None] Unable to connect to port 22 on 10.180.180.142). Number attempts: 5. Retry after 6 seconds.: paramiko.ssh_exception.NoValidConnectionsError: [Errno None] Unable to connect to port 22 on 10.180.180.142
2025-11-27 03:38:37.609 67477 INFO tempest.lib.common.rest_client [req-c422f3f3-9b24-4b21-8f61-3446f2254288 req-c422f3f3-9b24-4b21-8f61-3446f2254288 ] Request (ServerRescueTestJSON:setUpClass): 200 PUT http://10.180.1.21/networking/v2.0/routers/62ea0b5b-1d8e-44ef-8326-88a480abcc6d/add_router_interface 1.156s
2025-11-27 03:38:37.609 67477 INFO tempest.lib.common.dynamic_creds [-] Created isolated network resources for: credentials: Credentials: {'domain_id': 'default', 'domain_name': 'Default', 'username': 'tempest-ServerRescueTestJSON-685643514-project-member', 'project_domain_id': 'default', 'project_domain_name': 'Default', 'project_id': 'fe5dc888117443ed9dab7967e518e73f', 'project_name': 'tempest-ServerRescueTestJSON-685643514', 'tenant_id': 'fe5dc888117443ed9dab7967e518e73f', 'tenant_name': 'tempest-ServerRescueTestJSON-685643514', 'user_domain_id': 'default', 'user_domain_name': 'Default', 'user_id': 'e88bd500eb224cdb86cb41c5aae1cfcd', 'system': None}, Network: {'id': '80bed3fd-43d5-453b-b816-7ed4f25e167c', 'name': 'tempest-ServerRescueTestJSON-779562948-network', 'tenant_id': 'fe5dc888117443ed9dab7967e518e73f', 'project_id': 'fe5dc888117443ed9dab7967e518e73f', 'admin_state_up': True, 'mtu': 8950, 'status': 'ACTIVE', 'subnets': [], 'shared': False, 'port_security_enabled': True, 'router:external': False, 'provider:network_type': 'vlan', 'provider:physical_network': 'default', 'provider:segmentation_id': 631, 'availability_zone_hints': [], 'availability_zones': [], 'ipv4_address_scope': None, 'ipv6_address_scope': None, 'description': '', 'tags': [], 'created_at': '2025-11-27T03:38:34Z', 'updated_at': '2025-11-27T03:38:34Z', 'revision_number': 1}, Subnet: {'id': 'b9e751bd-ce4d-4cf1-a862-e3a715e2983e', 'name': 'tempest-ServerRescueTestJSON-779562948-subnet', 'tenant_id': 'fe5dc888117443ed9dab7967e518e73f', 'network_id': '80bed3fd-43d5-453b-b816-7ed4f25e167c', 'ip_version': 4, 'subnetpool_id': None, 'enable_dhcp': False, 'ipv6_ra_mode': None, 'ipv6_address_mode': None, 'gateway_ip': '192.168.128.1', 'cidr': '192.168.128.0/28', 'allocation_pools': [{'start': '192.168.128.2', 'end': '192.168.128.14'}], 'host_routes': [], 'dns_nameservers': [], 'description': '', 'router:external': False, 'service_types': [], 'tags': [], 'created_at': '2025-11-27T03:38:35Z', 'updated_at': '2025-11-27T03:38:35Z', 'revision_number': 0, 'project_id': 'fe5dc888117443ed9dab7967e518e73f'}, Router: {'id': '62ea0b5b-1d8e-44ef-8326-88a480abcc6d', 'name': 'tempest-ServerRescueTestJSON-779562948-router', 'tenant_id': 'fe5dc888117443ed9dab7967e518e73f', 'admin_state_up': True, 'status': 'ACTIVE', 'external_gateway_info': {'network_id': '0a105b03-d067-485d-a46b-acbfb4c370c5', 'external_fixed_ips': [{'subnet_id': '0808e687-ee68-42dc-81da-32b1973236e1', 'ip_address': '10.180.180.251'}], 'enable_snat': True}, 'description': '', 'availability_zones': [], 'distributed': False, 'ha': False, 'availability_zone_hints': [], 'routes': [], 'flavor_id': None, 'tags': [], 'created_at': '2025-11-27T03:38:35Z', 'updated_at': '2025-11-27T03:38:36Z', 'revision_number': 2, 'project_id': 'fe5dc888117443ed9dab7967e518e73f'}
2025-11-27 03:38:37.649 67478 INFO tempest.lib.common.rest_client [req-d415b25a-3a52-4554-842a-a7c53846ae10 req-d415b25a-3a52-4554-842a-a7c53846ae10 ] Request (ServersAdminTestJSON:test_list_servers_filter_by_error_status): 200 GET http://10.180.1.21/compute/v2.1/servers/dc9c66ae-d399-4194-80d0-63cb8117726b 2.574s
2025-11-27 03:38:37.692 67458 INFO tempest.lib.common.rest_client [req-ca26abdd-0867-435d-a274-8c760c98559e req-ca26abdd-0867-435d-a274-8c760c98559e ] Request (MigrationsAdminTest:test_resize_server_revert_deleted_flavor): 200 GET http://10.180.1.21/compute/v2.1/servers/83838f9e-3ade-4a08-be93-dd3374a7fafa 2.459s
2025-11-27 03:38:37.724 67477 INFO tempest.lib.common.rest_client [req-8cde8631-a411-4885-b787-1bb181217b3e req-8cde8631-a411-4885-b787-1bb181217b3e ] Request (ServerRescueTestJSON:setUpClass): 201 POST http://10.180.1.21/identity/v3/auth/tokens 0.111s
2025-11-27 03:38:37.765 67477 INFO tempest.lib.common.rest_client [req-f8b9e595-fddb-4e56-b0ba-174090bbbda4 req-f8b9e595-fddb-4e56-b0ba-174090bbbda4 ] Request (ServerRescueTestJSON:setUpClass): 201 POST http://10.180.1.21/identity/v3/auth/tokens 0.038s
2025-11-27 03:38:37.765 67477 INFO tempest.lib.common.fixed_network [-] (ServerRescueTestJSON:setUpClass) Found network {'id': '80bed3fd-43d5-453b-b816-7ed4f25e167c', 'name': 'tempest-ServerRescueTestJSON-779562948-network', 'tenant_id': 'fe5dc888117443ed9dab7967e518e73f', 'project_id': 'fe5dc888117443ed9dab7967e518e73f', 'admin_state_up': True, 'mtu': 8950, 'status': 'ACTIVE', 'subnets': [], 'shared': False, 'port_security_enabled': True, 'router:external': False, 'provider:network_type': 'vlan', 'provider:physical_network': 'default', 'provider:segmentation_id': 631, 'availability_zone_hints': [], 'availability_zones': [], 'ipv4_address_scope': None, 'ipv6_address_scope': None, 'description': '', 'tags': [], 'created_at': '2025-11-27T03:38:34Z', 'updated_at': '2025-11-27T03:38:34Z', 'revision_number': 1} available for tenant
2025-11-27 03:38:37.794 67502 INFO tempest.lib.common.rest_client [req-25175230-eff7-4a89-8103-d6693c828923 req-25175230-eff7-4a89-8103-d6693c828923 ] Request (AttachInterfacesTestJSON:test_create_list_show_delete_interfaces_by_network_port): 200 GET http://10.180.1.21/compute/v2.1/servers/11bac7e9-3a72-4c20-8efd-1b50ea4bf763 2.496s
2025-11-27 03:38:37.839 67472 WARNING tempest.lib.common.ssh [-] Failed to establish authenticated ssh connection to cirros@10.180.180.146 ([Errno None] Unable to connect to port 22 on 10.180.180.146). Number attempts: 6. Retry after 7 seconds.: paramiko.ssh_exception.NoValidConnectionsError: [Errno None] Unable to connect to port 22 on 10.180.180.146
2025-11-27 03:38:37.845 67490 INFO tempest.lib.common.rest_client [req-7e331cc7-2ce9-4df6-a610-3ad5bb661d26 req-7e331cc7-2ce9-4df6-a610-3ad5bb661d26 ] Request (ServerPasswordTestJSON:tearDownClass): 200 GET http://10.180.1.21/compute/v2.1/servers/23c91c05-fa0b-47e0-9883-232b674a21b2 2.480s
2025-11-27 03:38:37.913 67518 INFO tempest.lib.common.rest_client [req-2a6a9792-eac8-4273-a819-f32b58d5452d req-2a6a9792-eac8-4273-a819-f32b58d5452d ] Request (ImagesTestJSON:test_create_server_from_snapshot): 200 GET http://10.180.1.21/compute/v2.1/servers/9e208dbb-8277-47dd-ac1d-723e15acda89 2.539s
2025-11-27 03:38:38.008 67522 INFO tempest.lib.common.rest_client [req-021cfeba-3763-4a2f-b0c5-c4f3731667e6 req-021cfeba-3763-4a2f-b0c5-c4f3731667e6 ] Request (ServerRescueTestJSONUnderV235:tearDownClass): 200 GET http://10.180.1.21/compute/v2.1/servers/d1c25c94-6937-48b6-a2af-a5aa68554471 2.464s
2025-11-27 03:38:38.047 67508 INFO tempest.lib.common.rest_client [req-7d3c8247-4694-4d44-ab32-af8ee7c87867 req-7d3c8247-4694-4d44-ab32-af8ee7c87867 ] Request (ServerRescueNegativeTestJSON:setUpClass): 200 GET http://10.180.1.21/compute/v2.1/servers/95fe42e5-d746-45a5-9c8b-8eddb3d3f136 2.512s
2025-11-27 03:38:38.058 67508 INFO tempest.common.waiters [-] State transition "BUILD/spawning" ==> "ACTIVE/None" after 47 second wait
2025-11-27 03:38:38.059 67514 INFO tempest.lib.common.rest_client [req-2d1611ad-5253-4b18-8265-d7dc2f7e212c req-2d1611ad-5253-4b18-8265-d7dc2f7e212c ] Request (AttachInterfacesUnderV243Test:test_add_remove_fixed_ip): 200 GET http://10.180.1.21/compute/v2.1/servers/806e50b0-73ac-47fc-8d6e-1f1540a15655/ips 2.497s
2025-11-27 03:38:38.163 67506 INFO tempest.lib.common.rest_client [req-cf4a7484-a6a4-4fa2-887e-9f6e73a2797c req-cf4a7484-a6a4-4fa2-887e-9f6e73a2797c ] Request (FloatingIPsAssociationTestJSON:tearDownClass): 200 GET http://10.180.1.21/compute/v2.1/servers/5f0f7cd1-6daf-4c94-8f72-6ac819263b7e 2.552s
2025-11-27 03:38:38.173 67468 INFO tempest.lib.common.rest_client [req-54695e73-49bd-4c06-be99-73bb6655fd7a req-54695e73-49bd-4c06-be99-73bb6655fd7a ] Request (SecurityGroupsTestJSON:test_server_security_groups): 200 GET http://10.180.1.21/compute/v2.1/servers/01a9245d-9b58-4733-9638-9204e46b17b3 2.438s
2025-11-27 03:38:38.242 67464 INFO tempest.lib.common.rest_client [req-a1f37f91-bb08-485b-b2f4-17ba687c9140 req-a1f37f91-bb08-485b-b2f4-17ba687c9140 ] Request (ServersAaction247Test:test_create_backup): 200 GET http://10.180.1.21/compute/v2.1/servers/2943dd9f-5621-4a2f-bead-cdce2cd1bac1 2.362s
2025-11-27 03:38:38.251 67462 INFO tempest.lib.common.rest_client [req-b206051e-9ef1-4f4a-9def-30b3aa8a94ad req-b206051e-9ef1-4f4a-9def-30b3aa8a94ad ] Request (ServersListShow2100Test:test_list_show_rebuild_update_server_2100): 200 GET http://10.180.1.21/compute/v2.1/servers/f8ca7efc-5bc2-4904-88d2-24c7c958f10e 2.492s
2025-11-27 03:38:38.329 67487 INFO tempest.lib.common.rest_client [req-f5b60297-4f1f-454d-b002-1cc86e86638a req-f5b60297-4f1f-454d-b002-1cc86e86638a ] Request (ServerShowV254Test:tearDownClass): 200 GET http://10.180.1.21/compute/v2.1/servers/d1788258-7750-4f63-b5fe-ddfeedfb2172 1.996s
2025-11-27 03:38:38.351 67499 WARNING tempest.lib.common.ssh [-] Failed to establish authenticated ssh connection to cirros@10.180.180.254 ([Errno None] Unable to connect to port 22 on 10.180.180.254). Number attempts: 5. Retry after 6 seconds.: paramiko.ssh_exception.NoValidConnectionsError: [Errno None] Unable to connect to port 22 on 10.180.180.254
2025-11-27 03:38:38.366 67492 INFO tempest.lib.common.rest_client [req-6b1a5ea5-ec67-4e06-8a22-9ce88b43e070 req-6b1a5ea5-ec67-4e06-8a22-9ce88b43e070 ] Request (ServersNegativeTestJSON:setUpClass): 200 GET http://10.180.1.21/compute/v2.1/servers/060c7cdc-b201-4717-9c6c-e7efab483bd0 2.385s
2025-11-27 03:38:38.374 67492 INFO tempest.common.waiters [-] State transition "BUILD/None" ==> "BUILD/spawning" after 29 second wait
2025-11-27 03:38:38.399 67516 WARNING tempest.lib.common.ssh [-] Failed to establish authenticated ssh connection to cirros@10.180.180.224 ([Errno None] Unable to connect to port 22 on 10.180.180.224). Number attempts: 3. Retry after 4 seconds.: paramiko.ssh_exception.NoValidConnectionsError: [Errno None] Unable to connect to port 22 on 10.180.180.224
2025-11-27 03:38:38.449 67512 INFO tempest.lib.common.rest_client [req-6af93dd9-4944-45ed-9a63-15bac4f51782 req-6af93dd9-4944-45ed-9a63-15bac4f51782 ] Request (ImagesOneServerNegativeTestJSON:_run_cleanups): 200 GET http://10.180.1.21/compute/v2.1/servers/52a7e8ee-d03a-43d7-9bee-de241ccc32e2 1.811s
2025-11-27 03:38:38.518 67466 INFO tempest.lib.common.rest_client [req-2b216e8f-f52c-454d-ba2d-b8d2764e8f66 req-2b216e8f-f52c-454d-ba2d-b8d2764e8f66 ] Request (ServersTestJSON:test_create_with_existing_server_name): 200 GET http://10.180.1.21/compute/v2.1/servers/b5064ac0-3498-4fd9-afb3-ef75ec956968 1.725s
2025-11-27 03:38:38.520 67494 INFO tempest.lib.common.rest_client [req-e5c00454-2206-4497-9294-9539fefc5ed9 req-e5c00454-2206-4497-9294-9539fefc5ed9 ] Request (ServerDiskConfigTestJSON:test_rebuild_server_with_manual_disk_config): 200 GET http://10.180.1.21/compute/v2.1/servers/dc1a2386-a568-4e07-8cbd-9f2b65f2ba26 1.738s
2025-11-27 03:38:38.529 67494 INFO tempest.common.waiters [-] State transition "REBUILD/rebuilding" ==> "REBUILD/rebuild_spawning" after 3 second wait
2025-11-27 03:38:38.651 67478 INFO tempest.lib.common.rest_client [req-f26002bd-7dd8-4ef2-b218-5982cc105043 req-f26002bd-7dd8-4ef2-b218-5982cc105043 ] Request (ServersAdminTestJSON:test_list_servers_filter_by_exist_host): 200 GET http://10.180.1.21/compute/v2.1/servers/dc9c66ae-d399-4194-80d0-63cb8117726b 0.991s
2025-11-27 03:38:38.767 67508 INFO tempest.lib.common.rest_client [req-5c64ce70-ede4-49ed-bf9c-fc29820e9fae req-5c64ce70-ede4-49ed-bf9c-fc29820e9fae ] Request (ServerRescueNegativeTestJSON:setUpClass): 200 POST http://10.180.1.21/compute/v2.1/servers/95fe42e5-d746-45a5-9c8b-8eddb3d3f136/action 0.707s
2025-11-27 03:38:38.903 67478 INFO tempest.lib.common.rest_client [req-1706a2ec-8ae3-4ce2-908b-1a2d619fbfd9 req-1706a2ec-8ae3-4ce2-908b-1a2d619fbfd9 ] Request (ServersAdminTestJSON:test_list_servers_filter_by_exist_host): 200 GET http://10.180.1.21/compute/v2.1/servers?host=cpu-1&all_tenants=1 0.245s
2025-11-27 03:38:39.069 67477 INFO tempest.lib.common.rest_client [req-27e259fb-d812-4a24-9019-4e633883d277 req-27e259fb-d812-4a24-9019-4e633883d277 ] Request (ServerRescueTestJSON:setUpClass): 202 POST http://10.180.1.21/compute/v2.1/servers 1.303s
2025-11-27 03:38:39.080 67458 INFO tempest.lib.common.rest_client [req-2bd29c23-d8b8-4313-a160-cfa9c62d0009 req-2bd29c23-d8b8-4313-a160-cfa9c62d0009 ] Request (MigrationsAdminTest:test_resize_server_revert_deleted_flavor): 200 GET http://10.180.1.21/compute/v2.1/servers/83838f9e-3ade-4a08-be93-dd3374a7fafa 0.379s
2025-11-27 03:38:39.160 67502 INFO tempest.lib.common.rest_client [req-eaeaff1f-2ed2-4361-93ae-256bbc50201c req-eaeaff1f-2ed2-4361-93ae-256bbc50201c ] Request (AttachInterfacesTestJSON:test_create_list_show_delete_interfaces_by_network_port): 200 GET http://10.180.1.21/compute/v2.1/servers/11bac7e9-3a72-4c20-8efd-1b50ea4bf763 0.357s
2025-11-27 03:38:39.180 67484 WARNING tempest.lib.common.ssh [-] Failed to establish authenticated ssh connection to cirros@10.180.180.131 ([Errno None] Unable to connect to port 22 on 10.180.180.131). Number attempts: 3. Retry after 4 seconds.: paramiko.ssh_exception.NoValidConnectionsError: [Errno None] Unable to connect to port 22 on 10.180.180.131
2025-11-27 03:38:39.224 67508 INFO tempest.lib.common.rest_client [req-780ecc8c-52be-4158-a87b-e0378fd26b17 req-780ecc8c-52be-4158-a87b-e0378fd26b17 ] Request (ServerRescueNegativeTestJSON:setUpClass): 200 GET http://10.180.1.21/compute/v2.1/servers/95fe42e5-d746-45a5-9c8b-8eddb3d3f136 0.456s
2025-11-27 03:38:39.240 67490 INFO tempest.lib.common.rest_client [req-d0984093-b6ef-4550-b8f8-27ef5deefe9a req-d0984093-b6ef-4550-b8f8-27ef5deefe9a ] Request (ServerPasswordTestJSON:tearDownClass): 200 GET http://10.180.1.21/compute/v2.1/servers/23c91c05-fa0b-47e0-9883-232b674a21b2 0.387s
2025-11-27 03:38:39.304 67478 INFO tempest.lib.common.rest_client [req-406294a1-074e-4e5f-88a2-106e53d9bdd1 req-406294a1-074e-4e5f-88a2-106e53d9bdd1 ] Request (ServersAdminTestJSON:test_list_servers_filter_by_exist_host): 200 GET http://10.180.1.21/compute/v2.1/servers?host=nonexistent_host&all_tenants=1 0.394s
2025-11-27 03:38:39.396 67522 INFO tempest.lib.common.rest_client [req-147c2008-cddc-46b0-872c-2179aa0e5feb req-147c2008-cddc-46b0-872c-2179aa0e5feb ] Request (ServerRescueTestJSONUnderV235:tearDownClass): 200 GET http://10.180.1.21/compute/v2.1/servers/d1c25c94-6937-48b6-a2af-a5aa68554471 0.371s
2025-11-27 03:38:39.435 67514 INFO tempest.lib.common.rest_client [req-1b54cb4c-051f-4410-a915-31e28466cfed req-1b54cb4c-051f-4410-a915-31e28466cfed ] Request (AttachInterfacesUnderV243Test:test_add_remove_fixed_ip): 200 GET http://10.180.1.21/compute/v2.1/servers/806e50b0-73ac-47fc-8d6e-1f1540a15655/ips 0.374s
2025-11-27 03:38:39.445 67518 INFO tempest.lib.common.rest_client [req-3ca4c4c7-33f9-4b1c-ab60-f41e6b969c54 req-3ca4c4c7-33f9-4b1c-ab60-f41e6b969c54 ] Request (ImagesTestJSON:test_create_server_from_snapshot): 200 GET http://10.180.1.21/compute/v2.1/servers/9e208dbb-8277-47dd-ac1d-723e15acda89 0.523s
2025-11-27 03:38:39.519 67477 INFO tempest.lib.common.rest_client [req-2dc1293f-46bb-493c-b5ff-370bba45b895 req-2dc1293f-46bb-493c-b5ff-370bba45b895 ] Request (ServerRescueTestJSON:setUpClass): 200 GET http://10.180.1.21/compute/v2.1/servers/9f709574-5fcf-49ba-a9f2-116032c3f9b0 0.448s
2025-11-27 03:38:39.534 67506 INFO tempest.lib.common.rest_client [req-ceb05e59-3f8d-4540-a98b-485faadd2f36 req-ceb05e59-3f8d-4540-a98b-485faadd2f36 ] Request (FloatingIPsAssociationTestJSON:tearDownClass): 200 GET http://10.180.1.21/compute/v2.1/servers/5f0f7cd1-6daf-4c94-8f72-6ac819263b7e 0.361s
2025-11-27 03:38:39.585 67468 INFO tempest.lib.common.rest_client [req-efb4d198-d5bd-4ded-ae00-f683665fb7b3 req-efb4d198-d5bd-4ded-ae00-f683665fb7b3 ] Request (SecurityGroupsTestJSON:test_server_security_groups): 200 GET http://10.180.1.21/compute/v2.1/servers/01a9245d-9b58-4733-9638-9204e46b17b3 0.404s
2025-11-27 03:38:39.600 67464 INFO tempest.lib.common.rest_client [req-93e23322-aa51-40cc-bf9e-1d23ced4aada req-93e23322-aa51-40cc-bf9e-1d23ced4aada ] Request (ServersAaction247Test:test_create_backup): 200 GET http://10.180.1.21/compute/v2.1/servers/2943dd9f-5621-4a2f-bead-cdce2cd1bac1 0.345s
2025-11-27 03:38:39.670 67478 INFO tempest.lib.common.rest_client [req-a2b121c7-beb7-4381-94c9-41dd79f4bc14 req-a2b121c7-beb7-4381-94c9-41dd79f4bc14 ] Request (ServersAdminTestJSON:test_rebuild_server_in_error_state): 202 POST http://10.180.1.21/compute/v2.1/servers/dc9c66ae-d399-4194-80d0-63cb8117726b/action 0.361s
2025-11-27 03:38:39.680 67462 INFO tempest.lib.common.rest_client [req-9525479f-a850-4739-a66a-38cc28109aee req-9525479f-a850-4739-a66a-38cc28109aee ] Request (ServersListShow2100Test:test_list_show_rebuild_update_server_2100): 200 GET http://10.180.1.21/compute/v2.1/servers/f8ca7efc-5bc2-4904-88d2-24c7c958f10e 0.415s
2025-11-27 03:38:39.747 67487 INFO tempest.lib.common.rest_client [req-d2e09bb2-b5cd-4ed3-95bf-46a754aefbe5 req-d2e09bb2-b5cd-4ed3-95bf-46a754aefbe5 ] Request (ServerShowV254Test:tearDownClass): 200 GET http://10.180.1.21/compute/v2.1/servers/d1788258-7750-4f63-b5fe-ddfeedfb2172 0.408s
2025-11-27 03:38:39.883 67492 INFO tempest.lib.common.rest_client [req-f4341f05-a72f-4fb5-a1b1-c5c0a5d716c3 req-f4341f05-a72f-4fb5-a1b1-c5c0a5d716c3 ] Request (ServersNegativeTestJSON:setUpClass): 200 GET http://10.180.1.21/compute/v2.1/servers/060c7cdc-b201-4717-9c6c-e7efab483bd0 0.508s
2025-11-27 03:38:39.918 67514 INFO tempest.lib.common.rest_client [req-7249d7c9-0099-4065-bf04-0c83bc7052ec req-7249d7c9-0099-4065-bf04-0c83bc7052ec ] Request (AttachInterfacesUnderV243Test:test_add_remove_fixed_ip): 200 GET http://10.180.1.21/compute/v2.1/servers/806e50b0-73ac-47fc-8d6e-1f1540a15655 0.481s
2025-11-27 03:38:39.983 67466 INFO tempest.lib.common.rest_client [req-6c270e85-bcf4-494e-9ef6-e71b42acd3aa req-6c270e85-bcf4-494e-9ef6-e71b42acd3aa ] Request (ServersTestJSON:test_create_with_existing_server_name): 200 GET http://10.180.1.21/compute/v2.1/servers/b5064ac0-3498-4fd9-afb3-ef75ec956968 0.457s
2025-11-27 03:38:40.012 67512 INFO tempest.lib.common.rest_client [req-9c6d8959-898b-48af-9240-21c99516afd8 req-9c6d8959-898b-48af-9240-21c99516afd8 ] Request (ImagesOneServerNegativeTestJSON:_run_cleanups): 200 GET http://10.180.1.21/compute/v2.1/servers/52a7e8ee-d03a-43d7-9bee-de241ccc32e2 0.551s
2025-11-27 03:38:40.021 67512 INFO tempest.common.waiters [-] State transition "BUILD/spawning" ==> "ACTIVE/None" after 42 second wait
2025-11-27 03:38:40.134 67494 INFO tempest.lib.common.rest_client [req-dc2331f3-4690-4d47-88a9-3e00808bbb0a req-dc2331f3-4690-4d47-88a9-3e00808bbb0a ] Request (ServerDiskConfigTestJSON:test_rebuild_server_with_manual_disk_config): 200 GET http://10.180.1.21/compute/v2.1/servers/dc1a2386-a568-4e07-8cbd-9f2b65f2ba26 0.604s
2025-11-27 03:38:40.178 67514 INFO tempest.lib.common.rest_client [req-21080f3b-e563-4eba-b416-1775e6f58227 req-21080f3b-e563-4eba-b416-1775e6f58227 ] Request (AttachInterfacesUnderV243Test:test_add_remove_fixed_ip): 202 POST http://10.180.1.21/compute/v2.1/servers/806e50b0-73ac-47fc-8d6e-1f1540a15655/action 0.247s
2025-11-27 03:38:40.260 67478 INFO tempest.lib.common.rest_client [req-49e297c1-3e41-41b1-8e7d-1d9ed7cb2829 req-49e297c1-3e41-41b1-8e7d-1d9ed7cb2829 ] Request (ServersAdminTestJSON:test_rebuild_server_in_error_state): 202 POST http://10.180.1.21/compute/v2.1/servers/dc9c66ae-d399-4194-80d0-63cb8117726b/action 0.589s
2025-11-27 03:38:40.363 67512 INFO tempest.lib.common.rest_client [req-b0316b1a-ab3b-4e51-8ec0-1b56f75d62f2 req-b0316b1a-ab3b-4e51-8ec0-1b56f75d62f2 ] Request (ImagesOneServerNegativeTestJSON:setUp): 200 GET http://10.180.1.21/compute/v2.1/servers/52a7e8ee-d03a-43d7-9bee-de241ccc32e2 0.340s
2025-11-27 03:38:40.379 67458 INFO tempest.lib.common.rest_client [req-09117bf6-8106-4e33-9d6c-d74f045b1e41 req-09117bf6-8106-4e33-9d6c-d74f045b1e41 ] Request (MigrationsAdminTest:test_resize_server_revert_deleted_flavor): 200 GET http://10.180.1.21/compute/v2.1/servers/83838f9e-3ade-4a08-be93-dd3374a7fafa 0.288s
2025-11-27 03:38:40.408 67514 INFO tempest.lib.common.rest_client [req-f8aafcbb-3bb0-4c18-98f7-7123e9ccaaca req-f8aafcbb-3bb0-4c18-98f7-7123e9ccaaca ] Request (AttachInterfacesUnderV243Test:test_add_remove_fixed_ip): 200 GET http://10.180.1.21/compute/v2.1/servers/806e50b0-73ac-47fc-8d6e-1f1540a15655/ips 0.229s
2025-11-27 03:38:40.414 67502 INFO tempest.lib.common.rest_client [req-2adb8f07-48a8-46cb-83a3-3eeda3364c9f req-2adb8f07-48a8-46cb-83a3-3eeda3364c9f ] Request (AttachInterfacesTestJSON:test_create_list_show_delete_interfaces_by_network_port): 200 GET http://10.180.1.21/compute/v2.1/servers/11bac7e9-3a72-4c20-8efd-1b50ea4bf763 0.239s
2025-11-27 03:38:40.478 67490 INFO tempest.lib.common.rest_client [req-568e3a0a-33be-45e3-8ae2-71f7e7dc315e req-568e3a0a-33be-45e3-8ae2-71f7e7dc315e ] Request (ServerPasswordTestJSON:tearDownClass): 200 GET http://10.180.1.21/compute/v2.1/servers/23c91c05-fa0b-47e0-9883-232b674a21b2 0.226s
2025-11-27 03:38:40.507 67508 INFO tempest.lib.common.rest_client [req-0335f2a4-35a2-49c8-b43a-feaa62858692 req-0335f2a4-35a2-49c8-b43a-feaa62858692 ] Request (ServerRescueNegativeTestJSON:setUpClass): 200 GET http://10.180.1.21/compute/v2.1/servers/95fe42e5-d746-45a5-9c8b-8eddb3d3f136 0.268s
2025-11-27 03:38:40.598 67478 INFO tempest.lib.common.rest_client [req-2bf99b29-2c0f-451d-b518-09a51cd95733 req-2bf99b29-2c0f-451d-b518-09a51cd95733 ] Request (ServersAdminTestJSON:test_rebuild_server_in_error_state): 200 GET http://10.180.1.21/compute/v2.1/servers/dc9c66ae-d399-4194-80d0-63cb8117726b 0.330s
2025-11-27 03:38:40.654 67522 INFO tempest.lib.common.rest_client [req-74eaf6c8-0d74-4472-a88b-21bf8ee1f65a req-74eaf6c8-0d74-4472-a88b-21bf8ee1f65a ] Request (ServerRescueTestJSONUnderV235:tearDownClass): 200 GET http://10.180.1.21/compute/v2.1/servers/d1c25c94-6937-48b6-a2af-a5aa68554471 0.240s
2025-11-27 03:38:40.771 67518 INFO tempest.lib.common.rest_client [req-63f97306-9229-49d7-8cc6-d432b1edc0c2 req-63f97306-9229-49d7-8cc6-d432b1edc0c2 ] Request (ImagesTestJSON:test_create_server_from_snapshot): 200 GET http://10.180.1.21/compute/v2.1/servers/9e208dbb-8277-47dd-ac1d-723e15acda89 0.313s
2025-11-27 03:38:40.832 67477 INFO tempest.lib.common.rest_client [req-b76fbe4b-11b9-444f-90ac-117417fb196f req-b76fbe4b-11b9-444f-90ac-117417fb196f ] Request (ServerRescueTestJSON:setUpClass): 200 GET http://10.180.1.21/compute/v2.1/servers/9f709574-5fcf-49ba-a9f2-116032c3f9b0 0.304s
2025-11-27 03:38:40.843 67477 INFO tempest.common.waiters [-] State transition "BUILD/scheduling" ==> "BUILD/None" after 1 second wait
2025-11-27 03:38:40.905 67506 INFO tempest.lib.common.rest_client [req-1929b5a4-bdfe-4556-b25d-6ea890f624a6 req-1929b5a4-bdfe-4556-b25d-6ea890f624a6 ] Request (FloatingIPsAssociationTestJSON:tearDownClass): 200 GET http://10.180.1.21/compute/v2.1/servers/5f0f7cd1-6daf-4c94-8f72-6ac819263b7e 0.362s
2025-11-27 03:38:40.958 67512 INFO tempest.lib.common.rest_client [req-0b855bdb-3eff-47d6-8626-a67d9c1f1d76 req-0b855bdb-3eff-47d6-8626-a67d9c1f1d76 ] Request (ImagesOneServerNegativeTestJSON:test_delete_image_that_is_not_yet_active): 202 POST http://10.180.1.21/compute/v2.1/servers/52a7e8ee-d03a-43d7-9bee-de241ccc32e2/action 0.585s
2025-11-27 03:38:40.968 67468 INFO tempest.lib.common.rest_client [req-b21951fb-3a38-4777-85ea-81dc172c7e63 req-b21951fb-3a38-4777-85ea-81dc172c7e63 ] Request (SecurityGroupsTestJSON:test_server_security_groups): 200 GET http://10.180.1.21/compute/v2.1/servers/01a9245d-9b58-4733-9638-9204e46b17b3 0.372s
2025-11-27 03:38:41.026 67464 INFO tempest.lib.common.rest_client [req-51eff662-608f-4ad2-878f-63bb818e4198 req-51eff662-608f-4ad2-878f-63bb818e4198 ] Request (ServersAaction247Test:test_create_backup): 200 GET http://10.180.1.21/compute/v2.1/servers/2943dd9f-5621-4a2f-bead-cdce2cd1bac1 0.415s
2025-11-27 03:38:41.110 67462 INFO tempest.lib.common.rest_client [req-5e3538dd-cf72-48b2-86e9-c9ca30501554 req-5e3538dd-cf72-48b2-86e9-c9ca30501554 ] Request (ServersListShow2100Test:test_list_show_rebuild_update_server_2100): 200 GET http://10.180.1.21/compute/v2.1/servers/f8ca7efc-5bc2-4904-88d2-24c7c958f10e 0.413s
2025-11-27 03:38:41.119 67487 INFO tempest.lib.common.rest_client [req-99012e68-945b-44b3-a1e1-ee759795ec45 req-99012e68-945b-44b3-a1e1-ee759795ec45 ] Request (ServerShowV254Test:tearDownClass): 200 GET http://10.180.1.21/compute/v2.1/servers/d1788258-7750-4f63-b5fe-ddfeedfb2172 0.353s
2025-11-27 03:38:41.239 67512 INFO tempest.lib.common.rest_client [req-2c9ee0cf-5938-4062-8d89-49ef39abcfef req-2c9ee0cf-5938-4062-8d89-49ef39abcfef ] Request (ImagesOneServerNegativeTestJSON:test_delete_image_that_is_not_yet_active): 204 DELETE http://10.180.1.21/compute/v2.1/images/6798007b-3d56-44e2-934b-cc4b4faf84cc 0.279s
2025-11-27 03:38:41.254 67492 INFO tempest.lib.common.rest_client [req-d5bab8b2-2137-4f8f-895d-1a3a920125e5 req-d5bab8b2-2137-4f8f-895d-1a3a920125e5 ] Request (ServersNegativeTestJSON:setUpClass): 200 GET http://10.180.1.21/compute/v2.1/servers/060c7cdc-b201-4717-9c6c-e7efab483bd0 0.360s
2025-11-27 03:38:41.294 67466 INFO tempest.lib.common.rest_client [req-ca5fb86a-f166-4277-8aa1-bf44c2210e3e req-ca5fb86a-f166-4277-8aa1-bf44c2210e3e ] Request (ServersTestJSON:test_create_with_existing_server_name): 200 GET http://10.180.1.21/compute/v2.1/servers/b5064ac0-3498-4fd9-afb3-ef75ec956968 0.301s
2025-11-27 03:38:41.316 67512 INFO tempest.lib.common.rest_client [req-06264d47-e0f1-4d4b-9df3-34d8d51186bc req-06264d47-e0f1-4d4b-9df3-34d8d51186bc ] Request (ImagesOneServerNegativeTestJSON:test_delete_image_that_is_not_yet_active): 404 GET http://10.180.1.21/compute/v2.1/images/6798007b-3d56-44e2-934b-cc4b4faf84cc 0.076s
2025-11-27 03:38:41.414 67512 INFO tempest.lib.common.rest_client [req-e27d0bee-9f0e-4812-8a72-1b8b56864f05 req-e27d0bee-9f0e-4812-8a72-1b8b56864f05 ] Request (ImagesOneServerNegativeTestJSON:tearDown): 200 GET http://10.180.1.21/compute/v2.1/servers/52a7e8ee-d03a-43d7-9bee-de241ccc32e2 0.098s
2025-11-27 03:38:41.423 67494 INFO tempest.lib.common.rest_client [req-64b6348d-71a6-47bb-b90e-8458f26a5138 req-64b6348d-71a6-47bb-b90e-8458f26a5138 ] Request (ServerDiskConfigTestJSON:test_rebuild_server_with_manual_disk_config): 200 GET http://10.180.1.21/compute/v2.1/servers/dc1a2386-a568-4e07-8cbd-9f2b65f2ba26 0.276s
2025-11-27 03:38:41.460 67514 INFO tempest.lib.common.rest_client [req-e5b79dce-c40e-4462-ae02-4da20720b5ee req-e5b79dce-c40e-4462-ae02-4da20720b5ee ] Request (AttachInterfacesUnderV243Test:test_add_remove_fixed_ip): 200 GET http://10.180.1.21/compute/v2.1/servers/806e50b0-73ac-47fc-8d6e-1f1540a15655/ips 0.049s
2025-11-27 03:38:41.518 67502 INFO tempest.lib.common.rest_client [req-c117ee8a-4c72-481b-ab6d-a67e86dcf85e req-c117ee8a-4c72-481b-ab6d-a67e86dcf85e ] Request (AttachInterfacesTestJSON:test_create_list_show_delete_interfaces_by_network_port): 200 GET http://10.180.1.21/compute/v2.1/servers/11bac7e9-3a72-4c20-8efd-1b50ea4bf763 0.094s
2025-11-27 03:38:41.555 67458 INFO tempest.lib.common.rest_client [req-a01b477d-dbbb-4905-9c65-de88b5055b74 req-a01b477d-dbbb-4905-9c65-de88b5055b74 ] Request (MigrationsAdminTest:test_resize_server_revert_deleted_flavor): 200 GET http://10.180.1.21/compute/v2.1/servers/83838f9e-3ade-4a08-be93-dd3374a7fafa 0.165s
2025-11-27 03:38:41.592 67490 INFO tempest.lib.common.rest_client [req-047967b7-1b3a-4fc5-839a-bf3609b6cf6d req-047967b7-1b3a-4fc5-839a-bf3609b6cf6d ] Request (ServerPasswordTestJSON:tearDownClass): 200 GET http://10.180.1.21/compute/v2.1/servers/23c91c05-fa0b-47e0-9883-232b674a21b2 0.106s
2025-11-27 03:38:41.671 67508 INFO tempest.lib.common.rest_client [req-b4586f05-79f6-46b8-a13b-34fcc7defe56 req-b4586f05-79f6-46b8-a13b-34fcc7defe56 ] Request (ServerRescueNegativeTestJSON:setUpClass): 200 GET http://10.180.1.21/compute/v2.1/servers/95fe42e5-d746-45a5-9c8b-8eddb3d3f136 0.156s
2025-11-27 03:38:41.717 67478 INFO tempest.lib.common.rest_client [req-d5457318-5919-4c90-bf7c-623f6ee44fd0 req-d5457318-5919-4c90-bf7c-623f6ee44fd0 ] Request (ServersAdminTestJSON:test_rebuild_server_in_error_state): 200 GET http://10.180.1.21/compute/v2.1/servers/dc9c66ae-d399-4194-80d0-63cb8117726b 0.112s
2025-11-27 03:38:41.752 67522 INFO tempest.lib.common.rest_client [req-bc0fc10a-b247-4298-94f7-9fd5c0e0a975 req-bc0fc10a-b247-4298-94f7-9fd5c0e0a975 ] Request (ServerRescueTestJSONUnderV235:tearDownClass): 200 GET http://10.180.1.21/compute/v2.1/servers/d1c25c94-6937-48b6-a2af-a5aa68554471 0.091s
2025-11-27 03:38:41.920 67477 INFO tempest.lib.common.rest_client [req-b0400544-8e00-4517-9c4f-63112262b975 req-b0400544-8e00-4517-9c4f-63112262b975 ] Request (ServerRescueTestJSON:setUpClass): 200 GET http://10.180.1.21/compute/v2.1/servers/9f709574-5fcf-49ba-a9f2-116032c3f9b0 0.075s
2025-11-27 03:38:41.955 67518 INFO tempest.lib.common.rest_client [req-f29bbfd3-2e49-4cb4-8e03-0c34b032a339 req-f29bbfd3-2e49-4cb4-8e03-0c34b032a339 ] Request (ImagesTestJSON:test_create_server_from_snapshot): 200 GET http://10.180.1.21/compute/v2.1/servers/9e208dbb-8277-47dd-ac1d-723e15acda89 0.175s
2025-11-27 03:38:41.997 67506 INFO tempest.lib.common.rest_client [req-ff78936d-2cf0-46b7-b898-afdd7de9425a req-ff78936d-2cf0-46b7-b898-afdd7de9425a ] Request (FloatingIPsAssociationTestJSON:tearDownClass): 200 GET http://10.180.1.21/compute/v2.1/servers/5f0f7cd1-6daf-4c94-8f72-6ac819263b7e 0.084s
2025-11-27 03:38:42.039 67468 INFO tempest.lib.common.rest_client [req-bc9a1919-ecee-4916-8daf-299ae97c5f1e req-bc9a1919-ecee-4916-8daf-299ae97c5f1e ] Request (SecurityGroupsTestJSON:test_server_security_groups): 200 GET http://10.180.1.21/compute/v2.1/servers/01a9245d-9b58-4733-9638-9204e46b17b3 0.061s
2025-11-27 03:38:42.107 67464 INFO tempest.lib.common.rest_client [req-31db5199-19c1-4e88-834b-7b9a47108492 req-31db5199-19c1-4e88-834b-7b9a47108492 ] Request (ServersAaction247Test:test_create_backup): 200 GET http://10.180.1.21/compute/v2.1/servers/2943dd9f-5621-4a2f-bead-cdce2cd1bac1 0.071s
2025-11-27 03:38:42.199 67487 INFO tempest.lib.common.rest_client [req-5d893cb9-e042-4b98-91a3-97c5574096de req-5d893cb9-e042-4b98-91a3-97c5574096de ] Request (ServerShowV254Test:tearDownClass): 200 GET http://10.180.1.21/compute/v2.1/servers/d1788258-7750-4f63-b5fe-ddfeedfb2172 0.069s
2025-11-27 03:38:42.202 67462 INFO tempest.lib.common.rest_client [req-1a1458e5-cc81-4f17-aa71-a4c240ce89d7 req-1a1458e5-cc81-4f17-aa71-a4c240ce89d7 ] Request (ServersListShow2100Test:test_list_show_rebuild_update_server_2100): 200 GET http://10.180.1.21/compute/v2.1/servers/f8ca7efc-5bc2-4904-88d2-24c7c958f10e 0.076s
2025-11-27 03:38:42.217 67462 INFO tempest.common.waiters [-] State transition "BUILD/spawning" ==> "ACTIVE/None" after 34 second wait
2025-11-27 03:38:42.281 67474 WARNING tempest.lib.common.ssh [-] Failed to establish authenticated ssh connection to cirros@10.180.180.155 ([Errno None] Unable to connect to port 22 on 10.180.180.155). Number attempts: 5. Retry after 6 seconds.: paramiko.ssh_exception.NoValidConnectionsError: [Errno None] Unable to connect to port 22 on 10.180.180.155
2025-11-27 03:38:42.393 67492 INFO tempest.lib.common.rest_client [req-2c083acd-f4e5-49d5-bb38-5d2ecca521a4 req-2c083acd-f4e5-49d5-bb38-5d2ecca521a4 ] Request (ServersNegativeTestJSON:setUpClass): 200 GET http://10.180.1.21/compute/v2.1/servers/060c7cdc-b201-4717-9c6c-e7efab483bd0 0.130s
2025-11-27 03:38:42.442 67462 INFO tempest.lib.common.rest_client [req-2cbecd48-a594-4291-9eac-8e3ffa3c67c4 req-2cbecd48-a594-4291-9eac-8e3ffa3c67c4 ] Request (ServersListShow2100Test:test_list_show_rebuild_update_server_2100): 200 GET http://10.180.1.21/compute/v2.1/servers/detail 0.224s
2025-11-27 03:38:42.481 67466 INFO tempest.lib.common.rest_client [req-7adba3a8-9ba7-46b6-9b32-68742ace99f6 req-7adba3a8-9ba7-46b6-9b32-68742ace99f6 ] Request (ServersTestJSON:test_create_with_existing_server_name): 200 GET http://10.180.1.21/compute/v2.1/servers/b5064ac0-3498-4fd9-afb3-ef75ec956968 0.177s
2025-11-27 03:38:42.620 67512 INFO tempest.lib.common.rest_client [req-7f341a68-2d54-4e6e-8f7e-8ba219929663 req-7f341a68-2d54-4e6e-8f7e-8ba219929663 ] Request (ImagesOneServerNegativeTestJSON:tearDown): 200 GET http://10.180.1.21/compute/v2.1/servers/52a7e8ee-d03a-43d7-9bee-de241ccc32e2 0.197s
2025-11-27 03:38:42.629 67512 INFO tempest.common.waiters [-] State transition "ACTIVE/image_snapshot_pending" ==> "ACTIVE/image_snapshot" after 1 second wait
2025-11-27 03:38:42.668 67494 INFO tempest.lib.common.rest_client [req-aafb8b0d-86ea-4436-b3df-09a242b20e35 req-aafb8b0d-86ea-4436-b3df-09a242b20e35 ] Request (ServerDiskConfigTestJSON:test_rebuild_server_with_manual_disk_config): 200 GET http://10.180.1.21/compute/v2.1/servers/dc1a2386-a568-4e07-8cbd-9f2b65f2ba26 0.231s
2025-11-27 03:38:42.699 67514 INFO tempest.lib.common.rest_client [req-3f65d5b1-06f1-41b3-8a0a-cde5215c0226 req-3f65d5b1-06f1-41b3-8a0a-cde5215c0226 ] Request (AttachInterfacesUnderV243Test:test_add_remove_fixed_ip): 200 GET http://10.180.1.21/compute/v2.1/servers/806e50b0-73ac-47fc-8d6e-1f1540a15655/ips 0.235s
2025-11-27 03:38:42.723 67462 INFO tempest.lib.common.rest_client [req-3c8e4de3-1174-4c77-b11f-7dacd4b7edf7 req-3c8e4de3-1174-4c77-b11f-7dacd4b7edf7 ] Request (ServersListShow2100Test:test_list_show_rebuild_update_server_2100): 200 GET http://10.180.1.21/compute/v2.1/servers/f8ca7efc-5bc2-4904-88d2-24c7c958f10e 0.268s
2025-11-27 03:38:42.773 67502 INFO tempest.lib.common.rest_client [req-2d4bd60d-f18a-4da9-ae1d-9b75f1d80978 req-2d4bd60d-f18a-4da9-ae1d-9b75f1d80978 ] Request (AttachInterfacesTestJSON:test_create_list_show_delete_interfaces_by_network_port): 200 GET http://10.180.1.21/compute/v2.1/servers/11bac7e9-3a72-4c20-8efd-1b50ea4bf763 0.244s
2025-11-27 03:38:42.868 67490 INFO tempest.lib.common.rest_client [req-ee5fb68e-b662-4197-b1cf-2d9d5daf270d req-ee5fb68e-b662-4197-b1cf-2d9d5daf270d ] Request (ServerPasswordTestJSON:tearDownClass): 200 GET http://10.180.1.21/compute/v2.1/servers/23c91c05-fa0b-47e0-9883-232b674a21b2 0.263s
2025-11-27 03:38:42.892 67458 INFO tempest.lib.common.rest_client [req-498c31bc-0c27-4d5e-b6d5-c4129991138c req-498c31bc-0c27-4d5e-b6d5-c4129991138c ] Request (MigrationsAdminTest:test_resize_server_revert_deleted_flavor): 200 GET http://10.180.1.21/compute/v2.1/servers/83838f9e-3ade-4a08-be93-dd3374a7fafa 0.327s
2025-11-27 03:38:42.905 67516 WARNING tempest.lib.common.ssh [-] Failed to establish authenticated ssh connection to cirros@10.180.180.224 ([Errno None] Unable to connect to port 22 on 10.180.180.224). Number attempts: 4. Retry after 5 seconds.: paramiko.ssh_exception.NoValidConnectionsError: [Errno None] Unable to connect to port 22 on 10.180.180.224
2025-11-27 03:38:43.008 67478 INFO tempest.lib.common.rest_client [req-4dcc064c-a478-46e3-9f84-5971dd3f74c7 req-4dcc064c-a478-46e3-9f84-5971dd3f74c7 ] Request (ServersAdminTestJSON:test_rebuild_server_in_error_state): 200 GET http://10.180.1.21/compute/v2.1/servers/dc9c66ae-d399-4194-80d0-63cb8117726b 0.282s
2025-11-27 03:38:43.027 67508 INFO tempest.lib.common.rest_client [req-bc69d472-d1d4-4dca-849d-2ec3a9b60483 req-bc69d472-d1d4-4dca-849d-2ec3a9b60483 ] Request (ServerRescueNegativeTestJSON:setUpClass): 200 GET http://10.180.1.21/compute/v2.1/servers/95fe42e5-d746-45a5-9c8b-8eddb3d3f136 0.343s
2025-11-27 03:38:43.052 67522 INFO tempest.lib.common.rest_client [req-9b4fe39e-b311-48d5-a353-8b2ef0b53956 req-9b4fe39e-b311-48d5-a353-8b2ef0b53956 ] Request (ServerRescueTestJSONUnderV235:tearDownClass): 404 GET http://10.180.1.21/compute/v2.1/servers/d1c25c94-6937-48b6-a2af-a5aa68554471 0.291s
2025-11-27 03:38:43.113 67477 INFO tempest.lib.common.rest_client [req-ab6d16fa-883f-40d9-a8a1-724697ab2e2a req-ab6d16fa-883f-40d9-a8a1-724697ab2e2a ] Request (ServerRescueTestJSON:setUpClass): 200 GET http://10.180.1.21/compute/v2.1/servers/9f709574-5fcf-49ba-a9f2-116032c3f9b0 0.183s
2025-11-27 03:38:43.137 67462 INFO tempest.lib.common.rest_client [req-715bda4a-627d-45b0-8fd9-bce73246b852 req-715bda4a-627d-45b0-8fd9-bce73246b852 ] Request (ServersListShow2100Test:test_list_show_rebuild_update_server_2100): 200 PUT http://10.180.1.21/compute/v2.1/servers/f8ca7efc-5bc2-4904-88d2-24c7c958f10e 0.396s
2025-11-27 03:38:43.223 67506 INFO tempest.lib.common.rest_client [req-0ebd9390-c372-4b69-aa3c-d848ca04465a req-0ebd9390-c372-4b69-aa3c-d848ca04465a ] Request (FloatingIPsAssociationTestJSON:tearDownClass): 200 GET http://10.180.1.21/compute/v2.1/servers/5f0f7cd1-6daf-4c94-8f72-6ac819263b7e 0.218s
2025-11-27 03:38:43.256 67518 INFO tempest.lib.common.rest_client [req-887cf6f7-b1f9-450f-a9be-ebe02d169852 req-887cf6f7-b1f9-450f-a9be-ebe02d169852 ] Request (ImagesTestJSON:test_create_server_from_snapshot): 200 GET http://10.180.1.21/compute/v2.1/servers/9e208dbb-8277-47dd-ac1d-723e15acda89 0.288s
2025-11-27 03:38:43.282 67468 INFO tempest.lib.common.rest_client [req-7b3e10fc-c450-4512-8c6c-4ec1b61e32f9 req-7b3e10fc-c450-4512-8c6c-4ec1b61e32f9 ] Request (SecurityGroupsTestJSON:test_server_security_groups): 200 GET http://10.180.1.21/compute/v2.1/servers/01a9245d-9b58-4733-9638-9204e46b17b3 0.234s
2025-11-27 03:38:43.333 67464 INFO tempest.lib.common.rest_client [req-5ecb0ef9-b356-44f5-a615-0600c0d02cb0 req-5ecb0ef9-b356-44f5-a615-0600c0d02cb0 ] Request (ServersAaction247Test:test_create_backup): 200 GET http://10.180.1.21/compute/v2.1/servers/2943dd9f-5621-4a2f-bead-cdce2cd1bac1 0.217s
2025-11-27 03:38:43.363 67462 INFO tempest.lib.common.rest_client [req-66096fda-bc9f-4769-adc5-2c303650dca6 req-66096fda-bc9f-4769-adc5-2c303650dca6 ] Request (ServersListShow2100Test:test_list_show_rebuild_update_server_2100): 200 GET http://10.180.1.21/compute/v2.1/servers/f8ca7efc-5bc2-4904-88d2-24c7c958f10e 0.211s
2025-11-27 03:38:43.392 67496 WARNING tempest.lib.common.ssh [-] Failed to establish authenticated ssh connection to cirros@10.180.180.142 ([Errno None] Unable to connect to port 22 on 10.180.180.142). Number attempts: 6. Retry after 7 seconds.: paramiko.ssh_exception.NoValidConnectionsError: [Errno None] Unable to connect to port 22 on 10.180.180.142
2025-11-27 03:38:43.427 67487 INFO tempest.lib.common.rest_client [req-bf566fe6-2fb9-47e1-9caf-8650850748e1 req-bf566fe6-2fb9-47e1-9caf-8650850748e1 ] Request (ServerShowV254Test:tearDownClass): 200 GET http://10.180.1.21/compute/v2.1/servers/d1788258-7750-4f63-b5fe-ddfeedfb2172 0.219s
2025-11-27 03:38:43.578 67492 INFO tempest.lib.common.rest_client [req-20b2b151-839d-4906-8c1e-2f1b9475ec66 req-20b2b151-839d-4906-8c1e-2f1b9475ec66 ] Request (ServersNegativeTestJSON:setUpClass): 200 GET http://10.180.1.21/compute/v2.1/servers/060c7cdc-b201-4717-9c6c-e7efab483bd0 0.175s
2025-11-27 03:38:43.654 67466 INFO tempest.lib.common.rest_client [req-924fffd8-9a59-4ec8-a4e3-8425fbd50683 req-924fffd8-9a59-4ec8-a4e3-8425fbd50683 ] Request (ServersTestJSON:test_create_with_existing_server_name): 200 GET http://10.180.1.21/compute/v2.1/servers/b5064ac0-3498-4fd9-afb3-ef75ec956968 0.162s
2025-11-27 03:38:43.684 67462 INFO tempest.lib.common.rest_client [req-1092d8b3-37f0-49f9-9683-41dbcff0210f req-1092d8b3-37f0-49f9-9683-41dbcff0210f ] Request (ServersListShow2100Test:test_list_show_rebuild_update_server_2100): 202 POST http://10.180.1.21/compute/v2.1/servers/f8ca7efc-5bc2-4904-88d2-24c7c958f10e/action 0.307s
2025-11-27 03:38:43.687 67484 WARNING tempest.lib.common.ssh [-] Failed to establish authenticated ssh connection to cirros@10.180.180.131 ([Errno None] Unable to connect to port 22 on 10.180.180.131). Number attempts: 4. Retry after 5 seconds.: paramiko.ssh_exception.NoValidConnectionsError: [Errno None] Unable to connect to port 22 on 10.180.180.131
2025-11-27 03:38:43.843 67512 INFO tempest.lib.common.rest_client [req-e84eee59-2c1c-4130-8476-3fa48ce4e642 req-e84eee59-2c1c-4130-8476-3fa48ce4e642 ] Request (ImagesOneServerNegativeTestJSON:tearDown): 200 GET http://10.180.1.21/compute/v2.1/servers/52a7e8ee-d03a-43d7-9bee-de241ccc32e2 0.211s
2025-11-27 03:38:43.855 67512 INFO tempest.common.waiters [-] State transition "ACTIVE/image_snapshot" ==> "ACTIVE/image_pending_upload" after 2 second wait
2025-11-27 03:38:43.873 67494 INFO tempest.lib.common.rest_client [req-9af8856c-3b4b-4287-affd-82bfbfe17d41 req-9af8856c-3b4b-4287-affd-82bfbfe17d41 ] Request (ServerDiskConfigTestJSON:test_rebuild_server_with_manual_disk_config): 200 GET http://10.180.1.21/compute/v2.1/servers/dc1a2386-a568-4e07-8cbd-9f2b65f2ba26 0.191s
2025-11-27 03:38:43.912 67514 INFO tempest.lib.common.rest_client [req-e56daab1-548c-4e8a-9951-376136b003ff req-e56daab1-548c-4e8a-9951-376136b003ff ] Request (AttachInterfacesUnderV243Test:test_add_remove_fixed_ip): 200 GET http://10.180.1.21/compute/v2.1/servers/806e50b0-73ac-47fc-8d6e-1f1540a15655/ips 0.209s
2025-11-27 03:38:43.940 67462 INFO tempest.lib.common.rest_client [req-1e0923fd-05f0-4614-ac13-2061b17c9b31 req-1e0923fd-05f0-4614-ac13-2061b17c9b31 ] Request (ServersListShow2100Test:test_list_show_rebuild_update_server_2100): 200 GET http://10.180.1.21/compute/v2.1/servers/f8ca7efc-5bc2-4904-88d2-24c7c958f10e 0.243s
2025-11-27 03:38:43.989 67502 INFO tempest.lib.common.rest_client [req-901e0f77-46e1-4f83-8999-c00fcac4ae7f req-901e0f77-46e1-4f83-8999-c00fcac4ae7f ] Request (AttachInterfacesTestJSON:test_create_list_show_delete_interfaces_by_network_port): 200 GET http://10.180.1.21/compute/v2.1/servers/11bac7e9-3a72-4c20-8efd-1b50ea4bf763 0.205s
2025-11-27 03:38:44.057 67490 INFO tempest.lib.common.rest_client [req-1e3f16b0-ecbe-468e-a5ca-6ae6604909bf req-1e3f16b0-ecbe-468e-a5ca-6ae6604909bf ] Request (ServerPasswordTestJSON:tearDownClass): 200 GET http://10.180.1.21/compute/v2.1/servers/23c91c05-fa0b-47e0-9883-232b674a21b2 0.177s
2025-11-27 03:38:44.112 67522 INFO tempest.lib.common.rest_client [req-19a60fe1-5e13-474f-bce0-87c18581775b req-19a60fe1-5e13-474f-bce0-87c18581775b ] Request (ServerRescueTestJSONUnderV235:tearDownClass): 200 PUT http://10.180.1.21/networking/v2.0/routers/ea74e29a-23e2-4bdc-ac45-e7fe83958426/remove_router_interface 1.060s
2025-11-27 03:38:44.167 67514 INFO tempest.lib.common.rest_client [req-39338544-6aea-4745-acf6-e53ba87277cc req-39338544-6aea-4745-acf6-e53ba87277cc ] Request (AttachInterfacesUnderV243Test:_run_cleanups): 204 DELETE http://10.180.1.21/compute/v2.1/servers/806e50b0-73ac-47fc-8d6e-1f1540a15655 0.253s
2025-11-27 03:38:44.195 67458 INFO tempest.lib.common.rest_client [req-b9872947-6425-4636-8b73-2683b8d005db req-b9872947-6425-4636-8b73-2683b8d005db ] Request (MigrationsAdminTest:test_resize_server_revert_deleted_flavor): 200 GET http://10.180.1.21/compute/v2.1/servers/83838f9e-3ade-4a08-be93-dd3374a7fafa 0.294s
2025-11-27 03:38:44.400 67478 INFO tempest.lib.common.rest_client [req-cde9a0b6-9602-4b62-ab61-100a1ece22ca req-cde9a0b6-9602-4b62-ab61-100a1ece22ca ] Request (ServersAdminTestJSON:test_rebuild_server_in_error_state): 200 GET http://10.180.1.21/compute/v2.1/servers/dc9c66ae-d399-4194-80d0-63cb8117726b 0.381s
2025-11-27 03:38:44.409 67478 INFO tempest.common.waiters [-] State transition "REBUILD/rebuilding" ==> "REBUILD/rebuild_block_device_mapping" after 4 second wait
2025-11-27 03:38:44.429 67508 INFO tempest.lib.common.rest_client [req-f60499f7-f80f-4a22-b8d8-3dbf847a9221 req-f60499f7-f80f-4a22-b8d8-3dbf847a9221 ] Request (ServerRescueNegativeTestJSON:setUpClass): 200 GET http://10.180.1.21/compute/v2.1/servers/95fe42e5-d746-45a5-9c8b-8eddb3d3f136 0.393s
2025-11-27 03:38:44.479 67477 INFO tempest.lib.common.rest_client [req-3c509dcb-e916-49c3-9718-03fac3dfa3c1 req-3c509dcb-e916-49c3-9718-03fac3dfa3c1 ] Request (ServerRescueTestJSON:setUpClass): 200 GET http://10.180.1.21/compute/v2.1/servers/9f709574-5fcf-49ba-a9f2-116032c3f9b0 0.356s
2025-11-27 03:38:44.564 67522 INFO tempest.lib.common.rest_client [req-b6220e92-9d70-4108-8a53-8c9f10afcdbb req-b6220e92-9d70-4108-8a53-8c9f10afcdbb ] Request (ServerRescueTestJSONUnderV235:tearDownClass): 204 DELETE http://10.180.1.21/networking/v2.0/routers/ea74e29a-23e2-4bdc-ac45-e7fe83958426 0.450s
2025-11-27 03:38:44.590 67506 INFO tempest.lib.common.rest_client [req-d1b37577-50a1-4f2c-a459-290f489d1ae7 req-d1b37577-50a1-4f2c-a459-290f489d1ae7 ] Request (FloatingIPsAssociationTestJSON:tearDownClass): 200 GET http://10.180.1.21/compute/v2.1/servers/5f0f7cd1-6daf-4c94-8f72-6ac819263b7e 0.358s
2025-11-27 03:38:44.622 67514 INFO tempest.lib.common.rest_client [req-f1e65e30-6203-4de6-acd1-448b578944d9 req-f1e65e30-6203-4de6-acd1-448b578944d9 ] Request (AttachInterfacesUnderV243Test:_run_cleanups): 200 GET http://10.180.1.21/compute/v2.1/servers/806e50b0-73ac-47fc-8d6e-1f1540a15655 0.454s
2025-11-27 03:38:44.730 67522 INFO tempest.lib.common.rest_client [req-97e2800f-490e-498a-ae66-4e46f6184252 req-97e2800f-490e-498a-ae66-4e46f6184252 ] Request (ServerRescueTestJSONUnderV235:tearDownClass): 204 DELETE http://10.180.1.21/networking/v2.0/subnets/8f48aa45-8115-4604-a2b1-2e9d02359ad2 0.166s
2025-11-27 03:38:44.759 67468 INFO tempest.lib.common.rest_client [req-3b9d910e-5665-4fe1-9dba-cbd23ba3cf0e req-3b9d910e-5665-4fe1-9dba-cbd23ba3cf0e ] Request (SecurityGroupsTestJSON:test_server_security_groups): 200 GET http://10.180.1.21/compute/v2.1/servers/01a9245d-9b58-4733-9638-9204e46b17b3 0.468s
2025-11-27 03:38:44.787 67518 INFO tempest.lib.common.rest_client [req-0dce3ab7-9176-4ff4-b4b7-2c3c7e8a585e req-0dce3ab7-9176-4ff4-b4b7-2c3c7e8a585e ] Request (ImagesTestJSON:test_create_server_from_snapshot): 200 GET http://10.180.1.21/compute/v2.1/servers/9e208dbb-8277-47dd-ac1d-723e15acda89 0.521s
2025-11-27 03:38:44.826 67464 INFO tempest.lib.common.rest_client [req-a6d15108-bd00-4ed2-923e-2c2e357bf838 req-a6d15108-bd00-4ed2-923e-2c2e357bf838 ] Request (ServersAaction247Test:test_create_backup): 200 GET http://10.180.1.21/compute/v2.1/servers/2943dd9f-5621-4a2f-bead-cdce2cd1bac1 0.481s
2025-11-27 03:38:44.856 67487 INFO tempest.lib.common.rest_client [req-ecbf9bec-7691-40f4-808c-f625b8637c8b req-ecbf9bec-7691-40f4-808c-f625b8637c8b ] Request (ServerShowV254Test:tearDownClass): 200 GET http://10.180.1.21/compute/v2.1/servers/d1788258-7750-4f63-b5fe-ddfeedfb2172 0.409s
2025-11-27 03:38:44.902 67522 INFO tempest.lib.common.rest_client [req-784d0748-cd23-409a-bdb5-bbe52111a75b req-784d0748-cd23-409a-bdb5-bbe52111a75b ] Request (ServerRescueTestJSONUnderV235:tearDownClass): 204 DELETE http://10.180.1.21/networking/v2.0/networks/0ff3c455-b3eb-4b77-96b5-8afa25623322 0.169s
2025-11-27 03:38:44.995 67492 INFO tempest.lib.common.rest_client [req-42fe3d1a-9b5e-4607-9668-71a1f19bb476 req-42fe3d1a-9b5e-4607-9668-71a1f19bb476 ] Request (ServersNegativeTestJSON:setUpClass): 200 GET http://10.180.1.21/compute/v2.1/servers/060c7cdc-b201-4717-9c6c-e7efab483bd0 0.406s
2025-11-27 03:38:45.045 67522 INFO tempest.lib.common.rest_client [req-46aefd6a-cc7e-4c5a-aec9-73f050b0ecd8 req-46aefd6a-cc7e-4c5a-aec9-73f050b0ecd8 ] Request (ServerRescueTestJSONUnderV235:tearDownClass): 204 DELETE http://10.180.1.21/identity/v3/users/f6907bab8e7444f0b54ea0bd937c324f 0.143s
2025-11-27 03:38:45.046 67522 INFO tempest.lib.common.dynamic_creds [-] Deleting project and security group for project: 083ac0d10c5c4ccea42cfb38a3d56d06
2025-11-27 03:38:45.100 67522 INFO tempest.lib.common.rest_client [req-0af6d4b2-aeaa-4cfe-88ad-2c55387dec7f req-0af6d4b2-aeaa-4cfe-88ad-2c55387dec7f ] Request (ServerRescueTestJSONUnderV235:tearDownClass): 200 GET http://10.180.1.21/networking/v2.0/security-groups?tenant_id=083ac0d10c5c4ccea42cfb38a3d56d06&name=default 0.054s
2025-11-27 03:38:45.159 67512 INFO tempest.lib.common.rest_client [req-a8f09e1c-6042-4521-9ab5-305e4bf36532 req-a8f09e1c-6042-4521-9ab5-305e4bf36532 ] Request (ImagesOneServerNegativeTestJSON:tearDown): 200 GET http://10.180.1.21/compute/v2.1/servers/52a7e8ee-d03a-43d7-9bee-de241ccc32e2 0.302s
