2025-11-21 11:45:45.926 66016 INFO tempest.lib.common.rest_client [req-05108484-e439-45c0-b2a2-eada5332351e req-05108484-e439-45c0-b2a2-eada5332351e ] Request (ServerActionsV293TestJSON:setUpClass): 201 POST http://10.180.1.21/identity/v3/auth/tokens 0.103s
2025-11-21 11:45:45.947 66004 INFO tempest.lib.common.rest_client [req-8c9661f4-18b9-409f-bd85-88eeec7866f8 req-8c9661f4-18b9-409f-bd85-88eeec7866f8 ] Request (FlavorsAdminTestJSON:_run_cleanups): 200 GET http://10.180.1.21/compute/v2.1/flavors/detail 7.088s
2025-11-21 11:45:45.952 66050 INFO tempest.lib.common.rest_client [-] Request (TestVersions:test_list_api_versions): 200 GET http://10.180.1.21/compute/ 7.086s
2025-11-21 11:45:45.964 66008 INFO tempest.lib.common.rest_client [req-b24aa8db-5c01-426c-93bf-a120cec76f50 req-b24aa8db-5c01-426c-93bf-a120cec76f50 ] Request (ServersAdminNegativeTestJSON:setUpClass): 200 GET http://10.180.1.21/compute/v2.1/servers/d6e1ccf3-0c11-4637-a892-d9b1931ce333 7.145s
2025-11-21 11:45:45.997 66016 INFO tempest.lib.common.rest_client [req-7b3be158-de28-48ff-b1b8-6b510e26b6c1 req-7b3be158-de28-48ff-b1b8-6b510e26b6c1 ] Request (ServerActionsV293TestJSON:setUpClass): 201 POST http://10.180.1.21/identity/v3/auth/tokens 0.068s
2025-11-21 11:45:46.044 66014 INFO tempest.lib.common.rest_client [req-e115bf3e-d1cf-4863-9198-faf797fc2025 req-e115bf3e-d1cf-4863-9198-faf797fc2025 ] Request (ImagesTestJSON:test_create_image_from_suspended_server): 200 GET http://10.180.1.21/compute/v2.1/servers/f10d9748-c1fb-423a-8a69-4f518da22c3c 6.306s
2025-11-21 11:45:46.099 66050 INFO tempest.lib.common.rest_client [req-558b9b39-1caf-4b4f-83af-b4d2271d1bdd req-558b9b39-1caf-4b4f-83af-b4d2271d1bdd ] Request (TestVersions:tearDownClass): 204 DELETE http://10.180.1.21/identity/v3/users/0ef2d7c3a8ff4719b387f0fcaecadddd 0.139s
2025-11-21 11:45:46.099 66050 INFO tempest.lib.common.dynamic_creds [-] Deleting project and security group for project: eaa6680aa57d428fb7b6476d16239ec5
2025-11-21 11:45:46.184 66016 INFO tempest.lib.common.rest_client [req-a507b9fb-781f-45aa-ba7d-e4cbc326f8a9 req-a507b9fb-781f-45aa-ba7d-e4cbc326f8a9 ] Request (ServerActionsV293TestJSON:setUpClass): 200 GET http://10.180.1.21/identity/v3/domains?name=Default 0.186s
2025-11-21 11:45:46.202 66050 INFO tempest.lib.common.rest_client [req-d9d80b99-a731-40fc-843f-eea59d46daa6 req-d9d80b99-a731-40fc-843f-eea59d46daa6 ] Request (TestVersions:tearDownClass): 201 POST http://10.180.1.21/identity/v3/auth/tokens 0.102s
2025-11-21 11:45:46.247 66016 INFO tempest.lib.common.rest_client [req-a5040b28-e299-496e-acc5-3b3179bb9da5 req-a5040b28-e299-496e-acc5-3b3179bb9da5 ] Request (ServerActionsV293TestJSON:setUpClass): 201 POST http://10.180.1.21/identity/v3/projects 0.063s
2025-11-21 11:45:46.267 66040 INFO tempest.lib.common.rest_client [req-3b2c68a9-228c-41a0-b8e1-7d7fa342a5a3 req-3b2c68a9-228c-41a0-b8e1-7d7fa342a5a3 ] Request (ImagesOneServerNegativeTestJSON:setUp): 200 GET http://10.180.1.21/compute/v2.1/servers/87525174-5196-42c4-9522-f7174d496ecb 5.622s
2025-11-21 11:45:46.327 66016 INFO tempest.lib.common.rest_client [req-dc9d58e1-f0e3-46f0-a086-520bca2f69ad req-dc9d58e1-f0e3-46f0-a086-520bca2f69ad ] Request (ServerActionsV293TestJSON:setUpClass): 201 POST http://10.180.1.21/identity/v3/users 0.079s
2025-11-21 11:45:46.351 66016 INFO tempest.lib.common.rest_client [req-377dde40-92e1-4920-b053-97b2a778fde5 req-377dde40-92e1-4920-b053-97b2a778fde5 ] Request (ServerActionsV293TestJSON:setUpClass): 200 GET http://10.180.1.21/identity/v3/roles 0.023s
2025-11-21 11:45:46.354 65998 INFO tempest.lib.common.rest_client [req-f2982e60-74fc-4185-b085-135c185a8816 req-f2982e60-74fc-4185-b085-135c185a8816 ] Request (DeleteServersAdminTestJSON:test_delete_server_while_in_error_state): 204 DELETE http://10.180.1.21/compute/v2.1/servers/b031a786-9934-406c-aba4-87252b3b3498 5.681s
2025-11-21 11:45:46.393 66016 INFO tempest.lib.common.rest_client [req-40b18d27-b703-4806-85f9-7ae9a37664d5 req-40b18d27-b703-4806-85f9-7ae9a37664d5 ] Request (ServerActionsV293TestJSON:setUpClass): 204 PUT http://10.180.1.21/identity/v3/projects/2931e671c6ce4ac4b697da23949f6c3b/users/d88bb44b8faa439b8ada5ad3496097e5/roles/8ba51ba7250a49d987f319ff040b8e7c 0.041s
2025-11-21 11:45:46.393 66016 INFO tempest.lib.common.dynamic_creds [-] Dynamic test user d88bb44b8faa439b8ada5ad3496097e5 is created with scope project and roles: ['member']
2025-11-21 11:45:46.393 66016 INFO tempest.lib.common.dynamic_creds [-] Acquired dynamic creds: credentials: Credentials: {'domain_id': 'default', 'domain_name': 'Default', 'username': 'tempest-ServerActionsV293TestJSON-1818805690-project-member', 'project_domain_id': 'default', 'project_domain_name': 'Default', 'project_id': '2931e671c6ce4ac4b697da23949f6c3b', 'project_name': 'tempest-ServerActionsV293TestJSON-1818805690', 'tenant_id': '2931e671c6ce4ac4b697da23949f6c3b', 'tenant_name': 'tempest-ServerActionsV293TestJSON-1818805690', 'user_domain_id': 'default', 'user_domain_name': 'Default', 'user_id': 'd88bb44b8faa439b8ada5ad3496097e5', 'system': None}, Network: None, Subnet: None, Router: None
2025-11-21 11:45:46.445 66050 INFO tempest.lib.common.rest_client [req-adb97c59-a49c-4314-bc68-64cd26b5b3be req-adb97c59-a49c-4314-bc68-64cd26b5b3be ] Request (TestVersions:tearDownClass): 200 GET http://10.180.1.21/networking/v2.0/security-groups?tenant_id=eaa6680aa57d428fb7b6476d16239ec5&name=default 0.243s
2025-11-21 11:45:46.457 66016 INFO tempest.lib.common.rest_client [req-67bf28e9-f606-4f69-b2df-03a317f93379 req-67bf28e9-f606-4f69-b2df-03a317f93379 ] Request (ServerActionsV293TestJSON:setUpClass): 201 POST http://10.180.1.21/identity/v3/auth/tokens 0.063s
2025-11-21 11:45:46.510 65990 INFO tempest.lib.common.rest_client [req-f1c93b00-111d-41dc-bd53-acb6186d7536 req-f1c93b00-111d-41dc-bd53-acb6186d7536 ] Request (InstanceActionsV221TestJSON:test_get_list_deleted_instance_actions): 200 GET http://10.180.1.21/compute/v2.1/servers/9e36a3d4-55b1-43a6-b9a6-b73ae84d299d 5.745s
2025-11-21 11:45:46.612 66050 INFO tempest.lib.common.rest_client [req-74f56442-c393-4c14-aab2-67531880dd0a req-74f56442-c393-4c14-aab2-67531880dd0a ] Request (TestVersions:tearDownClass): 204 DELETE http://10.180.1.21/networking/v2.0/security-groups/43481f69-e06d-4f9d-b253-62c8f39e8222 0.167s
2025-11-21 11:45:46.625 66036 WARNING tempest.lib.common.ssh [-] Failed to establish authenticated ssh connection to cirros@10.180.180.174 ([Errno None] Unable to connect to port 22 on 10.180.180.174). Number attempts: 8. Retry after 9 seconds.: paramiko.ssh_exception.NoValidConnectionsError: [Errno None] Unable to connect to port 22 on 10.180.180.174
2025-11-21 11:45:46.689 66050 INFO tempest.lib.common.rest_client [req-3f18fa9b-725b-48c4-98c4-1a40a5f3a5b6 req-3f18fa9b-725b-48c4-98c4-1a40a5f3a5b6 ] Request (TestVersions:tearDownClass): 204 DELETE http://10.180.1.21/identity/v3/projects/eaa6680aa57d428fb7b6476d16239ec5 0.076s
2025-11-21 11:45:47.023 66016 INFO tempest.lib.common.rest_client [req-4f120d54-4077-4e45-8f7f-06fe7a74082a req-4f120d54-4077-4e45-8f7f-06fe7a74082a ] Request (ServerActionsV293TestJSON:setUpClass): 201 POST http://10.180.1.21/networking/v2.0/networks 0.565s
2025-11-21 11:45:47.139 66046 INFO tempest.lib.common.rest_client [req-3d712981-6e1e-46bd-97f0-c08392486ffe req-3d712981-6e1e-46bd-97f0-c08392486ffe ] Request (ServersV294TestFqdnHostnames:setUpClass): 200 GET http://10.180.1.21/compute/v2.1/servers/92b6a570-7754-4d43-818e-8d975c54e683/os-interface 6.017s
2025-11-21 11:45:47.153 65996 INFO tempest.lib.common.rest_client [req-2cc17d75-5f96-4b06-86d7-8c49624a3fd0 req-2cc17d75-5f96-4b06-86d7-8c49624a3fd0 ] Request (AggregatesAdminNegativeTestJSON:test_aggregate_delete_with_invalid_id): 404 DELETE http://10.180.1.21/compute/v2.1/os-aggregates/-1 6.014s
2025-11-21 11:45:47.160 66012 INFO tempest.lib.common.rest_client [req-a483e275-d064-4c35-a44b-7badceb2c1d2 req-a483e275-d064-4c35-a44b-7badceb2c1d2 ] Request (HypervisorAdminNegativeTestJSON:test_get_nonexistent_hypervisor_uptime): 404 GET http://10.180.1.21/compute/v2.1/os-hypervisors/3809d42d-2b7c-489f-973f-f437d70241b3/uptime 6.013s
2025-11-21 11:45:47.436 66016 INFO tempest.lib.common.rest_client [req-863435c2-80b4-4220-9bb9-fc6920527b58 req-863435c2-80b4-4220-9bb9-fc6920527b58 ] Request (ServerActionsV293TestJSON:setUpClass): 201 POST http://10.180.1.21/networking/v2.0/subnets 0.413s
2025-11-21 11:45:48.048 66046 INFO tempest.lib.common.rest_client [req-9a5a551a-bd96-4b52-9bb4-a52316907d80 req-9a5a551a-bd96-4b52-9bb4-a52316907d80 ] Request (ServersV294TestFqdnHostnames:setUpClass): 200 PUT http://10.180.1.21/networking/v2.0/floatingips/35072fc0-a10d-43d5-8cec-2a339008dfc5 0.906s
2025-11-21 11:45:48.429 66016 INFO tempest.lib.common.rest_client [req-bd97c630-c4d5-41ce-92c6-1f58c750fa2f req-bd97c630-c4d5-41ce-92c6-1f58c750fa2f ] Request (ServerActionsV293TestJSON:setUpClass): 201 POST http://10.180.1.21/networking/v2.0/routers 0.992s
2025-11-21 11:45:48.547 65992 INFO tempest.lib.common.rest_client [req-cbab62c2-5bc3-4541-8543-fe058573cee6 req-cbab62c2-5bc3-4541-8543-fe058573cee6 ] Request (ServersNegativeTestJSON:setUpClass): 202 POST http://10.180.1.21/compute/v2.1/servers 8.595s
2025-11-21 11:45:48.573 66022 INFO tempest.lib.common.rest_client [req-d64fdacd-ca47-4d0e-b54e-18aa0f1b27d5 req-d64fdacd-ca47-4d0e-b54e-18aa0f1b27d5 ] Request (FlavorsAccessNegativeTestJSON:_run_cleanups): 200 GET http://10.180.1.21/compute/v2.1/flavors/detail 6.566s
2025-11-21 11:45:48.600 66049 INFO tempest.lib.common.rest_client [req-70f3086a-5c5c-4a0b-b9f9-bfaf0fa838cb req-70f3086a-5c5c-4a0b-b9f9-bfaf0fa838cb ] Request (ImagesNegativeTestJSON:test_create_image_from_deleted_server): 404 POST http://10.180.1.21/compute/v2.1/servers/c4fac527-f0a0-47e8-88ee-88f24476dbf6/action 6.533s
2025-11-21 11:45:48.684 65994 INFO tempest.lib.common.rest_client [req-d4f39f48-ec2d-47a1-a157-e11f15255278 req-d4f39f48-ec2d-47a1-a157-e11f15255278 ] Request (ServerActionsTestJSON:test_lock_unlock_server): 202 POST http://10.180.1.21/compute/v2.1/servers/19c1f1f3-4234-4712-9b3c-dc33bdab8b80/action 6.553s
2025-11-21 11:45:48.936 66026 INFO paramiko.transport [-] Connected (version 2.0, client dropbear_2020.81)
2025-11-21 11:45:49.048 66026 INFO paramiko.transport [-] Authentication (publickey) successful!
2025-11-21 11:45:49.053 66026 INFO tempest.lib.common.ssh [-] ssh connection to cirros@10.180.180.236 successfully created
2025-11-21 11:45:49.358 66016 INFO tempest.lib.common.rest_client [req-229ad651-e369-4299-adf5-a990b5673642 req-229ad651-e369-4299-adf5-a990b5673642 ] Request (ServerActionsV293TestJSON:setUpClass): 200 PUT http://10.180.1.21/networking/v2.0/routers/d5823f7a-4df2-4659-9383-4a516338be76/add_router_interface 0.929s
2025-11-21 11:45:49.359 66016 INFO tempest.lib.common.dynamic_creds [-] Created isolated network resources for: credentials: Credentials: {'domain_id': 'default', 'domain_name': 'Default', 'username': 'tempest-ServerActionsV293TestJSON-1818805690-project-member', 'project_domain_id': 'default', 'project_domain_name': 'Default', 'project_id': '2931e671c6ce4ac4b697da23949f6c3b', 'project_name': 'tempest-ServerActionsV293TestJSON-1818805690', 'tenant_id': '2931e671c6ce4ac4b697da23949f6c3b', 'tenant_name': 'tempest-ServerActionsV293TestJSON-1818805690', 'user_domain_id': 'default', 'user_domain_name': 'Default', 'user_id': 'd88bb44b8faa439b8ada5ad3496097e5', 'system': None}, Network: {'id': '90591fff-7f97-4e4d-80be-59bbf2ca4c4e', 'name': 'tempest-ServerActionsV293TestJSON-871053954-network', 'tenant_id': '2931e671c6ce4ac4b697da23949f6c3b', 'project_id': '2931e671c6ce4ac4b697da23949f6c3b', 'admin_state_up': True, 'mtu': 8950, 'status': 'ACTIVE', 'subnets': [], 'shared': False, 'port_security_enabled': True, 'router:external': False, 'provider:network_type': 'vlan', 'provider:physical_network': 'default', 'provider:segmentation_id': 981, 'availability_zone_hints': [], 'availability_zones': [], 'ipv4_address_scope': None, 'ipv6_address_scope': None, 'description': '', 'tags': [], 'created_at': '2025-11-21T11:45:46Z', 'updated_at': '2025-11-21T11:45:46Z', 'revision_number': 1}, Subnet: {'id': 'e0e00a92-efff-40f3-98aa-c1a9137af18f', 'name': 'tempest-ServerActionsV293TestJSON-871053954-subnet', 'tenant_id': '2931e671c6ce4ac4b697da23949f6c3b', 'network_id': '90591fff-7f97-4e4d-80be-59bbf2ca4c4e', 'ip_version': 4, 'subnetpool_id': None, 'enable_dhcp': True, 'ipv6_ra_mode': None, 'ipv6_address_mode': None, 'gateway_ip': '192.168.128.1', 'cidr': '192.168.128.0/28', 'allocation_pools': [{'start': '192.168.128.2', 'end': '192.168.128.14'}], 'host_routes': [], 'dns_nameservers': [], 'description': '', 'router:external': False, 'service_types': [], 'tags': [], 'created_at': '2025-11-21T11:45:47Z', 'updated_at': '2025-11-21T11:45:47Z', 'revision_number': 0, 'project_id': '2931e671c6ce4ac4b697da23949f6c3b'}, Router: {'id': 'd5823f7a-4df2-4659-9383-4a516338be76', 'name': 'tempest-ServerActionsV293TestJSON-871053954-router', 'tenant_id': '2931e671c6ce4ac4b697da23949f6c3b', 'admin_state_up': True, 'status': 'ACTIVE', 'external_gateway_info': {'network_id': '52921814-878f-48b9-90fb-3ade1ae940be', 'external_fixed_ips': [{'subnet_id': '1db8257a-8c9b-4ba6-9e7f-45fc684f5c93', 'ip_address': '10.180.180.253'}], 'enable_snat': True}, 'description': '', 'availability_zones': [], 'distributed': False, 'ha': False, 'availability_zone_hints': [], 'routes': [], 'flavor_id': None, 'tags': [], 'created_at': '2025-11-21T11:45:47Z', 'updated_at': '2025-11-21T11:45:48Z', 'revision_number': 2, 'project_id': '2931e671c6ce4ac4b697da23949f6c3b'}
2025-11-21 11:45:49.444 66016 INFO tempest.lib.common.rest_client [req-5776d36b-70d5-4a3a-9509-1ee773dec33b req-5776d36b-70d5-4a3a-9509-1ee773dec33b ] Request (ServerActionsV293TestJSON:setUpClass): 201 POST http://10.180.1.21/identity/v3/auth/tokens 0.081s
2025-11-21 11:45:49.650 66024 INFO tempest.lib.common.rest_client [req-4f160640-0810-4371-ad3b-a492554183a8 req-4f160640-0810-4371-ad3b-a492554183a8 ] Request (ServerAddressesTestJSON:setUpClass): 202 POST http://10.180.1.21/compute/v2.1/servers 7.751s
2025-11-21 11:45:50.046 66030 INFO tempest.lib.common.rest_client [req-ab9bb770-cf54-49d6-824d-bc2e0950b162 req-ab9bb770-cf54-49d6-824d-bc2e0950b162 ] Request (MigrationsAdminTest:test_list_migrations_in_flavor_resize_situation): 200 GET http://10.180.1.21/compute/v2.1/servers/58ff5ced-6ad5-44de-991b-237b66a94cea 7.837s
2025-11-21 11:45:50.253 66052 INFO tempest.lib.common.rest_client [req-4bf1bd14-7545-412b-af1d-27fd01513141 req-4bf1bd14-7545-412b-af1d-27fd01513141 ] Request (FloatingIPsAssociationTestJSON:test_associate_already_associated_floating_ip): 202 POST http://10.180.1.21/compute/v2.1/servers 8.106s
2025-11-21 11:45:50.294 66006 INFO tempest.lib.common.rest_client [req-94b7b387-da0e-4525-b192-0a2fdb517200 req-94b7b387-da0e-4525-b192-0a2fdb517200 ] Request (ServersTestBootFromVolume:test_list_servers_with_detail): 200 GET http://10.180.1.21/compute/v2.1/servers/detail 7.625s
2025-11-21 11:45:50.329 66010 INFO tempest.lib.common.rest_client [req-53569315-7f40-4ed8-92fc-df82b69d06d3 req-53569315-7f40-4ed8-92fc-df82b69d06d3 ] Request (ServerDiagnosticsV248Test:tearDownClass): 404 GET http://10.180.1.21/compute/v2.1/servers/731c7200-d03b-44c9-b0de-c1092c046340 6.989s
2025-11-21 11:45:50.414 66032 INFO tempest.lib.common.rest_client [req-75250bf3-374f-466c-9625-9b5312e20a94 req-75250bf3-374f-466c-9625-9b5312e20a94 ] Request (FloatingIPsAssociationNegativeTestJSON:setUpClass): 200 GET http://10.180.1.21/compute/v2.1/servers/cd265c37-1056-44dc-8af3-2a89f7973d7d 7.427s
2025-11-21 11:45:50.421 66032 INFO tempest.common.waiters [-] State transition "BUILD/spawning" ==> "ACTIVE/None" after 19 second wait
2025-11-21 11:45:50.449 66010 INFO tempest.lib.common.rest_client [req-21683cf6-ccb7-456f-a6d4-c3208efb07de req-21683cf6-ccb7-456f-a6d4-c3208efb07de ] Request (ServerDiagnosticsV248Test:tearDownClass): 204 DELETE http://10.180.1.21/identity/v3/users/315c650e95cb4f6ab3790c4d5c6faeba 0.119s
2025-11-21 11:45:50.550 66010 INFO tempest.lib.common.rest_client [req-ce33e219-6eb3-484d-82f8-23a52c83c471 req-ce33e219-6eb3-484d-82f8-23a52c83c471 ] Request (ServerDiagnosticsV248Test:tearDownClass): 204 DELETE http://10.180.1.21/identity/v3/users/24053e25938b47958a9e3243bb09b527 0.101s
2025-11-21 11:45:50.551 66010 INFO tempest.lib.common.dynamic_creds [-] Deleting project and security group for project: c93752c48a6a41b79ca9f4f5eb5d8cba
2025-11-21 11:45:50.558 66038 INFO tempest.lib.common.rest_client [req-058d62cd-33d0-44c8-bae5-b630a307858b req-058d62cd-33d0-44c8-bae5-b630a307858b ] Request (ServerAddressesNegativeTestJSON:setUpClass): 200 GET http://10.180.1.21/compute/v2.1/servers/a35da8b8-f499-405b-bad2-bfbfa1af1a37 6.155s
2025-11-21 11:45:50.565 66038 INFO tempest.common.waiters [-] State transition "BUILD/spawning" ==> "ACTIVE/None" after 20 second wait
2025-11-21 11:45:50.624 66010 INFO tempest.lib.common.rest_client [req-4026514e-2937-4386-8466-2da4e193cd0f req-4026514e-2937-4386-8466-2da4e193cd0f ] Request (ServerDiagnosticsV248Test:tearDownClass): 201 POST http://10.180.1.21/identity/v3/auth/tokens 0.072s
2025-11-21 11:45:50.667 66000 INFO tempest.lib.common.rest_client [req-a597d024-9f5d-420e-acde-ab873e538433 req-a597d024-9f5d-420e-acde-ab873e538433 ] Request (FloatingIPDetailsTestJSON:test_get_floating_ip_details): 200 GET http://10.180.1.21/compute/v2.1/os-floating-ips/4536cb5d-e13d-425c-9dc4-e9091d3000d4 5.219s
2025-11-21 11:45:50.743 66034 INFO tempest.lib.common.rest_client [req-54024443-ee97-4420-beac-861b21f5d1e6 req-54024443-ee97-4420-beac-861b21f5d1e6 ] Request (ServersAdminTestJSON:test_inject_network_info): 200 GET http://10.180.1.21/compute/v2.1/servers/5d164854-8fbd-4ead-b2eb-24bea9ed7537 5.290s
2025-11-21 11:45:50.844 66010 INFO tempest.lib.common.rest_client [req-0efb45f3-08b1-4c85-9afc-61378d5ad8d2 req-0efb45f3-08b1-4c85-9afc-61378d5ad8d2 ] Request (ServerDiagnosticsV248Test:tearDownClass): 200 GET http://10.180.1.21/networking/v2.0/security-groups?tenant_id=c93752c48a6a41b79ca9f4f5eb5d8cba&name=default 0.220s
2025-11-21 11:45:50.923 66002 INFO tempest.lib.common.rest_client [req-5e3c96b2-ab9c-44a8-b8e6-11803fe05326 req-5e3c96b2-ab9c-44a8-b8e6-11803fe05326 ] Request (ServersNegativeTestMultiTenantJSON:setUpClass): 202 POST http://10.180.1.21/compute/v2.1/servers 5.944s
2025-11-21 11:45:50.978 66010 INFO tempest.lib.common.rest_client [req-264d3182-5dd5-45e7-944e-789b6e17ea36 req-264d3182-5dd5-45e7-944e-789b6e17ea36 ] Request (ServerDiagnosticsV248Test:tearDownClass): 204 DELETE http://10.180.1.21/networking/v2.0/security-groups/d9a02576-5dfa-4b16-a1cd-c0cd3df7c732 0.133s
2025-11-21 11:45:51.066 66010 INFO tempest.lib.common.rest_client [req-b09d5bc6-ea2e-47f0-8761-3dad407e8f37 req-b09d5bc6-ea2e-47f0-8761-3dad407e8f37 ] Request (ServerDiagnosticsV248Test:tearDownClass): 204 DELETE http://10.180.1.21/identity/v3/projects/c93752c48a6a41b79ca9f4f5eb5d8cba 0.087s
2025-11-21 11:45:51.066 66010 INFO tempest.lib.common.dynamic_creds [-] Deleting project and security group for project: afaa71c2d6e646e5908de15552d6f728
2025-11-21 11:45:51.187 66010 INFO tempest.lib.common.rest_client [req-69f2546f-f65a-438e-8f45-f32002ad3a4d req-69f2546f-f65a-438e-8f45-f32002ad3a4d ] Request (ServerDiagnosticsV248Test:tearDownClass): 200 GET http://10.180.1.21/networking/v2.0/security-groups?tenant_id=afaa71c2d6e646e5908de15552d6f728&name=default 0.121s
2025-11-21 11:45:51.301 66028 INFO tempest.lib.common.rest_client [req-70cd57d0-858c-42af-b4b7-1c6d0f7a15cf req-70cd57d0-858c-42af-b4b7-1c6d0f7a15cf ] Request (ServersTestManualDisk:test_list_servers_with_detail): 200 GET http://10.180.1.21/compute/v2.1/servers/detail 5.461s
2025-11-21 11:45:51.327 66018 INFO tempest.lib.common.rest_client [req-ff447d6b-7464-43d2-aba2-69ed454f06f3 req-ff447d6b-7464-43d2-aba2-69ed454f06f3 ] Request (ServicesAdminNegativeV253TestJSON:test_get_service_by_invalid_service_and_valid_host): 200 GET http://10.180.1.21/compute/v2.1/os-services 5.408s
2025-11-21 11:45:51.348 66004 INFO tempest.lib.common.rest_client [req-903693f3-ef45-4a61-9c43-ec13149c3c61 req-903693f3-ef45-4a61-9c43-ec13149c3c61 ] Request (FlavorsAdminTestJSON:test_create_server_with_non_public_flavor): 200 POST http://10.180.1.21/compute/v2.1/flavors 5.392s
2025-11-21 11:45:51.352 66020 INFO tempest.lib.common.rest_client [req-6a01f131-0194-45a7-80a9-9d8ea1118ef1 req-6a01f131-0194-45a7-80a9-9d8ea1118ef1 ] Request (ServerActionsTestOtherA:setUpClass): 202 POST http://10.180.1.21/compute/v2.1/servers 5.895s
2025-11-21 11:45:51.353 66040 INFO tempest.lib.common.rest_client [req-0cd09c7f-451f-47b6-b39f-5ac1b40c9997 req-0cd09c7f-451f-47b6-b39f-5ac1b40c9997 ] Request (ImagesOneServerNegativeTestJSON:test_create_image_specify_metadata_over_limits): 400 POST http://10.180.1.21/compute/v2.1/servers/87525174-5196-42c4-9522-f7174d496ecb/action 5.074s
2025-11-21 11:45:51.354 66010 INFO tempest.lib.common.rest_client [req-ef5c21a4-920e-4286-a83a-06c57bd5d092 req-ef5c21a4-920e-4286-a83a-06c57bd5d092 ] Request (ServerDiagnosticsV248Test:tearDownClass): 204 DELETE http://10.180.1.21/networking/v2.0/security-groups/952f151d-b20e-4329-b8a9-db35955d04f0 0.166s
2025-11-21 11:45:51.488 66010 INFO tempest.lib.common.rest_client [req-b0b00602-29c6-4201-95ed-1fca9d87f5e9 req-b0b00602-29c6-4201-95ed-1fca9d87f5e9 ] Request (ServerDiagnosticsV248Test:tearDownClass): 204 DELETE http://10.180.1.21/identity/v3/projects/afaa71c2d6e646e5908de15552d6f728 0.133s
2025-11-21 11:45:51.489 66010 INFO tempest.test [-] raised in ServersOnMultiNodesTest.setUpClass. Invoking tearDownClass.
2025-11-21 11:45:51.534 65998 INFO tempest.lib.common.rest_client [req-58de4a47-0e5d-4f44-8d46-c9a905d00d7a req-58de4a47-0e5d-4f44-8d46-c9a905d00d7a ] Request (DeleteServersAdminTestJSON:test_delete_server_while_in_error_state): 200 GET http://10.180.1.21/compute/v2.1/servers/b031a786-9934-406c-aba4-87252b3b3498 5.179s
2025-11-21 11:45:51.570 66044 INFO tempest.lib.common.rest_client [req-dba1ccf7-af87-4a16-87d4-cd33ab2184bb req-dba1ccf7-af87-4a16-87d4-cd33ab2184bb ] Request (SecurityGroupsTestJSON:test_list_security_groups_by_server): 200 GET http://10.180.1.21/compute/v2.1/servers/5eb54850-616a-4be0-9e14-a062fbccb7d6 4.677s
2025-11-21 11:45:51.578 66044 INFO tempest.common.waiters [-] State transition "BUILD/block_device_mapping" ==> "BUILD/spawning" after 14 second wait
2025-11-21 11:45:51.578 66010 INFO tempest.lib.common.rest_client [req-3887cb3e-3f73-4c93-b678-929ebb6ff14c req-3887cb3e-3f73-4c93-b678-929ebb6ff14c ] Request (ImagesMetadataTestJSON:setUpClass): 201 POST http://10.180.1.21/identity/v3/auth/tokens 0.088s
2025-11-21 11:45:51.598 66008 INFO tempest.lib.common.rest_client [req-635615f9-86ad-4afd-a6cc-0307ac53486f req-635615f9-86ad-4afd-a6cc-0307ac53486f ] Request (ServersAdminNegativeTestJSON:setUpClass): 200 GET http://10.180.1.21/compute/v2.1/servers/d6e1ccf3-0c11-4637-a892-d9b1931ce333 4.623s
2025-11-21 11:45:51.616 66042 WARNING tempest.lib.common.ssh [-] Failed to establish authenticated ssh connection to cirros@10.180.180.212 ([Errno None] Unable to connect to port 22 on 10.180.180.212). Number attempts: 4. Retry after 5 seconds.: paramiko.ssh_exception.NoValidConnectionsError: [Errno None] Unable to connect to port 22 on 10.180.180.212
2025-11-21 11:45:51.623 66010 INFO tempest.lib.common.rest_client [req-47b6c6e4-1666-45c6-b6f2-fc21b0ecbb38 req-47b6c6e4-1666-45c6-b6f2-fc21b0ecbb38 ] Request (ImagesMetadataTestJSON:setUpClass): 201 POST http://10.180.1.21/identity/v3/auth/tokens 0.043s
2025-11-21 11:45:51.644 65996 INFO tempest.lib.common.rest_client [req-b440aacb-169d-4b1a-ac99-ebfe4678a6a5 req-b440aacb-169d-4b1a-ac99-ebfe4678a6a5 ] Request (AggregatesAdminNegativeTestJSON:test_aggregate_get_details_as_user): 200 POST http://10.180.1.21/compute/v2.1/os-aggregates 4.489s
2025-11-21 11:45:51.652 66010 INFO tempest.lib.common.rest_client [req-029284f8-87e9-4fb7-ae0c-e1ec28337604 req-029284f8-87e9-4fb7-ae0c-e1ec28337604 ] Request (ImagesMetadataTestJSON:setUpClass): 200 GET http://10.180.1.21/identity/v3/domains?name=Default 0.028s
2025-11-21 11:45:51.670 66012 INFO tempest.lib.common.rest_client [req-5508cd36-1a7e-49a5-9a76-e32fef483b43 req-5508cd36-1a7e-49a5-9a76-e32fef483b43 ] Request (HypervisorAdminNegativeTestJSON:test_show_hypervisor_with_non_admin_user): 200 GET http://10.180.1.21/compute/v2.1/os-hypervisors 4.509s
2025-11-21 11:45:51.682 66010 INFO tempest.lib.common.rest_client [req-ca64dd06-d88e-4ef8-aea0-775ebadfd5c4 req-ca64dd06-d88e-4ef8-aea0-775ebadfd5c4 ] Request (ImagesMetadataTestJSON:setUpClass): 201 POST http://10.180.1.21/identity/v3/projects 0.030s
2025-11-21 11:45:51.732 65990 INFO tempest.lib.common.rest_client [req-2922fe87-3890-4ccb-b06a-087d8f024956 req-2922fe87-3890-4ccb-b06a-087d8f024956 ] Request (InstanceActionsV221TestJSON:test_get_list_deleted_instance_actions): 200 GET http://10.180.1.21/compute/v2.1/servers/9e36a3d4-55b1-43a6-b9a6-b73ae84d299d 4.210s
2025-11-21 11:45:51.750 66014 INFO tempest.lib.common.rest_client [req-05199508-38f6-4f0d-a1b1-c766b265c3d5 req-05199508-38f6-4f0d-a1b1-c766b265c3d5 ] Request (ImagesTestJSON:test_create_image_from_suspended_server): 200 GET http://10.180.1.21/compute/v2.1/servers/f10d9748-c1fb-423a-8a69-4f518da22c3c 4.697s
2025-11-21 11:45:51.754 66010 INFO tempest.lib.common.rest_client [req-794be368-4182-45ed-88ec-700dec4d3bdb req-794be368-4182-45ed-88ec-700dec4d3bdb ] Request (ImagesMetadataTestJSON:setUpClass): 201 POST http://10.180.1.21/identity/v3/users 0.071s
2025-11-21 11:45:51.757 66014 INFO tempest.common.waiters [-] State transition "BUILD/None" ==> "BUILD/spawning" after 13 second wait
2025-11-21 11:45:51.781 66010 INFO tempest.lib.common.rest_client [req-3ae477c2-20dc-4153-9452-9943577179fa req-3ae477c2-20dc-4153-9452-9943577179fa ] Request (ImagesMetadataTestJSON:setUpClass): 200 GET http://10.180.1.21/identity/v3/roles 0.027s
2025-11-21 11:45:51.811 65992 INFO tempest.lib.common.rest_client [req-cdea48a7-e39e-4e4b-8f97-42d148c321d8 req-cdea48a7-e39e-4e4b-8f97-42d148c321d8 ] Request (ServersNegativeTestJSON:setUpClass): 200 GET http://10.180.1.21/compute/v2.1/servers/e98a997c-2ecd-42ed-89d3-14df03882599 3.262s
2025-11-21 11:45:51.832 66010 INFO tempest.lib.common.rest_client [req-58155e3e-d0c4-43d5-9a33-39be39f120c8 req-58155e3e-d0c4-43d5-9a33-39be39f120c8 ] Request (ImagesMetadataTestJSON:setUpClass): 204 PUT http://10.180.1.21/identity/v3/projects/c121ba5d41fe446697952e4617d58a47/users/c1281dd528e548d29882d97e9add5052/roles/8ba51ba7250a49d987f319ff040b8e7c 0.050s
2025-11-21 11:45:51.833 66010 INFO tempest.lib.common.dynamic_creds [-] Dynamic test user c1281dd528e548d29882d97e9add5052 is created with scope project and roles: ['member']
2025-11-21 11:45:51.833 66010 INFO tempest.lib.common.dynamic_creds [-] Acquired dynamic creds: credentials: Credentials: {'domain_id': 'default', 'domain_name': 'Default', 'username': 'tempest-ImagesMetadataTestJSON-1602782076-project-member', 'project_domain_id': 'default', 'project_domain_name': 'Default', 'project_id': 'c121ba5d41fe446697952e4617d58a47', 'project_name': 'tempest-ImagesMetadataTestJSON-1602782076', 'tenant_id': 'c121ba5d41fe446697952e4617d58a47', 'tenant_name': 'tempest-ImagesMetadataTestJSON-1602782076', 'user_domain_id': 'default', 'user_domain_name': 'Default', 'user_id': 'c1281dd528e548d29882d97e9add5052', 'system': None}, Network: None, Subnet: None, Router: None
2025-11-21 11:45:51.833 66010 INFO tempest.lib.common.dynamic_creds [-] Created isolated network resources for: credentials: Credentials: {'domain_id': 'default', 'domain_name': 'Default', 'username': 'tempest-ImagesMetadataTestJSON-1602782076-project-member', 'project_domain_id': 'default', 'project_domain_name': 'Default', 'project_id': 'c121ba5d41fe446697952e4617d58a47', 'project_name': 'tempest-ImagesMetadataTestJSON-1602782076', 'tenant_id': 'c121ba5d41fe446697952e4617d58a47', 'tenant_name': 'tempest-ImagesMetadataTestJSON-1602782076', 'user_domain_id': 'default', 'user_domain_name': 'Default', 'user_id': 'c1281dd528e548d29882d97e9add5052', 'system': None}, Network: None, Subnet: None, Router: None
2025-11-21 11:45:51.852 66046 INFO tempest.lib.common.rest_client [req-359cd59d-5b17-40a1-a793-ae989fbcb467 req-359cd59d-5b17-40a1-a793-ae989fbcb467 ] Request (ServersV294TestFqdnHostnames:setUpClass): 200 GET http://10.180.1.21/compute/v2.1/servers/92b6a570-7754-4d43-818e-8d975c54e683 3.803s
2025-11-21 11:45:51.857 66022 INFO tempest.lib.common.rest_client [req-ba032985-8708-4bf7-8739-9f033baaf3bc req-ba032985-8708-4bf7-8739-9f033baaf3bc ] Request (FlavorsAccessNegativeTestJSON:test_remove_flavor_access_not_found): 200 POST http://10.180.1.21/compute/v2.1/flavors 3.274s
2025-11-21 11:45:51.858 66049 INFO tempest.lib.common.rest_client [req-172e6c3a-4fd8-47ee-8d7d-9b6c92890ddd req-172e6c3a-4fd8-47ee-8d7d-9b6c92890ddd ] Request (ImagesNegativeTestJSON:test_create_image_from_invalid_server): 404 POST http://10.180.1.21/compute/v2.1/servers/tempest-invalid-1274111306/action 3.256s
2025-11-21 11:45:51.863 66046 INFO tempest.api.compute.base [-] Attempting to verify tagged devices in server 92b6a570-7754-4d43-818e-8d975c54e683 via the metadata service: http://169.254.169.254/openstack/latest/meta_data.json
2025-11-21 11:45:51.863 66046 INFO tempest.lib.common.ssh [-] Creating ssh connection to '10.180.180.180:22' as 'cirros' with public key authentication
2025-11-21 11:45:51.926 66010 INFO tempest.lib.common.rest_client [req-0c435458-ca28-4272-b68a-ab41903507ab req-0c435458-ca28-4272-b68a-ab41903507ab ] Request (ImagesMetadataTestJSON:setUpClass): 201 POST http://10.180.1.21/identity/v3/auth/tokens 0.090s
2025-11-21 11:45:51.944 65994 INFO tempest.lib.common.rest_client [req-6349879f-eaf1-446d-9ec8-59413a846241 req-6349879f-eaf1-446d-9ec8-59413a846241 ] Request (ServerActionsTestJSON:test_lock_unlock_server): 202 POST http://10.180.1.21/compute/v2.1/servers/19c1f1f3-4234-4712-9b3c-dc33bdab8b80/action 3.260s
2025-11-21 11:45:52.059 66026 INFO tempest.lib.common.rest_client [req-a604289b-78e3-407b-8f40-295e64530a20 req-a604289b-78e3-407b-8f40-295e64530a20 ] Request (ServerActionsTestOtherB:setUp): 200 GET http://10.180.1.21/compute/v2.1/servers/d35cbb3e-f8a5-4bae-b783-323d2679fadf 3.005s
2025-11-21 11:45:52.116 66024 INFO tempest.lib.common.rest_client [req-f714b398-b864-4aef-b099-7a820b8720ad req-f714b398-b864-4aef-b099-7a820b8720ad ] Request (ServerAddressesTestJSON:setUpClass): 200 GET http://10.180.1.21/compute/v2.1/servers/d61b342a-aa1e-4bcc-8e9b-5a9ef1d196f2 2.464s
2025-11-21 11:45:52.127 66016 INFO tempest.lib.common.rest_client [req-ab096be6-fbe8-4411-bf44-9fec70358004 req-ab096be6-fbe8-4411-bf44-9fec70358004 ] Request (ServerActionsV293TestJSON:setUpClass): 201 POST http://10.180.1.21/compute/v2.1/os-keypairs 2.681s
2025-11-21 11:45:52.152 66006 INFO tempest.lib.common.rest_client [req-bb29d163-2cb0-45ef-b4df-380bed8a8737 req-bb29d163-2cb0-45ef-b4df-380bed8a8737 ] Request (ServersTestBootFromVolume:test_verify_created_server_vcpus): 200 GET http://10.180.1.21/compute/v2.1/flavors/42 1.848s
2025-11-21 11:45:52.155 66006 INFO tempest.lib.common.ssh [-] Creating ssh connection to '10.180.180.184:22' as 'cirros' with public key authentication
2025-11-21 11:45:52.159 66006 INFO paramiko.transport [-] Connected (version 2.0, client dropbear_2020.81)
2025-11-21 11:45:52.206 66052 INFO tempest.lib.common.rest_client [req-aac4a02d-5a20-4872-a96d-030f864439d9 req-aac4a02d-5a20-4872-a96d-030f864439d9 ] Request (FloatingIPsAssociationTestJSON:test_associate_already_associated_floating_ip): 200 GET http://10.180.1.21/compute/v2.1/servers/864fd64e-d23f-4c02-a22e-2f538f05e94d 1.950s
2025-11-21 11:45:52.220 66006 INFO paramiko.transport [-] Authentication (publickey) successful!
2025-11-21 11:45:52.221 66006 INFO tempest.lib.common.ssh [-] ssh connection to cirros@10.180.180.184 successfully created
2025-11-21 11:45:52.254 66038 INFO tempest.lib.common.rest_client [req-bd8fdf75-567c-4d29-af19-fd6d01dce5e1 req-bd8fdf75-567c-4d29-af19-fd6d01dce5e1 ] Request (ServerAddressesNegativeTestJSON:test_list_server_addresses_by_network_neg): 404 GET http://10.180.1.21/compute/v2.1/servers/a35da8b8-f499-405b-bad2-bfbfa1af1a37/ips/invalid 1.688s
2025-11-21 11:45:52.303 66016 INFO tempest.lib.common.rest_client [req-1b3e72dd-81d1-4046-a6e8-5a9d0ec7e96c req-1b3e72dd-81d1-4046-a6e8-5a9d0ec7e96c ] Request (ServerActionsV293TestJSON:setUpClass): 201 POST http://10.180.1.21/networking/v2.0/security-groups 0.174s
2025-11-21 11:45:52.465 66016 INFO tempest.lib.common.rest_client [req-15fb09e5-afca-40aa-acc4-16e48323a5c9 req-15fb09e5-afca-40aa-acc4-16e48323a5c9 ] Request (ServerActionsV293TestJSON:setUpClass): 201 POST http://10.180.1.21/networking/v2.0/security-group-rules 0.161s
2025-11-21 11:45:52.487 66010 INFO tempest.lib.common.rest_client [req-c9d0c8ec-adad-4e41-9ace-777a92d3d282 req-c9d0c8ec-adad-4e41-9ace-777a92d3d282 ] Request (ImagesMetadataTestJSON:setUpClass): 201 POST http://10.180.1.21/image/v2/images 0.559s
2025-11-21 11:45:53.276 66046 WARNING tempest.lib.common.ssh [-] Failed to establish authenticated ssh connection to cirros@10.180.180.180 ([Errno None] Unable to connect to port 22 on 10.180.180.180). Number attempts: 1. Retry after 2 seconds.: paramiko.ssh_exception.NoValidConnectionsError: [Errno None] Unable to connect to port 22 on 10.180.180.180
2025-11-21 11:45:53.342 66010 INFO tempest.lib.common.rest_client [req-09c50315-32b4-478f-b3ca-32dc67bd0b24 req-09c50315-32b4-478f-b3ca-32dc67bd0b24 ] Request (ImagesMetadataTestJSON:setUpClass): 204 PUT http://10.180.1.21/image/v2/images/8deae75b-d25e-4d65-b9ee-a4377744eba3/file 0.854s
2025-11-21 11:45:53.463 66016 INFO tempest.lib.common.rest_client [req-58cd81ac-fd4d-41b9-a7de-a5330e001ce6 req-58cd81ac-fd4d-41b9-a7de-a5330e001ce6 ] Request (ServerActionsV293TestJSON:setUpClass): 201 POST http://10.180.1.21/networking/v2.0/security-group-rules 0.997s
2025-11-21 11:45:53.525 66032 INFO tempest.lib.common.rest_client [req-cae00a9b-c366-48ad-80f5-93fbe9b2c90a req-cae00a9b-c366-48ad-80f5-93fbe9b2c90a ] Request (FloatingIPsAssociationNegativeTestJSON:test_associate_ip_to_server_with_floating_ip): 200 POST http://10.180.1.21/compute/v2.1/os-floating-ips 3.102s
2025-11-21 11:45:54.046 66016 INFO tempest.lib.common.rest_client [req-08c786fb-1ccc-4c6e-9f07-bc0f5a8bdedb req-08c786fb-1ccc-4c6e-9f07-bc0f5a8bdedb ] Request (ServerActionsV293TestJSON:setUpClass): 201 POST http://10.180.1.21/networking/v2.0/floatingips 0.583s
2025-11-21 11:45:54.083 66016 INFO tempest.lib.common.rest_client [req-e4fdf396-5f43-43f3-9cda-e3c41ebd8986 req-e4fdf396-5f43-43f3-9cda-e3c41ebd8986 ] Request (ServerActionsV293TestJSON:setUpClass): 201 POST http://10.180.1.21/identity/v3/auth/tokens 0.033s
2025-11-21 11:45:54.083 66016 INFO tempest.lib.common.fixed_network [-] (ServerActionsV293TestJSON:setUpClass) Found network {'id': '90591fff-7f97-4e4d-80be-59bbf2ca4c4e', 'name': 'tempest-ServerActionsV293TestJSON-871053954-network', 'tenant_id': '2931e671c6ce4ac4b697da23949f6c3b', 'project_id': '2931e671c6ce4ac4b697da23949f6c3b', 'admin_state_up': True, 'mtu': 8950, 'status': 'ACTIVE', 'subnets': [], 'shared': False, 'port_security_enabled': True, 'router:external': False, 'provider:network_type': 'vlan', 'provider:physical_network': 'default', 'provider:segmentation_id': 981, 'availability_zone_hints': [], 'availability_zones': [], 'ipv4_address_scope': None, 'ipv6_address_scope': None, 'description': '', 'tags': [], 'created_at': '2025-11-21T11:45:46Z', 'updated_at': '2025-11-21T11:45:46Z', 'revision_number': 1} available for tenant
2025-11-21 11:45:54.097 66002 INFO tempest.lib.common.rest_client [req-7b4cc7a4-c91b-472d-b06a-fa27155a280c req-7b4cc7a4-c91b-472d-b06a-fa27155a280c ] Request (ServersNegativeTestMultiTenantJSON:setUpClass): 200 GET http://10.180.1.21/compute/v2.1/servers/081320a0-dabc-49dd-a3ef-a76d7572567c 3.172s
2025-11-21 11:45:54.308 66000 INFO tempest.lib.common.rest_client [req-39057ca1-87f7-48ce-9346-d9c333563728 req-39057ca1-87f7-48ce-9346-d9c333563728 ] Request (FloatingIPDetailsTestJSON:_run_cleanups): 202 DELETE http://10.180.1.21/compute/v2.1/os-floating-ips/4536cb5d-e13d-425c-9dc4-e9091d3000d4 3.638s
2025-11-21 11:45:54.325 66028 INFO tempest.lib.common.rest_client [req-80dfb2b5-d590-46e7-874e-54580c523787 req-80dfb2b5-d590-46e7-874e-54580c523787 ] Request (ServersTestManualDisk:test_verify_created_server_vcpus): 200 GET http://10.180.1.21/compute/v2.1/flavors/42 3.013s
2025-11-21 11:45:54.328 66028 INFO tempest.lib.common.ssh [-] Creating ssh connection to '10.180.180.195:22' as 'cirros' with public key authentication
2025-11-21 11:45:54.338 66028 INFO paramiko.transport [-] Connected (version 2.0, client dropbear_2020.81)
2025-11-21 11:45:54.336 66016 INFO tempest.lib.common.rest_client [req-c1d437eb-055f-431c-a993-532d3cf16fbd req-c1d437eb-055f-431c-a993-532d3cf16fbd ] Request (ServerActionsV293TestJSON:setUpClass): 202 POST http://10.180.1.21/volume/v3/volumes 0.252s
2025-11-21 11:45:54.348 66018 INFO tempest.lib.common.rest_client [req-d653883e-1a20-41c1-a95e-cb01375fe2b8 req-d653883e-1a20-41c1-a95e-cb01375fe2b8 ] Request (ServicesAdminNegativeV253TestJSON:test_get_service_by_invalid_service_and_valid_host): 200 GET http://10.180.1.21/compute/v2.1/os-services?host=devstack&binary=xxx 3.016s
2025-11-21 11:45:54.384 66030 INFO tempest.lib.common.rest_client [req-70bebdd3-1c8f-45a6-bfe9-303353e9794f req-70bebdd3-1c8f-45a6-bfe9-303353e9794f ] Request (MigrationsAdminTest:test_list_migrations_in_flavor_resize_situation): 200 GET http://10.180.1.21/compute/v2.1/servers/58ff5ced-6ad5-44de-991b-237b66a94cea 3.327s
2025-11-21 11:45:54.395 66016 INFO tempest.lib.common.rest_client [req-368f2791-a932-42cb-8d0d-082225fd93bd req-368f2791-a932-42cb-8d0d-082225fd93bd ] Request (ServerActionsV293TestJSON:setUpClass): 200 GET http://10.180.1.21/volume/v3/volumes/66ee59ec-40a0-49d2-99dc-c17c8a8069e5 0.041s
2025-11-21 11:45:54.412 66028 INFO paramiko.transport [-] Authentication (publickey) successful!
2025-11-21 11:45:54.413 66028 INFO tempest.lib.common.ssh [-] ssh connection to cirros@10.180.180.195 successfully created
2025-11-21 11:45:54.492 66020 INFO tempest.lib.common.rest_client [req-491f1915-59a6-4c1b-a749-40080c16b963 req-491f1915-59a6-4c1b-a749-40080c16b963 ] Request (ServerActionsTestOtherA:setUpClass): 200 GET http://10.180.1.21/compute/v2.1/servers/21f1d121-1288-4947-b2ad-0489e30f2f76 3.138s
2025-11-21 11:45:54.506 66004 INFO tempest.lib.common.rest_client [req-337028cf-f1e1-46c5-bed8-0d7f5290cc98 req-337028cf-f1e1-46c5-bed8-0d7f5290cc98 ] Request (FlavorsAdminTestJSON:test_create_server_with_non_public_flavor): 400 POST http://10.180.1.21/compute/v2.1/servers 3.156s
2025-11-21 11:45:54.520 65996 INFO tempest.lib.common.rest_client [req-a5302c4f-5b95-409c-b90b-25fc837c9023 req-a5302c4f-5b95-409c-b90b-25fc837c9023 ] Request (AggregatesAdminNegativeTestJSON:test_aggregate_get_details_as_user): 403 GET http://10.180.1.21/compute/v2.1/os-aggregates/6 2.874s
2025-11-21 11:45:54.522 66040 INFO tempest.lib.common.rest_client [req-f9693f1c-dc94-470e-ab08-497d3e4f6fcd req-f9693f1c-dc94-470e-ab08-497d3e4f6fcd ] Request (ImagesOneServerNegativeTestJSON:tearDown): 200 GET http://10.180.1.21/compute/v2.1/servers/87525174-5196-42c4-9522-f7174d496ecb 3.169s
2025-11-21 11:45:54.527 66012 INFO tempest.lib.common.rest_client [req-9fd88b92-eb7e-4988-82c5-b84952872783 req-9fd88b92-eb7e-4988-82c5-b84952872783 ] Request (HypervisorAdminNegativeTestJSON:test_show_hypervisor_with_non_admin_user): 403 GET http://10.180.1.21/compute/v2.1/os-hypervisors/1 2.855s
2025-11-21 11:45:54.537 66049 INFO tempest.lib.common.rest_client [req-286399b7-7e2d-4e5d-bc69-92168fad822f req-286399b7-7e2d-4e5d-bc69-92168fad822f ] Request (ImagesNegativeTestJSON:test_create_image_specify_uuid_35_characters_or_less): 404 POST http://10.180.1.21/compute/v2.1/servers/aaaaaaaaaaaaaaaaaaaaaaaaaaaaaaaaaaa/action 2.677s
2025-11-21 11:45:54.585 66034 INFO tempest.lib.common.rest_client [req-eac642d9-9fe1-4128-8c7b-935a77878e2c req-eac642d9-9fe1-4128-8c7b-935a77878e2c ] Request (ServersAdminTestJSON:test_inject_network_info): 200 GET http://10.180.1.21/compute/v2.1/servers/5d164854-8fbd-4ead-b2eb-24bea9ed7537 2.832s
2025-11-21 11:45:54.628 66022 INFO tempest.lib.common.rest_client [req-07549e40-4c47-4b88-9b0a-d219591f0638 req-07549e40-4c47-4b88-9b0a-d219591f0638 ] Request (FlavorsAccessNegativeTestJSON:test_remove_flavor_access_not_found): 404 POST http://10.180.1.21/compute/v2.1/flavors/1525689997/action 2.769s
2025-11-21 11:45:54.713 65994 INFO tempest.lib.common.rest_client [req-6510e53c-3297-4c27-a993-3cd1f9ae4ea4 req-6510e53c-3297-4c27-a993-3cd1f9ae4ea4 ] Request (ServerActionsTestJSON:test_lock_unlock_server): 200 GET http://10.180.1.21/compute/v2.1/servers/19c1f1f3-4234-4712-9b3c-dc33bdab8b80 2.768s
2025-11-21 11:45:54.791 66006 INFO tempest.lib.common.rest_client [req-5015abf6-8437-49c9-a065-f1d358fa42db req-5015abf6-8437-49c9-a065-f1d358fa42db ] Request (ServersTestBootFromVolume:tearDownClass): 204 DELETE http://10.180.1.21/compute/v2.1/servers/27176e04-9351-45a5-8a80-60efaa2332b4 2.563s
2025-11-21 11:45:54.800 66038 INFO tempest.lib.common.rest_client [req-a4b473a6-e6c4-436f-8db4-e6dd6b00fc93 req-a4b473a6-e6c4-436f-8db4-e6dd6b00fc93 ] Request (ServerAddressesNegativeTestJSON:test_list_server_addresses_invalid_server_id): 404 GET http://10.180.1.21/compute/v2.1/servers/999/ips 2.545s
2025-11-21 11:45:54.939 65998 INFO tempest.lib.common.rest_client [req-8794125c-01b7-47aa-a307-1251d066a6a8 req-8794125c-01b7-47aa-a307-1251d066a6a8 ] Request (DeleteServersAdminTestJSON:test_delete_server_while_in_error_state): 200 GET http://10.180.1.21/compute/v2.1/servers/b031a786-9934-406c-aba4-87252b3b3498 2.389s
2025-11-21 11:45:55.099 66044 INFO tempest.lib.common.rest_client [req-60c52ba1-6a38-4e74-9127-f106a13a1ce7 req-60c52ba1-6a38-4e74-9127-f106a13a1ce7 ] Request (SecurityGroupsTestJSON:test_list_security_groups_by_server): 200 GET http://10.180.1.21/compute/v2.1/servers/5eb54850-616a-4be0-9e14-a062fbccb7d6 2.521s
2025-11-21 11:45:55.100 66026 INFO tempest.lib.common.rest_client [req-478b81b7-e7b0-4b66-bcc7-b95857c4d665 req-478b81b7-e7b0-4b66-bcc7-b95857c4d665 ] Request (ServerActionsTestOtherB:test_create_backup): 202 POST http://10.180.1.21/compute/v2.1/servers/d35cbb3e-f8a5-4bae-b783-323d2679fadf/action 3.030s
2025-11-21 11:45:55.115 66026 INFO tempest.lib.common.rest_client [req-6ab11a18-a44b-4e41-9649-b71100ec3e8e req-6ab11a18-a44b-4e41-9649-b71100ec3e8e ] Request (ServerActionsTestOtherB:test_create_backup): 200 GET http://10.180.1.21/image/v2/images/a462173e-7b1c-48aa-bf8c-c19803fa058e 0.015s
2025-11-21 11:45:55.122 65990 INFO tempest.lib.common.rest_client [req-c7ba9baa-6692-4a24-9ec3-bf49e08d5c95 req-c7ba9baa-6692-4a24-9ec3-bf49e08d5c95 ] Request (InstanceActionsV221TestJSON:test_get_list_deleted_instance_actions): 404 GET http://10.180.1.21/compute/v2.1/servers/9e36a3d4-55b1-43a6-b9a6-b73ae84d299d 2.379s
2025-11-21 11:45:55.213 66008 INFO tempest.lib.common.rest_client [req-877f7855-af7f-4b83-8e38-913c812cb0ea req-877f7855-af7f-4b83-8e38-913c812cb0ea ] Request (ServersAdminNegativeTestJSON:setUpClass): 200 GET http://10.180.1.21/compute/v2.1/servers/d6e1ccf3-0c11-4637-a892-d9b1931ce333 2.607s
2025-11-21 11:45:55.222 66008 INFO tempest.common.waiters [-] State transition "BUILD/None" ==> "BUILD/spawning" after 10 second wait
2025-11-21 11:45:55.236 66014 INFO tempest.lib.common.rest_client [req-2a74f7bf-ff4c-4409-a727-f5abb60c3d54 req-2a74f7bf-ff4c-4409-a727-f5abb60c3d54 ] Request (ImagesTestJSON:test_create_image_from_suspended_server): 200 GET http://10.180.1.21/compute/v2.1/servers/f10d9748-c1fb-423a-8a69-4f518da22c3c 2.477s
2025-11-21 11:45:55.264 65992 INFO tempest.lib.common.rest_client [req-88d81e33-6ddc-42fe-87b2-3ad3b6263875 req-88d81e33-6ddc-42fe-87b2-3ad3b6263875 ] Request (ServersNegativeTestJSON:setUpClass): 200 GET http://10.180.1.21/compute/v2.1/servers/e98a997c-2ecd-42ed-89d3-14df03882599 2.439s
2025-11-21 11:45:55.288 66024 INFO tempest.lib.common.rest_client [req-3f6d9a74-ca88-4af5-834f-dd798baac4ab req-3f6d9a74-ca88-4af5-834f-dd798baac4ab ] Request (ServerAddressesTestJSON:setUpClass): 200 GET http://10.180.1.21/compute/v2.1/servers/d61b342a-aa1e-4bcc-8e9b-5a9ef1d196f2 2.155s
2025-11-21 11:45:55.323 66052 INFO tempest.lib.common.rest_client [req-4c3b04e6-7f44-448e-8d3d-95a7f3760ec9 req-4c3b04e6-7f44-448e-8d3d-95a7f3760ec9 ] Request (FloatingIPsAssociationTestJSON:test_associate_already_associated_floating_ip): 200 GET http://10.180.1.21/compute/v2.1/servers/864fd64e-d23f-4c02-a22e-2f538f05e94d 2.102s
2025-11-21 11:45:55.326 66010 INFO tempest.lib.common.rest_client [req-00c4f96d-702c-430c-9a73-81aad246ff9d req-00c4f96d-702c-430c-9a73-81aad246ff9d ] Request (ImagesMetadataTestJSON:setUpClass): 200 GET http://10.180.1.21/compute/v2.1/images/8deae75b-d25e-4d65-b9ee-a4377744eba3 1.984s
2025-11-21 11:45:55.434 66016 INFO tempest.lib.common.rest_client [req-ce2692c5-043f-4773-9b9d-95eee136ba18 req-ce2692c5-043f-4773-9b9d-95eee136ba18 ] Request (ServerActionsV293TestJSON:setUpClass): 200 GET http://10.180.1.21/volume/v3/volumes/66ee59ec-40a0-49d2-99dc-c17c8a8069e5 0.029s
2025-11-21 11:45:55.456 66000 INFO tempest.lib.common.rest_client [req-49c5a2d5-40a6-4c2a-bf83-da6e0add73ce req-49c5a2d5-40a6-4c2a-bf83-da6e0add73ce ] Request (FloatingIPDetailsTestJSON:test_list_floating_ips): 200 GET http://10.180.1.21/compute/v2.1/os-floating-ips 1.147s
2025-11-21 11:45:55.476 66018 INFO tempest.lib.common.rest_client [req-ba99dcd6-25fc-46e7-8f96-16be2d5b7315 req-ba99dcd6-25fc-46e7-8f96-16be2d5b7315 ] Request (ServicesAdminNegativeV253TestJSON:test_get_service_with_valid_service_and_invalid_host): 200 GET http://10.180.1.21/compute/v2.1/os-services 1.123s
2025-11-21 11:45:55.564 66028 INFO tempest.lib.common.rest_client [req-3a756912-ba40-4df0-8bad-0769e4637a95 req-3a756912-ba40-4df0-8bad-0769e4637a95 ] Request (ServersTestManualDisk:tearDownClass): 204 DELETE http://10.180.1.21/compute/v2.1/servers/1be50e43-6f5d-4e5a-847c-c076bba59c77 1.138s
2025-11-21 11:45:55.585 66004 INFO tempest.lib.common.rest_client [req-2807c89a-d608-402a-a2ca-8b9ff8ba54db req-2807c89a-d608-402a-a2ca-8b9ff8ba54db ] Request (FlavorsAdminTestJSON:_run_cleanups): 202 DELETE http://10.180.1.21/compute/v2.1/flavors/1776559884 1.078s
2025-11-21 11:45:55.605 65996 INFO tempest.lib.common.rest_client [req-8c895881-798b-4001-b6b9-8af1f7063f2b req-8c895881-798b-4001-b6b9-8af1f7063f2b ] Request (AggregatesAdminNegativeTestJSON:_run_cleanups): 200 DELETE http://10.180.1.21/compute/v2.1/os-aggregates/6 1.084s
2025-11-21 11:45:55.616 66012 INFO tempest.lib.common.rest_client [req-46083e19-d863-490f-9249-72ed1504ace0 req-46083e19-d863-490f-9249-72ed1504ace0 ] Request (HypervisorAdminNegativeTestJSON:test_show_nonexistent_hypervisor): 404 GET http://10.180.1.21/compute/v2.1/os-hypervisors/740f6ccb-8a15-47d3-b9bd-eb723cc74140 1.087s
2025-11-21 11:45:55.775 66012 INFO tempest.lib.common.rest_client [req-07d6dc1b-6e00-4ddd-8491-8446a67c2030 req-07d6dc1b-6e00-4ddd-8491-8446a67c2030 ] Request (HypervisorAdminNegativeTestJSON:tearDownClass): 204 DELETE http://10.180.1.21/identity/v3/users/321902d994f04a0ba6a14753c2ebd1ed 0.156s
2025-11-21 11:45:55.780 66046 WARNING tempest.lib.common.ssh [-] Failed to establish authenticated ssh connection to cirros@10.180.180.180 ([Errno None] Unable to connect to port 22 on 10.180.180.180). Number attempts: 2. Retry after 3 seconds.: paramiko.ssh_exception.NoValidConnectionsError: [Errno None] Unable to connect to port 22 on 10.180.180.180
2025-11-21 11:45:55.872 66040 INFO tempest.lib.common.rest_client [req-33740586-c922-4154-ad2a-5c0fae1e32b0 req-33740586-c922-4154-ad2a-5c0fae1e32b0 ] Request (ImagesOneServerNegativeTestJSON:setUp): 200 GET http://10.180.1.21/compute/v2.1/servers/87525174-5196-42c4-9522-f7174d496ecb 1.341s
2025-11-21 11:45:55.881 66049 INFO tempest.lib.common.rest_client [req-7343788f-38ff-4c35-adff-76308786a861 req-7343788f-38ff-4c35-adff-76308786a861 ] Request (ImagesNegativeTestJSON:test_create_image_specify_uuid_37_characters_or_more): 404 POST http://10.180.1.21/compute/v2.1/servers/aaaaaaaaaaaaaaaaaaaaaaaaaaaaaaaaaaaaa/action 1.343s
2025-11-21 11:45:55.907 66022 INFO tempest.lib.common.rest_client [req-997d7e9b-bc7b-42b2-b4e2-1dfcf232518f req-997d7e9b-bc7b-42b2-b4e2-1dfcf232518f ] Request (FlavorsAccessNegativeTestJSON:_run_cleanups): 202 DELETE http://10.180.1.21/compute/v2.1/flavors/1525689997 1.277s
2025-11-21 11:45:55.919 66012 INFO tempest.lib.common.rest_client [req-56b61f8b-52ee-47a5-9ebd-cea97b42ae50 req-56b61f8b-52ee-47a5-9ebd-cea97b42ae50 ] Request (HypervisorAdminNegativeTestJSON:tearDownClass): 204 DELETE http://10.180.1.21/identity/v3/users/1266f33173c34f96a515071e54ed844a 0.143s
2025-11-21 11:45:55.919 66012 INFO tempest.lib.common.dynamic_creds [-] Deleting project and security group for project: 171d8c54dd2e42dab3d6b879792d0d4c
2025-11-21 11:45:55.966 65994 INFO tempest.lib.common.rest_client [req-7032dc79-7eed-49f0-b12a-3fb0cf2a29ba req-7032dc79-7eed-49f0-b12a-3fb0cf2a29ba ] Request (ServerActionsTestJSON:test_lock_unlock_server): 202 POST http://10.180.1.21/compute/v2.1/servers/19c1f1f3-4234-4712-9b3c-dc33bdab8b80/action 1.244s
2025-11-21 11:45:55.993 66012 INFO tempest.lib.common.rest_client [req-52f2846e-e57e-4265-a2f4-a97bf4ab7687 req-52f2846e-e57e-4265-a2f4-a97bf4ab7687 ] Request (HypervisorAdminNegativeTestJSON:tearDownClass): 201 POST http://10.180.1.21/identity/v3/auth/tokens 0.074s
2025-11-21 11:45:56.139 66036 INFO paramiko.transport [-] Connected (version 2.0, client dropbear_2020.81)
2025-11-21 11:45:56.140 66026 INFO tempest.lib.common.rest_client [req-3457005e-ad5e-497d-8cf8-6fae67717923 req-3457005e-ad5e-497d-8cf8-6fae67717923 ] Request (ServerActionsTestOtherB:test_create_backup): 200 GET http://10.180.1.21/image/v2/images/a462173e-7b1c-48aa-bf8c-c19803fa058e 0.023s
