2025-11-21 11:44:54.466 66024 INFO tempest.lib.common.rest_client [req-b0725fe5-f4d6-4d54-a7f8-a13003f70a19 req-b0725fe5-f4d6-4d54-a7f8-a13003f70a19 ] Request (FlavorsExtraSpecsNegativeTestJSON:tearDownClass): 200 GET http://10.180.1.21/networking/v2.0/security-groups?tenant_id=0989390cee9e4496a867d1dec927f865&name=default 0.299s
2025-11-21 11:44:54.560 66046 INFO tempest.lib.common.rest_client [req-f89a16ba-23af-4816-9708-c4f68d6ea7fc req-f89a16ba-23af-4816-9708-c4f68d6ea7fc ] Request (ServersV294TestFqdnHostnames:setUpClass): 201 POST http://10.180.1.21/identity/v3/auth/tokens 0.118s
2025-11-21 11:44:54.650 66052 INFO tempest.lib.common.rest_client [req-cc295945-f204-4701-a073-65b828a63026 req-cc295945-f204-4701-a073-65b828a63026 ] Request (ServicesAdminNegativeTestJSON:tearDownClass): 204 DELETE http://10.180.1.21/identity/v3/users/c674b6ea08c64b7a8aefd591885f9a19 0.325s
2025-11-21 11:44:54.651 66052 INFO tempest.lib.common.dynamic_creds [-] Deleting project and security group for project: ceeaf1983b6048088728b4898785ff3f
2025-11-21 11:44:54.653 66024 INFO tempest.lib.common.rest_client [req-f8df164f-f620-4c8e-8b4d-cab59d4b1c6f req-f8df164f-f620-4c8e-8b4d-cab59d4b1c6f ] Request (FlavorsExtraSpecsNegativeTestJSON:tearDownClass): 204 DELETE http://10.180.1.21/networking/v2.0/security-groups/bcaf55c1-7675-4b47-863b-fb3de81cacdc 0.187s
2025-11-21 11:44:54.692 66040 INFO tempest.lib.common.rest_client [req-cb0d986b-45c4-44de-b294-685d644affe6 req-cb0d986b-45c4-44de-b294-685d644affe6 ] Request (ImagesOneServerNegativeTestJSON:setUpClass): 200 GET http://10.180.1.21/compute/v2.1/servers/87525174-5196-42c4-9522-f7174d496ecb 3.407s
2025-11-21 11:44:54.692 66046 INFO tempest.lib.common.rest_client [req-79615728-5c18-4603-8dda-3cc4da852475 req-79615728-5c18-4603-8dda-3cc4da852475 ] Request (ServersV294TestFqdnHostnames:setUpClass): 201 POST http://10.180.1.21/identity/v3/auth/tokens 0.118s
2025-11-21 11:44:54.798 66052 INFO tempest.lib.common.rest_client [req-998e3fa8-773e-4c61-8983-9f8cafc9756d req-998e3fa8-773e-4c61-8983-9f8cafc9756d ] Request (ServicesAdminNegativeTestJSON:tearDownClass): 201 POST http://10.180.1.21/identity/v3/auth/tokens 0.146s
2025-11-21 11:44:54.835 66046 INFO tempest.lib.common.rest_client [req-8e24031d-4c35-4589-8026-2441aa474236 req-8e24031d-4c35-4589-8026-2441aa474236 ] Request (ServersV294TestFqdnHostnames:setUpClass): 200 GET http://10.180.1.21/identity/v3/domains?name=Default 0.142s
2025-11-21 11:44:54.858 65990 INFO tempest.lib.common.rest_client [req-6b3a0130-4fe1-45d7-a27f-1772fecbca06 req-6b3a0130-4fe1-45d7-a27f-1772fecbca06 ] Request (SecurityGroupsNegativeTestJSON:tearDownClass): 204 DELETE http://10.180.1.21/networking/v2.0/subnets/27993618-1879-4e80-b167-0798aedc1404 0.446s
2025-11-21 11:44:54.865 66024 INFO tempest.lib.common.rest_client [req-8f446d3e-03d7-47b8-933d-66723383ccb2 req-8f446d3e-03d7-47b8-933d-66723383ccb2 ] Request (FlavorsExtraSpecsNegativeTestJSON:tearDownClass): 204 DELETE http://10.180.1.21/identity/v3/projects/0989390cee9e4496a867d1dec927f865 0.211s
2025-11-21 11:44:54.934 66046 INFO tempest.lib.common.rest_client [req-dcd27690-5a80-473d-acb3-20ccbedd9ce7 req-dcd27690-5a80-473d-acb3-20ccbedd9ce7 ] Request (ServersV294TestFqdnHostnames:setUpClass): 201 POST http://10.180.1.21/identity/v3/projects 0.099s
2025-11-21 11:44:54.949 66024 INFO tempest.lib.common.rest_client [req-0bc68f87-e6ef-4032-b16b-cf6aefb8e4d9 req-0bc68f87-e6ef-4032-b16b-cf6aefb8e4d9 ] Request (HypervisorAdminV228Test:setUpClass): 201 POST http://10.180.1.21/identity/v3/auth/tokens 0.082s
2025-11-21 11:44:55.021 66046 INFO tempest.lib.common.rest_client [req-920afc59-7fc5-47b1-8b31-d534d4086d4c req-920afc59-7fc5-47b1-8b31-d534d4086d4c ] Request (ServersV294TestFqdnHostnames:setUpClass): 201 POST http://10.180.1.21/identity/v3/users 0.086s
2025-11-21 11:44:55.050 66046 INFO tempest.lib.common.rest_client [req-bf070841-0e51-4d24-983c-f77c27a725c6 req-bf070841-0e51-4d24-983c-f77c27a725c6 ] Request (ServersV294TestFqdnHostnames:setUpClass): 200 GET http://10.180.1.21/identity/v3/roles 0.029s
2025-11-21 11:44:55.051 66024 INFO tempest.lib.common.rest_client [req-df7a6623-f08f-4d78-9ad1-ca73dd8e6f04 req-df7a6623-f08f-4d78-9ad1-ca73dd8e6f04 ] Request (HypervisorAdminV228Test:setUpClass): 201 POST http://10.180.1.21/identity/v3/auth/tokens 0.098s
2025-11-21 11:44:55.081 66024 INFO tempest.lib.common.rest_client [req-fafe9f7e-c1f1-4218-b43e-9b69f4f6d3f9 req-fafe9f7e-c1f1-4218-b43e-9b69f4f6d3f9 ] Request (HypervisorAdminV228Test:setUpClass): 200 GET http://10.180.1.21/identity/v3/domains?name=Default 0.029s
2025-11-21 11:44:55.084 66046 INFO tempest.lib.common.rest_client [req-b38ff7a1-fe70-4018-b57a-e0da0987daaf req-b38ff7a1-fe70-4018-b57a-e0da0987daaf ] Request (ServersV294TestFqdnHostnames:setUpClass): 204 PUT http://10.180.1.21/identity/v3/projects/1ee5a14ab81644ac9722e641fccfdb2d/users/5e1f382244ac40c19ee0b745d0ffb954/roles/8ba51ba7250a49d987f319ff040b8e7c 0.034s
2025-11-21 11:44:55.085 66046 INFO tempest.lib.common.dynamic_creds [-] Dynamic test user 5e1f382244ac40c19ee0b745d0ffb954 is created with scope project and roles: ['member']
2025-11-21 11:44:55.085 66046 INFO tempest.lib.common.dynamic_creds [-] Acquired dynamic creds: credentials: Credentials: {'domain_id': 'default', 'domain_name': 'Default', 'username': 'tempest-ServersV294TestFqdnHostnames-895753008-project-member', 'project_domain_id': 'default', 'project_domain_name': 'Default', 'project_id': '1ee5a14ab81644ac9722e641fccfdb2d', 'project_name': 'tempest-ServersV294TestFqdnHostnames-895753008', 'tenant_id': '1ee5a14ab81644ac9722e641fccfdb2d', 'tenant_name': 'tempest-ServersV294TestFqdnHostnames-895753008', 'user_domain_id': 'default', 'user_domain_name': 'Default', 'user_id': '5e1f382244ac40c19ee0b745d0ffb954', 'system': None}, Network: None, Subnet: None, Router: None
2025-11-21 11:44:55.159 66046 INFO tempest.lib.common.rest_client [req-5cd0c602-1f1c-43f5-8611-32d32f9f73c8 req-5cd0c602-1f1c-43f5-8611-32d32f9f73c8 ] Request (ServersV294TestFqdnHostnames:setUpClass): 201 POST http://10.180.1.21/identity/v3/auth/tokens 0.073s
2025-11-21 11:44:55.161 66024 INFO tempest.lib.common.rest_client [req-1208f9fc-5ccb-4c9b-9bd2-2e525411d442 req-1208f9fc-5ccb-4c9b-9bd2-2e525411d442 ] Request (HypervisorAdminV228Test:setUpClass): 201 POST http://10.180.1.21/identity/v3/projects 0.079s
2025-11-21 11:44:55.191 66052 INFO tempest.lib.common.rest_client [req-4cc7fdc1-fd32-4685-9e87-0adacd3772d9 req-4cc7fdc1-fd32-4685-9e87-0adacd3772d9 ] Request (ServicesAdminNegativeTestJSON:tearDownClass): 200 GET http://10.180.1.21/networking/v2.0/security-groups?tenant_id=ceeaf1983b6048088728b4898785ff3f&name=default 0.392s
2025-11-21 11:44:55.234 66006 INFO tempest.lib.common.rest_client [req-e1339909-87c5-4bd5-aba9-1cfe11ea22b6 req-e1339909-87c5-4bd5-aba9-1cfe11ea22b6 ] Request (ServersTestBootFromVolume:setUpClass): 200 GET http://10.180.1.21/compute/v2.1/servers/27176e04-9351-45a5-8a80-60efaa2332b4 3.885s
2025-11-21 11:44:55.252 66024 INFO tempest.lib.common.rest_client [req-94749ef1-ec92-456b-b92b-d4f127d5b876 req-94749ef1-ec92-456b-b92b-d4f127d5b876 ] Request (HypervisorAdminV228Test:setUpClass): 201 POST http://10.180.1.21/identity/v3/users 0.090s
2025-11-21 11:44:55.278 66024 INFO tempest.lib.common.rest_client [req-76a09a1c-625a-402b-ac26-9f88fbcfc713 req-76a09a1c-625a-402b-ac26-9f88fbcfc713 ] Request (HypervisorAdminV228Test:setUpClass): 200 GET http://10.180.1.21/identity/v3/roles 0.026s
2025-11-21 11:44:55.300 65994 WARNING tempest.lib.common.ssh [-] Failed to establish authenticated ssh connection to cirros@10.180.180.129 ([Errno None] Unable to connect to port 22 on 10.180.180.129). Number attempts: 3. Retry after 4 seconds.: paramiko.ssh_exception.NoValidConnectionsError: [Errno None] Unable to connect to port 22 on 10.180.180.129
2025-11-21 11:44:55.313 66024 INFO tempest.lib.common.rest_client [req-5e1c05f7-4d32-4056-927d-fae8a176ddda req-5e1c05f7-4d32-4056-927d-fae8a176ddda ] Request (HypervisorAdminV228Test:setUpClass): 204 PUT http://10.180.1.21/identity/v3/projects/1c7c1b24cfcc41bab8dce85bc26f5af9/users/46a6e0d47257405a8ee1bc9668df5c55/roles/8ba51ba7250a49d987f319ff040b8e7c 0.034s
2025-11-21 11:44:55.313 66024 INFO tempest.lib.common.dynamic_creds [-] Dynamic test user 46a6e0d47257405a8ee1bc9668df5c55 is created with scope project and roles: ['member']
2025-11-21 11:44:55.314 66024 INFO tempest.lib.common.dynamic_creds [-] Acquired dynamic creds: credentials: Credentials: {'domain_id': 'default', 'domain_name': 'Default', 'username': 'tempest-HypervisorAdminV228Test-737840716-project-member', 'project_domain_id': 'default', 'project_domain_name': 'Default', 'project_id': '1c7c1b24cfcc41bab8dce85bc26f5af9', 'project_name': 'tempest-HypervisorAdminV228Test-737840716', 'tenant_id': '1c7c1b24cfcc41bab8dce85bc26f5af9', 'tenant_name': 'tempest-HypervisorAdminV228Test-737840716', 'user_domain_id': 'default', 'user_domain_name': 'Default', 'user_id': '46a6e0d47257405a8ee1bc9668df5c55', 'system': None}, Network: None, Subnet: None, Router: None
2025-11-21 11:44:55.314 66024 INFO tempest.lib.common.dynamic_creds [-] Created isolated network resources for: credentials: Credentials: {'domain_id': 'default', 'domain_name': 'Default', 'username': 'tempest-HypervisorAdminV228Test-737840716-project-member', 'project_domain_id': 'default', 'project_domain_name': 'Default', 'project_id': '1c7c1b24cfcc41bab8dce85bc26f5af9', 'project_name': 'tempest-HypervisorAdminV228Test-737840716', 'tenant_id': '1c7c1b24cfcc41bab8dce85bc26f5af9', 'tenant_name': 'tempest-HypervisorAdminV228Test-737840716', 'user_domain_id': 'default', 'user_domain_name': 'Default', 'user_id': '46a6e0d47257405a8ee1bc9668df5c55', 'system': None}, Network: None, Subnet: None, Router: None
2025-11-21 11:44:55.357 66050 INFO tempest.lib.common.rest_client [req-4a66de03-7ce5-4403-ae8f-52ad90778550 req-4a66de03-7ce5-4403-ae8f-52ad90778550 ] Request (MultipleCreateNegativeTestJSON:test_max_count_less_than_min_count): 400 POST http://10.180.1.21/compute/v2.1/servers 3.787s
2025-11-21 11:44:55.412 66024 INFO tempest.lib.common.rest_client [req-366464c5-6c14-4d82-b7c1-22d3b9e1544c req-366464c5-6c14-4d82-b7c1-22d3b9e1544c ] Request (HypervisorAdminV228Test:setUpClass): 201 POST http://10.180.1.21/identity/v3/auth/tokens 0.094s
2025-11-21 11:44:55.429 66050 INFO tempest.lib.common.rest_client [req-c6f032a2-5cc0-44a9-8a35-0782f4b840a7 req-c6f032a2-5cc0-44a9-8a35-0782f4b840a7 ] Request (MultipleCreateNegativeTestJSON:test_max_count_less_than_one): 201 POST http://10.180.1.21/identity/v3/auth/tokens 0.067s
2025-11-21 11:44:55.430 66050 INFO tempest.lib.common.fixed_network [-] (MultipleCreateNegativeTestJSON:test_max_count_less_than_one) Found network None available for tenant
2025-11-21 11:44:55.486 66024 INFO tempest.lib.common.rest_client [req-6d6fff39-b80a-4374-9a47-859db0ce0be7 req-6d6fff39-b80a-4374-9a47-859db0ce0be7 ] Request (HypervisorAdminV228Test:setUpClass): 201 POST http://10.180.1.21/identity/v3/projects 0.073s
2025-11-21 11:44:55.549 66024 INFO tempest.lib.common.rest_client [req-e1368ed7-e359-4bf6-bb3f-ee0d28d1dc04 req-e1368ed7-e359-4bf6-bb3f-ee0d28d1dc04 ] Request (HypervisorAdminV228Test:setUpClass): 201 POST http://10.180.1.21/identity/v3/users 0.062s
2025-11-21 11:44:55.564 65990 INFO tempest.lib.common.rest_client [req-01093025-80ef-430e-b4ba-163efcd76d8b req-01093025-80ef-430e-b4ba-163efcd76d8b ] Request (SecurityGroupsNegativeTestJSON:tearDownClass): 204 DELETE http://10.180.1.21/networking/v2.0/networks/5cae6c77-d648-45f0-9c82-7528a6d555e6 0.705s
2025-11-21 11:44:55.578 66024 INFO tempest.lib.common.rest_client [req-ebab5cf5-070a-42ed-9ba7-fcc5bc6beb5f req-ebab5cf5-070a-42ed-9ba7-fcc5bc6beb5f ] Request (HypervisorAdminV228Test:setUpClass): 200 GET http://10.180.1.21/identity/v3/roles 0.028s
2025-11-21 11:44:55.687 66024 INFO tempest.lib.common.rest_client [req-faaaa2a1-d47e-4a2e-b781-7e9bc727a9e4 req-faaaa2a1-d47e-4a2e-b781-7e9bc727a9e4 ] Request (HypervisorAdminV228Test:setUpClass): 204 PUT http://10.180.1.21/identity/v3/projects/defd63e85d6945c986eb55900b22ac94/users/599b1eb8db534a0cad145d80fe139dbc/roles/82435b73d00045f1a22f4d335ff753c1 0.107s
2025-11-21 11:44:55.720 65990 INFO tempest.lib.common.rest_client [req-d6bcda89-e8fc-4d9f-a80b-0a20c828a90f req-d6bcda89-e8fc-4d9f-a80b-0a20c828a90f ] Request (SecurityGroupsNegativeTestJSON:tearDownClass): 204 DELETE http://10.180.1.21/identity/v3/users/625cb1acab3d4a5ab0d019ac470f5415 0.155s
2025-11-21 11:44:55.721 65990 INFO tempest.lib.common.dynamic_creds [-] Deleting project and security group for project: 0ae04c407303488db9d9d50e6e045f30
2025-11-21 11:44:55.821 66024 INFO tempest.lib.common.rest_client [req-49c3e379-a47e-403b-823a-576aa6b016c4 req-49c3e379-a47e-403b-823a-576aa6b016c4 ] Request (HypervisorAdminV228Test:setUpClass): 200 GET http://10.180.1.21/identity/v3/roles 0.134s
2025-11-21 11:44:55.844 66024 INFO tempest.lib.common.rest_client [req-6c5ca4a6-c17e-4e9e-8837-a806a560a86b req-6c5ca4a6-c17e-4e9e-8837-a806a560a86b ] Request (HypervisorAdminV228Test:setUpClass): 204 PUT http://10.180.1.21/identity/v3/projects/defd63e85d6945c986eb55900b22ac94/users/599b1eb8db534a0cad145d80fe139dbc/roles/82435b73d00045f1a22f4d335ff753c1 0.022s
2025-11-21 11:44:55.844 66024 INFO tempest.lib.common.dynamic_creds [-] Dynamic test user 599b1eb8db534a0cad145d80fe139dbc is created with scope project and roles: ['admin']
2025-11-21 11:44:55.845 66024 INFO tempest.lib.common.dynamic_creds [-] Acquired dynamic creds: credentials: Credentials: {'domain_id': 'default', 'domain_name': 'Default', 'username': 'tempest-HypervisorAdminV228Test-2032976695-project-admin', 'project_domain_id': 'default', 'project_domain_name': 'Default', 'project_id': 'defd63e85d6945c986eb55900b22ac94', 'project_name': 'tempest-HypervisorAdminV228Test-2032976695', 'tenant_id': 'defd63e85d6945c986eb55900b22ac94', 'tenant_name': 'tempest-HypervisorAdminV228Test-2032976695', 'user_domain_id': 'default', 'user_domain_name': 'Default', 'user_id': '599b1eb8db534a0cad145d80fe139dbc', 'system': None}, Network: None, Subnet: None, Router: None
2025-11-21 11:44:55.845 66024 INFO tempest.lib.common.dynamic_creds [-] Created isolated network resources for: credentials: Credentials: {'domain_id': 'default', 'domain_name': 'Default', 'username': 'tempest-HypervisorAdminV228Test-2032976695-project-admin', 'project_domain_id': 'default', 'project_domain_name': 'Default', 'project_id': 'defd63e85d6945c986eb55900b22ac94', 'project_name': 'tempest-HypervisorAdminV228Test-2032976695', 'tenant_id': 'defd63e85d6945c986eb55900b22ac94', 'tenant_name': 'tempest-HypervisorAdminV228Test-2032976695', 'user_domain_id': 'default', 'user_domain_name': 'Default', 'user_id': '599b1eb8db534a0cad145d80fe139dbc', 'system': None}, Network: None, Subnet: None, Router: None
2025-11-21 11:44:55.932 66024 INFO tempest.lib.common.rest_client [req-5c646bd8-7b83-46ec-9510-241bf4b126a9 req-5c646bd8-7b83-46ec-9510-241bf4b126a9 ] Request (HypervisorAdminV228Test:setUpClass): 201 POST http://10.180.1.21/identity/v3/auth/tokens 0.084s
2025-11-21 11:44:55.937 66046 INFO tempest.lib.common.rest_client [req-880b640c-efcb-4976-ac37-f4484384815e req-880b640c-efcb-4976-ac37-f4484384815e ] Request (ServersV294TestFqdnHostnames:setUpClass): 201 POST http://10.180.1.21/networking/v2.0/networks 0.778s
2025-11-21 11:44:56.072 66052 INFO tempest.lib.common.rest_client [req-3ea85b99-dc28-4ce4-8532-fe99a2c6fe49 req-3ea85b99-dc28-4ce4-8532-fe99a2c6fe49 ] Request (ServicesAdminNegativeTestJSON:tearDownClass): 204 DELETE http://10.180.1.21/networking/v2.0/security-groups/a7b45684-fc44-48dd-ba26-ff3aa59cc0ce 0.881s
2025-11-21 11:44:56.145 65990 INFO tempest.lib.common.rest_client [req-a05fbc2d-e667-4bfb-b8f0-8e7ed05c8e91 req-a05fbc2d-e667-4bfb-b8f0-8e7ed05c8e91 ] Request (SecurityGroupsNegativeTestJSON:tearDownClass): 200 GET http://10.180.1.21/networking/v2.0/security-groups?tenant_id=0ae04c407303488db9d9d50e6e045f30&name=default 0.424s
2025-11-21 11:44:56.188 66052 INFO tempest.lib.common.rest_client [req-c74762f7-75b6-4551-a129-d2598dac659a req-c74762f7-75b6-4551-a129-d2598dac659a ] Request (ServicesAdminNegativeTestJSON:tearDownClass): 204 DELETE http://10.180.1.21/identity/v3/projects/ceeaf1983b6048088728b4898785ff3f 0.115s
2025-11-21 11:44:56.188 66052 INFO tempest.lib.common.dynamic_creds [-] Deleting project and security group for project: b522acb6592d473d892898a2e58681f5
2025-11-21 11:44:56.310 66046 INFO tempest.lib.common.rest_client [req-b45b98ad-2511-4364-a75e-5bd706edfac9 req-b45b98ad-2511-4364-a75e-5bd706edfac9 ] Request (ServersV294TestFqdnHostnames:setUpClass): 201 POST http://10.180.1.21/networking/v2.0/subnets 0.372s
2025-11-21 11:44:56.356 66026 INFO tempest.lib.common.rest_client [req-16de7b4e-e3ef-4953-a30e-0a2a776c42f8 req-16de7b4e-e3ef-4953-a30e-0a2a776c42f8 ] Request (ServerActionsTestOtherB:setUpClass): 200 GET http://10.180.1.21/compute/v2.1/servers/d35cbb3e-f8a5-4bae-b783-323d2679fadf 4.611s
2025-11-21 11:44:56.364 66026 INFO tempest.common.waiters [-] State transition "BUILD/None" ==> "BUILD/spawning" after 6 second wait
2025-11-21 11:44:56.432 65990 INFO tempest.lib.common.rest_client [req-313a9dbb-cc78-4eda-89fc-7a74c13dc4f0 req-313a9dbb-cc78-4eda-89fc-7a74c13dc4f0 ] Request (SecurityGroupsNegativeTestJSON:tearDownClass): 204 DELETE http://10.180.1.21/networking/v2.0/security-groups/e9589c12-dd7b-4c55-b83d-0512c6749129 0.286s
2025-11-21 11:44:56.528 66052 INFO tempest.lib.common.rest_client [req-c2867b16-1bbe-453e-98c4-1ccf319db2f4 req-c2867b16-1bbe-453e-98c4-1ccf319db2f4 ] Request (ServicesAdminNegativeTestJSON:tearDownClass): 200 GET http://10.180.1.21/networking/v2.0/security-groups?tenant_id=b522acb6592d473d892898a2e58681f5&name=default 0.339s
2025-11-21 11:44:56.550 65990 INFO tempest.lib.common.rest_client [req-61d729d0-5b62-45fd-bd5a-ad31c8988737 req-61d729d0-5b62-45fd-bd5a-ad31c8988737 ] Request (SecurityGroupsNegativeTestJSON:tearDownClass): 204 DELETE http://10.180.1.21/identity/v3/projects/0ae04c407303488db9d9d50e6e045f30 0.117s
2025-11-21 11:44:56.663 65990 INFO tempest.lib.common.rest_client [req-353f5345-8d82-419d-aa04-f1aca69f51d6 req-353f5345-8d82-419d-aa04-f1aca69f51d6 ] Request (InstanceActionsV221TestJSON:setUpClass): 201 POST http://10.180.1.21/identity/v3/auth/tokens 0.111s
2025-11-21 11:44:56.695 65990 INFO tempest.lib.common.rest_client [req-006d6eb0-46af-4775-b655-b7dcfe9df16c req-006d6eb0-46af-4775-b655-b7dcfe9df16c ] Request (InstanceActionsV221TestJSON:setUpClass): 201 POST http://10.180.1.21/identity/v3/auth/tokens 0.029s
2025-11-21 11:44:56.723 65990 INFO tempest.lib.common.rest_client [req-368e71e0-ae7c-4850-93ae-87744c77685a req-368e71e0-ae7c-4850-93ae-87744c77685a ] Request (InstanceActionsV221TestJSON:setUpClass): 200 GET http://10.180.1.21/identity/v3/domains?name=Default 0.027s
2025-11-21 11:44:56.781 65990 INFO tempest.lib.common.rest_client [req-f5afd0a4-6e79-4d80-b99a-a7e28c71b5fd req-f5afd0a4-6e79-4d80-b99a-a7e28c71b5fd ] Request (InstanceActionsV221TestJSON:setUpClass): 201 POST http://10.180.1.21/identity/v3/projects 0.056s
2025-11-21 11:44:56.861 65990 INFO tempest.lib.common.rest_client [req-1f06444f-3244-4384-9d0f-f080d3ccc5b4 req-1f06444f-3244-4384-9d0f-f080d3ccc5b4 ] Request (InstanceActionsV221TestJSON:setUpClass): 201 POST http://10.180.1.21/identity/v3/users 0.079s
2025-11-21 11:44:56.887 65990 INFO tempest.lib.common.rest_client [req-1c5abc91-950c-4647-90b9-74b9e18c6b7f req-1c5abc91-950c-4647-90b9-74b9e18c6b7f ] Request (InstanceActionsV221TestJSON:setUpClass): 200 GET http://10.180.1.21/identity/v3/roles 0.025s
2025-11-21 11:44:56.931 66049 INFO tempest.lib.common.rest_client [req-f5d9290a-10fe-4417-87b3-f4b87addb6ec req-f5d9290a-10fe-4417-87b3-f4b87addb6ec ] Request (ImagesNegativeTestJSON:test_create_image_from_deleted_server): 200 GET http://10.180.1.21/compute/v2.1/servers/c4fac527-f0a0-47e8-88ee-88f24476dbf6 5.139s
2025-11-21 11:44:56.946 65990 INFO tempest.lib.common.rest_client [req-6c4621e8-723a-475e-95fe-1abbab22e3a3 req-6c4621e8-723a-475e-95fe-1abbab22e3a3 ] Request (InstanceActionsV221TestJSON:setUpClass): 204 PUT http://10.180.1.21/identity/v3/projects/9efa9d12e5cc4e98afd1625ee5b34af4/users/4d76dc360e8346da98e684c3889960e9/roles/8ba51ba7250a49d987f319ff040b8e7c 0.058s
2025-11-21 11:44:56.946 65990 INFO tempest.lib.common.dynamic_creds [-] Dynamic test user 4d76dc360e8346da98e684c3889960e9 is created with scope project and roles: ['member']
2025-11-21 11:44:56.946 65990 INFO tempest.lib.common.dynamic_creds [-] Acquired dynamic creds: credentials: Credentials: {'domain_id': 'default', 'domain_name': 'Default', 'username': 'tempest-InstanceActionsV221TestJSON-1438321150-project-member', 'project_domain_id': 'default', 'project_domain_name': 'Default', 'project_id': '9efa9d12e5cc4e98afd1625ee5b34af4', 'project_name': 'tempest-InstanceActionsV221TestJSON-1438321150', 'tenant_id': '9efa9d12e5cc4e98afd1625ee5b34af4', 'tenant_name': 'tempest-InstanceActionsV221TestJSON-1438321150', 'user_domain_id': 'default', 'user_domain_name': 'Default', 'user_id': '4d76dc360e8346da98e684c3889960e9', 'system': None}, Network: None, Subnet: None, Router: None
2025-11-21 11:44:56.966 66004 INFO tempest.lib.common.rest_client [req-71f42f01-8430-4ebd-8a73-fd584c118298 req-71f42f01-8430-4ebd-8a73-fd584c118298 ] Request (FlavorsAdminTestJSON:_run_cleanups): 200 GET http://10.180.1.21/compute/v2.1/flavors/detail 5.153s
2025-11-21 11:44:57.012 65998 INFO tempest.lib.common.rest_client [req-059a9bbd-3813-4a65-90e6-f9f5f131302f req-059a9bbd-3813-4a65-90e6-f9f5f131302f ] Request (DeleteServersAdminTestJSON:test_delete_server_while_in_error_state): 202 POST http://10.180.1.21/compute/v2.1/servers 5.592s
2025-11-21 11:44:57.030 65990 INFO tempest.lib.common.rest_client [req-aaf28cfa-5ad1-4fcc-b340-f1bb70fe16b5 req-aaf28cfa-5ad1-4fcc-b340-f1bb70fe16b5 ] Request (InstanceActionsV221TestJSON:setUpClass): 201 POST http://10.180.1.21/identity/v3/auth/tokens 0.083s
2025-11-21 11:44:57.053 66052 INFO tempest.lib.common.rest_client [req-b4c035d2-2f87-46e3-b419-55b15b3d0fe6 req-b4c035d2-2f87-46e3-b419-55b15b3d0fe6 ] Request (ServicesAdminNegativeTestJSON:tearDownClass): 204 DELETE http://10.180.1.21/networking/v2.0/security-groups/3eac5771-ff2c-48aa-a0a9-c29bc98617d2 0.524s
2025-11-21 11:44:57.157 66022 INFO tempest.lib.common.rest_client [req-55b641e1-3a76-433f-a49b-33a0564f8d58 req-55b641e1-3a76-433f-a49b-33a0564f8d58 ] Request (FlavorsAccessNegativeTestJSON:test_flavor_non_admin_add): 403 POST http://10.180.1.21/compute/v2.1/flavors/1396302355/action 5.312s
2025-11-21 11:44:57.157 66052 INFO tempest.lib.common.rest_client [req-6e78acf2-0c43-4fe2-bfc0-a1b6806b7e2a req-6e78acf2-0c43-4fe2-bfc0-a1b6806b7e2a ] Request (ServicesAdminNegativeTestJSON:tearDownClass): 204 DELETE http://10.180.1.21/identity/v3/projects/b522acb6592d473d892898a2e58681f5 0.103s
2025-11-21 11:44:57.225 65996 INFO tempest.lib.common.rest_client [req-8d95baf9-2b0e-449a-9d0f-352986f0db45 req-8d95baf9-2b0e-449a-9d0f-352986f0db45 ] Request (AggregatesAdminNegativeTestJSON:test_aggregate_create_aggregate_name_length_less_than_1): 400 POST http://10.180.1.21/compute/v2.1/os-aggregates 5.128s
2025-11-21 11:44:57.242 66052 INFO tempest.lib.common.rest_client [req-9761cfea-1ca9-44fe-92fb-b8a6f7d8f07e req-9761cfea-1ca9-44fe-92fb-b8a6f7d8f07e ] Request (FloatingIPsAssociationTestJSON:setUpClass): 201 POST http://10.180.1.21/identity/v3/auth/tokens 0.083s
2025-11-21 11:44:57.278 66052 INFO tempest.lib.common.rest_client [req-56b5e105-448f-4ed9-8ca2-8f2c3f53aa38 req-56b5e105-448f-4ed9-8ca2-8f2c3f53aa38 ] Request (FloatingIPsAssociationTestJSON:setUpClass): 201 POST http://10.180.1.21/identity/v3/auth/tokens 0.032s
2025-11-21 11:44:57.310 66052 INFO tempest.lib.common.rest_client [req-786c44f8-f2c0-4103-a62b-37e7c261e3b4 req-786c44f8-f2c0-4103-a62b-37e7c261e3b4 ] Request (FloatingIPsAssociationTestJSON:setUpClass): 200 GET http://10.180.1.21/identity/v3/domains?name=Default 0.031s
2025-11-21 11:44:57.318 66016 INFO tempest.lib.common.rest_client [req-9cac9ada-d0a9-44c0-8e49-ef17d168c044 req-9cac9ada-d0a9-44c0-8e49-ef17d168c044 ] Request (InstanceActionsTestJSON:test_list_instance_actions): 202 POST http://10.180.1.21/compute/v2.1/servers/0f4af5ce-e241-453c-a25f-ff507fe495ae/action 5.111s
2025-11-21 11:44:57.324 66000 INFO tempest.lib.common.rest_client [req-b5662e6b-e87c-4ba7-8aa0-a30346dc0811 req-b5662e6b-e87c-4ba7-8aa0-a30346dc0811 ] Request (HostsAdminNegativeTestJSON:test_update_host_with_non_admin_user): 403 PUT http://10.180.1.21/compute/v2.1/os-hosts/devstack 5.056s
2025-11-21 11:44:57.345 66052 INFO tempest.lib.common.rest_client [req-64b17d91-1256-480f-a463-6743fe3a9cce req-64b17d91-1256-480f-a463-6743fe3a9cce ] Request (FloatingIPsAssociationTestJSON:setUpClass): 201 POST http://10.180.1.21/identity/v3/projects 0.034s
2025-11-21 11:44:57.382 66002 INFO tempest.lib.common.rest_client [req-30bf5505-5765-442e-aa0b-2eea0edaf1b1 req-30bf5505-5765-442e-aa0b-2eea0edaf1b1 ] Request (KeyPairsV2TestJSON:test_keypairs_create_list_delete): 200 POST http://10.180.1.21/compute/v2.1/os-keypairs 4.965s
2025-11-21 11:44:57.406 66012 INFO tempest.lib.common.rest_client [req-77f8890c-dbe7-43ba-88f5-eccaaa922e6c req-77f8890c-dbe7-43ba-88f5-eccaaa922e6c ] Request (FlavorsExtraSpecsTestJSON:tearDownClass): 202 DELETE http://10.180.1.21/compute/v2.1/flavors/41945822 4.969s
2025-11-21 11:44:57.446 66052 INFO tempest.lib.common.rest_client [req-e63b5c49-acb6-4337-8bb5-6f008a5914b4 req-e63b5c49-acb6-4337-8bb5-6f008a5914b4 ] Request (FloatingIPsAssociationTestJSON:setUpClass): 201 POST http://10.180.1.21/identity/v3/users 0.100s
2025-11-21 11:44:57.478 66052 INFO tempest.lib.common.rest_client [req-a57bf921-7c9b-455b-bce4-f967c0072827 req-a57bf921-7c9b-455b-bce4-f967c0072827 ] Request (FloatingIPsAssociationTestJSON:setUpClass): 200 GET http://10.180.1.21/identity/v3/roles 0.031s
2025-11-21 11:44:57.480 66018 INFO tempest.lib.common.rest_client [req-39d4340d-990d-460f-ad31-a3ff697216c2 req-39d4340d-990d-460f-ad31-a3ff697216c2 ] Request (QuotaClassesAdmin257Test:test_update_default_quotas): 200 PUT http://10.180.1.21/compute/v2.1/os-quota-class-sets/default 4.785s
2025-11-21 11:44:57.484 66046 INFO tempest.lib.common.rest_client [req-caa5e8b5-24a5-4436-ae6f-c2e297993c47 req-caa5e8b5-24a5-4436-ae6f-c2e297993c47 ] Request (ServersV294TestFqdnHostnames:setUpClass): 201 POST http://10.180.1.21/networking/v2.0/routers 1.173s
2025-11-21 11:44:57.523 66030 INFO tempest.lib.common.rest_client [req-c9b5b807-b9e9-49b0-a9d4-10bc2f8f4a37 req-c9b5b807-b9e9-49b0-a9d4-10bc2f8f4a37 ] Request (MigrationsAdminTest:test_list_migrations_in_flavor_resize_situation): 200 GET http://10.180.1.21/compute/v2.1/servers/58ff5ced-6ad5-44de-991b-237b66a94cea 5.682s
2025-11-21 11:44:57.528 66014 INFO tempest.lib.common.rest_client [req-77bb3856-9b0f-4371-a4ed-9d5215434801 req-77bb3856-9b0f-4371-a4ed-9d5215434801 ] Request (ImagesTestJSON:test_create_image_from_stopped_server): 200 GET http://10.180.1.21/compute/v2.1/images/31f4f5ad-1ae2-4625-84f7-c5a723c76214 4.637s
2025-11-21 11:44:57.531 66052 INFO tempest.lib.common.rest_client [req-514c2a2c-d821-44b7-8adc-e32a73887926 req-514c2a2c-d821-44b7-8adc-e32a73887926 ] Request (FloatingIPsAssociationTestJSON:setUpClass): 204 PUT http://10.180.1.21/identity/v3/projects/3323d6978c584465a82d2c38a39f1a19/users/74672dd627b8405995f9b12ba1644d32/roles/8ba51ba7250a49d987f319ff040b8e7c 0.051s
2025-11-21 11:44:57.531 66052 INFO tempest.lib.common.dynamic_creds [-] Dynamic test user 74672dd627b8405995f9b12ba1644d32 is created with scope project and roles: ['member']
2025-11-21 11:44:57.531 66052 INFO tempest.lib.common.dynamic_creds [-] Acquired dynamic creds: credentials: Credentials: {'domain_id': 'default', 'domain_name': 'Default', 'username': 'tempest-FloatingIPsAssociationTestJSON-688935729-project-member', 'project_domain_id': 'default', 'project_domain_name': 'Default', 'project_id': '3323d6978c584465a82d2c38a39f1a19', 'project_name': 'tempest-FloatingIPsAssociationTestJSON-688935729', 'tenant_id': '3323d6978c584465a82d2c38a39f1a19', 'tenant_name': 'tempest-FloatingIPsAssociationTestJSON-688935729', 'user_domain_id': 'default', 'user_domain_name': 'Default', 'user_id': '74672dd627b8405995f9b12ba1644d32', 'system': None}, Network: None, Subnet: None, Router: None
2025-11-21 11:44:57.593 65990 INFO tempest.lib.common.rest_client [req-33c7b764-49e7-48ee-9062-cd5ffbd7b435 req-33c7b764-49e7-48ee-9062-cd5ffbd7b435 ] Request (InstanceActionsV221TestJSON:setUpClass): 201 POST http://10.180.1.21/networking/v2.0/networks 0.562s
2025-11-21 11:44:57.641 66052 INFO tempest.lib.common.rest_client [req-e8436661-e161-461a-ae5d-7270560218f6 req-e8436661-e161-461a-ae5d-7270560218f6 ] Request (FloatingIPsAssociationTestJSON:setUpClass): 201 POST http://10.180.1.21/identity/v3/auth/tokens 0.109s
2025-11-21 11:44:57.956 65990 INFO tempest.lib.common.rest_client [req-4d62a297-a1e0-4dfb-9099-bf668a8084e0 req-4d62a297-a1e0-4dfb-9099-bf668a8084e0 ] Request (InstanceActionsV221TestJSON:setUpClass): 201 POST http://10.180.1.21/networking/v2.0/subnets 0.362s
2025-11-21 11:44:57.991 66008 INFO tempest.lib.common.rest_client [req-4271053a-c98e-4472-a676-eff5026ac045 req-4271053a-c98e-4472-a676-eff5026ac045 ] Request (ServersAdmin275Test:_run_cleanups): 200 GET http://10.180.1.21/compute/v2.1/servers/8996eff3-3f46-4e5c-91e5-bae287887c47 4.427s
2025-11-21 11:44:58.166 66020 INFO tempest.lib.common.rest_client [req-68b7b29b-6ee1-43e6-94c5-fde922c4e8c5 req-68b7b29b-6ee1-43e6-94c5-fde922c4e8c5 ] Request (VolumesAdminNegativeTest:test_update_attached_volume_with_nonexistent_volume_in_uri): 404 PUT http://10.180.1.21/compute/v2.1/servers/038267eb-42b8-4998-9813-8ff40aa549b8/os-volume_attachments/471d2894-ba0f-498b-be34-3a2b0661c53f 4.344s
2025-11-21 11:44:58.217 66020 INFO tempest.lib.common.rest_client [req-7520555a-6b6f-4486-ac17-be346064a295 req-7520555a-6b6f-4486-ac17-be346064a295 ] Request (VolumesAdminNegativeTest:tearDownClass): 202 DELETE http://10.180.1.21/volume/v3/volumes/04a817a6-a748-4971-8bd9-0fd63383e9e0 0.049s
2025-11-21 11:44:58.250 66036 WARNING tempest.lib.common.ssh [-] Failed to establish authenticated ssh connection to cirros@10.180.180.174 ([Errno None] Unable to connect to port 22 on 10.180.180.174). Number attempts: 1. Retry after 2 seconds.: paramiko.ssh_exception.NoValidConnectionsError: [Errno None] Unable to connect to port 22 on 10.180.180.174
2025-11-21 11:44:58.253 66020 INFO tempest.lib.common.rest_client [req-efb0c703-aa65-4072-a27c-60092056c6d4 req-efb0c703-aa65-4072-a27c-60092056c6d4 ] Request (VolumesAdminNegativeTest:tearDownClass): 200 GET http://10.180.1.21/volume/v3/volumes/04a817a6-a748-4971-8bd9-0fd63383e9e0 0.036s
2025-11-21 11:44:58.260 66052 INFO tempest.lib.common.rest_client [req-e29cf278-8282-441d-ad4c-30e0efef83c9 req-e29cf278-8282-441d-ad4c-30e0efef83c9 ] Request (FloatingIPsAssociationTestJSON:setUpClass): 201 POST http://10.180.1.21/networking/v2.0/networks 0.618s
2025-11-21 11:44:58.313 66028 INFO tempest.lib.common.rest_client [req-b8fd4455-b285-46d5-a234-3afa18bbd20d req-b8fd4455-b285-46d5-a234-3afa18bbd20d ] Request (ServersTestManualDisk:setUpClass): 200 GET http://10.180.1.21/compute/v2.1/servers/1be50e43-6f5d-4e5a-847c-c076bba59c77 5.215s
2025-11-21 11:44:58.327 65992 INFO tempest.lib.common.rest_client [req-3ae189f0-f172-48b9-8784-787246fbf52b req-3ae189f0-f172-48b9-8784-787246fbf52b ] Request (QuotasAdminNegativeTest:test_update_quota_normal_user): 403 PUT http://10.180.1.21/compute/v2.1/os-quota-sets/53d53b37da114cbd8bcfc3d30ca55823 3.915s
2025-11-21 11:44:58.339 66032 INFO tempest.lib.common.rest_client [req-34269575-e4b6-4da3-89ce-475a92e94a94 req-34269575-e4b6-4da3-89ce-475a92e94a94 ] Request (FlavorMetadataValidation:test_flavor_update_with_custom_namespace): 200 POST http://10.180.1.21/compute/v2.1/flavors/1224278016/os-extra_specs 4.232s
2025-11-21 11:44:58.383 66038 INFO tempest.lib.common.rest_client [req-16b4b6f4-a96e-4d60-ad86-ffdf0295b7a4 req-16b4b6f4-a96e-4d60-ad86-ffdf0295b7a4 ] Request (AttachInterfacesV270Test:tearDownClass): 404 GET http://10.180.1.21/compute/v2.1/servers/0ae91c9d-81c9-49eb-be11-42e87c0f8975 3.608s
2025-11-21 11:44:58.489 65992 INFO tempest.lib.common.rest_client [req-43b3eb4c-53a8-452e-be0d-7e851493454d req-43b3eb4c-53a8-452e-be0d-7e851493454d ] Request (QuotasAdminNegativeTest:tearDownClass): 204 DELETE http://10.180.1.21/identity/v3/users/612d2930592b4105a1e905e281a8ebda 0.160s
2025-11-21 11:44:58.619 65992 INFO tempest.lib.common.rest_client [req-84681192-ac68-46ad-928b-dbfaf3965b88 req-84681192-ac68-46ad-928b-dbfaf3965b88 ] Request (QuotasAdminNegativeTest:tearDownClass): 204 DELETE http://10.180.1.21/identity/v3/users/4ffb27a6bea4440e8ddb01c2eb74bf95 0.129s
2025-11-21 11:44:58.619 65992 INFO tempest.lib.common.dynamic_creds [-] Deleting project and security group for project: 53d53b37da114cbd8bcfc3d30ca55823
2025-11-21 11:44:58.681 66046 INFO tempest.lib.common.rest_client [req-82b8cfa3-46db-4306-8fa3-e5c5977a17f6 req-82b8cfa3-46db-4306-8fa3-e5c5977a17f6 ] Request (ServersV294TestFqdnHostnames:setUpClass): 200 PUT http://10.180.1.21/networking/v2.0/routers/f33422af-b287-4a6a-b51b-0389c0f69fe7/add_router_interface 1.196s
2025-11-21 11:44:58.682 66046 INFO tempest.lib.common.dynamic_creds [-] Created isolated network resources for: credentials: Credentials: {'domain_id': 'default', 'domain_name': 'Default', 'username': 'tempest-ServersV294TestFqdnHostnames-895753008-project-member', 'project_domain_id': 'default', 'project_domain_name': 'Default', 'project_id': '1ee5a14ab81644ac9722e641fccfdb2d', 'project_name': 'tempest-ServersV294TestFqdnHostnames-895753008', 'tenant_id': '1ee5a14ab81644ac9722e641fccfdb2d', 'tenant_name': 'tempest-ServersV294TestFqdnHostnames-895753008', 'user_domain_id': 'default', 'user_domain_name': 'Default', 'user_id': '5e1f382244ac40c19ee0b745d0ffb954', 'system': None}, Network: {'id': '57bf9911-0f2d-42b8-a963-b8dfad996e7c', 'name': 'tempest-ServersV294TestFqdnHostnames-795633560-network', 'tenant_id': '1ee5a14ab81644ac9722e641fccfdb2d', 'project_id': '1ee5a14ab81644ac9722e641fccfdb2d', 'admin_state_up': True, 'mtu': 8950, 'status': 'ACTIVE', 'subnets': [], 'shared': False, 'port_security_enabled': True, 'router:external': False, 'provider:network_type': 'vlan', 'provider:physical_network': 'default', 'provider:segmentation_id': 679, 'availability_zone_hints': [], 'availability_zones': [], 'ipv4_address_scope': None, 'ipv6_address_scope': None, 'description': '', 'tags': [], 'created_at': '2025-11-21T11:44:55Z', 'updated_at': '2025-11-21T11:44:55Z', 'revision_number': 1}, Subnet: {'id': '79a8a082-74ed-4fca-b9e1-1bbc70ffe68f', 'name': 'tempest-ServersV294TestFqdnHostnames-795633560-subnet', 'tenant_id': '1ee5a14ab81644ac9722e641fccfdb2d', 'network_id': '57bf9911-0f2d-42b8-a963-b8dfad996e7c', 'ip_version': 4, 'subnetpool_id': None, 'enable_dhcp': True, 'ipv6_ra_mode': None, 'ipv6_address_mode': None, 'gateway_ip': '192.168.128.1', 'cidr': '192.168.128.0/28', 'allocation_pools': [{'start': '192.168.128.2', 'end': '192.168.128.14'}], 'host_routes': [], 'dns_nameservers': [], 'description': '', 'router:external': False, 'service_types': [], 'tags': [], 'created_at': '2025-11-21T11:44:56Z', 'updated_at': '2025-11-21T11:44:56Z', 'revision_number': 0, 'project_id': '1ee5a14ab81644ac9722e641fccfdb2d'}, Router: {'id': 'f33422af-b287-4a6a-b51b-0389c0f69fe7', 'name': 'tempest-ServersV294TestFqdnHostnames-795633560-router', 'tenant_id': '1ee5a14ab81644ac9722e641fccfdb2d', 'admin_state_up': True, 'status': 'ACTIVE', 'external_gateway_info': {'network_id': '52921814-878f-48b9-90fb-3ade1ae940be', 'external_fixed_ips': [{'subnet_id': '1db8257a-8c9b-4ba6-9e7f-45fc684f5c93', 'ip_address': '10.180.180.135'}], 'enable_snat': True}, 'description': '', 'availability_zones': [], 'distributed': False, 'ha': False, 'availability_zone_hints': [], 'routes': [], 'flavor_id': None, 'tags': [], 'created_at': '2025-11-21T11:44:56Z', 'updated_at': '2025-11-21T11:44:57Z', 'revision_number': 2, 'project_id': '1ee5a14ab81644ac9722e641fccfdb2d'}
2025-11-21 11:44:58.691 65992 INFO tempest.lib.common.rest_client [req-19e1855c-44b9-4df1-9bd4-6d1cd96a5b85 req-19e1855c-44b9-4df1-9bd4-6d1cd96a5b85 ] Request (QuotasAdminNegativeTest:tearDownClass): 201 POST http://10.180.1.21/identity/v3/auth/tokens 0.071s
2025-11-21 11:44:58.815 66046 INFO tempest.lib.common.rest_client [req-4f97e9f8-72db-4452-80d9-01e6828cc606 req-4f97e9f8-72db-4452-80d9-01e6828cc606 ] Request (ServersV294TestFqdnHostnames:setUpClass): 201 POST http://10.180.1.21/identity/v3/auth/tokens 0.130s
2025-11-21 11:44:58.933 66052 INFO tempest.lib.common.rest_client [req-9ef43c61-b283-416c-91e4-fd882aba7811 req-9ef43c61-b283-416c-91e4-fd882aba7811 ] Request (FloatingIPsAssociationTestJSON:setUpClass): 201 POST http://10.180.1.21/networking/v2.0/subnets 0.671s
2025-11-21 11:44:59.281 66020 INFO tempest.lib.common.rest_client [req-a2d6b334-c39a-40a0-acb3-c103dcb1baed req-a2d6b334-c39a-40a0-acb3-c103dcb1baed ] Request (VolumesAdminNegativeTest:tearDownClass): 404 GET http://10.180.1.21/volume/v3/volumes/04a817a6-a748-4971-8bd9-0fd63383e9e0 0.017s
2025-11-21 11:44:59.447 65990 INFO tempest.lib.common.rest_client [req-63b2b8be-bee7-42a1-a1c8-07f2266bf140 req-63b2b8be-bee7-42a1-a1c8-07f2266bf140 ] Request (InstanceActionsV221TestJSON:setUpClass): 201 POST http://10.180.1.21/networking/v2.0/routers 1.491s
2025-11-21 11:44:59.579 66042 INFO tempest.lib.common.rest_client [req-8f4fda0d-6905-4c92-9f97-cf4f6336f305 req-8f4fda0d-6905-4c92-9f97-cf4f6336f305 ] Request (ServersWithSpecificFlavorTestJSON:test_verify_created_server_ephemeral_disk): 200 GET http://10.180.1.21/compute/v2.1/servers/de005149-d371-4383-80c2-c5fab5aca9b6 4.628s
2025-11-21 11:44:59.747 66038 INFO tempest.lib.common.rest_client [req-f8df8547-efb8-4e06-8872-ffc5bf2be374 req-f8df8547-efb8-4e06-8872-ffc5bf2be374 ] Request (AttachInterfacesV270Test:tearDownClass): 200 PUT http://10.180.1.21/networking/v2.0/routers/e491daf5-072d-4536-96c0-8955f03cf415/remove_router_interface 1.363s
2025-11-21 11:44:59.806 65994 WARNING tempest.lib.common.ssh [-] Failed to establish authenticated ssh connection to cirros@10.180.180.129 ([Errno None] Unable to connect to port 22 on 10.180.180.129). Number attempts: 4. Retry after 5 seconds.: paramiko.ssh_exception.NoValidConnectionsError: [Errno None] Unable to connect to port 22 on 10.180.180.129
2025-11-21 11:44:59.945 65992 INFO tempest.lib.common.rest_client [req-5accfc23-a805-4a96-ae9d-912aa8cf35bd req-5accfc23-a805-4a96-ae9d-912aa8cf35bd ] Request (QuotasAdminNegativeTest:tearDownClass): 200 GET http://10.180.1.21/networking/v2.0/security-groups?tenant_id=53d53b37da114cbd8bcfc3d30ca55823&name=default 1.254s
2025-11-21 11:45:00.507 66052 INFO tempest.lib.common.rest_client [req-c374c9ee-fc59-4eef-aa12-83ab207a257c req-c374c9ee-fc59-4eef-aa12-83ab207a257c ] Request (FloatingIPsAssociationTestJSON:setUpClass): 201 POST http://10.180.1.21/networking/v2.0/routers 1.573s
2025-11-21 11:45:00.543 66034 INFO tempest.lib.common.rest_client [req-7ac46541-a021-4a46-b4fc-54b3caa691db req-7ac46541-a021-4a46-b4fc-54b3caa691db ] Request (ServersAdminTestJSON:setUpClass): 200 GET http://10.180.1.21/compute/v2.1/servers/1d513b48-3a08-4c94-a841-2636192b4d8f 5.822s
2025-11-21 11:45:00.548 66050 INFO tempest.lib.common.rest_client [req-aef715eb-0269-4820-ab17-ad8cc8192bdf req-aef715eb-0269-4820-ab17-ad8cc8192bdf ] Request (MultipleCreateNegativeTestJSON:test_max_count_less_than_one): 400 POST http://10.180.1.21/compute/v2.1/servers 5.118s
2025-11-21 11:45:00.556 66034 INFO tempest.common.waiters [-] State transition "BUILD/spawning" ==> "ACTIVE/None" after 23 second wait
2025-11-21 11:45:00.585 66010 INFO tempest.lib.common.rest_client [req-ed8976d0-e5ff-4d63-a082-3a28fc20dbbf req-ed8976d0-e5ff-4d63-a082-3a28fc20dbbf ] Request (ServerDiagnosticsV248Test:test_get_server_diagnostics): 200 GET http://10.180.1.21/compute/v2.1/servers/731c7200-d03b-44c9-b0de-c1092c046340 5.604s
2025-11-21 11:45:00.599 66010 INFO tempest.common.waiters [-] State transition "BUILD/spawning" ==> "ACTIVE/None" after 18 second wait
2025-11-21 11:45:00.603 66044 INFO tempest.lib.common.rest_client [req-a350ea5c-a384-4bc3-a17d-8318088c7833 req-a350ea5c-a384-4bc3-a17d-8318088c7833 ] Request (ServerExternalEventsTest:tearDownClass): 404 GET http://10.180.1.21/compute/v2.1/servers/463f9822-7a52-4e47-af74-d980b6c97de0 5.124s
2025-11-21 11:45:00.679 66050 INFO tempest.lib.common.rest_client [req-3b94aa8f-352c-48d5-957a-54bbb7b8db5f req-3b94aa8f-352c-48d5-957a-54bbb7b8db5f ] Request (MultipleCreateNegativeTestJSON:test_max_count_non_integer): 201 POST http://10.180.1.21/identity/v3/auth/tokens 0.118s
2025-11-21 11:45:00.680 66050 INFO tempest.lib.common.fixed_network [-] (MultipleCreateNegativeTestJSON:test_max_count_non_integer) Found network None available for tenant
2025-11-21 11:45:00.807 66044 INFO tempest.lib.common.rest_client [req-cf74d2b4-696d-4be5-b157-19ed38adb5be req-cf74d2b4-696d-4be5-b157-19ed38adb5be ] Request (ServerExternalEventsTest:tearDownClass): 204 DELETE http://10.180.1.21/identity/v3/users/a75ae8f5ce294dc9b530de6104917264 0.203s
2025-11-21 11:45:00.959 66024 INFO tempest.lib.common.rest_client [req-015eba87-42d6-4c3a-9195-b70d944e90e1 req-015eba87-42d6-4c3a-9195-b70d944e90e1 ] Request (HypervisorAdminV228Test:test_get_list_hypervisor_details): 200 GET http://10.180.1.21/compute/v2.1/os-hypervisors 5.026s
2025-11-21 11:45:00.999 65990 INFO tempest.lib.common.rest_client [req-7720da7b-49bf-4c2c-a7ab-6a40f69a7f07 req-7720da7b-49bf-4c2c-a7ab-6a40f69a7f07 ] Request (InstanceActionsV221TestJSON:setUpClass): 200 PUT http://10.180.1.21/networking/v2.0/routers/5c5be34c-05b2-4c44-99c9-180d038422eb/add_router_interface 1.551s
2025-11-21 11:45:01.000 65990 INFO tempest.lib.common.dynamic_creds [-] Created isolated network resources for: credentials: Credentials: {'domain_id': 'default', 'domain_name': 'Default', 'username': 'tempest-InstanceActionsV221TestJSON-1438321150-project-member', 'project_domain_id': 'default', 'project_domain_name': 'Default', 'project_id': '9efa9d12e5cc4e98afd1625ee5b34af4', 'project_name': 'tempest-InstanceActionsV221TestJSON-1438321150', 'tenant_id': '9efa9d12e5cc4e98afd1625ee5b34af4', 'tenant_name': 'tempest-InstanceActionsV221TestJSON-1438321150', 'user_domain_id': 'default', 'user_domain_name': 'Default', 'user_id': '4d76dc360e8346da98e684c3889960e9', 'system': None}, Network: {'id': '2bec05eb-9124-4bc7-946a-4368370ab92f', 'name': 'tempest-InstanceActionsV221TestJSON-774674125-network', 'tenant_id': '9efa9d12e5cc4e98afd1625ee5b34af4', 'project_id': '9efa9d12e5cc4e98afd1625ee5b34af4', 'admin_state_up': True, 'mtu': 8950, 'status': 'ACTIVE', 'subnets': [], 'shared': False, 'port_security_enabled': True, 'router:external': False, 'provider:network_type': 'vlan', 'provider:physical_network': 'default', 'provider:segmentation_id': 625, 'availability_zone_hints': [], 'availability_zones': [], 'ipv4_address_scope': None, 'ipv6_address_scope': None, 'description': '', 'tags': [], 'created_at': '2025-11-21T11:44:57Z', 'updated_at': '2025-11-21T11:44:57Z', 'revision_number': 1}, Subnet: {'id': '5538af96-c0d1-41e4-a9fe-14d1e8ffdff4', 'name': 'tempest-InstanceActionsV221TestJSON-774674125-subnet', 'tenant_id': '9efa9d12e5cc4e98afd1625ee5b34af4', 'network_id': '2bec05eb-9124-4bc7-946a-4368370ab92f', 'ip_version': 4, 'subnetpool_id': None, 'enable_dhcp': True, 'ipv6_ra_mode': None, 'ipv6_address_mode': None, 'gateway_ip': '192.168.128.1', 'cidr': '192.168.128.0/28', 'allocation_pools': [{'start': '192.168.128.2', 'end': '192.168.128.14'}], 'host_routes': [], 'dns_nameservers': [], 'description': '', 'router:external': False, 'service_types': [], 'tags': [], 'created_at': '2025-11-21T11:44:57Z', 'updated_at': '2025-11-21T11:44:57Z', 'revision_number': 0, 'project_id': '9efa9d12e5cc4e98afd1625ee5b34af4'}, Router: {'id': '5c5be34c-05b2-4c44-99c9-180d038422eb', 'name': 'tempest-InstanceActionsV221TestJSON-774674125-router', 'tenant_id': '9efa9d12e5cc4e98afd1625ee5b34af4', 'admin_state_up': True, 'status': 'ACTIVE', 'external_gateway_info': {'network_id': '52921814-878f-48b9-90fb-3ade1ae940be', 'external_fixed_ips': [{'subnet_id': '1db8257a-8c9b-4ba6-9e7f-45fc684f5c93', 'ip_address': '10.180.180.197'}], 'enable_snat': True}, 'description': '', 'availability_zones': [], 'distributed': False, 'ha': False, 'availability_zone_hints': [], 'routes': [], 'flavor_id': None, 'tags': [], 'created_at': '2025-11-21T11:44:58Z', 'updated_at': '2025-11-21T11:44:59Z', 'revision_number': 2, 'project_id': '9efa9d12e5cc4e98afd1625ee5b34af4'}
2025-11-21 11:45:01.007 66044 INFO tempest.lib.common.rest_client [req-a27ec61a-51ec-47f6-96cf-5f37b100118e req-a27ec61a-51ec-47f6-96cf-5f37b100118e ] Request (ServerExternalEventsTest:tearDownClass): 204 DELETE http://10.180.1.21/identity/v3/users/eb3d97acb10d4860937216e47d3da80f 0.200s
2025-11-21 11:45:01.129 65990 INFO tempest.lib.common.rest_client [req-4e406556-68db-450c-8497-d7fa8aaf4a61 req-4e406556-68db-450c-8497-d7fa8aaf4a61 ] Request (InstanceActionsV221TestJSON:setUpClass): 201 POST http://10.180.1.21/identity/v3/auth/tokens 0.125s
2025-11-21 11:45:01.188 66044 INFO tempest.lib.common.rest_client [req-e5e6b19c-a7c4-4451-a3fd-8df3f3d84f87 req-e5e6b19c-a7c4-4451-a3fd-8df3f3d84f87 ] Request (ServerExternalEventsTest:tearDownClass): 204 DELETE http://10.180.1.21/identity/v3/users/c1042c199c724f679c15d01c12db27c8 0.180s
2025-11-21 11:45:01.188 66044 INFO tempest.lib.common.dynamic_creds [-] Deleting project and security group for project: 310d01beedf24859a571ec436efe1774
2025-11-21 11:45:01.222 65990 INFO tempest.lib.common.rest_client [req-c7c20f7c-c26d-48cf-a2a1-ed2821dcff87 req-c7c20f7c-c26d-48cf-a2a1-ed2821dcff87 ] Request (InstanceActionsV221TestJSON:test_get_list_deleted_instance_actions): 201 POST http://10.180.1.21/identity/v3/auth/tokens 0.086s
2025-11-21 11:45:01.222 65990 INFO tempest.lib.common.fixed_network [-] (InstanceActionsV221TestJSON:test_get_list_deleted_instance_actions) Found network {'id': '2bec05eb-9124-4bc7-946a-4368370ab92f', 'name': 'tempest-InstanceActionsV221TestJSON-774674125-network', 'tenant_id': '9efa9d12e5cc4e98afd1625ee5b34af4', 'project_id': '9efa9d12e5cc4e98afd1625ee5b34af4', 'admin_state_up': True, 'mtu': 8950, 'status': 'ACTIVE', 'subnets': [], 'shared': False, 'port_security_enabled': True, 'router:external': False, 'provider:network_type': 'vlan', 'provider:physical_network': 'default', 'provider:segmentation_id': 625, 'availability_zone_hints': [], 'availability_zones': [], 'ipv4_address_scope': None, 'ipv6_address_scope': None, 'description': '', 'tags': [], 'created_at': '2025-11-21T11:44:57Z', 'updated_at': '2025-11-21T11:44:57Z', 'revision_number': 1} available for tenant
2025-11-21 11:45:01.237 65992 INFO tempest.lib.common.rest_client [req-c2770efb-a5fa-4823-ad92-88570f7e8bd4 req-c2770efb-a5fa-4823-ad92-88570f7e8bd4 ] Request (QuotasAdminNegativeTest:tearDownClass): 204 DELETE http://10.180.1.21/networking/v2.0/security-groups/15802216-baf3-4d64-bb1e-e34e1e4e8b86 1.291s
2025-11-21 11:45:01.275 66044 INFO tempest.lib.common.rest_client [req-b2146ea1-1f3a-4084-aadd-4a452cbd139e req-b2146ea1-1f3a-4084-aadd-4a452cbd139e ] Request (ServerExternalEventsTest:tearDownClass): 201 POST http://10.180.1.21/identity/v3/auth/tokens 0.086s
2025-11-21 11:45:01.292 66038 INFO tempest.lib.common.rest_client [req-4645ec9a-de67-460d-a721-31a4d2148201 req-4645ec9a-de67-460d-a721-31a4d2148201 ] Request (AttachInterfacesV270Test:tearDownClass): 204 DELETE http://10.180.1.21/networking/v2.0/routers/e491daf5-072d-4536-96c0-8955f03cf415 1.543s
2025-11-21 11:45:01.312 66036 WARNING tempest.lib.common.ssh [-] Failed to establish authenticated ssh connection to cirros@10.180.180.174 ([Errno None] Unable to connect to port 22 on 10.180.180.174). Number attempts: 2. Retry after 3 seconds.: paramiko.ssh_exception.NoValidConnectionsError: [Errno None] Unable to connect to port 22 on 10.180.180.174
2025-11-21 11:45:01.394 65992 INFO tempest.lib.common.rest_client [req-6e34f40b-3cb8-471c-bbfe-9248eda202fe req-6e34f40b-3cb8-471c-bbfe-9248eda202fe ] Request (QuotasAdminNegativeTest:tearDownClass): 204 DELETE http://10.180.1.21/identity/v3/projects/53d53b37da114cbd8bcfc3d30ca55823 0.155s
2025-11-21 11:45:01.397 65992 INFO tempest.lib.common.dynamic_creds [-] Deleting project and security group for project: 07013ced0fce43fc8a5158ef5c7f8538
2025-11-21 11:45:01.405 66040 INFO tempest.lib.common.rest_client [req-7930fc63-a091-4ca6-aab7-6a2120b52fda req-7930fc63-a091-4ca6-aab7-6a2120b52fda ] Request (ImagesOneServerNegativeTestJSON:setUpClass): 200 GET http://10.180.1.21/compute/v2.1/servers/87525174-5196-42c4-9522-f7174d496ecb 5.702s
2025-11-21 11:45:01.451 66004 INFO tempest.lib.common.rest_client [req-17e6595c-73c0-4b70-9fb7-6b029acbd77e req-17e6595c-73c0-4b70-9fb7-6b029acbd77e ] Request (FlavorsAdminTestJSON:test_create_flavor_with_uuid_id): 200 POST http://10.180.1.21/compute/v2.1/flavors 4.472s
2025-11-21 11:45:01.746 66044 INFO tempest.lib.common.rest_client [req-c8514d5f-a9ac-42d1-a499-4414ccbb0bf6 req-c8514d5f-a9ac-42d1-a499-4414ccbb0bf6 ] Request (ServerExternalEventsTest:tearDownClass): 200 GET http://10.180.1.21/networking/v2.0/security-groups?tenant_id=310d01beedf24859a571ec436efe1774&name=default 0.471s
2025-11-21 11:45:01.920 66038 INFO tempest.lib.common.rest_client [req-8390380a-2664-461a-a1a1-45981ad69179 req-8390380a-2664-461a-a1a1-45981ad69179 ] Request (AttachInterfacesV270Test:tearDownClass): 204 DELETE http://10.180.1.21/networking/v2.0/subnets/b9176b6d-dcfa-499c-8c3d-e21141a25ed3 0.628s
