2025-11-21 11:44:29.255 65990 INFO tempest.lib.common.dynamic_creds [-] Created isolated network resources for: credentials: Credentials: {'domain_id': 'default', 'domain_name': 'Default', 'username': 'tempest-SecurityGroupsNegativeTestJSON-1294539676-project-member', 'project_domain_id': 'default', 'project_domain_name': 'Default', 'project_id': '0ae04c407303488db9d9d50e6e045f30', 'project_name': 'tempest-SecurityGroupsNegativeTestJSON-1294539676', 'tenant_id': '0ae04c407303488db9d9d50e6e045f30', 'tenant_name': 'tempest-SecurityGroupsNegativeTestJSON-1294539676', 'user_domain_id': 'default', 'user_domain_name': 'Default', 'user_id': '625cb1acab3d4a5ab0d019ac470f5415', 'system': None}, Network: {'id': '5cae6c77-d648-45f0-9c82-7528a6d555e6', 'name': 'tempest-SecurityGroupsNegativeTestJSON-352912024-network', 'tenant_id': '0ae04c407303488db9d9d50e6e045f30', 'project_id': '0ae04c407303488db9d9d50e6e045f30', 'admin_state_up': True, 'mtu': 8950, 'status': 'ACTIVE', 'subnets': [], 'shared': False, 'port_security_enabled': True, 'router:external': False, 'provider:network_type': 'vlan', 'provider:physical_network': 'default', 'provider:segmentation_id': 576, 'availability_zone_hints': [], 'availability_zones': [], 'ipv4_address_scope': None, 'ipv6_address_scope': None, 'description': '', 'tags': [], 'created_at': '2025-11-21T11:44:25Z', 'updated_at': '2025-11-21T11:44:25Z', 'revision_number': 1}, Subnet: {'id': '27993618-1879-4e80-b167-0798aedc1404', 'name': 'tempest-SecurityGroupsNegativeTestJSON-352912024-subnet', 'tenant_id': '0ae04c407303488db9d9d50e6e045f30', 'network_id': '5cae6c77-d648-45f0-9c82-7528a6d555e6', 'ip_version': 4, 'subnetpool_id': None, 'enable_dhcp': True, 'ipv6_ra_mode': None, 'ipv6_address_mode': None, 'gateway_ip': '192.168.128.1', 'cidr': '192.168.128.0/28', 'allocation_pools': [{'start': '192.168.128.2', 'end': '192.168.128.14'}], 'host_routes': [], 'dns_nameservers': [], 'description': '', 'router:external': False, 'service_types': [], 'tags': [], 'created_at': '2025-11-21T11:44:27Z', 'updated_at': '2025-11-21T11:44:27Z', 'revision_number': 0, 'project_id': '0ae04c407303488db9d9d50e6e045f30'}, Router: {'id': '325d0435-9280-4745-ae77-76298b380a13', 'name': 'tempest-SecurityGroupsNegativeTestJSON-352912024-router', 'tenant_id': '0ae04c407303488db9d9d50e6e045f30', 'admin_state_up': True, 'status': 'ACTIVE', 'external_gateway_info': {'network_id': '52921814-878f-48b9-90fb-3ade1ae940be', 'external_fixed_ips': [{'subnet_id': '1db8257a-8c9b-4ba6-9e7f-45fc684f5c93', 'ip_address': '10.180.180.160'}], 'enable_snat': True}, 'description': '', 'availability_zones': [], 'distributed': False, 'ha': False, 'availability_zone_hints': [], 'routes': [], 'flavor_id': None, 'tags': [], 'created_at': '2025-11-21T11:44:27Z', 'updated_at': '2025-11-21T11:44:27Z', 'revision_number': 2, 'project_id': '0ae04c407303488db9d9d50e6e045f30'}
2025-11-21 11:44:29.272 66020 INFO tempest.lib.common.rest_client [req-e87a92c6-9d9e-4abe-a3c0-2dcbf8f249ae req-e87a92c6-9d9e-4abe-a3c0-2dcbf8f249ae ] Request (VolumesAdminNegativeTest:setUpClass): 200 PUT http://10.180.1.21/networking/v2.0/routers/4567314c-97f2-43ad-873e-34908035be52/add_router_interface 0.940s
2025-11-21 11:44:29.272 66020 INFO tempest.lib.common.dynamic_creds [-] Created isolated network resources for: credentials: Credentials: {'domain_id': 'default', 'domain_name': 'Default', 'username': 'tempest-VolumesAdminNegativeTest-538582625-project', 'project_domain_id': 'default', 'project_domain_name': 'Default', 'project_id': '73a31477996e4964aa5d857b50fb50bc', 'project_name': 'tempest-VolumesAdminNegativeTest-538582625', 'tenant_id': '73a31477996e4964aa5d857b50fb50bc', 'tenant_name': 'tempest-VolumesAdminNegativeTest-538582625', 'user_domain_id': 'default', 'user_domain_name': 'Default', 'user_id': '4db319e8047c49a7b4afe012ca951fad', 'system': None}, Network: {'id': 'aab829bf-4cb0-4401-b71d-e0e28d2e2bc2', 'name': 'tempest-VolumesAdminNegativeTest-506916813-network', 'tenant_id': '73a31477996e4964aa5d857b50fb50bc', 'project_id': '73a31477996e4964aa5d857b50fb50bc', 'admin_state_up': True, 'mtu': 8950, 'status': 'ACTIVE', 'subnets': [], 'shared': False, 'port_security_enabled': True, 'router:external': False, 'provider:network_type': 'vlan', 'provider:physical_network': 'default', 'provider:segmentation_id': 848, 'availability_zone_hints': [], 'availability_zones': [], 'ipv4_address_scope': None, 'ipv6_address_scope': None, 'description': '', 'tags': [], 'created_at': '2025-11-21T11:44:26Z', 'updated_at': '2025-11-21T11:44:26Z', 'revision_number': 1}, Subnet: {'id': '6a594ff4-520c-439d-99a6-86f26a3aec9f', 'name': 'tempest-VolumesAdminNegativeTest-506916813-subnet', 'tenant_id': '73a31477996e4964aa5d857b50fb50bc', 'network_id': 'aab829bf-4cb0-4401-b71d-e0e28d2e2bc2', 'ip_version': 4, 'subnetpool_id': None, 'enable_dhcp': True, 'ipv6_ra_mode': None, 'ipv6_address_mode': None, 'gateway_ip': '192.168.128.1', 'cidr': '192.168.128.0/28', 'allocation_pools': [{'start': '192.168.128.2', 'end': '192.168.128.14'}], 'host_routes': [], 'dns_nameservers': [], 'description': '', 'router:external': False, 'service_types': [], 'tags': [], 'created_at': '2025-11-21T11:44:27Z', 'updated_at': '2025-11-21T11:44:27Z', 'revision_number': 0, 'project_id': '73a31477996e4964aa5d857b50fb50bc'}, Router: {'id': '4567314c-97f2-43ad-873e-34908035be52', 'name': 'tempest-VolumesAdminNegativeTest-506916813-router', 'tenant_id': '73a31477996e4964aa5d857b50fb50bc', 'admin_state_up': True, 'status': 'ACTIVE', 'external_gateway_info': {'network_id': '52921814-878f-48b9-90fb-3ade1ae940be', 'external_fixed_ips': [{'subnet_id': '1db8257a-8c9b-4ba6-9e7f-45fc684f5c93', 'ip_address': '10.180.180.235'}], 'enable_snat': True}, 'description': '', 'availability_zones': [], 'distributed': False, 'ha': False, 'availability_zone_hints': [], 'routes': [], 'flavor_id': None, 'tags': [], 'created_at': '2025-11-21T11:44:27Z', 'updated_at': '2025-11-21T11:44:28Z', 'revision_number': 2, 'project_id': '73a31477996e4964aa5d857b50fb50bc'}
2025-11-21 11:44:29.370 65990 INFO tempest.lib.common.rest_client [req-b5cad400-592e-46af-b7f8-bcc5c3f2d8ef req-b5cad400-592e-46af-b7f8-bcc5c3f2d8ef ] Request (SecurityGroupsNegativeTestJSON:setUpClass): 201 POST http://10.180.1.21/identity/v3/auth/tokens 0.111s
2025-11-21 11:44:29.387 66020 INFO tempest.lib.common.rest_client [req-19eef36d-e138-474f-89bf-440e78c27284 req-19eef36d-e138-474f-89bf-440e78c27284 ] Request (VolumesAdminNegativeTest:setUpClass): 201 POST http://10.180.1.21/identity/v3/auth/tokens 0.110s
2025-11-21 11:44:29.462 66020 INFO tempest.lib.common.rest_client [req-36b4bd25-c087-465b-8515-6db60ad9a4fa req-36b4bd25-c087-465b-8515-6db60ad9a4fa ] Request (VolumesAdminNegativeTest:test_update_attached_volume_with_nonexistent_volume_in_uri): 201 POST http://10.180.1.21/identity/v3/auth/tokens 0.070s
2025-11-21 11:44:29.463 66020 INFO tempest.lib.common.fixed_network [-] (VolumesAdminNegativeTest:test_update_attached_volume_with_nonexistent_volume_in_uri) Found network {'id': 'b2509984-20ed-4ee4-8827-4521c39b5b0a', 'name': 'tempest-VolumesAdminNegativeTest-1086815250-network', 'tenant_id': '2f573f83e19d406b8d8a19006fca9618', 'project_id': '2f573f83e19d406b8d8a19006fca9618', 'admin_state_up': True, 'mtu': 8950, 'status': 'ACTIVE', 'subnets': [], 'shared': False, 'port_security_enabled': True, 'router:external': False, 'provider:network_type': 'vlan', 'provider:physical_network': 'default', 'provider:segmentation_id': 807, 'availability_zone_hints': [], 'availability_zones': [], 'ipv4_address_scope': None, 'ipv6_address_scope': None, 'description': '', 'tags': [], 'created_at': '2025-11-21T11:44:14Z', 'updated_at': '2025-11-21T11:44:14Z', 'revision_number': 1} available for tenant
2025-11-21 11:44:29.500 66034 INFO tempest.lib.common.rest_client [req-9712c6fb-e279-4d4b-bc52-f08b6cc7cf81 req-9712c6fb-e279-4d4b-bc52-f08b6cc7cf81 ] Request (ServersAdminTestJSON:setUpClass): 202 POST http://10.180.1.21/compute/v2.1/servers 9.966s
2025-11-21 11:44:29.534 65996 INFO tempest.lib.common.rest_client [req-0ab2c62e-4264-4473-b476-945c4e9c6d61 req-0ab2c62e-4264-4473-b476-945c4e9c6d61 ] Request (AggregatesAdminNegativeTestJSON:test_aggregate_add_host_as_user): 200 POST http://10.180.1.21/compute/v2.1/os-aggregates 9.488s
2025-11-21 11:44:29.564 66010 INFO tempest.lib.common.rest_client [req-33bbfce0-2a9f-415a-a562-b0442b26c2fa req-33bbfce0-2a9f-415a-a562-b0442b26c2fa ] Request (FlavorsV255TestJSON:_run_cleanups): 202 DELETE http://10.180.1.21/compute/v2.1/flavors/1049216532 9.482s
2025-11-21 11:44:29.592 66040 INFO tempest.lib.common.rest_client [req-d3692d8c-671a-4006-b949-5f964d264b24 req-d3692d8c-671a-4006-b949-5f964d264b24 ] Request (FlavorsV261TestJSON:test_crud_flavor): 200 GET http://10.180.1.21/compute/v2.1/flavors/detail 9.466s
2025-11-21 11:44:29.593 66034 INFO tempest.lib.common.rest_client [req-5c60de11-0fed-46c7-b66f-a4f858a76609 req-5c60de11-0fed-46c7-b66f-a4f858a76609 ] Request (ServersAdminTestJSON:setUpClass): 201 POST http://10.180.1.21/identity/v3/auth/tokens 0.088s
2025-11-21 11:44:29.593 66034 INFO tempest.lib.common.fixed_network [-] (ServersAdminTestJSON:setUpClass) Found network {'id': 'd210ab28-c18c-4c73-8a07-7cc66280fc5a', 'name': 'tempest-ServersAdminTestJSON-1709073889-network', 'tenant_id': '7ce31f2f42124a94855db487cfd53ae2', 'project_id': '7ce31f2f42124a94855db487cfd53ae2', 'admin_state_up': True, 'mtu': 8950, 'status': 'ACTIVE', 'subnets': [], 'shared': False, 'port_security_enabled': True, 'router:external': False, 'provider:network_type': 'vlan', 'provider:physical_network': 'default', 'provider:segmentation_id': 127, 'availability_zone_hints': [], 'availability_zones': [], 'ipv4_address_scope': None, 'ipv6_address_scope': None, 'description': '', 'tags': [], 'created_at': '2025-11-21T11:44:10Z', 'updated_at': '2025-11-21T11:44:10Z', 'revision_number': 1} available for tenant
2025-11-21 11:44:29.601 66000 INFO tempest.lib.common.rest_client [req-4677b199-c02d-4107-b484-957e6a762481 req-4677b199-c02d-4107-b484-957e6a762481 ] Request (HostsAdminNegativeTestJSON:test_show_host_detail_with_nonexistent_hostname): 404 GET http://10.180.1.21/compute/v2.1/os-hosts/nonexistent_hostname 9.475s
2025-11-21 11:44:29.620 66024 INFO tempest.lib.common.rest_client [req-670560ab-64ea-475e-b021-e315373c90d6 req-670560ab-64ea-475e-b021-e315373c90d6 ] Request (FlavorsExtraSpecsNegativeTestJSON:test_flavor_non_admin_update_specific_key): 200 POST http://10.180.1.21/compute/v2.1/flavors/1517792205/os-extra_specs 9.489s
2025-11-21 11:44:29.744 66006 INFO tempest.lib.common.rest_client [req-d1c5c31d-0d37-4198-b492-e7e4dd4e5f52 req-d1c5c31d-0d37-4198-b492-e7e4dd4e5f52 ] Request (ServersTestBootFromVolume:setUpClass): 200 GET http://10.180.1.21/volume/v3/volumes/74182caa-b37a-4225-b8a8-0675ee67f389 0.039s
2025-11-21 11:44:29.797 66038 INFO tempest.lib.common.rest_client [req-75a2ce01-be13-4b08-90c3-e83e3d60de00 req-75a2ce01-be13-4b08-90c3-e83e3d60de00 ] Request (AttachInterfacesV270Test:test_create_get_list_interfaces): 200 GET http://10.180.1.21/compute/v2.1/servers/0ae91c9d-81c9-49eb-be11-42e87c0f8975 9.421s
2025-11-21 11:44:29.886 66049 INFO tempest.lib.common.rest_client [req-00534fb5-cfec-4bde-94ed-dff32e96eb95 req-00534fb5-cfec-4bde-94ed-dff32e96eb95 ] Request (QuotaClassesAdminTestJSON:test_update_default_quotas): 200 GET http://10.180.1.21/compute/v2.1/os-quota-class-sets/default 9.480s
2025-11-21 11:44:29.994 66002 INFO tempest.lib.common.rest_client [req-73258b51-62b6-4d8b-8b9c-51a4bc9248e9 req-73258b51-62b6-4d8b-8b9c-51a4bc9248e9 ] Request (KeyPairsV2TestJSON:test_get_keypair_detail): 200 POST http://10.180.1.21/compute/v2.1/os-keypairs 9.513s
2025-11-21 11:44:30.122 65992 INFO tempest.lib.common.rest_client [req-52c784e3-84ec-4ca1-86ee-c9e85c17504e req-52c784e3-84ec-4ca1-86ee-c9e85c17504e ] Request (QuotasAdminNegativeTest:test_create_server_when_instances_quota_is_full): 200 PUT http://10.180.1.21/compute/v2.1/os-quota-sets/53d53b37da114cbd8bcfc3d30ca55823 9.271s
2025-11-21 11:44:30.208 65992 INFO tempest.lib.common.rest_client [req-7d6e1175-8426-4986-ae4d-6fe56828f105 req-7d6e1175-8426-4986-ae4d-6fe56828f105 ] Request (QuotasAdminNegativeTest:test_create_server_when_instances_quota_is_full): 201 POST http://10.180.1.21/identity/v3/auth/tokens 0.082s
2025-11-21 11:44:30.209 65992 INFO tempest.lib.common.fixed_network [-] (QuotasAdminNegativeTest:test_create_server_when_instances_quota_is_full) Found network None available for tenant
2025-11-21 11:44:30.627 66016 INFO tempest.lib.common.rest_client [req-2491433e-389d-4b25-86c1-8ab599c30c2c req-2491433e-389d-4b25-86c1-8ab599c30c2c ] Request (InstanceActionsTestJSON:setUpClass): 202 POST http://10.180.1.21/compute/v2.1/servers 9.711s
2025-11-21 11:44:30.655 66012 INFO tempest.lib.common.rest_client [req-a4fe7af0-d310-48a1-b0d2-c4965983e98a req-a4fe7af0-d310-48a1-b0d2-c4965983e98a ] Request (FlavorsExtraSpecsTestJSON:test_flavor_set_get_update_show_unset_keys): 200 POST http://10.180.1.21/compute/v2.1/flavors/41945822/os-extra_specs 9.422s
2025-11-21 11:44:30.668 66050 INFO tempest.lib.common.rest_client [req-42689d48-cece-44f5-8053-59e98440f0db req-42689d48-cece-44f5-8053-59e98440f0db ] Request (HypervisorAdminNegativeUnderV252Test:test_show_servers_with_nonexistent_hypervisor): 404 GET http://10.180.1.21/compute/v2.1/os-hypervisors/6cdb700d-eebc-4de5-8791-4031eb8bbfbf/servers 9.428s
2025-11-21 11:44:30.811 66050 INFO tempest.lib.common.rest_client [req-dcbb1581-47db-4865-a620-f385c0e20a45 req-dcbb1581-47db-4865-a620-f385c0e20a45 ] Request (HypervisorAdminNegativeUnderV252Test:tearDownClass): 204 DELETE http://10.180.1.21/identity/v3/users/a1269d6f1ad0481880525c6c624b8d6e 0.142s
2025-11-21 11:44:30.815 66006 INFO tempest.lib.common.rest_client [req-56671c8c-89b3-4c7e-8f9f-fac67c7d323e req-56671c8c-89b3-4c7e-8f9f-fac67c7d323e ] Request (ServersTestBootFromVolume:setUpClass): 200 GET http://10.180.1.21/volume/v3/volumes/74182caa-b37a-4225-b8a8-0675ee67f389 0.059s
2025-11-21 11:44:30.823 66006 INFO tempest.common.waiters [-] volume 74182caa-b37a-4225-b8a8-0675ee67f389 reached available after waiting for 19.823624 seconds
2025-11-21 11:44:30.932 66014 INFO tempest.lib.common.rest_client [req-1ff76aea-ea21-4be0-861e-62bdc39975ac req-1ff76aea-ea21-4be0-861e-62bdc39975ac ] Request (ImagesTestJSON:test_create_image_from_stopped_server): 200 GET http://10.180.1.21/compute/v2.1/servers/0c3d596b-faba-4f5f-b74d-74d8a9cce3d1 9.299s
2025-11-21 11:44:30.932 66050 INFO tempest.lib.common.rest_client [req-34381cf1-239b-4bb4-83dc-9ad050fe3cea req-34381cf1-239b-4bb4-83dc-9ad050fe3cea ] Request (HypervisorAdminNegativeUnderV252Test:tearDownClass): 204 DELETE http://10.180.1.21/identity/v3/users/966a39a15bd24188a5d1114879ea5620 0.121s
2025-11-21 11:44:30.933 66050 INFO tempest.lib.common.dynamic_creds [-] Deleting project and security group for project: c75b971a1789495fa3398d299426c0eb
2025-11-21 11:44:30.945 66014 INFO tempest.common.waiters [-] State transition "BUILD/spawning" ==> "ACTIVE/None" after 22 second wait
2025-11-21 11:44:31.004 66050 INFO tempest.lib.common.rest_client [req-268bc312-965a-47bc-a8c8-d6110eda1435 req-268bc312-965a-47bc-a8c8-d6110eda1435 ] Request (HypervisorAdminNegativeUnderV252Test:tearDownClass): 201 POST http://10.180.1.21/identity/v3/auth/tokens 0.071s
2025-11-21 11:44:31.018 66008 INFO tempest.lib.common.rest_client [req-fdc03bbe-31dd-4682-ab8b-b2081c1b8d7d req-fdc03bbe-31dd-4682-ab8b-b2081c1b8d7d ] Request (ServersAdmin275Test:test_rebuild_update_server_275): 200 GET http://10.180.1.21/compute/v2.1/servers/8996eff3-3f46-4e5c-91e5-bae287887c47 9.351s
2025-11-21 11:44:31.033 66008 INFO tempest.common.waiters [-] State transition "BUILD/spawning" ==> "ACTIVE/None" after 19 second wait
2025-11-21 11:44:31.144 66052 INFO tempest.lib.common.rest_client [req-2bd0f179-dbf2-4f14-a24a-c20d8d1bb1b8 req-2bd0f179-dbf2-4f14-a24a-c20d8d1bb1b8 ] Request (ServicesAdminNegativeTestJSON:test_get_service_by_invalid_params): 200 GET http://10.180.1.21/compute/v2.1/os-services 9.280s
2025-11-21 11:44:31.212 66050 INFO tempest.lib.common.rest_client [req-7c5d7ceb-beef-403d-9410-e886993b3efb req-7c5d7ceb-beef-403d-9410-e886993b3efb ] Request (HypervisorAdminNegativeUnderV252Test:tearDownClass): 200 GET http://10.180.1.21/networking/v2.0/security-groups?tenant_id=c75b971a1789495fa3398d299426c0eb&name=default 0.207s
2025-11-21 11:44:31.378 66050 INFO tempest.lib.common.rest_client [req-85a6b0ef-4c40-4fab-ab15-643260176901 req-85a6b0ef-4c40-4fab-ab15-643260176901 ] Request (HypervisorAdminNegativeUnderV252Test:tearDownClass): 204 DELETE http://10.180.1.21/networking/v2.0/security-groups/370a0cc7-0fcc-446f-9593-9c37d0ebb1ea 0.165s
2025-11-21 11:44:31.449 66044 INFO tempest.lib.common.rest_client [req-2d3a3a1b-f918-49c9-a567-6631d392207d req-2d3a3a1b-f918-49c9-a567-6631d392207d ] Request (ServerExternalEventsTest:test_create_server_external_events): 200 GET http://10.180.1.21/compute/v2.1/servers/463f9822-7a52-4e47-af74-d980b6c97de0 7.710s
2025-11-21 11:44:31.461 66050 INFO tempest.lib.common.rest_client [req-1d2f6713-bda9-4d36-b851-a7dca302eb75 req-1d2f6713-bda9-4d36-b851-a7dca302eb75 ] Request (HypervisorAdminNegativeUnderV252Test:tearDownClass): 204 DELETE http://10.180.1.21/identity/v3/projects/c75b971a1789495fa3398d299426c0eb 0.082s
2025-11-21 11:44:31.461 66050 INFO tempest.lib.common.dynamic_creds [-] Deleting project and security group for project: fe240f64b2364527a56be8377fe59e7e
2025-11-21 11:44:31.572 66050 INFO tempest.lib.common.rest_client [req-856f645a-af85-482a-8e97-ee8726dcc923 req-856f645a-af85-482a-8e97-ee8726dcc923 ] Request (HypervisorAdminNegativeUnderV252Test:tearDownClass): 200 GET http://10.180.1.21/networking/v2.0/security-groups?tenant_id=fe240f64b2364527a56be8377fe59e7e&name=default 0.111s
2025-11-21 11:44:31.735 66050 INFO tempest.lib.common.rest_client [req-23de156a-e317-4035-8107-b2ff1e6074a6 req-23de156a-e317-4035-8107-b2ff1e6074a6 ] Request (HypervisorAdminNegativeUnderV252Test:tearDownClass): 204 DELETE http://10.180.1.21/networking/v2.0/security-groups/74c224e7-15a1-4839-bcb4-269632eb7ce7 0.162s
2025-11-21 11:44:31.794 66046 INFO tempest.lib.common.rest_client [req-045a3eeb-1f58-4ad0-b27d-e9fa1019091a req-045a3eeb-1f58-4ad0-b27d-e9fa1019091a ] Request (SecurityGroupsTestAdminJSON:test_list_security_groups_list_all_tenants_filter): 200 GET http://10.180.1.21/compute/v2.1/os-security-groups?all_tenants=true 12.011s
2025-11-21 11:44:31.822 65998 INFO tempest.lib.common.rest_client [req-967742e2-4542-450c-9db4-158918a3696f req-967742e2-4542-450c-9db4-158918a3696f ] Request (DeleteServersAdminTestJSON:test_admin_delete_servers_of_others): 200 GET http://10.180.1.21/compute/v2.1/servers/5baf5c32-f58e-49bb-8df9-bba84f719a61 7.797s
2025-11-21 11:44:31.826 66032 INFO tempest.lib.common.rest_client [req-1167871e-0bde-4ee5-845f-f941fca6614c req-1167871e-0bde-4ee5-845f-f941fca6614c ] Request (FlavorsAccessTestJSON:_run_cleanups): 200 GET http://10.180.1.21/compute/v2.1/flavors/detail 6.855s
2025-11-21 11:44:31.833 65998 INFO tempest.common.waiters [-] State transition "BUILD/spawning" ==> "ACTIVE/None" after 21 second wait
2025-11-21 11:44:31.841 66042 INFO tempest.lib.common.rest_client [req-973e64ac-7df0-4102-bb5a-9717f46c9080 req-973e64ac-7df0-4102-bb5a-9717f46c9080 ] Request (ServersWithSpecificFlavorTestJSON:test_verify_created_server_ephemeral_disk): 200 POST http://10.180.1.21/compute/v2.1/flavors 6.844s
2025-11-21 11:44:31.850 66004 INFO tempest.lib.common.rest_client [req-2e44380f-0b6b-4f18-90fb-9ee776ed369f req-2e44380f-0b6b-4f18-90fb-9ee776ed369f ] Request (FlavorsAdminTestJSON:_run_cleanups): 200 GET http://10.180.1.21/compute/v2.1/flavors/detail 6.841s
2025-11-21 11:44:31.863 66022 INFO tempest.lib.common.rest_client [req-5e50ac9d-5244-4751-9e70-97ff7e374fa7 req-5e50ac9d-5244-4751-9e70-97ff7e374fa7 ] Request (FlavorsAccessNegativeTestJSON:_run_cleanups): 200 GET http://10.180.1.21/compute/v2.1/flavors/detail 6.841s
2025-11-21 11:44:31.876 66050 INFO tempest.lib.common.rest_client [req-cba9195e-6f1e-45ea-b298-5445dbf3007b req-cba9195e-6f1e-45ea-b298-5445dbf3007b ] Request (HypervisorAdminNegativeUnderV252Test:tearDownClass): 204 DELETE http://10.180.1.21/identity/v3/projects/fe240f64b2364527a56be8377fe59e7e 0.141s
2025-11-21 11:44:31.946 66050 INFO tempest.lib.common.rest_client [req-cc97e023-86cb-44cb-ac88-552c4a1397e9 req-cc97e023-86cb-44cb-ac88-552c4a1397e9 ] Request (AbsoluteLimitsNegativeTestJSON:setUpClass): 201 POST http://10.180.1.21/identity/v3/auth/tokens 0.068s
2025-11-21 11:44:31.976 66050 INFO tempest.lib.common.rest_client [req-f24a2461-66cd-47e5-8795-03f53a6f97ab req-f24a2461-66cd-47e5-8795-03f53a6f97ab ] Request (AbsoluteLimitsNegativeTestJSON:setUpClass): 201 POST http://10.180.1.21/identity/v3/auth/tokens 0.027s
2025-11-21 11:44:32.002 66050 INFO tempest.lib.common.rest_client [req-ca9e63c5-cc44-433e-8bd1-b9bff778b083 req-ca9e63c5-cc44-433e-8bd1-b9bff778b083 ] Request (AbsoluteLimitsNegativeTestJSON:setUpClass): 200 GET http://10.180.1.21/identity/v3/domains?name=Default 0.025s
2025-11-21 11:44:32.027 66026 INFO tempest.lib.common.rest_client [req-1c634960-bcd3-48a0-a63a-767ebf23eb18 req-1c634960-bcd3-48a0-a63a-767ebf23eb18 ] Request (AbsoluteLimitsTestJSON:test_absLimits_get): 200 GET http://10.180.1.21/compute/v2.1/limits 6.684s
2025-11-21 11:44:32.033 66050 INFO tempest.lib.common.rest_client [req-f6362dbf-5d91-4361-8861-324728c0c7df req-f6362dbf-5d91-4361-8861-324728c0c7df ] Request (AbsoluteLimitsNegativeTestJSON:setUpClass): 201 POST http://10.180.1.21/identity/v3/projects 0.030s
2025-11-21 11:44:32.074 66030 INFO tempest.lib.common.rest_client [req-bed49362-cfba-4a1c-b81e-7faabfa52cbf req-bed49362-cfba-4a1c-b81e-7faabfa52cbf ] Request (MigrationsAdminTest:test_list_migrations_in_flavor_resize_situation): 200 GET http://10.180.1.21/compute/v2.1/servers/58ff5ced-6ad5-44de-991b-237b66a94cea 6.554s
2025-11-21 11:44:32.100 66050 INFO tempest.lib.common.rest_client [req-5873b263-7b10-4396-9af7-a7b57b3d63fb req-5873b263-7b10-4396-9af7-a7b57b3d63fb ] Request (AbsoluteLimitsNegativeTestJSON:setUpClass): 201 POST http://10.180.1.21/identity/v3/users 0.066s
2025-11-21 11:44:32.121 66050 INFO tempest.lib.common.rest_client [req-869f4c12-2e76-4633-9757-5ceda783108d req-869f4c12-2e76-4633-9757-5ceda783108d ] Request (AbsoluteLimitsNegativeTestJSON:setUpClass): 200 GET http://10.180.1.21/identity/v3/roles 0.020s
2025-11-21 11:44:32.151 66026 INFO tempest.lib.common.rest_client [req-3f1a38c6-c92a-4b59-b5d2-b60903fd96c0 req-3f1a38c6-c92a-4b59-b5d2-b60903fd96c0 ] Request (AbsoluteLimitsTestJSON:tearDownClass): 204 DELETE http://10.180.1.21/identity/v3/users/e45725f3b08c4d08b1685e7345722323 0.119s
2025-11-21 11:44:32.151 66026 INFO tempest.lib.common.dynamic_creds [-] Deleting project and security group for project: fb93130b55d64074b09b32a43d5dbd88
2025-11-21 11:44:32.187 66050 INFO tempest.lib.common.rest_client [req-af307269-f0c0-44ae-918b-35ba9b5d7ce1 req-af307269-f0c0-44ae-918b-35ba9b5d7ce1 ] Request (AbsoluteLimitsNegativeTestJSON:setUpClass): 204 PUT http://10.180.1.21/identity/v3/projects/ba90c84bb895456c8c273ce80ba948da/users/33478a04f1314688afef46444cad7a48/roles/8ba51ba7250a49d987f319ff040b8e7c 0.065s
2025-11-21 11:44:32.187 66050 INFO tempest.lib.common.dynamic_creds [-] Dynamic test user 33478a04f1314688afef46444cad7a48 is created with scope project and roles: ['member']
2025-11-21 11:44:32.187 66050 INFO tempest.lib.common.dynamic_creds [-] Acquired dynamic creds: credentials: Credentials: {'domain_id': 'default', 'domain_name': 'Default', 'username': 'tempest-AbsoluteLimitsNegativeTestJSON-2009951535-project-member', 'project_domain_id': 'default', 'project_domain_name': 'Default', 'project_id': 'ba90c84bb895456c8c273ce80ba948da', 'project_name': 'tempest-AbsoluteLimitsNegativeTestJSON-2009951535', 'tenant_id': 'ba90c84bb895456c8c273ce80ba948da', 'tenant_name': 'tempest-AbsoluteLimitsNegativeTestJSON-2009951535', 'user_domain_id': 'default', 'user_domain_name': 'Default', 'user_id': '33478a04f1314688afef46444cad7a48', 'system': None}, Network: None, Subnet: None, Router: None
2025-11-21 11:44:32.188 66050 INFO tempest.lib.common.dynamic_creds [-] Created isolated network resources for: credentials: Credentials: {'domain_id': 'default', 'domain_name': 'Default', 'username': 'tempest-AbsoluteLimitsNegativeTestJSON-2009951535-project-member', 'project_domain_id': 'default', 'project_domain_name': 'Default', 'project_id': 'ba90c84bb895456c8c273ce80ba948da', 'project_name': 'tempest-AbsoluteLimitsNegativeTestJSON-2009951535', 'tenant_id': 'ba90c84bb895456c8c273ce80ba948da', 'tenant_name': 'tempest-AbsoluteLimitsNegativeTestJSON-2009951535', 'user_domain_id': 'default', 'user_domain_name': 'Default', 'user_id': '33478a04f1314688afef46444cad7a48', 'system': None}, Network: None, Subnet: None, Router: None
2025-11-21 11:44:32.214 66026 INFO tempest.lib.common.rest_client [req-c00e1a59-2f9a-40ef-b1c7-0bd29b9d3871 req-c00e1a59-2f9a-40ef-b1c7-0bd29b9d3871 ] Request (AbsoluteLimitsTestJSON:tearDownClass): 201 POST http://10.180.1.21/identity/v3/auth/tokens 0.062s
2025-11-21 11:44:32.258 66050 INFO tempest.lib.common.rest_client [req-b7011682-d8f8-426d-9d30-118026f0f190 req-b7011682-d8f8-426d-9d30-118026f0f190 ] Request (AbsoluteLimitsNegativeTestJSON:setUpClass): 201 POST http://10.180.1.21/identity/v3/auth/tokens 0.067s
2025-11-21 11:44:32.274 65994 INFO tempest.lib.common.rest_client [req-b503f71c-babd-44e8-9609-b727c049ae13 req-b503f71c-babd-44e8-9609-b727c049ae13 ] Request (ServerActionsTestJSON:setUpClass): 200 GET http://10.180.1.21/compute/v2.1/servers/19c1f1f3-4234-4712-9b3c-dc33bdab8b80 6.328s
2025-11-21 11:44:32.283 65994 INFO tempest.common.waiters [-] State transition "BUILD/block_device_mapping" ==> "BUILD/spawning" after 8 second wait
2025-11-21 11:44:32.432 66028 INFO tempest.lib.common.rest_client [req-7d657478-f52c-4cff-bf15-e5c673056a2f req-7d657478-f52c-4cff-bf15-e5c673056a2f ] Request (ServersTestManualDisk:setUpClass): 200 POST http://10.180.1.21/compute/v2.1/os-keypairs 5.248s
2025-11-21 11:44:32.497 66026 INFO tempest.lib.common.rest_client [req-1508e6a5-4bec-464f-9405-4c7e191cf35f req-1508e6a5-4bec-464f-9405-4c7e191cf35f ] Request (AbsoluteLimitsTestJSON:tearDownClass): 200 GET http://10.180.1.21/networking/v2.0/security-groups?tenant_id=fb93130b55d64074b09b32a43d5dbd88&name=default 0.283s
2025-11-21 11:44:32.528 66036 INFO tempest.lib.common.rest_client [req-0019499b-8501-415e-bbc2-f64e62741a28 req-0019499b-8501-415e-bbc2-f64e62741a28 ] Request (VolumesAssistedSnapshotsTest:test_volume_assisted_snapshot_create_delete): 200 GET http://10.180.1.21/compute/v2.1/servers/171d4940-fa55-43dd-84b5-c2ad97f5f147 6.271s
2025-11-21 11:44:32.678 66028 INFO tempest.lib.common.rest_client [req-94a86ffc-0f3d-4189-aa23-45b298d4c9c1 req-94a86ffc-0f3d-4189-aa23-45b298d4c9c1 ] Request (ServersTestManualDisk:setUpClass): 201 POST http://10.180.1.21/networking/v2.0/security-groups 0.244s
2025-11-21 11:44:32.694 65990 INFO tempest.lib.common.rest_client [req-f01973b9-1f7e-4f69-b237-c2f4fb9ea389 req-f01973b9-1f7e-4f69-b237-c2f4fb9ea389 ] Request (SecurityGroupsNegativeTestJSON:test_delete_nonexistent_security_group): 404 DELETE http://10.180.1.21/compute/v2.1/os-security-groups/4d496229-4490-4104-811f-3137b4fbad71 3.320s
2025-11-21 11:44:32.816 65996 INFO tempest.lib.common.rest_client [req-481975f2-dee7-4204-a472-cc31cc402ce0 req-481975f2-dee7-4204-a472-cc31cc402ce0 ] Request (AggregatesAdminNegativeTestJSON:test_aggregate_add_host_as_user): 403 POST http://10.180.1.21/compute/v2.1/os-aggregates/2/action 3.279s
2025-11-21 11:44:32.847 66026 INFO tempest.lib.common.rest_client [req-febe01ce-e7de-4700-8b82-fbda2e9c0ccd req-febe01ce-e7de-4700-8b82-fbda2e9c0ccd ] Request (AbsoluteLimitsTestJSON:tearDownClass): 204 DELETE http://10.180.1.21/networking/v2.0/security-groups/8c39ecd1-d86b-40f4-94bc-ce6f595eb644 0.349s
2025-11-21 11:44:32.848 66010 INFO tempest.lib.common.rest_client [req-338bbc12-861d-4d48-a2d3-477d2a138ed5 req-338bbc12-861d-4d48-a2d3-477d2a138ed5 ] Request (FlavorsV255TestJSON:_run_cleanups): 200 GET http://10.180.1.21/compute/v2.1/flavors/detail 3.283s
2025-11-21 11:44:32.973 66026 INFO tempest.lib.common.rest_client [req-e0d25513-b673-46b3-b625-aa440a5ce88a req-e0d25513-b673-46b3-b625-aa440a5ce88a ] Request (AbsoluteLimitsTestJSON:tearDownClass): 204 DELETE http://10.180.1.21/identity/v3/projects/fb93130b55d64074b09b32a43d5dbd88 0.126s
2025-11-21 11:44:33.011 66010 INFO tempest.lib.common.rest_client [req-b410060a-d3be-4103-91f1-df44532aaf30 req-b410060a-d3be-4103-91f1-df44532aaf30 ] Request (FlavorsV255TestJSON:tearDownClass): 204 DELETE http://10.180.1.21/identity/v3/users/8d2d4e1fe6f34dccacf73a9b114fb7be 0.147s
2025-11-21 11:44:33.055 66026 INFO tempest.lib.common.rest_client [req-5f287947-2fe7-4276-bb84-8fa6aa0595b0 req-5f287947-2fe7-4276-bb84-8fa6aa0595b0 ] Request (ServerActionsTestOtherB:setUpClass): 201 POST http://10.180.1.21/identity/v3/auth/tokens 0.080s
2025-11-21 11:44:33.074 66028 INFO tempest.lib.common.rest_client [req-2d3476fe-cd15-401c-a7f8-1a78acdacfec req-2d3476fe-cd15-401c-a7f8-1a78acdacfec ] Request (ServersTestManualDisk:setUpClass): 201 POST http://10.180.1.21/networking/v2.0/security-group-rules 0.395s
2025-11-21 11:44:33.112 66026 INFO tempest.lib.common.rest_client [req-ddb1a73c-fcce-48da-b3a4-104337641dba req-ddb1a73c-fcce-48da-b3a4-104337641dba ] Request (ServerActionsTestOtherB:setUpClass): 201 POST http://10.180.1.21/identity/v3/auth/tokens 0.054s
2025-11-21 11:44:33.144 66026 INFO tempest.lib.common.rest_client [req-461368d1-8ddc-4b61-a1a7-10cdbc9934f0 req-461368d1-8ddc-4b61-a1a7-10cdbc9934f0 ] Request (ServerActionsTestOtherB:setUpClass): 200 GET http://10.180.1.21/identity/v3/domains?name=Default 0.032s
2025-11-21 11:44:33.181 66010 INFO tempest.lib.common.rest_client [req-9aa73b20-943f-406f-a8bf-9eeb6c261086 req-9aa73b20-943f-406f-a8bf-9eeb6c261086 ] Request (FlavorsV255TestJSON:tearDownClass): 204 DELETE http://10.180.1.21/identity/v3/users/041681d52fc34f1a9cc012480353d62d 0.169s
2025-11-21 11:44:33.181 66010 INFO tempest.lib.common.dynamic_creds [-] Deleting project and security group for project: fd546e05fbff414ba3e2e12205198f5f
2025-11-21 11:44:33.183 66028 INFO tempest.lib.common.rest_client [req-8373454a-aaff-4c59-8e06-126c42d906dc req-8373454a-aaff-4c59-8e06-126c42d906dc ] Request (ServersTestManualDisk:setUpClass): 201 POST http://10.180.1.21/networking/v2.0/security-group-rules 0.108s
2025-11-21 11:44:33.228 66026 INFO tempest.lib.common.rest_client [req-9ff44345-2dd2-420a-9da1-4936d1cb5c9e req-9ff44345-2dd2-420a-9da1-4936d1cb5c9e ] Request (ServerActionsTestOtherB:setUpClass): 201 POST http://10.180.1.21/identity/v3/projects 0.083s
2025-11-21 11:44:33.269 66010 INFO tempest.lib.common.rest_client [req-541bb4de-7dde-4530-83bb-3e0a64a18eae req-541bb4de-7dde-4530-83bb-3e0a64a18eae ] Request (FlavorsV255TestJSON:tearDownClass): 201 POST http://10.180.1.21/identity/v3/auth/tokens 0.087s
2025-11-21 11:44:33.310 66026 INFO tempest.lib.common.rest_client [req-56802a6e-1129-49d7-81e4-c52f57afd3fb req-56802a6e-1129-49d7-81e4-c52f57afd3fb ] Request (ServerActionsTestOtherB:setUpClass): 201 POST http://10.180.1.21/identity/v3/users 0.081s
2025-11-21 11:44:33.337 66026 INFO tempest.lib.common.rest_client [req-d297eee5-6838-48a9-8ca0-512ea7a3b94b req-d297eee5-6838-48a9-8ca0-512ea7a3b94b ] Request (ServerActionsTestOtherB:setUpClass): 200 GET http://10.180.1.21/identity/v3/roles 0.027s
2025-11-21 11:44:33.375 66026 INFO tempest.lib.common.rest_client [req-bbb68029-0ee4-46b0-8ea6-51730141529e req-bbb68029-0ee4-46b0-8ea6-51730141529e ] Request (ServerActionsTestOtherB:setUpClass): 204 PUT http://10.180.1.21/identity/v3/projects/7923a0b9cf574a8892a7fe85ac5f8691/users/f84113bb957343b48e243c6b9fce1da6/roles/8ba51ba7250a49d987f319ff040b8e7c 0.038s
2025-11-21 11:44:33.376 66026 INFO tempest.lib.common.dynamic_creds [-] Dynamic test user f84113bb957343b48e243c6b9fce1da6 is created with scope project and roles: ['member']
2025-11-21 11:44:33.376 66026 INFO tempest.lib.common.dynamic_creds [-] Acquired dynamic creds: credentials: Credentials: {'domain_id': 'default', 'domain_name': 'Default', 'username': 'tempest-ServerActionsTestOtherB-1376555084-project-member', 'project_domain_id': 'default', 'project_domain_name': 'Default', 'project_id': '7923a0b9cf574a8892a7fe85ac5f8691', 'project_name': 'tempest-ServerActionsTestOtherB-1376555084', 'tenant_id': '7923a0b9cf574a8892a7fe85ac5f8691', 'tenant_name': 'tempest-ServerActionsTestOtherB-1376555084', 'user_domain_id': 'default', 'user_domain_name': 'Default', 'user_id': 'f84113bb957343b48e243c6b9fce1da6', 'system': None}, Network: None, Subnet: None, Router: None
2025-11-21 11:44:33.447 66020 INFO tempest.lib.common.rest_client [req-13b7c034-3753-4e50-9786-25ae67e39bc0 req-13b7c034-3753-4e50-9786-25ae67e39bc0 ] Request (VolumesAdminNegativeTest:test_update_attached_volume_with_nonexistent_volume_in_uri): 202 POST http://10.180.1.21/compute/v2.1/servers 3.983s
2025-11-21 11:44:33.471 66026 INFO tempest.lib.common.rest_client [req-5126e35c-f9ce-4ff6-a225-0d1ce4160934 req-5126e35c-f9ce-4ff6-a225-0d1ce4160934 ] Request (ServerActionsTestOtherB:setUpClass): 201 POST http://10.180.1.21/identity/v3/auth/tokens 0.095s
2025-11-21 11:44:33.472 66040 INFO tempest.lib.common.rest_client [req-2928f6a6-ba62-41f7-8cc2-248eca166adb req-2928f6a6-ba62-41f7-8cc2-248eca166adb ] Request (FlavorsV261TestJSON:test_crud_flavor): 200 GET http://10.180.1.21/compute/v2.1/flavors 3.872s
2025-11-21 11:44:33.480 66000 INFO tempest.lib.common.rest_client [req-69a127db-1ae7-42f3-a49d-923f337e6779 req-69a127db-1ae7-42f3-a49d-923f337e6779 ] Request (HostsAdminNegativeTestJSON:test_shutdown_host_with_non_admin_user): 403 GET http://10.180.1.21/compute/v2.1/os-hosts/devstack/shutdown 3.874s
2025-11-21 11:44:33.485 66024 INFO tempest.lib.common.rest_client [req-54755e30-30cf-41ae-94dc-d2a252810493 req-54755e30-30cf-41ae-94dc-d2a252810493 ] Request (FlavorsExtraSpecsNegativeTestJSON:test_flavor_non_admin_update_specific_key): 403 PUT http://10.180.1.21/compute/v2.1/flavors/1517792205/os-extra_specs/hw:numa_nodes 3.862s
2025-11-21 11:44:33.649 66010 INFO tempest.lib.common.rest_client [req-56f475d6-7279-43c3-be3c-50d28b77dd92 req-56f475d6-7279-43c3-be3c-50d28b77dd92 ] Request (FlavorsV255TestJSON:tearDownClass): 200 GET http://10.180.1.21/networking/v2.0/security-groups?tenant_id=fd546e05fbff414ba3e2e12205198f5f&name=default 0.379s
2025-11-21 11:44:33.653 66049 INFO tempest.lib.common.rest_client [req-fb1500eb-4943-4c4b-822a-35f858649771 req-fb1500eb-4943-4c4b-822a-35f858649771 ] Request (QuotaClassesAdminTestJSON:test_update_default_quotas): 200 PUT http://10.180.1.21/compute/v2.1/os-quota-class-sets/default 3.763s
2025-11-21 11:44:33.666 66002 INFO tempest.lib.common.rest_client [req-c553df7e-2036-4d73-8c37-2ccbd9c71abf req-c553df7e-2036-4d73-8c37-2ccbd9c71abf ] Request (KeyPairsV2TestJSON:test_get_keypair_detail): 200 GET http://10.180.1.21/compute/v2.1/os-keypairs/tempest-keypair-433907907 3.670s
2025-11-21 11:44:33.819 66034 INFO tempest.lib.common.rest_client [req-0feb92a1-08b1-4966-bf9e-2f04f0599660 req-0feb92a1-08b1-4966-bf9e-2f04f0599660 ] Request (ServersAdminTestJSON:setUpClass): 202 POST http://10.180.1.21/compute/v2.1/servers 4.225s
2025-11-21 11:44:33.973 66026 INFO tempest.lib.common.rest_client [req-cf5c8dc8-5b31-4e15-b447-747f0d12c354 req-cf5c8dc8-5b31-4e15-b447-747f0d12c354 ] Request (ServerActionsTestOtherB:setUpClass): 201 POST http://10.180.1.21/networking/v2.0/networks 0.502s
2025-11-21 11:44:34.066 66010 INFO tempest.lib.common.rest_client [req-fbd46b91-3ee5-4433-9354-ebcb1b0fee6b req-fbd46b91-3ee5-4433-9354-ebcb1b0fee6b ] Request (FlavorsV255TestJSON:tearDownClass): 204 DELETE http://10.180.1.21/networking/v2.0/security-groups/8ffeed80-f956-44b3-afc3-ca932420a359 0.416s
2025-11-21 11:44:34.072 66028 INFO tempest.lib.common.rest_client [req-e0cd35f6-8369-4d35-adb1-48af044c9c29 req-e0cd35f6-8369-4d35-adb1-48af044c9c29 ] Request (ServersTestManualDisk:setUpClass): 201 POST http://10.180.1.21/networking/v2.0/floatingips 0.888s
2025-11-21 11:44:34.096 66016 INFO tempest.lib.common.rest_client [req-dbd94889-7ec5-41b1-9129-1b8e4456ee23 req-dbd94889-7ec5-41b1-9129-1b8e4456ee23 ] Request (InstanceActionsTestJSON:setUpClass): 200 GET http://10.180.1.21/compute/v2.1/servers/0f4af5ce-e241-453c-a25f-ff507fe495ae 3.465s
2025-11-21 11:44:34.110 66012 INFO tempest.lib.common.rest_client [req-f4de4611-17f6-4206-8bda-e448d1f3cbc6 req-f4de4611-17f6-4206-8bda-e448d1f3cbc6 ] Request (FlavorsExtraSpecsTestJSON:test_flavor_set_get_update_show_unset_keys): 200 GET http://10.180.1.21/compute/v2.1/flavors/41945822/os-extra_specs 3.452s
2025-11-21 11:44:34.168 66028 INFO tempest.lib.common.rest_client [req-cfb4504f-874f-425c-a902-9c8545b51107 req-cfb4504f-874f-425c-a902-9c8545b51107 ] Request (ServersTestManualDisk:setUpClass): 201 POST http://10.180.1.21/identity/v3/auth/tokens 0.090s
2025-11-21 11:44:34.169 66028 INFO tempest.lib.common.fixed_network [-] (ServersTestManualDisk:setUpClass) Found network {'id': '78100ea2-a8f0-4112-b3a6-b532e28b2387', 'name': 'tempest-ServersTestManualDisk-307199739-network', 'tenant_id': 'e1151837f74d4c81ba7a04a6ab721d4f', 'project_id': 'e1151837f74d4c81ba7a04a6ab721d4f', 'admin_state_up': True, 'mtu': 8950, 'status': 'ACTIVE', 'subnets': [], 'shared': False, 'port_security_enabled': True, 'router:external': False, 'provider:network_type': 'vlan', 'provider:physical_network': 'default', 'provider:segmentation_id': 842, 'availability_zone_hints': [], 'availability_zones': [], 'ipv4_address_scope': None, 'ipv6_address_scope': None, 'description': '', 'tags': [], 'created_at': '2025-11-21T11:44:24Z', 'updated_at': '2025-11-21T11:44:24Z', 'revision_number': 1} available for tenant
2025-11-21 11:44:34.189 66010 INFO tempest.lib.common.rest_client [req-e5d3c718-ad5e-4e25-937d-03d77544e550 req-e5d3c718-ad5e-4e25-937d-03d77544e550 ] Request (FlavorsV255TestJSON:tearDownClass): 204 DELETE http://10.180.1.21/identity/v3/projects/fd546e05fbff414ba3e2e12205198f5f 0.122s
2025-11-21 11:44:34.189 66010 INFO tempest.lib.common.dynamic_creds [-] Deleting project and security group for project: 276e04d48d7345b2a628231ccc393651
2025-11-21 11:44:34.265 66026 INFO tempest.lib.common.rest_client [req-a55f65c3-a28f-4461-9f72-cc923edcf6ac req-a55f65c3-a28f-4461-9f72-cc923edcf6ac ] Request (ServerActionsTestOtherB:setUpClass): 201 POST http://10.180.1.21/networking/v2.0/subnets 0.291s
2025-11-21 11:44:34.394 66010 INFO tempest.lib.common.rest_client [req-9358d029-5d47-4c3f-98bf-caac1241368b req-9358d029-5d47-4c3f-98bf-caac1241368b ] Request (FlavorsV255TestJSON:tearDownClass): 200 GET http://10.180.1.21/networking/v2.0/security-groups?tenant_id=276e04d48d7345b2a628231ccc393651&name=default 0.205s
2025-11-21 11:44:34.711 66038 INFO tempest.lib.common.rest_client [req-36f51e14-4b42-49ea-afcc-cc84c8691886 req-36f51e14-4b42-49ea-afcc-cc84c8691886 ] Request (AttachInterfacesV270Test:test_create_get_list_interfaces): 200 GET http://10.180.1.21/compute/v2.1/servers/0ae91c9d-81c9-49eb-be11-42e87c0f8975 3.904s
2025-11-21 11:44:34.724 66038 INFO tempest.common.waiters [-] State transition "BUILD/spawning" ==> "ACTIVE/None" after 24 second wait
2025-11-21 11:44:34.810 66010 INFO tempest.lib.common.rest_client [req-2953d148-9717-42f5-a975-4c4d05bb2158 req-2953d148-9717-42f5-a975-4c4d05bb2158 ] Request (FlavorsV255TestJSON:tearDownClass): 204 DELETE http://10.180.1.21/networking/v2.0/security-groups/0f5d7fe1-585a-4c3a-9153-c921a8199d9e 0.415s
2025-11-21 11:44:34.927 66010 INFO tempest.lib.common.rest_client [req-2b693ac7-56dc-4b63-acab-e11b9b457167 req-2b693ac7-56dc-4b63-acab-e11b9b457167 ] Request (FlavorsV255TestJSON:tearDownClass): 204 DELETE http://10.180.1.21/identity/v3/projects/276e04d48d7345b2a628231ccc393651 0.112s
2025-11-21 11:44:34.993 66010 INFO tempest.lib.common.rest_client [req-40496398-0e0e-49bc-a1c0-4010277c4d12 req-40496398-0e0e-49bc-a1c0-4010277c4d12 ] Request (ServerDiagnosticsV248Test:setUpClass): 201 POST http://10.180.1.21/identity/v3/auth/tokens 0.064s
2025-11-21 11:44:35.031 66010 INFO tempest.lib.common.rest_client [req-94035f61-3866-464c-ab01-9a2f616ecda9 req-94035f61-3866-464c-ab01-9a2f616ecda9 ] Request (ServerDiagnosticsV248Test:setUpClass): 201 POST http://10.180.1.21/identity/v3/auth/tokens 0.035s
2025-11-21 11:44:35.074 66010 INFO tempest.lib.common.rest_client [req-232f2987-5c74-4321-b581-3ef68970408b req-232f2987-5c74-4321-b581-3ef68970408b ] Request (ServerDiagnosticsV248Test:setUpClass): 200 GET http://10.180.1.21/identity/v3/domains?name=Default 0.042s
2025-11-21 11:44:35.104 66010 INFO tempest.lib.common.rest_client [req-a0209034-c8c6-4219-bb2d-1edba5747ad7 req-a0209034-c8c6-4219-bb2d-1edba5747ad7 ] Request (ServerDiagnosticsV248Test:setUpClass): 201 POST http://10.180.1.21/identity/v3/projects 0.029s
2025-11-21 11:44:35.169 66026 INFO tempest.lib.common.rest_client [req-3cdb0ecc-8f9b-4c10-b28d-51d79ce7f40b req-3cdb0ecc-8f9b-4c10-b28d-51d79ce7f40b ] Request (ServerActionsTestOtherB:setUpClass): 201 POST http://10.180.1.21/networking/v2.0/routers 0.903s
2025-11-21 11:44:35.174 66010 INFO tempest.lib.common.rest_client [req-be70dc52-3005-42b6-a873-10b7734b1803 req-be70dc52-3005-42b6-a873-10b7734b1803 ] Request (ServerDiagnosticsV248Test:setUpClass): 201 POST http://10.180.1.21/identity/v3/users 0.069s
2025-11-21 11:44:35.198 66010 INFO tempest.lib.common.rest_client [req-63df4803-f05a-44c2-b6cd-8cca09e4074c req-63df4803-f05a-44c2-b6cd-8cca09e4074c ] Request (ServerDiagnosticsV248Test:setUpClass): 200 GET http://10.180.1.21/identity/v3/roles 0.023s
2025-11-21 11:44:35.221 65992 INFO tempest.lib.common.rest_client [req-4f4d466d-5f3c-4351-81dd-bdc810bf3e80 req-4f4d466d-5f3c-4351-81dd-bdc810bf3e80 ] Request (QuotasAdminNegativeTest:test_create_server_when_instances_quota_is_full): 403 POST http://10.180.1.21/compute/v2.1/servers 5.011s
2025-11-21 11:44:35.227 66010 INFO tempest.lib.common.rest_client [req-f4eef714-e651-4c14-88d9-dbd3eccc67b9 req-f4eef714-e651-4c14-88d9-dbd3eccc67b9 ] Request (ServerDiagnosticsV248Test:setUpClass): 204 PUT http://10.180.1.21/identity/v3/projects/c93752c48a6a41b79ca9f4f5eb5d8cba/users/315c650e95cb4f6ab3790c4d5c6faeba/roles/8ba51ba7250a49d987f319ff040b8e7c 0.029s
2025-11-21 11:44:35.227 66010 INFO tempest.lib.common.dynamic_creds [-] Dynamic test user 315c650e95cb4f6ab3790c4d5c6faeba is created with scope project and roles: ['member']
2025-11-21 11:44:35.228 66010 INFO tempest.lib.common.dynamic_creds [-] Acquired dynamic creds: credentials: Credentials: {'domain_id': 'default', 'domain_name': 'Default', 'username': 'tempest-ServerDiagnosticsV248Test-1369587307-project-member', 'project_domain_id': 'default', 'project_domain_name': 'Default', 'project_id': 'c93752c48a6a41b79ca9f4f5eb5d8cba', 'project_name': 'tempest-ServerDiagnosticsV248Test-1369587307', 'tenant_id': 'c93752c48a6a41b79ca9f4f5eb5d8cba', 'tenant_name': 'tempest-ServerDiagnosticsV248Test-1369587307', 'user_domain_id': 'default', 'user_domain_name': 'Default', 'user_id': '315c650e95cb4f6ab3790c4d5c6faeba', 'system': None}, Network: None, Subnet: None, Router: None
2025-11-21 11:44:35.228 66010 INFO tempest.lib.common.dynamic_creds [-] Created isolated network resources for: credentials: Credentials: {'domain_id': 'default', 'domain_name': 'Default', 'username': 'tempest-ServerDiagnosticsV248Test-1369587307-project-member', 'project_domain_id': 'default', 'project_domain_name': 'Default', 'project_id': 'c93752c48a6a41b79ca9f4f5eb5d8cba', 'project_name': 'tempest-ServerDiagnosticsV248Test-1369587307', 'tenant_id': 'c93752c48a6a41b79ca9f4f5eb5d8cba', 'tenant_name': 'tempest-ServerDiagnosticsV248Test-1369587307', 'user_domain_id': 'default', 'user_domain_name': 'Default', 'user_id': '315c650e95cb4f6ab3790c4d5c6faeba', 'system': None}, Network: None, Subnet: None, Router: None
2025-11-21 11:44:35.340 66010 INFO tempest.lib.common.rest_client [req-0588a860-8db7-4340-b183-21925019dbbf req-0588a860-8db7-4340-b183-21925019dbbf ] Request (ServerDiagnosticsV248Test:setUpClass): 201 POST http://10.180.1.21/identity/v3/auth/tokens 0.109s
2025-11-21 11:44:35.341 66014 INFO tempest.lib.common.rest_client [req-0b7068ff-fdd9-4754-8e00-b1919062d476 req-0b7068ff-fdd9-4754-8e00-b1919062d476 ] Request (ImagesTestJSON:test_create_image_from_stopped_server): 202 POST http://10.180.1.21/compute/v2.1/servers/0c3d596b-faba-4f5f-b74d-74d8a9cce3d1/action 4.395s
2025-11-21 11:44:35.405 66010 INFO tempest.lib.common.rest_client [req-dc58dc98-60d8-4932-830a-84763bfb0532 req-dc58dc98-60d8-4932-830a-84763bfb0532 ] Request (ServerDiagnosticsV248Test:setUpClass): 201 POST http://10.180.1.21/identity/v3/projects 0.064s
2025-11-21 11:44:35.459 66010 INFO tempest.lib.common.rest_client [req-051eb86f-d6f7-41c0-a26d-66521a528ae2 req-051eb86f-d6f7-41c0-a26d-66521a528ae2 ] Request (ServerDiagnosticsV248Test:setUpClass): 201 POST http://10.180.1.21/identity/v3/users 0.053s
2025-11-21 11:44:35.487 66010 INFO tempest.lib.common.rest_client [req-77c98e9a-c495-4eb1-9a13-d57b144b7176 req-77c98e9a-c495-4eb1-9a13-d57b144b7176 ] Request (ServerDiagnosticsV248Test:setUpClass): 200 GET http://10.180.1.21/identity/v3/roles 0.028s
2025-11-21 11:44:35.519 66010 INFO tempest.lib.common.rest_client [req-a821bf1d-9204-4b67-9238-42c8971a9c37 req-a821bf1d-9204-4b67-9238-42c8971a9c37 ] Request (ServerDiagnosticsV248Test:setUpClass): 204 PUT http://10.180.1.21/identity/v3/projects/afaa71c2d6e646e5908de15552d6f728/users/24053e25938b47958a9e3243bb09b527/roles/82435b73d00045f1a22f4d335ff753c1 0.032s
2025-11-21 11:44:35.601 66010 INFO tempest.lib.common.rest_client [req-1cc19db1-23cb-42e3-b2bf-b0683dab27ba req-1cc19db1-23cb-42e3-b2bf-b0683dab27ba ] Request (ServerDiagnosticsV248Test:setUpClass): 200 GET http://10.180.1.21/identity/v3/roles 0.081s
2025-11-21 11:44:35.621 66010 INFO tempest.lib.common.rest_client [req-8b514cc8-d2bc-4003-9b06-b397613d5bdb req-8b514cc8-d2bc-4003-9b06-b397613d5bdb ] Request (ServerDiagnosticsV248Test:setUpClass): 204 PUT http://10.180.1.21/identity/v3/projects/afaa71c2d6e646e5908de15552d6f728/users/24053e25938b47958a9e3243bb09b527/roles/82435b73d00045f1a22f4d335ff753c1 0.019s
2025-11-21 11:44:35.621 66010 INFO tempest.lib.common.dynamic_creds [-] Dynamic test user 24053e25938b47958a9e3243bb09b527 is created with scope project and roles: ['admin']
2025-11-21 11:44:35.622 66010 INFO tempest.lib.common.dynamic_creds [-] Acquired dynamic creds: credentials: Credentials: {'domain_id': 'default', 'domain_name': 'Default', 'username': 'tempest-ServerDiagnosticsV248Test-866169373-project-admin', 'project_domain_id': 'default', 'project_domain_name': 'Default', 'project_id': 'afaa71c2d6e646e5908de15552d6f728', 'project_name': 'tempest-ServerDiagnosticsV248Test-866169373', 'tenant_id': 'afaa71c2d6e646e5908de15552d6f728', 'tenant_name': 'tempest-ServerDiagnosticsV248Test-866169373', 'user_domain_id': 'default', 'user_domain_name': 'Default', 'user_id': '24053e25938b47958a9e3243bb09b527', 'system': None}, Network: None, Subnet: None, Router: None
2025-11-21 11:44:35.622 66010 INFO tempest.lib.common.dynamic_creds [-] Created isolated network resources for: credentials: Credentials: {'domain_id': 'default', 'domain_name': 'Default', 'username': 'tempest-ServerDiagnosticsV248Test-866169373-project-admin', 'project_domain_id': 'default', 'project_domain_name': 'Default', 'project_id': 'afaa71c2d6e646e5908de15552d6f728', 'project_name': 'tempest-ServerDiagnosticsV248Test-866169373', 'tenant_id': 'afaa71c2d6e646e5908de15552d6f728', 'tenant_name': 'tempest-ServerDiagnosticsV248Test-866169373', 'user_domain_id': 'default', 'user_domain_name': 'Default', 'user_id': '24053e25938b47958a9e3243bb09b527', 'system': None}, Network: None, Subnet: None, Router: None
2025-11-21 11:44:35.698 66010 INFO tempest.lib.common.rest_client [req-3760401a-113f-4742-8fa1-9cf6ba9d85e4 req-3760401a-113f-4742-8fa1-9cf6ba9d85e4 ] Request (ServerDiagnosticsV248Test:setUpClass): 201 POST http://10.180.1.21/identity/v3/auth/tokens 0.074s
2025-11-21 11:44:35.790 66010 INFO tempest.lib.common.rest_client [req-3c9cb9d6-7c59-4c0c-9b62-f231ddb2363f req-3c9cb9d6-7c59-4c0c-9b62-f231ddb2363f ] Request (ServerDiagnosticsV248Test:test_get_server_diagnostics): 201 POST http://10.180.1.21/identity/v3/auth/tokens 0.087s
2025-11-21 11:44:35.791 66010 INFO tempest.lib.common.fixed_network [-] (ServerDiagnosticsV248Test:test_get_server_diagnostics) Found network None available for tenant
2025-11-21 11:44:36.111 66026 INFO tempest.lib.common.rest_client [req-b4d1e51e-f761-4c3f-86b5-950faa336296 req-b4d1e51e-f761-4c3f-86b5-950faa336296 ] Request (ServerActionsTestOtherB:setUpClass): 200 PUT http://10.180.1.21/networking/v2.0/routers/c0e74305-e4d9-465e-b121-9b21b65678cc/add_router_interface 0.942s
