2025-12-15 09:31:03.936 66168 INFO tempest.common.waiters [-] State transition "BUILD/networking" ==> "BUILD/spawning" after 19 second wait
2025-12-15 09:31:04.028 66164 INFO tempest.lib.common.rest_client [req-9e9bf765-120c-4532-a720-c428f4744117 req-9e9bf765-120c-4532-a720-c428f4744117 ] Request (ListImageFiltersTestJSON:setUpClass): 202 POST http://10.180.1.21/compute/v2.1/servers 5.655s
2025-12-15 09:31:04.030 66128 INFO tempest.lib.common.rest_client [req-6cf2500d-88bd-4086-87f9-ad5dd768e6d7 req-6cf2500d-88bd-4086-87f9-ad5dd768e6d7 ] Request (ServerAddressesNegativeTestJSON:tearDownClass): 200 GET http://10.180.1.21/compute/v2.1/servers/41e0f7ef-015f-49e0-90ba-d02883a4897f 4.422s
2025-12-15 09:31:04.047 66162 INFO tempest.lib.common.rest_client [req-7395a5a1-03ee-44ee-910b-71cb16def029 req-7395a5a1-03ee-44ee-910b-71cb16def029 ] Request (ExtensionsTest:test_list_extensions): 200 GET http://10.180.1.21/compute/v2.1/extensions 3.872s
2025-12-15 09:31:04.054 66144 INFO tempest.lib.common.rest_client [req-3b8f83fc-993f-4445-b1c2-7fa773503b67 req-3b8f83fc-993f-4445-b1c2-7fa773503b67 ] Request (FlavorsAdminTestJSON:test_is_public_string_variations): 200 GET http://10.180.1.21/compute/v2.1/flavors/detail?is_public=0 3.859s
2025-12-15 09:31:04.086 66122 INFO tempest.lib.common.rest_client [req-7cdf785e-94ec-4195-8ab8-8b7cb42ec392 req-7cdf785e-94ec-4195-8ab8-8b7cb42ec392 ] Request (AggregatesAdminNegativeTestJSON:test_aggregate_remove_nonexistent_host): 404 POST http://10.180.1.21/compute/v2.1/os-aggregates/8/action 3.752s
2025-12-15 09:31:04.109 66118 INFO tempest.lib.common.rest_client [req-5cdd1c9d-fd44-4755-807c-2d77bad15c3c req-5cdd1c9d-fd44-4755-807c-2d77bad15c3c ] Request (AttachInterfacesUnderV243Test:test_add_remove_fixed_ip): 202 POST http://10.180.1.21/compute/v2.1/servers/3f0067b3-dbe4-4361-a90a-c6355336a0ff/action 3.638s
2025-12-15 09:31:04.142 66114 INFO tempest.lib.common.rest_client [req-dce442fd-fa1c-4129-8e01-550e827f7d4b req-dce442fd-fa1c-4129-8e01-550e827f7d4b ] Request (ServersTestBootFromVolume:setUpClass): 200 GET http://10.180.1.21/volume/v3/volumes/2f4a07d4-eb08-4564-9ba8-4516b19abfea 0.056s
2025-12-15 09:31:04.145 66164 INFO tempest.lib.common.rest_client [req-06bbee72-2998-42e4-81fc-a401d160a596 req-06bbee72-2998-42e4-81fc-a401d160a596 ] Request (ListImageFiltersTestJSON:setUpClass): 201 POST http://10.180.1.21/identity/v3/auth/tokens 0.111s
2025-12-15 09:31:04.148 66164 INFO tempest.lib.common.fixed_network [-] (ListImageFiltersTestJSON:setUpClass) Found network None available for tenant
2025-12-15 09:31:04.193 66124 INFO tempest.lib.common.rest_client [req-aa7350c8-35d6-4e72-a1f6-fa7bccac8808 req-aa7350c8-35d6-4e72-a1f6-fa7bccac8808 ] Request (ServerMetadataTestJSON:tearDownClass): 200 GET http://10.180.1.21/compute/v2.1/servers/04d095ad-df2f-4984-9e24-f1872dda3848 3.713s
2025-12-15 09:31:04.221 66162 INFO tempest.lib.common.rest_client [req-fc6ad2eb-0a5b-454d-8aa5-45bd0307fef9 req-fc6ad2eb-0a5b-454d-8aa5-45bd0307fef9 ] Request (ExtensionsTest:tearDownClass): 204 DELETE http://10.180.1.21/identity/v3/users/d9c9ee9468cb4ae5ab85d18bbeb55efe 0.154s
2025-12-15 09:31:04.221 66162 INFO tempest.lib.common.dynamic_creds [-] Deleting project and security group for project: 436fddb3fd1640a287e88e5c909960f9
2025-12-15 09:31:04.257 66146 INFO tempest.lib.common.rest_client [req-406a359c-3dcd-4e61-af0c-b3c92ab25527 req-406a359c-3dcd-4e61-af0c-b3c92ab25527 ] Request (ServersAdmin275Test:tearDownClass): 204 DELETE http://10.180.1.21/compute/v2.1/servers/427d0c3f-fbcb-4b25-855a-9a9829d39e35 3.765s
2025-12-15 09:31:04.326 66162 INFO tempest.lib.common.rest_client [req-2260c5cb-dca7-41e1-9bcc-855f11ff7eab req-2260c5cb-dca7-41e1-9bcc-855f11ff7eab ] Request (ExtensionsTest:tearDownClass): 201 POST http://10.180.1.21/identity/v3/auth/tokens 0.105s
2025-12-15 09:31:04.422 66166 INFO tempest.lib.common.rest_client [req-f05e4238-0048-424c-afd2-4f3e0dffdf47 req-f05e4238-0048-424c-afd2-4f3e0dffdf47 ] Request (MultipleCreateTestJSON:tearDownClass): 200 GET http://10.180.1.21/compute/v2.1/servers/dccc5535-ae5b-4410-8a00-a8e8f082ee70 3.486s
2025-12-15 09:31:04.675 66162 INFO tempest.lib.common.rest_client [req-f4057962-bd5b-4f5e-aa81-22da1d1458c3 req-f4057962-bd5b-4f5e-aa81-22da1d1458c3 ] Request (ExtensionsTest:tearDownClass): 200 GET http://10.180.1.21/networking/v2.0/security-groups?tenant_id=436fddb3fd1640a287e88e5c909960f9&name=default 0.349s
2025-12-15 09:31:04.725 66150 INFO tempest.lib.common.rest_client [req-d32e1cb5-782d-4881-9713-9bcb33ee9764 req-d32e1cb5-782d-4881-9713-9bcb33ee9764 ] Request (ServersTestMultiNic:test_verify_duplicate_network_nics): 200 GET http://10.180.1.21/compute/v2.1/servers/08c59710-a1fe-43a0-ac56-9cd4d2c8627e 4.212s
2025-12-15 09:31:04.807 66156 INFO tempest.lib.common.rest_client [req-e524acb4-d816-477c-aea6-eb7d3e5427ab req-e524acb4-d816-477c-aea6-eb7d3e5427ab ] Request (SecurityGroupRulesNegativeTestJSON:tearDownClass): 200 PUT http://10.180.1.21/networking/v2.0/routers/c18a0da8-9b64-4bdd-ac3f-c50a056b7327/remove_router_interface 1.063s
2025-12-15 09:31:04.992 66162 INFO tempest.lib.common.rest_client [req-79aa9ac4-81dd-495e-9ea4-5828ec935ed2 req-79aa9ac4-81dd-495e-9ea4-5828ec935ed2 ] Request (ExtensionsTest:tearDownClass): 204 DELETE http://10.180.1.21/networking/v2.0/security-groups/a9cf1f39-ab8d-43ec-8422-6f72c7e0b973 0.316s
2025-12-15 09:31:05.052 66152 INFO tempest.lib.common.rest_client [req-46cf5f2f-50b8-4aa2-a6b0-1d858177fd36 req-46cf5f2f-50b8-4aa2-a6b0-1d858177fd36 ] Request (ServersAdminTestJSON:setUpClass): 200 GET http://10.180.1.21/compute/v2.1/servers/c20cb1c0-fdb7-4e27-9365-86f1d88636f9 4.097s
2025-12-15 09:31:05.088 66162 INFO tempest.lib.common.rest_client [req-c0d95918-d547-40c5-9c36-e94045998528 req-c0d95918-d547-40c5-9c36-e94045998528 ] Request (ExtensionsTest:tearDownClass): 204 DELETE http://10.180.1.21/identity/v3/projects/436fddb3fd1640a287e88e5c909960f9 0.095s
2025-12-15 09:31:05.195 66114 INFO tempest.lib.common.rest_client [req-381b53d0-865c-4474-9a99-6ee059dedf5d req-381b53d0-865c-4474-9a99-6ee059dedf5d ] Request (ServersTestBootFromVolume:setUpClass): 200 GET http://10.180.1.21/volume/v3/volumes/2f4a07d4-eb08-4564-9ba8-4516b19abfea 0.037s
2025-12-15 09:31:05.526 66136 WARNING tempest.lib.common.ssh [-] Failed to establish authenticated ssh connection to cirros@10.180.180.188 ([Errno None] Unable to connect to port 22 on 10.180.180.188). Number attempts: 3. Retry after 4 seconds.: paramiko.ssh_exception.NoValidConnectionsError: [Errno None] Unable to connect to port 22 on 10.180.180.188
2025-12-15 09:31:05.585 66142 INFO tempest.lib.common.rest_client [req-6fba802c-ae80-4704-893f-4a5832b262f2 req-6fba802c-ae80-4704-893f-4a5832b262f2 ] Request (MigrationsAdminTest:test_list_migrations_in_flavor_resize_situation): 200 GET http://10.180.1.21/compute/v2.1/servers/ce9d1ebe-23e4-4e45-9945-a5ecf10a211c 4.574s
2025-12-15 09:31:05.597 66142 INFO tempest.common.waiters [-] State transition "VERIFY_RESIZE/None" ==> "ACTIVE/None" after 14 second wait
2025-12-15 09:31:05.619 66154 INFO tempest.lib.common.rest_client [req-42ecfd71-611b-4899-adc7-69587435cf47 req-42ecfd71-611b-4899-adc7-69587435cf47 ] Request (FloatingIPsAssociationNegativeTestJSON:tearDownClass): 404 GET http://10.180.1.21/compute/v2.1/servers/2bdd87e6-db80-4f4d-b59d-17c82d711da9 3.779s
2025-12-15 09:31:05.714 66170 INFO tempest.lib.common.rest_client [req-5e95b4bb-bff0-48a4-b158-116866267f8a req-5e95b4bb-bff0-48a4-b158-116866267f8a ] Request (ServerDiskConfigTestJSON:_run_cleanups): 204 DELETE http://10.180.1.21/compute/v2.1/servers/a476f082-9e1f-4a14-b644-028a004de4ca 3.637s
2025-12-15 09:31:05.720 66140 INFO tempest.lib.common.rest_client [req-f5450257-8c87-4753-a79b-9f8045f68b91 req-f5450257-8c87-4753-a79b-9f8045f68b91 ] Request (HypervisorAdminNegativeTestJSON:test_get_hypervisor_stats_with_non_admin_user): 403 GET http://10.180.1.21/compute/v2.1/os-hypervisors/statistics 3.641s
2025-12-15 09:31:05.797 66170 INFO tempest.lib.common.rest_client [req-6201bc95-1cd1-4552-ab8f-df8492e8de21 req-6201bc95-1cd1-4552-ab8f-df8492e8de21 ] Request (ServerDiskConfigTestJSON:test_rebuild_server_with_manual_disk_config): 201 POST http://10.180.1.21/identity/v3/auth/tokens 0.075s
2025-12-15 09:31:05.797 66170 INFO tempest.lib.common.fixed_network [-] (ServerDiskConfigTestJSON:test_rebuild_server_with_manual_disk_config) Found network {'id': '47f4de7c-aa7e-4471-87da-53119245ddb6', 'name': 'tempest-ServerDiskConfigTestJSON-1301589502-network', 'tenant_id': '0fa630f770c048edadb51d729601e6f3', 'project_id': '0fa630f770c048edadb51d729601e6f3', 'admin_state_up': True, 'mtu': 8950, 'status': 'ACTIVE', 'subnets': [], 'shared': False, 'port_security_enabled': True, 'router:external': False, 'provider:network_type': 'vlan', 'provider:physical_network': 'default', 'provider:segmentation_id': 644, 'availability_zone_hints': [], 'availability_zones': [], 'ipv4_address_scope': None, 'ipv6_address_scope': None, 'description': '', 'tags': [], 'created_at': '2025-12-15T09:29:55Z', 'updated_at': '2025-12-15T09:29:55Z', 'revision_number': 1} available for tenant
2025-12-15 09:31:05.863 66156 INFO tempest.lib.common.rest_client [req-fa78c8e3-826f-422e-aa6f-71d990b4888d req-fa78c8e3-826f-422e-aa6f-71d990b4888d ] Request (SecurityGroupRulesNegativeTestJSON:tearDownClass): 204 DELETE http://10.180.1.21/networking/v2.0/routers/c18a0da8-9b64-4bdd-ac3f-c50a056b7327 1.055s
2025-12-15 09:31:05.902 66174 INFO tempest.lib.common.rest_client [req-c6e3c443-c8d1-4229-bacd-be91eb7caf3a req-c6e3c443-c8d1-4229-bacd-be91eb7caf3a ] Request (AttachInterfacesTestJSON:test_create_list_show_delete_interfaces_by_fixed_ip): 200 GET http://10.180.1.21/compute/v2.1/servers/c45e0f9e-c4db-4c0b-8caa-6586af13434c 4.583s
2025-12-15 09:31:06.048 66160 INFO tempest.lib.common.rest_client [req-4b3579dc-b62e-4714-afdf-94b9632d8862 req-4b3579dc-b62e-4714-afdf-94b9632d8862 ] Request (ServerPasswordTestJSON:test_delete_server_password): 204 DELETE http://10.180.1.21/compute/v2.1/servers/39b623c8-f107-4b32-9d3c-3d51c881ba46/os-server-password 2.917s
2025-12-15 09:31:06.113 66156 INFO tempest.lib.common.rest_client [req-51165ed5-37ff-451a-a7a2-bafe5fb706c4 req-51165ed5-37ff-451a-a7a2-bafe5fb706c4 ] Request (SecurityGroupRulesNegativeTestJSON:tearDownClass): 204 DELETE http://10.180.1.21/networking/v2.0/subnets/0593d450-bad3-4e31-a0d6-003909f36154 0.250s
2025-12-15 09:31:06.166 66112 INFO tempest.lib.common.rest_client [req-ffb3c0f5-aa00-42a2-aa0b-08fa67d70230 req-ffb3c0f5-aa00-42a2-aa0b-08fa67d70230 ] Request (QuotasAdminTestJSON:_run_cleanups): 200 PUT http://10.180.1.21/compute/v2.1/os-quota-sets/d9c4d61eaf4343a7b2f6e0e00148f0c0 3.765s
2025-12-15 09:31:06.232 66130 INFO tempest.lib.common.rest_client [req-9d9bf870-3e9e-4dc6-aaeb-984075d7d67b req-9d9bf870-3e9e-4dc6-aaeb-984075d7d67b ] Request (ServerActionsTestOtherA:setUpClass): 200 POST http://10.180.1.21/compute/v2.1/os-keypairs 2.851s
2025-12-15 09:31:06.258 66114 INFO tempest.lib.common.rest_client [req-bd17eed3-01b4-4b8d-9610-4e858b9b36d9 req-bd17eed3-01b4-4b8d-9610-4e858b9b36d9 ] Request (ServersTestBootFromVolume:setUpClass): 200 GET http://10.180.1.21/volume/v3/volumes/2f4a07d4-eb08-4564-9ba8-4516b19abfea 0.054s
2025-12-15 09:31:06.272 66148 INFO tempest.lib.common.rest_client [req-917c3253-4608-4fd9-b2b0-129870c6d92b req-917c3253-4608-4fd9-b2b0-129870c6d92b ] Request (QuotasAdminTestV257:test_get_updated_quotas): 200 GET http://10.180.1.21/identity/v3/domains?name=Default 0.091s
2025-12-15 09:31:06.318 66148 INFO tempest.lib.common.rest_client [req-d174fa84-41db-471d-89d6-86158c3ba2c8 req-d174fa84-41db-471d-89d6-86158c3ba2c8 ] Request (QuotasAdminTestV257:test_get_updated_quotas): 201 POST http://10.180.1.21/identity/v3/projects 0.046s
2025-12-15 09:31:06.330 66112 INFO tempest.lib.common.rest_client [req-167ddd60-3196-4b8d-a3b1-ae1cb8c3db50 req-167ddd60-3196-4b8d-a3b1-ae1cb8c3db50 ] Request (QuotasAdminTestJSON:tearDownClass): 204 DELETE http://10.180.1.21/identity/v3/users/aba2dd5b696e44fc9253964586c67fa6 0.161s
2025-12-15 09:31:06.382 66148 INFO tempest.lib.common.rest_client [req-ba860319-02b2-4ad6-897e-d6c664d0a236 req-ba860319-02b2-4ad6-897e-d6c664d0a236 ] Request (QuotasAdminTestV257:test_get_updated_quotas): 200 GET http://10.180.1.21/identity/v3/domains?name=Default 0.064s
2025-12-15 09:31:06.478 66112 INFO tempest.lib.common.rest_client [req-8557c3f2-72a0-43b7-bc20-99b37f016644 req-8557c3f2-72a0-43b7-bc20-99b37f016644 ] Request (QuotasAdminTestJSON:tearDownClass): 204 DELETE http://10.180.1.21/identity/v3/users/6ab39f8eee734a438cb43819f3b2356e 0.148s
2025-12-15 09:31:06.478 66112 INFO tempest.lib.common.dynamic_creds [-] Deleting project and security group for project: d9c4d61eaf4343a7b2f6e0e00148f0c0
2025-12-15 09:31:06.552 66156 INFO tempest.lib.common.rest_client [req-af592bab-d255-413d-821b-63313939ebee req-af592bab-d255-413d-821b-63313939ebee ] Request (SecurityGroupRulesNegativeTestJSON:tearDownClass): 204 DELETE http://10.180.1.21/networking/v2.0/networks/4f9175fd-c842-46db-8b83-c229cf6b25a0 0.438s
2025-12-15 09:31:06.570 66112 INFO tempest.lib.common.rest_client [req-c31c7979-3b46-4cd8-a136-7f1b5b3d5565 req-c31c7979-3b46-4cd8-a136-7f1b5b3d5565 ] Request (QuotasAdminTestJSON:tearDownClass): 201 POST http://10.180.1.21/identity/v3/auth/tokens 0.091s
2025-12-15 09:31:06.631 66156 INFO tempest.lib.common.rest_client [req-ce71d316-dbe7-41eb-ad64-83cd06ea5095 req-ce71d316-dbe7-41eb-ad64-83cd06ea5095 ] Request (SecurityGroupRulesNegativeTestJSON:tearDownClass): 204 DELETE http://10.180.1.21/identity/v3/users/a7702ef55faa44659b4544cb202c959e 0.079s
2025-12-15 09:31:06.632 66156 INFO tempest.lib.common.dynamic_creds [-] Deleting project and security group for project: bcbf4535ce7a41a792ccba1a801e5fb2
2025-12-15 09:31:06.646 66154 INFO tempest.lib.common.rest_client [req-6236a044-860c-43c4-87c8-c28cc4649ef8 req-6236a044-860c-43c4-87c8-c28cc4649ef8 ] Request (FloatingIPsAssociationNegativeTestJSON:tearDownClass): 200 PUT http://10.180.1.21/networking/v2.0/routers/b0dc8b0c-0464-4f5f-be88-f115a7e74691/remove_router_interface 1.026s
2025-12-15 09:31:06.767 66130 INFO tempest.lib.common.rest_client [req-6869c7c6-cdf2-4f3b-8be8-64b57dfd4c28 req-6869c7c6-cdf2-4f3b-8be8-64b57dfd4c28 ] Request (ServerActionsTestOtherA:setUpClass): 201 POST http://10.180.1.21/networking/v2.0/security-groups 0.533s
2025-12-15 09:31:06.780 66120 INFO tempest.lib.common.rest_client [req-d61fd5c8-1a04-4501-a396-682461e7e512 req-d61fd5c8-1a04-4501-a396-682461e7e512 ] Request (ServerActionsTestOtherB:test_create_backup): 202 POST http://10.180.1.21/compute/v2.1/servers/e2a81360-01f8-4de8-a27c-a21c76d9d80e/action 3.214s
2025-12-15 09:31:06.802 66156 INFO tempest.lib.common.rest_client [req-32c4702f-6b55-4df1-ba7a-b459b1169627 req-32c4702f-6b55-4df1-ba7a-b459b1169627 ] Request (SecurityGroupRulesNegativeTestJSON:tearDownClass): 200 GET http://10.180.1.21/networking/v2.0/security-groups?tenant_id=bcbf4535ce7a41a792ccba1a801e5fb2&name=default 0.170s
2025-12-15 09:31:06.804 66120 INFO tempest.lib.common.rest_client [req-7c2c9825-adc9-42f5-a0d6-408db3c0f52f req-7c2c9825-adc9-42f5-a0d6-408db3c0f52f ] Request (ServerActionsTestOtherB:test_create_backup): 200 GET http://10.180.1.21/image/v2/images/7281dbc3-bc86-4640-9ceb-0560e410a3f5 0.024s
2025-12-15 09:31:06.811 66144 INFO tempest.lib.common.rest_client [req-2465244e-054e-4039-ac0e-f54292e504d3 req-2465244e-054e-4039-ac0e-f54292e504d3 ] Request (FlavorsAdminTestJSON:test_is_public_string_variations): 200 GET http://10.180.1.21/compute/v2.1/flavors/detail?is_public=t 2.755s
2025-12-15 09:31:06.834 66122 INFO tempest.lib.common.rest_client [req-19b2d072-bd00-45df-8002-d1677ea74117 req-19b2d072-bd00-45df-8002-d1677ea74117 ] Request (AggregatesAdminNegativeTestJSON:_run_cleanups): 200 DELETE http://10.180.1.21/compute/v2.1/os-aggregates/8 2.747s
2025-12-15 09:31:06.890 66118 INFO tempest.lib.common.rest_client [req-5649e63e-ad05-4d9c-927a-fd99d580ed8e req-5649e63e-ad05-4d9c-927a-fd99d580ed8e ] Request (AttachInterfacesUnderV243Test:test_add_remove_fixed_ip): 200 GET http://10.180.1.21/compute/v2.1/servers/3f0067b3-dbe4-4361-a90a-c6355336a0ff/ips 2.781s
2025-12-15 09:31:07.128 66122 INFO tempest.lib.common.rest_client [req-9f912b6d-c626-47d1-81c5-49455d19edae req-9f912b6d-c626-47d1-81c5-49455d19edae ] Request (AggregatesAdminNegativeTestJSON:tearDownClass): 204 DELETE http://10.180.1.21/identity/v3/users/f25c655b4dfe44739f34683c0110bf71 0.292s
2025-12-15 09:31:07.137 66172 INFO paramiko.transport [-] Connected (version 2.0, client dropbear_2020.81)
2025-12-15 09:31:07.206 66112 INFO tempest.lib.common.rest_client [req-57dab714-c869-4bfb-aee7-ec691d47a98a req-57dab714-c869-4bfb-aee7-ec691d47a98a ] Request (QuotasAdminTestJSON:tearDownClass): 200 GET http://10.180.1.21/networking/v2.0/security-groups?tenant_id=d9c4d61eaf4343a7b2f6e0e00148f0c0&name=default 0.636s
2025-12-15 09:31:07.209 66172 INFO paramiko.transport [-] Authentication (publickey) successful!
2025-12-15 09:31:07.209 66172 INFO tempest.lib.common.ssh [-] ssh connection to cirros@10.180.180.204 successfully created
2025-12-15 09:31:07.277 66122 INFO tempest.lib.common.rest_client [req-67195b74-084e-4047-9702-72e29851b9e2 req-67195b74-084e-4047-9702-72e29851b9e2 ] Request (AggregatesAdminNegativeTestJSON:tearDownClass): 204 DELETE http://10.180.1.21/identity/v3/users/4adf602084c64166aa98b68d6fa3fc73 0.148s
2025-12-15 09:31:07.278 66122 INFO tempest.lib.common.dynamic_creds [-] Deleting project and security group for project: 58569a771b7c48e58e43ba29611a1f31
2025-12-15 09:31:07.307 66114 INFO tempest.lib.common.rest_client [req-e32b1bc3-29ca-4d6c-bb0c-dfc437def580 req-e32b1bc3-29ca-4d6c-bb0c-dfc437def580 ] Request (ServersTestBootFromVolume:setUpClass): 200 GET http://10.180.1.21/volume/v3/volumes/2f4a07d4-eb08-4564-9ba8-4516b19abfea 0.041s
2025-12-15 09:31:07.318 66114 INFO tempest.common.waiters [-] volume 2f4a07d4-eb08-4564-9ba8-4516b19abfea reached available after waiting for 19.318751 seconds
2025-12-15 09:31:07.392 66122 INFO tempest.lib.common.rest_client [req-72b64f04-077e-486a-8c4d-1f2e58c37180 req-72b64f04-077e-486a-8c4d-1f2e58c37180 ] Request (AggregatesAdminNegativeTestJSON:tearDownClass): 201 POST http://10.180.1.21/identity/v3/auth/tokens 0.114s
2025-12-15 09:31:07.439 66130 INFO tempest.lib.common.rest_client [req-f5304afe-c7e7-4072-89bf-3678c450555c req-f5304afe-c7e7-4072-89bf-3678c450555c ] Request (ServerActionsTestOtherA:setUpClass): 201 POST http://10.180.1.21/networking/v2.0/security-group-rules 0.671s
2025-12-15 09:31:07.519 66156 INFO tempest.lib.common.rest_client [req-d2143a5f-20f7-489a-81b1-9fe102e246bf req-d2143a5f-20f7-489a-81b1-9fe102e246bf ] Request (SecurityGroupRulesNegativeTestJSON:tearDownClass): 204 DELETE http://10.180.1.21/networking/v2.0/security-groups/e03012e8-69bb-4dba-8274-4791c18b66c6 0.717s
2025-12-15 09:31:07.531 66154 INFO tempest.lib.common.rest_client [req-5918182b-ad2a-4a0f-9a35-1d4bab627717 req-5918182b-ad2a-4a0f-9a35-1d4bab627717 ] Request (FloatingIPsAssociationNegativeTestJSON:tearDownClass): 204 DELETE http://10.180.1.21/networking/v2.0/routers/b0dc8b0c-0464-4f5f-be88-f115a7e74691 0.884s
2025-12-15 09:31:07.580 66138 WARNING tempest.lib.common.ssh [-] Failed to establish authenticated ssh connection to cirros@10.180.180.185 ([Errno None] Unable to connect to port 22 on 10.180.180.185). Number attempts: 8. Retry after 9 seconds.: paramiko.ssh_exception.NoValidConnectionsError: [Errno None] Unable to connect to port 22 on 10.180.180.185
2025-12-15 09:31:07.591 66156 INFO tempest.lib.common.rest_client [req-c0975093-d563-45e0-841b-96a3f1263945 req-c0975093-d563-45e0-841b-96a3f1263945 ] Request (SecurityGroupRulesNegativeTestJSON:tearDownClass): 204 DELETE http://10.180.1.21/identity/v3/projects/bcbf4535ce7a41a792ccba1a801e5fb2 0.071s
2025-12-15 09:31:07.627 66112 INFO tempest.lib.common.rest_client [req-b02c8fda-c690-42dd-8de0-e45e9d46350f req-b02c8fda-c690-42dd-8de0-e45e9d46350f ] Request (QuotasAdminTestJSON:tearDownClass): 204 DELETE http://10.180.1.21/networking/v2.0/security-groups/1c7529ff-e439-46b0-b4bc-9fef77b97c22 0.420s
2025-12-15 09:31:07.680 66156 INFO tempest.lib.common.rest_client [req-976ff7ed-e8e1-4380-8034-a98e17656f75 req-976ff7ed-e8e1-4380-8034-a98e17656f75 ] Request (ListServersNegativeTestJSON:setUpClass): 201 POST http://10.180.1.21/identity/v3/auth/tokens 0.086s
2025-12-15 09:31:07.762 66112 INFO tempest.lib.common.rest_client [req-c7bb084e-d4b8-4c6d-bf93-82a5447728cf req-c7bb084e-d4b8-4c6d-bf93-82a5447728cf ] Request (QuotasAdminTestJSON:tearDownClass): 204 DELETE http://10.180.1.21/identity/v3/projects/d9c4d61eaf4343a7b2f6e0e00148f0c0 0.135s
2025-12-15 09:31:07.762 66112 INFO tempest.lib.common.dynamic_creds [-] Deleting project and security group for project: 38c15572e8924181a1abd5ebde7fd73f
2025-12-15 09:31:07.799 66130 INFO tempest.lib.common.rest_client [req-4e205794-14fc-424d-a809-ab61ee054fc4 req-4e205794-14fc-424d-a809-ab61ee054fc4 ] Request (ServerActionsTestOtherA:setUpClass): 201 POST http://10.180.1.21/networking/v2.0/security-group-rules 0.359s
2025-12-15 09:31:07.827 66120 INFO tempest.lib.common.rest_client [req-9722e203-4fe0-4ba0-a3f2-b14f84076b4e req-9722e203-4fe0-4ba0-a3f2-b14f84076b4e ] Request (ServerActionsTestOtherB:test_create_backup): 200 GET http://10.180.1.21/image/v2/images/7281dbc3-bc86-4640-9ceb-0560e410a3f5 0.022s
2025-12-15 09:31:07.843 66156 INFO tempest.lib.common.rest_client [req-8d622be2-32fb-48a9-bc08-22d826abe652 req-8d622be2-32fb-48a9-bc08-22d826abe652 ] Request (ListServersNegativeTestJSON:setUpClass): 201 POST http://10.180.1.21/identity/v3/auth/tokens 0.160s
2025-12-15 09:31:07.875 66156 INFO tempest.lib.common.rest_client [req-afa5450c-acdb-42d6-807d-e4e59f4305d3 req-afa5450c-acdb-42d6-807d-e4e59f4305d3 ] Request (ListServersNegativeTestJSON:setUpClass): 200 GET http://10.180.1.21/identity/v3/domains?name=Default 0.031s
2025-12-15 09:31:07.908 66156 INFO tempest.lib.common.rest_client [req-6f14ec68-3d16-43e3-ac1a-68588b813664 req-6f14ec68-3d16-43e3-ac1a-68588b813664 ] Request (ListServersNegativeTestJSON:setUpClass): 201 POST http://10.180.1.21/identity/v3/projects 0.032s
2025-12-15 09:31:07.949 66154 INFO tempest.lib.common.rest_client [req-1e9bf623-7652-4bfd-92a0-552d21c663e1 req-1e9bf623-7652-4bfd-92a0-552d21c663e1 ] Request (FloatingIPsAssociationNegativeTestJSON:tearDownClass): 204 DELETE http://10.180.1.21/networking/v2.0/subnets/2cce4420-3a0b-4b00-a5e6-c5a1023e0458 0.418s
2025-12-15 09:31:07.983 66122 INFO tempest.lib.common.rest_client [req-18cd37b0-4d23-4241-b126-d11503f44ac6 req-18cd37b0-4d23-4241-b126-d11503f44ac6 ] Request (AggregatesAdminNegativeTestJSON:tearDownClass): 200 GET http://10.180.1.21/networking/v2.0/security-groups?tenant_id=58569a771b7c48e58e43ba29611a1f31&name=default 0.590s
2025-12-15 09:31:08.009 66156 INFO tempest.lib.common.rest_client [req-479b62e8-e673-4f79-9923-e10af89a98d4 req-479b62e8-e673-4f79-9923-e10af89a98d4 ] Request (ListServersNegativeTestJSON:setUpClass): 201 POST http://10.180.1.21/identity/v3/users 0.101s
2025-12-15 09:31:08.052 66156 INFO tempest.lib.common.rest_client [req-a8dcf68e-108c-4f3d-98c7-66fbd3a82080 req-a8dcf68e-108c-4f3d-98c7-66fbd3a82080 ] Request (ListServersNegativeTestJSON:setUpClass): 200 GET http://10.180.1.21/identity/v3/roles 0.042s
2025-12-15 09:31:08.097 66156 INFO tempest.lib.common.rest_client [req-210c2729-18f0-4a37-ac24-30ecca678ba4 req-210c2729-18f0-4a37-ac24-30ecca678ba4 ] Request (ListServersNegativeTestJSON:setUpClass): 204 PUT http://10.180.1.21/identity/v3/projects/ab838ab7383946089d3f4d99d05ff19d/users/6ea4ba0c8816457bb55c31fe5cb6b348/roles/e50453b17db44665881793a6edfba8f3 0.044s
2025-12-15 09:31:08.097 66156 INFO tempest.lib.common.dynamic_creds [-] Dynamic test user 6ea4ba0c8816457bb55c31fe5cb6b348 is created with scope project and roles: ['member']
2025-12-15 09:31:08.097 66156 INFO tempest.lib.common.dynamic_creds [-] Acquired dynamic creds: credentials: Credentials: {'domain_id': 'default', 'domain_name': 'Default', 'username': 'tempest-ListServersNegativeTestJSON-671060769-project-member', 'project_domain_id': 'default', 'project_domain_name': 'Default', 'project_id': 'ab838ab7383946089d3f4d99d05ff19d', 'project_name': 'tempest-ListServersNegativeTestJSON-671060769', 'tenant_id': 'ab838ab7383946089d3f4d99d05ff19d', 'tenant_name': 'tempest-ListServersNegativeTestJSON-671060769', 'user_domain_id': 'default', 'user_domain_name': 'Default', 'user_id': '6ea4ba0c8816457bb55c31fe5cb6b348', 'system': None}, Network: None, Subnet: None, Router: None
2025-12-15 09:31:08.172 66156 INFO tempest.lib.common.rest_client [req-802f78cb-9c87-4679-bc2f-7ab472a37f0a req-802f78cb-9c87-4679-bc2f-7ab472a37f0a ] Request (ListServersNegativeTestJSON:setUpClass): 201 POST http://10.180.1.21/identity/v3/auth/tokens 0.074s
2025-12-15 09:31:08.231 66112 INFO tempest.lib.common.rest_client [req-e6dc2d1a-b4f8-4d08-87dd-ab52092e3073 req-e6dc2d1a-b4f8-4d08-87dd-ab52092e3073 ] Request (QuotasAdminTestJSON:tearDownClass): 200 GET http://10.180.1.21/networking/v2.0/security-groups?tenant_id=38c15572e8924181a1abd5ebde7fd73f&name=default 0.468s
2025-12-15 09:31:08.544 66130 INFO tempest.lib.common.rest_client [req-98b707cb-812f-48b9-bd1d-200cd99633cb req-98b707cb-812f-48b9-bd1d-200cd99633cb ] Request (ServerActionsTestOtherA:setUpClass): 201 POST http://10.180.1.21/networking/v2.0/floatingips 0.744s
2025-12-15 09:31:08.545 66154 INFO tempest.lib.common.rest_client [req-44592713-122f-4cf3-8d4c-7f9665223b27 req-44592713-122f-4cf3-8d4c-7f9665223b27 ] Request (FloatingIPsAssociationNegativeTestJSON:tearDownClass): 204 DELETE http://10.180.1.21/networking/v2.0/networks/0e252c25-d431-4b95-bb58-471b1c25da0a 0.595s
2025-12-15 09:31:08.626 66130 INFO tempest.lib.common.rest_client [req-ae679260-b6fb-48be-b795-b0e33f11e56f req-ae679260-b6fb-48be-b795-b0e33f11e56f ] Request (ServerActionsTestOtherA:setUpClass): 201 POST http://10.180.1.21/identity/v3/auth/tokens 0.079s
2025-12-15 09:31:08.627 66130 INFO tempest.lib.common.fixed_network [-] (ServerActionsTestOtherA:setUpClass) Found network {'id': '697c657d-b377-40e0-87e8-379b493b759b', 'name': 'tempest-ServerActionsTestOtherA-416790844-network', 'tenant_id': '69ac4a3f1d54488785ee44e079e28fbd', 'project_id': '69ac4a3f1d54488785ee44e079e28fbd', 'admin_state_up': True, 'mtu': 8950, 'status': 'ACTIVE', 'subnets': [], 'shared': False, 'port_security_enabled': True, 'router:external': False, 'provider:network_type': 'vlan', 'provider:physical_network': 'default', 'provider:segmentation_id': 817, 'availability_zone_hints': [], 'availability_zones': [], 'ipv4_address_scope': None, 'ipv6_address_scope': None, 'description': '', 'tags': [], 'created_at': '2025-12-15T09:31:00Z', 'updated_at': '2025-12-15T09:31:00Z', 'revision_number': 1} available for tenant
2025-12-15 09:31:08.640 66154 INFO tempest.lib.common.rest_client [req-ecc19ab8-9d91-49b7-964f-40a4a0a278ac req-ecc19ab8-9d91-49b7-964f-40a4a0a278ac ] Request (FloatingIPsAssociationNegativeTestJSON:tearDownClass): 204 DELETE http://10.180.1.21/identity/v3/users/3484c7c487e446eeaca5a81353d53cdb 0.094s
2025-12-15 09:31:08.640 66154 INFO tempest.lib.common.dynamic_creds [-] Deleting project and security group for project: 151b9a0fae31444b923ec382a2da4264
2025-12-15 09:31:08.640 66122 INFO tempest.lib.common.rest_client [req-033dc6b4-2d99-44f3-9d62-ca2936764c66 req-033dc6b4-2d99-44f3-9d62-ca2936764c66 ] Request (AggregatesAdminNegativeTestJSON:tearDownClass): 204 DELETE http://10.180.1.21/networking/v2.0/security-groups/753c34c0-757e-4ed3-a618-b61834cbe3df 0.657s
2025-12-15 09:31:08.762 66122 INFO tempest.lib.common.rest_client [req-53163742-7696-4158-ae9f-2227e6c4e6ad req-53163742-7696-4158-ae9f-2227e6c4e6ad ] Request (AggregatesAdminNegativeTestJSON:tearDownClass): 204 DELETE http://10.180.1.21/identity/v3/projects/58569a771b7c48e58e43ba29611a1f31 0.121s
2025-12-15 09:31:08.762 66122 INFO tempest.lib.common.dynamic_creds [-] Deleting project and security group for project: be2c5310994d4a688ad3210f0aa86d1a
2025-12-15 09:31:08.848 66120 INFO tempest.lib.common.rest_client [req-d22382c0-4387-4d5a-9f43-60d12d651381 req-d22382c0-4387-4d5a-9f43-60d12d651381 ] Request (ServerActionsTestOtherB:test_create_backup): 200 GET http://10.180.1.21/image/v2/images/7281dbc3-bc86-4640-9ceb-0560e410a3f5 0.020s
2025-12-15 09:31:08.929 66156 INFO tempest.lib.common.rest_client [req-ea675455-00d4-42b9-8d68-b07a4d78d0da req-ea675455-00d4-42b9-8d68-b07a4d78d0da ] Request (ListServersNegativeTestJSON:setUpClass): 201 POST http://10.180.1.21/networking/v2.0/networks 0.756s
2025-12-15 09:31:08.939 66134 INFO tempest.lib.common.rest_client [req-40d94cac-d970-48eb-a4c3-d4ddcd27f9be req-40d94cac-d970-48eb-a4c3-d4ddcd27f9be ] Request (ServerRescueTestJSONUnderV235:_run_cleanups): 202 DELETE http://10.180.1.21/compute/v2.1/os-floating-ips/82837be7-328e-4f8e-ab34-88cfc3cfd9b1 5.247s
2025-12-15 09:31:09.114 66112 INFO tempest.lib.common.rest_client [req-dcae152e-eaae-4b3c-a65c-ccff21bd8fed req-dcae152e-eaae-4b3c-a65c-ccff21bd8fed ] Request (QuotasAdminTestJSON:tearDownClass): 204 DELETE http://10.180.1.21/networking/v2.0/security-groups/ae773163-63db-424e-93ca-6f94d5458b6b 0.882s
2025-12-15 09:31:09.239 66154 INFO tempest.lib.common.rest_client [req-f85ae11f-185f-49cb-a04f-d949a07d790b req-f85ae11f-185f-49cb-a04f-d949a07d790b ] Request (FloatingIPsAssociationNegativeTestJSON:tearDownClass): 200 GET http://10.180.1.21/networking/v2.0/security-groups?tenant_id=151b9a0fae31444b923ec382a2da4264&name=default 0.598s
2025-12-15 09:31:09.246 66112 INFO tempest.lib.common.rest_client [req-3e2443d1-7eda-4b1a-99fb-c9eb81c56866 req-3e2443d1-7eda-4b1a-99fb-c9eb81c56866 ] Request (QuotasAdminTestJSON:tearDownClass): 204 DELETE http://10.180.1.21/identity/v3/projects/38c15572e8924181a1abd5ebde7fd73f 0.131s
2025-12-15 09:31:09.247 66112 INFO tempest.test [-] raised in UpdateMultiattachVolumeNegativeTest.setUpClass. Invoking tearDownClass.
2025-12-15 09:31:09.277 66164 INFO tempest.lib.common.rest_client [req-6ce68101-0e37-46ce-ab0b-d6a50caaf095 req-6ce68101-0e37-46ce-ab0b-d6a50caaf095 ] Request (ListImageFiltersTestJSON:setUpClass): 202 POST http://10.180.1.21/compute/v2.1/servers 5.129s
2025-12-15 09:31:09.304 66132 INFO tempest.lib.common.rest_client [req-f005a46f-5eec-4011-a8d0-b86ac12f9e72 req-f005a46f-5eec-4011-a8d0-b86ac12f9e72 ] Request (ImagesOneServerTestJSON:tearDownClass): 404 GET http://10.180.1.21/compute/v2.1/servers/f5ba6c1e-96a1-438e-bf9c-340a2aa892b1 4.973s
2025-12-15 09:31:09.329 66112 INFO tempest.lib.common.rest_client [req-12b77d02-6c8c-4f84-ae8e-0fb021c2d9cf req-12b77d02-6c8c-4f84-ae8e-0fb021c2d9cf ] Request (ServerActionsTestJSON:setUpClass): 201 POST http://10.180.1.21/identity/v3/auth/tokens 0.079s
2025-12-15 09:31:09.361 66122 INFO tempest.lib.common.rest_client [req-2811ea66-428f-4318-a7e8-e16cbf218d67 req-2811ea66-428f-4318-a7e8-e16cbf218d67 ] Request (AggregatesAdminNegativeTestJSON:tearDownClass): 200 GET http://10.180.1.21/networking/v2.0/security-groups?tenant_id=be2c5310994d4a688ad3210f0aa86d1a&name=default 0.599s
2025-12-15 09:31:09.364 66112 INFO tempest.lib.common.rest_client [req-b22a6c5a-53b2-4450-9bae-2a5a0c0a744e req-b22a6c5a-53b2-4450-9bae-2a5a0c0a744e ] Request (ServerActionsTestJSON:setUpClass): 201 POST http://10.180.1.21/identity/v3/auth/tokens 0.031s
2025-12-15 09:31:09.389 66112 INFO tempest.lib.common.rest_client [req-a83595cb-1d8e-4bb9-bfd2-3c2bbee80c46 req-a83595cb-1d8e-4bb9-bfd2-3c2bbee80c46 ] Request (ServerActionsTestJSON:setUpClass): 200 GET http://10.180.1.21/identity/v3/domains?name=Default 0.024s
2025-12-15 09:31:09.390 66146 INFO tempest.lib.common.rest_client [req-60be2b4b-216f-496c-920f-e8854c5e52f5 req-60be2b4b-216f-496c-920f-e8854c5e52f5 ] Request (ServersAdmin275Test:tearDownClass): 200 GET http://10.180.1.21/compute/v2.1/servers/427d0c3f-fbcb-4b25-855a-9a9829d39e35 5.133s
2025-12-15 09:31:09.455 66112 INFO tempest.lib.common.rest_client [req-53a5c404-0f17-47c2-9da8-19821c272263 req-53a5c404-0f17-47c2-9da8-19821c272263 ] Request (ServerActionsTestJSON:setUpClass): 201 POST http://10.180.1.21/identity/v3/projects 0.066s
2025-12-15 09:31:09.479 66156 INFO tempest.lib.common.rest_client [req-52f1d8c5-d132-4018-a8f4-e6061382e573 req-52f1d8c5-d132-4018-a8f4-e6061382e573 ] Request (ListServersNegativeTestJSON:setUpClass): 201 POST http://10.180.1.21/networking/v2.0/subnets 0.548s
2025-12-15 09:31:09.486 66154 INFO tempest.lib.common.rest_client [req-c2dce24f-04bc-4a5f-abc8-4704f7e83ff6 req-c2dce24f-04bc-4a5f-abc8-4704f7e83ff6 ] Request (FloatingIPsAssociationNegativeTestJSON:tearDownClass): 204 DELETE http://10.180.1.21/networking/v2.0/security-groups/9dfcd550-672f-461d-9682-b9678535e4a8 0.247s
2025-12-15 09:31:09.527 66112 INFO tempest.lib.common.rest_client [req-69c6f9ee-b7da-4a99-8533-171d0482d617 req-69c6f9ee-b7da-4a99-8533-171d0482d617 ] Request (ServerActionsTestJSON:setUpClass): 201 POST http://10.180.1.21/identity/v3/users 0.072s
2025-12-15 09:31:09.557 66112 INFO tempest.lib.common.rest_client [req-4a3feed1-4818-4eb8-a0f6-1759fe1af979 req-4a3feed1-4818-4eb8-a0f6-1759fe1af979 ] Request (ServerActionsTestJSON:setUpClass): 200 GET http://10.180.1.21/identity/v3/roles 0.029s
2025-12-15 09:31:09.590 66112 INFO tempest.lib.common.rest_client [req-3740bb11-6ec8-4f68-be20-93760fddbcc1 req-3740bb11-6ec8-4f68-be20-93760fddbcc1 ] Request (ServerActionsTestJSON:setUpClass): 204 PUT http://10.180.1.21/identity/v3/projects/8cffe172625b419ca9454d5db1a4e305/users/1313c3535c9f4a5a8c1b7c6df4df198b/roles/e50453b17db44665881793a6edfba8f3 0.032s
2025-12-15 09:31:09.590 66112 INFO tempest.lib.common.dynamic_creds [-] Dynamic test user 1313c3535c9f4a5a8c1b7c6df4df198b is created with scope project and roles: ['member']
2025-12-15 09:31:09.590 66112 INFO tempest.lib.common.dynamic_creds [-] Acquired dynamic creds: credentials: Credentials: {'domain_id': 'default', 'domain_name': 'Default', 'username': 'tempest-ServerActionsTestJSON-1145467507-project-member', 'project_domain_id': 'default', 'project_domain_name': 'Default', 'project_id': '8cffe172625b419ca9454d5db1a4e305', 'project_name': 'tempest-ServerActionsTestJSON-1145467507', 'tenant_id': '8cffe172625b419ca9454d5db1a4e305', 'tenant_name': 'tempest-ServerActionsTestJSON-1145467507', 'user_domain_id': 'default', 'user_domain_name': 'Default', 'user_id': '1313c3535c9f4a5a8c1b7c6df4df198b', 'system': None}, Network: None, Subnet: None, Router: None
2025-12-15 09:31:09.620 66154 INFO tempest.lib.common.rest_client [req-30ebf616-8849-4d92-b8aa-7e3df190b5bb req-30ebf616-8849-4d92-b8aa-7e3df190b5bb ] Request (FloatingIPsAssociationNegativeTestJSON:tearDownClass): 204 DELETE http://10.180.1.21/identity/v3/projects/151b9a0fae31444b923ec382a2da4264 0.133s
2025-12-15 09:31:09.661 66112 INFO tempest.lib.common.rest_client [req-e2433db7-822c-4e0e-adf9-cb858b02ce4d req-e2433db7-822c-4e0e-adf9-cb858b02ce4d ] Request (ServerActionsTestJSON:setUpClass): 201 POST http://10.180.1.21/identity/v3/auth/tokens 0.069s
2025-12-15 09:31:09.677 66154 INFO tempest.lib.common.rest_client [req-1b77b0c5-7865-4229-ad94-01afdda16fdd req-1b77b0c5-7865-4229-ad94-01afdda16fdd ] Request (ImagesMetadataTestJSON:setUpClass): 201 POST http://10.180.1.21/identity/v3/auth/tokens 0.056s
2025-12-15 09:31:09.710 66122 INFO tempest.lib.common.rest_client [req-c2eaabd1-6efa-413c-8de5-ce5922bf88d3 req-c2eaabd1-6efa-413c-8de5-ce5922bf88d3 ] Request (AggregatesAdminNegativeTestJSON:tearDownClass): 204 DELETE http://10.180.1.21/networking/v2.0/security-groups/61a6c6ba-9c3b-42fa-9044-0842160a62e2 0.349s
2025-12-15 09:31:09.711 66154 INFO tempest.lib.common.rest_client [req-1d3a50d0-58d8-4268-9d76-89e369e1bfe9 req-1d3a50d0-58d8-4268-9d76-89e369e1bfe9 ] Request (ImagesMetadataTestJSON:setUpClass): 201 POST http://10.180.1.21/identity/v3/auth/tokens 0.031s
2025-12-15 09:31:09.739 66154 INFO tempest.lib.common.rest_client [req-8470e1ad-a6e2-488d-9749-8b118361de8f req-8470e1ad-a6e2-488d-9749-8b118361de8f ] Request (ImagesMetadataTestJSON:setUpClass): 200 GET http://10.180.1.21/identity/v3/domains?name=Default 0.027s
2025-12-15 09:31:09.772 66154 INFO tempest.lib.common.rest_client [req-f3adc503-7b23-4805-befc-86ec4e82c8ec req-f3adc503-7b23-4805-befc-86ec4e82c8ec ] Request (ImagesMetadataTestJSON:setUpClass): 201 POST http://10.180.1.21/identity/v3/projects 0.032s
2025-12-15 09:31:09.782 66128 INFO tempest.lib.common.rest_client [req-6c0d0525-de09-4bf7-96b9-bb1105cec4f3 req-6c0d0525-de09-4bf7-96b9-bb1105cec4f3 ] Request (ServerAddressesNegativeTestJSON:tearDownClass): 200 GET http://10.180.1.21/compute/v2.1/servers/41e0f7ef-015f-49e0-90ba-d02883a4897f 4.744s
2025-12-15 09:31:09.784 66122 INFO tempest.lib.common.rest_client [req-315db16f-3e5c-446d-a1bb-7fa824a64213 req-315db16f-3e5c-446d-a1bb-7fa824a64213 ] Request (AggregatesAdminNegativeTestJSON:tearDownClass): 204 DELETE http://10.180.1.21/identity/v3/projects/be2c5310994d4a688ad3210f0aa86d1a 0.073s
2025-12-15 09:31:09.844 66154 INFO tempest.lib.common.rest_client [req-3d6e4d4f-5ace-4315-8569-869c73c62297 req-3d6e4d4f-5ace-4315-8569-869c73c62297 ] Request (ImagesMetadataTestJSON:setUpClass): 201 POST http://10.180.1.21/identity/v3/users 0.071s
2025-12-15 09:31:09.866 66122 INFO tempest.lib.common.rest_client [req-d0279f23-0289-46a3-a167-b2a3b81b3908 req-d0279f23-0289-46a3-a167-b2a3b81b3908 ] Request (KeyPairsV210TestJSON:setUpClass): 201 POST http://10.180.1.21/identity/v3/auth/tokens 0.081s
2025-12-15 09:31:09.875 66120 INFO tempest.lib.common.rest_client [req-623d9dd8-0598-4703-bbe2-08a2e7c402b8 req-623d9dd8-0598-4703-bbe2-08a2e7c402b8 ] Request (ServerActionsTestOtherB:test_create_backup): 200 GET http://10.180.1.21/image/v2/images/7281dbc3-bc86-4640-9ceb-0560e410a3f5 0.025s
2025-12-15 09:31:09.888 66154 INFO tempest.lib.common.rest_client [req-4ba519e4-d26f-4a1d-ae4a-9292688bba1a req-4ba519e4-d26f-4a1d-ae4a-9292688bba1a ] Request (ImagesMetadataTestJSON:setUpClass): 200 GET http://10.180.1.21/identity/v3/roles 0.044s
2025-12-15 09:31:09.909 66122 INFO tempest.lib.common.rest_client [req-f41dff68-d0aa-4e46-8662-2bd9f697d8a5 req-f41dff68-d0aa-4e46-8662-2bd9f697d8a5 ] Request (KeyPairsV210TestJSON:setUpClass): 201 POST http://10.180.1.21/identity/v3/auth/tokens 0.038s
2025-12-15 09:31:09.917 66154 INFO tempest.lib.common.rest_client [req-6da079ca-6a39-4b29-bdf6-fe367231cf57 req-6da079ca-6a39-4b29-bdf6-fe367231cf57 ] Request (ImagesMetadataTestJSON:setUpClass): 204 PUT http://10.180.1.21/identity/v3/projects/e2551f80120745f6bef61fc22ae1b3ab/users/b4534f1908d44c5da03ae3294ae9ebb1/roles/e50453b17db44665881793a6edfba8f3 0.028s
2025-12-15 09:31:09.917 66154 INFO tempest.lib.common.dynamic_creds [-] Dynamic test user b4534f1908d44c5da03ae3294ae9ebb1 is created with scope project and roles: ['member']
2025-12-15 09:31:09.917 66154 INFO tempest.lib.common.dynamic_creds [-] Acquired dynamic creds: credentials: Credentials: {'domain_id': 'default', 'domain_name': 'Default', 'username': 'tempest-ImagesMetadataTestJSON-1475868950-project-member', 'project_domain_id': 'default', 'project_domain_name': 'Default', 'project_id': 'e2551f80120745f6bef61fc22ae1b3ab', 'project_name': 'tempest-ImagesMetadataTestJSON-1475868950', 'tenant_id': 'e2551f80120745f6bef61fc22ae1b3ab', 'tenant_name': 'tempest-ImagesMetadataTestJSON-1475868950', 'user_domain_id': 'default', 'user_domain_name': 'Default', 'user_id': 'b4534f1908d44c5da03ae3294ae9ebb1', 'system': None}, Network: None, Subnet: None, Router: None
2025-12-15 09:31:09.917 66154 INFO tempest.lib.common.dynamic_creds [-] Created isolated network resources for: credentials: Credentials: {'domain_id': 'default', 'domain_name': 'Default', 'username': 'tempest-ImagesMetadataTestJSON-1475868950-project-member', 'project_domain_id': 'default', 'project_domain_name': 'Default', 'project_id': 'e2551f80120745f6bef61fc22ae1b3ab', 'project_name': 'tempest-ImagesMetadataTestJSON-1475868950', 'tenant_id': 'e2551f80120745f6bef61fc22ae1b3ab', 'tenant_name': 'tempest-ImagesMetadataTestJSON-1475868950', 'user_domain_id': 'default', 'user_domain_name': 'Default', 'user_id': 'b4534f1908d44c5da03ae3294ae9ebb1', 'system': None}, Network: None, Subnet: None, Router: None
2025-12-15 09:31:09.979 66122 INFO tempest.lib.common.rest_client [req-71ec07fa-57d1-4e4c-a475-15889f0b10e0 req-71ec07fa-57d1-4e4c-a475-15889f0b10e0 ] Request (KeyPairsV210TestJSON:setUpClass): 200 GET http://10.180.1.21/identity/v3/domains?name=Default 0.069s
2025-12-15 09:31:10.020 66154 INFO tempest.lib.common.rest_client [req-0c9bbd06-fc7f-4e54-a62c-597df1a6bf3d req-0c9bbd06-fc7f-4e54-a62c-597df1a6bf3d ] Request (ImagesMetadataTestJSON:setUpClass): 201 POST http://10.180.1.21/identity/v3/auth/tokens 0.099s
2025-12-15 09:31:10.040 66122 INFO tempest.lib.common.rest_client [req-731c76b6-73c1-4905-bdcb-44ca8d7e6d97 req-731c76b6-73c1-4905-bdcb-44ca8d7e6d97 ] Request (KeyPairsV210TestJSON:setUpClass): 201 POST http://10.180.1.21/identity/v3/projects 0.060s
2025-12-15 09:31:10.126 66122 INFO tempest.lib.common.rest_client [req-85067b79-c305-4629-b815-9a74b103792f req-85067b79-c305-4629-b815-9a74b103792f ] Request (KeyPairsV210TestJSON:setUpClass): 201 POST http://10.180.1.21/identity/v3/users 0.085s
2025-12-15 09:31:10.147 66122 INFO tempest.lib.common.rest_client [req-d087dc44-2306-471c-a7ad-6b70abb9ca0a req-d087dc44-2306-471c-a7ad-6b70abb9ca0a ] Request (KeyPairsV210TestJSON:setUpClass): 200 GET http://10.180.1.21/identity/v3/roles 0.020s
2025-12-15 09:31:10.177 66122 INFO tempest.lib.common.rest_client [req-47e3e7a8-c59c-42fa-85b8-36f7542421d0 req-47e3e7a8-c59c-42fa-85b8-36f7542421d0 ] Request (KeyPairsV210TestJSON:setUpClass): 204 PUT http://10.180.1.21/identity/v3/projects/fe666a5f61794fb288d9ed9397dffdb2/users/90ab8c65c36044cd83cfd66f44068779/roles/e50453b17db44665881793a6edfba8f3 0.030s
2025-12-15 09:31:10.178 66122 INFO tempest.lib.common.dynamic_creds [-] Dynamic test user 90ab8c65c36044cd83cfd66f44068779 is created with scope project and roles: ['member']
2025-12-15 09:31:10.178 66122 INFO tempest.lib.common.dynamic_creds [-] Acquired dynamic creds: credentials: Credentials: {'domain_id': 'default', 'domain_name': 'Default', 'username': 'tempest-KeyPairsV210TestJSON-653305457-project-member', 'project_domain_id': 'default', 'project_domain_name': 'Default', 'project_id': 'fe666a5f61794fb288d9ed9397dffdb2', 'project_name': 'tempest-KeyPairsV210TestJSON-653305457', 'tenant_id': 'fe666a5f61794fb288d9ed9397dffdb2', 'tenant_name': 'tempest-KeyPairsV210TestJSON-653305457', 'user_domain_id': 'default', 'user_domain_name': 'Default', 'user_id': '90ab8c65c36044cd83cfd66f44068779', 'system': None}, Network: None, Subnet: None, Router: None
2025-12-15 09:31:10.178 66122 INFO tempest.lib.common.dynamic_creds [-] Created isolated network resources for: credentials: Credentials: {'domain_id': 'default', 'domain_name': 'Default', 'username': 'tempest-KeyPairsV210TestJSON-653305457-project-member', 'project_domain_id': 'default', 'project_domain_name': 'Default', 'project_id': 'fe666a5f61794fb288d9ed9397dffdb2', 'project_name': 'tempest-KeyPairsV210TestJSON-653305457', 'tenant_id': 'fe666a5f61794fb288d9ed9397dffdb2', 'tenant_name': 'tempest-KeyPairsV210TestJSON-653305457', 'user_domain_id': 'default', 'user_domain_name': 'Default', 'user_id': '90ab8c65c36044cd83cfd66f44068779', 'system': None}, Network: None, Subnet: None, Router: None
2025-12-15 09:31:10.255 66122 INFO tempest.lib.common.rest_client [req-32c95c09-22df-4d04-a4eb-fc8a70769284 req-32c95c09-22df-4d04-a4eb-fc8a70769284 ] Request (KeyPairsV210TestJSON:setUpClass): 201 POST http://10.180.1.21/identity/v3/auth/tokens 0.074s
2025-12-15 09:31:10.323 66122 INFO tempest.lib.common.rest_client [req-631d7f15-18aa-4c77-bf70-cb26c8d1a8c7 req-631d7f15-18aa-4c77-bf70-cb26c8d1a8c7 ] Request (KeyPairsV210TestJSON:setUpClass): 201 POST http://10.180.1.21/identity/v3/projects 0.068s
2025-12-15 09:31:10.389 66122 INFO tempest.lib.common.rest_client [req-77e43ef3-4bab-4bb8-b4c3-b2cb3d56c393 req-77e43ef3-4bab-4bb8-b4c3-b2cb3d56c393 ] Request (KeyPairsV210TestJSON:setUpClass): 201 POST http://10.180.1.21/identity/v3/users 0.065s
2025-12-15 09:31:10.412 66122 INFO tempest.lib.common.rest_client [req-fc65d304-0b46-4af6-842d-e6947ec47b8b req-fc65d304-0b46-4af6-842d-e6947ec47b8b ] Request (KeyPairsV210TestJSON:setUpClass): 200 GET http://10.180.1.21/identity/v3/roles 0.022s
2025-12-15 09:31:10.440 66122 INFO tempest.lib.common.rest_client [req-39946b20-dd05-46af-a57a-2c877c95f2c8 req-39946b20-dd05-46af-a57a-2c877c95f2c8 ] Request (KeyPairsV210TestJSON:setUpClass): 204 PUT http://10.180.1.21/identity/v3/projects/ea977569c8fb46d8b23f4edc099cb445/users/a39427a59d8647e59de0f1bbb7c99681/roles/45b237b3279b40cdbdb2c627ca7eb425 0.027s
2025-12-15 09:31:10.471 66132 INFO tempest.lib.common.rest_client [req-ea90abb3-f82b-4722-a048-4eda7f9127ba req-ea90abb3-f82b-4722-a048-4eda7f9127ba ] Request (ImagesOneServerTestJSON:tearDownClass): 200 PUT http://10.180.1.21/networking/v2.0/routers/8547aa0a-1837-4306-b5b1-ea2792364264/remove_router_interface 1.166s
2025-12-15 09:31:10.502 66122 INFO tempest.lib.common.rest_client [req-34f65d06-057e-435e-99f3-860e596e09cb req-34f65d06-057e-435e-99f3-860e596e09cb ] Request (KeyPairsV210TestJSON:setUpClass): 200 GET http://10.180.1.21/identity/v3/roles 0.062s
2025-12-15 09:31:10.520 66168 INFO tempest.lib.common.rest_client [req-e7639f1a-a780-44b6-b695-d17bc7c8e3e5 req-e7639f1a-a780-44b6-b695-d17bc7c8e3e5 ] Request (ServersTestJSON:setUpClass): 200 GET http://10.180.1.21/compute/v2.1/servers/46462324-6b51-4692-9881-9735e448b49a 5.581s
2025-12-15 09:31:10.530 66122 INFO tempest.lib.common.rest_client [req-965bd959-f1ed-4946-b5ce-4bfebea11d9f req-965bd959-f1ed-4946-b5ce-4bfebea11d9f ] Request (KeyPairsV210TestJSON:setUpClass): 204 PUT http://10.180.1.21/identity/v3/projects/ea977569c8fb46d8b23f4edc099cb445/users/a39427a59d8647e59de0f1bbb7c99681/roles/45b237b3279b40cdbdb2c627ca7eb425 0.027s
2025-12-15 09:31:10.530 66122 INFO tempest.lib.common.dynamic_creds [-] Dynamic test user a39427a59d8647e59de0f1bbb7c99681 is created with scope project and roles: ['admin']
2025-12-15 09:31:10.530 66122 INFO tempest.lib.common.dynamic_creds [-] Acquired dynamic creds: credentials: Credentials: {'domain_id': 'default', 'domain_name': 'Default', 'username': 'tempest-KeyPairsV210TestJSON-2082391165-project-admin', 'project_domain_id': 'default', 'project_domain_name': 'Default', 'project_id': 'ea977569c8fb46d8b23f4edc099cb445', 'project_name': 'tempest-KeyPairsV210TestJSON-2082391165', 'tenant_id': 'ea977569c8fb46d8b23f4edc099cb445', 'tenant_name': 'tempest-KeyPairsV210TestJSON-2082391165', 'user_domain_id': 'default', 'user_domain_name': 'Default', 'user_id': 'a39427a59d8647e59de0f1bbb7c99681', 'system': None}, Network: None, Subnet: None, Router: None
2025-12-15 09:31:10.531 66122 INFO tempest.lib.common.dynamic_creds [-] Created isolated network resources for: credentials: Credentials: {'domain_id': 'default', 'domain_name': 'Default', 'username': 'tempest-KeyPairsV210TestJSON-2082391165-project-admin', 'project_domain_id': 'default', 'project_domain_name': 'Default', 'project_id': 'ea977569c8fb46d8b23f4edc099cb445', 'project_name': 'tempest-KeyPairsV210TestJSON-2082391165', 'tenant_id': 'ea977569c8fb46d8b23f4edc099cb445', 'tenant_name': 'tempest-KeyPairsV210TestJSON-2082391165', 'user_domain_id': 'default', 'user_domain_name': 'Default', 'user_id': 'a39427a59d8647e59de0f1bbb7c99681', 'system': None}, Network: None, Subnet: None, Router: None
2025-12-15 09:31:10.561 66154 INFO tempest.lib.common.rest_client [req-9f80c3b5-d923-499d-b645-e0d38fbd8901 req-9f80c3b5-d923-499d-b645-e0d38fbd8901 ] Request (ImagesMetadataTestJSON:setUpClass): 201 POST http://10.180.1.21/image/v2/images 0.540s
2025-12-15 09:31:10.636 66122 INFO tempest.lib.common.rest_client [req-b1fb5639-8628-413c-92f7-b64fea225968 req-b1fb5639-8628-413c-92f7-b64fea225968 ] Request (KeyPairsV210TestJSON:setUpClass): 201 POST http://10.180.1.21/identity/v3/auth/tokens 0.102s
2025-12-15 09:31:10.680 66156 INFO tempest.lib.common.rest_client [req-55ddbd25-a4f1-49ff-94c1-02d831fcb836 req-55ddbd25-a4f1-49ff-94c1-02d831fcb836 ] Request (ListServersNegativeTestJSON:setUpClass): 201 POST http://10.180.1.21/networking/v2.0/routers 1.200s
2025-12-15 09:31:10.759 66124 INFO tempest.lib.common.rest_client [req-9ddcbb7b-5ecf-45ae-aa6e-2643d32ed1ce req-9ddcbb7b-5ecf-45ae-aa6e-2643d32ed1ce ] Request (ServerMetadataTestJSON:tearDownClass): 200 GET http://10.180.1.21/compute/v2.1/servers/04d095ad-df2f-4984-9e24-f1872dda3848 5.555s
2025-12-15 09:31:10.903 66120 INFO tempest.lib.common.rest_client [req-3543a144-bb66-4e84-b753-21058be0e1fd req-3543a144-bb66-4e84-b753-21058be0e1fd ] Request (ServerActionsTestOtherB:test_create_backup): 200 GET http://10.180.1.21/image/v2/images/7281dbc3-bc86-4640-9ceb-0560e410a3f5 0.024s
2025-12-15 09:31:10.935 66112 INFO tempest.lib.common.rest_client [req-e0c0ff9b-4c1c-41e5-836f-5d289914c03a req-e0c0ff9b-4c1c-41e5-836f-5d289914c03a ] Request (ServerActionsTestJSON:setUpClass): 201 POST http://10.180.1.21/networking/v2.0/networks 1.273s
2025-12-15 09:31:10.963 66166 INFO tempest.lib.common.rest_client [req-2aed5720-2632-4f0e-b26e-c79677ab656d req-2aed5720-2632-4f0e-b26e-c79677ab656d ] Request (MultipleCreateTestJSON:tearDownClass): 200 GET http://10.180.1.21/compute/v2.1/servers/dccc5535-ae5b-4410-8a00-a8e8f082ee70 5.528s
2025-12-15 09:31:11.218 66140 INFO tempest.lib.common.rest_client [req-c28b3045-792b-40fa-b302-9a5e657cdc3e req-c28b3045-792b-40fa-b302-9a5e657cdc3e ] Request (HypervisorAdminNegativeTestJSON:test_get_hypervisor_uptime_with_non_admin_user): 200 GET http://10.180.1.21/compute/v2.1/os-hypervisors 5.495s
