2025-12-15 09:31:48.071 66154 INFO tempest.lib.common.dynamic_creds [-] Created isolated network resources for: credentials: Credentials: {'domain_id': 'default', 'domain_name': 'Default', 'username': 'tempest-ServersTestManualDisk-1821507592-project-member', 'project_domain_id': 'default', 'project_domain_name': 'Default', 'project_id': 'ec0b92a6e1e74b7bb0ed8f173ad3fc39', 'project_name': 'tempest-ServersTestManualDisk-1821507592', 'tenant_id': 'ec0b92a6e1e74b7bb0ed8f173ad3fc39', 'tenant_name': 'tempest-ServersTestManualDisk-1821507592', 'user_domain_id': 'default', 'user_domain_name': 'Default', 'user_id': '915532c848024799b1c1b8ffee3a6952', 'system': None}, Network: {'id': 'f4b91232-4c99-4871-b21f-293c1f44057c', 'name': 'tempest-ServersTestManualDisk-834465826-network', 'tenant_id': 'ec0b92a6e1e74b7bb0ed8f173ad3fc39', 'project_id': 'ec0b92a6e1e74b7bb0ed8f173ad3fc39', 'admin_state_up': True, 'mtu': 8950, 'status': 'ACTIVE', 'subnets': [], 'shared': False, 'port_security_enabled': True, 'router:external': False, 'provider:network_type': 'vlan', 'provider:physical_network': 'default', 'provider:segmentation_id': 257, 'availability_zone_hints': [], 'availability_zones': [], 'ipv4_address_scope': None, 'ipv6_address_scope': None, 'description': '', 'tags': [], 'created_at': '2025-12-15T09:31:45Z', 'updated_at': '2025-12-15T09:31:45Z', 'revision_number': 1}, Subnet: {'id': 'cb5ee851-8ee3-4a81-a778-411f9d7128dc', 'name': 'tempest-ServersTestManualDisk-834465826-subnet', 'tenant_id': 'ec0b92a6e1e74b7bb0ed8f173ad3fc39', 'network_id': 'f4b91232-4c99-4871-b21f-293c1f44057c', 'ip_version': 4, 'subnetpool_id': None, 'enable_dhcp': True, 'ipv6_ra_mode': None, 'ipv6_address_mode': None, 'gateway_ip': '192.168.128.1', 'cidr': '192.168.128.0/28', 'allocation_pools': [{'start': '192.168.128.2', 'end': '192.168.128.14'}], 'host_routes': [], 'dns_nameservers': [], 'description': '', 'router:external': False, 'service_types': [], 'tags': [], 'created_at': '2025-12-15T09:31:45Z', 'updated_at': '2025-12-15T09:31:45Z', 'revision_number': 0, 'project_id': 'ec0b92a6e1e74b7bb0ed8f173ad3fc39'}, Router: {'id': '96a9ec50-8937-4fc3-bcbd-9582502c1a46', 'name': 'tempest-ServersTestManualDisk-834465826-router', 'tenant_id': 'ec0b92a6e1e74b7bb0ed8f173ad3fc39', 'admin_state_up': True, 'status': 'ACTIVE', 'external_gateway_info': {'network_id': '27af2d03-40d4-4581-8a26-378c0124c8ca', 'external_fixed_ips': [{'subnet_id': '83aa60a0-c93c-46dc-8a36-8add3955036d', 'ip_address': '10.180.180.233'}], 'enable_snat': True}, 'description': '', 'availability_zones': [], 'distributed': False, 'ha': False, 'availability_zone_hints': [], 'routes': [], 'flavor_id': None, 'tags': [], 'created_at': '2025-12-15T09:31:46Z', 'updated_at': '2025-12-15T09:31:46Z', 'revision_number': 2, 'project_id': 'ec0b92a6e1e74b7bb0ed8f173ad3fc39'}
2025-12-15 09:31:48.155 66154 INFO tempest.lib.common.rest_client [req-8afb4dda-1610-44ce-9d91-63e478d47251 req-8afb4dda-1610-44ce-9d91-63e478d47251 ] Request (ServersTestManualDisk:setUpClass): 201 POST http://10.180.1.21/identity/v3/auth/tokens 0.080s
2025-12-15 09:31:48.558 66130 INFO tempest.lib.common.rest_client [req-d41e0c4b-b32e-4596-92f2-0e40847ccf82 req-d41e0c4b-b32e-4596-92f2-0e40847ccf82 ] Request (ServerActionsTestOtherA:setUpClass): 200 PUT http://10.180.1.21/networking/v2.0/floatingips/e583a9e8-805c-436b-9919-6d1359a9b6ab 1.539s
2025-12-15 09:31:48.559 66130 INFO tempest.lib.common.ssh [-] Creating ssh connection to '10.180.180.224:22' as 'cirros' with public key authentication
2025-12-15 09:31:48.585 66146 INFO tempest.lib.common.rest_client [req-f0a50e0e-d56a-4b75-868c-cea54f30321d req-f0a50e0e-d56a-4b75-868c-cea54f30321d ] Request (SecurityGroupsTestJSON:test_list_security_groups_by_server): 200 GET http://10.180.1.21/compute/v2.1/servers/4c6a12d7-1891-4117-8b8f-c5eac7597934 2.343s
2025-12-15 09:31:48.603 66150 INFO tempest.lib.common.rest_client [req-72ecfb95-1f86-4c7e-a386-4743fe2e2c80 req-72ecfb95-1f86-4c7e-a386-4743fe2e2c80 ] Request (ServersTestMultiNic:_run_cleanups): 200 GET http://10.180.1.21/compute/v2.1/servers/08c59710-a1fe-43a0-ac56-9cd4d2c8627e 2.287s
2025-12-15 09:31:48.815 66122 INFO tempest.lib.common.rest_client [req-92726b3f-6784-450f-ba12-e457e7b54c42 req-92726b3f-6784-450f-ba12-e457e7b54c42 ] Request (ImagesDeleteNegativeTestJSON:tearDownClass): 200 GET http://10.180.1.21/networking/v2.0/security-groups?tenant_id=c7e4a61298954e3abbd0ca2d91b7c54b&name=default 1.506s
2025-12-15 09:31:48.817 66112 INFO tempest.lib.common.rest_client [req-8a253226-aadd-4e13-b259-7f9247c73a17 req-8a253226-aadd-4e13-b259-7f9247c73a17 ] Request (ServerActionsTestJSON:setUpClass): 200 GET http://10.180.1.21/compute/v2.1/servers/36a8da69-1650-4bc8-9785-3033a4a7a4fd 2.385s
2025-12-15 09:31:48.826 66112 INFO tempest.common.waiters [-] State transition "BUILD/scheduling" ==> "BUILD/None" after 18 second wait
2025-12-15 09:31:48.862 66120 INFO tempest.lib.common.rest_client [req-245a7a43-1fd9-4bbe-a80f-4996eee4d507 req-245a7a43-1fd9-4bbe-a80f-4996eee4d507 ] Request (ServerActionsTestOtherB:test_create_backup): 200 GET http://10.180.1.21/compute/v2.1/servers/e2a81360-01f8-4de8-a27c-a21c76d9d80e 2.446s
2025-12-15 09:31:48.870 66120 INFO tempest.common.waiters [-] State transition "ACTIVE/image_uploading" ==> "ACTIVE/None" after 16 second wait
2025-12-15 09:31:48.887 66120 INFO tempest.lib.common.rest_client [req-08c165a0-0b0c-4e5d-866e-78e9857c3504 req-08c165a0-0b0c-4e5d-866e-78e9857c3504 ] Request (ServerActionsTestOtherB:test_create_backup): 404 GET http://10.180.1.21/image/v2/images/42348975-a270-4014-89a7-9a7001d619f1 0.016s
2025-12-15 09:31:48.947 66122 INFO tempest.lib.common.rest_client [req-7612bb03-adb9-4802-bbb2-ff0638dd8454 req-7612bb03-adb9-4802-bbb2-ff0638dd8454 ] Request (ImagesDeleteNegativeTestJSON:tearDownClass): 204 DELETE http://10.180.1.21/networking/v2.0/security-groups/a097b5df-b8d6-4a92-9d86-7e4551437a60 0.131s
2025-12-15 09:31:48.965 66120 INFO tempest.lib.common.rest_client [req-61262895-e15c-4dae-bd19-701cf8985ab2 req-61262895-e15c-4dae-bd19-701cf8985ab2 ] Request (ServerActionsTestOtherB:test_create_backup): 200 GET http://10.180.1.21/image/v2/images?status=active&sort_key=created_at&sort_dir=asc&image_type=backup&backup_type=daily&instance_uuid=e2a81360-01f8-4de8-a27c-a21c76d9d80e 0.077s
2025-12-15 09:31:48.979 66138 INFO tempest.lib.common.rest_client [req-9b5a9005-5cc8-45f1-99ca-01e88c67f556 req-9b5a9005-5cc8-45f1-99ca-01e88c67f556 ] Request (ServersTestFqdnHostnames:tearDownClass): 200 GET http://10.180.1.21/compute/v2.1/servers/7e606feb-b185-4a78-84a5-b6dcdca993d1 2.425s
2025-12-15 09:31:49.030 66170 INFO tempest.lib.common.rest_client [req-6a719920-0cc6-4e38-a8d9-afa2933b6fe7 req-6a719920-0cc6-4e38-a8d9-afa2933b6fe7 ] Request (ServerDiskConfigTestJSON:test_rebuild_server_with_manual_disk_config): 200 GET http://10.180.1.21/compute/v2.1/servers/713f5284-8698-4515-b944-245644f5fe34 2.544s
2025-12-15 09:31:49.071 66132 INFO tempest.lib.common.rest_client [req-640a8103-6123-4592-89f1-a4709530b888 req-640a8103-6123-4592-89f1-a4709530b888 ] Request (ServerRescueTestJSON:setUpClass): 200 GET http://10.180.1.21/compute/v2.1/servers/e3889a2a-819c-4e9a-b984-bcf5da162144 2.388s
2025-12-15 09:31:49.084 66122 INFO tempest.lib.common.rest_client [req-4a73ff03-3665-4bbc-b201-52bee35121f5 req-4a73ff03-3665-4bbc-b201-52bee35121f5 ] Request (ImagesDeleteNegativeTestJSON:tearDownClass): 204 DELETE http://10.180.1.21/identity/v3/projects/c7e4a61298954e3abbd0ca2d91b7c54b 0.136s
2025-12-15 09:31:49.170 66152 INFO tempest.lib.common.rest_client [req-a0064d9d-128d-4b35-8053-12cacc7c2412 req-a0064d9d-128d-4b35-8053-12cacc7c2412 ] Request (ServersAdminTestJSON:test_create_server_with_scheduling_hint): 200 GET http://10.180.1.21/compute/v2.1/servers/7f95827e-0e67-40d7-b8d0-ea07d03ed966 2.420s
2025-12-15 09:31:49.177 66124 INFO tempest.lib.common.rest_client [req-6a3fbc80-44a9-405c-842d-633f77435dcf req-6a3fbc80-44a9-405c-842d-633f77435dcf ] Request (ServersListShow2100Test:test_list_show_rebuild_update_server_2100): 200 GET http://10.180.1.21/compute/v2.1/servers/b5a4f068-bf3c-4559-b5bf-546bd21635c0 2.295s
2025-12-15 09:31:49.230 66122 INFO tempest.lib.common.rest_client [req-b234058a-935f-4039-9b3c-199a9612c1c8 req-b234058a-935f-4039-9b3c-199a9612c1c8 ] Request (ServerShowV254Test:setUpClass): 201 POST http://10.180.1.21/identity/v3/auth/tokens 0.144s
2025-12-15 09:31:49.247 66128 INFO tempest.lib.common.rest_client [req-4c5d9f23-68ce-4901-b76c-d758ca9a573e req-4c5d9f23-68ce-4901-b76c-d758ca9a573e ] Request (ServerGroupTestJSON:test_create_server_with_scheduler_hint_group): 200 GET http://10.180.1.21/compute/v2.1/servers/d1b0815c-41c6-48d2-a79e-92af28eac611 2.146s
2025-12-15 09:31:49.266 66122 INFO tempest.lib.common.rest_client [req-e79ed12b-6aad-4a19-a8d4-6ba38a2f995c req-e79ed12b-6aad-4a19-a8d4-6ba38a2f995c ] Request (ServerShowV254Test:setUpClass): 201 POST http://10.180.1.21/identity/v3/auth/tokens 0.033s
2025-12-15 09:31:49.294 66122 INFO tempest.lib.common.rest_client [req-3822892d-8de0-471f-bcf1-357f56c3819c req-3822892d-8de0-471f-bcf1-357f56c3819c ] Request (ServerShowV254Test:setUpClass): 200 GET http://10.180.1.21/identity/v3/domains?name=Default 0.028s
2025-12-15 09:31:49.318 66144 INFO tempest.lib.common.rest_client [req-6e7fbc2e-5150-4ead-8c92-b8ae7659230d req-6e7fbc2e-5150-4ead-8c92-b8ae7659230d ] Request (ServersAdminNegativeTestJSON:setUpClass): 200 GET http://10.180.1.21/compute/v2.1/servers/f9400f1d-80ee-4bc2-8eb6-0765d8b80d72 2.191s
2025-12-15 09:31:49.326 66122 INFO tempest.lib.common.rest_client [req-a66a2a47-625e-459a-bb36-0b2ebb11f2f0 req-a66a2a47-625e-459a-bb36-0b2ebb11f2f0 ] Request (ServerShowV254Test:setUpClass): 201 POST http://10.180.1.21/identity/v3/projects 0.031s
2025-12-15 09:31:49.346 66156 INFO tempest.lib.common.rest_client [req-cc564c4d-72a2-472d-a450-100b8fb8e801 req-cc564c4d-72a2-472d-a450-100b8fb8e801 ] Request (ListServersNegativeTestJSON:setUpClass): 200 GET http://10.180.1.21/compute/v2.1/servers/1460df09-2ff8-4356-8513-5ddf5a9eb549 2.287s
2025-12-15 09:31:49.404 66122 INFO tempest.lib.common.rest_client [req-0e307568-6568-465d-98f8-1cfcfa2fc7da req-0e307568-6568-465d-98f8-1cfcfa2fc7da ] Request (ServerShowV254Test:setUpClass): 201 POST http://10.180.1.21/identity/v3/users 0.077s
2025-12-15 09:31:49.428 66122 INFO tempest.lib.common.rest_client [req-d2499bb0-81c6-4805-a2b8-b50f6289b56b req-d2499bb0-81c6-4805-a2b8-b50f6289b56b ] Request (ServerShowV254Test:setUpClass): 200 GET http://10.180.1.21/identity/v3/roles 0.022s
2025-12-15 09:31:49.445 66118 INFO tempest.lib.common.rest_client [req-02d9682c-3ce9-43eb-b030-97a14ac3ff5f req-02d9682c-3ce9-43eb-b030-97a14ac3ff5f ] Request (AttachInterfacesUnderV243Test:_run_cleanups): 200 GET http://10.180.1.21/compute/v2.1/servers/3f0067b3-dbe4-4361-a90a-c6355336a0ff 2.251s
2025-12-15 09:31:49.462 66122 INFO tempest.lib.common.rest_client [req-1ccfe64f-259f-490d-a8f4-6ccfab320f30 req-1ccfe64f-259f-490d-a8f4-6ccfab320f30 ] Request (ServerShowV254Test:setUpClass): 204 PUT http://10.180.1.21/identity/v3/projects/d3e163f39d714ded925bee2076813261/users/700d3ec20e8341879ba236699280dc49/roles/e50453b17db44665881793a6edfba8f3 0.034s
2025-12-15 09:31:49.463 66122 INFO tempest.lib.common.dynamic_creds [-] Dynamic test user 700d3ec20e8341879ba236699280dc49 is created with scope project and roles: ['member']
2025-12-15 09:31:49.463 66122 INFO tempest.lib.common.dynamic_creds [-] Acquired dynamic creds: credentials: Credentials: {'domain_id': 'default', 'domain_name': 'Default', 'username': 'tempest-ServerShowV254Test-12460821-project-member', 'project_domain_id': 'default', 'project_domain_name': 'Default', 'project_id': 'd3e163f39d714ded925bee2076813261', 'project_name': 'tempest-ServerShowV254Test-12460821', 'tenant_id': 'd3e163f39d714ded925bee2076813261', 'tenant_name': 'tempest-ServerShowV254Test-12460821', 'user_domain_id': 'default', 'user_domain_name': 'Default', 'user_id': '700d3ec20e8341879ba236699280dc49', 'system': None}, Network: None, Subnet: None, Router: None
2025-12-15 09:31:49.463 66122 INFO tempest.lib.common.dynamic_creds [-] Created isolated network resources for: credentials: Credentials: {'domain_id': 'default', 'domain_name': 'Default', 'username': 'tempest-ServerShowV254Test-12460821-project-member', 'project_domain_id': 'default', 'project_domain_name': 'Default', 'project_id': 'd3e163f39d714ded925bee2076813261', 'project_name': 'tempest-ServerShowV254Test-12460821', 'tenant_id': 'd3e163f39d714ded925bee2076813261', 'tenant_name': 'tempest-ServerShowV254Test-12460821', 'user_domain_id': 'default', 'user_domain_name': 'Default', 'user_id': '700d3ec20e8341879ba236699280dc49', 'system': None}, Network: None, Subnet: None, Router: None
2025-12-15 09:31:49.475 66114 INFO tempest.lib.common.rest_client [req-09675a34-4b26-447d-9327-1ddf3de7b4c8 req-09675a34-4b26-447d-9327-1ddf3de7b4c8 ] Request (ServersTestBootFromVolume:setUpClass): 200 GET http://10.180.1.21/compute/v2.1/servers/72021432-5672-441c-a885-d8fae92d06e5 2.289s
2025-12-15 09:31:49.489 66114 INFO tempest.lib.common.ssh [-] Creating ssh connection to '10.180.180.151:22' as 'cirros' with public key authentication
2025-12-15 09:31:49.495 66174 WARNING tempest.lib.common.ssh [-] Failed to establish authenticated ssh connection to cirros@10.180.180.200 ([Errno None] Unable to connect to port 22 on 10.180.180.200). Number attempts: 4. Retry after 5 seconds.: paramiko.ssh_exception.NoValidConnectionsError: [Errno None] Unable to connect to port 22 on 10.180.180.200
2025-12-15 09:31:49.507 66166 INFO tempest.lib.common.rest_client [req-5a10c4c1-6b7a-4ba4-a60c-c19b084f8e29 req-5a10c4c1-6b7a-4ba4-a60c-c19b084f8e29 ] Request (ServerRescueNegativeTestJSON:setUpClass): 200 GET http://10.180.1.21/compute/v2.1/servers/1824d1bf-b2ba-4bd9-abfc-595586862c3c 2.297s
2025-12-15 09:31:49.540 66172 INFO tempest.lib.common.rest_client [req-ad394819-84f1-4717-bc20-9fb63d7716da req-ad394819-84f1-4717-bc20-9fb63d7716da ] Request (ServersWithSpecificFlavorTestJSON:test_verify_created_server_ephemeral_disk): 200 GET http://10.180.1.21/compute/v2.1/servers/3c0852f9-6916-44a3-818d-f47129471d46 2.260s
2025-12-15 09:31:49.550 66122 INFO tempest.lib.common.rest_client [req-3b6c36ee-87d3-4907-9a0e-4d8261c1a153 req-3b6c36ee-87d3-4907-9a0e-4d8261c1a153 ] Request (ServerShowV254Test:setUpClass): 201 POST http://10.180.1.21/identity/v3/auth/tokens 0.083s
2025-12-15 09:31:49.566 66142 INFO tempest.lib.common.rest_client [req-96a72918-c2ca-436f-b730-3b84f9eda28f req-96a72918-c2ca-436f-b730-3b84f9eda28f ] Request (MigrationsAdminTest:test_resize_server_revert_deleted_flavor): 200 GET http://10.180.1.21/compute/v2.1/servers/ced31412-f476-4c07-b40e-6e6343681471 2.263s
2025-12-15 09:31:49.596 66122 INFO tempest.lib.common.rest_client [req-08fbcc9b-8ca4-4776-b155-a0ba0abbd521 req-08fbcc9b-8ca4-4776-b155-a0ba0abbd521 ] Request (ServerShowV254Test:test_rebuild_server): 201 POST http://10.180.1.21/identity/v3/auth/tokens 0.040s
2025-12-15 09:31:49.597 66122 INFO tempest.lib.common.fixed_network [-] (ServerShowV254Test:test_rebuild_server) Found network None available for tenant
2025-12-15 09:31:49.609 66148 INFO tempest.lib.common.rest_client [req-52216e70-b671-4947-9804-374087ce68d7 req-52216e70-b671-4947-9804-374087ce68d7 ] Request (ServerExternalEventsTest:test_create_server_external_events): 200 GET http://10.180.1.21/compute/v2.1/servers/b1136d26-435f-494c-98d1-27c63827c3c7 2.221s
2025-12-15 09:31:49.620 66148 INFO tempest.common.waiters [-] State transition "BUILD/scheduling" ==> "BUILD/None" after 12 second wait
2025-12-15 09:31:49.641 66134 INFO tempest.lib.common.rest_client [req-3de29f90-8f71-4756-97db-c549d3545352 req-3de29f90-8f71-4756-97db-c549d3545352 ] Request (ServerRescueTestJSONUnderV235:tearDownClass): 200 GET http://10.180.1.21/compute/v2.1/servers/6c11f2a2-8421-472a-b584-0abac0992015 1.589s
2025-12-15 09:31:49.653 66164 INFO tempest.lib.common.rest_client [req-e805c84e-917d-49c1-b19d-8da61a471df0 req-e805c84e-917d-49c1-b19d-8da61a471df0 ] Request (ListImageFiltersTestJSON:setUpClass): 200 GET http://10.180.1.21/compute/v2.1/images/d61b7331-6690-457a-b4d3-9c86d7ec87a3 1.569s
2025-12-15 09:31:49.800 66154 INFO tempest.lib.common.rest_client [req-85e44cf5-7ef5-4e7b-835d-ec061e005df0 req-85e44cf5-7ef5-4e7b-835d-ec061e005df0 ] Request (ServersTestManualDisk:setUpClass): 200 POST http://10.180.1.21/compute/v2.1/os-keypairs 1.642s
2025-12-15 09:31:49.831 66120 INFO tempest.lib.common.rest_client [req-ff49b118-2ba3-4202-9654-533c34424b25 req-ff49b118-2ba3-4202-9654-533c34424b25 ] Request (ServerActionsTestOtherB:tearDown): 200 GET http://10.180.1.21/compute/v2.1/servers/e2a81360-01f8-4de8-a27c-a21c76d9d80e 0.865s
2025-12-15 09:31:49.972 66120 INFO tempest.lib.common.rest_client [req-d62e9817-c75c-4a2c-86b3-6adcfbfe56cd req-d62e9817-c75c-4a2c-86b3-6adcfbfe56cd ] Request (ServerActionsTestOtherB:_run_cleanups): 204 DELETE http://10.180.1.21/image/v2/images/4baa5c6a-9cc5-4d63-89c9-52d397df922c 0.134s
2025-12-15 09:31:49.974 66154 INFO tempest.lib.common.rest_client [req-30433c36-d476-4181-b17f-83ce24672006 req-30433c36-d476-4181-b17f-83ce24672006 ] Request (ServersTestManualDisk:setUpClass): 201 POST http://10.180.1.21/networking/v2.0/security-groups 0.172s
2025-12-15 09:31:50.087 66122 INFO tempest.lib.common.rest_client [req-e6bae754-c3de-4b58-b034-4260c9bc7bb3 req-e6bae754-c3de-4b58-b034-4260c9bc7bb3 ] Request (ServerShowV254Test:test_rebuild_server): 202 POST http://10.180.1.21/compute/v2.1/servers 0.489s
2025-12-15 09:31:50.098 66120 INFO tempest.lib.common.rest_client [req-51af029d-9136-4f3b-99a1-ef3080b89c90 req-51af029d-9136-4f3b-99a1-ef3080b89c90 ] Request (ServerActionsTestOtherB:_run_cleanups): 204 DELETE http://10.180.1.21/image/v2/images/7281dbc3-bc86-4640-9ceb-0560e410a3f5 0.125s
2025-12-15 09:31:50.176 66154 INFO tempest.lib.common.rest_client [req-ff8b6f04-7a56-4836-8c85-7cfe273c6afc req-ff8b6f04-7a56-4836-8c85-7cfe273c6afc ] Request (ServersTestManualDisk:setUpClass): 201 POST http://10.180.1.21/networking/v2.0/security-group-rules 0.201s
2025-12-15 09:31:50.211 66170 INFO tempest.lib.common.rest_client [req-f157aab7-e8a3-4c15-8e80-6812f9b3f437 req-f157aab7-e8a3-4c15-8e80-6812f9b3f437 ] Request (ServerDiskConfigTestJSON:test_rebuild_server_with_manual_disk_config): 200 GET http://10.180.1.21/compute/v2.1/servers/713f5284-8698-4515-b944-245644f5fe34 1.173s
2025-12-15 09:31:50.238 66146 INFO tempest.lib.common.rest_client [req-b577c13d-ff28-4c37-9b0f-48d2f7ec0159 req-b577c13d-ff28-4c37-9b0f-48d2f7ec0159 ] Request (SecurityGroupsTestJSON:test_list_security_groups_by_server): 200 GET http://10.180.1.21/compute/v2.1/servers/4c6a12d7-1891-4117-8b8f-c5eac7597934 0.639s
2025-12-15 09:31:50.323 66154 INFO tempest.lib.common.rest_client [req-e794cacd-8bc4-4e2b-b8db-7baf6dd51137 req-e794cacd-8bc4-4e2b-b8db-7baf6dd51137 ] Request (ServersTestManualDisk:setUpClass): 201 POST http://10.180.1.21/networking/v2.0/security-group-rules 0.146s
2025-12-15 09:31:50.400 66150 INFO tempest.lib.common.rest_client [req-fa487063-2895-47ce-8aed-82dc45ea06ad req-fa487063-2895-47ce-8aed-82dc45ea06ad ] Request (ServersTestMultiNic:_run_cleanups): 200 GET http://10.180.1.21/compute/v2.1/servers/08c59710-a1fe-43a0-ac56-9cd4d2c8627e 0.782s
2025-12-15 09:31:50.414 66112 INFO tempest.lib.common.rest_client [req-5b0319e1-5a15-4f75-bb75-e936d269dcef req-5b0319e1-5a15-4f75-bb75-e936d269dcef ] Request (ServerActionsTestJSON:setUpClass): 200 GET http://10.180.1.21/compute/v2.1/servers/36a8da69-1650-4bc8-9785-3033a4a7a4fd 0.587s
2025-12-15 09:31:50.843 66154 INFO tempest.lib.common.rest_client [req-8782db2b-4052-4adc-8ed7-b459b15a20bb req-8782db2b-4052-4adc-8ed7-b459b15a20bb ] Request (ServersTestManualDisk:setUpClass): 201 POST http://10.180.1.21/networking/v2.0/floatingips 0.520s
2025-12-15 09:31:50.876 66154 INFO tempest.lib.common.rest_client [req-687901bd-563c-4334-a00a-0e74742a513e req-687901bd-563c-4334-a00a-0e74742a513e ] Request (ServersTestManualDisk:setUpClass): 201 POST http://10.180.1.21/identity/v3/auth/tokens 0.030s
2025-12-15 09:31:50.877 66154 INFO tempest.lib.common.fixed_network [-] (ServersTestManualDisk:setUpClass) Found network {'id': 'f4b91232-4c99-4871-b21f-293c1f44057c', 'name': 'tempest-ServersTestManualDisk-834465826-network', 'tenant_id': 'ec0b92a6e1e74b7bb0ed8f173ad3fc39', 'project_id': 'ec0b92a6e1e74b7bb0ed8f173ad3fc39', 'admin_state_up': True, 'mtu': 8950, 'status': 'ACTIVE', 'subnets': [], 'shared': False, 'port_security_enabled': True, 'router:external': False, 'provider:network_type': 'vlan', 'provider:physical_network': 'default', 'provider:segmentation_id': 257, 'availability_zone_hints': [], 'availability_zones': [], 'ipv4_address_scope': None, 'ipv6_address_scope': None, 'description': '', 'tags': [], 'created_at': '2025-12-15T09:31:45Z', 'updated_at': '2025-12-15T09:31:45Z', 'revision_number': 1} available for tenant
2025-12-15 09:31:50.924 66132 INFO tempest.lib.common.rest_client [req-c351df76-a2f1-4544-b1de-9a40d8a24d1a req-c351df76-a2f1-4544-b1de-9a40d8a24d1a ] Request (ServerRescueTestJSON:setUpClass): 200 GET http://10.180.1.21/compute/v2.1/servers/e3889a2a-819c-4e9a-b984-bcf5da162144 0.841s
2025-12-15 09:31:50.941 66138 INFO tempest.lib.common.rest_client [req-603d5a15-ea95-481b-9810-b13476a067c8 req-603d5a15-ea95-481b-9810-b13476a067c8 ] Request (ServersTestFqdnHostnames:tearDownClass): 200 GET http://10.180.1.21/compute/v2.1/servers/7e606feb-b185-4a78-84a5-b6dcdca993d1 0.951s
2025-12-15 09:31:51.074 66122 INFO tempest.lib.common.rest_client [req-3d978930-6cc9-4e30-b39d-dcbbfd70dcf2 req-3d978930-6cc9-4e30-b39d-dcbbfd70dcf2 ] Request (ServerShowV254Test:test_rebuild_server): 200 GET http://10.180.1.21/compute/v2.1/servers/f685a8cc-8a64-4de7-a91d-aee98fa776a0 0.985s
2025-12-15 09:31:51.136 66120 INFO tempest.lib.common.rest_client [req-24a9a90d-04de-433f-bb68-fbc4b74d4a73 req-24a9a90d-04de-433f-bb68-fbc4b74d4a73 ] Request (ServerActionsTestOtherB:setUp): 200 GET http://10.180.1.21/compute/v2.1/servers/e2a81360-01f8-4de8-a27c-a21c76d9d80e 1.037s
2025-12-15 09:31:51.149 66152 INFO tempest.lib.common.rest_client [req-ddd0e9b1-81a6-472f-b237-27011ccac48b req-ddd0e9b1-81a6-472f-b237-27011ccac48b ] Request (ServersAdminTestJSON:test_create_server_with_scheduling_hint): 200 GET http://10.180.1.21/compute/v2.1/servers/7f95827e-0e67-40d7-b8d0-ea07d03ed966 0.970s
2025-12-15 09:31:51.213 66124 INFO tempest.lib.common.rest_client [req-65c18ea7-7342-44e3-9556-cdacba1d4ab0 req-65c18ea7-7342-44e3-9556-cdacba1d4ab0 ] Request (ServersListShow2100Test:test_list_show_rebuild_update_server_2100): 200 GET http://10.180.1.21/compute/v2.1/servers/b5a4f068-bf3c-4559-b5bf-546bd21635c0 1.013s
2025-12-15 09:31:51.272 66128 INFO tempest.lib.common.rest_client [req-78f4e6fa-ba03-4e61-aa0f-9e55de05739a req-78f4e6fa-ba03-4e61-aa0f-9e55de05739a ] Request (ServerGroupTestJSON:test_create_server_with_scheduler_hint_group): 200 GET http://10.180.1.21/compute/v2.1/servers/d1b0815c-41c6-48d2-a79e-92af28eac611 1.016s
2025-12-15 09:31:51.311 66170 INFO tempest.lib.common.rest_client [req-4a64cade-f43a-46b1-bd57-ceba1c0b0a41 req-4a64cade-f43a-46b1-bd57-ceba1c0b0a41 ] Request (ServerDiskConfigTestJSON:test_rebuild_server_with_manual_disk_config): 202 POST http://10.180.1.21/compute/v2.1/servers/713f5284-8698-4515-b944-245644f5fe34/action 1.090s
2025-12-15 09:31:51.320 66144 INFO tempest.lib.common.rest_client [req-7711be1a-02f4-4c7a-a5d2-b4f882d2bd41 req-7711be1a-02f4-4c7a-a5d2-b4f882d2bd41 ] Request (ServersAdminNegativeTestJSON:setUpClass): 200 GET http://10.180.1.21/compute/v2.1/servers/f9400f1d-80ee-4bc2-8eb6-0765d8b80d72 0.993s
2025-12-15 09:31:51.387 66118 INFO tempest.lib.common.rest_client [req-759d1604-fc91-4895-b9f6-3a512596d1a9 req-759d1604-fc91-4895-b9f6-3a512596d1a9 ] Request (AttachInterfacesUnderV243Test:_run_cleanups): 200 GET http://10.180.1.21/compute/v2.1/servers/3f0067b3-dbe4-4361-a90a-c6355336a0ff 0.931s
2025-12-15 09:31:51.418 66156 INFO tempest.lib.common.rest_client [req-9b30be43-4a2e-4f62-9b57-939d0c79c3fe req-9b30be43-4a2e-4f62-9b57-939d0c79c3fe ] Request (ListServersNegativeTestJSON:setUpClass): 200 GET http://10.180.1.21/compute/v2.1/servers/1460df09-2ff8-4356-8513-5ddf5a9eb549 1.060s
2025-12-15 09:31:51.423 66168 INFO paramiko.transport [-] Connected (version 2.0, client dropbear_2020.81)
2025-12-15 09:31:51.448 66166 INFO tempest.lib.common.rest_client [req-e4d6bc7d-8507-412e-baf8-22837037b5e2 req-e4d6bc7d-8507-412e-baf8-22837037b5e2 ] Request (ServerRescueNegativeTestJSON:setUpClass): 200 GET http://10.180.1.21/compute/v2.1/servers/1824d1bf-b2ba-4bd9-abfc-595586862c3c 0.932s
2025-12-15 09:31:51.482 66172 INFO tempest.lib.common.rest_client [req-a45e7d8a-3b6d-4ea1-9256-0640720b8daf req-a45e7d8a-3b6d-4ea1-9256-0640720b8daf ] Request (ServersWithSpecificFlavorTestJSON:test_verify_created_server_ephemeral_disk): 200 GET http://10.180.1.21/compute/v2.1/servers/3c0852f9-6916-44a3-818d-f47129471d46 0.929s
2025-12-15 09:31:51.483 66168 INFO paramiko.transport [-] Authentication (publickey) successful!
2025-12-15 09:31:51.483 66168 INFO tempest.lib.common.ssh [-] ssh connection to cirros@10.180.180.221 successfully created
2025-12-15 09:31:51.503 66142 INFO tempest.lib.common.rest_client [req-1201b99c-0b04-490b-9eb4-db816d2203e8 req-1201b99c-0b04-490b-9eb4-db816d2203e8 ] Request (MigrationsAdminTest:test_resize_server_revert_deleted_flavor): 200 GET http://10.180.1.21/compute/v2.1/servers/ced31412-f476-4c07-b40e-6e6343681471 0.928s
2025-12-15 09:31:51.545 66148 INFO tempest.lib.common.rest_client [req-72d55f8f-c680-4b17-b2f7-b31739a24558 req-72d55f8f-c680-4b17-b2f7-b31739a24558 ] Request (ServerExternalEventsTest:test_create_server_external_events): 200 GET http://10.180.1.21/compute/v2.1/servers/b1136d26-435f-494c-98d1-27c63827c3c7 0.922s
2025-12-15 09:31:51.580 66134 INFO tempest.lib.common.rest_client [req-832324e7-db1a-4a2c-b35f-b961cf431583 req-832324e7-db1a-4a2c-b35f-b961cf431583 ] Request (ServerRescueTestJSONUnderV235:tearDownClass): 200 GET http://10.180.1.21/compute/v2.1/servers/6c11f2a2-8421-472a-b584-0abac0992015 0.930s
2025-12-15 09:31:51.587 66164 INFO tempest.lib.common.rest_client [req-4299625f-fd69-4a79-bbcf-6670d31c64b5 req-4299625f-fd69-4a79-bbcf-6670d31c64b5 ] Request (ListImageFiltersTestJSON:setUpClass): 200 GET http://10.180.1.21/compute/v2.1/images/d61b7331-6690-457a-b4d3-9c86d7ec87a3 0.930s
2025-12-15 09:31:51.712 66120 INFO tempest.lib.common.rest_client [req-21e981dd-5e99-42b4-9556-edd8adf8ff02 req-21e981dd-5e99-42b4-9556-edd8adf8ff02 ] Request (ServerActionsTestOtherB:tearDown): 200 GET http://10.180.1.21/compute/v2.1/servers/e2a81360-01f8-4de8-a27c-a21c76d9d80e 0.568s
2025-12-15 09:31:51.778 66146 INFO tempest.lib.common.rest_client [req-936474f6-b918-47f4-9190-2a78d417d4ac req-936474f6-b918-47f4-9190-2a78d417d4ac ] Request (SecurityGroupsTestJSON:test_list_security_groups_by_server): 200 GET http://10.180.1.21/compute/v2.1/servers/4c6a12d7-1891-4117-8b8f-c5eac7597934 0.526s
2025-12-15 09:31:51.890 66170 INFO tempest.lib.common.rest_client [req-bd7401e7-28a8-4367-b57d-e0a70bbeec23 req-bd7401e7-28a8-4367-b57d-e0a70bbeec23 ] Request (ServerDiskConfigTestJSON:test_rebuild_server_with_manual_disk_config): 200 GET http://10.180.1.21/compute/v2.1/servers/713f5284-8698-4515-b944-245644f5fe34 0.572s
2025-12-15 09:31:51.961 66150 INFO tempest.lib.common.rest_client [req-bd22893b-e42c-483c-90d3-2801ef4cb1a8 req-bd22893b-e42c-483c-90d3-2801ef4cb1a8 ] Request (ServersTestMultiNic:_run_cleanups): 200 GET http://10.180.1.21/compute/v2.1/servers/08c59710-a1fe-43a0-ac56-9cd4d2c8627e 0.551s
2025-12-15 09:31:51.969 66154 INFO tempest.lib.common.rest_client [req-69e06b84-13c9-42eb-9d1a-657fbfa1465f req-69e06b84-13c9-42eb-9d1a-657fbfa1465f ] Request (ServersTestManualDisk:setUpClass): 202 POST http://10.180.1.21/compute/v2.1/servers 1.092s
2025-12-15 09:31:52.026 66112 INFO tempest.lib.common.rest_client [req-6e23e7db-b2ba-4feb-9a0e-4ca66aab884c req-6e23e7db-b2ba-4feb-9a0e-4ca66aab884c ] Request (ServerActionsTestJSON:setUpClass): 200 GET http://10.180.1.21/compute/v2.1/servers/36a8da69-1650-4bc8-9785-3033a4a7a4fd 0.604s
2025-12-15 09:31:52.042 66168 INFO tempest.lib.common.rest_client [req-bdc30322-d432-4155-82fa-172424afa344 req-bdc30322-d432-4155-82fa-172424afa344 ] Request (ServersTestJSON:test_list_servers): 200 GET http://10.180.1.21/compute/v2.1/servers 0.550s
2025-12-15 09:31:52.136 66132 INFO tempest.lib.common.rest_client [req-13d4dc5d-fa4d-4e74-9f17-bc824af2176d req-13d4dc5d-fa4d-4e74-9f17-bc824af2176d ] Request (ServerRescueTestJSON:setUpClass): 200 GET http://10.180.1.21/compute/v2.1/servers/e3889a2a-819c-4e9a-b984-bcf5da162144 0.201s
2025-12-15 09:31:52.164 66120 INFO tempest.lib.common.rest_client [req-556d0add-0a33-4c33-95f9-2d45fef665cf req-556d0add-0a33-4c33-95f9-2d45fef665cf ] Request (ServerActionsTestOtherB:setUp): 200 GET http://10.180.1.21/compute/v2.1/servers/e2a81360-01f8-4de8-a27c-a21c76d9d80e 0.438s
2025-12-15 09:31:52.207 66154 INFO tempest.lib.common.rest_client [req-455d9daa-4984-4324-8f6b-90459d5a12c8 req-455d9daa-4984-4324-8f6b-90459d5a12c8 ] Request (ServersTestManualDisk:setUpClass): 200 GET http://10.180.1.21/compute/v2.1/servers/5f8ed255-04ae-443f-af7b-6ec12abae1e5 0.235s
2025-12-15 09:31:52.222 66138 INFO tempest.lib.common.rest_client [req-5d27cd75-e70e-40fb-9b5e-d1239e50a536 req-5d27cd75-e70e-40fb-9b5e-d1239e50a536 ] Request (ServersTestFqdnHostnames:tearDownClass): 200 GET http://10.180.1.21/compute/v2.1/servers/7e606feb-b185-4a78-84a5-b6dcdca993d1 0.263s
2025-12-15 09:31:52.284 66122 INFO tempest.lib.common.rest_client [req-458b64ba-1b86-487f-b9db-47aaaad5206c req-458b64ba-1b86-487f-b9db-47aaaad5206c ] Request (ServerShowV254Test:test_rebuild_server): 200 GET http://10.180.1.21/compute/v2.1/servers/f685a8cc-8a64-4de7-a91d-aee98fa776a0 0.197s
2025-12-15 09:31:52.342 66152 INFO tempest.lib.common.rest_client [req-3d0bd635-c8ba-4325-bac5-0b56522d0888 req-3d0bd635-c8ba-4325-bac5-0b56522d0888 ] Request (ServersAdminTestJSON:test_create_server_with_scheduling_hint): 200 GET http://10.180.1.21/compute/v2.1/servers/7f95827e-0e67-40d7-b8d0-ea07d03ed966 0.184s
2025-12-15 09:31:52.424 66120 INFO tempest.lib.common.rest_client [req-506523e0-90bf-4a9e-8e4d-90305bdad5aa req-506523e0-90bf-4a9e-8e4d-90305bdad5aa ] Request (ServerActionsTestOtherB:test_resize_server_confirm_from_stopped): 202 POST http://10.180.1.21/compute/v2.1/servers/e2a81360-01f8-4de8-a27c-a21c76d9d80e/action 0.251s
2025-12-15 09:31:52.508 66168 INFO tempest.lib.common.rest_client [req-c3cf676e-9647-41da-99c1-5068c863c67e req-c3cf676e-9647-41da-99c1-5068c863c67e ] Request (ServersTestJSON:test_list_servers_with_detail): 200 GET http://10.180.1.21/compute/v2.1/servers/detail 0.462s
2025-12-15 09:31:52.531 66124 INFO tempest.lib.common.rest_client [req-30e70d4a-fb09-4c47-834a-f75a00825177 req-30e70d4a-fb09-4c47-834a-f75a00825177 ] Request (ServersListShow2100Test:test_list_show_rebuild_update_server_2100): 200 GET http://10.180.1.21/compute/v2.1/servers/b5a4f068-bf3c-4559-b5bf-546bd21635c0 0.305s
2025-12-15 09:31:52.597 66128 INFO tempest.lib.common.rest_client [req-beb69854-4168-42c0-9a7c-87f08beecb0b req-beb69854-4168-42c0-9a7c-87f08beecb0b ] Request (ServerGroupTestJSON:test_create_server_with_scheduler_hint_group): 200 GET http://10.180.1.21/compute/v2.1/servers/d1b0815c-41c6-48d2-a79e-92af28eac611 0.316s
2025-12-15 09:31:52.641 66144 INFO tempest.lib.common.rest_client [req-0e5cada6-bb43-481b-8c07-8ccba1e4b2c5 req-0e5cada6-bb43-481b-8c07-8ccba1e4b2c5 ] Request (ServersAdminNegativeTestJSON:setUpClass): 200 GET http://10.180.1.21/compute/v2.1/servers/f9400f1d-80ee-4bc2-8eb6-0765d8b80d72 0.312s
2025-12-15 09:31:52.691 66118 INFO tempest.lib.common.rest_client [req-348dea91-0db8-4a5d-b7ad-109792c18e96 req-348dea91-0db8-4a5d-b7ad-109792c18e96 ] Request (AttachInterfacesUnderV243Test:_run_cleanups): 200 GET http://10.180.1.21/compute/v2.1/servers/3f0067b3-dbe4-4361-a90a-c6355336a0ff 0.296s
2025-12-15 09:31:52.698 66130 WARNING tempest.lib.common.ssh [-] Failed to establish authenticated ssh connection to cirros@10.180.180.224 ([Errno None] Unable to connect to port 22 on 10.180.180.224). Number attempts: 1. Retry after 2 seconds.: paramiko.ssh_exception.NoValidConnectionsError: [Errno None] Unable to connect to port 22 on 10.180.180.224
2025-12-15 09:31:52.774 66120 INFO tempest.lib.common.rest_client [req-6cd22599-be96-4aa7-9471-fa286bae16be req-6cd22599-be96-4aa7-9471-fa286bae16be ] Request (ServerActionsTestOtherB:test_resize_server_confirm_from_stopped): 200 GET http://10.180.1.21/compute/v2.1/servers/e2a81360-01f8-4de8-a27c-a21c76d9d80e 0.349s
2025-12-15 09:31:52.809 66156 INFO tempest.lib.common.rest_client [req-ae6f1eed-dd8a-4f06-b500-55c286211efd req-ae6f1eed-dd8a-4f06-b500-55c286211efd ] Request (ListServersNegativeTestJSON:setUpClass): 200 GET http://10.180.1.21/compute/v2.1/servers/1460df09-2ff8-4356-8513-5ddf5a9eb549 0.383s
2025-12-15 09:31:52.852 66166 INFO tempest.lib.common.rest_client [req-0d90ec79-0193-4088-88d4-d9e09a938d8a req-0d90ec79-0193-4088-88d4-d9e09a938d8a ] Request (ServerRescueNegativeTestJSON:setUpClass): 200 GET http://10.180.1.21/compute/v2.1/servers/1824d1bf-b2ba-4bd9-abfc-595586862c3c 0.395s
2025-12-15 09:31:52.874 66172 INFO tempest.lib.common.rest_client [req-7b5462a0-2bc8-4a16-8982-91ee504e1a52 req-7b5462a0-2bc8-4a16-8982-91ee504e1a52 ] Request (ServersWithSpecificFlavorTestJSON:test_verify_created_server_ephemeral_disk): 200 GET http://10.180.1.21/compute/v2.1/servers/3c0852f9-6916-44a3-818d-f47129471d46 0.384s
2025-12-15 09:31:52.890 66168 INFO tempest.lib.common.rest_client [req-a0953336-63c3-4711-89a3-d503477fab69 req-a0953336-63c3-4711-89a3-d503477fab69 ] Request (ServersTestJSON:test_verify_created_server_vcpus): 200 GET http://10.180.1.21/compute/v2.1/flavors/42 0.371s
2025-12-15 09:31:52.893 66168 INFO tempest.lib.common.ssh [-] Creating ssh connection to '10.180.180.221:22' as 'cirros' with public key authentication
2025-12-15 09:31:52.896 66168 INFO paramiko.transport [-] Connected (version 2.0, client dropbear_2020.81)
2025-12-15 09:31:52.913 66142 INFO tempest.lib.common.rest_client [req-f2e21ae0-8c54-493a-80c7-0c2d97ee6b6e req-f2e21ae0-8c54-493a-80c7-0c2d97ee6b6e ] Request (MigrationsAdminTest:test_resize_server_revert_deleted_flavor): 200 GET http://10.180.1.21/compute/v2.1/servers/ced31412-f476-4c07-b40e-6e6343681471 0.394s
2025-12-15 09:31:52.963 66164 INFO tempest.lib.common.rest_client [req-e5ffaea0-4673-46e1-82f8-93fcbde1c72d req-e5ffaea0-4673-46e1-82f8-93fcbde1c72d ] Request (ListImageFiltersTestJSON:setUpClass): 200 GET http://10.180.1.21/compute/v2.1/images/d61b7331-6690-457a-b4d3-9c86d7ec87a3 0.373s
2025-12-15 09:31:52.972 66148 INFO tempest.lib.common.rest_client [req-ccb72ce2-a512-43cc-9d76-91fab66d7ade req-ccb72ce2-a512-43cc-9d76-91fab66d7ade ] Request (ServerExternalEventsTest:test_create_server_external_events): 200 GET http://10.180.1.21/compute/v2.1/servers/b1136d26-435f-494c-98d1-27c63827c3c7 0.417s
2025-12-15 09:31:52.998 66168 INFO paramiko.transport [-] Authentication (publickey) successful!
2025-12-15 09:31:52.999 66168 INFO tempest.lib.common.ssh [-] ssh connection to cirros@10.180.180.221 successfully created
2025-12-15 09:31:53.039 66146 INFO tempest.lib.common.rest_client [req-97644a98-0f70-4f99-8579-8dfff9f7fe0f req-97644a98-0f70-4f99-8579-8dfff9f7fe0f ] Request (SecurityGroupsTestJSON:test_list_security_groups_by_server): 200 GET http://10.180.1.21/compute/v2.1/servers/4c6a12d7-1891-4117-8b8f-c5eac7597934 0.253s
2025-12-15 09:31:53.061 66134 INFO tempest.lib.common.rest_client [req-ff1864a7-a49c-4fe4-ac23-bcb3dd8d4fce req-ff1864a7-a49c-4fe4-ac23-bcb3dd8d4fce ] Request (ServerRescueTestJSONUnderV235:tearDownClass): 200 GET http://10.180.1.21/compute/v2.1/servers/6c11f2a2-8421-472a-b584-0abac0992015 0.466s
2025-12-15 09:31:53.162 66150 INFO tempest.lib.common.rest_client [req-fcaaf95b-1c82-4b21-a568-1c6b77669478 req-fcaaf95b-1c82-4b21-a568-1c6b77669478 ] Request (ServersTestMultiNic:_run_cleanups): 200 GET http://10.180.1.21/compute/v2.1/servers/08c59710-a1fe-43a0-ac56-9cd4d2c8627e 0.192s
2025-12-15 09:31:53.186 66170 INFO tempest.lib.common.rest_client [req-7a4ac124-b062-495b-bb24-9a61b2b96896 req-7a4ac124-b062-495b-bb24-9a61b2b96896 ] Request (ServerDiskConfigTestJSON:test_rebuild_server_with_manual_disk_config): 200 GET http://10.180.1.21/compute/v2.1/servers/713f5284-8698-4515-b944-245644f5fe34 0.286s
2025-12-15 09:31:53.245 66112 INFO tempest.lib.common.rest_client [req-e60d6e61-8b85-46bc-9301-54d543b32d16 req-e60d6e61-8b85-46bc-9301-54d543b32d16 ] Request (ServerActionsTestJSON:setUpClass): 200 GET http://10.180.1.21/compute/v2.1/servers/36a8da69-1650-4bc8-9785-3033a4a7a4fd 0.207s
2025-12-15 09:31:53.270 66168 INFO tempest.lib.common.rest_client [req-5268fb69-a117-4fd0-8cb0-9c5c72dc79b0 req-5268fb69-a117-4fd0-8cb0-9c5c72dc79b0 ] Request (ServersTestJSON:tearDownClass): 204 DELETE http://10.180.1.21/compute/v2.1/servers/46462324-6b51-4692-9881-9735e448b49a 0.261s
2025-12-15 09:31:53.306 66132 INFO tempest.lib.common.rest_client [req-14814fc6-e2f9-4f56-8be1-3eda7b8e7fc8 req-14814fc6-e2f9-4f56-8be1-3eda7b8e7fc8 ] Request (ServerRescueTestJSON:setUpClass): 200 GET http://10.180.1.21/compute/v2.1/servers/e3889a2a-819c-4e9a-b984-bcf5da162144 0.161s
2025-12-15 09:31:53.338 66154 INFO tempest.lib.common.rest_client [req-dbfc0472-e412-4518-bab5-17dabee0dc93 req-dbfc0472-e412-4518-bab5-17dabee0dc93 ] Request (ServersTestManualDisk:setUpClass): 200 GET http://10.180.1.21/compute/v2.1/servers/5f8ed255-04ae-443f-af7b-6ec12abae1e5 0.122s
2025-12-15 09:31:53.371 66138 INFO tempest.lib.common.rest_client [req-8a31f694-fc74-4cde-ab4d-e84d5e60e1e1 req-8a31f694-fc74-4cde-ab4d-e84d5e60e1e1 ] Request (ServersTestFqdnHostnames:tearDownClass): 200 GET http://10.180.1.21/compute/v2.1/servers/7e606feb-b185-4a78-84a5-b6dcdca993d1 0.140s
2025-12-15 09:31:53.453 66122 INFO tempest.lib.common.rest_client [req-d07395f8-89ce-4f61-9b88-3b619f0a39ca req-d07395f8-89ce-4f61-9b88-3b619f0a39ca ] Request (ServerShowV254Test:test_rebuild_server): 200 GET http://10.180.1.21/compute/v2.1/servers/f685a8cc-8a64-4de7-a91d-aee98fa776a0 0.159s
2025-12-15 09:31:53.471 66168 INFO tempest.lib.common.rest_client [req-2ef929b7-3b76-49e8-b90f-dc955ea8638e req-2ef929b7-3b76-49e8-b90f-dc955ea8638e ] Request (ServersTestJSON:tearDownClass): 200 GET http://10.180.1.21/compute/v2.1/servers/46462324-6b51-4692-9881-9735e448b49a 0.200s
2025-12-15 09:31:53.521 66152 INFO tempest.lib.common.rest_client [req-844ea08a-a6ad-4d0f-948d-b8c3fb73363c req-844ea08a-a6ad-4d0f-948d-b8c3fb73363c ] Request (ServersAdminTestJSON:test_create_server_with_scheduling_hint): 200 GET http://10.180.1.21/compute/v2.1/servers/7f95827e-0e67-40d7-b8d0-ea07d03ed966 0.169s
2025-12-15 09:31:53.591 66114 WARNING tempest.lib.common.ssh [-] Failed to establish authenticated ssh connection to cirros@10.180.180.151 ([Errno None] Unable to connect to port 22 on 10.180.180.151). Number attempts: 1. Retry after 2 seconds.: paramiko.ssh_exception.NoValidConnectionsError: [Errno None] Unable to connect to port 22 on 10.180.180.151
2025-12-15 09:31:53.622 66124 INFO tempest.lib.common.rest_client [req-6472e5bf-586a-458e-b8a1-58dd8df820f8 req-6472e5bf-586a-458e-b8a1-58dd8df820f8 ] Request (ServersListShow2100Test:test_list_show_rebuild_update_server_2100): 200 GET http://10.180.1.21/compute/v2.1/servers/b5a4f068-bf3c-4559-b5bf-546bd21635c0 0.071s
2025-12-15 09:31:53.663 66128 INFO tempest.lib.common.rest_client [req-3a19ec0e-e6ba-4c3e-bfd8-7873ae6fee61 req-3a19ec0e-e6ba-4c3e-bfd8-7873ae6fee61 ] Request (ServerGroupTestJSON:test_create_server_with_scheduler_hint_group): 200 GET http://10.180.1.21/compute/v2.1/servers/d1b0815c-41c6-48d2-a79e-92af28eac611 0.057s
2025-12-15 09:31:53.712 66144 INFO tempest.lib.common.rest_client [req-97b03e7c-c2d2-4922-a593-db022f621095 req-97b03e7c-c2d2-4922-a593-db022f621095 ] Request (ServersAdminNegativeTestJSON:setUpClass): 200 GET http://10.180.1.21/compute/v2.1/servers/f9400f1d-80ee-4bc2-8eb6-0765d8b80d72 0.062s
2025-12-15 09:31:53.757 66136 WARNING tempest.lib.common.ssh [-] Failed to establish authenticated ssh connection to cirros@10.180.180.188 ([Errno None] Unable to connect to port 22 on 10.180.180.188). Number attempts: 9. Retry after 10 seconds.: paramiko.ssh_exception.NoValidConnectionsError: [Errno None] Unable to connect to port 22 on 10.180.180.188
2025-12-15 09:31:53.764 66118 INFO tempest.lib.common.rest_client [req-52f55507-2b07-4953-8a29-9db5b94942e5 req-52f55507-2b07-4953-8a29-9db5b94942e5 ] Request (AttachInterfacesUnderV243Test:_run_cleanups): 200 GET http://10.180.1.21/compute/v2.1/servers/3f0067b3-dbe4-4361-a90a-c6355336a0ff 0.063s
2025-12-15 09:31:53.904 66120 INFO tempest.lib.common.rest_client [req-ac72f95c-1049-45b0-a286-d3bf0de9e890 req-ac72f95c-1049-45b0-a286-d3bf0de9e890 ] Request (ServerActionsTestOtherB:test_resize_server_confirm_from_stopped): 200 GET http://10.180.1.21/compute/v2.1/servers/e2a81360-01f8-4de8-a27c-a21c76d9d80e 0.121s
2025-12-15 09:31:53.918 66156 INFO tempest.lib.common.rest_client [req-152ae54f-fe4e-4958-93d6-250f64668887 req-152ae54f-fe4e-4958-93d6-250f64668887 ] Request (ListServersNegativeTestJSON:setUpClass): 200 GET http://10.180.1.21/compute/v2.1/servers/1460df09-2ff8-4356-8513-5ddf5a9eb549 0.097s
2025-12-15 09:31:53.927 66156 INFO tempest.common.waiters [-] State transition "BUILD/spawning" ==> "ACTIVE/None" after 25 second wait
2025-12-15 09:31:53.965 66166 INFO tempest.lib.common.rest_client [req-d00c74fb-ee43-4336-81bb-db9676e15e27 req-d00c74fb-ee43-4336-81bb-db9676e15e27 ] Request (ServerRescueNegativeTestJSON:setUpClass): 200 GET http://10.180.1.21/compute/v2.1/servers/1824d1bf-b2ba-4bd9-abfc-595586862c3c 0.102s
2025-12-15 09:31:53.968 66172 INFO tempest.lib.common.rest_client [req-2b94c6fc-a50b-439f-8a0c-2ac23a040402 req-2b94c6fc-a50b-439f-8a0c-2ac23a040402 ] Request (ServersWithSpecificFlavorTestJSON:test_verify_created_server_ephemeral_disk): 200 GET http://10.180.1.21/compute/v2.1/servers/3c0852f9-6916-44a3-818d-f47129471d46 0.084s
2025-12-15 09:31:54.015 66142 INFO tempest.lib.common.rest_client [req-a01389de-b59f-41e1-96b3-8c02a9792762 req-a01389de-b59f-41e1-96b3-8c02a9792762 ] Request (MigrationsAdminTest:test_resize_server_revert_deleted_flavor): 200 GET http://10.180.1.21/compute/v2.1/servers/ced31412-f476-4c07-b40e-6e6343681471 0.090s
2025-12-15 09:31:54.056 66164 INFO tempest.lib.common.rest_client [req-622015fd-b33a-4e19-81e7-7e1088b0b1c9 req-622015fd-b33a-4e19-81e7-7e1088b0b1c9 ] Request (ListImageFiltersTestJSON:setUpClass): 200 GET http://10.180.1.21/compute/v2.1/images/d61b7331-6690-457a-b4d3-9c86d7ec87a3 0.088s
2025-12-15 09:31:54.088 66156 INFO tempest.lib.common.rest_client [req-af7b1098-b561-41e3-a984-92599a5e614e req-af7b1098-b561-41e3-a984-92599a5e614e ] Request (ListServersNegativeTestJSON:setUpClass): 200 GET http://10.180.1.21/compute/v2.1/servers/c10c2601-f482-4250-b4e1-6a2b07832dab 0.160s
2025-12-15 09:31:54.138 66148 INFO tempest.lib.common.rest_client [req-71f61648-c3e0-41fc-bf40-027fc7718b8c req-71f61648-c3e0-41fc-bf40-027fc7718b8c ] Request (ServerExternalEventsTest:test_create_server_external_events): 200 GET http://10.180.1.21/compute/v2.1/servers/b1136d26-435f-494c-98d1-27c63827c3c7 0.158s
2025-12-15 09:31:54.165 66146 INFO tempest.lib.common.rest_client [req-edc0cfc4-a992-4f6a-bd84-5630e6e7cbaa req-edc0cfc4-a992-4f6a-bd84-5630e6e7cbaa ] Request (SecurityGroupsTestJSON:test_list_security_groups_by_server): 200 GET http://10.180.1.21/compute/v2.1/servers/4c6a12d7-1891-4117-8b8f-c5eac7597934 0.116s
2025-12-15 09:31:54.265 66150 INFO tempest.lib.common.rest_client [req-32edc749-05cb-4d8b-a77f-54e7674c4d64 req-32edc749-05cb-4d8b-a77f-54e7674c4d64 ] Request (ServersTestMultiNic:_run_cleanups): 200 GET http://10.180.1.21/compute/v2.1/servers/08c59710-a1fe-43a0-ac56-9cd4d2c8627e 0.093s
2025-12-15 09:31:54.269 66134 INFO tempest.lib.common.rest_client [req-839fe58f-b4eb-4dfc-aab4-4766b8d6a18b req-839fe58f-b4eb-4dfc-aab4-4766b8d6a18b ] Request (ServerRescueTestJSONUnderV235:tearDownClass): 200 GET http://10.180.1.21/compute/v2.1/servers/6c11f2a2-8421-472a-b584-0abac0992015 0.194s
2025-12-15 09:31:54.327 66112 INFO tempest.lib.common.rest_client [req-e56f89c0-7d39-4dd4-88d8-76ad40aa8545 req-e56f89c0-7d39-4dd4-88d8-76ad40aa8545 ] Request (ServerActionsTestJSON:setUpClass): 200 GET http://10.180.1.21/compute/v2.1/servers/36a8da69-1650-4bc8-9785-3033a4a7a4fd 0.074s
2025-12-15 09:31:54.382 66132 INFO tempest.lib.common.rest_client [req-c0af0a4b-1548-4f0b-a367-46cd991df5fd req-c0af0a4b-1548-4f0b-a367-46cd991df5fd ] Request (ServerRescueTestJSON:setUpClass): 200 GET http://10.180.1.21/compute/v2.1/servers/e3889a2a-819c-4e9a-b984-bcf5da162144 0.067s
2025-12-15 09:31:54.435 66170 INFO tempest.lib.common.rest_client [req-1434b4a9-adb0-46d4-9361-054d0055f099 req-1434b4a9-adb0-46d4-9361-054d0055f099 ] Request (ServerDiskConfigTestJSON:test_rebuild_server_with_manual_disk_config): 200 GET http://10.180.1.21/compute/v2.1/servers/713f5284-8698-4515-b944-245644f5fe34 0.240s
2025-12-15 09:31:54.442 66170 INFO tempest.common.waiters [-] State transition "REBUILD/rebuilding" ==> "REBUILD/rebuild_block_device_mapping" after 3 second wait
2025-12-15 09:31:54.444 66154 INFO tempest.lib.common.rest_client [req-4dd8689f-1aa6-43a1-a79c-6414b270f634 req-4dd8689f-1aa6-43a1-a79c-6414b270f634 ] Request (ServersTestManualDisk:setUpClass): 200 GET http://10.180.1.21/compute/v2.1/servers/5f8ed255-04ae-443f-af7b-6ec12abae1e5 0.097s
2025-12-15 09:31:54.491 66138 INFO tempest.lib.common.rest_client [req-5c3e21b7-a7c1-4d11-9dba-9e9ab86bf89e req-5c3e21b7-a7c1-4d11-9dba-9e9ab86bf89e ] Request (ServersTestFqdnHostnames:tearDownClass): 200 GET http://10.180.1.21/compute/v2.1/servers/7e606feb-b185-4a78-84a5-b6dcdca993d1 0.112s
2025-12-15 09:31:54.521 66122 INFO tempest.lib.common.rest_client [req-cf4b44c8-fac5-4c2e-9d90-a1ecaa184710 req-cf4b44c8-fac5-4c2e-9d90-a1ecaa184710 ] Request (ServerShowV254Test:test_rebuild_server): 200 GET http://10.180.1.21/compute/v2.1/servers/f685a8cc-8a64-4de7-a91d-aee98fa776a0 0.058s
2025-12-15 09:31:54.605 66168 INFO tempest.lib.common.rest_client [req-31915434-8f9a-4c3c-80c6-d4ea55f6a405 req-31915434-8f9a-4c3c-80c6-d4ea55f6a405 ] Request (ServersTestJSON:tearDownClass): 200 GET http://10.180.1.21/compute/v2.1/servers/46462324-6b51-4692-9881-9735e448b49a 0.125s
2025-12-15 09:31:54.606 66152 INFO tempest.lib.common.rest_client [req-e35d9bed-dd5f-4880-9522-518b45b1b440 req-e35d9bed-dd5f-4880-9522-518b45b1b440 ] Request (ServersAdminTestJSON:test_create_server_with_scheduling_hint): 200 GET http://10.180.1.21/compute/v2.1/servers/7f95827e-0e67-40d7-b8d0-ea07d03ed966 0.073s
2025-12-15 09:31:54.704 66124 INFO tempest.lib.common.rest_client [req-837f2f30-d49e-430e-9e87-529ea416ce5a req-837f2f30-d49e-430e-9e87-529ea416ce5a ] Request (ServersListShow2100Test:test_list_show_rebuild_update_server_2100): 200 GET http://10.180.1.21/compute/v2.1/servers/b5a4f068-bf3c-4559-b5bf-546bd21635c0 0.065s
2025-12-15 09:31:54.738 66128 INFO tempest.lib.common.rest_client [req-cc1a9216-8e63-4203-bdc2-4531e4bda6c5 req-cc1a9216-8e63-4203-bdc2-4531e4bda6c5 ] Request (ServerGroupTestJSON:test_create_server_with_scheduler_hint_group): 200 GET http://10.180.1.21/compute/v2.1/servers/d1b0815c-41c6-48d2-a79e-92af28eac611 0.067s
2025-12-15 09:31:54.771 66144 INFO tempest.lib.common.rest_client [req-10e9ba9b-07af-4b20-8f9d-3f2657a183e1 req-10e9ba9b-07af-4b20-8f9d-3f2657a183e1 ] Request (ServersAdminNegativeTestJSON:setUpClass): 200 GET http://10.180.1.21/compute/v2.1/servers/f9400f1d-80ee-4bc2-8eb6-0765d8b80d72 0.051s
2025-12-15 09:31:54.835 66118 INFO tempest.lib.common.rest_client [req-05d5d5a2-afb3-4f50-a841-98e063a62e93 req-05d5d5a2-afb3-4f50-a841-98e063a62e93 ] Request (AttachInterfacesUnderV243Test:_run_cleanups): 200 GET http://10.180.1.21/compute/v2.1/servers/3f0067b3-dbe4-4361-a90a-c6355336a0ff 0.063s
2025-12-15 09:31:55.003 66174 WARNING tempest.lib.common.ssh [-] Failed to establish authenticated ssh connection to cirros@10.180.180.200 ([Errno None] Unable to connect to port 22 on 10.180.180.200). Number attempts: 5. Retry after 6 seconds.: paramiko.ssh_exception.NoValidConnectionsError: [Errno None] Unable to connect to port 22 on 10.180.180.200
2025-12-15 09:31:55.096 66166 INFO tempest.lib.common.rest_client [req-5d94c446-46c8-423b-8057-b0b836c862f8 req-5d94c446-46c8-423b-8057-b0b836c862f8 ] Request (ServerRescueNegativeTestJSON:setUpClass): 200 GET http://10.180.1.21/compute/v2.1/servers/1824d1bf-b2ba-4bd9-abfc-595586862c3c 0.121s
2025-12-15 09:31:55.109 66166 INFO tempest.common.waiters [-] State transition "BUILD/scheduling" ==> "BUILD/None" after 18 second wait
2025-12-15 09:31:55.132 66120 INFO tempest.lib.common.rest_client [req-e569ddb2-606e-4857-80da-535109aca3b3 req-e569ddb2-606e-4857-80da-535109aca3b3 ] Request (ServerActionsTestOtherB:test_resize_server_confirm_from_stopped): 200 GET http://10.180.1.21/compute/v2.1/servers/e2a81360-01f8-4de8-a27c-a21c76d9d80e 0.219s
2025-12-15 09:31:55.141 66120 INFO tempest.common.waiters [-] State transition "ACTIVE/powering-off" ==> "SHUTOFF/None" after 3 second wait
2025-12-15 09:31:55.322 66172 INFO tempest.lib.common.rest_client [req-dfdcd8a2-e09c-41c9-a325-c581427383cd req-dfdcd8a2-e09c-41c9-a325-c581427383cd ] Request (ServersWithSpecificFlavorTestJSON:test_verify_created_server_ephemeral_disk): 200 GET http://10.180.1.21/compute/v2.1/servers/3c0852f9-6916-44a3-818d-f47129471d46 0.344s
2025-12-15 09:31:55.336 66172 INFO tempest.common.waiters [-] State transition "BUILD/None" ==> "BUILD/networking" after 30 second wait
2025-12-15 09:31:55.369 66164 INFO tempest.lib.common.rest_client [req-c7e65f78-0f85-45af-9c95-f00acd09cc73 req-c7e65f78-0f85-45af-9c95-f00acd09cc73 ] Request (ListImageFiltersTestJSON:setUpClass): 200 GET http://10.180.1.21/compute/v2.1/images/d61b7331-6690-457a-b4d3-9c86d7ec87a3 0.306s
