2025-12-15 09:32:15.088 66148 INFO tempest.lib.common.rest_client [req-c8f91e37-4f6c-476c-a752-f01b4c7a09da req-c8f91e37-4f6c-476c-a752-f01b4c7a09da ] Request (ServerExternalEventsTest:test_create_server_external_events): 200 GET http://10.180.1.21/compute/v2.1/servers/b1136d26-435f-494c-98d1-27c63827c3c7 0.068s
2025-12-15 09:32:15.112 66120 INFO tempest.lib.common.rest_client [req-84fea0bf-b186-42dd-91de-ec5f1c61896a req-84fea0bf-b186-42dd-91de-ec5f1c61896a ] Request (ServerActionsTestOtherB:test_resize_server_confirm_from_stopped): 200 GET http://10.180.1.21/compute/v2.1/servers/e2a81360-01f8-4de8-a27c-a21c76d9d80e 0.129s
2025-12-15 09:32:15.138 66112 INFO tempest.lib.common.rest_client [req-eb0ed5ec-f4a9-4c13-a50f-63e63d34b65c req-eb0ed5ec-f4a9-4c13-a50f-63e63d34b65c ] Request (ServerActionsTestJSON:setUpClass): 200 GET http://10.180.1.21/compute/v2.1/servers/36a8da69-1650-4bc8-9785-3033a4a7a4fd 0.099s
2025-12-15 09:32:15.173 66154 INFO tempest.lib.common.rest_client [req-40703f8c-e979-4c93-a4c8-2757740fb818 req-40703f8c-e979-4c93-a4c8-2757740fb818 ] Request (ServersTestManualDisk:setUpClass): 200 GET http://10.180.1.21/compute/v2.1/servers/5f8ed255-04ae-443f-af7b-6ec12abae1e5 0.057s
2025-12-15 09:32:15.254 66136 INFO tempest.lib.common.rest_client [req-c82a64d9-94c8-45c7-a9c5-db543e5948f6 req-c82a64d9-94c8-45c7-a9c5-db543e5948f6 ] Request (ServersV294TestFqdnHostnames:tearDownClass): 200 GET http://10.180.1.21/compute/v2.1/servers/0e7ffbc1-3afb-41f2-a0ca-5857576d22f8 0.072s
2025-12-15 09:32:15.277 66122 INFO tempest.lib.common.rest_client [req-138990c3-494d-48d7-b1a6-261f927036e5 req-138990c3-494d-48d7-b1a6-261f927036e5 ] Request (ServerShowV254Test:test_rebuild_server): 200 GET http://10.180.1.21/compute/v2.1/servers/f685a8cc-8a64-4de7-a91d-aee98fa776a0 0.054s
2025-12-15 09:32:15.303 66150 INFO tempest.lib.common.rest_client [req-6e3c82df-8761-43a7-983d-ee909f49fa52 req-6e3c82df-8761-43a7-983d-ee909f49fa52 ] Request (ServersTestMultiNic:test_verify_multiple_nics_order): 200 GET http://10.180.1.21/compute/v2.1/servers/8bc24188-744b-43ec-bce1-2f0ea6b7db6d 0.069s
2025-12-15 09:32:15.314 66164 INFO tempest.lib.common.rest_client [req-15517fae-a933-4911-8341-ede18da31608 req-15517fae-a933-4911-8341-ede18da31608 ] Request (ListImageFiltersTestJSON:setUpClass): 200 GET http://10.180.1.21/compute/v2.1/images/353390a4-45df-4b6e-9ba3-c1df9eb1af36 0.057s
2025-12-15 09:32:15.352 66126 WARNING tempest.lib.common.ssh [-] Failed to establish authenticated ssh connection to cirros@10.180.180.146 ([Errno None] Unable to connect to port 22 on 10.180.180.146). Number attempts: 14. Retry after 15 seconds.: paramiko.ssh_exception.NoValidConnectionsError: [Errno None] Unable to connect to port 22 on 10.180.180.146
2025-12-15 09:32:15.354 66118 INFO tempest.lib.common.rest_client [req-4904b8f8-f096-4bd9-983b-3b390fb9258a req-4904b8f8-f096-4bd9-983b-3b390fb9258a ] Request (ListServerFiltersTestJSON:setUpClass): 200 GET http://10.180.1.21/compute/v2.1/servers/4ae72aaf-e32a-4f35-a3ae-d9d85592b256 0.068s
2025-12-15 09:32:15.433 66168 INFO tempest.lib.common.rest_client [req-5f250ce5-225b-4eac-9bd3-27499473ae67 req-5f250ce5-225b-4eac-9bd3-27499473ae67 ] Request (ServersTestJSON:tearDownClass): 200 GET http://10.180.1.21/compute/v2.1/servers/46462324-6b51-4692-9881-9735e448b49a 0.067s
2025-12-15 09:32:15.460 66134 INFO tempest.lib.common.rest_client [req-7d149819-770f-4455-8046-a76163031068 req-7d149819-770f-4455-8046-a76163031068 ] Request (ServersListShow298Test:test_list_show_update_rebuild_server_298): 200 GET http://10.180.1.21/compute/v2.1/servers/411b6859-0b73-4c2c-bfc3-eaef22790506 0.065s
2025-12-15 09:32:15.722 66128 INFO tempest.lib.common.rest_client [req-26fbe906-c91e-4667-a0eb-80c991ebab5c req-26fbe906-c91e-4667-a0eb-80c991ebab5c ] Request (ServerGroupTestJSON:test_create_server_with_scheduler_hint_group): 200 GET http://10.180.1.21/compute/v2.1/servers/d1b0815c-41c6-48d2-a79e-92af28eac611 0.050s
2025-12-15 09:32:15.761 66152 INFO tempest.lib.common.rest_client [req-815ca370-1621-4b61-a576-bb3cad37ee51 req-815ca370-1621-4b61-a576-bb3cad37ee51 ] Request (ServersAdminTestJSON:test_create_server_with_scheduling_hint): 200 GET http://10.180.1.21/compute/v2.1/servers/7f95827e-0e67-40d7-b8d0-ea07d03ed966 0.130s
2025-12-15 09:32:15.774 66156 INFO tempest.lib.common.rest_client [req-f247a8f3-a51b-4b93-bb8f-5d1a72e41346 req-f247a8f3-a51b-4b93-bb8f-5d1a72e41346 ] Request (ListServersNegativeTestJSON:setUpClass): 200 GET http://10.180.1.21/compute/v2.1/servers/1460df09-2ff8-4356-8513-5ddf5a9eb549 0.085s
2025-12-15 09:32:15.794 66130 WARNING tempest.lib.common.ssh [-] Failed to establish authenticated ssh connection to cirros@10.180.180.224 ([Errno None] Unable to connect to port 22 on 10.180.180.224). Number attempts: 6. Retry after 7 seconds.: paramiko.ssh_exception.NoValidConnectionsError: [Errno None] Unable to connect to port 22 on 10.180.180.224
2025-12-15 09:32:15.829 66144 INFO tempest.lib.common.rest_client [req-10b507f1-c658-4c0a-9c7d-35a3abe52bff req-10b507f1-c658-4c0a-9c7d-35a3abe52bff ] Request (ServersAdminNegativeTestJSON:setUpClass): 200 GET http://10.180.1.21/compute/v2.1/servers/f9400f1d-80ee-4bc2-8eb6-0765d8b80d72 0.106s
2025-12-15 09:32:15.830 66166 INFO tempest.lib.common.rest_client [req-22d62a2c-6462-4bbf-9f82-d532c689a0ee req-22d62a2c-6462-4bbf-9f82-d532c689a0ee ] Request (ServerRescueNegativeTestJSON:setUpClass): 200 GET http://10.180.1.21/compute/v2.1/servers/1824d1bf-b2ba-4bd9-abfc-595586862c3c 0.052s
2025-12-15 09:32:15.836 66144 INFO tempest.common.waiters [-] State transition "BUILD/scheduling" ==> "BUILD/None" after 29 second wait
2025-12-15 09:32:15.894 66142 INFO tempest.lib.common.rest_client [req-b04a7574-98ec-48ac-ad3b-9010f70569fa req-b04a7574-98ec-48ac-ad3b-9010f70569fa ] Request (MigrationsAdminTest:test_resize_server_revert_deleted_flavor): 200 GET http://10.180.1.21/compute/v2.1/servers/ced31412-f476-4c07-b40e-6e6343681471 0.057s
2025-12-15 09:32:15.930 66124 INFO tempest.lib.common.rest_client [req-95e509f8-a38a-4522-ba79-f84da9305403 req-95e509f8-a38a-4522-ba79-f84da9305403 ] Request (ServersListShow2100Test:test_list_show_rebuild_update_server_2100): 200 GET http://10.180.1.21/compute/v2.1/servers/b5a4f068-bf3c-4559-b5bf-546bd21635c0 0.081s
2025-12-15 09:32:15.941 66170 INFO tempest.lib.common.rest_client [req-e8bd3386-36f4-4ef7-ac51-f4cb176f0078 req-e8bd3386-36f4-4ef7-ac51-f4cb176f0078 ] Request (ServerDiskConfigTestJSON:test_resize_server_from_auto_to_manual): 200 GET http://10.180.1.21/compute/v2.1/servers/ae972b07-f583-4ee6-8789-20ac9daa33cb 0.057s
2025-12-15 09:32:15.991 66138 INFO tempest.lib.common.rest_client [req-ca97cc89-10c9-4615-b6c3-80a36e7d3a24 req-ca97cc89-10c9-4615-b6c3-80a36e7d3a24 ] Request (ServerShowV257Test:test_rebuild_server): 200 GET http://10.180.1.21/compute/v2.1/servers/f086335b-8d79-45f3-9744-270b9b1f99e8 0.098s
2025-12-15 09:32:16.076 66146 INFO tempest.lib.common.rest_client [req-9219b83a-f30e-45e9-a29c-270c5cc8230a req-9219b83a-f30e-45e9-a29c-270c5cc8230a ] Request (SecurityGroupsTestJSON:test_list_security_groups_by_server): 200 GET http://10.180.1.21/compute/v2.1/servers/4c6a12d7-1891-4117-8b8f-c5eac7597934 0.053s
2025-12-15 09:32:16.102 66132 INFO tempest.lib.common.rest_client [req-b1843357-d5a1-4bd7-ae6d-d7fb9b348801 req-b1843357-d5a1-4bd7-ae6d-d7fb9b348801 ] Request (ServerRescueTestJSON:setUpClass): 200 GET http://10.180.1.21/compute/v2.1/servers/e3889a2a-819c-4e9a-b984-bcf5da162144 0.096s
2025-12-15 09:32:16.147 66148 INFO tempest.lib.common.rest_client [req-27f430dc-2bfb-4a61-960c-9a7953b5dada req-27f430dc-2bfb-4a61-960c-9a7953b5dada ] Request (ServerExternalEventsTest:test_create_server_external_events): 200 GET http://10.180.1.21/compute/v2.1/servers/b1136d26-435f-494c-98d1-27c63827c3c7 0.051s
2025-12-15 09:32:16.195 66112 INFO tempest.lib.common.rest_client [req-91966b1b-07c3-49d4-82bc-0b5ebf8fb629 req-91966b1b-07c3-49d4-82bc-0b5ebf8fb629 ] Request (ServerActionsTestJSON:setUpClass): 200 GET http://10.180.1.21/compute/v2.1/servers/36a8da69-1650-4bc8-9785-3033a4a7a4fd 0.050s
2025-12-15 09:32:16.233 66120 INFO tempest.lib.common.rest_client [req-df743f15-31c9-48d0-bf7d-6ed8c8d39f94 req-df743f15-31c9-48d0-bf7d-6ed8c8d39f94 ] Request (ServerActionsTestOtherB:test_resize_server_confirm_from_stopped): 200 GET http://10.180.1.21/compute/v2.1/servers/e2a81360-01f8-4de8-a27c-a21c76d9d80e 0.112s
2025-12-15 09:32:16.242 66154 INFO tempest.lib.common.rest_client [req-6f4bfcf5-8f8c-4448-9eed-5969158fd22e req-6f4bfcf5-8f8c-4448-9eed-5969158fd22e ] Request (ServersTestManualDisk:setUpClass): 200 GET http://10.180.1.21/compute/v2.1/servers/5f8ed255-04ae-443f-af7b-6ec12abae1e5 0.062s
2025-12-15 09:32:16.329 66136 INFO tempest.lib.common.rest_client [req-3ba9b0fe-5eda-4807-b35a-7529bf6296e9 req-3ba9b0fe-5eda-4807-b35a-7529bf6296e9 ] Request (ServersV294TestFqdnHostnames:tearDownClass): 200 GET http://10.180.1.21/compute/v2.1/servers/0e7ffbc1-3afb-41f2-a0ca-5857576d22f8 0.064s
2025-12-15 09:32:16.338 66122 INFO tempest.lib.common.rest_client [req-ae1517d3-f38e-4197-b24b-14bbf7972610 req-ae1517d3-f38e-4197-b24b-14bbf7972610 ] Request (ServerShowV254Test:test_rebuild_server): 200 GET http://10.180.1.21/compute/v2.1/servers/f685a8cc-8a64-4de7-a91d-aee98fa776a0 0.050s
2025-12-15 09:32:16.372 66164 INFO tempest.lib.common.rest_client [req-d19e7373-fd69-47b8-8706-1c20dd36ebba req-d19e7373-fd69-47b8-8706-1c20dd36ebba ] Request (ListImageFiltersTestJSON:setUpClass): 200 GET http://10.180.1.21/compute/v2.1/images/353390a4-45df-4b6e-9ba3-c1df9eb1af36 0.054s
2025-12-15 09:32:16.375 66150 INFO tempest.lib.common.rest_client [req-9f703749-d21c-4ae9-86f1-bf1ede5b1ef8 req-9f703749-d21c-4ae9-86f1-bf1ede5b1ef8 ] Request (ServersTestMultiNic:test_verify_multiple_nics_order): 200 GET http://10.180.1.21/compute/v2.1/servers/8bc24188-744b-43ec-bce1-2f0ea6b7db6d 0.065s
2025-12-15 09:32:16.416 66118 INFO tempest.lib.common.rest_client [req-a7f8e0da-77e7-4e2c-976d-e0efd8304168 req-a7f8e0da-77e7-4e2c-976d-e0efd8304168 ] Request (ListServerFiltersTestJSON:setUpClass): 200 GET http://10.180.1.21/compute/v2.1/servers/4ae72aaf-e32a-4f35-a3ae-d9d85592b256 0.053s
2025-12-15 09:32:16.498 66168 INFO tempest.lib.common.rest_client [req-cffe371d-8db2-430a-8782-53d2f980991e req-cffe371d-8db2-430a-8782-53d2f980991e ] Request (ServersTestJSON:tearDownClass): 200 GET http://10.180.1.21/compute/v2.1/servers/46462324-6b51-4692-9881-9735e448b49a 0.056s
2025-12-15 09:32:16.530 66134 INFO tempest.lib.common.rest_client [req-40bbcda5-407c-46b2-b53f-58462934cfce req-40bbcda5-407c-46b2-b53f-58462934cfce ] Request (ServersListShow298Test:test_list_show_update_rebuild_server_298): 200 GET http://10.180.1.21/compute/v2.1/servers/411b6859-0b73-4c2c-bfc3-eaef22790506 0.059s
2025-12-15 09:32:16.694 66114 WARNING tempest.lib.common.ssh [-] Failed to establish authenticated ssh connection to cirros@10.180.180.151 ([Errno None] Unable to connect to port 22 on 10.180.180.151). Number attempts: 6. Retry after 7 seconds.: paramiko.ssh_exception.NoValidConnectionsError: [Errno None] Unable to connect to port 22 on 10.180.180.151
2025-12-15 09:32:16.784 66128 INFO tempest.lib.common.rest_client [req-a531abec-c4ca-4074-911b-9c073c0ec3b9 req-a531abec-c4ca-4074-911b-9c073c0ec3b9 ] Request (ServerGroupTestJSON:test_create_server_with_scheduler_hint_group): 200 GET http://10.180.1.21/compute/v2.1/servers/d1b0815c-41c6-48d2-a79e-92af28eac611 0.054s
2025-12-15 09:32:16.844 66156 INFO tempest.lib.common.rest_client [req-4848002d-e1b4-46b8-8c15-a5fbe6453fc1 req-4848002d-e1b4-46b8-8c15-a5fbe6453fc1 ] Request (ListServersNegativeTestJSON:setUpClass): 200 GET http://10.180.1.21/compute/v2.1/servers/1460df09-2ff8-4356-8513-5ddf5a9eb549 0.062s
2025-12-15 09:32:16.865 66152 INFO tempest.lib.common.rest_client [req-2d4bd0ad-be30-45f4-b010-71fc2ec810ee req-2d4bd0ad-be30-45f4-b010-71fc2ec810ee ] Request (ServersAdminTestJSON:test_create_server_with_scheduling_hint): 200 GET http://10.180.1.21/compute/v2.1/servers/7f95827e-0e67-40d7-b8d0-ea07d03ed966 0.096s
2025-12-15 09:32:16.894 66144 INFO tempest.lib.common.rest_client [req-77f0e411-a59b-45e3-88df-ce6ab6e6797a req-77f0e411-a59b-45e3-88df-ce6ab6e6797a ] Request (ServersAdminNegativeTestJSON:setUpClass): 200 GET http://10.180.1.21/compute/v2.1/servers/f9400f1d-80ee-4bc2-8eb6-0765d8b80d72 0.056s
2025-12-15 09:32:16.913 66166 INFO tempest.lib.common.rest_client [req-8e17a05f-812b-47c3-a32e-f45ed445376f req-8e17a05f-812b-47c3-a32e-f45ed445376f ] Request (ServerRescueNegativeTestJSON:setUpClass): 200 GET http://10.180.1.21/compute/v2.1/servers/1824d1bf-b2ba-4bd9-abfc-595586862c3c 0.073s
2025-12-15 09:32:16.958 66142 INFO tempest.lib.common.rest_client [req-3d174cc7-fc13-4aaa-96d1-f892cbceb66c req-3d174cc7-fc13-4aaa-96d1-f892cbceb66c ] Request (MigrationsAdminTest:test_resize_server_revert_deleted_flavor): 200 GET http://10.180.1.21/compute/v2.1/servers/ced31412-f476-4c07-b40e-6e6343681471 0.056s
2025-12-15 09:32:17.010 66124 INFO tempest.lib.common.rest_client [req-8d420e42-e18f-4d5c-8406-d4723c732a53 req-8d420e42-e18f-4d5c-8406-d4723c732a53 ] Request (ServersListShow2100Test:test_list_show_rebuild_update_server_2100): 200 GET http://10.180.1.21/compute/v2.1/servers/b5a4f068-bf3c-4559-b5bf-546bd21635c0 0.066s
2025-12-15 09:32:17.012 66170 INFO tempest.lib.common.rest_client [req-ac2e379a-0464-425b-b54b-690761e0274e req-ac2e379a-0464-425b-b54b-690761e0274e ] Request (ServerDiskConfigTestJSON:test_resize_server_from_auto_to_manual): 200 GET http://10.180.1.21/compute/v2.1/servers/ae972b07-f583-4ee6-8789-20ac9daa33cb 0.063s
2025-12-15 09:32:17.067 66138 INFO tempest.lib.common.rest_client [req-bc41ee6e-37ec-4d76-9451-6ef746a1c4b4 req-bc41ee6e-37ec-4d76-9451-6ef746a1c4b4 ] Request (ServerShowV257Test:test_rebuild_server): 200 GET http://10.180.1.21/compute/v2.1/servers/f086335b-8d79-45f3-9744-270b9b1f99e8 0.067s
2025-12-15 09:32:17.161 66146 INFO tempest.lib.common.rest_client [req-6da2d9ff-914b-4252-8311-1a0c31988bda req-6da2d9ff-914b-4252-8311-1a0c31988bda ] Request (SecurityGroupsTestJSON:test_list_security_groups_by_server): 200 GET http://10.180.1.21/compute/v2.1/servers/4c6a12d7-1891-4117-8b8f-c5eac7597934 0.077s
2025-12-15 09:32:17.223 66148 INFO tempest.lib.common.rest_client [req-d3f55e0e-99e3-486a-a374-9a1e7c237f93 req-d3f55e0e-99e3-486a-a374-9a1e7c237f93 ] Request (ServerExternalEventsTest:test_create_server_external_events): 200 GET http://10.180.1.21/compute/v2.1/servers/b1136d26-435f-494c-98d1-27c63827c3c7 0.068s
2025-12-15 09:32:17.275 66132 INFO tempest.lib.common.rest_client [req-1a45d4d6-6c07-4563-a4d3-a453514dc3ec req-1a45d4d6-6c07-4563-a4d3-a453514dc3ec ] Request (ServerRescueTestJSON:setUpClass): 200 GET http://10.180.1.21/compute/v2.1/servers/e3889a2a-819c-4e9a-b984-bcf5da162144 0.165s
2025-12-15 09:32:17.287 66112 INFO tempest.lib.common.rest_client [req-c5841e89-5906-46b7-9fb9-e42d9f764f49 req-c5841e89-5906-46b7-9fb9-e42d9f764f49 ] Request (ServerActionsTestJSON:setUpClass): 200 GET http://10.180.1.21/compute/v2.1/servers/36a8da69-1650-4bc8-9785-3033a4a7a4fd 0.084s
2025-12-15 09:32:17.349 66154 INFO tempest.lib.common.rest_client [req-0252f727-fd9d-438b-be57-1057134f19ab req-0252f727-fd9d-438b-be57-1057134f19ab ] Request (ServersTestManualDisk:setUpClass): 200 GET http://10.180.1.21/compute/v2.1/servers/5f8ed255-04ae-443f-af7b-6ec12abae1e5 0.099s
2025-12-15 09:32:17.426 66136 INFO tempest.lib.common.rest_client [req-655d4c82-7513-49eb-934a-508bd96fe757 req-655d4c82-7513-49eb-934a-508bd96fe757 ] Request (ServersV294TestFqdnHostnames:tearDownClass): 200 GET http://10.180.1.21/compute/v2.1/servers/0e7ffbc1-3afb-41f2-a0ca-5857576d22f8 0.087s
2025-12-15 09:32:17.452 66120 INFO tempest.lib.common.rest_client [req-03bf79b1-4949-4324-a799-0bdae81e99cf req-03bf79b1-4949-4324-a799-0bdae81e99cf ] Request (ServerActionsTestOtherB:test_resize_server_confirm_from_stopped): 200 GET http://10.180.1.21/compute/v2.1/servers/e2a81360-01f8-4de8-a27c-a21c76d9d80e 0.211s
2025-12-15 09:32:17.478 66122 INFO tempest.lib.common.rest_client [req-8b244b92-2cf9-482f-ba39-d32c0fe381a9 req-8b244b92-2cf9-482f-ba39-d32c0fe381a9 ] Request (ServerShowV254Test:test_rebuild_server): 200 GET http://10.180.1.21/compute/v2.1/servers/f685a8cc-8a64-4de7-a91d-aee98fa776a0 0.130s
2025-12-15 09:32:17.487 66164 INFO tempest.lib.common.rest_client [req-3ec0041e-afe7-46bb-baf1-89ca90d1413d req-3ec0041e-afe7-46bb-baf1-89ca90d1413d ] Request (ListImageFiltersTestJSON:setUpClass): 200 GET http://10.180.1.21/compute/v2.1/images/353390a4-45df-4b6e-9ba3-c1df9eb1af36 0.110s
2025-12-15 09:32:17.528 66150 INFO tempest.lib.common.rest_client [req-f31dbb96-f144-4c32-be82-c43c560e004b req-f31dbb96-f144-4c32-be82-c43c560e004b ] Request (ServersTestMultiNic:test_verify_multiple_nics_order): 200 GET http://10.180.1.21/compute/v2.1/servers/8bc24188-744b-43ec-bce1-2f0ea6b7db6d 0.145s
2025-12-15 09:32:17.532 66174 WARNING tempest.lib.common.ssh [-] Failed to establish authenticated ssh connection to cirros@10.180.180.200 ([Errno None] Unable to connect to port 22 on 10.180.180.200). Number attempts: 8. Retry after 9 seconds.: paramiko.ssh_exception.NoValidConnectionsError: [Errno None] Unable to connect to port 22 on 10.180.180.200
2025-12-15 09:32:17.543 66118 INFO tempest.lib.common.rest_client [req-a2d090be-bf87-4b8b-b044-0b65a73cc1a8 req-a2d090be-bf87-4b8b-b044-0b65a73cc1a8 ] Request (ListServerFiltersTestJSON:setUpClass): 200 GET http://10.180.1.21/compute/v2.1/servers/4ae72aaf-e32a-4f35-a3ae-d9d85592b256 0.119s
2025-12-15 09:32:17.584 66168 INFO tempest.lib.common.rest_client [req-8063de4b-e9ad-4911-bec9-33a225145716 req-8063de4b-e9ad-4911-bec9-33a225145716 ] Request (ServersTestJSON:tearDownClass): 200 GET http://10.180.1.21/compute/v2.1/servers/46462324-6b51-4692-9881-9735e448b49a 0.078s
2025-12-15 09:32:17.600 66134 INFO tempest.lib.common.rest_client [req-f00749d5-7263-4468-afd7-af9f14821b11 req-f00749d5-7263-4468-afd7-af9f14821b11 ] Request (ServersListShow298Test:test_list_show_update_rebuild_server_298): 200 GET http://10.180.1.21/compute/v2.1/servers/411b6859-0b73-4c2c-bfc3-eaef22790506 0.058s
2025-12-15 09:32:17.844 66128 INFO tempest.lib.common.rest_client [req-36f294f7-8c2f-46a9-a02a-6a4866434043 req-36f294f7-8c2f-46a9-a02a-6a4866434043 ] Request (ServerGroupTestJSON:test_create_server_with_scheduler_hint_group): 200 GET http://10.180.1.21/compute/v2.1/servers/d1b0815c-41c6-48d2-a79e-92af28eac611 0.052s
2025-12-15 09:32:17.909 66156 INFO tempest.lib.common.rest_client [req-1f041e51-b4be-4c21-ae00-c9d093aa7f24 req-1f041e51-b4be-4c21-ae00-c9d093aa7f24 ] Request (ListServersNegativeTestJSON:setUpClass): 200 GET http://10.180.1.21/compute/v2.1/servers/1460df09-2ff8-4356-8513-5ddf5a9eb549 0.058s
2025-12-15 09:32:17.954 66144 INFO tempest.lib.common.rest_client [req-14411f34-ef7c-4c5b-aaff-8f3233c5594a req-14411f34-ef7c-4c5b-aaff-8f3233c5594a ] Request (ServersAdminNegativeTestJSON:setUpClass): 200 GET http://10.180.1.21/compute/v2.1/servers/f9400f1d-80ee-4bc2-8eb6-0765d8b80d72 0.051s
2025-12-15 09:32:17.967 66152 INFO tempest.lib.common.rest_client [req-312a8368-9722-46b2-a492-4407c1e61046 req-312a8368-9722-46b2-a492-4407c1e61046 ] Request (ServersAdminTestJSON:test_create_server_with_scheduling_hint): 200 GET http://10.180.1.21/compute/v2.1/servers/7f95827e-0e67-40d7-b8d0-ea07d03ed966 0.094s
2025-12-15 09:32:18.000 66166 INFO tempest.lib.common.rest_client [req-0e9281ea-8dcf-47f0-9a57-e87868a680c7 req-0e9281ea-8dcf-47f0-9a57-e87868a680c7 ] Request (ServerRescueNegativeTestJSON:setUpClass): 200 GET http://10.180.1.21/compute/v2.1/servers/1824d1bf-b2ba-4bd9-abfc-595586862c3c 0.080s
2025-12-15 09:32:18.018 66142 INFO tempest.lib.common.rest_client [req-fd43a961-2fbb-4698-84b2-da08288d049a req-fd43a961-2fbb-4698-84b2-da08288d049a ] Request (MigrationsAdminTest:test_resize_server_revert_deleted_flavor): 200 GET http://10.180.1.21/compute/v2.1/servers/ced31412-f476-4c07-b40e-6e6343681471 0.050s
2025-12-15 09:32:18.084 66170 INFO tempest.lib.common.rest_client [req-e50d47f3-45b0-4474-802c-9e5d3b003bc7 req-e50d47f3-45b0-4474-802c-9e5d3b003bc7 ] Request (ServerDiskConfigTestJSON:test_resize_server_from_auto_to_manual): 200 GET http://10.180.1.21/compute/v2.1/servers/ae972b07-f583-4ee6-8789-20ac9daa33cb 0.062s
2025-12-15 09:32:18.100 66124 INFO tempest.lib.common.rest_client [req-9b032eb7-01fa-49bb-815b-80f5a6b33932 req-9b032eb7-01fa-49bb-815b-80f5a6b33932 ] Request (ServersListShow2100Test:test_list_show_rebuild_update_server_2100): 200 GET http://10.180.1.21/compute/v2.1/servers/b5a4f068-bf3c-4559-b5bf-546bd21635c0 0.075s
2025-12-15 09:32:18.140 66138 INFO tempest.lib.common.rest_client [req-98a7e038-e9ae-4e63-8e7a-b95c6c4b53de req-98a7e038-e9ae-4e63-8e7a-b95c6c4b53de ] Request (ServerShowV257Test:test_rebuild_server): 200 GET http://10.180.1.21/compute/v2.1/servers/f086335b-8d79-45f3-9744-270b9b1f99e8 0.063s
2025-12-15 09:32:18.228 66146 INFO tempest.lib.common.rest_client [req-36ef4d66-776d-441a-94e8-73af724e8dbe req-36ef4d66-776d-441a-94e8-73af724e8dbe ] Request (SecurityGroupsTestJSON:test_list_security_groups_by_server): 200 GET http://10.180.1.21/compute/v2.1/servers/4c6a12d7-1891-4117-8b8f-c5eac7597934 0.057s
2025-12-15 09:32:18.288 66148 INFO tempest.lib.common.rest_client [req-9f43375f-a40c-4911-98f4-a5068740d1e1 req-9f43375f-a40c-4911-98f4-a5068740d1e1 ] Request (ServerExternalEventsTest:test_create_server_external_events): 200 GET http://10.180.1.21/compute/v2.1/servers/b1136d26-435f-494c-98d1-27c63827c3c7 0.055s
2025-12-15 09:32:18.346 66112 INFO tempest.lib.common.rest_client [req-561174a8-103f-488b-aed1-c53686fdab51 req-561174a8-103f-488b-aed1-c53686fdab51 ] Request (ServerActionsTestJSON:setUpClass): 200 GET http://10.180.1.21/compute/v2.1/servers/36a8da69-1650-4bc8-9785-3033a4a7a4fd 0.051s
2025-12-15 09:32:18.392 66132 INFO tempest.lib.common.rest_client [req-210a8214-81aa-4693-ac0d-33860c71479e req-210a8214-81aa-4693-ac0d-33860c71479e ] Request (ServerRescueTestJSON:setUpClass): 200 GET http://10.180.1.21/compute/v2.1/servers/e3889a2a-819c-4e9a-b984-bcf5da162144 0.102s
2025-12-15 09:32:18.410 66154 INFO tempest.lib.common.rest_client [req-bad2914d-1113-4d4c-bb91-b65400c65601 req-bad2914d-1113-4d4c-bb91-b65400c65601 ] Request (ServersTestManualDisk:setUpClass): 200 GET http://10.180.1.21/compute/v2.1/servers/5f8ed255-04ae-443f-af7b-6ec12abae1e5 0.050s
2025-12-15 09:32:18.506 66136 INFO tempest.lib.common.rest_client [req-dda05183-e1c6-4d74-91cd-db710851bc9e req-dda05183-e1c6-4d74-91cd-db710851bc9e ] Request (ServersV294TestFqdnHostnames:tearDownClass): 200 GET http://10.180.1.21/compute/v2.1/servers/0e7ffbc1-3afb-41f2-a0ca-5857576d22f8 0.069s
2025-12-15 09:32:18.558 66122 INFO tempest.lib.common.rest_client [req-f53f88b6-fb5f-43db-b08b-57203ec767fb req-f53f88b6-fb5f-43db-b08b-57203ec767fb ] Request (ServerShowV254Test:test_rebuild_server): 200 GET http://10.180.1.21/compute/v2.1/servers/f685a8cc-8a64-4de7-a91d-aee98fa776a0 0.067s
2025-12-15 09:32:18.584 66120 INFO tempest.lib.common.rest_client [req-eaef87bd-29ec-49ca-97c2-1cd6fd701532 req-eaef87bd-29ec-49ca-97c2-1cd6fd701532 ] Request (ServerActionsTestOtherB:test_resize_server_confirm_from_stopped): 200 GET http://10.180.1.21/compute/v2.1/servers/e2a81360-01f8-4de8-a27c-a21c76d9d80e 0.123s
2025-12-15 09:32:18.600 66164 INFO tempest.lib.common.rest_client [req-e57e4b8e-d90c-4428-98b7-004673125ea1 req-e57e4b8e-d90c-4428-98b7-004673125ea1 ] Request (ListImageFiltersTestJSON:setUpClass): 200 GET http://10.180.1.21/compute/v2.1/images/353390a4-45df-4b6e-9ba3-c1df9eb1af36 0.109s
2025-12-15 09:32:18.638 66150 INFO tempest.lib.common.rest_client [req-b064c3de-01a9-4782-93af-7b1418f3288d req-b064c3de-01a9-4782-93af-7b1418f3288d ] Request (ServersTestMultiNic:test_verify_multiple_nics_order): 200 GET http://10.180.1.21/compute/v2.1/servers/8bc24188-744b-43ec-bce1-2f0ea6b7db6d 0.100s
2025-12-15 09:32:18.656 66118 INFO tempest.lib.common.rest_client [req-6fd23f4d-c43c-436f-bbd2-34352556717a req-6fd23f4d-c43c-436f-bbd2-34352556717a ] Request (ListServerFiltersTestJSON:setUpClass): 200 GET http://10.180.1.21/compute/v2.1/servers/4ae72aaf-e32a-4f35-a3ae-d9d85592b256 0.105s
2025-12-15 09:32:18.698 66168 INFO tempest.lib.common.rest_client [req-e09e6263-3e83-4695-b6fc-733686a4a84b req-e09e6263-3e83-4695-b6fc-733686a4a84b ] Request (ServersTestJSON:tearDownClass): 200 GET http://10.180.1.21/compute/v2.1/servers/46462324-6b51-4692-9881-9735e448b49a 0.105s
2025-12-15 09:32:18.717 66134 INFO tempest.lib.common.rest_client [req-c9ae981c-bca7-4103-b938-6a378aeced09 req-c9ae981c-bca7-4103-b938-6a378aeced09 ] Request (ServersListShow298Test:test_list_show_update_rebuild_server_298): 200 GET http://10.180.1.21/compute/v2.1/servers/411b6859-0b73-4c2c-bfc3-eaef22790506 0.106s
2025-12-15 09:32:18.916 66128 INFO tempest.lib.common.rest_client [req-7eb124e4-3ea1-43ea-81af-3e721d0dfc1d req-7eb124e4-3ea1-43ea-81af-3e721d0dfc1d ] Request (ServerGroupTestJSON:test_create_server_with_scheduler_hint_group): 200 GET http://10.180.1.21/compute/v2.1/servers/d1b0815c-41c6-48d2-a79e-92af28eac611 0.064s
2025-12-15 09:32:18.986 66156 INFO tempest.lib.common.rest_client [req-84e57812-3f94-4aa0-836b-32f66eef0d4f req-84e57812-3f94-4aa0-836b-32f66eef0d4f ] Request (ListServersNegativeTestJSON:setUpClass): 200 GET http://10.180.1.21/compute/v2.1/servers/1460df09-2ff8-4356-8513-5ddf5a9eb549 0.070s
2025-12-15 09:32:19.019 66144 INFO tempest.lib.common.rest_client [req-b745ac4c-b50e-4ebf-96fb-f6d6c8b092df req-b745ac4c-b50e-4ebf-96fb-f6d6c8b092df ] Request (ServersAdminNegativeTestJSON:setUpClass): 200 GET http://10.180.1.21/compute/v2.1/servers/f9400f1d-80ee-4bc2-8eb6-0765d8b80d72 0.057s
2025-12-15 09:32:19.077 66166 INFO tempest.lib.common.rest_client [req-34b691a8-112b-480f-a2c4-1a89a0301868 req-34b691a8-112b-480f-a2c4-1a89a0301868 ] Request (ServerRescueNegativeTestJSON:setUpClass): 200 GET http://10.180.1.21/compute/v2.1/servers/1824d1bf-b2ba-4bd9-abfc-595586862c3c 0.068s
2025-12-15 09:32:19.118 66152 INFO tempest.lib.common.rest_client [req-cdd99d27-3ac1-40f0-80b2-c8da0f6f3d82 req-cdd99d27-3ac1-40f0-80b2-c8da0f6f3d82 ] Request (ServersAdminTestJSON:test_create_server_with_scheduling_hint): 200 GET http://10.180.1.21/compute/v2.1/servers/7f95827e-0e67-40d7-b8d0-ea07d03ed966 0.143s
2025-12-15 09:32:19.127 66142 INFO tempest.lib.common.rest_client [req-2c057d6b-d30a-4c98-b262-6ef2571e0851 req-2c057d6b-d30a-4c98-b262-6ef2571e0851 ] Request (MigrationsAdminTest:test_resize_server_revert_deleted_flavor): 200 GET http://10.180.1.21/compute/v2.1/servers/ced31412-f476-4c07-b40e-6e6343681471 0.101s
2025-12-15 09:32:19.170 66170 INFO tempest.lib.common.rest_client [req-ea89a806-e2ee-4e08-a545-b99d4034ba55 req-ea89a806-e2ee-4e08-a545-b99d4034ba55 ] Request (ServerDiskConfigTestJSON:test_resize_server_from_auto_to_manual): 200 GET http://10.180.1.21/compute/v2.1/servers/ae972b07-f583-4ee6-8789-20ac9daa33cb 0.077s
2025-12-15 09:32:19.190 66124 INFO tempest.lib.common.rest_client [req-28809e89-4375-46ae-8abc-478af1f4509c req-28809e89-4375-46ae-8abc-478af1f4509c ] Request (ServersListShow2100Test:test_list_show_rebuild_update_server_2100): 200 GET http://10.180.1.21/compute/v2.1/servers/b5a4f068-bf3c-4559-b5bf-546bd21635c0 0.072s
2025-12-15 09:32:19.225 66138 INFO tempest.lib.common.rest_client [req-3719c28c-2ec2-47f0-ad69-21607ce7a0c4 req-3719c28c-2ec2-47f0-ad69-21607ce7a0c4 ] Request (ServerShowV257Test:test_rebuild_server): 200 GET http://10.180.1.21/compute/v2.1/servers/f086335b-8d79-45f3-9744-270b9b1f99e8 0.075s
2025-12-15 09:32:19.290 66146 INFO tempest.lib.common.rest_client [req-298516fc-0ec4-4ce2-b625-bd236966c834 req-298516fc-0ec4-4ce2-b625-bd236966c834 ] Request (SecurityGroupsTestJSON:test_list_security_groups_by_server): 200 GET http://10.180.1.21/compute/v2.1/servers/4c6a12d7-1891-4117-8b8f-c5eac7597934 0.052s
2025-12-15 09:32:19.354 66148 INFO tempest.lib.common.rest_client [req-d05e82d5-c3e3-46b8-95d3-c3d7645953a6 req-d05e82d5-c3e3-46b8-95d3-c3d7645953a6 ] Request (ServerExternalEventsTest:test_create_server_external_events): 200 GET http://10.180.1.21/compute/v2.1/servers/b1136d26-435f-494c-98d1-27c63827c3c7 0.056s
2025-12-15 09:32:19.403 66112 INFO tempest.lib.common.rest_client [req-c0865f1b-5521-44cc-a289-48650964f818 req-c0865f1b-5521-44cc-a289-48650964f818 ] Request (ServerActionsTestJSON:setUpClass): 200 GET http://10.180.1.21/compute/v2.1/servers/36a8da69-1650-4bc8-9785-3033a4a7a4fd 0.049s
2025-12-15 09:32:19.466 66154 INFO tempest.lib.common.rest_client [req-96478724-2f2c-41cc-939c-8d82e0643117 req-96478724-2f2c-41cc-939c-8d82e0643117 ] Request (ServersTestManualDisk:setUpClass): 200 GET http://10.180.1.21/compute/v2.1/servers/5f8ed255-04ae-443f-af7b-6ec12abae1e5 0.048s
2025-12-15 09:32:19.493 66132 INFO tempest.lib.common.rest_client [req-7d7a2269-e3a7-402f-aea1-a7a2c7c79f84 req-7d7a2269-e3a7-402f-aea1-a7a2c7c79f84 ] Request (ServerRescueTestJSON:setUpClass): 200 GET http://10.180.1.21/compute/v2.1/servers/e3889a2a-819c-4e9a-b984-bcf5da162144 0.093s
2025-12-15 09:32:19.580 66136 INFO tempest.lib.common.rest_client [req-ede431c9-2924-48a3-bff7-e10fbfb2262d req-ede431c9-2924-48a3-bff7-e10fbfb2262d ] Request (ServersV294TestFqdnHostnames:tearDownClass): 200 GET http://10.180.1.21/compute/v2.1/servers/0e7ffbc1-3afb-41f2-a0ca-5857576d22f8 0.062s
2025-12-15 09:32:19.624 66122 INFO tempest.lib.common.rest_client [req-58a16908-3abd-4cb9-84cf-baf0fcc11e30 req-58a16908-3abd-4cb9-84cf-baf0fcc11e30 ] Request (ServerShowV254Test:test_rebuild_server): 200 GET http://10.180.1.21/compute/v2.1/servers/f685a8cc-8a64-4de7-a91d-aee98fa776a0 0.057s
2025-12-15 09:32:19.638 66172 WARNING tempest.lib.common.ssh [-] Failed to establish authenticated ssh connection to cirros@10.180.180.204 ([Errno None] Unable to connect to port 22 on 10.180.180.204). Number attempts: 2. Retry after 3 seconds.: paramiko.ssh_exception.NoValidConnectionsError: [Errno None] Unable to connect to port 22 on 10.180.180.204
2025-12-15 09:32:19.658 66164 INFO tempest.lib.common.rest_client [req-2935d4f6-0ad6-482a-83b2-a9abe9dc5d28 req-2935d4f6-0ad6-482a-83b2-a9abe9dc5d28 ] Request (ListImageFiltersTestJSON:setUpClass): 200 GET http://10.180.1.21/compute/v2.1/images/353390a4-45df-4b6e-9ba3-c1df9eb1af36 0.051s
2025-12-15 09:32:19.686 66120 INFO tempest.lib.common.rest_client [req-a15f2f62-b898-4cbd-834c-3da02faf28f9 req-a15f2f62-b898-4cbd-834c-3da02faf28f9 ] Request (ServerActionsTestOtherB:test_resize_server_confirm_from_stopped): 200 GET http://10.180.1.21/compute/v2.1/servers/e2a81360-01f8-4de8-a27c-a21c76d9d80e 0.093s
2025-12-15 09:32:19.708 66150 INFO tempest.lib.common.rest_client [req-796bfda1-524a-4629-a371-d7fb84e82837 req-796bfda1-524a-4629-a371-d7fb84e82837 ] Request (ServersTestMultiNic:test_verify_multiple_nics_order): 200 GET http://10.180.1.21/compute/v2.1/servers/8bc24188-744b-43ec-bce1-2f0ea6b7db6d 0.062s
2025-12-15 09:32:19.737 66118 INFO tempest.lib.common.rest_client [req-c3b67872-1cc4-43c7-bbc8-3f356aa16297 req-c3b67872-1cc4-43c7-bbc8-3f356aa16297 ] Request (ListServerFiltersTestJSON:setUpClass): 200 GET http://10.180.1.21/compute/v2.1/servers/4ae72aaf-e32a-4f35-a3ae-d9d85592b256 0.072s
2025-12-15 09:32:19.765 66168 INFO tempest.lib.common.rest_client [req-5bc37b00-ba7b-471a-98ed-40269958e812 req-5bc37b00-ba7b-471a-98ed-40269958e812 ] Request (ServersTestJSON:tearDownClass): 200 GET http://10.180.1.21/compute/v2.1/servers/46462324-6b51-4692-9881-9735e448b49a 0.060s
2025-12-15 09:32:19.794 66134 INFO tempest.lib.common.rest_client [req-062a5aae-e18b-464e-9871-8883021073fb req-062a5aae-e18b-464e-9871-8883021073fb ] Request (ServersListShow298Test:test_list_show_update_rebuild_server_298): 200 GET http://10.180.1.21/compute/v2.1/servers/411b6859-0b73-4c2c-bfc3-eaef22790506 0.066s
2025-12-15 09:32:19.979 66128 INFO tempest.lib.common.rest_client [req-a6636ce2-fe89-472f-b04d-a0f22c002f9b req-a6636ce2-fe89-472f-b04d-a0f22c002f9b ] Request (ServerGroupTestJSON:test_create_server_with_scheduler_hint_group): 200 GET http://10.180.1.21/compute/v2.1/servers/d1b0815c-41c6-48d2-a79e-92af28eac611 0.056s
2025-12-15 09:32:20.054 66156 INFO tempest.lib.common.rest_client [req-636a037f-262e-4de3-b6ca-dab03cf306f7 req-636a037f-262e-4de3-b6ca-dab03cf306f7 ] Request (ListServersNegativeTestJSON:setUpClass): 200 GET http://10.180.1.21/compute/v2.1/servers/1460df09-2ff8-4356-8513-5ddf5a9eb549 0.058s
2025-12-15 09:32:20.079 66144 INFO tempest.lib.common.rest_client [req-e605499a-753d-41e9-9d19-9ea775f3afd8 req-e605499a-753d-41e9-9d19-9ea775f3afd8 ] Request (ServersAdminNegativeTestJSON:setUpClass): 200 GET http://10.180.1.21/compute/v2.1/servers/f9400f1d-80ee-4bc2-8eb6-0765d8b80d72 0.050s
2025-12-15 09:32:20.140 66166 INFO tempest.lib.common.rest_client [req-9febaea2-031a-4773-bb7f-bfd9594e7f24 req-9febaea2-031a-4773-bb7f-bfd9594e7f24 ] Request (ServerRescueNegativeTestJSON:setUpClass): 200 GET http://10.180.1.21/compute/v2.1/servers/1824d1bf-b2ba-4bd9-abfc-595586862c3c 0.055s
2025-12-15 09:32:20.190 66142 INFO tempest.lib.common.rest_client [req-2658402c-0a64-4521-9ad3-ff7140d469fa req-2658402c-0a64-4521-9ad3-ff7140d469fa ] Request (MigrationsAdminTest:test_resize_server_revert_deleted_flavor): 200 GET http://10.180.1.21/compute/v2.1/servers/ced31412-f476-4c07-b40e-6e6343681471 0.054s
2025-12-15 09:32:20.230 66152 INFO tempest.lib.common.rest_client [req-4ae80bcc-d6c4-499c-aa27-f4a55c0bc089 req-4ae80bcc-d6c4-499c-aa27-f4a55c0bc089 ] Request (ServersAdminTestJSON:test_create_server_with_scheduling_hint): 200 GET http://10.180.1.21/compute/v2.1/servers/7f95827e-0e67-40d7-b8d0-ea07d03ed966 0.103s
2025-12-15 09:32:20.247 66170 INFO tempest.lib.common.rest_client [req-40b28fd4-49de-4c59-b661-2ce4ae425dee req-40b28fd4-49de-4c59-b661-2ce4ae425dee ] Request (ServerDiskConfigTestJSON:test_resize_server_from_auto_to_manual): 200 GET http://10.180.1.21/compute/v2.1/servers/ae972b07-f583-4ee6-8789-20ac9daa33cb 0.068s
2025-12-15 09:32:20.313 66138 INFO tempest.lib.common.rest_client [req-82774446-37ce-42e1-aeb5-6b1c13b7f28e req-82774446-37ce-42e1-aeb5-6b1c13b7f28e ] Request (ServerShowV257Test:test_rebuild_server): 200 GET http://10.180.1.21/compute/v2.1/servers/f086335b-8d79-45f3-9744-270b9b1f99e8 0.079s
2025-12-15 09:32:20.335 66124 INFO tempest.lib.common.rest_client [req-07ade294-ff7c-4207-8c76-9eb139d70341 req-07ade294-ff7c-4207-8c76-9eb139d70341 ] Request (ServersListShow2100Test:test_list_show_rebuild_update_server_2100): 200 GET http://10.180.1.21/compute/v2.1/servers/b5a4f068-bf3c-4559-b5bf-546bd21635c0 0.132s
2025-12-15 09:32:20.377 66146 INFO tempest.lib.common.rest_client [req-1a6ace75-425f-4dfb-9a02-70cdc751f7b7 req-1a6ace75-425f-4dfb-9a02-70cdc751f7b7 ] Request (SecurityGroupsTestJSON:test_list_security_groups_by_server): 200 GET http://10.180.1.21/compute/v2.1/servers/4c6a12d7-1891-4117-8b8f-c5eac7597934 0.079s
2025-12-15 09:32:20.421 66148 INFO tempest.lib.common.rest_client [req-7f8cc064-5ec3-406c-abbe-285666d1dfc4 req-7f8cc064-5ec3-406c-abbe-285666d1dfc4 ] Request (ServerExternalEventsTest:test_create_server_external_events): 200 GET http://10.180.1.21/compute/v2.1/servers/b1136d26-435f-494c-98d1-27c63827c3c7 0.057s
2025-12-15 09:32:20.465 66112 INFO tempest.lib.common.rest_client [req-72e48fd6-fda1-4851-a6d8-7dcf01b1f499 req-72e48fd6-fda1-4851-a6d8-7dcf01b1f499 ] Request (ServerActionsTestJSON:setUpClass): 200 GET http://10.180.1.21/compute/v2.1/servers/36a8da69-1650-4bc8-9785-3033a4a7a4fd 0.054s
2025-12-15 09:32:20.539 66154 INFO tempest.lib.common.rest_client [req-c4ce768d-fe13-4118-b38f-de77a3f4ffad req-c4ce768d-fe13-4118-b38f-de77a3f4ffad ] Request (ServersTestManualDisk:setUpClass): 200 GET http://10.180.1.21/compute/v2.1/servers/5f8ed255-04ae-443f-af7b-6ec12abae1e5 0.064s
2025-12-15 09:32:20.610 66132 INFO tempest.lib.common.rest_client [req-b20a41d9-1767-41a5-b28c-c6196e43ff25 req-b20a41d9-1767-41a5-b28c-c6196e43ff25 ] Request (ServerRescueTestJSON:setUpClass): 200 GET http://10.180.1.21/compute/v2.1/servers/e3889a2a-819c-4e9a-b984-bcf5da162144 0.108s
2025-12-15 09:32:20.663 66136 INFO tempest.lib.common.rest_client [req-c17ada46-d917-4a8d-a36d-ff661892609e req-c17ada46-d917-4a8d-a36d-ff661892609e ] Request (ServersV294TestFqdnHostnames:tearDownClass): 200 GET http://10.180.1.21/compute/v2.1/servers/0e7ffbc1-3afb-41f2-a0ca-5857576d22f8 0.074s
2025-12-15 09:32:20.697 66164 INFO tempest.lib.common.rest_client [req-2a6e7158-3f95-44c9-8181-f31e21d888c9 req-2a6e7158-3f95-44c9-8181-f31e21d888c9 ] Request (ListImageFiltersTestJSON:setUpClass): 200 GET http://10.180.1.21/compute/v2.1/images/353390a4-45df-4b6e-9ba3-c1df9eb1af36 0.035s
2025-12-15 09:32:20.698 66122 INFO tempest.lib.common.rest_client [req-ce60c510-5ec3-4413-a56b-5bdc926b9caf req-ce60c510-5ec3-4413-a56b-5bdc926b9caf ] Request (ServerShowV254Test:test_rebuild_server): 200 GET http://10.180.1.21/compute/v2.1/servers/f685a8cc-8a64-4de7-a91d-aee98fa776a0 0.064s
2025-12-15 09:32:20.789 66150 INFO tempest.lib.common.rest_client [req-23957e21-56e3-4e31-83fd-b4c8707a3f1d req-23957e21-56e3-4e31-83fd-b4c8707a3f1d ] Request (ServersTestMultiNic:test_verify_multiple_nics_order): 200 GET http://10.180.1.21/compute/v2.1/servers/8bc24188-744b-43ec-bce1-2f0ea6b7db6d 0.073s
2025-12-15 09:32:20.803 66120 INFO tempest.lib.common.rest_client [req-78e804c4-e747-4ca2-83a0-354bebc494a6 req-78e804c4-e747-4ca2-83a0-354bebc494a6 ] Request (ServerActionsTestOtherB:test_resize_server_confirm_from_stopped): 200 GET http://10.180.1.21/compute/v2.1/servers/e2a81360-01f8-4de8-a27c-a21c76d9d80e 0.108s
2025-12-15 09:32:20.839 66118 INFO tempest.lib.common.rest_client [req-25d1b681-66a0-4f33-9241-9388a0470f20 req-25d1b681-66a0-4f33-9241-9388a0470f20 ] Request (ListServerFiltersTestJSON:setUpClass): 200 GET http://10.180.1.21/compute/v2.1/servers/4ae72aaf-e32a-4f35-a3ae-d9d85592b256 0.093s
2025-12-15 09:32:20.870 66168 INFO tempest.lib.common.rest_client [req-102add9c-46fc-4337-9911-e3fdaf7c40a1 req-102add9c-46fc-4337-9911-e3fdaf7c40a1 ] Request (ServersTestJSON:tearDownClass): 200 GET http://10.180.1.21/compute/v2.1/servers/46462324-6b51-4692-9881-9735e448b49a 0.096s
2025-12-15 09:32:20.897 66134 INFO tempest.lib.common.rest_client [req-3a30bccf-9e65-4e8d-a2f0-0ba19163c044 req-3a30bccf-9e65-4e8d-a2f0-0ba19163c044 ] Request (ServersListShow298Test:test_list_show_update_rebuild_server_298): 200 GET http://10.180.1.21/compute/v2.1/servers/411b6859-0b73-4c2c-bfc3-eaef22790506 0.091s
2025-12-15 09:32:21.040 66128 INFO tempest.lib.common.rest_client [req-15940206-852b-4b0b-a696-36b911e97fa2 req-15940206-852b-4b0b-a696-36b911e97fa2 ] Request (ServerGroupTestJSON:test_create_server_with_scheduler_hint_group): 200 GET http://10.180.1.21/compute/v2.1/servers/d1b0815c-41c6-48d2-a79e-92af28eac611 0.052s
2025-12-15 09:32:21.122 66156 INFO tempest.lib.common.rest_client [req-e9f0dc72-3af1-4ca2-92a6-17436906c668 req-e9f0dc72-3af1-4ca2-92a6-17436906c668 ] Request (ListServersNegativeTestJSON:setUpClass): 200 GET http://10.180.1.21/compute/v2.1/servers/1460df09-2ff8-4356-8513-5ddf5a9eb549 0.059s
2025-12-15 09:32:21.141 66144 INFO tempest.lib.common.rest_client [req-f685d75f-cf42-40c6-90c7-8a3c14bce557 req-f685d75f-cf42-40c6-90c7-8a3c14bce557 ] Request (ServersAdminNegativeTestJSON:setUpClass): 200 GET http://10.180.1.21/compute/v2.1/servers/f9400f1d-80ee-4bc2-8eb6-0765d8b80d72 0.053s
2025-12-15 09:32:21.207 66166 INFO tempest.lib.common.rest_client [req-880909f2-d21c-4ce6-8b64-1788f6bcaf00 req-880909f2-d21c-4ce6-8b64-1788f6bcaf00 ] Request (ServerRescueNegativeTestJSON:setUpClass): 200 GET http://10.180.1.21/compute/v2.1/servers/1824d1bf-b2ba-4bd9-abfc-595586862c3c 0.059s
2025-12-15 09:32:21.256 66142 INFO tempest.lib.common.rest_client [req-0d4d5ef5-ce7d-41a4-8697-6b770f840708 req-0d4d5ef5-ce7d-41a4-8697-6b770f840708 ] Request (MigrationsAdminTest:test_resize_server_revert_deleted_flavor): 200 GET http://10.180.1.21/compute/v2.1/servers/ced31412-f476-4c07-b40e-6e6343681471 0.058s
2025-12-15 09:32:21.305 66170 INFO tempest.lib.common.rest_client [req-1025d656-cefa-4454-be13-0db35fd12167 req-1025d656-cefa-4454-be13-0db35fd12167 ] Request (ServerDiskConfigTestJSON:test_resize_server_from_auto_to_manual): 200 GET http://10.180.1.21/compute/v2.1/servers/ae972b07-f583-4ee6-8789-20ac9daa33cb 0.050s
2025-12-15 09:32:21.368 66152 INFO tempest.lib.common.rest_client [req-a77cc5e8-ba5c-4fa1-8249-ccc9e8af532e req-a77cc5e8-ba5c-4fa1-8249-ccc9e8af532e ] Request (ServersAdminTestJSON:test_create_server_with_scheduling_hint): 200 GET http://10.180.1.21/compute/v2.1/servers/7f95827e-0e67-40d7-b8d0-ea07d03ed966 0.126s
2025-12-15 09:32:21.393 66138 INFO tempest.lib.common.rest_client [req-cbcc1cc5-2a56-46a3-8438-12138835b15f req-cbcc1cc5-2a56-46a3-8438-12138835b15f ] Request (ServerShowV257Test:test_rebuild_server): 200 GET http://10.180.1.21/compute/v2.1/servers/f086335b-8d79-45f3-9744-270b9b1f99e8 0.064s
2025-12-15 09:32:21.434 66124 INFO tempest.lib.common.rest_client [req-8cee26ad-59f9-4a33-ba98-d9f1c654b0f5 req-8cee26ad-59f9-4a33-ba98-d9f1c654b0f5 ] Request (ServersListShow2100Test:test_list_show_rebuild_update_server_2100): 200 GET http://10.180.1.21/compute/v2.1/servers/b5a4f068-bf3c-4559-b5bf-546bd21635c0 0.087s
2025-12-15 09:32:21.445 66146 INFO tempest.lib.common.rest_client [req-c81e79d8-ce4d-42d9-9e94-dea936a2bfae req-c81e79d8-ce4d-42d9-9e94-dea936a2bfae ] Request (SecurityGroupsTestJSON:test_list_security_groups_by_server): 200 GET http://10.180.1.21/compute/v2.1/servers/4c6a12d7-1891-4117-8b8f-c5eac7597934 0.060s
2025-12-15 09:32:21.482 66148 INFO tempest.lib.common.rest_client [req-5ae23b06-6685-4f4c-93b4-bb7ba5091be5 req-5ae23b06-6685-4f4c-93b4-bb7ba5091be5 ] Request (ServerExternalEventsTest:test_create_server_external_events): 200 GET http://10.180.1.21/compute/v2.1/servers/b1136d26-435f-494c-98d1-27c63827c3c7 0.053s
2025-12-15 09:32:21.528 66112 INFO tempest.lib.common.rest_client [req-098696fc-d570-4cd1-ba07-3ba33e882d76 req-098696fc-d570-4cd1-ba07-3ba33e882d76 ] Request (ServerActionsTestJSON:setUpClass): 200 GET http://10.180.1.21/compute/v2.1/servers/36a8da69-1650-4bc8-9785-3033a4a7a4fd 0.053s
2025-12-15 09:32:21.605 66154 INFO tempest.lib.common.rest_client [req-a24d5270-1b2a-457e-bda4-dcb38d4c60b2 req-a24d5270-1b2a-457e-bda4-dcb38d4c60b2 ] Request (ServersTestManualDisk:setUpClass): 200 GET http://10.180.1.21/compute/v2.1/servers/5f8ed255-04ae-443f-af7b-6ec12abae1e5 0.058s
2025-12-15 09:32:21.738 66136 INFO tempest.lib.common.rest_client [req-d5874a8d-fdfe-4aa0-8a68-2f65496e5ead req-d5874a8d-fdfe-4aa0-8a68-2f65496e5ead ] Request (ServersV294TestFqdnHostnames:tearDownClass): 200 GET http://10.180.1.21/compute/v2.1/servers/0e7ffbc1-3afb-41f2-a0ca-5857576d22f8 0.062s
2025-12-15 09:32:21.740 66132 INFO tempest.lib.common.rest_client [req-cb4434a2-98db-4417-86eb-89155c5426ac req-cb4434a2-98db-4417-86eb-89155c5426ac ] Request (ServerRescueTestJSON:setUpClass): 200 GET http://10.180.1.21/compute/v2.1/servers/e3889a2a-819c-4e9a-b984-bcf5da162144 0.122s
2025-12-15 09:32:21.772 66164 INFO tempest.lib.common.rest_client [req-a519ccef-7de6-4651-8e97-f765a4c2ea8c req-a519ccef-7de6-4651-8e97-f765a4c2ea8c ] Request (ListImageFiltersTestJSON:setUpClass): 200 GET http://10.180.1.21/compute/v2.1/images/353390a4-45df-4b6e-9ba3-c1df9eb1af36 0.070s
2025-12-15 09:32:21.795 66122 INFO tempest.lib.common.rest_client [req-24c24302-d291-409d-be2b-0d4f8235ec31 req-24c24302-d291-409d-be2b-0d4f8235ec31 ] Request (ServerShowV254Test:test_rebuild_server): 200 GET http://10.180.1.21/compute/v2.1/servers/f685a8cc-8a64-4de7-a91d-aee98fa776a0 0.086s
2025-12-15 09:32:21.861 66150 INFO tempest.lib.common.rest_client [req-2961b333-a7b5-44bc-b85a-dbfd332940dd req-2961b333-a7b5-44bc-b85a-dbfd332940dd ] Request (ServersTestMultiNic:test_verify_multiple_nics_order): 200 GET http://10.180.1.21/compute/v2.1/servers/8bc24188-744b-43ec-bce1-2f0ea6b7db6d 0.062s
2025-12-15 09:32:21.915 66118 INFO tempest.lib.common.rest_client [req-8c7e7b29-d993-4f40-86e8-d22bad98a0bb req-8c7e7b29-d993-4f40-86e8-d22bad98a0bb ] Request (ListServerFiltersTestJSON:setUpClass): 200 GET http://10.180.1.21/compute/v2.1/servers/4ae72aaf-e32a-4f35-a3ae-d9d85592b256 0.068s
2025-12-15 09:32:21.933 66120 INFO tempest.lib.common.rest_client [req-6fad68d9-69c6-4349-b500-4705180d0a44 req-6fad68d9-69c6-4349-b500-4705180d0a44 ] Request (ServerActionsTestOtherB:test_resize_server_confirm_from_stopped): 200 GET http://10.180.1.21/compute/v2.1/servers/e2a81360-01f8-4de8-a27c-a21c76d9d80e 0.120s
2025-12-15 09:32:21.973 66168 INFO tempest.lib.common.rest_client [req-9a7e7fa0-2353-4ada-8ed5-caedccd838e8 req-9a7e7fa0-2353-4ada-8ed5-caedccd838e8 ] Request (ServersTestJSON:tearDownClass): 200 GET http://10.180.1.21/compute/v2.1/servers/46462324-6b51-4692-9881-9735e448b49a 0.094s
2025-12-15 09:32:22.001 66134 INFO tempest.lib.common.rest_client [req-65fc9569-530c-480d-8378-5047a7f4914a req-65fc9569-530c-480d-8378-5047a7f4914a ] Request (ServersListShow298Test:test_list_show_update_rebuild_server_298): 200 GET http://10.180.1.21/compute/v2.1/servers/411b6859-0b73-4c2c-bfc3-eaef22790506 0.091s
2025-12-15 09:32:22.114 66128 INFO tempest.lib.common.rest_client [req-2a82cf24-f330-41a9-85a7-5ffd1496048c req-2a82cf24-f330-41a9-85a7-5ffd1496048c ] Request (ServerGroupTestJSON:test_create_server_with_scheduler_hint_group): 200 GET http://10.180.1.21/compute/v2.1/servers/d1b0815c-41c6-48d2-a79e-92af28eac611 0.064s
2025-12-15 09:32:22.193 66156 INFO tempest.lib.common.rest_client [req-d35a9252-158b-4ffb-adb6-01d4b48724da req-d35a9252-158b-4ffb-adb6-01d4b48724da ] Request (ListServersNegativeTestJSON:setUpClass): 200 GET http://10.180.1.21/compute/v2.1/servers/1460df09-2ff8-4356-8513-5ddf5a9eb549 0.063s
2025-12-15 09:32:22.204 66144 INFO tempest.lib.common.rest_client [req-e4475fad-858d-4f65-8eac-7277e2b390e4 req-e4475fad-858d-4f65-8eac-7277e2b390e4 ] Request (ServersAdminNegativeTestJSON:setUpClass): 200 GET http://10.180.1.21/compute/v2.1/servers/f9400f1d-80ee-4bc2-8eb6-0765d8b80d72 0.055s
2025-12-15 09:32:22.269 66166 INFO tempest.lib.common.rest_client [req-0ed2dac8-7a39-406d-aeb4-ee3add625854 req-0ed2dac8-7a39-406d-aeb4-ee3add625854 ] Request (ServerRescueNegativeTestJSON:setUpClass): 200 GET http://10.180.1.21/compute/v2.1/servers/1824d1bf-b2ba-4bd9-abfc-595586862c3c 0.053s
2025-12-15 09:32:22.338 66142 INFO tempest.lib.common.rest_client [req-f13d555b-0f45-4c14-8642-ed6d7963b26b req-f13d555b-0f45-4c14-8642-ed6d7963b26b ] Request (MigrationsAdminTest:test_resize_server_revert_deleted_flavor): 200 GET http://10.180.1.21/compute/v2.1/servers/ced31412-f476-4c07-b40e-6e6343681471 0.073s
2025-12-15 09:32:22.410 66170 INFO tempest.lib.common.rest_client [req-034a5396-cc63-421c-bdac-7e2bed905244 req-034a5396-cc63-421c-bdac-7e2bed905244 ] Request (ServerDiskConfigTestJSON:test_resize_server_from_auto_to_manual): 200 GET http://10.180.1.21/compute/v2.1/servers/ae972b07-f583-4ee6-8789-20ac9daa33cb 0.095s
2025-12-15 09:32:22.467 66138 INFO tempest.lib.common.rest_client [req-346ebb09-e65d-4c38-9826-f197a8991550 req-346ebb09-e65d-4c38-9826-f197a8991550 ] Request (ServerShowV257Test:test_rebuild_server): 200 GET http://10.180.1.21/compute/v2.1/servers/f086335b-8d79-45f3-9744-270b9b1f99e8 0.065s
2025-12-15 09:32:22.485 66152 INFO tempest.lib.common.rest_client [req-823c1b2b-4634-4980-9b4d-825b59265c2b req-823c1b2b-4634-4980-9b4d-825b59265c2b ] Request (ServersAdminTestJSON:test_create_server_with_scheduling_hint): 200 GET http://10.180.1.21/compute/v2.1/servers/7f95827e-0e67-40d7-b8d0-ea07d03ed966 0.107s
2025-12-15 09:32:22.493 66152 INFO tempest.common.waiters [-] State transition "BUILD/spawning" ==> "ACTIVE/None" after 54 second wait
2025-12-15 09:32:22.537 66124 INFO tempest.lib.common.rest_client [req-2313f3da-6727-429a-b3e8-ca88e44fcc39 req-2313f3da-6727-429a-b3e8-ca88e44fcc39 ] Request (ServersListShow2100Test:test_list_show_rebuild_update_server_2100): 200 GET http://10.180.1.21/compute/v2.1/servers/b5a4f068-bf3c-4559-b5bf-546bd21635c0 0.090s
2025-12-15 09:32:22.539 66146 INFO tempest.lib.common.rest_client [req-e5528671-9b15-4fa5-a7ee-67b07c458287 req-e5528671-9b15-4fa5-a7ee-67b07c458287 ] Request (SecurityGroupsTestJSON:test_list_security_groups_by_server): 200 GET http://10.180.1.21/compute/v2.1/servers/4c6a12d7-1891-4117-8b8f-c5eac7597934 0.085s
2025-12-15 09:32:22.568 66152 INFO tempest.lib.common.rest_client [req-918942a0-0673-4a77-a99e-f4f4a776ec78 req-918942a0-0673-4a77-a99e-f4f4a776ec78 ] Request (ServersAdminTestJSON:test_inject_network_info): 201 POST http://10.180.1.21/identity/v3/auth/tokens 0.070s
2025-12-15 09:32:22.568 66152 INFO tempest.lib.common.fixed_network [-] (ServersAdminTestJSON:test_inject_network_info) Found network {'id': '86928734-6306-4f9e-88f5-e295d1ecdca5', 'name': 'tempest-ServersAdminTestJSON-1313019835-network', 'tenant_id': '166f0f5360a84a6f920c7a5a93536478', 'project_id': '166f0f5360a84a6f920c7a5a93536478', 'admin_state_up': True, 'mtu': 8950, 'status': 'ACTIVE', 'subnets': [], 'shared': False, 'port_security_enabled': True, 'router:external': False, 'provider:network_type': 'vlan', 'provider:physical_network': 'default', 'provider:segmentation_id': 958, 'availability_zone_hints': [], 'availability_zones': [], 'ipv4_address_scope': None, 'ipv6_address_scope': None, 'description': '', 'tags': [], 'created_at': '2025-12-15T09:30:16Z', 'updated_at': '2025-12-15T09:30:16Z', 'revision_number': 1} available for tenant
2025-12-15 09:32:22.587 66148 INFO tempest.lib.common.rest_client [req-86c649a3-702d-469a-99a2-77bf47c37fd9 req-86c649a3-702d-469a-99a2-77bf47c37fd9 ] Request (ServerExternalEventsTest:test_create_server_external_events): 200 GET http://10.180.1.21/compute/v2.1/servers/b1136d26-435f-494c-98d1-27c63827c3c7 0.097s
2025-12-15 09:32:22.594 66112 INFO tempest.lib.common.rest_client [req-7a6928ac-6bb4-4d7f-8959-1c3024c6dd84 req-7a6928ac-6bb4-4d7f-8959-1c3024c6dd84 ] Request (ServerActionsTestJSON:setUpClass): 200 GET http://10.180.1.21/compute/v2.1/servers/36a8da69-1650-4bc8-9785-3033a4a7a4fd 0.058s
