2025-12-15 09:31:19.647 66124 INFO tempest.lib.common.dynamic_creds [-] Created isolated network resources for: credentials: Credentials: {'domain_id': 'default', 'domain_name': 'Default', 'username': 'tempest-ServersListShow2100Test-1240525210-project-member', 'project_domain_id': 'default', 'project_domain_name': 'Default', 'project_id': '26cdefe4ed7c4347bd2c29597f437ba0', 'project_name': 'tempest-ServersListShow2100Test-1240525210', 'tenant_id': '26cdefe4ed7c4347bd2c29597f437ba0', 'tenant_name': 'tempest-ServersListShow2100Test-1240525210', 'user_domain_id': 'default', 'user_domain_name': 'Default', 'user_id': '3cfc58ee38de4246a4b587f10f1bebde', 'system': None}, Network: None, Subnet: None, Router: None
2025-12-15 09:31:19.693 66134 INFO tempest.lib.common.rest_client [req-49f08f5e-2f3c-4992-b5f6-c7cbdd27067b req-49f08f5e-2f3c-4992-b5f6-c7cbdd27067b ] Request (ServerRescueTestJSONUnderV235:tearDownClass): 204 DELETE http://10.180.1.21/compute/v2.1/servers/6c11f2a2-8421-472a-b584-0abac0992015 4.756s
2025-12-15 09:31:19.701 66140 INFO tempest.lib.common.rest_client [req-d67074cd-0c89-4a50-8837-e256d0da67ff req-d67074cd-0c89-4a50-8837-e256d0da67ff ] Request (HypervisorAdminNegativeTestJSON:test_get_nonexistent_hypervisor_uptime): 404 GET http://10.180.1.21/compute/v2.1/os-hypervisors/0b5007b3-cfa3-400f-a897-31d7160e21f2/uptime 4.642s
2025-12-15 09:31:19.710 66174 INFO tempest.lib.common.rest_client [req-bf011261-8579-43c6-8556-c7331f8efdf8 req-bf011261-8579-43c6-8556-c7331f8efdf8 ] Request (AttachInterfacesTestJSON:test_create_list_show_delete_interfaces_by_fixed_ip): 200 PUT http://10.180.1.21/networking/v2.0/floatingips/5bc86182-6561-40cd-88c0-50c77e9170d8 0.859s
2025-12-15 09:31:19.731 66124 INFO tempest.lib.common.rest_client [req-d01ee07b-94a2-4315-b1cc-0da7f58ebead req-d01ee07b-94a2-4315-b1cc-0da7f58ebead ] Request (ServersListShow2100Test:setUpClass): 201 POST http://10.180.1.21/identity/v3/auth/tokens 0.080s
2025-12-15 09:31:19.774 66124 INFO tempest.lib.common.rest_client [req-48deee69-8560-435d-a079-7614fac598b5 req-48deee69-8560-435d-a079-7614fac598b5 ] Request (ServersListShow2100Test:test_list_show_rebuild_update_server_2100): 201 POST http://10.180.1.21/identity/v3/auth/tokens 0.040s
2025-12-15 09:31:19.775 66124 INFO tempest.lib.common.fixed_network [-] (ServersListShow2100Test:test_list_show_rebuild_update_server_2100) Found network None available for tenant
2025-12-15 09:31:19.965 66154 INFO tempest.lib.common.rest_client [req-dc429dc3-085f-4c1b-a7cb-86029b957e4d req-dc429dc3-085f-4c1b-a7cb-86029b957e4d ] Request (ImagesMetadataTestJSON:setUp): 200 PUT http://10.180.1.21/compute/v2.1/images/bd67976e-0d9d-4706-9149-a681ed3d82ce/metadata 4.853s
2025-12-15 09:31:20.050 66122 INFO tempest.lib.common.rest_client [req-6574f8cc-bbe3-43f8-b2a0-dd1f86157d68 req-6574f8cc-bbe3-43f8-b2a0-dd1f86157d68 ] Request (KeyPairsV210TestJSON:test_admin_manage_keypairs_for_other_users): 201 POST http://10.180.1.21/compute/v2.1/os-keypairs 4.863s
2025-12-15 09:31:20.085 66166 INFO tempest.lib.common.rest_client [req-4289cb94-7b9e-49ff-9c2b-edc0335b25b0 req-4289cb94-7b9e-49ff-9c2b-edc0335b25b0 ] Request (MultipleCreateTestJSON:tearDownClass): 404 GET http://10.180.1.21/compute/v2.1/servers/3119dd05-2947-4923-8fe6-1591f684ea88 4.806s
2025-12-15 09:31:20.092 66128 INFO tempest.lib.common.rest_client [req-91e2e519-a3ce-4c6b-810f-a28426a9ef54 req-91e2e519-a3ce-4c6b-810f-a28426a9ef54 ] Request (ServerGroupTestJSON:setUpClass): 201 POST http://10.180.1.21/networking/v2.0/networks 0.676s
2025-12-15 09:31:20.127 66130 INFO tempest.lib.common.rest_client [req-a83dc03d-7ecd-4636-92f5-2274f2919d86 req-a83dc03d-7ecd-4636-92f5-2274f2919d86 ] Request (ServerActionsTestOtherA:setUpClass): 200 GET http://10.180.1.21/compute/v2.1/servers/9cc1e956-3a46-42ee-b07b-44cd3185ba29 5.522s
2025-12-15 09:31:20.153 66120 INFO tempest.lib.common.rest_client [req-2255cdee-927e-44f3-ad50-57477f906dfc req-2255cdee-927e-44f3-ad50-57477f906dfc ] Request (ServerActionsTestOtherB:test_create_backup): 200 GET http://10.180.1.21/image/v2/images/7281dbc3-bc86-4640-9ceb-0560e410a3f5 0.034s
2025-12-15 09:31:20.224 66150 INFO tempest.lib.common.rest_client [req-f0556783-e038-4ebf-8bbc-069b03494983 req-f0556783-e038-4ebf-8bbc-069b03494983 ] Request (ServersTestMultiNic:_run_cleanups): 204 DELETE http://10.180.1.21/compute/v2.1/servers/08c59710-a1fe-43a0-ac56-9cd4d2c8627e 4.911s
2025-12-15 09:31:20.324 66112 INFO tempest.lib.common.rest_client [req-50e89d19-0636-444a-b100-3101a59f0285 req-50e89d19-0636-444a-b100-3101a59f0285 ] Request (ServerActionsTestJSON:setUpClass): 201 POST http://10.180.1.21/networking/v2.0/security-group-rules 0.779s
2025-12-15 09:31:20.509 66128 INFO tempest.lib.common.rest_client [req-0ef262d3-d4a0-4cbf-a5c1-8a606ec19a11 req-0ef262d3-d4a0-4cbf-a5c1-8a606ec19a11 ] Request (ServerGroupTestJSON:setUpClass): 201 POST http://10.180.1.21/networking/v2.0/subnets 0.415s
2025-12-15 09:31:21.014 66166 INFO tempest.lib.common.rest_client [req-ee0931b9-5a2f-433b-8268-6436a51167b7 req-ee0931b9-5a2f-433b-8268-6436a51167b7 ] Request (MultipleCreateTestJSON:tearDownClass): 200 PUT http://10.180.1.21/networking/v2.0/routers/1c0021a5-af74-474b-9e51-5ac74cd699b5/remove_router_interface 0.928s
2025-12-15 09:31:21.044 66160 INFO tempest.lib.common.rest_client [req-673f21d6-f786-4fda-9087-7b29b68734f4 req-673f21d6-f786-4fda-9087-7b29b68734f4 ] Request (ServerPasswordTestJSON:tearDownClass): 200 GET http://10.180.1.21/compute/v2.1/servers/39b623c8-f107-4b32-9d3c-3d51c881ba46 5.659s
2025-12-15 09:31:21.070 66146 INFO tempest.lib.common.rest_client [req-bdd4968b-f5b8-4b15-9ee8-0a6849a90ef1 req-bdd4968b-f5b8-4b15-9ee8-0a6849a90ef1 ] Request (ServersAdmin275Test:tearDownClass): 404 GET http://10.180.1.21/compute/v2.1/servers/427d0c3f-fbcb-4b25-855a-9a9829d39e35 5.038s
2025-12-15 09:31:21.159 66112 INFO tempest.lib.common.rest_client [req-a464ffc9-f70d-4f8b-878a-52ec75791e47 req-a464ffc9-f70d-4f8b-878a-52ec75791e47 ] Request (ServerActionsTestJSON:setUpClass): 201 POST http://10.180.1.21/networking/v2.0/security-group-rules 0.834s
2025-12-15 09:31:21.176 66120 INFO tempest.lib.common.rest_client [req-71b5b459-b83d-43ab-a205-f8decdcfd683 req-71b5b459-b83d-43ab-a205-f8decdcfd683 ] Request (ServerActionsTestOtherB:test_create_backup): 200 GET http://10.180.1.21/image/v2/images/7281dbc3-bc86-4640-9ceb-0560e410a3f5 0.022s
2025-12-15 09:31:21.183 66146 INFO tempest.lib.common.rest_client [req-a1f4c94a-22b7-434a-9cea-7def81d1e403 req-a1f4c94a-22b7-434a-9cea-7def81d1e403 ] Request (ServersAdmin275Test:tearDownClass): 204 DELETE http://10.180.1.21/identity/v3/users/f393015daa6b4930b229c7f6b70e5534 0.112s
2025-12-15 09:31:21.187 66164 INFO tempest.lib.common.rest_client [req-38e44e47-3955-4a36-ac48-94f39be05ddd req-38e44e47-3955-4a36-ac48-94f39be05ddd ] Request (ListImageFiltersTestJSON:setUpClass): 200 GET http://10.180.1.21/compute/v2.1/servers/87b23db6-e426-455d-8e9a-526bb946de40 5.366s
2025-12-15 09:31:21.316 66146 INFO tempest.lib.common.rest_client [req-58cc72f9-e005-4501-8678-f46949b4c47a req-58cc72f9-e005-4501-8678-f46949b4c47a ] Request (ServersAdmin275Test:tearDownClass): 204 DELETE http://10.180.1.21/identity/v3/users/2d4f6876cc584687913b555a83e8530c 0.133s
2025-12-15 09:31:21.316 66146 INFO tempest.lib.common.dynamic_creds [-] Deleting project and security group for project: 51ec31a3a5fe4ba690135565d66cfbb2
2025-12-15 09:31:21.384 66146 INFO tempest.lib.common.rest_client [req-6032fd1b-93a8-4192-9f38-f9583717f2a3 req-6032fd1b-93a8-4192-9f38-f9583717f2a3 ] Request (ServersAdmin275Test:tearDownClass): 201 POST http://10.180.1.21/identity/v3/auth/tokens 0.067s
2025-12-15 09:31:21.718 66136 WARNING tempest.lib.common.ssh [-] Failed to establish authenticated ssh connection to cirros@10.180.180.188 ([Errno None] Unable to connect to port 22 on 10.180.180.188). Number attempts: 5. Retry after 6 seconds.: paramiko.ssh_exception.NoValidConnectionsError: [Errno None] Unable to connect to port 22 on 10.180.180.188
2025-12-15 09:31:21.904 66128 INFO tempest.lib.common.rest_client [req-80b2546d-b6ec-4d94-bfd8-9aa842784aa8 req-80b2546d-b6ec-4d94-bfd8-9aa842784aa8 ] Request (ServerGroupTestJSON:setUpClass): 201 POST http://10.180.1.21/networking/v2.0/routers 1.395s
2025-12-15 09:31:22.148 66168 INFO tempest.lib.common.rest_client [req-0c7fa177-7f23-4b08-abed-c2376ed82496 req-0c7fa177-7f23-4b08-abed-c2376ed82496 ] Request (ServersTestJSON:setUpClass): 200 GET http://10.180.1.21/compute/v2.1/servers/46462324-6b51-4692-9881-9735e448b49a/os-interface 5.576s
2025-12-15 09:31:22.198 66120 INFO tempest.lib.common.rest_client [req-d549a8fc-6a9b-4186-8528-a5f7cfb267e3 req-d549a8fc-6a9b-4186-8528-a5f7cfb267e3 ] Request (ServerActionsTestOtherB:test_create_backup): 200 GET http://10.180.1.21/image/v2/images/7281dbc3-bc86-4640-9ceb-0560e410a3f5 0.021s
2025-12-15 09:31:22.249 66138 INFO tempest.lib.common.rest_client [req-9463f9f1-87de-42d2-ab90-9aba16d50a67 req-9463f9f1-87de-42d2-ab90-9aba16d50a67 ] Request (ServersTestFqdnHostnames:tearDownClass): 204 DELETE http://10.180.1.21/compute/v2.1/servers/7e606feb-b185-4a78-84a5-b6dcdca993d1 5.019s
2025-12-15 09:31:22.337 66166 INFO tempest.lib.common.rest_client [req-cfa97897-fc4c-4c73-9d97-c26b9ce4f830 req-cfa97897-fc4c-4c73-9d97-c26b9ce4f830 ] Request (MultipleCreateTestJSON:tearDownClass): 204 DELETE http://10.180.1.21/networking/v2.0/routers/1c0021a5-af74-474b-9e51-5ac74cd699b5 1.321s
2025-12-15 09:31:22.590 66146 INFO tempest.lib.common.rest_client [req-50394ebb-b8a2-4927-a07e-6b88e951f80b req-50394ebb-b8a2-4927-a07e-6b88e951f80b ] Request (ServersAdmin275Test:tearDownClass): 200 GET http://10.180.1.21/networking/v2.0/security-groups?tenant_id=51ec31a3a5fe4ba690135565d66cfbb2&name=default 1.205s
2025-12-15 09:31:22.598 66112 INFO tempest.lib.common.rest_client [req-63938809-7520-4e89-b106-2f0601035db1 req-63938809-7520-4e89-b106-2f0601035db1 ] Request (ServerActionsTestJSON:setUpClass): 201 POST http://10.180.1.21/networking/v2.0/floatingips 1.439s
2025-12-15 09:31:22.675 66112 INFO tempest.lib.common.rest_client [req-3bc8b0cf-5510-4567-9465-617c4b8e88e7 req-3bc8b0cf-5510-4567-9465-617c4b8e88e7 ] Request (ServerActionsTestJSON:setUpClass): 201 POST http://10.180.1.21/identity/v3/auth/tokens 0.072s
2025-12-15 09:31:22.675 66112 INFO tempest.lib.common.fixed_network [-] (ServerActionsTestJSON:setUpClass) Found network {'id': '06239c04-01de-40c8-bff7-cd49bb0f85d5', 'name': 'tempest-ServerActionsTestJSON-262183551-network', 'tenant_id': '8cffe172625b419ca9454d5db1a4e305', 'project_id': '8cffe172625b419ca9454d5db1a4e305', 'admin_state_up': True, 'mtu': 8950, 'status': 'ACTIVE', 'subnets': [], 'shared': False, 'port_security_enabled': True, 'router:external': False, 'provider:network_type': 'vlan', 'provider:physical_network': 'default', 'provider:segmentation_id': 656, 'availability_zone_hints': [], 'availability_zones': [], 'ipv4_address_scope': None, 'ipv6_address_scope': None, 'description': '', 'tags': [], 'created_at': '2025-12-15T09:31:10Z', 'updated_at': '2025-12-15T09:31:10Z', 'revision_number': 1} available for tenant
2025-12-15 09:31:23.212 66168 INFO tempest.lib.common.rest_client [req-05ff4dd9-744c-4935-b79b-dd2fe6f0156f req-05ff4dd9-744c-4935-b79b-dd2fe6f0156f ] Request (ServersTestJSON:setUpClass): 200 PUT http://10.180.1.21/networking/v2.0/floatingips/5df315d1-2747-4025-87b6-528108089579 1.061s
2025-12-15 09:31:23.215 66120 INFO tempest.lib.common.rest_client [req-f2e0436d-793d-420d-b0be-195691dfc2f8 req-f2e0436d-793d-420d-b0be-195691dfc2f8 ] Request (ServerActionsTestOtherB:test_create_backup): 200 GET http://10.180.1.21/image/v2/images/7281dbc3-bc86-4640-9ceb-0560e410a3f5 0.015s
2025-12-15 09:31:23.241 66120 INFO tempest.lib.common.rest_client [req-74f356e5-25e7-4806-a472-88bd035b538f req-74f356e5-25e7-4806-a472-88bd035b538f ] Request (ServerActionsTestOtherB:test_create_backup): 200 GET http://10.180.1.21/image/v2/images/7281dbc3-bc86-4640-9ceb-0560e410a3f5/tasks 0.025s
2025-12-15 09:31:23.300 66120 INFO tempest.lib.common.rest_client [req-9c759f26-addc-46ab-9007-68ce21c945f5 req-9c759f26-addc-46ab-9007-68ce21c945f5 ] Request (ServerActionsTestOtherB:test_create_backup): 200 GET http://10.180.1.21/image/v2/images?status=active&sort_key=created_at&sort_dir=asc&image_type=backup&backup_type=daily&instance_uuid=e2a81360-01f8-4de8-a27c-a21c76d9d80e 0.058s
2025-12-15 09:31:23.390 66166 INFO tempest.lib.common.rest_client [req-f849f88d-9c50-41f1-bc01-d7f01e226912 req-f849f88d-9c50-41f1-bc01-d7f01e226912 ] Request (MultipleCreateTestJSON:tearDownClass): 204 DELETE http://10.180.1.21/networking/v2.0/subnets/ff6d084b-12d6-4966-ade1-e4c723ef2371 1.053s
2025-12-15 09:31:23.496 66128 INFO tempest.lib.common.rest_client [req-66269498-13ff-4438-8fc0-385425d03e9b req-66269498-13ff-4438-8fc0-385425d03e9b ] Request (ServerGroupTestJSON:setUpClass): 200 PUT http://10.180.1.21/networking/v2.0/routers/4c6d4e71-f7c2-4153-a435-7337ab3854c1/add_router_interface 1.591s
2025-12-15 09:31:23.496 66128 INFO tempest.lib.common.dynamic_creds [-] Created isolated network resources for: credentials: Credentials: {'domain_id': 'default', 'domain_name': 'Default', 'username': 'tempest-ServerGroupTestJSON-916502923-project-member', 'project_domain_id': 'default', 'project_domain_name': 'Default', 'project_id': 'ea9eb92e13834800843ac40801026f90', 'project_name': 'tempest-ServerGroupTestJSON-916502923', 'tenant_id': 'ea9eb92e13834800843ac40801026f90', 'tenant_name': 'tempest-ServerGroupTestJSON-916502923', 'user_domain_id': 'default', 'user_domain_name': 'Default', 'user_id': 'a95cf44537994257b58df72439e436dc', 'system': None}, Network: {'id': '6f5e11f1-0161-4e6b-b9b1-df0402241fe4', 'name': 'tempest-ServerGroupTestJSON-117359793-network', 'tenant_id': 'ea9eb92e13834800843ac40801026f90', 'project_id': 'ea9eb92e13834800843ac40801026f90', 'admin_state_up': True, 'mtu': 8950, 'status': 'ACTIVE', 'subnets': [], 'shared': False, 'port_security_enabled': True, 'router:external': False, 'provider:network_type': 'vlan', 'provider:physical_network': 'default', 'provider:segmentation_id': 93, 'availability_zone_hints': [], 'availability_zones': [], 'ipv4_address_scope': None, 'ipv6_address_scope': None, 'description': '', 'tags': [], 'created_at': '2025-12-15T09:31:19Z', 'updated_at': '2025-12-15T09:31:19Z', 'revision_number': 1}, Subnet: {'id': '4f0080dd-43a2-4007-a5e9-1ca9d336a92b', 'name': 'tempest-ServerGroupTestJSON-117359793-subnet', 'tenant_id': 'ea9eb92e13834800843ac40801026f90', 'network_id': '6f5e11f1-0161-4e6b-b9b1-df0402241fe4', 'ip_version': 4, 'subnetpool_id': None, 'enable_dhcp': True, 'ipv6_ra_mode': None, 'ipv6_address_mode': None, 'gateway_ip': '192.168.128.1', 'cidr': '192.168.128.0/28', 'allocation_pools': [{'start': '192.168.128.2', 'end': '192.168.128.14'}], 'host_routes': [], 'dns_nameservers': [], 'description': '', 'router:external': False, 'service_types': [], 'tags': [], 'created_at': '2025-12-15T09:31:20Z', 'updated_at': '2025-12-15T09:31:20Z', 'revision_number': 0, 'project_id': 'ea9eb92e13834800843ac40801026f90'}, Router: {'id': '4c6d4e71-f7c2-4153-a435-7337ab3854c1', 'name': 'tempest-ServerGroupTestJSON-117359793-router', 'tenant_id': 'ea9eb92e13834800843ac40801026f90', 'admin_state_up': True, 'status': 'ACTIVE', 'external_gateway_info': {'network_id': '27af2d03-40d4-4581-8a26-378c0124c8ca', 'external_fixed_ips': [{'subnet_id': '83aa60a0-c93c-46dc-8a36-8add3955036d', 'ip_address': '10.180.180.128'}], 'enable_snat': True}, 'description': '', 'availability_zones': [], 'distributed': False, 'ha': False, 'availability_zone_hints': [], 'routes': [], 'flavor_id': None, 'tags': [], 'created_at': '2025-12-15T09:31:21Z', 'updated_at': '2025-12-15T09:31:21Z', 'revision_number': 2, 'project_id': 'ea9eb92e13834800843ac40801026f90'}
2025-12-15 09:31:23.578 66146 INFO tempest.lib.common.rest_client [req-66939153-05c3-4d36-85f4-13909e833451 req-66939153-05c3-4d36-85f4-13909e833451 ] Request (ServersAdmin275Test:tearDownClass): 204 DELETE http://10.180.1.21/networking/v2.0/security-groups/47143d49-8654-4a68-be94-d205837b9d0f 0.988s
2025-12-15 09:31:23.583 66128 INFO tempest.lib.common.rest_client [req-32fd82c3-c3ca-4ef9-8f6b-9e9b3c8d64e7 req-32fd82c3-c3ca-4ef9-8f6b-9e9b3c8d64e7 ] Request (ServerGroupTestJSON:setUpClass): 201 POST http://10.180.1.21/identity/v3/auth/tokens 0.083s
2025-12-15 09:31:23.651 66146 INFO tempest.lib.common.rest_client [req-b67006f1-969a-45f2-b050-9b6fb10ef9fa req-b67006f1-969a-45f2-b050-9b6fb10ef9fa ] Request (ServersAdmin275Test:tearDownClass): 204 DELETE http://10.180.1.21/identity/v3/projects/51ec31a3a5fe4ba690135565d66cfbb2 0.072s
2025-12-15 09:31:23.652 66146 INFO tempest.lib.common.dynamic_creds [-] Deleting project and security group for project: 9c3204b04a554c3eb8abe68d2000b3a8
2025-12-15 09:31:23.953 66166 INFO tempest.lib.common.rest_client [req-b85355d1-15da-4a08-b361-e176b4319cfb req-b85355d1-15da-4a08-b361-e176b4319cfb ] Request (MultipleCreateTestJSON:tearDownClass): 204 DELETE http://10.180.1.21/networking/v2.0/networks/65c87860-63d3-4ce9-84b1-e8f2f1ddc08a 0.562s
2025-12-15 09:31:24.145 66166 INFO tempest.lib.common.rest_client [req-f08f0d93-f9cd-4af6-bbe9-6b065c325522 req-f08f0d93-f9cd-4af6-bbe9-6b065c325522 ] Request (MultipleCreateTestJSON:tearDownClass): 204 DELETE http://10.180.1.21/identity/v3/users/55ee3359edd747e182dcd8ac50c0e617 0.191s
2025-12-15 09:31:24.145 66166 INFO tempest.lib.common.dynamic_creds [-] Deleting project and security group for project: 039f94b77eac4e16b6e3f80e312cede7
2025-12-15 09:31:24.208 66146 INFO tempest.lib.common.rest_client [req-4455eabd-902c-483d-b7d2-b1a35e18a6cc req-4455eabd-902c-483d-b7d2-b1a35e18a6cc ] Request (ServersAdmin275Test:tearDownClass): 200 GET http://10.180.1.21/networking/v2.0/security-groups?tenant_id=9c3204b04a554c3eb8abe68d2000b3a8&name=default 0.556s
2025-12-15 09:31:24.439 66166 INFO tempest.lib.common.rest_client [req-c08ed754-baf1-4eb2-93e8-bedf71237d85 req-c08ed754-baf1-4eb2-93e8-bedf71237d85 ] Request (MultipleCreateTestJSON:tearDownClass): 200 GET http://10.180.1.21/networking/v2.0/security-groups?tenant_id=039f94b77eac4e16b6e3f80e312cede7&name=default 0.294s
2025-12-15 09:31:24.511 66146 INFO tempest.lib.common.rest_client [req-ef5a400e-6ed2-4d97-a66b-4ddddfcf4186 req-ef5a400e-6ed2-4d97-a66b-4ddddfcf4186 ] Request (ServersAdmin275Test:tearDownClass): 204 DELETE http://10.180.1.21/networking/v2.0/security-groups/bf52b1a7-9dfa-49a9-8e15-745430625920 0.303s
2025-12-15 09:31:24.640 66146 INFO tempest.lib.common.rest_client [req-f8626d4f-2da6-44ba-898a-30361ac0f3e4 req-f8626d4f-2da6-44ba-898a-30361ac0f3e4 ] Request (ServersAdmin275Test:tearDownClass): 204 DELETE http://10.180.1.21/identity/v3/projects/9c3204b04a554c3eb8abe68d2000b3a8 0.129s
2025-12-15 09:31:24.711 66146 INFO tempest.lib.common.rest_client [req-e0ec0142-bfb4-4d82-8349-e5a2857d5803 req-e0ec0142-bfb4-4d82-8349-e5a2857d5803 ] Request (FloatingIPDetailsNegativeTestJSON:setUpClass): 201 POST http://10.180.1.21/identity/v3/auth/tokens 0.069s
2025-12-15 09:31:24.752 66132 INFO tempest.lib.common.rest_client [req-d2793a55-cc24-4b8c-a64e-85fe6962b889 req-d2793a55-cc24-4b8c-a64e-85fe6962b889 ] Request (ServerRescueTestJSON:setUpClass): 202 POST http://10.180.1.21/compute/v2.1/servers 7.609s
2025-12-15 09:31:24.759 66146 INFO tempest.lib.common.rest_client [req-9679c008-c131-4f38-a2d8-f20f7cf84374 req-9679c008-c131-4f38-a2d8-f20f7cf84374 ] Request (FloatingIPDetailsNegativeTestJSON:setUpClass): 201 POST http://10.180.1.21/identity/v3/auth/tokens 0.046s
2025-12-15 09:31:24.769 66166 INFO tempest.lib.common.rest_client [req-353d5490-45b2-4029-9c1d-2a4eb3459d24 req-353d5490-45b2-4029-9c1d-2a4eb3459d24 ] Request (MultipleCreateTestJSON:tearDownClass): 204 DELETE http://10.180.1.21/networking/v2.0/security-groups/01b4a28f-2af7-4dd0-8ce7-d59bea16cdcf 0.329s
2025-12-15 09:31:24.790 66146 INFO tempest.lib.common.rest_client [req-3d69b593-c1bb-4c25-a591-cf2b6659ca1f req-3d69b593-c1bb-4c25-a591-cf2b6659ca1f ] Request (FloatingIPDetailsNegativeTestJSON:setUpClass): 200 GET http://10.180.1.21/identity/v3/domains?name=Default 0.030s
2025-12-15 09:31:24.844 66152 INFO tempest.lib.common.rest_client [req-5d178e93-d68f-4d57-964e-6bf8880d0c83 req-5d178e93-d68f-4d57-964e-6bf8880d0c83 ] Request (ServersAdminTestJSON:test_create_server_with_scheduling_hint): 202 POST http://10.180.1.21/compute/v2.1/servers 6.886s
2025-12-15 09:31:24.863 66142 INFO tempest.lib.common.rest_client [req-56f85bed-9557-4650-bc5d-27a673c4d661 req-56f85bed-9557-4650-bc5d-27a673c4d661 ] Request (MigrationsAdminTest:test_list_migrations_in_flavor_resize_situation): 200 GET http://10.180.1.21/compute/v2.1/os-migrations 6.475s
2025-12-15 09:31:24.895 66166 INFO tempest.lib.common.rest_client [req-a2667841-1c02-4f46-838f-262f8184b92a req-a2667841-1c02-4f46-838f-262f8184b92a ] Request (MultipleCreateTestJSON:tearDownClass): 204 DELETE http://10.180.1.21/identity/v3/projects/039f94b77eac4e16b6e3f80e312cede7 0.125s
2025-12-15 09:31:24.898 66144 INFO tempest.lib.common.rest_client [req-7de9892e-aae8-4b6a-b0c5-fd904b9f354b req-7de9892e-aae8-4b6a-b0c5-fd904b9f354b ] Request (FlavorsAdminTestJSON:test_is_public_string_variations): 200 GET http://10.180.1.21/compute/v2.1/flavors/detail?is_public=1 6.448s
2025-12-15 09:31:25.014 66156 INFO tempest.lib.common.rest_client [req-6b3bc220-ab3f-490c-95dd-ac3bcf8c8444 req-6b3bc220-ab3f-490c-95dd-ac3bcf8c8444 ] Request (ListServersNegativeTestJSON:setUpClass): 200 GET http://10.180.1.21/compute/v2.1/servers 6.391s
2025-12-15 09:31:25.051 66166 INFO tempest.lib.common.rest_client [req-fbaeff8c-5c9b-4b49-93d0-dc8bed6f3adb req-fbaeff8c-5c9b-4b49-93d0-dc8bed6f3adb ] Request (ServerRescueNegativeTestJSON:setUpClass): 201 POST http://10.180.1.21/identity/v3/auth/tokens 0.153s
2025-12-15 09:31:25.074 66146 INFO tempest.lib.common.rest_client [req-c71f49a8-08e2-4c8e-b050-5544a36f6112 req-c71f49a8-08e2-4c8e-b050-5544a36f6112 ] Request (FloatingIPDetailsNegativeTestJSON:setUpClass): 201 POST http://10.180.1.21/identity/v3/projects 0.284s
2025-12-15 09:31:25.181 66148 INFO tempest.lib.common.rest_client [req-f699882e-27a6-42a1-b04b-58361779508e req-f699882e-27a6-42a1-b04b-58361779508e ] Request (QuotasAdminTestV257:test_get_updated_quotas): 200 PUT http://10.180.1.21/compute/v2.1/os-quota-sets/61afd6d12d9e474aa10f4260d01991fe?user_id=b22d4b89596a40e29e9fb3bebfd94d69 7.050s
2025-12-15 09:31:25.195 66166 INFO tempest.lib.common.rest_client [req-7e609b81-99df-484b-b86f-e1d0bd508daf req-7e609b81-99df-484b-b86f-e1d0bd508daf ] Request (ServerRescueNegativeTestJSON:setUpClass): 201 POST http://10.180.1.21/identity/v3/auth/tokens 0.141s
2025-12-15 09:31:25.215 66146 INFO tempest.lib.common.rest_client [req-a64c7440-f165-4a75-a9a2-266b4c7a4253 req-a64c7440-f165-4a75-a9a2-266b4c7a4253 ] Request (FloatingIPDetailsNegativeTestJSON:setUpClass): 201 POST http://10.180.1.21/identity/v3/users 0.140s
2025-12-15 09:31:25.236 66118 INFO tempest.lib.common.rest_client [req-fb15b0b0-ad64-40d3-b836-9e60b4cfed97 req-fb15b0b0-ad64-40d3-b836-9e60b4cfed97 ] Request (AttachInterfacesUnderV243Test:_run_cleanups): 200 GET http://10.180.1.21/compute/v2.1/servers/3f0067b3-dbe4-4361-a90a-c6355336a0ff 6.225s
2025-12-15 09:31:25.247 66166 INFO tempest.lib.common.rest_client [req-268e7ded-4294-428f-9ddc-ee1d05783a4a req-268e7ded-4294-428f-9ddc-ee1d05783a4a ] Request (ServerRescueNegativeTestJSON:setUpClass): 200 GET http://10.180.1.21/identity/v3/domains?name=Default 0.052s
2025-12-15 09:31:25.253 66146 INFO tempest.lib.common.rest_client [req-e5d9731e-5f44-4547-b5e7-e9eb0baa4d82 req-e5d9731e-5f44-4547-b5e7-e9eb0baa4d82 ] Request (FloatingIPDetailsNegativeTestJSON:setUpClass): 200 GET http://10.180.1.21/identity/v3/roles 0.036s
2025-12-15 09:31:25.292 66166 INFO tempest.lib.common.rest_client [req-021f8400-ff1f-44cc-975a-11907fa775ee req-021f8400-ff1f-44cc-975a-11907fa775ee ] Request (ServerRescueNegativeTestJSON:setUpClass): 201 POST http://10.180.1.21/identity/v3/projects 0.043s
2025-12-15 09:31:25.312 66170 INFO tempest.lib.common.rest_client [req-064493f9-e9f7-4abc-b553-144cdbcecf2c req-064493f9-e9f7-4abc-b553-144cdbcecf2c ] Request (ServerDiskConfigTestJSON:test_rebuild_server_with_manual_disk_config): 200 GET http://10.180.1.21/compute/v2.1/servers/713f5284-8698-4515-b944-245644f5fe34 5.884s
2025-12-15 09:31:25.322 66146 INFO tempest.lib.common.rest_client [req-be4ec14a-c3c9-4dbe-aa4a-4345d77716e6 req-be4ec14a-c3c9-4dbe-aa4a-4345d77716e6 ] Request (FloatingIPDetailsNegativeTestJSON:setUpClass): 204 PUT http://10.180.1.21/identity/v3/projects/72f63484e38049fb86414e7bdf6ff29c/users/fc4eb4b4ae264d5386f9a5cf444c0604/roles/e50453b17db44665881793a6edfba8f3 0.069s
2025-12-15 09:31:25.322 66146 INFO tempest.lib.common.dynamic_creds [-] Dynamic test user fc4eb4b4ae264d5386f9a5cf444c0604 is created with scope project and roles: ['member']
2025-12-15 09:31:25.323 66146 INFO tempest.lib.common.dynamic_creds [-] Acquired dynamic creds: credentials: Credentials: {'domain_id': 'default', 'domain_name': 'Default', 'username': 'tempest-FloatingIPDetailsNegativeTestJSON-1784804416-project-member', 'project_domain_id': 'default', 'project_domain_name': 'Default', 'project_id': '72f63484e38049fb86414e7bdf6ff29c', 'project_name': 'tempest-FloatingIPDetailsNegativeTestJSON-1784804416', 'tenant_id': '72f63484e38049fb86414e7bdf6ff29c', 'tenant_name': 'tempest-FloatingIPDetailsNegativeTestJSON-1784804416', 'user_domain_id': 'default', 'user_domain_name': 'Default', 'user_id': 'fc4eb4b4ae264d5386f9a5cf444c0604', 'system': None}, Network: None, Subnet: None, Router: None
2025-12-15 09:31:25.338 66172 INFO tempest.lib.common.rest_client [req-da431dbe-9029-4fbe-aa39-2df8a738ccc6 req-da431dbe-9029-4fbe-aa39-2df8a738ccc6 ] Request (ServersWithSpecificFlavorTestJSON:test_verify_created_server_ephemeral_disk): 200 GET http://10.180.1.21/compute/v2.1/servers/3c0852f9-6916-44a3-818d-f47129471d46 5.856s
2025-12-15 09:31:25.366 66140 INFO tempest.lib.common.rest_client [req-d34929f3-2bc7-4936-9947-19fce6fcf17e req-d34929f3-2bc7-4936-9947-19fce6fcf17e ] Request (HypervisorAdminNegativeTestJSON:test_show_hypervisor_with_non_admin_user): 200 GET http://10.180.1.21/compute/v2.1/os-hypervisors 5.663s
2025-12-15 09:31:25.416 66134 INFO tempest.lib.common.rest_client [req-33aa7b3e-c978-42ce-9c74-60b100dfd557 req-33aa7b3e-c978-42ce-9c74-60b100dfd557 ] Request (ServerRescueTestJSONUnderV235:tearDownClass): 200 GET http://10.180.1.21/compute/v2.1/servers/6c11f2a2-8421-472a-b584-0abac0992015 5.722s
2025-12-15 09:31:25.426 66166 INFO tempest.lib.common.rest_client [req-b6c51b79-a4f9-4fdc-a107-2e1a3b6d4f30 req-b6c51b79-a4f9-4fdc-a107-2e1a3b6d4f30 ] Request (ServerRescueNegativeTestJSON:setUpClass): 201 POST http://10.180.1.21/identity/v3/users 0.133s
2025-12-15 09:31:25.442 66146 INFO tempest.lib.common.rest_client [req-499901f5-dbc2-49a5-a80e-33aa1ba38822 req-499901f5-dbc2-49a5-a80e-33aa1ba38822 ] Request (FloatingIPDetailsNegativeTestJSON:setUpClass): 201 POST http://10.180.1.21/identity/v3/auth/tokens 0.119s
2025-12-15 09:31:25.480 66166 INFO tempest.lib.common.rest_client [req-8f4fa67d-24d4-4ed4-9891-25fc602d0874 req-8f4fa67d-24d4-4ed4-9891-25fc602d0874 ] Request (ServerRescueNegativeTestJSON:setUpClass): 200 GET http://10.180.1.21/identity/v3/roles 0.053s
2025-12-15 09:31:25.538 66166 INFO tempest.lib.common.rest_client [req-635ae045-7a88-4309-90c3-1a176a3895c3 req-635ae045-7a88-4309-90c3-1a176a3895c3 ] Request (ServerRescueNegativeTestJSON:setUpClass): 204 PUT http://10.180.1.21/identity/v3/projects/09367f7b31c243a59f7287f01e9698cc/users/cfa2e39fc82547329bc3746f20d41162/roles/e50453b17db44665881793a6edfba8f3 0.058s
2025-12-15 09:31:25.538 66166 INFO tempest.lib.common.dynamic_creds [-] Dynamic test user cfa2e39fc82547329bc3746f20d41162 is created with scope project and roles: ['member']
2025-12-15 09:31:25.539 66166 INFO tempest.lib.common.dynamic_creds [-] Acquired dynamic creds: credentials: Credentials: {'domain_id': 'default', 'domain_name': 'Default', 'username': 'tempest-ServerRescueNegativeTestJSON-1891900759-project-member', 'project_domain_id': 'default', 'project_domain_name': 'Default', 'project_id': '09367f7b31c243a59f7287f01e9698cc', 'project_name': 'tempest-ServerRescueNegativeTestJSON-1891900759', 'tenant_id': '09367f7b31c243a59f7287f01e9698cc', 'tenant_name': 'tempest-ServerRescueNegativeTestJSON-1891900759', 'user_domain_id': 'default', 'user_domain_name': 'Default', 'user_id': 'cfa2e39fc82547329bc3746f20d41162', 'system': None}, Network: None, Subnet: None, Router: None
2025-12-15 09:31:25.598 66174 INFO tempest.lib.common.rest_client [req-2c97c945-1252-43f8-81b9-0f7d619ff88d req-2c97c945-1252-43f8-81b9-0f7d619ff88d ] Request (AttachInterfacesTestJSON:test_create_list_show_delete_interfaces_by_fixed_ip): 200 GET http://10.180.1.21/compute/v2.1/servers/c45e0f9e-c4db-4c0b-8caa-6586af13434c 5.888s
2025-12-15 09:31:25.608 66174 INFO tempest.lib.common.ssh [-] Creating ssh connection to '10.180.180.200:22' as 'cirros' with public key authentication
2025-12-15 09:31:25.628 66166 INFO tempest.lib.common.rest_client [req-3c8b3eea-a44d-4b6c-89e2-2b4f35511200 req-3c8b3eea-a44d-4b6c-89e2-2b4f35511200 ] Request (ServerRescueNegativeTestJSON:setUpClass): 201 POST http://10.180.1.21/identity/v3/auth/tokens 0.090s
2025-12-15 09:31:25.687 66124 INFO tempest.lib.common.rest_client [req-da9c1350-510c-4f33-b9cc-bd6aa4f70aed req-da9c1350-510c-4f33-b9cc-bd6aa4f70aed ] Request (ServersListShow2100Test:test_list_show_rebuild_update_server_2100): 202 POST http://10.180.1.21/compute/v2.1/servers 5.911s
2025-12-15 09:31:25.706 66122 INFO tempest.lib.common.rest_client [req-ebc40d31-aebc-4911-9886-7c2ba7885e33 req-ebc40d31-aebc-4911-9886-7c2ba7885e33 ] Request (KeyPairsV210TestJSON:test_admin_manage_keypairs_for_other_users): 200 GET http://10.180.1.21/compute/v2.1/os-keypairs/tempest-keypair-852772366?user_id=90ab8c65c36044cd83cfd66f44068779 5.654s
2025-12-15 09:31:25.783 66154 INFO tempest.lib.common.rest_client [req-7f4d3494-ed10-4543-9ebf-64cdb1f17c98 req-7f4d3494-ed10-4543-9ebf-64cdb1f17c98 ] Request (ImagesMetadataTestJSON:test_delete_image_metadata_item): 204 DELETE http://10.180.1.21/compute/v2.1/images/bd67976e-0d9d-4706-9149-a681ed3d82ce/metadata/os_version 5.817s
2025-12-15 09:31:25.870 66166 INFO tempest.lib.common.rest_client [req-8d1a995c-d399-454f-b56a-671a60cd5838 req-8d1a995c-d399-454f-b56a-671a60cd5838 ] Request (ServerRescueNegativeTestJSON:setUpClass): 201 POST http://10.180.1.21/networking/v2.0/networks 0.241s
2025-12-15 09:31:25.890 66146 INFO tempest.lib.common.rest_client [req-3380415a-f1cf-4cdb-b280-4fab343ae596 req-3380415a-f1cf-4cdb-b280-4fab343ae596 ] Request (FloatingIPDetailsNegativeTestJSON:setUpClass): 201 POST http://10.180.1.21/networking/v2.0/networks 0.447s
2025-12-15 09:31:25.897 66150 INFO tempest.lib.common.rest_client [req-9c80f358-0576-4382-850a-060f6fd43da2 req-9c80f358-0576-4382-850a-060f6fd43da2 ] Request (ServersTestMultiNic:_run_cleanups): 200 GET http://10.180.1.21/compute/v2.1/servers/08c59710-a1fe-43a0-ac56-9cd4d2c8627e 5.672s
2025-12-15 09:31:25.912 66114 INFO tempest.lib.common.rest_client [req-34659d16-abf8-4106-bd17-1b47b47eb221 req-34659d16-abf8-4106-bd17-1b47b47eb221 ] Request (ServersTestBootFromVolume:setUpClass): 200 GET http://10.180.1.21/compute/v2.1/servers/72021432-5672-441c-a885-d8fae92d06e5 5.320s
2025-12-15 09:31:26.127 66166 INFO tempest.lib.common.rest_client [req-efb9baaf-dd00-4158-a0c0-da95ee492812 req-efb9baaf-dd00-4158-a0c0-da95ee492812 ] Request (ServerRescueNegativeTestJSON:setUpClass): 201 POST http://10.180.1.21/networking/v2.0/subnets 0.256s
2025-12-15 09:31:26.131 66146 INFO tempest.lib.common.rest_client [req-1a3688b5-c7fd-425f-919e-39fb6bb2ba6e req-1a3688b5-c7fd-425f-919e-39fb6bb2ba6e ] Request (FloatingIPDetailsNegativeTestJSON:setUpClass): 201 POST http://10.180.1.21/networking/v2.0/subnets 0.240s
2025-12-15 09:31:26.157 66160 INFO tempest.lib.common.rest_client [req-42de4df8-a969-4c38-9ed3-37f776b10264 req-42de4df8-a969-4c38-9ed3-37f776b10264 ] Request (ServerPasswordTestJSON:tearDownClass): 200 GET http://10.180.1.21/compute/v2.1/servers/39b623c8-f107-4b32-9d3c-3d51c881ba46 4.102s
2025-12-15 09:31:26.160 66130 INFO tempest.lib.common.rest_client [req-f5f8cfeb-cbca-418c-b4a8-a9f44c4a149c req-f5f8cfeb-cbca-418c-b4a8-a9f44c4a149c ] Request (ServerActionsTestOtherA:setUpClass): 200 GET http://10.180.1.21/compute/v2.1/servers/9cc1e956-3a46-42ee-b07b-44cd3185ba29 5.017s
2025-12-15 09:31:26.882 66146 INFO tempest.lib.common.rest_client [req-f7e7fa8c-fdf8-4a40-8148-76a77e5c8d22 req-f7e7fa8c-fdf8-4a40-8148-76a77e5c8d22 ] Request (FloatingIPDetailsNegativeTestJSON:setUpClass): 201 POST http://10.180.1.21/networking/v2.0/routers 0.750s
2025-12-15 09:31:26.911 66164 INFO tempest.lib.common.rest_client [req-ee72a364-2d04-4b2b-8d71-a0321dc9706a req-ee72a364-2d04-4b2b-8d71-a0321dc9706a ] Request (ListImageFiltersTestJSON:setUpClass): 200 GET http://10.180.1.21/compute/v2.1/servers/87b23db6-e426-455d-8e9a-526bb946de40 4.709s
2025-12-15 09:31:26.927 66138 INFO tempest.lib.common.rest_client [req-1ba30320-86ba-40bd-9b4d-46602ad180e2 req-1ba30320-86ba-40bd-9b4d-46602ad180e2 ] Request (ServersTestFqdnHostnames:tearDownClass): 200 GET http://10.180.1.21/compute/v2.1/servers/7e606feb-b185-4a78-84a5-b6dcdca993d1 4.678s
2025-12-15 09:31:27.331 66166 INFO tempest.lib.common.rest_client [req-01e3d9d5-55a5-4aef-bdad-5e5c4c8f3bff req-01e3d9d5-55a5-4aef-bdad-5e5c4c8f3bff ] Request (ServerRescueNegativeTestJSON:setUpClass): 201 POST http://10.180.1.21/networking/v2.0/routers 1.203s
2025-12-15 09:31:27.730 66146 INFO tempest.lib.common.rest_client [req-35edbefe-5fe5-40fe-b500-e70efb33baff req-35edbefe-5fe5-40fe-b500-e70efb33baff ] Request (FloatingIPDetailsNegativeTestJSON:setUpClass): 200 PUT http://10.180.1.21/networking/v2.0/routers/b63b30c3-55cb-4697-a41c-a40c800825fe/add_router_interface 0.847s
2025-12-15 09:31:27.730 66146 INFO tempest.lib.common.dynamic_creds [-] Created isolated network resources for: credentials: Credentials: {'domain_id': 'default', 'domain_name': 'Default', 'username': 'tempest-FloatingIPDetailsNegativeTestJSON-1784804416-project-member', 'project_domain_id': 'default', 'project_domain_name': 'Default', 'project_id': '72f63484e38049fb86414e7bdf6ff29c', 'project_name': 'tempest-FloatingIPDetailsNegativeTestJSON-1784804416', 'tenant_id': '72f63484e38049fb86414e7bdf6ff29c', 'tenant_name': 'tempest-FloatingIPDetailsNegativeTestJSON-1784804416', 'user_domain_id': 'default', 'user_domain_name': 'Default', 'user_id': 'fc4eb4b4ae264d5386f9a5cf444c0604', 'system': None}, Network: {'id': '697b2efa-39d9-410f-9ba6-8a244348ea5a', 'name': 'tempest-FloatingIPDetailsNegativeTestJSON-1126214156-network', 'tenant_id': '72f63484e38049fb86414e7bdf6ff29c', 'project_id': '72f63484e38049fb86414e7bdf6ff29c', 'admin_state_up': True, 'mtu': 8950, 'status': 'ACTIVE', 'subnets': [], 'shared': False, 'port_security_enabled': True, 'router:external': False, 'provider:network_type': 'vlan', 'provider:physical_network': 'default', 'provider:segmentation_id': 597, 'availability_zone_hints': [], 'availability_zones': [], 'ipv4_address_scope': None, 'ipv6_address_scope': None, 'description': '', 'tags': [], 'created_at': '2025-12-15T09:31:25Z', 'updated_at': '2025-12-15T09:31:25Z', 'revision_number': 1}, Subnet: {'id': 'b8c4e0a6-64a1-42ce-8f42-5d55c39f08bb', 'name': 'tempest-FloatingIPDetailsNegativeTestJSON-1126214156-subnet', 'tenant_id': '72f63484e38049fb86414e7bdf6ff29c', 'network_id': '697b2efa-39d9-410f-9ba6-8a244348ea5a', 'ip_version': 4, 'subnetpool_id': None, 'enable_dhcp': True, 'ipv6_ra_mode': None, 'ipv6_address_mode': None, 'gateway_ip': '192.168.128.1', 'cidr': '192.168.128.0/28', 'allocation_pools': [{'start': '192.168.128.2', 'end': '192.168.128.14'}], 'host_routes': [], 'dns_nameservers': [], 'description': '', 'router:external': False, 'service_types': [], 'tags': [], 'created_at': '2025-12-15T09:31:25Z', 'updated_at': '2025-12-15T09:31:25Z', 'revision_number': 0, 'project_id': '72f63484e38049fb86414e7bdf6ff29c'}, Router: {'id': 'b63b30c3-55cb-4697-a41c-a40c800825fe', 'name': 'tempest-FloatingIPDetailsNegativeTestJSON-1126214156-router', 'tenant_id': '72f63484e38049fb86414e7bdf6ff29c', 'admin_state_up': True, 'status': 'ACTIVE', 'external_gateway_info': {'network_id': '27af2d03-40d4-4581-8a26-378c0124c8ca', 'external_fixed_ips': [{'subnet_id': '83aa60a0-c93c-46dc-8a36-8add3955036d', 'ip_address': '10.180.180.175'}], 'enable_snat': True}, 'description': '', 'availability_zones': [], 'distributed': False, 'ha': False, 'availability_zone_hints': [], 'routes': [], 'flavor_id': None, 'tags': [], 'created_at': '2025-12-15T09:31:26Z', 'updated_at': '2025-12-15T09:31:26Z', 'revision_number': 2, 'project_id': '72f63484e38049fb86414e7bdf6ff29c'}
2025-12-15 09:31:27.809 66168 INFO tempest.lib.common.rest_client [req-658588cf-627c-4cf0-a0af-b821accd9b06 req-658588cf-627c-4cf0-a0af-b821accd9b06 ] Request (ServersTestJSON:setUpClass): 200 GET http://10.180.1.21/compute/v2.1/servers/46462324-6b51-4692-9881-9735e448b49a 4.596s
2025-12-15 09:31:27.826 66168 INFO tempest.lib.common.ssh [-] Creating ssh connection to '10.180.180.221:22' as 'cirros' with public key authentication
2025-12-15 09:31:27.833 66146 INFO tempest.lib.common.rest_client [req-e1283dda-a757-4e19-8f9d-21153412f953 req-e1283dda-a757-4e19-8f9d-21153412f953 ] Request (FloatingIPDetailsNegativeTestJSON:setUpClass): 201 POST http://10.180.1.21/identity/v3/auth/tokens 0.100s
2025-12-15 09:31:28.126 66120 INFO tempest.lib.common.rest_client [req-1b525965-0a14-4f11-9289-6835b615607b req-1b525965-0a14-4f11-9289-6835b615607b ] Request (ServerActionsTestOtherB:test_create_backup): 200 GET http://10.180.1.21/compute/v2.1/servers/e2a81360-01f8-4de8-a27c-a21c76d9d80e 4.825s
2025-12-15 09:31:28.223 66136 WARNING tempest.lib.common.ssh [-] Failed to establish authenticated ssh connection to cirros@10.180.180.188 ([Errno None] Unable to connect to port 22 on 10.180.180.188). Number attempts: 6. Retry after 7 seconds.: paramiko.ssh_exception.NoValidConnectionsError: [Errno None] Unable to connect to port 22 on 10.180.180.188
2025-12-15 09:31:28.226 66166 INFO tempest.lib.common.rest_client [req-f38e0b6b-faff-41bd-b7dc-a2f6f602402b req-f38e0b6b-faff-41bd-b7dc-a2f6f602402b ] Request (ServerRescueNegativeTestJSON:setUpClass): 200 PUT http://10.180.1.21/networking/v2.0/routers/96076e5f-56e2-4160-92c7-bb98b5ea66d9/add_router_interface 0.895s
2025-12-15 09:31:28.227 66166 INFO tempest.lib.common.dynamic_creds [-] Created isolated network resources for: credentials: Credentials: {'domain_id': 'default', 'domain_name': 'Default', 'username': 'tempest-ServerRescueNegativeTestJSON-1891900759-project-member', 'project_domain_id': 'default', 'project_domain_name': 'Default', 'project_id': '09367f7b31c243a59f7287f01e9698cc', 'project_name': 'tempest-ServerRescueNegativeTestJSON-1891900759', 'tenant_id': '09367f7b31c243a59f7287f01e9698cc', 'tenant_name': 'tempest-ServerRescueNegativeTestJSON-1891900759', 'user_domain_id': 'default', 'user_domain_name': 'Default', 'user_id': 'cfa2e39fc82547329bc3746f20d41162', 'system': None}, Network: {'id': '72bc08ab-46f1-48f8-aef6-2fd5d076be24', 'name': 'tempest-ServerRescueNegativeTestJSON-501163984-network', 'tenant_id': '09367f7b31c243a59f7287f01e9698cc', 'project_id': '09367f7b31c243a59f7287f01e9698cc', 'admin_state_up': True, 'mtu': 8950, 'status': 'ACTIVE', 'subnets': [], 'shared': False, 'port_security_enabled': True, 'router:external': False, 'provider:network_type': 'vlan', 'provider:physical_network': 'default', 'provider:segmentation_id': 60, 'availability_zone_hints': [], 'availability_zones': [], 'ipv4_address_scope': None, 'ipv6_address_scope': None, 'description': '', 'tags': [], 'created_at': '2025-12-15T09:31:25Z', 'updated_at': '2025-12-15T09:31:25Z', 'revision_number': 1}, Subnet: {'id': '9f93f410-47b1-464c-9c47-8751eeb9f2d5', 'name': 'tempest-ServerRescueNegativeTestJSON-501163984-subnet', 'tenant_id': '09367f7b31c243a59f7287f01e9698cc', 'network_id': '72bc08ab-46f1-48f8-aef6-2fd5d076be24', 'ip_version': 4, 'subnetpool_id': None, 'enable_dhcp': True, 'ipv6_ra_mode': None, 'ipv6_address_mode': None, 'gateway_ip': '192.168.128.1', 'cidr': '192.168.128.0/28', 'allocation_pools': [{'start': '192.168.128.2', 'end': '192.168.128.14'}], 'host_routes': [], 'dns_nameservers': [], 'description': '', 'router:external': False, 'service_types': [], 'tags': [], 'created_at': '2025-12-15T09:31:25Z', 'updated_at': '2025-12-15T09:31:25Z', 'revision_number': 0, 'project_id': '09367f7b31c243a59f7287f01e9698cc'}, Router: {'id': '96076e5f-56e2-4160-92c7-bb98b5ea66d9', 'name': 'tempest-ServerRescueNegativeTestJSON-501163984-router', 'tenant_id': '09367f7b31c243a59f7287f01e9698cc', 'admin_state_up': True, 'status': 'ACTIVE', 'external_gateway_info': {'network_id': '27af2d03-40d4-4581-8a26-378c0124c8ca', 'external_fixed_ips': [{'subnet_id': '83aa60a0-c93c-46dc-8a36-8add3955036d', 'ip_address': '10.180.180.217'}], 'enable_snat': True}, 'description': '', 'availability_zones': [], 'distributed': False, 'ha': False, 'availability_zone_hints': [], 'routes': [], 'flavor_id': None, 'tags': [], 'created_at': '2025-12-15T09:31:26Z', 'updated_at': '2025-12-15T09:31:26Z', 'revision_number': 2, 'project_id': '09367f7b31c243a59f7287f01e9698cc'}
2025-12-15 09:31:28.267 66112 INFO tempest.lib.common.rest_client [req-4f7be2c4-b08d-4496-93f6-64e50488c662 req-4f7be2c4-b08d-4496-93f6-64e50488c662 ] Request (ServerActionsTestJSON:setUpClass): 202 POST http://10.180.1.21/compute/v2.1/servers 5.591s
2025-12-15 09:31:28.312 66166 INFO tempest.lib.common.rest_client [req-66dc176a-ef1e-4715-abbf-51c657c899aa req-66dc176a-ef1e-4715-abbf-51c657c899aa ] Request (ServerRescueNegativeTestJSON:setUpClass): 201 POST http://10.180.1.21/identity/v3/auth/tokens 0.081s
2025-12-15 09:31:28.354 66166 INFO tempest.lib.common.rest_client [req-d47e3388-eb1d-4cbb-97b6-7bbae192fdfe req-d47e3388-eb1d-4cbb-97b6-7bbae192fdfe ] Request (ServerRescueNegativeTestJSON:setUpClass): 201 POST http://10.180.1.21/identity/v3/auth/tokens 0.037s
2025-12-15 09:31:28.354 66166 INFO tempest.lib.common.fixed_network [-] (ServerRescueNegativeTestJSON:setUpClass) Found network {'id': '72bc08ab-46f1-48f8-aef6-2fd5d076be24', 'name': 'tempest-ServerRescueNegativeTestJSON-501163984-network', 'tenant_id': '09367f7b31c243a59f7287f01e9698cc', 'project_id': '09367f7b31c243a59f7287f01e9698cc', 'admin_state_up': True, 'mtu': 8950, 'status': 'ACTIVE', 'subnets': [], 'shared': False, 'port_security_enabled': True, 'router:external': False, 'provider:network_type': 'vlan', 'provider:physical_network': 'default', 'provider:segmentation_id': 60, 'availability_zone_hints': [], 'availability_zones': [], 'ipv4_address_scope': None, 'ipv6_address_scope': None, 'description': '', 'tags': [], 'created_at': '2025-12-15T09:31:25Z', 'updated_at': '2025-12-15T09:31:25Z', 'revision_number': 1} available for tenant
2025-12-15 09:31:28.356 66128 INFO tempest.lib.common.rest_client [req-c2b693f2-0c6f-4360-a354-4e46ee7a4763 req-c2b693f2-0c6f-4360-a354-4e46ee7a4763 ] Request (ServerGroupTestJSON:setUp): 200 POST http://10.180.1.21/compute/v2.1/os-server-groups 4.771s
2025-12-15 09:31:28.395 66132 INFO tempest.lib.common.rest_client [req-16406526-abec-47db-926b-2a7fc78c739a req-16406526-abec-47db-926b-2a7fc78c739a ] Request (ServerRescueTestJSON:setUpClass): 200 GET http://10.180.1.21/compute/v2.1/servers/e3889a2a-819c-4e9a-b984-bcf5da162144 3.639s
2025-12-15 09:31:28.410 66142 INFO tempest.lib.common.rest_client [req-2452806b-d2fb-42c3-9e21-2813b010b90a req-2452806b-d2fb-42c3-9e21-2813b010b90a ] Request (MigrationsAdminTest:test_resize_server_revert_deleted_flavor): 200 GET http://10.180.1.21/compute/v2.1/flavors/42 3.539s
2025-12-15 09:31:28.430 66144 INFO tempest.lib.common.rest_client [req-565b2d58-f266-48fd-bdae-7ca491a5af5c req-565b2d58-f266-48fd-bdae-7ca491a5af5c ] Request (FlavorsAdminTestJSON:_run_cleanups): 202 DELETE http://10.180.1.21/compute/v2.1/flavors/834521258 3.526s
2025-12-15 09:31:28.433 66152 INFO tempest.lib.common.rest_client [req-847449b5-be2c-4c83-ad29-eb5e9b383b46 req-847449b5-be2c-4c83-ad29-eb5e9b383b46 ] Request (ServersAdminTestJSON:test_create_server_with_scheduling_hint): 200 GET http://10.180.1.21/compute/v2.1/servers/7f95827e-0e67-40d7-b8d0-ea07d03ed966 3.587s
2025-12-15 09:31:28.520 66156 INFO tempest.lib.common.rest_client [req-09f48e8c-d9b5-4868-892c-d7f1faa047eb req-09f48e8c-d9b5-4868-892c-d7f1faa047eb ] Request (ListServersNegativeTestJSON:setUpClass): 200 GET http://10.180.1.21/compute/v2.1/servers/1460df09-2ff8-4356-8513-5ddf5a9eb549 3.503s
2025-12-15 09:31:28.541 66140 INFO tempest.lib.common.rest_client [req-651f2c33-c976-4229-8153-34093db8e0e0 req-651f2c33-c976-4229-8153-34093db8e0e0 ] Request (HypervisorAdminNegativeTestJSON:test_show_hypervisor_with_non_admin_user): 403 GET http://10.180.1.21/compute/v2.1/os-hypervisors/1 3.173s
2025-12-15 09:31:28.609 66148 INFO tempest.lib.common.rest_client [req-af0f6ca7-0e01-4659-b149-b632c712c84c req-af0f6ca7-0e01-4659-b149-b632c712c84c ] Request (QuotasAdminTestV257:test_get_updated_quotas): 200 GET http://10.180.1.21/compute/v2.1/os-quota-sets/61afd6d12d9e474aa10f4260d01991fe?user_id=b22d4b89596a40e29e9fb3bebfd94d69 3.426s
2025-12-15 09:31:28.634 66124 INFO tempest.lib.common.rest_client [req-4b5ee1af-420c-428d-b566-c5844a0697c3 req-4b5ee1af-420c-428d-b566-c5844a0697c3 ] Request (ServersListShow2100Test:test_list_show_rebuild_update_server_2100): 200 GET http://10.180.1.21/compute/v2.1/servers/b5a4f068-bf3c-4559-b5bf-546bd21635c0 2.945s
2025-12-15 09:31:28.653 66122 INFO tempest.lib.common.rest_client [req-3f4e53a2-93aa-4e8c-a1db-0988938bd41d req-3f4e53a2-93aa-4e8c-a1db-0988938bd41d ] Request (KeyPairsV210TestJSON:test_admin_manage_keypairs_for_other_users): 201 POST http://10.180.1.21/compute/v2.1/os-keypairs 2.944s
2025-12-15 09:31:28.679 66154 INFO tempest.lib.common.rest_client [req-89898fe8-37a6-4945-870c-96f924727e4c req-89898fe8-37a6-4945-870c-96f924727e4c ] Request (ImagesMetadataTestJSON:test_delete_image_metadata_item): 200 GET http://10.180.1.21/compute/v2.1/images/bd67976e-0d9d-4706-9149-a681ed3d82ce/metadata 2.895s
2025-12-15 09:31:28.733 66148 INFO tempest.lib.common.rest_client [req-ee631e13-fd04-4861-9a85-d753d0b0ad70 req-ee631e13-fd04-4861-9a85-d753d0b0ad70 ] Request (QuotasAdminTestV257:_run_cleanups): 204 DELETE http://10.180.1.21/identity/v3/users/b22d4b89596a40e29e9fb3bebfd94d69 0.122s
2025-12-15 09:31:28.739 66118 INFO tempest.lib.common.rest_client [req-9df348c3-c2b7-4676-b94f-e423e07e2983 req-9df348c3-c2b7-4676-b94f-e423e07e2983 ] Request (AttachInterfacesUnderV243Test:_run_cleanups): 200 GET http://10.180.1.21/compute/v2.1/servers/3f0067b3-dbe4-4361-a90a-c6355336a0ff 2.488s
2025-12-15 09:31:28.751 66118 INFO tempest.common.waiters [-] State transition "ACTIVE/deleting" ==> "DELETED/None" after 3 second wait
2025-12-15 09:31:28.757 66170 INFO tempest.lib.common.rest_client [req-61972f52-fc94-410b-b2aa-dd0cc80b69aa req-61972f52-fc94-410b-b2aa-dd0cc80b69aa ] Request (ServerDiskConfigTestJSON:test_rebuild_server_with_manual_disk_config): 200 GET http://10.180.1.21/compute/v2.1/servers/713f5284-8698-4515-b944-245644f5fe34 2.431s
2025-12-15 09:31:28.811 66172 INFO tempest.lib.common.rest_client [req-27dcd061-5a09-4560-baa6-5704d3c6a6bc req-27dcd061-5a09-4560-baa6-5704d3c6a6bc ] Request (ServersWithSpecificFlavorTestJSON:test_verify_created_server_ephemeral_disk): 200 GET http://10.180.1.21/compute/v2.1/servers/3c0852f9-6916-44a3-818d-f47129471d46 2.458s
2025-12-15 09:31:28.842 66134 INFO tempest.lib.common.rest_client [req-05c5fbe1-9b14-4724-b04d-4a31c09eff55 req-05c5fbe1-9b14-4724-b04d-4a31c09eff55 ] Request (ServerRescueTestJSONUnderV235:tearDownClass): 200 GET http://10.180.1.21/compute/v2.1/servers/6c11f2a2-8421-472a-b584-0abac0992015 2.417s
2025-12-15 09:31:28.850 66134 INFO tempest.common.waiters [-] State transition "RESCUE/deleting" ==> "DELETED/None" after 3 second wait
2025-12-15 09:31:28.887 66168 WARNING tempest.lib.common.ssh [-] Failed to establish authenticated ssh connection to cirros@10.180.180.221 ([Errno None] Unable to connect to port 22 on 10.180.180.221). Number attempts: 1. Retry after 2 seconds.: paramiko.ssh_exception.NoValidConnectionsError: [Errno None] Unable to connect to port 22 on 10.180.180.221
2025-12-15 09:31:28.892 66148 INFO tempest.lib.common.rest_client [req-16b9ffd3-a9cd-44c8-bd1b-7d893325c8e5 req-16b9ffd3-a9cd-44c8-bd1b-7d893325c8e5 ] Request (QuotasAdminTestV257:_run_cleanups): 204 DELETE http://10.180.1.21/identity/v3/projects/61afd6d12d9e474aa10f4260d01991fe 0.158s
2025-12-15 09:31:28.907 66150 INFO tempest.lib.common.rest_client [req-ba07f50a-59fe-4c19-9777-5f84dc9f25a6 req-ba07f50a-59fe-4c19-9777-5f84dc9f25a6 ] Request (ServersTestMultiNic:_run_cleanups): 200 GET http://10.180.1.21/compute/v2.1/servers/08c59710-a1fe-43a0-ac56-9cd4d2c8627e 2.000s
2025-12-15 09:31:28.919 66150 INFO tempest.common.waiters [-] State transition "ACTIVE/deleting" ==> "DELETED/None" after 3 second wait
2025-12-15 09:31:28.929 66114 INFO tempest.lib.common.rest_client [req-b3cb9e54-fbf9-4544-9089-2c1f381d3336 req-b3cb9e54-fbf9-4544-9089-2c1f381d3336 ] Request (ServersTestBootFromVolume:setUpClass): 200 GET http://10.180.1.21/compute/v2.1/servers/72021432-5672-441c-a885-d8fae92d06e5 2.004s
2025-12-15 09:31:29.052 66160 INFO tempest.lib.common.rest_client [req-6be984f2-58ee-4913-b0f8-d8fc17e92cc3 req-6be984f2-58ee-4913-b0f8-d8fc17e92cc3 ] Request (ServerPasswordTestJSON:tearDownClass): 200 GET http://10.180.1.21/compute/v2.1/servers/39b623c8-f107-4b32-9d3c-3d51c881ba46 1.886s
2025-12-15 09:31:29.079 66130 INFO tempest.lib.common.rest_client [req-2d35f90a-e9f9-49a0-a8d5-811ddee43970 req-2d35f90a-e9f9-49a0-a8d5-811ddee43970 ] Request (ServerActionsTestOtherA:setUpClass): 200 GET http://10.180.1.21/compute/v2.1/servers/9cc1e956-3a46-42ee-b07b-44cd3185ba29 1.905s
