2025-11-21 12:17:18.156 66937 INFO tempest.lib.common.rest_client [req-7b6c2f11-019a-488d-bdfa-096dba9a1590 req-7b6c2f11-019a-488d-bdfa-096dba9a1590 ] Request (ListImageFiltersTestJSON:tearDownClass): 200 GET http://10.180.1.21/compute/v2.1/servers/e4c7156b-eb70-4a6f-b81c-2f194ec403b5 0.131s
2025-11-21 12:17:18.202 66961 INFO tempest.lib.common.rest_client [req-e7b292d9-c072-4686-8208-7d0d6dbc3d5d req-e7b292d9-c072-4686-8208-7d0d6dbc3d5d ] Request (ServerShowV247Test:test_update_rebuild_list_server): 200 GET http://10.180.1.21/compute/v2.1/servers/96a04135-3b59-458e-b2ab-7d184fa58c0c 0.160s
2025-11-21 12:17:18.407 66945 WARNING tempest.lib.common.ssh [-] Failed to establish authenticated ssh connection to cirros@10.180.180.196 ([Errno None] Unable to connect to port 22 on 10.180.180.196). Number attempts: 6. Retry after 7 seconds.: paramiko.ssh_exception.NoValidConnectionsError: [Errno None] Unable to connect to port 22 on 10.180.180.196
2025-11-21 12:17:18.476 66967 INFO tempest.lib.common.rest_client [req-dabc6265-664a-4381-a611-1be2a6243da7 req-dabc6265-664a-4381-a611-1be2a6243da7 ] Request (MigrationsAdminTest:test_resize_server_revert_deleted_flavor): 200 GET http://10.180.1.21/compute/v2.1/servers/b52cb141-01a5-47d9-aaa6-636fe5bdf194 0.224s
2025-11-21 12:17:18.480 66943 INFO tempest.lib.common.rest_client [req-29e87b22-fe82-40e8-b429-beeeb83b0f81 req-29e87b22-fe82-40e8-b429-beeeb83b0f81 ] Request (ServerActionsTestOtherB:test_resize_server_confirm_from_stopped): 200 GET http://10.180.1.21/compute/v2.1/servers/5703a802-f43f-402d-987a-088e279f4e70 0.150s
2025-11-21 12:17:18.542 66913 INFO tempest.lib.common.rest_client [req-95d3287c-362f-4305-8c64-d096c0a301f3 req-95d3287c-362f-4305-8c64-d096c0a301f3 ] Request (ServersAaction247Test:test_create_backup): 200 GET http://10.180.1.21/compute/v2.1/servers/9eaac48c-85b0-4e22-8da2-72de19b6bf0d 0.131s
2025-11-21 12:17:18.610 66957 INFO tempest.lib.common.rest_client [req-96fb0cc8-b3ca-4af1-86cd-833f39c06299 req-96fb0cc8-b3ca-4af1-86cd-833f39c06299 ] Request (TenantUsagesTestJSON:tearDownClass): 200 GET http://10.180.1.21/compute/v2.1/servers/6a2408a0-d9f4-47e2-91eb-fbafaa9b8fb8 0.145s
2025-11-21 12:17:18.620 66939 INFO tempest.lib.common.rest_client [req-f11136d3-a51f-4593-a74e-c9edd432e887 req-f11136d3-a51f-4593-a74e-c9edd432e887 ] Request (AttachInterfacesTestJSON:test_create_list_show_delete_interfaces_by_network_port): 200 GET http://10.180.1.21/compute/v2.1/servers/962e857f-7887-41d9-b911-59317aa0e83f 0.187s
2025-11-21 12:17:18.627 66939 INFO tempest.common.waiters [-] State transition "BUILD/block_device_mapping" ==> "BUILD/spawning" after 69 second wait
2025-11-21 12:17:18.668 66933 INFO tempest.lib.common.rest_client [req-44a72bf1-8271-4a3f-8aa6-c07e5cfeac60 req-44a72bf1-8271-4a3f-8aa6-c07e5cfeac60 ] Request (ServersTestJSON:test_create_server_specify_multibyte_character_name): 200 GET http://10.180.1.21/compute/v2.1/servers/ce555499-ab9e-4ebd-b5b9-4a95a683f3e2 0.128s
2025-11-21 12:17:18.683 66919 INFO tempest.lib.common.rest_client [req-984276b3-c077-40d4-b41e-de5693201f96 req-984276b3-c077-40d4-b41e-de5693201f96 ] Request (ServersAdminTestJSON:tearDownClass): 200 GET http://10.180.1.21/compute/v2.1/servers/86dff220-e314-4a2f-a12f-ec7e4ca706d4 0.200s
2025-11-21 12:17:18.724 66915 INFO tempest.lib.common.rest_client [req-805fce93-28a8-4ac2-90d0-90ea0b06ae33 req-805fce93-28a8-4ac2-90d0-90ea0b06ae33 ] Request (ImagesTestJSON:test_create_server_from_snapshot): 200 GET http://10.180.1.21/compute/v2.1/images/b0211a52-bc2f-4cc0-9c0c-7715ba06d9b9 0.153s
2025-11-21 12:17:18.770 66935 INFO tempest.lib.common.rest_client [req-949644ac-0a00-4538-a965-f056b74ce974 req-949644ac-0a00-4538-a965-f056b74ce974 ] Request (MultipleCreateTestJSON:test_multiple_create): 200 GET http://10.180.1.21/compute/v2.1/servers/b39bd3f2-bb0f-4721-9b75-509b8566d862 0.208s
2025-11-21 12:17:18.808 66951 INFO tempest.lib.common.rest_client [req-073ff3ca-da5d-40ec-899f-22877d0f54a3 req-073ff3ca-da5d-40ec-899f-22877d0f54a3 ] Request (InstanceActionsV221TestJSON:test_get_list_deleted_instance_actions): 200 GET http://10.180.1.21/compute/v2.1/servers/5266760e-b9cd-461f-aeef-565dc5a1c4fb 0.183s
2025-11-21 12:17:18.841 66955 INFO tempest.lib.common.rest_client [req-1700cadf-27d4-4d53-a8d2-5e3204532679 req-1700cadf-27d4-4d53-a8d2-5e3204532679 ] Request (ListServerFiltersTestJSON:tearDownClass): 200 GET http://10.180.1.21/compute/v2.1/servers/816fd9f1-de81-425d-8fee-a1fe66334496 0.206s
2025-11-21 12:17:18.865 66927 INFO tempest.lib.common.rest_client [req-ee044ca5-2bf0-45c3-b8f4-8290b9b631bf req-ee044ca5-2bf0-45c3-b8f4-8290b9b631bf ] Request (DeleteServersTestJSON:test_delete_server_while_in_attached_volume): 200 GET http://10.180.1.21/compute/v2.1/servers/b54dae8e-98c2-415c-a116-a1c1942afa2e 0.192s
2025-11-21 12:17:18.895 66971 INFO tempest.lib.common.rest_client [req-365da4b0-fe1f-41e0-a721-9e92ac731b7f req-365da4b0-fe1f-41e0-a721-9e92ac731b7f ] Request (ServersV294TestFqdnHostnames:setUpClass): 200 GET http://10.180.1.21/compute/v2.1/servers/358c4cb2-651a-4bff-bf70-75487253efdc 0.202s
2025-11-21 12:17:18.920 66960 INFO tempest.lib.common.rest_client [req-e956b82a-07fc-4aa4-8f1a-328296b31036 req-e956b82a-07fc-4aa4-8f1a-328296b31036 ] Request (InstanceActionsNegativeTestJSON:setUpClass): 200 GET http://10.180.1.21/compute/v2.1/servers/249f98da-845d-48ae-8231-3c73bceda249 0.194s
2025-11-21 12:17:18.946 66929 INFO tempest.lib.common.rest_client [req-c6d2d2e6-948a-4763-8223-d9c3e2cf60f9 req-c6d2d2e6-948a-4763-8223-d9c3e2cf60f9 ] Request (ServerAddressesTestJSON:setUpClass): 200 GET http://10.180.1.21/compute/v2.1/servers/a43271a1-231f-4ce2-ba2d-2060bbaec458 0.205s
2025-11-21 12:17:18.979 66947 INFO tempest.lib.common.rest_client [req-4e9a08f2-36ed-4b81-a8f5-e063dcaae701 req-4e9a08f2-36ed-4b81-a8f5-e063dcaae701 ] Request (ServerShowV257Test:tearDownClass): 200 GET http://10.180.1.21/compute/v2.1/servers/2f7cffad-fbf8-4b0b-a643-60a1bb3aee00 0.197s
2025-11-21 12:17:18.995 66909 INFO tempest.lib.common.rest_client [req-8e8127c9-5f45-4aed-88b7-568b17c4d497 req-8e8127c9-5f45-4aed-88b7-568b17c4d497 ] Request (SecurityGroupsTestJSON:test_server_security_groups): 200 GET http://10.180.1.21/compute/v2.1/servers/b1bbe3a0-55b0-4fe2-b923-acc024456587 0.102s
2025-11-21 12:17:19.143 66931 INFO tempest.lib.common.rest_client [req-31cb8617-e1cd-4e05-b00e-f9a022383432 req-31cb8617-e1cd-4e05-b00e-f9a022383432 ] Request (ServerRescueTestJSON:tearDownClass): 200 GET http://10.180.1.21/compute/v2.1/servers/636b1968-7faa-4d72-9014-177be617abf1 0.072s
2025-11-21 12:17:19.220 66925 WARNING tempest.lib.common.ssh [-] Failed to establish authenticated ssh connection to cirros@10.180.180.214 ([Errno None] Unable to connect to port 22 on 10.180.180.214). Number attempts: 9. Retry after 10 seconds.: paramiko.ssh_exception.NoValidConnectionsError: [Errno None] Unable to connect to port 22 on 10.180.180.214
2025-11-21 12:17:19.224 66965 INFO tempest.lib.common.rest_client [req-08fac828-6903-440c-b33f-b3957fd782b2 req-08fac828-6903-440c-b33f-b3957fd782b2 ] Request (ServerDiskConfigTestJSON:test_resize_server_from_auto_to_manual): 200 GET http://10.180.1.21/compute/v2.1/servers/b2659cb4-87e0-42cc-bf12-9b17916ce4e3 0.124s
2025-11-21 12:17:19.244 66941 INFO tempest.lib.common.rest_client [req-2de6cf21-ae5f-4b83-b65c-7a3bfe77a6b6 req-2de6cf21-ae5f-4b83-b65c-7a3bfe77a6b6 ] Request (ImagesOneServerTestJSON:setUpClass): 200 GET http://10.180.1.21/compute/v2.1/servers/38207eeb-6767-424a-8d57-dd4d2522ed7d 0.093s
2025-11-21 12:17:19.323 66937 INFO tempest.lib.common.rest_client [req-ae609a77-e178-41e2-8988-cc6d7b64dc1f req-ae609a77-e178-41e2-8988-cc6d7b64dc1f ] Request (ListImageFiltersTestJSON:tearDownClass): 200 GET http://10.180.1.21/compute/v2.1/servers/e4c7156b-eb70-4a6f-b81c-2f194ec403b5 0.159s
2025-11-21 12:17:19.324 66961 INFO tempest.lib.common.rest_client [req-87e10b12-d4c5-4431-88eb-712c263a6cf9 req-87e10b12-d4c5-4431-88eb-712c263a6cf9 ] Request (ServerShowV247Test:test_update_rebuild_list_server): 200 GET http://10.180.1.21/compute/v2.1/servers/96a04135-3b59-458e-b2ab-7d184fa58c0c 0.108s
2025-11-21 12:17:19.626 66967 INFO tempest.lib.common.rest_client [req-520226e5-c3f4-4325-8b32-031dc527598b req-520226e5-c3f4-4325-8b32-031dc527598b ] Request (MigrationsAdminTest:test_resize_server_revert_deleted_flavor): 200 GET http://10.180.1.21/compute/v2.1/servers/b52cb141-01a5-47d9-aaa6-636fe5bdf194 0.140s
2025-11-21 12:17:19.646 66943 INFO tempest.lib.common.rest_client [req-ece9a642-e733-4ce9-a3d3-a429af805eb2 req-ece9a642-e733-4ce9-a3d3-a429af805eb2 ] Request (ServerActionsTestOtherB:test_resize_server_confirm_from_stopped): 200 GET http://10.180.1.21/compute/v2.1/servers/5703a802-f43f-402d-987a-088e279f4e70 0.154s
2025-11-21 12:17:19.688 66913 INFO tempest.lib.common.rest_client [req-bbca825a-4042-435b-9267-b288199ed288 req-bbca825a-4042-435b-9267-b288199ed288 ] Request (ServersAaction247Test:test_create_backup): 200 GET http://10.180.1.21/compute/v2.1/servers/9eaac48c-85b0-4e22-8da2-72de19b6bf0d 0.134s
2025-11-21 12:17:19.704 66957 INFO tempest.lib.common.rest_client [req-8e60e2aa-cd3b-4123-be32-e1d6ca58e84b req-8e60e2aa-cd3b-4123-be32-e1d6ca58e84b ] Request (TenantUsagesTestJSON:tearDownClass): 200 GET http://10.180.1.21/compute/v2.1/servers/6a2408a0-d9f4-47e2-91eb-fbafaa9b8fb8 0.086s
2025-11-21 12:17:19.772 66933 INFO tempest.lib.common.rest_client [req-23f1023c-e2ca-4053-b6fa-e2f1f365ffdb req-23f1023c-e2ca-4053-b6fa-e2f1f365ffdb ] Request (ServersTestJSON:test_create_server_specify_multibyte_character_name): 200 GET http://10.180.1.21/compute/v2.1/servers/ce555499-ab9e-4ebd-b5b9-4a95a683f3e2 0.096s
2025-11-21 12:17:19.799 66939 INFO tempest.lib.common.rest_client [req-582cbc80-0f7f-4f73-889e-05d63505b04e req-582cbc80-0f7f-4f73-889e-05d63505b04e ] Request (AttachInterfacesTestJSON:test_create_list_show_delete_interfaces_by_network_port): 200 GET http://10.180.1.21/compute/v2.1/servers/962e857f-7887-41d9-b911-59317aa0e83f 0.171s
2025-11-21 12:17:19.834 66919 INFO tempest.lib.common.rest_client [req-0256d836-e1b8-42cf-8b00-b4acb84f44c4 req-0256d836-e1b8-42cf-8b00-b4acb84f44c4 ] Request (ServersAdminTestJSON:tearDownClass): 200 GET http://10.180.1.21/compute/v2.1/servers/86dff220-e314-4a2f-a12f-ec7e4ca706d4 0.141s
2025-11-21 12:17:19.838 66915 INFO tempest.lib.common.rest_client [req-e825ada5-b2a8-4e1a-ab96-897f2f1ba080 req-e825ada5-b2a8-4e1a-ab96-897f2f1ba080 ] Request (ImagesTestJSON:test_create_server_from_snapshot): 200 GET http://10.180.1.21/compute/v2.1/images/b0211a52-bc2f-4cc0-9c0c-7715ba06d9b9 0.110s
2025-11-21 12:17:19.860 66951 INFO tempest.lib.common.rest_client [req-0715b9e3-5f55-4ac7-9d83-2061c73fed6b req-0715b9e3-5f55-4ac7-9d83-2061c73fed6b ] Request (InstanceActionsV221TestJSON:test_get_list_deleted_instance_actions): 404 GET http://10.180.1.21/compute/v2.1/servers/5266760e-b9cd-461f-aeef-565dc5a1c4fb 0.041s
2025-11-21 12:17:19.922 66955 INFO tempest.lib.common.rest_client [req-e780d01c-6de7-46e6-9679-459f99ae89ed req-e780d01c-6de7-46e6-9679-459f99ae89ed ] Request (ListServerFiltersTestJSON:tearDownClass): 200 GET http://10.180.1.21/compute/v2.1/servers/816fd9f1-de81-425d-8fee-a1fe66334496 0.072s
2025-11-21 12:17:19.969 66935 INFO tempest.lib.common.rest_client [req-1859c19e-3cff-4230-8ba5-a68fad23ed9f req-1859c19e-3cff-4230-8ba5-a68fad23ed9f ] Request (MultipleCreateTestJSON:test_multiple_create): 200 GET http://10.180.1.21/compute/v2.1/servers/b39bd3f2-bb0f-4721-9b75-509b8566d862 0.191s
2025-11-21 12:17:19.973 66951 INFO tempest.lib.common.rest_client [req-f7d64337-a9f2-450f-b41b-eafdef18b917 req-f7d64337-a9f2-450f-b41b-eafdef18b917 ] Request (InstanceActionsV221TestJSON:test_get_list_deleted_instance_actions): 200 GET http://10.180.1.21/compute/v2.1/servers/5266760e-b9cd-461f-aeef-565dc5a1c4fb/os-instance-actions 0.113s
2025-11-21 12:17:20.023 66927 INFO tempest.lib.common.rest_client [req-de012492-315b-4598-898d-0a560d0a3f03 req-de012492-315b-4598-898d-0a560d0a3f03 ] Request (DeleteServersTestJSON:test_delete_server_while_in_attached_volume): 200 GET http://10.180.1.21/compute/v2.1/servers/b54dae8e-98c2-415c-a116-a1c1942afa2e 0.149s
2025-11-21 12:17:20.030 66971 INFO tempest.lib.common.rest_client [req-98692636-0c72-46dd-b169-e5ade390f50b req-98692636-0c72-46dd-b169-e5ade390f50b ] Request (ServersV294TestFqdnHostnames:setUpClass): 200 GET http://10.180.1.21/compute/v2.1/servers/358c4cb2-651a-4bff-bf70-75487253efdc 0.119s
2025-11-21 12:17:20.072 66960 INFO tempest.lib.common.rest_client [req-cf0f3808-f1ef-4dd7-ad6f-8eb13f537ee5 req-cf0f3808-f1ef-4dd7-ad6f-8eb13f537ee5 ] Request (InstanceActionsNegativeTestJSON:setUpClass): 200 GET http://10.180.1.21/compute/v2.1/servers/249f98da-845d-48ae-8231-3c73bceda249 0.144s
2025-11-21 12:17:20.082 66929 INFO tempest.lib.common.rest_client [req-4a6e5284-b857-4664-be9d-45e04fd4356f req-4a6e5284-b857-4664-be9d-45e04fd4356f ] Request (ServerAddressesTestJSON:setUpClass): 200 GET http://10.180.1.21/compute/v2.1/servers/a43271a1-231f-4ce2-ba2d-2060bbaec458 0.128s
2025-11-21 12:17:20.092 66951 INFO tempest.lib.common.rest_client [req-16d93f2e-69e4-4fc4-ab59-ffcefcdcf471 req-16d93f2e-69e4-4fc4-ab59-ffcefcdcf471 ] Request (InstanceActionsV221TestJSON:tearDownClass): 404 DELETE http://10.180.1.21/compute/v2.1/servers/5266760e-b9cd-461f-aeef-565dc5a1c4fb 0.111s
2025-11-21 12:17:20.141 66947 INFO tempest.lib.common.rest_client [req-abbb1767-405d-45dc-8749-b08b20af4557 req-abbb1767-405d-45dc-8749-b08b20af4557 ] Request (ServerShowV257Test:tearDownClass): 200 GET http://10.180.1.21/compute/v2.1/servers/2f7cffad-fbf8-4b0b-a643-60a1bb3aee00 0.152s
2025-11-21 12:17:20.144 66909 INFO tempest.lib.common.rest_client [req-c5abf69c-70dc-4e86-b599-36a109096520 req-c5abf69c-70dc-4e86-b599-36a109096520 ] Request (SecurityGroupsTestJSON:test_server_security_groups): 200 GET http://10.180.1.21/compute/v2.1/servers/b1bbe3a0-55b0-4fe2-b923-acc024456587 0.141s
2025-11-21 12:17:20.160 66951 INFO tempest.lib.common.rest_client [req-05f6674e-6843-4918-9e28-e75fc15e0380 req-05f6674e-6843-4918-9e28-e75fc15e0380 ] Request (InstanceActionsV221TestJSON:tearDownClass): 404 GET http://10.180.1.21/compute/v2.1/servers/5266760e-b9cd-461f-aeef-565dc5a1c4fb 0.068s
2025-11-21 12:17:20.213 66931 INFO tempest.lib.common.rest_client [req-1238e954-c2fd-4739-87ee-dc69e506e053 req-1238e954-c2fd-4739-87ee-dc69e506e053 ] Request (ServerRescueTestJSON:tearDownClass): 200 GET http://10.180.1.21/compute/v2.1/servers/636b1968-7faa-4d72-9014-177be617abf1 0.063s
2025-11-21 12:17:20.334 66941 INFO tempest.lib.common.rest_client [req-ae67e34c-25a9-4f88-9809-96987b4f77cf req-ae67e34c-25a9-4f88-9809-96987b4f77cf ] Request (ImagesOneServerTestJSON:setUpClass): 200 GET http://10.180.1.21/compute/v2.1/servers/38207eeb-6767-424a-8d57-dd4d2522ed7d 0.075s
2025-11-21 12:17:20.372 66965 INFO tempest.lib.common.rest_client [req-388b1e62-9df4-4662-a160-c47f7c41accf req-388b1e62-9df4-4662-a160-c47f7c41accf ] Request (ServerDiskConfigTestJSON:test_resize_server_from_auto_to_manual): 200 GET http://10.180.1.21/compute/v2.1/servers/b2659cb4-87e0-42cc-bf12-9b17916ce4e3 0.139s
2025-11-21 12:17:20.401 66937 INFO tempest.lib.common.rest_client [req-3f02e642-cce6-423a-9f36-8944247bf653 req-3f02e642-cce6-423a-9f36-8944247bf653 ] Request (ListImageFiltersTestJSON:tearDownClass): 200 GET http://10.180.1.21/compute/v2.1/servers/e4c7156b-eb70-4a6f-b81c-2f194ec403b5 0.071s
2025-11-21 12:17:20.436 66961 INFO tempest.lib.common.rest_client [req-6125afba-7e60-4dd7-963b-53ce5bfca8da req-6125afba-7e60-4dd7-963b-53ce5bfca8da ] Request (ServerShowV247Test:test_update_rebuild_list_server): 200 GET http://10.180.1.21/compute/v2.1/servers/96a04135-3b59-458e-b2ab-7d184fa58c0c 0.094s
2025-11-21 12:17:20.824 66967 INFO tempest.lib.common.rest_client [req-7b17f4f5-7c9d-442e-9597-81220b43c2d5 req-7b17f4f5-7c9d-442e-9597-81220b43c2d5 ] Request (MigrationsAdminTest:test_resize_server_revert_deleted_flavor): 200 GET http://10.180.1.21/compute/v2.1/servers/b52cb141-01a5-47d9-aaa6-636fe5bdf194 0.190s
2025-11-21 12:17:20.855 66943 INFO tempest.lib.common.rest_client [req-77af9b1b-8bb3-4f2d-88d0-07fabbbed417 req-77af9b1b-8bb3-4f2d-88d0-07fabbbed417 ] Request (ServerActionsTestOtherB:test_resize_server_confirm_from_stopped): 200 GET http://10.180.1.21/compute/v2.1/servers/5703a802-f43f-402d-987a-088e279f4e70 0.200s
2025-11-21 12:17:20.890 66913 INFO tempest.lib.common.rest_client [req-01ea639d-36e4-45b8-915d-ac6ad621fec3 req-01ea639d-36e4-45b8-915d-ac6ad621fec3 ] Request (ServersAaction247Test:test_create_backup): 200 GET http://10.180.1.21/compute/v2.1/servers/9eaac48c-85b0-4e22-8da2-72de19b6bf0d 0.191s
2025-11-21 12:17:20.922 66957 INFO tempest.lib.common.rest_client [req-88ec30a9-0ee7-4960-a086-1b3e8a2e7ce1 req-88ec30a9-0ee7-4960-a086-1b3e8a2e7ce1 ] Request (TenantUsagesTestJSON:tearDownClass): 200 GET http://10.180.1.21/compute/v2.1/servers/6a2408a0-d9f4-47e2-91eb-fbafaa9b8fb8 0.210s
2025-11-21 12:17:20.949 66933 INFO tempest.lib.common.rest_client [req-bdaa0829-346a-4c87-8b26-ff29b901edb0 req-bdaa0829-346a-4c87-8b26-ff29b901edb0 ] Request (ServersTestJSON:test_create_server_specify_multibyte_character_name): 200 GET http://10.180.1.21/compute/v2.1/servers/ce555499-ab9e-4ebd-b5b9-4a95a683f3e2 0.169s
2025-11-21 12:17:20.974 66951 INFO tempest.lib.common.rest_client [req-b913f893-bf3d-403f-8ec3-d163c7a46fea req-b913f893-bf3d-403f-8ec3-d163c7a46fea ] Request (InstanceActionsV221TestJSON:tearDownClass): 200 PUT http://10.180.1.21/networking/v2.0/routers/3fe978bc-dfeb-46a8-b0b3-a722f607ea69/remove_router_interface 0.813s
2025-11-21 12:17:21.026 66919 INFO tempest.lib.common.rest_client [req-9a28b054-0a7e-4a8f-a1ed-b3bfdcfc7fd6 req-9a28b054-0a7e-4a8f-a1ed-b3bfdcfc7fd6 ] Request (ServersAdminTestJSON:tearDownClass): 200 GET http://10.180.1.21/compute/v2.1/servers/86dff220-e314-4a2f-a12f-ec7e4ca706d4 0.184s
2025-11-21 12:17:21.051 66939 INFO tempest.lib.common.rest_client [req-d84ace3c-8d52-4a91-ac8a-62fecc07a78a req-d84ace3c-8d52-4a91-ac8a-62fecc07a78a ] Request (AttachInterfacesTestJSON:test_create_list_show_delete_interfaces_by_network_port): 200 GET http://10.180.1.21/compute/v2.1/servers/962e857f-7887-41d9-b911-59317aa0e83f 0.244s
2025-11-21 12:17:21.078 66915 INFO tempest.lib.common.rest_client [req-9e761f2f-509d-4050-a77a-83b318e834dc req-9e761f2f-509d-4050-a77a-83b318e834dc ] Request (ImagesTestJSON:test_create_server_from_snapshot): 200 GET http://10.180.1.21/compute/v2.1/images/b0211a52-bc2f-4cc0-9c0c-7715ba06d9b9 0.235s
2025-11-21 12:17:21.146 66955 INFO tempest.lib.common.rest_client [req-827e86da-649b-4df3-a372-5fca3a382e6d req-827e86da-649b-4df3-a372-5fca3a382e6d ] Request (ListServerFiltersTestJSON:tearDownClass): 200 GET http://10.180.1.21/compute/v2.1/servers/816fd9f1-de81-425d-8fee-a1fe66334496 0.215s
2025-11-21 12:17:21.204 66927 INFO tempest.lib.common.rest_client [req-d2c41f71-e7a1-4409-a285-e893fbc67e05 req-d2c41f71-e7a1-4409-a285-e893fbc67e05 ] Request (DeleteServersTestJSON:test_delete_server_while_in_attached_volume): 200 GET http://10.180.1.21/compute/v2.1/servers/b54dae8e-98c2-415c-a116-a1c1942afa2e 0.171s
2025-11-21 12:17:21.233 66935 INFO tempest.lib.common.rest_client [req-ce36437f-257e-4874-a5eb-18f85283423d req-ce36437f-257e-4874-a5eb-18f85283423d ] Request (MultipleCreateTestJSON:test_multiple_create): 200 GET http://10.180.1.21/compute/v2.1/servers/b39bd3f2-bb0f-4721-9b75-509b8566d862 0.257s
2025-11-21 12:17:21.284 66971 INFO tempest.lib.common.rest_client [req-be0e28a2-e6ba-4e5c-8d3c-1e3d243c0139 req-be0e28a2-e6ba-4e5c-8d3c-1e3d243c0139 ] Request (ServersV294TestFqdnHostnames:setUpClass): 200 GET http://10.180.1.21/compute/v2.1/servers/358c4cb2-651a-4bff-bf70-75487253efdc 0.244s
2025-11-21 12:17:21.338 66960 INFO tempest.lib.common.rest_client [req-3dbc7ce7-70c8-4007-9a43-caadcf927cf0 req-3dbc7ce7-70c8-4007-9a43-caadcf927cf0 ] Request (InstanceActionsNegativeTestJSON:setUpClass): 200 GET http://10.180.1.21/compute/v2.1/servers/249f98da-845d-48ae-8231-3c73bceda249 0.257s
2025-11-21 12:17:21.357 66929 INFO tempest.lib.common.rest_client [req-34a57558-fba1-449c-8e40-a94e231d007b req-34a57558-fba1-449c-8e40-a94e231d007b ] Request (ServerAddressesTestJSON:setUpClass): 200 GET http://10.180.1.21/compute/v2.1/servers/a43271a1-231f-4ce2-ba2d-2060bbaec458 0.265s
2025-11-21 12:17:21.409 66951 INFO tempest.lib.common.rest_client [req-a5c39361-75f9-4816-ac9d-4922030ba107 req-a5c39361-75f9-4816-ac9d-4922030ba107 ] Request (InstanceActionsV221TestJSON:tearDownClass): 204 DELETE http://10.180.1.21/networking/v2.0/routers/3fe978bc-dfeb-46a8-b0b3-a722f607ea69 0.434s
2025-11-21 12:17:21.432 66909 INFO tempest.lib.common.rest_client [req-4f087a42-212b-4add-bfca-25d833f51ae4 req-4f087a42-212b-4add-bfca-25d833f51ae4 ] Request (SecurityGroupsTestJSON:test_server_security_groups): 200 GET http://10.180.1.21/compute/v2.1/servers/b1bbe3a0-55b0-4fe2-b923-acc024456587 0.280s
2025-11-21 12:17:21.454 66947 INFO tempest.lib.common.rest_client [req-af56d500-c581-4e8d-af83-9a5c6594ab76 req-af56d500-c581-4e8d-af83-9a5c6594ab76 ] Request (ServerShowV257Test:tearDownClass): 200 GET http://10.180.1.21/compute/v2.1/servers/2f7cffad-fbf8-4b0b-a643-60a1bb3aee00 0.303s
2025-11-21 12:17:21.510 66931 INFO tempest.lib.common.rest_client [req-d99c7617-6dad-447d-a837-9f5dd8585f6a req-d99c7617-6dad-447d-a837-9f5dd8585f6a ] Request (ServerRescueTestJSON:tearDownClass): 200 GET http://10.180.1.21/compute/v2.1/servers/636b1968-7faa-4d72-9014-177be617abf1 0.288s
2025-11-21 12:17:21.526 66941 INFO tempest.lib.common.rest_client [req-b21be54e-f7db-43e5-af86-926633193568 req-b21be54e-f7db-43e5-af86-926633193568 ] Request (ImagesOneServerTestJSON:setUpClass): 200 GET http://10.180.1.21/compute/v2.1/servers/38207eeb-6767-424a-8d57-dd4d2522ed7d 0.179s
2025-11-21 12:17:21.602 66937 INFO tempest.lib.common.rest_client [req-ee07b462-d08c-4a10-88a6-ebf41defa60a req-ee07b462-d08c-4a10-88a6-ebf41defa60a ] Request (ListImageFiltersTestJSON:tearDownClass): 200 GET http://10.180.1.21/compute/v2.1/servers/e4c7156b-eb70-4a6f-b81c-2f194ec403b5 0.192s
2025-11-21 12:17:21.620 66951 INFO tempest.lib.common.rest_client [req-65208798-0f04-43ad-b5a2-4c661e5093cd req-65208798-0f04-43ad-b5a2-4c661e5093cd ] Request (InstanceActionsV221TestJSON:tearDownClass): 204 DELETE http://10.180.1.21/networking/v2.0/subnets/04d83745-4eaa-471c-92e2-9eb07be70ebe 0.211s
2025-11-21 12:17:21.638 66965 INFO tempest.lib.common.rest_client [req-0dd4c3f9-9e7b-4465-9b6e-6d719678a020 req-0dd4c3f9-9e7b-4465-9b6e-6d719678a020 ] Request (ServerDiskConfigTestJSON:test_resize_server_from_auto_to_manual): 200 GET http://10.180.1.21/compute/v2.1/servers/b2659cb4-87e0-42cc-bf12-9b17916ce4e3 0.258s
2025-11-21 12:17:21.671 66961 INFO tempest.lib.common.rest_client [req-e674edcf-0483-45c3-81f6-bfc9f28f4122 req-e674edcf-0483-45c3-81f6-bfc9f28f4122 ] Request (ServerShowV247Test:test_update_rebuild_list_server): 200 GET http://10.180.1.21/compute/v2.1/servers/96a04135-3b59-458e-b2ab-7d184fa58c0c 0.225s
2025-11-21 12:17:21.862 66951 INFO tempest.lib.common.rest_client [req-50681f22-6345-4fd8-81fe-b17d91267e71 req-50681f22-6345-4fd8-81fe-b17d91267e71 ] Request (InstanceActionsV221TestJSON:tearDownClass): 204 DELETE http://10.180.1.21/networking/v2.0/networks/f17c8ec6-8e2f-431f-9d17-af2fb9cdbee4 0.241s
2025-11-21 12:17:21.947 66967 INFO tempest.lib.common.rest_client [req-5d5ef48f-2461-423a-a53f-f66152513ee8 req-5d5ef48f-2461-423a-a53f-f66152513ee8 ] Request (MigrationsAdminTest:test_resize_server_revert_deleted_flavor): 200 GET http://10.180.1.21/compute/v2.1/servers/b52cb141-01a5-47d9-aaa6-636fe5bdf194 0.113s
2025-11-21 12:17:21.972 66943 INFO tempest.lib.common.rest_client [req-70d2b6e3-151d-4c06-9536-9874d2a0a68a req-70d2b6e3-151d-4c06-9536-9874d2a0a68a ] Request (ServerActionsTestOtherB:test_resize_server_confirm_from_stopped): 200 GET http://10.180.1.21/compute/v2.1/servers/5703a802-f43f-402d-987a-088e279f4e70 0.107s
2025-11-21 12:17:22.007 66951 INFO tempest.lib.common.rest_client [req-e8be8f3a-216f-4ddb-8d9d-37621123a92b req-e8be8f3a-216f-4ddb-8d9d-37621123a92b ] Request (InstanceActionsV221TestJSON:tearDownClass): 204 DELETE http://10.180.1.21/identity/v3/users/44b1101e43b848deb0525c60b0b456bd 0.144s
2025-11-21 12:17:22.007 66951 INFO tempest.lib.common.dynamic_creds [-] Deleting project and security group for project: 76ad88d3155a4380b24d661dce7ffe22
2025-11-21 12:17:22.019 66913 INFO tempest.lib.common.rest_client [req-03cd2702-50fd-418b-a41d-a4beb5beca35 req-03cd2702-50fd-418b-a41d-a4beb5beca35 ] Request (ServersAaction247Test:test_create_backup): 200 GET http://10.180.1.21/compute/v2.1/servers/9eaac48c-85b0-4e22-8da2-72de19b6bf0d 0.120s
2025-11-21 12:17:22.039 66951 INFO tempest.lib.common.rest_client [req-1f0017bb-b0ca-47b7-9b53-3876424dee04 req-1f0017bb-b0ca-47b7-9b53-3876424dee04 ] Request (InstanceActionsV221TestJSON:tearDownClass): 200 GET http://10.180.1.21/networking/v2.0/security-groups?tenant_id=76ad88d3155a4380b24d661dce7ffe22&name=default 0.031s
2025-11-21 12:17:22.053 66957 INFO tempest.lib.common.rest_client [req-3a6eb0c8-34b8-4aa8-a604-f616983aca2c req-3a6eb0c8-34b8-4aa8-a604-f616983aca2c ] Request (TenantUsagesTestJSON:tearDownClass): 200 GET http://10.180.1.21/compute/v2.1/servers/6a2408a0-d9f4-47e2-91eb-fbafaa9b8fb8 0.121s
2025-11-21 12:17:22.074 66919 INFO tempest.lib.common.rest_client [req-d209de83-ba74-4a42-931e-12aa9617542a req-d209de83-ba74-4a42-931e-12aa9617542a ] Request (ServersAdminTestJSON:tearDownClass): 404 GET http://10.180.1.21/compute/v2.1/servers/86dff220-e314-4a2f-a12f-ec7e4ca706d4 0.034s
2025-11-21 12:17:22.085 66933 INFO tempest.lib.common.rest_client [req-c10ad6d3-06db-4d64-9c2d-2e86e1c89b6e req-c10ad6d3-06db-4d64-9c2d-2e86e1c89b6e ] Request (ServersTestJSON:test_create_server_specify_multibyte_character_name): 200 GET http://10.180.1.21/compute/v2.1/servers/ce555499-ab9e-4ebd-b5b9-4a95a683f3e2 0.127s
2025-11-21 12:17:22.156 66951 INFO tempest.lib.common.rest_client [req-d38fb7f1-2809-428f-bcf7-9aebcd8a9ce9 req-d38fb7f1-2809-428f-bcf7-9aebcd8a9ce9 ] Request (InstanceActionsV221TestJSON:tearDownClass): 204 DELETE http://10.180.1.21/networking/v2.0/security-groups/3354f113-54b3-4121-9a38-1387fc8bcbe1 0.117s
2025-11-21 12:17:22.172 66919 INFO tempest.lib.common.rest_client [req-dc070314-bc6e-425d-857a-c440c08c5ccc req-dc070314-bc6e-425d-857a-c440c08c5ccc ] Request (ServersAdminTestJSON:tearDownClass): 204 DELETE http://10.180.1.21/compute/v2.1/servers/52f7a554-bb2a-4a94-8e87-93066b947da9 0.098s
2025-11-21 12:17:22.194 66939 INFO tempest.lib.common.rest_client [req-dcd5a4f1-b67e-48f3-83b0-daefc3cbcf92 req-dcd5a4f1-b67e-48f3-83b0-daefc3cbcf92 ] Request (AttachInterfacesTestJSON:test_create_list_show_delete_interfaces_by_network_port): 200 GET http://10.180.1.21/compute/v2.1/servers/962e857f-7887-41d9-b911-59317aa0e83f 0.133s
2025-11-21 12:17:22.209 66915 INFO tempest.lib.common.rest_client [req-c359a0a5-87c8-4ec5-9096-485fd7cc3cc3 req-c359a0a5-87c8-4ec5-9096-485fd7cc3cc3 ] Request (ImagesTestJSON:test_create_server_from_snapshot): 200 GET http://10.180.1.21/compute/v2.1/images/b0211a52-bc2f-4cc0-9c0c-7715ba06d9b9 0.123s
2025-11-21 12:17:22.261 66955 INFO tempest.lib.common.rest_client [req-161a00d2-2e29-4a18-860d-f89aff58b8f1 req-161a00d2-2e29-4a18-860d-f89aff58b8f1 ] Request (ListServerFiltersTestJSON:tearDownClass): 200 GET http://10.180.1.21/compute/v2.1/servers/816fd9f1-de81-425d-8fee-a1fe66334496 0.106s
2025-11-21 12:17:22.262 66951 INFO tempest.lib.common.rest_client [req-626f4f4b-ce5b-4aa6-8429-e0ee73689161 req-626f4f4b-ce5b-4aa6-8429-e0ee73689161 ] Request (InstanceActionsV221TestJSON:tearDownClass): 204 DELETE http://10.180.1.21/identity/v3/projects/76ad88d3155a4380b24d661dce7ffe22 0.105s
2025-11-21 12:17:22.345 66927 INFO tempest.lib.common.rest_client [req-01c3a6fc-c4d5-4079-a713-89efacf1b77b req-01c3a6fc-c4d5-4079-a713-89efacf1b77b ] Request (DeleteServersTestJSON:test_delete_server_while_in_attached_volume): 200 GET http://10.180.1.21/compute/v2.1/servers/b54dae8e-98c2-415c-a116-a1c1942afa2e 0.133s
2025-11-21 12:17:22.450 66919 INFO tempest.lib.common.rest_client [req-2e0aa2a4-eacf-4346-b1ee-1e0f2a501443 req-2e0aa2a4-eacf-4346-b1ee-1e0f2a501443 ] Request (ServersAdminTestJSON:tearDownClass): 200 GET http://10.180.1.21/compute/v2.1/servers/52f7a554-bb2a-4a94-8e87-93066b947da9 0.277s
2025-11-21 12:17:22.469 66935 INFO tempest.lib.common.rest_client [req-84cb0a54-53ca-4ef7-a076-1d9a36961e23 req-84cb0a54-53ca-4ef7-a076-1d9a36961e23 ] Request (MultipleCreateTestJSON:test_multiple_create): 200 GET http://10.180.1.21/compute/v2.1/servers/b39bd3f2-bb0f-4721-9b75-509b8566d862 0.228s
2025-11-21 12:17:22.525 66971 INFO tempest.lib.common.rest_client [req-52090b59-bd5a-4ee4-9e6a-055d0d9127b8 req-52090b59-bd5a-4ee4-9e6a-055d0d9127b8 ] Request (ServersV294TestFqdnHostnames:setUpClass): 200 GET http://10.180.1.21/compute/v2.1/servers/358c4cb2-651a-4bff-bf70-75487253efdc 0.230s
2025-11-21 12:17:22.528 66960 INFO tempest.lib.common.rest_client [req-9a5d14d0-300f-4298-9d05-b368af41f403 req-9a5d14d0-300f-4298-9d05-b368af41f403 ] Request (InstanceActionsNegativeTestJSON:setUpClass): 200 GET http://10.180.1.21/compute/v2.1/servers/249f98da-845d-48ae-8231-3c73bceda249 0.180s
2025-11-21 12:17:22.576 66929 INFO tempest.lib.common.rest_client [req-ddfbd1d9-4417-47cf-9a4c-ad1605357967 req-ddfbd1d9-4417-47cf-9a4c-ad1605357967 ] Request (ServerAddressesTestJSON:setUpClass): 200 GET http://10.180.1.21/compute/v2.1/servers/a43271a1-231f-4ce2-ba2d-2060bbaec458 0.207s
2025-11-21 12:17:22.585 66909 INFO tempest.lib.common.rest_client [req-94b50f5a-35f5-425b-88b9-7892107163e2 req-94b50f5a-35f5-425b-88b9-7892107163e2 ] Request (SecurityGroupsTestJSON:test_server_security_groups): 200 GET http://10.180.1.21/compute/v2.1/servers/b1bbe3a0-55b0-4fe2-b923-acc024456587 0.146s
2025-11-21 12:17:22.659 66931 INFO tempest.lib.common.rest_client [req-1628804f-3bfd-48b0-9e8a-f3e13c400803 req-1628804f-3bfd-48b0-9e8a-f3e13c400803 ] Request (ServerRescueTestJSON:tearDownClass): 200 GET http://10.180.1.21/compute/v2.1/servers/636b1968-7faa-4d72-9014-177be617abf1 0.141s
2025-11-21 12:17:22.663 66947 INFO tempest.lib.common.rest_client [req-d1708cf3-6731-4f91-8b2e-215914acf85b req-d1708cf3-6731-4f91-8b2e-215914acf85b ] Request (ServerShowV257Test:tearDownClass): 200 GET http://10.180.1.21/compute/v2.1/servers/2f7cffad-fbf8-4b0b-a643-60a1bb3aee00 0.200s
2025-11-21 12:17:22.728 66941 INFO tempest.lib.common.rest_client [req-5f48352a-f51f-4643-b24f-0d5ecf019b23 req-5f48352a-f51f-4643-b24f-0d5ecf019b23 ] Request (ImagesOneServerTestJSON:setUpClass): 200 GET http://10.180.1.21/compute/v2.1/servers/38207eeb-6767-424a-8d57-dd4d2522ed7d 0.192s
2025-11-21 12:17:22.751 66937 INFO tempest.lib.common.rest_client [req-581c9f3e-f2ac-48f2-8d20-300758a87da0 req-581c9f3e-f2ac-48f2-8d20-300758a87da0 ] Request (ListImageFiltersTestJSON:tearDownClass): 200 GET http://10.180.1.21/compute/v2.1/servers/e4c7156b-eb70-4a6f-b81c-2f194ec403b5 0.140s
2025-11-21 12:17:22.816 66961 INFO tempest.lib.common.rest_client [req-da159c61-3c29-4822-ba5f-4b2ee33530d1 req-da159c61-3c29-4822-ba5f-4b2ee33530d1 ] Request (ServerShowV247Test:test_update_rebuild_list_server): 200 GET http://10.180.1.21/compute/v2.1/servers/96a04135-3b59-458e-b2ab-7d184fa58c0c 0.136s
2025-11-21 12:17:22.842 66965 INFO tempest.lib.common.rest_client [req-13668d23-9d77-4296-a82b-7e4ea2d3cd2a req-13668d23-9d77-4296-a82b-7e4ea2d3cd2a ] Request (ServerDiskConfigTestJSON:test_resize_server_from_auto_to_manual): 200 GET http://10.180.1.21/compute/v2.1/servers/b2659cb4-87e0-42cc-bf12-9b17916ce4e3 0.196s
2025-11-21 12:17:23.080 66967 INFO tempest.lib.common.rest_client [req-3a50ec99-9b3f-46c2-8ef2-6a93fb788c4d req-3a50ec99-9b3f-46c2-8ef2-6a93fb788c4d ] Request (MigrationsAdminTest:test_resize_server_revert_deleted_flavor): 200 GET http://10.180.1.21/compute/v2.1/servers/b52cb141-01a5-47d9-aaa6-636fe5bdf194 0.124s
2025-11-21 12:17:23.086 66943 INFO tempest.lib.common.rest_client [req-3cb34954-342e-499b-ae03-a90638fe6051 req-3cb34954-342e-499b-ae03-a90638fe6051 ] Request (ServerActionsTestOtherB:test_resize_server_confirm_from_stopped): 200 GET http://10.180.1.21/compute/v2.1/servers/5703a802-f43f-402d-987a-088e279f4e70 0.101s
2025-11-21 12:17:23.135 66913 INFO tempest.lib.common.rest_client [req-017314ce-f1df-4b7f-b361-979c9e666af1 req-017314ce-f1df-4b7f-b361-979c9e666af1 ] Request (ServersAaction247Test:test_create_backup): 200 GET http://10.180.1.21/compute/v2.1/servers/9eaac48c-85b0-4e22-8da2-72de19b6bf0d 0.104s
2025-11-21 12:17:23.145 66957 INFO tempest.lib.common.rest_client [req-5b46fada-df10-4a30-ae6a-ad28c864f954 req-5b46fada-df10-4a30-ae6a-ad28c864f954 ] Request (TenantUsagesTestJSON:tearDownClass): 200 GET http://10.180.1.21/compute/v2.1/servers/6a2408a0-d9f4-47e2-91eb-fbafaa9b8fb8 0.084s
2025-11-21 12:17:23.192 66933 INFO tempest.lib.common.rest_client [req-c09019f7-c6c4-44ea-be9c-bf2c33d4292a req-c09019f7-c6c4-44ea-be9c-bf2c33d4292a ] Request (ServersTestJSON:test_create_server_specify_multibyte_character_name): 200 GET http://10.180.1.21/compute/v2.1/servers/ce555499-ab9e-4ebd-b5b9-4a95a683f3e2 0.099s
2025-11-21 12:17:23.254 66915 INFO tempest.lib.common.rest_client [req-8171b07c-8334-4753-a47c-9f4e57fc6b88 req-8171b07c-8334-4753-a47c-9f4e57fc6b88 ] Request (ImagesTestJSON:test_create_server_from_snapshot): 200 GET http://10.180.1.21/compute/v2.1/images/b0211a52-bc2f-4cc0-9c0c-7715ba06d9b9 0.042s
2025-11-21 12:17:23.302 66915 INFO tempest.lib.common.rest_client [req-bdbad322-1330-4364-bb9f-7257e0e65437 req-bdbad322-1330-4364-bb9f-7257e0e65437 ] Request (ImagesTestJSON:test_create_server_from_snapshot): 200 GET http://10.180.1.21/compute/v2.1/images/b0211a52-bc2f-4cc0-9c0c-7715ba06d9b9 0.044s
2025-11-21 12:17:23.377 66939 INFO tempest.lib.common.rest_client [req-80f1082c-45c3-4503-acc3-f0ba746d30e3 req-80f1082c-45c3-4503-acc3-f0ba746d30e3 ] Request (AttachInterfacesTestJSON:test_create_list_show_delete_interfaces_by_network_port): 200 GET http://10.180.1.21/compute/v2.1/servers/962e857f-7887-41d9-b911-59317aa0e83f 0.175s
2025-11-21 12:17:23.379 66915 INFO tempest.lib.common.rest_client [req-a37c67d5-5021-4f73-a340-5fe43f5c6b1a req-a37c67d5-5021-4f73-a340-5fe43f5c6b1a ] Request (ImagesTestJSON:test_create_server_from_snapshot): 201 POST http://10.180.1.21/identity/v3/auth/tokens 0.070s
2025-11-21 12:17:23.379 66915 INFO tempest.lib.common.fixed_network [-] (ImagesTestJSON:test_create_server_from_snapshot) Found network {'id': '157497fe-49e0-446c-aaea-86b86a1300f6', 'name': 'tempest-ImagesTestJSON-1791964463-network', 'tenant_id': '5caa7c681c1f4948b289c2962c27cdef', 'project_id': '5caa7c681c1f4948b289c2962c27cdef', 'admin_state_up': True, 'mtu': 8950, 'status': 'ACTIVE', 'subnets': [], 'shared': False, 'port_security_enabled': True, 'router:external': False, 'provider:network_type': 'vlan', 'provider:physical_network': 'default', 'provider:segmentation_id': 853, 'availability_zone_hints': [], 'availability_zones': [], 'ipv4_address_scope': None, 'ipv6_address_scope': None, 'description': '', 'tags': [], 'created_at': '2025-11-21T12:13:04Z', 'updated_at': '2025-11-21T12:13:04Z', 'revision_number': 1} available for tenant
2025-11-21 12:17:23.389 66955 INFO tempest.lib.common.rest_client [req-32e1aa1e-a632-45e9-9cd6-1e2285cfb4d4 req-32e1aa1e-a632-45e9-9cd6-1e2285cfb4d4 ] Request (ListServerFiltersTestJSON:tearDownClass): 200 GET http://10.180.1.21/compute/v2.1/servers/816fd9f1-de81-425d-8fee-a1fe66334496 0.119s
2025-11-21 12:17:23.454 66927 INFO tempest.lib.common.rest_client [req-27ad2294-2561-4136-b0c4-4bb982439b6c req-27ad2294-2561-4136-b0c4-4bb982439b6c ] Request (DeleteServersTestJSON:test_delete_server_while_in_attached_volume): 200 GET http://10.180.1.21/compute/v2.1/servers/b54dae8e-98c2-415c-a116-a1c1942afa2e 0.099s
2025-11-21 12:17:23.463 66921 WARNING tempest.lib.common.ssh [-] Failed to establish authenticated ssh connection to cirros@10.180.180.225 ([Errno None] Unable to connect to port 22 on 10.180.180.225). Number attempts: 12. Retry after 13 seconds.: paramiko.ssh_exception.NoValidConnectionsError: [Errno None] Unable to connect to port 22 on 10.180.180.225
2025-11-21 12:17:23.587 66919 INFO tempest.lib.common.rest_client [req-466257ae-d67e-455c-af13-5b22fe38c172 req-466257ae-d67e-455c-af13-5b22fe38c172 ] Request (ServersAdminTestJSON:tearDownClass): 200 GET http://10.180.1.21/compute/v2.1/servers/52f7a554-bb2a-4a94-8e87-93066b947da9 0.119s
2025-11-21 12:17:23.700 66935 INFO tempest.lib.common.rest_client [req-2e27af81-f766-4ca7-bc11-7d969c251d60 req-2e27af81-f766-4ca7-bc11-7d969c251d60 ] Request (MultipleCreateTestJSON:test_multiple_create): 200 GET http://10.180.1.21/compute/v2.1/servers/b39bd3f2-bb0f-4721-9b75-509b8566d862 0.217s
2025-11-21 12:17:23.738 66915 INFO tempest.lib.common.rest_client [req-1820951a-7969-4a58-9c7d-232db6aacadb req-1820951a-7969-4a58-9c7d-232db6aacadb ] Request (ImagesTestJSON:test_create_server_from_snapshot): 202 POST http://10.180.1.21/compute/v2.1/servers 0.357s
2025-11-21 12:17:23.762 66971 INFO tempest.lib.common.rest_client [req-6faa9c93-cdfc-413a-a173-4bf78dfb64b9 req-6faa9c93-cdfc-413a-a173-4bf78dfb64b9 ] Request (ServersV294TestFqdnHostnames:setUpClass): 200 GET http://10.180.1.21/compute/v2.1/servers/358c4cb2-651a-4bff-bf70-75487253efdc 0.225s
2025-11-21 12:17:23.796 66960 INFO tempest.lib.common.rest_client [req-af4ee41a-a492-4e52-a2a0-0fcc855e648b req-af4ee41a-a492-4e52-a2a0-0fcc855e648b ] Request (InstanceActionsNegativeTestJSON:setUpClass): 200 GET http://10.180.1.21/compute/v2.1/servers/249f98da-845d-48ae-8231-3c73bceda249 0.259s
2025-11-21 12:17:23.820 66929 INFO tempest.lib.common.rest_client [req-7c1082c6-5feb-4ba3-a2c4-1bf1f058bd9e req-7c1082c6-5feb-4ba3-a2c4-1bf1f058bd9e ] Request (ServerAddressesTestJSON:setUpClass): 200 GET http://10.180.1.21/compute/v2.1/servers/a43271a1-231f-4ce2-ba2d-2060bbaec458 0.231s
2025-11-21 12:17:23.853 66909 INFO tempest.lib.common.rest_client [req-b3d62a0f-dde3-4a55-b54f-067ea903f4d8 req-b3d62a0f-dde3-4a55-b54f-067ea903f4d8 ] Request (SecurityGroupsTestJSON:test_server_security_groups): 200 GET http://10.180.1.21/compute/v2.1/servers/b1bbe3a0-55b0-4fe2-b923-acc024456587 0.259s
2025-11-21 12:17:23.883 66931 INFO tempest.lib.common.rest_client [req-18affbbd-5276-4937-994f-9b08921a1655 req-18affbbd-5276-4937-994f-9b08921a1655 ] Request (ServerRescueTestJSON:tearDownClass): 200 GET http://10.180.1.21/compute/v2.1/servers/636b1968-7faa-4d72-9014-177be617abf1 0.215s
2025-11-21 12:17:23.922 66947 INFO tempest.lib.common.rest_client [req-2aa3ba89-323d-4e9b-9f29-24be280282a6 req-2aa3ba89-323d-4e9b-9f29-24be280282a6 ] Request (ServerShowV257Test:tearDownClass): 200 GET http://10.180.1.21/compute/v2.1/servers/2f7cffad-fbf8-4b0b-a643-60a1bb3aee00 0.248s
2025-11-21 12:17:23.940 66941 INFO tempest.lib.common.rest_client [req-2986de6f-82c0-4869-b7dd-034d4e9b6165 req-2986de6f-82c0-4869-b7dd-034d4e9b6165 ] Request (ImagesOneServerTestJSON:setUpClass): 200 GET http://10.180.1.21/compute/v2.1/servers/38207eeb-6767-424a-8d57-dd4d2522ed7d 0.203s
2025-11-21 12:17:23.958 66915 INFO tempest.lib.common.rest_client [req-3b99f887-83c2-4b9b-83f6-43e0af8dab2e req-3b99f887-83c2-4b9b-83f6-43e0af8dab2e ] Request (ImagesTestJSON:test_create_server_from_snapshot): 200 GET http://10.180.1.21/compute/v2.1/servers/545f4006-3f5b-4dfd-a5ad-dd4fda977367 0.219s
2025-11-21 12:17:23.996 66937 INFO tempest.lib.common.rest_client [req-77750c2b-58d0-4526-93ca-c5d5cb94d58e req-77750c2b-58d0-4526-93ca-c5d5cb94d58e ] Request (ListImageFiltersTestJSON:tearDownClass): 200 GET http://10.180.1.21/compute/v2.1/servers/e4c7156b-eb70-4a6f-b81c-2f194ec403b5 0.234s
2025-11-21 12:17:24.011 66961 INFO tempest.lib.common.rest_client [req-ede94b76-4841-4403-8dd7-99b7747019ae req-ede94b76-4841-4403-8dd7-99b7747019ae ] Request (ServerShowV247Test:test_update_rebuild_list_server): 200 GET http://10.180.1.21/compute/v2.1/servers/96a04135-3b59-458e-b2ab-7d184fa58c0c 0.183s
2025-11-21 12:17:24.115 66965 INFO tempest.lib.common.rest_client [req-e21e759e-1735-4732-b77c-615237b1cf20 req-e21e759e-1735-4732-b77c-615237b1cf20 ] Request (ServerDiskConfigTestJSON:test_resize_server_from_auto_to_manual): 200 GET http://10.180.1.21/compute/v2.1/servers/b2659cb4-87e0-42cc-bf12-9b17916ce4e3 0.265s
2025-11-21 12:17:24.204 66967 INFO tempest.lib.common.rest_client [req-8ad88bde-2e99-4699-8ba4-1d485537e8fc req-8ad88bde-2e99-4699-8ba4-1d485537e8fc ] Request (MigrationsAdminTest:test_resize_server_revert_deleted_flavor): 200 GET http://10.180.1.21/compute/v2.1/servers/b52cb141-01a5-47d9-aaa6-636fe5bdf194 0.117s
2025-11-21 12:17:24.233 66943 INFO tempest.lib.common.rest_client [req-686a3edd-12d8-44cd-8f36-97619451e5d5 req-686a3edd-12d8-44cd-8f36-97619451e5d5 ] Request (ServerActionsTestOtherB:test_resize_server_confirm_from_stopped): 200 GET http://10.180.1.21/compute/v2.1/servers/5703a802-f43f-402d-987a-088e279f4e70 0.139s
2025-11-21 12:17:24.272 66913 INFO tempest.lib.common.rest_client [req-01bbc961-b925-44aa-8d88-f80ecbf22a4b req-01bbc961-b925-44aa-8d88-f80ecbf22a4b ] Request (ServersAaction247Test:test_create_backup): 200 GET http://10.180.1.21/compute/v2.1/servers/9eaac48c-85b0-4e22-8da2-72de19b6bf0d 0.126s
2025-11-21 12:17:24.302 66957 INFO tempest.lib.common.rest_client [req-d5b03bdc-2a62-4ef3-8bfd-3f8d8ae01b7b req-d5b03bdc-2a62-4ef3-8bfd-3f8d8ae01b7b ] Request (TenantUsagesTestJSON:tearDownClass): 200 GET http://10.180.1.21/compute/v2.1/servers/6a2408a0-d9f4-47e2-91eb-fbafaa9b8fb8 0.148s
2025-11-21 12:17:24.330 66933 INFO tempest.lib.common.rest_client [req-eed0f8fd-666f-436a-b806-4f3002ae79b8 req-eed0f8fd-666f-436a-b806-4f3002ae79b8 ] Request (ServersTestJSON:test_create_server_specify_multibyte_character_name): 200 GET http://10.180.1.21/compute/v2.1/servers/ce555499-ab9e-4ebd-b5b9-4a95a683f3e2 0.129s
2025-11-21 12:17:24.520 66955 INFO tempest.lib.common.rest_client [req-719fe180-5696-4e3a-8dfc-ecce003ab8b1 req-719fe180-5696-4e3a-8dfc-ecce003ab8b1 ] Request (ListServerFiltersTestJSON:tearDownClass): 200 GET http://10.180.1.21/compute/v2.1/servers/816fd9f1-de81-425d-8fee-a1fe66334496 0.121s
2025-11-21 12:17:24.543 66939 INFO tempest.lib.common.rest_client [req-3f52c25d-fab0-43f6-acf4-e1d5b1c1779a req-3f52c25d-fab0-43f6-acf4-e1d5b1c1779a ] Request (AttachInterfacesTestJSON:test_create_list_show_delete_interfaces_by_network_port): 200 GET http://10.180.1.21/compute/v2.1/servers/962e857f-7887-41d9-b911-59317aa0e83f 0.158s
2025-11-21 12:17:24.572 66927 INFO tempest.lib.common.rest_client [req-57175a51-9960-46e1-86c5-05b42204bade req-57175a51-9960-46e1-86c5-05b42204bade ] Request (DeleteServersTestJSON:test_delete_server_while_in_attached_volume): 200 GET http://10.180.1.21/compute/v2.1/servers/b54dae8e-98c2-415c-a116-a1c1942afa2e 0.109s
2025-11-21 12:17:24.656 66919 INFO tempest.lib.common.rest_client [req-a0e15184-f0aa-4a24-a5bb-348aa21a3276 req-a0e15184-f0aa-4a24-a5bb-348aa21a3276 ] Request (ServersAdminTestJSON:tearDownClass): 200 GET http://10.180.1.21/compute/v2.1/servers/52f7a554-bb2a-4a94-8e87-93066b947da9 0.059s
2025-11-21 12:17:24.810 66935 INFO tempest.lib.common.rest_client [req-f6386a82-8bdf-445f-ba58-d2b57ba85159 req-f6386a82-8bdf-445f-ba58-d2b57ba85159 ] Request (MultipleCreateTestJSON:test_multiple_create): 200 GET http://10.180.1.21/compute/v2.1/servers/b39bd3f2-bb0f-4721-9b75-509b8566d862 0.103s
2025-11-21 12:17:24.817 66935 INFO tempest.common.waiters [-] State transition "BUILD/spawning" ==> "ACTIVE/None" after 9 second wait
2025-11-21 12:17:24.835 66971 INFO tempest.lib.common.rest_client [req-be3efa37-02f0-4ac1-a2bf-eb79e249816e req-be3efa37-02f0-4ac1-a2bf-eb79e249816e ] Request (ServersV294TestFqdnHostnames:setUpClass): 200 GET http://10.180.1.21/compute/v2.1/servers/358c4cb2-651a-4bff-bf70-75487253efdc 0.061s
2025-11-21 12:17:24.866 66960 INFO tempest.lib.common.rest_client [req-2843d64c-7f9c-4e5d-bc62-2ca0473f9aa7 req-2843d64c-7f9c-4e5d-bc62-2ca0473f9aa7 ] Request (InstanceActionsNegativeTestJSON:setUpClass): 200 GET http://10.180.1.21/compute/v2.1/servers/249f98da-845d-48ae-8231-3c73bceda249 0.061s
2025-11-21 12:17:24.904 66935 INFO tempest.lib.common.rest_client [req-5bfca342-510d-41a1-ae51-88a1e6e7ad9b req-5bfca342-510d-41a1-ae51-88a1e6e7ad9b ] Request (MultipleCreateTestJSON:_run_cleanups): 204 DELETE http://10.180.1.21/compute/v2.1/servers/b39bd3f2-bb0f-4721-9b75-509b8566d862 0.086s
2025-11-21 12:17:24.914 66929 INFO tempest.lib.common.rest_client [req-cb4693df-58d5-4bfa-8cee-380979952761 req-cb4693df-58d5-4bfa-8cee-380979952761 ] Request (ServerAddressesTestJSON:setUpClass): 200 GET http://10.180.1.21/compute/v2.1/servers/a43271a1-231f-4ce2-ba2d-2060bbaec458 0.086s
2025-11-21 12:17:24.955 66909 INFO tempest.lib.common.rest_client [req-b7c4b507-2150-4568-aebc-672b0476d078 req-b7c4b507-2150-4568-aebc-672b0476d078 ] Request (SecurityGroupsTestJSON:test_server_security_groups): 200 GET http://10.180.1.21/compute/v2.1/servers/b1bbe3a0-55b0-4fe2-b923-acc024456587 0.094s
2025-11-21 12:17:24.962 66909 INFO tempest.common.waiters [-] State transition "BUILD/None" ==> "BUILD/networking" after 70 second wait
2025-11-21 12:17:24.970 66931 INFO tempest.lib.common.rest_client [req-4b938cf5-c89f-4fcc-bb1c-8ac4db62262b req-4b938cf5-c89f-4fcc-bb1c-8ac4db62262b ] Request (ServerRescueTestJSON:tearDownClass): 200 GET http://10.180.1.21/compute/v2.1/servers/636b1968-7faa-4d72-9014-177be617abf1 0.077s
2025-11-21 12:17:25.025 66935 INFO tempest.lib.common.rest_client [req-f6b78396-15b1-474f-9945-2705d8cad579 req-f6b78396-15b1-474f-9945-2705d8cad579 ] Request (MultipleCreateTestJSON:_run_cleanups): 204 DELETE http://10.180.1.21/compute/v2.1/servers/a817baa8-b48d-4592-9ed6-df306e9ea8b0 0.120s
2025-11-21 12:17:25.025 66947 INFO tempest.lib.common.rest_client [req-07bbe0d0-2538-46b5-ade9-6433fdc40b82 req-07bbe0d0-2538-46b5-ade9-6433fdc40b82 ] Request (ServerShowV257Test:tearDownClass): 200 GET http://10.180.1.21/compute/v2.1/servers/2f7cffad-fbf8-4b0b-a643-60a1bb3aee00 0.092s
2025-11-21 12:17:25.076 66941 INFO tempest.lib.common.rest_client [req-58ac81f3-fafc-49f4-8130-2900be4b95c5 req-58ac81f3-fafc-49f4-8130-2900be4b95c5 ] Request (ImagesOneServerTestJSON:setUpClass): 200 GET http://10.180.1.21/compute/v2.1/servers/38207eeb-6767-424a-8d57-dd4d2522ed7d 0.126s
2025-11-21 12:17:25.090 66915 INFO tempest.lib.common.rest_client [req-4c22459d-5fb0-432e-80b6-2a296878df36 req-4c22459d-5fb0-432e-80b6-2a296878df36 ] Request (ImagesTestJSON:test_create_server_from_snapshot): 200 GET http://10.180.1.21/compute/v2.1/servers/545f4006-3f5b-4dfd-a5ad-dd4fda977367 0.122s
2025-11-21 12:17:25.134 66937 INFO tempest.lib.common.rest_client [req-38a9654a-64d6-4699-b219-15dc1cddadd4 req-38a9654a-64d6-4699-b219-15dc1cddadd4 ] Request (ListImageFiltersTestJSON:tearDownClass): 200 GET http://10.180.1.21/compute/v2.1/servers/e4c7156b-eb70-4a6f-b81c-2f194ec403b5 0.130s
2025-11-21 12:17:25.150 66961 INFO tempest.lib.common.rest_client [req-edfd44f3-c5d3-4865-8980-64e280cc5899 req-edfd44f3-c5d3-4865-8980-64e280cc5899 ] Request (ServerShowV247Test:test_update_rebuild_list_server): 200 GET http://10.180.1.21/compute/v2.1/servers/96a04135-3b59-458e-b2ab-7d184fa58c0c 0.130s
2025-11-21 12:17:25.372 66935 INFO tempest.lib.common.rest_client [req-99796ce2-f70f-4952-8c98-ad72d9eee064 req-99796ce2-f70f-4952-8c98-ad72d9eee064 ] Request (MultipleCreateTestJSON:_run_cleanups): 200 GET http://10.180.1.21/compute/v2.1/servers/b39bd3f2-bb0f-4721-9b75-509b8566d862 0.346s
2025-11-21 12:17:25.431 66965 INFO tempest.lib.common.rest_client [req-0937c730-00b5-4c2b-bddb-9384836c8b70 req-0937c730-00b5-4c2b-bddb-9384836c8b70 ] Request (ServerDiskConfigTestJSON:test_resize_server_from_auto_to_manual): 200 GET http://10.180.1.21/compute/v2.1/servers/b2659cb4-87e0-42cc-bf12-9b17916ce4e3 0.307s
2025-11-21 12:17:25.563 66967 INFO tempest.lib.common.rest_client [req-6869d41b-e859-4108-a813-caac6000cf2c req-6869d41b-e859-4108-a813-caac6000cf2c ] Request (MigrationsAdminTest:test_resize_server_revert_deleted_flavor): 200 GET http://10.180.1.21/compute/v2.1/servers/b52cb141-01a5-47d9-aaa6-636fe5bdf194 0.350s
2025-11-21 12:17:25.588 66943 INFO tempest.lib.common.rest_client [req-bfd9152b-37f1-42ef-9c2d-6b1ef15af995 req-bfd9152b-37f1-42ef-9c2d-6b1ef15af995 ] Request (ServerActionsTestOtherB:test_resize_server_confirm_from_stopped): 200 GET http://10.180.1.21/compute/v2.1/servers/5703a802-f43f-402d-987a-088e279f4e70 0.342s
2025-11-21 12:17:25.622 66913 INFO tempest.lib.common.rest_client [req-fcfa4b2a-e9bb-4f1f-901c-0bb534cd236e req-fcfa4b2a-e9bb-4f1f-901c-0bb534cd236e ] Request (ServersAaction247Test:test_create_backup): 200 GET http://10.180.1.21/compute/v2.1/servers/9eaac48c-85b0-4e22-8da2-72de19b6bf0d 0.338s
2025-11-21 12:17:25.651 66957 INFO tempest.lib.common.rest_client [req-231363c0-5ca8-4407-9912-fcab07694618 req-231363c0-5ca8-4407-9912-fcab07694618 ] Request (TenantUsagesTestJSON:tearDownClass): 200 GET http://10.180.1.21/compute/v2.1/servers/6a2408a0-d9f4-47e2-91eb-fbafaa9b8fb8 0.338s
2025-11-21 12:17:25.670 66933 INFO tempest.lib.common.rest_client [req-215d48b6-e0d9-40cb-99d2-64835928ee88 req-215d48b6-e0d9-40cb-99d2-64835928ee88 ] Request (ServersTestJSON:test_create_server_specify_multibyte_character_name): 200 GET http://10.180.1.21/compute/v2.1/servers/ce555499-ab9e-4ebd-b5b9-4a95a683f3e2 0.332s
2025-11-21 12:17:25.715 66955 INFO tempest.lib.common.rest_client [req-257a70a8-8bd1-4d3f-bccc-4cc233a90efd req-257a70a8-8bd1-4d3f-bccc-4cc233a90efd ] Request (ListServerFiltersTestJSON:tearDownClass): 200 GET http://10.180.1.21/compute/v2.1/servers/816fd9f1-de81-425d-8fee-a1fe66334496 0.185s
2025-11-21 12:17:25.768 66939 INFO tempest.lib.common.rest_client [req-8d7358ce-b255-4519-b306-2ff573010d4a req-8d7358ce-b255-4519-b306-2ff573010d4a ] Request (AttachInterfacesTestJSON:test_create_list_show_delete_interfaces_by_network_port): 200 GET http://10.180.1.21/compute/v2.1/servers/962e857f-7887-41d9-b911-59317aa0e83f 0.216s
