2025-11-21 12:16:58.902 66957 INFO tempest.lib.common.rest_client [req-d0a8016a-3626-4c3f-b626-3b8b51e2ae90 req-d0a8016a-3626-4c3f-b626-3b8b51e2ae90 ] Request (TenantUsagesTestJSON:setUpClass): 200 GET http://10.180.1.21/compute/v2.1/servers/6a2408a0-d9f4-47e2-91eb-fbafaa9b8fb8 0.851s
2025-11-21 12:16:58.911 66957 INFO tempest.common.waiters [-] State transition "BUILD/spawning" ==> "ACTIVE/None" after 65 second wait
2025-11-21 12:16:58.948 66960 INFO tempest.lib.common.rest_client [req-78b669fb-7aac-44de-9599-1e4f194ed702 req-78b669fb-7aac-44de-9599-1e4f194ed702 ] Request (InstanceActionsNegativeTestJSON:setUpClass): 200 GET http://10.180.1.21/compute/v2.1/servers/249f98da-845d-48ae-8231-3c73bceda249 0.848s
2025-11-21 12:16:59.051 66931 INFO tempest.lib.common.rest_client [req-42b6e0b4-7193-496b-8a0c-86f01e7d4643 req-42b6e0b4-7193-496b-8a0c-86f01e7d4643 ] Request (ServerRescueTestJSON:tearDownClass): 204 DELETE http://10.180.1.21/compute/v2.1/servers/636b1968-7faa-4d72-9014-177be617abf1 0.887s
2025-11-21 12:16:59.072 66911 INFO tempest.lib.common.rest_client [req-d9b4093e-5488-45a8-88d8-82727cd59bbf req-d9b4093e-5488-45a8-88d8-82727cd59bbf ] Request (AttachVolumeTestJSON:test_attach_detach_volume): 202 DELETE http://10.180.1.21/compute/v2.1/servers/c183fe73-ced5-45f3-b62e-559b16c5effc/os-volume_attachments/6d874921-253e-4c25-9085-8d7b3636badd 0.923s
2025-11-21 12:16:59.095 66967 INFO tempest.lib.common.rest_client [req-9ffcc7f4-f752-432a-a8a4-10cac4c62c14 req-9ffcc7f4-f752-432a-a8a4-10cac4c62c14 ] Request (MigrationsAdminTest:test_resize_server_revert_deleted_flavor): 200 GET http://10.180.1.21/compute/v2.1/flavors/detail 0.793s
2025-11-21 12:16:59.100 66911 INFO tempest.lib.common.rest_client [req-5427d1a5-7b65-4edc-a63a-f3fc9f99cdf5 req-5427d1a5-7b65-4edc-a63a-f3fc9f99cdf5 ] Request (AttachVolumeTestJSON:test_attach_detach_volume): 200 GET http://10.180.1.21/volume/v3/volumes/6d874921-253e-4c25-9085-8d7b3636badd 0.027s
2025-11-21 12:16:59.106 66955 INFO tempest.lib.common.rest_client [req-7d34e084-e9c4-456c-8a1a-29f43efb0038 req-7d34e084-e9c4-456c-8a1a-29f43efb0038 ] Request (ListServerFiltersTestJSON:test_list_servers_filtered_by_name_wildcard): 200 GET http://10.180.1.21/compute/v2.1/servers?name=-instance 0.816s
2025-11-21 12:16:59.127 66917 INFO tempest.lib.common.rest_client [req-108398c3-8bb4-4a4a-b58c-c51a861b79b0 req-108398c3-8bb4-4a4a-b58c-c51a861b79b0 ] Request (ServerTagsTestJSON:tearDownClass): 404 GET http://10.180.1.21/compute/v2.1/servers/e4532055-a275-4e51-82f7-203849234f95 0.801s
2025-11-21 12:16:59.221 66929 INFO tempest.lib.common.rest_client [req-ed3312eb-1a95-4313-9467-f1c679ff6e80 req-ed3312eb-1a95-4313-9467-f1c679ff6e80 ] Request (VolumesAdminNegativeTest:tearDownClass): 204 DELETE http://10.180.1.21/networking/v2.0/routers/b5952904-8195-4e80-bc39-832e071779ee 0.469s
2025-11-21 12:16:59.260 66947 INFO tempest.lib.common.rest_client [req-dd649f29-72fe-420c-b0ce-398781b73522 req-dd649f29-72fe-420c-b0ce-398781b73522 ] Request (ServerShowV257Test:tearDownClass): 200 GET http://10.180.1.21/compute/v2.1/servers/2f7cffad-fbf8-4b0b-a643-60a1bb3aee00 0.941s
2025-11-21 12:16:59.278 66937 INFO tempest.lib.common.rest_client [req-27bd11fd-08e8-4257-b384-6b6603da8d46 req-27bd11fd-08e8-4257-b384-6b6603da8d46 ] Request (ListImageFiltersTestJSON:tearDownClass): 200 GET http://10.180.1.21/compute/v2.1/servers/28c4d0de-dc97-418e-95a4-369ad3924a40 0.862s
2025-11-21 12:16:59.477 66929 INFO tempest.lib.common.rest_client [req-36682f88-e20a-40c4-afb1-e7499e43d2d7 req-36682f88-e20a-40c4-afb1-e7499e43d2d7 ] Request (VolumesAdminNegativeTest:tearDownClass): 204 DELETE http://10.180.1.21/networking/v2.0/subnets/9443f925-f28d-46cc-b33e-0b4fd0146a76 0.256s
2025-11-21 12:16:59.542 66961 INFO tempest.lib.common.rest_client [req-991dc439-e664-4570-8459-540abae3a9f9 req-991dc439-e664-4570-8459-540abae3a9f9 ] Request (ServersTestJSON:tearDownClass): 200 GET http://10.180.1.21/compute/v2.1/servers/d5081a6a-d974-42e4-9efa-e87839105fc1 1.007s
2025-11-21 12:16:59.688 66957 INFO tempest.lib.common.rest_client [req-8d6e2edd-52ec-4305-a779-45474bf2dfd4 req-8d6e2edd-52ec-4305-a779-45474bf2dfd4 ] Request (TenantUsagesTestJSON:test_get_usage_tenant): 200 GET http://10.180.1.21/compute/v2.1/os-simple-tenant-usage/21cc88e6c4b04233b518e684723c8fec?start=2025-11-20T12%3A16%3A58.912321&end=2025-11-22T12%3A16%3A58.912321 0.776s
2025-11-21 12:16:59.774 66929 INFO tempest.lib.common.rest_client [req-48b42354-69e4-4960-97b2-430a7ad899d9 req-48b42354-69e4-4960-97b2-430a7ad899d9 ] Request (VolumesAdminNegativeTest:tearDownClass): 204 DELETE http://10.180.1.21/networking/v2.0/networks/67aa81ca-255f-4fc8-b506-e125749f11ad 0.296s
2025-11-21 12:16:59.810 66943 INFO tempest.lib.common.rest_client [req-1bc1a431-792d-4d0b-849c-9f7f0075294b req-1bc1a431-792d-4d0b-849c-9f7f0075294b ] Request (ServerActionsTestOtherB:test_resize_server_confirm_from_stopped): 200 GET http://10.180.1.21/compute/v2.1/servers/5703a802-f43f-402d-987a-088e279f4e70 1.356s
2025-11-21 12:16:59.935 66917 INFO tempest.lib.common.rest_client [req-773fc413-a498-4e32-b635-7428e84b9991 req-773fc413-a498-4e32-b635-7428e84b9991 ] Request (ServerTagsTestJSON:tearDownClass): 200 PUT http://10.180.1.21/networking/v2.0/routers/9453f95f-b103-4e7a-a9c0-54e4a00432c0/remove_router_interface 0.807s
2025-11-21 12:16:59.971 66909 INFO tempest.lib.common.rest_client [req-c802d337-5c73-471f-bd20-4ad203af79ef req-c802d337-5c73-471f-bd20-4ad203af79ef ] Request (SecurityGroupsTestJSON:test_server_security_groups): 200 GET http://10.180.1.21/compute/v2.1/servers/b1bbe3a0-55b0-4fe2-b923-acc024456587 0.897s
2025-11-21 12:17:00.000 66931 INFO tempest.lib.common.rest_client [req-7464ded4-52ab-4258-a6bd-102c2180ff6b req-7464ded4-52ab-4258-a6bd-102c2180ff6b ] Request (ServerRescueTestJSON:tearDownClass): 200 GET http://10.180.1.21/compute/v2.1/servers/636b1968-7faa-4d72-9014-177be617abf1 0.949s
2025-11-21 12:17:00.076 66955 INFO tempest.lib.common.rest_client [req-35fd0419-3a33-41dc-a34d-a35dd6dc8a86 req-35fd0419-3a33-41dc-a34d-a35dd6dc8a86 ] Request (ListServerFiltersTestJSON:test_list_servers_filtered_by_name_wildcard): 200 GET http://10.180.1.21/compute/v2.1/servers?name=t-ListServerFiltersTestJSON-instance-160349422 0.968s
2025-11-21 12:17:00.157 66911 INFO tempest.lib.common.rest_client [req-f7648383-e1a7-4a2a-87c9-667ac3ea3e6e req-f7648383-e1a7-4a2a-87c9-667ac3ea3e6e ] Request (AttachVolumeTestJSON:test_attach_detach_volume): 200 GET http://10.180.1.21/volume/v3/volumes/6d874921-253e-4c25-9085-8d7b3636badd 0.049s
2025-11-21 12:17:00.230 66945 WARNING tempest.lib.common.ssh [-] Failed to establish authenticated ssh connection to cirros@10.180.180.196 ([Errno None] Unable to connect to port 22 on 10.180.180.196). Number attempts: 4. Retry after 5 seconds.: paramiko.ssh_exception.NoValidConnectionsError: [Errno None] Unable to connect to port 22 on 10.180.180.196
2025-11-21 12:17:00.281 66967 INFO tempest.lib.common.rest_client [req-5108277f-d6a7-42aa-aad2-208b41c586f4 req-5108277f-d6a7-42aa-aad2-208b41c586f4 ] Request (MigrationsAdminTest:test_resize_server_revert_deleted_flavor): 202 POST http://10.180.1.21/compute/v2.1/servers/b52cb141-01a5-47d9-aaa6-636fe5bdf194/action 1.178s
2025-11-21 12:17:00.526 66917 INFO tempest.lib.common.rest_client [req-84eb0151-45ee-4e29-adf9-bb66e8373161 req-84eb0151-45ee-4e29-adf9-bb66e8373161 ] Request (ServerTagsTestJSON:tearDownClass): 204 DELETE http://10.180.1.21/networking/v2.0/routers/9453f95f-b103-4e7a-a9c0-54e4a00432c0 0.591s
2025-11-21 12:17:00.600 66939 INFO tempest.lib.common.rest_client [req-77103e61-f028-474a-89a8-7a62b4f839bb req-77103e61-f028-474a-89a8-7a62b4f839bb ] Request (AttachInterfacesTestJSON:test_create_list_show_delete_interfaces_by_network_port): 200 GET http://10.180.1.21/compute/v2.1/servers/962e857f-7887-41d9-b911-59317aa0e83f 1.460s
2025-11-21 12:17:00.644 66919 INFO tempest.lib.common.rest_client [req-5dbe6dee-dd6e-4703-9398-4c5175deba82 req-5dbe6dee-dd6e-4703-9398-4c5175deba82 ] Request (ServersAdminTestJSON:tearDownClass): 200 GET http://10.180.1.21/compute/v2.1/servers/86dff220-e314-4a2f-a12f-ec7e4ca706d4 1.482s
2025-11-21 12:17:00.684 66929 INFO tempest.lib.common.rest_client [req-c8854233-66e4-42e3-be4e-8c785212dd3f req-c8854233-66e4-42e3-be4e-8c785212dd3f ] Request (VolumesAdminNegativeTest:tearDownClass): 200 PUT http://10.180.1.21/networking/v2.0/routers/ce1a1f61-71b1-41b2-927f-4b61618907d1/remove_router_interface 0.910s
2025-11-21 12:17:00.799 66917 INFO tempest.lib.common.rest_client [req-11e02626-46fc-4997-b006-ba4fe4363099 req-11e02626-46fc-4997-b006-ba4fe4363099 ] Request (ServerTagsTestJSON:tearDownClass): 204 DELETE http://10.180.1.21/networking/v2.0/subnets/e3f31f14-3c79-47d3-9d10-a96c246e9962 0.272s
2025-11-21 12:17:00.821 66913 INFO tempest.lib.common.rest_client [req-54350b18-9832-4f5b-b29f-1f2af77ade49 req-54350b18-9832-4f5b-b29f-1f2af77ade49 ] Request (ServersAaction247Test:test_create_backup): 200 GET http://10.180.1.21/compute/v2.1/servers/9eaac48c-85b0-4e22-8da2-72de19b6bf0d 1.434s
2025-11-21 12:17:00.836 66951 INFO tempest.lib.common.rest_client [req-60c221b0-1209-4626-81f7-812bcec9ab28 req-60c221b0-1209-4626-81f7-812bcec9ab28 ] Request (InstanceActionsV221TestJSON:test_get_list_deleted_instance_actions): 200 GET http://10.180.1.21/compute/v2.1/servers/5266760e-b9cd-461f-aeef-565dc5a1c4fb 1.348s
2025-11-21 12:17:01.156 66917 INFO tempest.lib.common.rest_client [req-2bdbf9ad-3583-4b40-abce-45e1fbc29d3a req-2bdbf9ad-3583-4b40-abce-45e1fbc29d3a ] Request (ServerTagsTestJSON:tearDownClass): 204 DELETE http://10.180.1.21/networking/v2.0/networks/4dfaa975-bfdf-4496-927f-dafb4763f166 0.356s
2025-11-21 12:17:01.197 66929 INFO tempest.lib.common.rest_client [req-0750d755-47f1-46fe-a5c6-2920e3bfba01 req-0750d755-47f1-46fe-a5c6-2920e3bfba01 ] Request (VolumesAdminNegativeTest:tearDownClass): 204 DELETE http://10.180.1.21/networking/v2.0/routers/ce1a1f61-71b1-41b2-927f-4b61618907d1 0.512s
2025-11-21 12:17:01.224 66941 INFO tempest.lib.common.rest_client [req-95d23dca-7196-4427-8aea-f152adbf4a5f req-95d23dca-7196-4427-8aea-f152adbf4a5f ] Request (ServersAdminNegativeTestJSON:tearDownClass): 200 GET http://10.180.1.21/compute/v2.1/servers/999e4b94-7477-4236-bad1-6d49c96d0169 1.659s
2025-11-21 12:17:01.225 66911 INFO tempest.lib.common.rest_client [req-babb9b9d-4731-4459-8b13-63a7de03e7d9 req-babb9b9d-4731-4459-8b13-63a7de03e7d9 ] Request (AttachVolumeTestJSON:test_attach_detach_volume): 200 GET http://10.180.1.21/volume/v3/volumes/6d874921-253e-4c25-9085-8d7b3636badd 0.048s
2025-11-21 12:17:01.256 66927 INFO tempest.lib.common.rest_client [req-9c28497d-e457-4588-934e-b85cec66bfaa req-9c28497d-e457-4588-934e-b85cec66bfaa ] Request (DeleteServersTestJSON:test_delete_active_server): 404 GET http://10.180.1.21/compute/v2.1/servers/93d624c4-0aa5-405f-a8a0-5c2cdd9ad32c 1.662s
2025-11-21 12:17:01.314 66965 INFO tempest.lib.common.rest_client [req-ce56bbf8-2c69-4847-9b2d-aaf4903032d8 req-ce56bbf8-2c69-4847-9b2d-aaf4903032d8 ] Request (ServerDiskConfigTestJSON:test_resize_server_from_auto_to_manual): 200 GET http://10.180.1.21/compute/v2.1/servers/b2659cb4-87e0-42cc-bf12-9b17916ce4e3 1.799s
2025-11-21 12:17:01.317 66957 INFO tempest.lib.common.rest_client [req-e058a8d9-4f33-446e-a705-56ae01c59bd9 req-e058a8d9-4f33-446e-a705-56ae01c59bd9 ] Request (TenantUsagesTestJSON:test_get_usage_tenant_with_non_admin_user): 200 GET http://10.180.1.21/compute/v2.1/os-simple-tenant-usage/21cc88e6c4b04233b518e684723c8fec?start=2025-11-20T12%3A16%3A58.912321&end=2025-11-22T12%3A16%3A58.912321 1.624s
2025-11-21 12:17:01.373 66917 INFO tempest.lib.common.rest_client [req-d5fd27df-8694-4dca-a657-96773cd9449b req-d5fd27df-8694-4dca-a657-96773cd9449b ] Request (ServerTagsTestJSON:tearDownClass): 204 DELETE http://10.180.1.21/identity/v3/users/67f205c15b314d22b263c1697d3c1911 0.217s
2025-11-21 12:17:01.374 66917 INFO tempest.lib.common.dynamic_creds [-] Deleting project and security group for project: c678f79236d240e6ab69f662f5db0cd2
2025-11-21 12:17:01.403 66927 INFO tempest.lib.common.rest_client [req-34ebc98d-9a0e-4a86-b728-d80dc8230935 req-34ebc98d-9a0e-4a86-b728-d80dc8230935 ] Request (DeleteServersTestJSON:test_delete_server_while_in_attached_volume): 201 POST http://10.180.1.21/identity/v3/auth/tokens 0.136s
2025-11-21 12:17:01.404 66927 INFO tempest.lib.common.fixed_network [-] (DeleteServersTestJSON:test_delete_server_while_in_attached_volume) Found network {'id': '48034562-5e79-460d-babd-b2df09e3c9ee', 'name': 'tempest-DeleteServersTestJSON-603523642-network', 'tenant_id': 'b84f2943501745c9a1261845e6f9e0ce', 'project_id': 'b84f2943501745c9a1261845e6f9e0ce', 'admin_state_up': True, 'mtu': 8950, 'status': 'ACTIVE', 'subnets': [], 'shared': False, 'port_security_enabled': True, 'router:external': False, 'provider:network_type': 'vlan', 'provider:physical_network': 'default', 'provider:segmentation_id': 674, 'availability_zone_hints': [], 'availability_zones': [], 'ipv4_address_scope': None, 'ipv6_address_scope': None, 'description': '', 'tags': [], 'created_at': '2025-11-21T12:15:19Z', 'updated_at': '2025-11-21T12:15:19Z', 'revision_number': 1} available for tenant
2025-11-21 12:17:01.514 66929 INFO tempest.lib.common.rest_client [req-46904cfd-e1fb-43e2-b1d6-e9ced634b266 req-46904cfd-e1fb-43e2-b1d6-e9ced634b266 ] Request (VolumesAdminNegativeTest:tearDownClass): 204 DELETE http://10.180.1.21/networking/v2.0/subnets/ece91294-ce62-4236-a974-1c04d58bbd24 0.316s
2025-11-21 12:17:01.535 66917 INFO tempest.lib.common.rest_client [req-cc64a9eb-be65-4eb4-8f61-7159b1efc2f0 req-cc64a9eb-be65-4eb4-8f61-7159b1efc2f0 ] Request (ServerTagsTestJSON:tearDownClass): 200 GET http://10.180.1.21/networking/v2.0/security-groups?tenant_id=c678f79236d240e6ab69f662f5db0cd2&name=default 0.161s
2025-11-21 12:17:01.538 66933 INFO tempest.lib.common.rest_client [req-fafcff83-598b-440a-b09d-cdcc89000db4 req-fafcff83-598b-440a-b09d-cdcc89000db4 ] Request (ServersTestJSON:test_create_server_specify_multibyte_character_name): 200 GET http://10.180.1.21/compute/v2.1/servers/ce555499-ab9e-4ebd-b5b9-4a95a683f3e2 1.805s
2025-11-21 12:17:01.547 66933 INFO tempest.common.waiters [-] State transition "BUILD/scheduling" ==> "BUILD/None" after 3 second wait
2025-11-21 12:17:01.623 66915 INFO tempest.lib.common.rest_client [req-cc5fd705-269f-4f54-afa6-342081cc4ce8 req-cc5fd705-269f-4f54-afa6-342081cc4ce8 ] Request (ImagesTestJSON:test_create_server_from_snapshot): 200 GET http://10.180.1.21/compute/v2.1/servers/a5599ea8-bdfe-4f16-a165-a3fc59127a36 1.858s
2025-11-21 12:17:01.826 66917 INFO tempest.lib.common.rest_client [req-4191c779-8980-44b4-b4e6-638d15d162a6 req-4191c779-8980-44b4-b4e6-638d15d162a6 ] Request (ServerTagsTestJSON:tearDownClass): 204 DELETE http://10.180.1.21/networking/v2.0/security-groups/b22a1d0b-5177-4950-9928-b36769de94b8 0.291s
2025-11-21 12:17:01.846 66929 INFO tempest.lib.common.rest_client [req-7fd55aff-d75e-4540-8db5-4868ca66182d req-7fd55aff-d75e-4540-8db5-4868ca66182d ] Request (VolumesAdminNegativeTest:tearDownClass): 204 DELETE http://10.180.1.21/networking/v2.0/networks/1736318c-1d58-4b17-b259-92be1c890e40 0.332s
2025-11-21 12:17:01.853 66935 INFO tempest.lib.common.rest_client [req-9d83f4b6-dd59-4edc-aa05-77de41112f34 req-9d83f4b6-dd59-4edc-aa05-77de41112f34 ] Request (MultipleCreateTestJSON:test_multiple_create): 200 GET http://10.180.1.21/compute/v2.1/servers/a817baa8-b48d-4592-9ed6-df306e9ea8b0 2.061s
2025-11-21 12:17:01.876 66971 INFO tempest.lib.common.rest_client [req-d43969b8-af57-4bf4-a75d-bef1facd68b9 req-d43969b8-af57-4bf4-a75d-bef1facd68b9 ] Request (ServersV294TestFqdnHostnames:setUpClass): 200 GET http://10.180.1.21/compute/v2.1/servers/358c4cb2-651a-4bff-bf70-75487253efdc 1.974s
2025-11-21 12:17:01.887 66971 INFO tempest.common.waiters [-] State transition "BUILD/scheduling" ==> "BUILD/None" after 3 second wait
2025-11-21 12:17:01.919 66960 INFO tempest.lib.common.rest_client [req-6ceeacd6-bb28-4d35-82ce-90ab216501fa req-6ceeacd6-bb28-4d35-82ce-90ab216501fa ] Request (InstanceActionsNegativeTestJSON:setUpClass): 200 GET http://10.180.1.21/compute/v2.1/servers/249f98da-845d-48ae-8231-3c73bceda249 1.959s
2025-11-21 12:17:01.973 66917 INFO tempest.lib.common.rest_client [req-08234cc8-f230-44fe-8761-e7f36e7a39ec req-08234cc8-f230-44fe-8761-e7f36e7a39ec ] Request (ServerTagsTestJSON:tearDownClass): 204 DELETE http://10.180.1.21/identity/v3/projects/c678f79236d240e6ab69f662f5db0cd2 0.147s
2025-11-21 12:17:01.983 66955 INFO tempest.lib.common.rest_client [req-77237606-9296-4ca0-a722-acffa0eb3017 req-77237606-9296-4ca0-a722-acffa0eb3017 ] Request (ListServerFiltersTestJSON:tearDownClass): 204 DELETE http://10.180.1.21/compute/v2.1/servers/816fd9f1-de81-425d-8fee-a1fe66334496 1.903s
2025-11-21 12:17:01.997 66947 INFO tempest.lib.common.rest_client [req-843e2354-b29b-4fd5-b138-65b3c5077a86 req-843e2354-b29b-4fd5-b138-65b3c5077a86 ] Request (ServerShowV257Test:tearDownClass): 200 GET http://10.180.1.21/compute/v2.1/servers/2f7cffad-fbf8-4b0b-a643-60a1bb3aee00 1.724s
2025-11-21 12:17:02.000 66929 INFO tempest.lib.common.rest_client [req-546c99d3-c8f7-45bb-8058-acc23bb843fc req-546c99d3-c8f7-45bb-8058-acc23bb843fc ] Request (VolumesAdminNegativeTest:tearDownClass): 204 DELETE http://10.180.1.21/identity/v3/users/b632a144ceee46149c0b1900823f09de 0.154s
2025-11-21 12:17:02.047 66917 INFO tempest.lib.common.rest_client [req-8df0562c-5d06-464f-9dc8-c7f9d8333d74 req-8df0562c-5d06-464f-9dc8-c7f9d8333d74 ] Request (ComputeTenantNetworksTest:setUpClass): 201 POST http://10.180.1.21/identity/v3/auth/tokens 0.072s
2025-11-21 12:17:02.065 66937 INFO tempest.lib.common.rest_client [req-022abbb2-56c4-4f37-8234-43351cceebd2 req-022abbb2-56c4-4f37-8234-43351cceebd2 ] Request (ListImageFiltersTestJSON:tearDownClass): 200 GET http://10.180.1.21/compute/v2.1/servers/28c4d0de-dc97-418e-95a4-369ad3924a40 1.769s
2025-11-21 12:17:02.101 66967 INFO tempest.lib.common.rest_client [req-adb76cad-61fc-437c-9365-5a1a58f4cdb2 req-adb76cad-61fc-437c-9365-5a1a58f4cdb2 ] Request (MigrationsAdminTest:test_resize_server_revert_deleted_flavor): 200 GET http://10.180.1.21/compute/v2.1/servers/b52cb141-01a5-47d9-aaa6-636fe5bdf194 1.819s
2025-11-21 12:17:02.114 66929 INFO tempest.lib.common.rest_client [req-3e2fa1f3-40d0-4b7d-8ab8-ab2394ac5d59 req-3e2fa1f3-40d0-4b7d-8ab8-ab2394ac5d59 ] Request (VolumesAdminNegativeTest:tearDownClass): 204 DELETE http://10.180.1.21/identity/v3/users/5166b3c5d4a74a2f9ddaef0d365cd517 0.113s
2025-11-21 12:17:02.128 66961 INFO tempest.lib.common.rest_client [req-5100d45c-943a-48ff-8036-c68add582f3c req-5100d45c-943a-48ff-8036-c68add582f3c ] Request (ServersTestJSON:tearDownClass): 200 GET http://10.180.1.21/compute/v2.1/servers/d5081a6a-d974-42e4-9efa-e87839105fc1 1.572s
2025-11-21 12:17:02.143 66917 INFO tempest.lib.common.rest_client [req-82a4b557-ef61-47f9-abc8-5d68f2a199f1 req-82a4b557-ef61-47f9-abc8-5d68f2a199f1 ] Request (ComputeTenantNetworksTest:setUpClass): 201 POST http://10.180.1.21/identity/v3/auth/tokens 0.093s
2025-11-21 12:17:02.176 66909 INFO tempest.lib.common.rest_client [req-dfb059ff-72de-44e6-8ce7-964e56e14a6c req-dfb059ff-72de-44e6-8ce7-964e56e14a6c ] Request (SecurityGroupsTestJSON:test_server_security_groups): 200 GET http://10.180.1.21/compute/v2.1/servers/b1bbe3a0-55b0-4fe2-b923-acc024456587 1.197s
2025-11-21 12:17:02.204 66917 INFO tempest.lib.common.rest_client [req-3f3f97f6-8962-419b-90f6-c72e348acd9e req-3f3f97f6-8962-419b-90f6-c72e348acd9e ] Request (ComputeTenantNetworksTest:setUpClass): 200 GET http://10.180.1.21/identity/v3/domains?name=Default 0.060s
2025-11-21 12:17:02.242 66917 INFO tempest.lib.common.rest_client [req-5ce26487-61bf-497a-b8d2-2cdcca7d3287 req-5ce26487-61bf-497a-b8d2-2cdcca7d3287 ] Request (ComputeTenantNetworksTest:setUpClass): 201 POST http://10.180.1.21/identity/v3/projects 0.038s
2025-11-21 12:17:02.246 66943 INFO tempest.lib.common.rest_client [req-57af17d6-21b6-4388-aa9f-41548b7f9afc req-57af17d6-21b6-4388-aa9f-41548b7f9afc ] Request (ServerActionsTestOtherB:test_resize_server_confirm_from_stopped): 200 GET http://10.180.1.21/compute/v2.1/servers/5703a802-f43f-402d-987a-088e279f4e70 1.426s
2025-11-21 12:17:02.256 66931 INFO tempest.lib.common.rest_client [req-e565e11c-4c4f-475a-bd92-cff58cfb725d req-e565e11c-4c4f-475a-bd92-cff58cfb725d ] Request (ServerRescueTestJSON:tearDownClass): 200 GET http://10.180.1.21/compute/v2.1/servers/636b1968-7faa-4d72-9014-177be617abf1 1.241s
2025-11-21 12:17:02.280 66911 INFO tempest.lib.common.rest_client [req-7144f8ca-fa2a-401f-95dc-df20d46812a7 req-7144f8ca-fa2a-401f-95dc-df20d46812a7 ] Request (AttachVolumeTestJSON:test_attach_detach_volume): 200 GET http://10.180.1.21/volume/v3/volumes/6d874921-253e-4c25-9085-8d7b3636badd 0.045s
2025-11-21 12:17:02.283 66929 INFO tempest.lib.common.rest_client [req-7d987bdb-522f-4fc6-a4f5-f3973e238c63 req-7d987bdb-522f-4fc6-a4f5-f3973e238c63 ] Request (VolumesAdminNegativeTest:tearDownClass): 204 DELETE http://10.180.1.21/identity/v3/users/0e3323eac89a413e97cace7fcf663d54 0.169s
2025-11-21 12:17:02.284 66929 INFO tempest.lib.common.dynamic_creds [-] Deleting project and security group for project: 1796f8a92492480c8d7fc09804b55d90
2025-11-21 12:17:02.289 66911 INFO tempest.common.waiters [-] volume 6d874921-253e-4c25-9085-8d7b3636badd reached available after waiting for 3.288991 seconds
2025-11-21 12:17:02.326 66929 INFO tempest.lib.common.rest_client [req-aa9b9faa-e637-416c-9661-f3510b1029a7 req-aa9b9faa-e637-416c-9661-f3510b1029a7 ] Request (VolumesAdminNegativeTest:tearDownClass): 200 GET http://10.180.1.21/networking/v2.0/security-groups?tenant_id=1796f8a92492480c8d7fc09804b55d90&name=default 0.042s
2025-11-21 12:17:02.385 66917 INFO tempest.lib.common.rest_client [req-4f0bb635-de82-41f1-bdc7-21971a2acb5d req-4f0bb635-de82-41f1-bdc7-21971a2acb5d ] Request (ComputeTenantNetworksTest:setUpClass): 201 POST http://10.180.1.21/identity/v3/users 0.142s
2025-11-21 12:17:02.423 66917 INFO tempest.lib.common.rest_client [req-bab9d12c-5a4d-42a1-819a-31df3479a20b req-bab9d12c-5a4d-42a1-819a-31df3479a20b ] Request (ComputeTenantNetworksTest:setUpClass): 200 GET http://10.180.1.21/identity/v3/roles 0.038s
2025-11-21 12:17:02.433 66929 INFO tempest.lib.common.rest_client [req-e7ee1115-bf3c-4163-aa28-5574165faa94 req-e7ee1115-bf3c-4163-aa28-5574165faa94 ] Request (VolumesAdminNegativeTest:tearDownClass): 204 DELETE http://10.180.1.21/networking/v2.0/security-groups/957a55fc-d3f7-476f-8a0e-1f2947393581 0.106s
2025-11-21 12:17:02.464 66917 INFO tempest.lib.common.rest_client [req-22a9f978-5107-4434-9f4a-3cba601aa8c2 req-22a9f978-5107-4434-9f4a-3cba601aa8c2 ] Request (ComputeTenantNetworksTest:setUpClass): 204 PUT http://10.180.1.21/identity/v3/projects/d7af1028e77b4c24a637fb6ee96252a5/users/c8a87d9dc01f4a97a301c258c0c7a376/roles/1b95b6525e0b4eabbee2101f281380e1 0.039s
2025-11-21 12:17:02.464 66917 INFO tempest.lib.common.dynamic_creds [-] Dynamic test user c8a87d9dc01f4a97a301c258c0c7a376 is created with scope project and roles: ['member']
2025-11-21 12:17:02.464 66917 INFO tempest.lib.common.dynamic_creds [-] Acquired dynamic creds: credentials: Credentials: {'domain_id': 'default', 'domain_name': 'Default', 'username': 'tempest-ComputeTenantNetworksTest-405771361-project-member', 'project_domain_id': 'default', 'project_domain_name': 'Default', 'project_id': 'd7af1028e77b4c24a637fb6ee96252a5', 'project_name': 'tempest-ComputeTenantNetworksTest-405771361', 'tenant_id': 'd7af1028e77b4c24a637fb6ee96252a5', 'tenant_name': 'tempest-ComputeTenantNetworksTest-405771361', 'user_domain_id': 'default', 'user_domain_name': 'Default', 'user_id': 'c8a87d9dc01f4a97a301c258c0c7a376', 'system': None}, Network: None, Subnet: None, Router: None
2025-11-21 12:17:02.523 66929 INFO tempest.lib.common.rest_client [req-e23df5d7-f437-447c-bd12-28ba58bc590e req-e23df5d7-f437-447c-bd12-28ba58bc590e ] Request (VolumesAdminNegativeTest:tearDownClass): 204 DELETE http://10.180.1.21/identity/v3/projects/1796f8a92492480c8d7fc09804b55d90 0.090s
2025-11-21 12:17:02.523 66929 INFO tempest.lib.common.dynamic_creds [-] Deleting project and security group for project: 8dd42e7a9ad746048059b69cd6f13cbe
2025-11-21 12:17:02.526 66917 INFO tempest.lib.common.rest_client [req-3afdfe9f-40f0-438f-9167-22a9972f1df5 req-3afdfe9f-40f0-438f-9167-22a9972f1df5 ] Request (ComputeTenantNetworksTest:setUpClass): 201 POST http://10.180.1.21/identity/v3/auth/tokens 0.061s
2025-11-21 12:17:02.562 66929 INFO tempest.lib.common.rest_client [req-cd34ec19-077b-4500-a965-8202fc791dd8 req-cd34ec19-077b-4500-a965-8202fc791dd8 ] Request (VolumesAdminNegativeTest:tearDownClass): 200 GET http://10.180.1.21/networking/v2.0/security-groups?tenant_id=8dd42e7a9ad746048059b69cd6f13cbe&name=default 0.038s
2025-11-21 12:17:02.629 66957 INFO tempest.lib.common.rest_client [req-da2d5b15-3507-415b-b97e-4ba9c1d3ab1f req-da2d5b15-3507-415b-b97e-4ba9c1d3ab1f ] Request (TenantUsagesTestJSON:test_list_usage_all_tenants): 200 GET http://10.180.1.21/compute/v2.1/os-simple-tenant-usage?start=2025-11-20T12%3A16%3A58.912321&end=2025-11-22T12%3A16%3A58.912321&detailed=1 1.305s
2025-11-21 12:17:02.677 66929 INFO tempest.lib.common.rest_client [req-94b0e773-5f7b-4853-ab8f-e2bbb79833ba req-94b0e773-5f7b-4853-ab8f-e2bbb79833ba ] Request (VolumesAdminNegativeTest:tearDownClass): 204 DELETE http://10.180.1.21/networking/v2.0/security-groups/0e19747b-5a0e-4449-a571-b6e52f8fcfb0 0.114s
2025-11-21 12:17:02.738 66939 INFO tempest.lib.common.rest_client [req-f101c0ff-63fb-4e86-ab1b-49f211049876 req-f101c0ff-63fb-4e86-ab1b-49f211049876 ] Request (AttachInterfacesTestJSON:test_create_list_show_delete_interfaces_by_network_port): 200 GET http://10.180.1.21/compute/v2.1/servers/962e857f-7887-41d9-b911-59317aa0e83f 1.128s
2025-11-21 12:17:02.750 66929 INFO tempest.lib.common.rest_client [req-729e0265-3a97-4550-8765-b263aec3da05 req-729e0265-3a97-4550-8765-b263aec3da05 ] Request (VolumesAdminNegativeTest:tearDownClass): 204 DELETE http://10.180.1.21/identity/v3/projects/8dd42e7a9ad746048059b69cd6f13cbe 0.073s
2025-11-21 12:17:02.750 66929 INFO tempest.lib.common.dynamic_creds [-] Deleting project and security group for project: e29eb5816046419fbf9935512ef9a067
2025-11-21 12:17:02.785 66929 INFO tempest.lib.common.rest_client [req-60b0d233-dd70-4a98-9380-1e846bab15b3 req-60b0d233-dd70-4a98-9380-1e846bab15b3 ] Request (VolumesAdminNegativeTest:tearDownClass): 200 GET http://10.180.1.21/networking/v2.0/security-groups?tenant_id=e29eb5816046419fbf9935512ef9a067&name=default 0.034s
2025-11-21 12:17:02.796 66927 INFO tempest.lib.common.rest_client [req-2d312ba2-bcca-4925-8311-4bb75d42f8e9 req-2d312ba2-bcca-4925-8311-4bb75d42f8e9 ] Request (DeleteServersTestJSON:test_delete_server_while_in_attached_volume): 202 POST http://10.180.1.21/compute/v2.1/servers 1.392s
2025-11-21 12:17:02.815 66917 INFO tempest.lib.common.rest_client [req-b9886dc0-1036-45ab-b221-5fefbf789cc2 req-b9886dc0-1036-45ab-b221-5fefbf789cc2 ] Request (ComputeTenantNetworksTest:setUpClass): 201 POST http://10.180.1.21/networking/v2.0/networks 0.288s
2025-11-21 12:17:02.815 66917 INFO tempest.lib.common.dynamic_creds [-] Created isolated network resources for: credentials: Credentials: {'domain_id': 'default', 'domain_name': 'Default', 'username': 'tempest-ComputeTenantNetworksTest-405771361-project-member', 'project_domain_id': 'default', 'project_domain_name': 'Default', 'project_id': 'd7af1028e77b4c24a637fb6ee96252a5', 'project_name': 'tempest-ComputeTenantNetworksTest-405771361', 'tenant_id': 'd7af1028e77b4c24a637fb6ee96252a5', 'tenant_name': 'tempest-ComputeTenantNetworksTest-405771361', 'user_domain_id': 'default', 'user_domain_name': 'Default', 'user_id': 'c8a87d9dc01f4a97a301c258c0c7a376', 'system': None}, Network: {'id': 'eabbfba1-0b30-4602-9c35-a575730e5d5b', 'name': 'tempest-ComputeTenantNetworksTest-2043889327-network', 'tenant_id': 'd7af1028e77b4c24a637fb6ee96252a5', 'project_id': 'd7af1028e77b4c24a637fb6ee96252a5', 'admin_state_up': True, 'mtu': 8950, 'status': 'ACTIVE', 'subnets': [], 'shared': False, 'port_security_enabled': True, 'router:external': False, 'provider:network_type': 'vlan', 'provider:physical_network': 'default', 'provider:segmentation_id': 436, 'availability_zone_hints': [], 'availability_zones': [], 'ipv4_address_scope': None, 'ipv6_address_scope': None, 'description': '', 'tags': [], 'created_at': '2025-11-21T12:17:02Z', 'updated_at': '2025-11-21T12:17:02Z', 'revision_number': 1}, Subnet: None, Router: None
2025-11-21 12:17:02.840 66919 INFO tempest.lib.common.rest_client [req-37b972d0-fc5e-4b5a-86ce-2d89b34f38bb req-37b972d0-fc5e-4b5a-86ce-2d89b34f38bb ] Request (ServersAdminTestJSON:tearDownClass): 200 GET http://10.180.1.21/compute/v2.1/servers/86dff220-e314-4a2f-a12f-ec7e4ca706d4 1.184s
2025-11-21 12:17:02.879 66913 INFO tempest.lib.common.rest_client [req-9734d119-98c8-4761-809d-482567189792 req-9734d119-98c8-4761-809d-482567189792 ] Request (ServersAaction247Test:test_create_backup): 200 GET http://10.180.1.21/compute/v2.1/servers/9eaac48c-85b0-4e22-8da2-72de19b6bf0d 1.046s
2025-11-21 12:17:02.885 66929 INFO tempest.lib.common.rest_client [req-a6269657-bd47-407d-b9ad-c52f22582c83 req-a6269657-bd47-407d-b9ad-c52f22582c83 ] Request (VolumesAdminNegativeTest:tearDownClass): 204 DELETE http://10.180.1.21/networking/v2.0/security-groups/f079edbf-d6ea-425b-b1c2-75445d2b265f 0.100s
2025-11-21 12:17:02.911 66917 INFO tempest.lib.common.rest_client [req-18891428-507b-4e8e-9ecd-998f025518b1 req-18891428-507b-4e8e-9ecd-998f025518b1 ] Request (ComputeTenantNetworksTest:setUpClass): 201 POST http://10.180.1.21/identity/v3/auth/tokens 0.092s
2025-11-21 12:17:02.915 66951 INFO tempest.lib.common.rest_client [req-b16f3a07-4e7e-41cb-b71f-fc8778f0ce5d req-b16f3a07-4e7e-41cb-b71f-fc8778f0ce5d ] Request (InstanceActionsV221TestJSON:test_get_list_deleted_instance_actions): 200 GET http://10.180.1.21/compute/v2.1/servers/5266760e-b9cd-461f-aeef-565dc5a1c4fb 1.065s
2025-11-21 12:17:02.944 66917 INFO tempest.lib.common.rest_client [req-a0b79783-8bd8-4a78-b21d-2b3542d900d1 req-a0b79783-8bd8-4a78-b21d-2b3542d900d1 ] Request (ComputeTenantNetworksTest:setUpClass): 201 POST http://10.180.1.21/identity/v3/auth/tokens 0.028s
2025-11-21 12:17:02.944 66917 INFO tempest.lib.common.fixed_network [-] (ComputeTenantNetworksTest:setUpClass) Found network {'id': 'eabbfba1-0b30-4602-9c35-a575730e5d5b', 'name': 'tempest-ComputeTenantNetworksTest-2043889327-network', 'tenant_id': 'd7af1028e77b4c24a637fb6ee96252a5', 'project_id': 'd7af1028e77b4c24a637fb6ee96252a5', 'admin_state_up': True, 'mtu': 8950, 'status': 'ACTIVE', 'subnets': [], 'shared': False, 'port_security_enabled': True, 'router:external': False, 'provider:network_type': 'vlan', 'provider:physical_network': 'default', 'provider:segmentation_id': 436, 'availability_zone_hints': [], 'availability_zones': [], 'ipv4_address_scope': None, 'ipv6_address_scope': None, 'description': '', 'tags': [], 'created_at': '2025-11-21T12:17:02Z', 'updated_at': '2025-11-21T12:17:02Z', 'revision_number': 1} available for tenant
2025-11-21 12:17:02.978 66941 INFO tempest.lib.common.rest_client [req-5107fa83-26db-46e1-8b3d-d93eaa6ad0ad req-5107fa83-26db-46e1-8b3d-d93eaa6ad0ad ] Request (ServersAdminNegativeTestJSON:tearDownClass): 200 GET http://10.180.1.21/compute/v2.1/servers/999e4b94-7477-4236-bad1-6d49c96d0169 0.743s
2025-11-21 12:17:03.009 66929 INFO tempest.lib.common.rest_client [req-773e4283-13f5-4aa5-a2e5-3f41d2549c63 req-773e4283-13f5-4aa5-a2e5-3f41d2549c63 ] Request (VolumesAdminNegativeTest:tearDownClass): 204 DELETE http://10.180.1.21/identity/v3/projects/e29eb5816046419fbf9935512ef9a067 0.123s
2025-11-21 12:17:03.051 66911 INFO tempest.lib.common.rest_client [req-5b6245db-bd48-49c8-84fd-3a0bde1c2961 req-5b6245db-bd48-49c8-84fd-3a0bde1c2961 ] Request (AttachVolumeTestJSON:test_attach_detach_volume): 202 POST http://10.180.1.21/compute/v2.1/servers/c183fe73-ced5-45f3-b62e-559b16c5effc/action 0.762s
2025-11-21 12:17:03.064 66955 INFO tempest.lib.common.rest_client [req-4e380ff0-e27f-4df2-a8f4-18adedb23896 req-4e380ff0-e27f-4df2-a8f4-18adedb23896 ] Request (ListServerFiltersTestJSON:tearDownClass): 200 GET http://10.180.1.21/compute/v2.1/servers/816fd9f1-de81-425d-8fee-a1fe66334496 1.080s
2025-11-21 12:17:03.084 66929 INFO tempest.lib.common.rest_client [req-663325d7-4472-4c39-bd9b-186e7d708432 req-663325d7-4472-4c39-bd9b-186e7d708432 ] Request (ImagesMetadataNegativeTestJSON:setUpClass): 201 POST http://10.180.1.21/identity/v3/auth/tokens 0.073s
2025-11-21 12:17:03.118 66933 INFO tempest.lib.common.rest_client [req-314ba756-4d08-44f4-b48c-8847cfbba541 req-314ba756-4d08-44f4-b48c-8847cfbba541 ] Request (ServersTestJSON:test_create_server_specify_multibyte_character_name): 200 GET http://10.180.1.21/compute/v2.1/servers/ce555499-ab9e-4ebd-b5b9-4a95a683f3e2 0.569s
2025-11-21 12:17:03.121 66929 INFO tempest.lib.common.rest_client [req-29ab47f5-0737-4631-8da5-709e002d6e8a req-29ab47f5-0737-4631-8da5-709e002d6e8a ] Request (ImagesMetadataNegativeTestJSON:setUpClass): 201 POST http://10.180.1.21/identity/v3/auth/tokens 0.033s
2025-11-21 12:17:03.155 66929 INFO tempest.lib.common.rest_client [req-0ae48945-3e28-4953-80fa-3adcafc5f1ca req-0ae48945-3e28-4953-80fa-3adcafc5f1ca ] Request (ImagesMetadataNegativeTestJSON:setUpClass): 200 GET http://10.180.1.21/identity/v3/domains?name=Default 0.033s
2025-11-21 12:17:03.196 66929 INFO tempest.lib.common.rest_client [req-888a998a-8e5e-4d3e-875a-8007a9f25c66 req-888a998a-8e5e-4d3e-875a-8007a9f25c66 ] Request (ImagesMetadataNegativeTestJSON:setUpClass): 201 POST http://10.180.1.21/identity/v3/projects 0.041s
2025-11-21 12:17:03.206 66965 INFO tempest.lib.common.rest_client [req-39e7af1c-d64d-41d6-bce3-982344f1750c req-39e7af1c-d64d-41d6-bce3-982344f1750c ] Request (ServerDiskConfigTestJSON:test_resize_server_from_auto_to_manual): 200 GET http://10.180.1.21/compute/v2.1/servers/b2659cb4-87e0-42cc-bf12-9b17916ce4e3 0.876s
2025-11-21 12:17:03.264 66915 INFO tempest.lib.common.rest_client [req-5d973b31-d636-4a52-8479-206cbf61a0ce req-5d973b31-d636-4a52-8479-206cbf61a0ce ] Request (ImagesTestJSON:test_create_server_from_snapshot): 200 GET http://10.180.1.21/compute/v2.1/servers/a5599ea8-bdfe-4f16-a165-a3fc59127a36 0.633s
2025-11-21 12:17:03.311 66929 INFO tempest.lib.common.rest_client [req-ffa8a2c2-2216-463b-9c25-7bc3a8dd06ae req-ffa8a2c2-2216-463b-9c25-7bc3a8dd06ae ] Request (ImagesMetadataNegativeTestJSON:setUpClass): 201 POST http://10.180.1.21/identity/v3/users 0.114s
2025-11-21 12:17:03.325 66927 INFO tempest.lib.common.rest_client [req-f9075da9-22c4-48b6-82ba-5c86e5c2a5a4 req-f9075da9-22c4-48b6-82ba-5c86e5c2a5a4 ] Request (DeleteServersTestJSON:test_delete_server_while_in_attached_volume): 200 GET http://10.180.1.21/compute/v2.1/servers/b54dae8e-98c2-415c-a116-a1c1942afa2e 0.527s
2025-11-21 12:17:03.333 66929 INFO tempest.lib.common.rest_client [req-efb3bdd2-7181-47da-b5e8-31b40f74141f req-efb3bdd2-7181-47da-b5e8-31b40f74141f ] Request (ImagesMetadataNegativeTestJSON:setUpClass): 200 GET http://10.180.1.21/identity/v3/roles 0.021s
2025-11-21 12:17:03.352 66957 INFO tempest.lib.common.rest_client [req-11927466-a88e-4cdc-b7c6-dfb217e3d100 req-11927466-a88e-4cdc-b7c6-dfb217e3d100 ] Request (TenantUsagesTestJSON:tearDownClass): 204 DELETE http://10.180.1.21/compute/v2.1/servers/6a2408a0-d9f4-47e2-91eb-fbafaa9b8fb8 0.705s
2025-11-21 12:17:03.370 66929 INFO tempest.lib.common.rest_client [req-6dfccbe2-3cf2-4ee9-934c-3502d39e49c3 req-6dfccbe2-3cf2-4ee9-934c-3502d39e49c3 ] Request (ImagesMetadataNegativeTestJSON:setUpClass): 204 PUT http://10.180.1.21/identity/v3/projects/519119e77ade4d3c9aea07905f1140ce/users/fdf963bca9d044a28ddc9bda6d0f69ae/roles/1b95b6525e0b4eabbee2101f281380e1 0.037s
2025-11-21 12:17:03.371 66929 INFO tempest.lib.common.dynamic_creds [-] Dynamic test user fdf963bca9d044a28ddc9bda6d0f69ae is created with scope project and roles: ['member']
2025-11-21 12:17:03.371 66929 INFO tempest.lib.common.dynamic_creds [-] Acquired dynamic creds: credentials: Credentials: {'domain_id': 'default', 'domain_name': 'Default', 'username': 'tempest-ImagesMetadataNegativeTestJSON-1313310492-project-member', 'project_domain_id': 'default', 'project_domain_name': 'Default', 'project_id': '519119e77ade4d3c9aea07905f1140ce', 'project_name': 'tempest-ImagesMetadataNegativeTestJSON-1313310492', 'tenant_id': '519119e77ade4d3c9aea07905f1140ce', 'tenant_name': 'tempest-ImagesMetadataNegativeTestJSON-1313310492', 'user_domain_id': 'default', 'user_domain_name': 'Default', 'user_id': 'fdf963bca9d044a28ddc9bda6d0f69ae', 'system': None}, Network: None, Subnet: None, Router: None
2025-11-21 12:17:03.371 66929 INFO tempest.lib.common.dynamic_creds [-] Created isolated network resources for: credentials: Credentials: {'domain_id': 'default', 'domain_name': 'Default', 'username': 'tempest-ImagesMetadataNegativeTestJSON-1313310492-project-member', 'project_domain_id': 'default', 'project_domain_name': 'Default', 'project_id': '519119e77ade4d3c9aea07905f1140ce', 'project_name': 'tempest-ImagesMetadataNegativeTestJSON-1313310492', 'tenant_id': '519119e77ade4d3c9aea07905f1140ce', 'tenant_name': 'tempest-ImagesMetadataNegativeTestJSON-1313310492', 'user_domain_id': 'default', 'user_domain_name': 'Default', 'user_id': 'fdf963bca9d044a28ddc9bda6d0f69ae', 'system': None}, Network: None, Subnet: None, Router: None
2025-11-21 12:17:03.388 66935 INFO tempest.lib.common.rest_client [req-a1f9c78e-3870-45a6-95fc-dc7db2047dff req-a1f9c78e-3870-45a6-95fc-dc7db2047dff ] Request (MultipleCreateTestJSON:test_multiple_create): 200 GET http://10.180.1.21/compute/v2.1/servers/a817baa8-b48d-4592-9ed6-df306e9ea8b0 0.520s
2025-11-21 12:17:03.417 66971 INFO tempest.lib.common.rest_client [req-70a05f98-2821-45a1-98ba-c5e2203bd1d8 req-70a05f98-2821-45a1-98ba-c5e2203bd1d8 ] Request (ServersV294TestFqdnHostnames:setUpClass): 200 GET http://10.180.1.21/compute/v2.1/servers/358c4cb2-651a-4bff-bf70-75487253efdc 0.528s
2025-11-21 12:17:03.450 66960 INFO tempest.lib.common.rest_client [req-75445ffc-7fa9-4c85-90ec-45d823d76da4 req-75445ffc-7fa9-4c85-90ec-45d823d76da4 ] Request (InstanceActionsNegativeTestJSON:setUpClass): 200 GET http://10.180.1.21/compute/v2.1/servers/249f98da-845d-48ae-8231-3c73bceda249 0.514s
2025-11-21 12:17:03.457 66929 INFO tempest.lib.common.rest_client [req-a0cc31c8-3d45-4a0d-84b2-c8720a00ea96 req-a0cc31c8-3d45-4a0d-84b2-c8720a00ea96 ] Request (ImagesMetadataNegativeTestJSON:setUpClass): 201 POST http://10.180.1.21/identity/v3/auth/tokens 0.083s
2025-11-21 12:17:03.514 66947 INFO tempest.lib.common.rest_client [req-7c910158-ffbb-43a2-aeb0-6ceb76fa4228 req-7c910158-ffbb-43a2-aeb0-6ceb76fa4228 ] Request (ServerShowV257Test:tearDownClass): 200 GET http://10.180.1.21/compute/v2.1/servers/2f7cffad-fbf8-4b0b-a643-60a1bb3aee00 0.508s
2025-11-21 12:17:03.526 66947 INFO tempest.common.waiters [-] State transition "ACTIVE/deleting" ==> "DELETED/None" after 4 second wait
2025-11-21 12:17:03.600 66917 INFO tempest.lib.common.rest_client [req-7ef9de75-0519-4813-ae33-b951125a50ba req-7ef9de75-0519-4813-ae33-b951125a50ba ] Request (ComputeTenantNetworksTest:test_list_show_tenant_networks): 200 GET http://10.180.1.21/compute/v2.1/os-tenant-networks 0.655s
2025-11-21 12:17:03.664 66911 INFO tempest.lib.common.rest_client [req-51c9d277-2dc8-4667-a589-eba692acad77 req-51c9d277-2dc8-4667-a589-eba692acad77 ] Request (AttachVolumeTestJSON:test_attach_detach_volume): 200 GET http://10.180.1.21/compute/v2.1/servers/c183fe73-ced5-45f3-b62e-559b16c5effc 0.613s
2025-11-21 12:17:03.665 66937 INFO tempest.lib.common.rest_client [req-70a83d6e-ec30-4ade-9b2d-e24ab3d28913 req-70a83d6e-ec30-4ade-9b2d-e24ab3d28913 ] Request (ListImageFiltersTestJSON:tearDownClass): 200 GET http://10.180.1.21/compute/v2.1/servers/28c4d0de-dc97-418e-95a4-369ad3924a40 0.591s
2025-11-21 12:17:03.724 66961 INFO tempest.lib.common.rest_client [req-38e5ba50-7379-43d3-ba02-686c42ba9f1b req-38e5ba50-7379-43d3-ba02-686c42ba9f1b ] Request (ServersTestJSON:tearDownClass): 200 GET http://10.180.1.21/compute/v2.1/servers/d5081a6a-d974-42e4-9efa-e87839105fc1 0.584s
2025-11-21 12:17:03.761 66967 INFO tempest.lib.common.rest_client [req-f9e394ae-9d19-43f5-b1c0-ce195aa8df03 req-f9e394ae-9d19-43f5-b1c0-ce195aa8df03 ] Request (MigrationsAdminTest:test_resize_server_revert_deleted_flavor): 200 GET http://10.180.1.21/compute/v2.1/servers/b52cb141-01a5-47d9-aaa6-636fe5bdf194 0.649s
2025-11-21 12:17:03.775 66909 INFO tempest.lib.common.rest_client [req-43a4e477-38b5-4bb6-95fc-3435100e99e3 req-43a4e477-38b5-4bb6-95fc-3435100e99e3 ] Request (SecurityGroupsTestJSON:test_server_security_groups): 200 GET http://10.180.1.21/compute/v2.1/servers/b1bbe3a0-55b0-4fe2-b923-acc024456587 0.589s
2025-11-21 12:17:03.832 66931 INFO tempest.lib.common.rest_client [req-eea1a3a5-c40a-46d3-a208-91310b6e1afc req-eea1a3a5-c40a-46d3-a208-91310b6e1afc ] Request (ServerRescueTestJSON:tearDownClass): 200 GET http://10.180.1.21/compute/v2.1/servers/636b1968-7faa-4d72-9014-177be617abf1 0.563s
2025-11-21 12:17:03.839 66931 INFO tempest.common.waiters [-] State transition "RESCUE/deleting" ==> "DELETED/None" after 3 second wait
2025-11-21 12:17:03.883 66943 INFO tempest.lib.common.rest_client [req-e5af6825-093f-4c21-b5e8-bdf5d8b7d0e1 req-e5af6825-093f-4c21-b5e8-bdf5d8b7d0e1 ] Request (ServerActionsTestOtherB:test_resize_server_confirm_from_stopped): 200 GET http://10.180.1.21/compute/v2.1/servers/5703a802-f43f-402d-987a-088e279f4e70 0.624s
2025-11-21 12:17:03.927 66929 INFO tempest.lib.common.rest_client [req-7b8ec23d-5b70-47e9-8990-fbfa6e36a9bc req-7b8ec23d-5b70-47e9-8990-fbfa6e36a9bc ] Request (ImagesMetadataNegativeTestJSON:test_delete_nonexistent_image_metadata_item): 404 DELETE http://10.180.1.21/compute/v2.1/images/ec5eb255-3e3f-453e-810c-b2caaae02856/metadata/os_distro 0.468s
2025-11-21 12:17:03.955 66957 INFO tempest.lib.common.rest_client [req-630ac0a3-bb83-47ba-ae30-322ee4857895 req-630ac0a3-bb83-47ba-ae30-322ee4857895 ] Request (TenantUsagesTestJSON:tearDownClass): 200 GET http://10.180.1.21/compute/v2.1/servers/6a2408a0-d9f4-47e2-91eb-fbafaa9b8fb8 0.602s
2025-11-21 12:17:03.964 66917 INFO tempest.lib.common.rest_client [req-43d4db22-cc17-466d-88ac-728c9eac284c req-43d4db22-cc17-466d-88ac-728c9eac284c ] Request (ComputeTenantNetworksTest:test_list_show_tenant_networks): 200 GET http://10.180.1.21/compute/v2.1/os-tenant-networks/eabbfba1-0b30-4602-9c35-a575730e5d5b 0.361s
2025-11-21 12:17:04.009 66939 INFO tempest.lib.common.rest_client [req-2112041b-33f0-49c2-849e-b6a70f7a679b req-2112041b-33f0-49c2-849e-b6a70f7a679b ] Request (AttachInterfacesTestJSON:test_create_list_show_delete_interfaces_by_network_port): 200 GET http://10.180.1.21/compute/v2.1/servers/962e857f-7887-41d9-b911-59317aa0e83f 0.260s
2025-11-21 12:17:04.026 66919 INFO tempest.lib.common.rest_client [req-5d444543-c886-4445-b85f-ea128a7b5321 req-5d444543-c886-4445-b85f-ea128a7b5321 ] Request (ServersAdminTestJSON:tearDownClass): 200 GET http://10.180.1.21/compute/v2.1/servers/86dff220-e314-4a2f-a12f-ec7e4ca706d4 0.176s
2025-11-21 12:17:04.062 66913 INFO tempest.lib.common.rest_client [req-3c7b3e61-fc6c-4f9b-a8eb-921e1aa62821 req-3c7b3e61-fc6c-4f9b-a8eb-921e1aa62821 ] Request (ServersAaction247Test:test_create_backup): 200 GET http://10.180.1.21/compute/v2.1/servers/9eaac48c-85b0-4e22-8da2-72de19b6bf0d 0.165s
2025-11-21 12:17:04.089 66929 INFO tempest.lib.common.rest_client [req-6e4f5c4d-7f0e-49cd-a253-9429ffc6ea01 req-6e4f5c4d-7f0e-49cd-a253-9429ffc6ea01 ] Request (ImagesMetadataNegativeTestJSON:test_get_nonexistent_image_metadata_item): 404 GET http://10.180.1.21/compute/v2.1/images/91228afa-a4b7-426f-bdcb-cf3d37704061/metadata/os_version 0.160s
2025-11-21 12:17:04.096 66951 INFO tempest.lib.common.rest_client [req-4699b3a6-675c-4748-b9c4-9cef257d4cf6 req-4699b3a6-675c-4748-b9c4-9cef257d4cf6 ] Request (InstanceActionsV221TestJSON:test_get_list_deleted_instance_actions): 200 GET http://10.180.1.21/compute/v2.1/servers/5266760e-b9cd-461f-aeef-565dc5a1c4fb 0.171s
2025-11-21 12:17:04.143 66917 INFO tempest.lib.common.rest_client [req-a61f514d-c215-400f-b99b-7dc8210c69c5 req-a61f514d-c215-400f-b99b-7dc8210c69c5 ] Request (ComputeTenantNetworksTest:tearDownClass): 204 DELETE http://10.180.1.21/networking/v2.0/networks/eabbfba1-0b30-4602-9c35-a575730e5d5b 0.172s
2025-11-21 12:17:04.206 66941 INFO tempest.lib.common.rest_client [req-9c7a1ea6-759d-48da-8eb7-f4a00c4d4fa5 req-9c7a1ea6-759d-48da-8eb7-f4a00c4d4fa5 ] Request (ServersAdminNegativeTestJSON:tearDownClass): 200 GET http://10.180.1.21/compute/v2.1/servers/999e4b94-7477-4236-bad1-6d49c96d0169 0.219s
2025-11-21 12:17:04.233 66929 INFO tempest.lib.common.rest_client [req-3cd47f76-114b-47ff-9d2a-1259b1cfbcc8 req-3cd47f76-114b-47ff-9d2a-1259b1cfbcc8 ] Request (ImagesMetadataNegativeTestJSON:test_list_nonexistent_image_metadata): 404 GET http://10.180.1.21/compute/v2.1/images/213e51be-095b-484e-a3f2-f2911813b6b4/metadata 0.143s
2025-11-21 12:17:04.308 66955 INFO tempest.lib.common.rest_client [req-a747dc72-7d16-4035-9ade-8bdaaecb0add req-a747dc72-7d16-4035-9ade-8bdaaecb0add ] Request (ListServerFiltersTestJSON:tearDownClass): 200 GET http://10.180.1.21/compute/v2.1/servers/816fd9f1-de81-425d-8fee-a1fe66334496 0.235s
2025-11-21 12:17:04.321 66917 INFO tempest.lib.common.rest_client [req-e47d7130-bc2a-49a7-a7d1-730cd67755cf req-e47d7130-bc2a-49a7-a7d1-730cd67755cf ] Request (ComputeTenantNetworksTest:tearDownClass): 204 DELETE http://10.180.1.21/identity/v3/users/c8a87d9dc01f4a97a301c258c0c7a376 0.177s
2025-11-21 12:17:04.321 66917 INFO tempest.lib.common.dynamic_creds [-] Deleting project and security group for project: d7af1028e77b4c24a637fb6ee96252a5
2025-11-21 12:17:04.487 66933 INFO tempest.lib.common.rest_client [req-501c4bbf-4cda-4102-be26-d9adaa968733 req-501c4bbf-4cda-4102-be26-d9adaa968733 ] Request (ServersTestJSON:test_create_server_specify_multibyte_character_name): 200 GET http://10.180.1.21/compute/v2.1/servers/ce555499-ab9e-4ebd-b5b9-4a95a683f3e2 0.359s
2025-11-21 12:17:04.502 66917 INFO tempest.lib.common.rest_client [req-003593ca-2653-406c-8be6-dc68d2258d77 req-003593ca-2653-406c-8be6-dc68d2258d77 ] Request (ComputeTenantNetworksTest:tearDownClass): 200 GET http://10.180.1.21/networking/v2.0/security-groups?tenant_id=d7af1028e77b4c24a637fb6ee96252a5&name=default 0.181s
2025-11-21 12:17:04.510 66929 INFO tempest.lib.common.rest_client [req-e1885c10-4eaf-48aa-98c6-27e17c284226 req-e1885c10-4eaf-48aa-98c6-27e17c284226 ] Request (ImagesMetadataNegativeTestJSON:test_set_nonexistent_image_metadata): 404 PUT http://10.180.1.21/compute/v2.1/images/a28a1629-95fd-4d22-ad83-116b7eeb60d9/metadata 0.273s
2025-11-21 12:17:04.628 66917 INFO tempest.lib.common.rest_client [req-6eedc799-0730-4a9f-905e-01f3f63466ca req-6eedc799-0730-4a9f-905e-01f3f63466ca ] Request (ComputeTenantNetworksTest:tearDownClass): 204 DELETE http://10.180.1.21/networking/v2.0/security-groups/391075bb-296a-40a6-b62a-e416d54df13f 0.125s
2025-11-21 12:17:04.658 66965 INFO tempest.lib.common.rest_client [req-a48f094c-dea7-4bdb-9944-bbabee91633d req-a48f094c-dea7-4bdb-9944-bbabee91633d ] Request (ServerDiskConfigTestJSON:test_resize_server_from_auto_to_manual): 200 GET http://10.180.1.21/compute/v2.1/servers/b2659cb4-87e0-42cc-bf12-9b17916ce4e3 0.441s
2025-11-21 12:17:04.728 66927 INFO tempest.lib.common.rest_client [req-34ae22e9-bafa-4155-a4cf-d05e6089a9e4 req-34ae22e9-bafa-4155-a4cf-d05e6089a9e4 ] Request (DeleteServersTestJSON:test_delete_server_while_in_attached_volume): 200 GET http://10.180.1.21/compute/v2.1/servers/b54dae8e-98c2-415c-a116-a1c1942afa2e 0.394s
2025-11-21 12:17:04.737 66927 INFO tempest.common.waiters [-] State transition "BUILD/scheduling" ==> "BUILD/None" after 1 second wait
2025-11-21 12:17:04.758 66915 INFO tempest.lib.common.rest_client [req-85678be7-9a93-4162-b2ee-d551ac351394 req-85678be7-9a93-4162-b2ee-d551ac351394 ] Request (ImagesTestJSON:test_create_server_from_snapshot): 200 GET http://10.180.1.21/compute/v2.1/servers/a5599ea8-bdfe-4f16-a165-a3fc59127a36 0.481s
2025-11-21 12:17:04.773 66915 INFO tempest.common.waiters [-] State transition "BUILD/spawning" ==> "ACTIVE/None" after 67 second wait
2025-11-21 12:17:04.782 66917 INFO tempest.lib.common.rest_client [req-22d36d09-35b7-46dd-a1e1-4d0af04f5208 req-22d36d09-35b7-46dd-a1e1-4d0af04f5208 ] Request (ComputeTenantNetworksTest:tearDownClass): 204 DELETE http://10.180.1.21/identity/v3/projects/d7af1028e77b4c24a637fb6ee96252a5 0.153s
2025-11-21 12:17:04.873 66971 INFO tempest.lib.common.rest_client [req-be134181-5b27-4d1e-8044-8844af2daa91 req-be134181-5b27-4d1e-8044-8844af2daa91 ] Request (ServersV294TestFqdnHostnames:setUpClass): 200 GET http://10.180.1.21/compute/v2.1/servers/358c4cb2-651a-4bff-bf70-75487253efdc 0.442s
2025-11-21 12:17:04.894 66935 INFO tempest.lib.common.rest_client [req-e5ed3e54-0d67-41d1-b56e-603f07dbad1c req-e5ed3e54-0d67-41d1-b56e-603f07dbad1c ] Request (MultipleCreateTestJSON:test_multiple_create): 200 GET http://10.180.1.21/compute/v2.1/servers/a817baa8-b48d-4592-9ed6-df306e9ea8b0 0.498s
2025-11-21 12:17:04.901 66935 INFO tempest.common.waiters [-] State transition "BUILD/None" ==> "BUILD/networking" after 57 second wait
2025-11-21 12:17:04.915 66929 INFO tempest.lib.common.rest_client [req-b35404a8-8b02-4129-a60b-9ae352471b1a req-b35404a8-8b02-4129-a60b-9ae352471b1a ] Request (ImagesMetadataNegativeTestJSON:test_set_nonexistent_image_metadata_item): 404 PUT http://10.180.1.21/compute/v2.1/images/33035790-a69d-4b35-8f86-ff32aa607757/metadata/os_distro 0.404s
2025-11-21 12:17:04.955 66960 INFO tempest.lib.common.rest_client [req-3d970840-654e-4f0d-ad0c-7aae965feb8c req-3d970840-654e-4f0d-ad0c-7aae965feb8c ] Request (InstanceActionsNegativeTestJSON:setUpClass): 200 GET http://10.180.1.21/compute/v2.1/servers/249f98da-845d-48ae-8231-3c73bceda249 0.496s
