2025-11-21 12:14:12.027 66960 INFO tempest.lib.common.rest_client [req-77260879-1c8c-49c5-84f6-5cc39b587465 req-77260879-1c8c-49c5-84f6-5cc39b587465 ] Request (ServersTestManualDisk:setUpClass): 201 POST http://10.180.1.21/identity/v3/auth/tokens 0.033s
2025-11-21 12:14:12.045 66911 INFO tempest.lib.common.rest_client [req-d1a67654-e7df-46dc-9bb8-49730148f080 req-d1a67654-e7df-46dc-9bb8-49730148f080 ] Request (ServicesAdminNegativeV253TestJSON:test_get_service_with_valid_service_and_invalid_host): 200 GET http://10.180.1.21/compute/v2.1/os-services?host=xxx&binary=nova-scheduler 4.134s
2025-11-21 12:14:12.047 66929 INFO tempest.lib.common.rest_client [req-87ae3180-add0-44c4-92cd-29720a05a1c4 req-87ae3180-add0-44c4-92cd-29720a05a1c4 ] Request (AggregatesAdminNegativeTestJSON:test_aggregate_delete_as_user): 403 DELETE http://10.180.1.21/compute/v2.1/os-aggregates/5 4.115s
2025-11-21 12:14:12.070 66957 INFO tempest.lib.common.rest_client [req-0dd28184-9de4-47ab-b0e1-9682e5a521f3 req-0dd28184-9de4-47ab-b0e1-9682e5a521f3 ] Request (FlavorsAdminTestJSON:_run_cleanups): 202 DELETE http://10.180.1.21/compute/v2.1/flavors/192747985 3.991s
2025-11-21 12:14:12.070 66960 INFO tempest.lib.common.rest_client [req-8ca26d48-ac28-421d-ba1b-0cdb8e6e594f req-8ca26d48-ac28-421d-ba1b-0cdb8e6e594f ] Request (ServersTestManualDisk:setUpClass): 200 GET http://10.180.1.21/identity/v3/domains?name=Default 0.042s
2025-11-21 12:14:12.077 66971 INFO tempest.lib.common.rest_client [req-f787f23a-d073-462e-b5d0-bbb4c7b113d9 req-f787f23a-d073-462e-b5d0-bbb4c7b113d9 ] Request (FloatingIPsAssociationTestJSON:test_associate_already_associated_floating_ip): 202 POST http://10.180.1.21/compute/v2.1/servers 4.742s
2025-11-21 12:14:12.100 66961 INFO tempest.lib.common.rest_client [req-b7c37700-7d40-4a2c-941e-8d8e143a755b req-b7c37700-7d40-4a2c-941e-8d8e143a755b ] Request (FlavorsAccessNegativeTestJSON:_run_cleanups): 200 GET http://10.180.1.21/compute/v2.1/flavors/detail 3.944s
2025-11-21 12:14:12.109 66960 INFO tempest.lib.common.rest_client [req-cfd92c31-82ff-44a2-8fdf-64eda6727ee8 req-cfd92c31-82ff-44a2-8fdf-64eda6727ee8 ] Request (ServersTestManualDisk:setUpClass): 201 POST http://10.180.1.21/identity/v3/projects 0.039s
2025-11-21 12:14:12.173 66955 INFO tempest.lib.common.rest_client [req-3238ba5f-e6e0-451a-ac3e-f1c76d99a926 req-3238ba5f-e6e0-451a-ac3e-f1c76d99a926 ] Request (DeleteServersAdminTestJSON:test_delete_server_while_in_error_state): 200 GET http://10.180.1.21/compute/v2.1/servers/cc26ea02-3f63-4771-a64b-34140a4fea1e 3.847s
2025-11-21 12:14:12.194 66909 INFO tempest.lib.common.rest_client [req-0984ad53-06fa-4b63-8df6-2c271548711f req-0984ad53-06fa-4b63-8df6-2c271548711f ] Request (ServerDiagnosticsTest:tearDownClass): 204 DELETE http://10.180.1.21/compute/v2.1/servers/c2728151-528d-49b0-b8ba-af169f0c7176 4.057s
2025-11-21 12:14:12.208 66960 INFO tempest.lib.common.rest_client [req-e1e395e2-a181-4632-983b-011a2f6b05d6 req-e1e395e2-a181-4632-983b-011a2f6b05d6 ] Request (ServersTestManualDisk:setUpClass): 201 POST http://10.180.1.21/identity/v3/users 0.098s
2025-11-21 12:14:12.213 66915 INFO tempest.lib.common.rest_client [req-5deda1e6-ef43-4230-b0c2-999f2fbf8bf6 req-5deda1e6-ef43-4230-b0c2-999f2fbf8bf6 ] Request (ImagesTestJSON:test_create_image_from_stopped_server): 200 GET http://10.180.1.21/compute/v2.1/images/31f6c648-cc8c-4bed-a447-f528f241a4b0 3.851s
2025-11-21 12:14:12.234 66960 INFO tempest.lib.common.rest_client [req-b96b9034-e2f6-4ab8-a854-5670e42a763e req-b96b9034-e2f6-4ab8-a854-5670e42a763e ] Request (ServersTestManualDisk:setUpClass): 200 GET http://10.180.1.21/identity/v3/roles 0.025s
2025-11-21 12:14:12.279 66960 INFO tempest.lib.common.rest_client [req-e821118b-0582-453e-b82e-66d56436378d req-e821118b-0582-453e-b82e-66d56436378d ] Request (ServersTestManualDisk:setUpClass): 204 PUT http://10.180.1.21/identity/v3/projects/9ff3fe4b32c047d48aa4644d95f70fa9/users/6c8e6429cb1e4f7b99dfd00b4be124da/roles/1b95b6525e0b4eabbee2101f281380e1 0.044s
2025-11-21 12:14:12.279 66960 INFO tempest.lib.common.dynamic_creds [-] Dynamic test user 6c8e6429cb1e4f7b99dfd00b4be124da is created with scope project and roles: ['member']
2025-11-21 12:14:12.279 66960 INFO tempest.lib.common.dynamic_creds [-] Acquired dynamic creds: credentials: Credentials: {'domain_id': 'default', 'domain_name': 'Default', 'username': 'tempest-ServersTestManualDisk-2077139129-project-member', 'project_domain_id': 'default', 'project_domain_name': 'Default', 'project_id': '9ff3fe4b32c047d48aa4644d95f70fa9', 'project_name': 'tempest-ServersTestManualDisk-2077139129', 'tenant_id': '9ff3fe4b32c047d48aa4644d95f70fa9', 'tenant_name': 'tempest-ServersTestManualDisk-2077139129', 'user_domain_id': 'default', 'user_domain_name': 'Default', 'user_id': '6c8e6429cb1e4f7b99dfd00b4be124da', 'system': None}, Network: None, Subnet: None, Router: None
2025-11-21 12:14:12.344 66960 INFO tempest.lib.common.rest_client [req-864b46fd-da10-42d0-886f-62c6dd7495b4 req-864b46fd-da10-42d0-886f-62c6dd7495b4 ] Request (ServersTestManualDisk:setUpClass): 201 POST http://10.180.1.21/identity/v3/auth/tokens 0.064s
2025-11-21 12:14:12.372 66935 INFO tempest.lib.common.rest_client [req-1fef4fa1-3124-44da-a708-6163f9f761e1 req-1fef4fa1-3124-44da-a708-6163f9f761e1 ] Request (QuotasAdminTestJSON:test_update_all_quota_resources_for_tenant): 200 GET http://10.180.1.21/compute/v2.1/os-quota-sets/0a873ca31b9541129a7a0907290b59e2/defaults 3.987s
2025-11-21 12:14:12.388 66947 INFO tempest.lib.common.rest_client [req-79bbb001-d198-4d78-a324-1a1eca46ba10 req-79bbb001-d198-4d78-a324-1a1eca46ba10 ] Request (FloatingIPsAssociationNegativeTestJSON:setUpClass): 200 GET http://10.180.1.21/compute/v2.1/servers/4913a015-a97c-4345-85ad-fa6d191680a3 3.980s
2025-11-21 12:14:12.445 66963 INFO tempest.lib.common.rest_client [req-e4178241-b3ae-4807-9188-7f90e0588a2e req-e4178241-b3ae-4807-9188-7f90e0588a2e ] Request (ServersAdmin275Test:test_rebuild_update_server_275): 200 GET http://10.180.1.21/compute/v2.1/servers/9454a10d-e96f-4ac5-a562-0fa477a90df2 3.975s
2025-11-21 12:14:12.551 66941 INFO tempest.lib.common.rest_client [req-d843cbef-e8a9-4f13-8d10-2bda2cfdcb54 req-d843cbef-e8a9-4f13-8d10-2bda2cfdcb54 ] Request (ServersAdminNegativeTestJSON:test_migrate_non_existent_server): 404 POST http://10.180.1.21/compute/v2.1/servers/f8a5e6ed-a9b6-4f5d-8f8f-27c78d4c0d4d/action 3.728s
2025-11-21 12:14:12.593 66913 INFO tempest.lib.common.rest_client [req-34a26c4d-fb1a-4873-92d9-dc74e4f9ad7b req-34a26c4d-fb1a-4873-92d9-dc74e4f9ad7b ] Request (ServersTestMultiNic:test_verify_duplicate_network_nics): 200 GET http://10.180.1.21/compute/v2.1/servers/9a9d0c08-70ad-4a1e-8c54-79fb478dc24d/ips 3.704s
2025-11-21 12:14:12.623 66945 INFO tempest.lib.common.rest_client [req-2f27ab7b-895b-4a3d-bd07-4aec1ebe84b0 req-2f27ab7b-895b-4a3d-bd07-4aec1ebe84b0 ] Request (ServerDiagnosticsV248Test:tearDownClass): 404 GET http://10.180.1.21/compute/v2.1/servers/a1da72b2-cc06-4c5a-8b5b-ec3ebdc2068b 3.724s
2025-11-21 12:14:12.658 66941 INFO tempest.lib.common.rest_client [req-b2755c4b-55d9-43f0-a40d-6a656d480cc1 req-b2755c4b-55d9-43f0-a40d-6a656d480cc1 ] Request (ServersAdminNegativeTestJSON:test_migrate_server_invalid_state): 201 POST http://10.180.1.21/identity/v3/auth/tokens 0.099s
2025-11-21 12:14:12.659 66941 INFO tempest.lib.common.fixed_network [-] (ServersAdminNegativeTestJSON:test_migrate_server_invalid_state) Found network None available for tenant
2025-11-21 12:14:12.758 66960 INFO tempest.lib.common.rest_client [req-bc41836e-05ba-4bec-86e8-c34bcb981c9b req-bc41836e-05ba-4bec-86e8-c34bcb981c9b ] Request (ServersTestManualDisk:setUpClass): 201 POST http://10.180.1.21/networking/v2.0/networks 0.413s
2025-11-21 12:14:12.806 66949 INFO tempest.lib.common.rest_client [req-e8fe37d9-e7dd-4f16-9268-76df4f17cb3e req-e8fe37d9-e7dd-4f16-9268-76df4f17cb3e ] Request (ServerDiagnosticsNegativeTest:tearDownClass): 204 DELETE http://10.180.1.21/compute/v2.1/servers/c2d0fc45-cc3b-4526-9994-6d2df8dfe3d7 2.831s
2025-11-21 12:14:12.814 66933 INFO tempest.lib.common.rest_client [req-9b425e8d-eac8-42bf-b885-a0001f9d4188 req-9b425e8d-eac8-42bf-b885-a0001f9d4188 ] Request (ServerGroup264TestJSON:tearDownClass): 404 DELETE http://10.180.1.21/compute/v2.1/os-server-groups/ccb9d0ab-bf2a-4d76-ab4f-e97cc2dfc017 2.717s
2025-11-21 12:14:12.815 66945 INFO tempest.lib.common.rest_client [req-b5c9bf43-200e-45cf-81ff-cacac22f163b req-b5c9bf43-200e-45cf-81ff-cacac22f163b ] Request (ServerDiagnosticsV248Test:tearDownClass): 204 DELETE http://10.180.1.21/identity/v3/users/2c091e755db94fb7b138de6e4c3df722 0.192s
2025-11-21 12:14:12.834 66951 INFO tempest.lib.common.rest_client [req-a9db1712-403d-4df1-80c0-e51982d1d025 req-a9db1712-403d-4df1-80c0-e51982d1d025 ] Request (KeyPairsV22TestJSON:_run_cleanups): 204 DELETE http://10.180.1.21/compute/v2.1/os-keypairs/tempest-keypair-2127005083 2.690s
2025-11-21 12:14:12.958 66945 INFO tempest.lib.common.rest_client [req-e2d166dc-d10f-4af4-92ad-622c05c3e689 req-e2d166dc-d10f-4af4-92ad-622c05c3e689 ] Request (ServerDiagnosticsV248Test:tearDownClass): 204 DELETE http://10.180.1.21/identity/v3/users/90b0369c1a1c4027a7a3784a8f0aa8d8 0.142s
2025-11-21 12:14:12.958 66945 INFO tempest.lib.common.dynamic_creds [-] Deleting project and security group for project: 6db25fd0e8f542d48b6dee09ecaaeb49
2025-11-21 12:14:12.998 66953 WARNING tempest.lib.common.ssh [-] Failed to establish authenticated ssh connection to cirros@10.180.180.204 ([Errno None] Unable to connect to port 22 on 10.180.180.204). Number attempts: 3. Retry after 4 seconds.: paramiko.ssh_exception.NoValidConnectionsError: [Errno None] Unable to connect to port 22 on 10.180.180.204
2025-11-21 12:14:13.044 66945 INFO tempest.lib.common.rest_client [req-aee8f559-fb48-45ff-9000-1f39491e3cce req-aee8f559-fb48-45ff-9000-1f39491e3cce ] Request (ServerDiagnosticsV248Test:tearDownClass): 201 POST http://10.180.1.21/identity/v3/auth/tokens 0.086s
2025-11-21 12:14:13.054 66960 INFO tempest.lib.common.rest_client [req-86647441-30f4-4b84-80c1-c7583bc9976e req-86647441-30f4-4b84-80c1-c7583bc9976e ] Request (ServersTestManualDisk:setUpClass): 201 POST http://10.180.1.21/networking/v2.0/subnets 0.296s
2025-11-21 12:14:13.227 66937 INFO tempest.lib.common.rest_client [req-a721d991-cd86-4e94-ab74-5a480dde11ad req-a721d991-cd86-4e94-ab74-5a480dde11ad ] Request (ListImageFiltersTestJSON:setUpClass): 200 GET http://10.180.1.21/compute/v2.1/servers/28c4d0de-dc97-418e-95a4-369ad3924a40 3.070s
2025-11-21 12:14:13.266 66943 INFO tempest.lib.common.rest_client [req-ea4f7fbf-329e-4d0e-80ec-753612cb7a69 req-ea4f7fbf-329e-4d0e-80ec-753612cb7a69 ] Request (ServerActionsTestOtherB:setUpClass): 202 POST http://10.180.1.21/compute/v2.1/servers 4.579s
2025-11-21 12:14:13.457 66945 INFO tempest.lib.common.rest_client [req-e2a6ef90-4b38-412b-a47c-74fde6a9324e req-e2a6ef90-4b38-412b-a47c-74fde6a9324e ] Request (ServerDiagnosticsV248Test:tearDownClass): 200 GET http://10.180.1.21/networking/v2.0/security-groups?tenant_id=6db25fd0e8f542d48b6dee09ecaaeb49&name=default 0.412s
2025-11-21 12:14:13.908 66933 INFO tempest.lib.common.rest_client [req-60c78c65-b84a-4261-9f27-e846a5d6862b req-60c78c65-b84a-4261-9f27-e846a5d6862b ] Request (ServerGroup264TestJSON:tearDownClass): 200 PUT http://10.180.1.21/networking/v2.0/routers/c6df9f26-d04f-4ecf-b152-d4f64461d7c6/remove_router_interface 1.093s
2025-11-21 12:14:14.064 66919 INFO tempest.lib.common.rest_client [req-ad768884-8a83-4f3d-8f4c-313b5ff323ab req-ad768884-8a83-4f3d-8f4c-313b5ff323ab ] Request (ServersAdminTestJSON:test_create_server_with_scheduling_hint): 200 GET http://10.180.1.21/compute/v2.1/servers/52f7a554-bb2a-4a94-8e87-93066b947da9 3.789s
2025-11-21 12:14:14.197 66945 INFO tempest.lib.common.rest_client [req-d677ba3b-076e-4411-a03d-60662c91eb9f req-d677ba3b-076e-4411-a03d-60662c91eb9f ] Request (ServerDiagnosticsV248Test:tearDownClass): 204 DELETE http://10.180.1.21/networking/v2.0/security-groups/6fffbdb0-5a11-4137-989f-4797d820f899 0.739s
2025-11-21 12:14:14.298 66960 INFO tempest.lib.common.rest_client [req-67e6f5c4-f218-45fb-abf5-48f27b5257eb req-67e6f5c4-f218-45fb-abf5-48f27b5257eb ] Request (ServersTestManualDisk:setUpClass): 201 POST http://10.180.1.21/networking/v2.0/routers 1.244s
2025-11-21 12:14:14.310 66945 INFO tempest.lib.common.rest_client [req-130b8a87-2982-4edd-973b-337418462d92 req-130b8a87-2982-4edd-973b-337418462d92 ] Request (ServerDiagnosticsV248Test:tearDownClass): 204 DELETE http://10.180.1.21/identity/v3/projects/6db25fd0e8f542d48b6dee09ecaaeb49 0.112s
2025-11-21 12:14:14.310 66945 INFO tempest.lib.common.dynamic_creds [-] Deleting project and security group for project: 53f396a2b9a74880a1ccf327dc974dcf
2025-11-21 12:14:14.405 66925 INFO tempest.lib.common.rest_client [req-b59eebc9-0bed-4d61-ba8c-e4d6f07a1cbb req-b59eebc9-0bed-4d61-ba8c-e4d6f07a1cbb ] Request (ServersWithSpecificFlavorTestJSON:test_verify_created_server_ephemeral_disk): 200 GET http://10.180.1.21/compute/v2.1/servers/590d766d-c11a-4d79-8959-3e8502413bc4 4.143s
2025-11-21 12:14:14.431 66931 INFO tempest.lib.common.rest_client [req-3ee271f6-f9f6-4d4b-9506-3c19ca2f9f35 req-3ee271f6-f9f6-4d4b-9506-3c19ca2f9f35 ] Request (ServerRescueTestJSON:setUpClass): 200 GET http://10.180.1.21/compute/v2.1/servers/636b1968-7faa-4d72-9014-177be617abf1 3.825s
2025-11-21 12:14:14.695 66933 INFO tempest.lib.common.rest_client [req-3a9bd0ae-f5d1-4f14-916b-fa767c666e2d req-3a9bd0ae-f5d1-4f14-916b-fa767c666e2d ] Request (ServerGroup264TestJSON:tearDownClass): 204 DELETE http://10.180.1.21/networking/v2.0/routers/c6df9f26-d04f-4ecf-b152-d4f64461d7c6 0.787s
2025-11-21 12:14:14.809 66945 INFO tempest.lib.common.rest_client [req-0f2d12b5-01d2-4fb8-aa55-58563539fae5 req-0f2d12b5-01d2-4fb8-aa55-58563539fae5 ] Request (ServerDiagnosticsV248Test:tearDownClass): 200 GET http://10.180.1.21/networking/v2.0/security-groups?tenant_id=53f396a2b9a74880a1ccf327dc974dcf&name=default 0.499s
2025-11-21 12:14:14.879 66965 INFO tempest.lib.common.rest_client [req-9821aea8-ba6f-4e73-bae9-69104612206c req-9821aea8-ba6f-4e73-bae9-69104612206c ] Request (ServerDiskConfigTestJSON:test_rebuild_server_with_manual_disk_config): 200 GET http://10.180.1.21/compute/v2.1/servers/9e2a4afd-71a2-4869-93f5-2cbd72bf0424 3.916s
2025-11-21 12:14:15.122 66933 INFO tempest.lib.common.rest_client [req-5e200270-3add-49d6-a001-a3bf2b736ac8 req-5e200270-3add-49d6-a001-a3bf2b736ac8 ] Request (ServerGroup264TestJSON:tearDownClass): 204 DELETE http://10.180.1.21/networking/v2.0/subnets/40ef198c-cab6-442d-9fe0-5b6564f317da 0.426s
2025-11-21 12:14:15.216 66945 INFO tempest.lib.common.rest_client [req-20bec99f-d843-493e-a73a-900fbd215e8e req-20bec99f-d843-493e-a73a-900fbd215e8e ] Request (ServerDiagnosticsV248Test:tearDownClass): 204 DELETE http://10.180.1.21/networking/v2.0/security-groups/b345fc44-1001-4f1a-b6ff-86ba49efa050 0.406s
2025-11-21 12:14:15.286 66967 INFO tempest.lib.common.rest_client [req-5e109b86-d2b8-469a-aa56-625fcebc07bd req-5e109b86-d2b8-469a-aa56-625fcebc07bd ] Request (MigrationsAdminTest:test_list_migrations_in_flavor_resize_situation): 200 GET http://10.180.1.21/compute/v2.1/servers/4e224af2-ebc1-4a5b-b4d6-7504a80e1b5e 4.287s
2025-11-21 12:14:15.346 66945 INFO tempest.lib.common.rest_client [req-6c7115ca-adfb-462c-8061-f51bafcd04db req-6c7115ca-adfb-462c-8061-f51bafcd04db ] Request (ServerDiagnosticsV248Test:tearDownClass): 204 DELETE http://10.180.1.21/identity/v3/projects/53f396a2b9a74880a1ccf327dc974dcf 0.129s
2025-11-21 12:14:15.357 66960 INFO tempest.lib.common.rest_client [req-eafa942e-3430-4e0b-a470-3148934eacb3 req-eafa942e-3430-4e0b-a470-3148934eacb3 ] Request (ServersTestManualDisk:setUpClass): 200 PUT http://10.180.1.21/networking/v2.0/routers/1b282fdd-4514-402c-aea6-5ba9fedf6e90/add_router_interface 1.058s
2025-11-21 12:14:15.358 66960 INFO tempest.lib.common.dynamic_creds [-] Created isolated network resources for: credentials: Credentials: {'domain_id': 'default', 'domain_name': 'Default', 'username': 'tempest-ServersTestManualDisk-2077139129-project-member', 'project_domain_id': 'default', 'project_domain_name': 'Default', 'project_id': '9ff3fe4b32c047d48aa4644d95f70fa9', 'project_name': 'tempest-ServersTestManualDisk-2077139129', 'tenant_id': '9ff3fe4b32c047d48aa4644d95f70fa9', 'tenant_name': 'tempest-ServersTestManualDisk-2077139129', 'user_domain_id': 'default', 'user_domain_name': 'Default', 'user_id': '6c8e6429cb1e4f7b99dfd00b4be124da', 'system': None}, Network: {'id': 'bdac5d5e-019d-42d9-9077-3871f7aaf583', 'name': 'tempest-ServersTestManualDisk-1828179515-network', 'tenant_id': '9ff3fe4b32c047d48aa4644d95f70fa9', 'project_id': '9ff3fe4b32c047d48aa4644d95f70fa9', 'admin_state_up': True, 'mtu': 8950, 'status': 'ACTIVE', 'subnets': [], 'shared': False, 'port_security_enabled': True, 'router:external': False, 'provider:network_type': 'vlan', 'provider:physical_network': 'default', 'provider:segmentation_id': 869, 'availability_zone_hints': [], 'availability_zones': [], 'ipv4_address_scope': None, 'ipv6_address_scope': None, 'description': '', 'tags': [], 'created_at': '2025-11-21T12:14:12Z', 'updated_at': '2025-11-21T12:14:12Z', 'revision_number': 1}, Subnet: {'id': '147387e4-fbdf-4fb3-b86a-fa918e30848c', 'name': 'tempest-ServersTestManualDisk-1828179515-subnet', 'tenant_id': '9ff3fe4b32c047d48aa4644d95f70fa9', 'network_id': 'bdac5d5e-019d-42d9-9077-3871f7aaf583', 'ip_version': 4, 'subnetpool_id': None, 'enable_dhcp': True, 'ipv6_ra_mode': None, 'ipv6_address_mode': None, 'gateway_ip': '192.168.128.1', 'cidr': '192.168.128.0/28', 'allocation_pools': [{'start': '192.168.128.2', 'end': '192.168.128.14'}], 'host_routes': [], 'dns_nameservers': [], 'description': '', 'router:external': False, 'service_types': [], 'tags': [], 'created_at': '2025-11-21T12:14:12Z', 'updated_at': '2025-11-21T12:14:12Z', 'revision_number': 0, 'project_id': '9ff3fe4b32c047d48aa4644d95f70fa9'}, Router: {'id': '1b282fdd-4514-402c-aea6-5ba9fedf6e90', 'name': 'tempest-ServersTestManualDisk-1828179515-router', 'tenant_id': '9ff3fe4b32c047d48aa4644d95f70fa9', 'admin_state_up': True, 'status': 'ACTIVE', 'external_gateway_info': {'network_id': '1866bbf8-8ac2-49d8-86a5-6a65b94a0e8f', 'external_fixed_ips': [{'subnet_id': '04cc13f7-bc52-4555-a2b6-d3a153d0796f', 'ip_address': '10.180.180.173'}], 'enable_snat': True}, 'description': '', 'availability_zones': [], 'distributed': False, 'ha': False, 'availability_zone_hints': [], 'routes': [], 'flavor_id': None, 'tags': [], 'created_at': '2025-11-21T12:14:13Z', 'updated_at': '2025-11-21T12:14:13Z', 'revision_number': 2, 'project_id': '9ff3fe4b32c047d48aa4644d95f70fa9'}
2025-11-21 12:14:15.440 66945 INFO tempest.lib.common.rest_client [req-b580b89e-2654-46b1-88a6-44081995ed64 req-b580b89e-2654-46b1-88a6-44081995ed64 ] Request (FloatingIPsTestJSON:setUpClass): 201 POST http://10.180.1.21/identity/v3/auth/tokens 0.092s
2025-11-21 12:14:15.488 66945 INFO tempest.lib.common.rest_client [req-d95a760f-002b-45bd-a347-f159ff69acbd req-d95a760f-002b-45bd-a347-f159ff69acbd ] Request (FloatingIPsTestJSON:setUpClass): 201 POST http://10.180.1.21/identity/v3/auth/tokens 0.039s
2025-11-21 12:14:15.513 66921 INFO tempest.lib.common.rest_client [req-2cf713da-2600-4c96-8215-ae478b171caa req-2cf713da-2600-4c96-8215-ae478b171caa ] Request (ServersTestBootFromVolume:setUpClass): 200 POST http://10.180.1.21/compute/v2.1/os-keypairs 3.554s
2025-11-21 12:14:15.527 66945 INFO tempest.lib.common.rest_client [req-01d68bdb-b051-46dc-aee3-7dfd29f6b04b req-01d68bdb-b051-46dc-aee3-7dfd29f6b04b ] Request (FloatingIPsTestJSON:setUpClass): 200 GET http://10.180.1.21/identity/v3/domains?name=Default 0.038s
2025-11-21 12:14:15.527 66960 INFO tempest.lib.common.rest_client [req-610bb8a4-e3ae-47c6-bf44-ec8668ff0dfa req-610bb8a4-e3ae-47c6-bf44-ec8668ff0dfa ] Request (ServersTestManualDisk:setUpClass): 201 POST http://10.180.1.21/identity/v3/auth/tokens 0.161s
2025-11-21 12:14:15.569 66945 INFO tempest.lib.common.rest_client [req-c3ef6c8e-39eb-442b-bdf0-a0313a346736 req-c3ef6c8e-39eb-442b-bdf0-a0313a346736 ] Request (FloatingIPsTestJSON:setUpClass): 201 POST http://10.180.1.21/identity/v3/projects 0.041s
2025-11-21 12:14:15.667 66933 INFO tempest.lib.common.rest_client [req-b4af9cc7-d95b-445d-a6ab-067fb38c4ac5 req-b4af9cc7-d95b-445d-a6ab-067fb38c4ac5 ] Request (ServerGroup264TestJSON:tearDownClass): 204 DELETE http://10.180.1.21/networking/v2.0/networks/ca562c05-fbee-4204-a149-6d4e52103350 0.544s
2025-11-21 12:14:15.672 66969 INFO tempest.lib.common.rest_client [req-14088367-af72-4168-9afb-4b55e1442ff6 req-14088367-af72-4168-9afb-4b55e1442ff6 ] Request (SecurityGroupRulesTestJSON:tearDownClass): 202 DELETE http://10.180.1.21/compute/v2.1/os-security-groups/54027945-5314-439d-9767-ffb843786073 3.728s
2025-11-21 12:14:15.683 66945 INFO tempest.lib.common.rest_client [req-f4efff08-b03a-4306-8c34-cc450407362d req-f4efff08-b03a-4306-8c34-cc450407362d ] Request (FloatingIPsTestJSON:setUpClass): 201 POST http://10.180.1.21/identity/v3/users 0.114s
2025-11-21 12:14:15.703 66929 INFO tempest.lib.common.rest_client [req-d6fc219e-47b5-4ea8-8e4e-530eb93a4a74 req-d6fc219e-47b5-4ea8-8e4e-530eb93a4a74 ] Request (AggregatesAdminNegativeTestJSON:_run_cleanups): 200 DELETE http://10.180.1.21/compute/v2.1/os-aggregates/5 3.654s
2025-11-21 12:14:15.733 66945 INFO tempest.lib.common.rest_client [req-29474c1c-23d8-4311-b14b-76ec8e77a392 req-29474c1c-23d8-4311-b14b-76ec8e77a392 ] Request (FloatingIPsTestJSON:setUpClass): 200 GET http://10.180.1.21/identity/v3/roles 0.049s
2025-11-21 12:14:15.781 66933 INFO tempest.lib.common.rest_client [req-1f62f431-7cf5-48f6-895a-8d1f2b9302cb req-1f62f431-7cf5-48f6-895a-8d1f2b9302cb ] Request (ServerGroup264TestJSON:tearDownClass): 204 DELETE http://10.180.1.21/identity/v3/users/0c0406fbdd4c4faeac2aa23f0d539f6f 0.114s
2025-11-21 12:14:15.782 66933 INFO tempest.lib.common.dynamic_creds [-] Deleting project and security group for project: 0cc5088cce5d43a6a923a51b0252457f
2025-11-21 12:14:15.806 66921 INFO tempest.lib.common.rest_client [req-5be45fa2-3b86-4fcc-91aa-564c197dd32b req-5be45fa2-3b86-4fcc-91aa-564c197dd32b ] Request (ServersTestBootFromVolume:setUpClass): 201 POST http://10.180.1.21/networking/v2.0/security-groups 0.289s
2025-11-21 12:14:15.824 66927 INFO tempest.lib.common.rest_client [req-d9b8e745-2313-4ed9-a20d-f71722cdc000 req-d9b8e745-2313-4ed9-a20d-f71722cdc000 ] Request (FloatingIPsNegativeTestJSON:test_delete_nonexistent_floating_ip): 404 DELETE http://10.180.1.21/compute/v2.1/os-floating-ips/559a6a0a-343e-415a-8fd6-cc0c0a4fc550 3.834s
2025-11-21 12:14:15.855 66957 INFO tempest.lib.common.rest_client [req-b699c696-d5b4-496e-940a-99347058c8ab req-b699c696-d5b4-496e-940a-99347058c8ab ] Request (FlavorsAdminTestJSON:_run_cleanups): 200 GET http://10.180.1.21/compute/v2.1/flavors/detail 3.784s
2025-11-21 12:14:15.901 66933 INFO tempest.lib.common.rest_client [req-512288a5-9d9a-4eec-841b-7d9da4258de0 req-512288a5-9d9a-4eec-841b-7d9da4258de0 ] Request (ServerGroup264TestJSON:tearDownClass): 200 GET http://10.180.1.21/networking/v2.0/security-groups?tenant_id=0cc5088cce5d43a6a923a51b0252457f&name=default 0.119s
2025-11-21 12:14:15.905 66911 INFO tempest.lib.common.rest_client [req-3406d4c8-d9ac-4432-87a1-ced6ee489e35 req-3406d4c8-d9ac-4432-87a1-ced6ee489e35 ] Request (ServicesAdminNegativeV253TestJSON:test_list_services_with_non_admin_user): 403 GET http://10.180.1.21/compute/v2.1/os-services 3.857s
2025-11-21 12:14:15.925 66961 INFO tempest.lib.common.rest_client [req-8020479a-47a5-4959-b435-1216892349e2 req-8020479a-47a5-4959-b435-1216892349e2 ] Request (FlavorsAccessNegativeTestJSON:test_remove_flavor_access_not_found): 200 POST http://10.180.1.21/compute/v2.1/flavors 3.818s
2025-11-21 12:14:15.954 66945 INFO tempest.lib.common.rest_client [req-51f8c89f-c81b-4c1d-8f73-4186cd0e4c86 req-51f8c89f-c81b-4c1d-8f73-4186cd0e4c86 ] Request (FloatingIPsTestJSON:setUpClass): 204 PUT http://10.180.1.21/identity/v3/projects/0e61041f55d549279a0c85a7fad00252/users/7fb9dd4c29184e75b2758e72d386363d/roles/1b95b6525e0b4eabbee2101f281380e1 0.219s
2025-11-21 12:14:15.954 66945 INFO tempest.lib.common.dynamic_creds [-] Dynamic test user 7fb9dd4c29184e75b2758e72d386363d is created with scope project and roles: ['member']
2025-11-21 12:14:15.954 66945 INFO tempest.lib.common.dynamic_creds [-] Acquired dynamic creds: credentials: Credentials: {'domain_id': 'default', 'domain_name': 'Default', 'username': 'tempest-FloatingIPsTestJSON-673860295-project-member', 'project_domain_id': 'default', 'project_domain_name': 'Default', 'project_id': '0e61041f55d549279a0c85a7fad00252', 'project_name': 'tempest-FloatingIPsTestJSON-673860295', 'tenant_id': '0e61041f55d549279a0c85a7fad00252', 'tenant_name': 'tempest-FloatingIPsTestJSON-673860295', 'user_domain_id': 'default', 'user_domain_name': 'Default', 'user_id': '7fb9dd4c29184e75b2758e72d386363d', 'system': None}, Network: None, Subnet: None, Router: None
2025-11-21 12:14:16.009 66921 INFO tempest.lib.common.rest_client [req-99c86173-4a8b-4918-b2b2-689e6de48730 req-99c86173-4a8b-4918-b2b2-689e6de48730 ] Request (ServersTestBootFromVolume:setUpClass): 201 POST http://10.180.1.21/networking/v2.0/security-group-rules 0.203s
2025-11-21 12:14:16.025 66945 INFO tempest.lib.common.rest_client [req-ca02efa4-f483-4038-a9f6-534596a663bc req-ca02efa4-f483-4038-a9f6-534596a663bc ] Request (FloatingIPsTestJSON:setUpClass): 201 POST http://10.180.1.21/identity/v3/auth/tokens 0.071s
2025-11-21 12:14:16.095 66911 INFO tempest.lib.common.rest_client [req-592b39fb-a931-44c1-b3a2-126ccc12ec14 req-592b39fb-a931-44c1-b3a2-126ccc12ec14 ] Request (ServicesAdminNegativeV253TestJSON:tearDownClass): 204 DELETE http://10.180.1.21/identity/v3/users/544bbf8290364ced8536c5601d3a1c99 0.185s
2025-11-21 12:14:16.190 66933 INFO tempest.lib.common.rest_client [req-a83ea4d5-1a5a-4442-b8e2-bf87a10cd4c1 req-a83ea4d5-1a5a-4442-b8e2-bf87a10cd4c1 ] Request (ServerGroup264TestJSON:tearDownClass): 204 DELETE http://10.180.1.21/networking/v2.0/security-groups/18b672d7-0bd5-4e4f-bff5-b019c2e3ed4f 0.288s
2025-11-21 12:14:16.224 66911 INFO tempest.lib.common.rest_client [req-453fdce0-d009-4ba7-bf20-f07487301085 req-453fdce0-d009-4ba7-bf20-f07487301085 ] Request (ServicesAdminNegativeV253TestJSON:tearDownClass): 204 DELETE http://10.180.1.21/identity/v3/users/a39dbf9b7fa546ba8bd94565c7b2815d 0.129s
2025-11-21 12:14:16.224 66911 INFO tempest.lib.common.dynamic_creds [-] Deleting project and security group for project: f133403f41eb425e9cec965c7a0a3f0c
2025-11-21 12:14:16.225 66971 INFO tempest.lib.common.rest_client [req-5d563f6e-044b-42dd-b838-f00b4757c53b req-5d563f6e-044b-42dd-b838-f00b4757c53b ] Request (FloatingIPsAssociationTestJSON:test_associate_already_associated_floating_ip): 200 GET http://10.180.1.21/compute/v2.1/servers/be097dbf-7941-49ca-acb4-f05f20dcaf6b 4.146s
2025-11-21 12:14:16.242 66909 INFO tempest.lib.common.rest_client [req-9c011626-6fae-4fd1-afcc-0fcb42e063a6 req-9c011626-6fae-4fd1-afcc-0fcb42e063a6 ] Request (ServerDiagnosticsTest:tearDownClass): 200 GET http://10.180.1.21/compute/v2.1/servers/c2728151-528d-49b0-b8ba-af169f0c7176 4.047s
2025-11-21 12:14:16.310 66911 INFO tempest.lib.common.rest_client [req-da250fbf-6e79-40da-a856-313c1e3d5e1f req-da250fbf-6e79-40da-a856-313c1e3d5e1f ] Request (ServicesAdminNegativeV253TestJSON:tearDownClass): 201 POST http://10.180.1.21/identity/v3/auth/tokens 0.086s
2025-11-21 12:14:16.322 66933 INFO tempest.lib.common.rest_client [req-c2bab469-b4cc-4612-9c30-5ce0aec75f2f req-c2bab469-b4cc-4612-9c30-5ce0aec75f2f ] Request (ServerGroup264TestJSON:tearDownClass): 204 DELETE http://10.180.1.21/identity/v3/projects/0cc5088cce5d43a6a923a51b0252457f 0.132s
2025-11-21 12:14:16.326 66921 INFO tempest.lib.common.rest_client [req-f51746e7-b612-4515-8a40-dac63cb31c6c req-f51746e7-b612-4515-8a40-dac63cb31c6c ] Request (ServersTestBootFromVolume:setUpClass): 201 POST http://10.180.1.21/networking/v2.0/security-group-rules 0.316s
2025-11-21 12:14:16.357 66913 INFO tempest.lib.common.rest_client [req-43d7478c-28fd-462e-82f8-4842523348b0 req-43d7478c-28fd-462e-82f8-4842523348b0 ] Request (ServersTestMultiNic:_run_cleanups): 204 DELETE http://10.180.1.21/compute/v2.1/servers/9a9d0c08-70ad-4a1e-8c54-79fb478dc24d 3.761s
2025-11-21 12:14:16.388 66933 INFO tempest.lib.common.rest_client [req-bf97e38a-87a8-4949-b688-b739a2475c2b req-bf97e38a-87a8-4949-b688-b739a2475c2b ] Request (ServerGroupTestJSON:setUpClass): 201 POST http://10.180.1.21/identity/v3/auth/tokens 0.063s
2025-11-21 12:14:16.450 66933 INFO tempest.lib.common.rest_client [req-bf98f6fb-bd92-4b7b-acd7-047bb3b7c28a req-bf98f6fb-bd92-4b7b-acd7-047bb3b7c28a ] Request (ServerGroupTestJSON:setUpClass): 201 POST http://10.180.1.21/identity/v3/auth/tokens 0.059s
2025-11-21 12:14:16.488 66933 INFO tempest.lib.common.rest_client [req-6669e788-6dc8-4bd1-945f-ae5a91179fb0 req-6669e788-6dc8-4bd1-945f-ae5a91179fb0 ] Request (ServerGroupTestJSON:setUpClass): 200 GET http://10.180.1.21/identity/v3/domains?name=Default 0.038s
2025-11-21 12:14:16.522 66939 WARNING tempest.lib.common.ssh [-] Failed to establish authenticated ssh connection to cirros@10.180.180.146 ([Errno None] Unable to connect to port 22 on 10.180.180.146). Number attempts: 3. Retry after 4 seconds.: paramiko.ssh_exception.NoValidConnectionsError: [Errno None] Unable to connect to port 22 on 10.180.180.146
2025-11-21 12:14:16.531 66933 INFO tempest.lib.common.rest_client [req-4cd91d5b-b65a-4bc0-879b-773f24ca3b04 req-4cd91d5b-b65a-4bc0-879b-773f24ca3b04 ] Request (ServerGroupTestJSON:setUpClass): 201 POST http://10.180.1.21/identity/v3/projects 0.042s
2025-11-21 12:14:16.628 66935 INFO tempest.lib.common.rest_client [req-389f6754-5c1f-478b-9b7d-20afa8b4c92c req-389f6754-5c1f-478b-9b7d-20afa8b4c92c ] Request (QuotasAdminTestJSON:test_update_all_quota_resources_for_tenant): 200 PUT http://10.180.1.21/compute/v2.1/os-quota-sets/0a873ca31b9541129a7a0907290b59e2 4.253s
2025-11-21 12:14:16.640 66933 INFO tempest.lib.common.rest_client [req-64f5d3f5-7b9f-4c71-ba67-15e38584cd88 req-64f5d3f5-7b9f-4c71-ba67-15e38584cd88 ] Request (ServerGroupTestJSON:setUpClass): 201 POST http://10.180.1.21/identity/v3/users 0.108s
2025-11-21 12:14:16.671 66933 INFO tempest.lib.common.rest_client [req-5335c2dc-1308-4362-8962-a7782d3d6a0a req-5335c2dc-1308-4362-8962-a7782d3d6a0a ] Request (ServerGroupTestJSON:setUpClass): 200 GET http://10.180.1.21/identity/v3/roles 0.031s
2025-11-21 12:14:16.704 66933 INFO tempest.lib.common.rest_client [req-b0cbbeae-50f2-42be-88d6-cf6ebd1a2a94 req-b0cbbeae-50f2-42be-88d6-cf6ebd1a2a94 ] Request (ServerGroupTestJSON:setUpClass): 204 PUT http://10.180.1.21/identity/v3/projects/e36bd342ca994cd988bb70c4bba0090a/users/61a4ebcd46924654b9ca304f7a6f1f16/roles/1b95b6525e0b4eabbee2101f281380e1 0.033s
2025-11-21 12:14:16.705 66933 INFO tempest.lib.common.dynamic_creds [-] Dynamic test user 61a4ebcd46924654b9ca304f7a6f1f16 is created with scope project and roles: ['member']
2025-11-21 12:14:16.705 66933 INFO tempest.lib.common.dynamic_creds [-] Acquired dynamic creds: credentials: Credentials: {'domain_id': 'default', 'domain_name': 'Default', 'username': 'tempest-ServerGroupTestJSON-1757135804-project-member', 'project_domain_id': 'default', 'project_domain_name': 'Default', 'project_id': 'e36bd342ca994cd988bb70c4bba0090a', 'project_name': 'tempest-ServerGroupTestJSON-1757135804', 'tenant_id': 'e36bd342ca994cd988bb70c4bba0090a', 'tenant_name': 'tempest-ServerGroupTestJSON-1757135804', 'user_domain_id': 'default', 'user_domain_name': 'Default', 'user_id': '61a4ebcd46924654b9ca304f7a6f1f16', 'system': None}, Network: None, Subnet: None, Router: None
2025-11-21 12:14:16.729 66945 INFO tempest.lib.common.rest_client [req-a49d4a33-4dc9-4849-9a77-3c06a66c1423 req-a49d4a33-4dc9-4849-9a77-3c06a66c1423 ] Request (FloatingIPsTestJSON:setUpClass): 201 POST http://10.180.1.21/networking/v2.0/networks 0.703s
2025-11-21 12:14:16.788 66933 INFO tempest.lib.common.rest_client [req-be0238c9-b2bb-4fdd-94f7-8d5541972e9c req-be0238c9-b2bb-4fdd-94f7-8d5541972e9c ] Request (ServerGroupTestJSON:setUpClass): 201 POST http://10.180.1.21/identity/v3/auth/tokens 0.083s
2025-11-21 12:14:16.940 66911 INFO tempest.lib.common.rest_client [req-7c51f539-9de2-4976-90b3-901a182001a0 req-7c51f539-9de2-4976-90b3-901a182001a0 ] Request (ServicesAdminNegativeV253TestJSON:tearDownClass): 200 GET http://10.180.1.21/networking/v2.0/security-groups?tenant_id=f133403f41eb425e9cec965c7a0a3f0c&name=default 0.629s
2025-11-21 12:14:16.943 66927 INFO tempest.lib.common.rest_client [req-84d5e17a-f46f-4f13-9a86-c6a9254bd085 req-84d5e17a-f46f-4f13-9a86-c6a9254bd085 ] Request (FloatingIPsNegativeTestJSON:tearDownClass): 200 PUT http://10.180.1.21/networking/v2.0/routers/2f9f8684-d515-4393-b464-3f0f29b61bca/remove_router_interface 1.116s
2025-11-21 12:14:16.990 66949 INFO tempest.lib.common.rest_client [req-7c8d3653-d3a7-4d6c-a0d6-e69de4f10fa6 req-7c8d3653-d3a7-4d6c-a0d6-e69de4f10fa6 ] Request (ServerDiagnosticsNegativeTest:tearDownClass): 200 GET http://10.180.1.21/compute/v2.1/servers/c2d0fc45-cc3b-4526-9994-6d2df8dfe3d7 4.183s
2025-11-21 12:14:17.055 66951 INFO tempest.lib.common.rest_client [req-1eb0fd8a-780a-44f7-9520-d814e4f4b6b9 req-1eb0fd8a-780a-44f7-9520-d814e4f4b6b9 ] Request (KeyPairsV22TestJSON:test_keypairs_create_list_delete): 201 POST http://10.180.1.21/compute/v2.1/os-keypairs 4.216s
2025-11-21 12:14:17.253 66945 INFO tempest.lib.common.rest_client [req-0f7b0c44-2cc0-463c-8c75-7c64639667e6 req-0f7b0c44-2cc0-463c-8c75-7c64639667e6 ] Request (FloatingIPsTestJSON:setUpClass): 201 POST http://10.180.1.21/networking/v2.0/subnets 0.523s
2025-11-21 12:14:17.470 66933 INFO tempest.lib.common.rest_client [req-7de27ea1-d8ec-480e-87cc-4d301618405f req-7de27ea1-d8ec-480e-87cc-4d301618405f ] Request (ServerGroupTestJSON:setUpClass): 201 POST http://10.180.1.21/networking/v2.0/networks 0.681s
2025-11-21 12:14:17.486 66921 INFO tempest.lib.common.rest_client [req-921c1224-20ff-4ae4-bc14-d8bee0cd0c27 req-921c1224-20ff-4ae4-bc14-d8bee0cd0c27 ] Request (ServersTestBootFromVolume:setUpClass): 201 POST http://10.180.1.21/networking/v2.0/floatingips 1.160s
2025-11-21 12:14:17.564 66911 INFO tempest.lib.common.rest_client [req-664f2e85-a30e-466c-89f8-76d43741bcb1 req-664f2e85-a30e-466c-89f8-76d43741bcb1 ] Request (ServicesAdminNegativeV253TestJSON:tearDownClass): 204 DELETE http://10.180.1.21/networking/v2.0/security-groups/6311b265-6497-430a-994e-3ef3cd00ac2e 0.624s
2025-11-21 12:14:17.588 66921 INFO tempest.lib.common.rest_client [req-c542ac6b-e408-4a1b-917b-41821a7c30df req-c542ac6b-e408-4a1b-917b-41821a7c30df ] Request (ServersTestBootFromVolume:setUpClass): 201 POST http://10.180.1.21/identity/v3/auth/tokens 0.098s
2025-11-21 12:14:17.589 66921 INFO tempest.lib.common.fixed_network [-] (ServersTestBootFromVolume:setUpClass) Found network {'id': '8fd89dc6-ceba-4279-a584-e4a733bc036a', 'name': 'tempest-ServersTestBootFromVolume-102028861-network', 'tenant_id': '439d4aca3532483ea875463489b0ff0b', 'project_id': '439d4aca3532483ea875463489b0ff0b', 'admin_state_up': True, 'mtu': 8950, 'status': 'ACTIVE', 'subnets': [], 'shared': False, 'port_security_enabled': True, 'router:external': False, 'provider:network_type': 'vlan', 'provider:physical_network': 'default', 'provider:segmentation_id': 539, 'availability_zone_hints': [], 'availability_zones': [], 'ipv4_address_scope': None, 'ipv6_address_scope': None, 'description': '', 'tags': [], 'created_at': '2025-11-21T12:14:09Z', 'updated_at': '2025-11-21T12:14:09Z', 'revision_number': 1} available for tenant
2025-11-21 12:14:17.638 66955 INFO tempest.lib.common.rest_client [req-0a4149b2-3b60-4c78-b3a3-752178b52de5 req-0a4149b2-3b60-4c78-b3a3-752178b52de5 ] Request (DeleteServersAdminTestJSON:test_delete_server_while_in_error_state): 200 GET http://10.180.1.21/compute/v2.1/servers/cc26ea02-3f63-4771-a64b-34140a4fea1e 4.454s
2025-11-21 12:14:17.676 66911 INFO tempest.lib.common.rest_client [req-0ffb452a-a863-49bf-b0ea-94f62153710b req-0ffb452a-a863-49bf-b0ea-94f62153710b ] Request (ServicesAdminNegativeV253TestJSON:tearDownClass): 204 DELETE http://10.180.1.21/identity/v3/projects/f133403f41eb425e9cec965c7a0a3f0c 0.111s
2025-11-21 12:14:17.676 66911 INFO tempest.lib.common.dynamic_creds [-] Deleting project and security group for project: b4fad13edc7c42678724fb43f2645b60
2025-11-21 12:14:17.687 66915 INFO tempest.lib.common.rest_client [req-b9b68f3f-e966-4e00-85ab-8e400672d4cc req-b9b68f3f-e966-4e00-85ab-8e400672d4cc ] Request (ImagesTestJSON:test_create_image_from_stopped_server): 200 GET http://10.180.1.21/compute/v2.1/images/31f6c648-cc8c-4bed-a447-f528f241a4b0 4.470s
2025-11-21 12:14:17.933 66927 INFO tempest.lib.common.rest_client [req-ae3b0002-7d5f-41c7-bd69-810899585441 req-ae3b0002-7d5f-41c7-bd69-810899585441 ] Request (FloatingIPsNegativeTestJSON:tearDownClass): 204 DELETE http://10.180.1.21/networking/v2.0/routers/2f9f8684-d515-4393-b464-3f0f29b61bca 0.990s
2025-11-21 12:14:18.156 66933 INFO tempest.lib.common.rest_client [req-0cebb0a7-9615-43a1-8cfd-cb282e994119 req-0cebb0a7-9615-43a1-8cfd-cb282e994119 ] Request (ServerGroupTestJSON:setUpClass): 201 POST http://10.180.1.21/networking/v2.0/subnets 0.685s
2025-11-21 12:14:18.298 66921 INFO tempest.lib.common.rest_client [req-fe72c8a1-2147-448d-bde6-275d9eea2217 req-fe72c8a1-2147-448d-bde6-275d9eea2217 ] Request (ServersTestBootFromVolume:setUpClass): 202 POST http://10.180.1.21/volume/v3/volumes 0.708s
2025-11-21 12:14:18.315 66911 INFO tempest.lib.common.rest_client [req-334e37e2-afd3-48c0-aa49-aac26307f65b req-334e37e2-afd3-48c0-aa49-aac26307f65b ] Request (ServicesAdminNegativeV253TestJSON:tearDownClass): 200 GET http://10.180.1.21/networking/v2.0/security-groups?tenant_id=b4fad13edc7c42678724fb43f2645b60&name=default 0.639s
2025-11-21 12:14:18.357 66943 INFO tempest.lib.common.rest_client [req-01fe32bc-b498-4df2-8d39-1c52a6af7cac req-01fe32bc-b498-4df2-8d39-1c52a6af7cac ] Request (ServerActionsTestOtherB:setUpClass): 200 GET http://10.180.1.21/compute/v2.1/servers/5703a802-f43f-402d-987a-088e279f4e70 5.089s
2025-11-21 12:14:18.475 66945 INFO tempest.lib.common.rest_client [req-f195b297-b795-40c5-8908-a395e65a0a98 req-f195b297-b795-40c5-8908-a395e65a0a98 ] Request (FloatingIPsTestJSON:setUpClass): 201 POST http://10.180.1.21/networking/v2.0/routers 1.222s
2025-11-21 12:14:18.491 66921 INFO tempest.lib.common.rest_client [req-ddb838bd-ddc6-4702-8cd2-08e7c7a49c64 req-ddb838bd-ddc6-4702-8cd2-08e7c7a49c64 ] Request (ServersTestBootFromVolume:setUpClass): 200 GET http://10.180.1.21/volume/v3/volumes/1504d47f-800f-4d6a-ba5b-8f89b5be4033 0.184s
2025-11-21 12:14:18.516 66927 INFO tempest.lib.common.rest_client [req-2e702e5c-243f-4d16-8dc3-1d31522b701b req-2e702e5c-243f-4d16-8dc3-1d31522b701b ] Request (FloatingIPsNegativeTestJSON:tearDownClass): 204 DELETE http://10.180.1.21/networking/v2.0/subnets/6c1999bd-af72-4ece-9814-f976b9b18e23 0.582s
2025-11-21 12:14:18.668 66941 INFO tempest.lib.common.rest_client [req-201057c2-d205-40e5-9d35-960da203462b req-201057c2-d205-40e5-9d35-960da203462b ] Request (ServersAdminNegativeTestJSON:test_migrate_server_invalid_state): 202 POST http://10.180.1.21/compute/v2.1/servers 6.009s
2025-11-21 12:14:18.680 66911 INFO tempest.lib.common.rest_client [req-06d1a406-e7f2-45cd-bd91-1c626ebcb7bc req-06d1a406-e7f2-45cd-bd91-1c626ebcb7bc ] Request (ServicesAdminNegativeV253TestJSON:tearDownClass): 204 DELETE http://10.180.1.21/networking/v2.0/security-groups/c5ab0907-bf8c-4592-a299-c41410c31114 0.365s
2025-11-21 12:14:18.875 66911 INFO tempest.lib.common.rest_client [req-cc79a216-be5a-435e-9c22-a4d28464fcd8 req-cc79a216-be5a-435e-9c22-a4d28464fcd8 ] Request (ServicesAdminNegativeV253TestJSON:tearDownClass): 204 DELETE http://10.180.1.21/identity/v3/projects/b4fad13edc7c42678724fb43f2645b60 0.194s
2025-11-21 12:14:18.956 66911 INFO tempest.lib.common.rest_client [req-8c6340f0-9f1c-4fee-a748-fc2afea66405 req-8c6340f0-9f1c-4fee-a748-fc2afea66405 ] Request (ServerShowV263Test:setUpClass): 201 POST http://10.180.1.21/identity/v3/auth/tokens 0.077s
2025-11-21 12:14:18.999 66911 INFO tempest.lib.common.rest_client [req-3445f0c4-c88a-4a3f-8f5b-03aa018bdda2 req-3445f0c4-c88a-4a3f-8f5b-03aa018bdda2 ] Request (ServerShowV263Test:setUpClass): 201 POST http://10.180.1.21/identity/v3/auth/tokens 0.036s
2025-11-21 12:14:19.032 66911 INFO tempest.lib.common.rest_client [req-3caa1451-d06a-49e1-8c54-826462e35351 req-3caa1451-d06a-49e1-8c54-826462e35351 ] Request (ServerShowV263Test:setUpClass): 200 GET http://10.180.1.21/identity/v3/domains?name=Default 0.033s
2025-11-21 12:14:19.110 66911 INFO tempest.lib.common.rest_client [req-451d4385-c5a3-4d02-b1b9-bd64798b629e req-451d4385-c5a3-4d02-b1b9-bd64798b629e ] Request (ServerShowV263Test:setUpClass): 201 POST http://10.180.1.21/identity/v3/projects 0.077s
2025-11-21 12:14:19.224 66911 INFO tempest.lib.common.rest_client [req-26efe302-d25c-42b3-b5e6-03cde7aec03f req-26efe302-d25c-42b3-b5e6-03cde7aec03f ] Request (ServerShowV263Test:setUpClass): 201 POST http://10.180.1.21/identity/v3/users 0.113s
2025-11-21 12:14:19.270 66911 INFO tempest.lib.common.rest_client [req-125d6033-d572-45b1-9228-3bda116ec95d req-125d6033-d572-45b1-9228-3bda116ec95d ] Request (ServerShowV263Test:setUpClass): 200 GET http://10.180.1.21/identity/v3/roles 0.046s
2025-11-21 12:14:19.330 66911 INFO tempest.lib.common.rest_client [req-1d344194-7bc6-4c4f-acf7-e4df08237eb0 req-1d344194-7bc6-4c4f-acf7-e4df08237eb0 ] Request (ServerShowV263Test:setUpClass): 204 PUT http://10.180.1.21/identity/v3/projects/62292054f50543a79a6927a3da74bfb5/users/a970440c1b4542ec9ef5d03830be4ece/roles/1b95b6525e0b4eabbee2101f281380e1 0.059s
2025-11-21 12:14:19.331 66911 INFO tempest.lib.common.dynamic_creds [-] Dynamic test user a970440c1b4542ec9ef5d03830be4ece is created with scope project and roles: ['member']
2025-11-21 12:14:19.331 66911 INFO tempest.lib.common.dynamic_creds [-] Acquired dynamic creds: credentials: Credentials: {'domain_id': 'default', 'domain_name': 'Default', 'username': 'tempest-ServerShowV263Test-282635153-project-member', 'project_domain_id': 'default', 'project_domain_name': 'Default', 'project_id': '62292054f50543a79a6927a3da74bfb5', 'project_name': 'tempest-ServerShowV263Test-282635153', 'tenant_id': '62292054f50543a79a6927a3da74bfb5', 'tenant_name': 'tempest-ServerShowV263Test-282635153', 'user_domain_id': 'default', 'user_domain_name': 'Default', 'user_id': 'a970440c1b4542ec9ef5d03830be4ece', 'system': None}, Network: None, Subnet: None, Router: None
2025-11-21 12:14:19.331 66911 INFO tempest.lib.common.dynamic_creds [-] Created isolated network resources for: credentials: Credentials: {'domain_id': 'default', 'domain_name': 'Default', 'username': 'tempest-ServerShowV263Test-282635153-project-member', 'project_domain_id': 'default', 'project_domain_name': 'Default', 'project_id': '62292054f50543a79a6927a3da74bfb5', 'project_name': 'tempest-ServerShowV263Test-282635153', 'tenant_id': '62292054f50543a79a6927a3da74bfb5', 'tenant_name': 'tempest-ServerShowV263Test-282635153', 'user_domain_id': 'default', 'user_domain_name': 'Default', 'user_id': 'a970440c1b4542ec9ef5d03830be4ece', 'system': None}, Network: None, Subnet: None, Router: None
2025-11-21 12:14:19.395 66933 INFO tempest.lib.common.rest_client [req-a2e6b852-46e6-46af-891c-35d2d38283c9 req-a2e6b852-46e6-46af-891c-35d2d38283c9 ] Request (ServerGroupTestJSON:setUpClass): 201 POST http://10.180.1.21/networking/v2.0/routers 1.238s
2025-11-21 12:14:19.447 66911 INFO tempest.lib.common.rest_client [req-88aadcaf-3f94-43a7-87a3-be07f90f66d2 req-88aadcaf-3f94-43a7-87a3-be07f90f66d2 ] Request (ServerShowV263Test:setUpClass): 201 POST http://10.180.1.21/identity/v3/auth/tokens 0.112s
2025-11-21 12:14:19.503 66911 INFO tempest.lib.common.rest_client [req-456c1db4-2210-4a58-a1fd-5545188bfc0f req-456c1db4-2210-4a58-a1fd-5545188bfc0f ] Request (ServerShowV263Test:setUpClass): 200 GET http://10.180.1.21/identity/v3/projects/62292054f50543a79a6927a3da74bfb5 0.055s
2025-11-21 12:14:19.504 66911 INFO tempest.lib.common.dynamic_creds [-] Using the existing project 62292054f50543a79a6927a3da74bfb5 for scope project and roles: ['reader']
2025-11-21 12:14:19.544 66927 INFO tempest.lib.common.rest_client [req-b0f974f8-e1be-4766-a83e-2e3b8842197d req-b0f974f8-e1be-4766-a83e-2e3b8842197d ] Request (FloatingIPsNegativeTestJSON:tearDownClass): 204 DELETE http://10.180.1.21/networking/v2.0/networks/ba712982-38f5-4aae-a2ff-1cada167a3aa 1.028s
2025-11-21 12:14:19.552 66921 INFO tempest.lib.common.rest_client [req-68cecb21-a576-435f-914c-fae14bec30a1 req-68cecb21-a576-435f-914c-fae14bec30a1 ] Request (ServersTestBootFromVolume:setUpClass): 200 GET http://10.180.1.21/volume/v3/volumes/1504d47f-800f-4d6a-ba5b-8f89b5be4033 0.049s
2025-11-21 12:14:19.575 66911 INFO tempest.lib.common.rest_client [req-4c3f4f9e-33e9-4e17-b87e-f0d88dd5958c req-4c3f4f9e-33e9-4e17-b87e-f0d88dd5958c ] Request (ServerShowV263Test:setUpClass): 201 POST http://10.180.1.21/identity/v3/users 0.069s
2025-11-21 12:14:19.611 66911 INFO tempest.lib.common.rest_client [req-d5205865-a289-42f8-b258-440b470d281e req-d5205865-a289-42f8-b258-440b470d281e ] Request (ServerShowV263Test:setUpClass): 200 GET http://10.180.1.21/identity/v3/roles 0.036s
2025-11-21 12:14:19.681 66927 INFO tempest.lib.common.rest_client [req-60efe116-9237-4396-aa41-4d1eff89ac9a req-60efe116-9237-4396-aa41-4d1eff89ac9a ] Request (FloatingIPsNegativeTestJSON:tearDownClass): 204 DELETE http://10.180.1.21/identity/v3/users/bb7db21dd31846a5a6ff67412e3fc911 0.136s
2025-11-21 12:14:19.681 66927 INFO tempest.lib.common.dynamic_creds [-] Deleting project and security group for project: f69134e5c7a446858b5747c39048b772
2025-11-21 12:14:19.712 66911 INFO tempest.lib.common.rest_client [req-2095b265-427f-43a6-b3c5-3bc3ea35152c req-2095b265-427f-43a6-b3c5-3bc3ea35152c ] Request (ServerShowV263Test:setUpClass): 204 PUT http://10.180.1.21/identity/v3/projects/62292054f50543a79a6927a3da74bfb5/users/266d3df908c4425ab0a1602722b4848e/roles/cd9d23c061d149ed92b38aa6bb3bb8ba 0.099s
2025-11-21 12:14:19.712 66911 INFO tempest.lib.common.dynamic_creds [-] Dynamic test user 266d3df908c4425ab0a1602722b4848e is created with scope project and roles: ['reader']
2025-11-21 12:14:19.712 66911 INFO tempest.lib.common.dynamic_creds [-] Acquired dynamic creds: credentials: Credentials: {'domain_id': 'default', 'domain_name': 'Default', 'username': 'tempest-ServerShowV263Test-282635153-project-reader', 'project_domain_id': 'default', 'project_domain_name': 'Default', 'project_id': '62292054f50543a79a6927a3da74bfb5', 'project_name': 'tempest-ServerShowV263Test-282635153', 'tenant_id': '62292054f50543a79a6927a3da74bfb5', 'tenant_name': 'tempest-ServerShowV263Test-282635153', 'user_domain_id': 'default', 'user_domain_name': 'Default', 'user_id': '266d3df908c4425ab0a1602722b4848e', 'system': None}, Network: None, Subnet: None, Router: None
2025-11-21 12:14:19.712 66911 INFO tempest.lib.common.dynamic_creds [-] Network resources are not created for requested scope: project and credentials: Credentials: {'domain_id': 'default', 'domain_name': 'Default', 'username': 'tempest-ServerShowV263Test-282635153-project-reader', 'project_domain_id': 'default', 'project_domain_name': 'Default', 'project_id': '62292054f50543a79a6927a3da74bfb5', 'project_name': 'tempest-ServerShowV263Test-282635153', 'tenant_id': '62292054f50543a79a6927a3da74bfb5', 'tenant_name': 'tempest-ServerShowV263Test-282635153', 'user_domain_id': 'default', 'user_domain_name': 'Default', 'user_id': '266d3df908c4425ab0a1602722b4848e', 'system': None}, Network: None, Subnet: None, Router: None
2025-11-21 12:14:19.810 66911 INFO tempest.lib.common.rest_client [req-8139b593-1f4c-4996-b0fb-ae54bb3bd472 req-8139b593-1f4c-4996-b0fb-ae54bb3bd472 ] Request (ServerShowV263Test:setUpClass): 201 POST http://10.180.1.21/identity/v3/auth/tokens 0.095s
2025-11-21 12:14:19.932 66945 INFO tempest.lib.common.rest_client [req-d7d8f4d4-ff6d-48c8-b52d-3437ae577675 req-d7d8f4d4-ff6d-48c8-b52d-3437ae577675 ] Request (FloatingIPsTestJSON:setUpClass): 200 PUT http://10.180.1.21/networking/v2.0/routers/f015a512-d36a-4b1c-90af-1cce8fa89f81/add_router_interface 1.456s
