2025-11-21 12:14:00.888 66927 INFO tempest.lib.common.dynamic_creds [-] Acquired dynamic creds: credentials: Credentials: {'domain_id': 'default', 'domain_name': 'Default', 'username': 'tempest-FloatingIPsNegativeTestJSON-510588550-project-member', 'project_domain_id': 'default', 'project_domain_name': 'Default', 'project_id': 'f69134e5c7a446858b5747c39048b772', 'project_name': 'tempest-FloatingIPsNegativeTestJSON-510588550', 'tenant_id': 'f69134e5c7a446858b5747c39048b772', 'tenant_name': 'tempest-FloatingIPsNegativeTestJSON-510588550', 'user_domain_id': 'default', 'user_domain_name': 'Default', 'user_id': 'bb7db21dd31846a5a6ff67412e3fc911', 'system': None}, Network: None, Subnet: None, Router: None
2025-11-21 12:14:00.971 66927 INFO tempest.lib.common.rest_client [req-611678c4-19bb-415d-a25c-3c3676393f10 req-611678c4-19bb-415d-a25c-3c3676393f10 ] Request (FloatingIPsNegativeTestJSON:setUpClass): 201 POST http://10.180.1.21/identity/v3/auth/tokens 0.082s
2025-11-21 12:14:01.178 66921 INFO tempest.lib.common.rest_client [req-693c07ac-dc06-43bf-a021-0092377d4218 req-693c07ac-dc06-43bf-a021-0092377d4218 ] Request (SecurityGroupsTestAdminJSON:tearDownClass): 200 GET http://10.180.1.21/networking/v2.0/security-groups?tenant_id=7cec18448b46422ab04c98ba18ca9c3d&name=default 0.482s
2025-11-21 12:14:01.530 66943 INFO tempest.lib.common.rest_client [req-f77bd85d-1384-4d91-b7b2-759a27179f8c req-f77bd85d-1384-4d91-b7b2-759a27179f8c ] Request (ServerActionsTestOtherB:setUpClass): 201 POST http://10.180.1.21/networking/v2.0/routers 1.012s
2025-11-21 12:14:01.602 66947 INFO tempest.lib.common.rest_client [req-009b764b-486b-439d-a3d4-7d16cf81345b req-009b764b-486b-439d-a3d4-7d16cf81345b ] Request (FloatingIPsAssociationNegativeTestJSON:setUpClass): 200 GET http://10.180.1.21/compute/v2.1/servers/4913a015-a97c-4345-85ad-fa6d191680a3 4.354s
2025-11-21 12:14:01.621 66955 INFO tempest.lib.common.rest_client [req-72f5da6a-0501-4e05-9cfb-55c67d177c97 req-72f5da6a-0501-4e05-9cfb-55c67d177c97 ] Request (DeleteServersAdminTestJSON:test_delete_server_while_in_error_state): 200 GET http://10.180.1.21/compute/v2.1/servers/cc26ea02-3f63-4771-a64b-34140a4fea1e 4.277s
2025-11-21 12:14:01.650 66915 INFO tempest.lib.common.rest_client [req-777f6cd3-4333-4031-8566-ca4bff0b3c17 req-777f6cd3-4333-4031-8566-ca4bff0b3c17 ] Request (ImagesTestJSON:test_create_image_from_stopped_server): 200 GET http://10.180.1.21/compute/v2.1/images/31f6c648-cc8c-4bed-a447-f528f241a4b0 4.172s
2025-11-21 12:14:01.928 66927 INFO tempest.lib.common.rest_client [req-42a15e6e-0478-4c70-b534-a3dec36f4755 req-42a15e6e-0478-4c70-b534-a3dec36f4755 ] Request (FloatingIPsNegativeTestJSON:setUpClass): 201 POST http://10.180.1.21/networking/v2.0/networks 0.956s
2025-11-21 12:14:02.195 66921 INFO tempest.lib.common.rest_client [req-08f58dc9-9a74-4f9c-9eb8-f56a3f878a32 req-08f58dc9-9a74-4f9c-9eb8-f56a3f878a32 ] Request (SecurityGroupsTestAdminJSON:tearDownClass): 204 DELETE http://10.180.1.21/networking/v2.0/security-groups/553698b3-8dfe-4879-96eb-6e34a0a106e9 1.016s
2025-11-21 12:14:02.322 66921 INFO tempest.lib.common.rest_client [req-5fbca73a-4e43-43af-941b-0b89dbe0c926 req-5fbca73a-4e43-43af-941b-0b89dbe0c926 ] Request (SecurityGroupsTestAdminJSON:tearDownClass): 204 DELETE http://10.180.1.21/identity/v3/projects/7cec18448b46422ab04c98ba18ca9c3d 0.126s
2025-11-21 12:14:02.322 66921 INFO tempest.lib.common.dynamic_creds [-] Deleting project and security group for project: 6f167e8cd7834e818333ea4723557715
2025-11-21 12:14:02.884 66963 INFO tempest.lib.common.rest_client [req-0e489745-1988-432b-8dec-2c6d21fdde5e req-0e489745-1988-432b-8dec-2c6d21fdde5e ] Request (ServersAdmin275Test:test_rebuild_update_server_275): 200 GET http://10.180.1.21/compute/v2.1/servers/9454a10d-e96f-4ac5-a562-0fa477a90df2 5.388s
2025-11-21 12:14:02.894 66960 INFO tempest.lib.common.rest_client [req-04bd8333-5fc4-443b-9fa3-c77ab8b6b9bd req-04bd8333-5fc4-443b-9fa3-c77ab8b6b9bd ] Request (AttachInterfacesV270Test:tearDownClass): 200 GET http://10.180.1.21/compute/v2.1/servers/7388cc7a-f516-464a-8c47-4d852193681f 5.249s
2025-11-21 12:14:02.915 66933 INFO tempest.lib.common.rest_client [req-03e79a6e-32b7-4504-9bb1-a2ec16cd5edb req-03e79a6e-32b7-4504-9bb1-a2ec16cd5edb ] Request (ServerGroup264TestJSON:test_create_get_server_group): 200 GET http://10.180.1.21/compute/v2.1/os-server-groups 5.024s
2025-11-21 12:14:03.176 66943 INFO tempest.lib.common.rest_client [req-5f7615f2-8bdd-4c53-8fd9-287090137451 req-5f7615f2-8bdd-4c53-8fd9-287090137451 ] Request (ServerActionsTestOtherB:setUpClass): 200 PUT http://10.180.1.21/networking/v2.0/routers/9ccfc8e5-dae7-4aae-9f2a-691643fbd907/add_router_interface 1.645s
2025-11-21 12:14:03.176 66943 INFO tempest.lib.common.dynamic_creds [-] Created isolated network resources for: credentials: Credentials: {'domain_id': 'default', 'domain_name': 'Default', 'username': 'tempest-ServerActionsTestOtherB-1115780501-project-member', 'project_domain_id': 'default', 'project_domain_name': 'Default', 'project_id': '0478a90e28774925bfbcdd91053ab103', 'project_name': 'tempest-ServerActionsTestOtherB-1115780501', 'tenant_id': '0478a90e28774925bfbcdd91053ab103', 'tenant_name': 'tempest-ServerActionsTestOtherB-1115780501', 'user_domain_id': 'default', 'user_domain_name': 'Default', 'user_id': 'c74214a5551d4b0e9665ec5f72efbbe8', 'system': None}, Network: {'id': '0e1faa4a-b03a-4eaf-acba-a8898285d49b', 'name': 'tempest-ServerActionsTestOtherB-1744716674-network', 'tenant_id': '0478a90e28774925bfbcdd91053ab103', 'project_id': '0478a90e28774925bfbcdd91053ab103', 'admin_state_up': True, 'mtu': 8950, 'status': 'ACTIVE', 'subnets': [], 'shared': False, 'port_security_enabled': True, 'router:external': False, 'provider:network_type': 'vlan', 'provider:physical_network': 'default', 'provider:segmentation_id': 908, 'availability_zone_hints': [], 'availability_zones': [], 'ipv4_address_scope': None, 'ipv6_address_scope': None, 'description': '', 'tags': [], 'created_at': '2025-11-21T12:13:59Z', 'updated_at': '2025-11-21T12:14:00Z', 'revision_number': 1}, Subnet: {'id': '3522dc9c-7aae-4e25-87ce-207ee9aae6c8', 'name': 'tempest-ServerActionsTestOtherB-1744716674-subnet', 'tenant_id': '0478a90e28774925bfbcdd91053ab103', 'network_id': '0e1faa4a-b03a-4eaf-acba-a8898285d49b', 'ip_version': 4, 'subnetpool_id': None, 'enable_dhcp': True, 'ipv6_ra_mode': None, 'ipv6_address_mode': None, 'gateway_ip': '192.168.128.1', 'cidr': '192.168.128.0/28', 'allocation_pools': [{'start': '192.168.128.2', 'end': '192.168.128.14'}], 'host_routes': [], 'dns_nameservers': [], 'description': '', 'router:external': False, 'service_types': [], 'tags': [], 'created_at': '2025-11-21T12:14:00Z', 'updated_at': '2025-11-21T12:14:00Z', 'revision_number': 0, 'project_id': '0478a90e28774925bfbcdd91053ab103'}, Router: {'id': '9ccfc8e5-dae7-4aae-9f2a-691643fbd907', 'name': 'tempest-ServerActionsTestOtherB-1744716674-router', 'tenant_id': '0478a90e28774925bfbcdd91053ab103', 'admin_state_up': True, 'status': 'ACTIVE', 'external_gateway_info': {'network_id': '1866bbf8-8ac2-49d8-86a5-6a65b94a0e8f', 'external_fixed_ips': [{'subnet_id': '04cc13f7-bc52-4555-a2b6-d3a153d0796f', 'ip_address': '10.180.180.197'}], 'enable_snat': True}, 'description': '', 'availability_zones': [], 'distributed': False, 'ha': False, 'availability_zone_hints': [], 'routes': [], 'flavor_id': None, 'tags': [], 'created_at': '2025-11-21T12:14:00Z', 'updated_at': '2025-11-21T12:14:01Z', 'revision_number': 2, 'project_id': '0478a90e28774925bfbcdd91053ab103'}
2025-11-21 12:14:03.213 66927 INFO tempest.lib.common.rest_client [req-a34022db-8402-4cbb-92ce-e7a712eb20be req-a34022db-8402-4cbb-92ce-e7a712eb20be ] Request (FloatingIPsNegativeTestJSON:setUpClass): 201 POST http://10.180.1.21/networking/v2.0/subnets 1.284s
2025-11-21 12:14:03.247 66921 INFO tempest.lib.common.rest_client [req-a8e06bfa-6919-489e-a0d8-94ded77c43e1 req-a8e06bfa-6919-489e-a0d8-94ded77c43e1 ] Request (SecurityGroupsTestAdminJSON:tearDownClass): 200 GET http://10.180.1.21/networking/v2.0/security-groups?tenant_id=6f167e8cd7834e818333ea4723557715&name=default 0.924s
2025-11-21 12:14:03.281 66943 INFO tempest.lib.common.rest_client [req-5bcd69b4-ae2f-42b0-8dd3-66309cf8912f req-5bcd69b4-ae2f-42b0-8dd3-66309cf8912f ] Request (ServerActionsTestOtherB:setUpClass): 201 POST http://10.180.1.21/identity/v3/auth/tokens 0.101s
2025-11-21 12:14:03.336 66953 WARNING tempest.lib.common.ssh [-] Failed to establish authenticated ssh connection to cirros@10.180.180.204 ([Errno None] Unable to connect to port 22 on 10.180.180.204). Number attempts: 1. Retry after 2 seconds.: paramiko.ssh_exception.NoValidConnectionsError: [Errno None] Unable to connect to port 22 on 10.180.180.204
2025-11-21 12:14:03.613 66921 INFO tempest.lib.common.rest_client [req-6b39263e-83d6-4398-8ce7-00510e2dd694 req-6b39263e-83d6-4398-8ce7-00510e2dd694 ] Request (SecurityGroupsTestAdminJSON:tearDownClass): 204 DELETE http://10.180.1.21/networking/v2.0/security-groups/4f03f94d-a4fe-4e73-93da-880055ec7455 0.365s
2025-11-21 12:14:03.760 66921 INFO tempest.lib.common.rest_client [req-87502342-ffa7-4833-9271-022c40427a0c req-87502342-ffa7-4833-9271-022c40427a0c ] Request (SecurityGroupsTestAdminJSON:tearDownClass): 204 DELETE http://10.180.1.21/identity/v3/projects/6f167e8cd7834e818333ea4723557715 0.147s
2025-11-21 12:14:03.826 66921 INFO tempest.lib.common.rest_client [req-d78eda28-b4f5-4702-b1be-27c1b880101a req-d78eda28-b4f5-4702-b1be-27c1b880101a ] Request (AbsoluteLimitsTestJSON:setUpClass): 201 POST http://10.180.1.21/identity/v3/auth/tokens 0.064s
2025-11-21 12:14:03.864 66921 INFO tempest.lib.common.rest_client [req-9ac041bd-973b-4bfd-8b72-27b12e56b18e req-9ac041bd-973b-4bfd-8b72-27b12e56b18e ] Request (AbsoluteLimitsTestJSON:setUpClass): 201 POST http://10.180.1.21/identity/v3/auth/tokens 0.033s
2025-11-21 12:14:03.891 66921 INFO tempest.lib.common.rest_client [req-ac1bc965-0c71-49a9-b781-b40ea721939e req-ac1bc965-0c71-49a9-b781-b40ea721939e ] Request (AbsoluteLimitsTestJSON:setUpClass): 200 GET http://10.180.1.21/identity/v3/domains?name=Default 0.027s
2025-11-21 12:14:03.919 66921 INFO tempest.lib.common.rest_client [req-3ea2f81a-4c12-4554-878c-5880a6d84144 req-3ea2f81a-4c12-4554-878c-5880a6d84144 ] Request (AbsoluteLimitsTestJSON:setUpClass): 201 POST http://10.180.1.21/identity/v3/projects 0.028s
2025-11-21 12:14:03.996 66921 INFO tempest.lib.common.rest_client [req-83ac08c3-4aed-4a42-a1d0-35a4a36909fc req-83ac08c3-4aed-4a42-a1d0-35a4a36909fc ] Request (AbsoluteLimitsTestJSON:setUpClass): 201 POST http://10.180.1.21/identity/v3/users 0.076s
2025-11-21 12:14:04.017 66921 INFO tempest.lib.common.rest_client [req-81510d97-f535-4551-bdee-b039cee75dbd req-81510d97-f535-4551-bdee-b039cee75dbd ] Request (AbsoluteLimitsTestJSON:setUpClass): 200 GET http://10.180.1.21/identity/v3/roles 0.020s
2025-11-21 12:14:04.066 66921 INFO tempest.lib.common.rest_client [req-ee0efe11-bdc7-4e4a-b917-0d6950c62e57 req-ee0efe11-bdc7-4e4a-b917-0d6950c62e57 ] Request (AbsoluteLimitsTestJSON:setUpClass): 204 PUT http://10.180.1.21/identity/v3/projects/8fd952eaf54c4ae49dee8921e353e91f/users/aa29a20dac4c440db07aa27ae02b9801/roles/1b95b6525e0b4eabbee2101f281380e1 0.048s
2025-11-21 12:14:04.066 66921 INFO tempest.lib.common.dynamic_creds [-] Dynamic test user aa29a20dac4c440db07aa27ae02b9801 is created with scope project and roles: ['member']
2025-11-21 12:14:04.066 66921 INFO tempest.lib.common.dynamic_creds [-] Acquired dynamic creds: credentials: Credentials: {'domain_id': 'default', 'domain_name': 'Default', 'username': 'tempest-AbsoluteLimitsTestJSON-27821365-project-member', 'project_domain_id': 'default', 'project_domain_name': 'Default', 'project_id': '8fd952eaf54c4ae49dee8921e353e91f', 'project_name': 'tempest-AbsoluteLimitsTestJSON-27821365', 'tenant_id': '8fd952eaf54c4ae49dee8921e353e91f', 'tenant_name': 'tempest-AbsoluteLimitsTestJSON-27821365', 'user_domain_id': 'default', 'user_domain_name': 'Default', 'user_id': 'aa29a20dac4c440db07aa27ae02b9801', 'system': None}, Network: None, Subnet: None, Router: None
2025-11-21 12:14:04.067 66921 INFO tempest.lib.common.dynamic_creds [-] Created isolated network resources for: credentials: Credentials: {'domain_id': 'default', 'domain_name': 'Default', 'username': 'tempest-AbsoluteLimitsTestJSON-27821365-project-member', 'project_domain_id': 'default', 'project_domain_name': 'Default', 'project_id': '8fd952eaf54c4ae49dee8921e353e91f', 'project_name': 'tempest-AbsoluteLimitsTestJSON-27821365', 'tenant_id': '8fd952eaf54c4ae49dee8921e353e91f', 'tenant_name': 'tempest-AbsoluteLimitsTestJSON-27821365', 'user_domain_id': 'default', 'user_domain_name': 'Default', 'user_id': 'aa29a20dac4c440db07aa27ae02b9801', 'system': None}, Network: None, Subnet: None, Router: None
2025-11-21 12:14:04.092 66969 INFO tempest.lib.common.rest_client [req-ebbbbae3-3dd1-4883-9b59-1e1f3ff9f4ac req-ebbbbae3-3dd1-4883-9b59-1e1f3ff9f4ac ] Request (SecurityGroupRulesTestJSON:test_security_group_rules_list): 200 POST http://10.180.1.21/compute/v2.1/os-security-group-rules 6.054s
2025-11-21 12:14:04.144 66951 INFO tempest.lib.common.rest_client [req-a589981a-213e-4334-9e1f-1b4acc9a4604 req-a589981a-213e-4334-9e1f-1b4acc9a4604 ] Request (KeyPairsV22TestJSON:test_keypair_create_delete): 201 POST http://10.180.1.21/compute/v2.1/os-keypairs 6.026s
2025-11-21 12:14:04.156 66909 INFO tempest.lib.common.rest_client [req-e4acc038-5722-4535-9b14-10945bd20b30 req-e4acc038-5722-4535-9b14-10945bd20b30 ] Request (ServerDiagnosticsTest:test_get_server_diagnostics): 200 GET http://10.180.1.21/compute/v2.1/servers/c2728151-528d-49b0-b8ba-af169f0c7176 6.497s
2025-11-21 12:14:04.166 66909 INFO tempest.common.waiters [-] State transition "BUILD/spawning" ==> "ACTIVE/None" after 34 second wait
2025-11-21 12:14:04.212 66921 INFO tempest.lib.common.rest_client [req-df8827e9-7ab9-4eff-a4f1-a8536cf18488 req-df8827e9-7ab9-4eff-a4f1-a8536cf18488 ] Request (AbsoluteLimitsTestJSON:setUpClass): 201 POST http://10.180.1.21/identity/v3/auth/tokens 0.142s
2025-11-21 12:14:04.219 66927 INFO tempest.lib.common.rest_client [req-ece522e9-700f-44a3-a46a-f948c9dccac7 req-ece522e9-700f-44a3-a46a-f948c9dccac7 ] Request (FloatingIPsNegativeTestJSON:setUpClass): 201 POST http://10.180.1.21/networking/v2.0/routers 1.006s
2025-11-21 12:14:04.370 66945 INFO tempest.lib.common.rest_client [req-4d4e3125-8cd7-403b-9c85-1dbd01154242 req-4d4e3125-8cd7-403b-9c85-1dbd01154242 ] Request (ServerDiagnosticsV248Test:tearDownClass): 200 GET http://10.180.1.21/compute/v2.1/servers/a1da72b2-cc06-4c5a-8b5b-ec3ebdc2068b 5.747s
2025-11-21 12:14:04.853 66939 INFO tempest.lib.common.rest_client [req-70c17565-d517-4573-a466-2c5992c00547 req-70c17565-d517-4573-a466-2c5992c00547 ] Request (AttachInterfacesTestJSON:test_create_list_show_delete_interfaces_by_fixed_ip): 200 GET http://10.180.1.21/compute/v2.1/servers/49a4112f-2b12-4b90-9421-12065ede94bf 6.357s
2025-11-21 12:14:04.865 66939 INFO tempest.lib.common.ssh [-] Creating ssh connection to '10.180.180.146:22' as 'cirros' with public key authentication
2025-11-21 12:14:05.243 66927 INFO tempest.lib.common.rest_client [req-a1d17751-33fd-4fd0-a665-e764331ba596 req-a1d17751-33fd-4fd0-a665-e764331ba596 ] Request (FloatingIPsNegativeTestJSON:setUpClass): 200 PUT http://10.180.1.21/networking/v2.0/routers/2f9f8684-d515-4393-b464-3f0f29b61bca/add_router_interface 1.023s
2025-11-21 12:14:05.244 66927 INFO tempest.lib.common.dynamic_creds [-] Created isolated network resources for: credentials: Credentials: {'domain_id': 'default', 'domain_name': 'Default', 'username': 'tempest-FloatingIPsNegativeTestJSON-510588550-project-member', 'project_domain_id': 'default', 'project_domain_name': 'Default', 'project_id': 'f69134e5c7a446858b5747c39048b772', 'project_name': 'tempest-FloatingIPsNegativeTestJSON-510588550', 'tenant_id': 'f69134e5c7a446858b5747c39048b772', 'tenant_name': 'tempest-FloatingIPsNegativeTestJSON-510588550', 'user_domain_id': 'default', 'user_domain_name': 'Default', 'user_id': 'bb7db21dd31846a5a6ff67412e3fc911', 'system': None}, Network: {'id': 'ba712982-38f5-4aae-a2ff-1cada167a3aa', 'name': 'tempest-FloatingIPsNegativeTestJSON-93667821-network', 'tenant_id': 'f69134e5c7a446858b5747c39048b772', 'project_id': 'f69134e5c7a446858b5747c39048b772', 'admin_state_up': True, 'mtu': 8950, 'status': 'ACTIVE', 'subnets': [], 'shared': False, 'port_security_enabled': True, 'router:external': False, 'provider:network_type': 'vlan', 'provider:physical_network': 'default', 'provider:segmentation_id': 105, 'availability_zone_hints': [], 'availability_zones': [], 'ipv4_address_scope': None, 'ipv6_address_scope': None, 'description': '', 'tags': [], 'created_at': '2025-11-21T12:14:01Z', 'updated_at': '2025-11-21T12:14:01Z', 'revision_number': 1}, Subnet: {'id': '6c1999bd-af72-4ece-9814-f976b9b18e23', 'name': 'tempest-FloatingIPsNegativeTestJSON-93667821-subnet', 'tenant_id': 'f69134e5c7a446858b5747c39048b772', 'network_id': 'ba712982-38f5-4aae-a2ff-1cada167a3aa', 'ip_version': 4, 'subnetpool_id': None, 'enable_dhcp': True, 'ipv6_ra_mode': None, 'ipv6_address_mode': None, 'gateway_ip': '192.168.128.1', 'cidr': '192.168.128.0/28', 'allocation_pools': [{'start': '192.168.128.2', 'end': '192.168.128.14'}], 'host_routes': [], 'dns_nameservers': [], 'description': '', 'router:external': False, 'service_types': [], 'tags': [], 'created_at': '2025-11-21T12:14:03Z', 'updated_at': '2025-11-21T12:14:03Z', 'revision_number': 0, 'project_id': 'f69134e5c7a446858b5747c39048b772'}, Router: {'id': '2f9f8684-d515-4393-b464-3f0f29b61bca', 'name': 'tempest-FloatingIPsNegativeTestJSON-93667821-router', 'tenant_id': 'f69134e5c7a446858b5747c39048b772', 'admin_state_up': True, 'status': 'ACTIVE', 'external_gateway_info': {'network_id': '1866bbf8-8ac2-49d8-86a5-6a65b94a0e8f', 'external_fixed_ips': [{'subnet_id': '04cc13f7-bc52-4555-a2b6-d3a153d0796f', 'ip_address': '10.180.180.130'}], 'enable_snat': True}, 'description': '', 'availability_zones': [], 'distributed': False, 'ha': False, 'availability_zone_hints': [], 'routes': [], 'flavor_id': None, 'tags': [], 'created_at': '2025-11-21T12:14:03Z', 'updated_at': '2025-11-21T12:14:03Z', 'revision_number': 2, 'project_id': 'f69134e5c7a446858b5747c39048b772'}
2025-11-21 12:14:05.299 66941 INFO tempest.lib.common.rest_client [req-b501bd61-add2-46f8-a1e0-9696e16c9ee6 req-b501bd61-add2-46f8-a1e0-9696e16c9ee6 ] Request (ServersAdminNegativeTestJSON:setUpClass): 200 GET http://10.180.1.21/compute/v2.1/servers/999e4b94-7477-4236-bad1-6d49c96d0169 6.643s
2025-11-21 12:14:05.358 66927 INFO tempest.lib.common.rest_client [req-e51f2bc4-89df-4a99-96e8-84777010b89a req-e51f2bc4-89df-4a99-96e8-84777010b89a ] Request (FloatingIPsNegativeTestJSON:setUpClass): 201 POST http://10.180.1.21/identity/v3/auth/tokens 0.110s
2025-11-21 12:14:05.517 66913 INFO tempest.lib.common.rest_client [req-f6fe0cc0-2833-4a07-a1a0-522d49628e71 req-f6fe0cc0-2833-4a07-a1a0-522d49628e71 ] Request (ServersTestMultiNic:test_verify_duplicate_network_nics): 200 GET http://10.180.1.21/compute/v2.1/servers/9a9d0c08-70ad-4a1e-8c54-79fb478dc24d 6.650s
2025-11-21 12:14:05.590 66925 INFO tempest.lib.common.rest_client [req-e2545c29-80e1-4cfe-b648-22d9bf0e0bea req-e2545c29-80e1-4cfe-b648-22d9bf0e0bea ] Request (ServersWithSpecificFlavorTestJSON:test_verify_created_server_ephemeral_disk): 200 GET http://10.180.1.21/compute/v2.1/servers/590d766d-c11a-4d79-8959-3e8502413bc4 6.510s
2025-11-21 12:14:05.599 66925 INFO tempest.common.waiters [-] State transition "BUILD/None" ==> "BUILD/spawning" after 23 second wait
2025-11-21 12:14:05.604 66937 INFO tempest.lib.common.rest_client [req-9606bf32-2499-4345-a055-10a25703b4fc req-9606bf32-2499-4345-a055-10a25703b4fc ] Request (ListImageFiltersTestJSON:setUpClass): 200 GET http://10.180.1.21/compute/v2.1/servers/28c4d0de-dc97-418e-95a4-369ad3924a40 6.334s
2025-11-21 12:14:05.657 66919 INFO tempest.lib.common.rest_client [req-e0bff45d-9b86-4c77-946d-be0b6febc32b req-e0bff45d-9b86-4c77-946d-be0b6febc32b ] Request (ServersAdminTestJSON:test_create_server_with_scheduling_hint): 200 GET http://10.180.1.21/compute/v2.1/servers/52f7a554-bb2a-4a94-8e87-93066b947da9 6.016s
2025-11-21 12:14:05.674 66931 INFO tempest.lib.common.rest_client [req-c6f83b3c-ef94-42e3-87be-cd9b40cbfaa8 req-c6f83b3c-ef94-42e3-87be-cd9b40cbfaa8 ] Request (ServerRescueTestJSON:setUpClass): 200 GET http://10.180.1.21/compute/v2.1/servers/636b1968-7faa-4d72-9014-177be617abf1 6.030s
2025-11-21 12:14:05.798 66967 INFO tempest.lib.common.rest_client [req-29027a61-cb54-4b8d-a1d8-3797291128ba req-29027a61-cb54-4b8d-a1d8-3797291128ba ] Request (MigrationsAdminTest:test_list_migrations_in_flavor_resize_situation): 200 GET http://10.180.1.21/compute/v2.1/servers/4e224af2-ebc1-4a5b-b4d6-7504a80e1b5e 5.483s
2025-11-21 12:14:05.868 66911 INFO tempest.lib.common.rest_client [req-f1137e01-3883-4e4b-aafc-2b2c375f5d40 req-f1137e01-3883-4e4b-aafc-2b2c375f5d40 ] Request (ServicesAdminNegativeV253TestJSON:test_get_service_by_invalid_service_and_valid_host): 200 GET http://10.180.1.21/compute/v2.1/os-services?host=devstack&binary=xxx 5.507s
2025-11-21 12:14:05.895 66929 INFO tempest.lib.common.rest_client [req-21ed7b4d-6926-44f6-90cd-ce767945c47a req-21ed7b4d-6926-44f6-90cd-ce767945c47a ] Request (AggregatesAdminNegativeTestJSON:_run_cleanups): 200 DELETE http://10.180.1.21/compute/v2.1/os-aggregates/4 5.519s
2025-11-21 12:14:05.912 66957 INFO tempest.lib.common.rest_client [req-7a8ac5b4-351b-4f3f-b1f5-dc45668f5b5f req-7a8ac5b4-351b-4f3f-b1f5-dc45668f5b5f ] Request (FlavorsAdminTestJSON:test_create_list_flavor_without_extra_data): 200 GET http://10.180.1.21/compute/v2.1/flavors/192747985 5.502s
2025-11-21 12:14:05.922 66935 INFO tempest.lib.common.rest_client [req-6295942b-d904-4b4f-bbec-b51ddb01a8de req-6295942b-d904-4b4f-bbec-b51ddb01a8de ] Request (QuotasAdminTestJSON:test_get_updated_quotas): 200 PUT http://10.180.1.21/compute/v2.1/os-quota-sets/df0b30f1e3044925b31c178e08f39566?user_id=441c22a420d24c13be5c04559960233a 5.903s
2025-11-21 12:14:06.030 66961 INFO tempest.lib.common.rest_client [req-3d37b3f9-f5a5-469a-a346-ffc106790dc0 req-3d37b3f9-f5a5-469a-a346-ffc106790dc0 ] Request (FlavorsAccessNegativeTestJSON:_run_cleanups): 200 POST http://10.180.1.21/compute/v2.1/flavors/93373484/action 5.617s
2025-11-21 12:14:06.406 66953 WARNING tempest.lib.common.ssh [-] Failed to establish authenticated ssh connection to cirros@10.180.180.204 ([Errno None] Unable to connect to port 22 on 10.180.180.204). Number attempts: 2. Retry after 3 seconds.: paramiko.ssh_exception.NoValidConnectionsError: [Errno None] Unable to connect to port 22 on 10.180.180.204
2025-11-21 12:14:07.075 66965 INFO tempest.lib.common.rest_client [req-7df6b941-d599-4965-943d-1cbc65cdc94f req-7df6b941-d599-4965-943d-1cbc65cdc94f ] Request (ServerDiskConfigTestJSON:test_rebuild_server_with_manual_disk_config): 202 POST http://10.180.1.21/compute/v2.1/servers 6.528s
2025-11-21 12:14:07.245 66971 INFO tempest.lib.common.rest_client [req-92b4cf65-53dc-415d-bfb5-865f15b59924 req-92b4cf65-53dc-415d-bfb5-865f15b59924 ] Request (FloatingIPsAssociationTestJSON:setUpClass): 200 POST http://10.180.1.21/compute/v2.1/os-floating-ips 6.401s
2025-11-21 12:14:07.252 66949 INFO tempest.lib.common.rest_client [req-abfe0d06-9ed4-4367-9bf1-95c0f9c4068e req-abfe0d06-9ed4-4367-9bf1-95c0f9c4068e ] Request (ServerDiagnosticsNegativeTest:test_get_server_diagnostics_by_non_admin): 200 GET http://10.180.1.21/compute/v2.1/servers/c2d0fc45-cc3b-4526-9994-6d2df8dfe3d7 5.383s
2025-11-21 12:14:07.267 66949 INFO tempest.common.waiters [-] State transition "BUILD/spawning" ==> "ACTIVE/None" after 28 second wait
2025-11-21 12:14:07.317 66955 INFO tempest.lib.common.rest_client [req-b8df792e-7ffa-411c-86ad-0c277b4d8501 req-b8df792e-7ffa-411c-86ad-0c277b4d8501 ] Request (DeleteServersAdminTestJSON:test_delete_server_while_in_error_state): 200 GET http://10.180.1.21/compute/v2.1/servers/cc26ea02-3f63-4771-a64b-34140a4fea1e 4.685s
2025-11-21 12:14:07.333 66971 INFO tempest.lib.common.rest_client [req-94d27872-a68d-48a2-922c-cc316faf6b53 req-94d27872-a68d-48a2-922c-cc316faf6b53 ] Request (FloatingIPsAssociationTestJSON:test_associate_already_associated_floating_ip): 201 POST http://10.180.1.21/identity/v3/auth/tokens 0.079s
2025-11-21 12:14:07.334 66971 INFO tempest.lib.common.fixed_network [-] (FloatingIPsAssociationTestJSON:test_associate_already_associated_floating_ip) Found network {'id': '2ec0cf68-2423-4d7d-a90f-02e3cfc83c85', 'name': 'tempest-FloatingIPsAssociationTestJSON-722904466-network', 'tenant_id': '1ca6355cdc79442692c2ac28e9aec716', 'project_id': '1ca6355cdc79442692c2ac28e9aec716', 'admin_state_up': True, 'mtu': 8950, 'status': 'ACTIVE', 'subnets': [], 'shared': False, 'port_security_enabled': True, 'router:external': False, 'provider:network_type': 'vlan', 'provider:physical_network': 'default', 'provider:segmentation_id': 942, 'availability_zone_hints': [], 'availability_zones': [], 'ipv4_address_scope': None, 'ipv6_address_scope': None, 'description': '', 'tags': [], 'created_at': '2025-11-21T12:13:23Z', 'updated_at': '2025-11-21T12:13:23Z', 'revision_number': 1} available for tenant
2025-11-21 12:14:07.355 66915 INFO tempest.lib.common.rest_client [req-c4e091e1-34f1-430f-8911-6627b86d7933 req-c4e091e1-34f1-430f-8911-6627b86d7933 ] Request (ImagesTestJSON:test_create_image_from_stopped_server): 200 GET http://10.180.1.21/compute/v2.1/images/31f6c648-cc8c-4bed-a447-f528f241a4b0 4.701s
2025-11-21 12:14:07.376 66933 INFO tempest.lib.common.rest_client [req-f56bb936-6166-4586-8347-19c241a83a5f req-f56bb936-6166-4586-8347-19c241a83a5f ] Request (ServerGroup264TestJSON:test_create_get_server_group): 200 GET http://10.180.1.21/compute/v2.1/os-server-groups/ccb9d0ab-bf2a-4d76-ab4f-e97cc2dfc017 4.458s
2025-11-21 12:14:07.398 66947 INFO tempest.lib.common.rest_client [req-bb847a91-24f1-4daf-86d0-8873f1f6acf9 req-bb847a91-24f1-4daf-86d0-8873f1f6acf9 ] Request (FloatingIPsAssociationNegativeTestJSON:setUpClass): 200 GET http://10.180.1.21/compute/v2.1/servers/4913a015-a97c-4345-85ad-fa6d191680a3 4.786s
2025-11-21 12:14:07.405 66947 INFO tempest.common.waiters [-] State transition "BUILD/None" ==> "BUILD/spawning" after 24 second wait
2025-11-21 12:14:07.457 66963 INFO tempest.lib.common.rest_client [req-ff1ef448-7022-45cc-9dcf-af4ffc003bbd req-ff1ef448-7022-45cc-9dcf-af4ffc003bbd ] Request (ServersAdmin275Test:test_rebuild_update_server_275): 200 GET http://10.180.1.21/compute/v2.1/servers/9454a10d-e96f-4ac5-a562-0fa477a90df2 3.562s
2025-11-21 12:14:07.470 66943 INFO tempest.lib.common.rest_client [req-7ce1a7f1-dc6d-4340-9256-db206a695566 req-7ce1a7f1-dc6d-4340-9256-db206a695566 ] Request (ServerActionsTestOtherB:setUpClass): 200 POST http://10.180.1.21/compute/v2.1/os-keypairs 4.187s
2025-11-21 12:14:07.481 66960 INFO tempest.lib.common.rest_client [req-c9786192-df53-4e4f-95e7-83ec4d049894 req-c9786192-df53-4e4f-95e7-83ec4d049894 ] Request (AttachInterfacesV270Test:tearDownClass): 404 GET http://10.180.1.21/compute/v2.1/servers/7388cc7a-f516-464a-8c47-4d852193681f 3.574s
2025-11-21 12:14:07.501 66951 INFO tempest.lib.common.rest_client [req-f71bfd34-c87a-474b-8420-3fc5524f6745 req-f71bfd34-c87a-474b-8420-3fc5524f6745 ] Request (KeyPairsV22TestJSON:_run_cleanups): 204 DELETE http://10.180.1.21/compute/v2.1/os-keypairs/tempest-keypair-606748941 3.355s
2025-11-21 12:14:07.517 66969 INFO tempest.lib.common.rest_client [req-b55c4c7f-2671-47f2-8fbe-a83e255e759f req-b55c4c7f-2671-47f2-8fbe-a83e255e759f ] Request (SecurityGroupRulesTestJSON:test_security_group_rules_list): 200 GET http://10.180.1.21/compute/v2.1/os-security-groups/54027945-5314-439d-9767-ffb843786073 3.422s
2025-11-21 12:14:07.572 66921 INFO tempest.lib.common.rest_client [req-e213cb43-7f36-4839-a8cd-96f6349ab4be req-e213cb43-7f36-4839-a8cd-96f6349ab4be ] Request (AbsoluteLimitsTestJSON:test_absLimits_get): 200 GET http://10.180.1.21/compute/v2.1/limits 3.358s
2025-11-21 12:14:07.612 66943 INFO tempest.lib.common.rest_client [req-5d30b1b7-5280-430a-aaa1-c3c0ba7555ec req-5d30b1b7-5280-430a-aaa1-c3c0ba7555ec ] Request (ServerActionsTestOtherB:setUpClass): 201 POST http://10.180.1.21/networking/v2.0/security-groups 0.140s
2025-11-21 12:14:07.659 66927 INFO tempest.lib.common.rest_client [req-dcbe792e-745b-4121-adc6-44296fa0631d req-dcbe792e-745b-4121-adc6-44296fa0631d ] Request (FloatingIPsNegativeTestJSON:setUpClass): 200 GET http://10.180.1.21/compute/v2.1/os-floating-ips 2.300s
2025-11-21 12:14:07.739 66921 INFO tempest.lib.common.rest_client [req-db7a3387-3d03-45b2-830b-0f91fa1537d8 req-db7a3387-3d03-45b2-830b-0f91fa1537d8 ] Request (AbsoluteLimitsTestJSON:tearDownClass): 204 DELETE http://10.180.1.21/identity/v3/users/aa29a20dac4c440db07aa27ae02b9801 0.159s
2025-11-21 12:14:07.740 66921 INFO tempest.lib.common.dynamic_creds [-] Deleting project and security group for project: 8fd952eaf54c4ae49dee8921e353e91f
2025-11-21 12:14:07.823 66943 INFO tempest.lib.common.rest_client [req-0ddd45d4-3b2c-465f-94e7-4199b8cb893f req-0ddd45d4-3b2c-465f-94e7-4199b8cb893f ] Request (ServerActionsTestOtherB:setUpClass): 201 POST http://10.180.1.21/networking/v2.0/security-group-rules 0.210s
2025-11-21 12:14:07.845 66921 INFO tempest.lib.common.rest_client [req-fa6339be-1e45-4d75-8c4a-e6bc1b563a7b req-fa6339be-1e45-4d75-8c4a-e6bc1b563a7b ] Request (AbsoluteLimitsTestJSON:tearDownClass): 201 POST http://10.180.1.21/identity/v3/auth/tokens 0.105s
2025-11-21 12:14:07.886 66945 INFO tempest.lib.common.rest_client [req-0cf3aa6f-42b2-4223-975d-0556eb6013c3 req-0cf3aa6f-42b2-4223-975d-0556eb6013c3 ] Request (ServerDiagnosticsV248Test:tearDownClass): 200 GET http://10.180.1.21/compute/v2.1/servers/a1da72b2-cc06-4c5a-8b5b-ec3ebdc2068b 2.504s
2025-11-21 12:14:07.908 66911 INFO tempest.lib.common.rest_client [req-359069b3-1c29-4bf0-8d44-6c6bb432b615 req-359069b3-1c29-4bf0-8d44-6c6bb432b615 ] Request (ServicesAdminNegativeV253TestJSON:test_get_service_with_valid_service_and_invalid_host): 200 GET http://10.180.1.21/compute/v2.1/os-services 2.034s
2025-11-21 12:14:07.930 66929 INFO tempest.lib.common.rest_client [req-0de19724-e025-4532-bb8f-e1c40ac5ce41 req-0de19724-e025-4532-bb8f-e1c40ac5ce41 ] Request (AggregatesAdminNegativeTestJSON:test_aggregate_delete_as_user): 200 POST http://10.180.1.21/compute/v2.1/os-aggregates 2.034s
2025-11-21 12:14:07.943 66939 WARNING tempest.lib.common.ssh [-] Failed to establish authenticated ssh connection to cirros@10.180.180.146 ([Errno None] Unable to connect to port 22 on 10.180.180.146). Number attempts: 1. Retry after 2 seconds.: paramiko.ssh_exception.NoValidConnectionsError: [Errno None] Unable to connect to port 22 on 10.180.180.146
2025-11-21 12:14:07.962 66943 INFO tempest.lib.common.rest_client [req-7544b487-6ca6-454b-be07-cc5a4b651f12 req-7544b487-6ca6-454b-be07-cc5a4b651f12 ] Request (ServerActionsTestOtherB:setUpClass): 201 POST http://10.180.1.21/networking/v2.0/security-group-rules 0.139s
2025-11-21 12:14:08.072 66957 INFO tempest.lib.common.rest_client [req-e990e733-7c61-47d7-a199-98a41d237103 req-e990e733-7c61-47d7-a199-98a41d237103 ] Request (FlavorsAdminTestJSON:test_create_list_flavor_without_extra_data): 200 GET http://10.180.1.21/compute/v2.1/flavors/detail 2.157s
2025-11-21 12:14:08.133 66909 INFO tempest.lib.common.rest_client [req-13b90969-208e-489a-901a-0b5c3edc501c req-13b90969-208e-489a-901a-0b5c3edc501c ] Request (ServerDiagnosticsTest:test_get_server_diagnostics): 200 GET http://10.180.1.21/compute/v2.1/servers/c2728151-528d-49b0-b8ba-af169f0c7176/diagnostics 3.966s
2025-11-21 12:14:08.156 66961 INFO tempest.lib.common.rest_client [req-1f755fbb-cf1b-44e1-8a52-84138b70c92e req-1f755fbb-cf1b-44e1-8a52-84138b70c92e ] Request (FlavorsAccessNegativeTestJSON:_run_cleanups): 202 DELETE http://10.180.1.21/compute/v2.1/flavors/93373484 2.124s
2025-11-21 12:14:08.182 66935 INFO tempest.lib.common.rest_client [req-e29d70ad-48a2-4f50-bff3-852735b50af2 req-e29d70ad-48a2-4f50-bff3-852735b50af2 ] Request (QuotasAdminTestJSON:test_get_updated_quotas): 200 GET http://10.180.1.21/compute/v2.1/os-quota-sets/df0b30f1e3044925b31c178e08f39566?user_id=441c22a420d24c13be5c04559960233a 2.257s
2025-11-21 12:14:08.188 66921 INFO tempest.lib.common.rest_client [req-d918a66f-a943-49f9-a67b-38824780ded8 req-d918a66f-a943-49f9-a67b-38824780ded8 ] Request (AbsoluteLimitsTestJSON:tearDownClass): 200 GET http://10.180.1.21/networking/v2.0/security-groups?tenant_id=8fd952eaf54c4ae49dee8921e353e91f&name=default 0.343s
2025-11-21 12:14:08.275 66935 INFO tempest.lib.common.rest_client [req-752f5a00-9098-41aa-b471-519431349970 req-752f5a00-9098-41aa-b471-519431349970 ] Request (QuotasAdminTestJSON:_run_cleanups): 204 DELETE http://10.180.1.21/identity/v3/users/441c22a420d24c13be5c04559960233a 0.089s
2025-11-21 12:14:08.383 66935 INFO tempest.lib.common.rest_client [req-4b722cff-154c-4dca-9a41-2749543ab529 req-4b722cff-154c-4dca-9a41-2749543ab529 ] Request (QuotasAdminTestJSON:_run_cleanups): 204 DELETE http://10.180.1.21/identity/v3/projects/df0b30f1e3044925b31c178e08f39566 0.107s
2025-11-21 12:14:08.483 66960 INFO tempest.lib.common.rest_client [req-73713333-83d9-4d19-858a-91ee6617b825 req-73713333-83d9-4d19-858a-91ee6617b825 ] Request (AttachInterfacesV270Test:tearDownClass): 200 PUT http://10.180.1.21/networking/v2.0/routers/78edd488-6e02-42c2-8576-b13540cfda63/remove_router_interface 1.000s
2025-11-21 12:14:08.587 66921 INFO tempest.lib.common.rest_client [req-a13f6425-c803-4c3b-b5d1-f999734d62e5 req-a13f6425-c803-4c3b-b5d1-f999734d62e5 ] Request (AbsoluteLimitsTestJSON:tearDownClass): 204 DELETE http://10.180.1.21/networking/v2.0/security-groups/95fe4595-486e-43de-bdff-ba77fb80bc3f 0.399s
2025-11-21 12:14:08.617 66943 INFO tempest.lib.common.rest_client [req-f209c8bd-2ba5-4b7d-8699-ba48dc088cfe req-f209c8bd-2ba5-4b7d-8699-ba48dc088cfe ] Request (ServerActionsTestOtherB:setUpClass): 201 POST http://10.180.1.21/networking/v2.0/floatingips 0.654s
2025-11-21 12:14:08.686 66943 INFO tempest.lib.common.rest_client [req-35d3a8f8-f4ff-4cc8-8380-721c1429a588 req-35d3a8f8-f4ff-4cc8-8380-721c1429a588 ] Request (ServerActionsTestOtherB:setUpClass): 201 POST http://10.180.1.21/identity/v3/auth/tokens 0.066s
2025-11-21 12:14:08.687 66943 INFO tempest.lib.common.fixed_network [-] (ServerActionsTestOtherB:setUpClass) Found network {'id': '0e1faa4a-b03a-4eaf-acba-a8898285d49b', 'name': 'tempest-ServerActionsTestOtherB-1744716674-network', 'tenant_id': '0478a90e28774925bfbcdd91053ab103', 'project_id': '0478a90e28774925bfbcdd91053ab103', 'admin_state_up': True, 'mtu': 8950, 'status': 'ACTIVE', 'subnets': [], 'shared': False, 'port_security_enabled': True, 'router:external': False, 'provider:network_type': 'vlan', 'provider:physical_network': 'default', 'provider:segmentation_id': 908, 'availability_zone_hints': [], 'availability_zones': [], 'ipv4_address_scope': None, 'ipv6_address_scope': None, 'description': '', 'tags': [], 'created_at': '2025-11-21T12:13:59Z', 'updated_at': '2025-11-21T12:14:00Z', 'revision_number': 1} available for tenant
2025-11-21 12:14:08.739 66921 INFO tempest.lib.common.rest_client [req-ee05a234-5d80-4639-9b03-6f608990aa85 req-ee05a234-5d80-4639-9b03-6f608990aa85 ] Request (AbsoluteLimitsTestJSON:tearDownClass): 204 DELETE http://10.180.1.21/identity/v3/projects/8fd952eaf54c4ae49dee8921e353e91f 0.151s
2025-11-21 12:14:08.809 66941 INFO tempest.lib.common.rest_client [req-2abd8777-357a-4cf8-ba81-553c4948f3be req-2abd8777-357a-4cf8-ba81-553c4948f3be ] Request (ServersAdminNegativeTestJSON:setUpClass): 200 GET http://10.180.1.21/compute/v2.1/servers/999e4b94-7477-4236-bad1-6d49c96d0169 2.497s
2025-11-21 12:14:08.818 66921 INFO tempest.lib.common.rest_client [req-1caf0911-a144-4065-a0b1-daf4a621355b req-1caf0911-a144-4065-a0b1-daf4a621355b ] Request (ServersTestBootFromVolume:setUpClass): 201 POST http://10.180.1.21/identity/v3/auth/tokens 0.077s
2025-11-21 12:14:08.821 66941 INFO tempest.common.waiters [-] State transition "BUILD/spawning" ==> "ACTIVE/None" after 27 second wait
2025-11-21 12:14:08.860 66921 INFO tempest.lib.common.rest_client [req-0ce2997f-25da-4e9a-9d6b-b645e2f7fbfb req-0ce2997f-25da-4e9a-9d6b-b645e2f7fbfb ] Request (ServersTestBootFromVolume:setUpClass): 201 POST http://10.180.1.21/identity/v3/auth/tokens 0.040s
2025-11-21 12:14:08.879 66913 INFO tempest.lib.common.rest_client [req-ec05c2dc-4c2e-4ca6-8f88-31503c5fd816 req-ec05c2dc-4c2e-4ca6-8f88-31503c5fd816 ] Request (ServersTestMultiNic:test_verify_duplicate_network_nics): 200 GET http://10.180.1.21/compute/v2.1/servers/9a9d0c08-70ad-4a1e-8c54-79fb478dc24d 2.352s
2025-11-21 12:14:08.887 66921 INFO tempest.lib.common.rest_client [req-f1d5a168-28c5-43f7-9ce3-aeba4da355e9 req-f1d5a168-28c5-43f7-9ce3-aeba4da355e9 ] Request (ServersTestBootFromVolume:setUpClass): 200 GET http://10.180.1.21/identity/v3/domains?name=Default 0.026s
2025-11-21 12:14:08.889 66913 INFO tempest.common.waiters [-] State transition "BUILD/spawning" ==> "ACTIVE/None" after 40 second wait
2025-11-21 12:14:08.915 66921 INFO tempest.lib.common.rest_client [req-23178481-f96f-4d00-bd01-4ba0c50c83ca req-23178481-f96f-4d00-bd01-4ba0c50c83ca ] Request (ServersTestBootFromVolume:setUpClass): 201 POST http://10.180.1.21/identity/v3/projects 0.027s
2025-11-21 12:14:09.006 66921 INFO tempest.lib.common.rest_client [req-756bc4aa-a5fd-4c6b-9528-c03990bf573e req-756bc4aa-a5fd-4c6b-9528-c03990bf573e ] Request (ServersTestBootFromVolume:setUpClass): 201 POST http://10.180.1.21/identity/v3/users 0.091s
2025-11-21 12:14:09.033 66921 INFO tempest.lib.common.rest_client [req-a20c249e-14f9-4232-b0b7-d8addea2e9b9 req-a20c249e-14f9-4232-b0b7-d8addea2e9b9 ] Request (ServersTestBootFromVolume:setUpClass): 200 GET http://10.180.1.21/identity/v3/roles 0.026s
2025-11-21 12:14:09.087 66921 INFO tempest.lib.common.rest_client [req-e971b0fb-eea1-442a-92c0-eedbf47b1177 req-e971b0fb-eea1-442a-92c0-eedbf47b1177 ] Request (ServersTestBootFromVolume:setUpClass): 204 PUT http://10.180.1.21/identity/v3/projects/439d4aca3532483ea875463489b0ff0b/users/6d18246a29da43d2b72ff09a70728b91/roles/1b95b6525e0b4eabbee2101f281380e1 0.053s
2025-11-21 12:14:09.087 66921 INFO tempest.lib.common.dynamic_creds [-] Dynamic test user 6d18246a29da43d2b72ff09a70728b91 is created with scope project and roles: ['member']
2025-11-21 12:14:09.087 66921 INFO tempest.lib.common.dynamic_creds [-] Acquired dynamic creds: credentials: Credentials: {'domain_id': 'default', 'domain_name': 'Default', 'username': 'tempest-ServersTestBootFromVolume-1419153720-project-member', 'project_domain_id': 'default', 'project_domain_name': 'Default', 'project_id': '439d4aca3532483ea875463489b0ff0b', 'project_name': 'tempest-ServersTestBootFromVolume-1419153720', 'tenant_id': '439d4aca3532483ea875463489b0ff0b', 'tenant_name': 'tempest-ServersTestBootFromVolume-1419153720', 'user_domain_id': 'default', 'user_domain_name': 'Default', 'user_id': '6d18246a29da43d2b72ff09a70728b91', 'system': None}, Network: None, Subnet: None, Router: None
2025-11-21 12:14:09.144 66937 INFO tempest.lib.common.rest_client [req-214500b4-552b-4deb-802d-52b8135533dc req-214500b4-552b-4deb-802d-52b8135533dc ] Request (ListImageFiltersTestJSON:setUpClass): 200 GET http://10.180.1.21/compute/v2.1/servers/28c4d0de-dc97-418e-95a4-369ad3924a40 2.529s
2025-11-21 12:14:09.193 66960 INFO tempest.lib.common.rest_client [req-36d04559-92d0-4392-af0b-612693cceb36 req-36d04559-92d0-4392-af0b-612693cceb36 ] Request (AttachInterfacesV270Test:tearDownClass): 204 DELETE http://10.180.1.21/networking/v2.0/routers/78edd488-6e02-42c2-8576-b13540cfda63 0.710s
2025-11-21 12:14:09.200 66921 INFO tempest.lib.common.rest_client [req-99276892-e6b0-4776-9c16-61d2c036000c req-99276892-e6b0-4776-9c16-61d2c036000c ] Request (ServersTestBootFromVolume:setUpClass): 201 POST http://10.180.1.21/identity/v3/auth/tokens 0.113s
2025-11-21 12:14:09.251 66925 INFO tempest.lib.common.rest_client [req-6cc52281-f5bc-43ea-a549-280c04ab5371 req-6cc52281-f5bc-43ea-a549-280c04ab5371 ] Request (ServersWithSpecificFlavorTestJSON:test_verify_created_server_ephemeral_disk): 200 GET http://10.180.1.21/compute/v2.1/servers/590d766d-c11a-4d79-8959-3e8502413bc4 2.651s
2025-11-21 12:14:09.263 66919 INFO tempest.lib.common.rest_client [req-87ab7fd2-58a5-4fd9-b431-963b4831add8 req-87ab7fd2-58a5-4fd9-b431-963b4831add8 ] Request (ServersAdminTestJSON:test_create_server_with_scheduling_hint): 200 GET http://10.180.1.21/compute/v2.1/servers/52f7a554-bb2a-4a94-8e87-93066b947da9 2.593s
2025-11-21 12:14:09.395 66960 INFO tempest.lib.common.rest_client [req-298150ea-ee23-423d-994a-0c1657442dea req-298150ea-ee23-423d-994a-0c1657442dea ] Request (AttachInterfacesV270Test:tearDownClass): 204 DELETE http://10.180.1.21/networking/v2.0/subnets/353642d5-c861-4491-827d-6bcef5a33e99 0.202s
2025-11-21 12:14:09.540 66921 INFO tempest.lib.common.rest_client [req-2548e23b-c50c-4bef-b0a4-c74e8eb66836 req-2548e23b-c50c-4bef-b0a4-c74e8eb66836 ] Request (ServersTestBootFromVolume:setUpClass): 201 POST http://10.180.1.21/networking/v2.0/networks 0.338s
2025-11-21 12:14:09.594 66931 INFO tempest.lib.common.rest_client [req-6fd03d30-5cf8-4443-9248-0f912cae4a87 req-6fd03d30-5cf8-4443-9248-0f912cae4a87 ] Request (ServerRescueTestJSON:setUpClass): 200 GET http://10.180.1.21/compute/v2.1/servers/636b1968-7faa-4d72-9014-177be617abf1 2.910s
2025-11-21 12:14:09.894 66921 INFO tempest.lib.common.rest_client [req-ef08d526-a106-4bd9-adf2-e61814705d18 req-ef08d526-a106-4bd9-adf2-e61814705d18 ] Request (ServersTestBootFromVolume:setUpClass): 201 POST http://10.180.1.21/networking/v2.0/subnets 0.353s
2025-11-21 12:14:09.950 66965 INFO tempest.lib.common.rest_client [req-936b5e93-c3a6-4c75-8c59-559980e07855 req-936b5e93-c3a6-4c75-8c59-559980e07855 ] Request (ServerDiskConfigTestJSON:test_rebuild_server_with_manual_disk_config): 200 GET http://10.180.1.21/compute/v2.1/servers/9e2a4afd-71a2-4869-93f5-2cbd72bf0424 2.873s
2025-11-21 12:14:09.953 66960 INFO tempest.lib.common.rest_client [req-5d597024-e932-4c48-a4a5-0160e3f37aa7 req-5d597024-e932-4c48-a4a5-0160e3f37aa7 ] Request (AttachInterfacesV270Test:tearDownClass): 204 DELETE http://10.180.1.21/networking/v2.0/networks/e2413638-5e68-4bcf-8a79-796c021193e9 0.557s
2025-11-21 12:14:09.974 66949 INFO tempest.lib.common.rest_client [req-b4533481-45c7-4878-acf8-f6e60329d3d8 req-b4533481-45c7-4878-acf8-f6e60329d3d8 ] Request (ServerDiagnosticsNegativeTest:test_get_server_diagnostics_by_non_admin): 403 GET http://10.180.1.21/compute/v2.1/servers/c2d0fc45-cc3b-4526-9994-6d2df8dfe3d7/diagnostics 2.705s
2025-11-21 12:14:09.986 66967 INFO tempest.lib.common.rest_client [req-12fabe45-8ca0-49dd-b222-0cbc060af010 req-12fabe45-8ca0-49dd-b222-0cbc060af010 ] Request (MigrationsAdminTest:test_list_migrations_in_flavor_resize_situation): 200 GET http://10.180.1.21/compute/v2.1/servers/4e224af2-ebc1-4a5b-b4d6-7504a80e1b5e 3.175s
2025-11-21 12:14:10.096 66933 INFO tempest.lib.common.rest_client [req-6c597bac-cadf-431f-bdcb-aad15e3faa77 req-6c597bac-cadf-431f-bdcb-aad15e3faa77 ] Request (ServerGroup264TestJSON:_run_cleanups): 204 DELETE http://10.180.1.21/compute/v2.1/os-server-groups/ccb9d0ab-bf2a-4d76-ab4f-e97cc2dfc017 2.717s
2025-11-21 12:14:10.140 66960 INFO tempest.lib.common.rest_client [req-4a82dc54-5269-4865-a603-961e9e6a9053 req-4a82dc54-5269-4865-a603-961e9e6a9053 ] Request (AttachInterfacesV270Test:tearDownClass): 204 DELETE http://10.180.1.21/identity/v3/users/5a0588268e944669b94cbdfa8a7b599c 0.186s
2025-11-21 12:14:10.140 66960 INFO tempest.lib.common.dynamic_creds [-] Deleting project and security group for project: 8a56e03bdb7f48b5af5689b663503042
2025-11-21 12:14:10.142 66951 INFO tempest.lib.common.rest_client [req-691eaae6-8d29-4d3d-9efb-dcf6bb464969 req-691eaae6-8d29-4d3d-9efb-dcf6bb464969 ] Request (KeyPairsV22TestJSON:test_keypair_create_with_pub_key): 201 POST http://10.180.1.21/compute/v2.1/os-keypairs 2.639s
2025-11-21 12:14:10.728 66921 INFO tempest.lib.common.rest_client [req-c24727ad-c707-4010-9697-947793badea6 req-c24727ad-c707-4010-9697-947793badea6 ] Request (ServersTestBootFromVolume:setUpClass): 201 POST http://10.180.1.21/networking/v2.0/routers 0.834s
2025-11-21 12:14:10.851 66960 INFO tempest.lib.common.rest_client [req-f4fe9883-1a1c-4bf1-99a7-2c2031272a0b req-f4fe9883-1a1c-4bf1-99a7-2c2031272a0b ] Request (AttachInterfacesV270Test:tearDownClass): 200 GET http://10.180.1.21/networking/v2.0/security-groups?tenant_id=8a56e03bdb7f48b5af5689b663503042&name=default 0.711s
2025-11-21 12:14:11.020 66939 WARNING tempest.lib.common.ssh [-] Failed to establish authenticated ssh connection to cirros@10.180.180.146 ([Errno None] Unable to connect to port 22 on 10.180.180.146). Number attempts: 2. Retry after 3 seconds.: paramiko.ssh_exception.NoValidConnectionsError: [Errno None] Unable to connect to port 22 on 10.180.180.146
2025-11-21 12:14:11.740 66960 INFO tempest.lib.common.rest_client [req-d0d0d92b-a33e-412c-8ed0-fcd29c9dc30c req-d0d0d92b-a33e-412c-8ed0-fcd29c9dc30c ] Request (AttachInterfacesV270Test:tearDownClass): 204 DELETE http://10.180.1.21/networking/v2.0/security-groups/22d90069-b3b9-4519-b51e-6b0bab3f7809 0.889s
2025-11-21 12:14:11.826 66921 INFO tempest.lib.common.rest_client [req-50bd2b83-1a95-4234-93b6-301df20bcb1e req-50bd2b83-1a95-4234-93b6-301df20bcb1e ] Request (ServersTestBootFromVolume:setUpClass): 200 PUT http://10.180.1.21/networking/v2.0/routers/f8fa4322-a9e7-4797-91c8-265df70dae6e/add_router_interface 1.097s
2025-11-21 12:14:11.826 66921 INFO tempest.lib.common.dynamic_creds [-] Created isolated network resources for: credentials: Credentials: {'domain_id': 'default', 'domain_name': 'Default', 'username': 'tempest-ServersTestBootFromVolume-1419153720-project-member', 'project_domain_id': 'default', 'project_domain_name': 'Default', 'project_id': '439d4aca3532483ea875463489b0ff0b', 'project_name': 'tempest-ServersTestBootFromVolume-1419153720', 'tenant_id': '439d4aca3532483ea875463489b0ff0b', 'tenant_name': 'tempest-ServersTestBootFromVolume-1419153720', 'user_domain_id': 'default', 'user_domain_name': 'Default', 'user_id': '6d18246a29da43d2b72ff09a70728b91', 'system': None}, Network: {'id': '8fd89dc6-ceba-4279-a584-e4a733bc036a', 'name': 'tempest-ServersTestBootFromVolume-102028861-network', 'tenant_id': '439d4aca3532483ea875463489b0ff0b', 'project_id': '439d4aca3532483ea875463489b0ff0b', 'admin_state_up': True, 'mtu': 8950, 'status': 'ACTIVE', 'subnets': [], 'shared': False, 'port_security_enabled': True, 'router:external': False, 'provider:network_type': 'vlan', 'provider:physical_network': 'default', 'provider:segmentation_id': 539, 'availability_zone_hints': [], 'availability_zones': [], 'ipv4_address_scope': None, 'ipv6_address_scope': None, 'description': '', 'tags': [], 'created_at': '2025-11-21T12:14:09Z', 'updated_at': '2025-11-21T12:14:09Z', 'revision_number': 1}, Subnet: {'id': 'd34b91c6-f8f2-4af8-a3bd-e7f9b5998818', 'name': 'tempest-ServersTestBootFromVolume-102028861-subnet', 'tenant_id': '439d4aca3532483ea875463489b0ff0b', 'network_id': '8fd89dc6-ceba-4279-a584-e4a733bc036a', 'ip_version': 4, 'subnetpool_id': None, 'enable_dhcp': True, 'ipv6_ra_mode': None, 'ipv6_address_mode': None, 'gateway_ip': '192.168.128.1', 'cidr': '192.168.128.0/28', 'allocation_pools': [{'start': '192.168.128.2', 'end': '192.168.128.14'}], 'host_routes': [], 'dns_nameservers': [], 'description': '', 'router:external': False, 'service_types': [], 'tags': [], 'created_at': '2025-11-21T12:14:09Z', 'updated_at': '2025-11-21T12:14:09Z', 'revision_number': 0, 'project_id': '439d4aca3532483ea875463489b0ff0b'}, Router: {'id': 'f8fa4322-a9e7-4797-91c8-265df70dae6e', 'name': 'tempest-ServersTestBootFromVolume-102028861-router', 'tenant_id': '439d4aca3532483ea875463489b0ff0b', 'admin_state_up': True, 'status': 'ACTIVE', 'external_gateway_info': {'network_id': '1866bbf8-8ac2-49d8-86a5-6a65b94a0e8f', 'external_fixed_ips': [{'subnet_id': '04cc13f7-bc52-4555-a2b6-d3a153d0796f', 'ip_address': '10.180.180.228'}], 'enable_snat': True}, 'description': '', 'availability_zones': [], 'distributed': False, 'ha': False, 'availability_zone_hints': [], 'routes': [], 'flavor_id': None, 'tags': [], 'created_at': '2025-11-21T12:14:10Z', 'updated_at': '2025-11-21T12:14:10Z', 'revision_number': 2, 'project_id': '439d4aca3532483ea875463489b0ff0b'}
2025-11-21 12:14:11.917 66960 INFO tempest.lib.common.rest_client [req-3a9f68a4-e8ea-424a-9307-c62074fc1e62 req-3a9f68a4-e8ea-424a-9307-c62074fc1e62 ] Request (AttachInterfacesV270Test:tearDownClass): 204 DELETE http://10.180.1.21/identity/v3/projects/8a56e03bdb7f48b5af5689b663503042 0.176s
2025-11-21 12:14:11.941 66969 INFO tempest.lib.common.rest_client [req-50457376-7097-420f-87ff-35e594923b73 req-50457376-7097-420f-87ff-35e594923b73 ] Request (SecurityGroupRulesTestJSON:_run_cleanups): 202 DELETE http://10.180.1.21/compute/v2.1/os-security-group-rules/9014f4a2-d963-4557-aed3-474c6cd29430 4.420s
2025-11-21 12:14:11.957 66921 INFO tempest.lib.common.rest_client [req-e1b1f332-5869-470b-a12e-bd47d9fa836e req-e1b1f332-5869-470b-a12e-bd47d9fa836e ] Request (ServersTestBootFromVolume:setUpClass): 201 POST http://10.180.1.21/identity/v3/auth/tokens 0.125s
2025-11-21 12:14:11.988 66927 INFO tempest.lib.common.rest_client [req-c9fee8a7-8a6d-4476-b88c-21a18d8df63d req-c9fee8a7-8a6d-4476-b88c-21a18d8df63d ] Request (FloatingIPsNegativeTestJSON:test_allocate_floating_ip_from_nonexistent_pool): 404 POST http://10.180.1.21/compute/v2.1/os-floating-ips 4.321s
2025-11-21 12:14:11.989 66960 INFO tempest.lib.common.rest_client [req-a87fcc19-2ce8-46cb-bdc7-eda69a7e8c84 req-a87fcc19-2ce8-46cb-bdc7-eda69a7e8c84 ] Request (ServersTestManualDisk:setUpClass): 201 POST http://10.180.1.21/identity/v3/auth/tokens 0.070s
