2025-12-15 10:03:36.629 67380 INFO tempest.lib.common.rest_client [req-e0f9c341-b938-4416-b407-203c7570441a req-e0f9c341-b938-4416-b407-203c7570441a ] Request (TenantUsagesTestJSON:tearDownClass): 200 GET http://10.180.1.21/compute/v2.1/servers/83d6518c-a7f3-4a2a-a79a-ad9443868d3f 0.078s
2025-12-15 10:03:36.659 67360 INFO tempest.lib.common.rest_client [req-58cd94a9-940e-4be9-a1fa-c4f442174086 req-58cd94a9-940e-4be9-a1fa-c4f442174086 ] Request (DeleteServersTestJSON:test_delete_server_while_in_shelved_state): 200 GET http://10.180.1.21/compute/v2.1/servers/c0c4758f-a5fe-4a94-bfbd-cd764870d4b2 0.054s
2025-12-15 10:03:36.725 67330 INFO tempest.lib.common.rest_client [req-0fec8fcd-d7f6-4283-a7db-4277c61cd959 req-0fec8fcd-d7f6-4283-a7db-4277c61cd959 ] Request (ServersNegativeTestJSON:setUpClass): 200 GET http://10.180.1.21/compute/v2.1/servers/adab0a91-fec1-4180-b68d-a6aea816d2cc 0.055s
2025-12-15 10:03:36.802 67320 INFO tempest.lib.common.rest_client [req-a78cb51a-5f2e-4f32-af23-53e3dc054cab req-a78cb51a-5f2e-4f32-af23-53e3dc054cab ] Request (MigrationsAdminTest:test_resize_server_revert_deleted_flavor): 200 GET http://10.180.1.21/compute/v2.1/servers/28ae6fea-c238-49c3-a74f-a551a2c4c30b 0.057s
2025-12-15 10:03:36.809 67320 INFO tempest.common.waiters [-] State transition "BUILD/scheduling" ==> "BUILD/None" after 65 second wait
2025-12-15 10:03:36.857 67358 INFO tempest.lib.common.rest_client [req-9ffe5f50-7680-4d00-9889-f8f12f6d0117 req-9ffe5f50-7680-4d00-9889-f8f12f6d0117 ] Request (ServerRescueNegativeTestJSON:setUpClass): 200 GET http://10.180.1.21/compute/v2.1/servers/de040401-6717-4854-9ffd-65a3d3999be6 0.050s
2025-12-15 10:03:36.878 67374 INFO tempest.lib.common.rest_client [req-470f28dc-2546-4d17-9b81-50ec367c376a req-470f28dc-2546-4d17-9b81-50ec367c376a ] Request (ListServerFiltersTestJSON:setUpClass): 200 GET http://10.180.1.21/compute/v2.1/servers/39426d7e-5fed-4ee5-ad4d-b16962cda742 0.053s
2025-12-15 10:03:36.904 67356 WARNING tempest.lib.common.ssh [-] Failed to establish authenticated ssh connection to cirros@10.180.180.178 ([Errno None] Unable to connect to port 22 on 10.180.180.178). Number attempts: 4. Retry after 5 seconds.: paramiko.ssh_exception.NoValidConnectionsError: [Errno None] Unable to connect to port 22 on 10.180.180.178
2025-12-15 10:03:36.939 67352 INFO tempest.lib.common.rest_client [req-9626c9eb-9040-4041-9cb7-9d9fc41701d7 req-9626c9eb-9040-4041-9cb7-9d9fc41701d7 ] Request (SecurityGroupsTestJSON:test_server_security_groups): 200 GET http://10.180.1.21/compute/v2.1/servers/64462084-da80-462b-a8c2-0f073511b4b0 0.063s
2025-12-15 10:03:37.001 67376 INFO tempest.lib.common.rest_client [req-31e59c3a-f1fa-410e-bb44-89d7c26f36a8 req-31e59c3a-f1fa-410e-bb44-89d7c26f36a8 ] Request (InstanceActionsTestJSON:tearDownClass): 200 GET http://10.180.1.21/compute/v2.1/servers/fb2201d4-8496-466b-a1c8-75ccf835b5fb 0.063s
2025-12-15 10:03:37.033 67338 INFO tempest.lib.common.rest_client [req-0ebbc8a3-172e-42ae-822d-7cf25e7253a7 req-0ebbc8a3-172e-42ae-822d-7cf25e7253a7 ] Request (ServersTestJSON:test_create_server_with_ipv6_addr_only): 200 GET http://10.180.1.21/compute/v2.1/servers/d23df453-5217-4d05-8bee-14736c62c396 0.100s
2025-12-15 10:03:37.045 67338 INFO tempest.common.waiters [-] State transition "BUILD/spawning" ==> "ACTIVE/None" after 81 second wait
2025-12-15 10:03:37.075 67336 INFO tempest.lib.common.rest_client [req-8af6d561-af8c-4180-9846-dbb03543c0b5 req-8af6d561-af8c-4180-9846-dbb03543c0b5 ] Request (ServerTagsTestJSON:setUpClass): 200 GET http://10.180.1.21/compute/v2.1/servers/ba04e286-545d-4d32-8a86-8e8c354c4915 0.050s
2025-12-15 10:03:37.139 67334 INFO tempest.lib.common.rest_client [req-0e227db0-549f-4d20-ae09-4aeaca312822 req-0e227db0-549f-4d20-ae09-4aeaca312822 ] Request (ServerActionsTestOtherA:test_rebuild_server_in_stop_state): 200 GET http://10.180.1.21/compute/v2.1/servers/38f13ad9-d0ec-4107-8c47-84e85e376975 0.049s
2025-12-15 10:03:37.188 67348 INFO tempest.lib.common.rest_client [req-887d448a-0d01-4711-88e9-a248635a641c req-887d448a-0d01-4711-88e9-a248635a641c ] Request (AttachVolumeShelveTestJSON:test_attach_volume_shelved_or_offload_server): 200 GET http://10.180.1.21/compute/v2.1/servers/7039a80a-3914-431b-8928-c6ca7301ca11 0.061s
2025-12-15 10:03:37.233 67328 INFO tempest.lib.common.rest_client [req-2fffc01d-7099-4d97-b70d-cbf2317dc35d req-2fffc01d-7099-4d97-b70d-cbf2317dc35d ] Request (ListImageFiltersTestJSON:setUpClass): 200 GET http://10.180.1.21/compute/v2.1/servers/9d110be8-be0d-4fda-9842-d661c8ca970f 0.054s
2025-12-15 10:03:37.238 67338 INFO tempest.lib.common.rest_client [req-c04e9b57-11dd-4d07-a9fa-8c413df8d1fa req-c04e9b57-11dd-4d07-a9fa-8c413df8d1fa ] Request (ServersTestJSON:test_create_server_with_ipv6_addr_only): 200 GET http://10.180.1.21/compute/v2.1/servers/d23df453-5217-4d05-8bee-14736c62c396 0.192s
2025-12-15 10:03:37.320 67338 INFO tempest.lib.common.rest_client [req-80a36cf3-da78-4e60-9e74-e46945ad82f2 req-80a36cf3-da78-4e60-9e74-e46945ad82f2 ] Request (ServersTestJSON:_run_cleanups): 204 DELETE http://10.180.1.21/compute/v2.1/servers/d23df453-5217-4d05-8bee-14736c62c396 0.074s
2025-12-15 10:03:37.354 67324 INFO tempest.lib.common.rest_client [req-ccaddfd9-f0ce-44ec-bee1-f5f1692ec0b1 req-ccaddfd9-f0ce-44ec-bee1-f5f1692ec0b1 ] Request (ServerDiskConfigTestJSON:test_resize_server_from_auto_to_manual): 200 GET http://10.180.1.21/compute/v2.1/servers/3fa8d8f6-ef30-434f-bbde-ee6e8266682e 0.128s
2025-12-15 10:03:37.370 67370 INFO tempest.lib.common.rest_client [req-b783af44-298f-427b-8911-13e8f28b48e2 req-b783af44-298f-427b-8911-13e8f28b48e2 ] Request (ImagesTestJSON:test_create_image_from_suspended_server): 200 GET http://10.180.1.21/compute/v2.1/servers/2085b829-24b6-4fc2-8246-2fcd69868802 0.054s
2025-12-15 10:03:37.372 67368 INFO tempest.lib.common.rest_client [req-62dc9566-d6cf-45c2-9bc6-087238f4e573 req-62dc9566-d6cf-45c2-9bc6-087238f4e573 ] Request (VolumesTestJSON:setUpClass): 200 GET http://10.180.1.21/volume/v3/volumes/9b933f3f-7108-4e71-91f0-3521b92b63b5 0.028s
2025-12-15 10:03:37.380 67368 INFO tempest.common.waiters [-] volume 9b933f3f-7108-4e71-91f0-3521b92b63b5 reached available after waiting for 1.380360 seconds
2025-12-15 10:03:37.502 67338 INFO tempest.lib.common.rest_client [req-5f1dda09-0bf0-4168-a9d9-5e912679fd7a req-5f1dda09-0bf0-4168-a9d9-5e912679fd7a ] Request (ServersTestJSON:_run_cleanups): 200 GET http://10.180.1.21/compute/v2.1/servers/d23df453-5217-4d05-8bee-14736c62c396 0.181s
2025-12-15 10:03:37.515 67364 INFO tempest.lib.common.rest_client [req-6f66a43f-e81a-44a7-8837-6c986e38ab6f req-6f66a43f-e81a-44a7-8837-6c986e38ab6f ] Request (ServerRescueTestJSON:test_rescue_unrescue_instance): 200 GET http://10.180.1.21/compute/v2.1/servers/c1d65fca-2db7-42ea-814f-9bf130391e17 0.153s
2025-12-15 10:03:37.538 67368 INFO tempest.lib.common.rest_client [req-6e27471f-b400-4cfe-a56d-c2f968e17fa3 req-6e27471f-b400-4cfe-a56d-c2f968e17fa3 ] Request (VolumesTestJSON:setUpClass): 200 GET http://10.180.1.21/compute/v2.1/os-volumes/9b933f3f-7108-4e71-91f0-3521b92b63b5 0.157s
2025-12-15 10:03:37.581 67318 INFO tempest.lib.common.rest_client [req-c944cd9e-7b6f-4575-b741-68eb76343fa2 req-c944cd9e-7b6f-4575-b741-68eb76343fa2 ] Request (ServersAdminNegativeTestJSON:tearDownClass): 200 GET http://10.180.1.21/compute/v2.1/servers/3a826f0b-096c-4199-b4e8-b62496bed6a5 0.167s
2025-12-15 10:03:37.586 67340 INFO tempest.lib.common.rest_client [req-71a7d2c3-7a8c-4dff-96e0-0ad8c1d8c6c3 req-71a7d2c3-7a8c-4dff-96e0-0ad8c1d8c6c3 ] Request (FloatingIPsAssociationTestJSON:test_associate_already_associated_floating_ip): 200 GET http://10.180.1.21/compute/v2.1/servers/08f1bb2c-02d4-4974-82b5-0e0341f36cea 0.165s
2025-12-15 10:03:37.593 67340 INFO tempest.common.waiters [-] State transition "BUILD/None" ==> "BUILD/networking" after 73 second wait
2025-12-15 10:03:37.637 67362 INFO tempest.lib.common.rest_client [req-b05df461-1ba7-4377-a6b2-02f16ed8db8e req-b05df461-1ba7-4377-a6b2-02f16ed8db8e ] Request (ServersAdminTestJSON:tearDownClass): 200 GET http://10.180.1.21/compute/v2.1/servers/f65b6db2-682a-446d-b426-0499b841a451 0.123s
2025-12-15 10:03:37.641 67322 INFO tempest.lib.common.rest_client [req-85fa49da-0cb5-4b5a-8bc8-b5dcd6e6035c req-85fa49da-0cb5-4b5a-8bc8-b5dcd6e6035c ] Request (AttachInterfacesUnderV243Test:_run_cleanups): 200 GET http://10.180.1.21/compute/v2.1/servers/16338001-95aa-4491-a5eb-d1eb67115ec5 0.057s
2025-12-15 10:03:37.660 67368 INFO tempest.lib.common.rest_client [req-a6e75ce2-a981-4edf-8291-e244c752234f req-a6e75ce2-a981-4edf-8291-e244c752234f ] Request (VolumesTestJSON:setUpClass): 202 POST http://10.180.1.21/volume/v3/volumes 0.119s
2025-12-15 10:03:37.694 67368 INFO tempest.lib.common.rest_client [req-1dbacba6-144e-43a3-9c82-84bdfe2e7f4e req-1dbacba6-144e-43a3-9c82-84bdfe2e7f4e ] Request (VolumesTestJSON:setUpClass): 200 GET http://10.180.1.21/volume/v3/volumes/be2559e3-7c14-4a03-be65-6ea29c472d78 0.026s
2025-12-15 10:03:37.702 67380 INFO tempest.lib.common.rest_client [req-479b7db0-c45c-4321-9606-874b5478bdad req-479b7db0-c45c-4321-9606-874b5478bdad ] Request (TenantUsagesTestJSON:tearDownClass): 200 GET http://10.180.1.21/compute/v2.1/servers/83d6518c-a7f3-4a2a-a79a-ad9443868d3f 0.063s
2025-12-15 10:03:37.754 67360 INFO tempest.lib.common.rest_client [req-508f4755-fe77-4009-ba65-76a2184bb210 req-508f4755-fe77-4009-ba65-76a2184bb210 ] Request (DeleteServersTestJSON:test_delete_server_while_in_shelved_state): 200 GET http://10.180.1.21/compute/v2.1/servers/c0c4758f-a5fe-4a94-bfbd-cd764870d4b2 0.085s
2025-12-15 10:03:37.771 67346 INFO tempest.lib.common.rest_client [req-debbfd0e-5810-4332-8ea5-cb7f9e3e40ba req-debbfd0e-5810-4332-8ea5-cb7f9e3e40ba ] Request (ImagesOneServerNegativeTestJSON:tearDown): 200 GET http://10.180.1.21/compute/v2.1/servers/53cef26c-0800-4ebe-97e9-4a6c3bb76728 0.158s
2025-12-15 10:03:37.778 67346 INFO tempest.common.waiters [-] State transition "ACTIVE/image_snapshot" ==> "ACTIVE/image_pending_upload" after 1 second wait
2025-12-15 10:03:37.803 67330 INFO tempest.lib.common.rest_client [req-d3acc8dd-725d-4d2e-bd12-51e69dbee683 req-d3acc8dd-725d-4d2e-bd12-51e69dbee683 ] Request (ServersNegativeTestJSON:setUpClass): 200 GET http://10.180.1.21/compute/v2.1/servers/adab0a91-fec1-4180-b68d-a6aea816d2cc 0.070s
2025-12-15 10:03:37.837 67332 WARNING tempest.lib.common.ssh [-] Failed to establish authenticated ssh connection to cirros@10.180.180.210 ([Errno None] Unable to connect to port 22 on 10.180.180.210). Number attempts: 12. Retry after 13 seconds.: paramiko.ssh_exception.NoValidConnectionsError: [Errno None] Unable to connect to port 22 on 10.180.180.210
2025-12-15 10:03:37.862 67320 INFO tempest.lib.common.rest_client [req-ac96c6fa-cfbd-4f95-9c76-ae22ce376bd7 req-ac96c6fa-cfbd-4f95-9c76-ae22ce376bd7 ] Request (MigrationsAdminTest:test_resize_server_revert_deleted_flavor): 200 GET http://10.180.1.21/compute/v2.1/servers/28ae6fea-c238-49c3-a74f-a551a2c4c30b 0.052s
2025-12-15 10:03:37.919 67358 INFO tempest.lib.common.rest_client [req-d6fe09b7-a896-4509-bcea-0eebd5523a45 req-d6fe09b7-a896-4509-bcea-0eebd5523a45 ] Request (ServerRescueNegativeTestJSON:setUpClass): 200 GET http://10.180.1.21/compute/v2.1/servers/de040401-6717-4854-9ffd-65a3d3999be6 0.051s
2025-12-15 10:03:37.944 67374 INFO tempest.lib.common.rest_client [req-072cc532-2ab9-4222-935f-1059224b7506 req-072cc532-2ab9-4222-935f-1059224b7506 ] Request (ListServerFiltersTestJSON:setUpClass): 200 GET http://10.180.1.21/compute/v2.1/servers/39426d7e-5fed-4ee5-ad4d-b16962cda742 0.054s
2025-12-15 10:03:38.013 67352 INFO tempest.lib.common.rest_client [req-3f2dbf62-f317-44ea-8a34-166ba4296a86 req-3f2dbf62-f317-44ea-8a34-166ba4296a86 ] Request (SecurityGroupsTestJSON:test_server_security_groups): 200 GET http://10.180.1.21/compute/v2.1/servers/64462084-da80-462b-a8c2-0f073511b4b0 0.066s
2025-12-15 10:03:38.070 67376 INFO tempest.lib.common.rest_client [req-50fc2fc1-1ec6-42bf-972a-b8b576c8baef req-50fc2fc1-1ec6-42bf-972a-b8b576c8baef ] Request (InstanceActionsTestJSON:tearDownClass): 200 GET http://10.180.1.21/compute/v2.1/servers/fb2201d4-8496-466b-a1c8-75ccf835b5fb 0.062s
2025-12-15 10:03:38.147 67336 INFO tempest.lib.common.rest_client [req-fba2d483-a113-4d8f-b803-96d3217d103d req-fba2d483-a113-4d8f-b803-96d3217d103d ] Request (ServerTagsTestJSON:setUpClass): 200 GET http://10.180.1.21/compute/v2.1/servers/ba04e286-545d-4d32-8a86-8e8c354c4915 0.062s
2025-12-15 10:03:38.217 67334 INFO tempest.lib.common.rest_client [req-3f224e04-6a75-4667-a491-bef3ab6a50d6 req-3f224e04-6a75-4667-a491-bef3ab6a50d6 ] Request (ServerActionsTestOtherA:test_rebuild_server_in_stop_state): 200 GET http://10.180.1.21/compute/v2.1/servers/38f13ad9-d0ec-4107-8c47-84e85e376975 0.067s
2025-12-15 10:03:38.267 67348 INFO tempest.lib.common.rest_client [req-9e937c93-2675-4f22-a24a-ba052e693234 req-9e937c93-2675-4f22-a24a-ba052e693234 ] Request (AttachVolumeShelveTestJSON:test_attach_volume_shelved_or_offload_server): 200 GET http://10.180.1.21/compute/v2.1/servers/7039a80a-3914-431b-8928-c6ca7301ca11 0.070s
2025-12-15 10:03:38.304 67328 INFO tempest.lib.common.rest_client [req-1bda6431-aef4-42e2-9294-bf3533cd9da0 req-1bda6431-aef4-42e2-9294-bf3533cd9da0 ] Request (ListImageFiltersTestJSON:setUpClass): 200 GET http://10.180.1.21/compute/v2.1/servers/9d110be8-be0d-4fda-9842-d661c8ca970f 0.064s
2025-12-15 10:03:38.529 67370 INFO tempest.lib.common.rest_client [req-65270dd6-60f2-4a52-b5ce-bb4482a2c954 req-65270dd6-60f2-4a52-b5ce-bb4482a2c954 ] Request (ImagesTestJSON:test_create_image_from_suspended_server): 200 GET http://10.180.1.21/compute/v2.1/servers/2085b829-24b6-4fc2-8246-2fcd69868802 0.150s
2025-12-15 10:03:38.561 67324 INFO tempest.lib.common.rest_client [req-8d22dc76-ec4b-49b7-8ab6-7ef2b2670e86 req-8d22dc76-ec4b-49b7-8ab6-7ef2b2670e86 ] Request (ServerDiskConfigTestJSON:test_resize_server_from_auto_to_manual): 200 GET http://10.180.1.21/compute/v2.1/servers/3fa8d8f6-ef30-434f-bbde-ee6e8266682e 0.199s
2025-12-15 10:03:38.667 67350 WARNING tempest.lib.common.ssh [-] Failed to establish authenticated ssh connection to cirros@10.180.180.239 ([Errno None] Unable to connect to port 22 on 10.180.180.239). Number attempts: 2. Retry after 3 seconds.: paramiko.ssh_exception.NoValidConnectionsError: [Errno None] Unable to connect to port 22 on 10.180.180.239
2025-12-15 10:03:38.730 67364 INFO tempest.lib.common.rest_client [req-c5446f86-4f61-4e52-847c-b233f6b351cb req-c5446f86-4f61-4e52-847c-b233f6b351cb ] Request (ServerRescueTestJSON:test_rescue_unrescue_instance): 200 GET http://10.180.1.21/compute/v2.1/servers/c1d65fca-2db7-42ea-814f-9bf130391e17 0.206s
2025-12-15 10:03:38.741 67368 INFO tempest.lib.common.rest_client [req-1d4404bc-721a-4cd7-9f84-e2d052ae8beb req-1d4404bc-721a-4cd7-9f84-e2d052ae8beb ] Request (VolumesTestJSON:setUpClass): 200 GET http://10.180.1.21/volume/v3/volumes/be2559e3-7c14-4a03-be65-6ea29c472d78 0.039s
2025-12-15 10:03:38.747 67368 INFO tempest.common.waiters [-] volume be2559e3-7c14-4a03-be65-6ea29c472d78 reached available after waiting for 1.747551 seconds
2025-12-15 10:03:38.756 67338 INFO tempest.lib.common.rest_client [req-1caa1f67-0c1a-4fd3-b6a4-a9ff99471c0d req-1caa1f67-0c1a-4fd3-b6a4-a9ff99471c0d ] Request (ServersTestJSON:_run_cleanups): 200 GET http://10.180.1.21/compute/v2.1/servers/d23df453-5217-4d05-8bee-14736c62c396 0.245s
2025-12-15 10:03:38.801 67318 INFO tempest.lib.common.rest_client [req-63afcdec-8293-41d0-9c78-e82c8b00ef2f req-63afcdec-8293-41d0-9c78-e82c8b00ef2f ] Request (ServersAdminNegativeTestJSON:tearDownClass): 200 GET http://10.180.1.21/compute/v2.1/servers/3a826f0b-096c-4199-b4e8-b62496bed6a5 0.212s
2025-12-15 10:03:38.864 67362 INFO tempest.lib.common.rest_client [req-3c1d25d8-a81a-411b-83ff-911c3c2d1233 req-3c1d25d8-a81a-411b-83ff-911c3c2d1233 ] Request (ServersAdminTestJSON:tearDownClass): 200 GET http://10.180.1.21/compute/v2.1/servers/f65b6db2-682a-446d-b426-0499b841a451 0.219s
2025-12-15 10:03:38.886 67340 INFO tempest.lib.common.rest_client [req-a5e684e9-92c6-4da4-91ca-22f4a384d012 req-a5e684e9-92c6-4da4-91ca-22f4a384d012 ] Request (FloatingIPsAssociationTestJSON:test_associate_already_associated_floating_ip): 200 GET http://10.180.1.21/compute/v2.1/servers/08f1bb2c-02d4-4974-82b5-0e0341f36cea 0.292s
2025-12-15 10:03:38.894 67340 INFO tempest.common.waiters [-] State transition "BUILD/networking" ==> "BUILD/block_device_mapping" after 74 second wait
2025-12-15 10:03:38.920 67322 INFO tempest.lib.common.rest_client [req-17c9a51d-a770-4e1c-9eda-a3d4b09c5b47 req-17c9a51d-a770-4e1c-9eda-a3d4b09c5b47 ] Request (AttachInterfacesUnderV243Test:_run_cleanups): 200 GET http://10.180.1.21/compute/v2.1/servers/16338001-95aa-4491-a5eb-d1eb67115ec5 0.271s
2025-12-15 10:03:38.943 67380 INFO tempest.lib.common.rest_client [req-d38c66c8-a573-4871-b8d6-2de3a69dd53b req-d38c66c8-a573-4871-b8d6-2de3a69dd53b ] Request (TenantUsagesTestJSON:tearDownClass): 200 GET http://10.180.1.21/compute/v2.1/servers/83d6518c-a7f3-4a2a-a79a-ad9443868d3f 0.233s
2025-12-15 10:03:38.953 67368 INFO tempest.lib.common.rest_client [req-4dd995d3-30c8-4123-b892-4eb3b03bb246 req-4dd995d3-30c8-4123-b892-4eb3b03bb246 ] Request (VolumesTestJSON:setUpClass): 200 GET http://10.180.1.21/compute/v2.1/os-volumes/be2559e3-7c14-4a03-be65-6ea29c472d78 0.205s
2025-12-15 10:03:38.992 67360 INFO tempest.lib.common.rest_client [req-1219d6d7-daaa-4590-bdad-372ba7fb8669 req-1219d6d7-daaa-4590-bdad-372ba7fb8669 ] Request (DeleteServersTestJSON:test_delete_server_while_in_shelved_state): 200 GET http://10.180.1.21/compute/v2.1/servers/c0c4758f-a5fe-4a94-bfbd-cd764870d4b2 0.231s
2025-12-15 10:03:39.044 67346 INFO tempest.lib.common.rest_client [req-acc3ad60-0635-41b9-a76f-5c29a0a215bd req-acc3ad60-0635-41b9-a76f-5c29a0a215bd ] Request (ImagesOneServerNegativeTestJSON:tearDown): 200 GET http://10.180.1.21/compute/v2.1/servers/53cef26c-0800-4ebe-97e9-4a6c3bb76728 0.264s
2025-12-15 10:03:39.063 67330 INFO tempest.lib.common.rest_client [req-e6648804-7c03-4814-a102-32c912c2dcde req-e6648804-7c03-4814-a102-32c912c2dcde ] Request (ServersNegativeTestJSON:setUpClass): 200 GET http://10.180.1.21/compute/v2.1/servers/adab0a91-fec1-4180-b68d-a6aea816d2cc 0.252s
2025-12-15 10:03:39.079 67368 INFO tempest.lib.common.rest_client [req-c51b997f-400e-4269-8550-9cf6634af5bf req-c51b997f-400e-4269-8550-9cf6634af5bf ] Request (VolumesTestJSON:setUpClass): 202 POST http://10.180.1.21/volume/v3/volumes 0.122s
2025-12-15 10:03:39.103 67320 INFO tempest.lib.common.rest_client [req-846a7e91-b8c9-4fce-b4d0-1bc4ce9091c8 req-846a7e91-b8c9-4fce-b4d0-1bc4ce9091c8 ] Request (MigrationsAdminTest:test_resize_server_revert_deleted_flavor): 200 GET http://10.180.1.21/compute/v2.1/servers/28ae6fea-c238-49c3-a74f-a551a2c4c30b 0.232s
2025-12-15 10:03:39.112 67368 INFO tempest.lib.common.rest_client [req-a385e837-c97a-4ca0-bea8-e4d7cfe317ee req-a385e837-c97a-4ca0-bea8-e4d7cfe317ee ] Request (VolumesTestJSON:setUpClass): 200 GET http://10.180.1.21/volume/v3/volumes/31067266-6d6f-4b32-9c39-10fef234ff47 0.025s
2025-12-15 10:03:39.117 67358 INFO tempest.lib.common.rest_client [req-c19c926e-7631-4a72-92d7-9a0b657bebe4 req-c19c926e-7631-4a72-92d7-9a0b657bebe4 ] Request (ServerRescueNegativeTestJSON:setUpClass): 200 GET http://10.180.1.21/compute/v2.1/servers/de040401-6717-4854-9ffd-65a3d3999be6 0.191s
2025-12-15 10:03:39.162 67374 INFO tempest.lib.common.rest_client [req-fb9b45bc-70c1-4c63-ae79-e1a1de1fab7a req-fb9b45bc-70c1-4c63-ae79-e1a1de1fab7a ] Request (ListServerFiltersTestJSON:setUpClass): 200 GET http://10.180.1.21/compute/v2.1/servers/39426d7e-5fed-4ee5-ad4d-b16962cda742 0.206s
2025-12-15 10:03:39.176 67352 INFO tempest.lib.common.rest_client [req-90f2f469-5f42-4ce8-a6e9-34787ded626f req-90f2f469-5f42-4ce8-a6e9-34787ded626f ] Request (SecurityGroupsTestJSON:test_server_security_groups): 200 GET http://10.180.1.21/compute/v2.1/servers/64462084-da80-462b-a8c2-0f073511b4b0 0.156s
2025-12-15 10:03:39.216 67376 INFO tempest.lib.common.rest_client [req-530f8fb9-e8e1-4be1-b7b1-99aa2c784c49 req-530f8fb9-e8e1-4be1-b7b1-99aa2c784c49 ] Request (InstanceActionsTestJSON:tearDownClass): 200 GET http://10.180.1.21/compute/v2.1/servers/fb2201d4-8496-466b-a1c8-75ccf835b5fb 0.138s
2025-12-15 10:03:39.233 67336 INFO tempest.lib.common.rest_client [req-771d4e7c-e5e2-44cb-ad42-c995dc4569cd req-771d4e7c-e5e2-44cb-ad42-c995dc4569cd ] Request (ServerTagsTestJSON:setUpClass): 200 GET http://10.180.1.21/compute/v2.1/servers/ba04e286-545d-4d32-8a86-8e8c354c4915 0.075s
2025-12-15 10:03:39.279 67334 INFO tempest.lib.common.rest_client [req-204a8b18-6446-411c-818c-432ef864ddda req-204a8b18-6446-411c-818c-432ef864ddda ] Request (ServerActionsTestOtherA:test_rebuild_server_in_stop_state): 200 GET http://10.180.1.21/compute/v2.1/servers/38f13ad9-d0ec-4107-8c47-84e85e376975 0.052s
2025-12-15 10:03:39.331 67348 INFO tempest.lib.common.rest_client [req-a2018798-115e-4fd6-91f1-c992d6596c35 req-a2018798-115e-4fd6-91f1-c992d6596c35 ] Request (AttachVolumeShelveTestJSON:test_attach_volume_shelved_or_offload_server): 200 GET http://10.180.1.21/compute/v2.1/servers/7039a80a-3914-431b-8928-c6ca7301ca11 0.053s
2025-12-15 10:03:39.371 67328 INFO tempest.lib.common.rest_client [req-80b4d2c9-8503-43a9-8a2f-6a59192d4e2e req-80b4d2c9-8503-43a9-8a2f-6a59192d4e2e ] Request (ListImageFiltersTestJSON:setUpClass): 200 GET http://10.180.1.21/compute/v2.1/servers/9d110be8-be0d-4fda-9842-d661c8ca970f 0.059s
2025-12-15 10:03:39.773 67370 INFO tempest.lib.common.rest_client [req-f8e69532-9647-4aa6-bbbb-bfa4caac5da4 req-f8e69532-9647-4aa6-bbbb-bfa4caac5da4 ] Request (ImagesTestJSON:test_create_image_from_suspended_server): 200 GET http://10.180.1.21/compute/v2.1/servers/2085b829-24b6-4fc2-8246-2fcd69868802 0.235s
2025-12-15 10:03:39.830 67324 INFO tempest.lib.common.rest_client [req-346d45e8-cdec-4ede-8f87-8bf1475871f5 req-346d45e8-cdec-4ede-8f87-8bf1475871f5 ] Request (ServerDiskConfigTestJSON:test_resize_server_from_auto_to_manual): 200 GET http://10.180.1.21/compute/v2.1/servers/3fa8d8f6-ef30-434f-bbde-ee6e8266682e 0.255s
2025-12-15 10:03:39.898 67364 INFO tempest.lib.common.rest_client [req-28660dce-5b34-45bf-bc02-347ab12f7fb5 req-28660dce-5b34-45bf-bc02-347ab12f7fb5 ] Request (ServerRescueTestJSON:test_rescue_unrescue_instance): 200 GET http://10.180.1.21/compute/v2.1/servers/c1d65fca-2db7-42ea-814f-9bf130391e17 0.160s
2025-12-15 10:03:39.917 67338 INFO tempest.lib.common.rest_client [req-2aab1336-063b-4a80-a728-55b2491f2ab9 req-2aab1336-063b-4a80-a728-55b2491f2ab9 ] Request (ServersTestJSON:_run_cleanups): 200 GET http://10.180.1.21/compute/v2.1/servers/d23df453-5217-4d05-8bee-14736c62c396 0.152s
2025-12-15 10:03:39.959 67362 INFO tempest.lib.common.rest_client [req-02fd9212-370b-4f35-a349-483e913260bd req-02fd9212-370b-4f35-a349-483e913260bd ] Request (ServersAdminTestJSON:tearDownClass): 404 GET http://10.180.1.21/compute/v2.1/servers/f65b6db2-682a-446d-b426-0499b841a451 0.085s
2025-12-15 10:03:39.961 67318 INFO tempest.lib.common.rest_client [req-00d1f1de-c354-4ac8-81b2-62ace730a1e3 req-00d1f1de-c354-4ac8-81b2-62ace730a1e3 ] Request (ServersAdminNegativeTestJSON:tearDownClass): 200 GET http://10.180.1.21/compute/v2.1/servers/3a826f0b-096c-4199-b4e8-b62496bed6a5 0.153s
2025-12-15 10:03:40.018 67322 INFO tempest.lib.common.rest_client [req-8941098f-6954-4ff8-ad14-bc10729b3a40 req-8941098f-6954-4ff8-ad14-bc10729b3a40 ] Request (AttachInterfacesUnderV243Test:_run_cleanups): 200 GET http://10.180.1.21/compute/v2.1/servers/16338001-95aa-4491-a5eb-d1eb67115ec5 0.089s
2025-12-15 10:03:40.053 67340 INFO tempest.lib.common.rest_client [req-7d8174a9-cb70-44a5-b95a-fffb2b86a610 req-7d8174a9-cb70-44a5-b95a-fffb2b86a610 ] Request (FloatingIPsAssociationTestJSON:test_associate_already_associated_floating_ip): 200 GET http://10.180.1.21/compute/v2.1/servers/08f1bb2c-02d4-4974-82b5-0e0341f36cea 0.157s
2025-12-15 10:03:40.060 67340 INFO tempest.common.waiters [-] State transition "BUILD/block_device_mapping" ==> "BUILD/spawning" after 76 second wait
2025-12-15 10:03:40.074 67380 INFO tempest.lib.common.rest_client [req-8c4fec64-e8c1-4ab4-9f8c-06523a2e810a req-8c4fec64-e8c1-4ab4-9f8c-06523a2e810a ] Request (TenantUsagesTestJSON:tearDownClass): 200 GET http://10.180.1.21/compute/v2.1/servers/83d6518c-a7f3-4a2a-a79a-ad9443868d3f 0.122s
2025-12-15 10:03:40.123 67360 INFO tempest.lib.common.rest_client [req-8eb06f56-24ae-4b87-ab79-594766619578 req-8eb06f56-24ae-4b87-ab79-594766619578 ] Request (DeleteServersTestJSON:test_delete_server_while_in_shelved_state): 200 GET http://10.180.1.21/compute/v2.1/servers/c0c4758f-a5fe-4a94-bfbd-cd764870d4b2 0.123s
2025-12-15 10:03:40.131 67362 INFO tempest.lib.common.rest_client [req-e8fcc0eb-8ded-47b2-b8c2-fe6b17a82f5a req-e8fcc0eb-8ded-47b2-b8c2-fe6b17a82f5a ] Request (ServersAdminTestJSON:tearDownClass): 204 DELETE http://10.180.1.21/compute/v2.1/servers/44ea6fed-cfd5-41fe-bd86-245b8e85ae4f 0.171s
2025-12-15 10:03:40.150 67368 INFO tempest.lib.common.rest_client [req-4c946119-67d2-48de-834a-7c6c52e5669e req-4c946119-67d2-48de-834a-7c6c52e5669e ] Request (VolumesTestJSON:setUpClass): 200 GET http://10.180.1.21/volume/v3/volumes/31067266-6d6f-4b32-9c39-10fef234ff47 0.029s
2025-12-15 10:03:40.158 67368 INFO tempest.common.waiters [-] volume 31067266-6d6f-4b32-9c39-10fef234ff47 reached available after waiting for 1.157978 seconds
2025-12-15 10:03:40.185 67330 INFO tempest.lib.common.rest_client [req-890de643-6e8f-478a-b1db-94c01c022384 req-890de643-6e8f-478a-b1db-94c01c022384 ] Request (ServersNegativeTestJSON:setUpClass): 200 GET http://10.180.1.21/compute/v2.1/servers/adab0a91-fec1-4180-b68d-a6aea816d2cc 0.114s
2025-12-15 10:03:40.223 67346 INFO tempest.lib.common.rest_client [req-c0175b6a-7605-4b5c-8d58-31ad0ba37124 req-c0175b6a-7605-4b5c-8d58-31ad0ba37124 ] Request (ImagesOneServerNegativeTestJSON:tearDown): 200 GET http://10.180.1.21/compute/v2.1/servers/53cef26c-0800-4ebe-97e9-4a6c3bb76728 0.166s
2025-12-15 10:03:40.231 67346 INFO tempest.common.waiters [-] State transition "ACTIVE/image_pending_upload" ==> "ACTIVE/image_uploading" after 4 second wait
2025-12-15 10:03:40.236 67320 INFO tempest.lib.common.rest_client [req-7b5b58e6-bb38-4fde-87e0-e219102d4191 req-7b5b58e6-bb38-4fde-87e0-e219102d4191 ] Request (MigrationsAdminTest:test_resize_server_revert_deleted_flavor): 200 GET http://10.180.1.21/compute/v2.1/servers/28ae6fea-c238-49c3-a74f-a551a2c4c30b 0.125s
2025-12-15 10:03:40.281 67358 INFO tempest.lib.common.rest_client [req-38e8ab63-aefd-4415-8dc7-136144e0a719 req-38e8ab63-aefd-4415-8dc7-136144e0a719 ] Request (ServerRescueNegativeTestJSON:setUpClass): 200 GET http://10.180.1.21/compute/v2.1/servers/de040401-6717-4854-9ffd-65a3d3999be6 0.152s
2025-12-15 10:03:40.314 67368 INFO tempest.lib.common.rest_client [req-b27bcc0d-4e6a-4bd3-82a8-be3a2ff9dfaf req-b27bcc0d-4e6a-4bd3-82a8-be3a2ff9dfaf ] Request (VolumesTestJSON:setUpClass): 200 GET http://10.180.1.21/compute/v2.1/os-volumes/31067266-6d6f-4b32-9c39-10fef234ff47 0.156s
2025-12-15 10:03:40.358 67362 INFO tempest.lib.common.rest_client [req-482fbaac-5b91-40fc-a0d9-a439b88271bb req-482fbaac-5b91-40fc-a0d9-a439b88271bb ] Request (ServersAdminTestJSON:tearDownClass): 200 GET http://10.180.1.21/compute/v2.1/servers/44ea6fed-cfd5-41fe-bd86-245b8e85ae4f 0.227s
2025-12-15 10:03:40.376 67374 INFO tempest.lib.common.rest_client [req-b1f950ca-e15f-4ab2-a3e6-fbb5740d164e req-b1f950ca-e15f-4ab2-a3e6-fbb5740d164e ] Request (ListServerFiltersTestJSON:setUpClass): 200 GET http://10.180.1.21/compute/v2.1/servers/39426d7e-5fed-4ee5-ad4d-b16962cda742 0.206s
2025-12-15 10:03:40.426 67352 INFO tempest.lib.common.rest_client [req-6efaa608-72f6-42e1-97b8-2dfd8d19a4db req-6efaa608-72f6-42e1-97b8-2dfd8d19a4db ] Request (SecurityGroupsTestJSON:test_server_security_groups): 200 GET http://10.180.1.21/compute/v2.1/servers/64462084-da80-462b-a8c2-0f073511b4b0 0.243s
2025-12-15 10:03:40.454 67376 INFO tempest.lib.common.rest_client [req-a4939b66-8c65-463f-9783-91205e6d2bfd req-a4939b66-8c65-463f-9783-91205e6d2bfd ] Request (InstanceActionsTestJSON:tearDownClass): 200 GET http://10.180.1.21/compute/v2.1/servers/fb2201d4-8496-466b-a1c8-75ccf835b5fb 0.225s
2025-12-15 10:03:40.495 67336 INFO tempest.lib.common.rest_client [req-b5ae652a-aa81-4b7a-8d9b-419a7ab93b54 req-b5ae652a-aa81-4b7a-8d9b-419a7ab93b54 ] Request (ServerTagsTestJSON:setUpClass): 200 GET http://10.180.1.21/compute/v2.1/servers/ba04e286-545d-4d32-8a86-8e8c354c4915 0.252s
2025-12-15 10:03:40.514 67334 INFO tempest.lib.common.rest_client [req-3418506b-183f-408a-b96b-7cd1d50637b8 req-3418506b-183f-408a-b96b-7cd1d50637b8 ] Request (ServerActionsTestOtherA:test_rebuild_server_in_stop_state): 200 GET http://10.180.1.21/compute/v2.1/servers/38f13ad9-d0ec-4107-8c47-84e85e376975 0.227s
2025-12-15 10:03:40.557 67368 INFO tempest.lib.common.rest_client [req-47ae1a4b-67a1-4e85-9cd4-af315216074c req-47ae1a4b-67a1-4e85-9cd4-af315216074c ] Request (VolumesTestJSON:test_volume_list): 200 GET http://10.180.1.21/compute/v2.1/os-volumes 0.240s
2025-12-15 10:03:40.575 67348 INFO tempest.lib.common.rest_client [req-2aad6ff9-5250-494e-b2f6-d09b2efd4e25 req-2aad6ff9-5250-494e-b2f6-d09b2efd4e25 ] Request (AttachVolumeShelveTestJSON:test_attach_volume_shelved_or_offload_server): 200 GET http://10.180.1.21/compute/v2.1/servers/7039a80a-3914-431b-8928-c6ca7301ca11 0.235s
2025-12-15 10:03:40.621 67328 INFO tempest.lib.common.rest_client [req-129f776c-2932-4b60-be99-d2a254d13782 req-129f776c-2932-4b60-be99-d2a254d13782 ] Request (ListImageFiltersTestJSON:setUpClass): 200 GET http://10.180.1.21/compute/v2.1/servers/9d110be8-be0d-4fda-9842-d661c8ca970f 0.242s
2025-12-15 10:03:40.639 67368 INFO tempest.lib.common.rest_client [req-889ec167-57a5-4f67-b846-0c19fb021852 req-889ec167-57a5-4f67-b846-0c19fb021852 ] Request (VolumesTestJSON:test_volume_list_param_limit): 200 GET http://10.180.1.21/compute/v2.1/os-volumes?limit=2 0.073s
2025-12-15 10:03:40.681 67368 INFO tempest.lib.common.rest_client [req-3f1fcc77-d3eb-4f57-9cf4-f11c514c3025 req-3f1fcc77-d3eb-4f57-9cf4-f11c514c3025 ] Request (VolumesTestJSON:test_volume_list_param_offset_and_limit): 200 GET http://10.180.1.21/compute/v2.1/os-volumes 0.037s
2025-12-15 10:03:40.717 67368 INFO tempest.lib.common.rest_client [req-0b76a0e2-cbc4-408d-bfdd-992cdb4e06a1 req-0b76a0e2-cbc4-408d-bfdd-992cdb4e06a1 ] Request (VolumesTestJSON:test_volume_list_param_offset_and_limit): 200 GET http://10.180.1.21/compute/v2.1/os-volumes?offset=1&limit=1 0.033s
2025-12-15 10:03:40.754 67368 INFO tempest.lib.common.rest_client [req-e1ae0d41-08ea-4baf-bd81-269623b4fd9b req-e1ae0d41-08ea-4baf-bd81-269623b4fd9b ] Request (VolumesTestJSON:test_volume_list_with_detail_param_limit): 200 GET http://10.180.1.21/compute/v2.1/os-volumes/detail?limit=2 0.033s
2025-12-15 10:03:40.792 67368 INFO tempest.lib.common.rest_client [req-538decff-435a-410a-bb09-3f21b21a5a63 req-538decff-435a-410a-bb09-3f21b21a5a63 ] Request (VolumesTestJSON:test_volume_list_with_detail_param_offset_and_limit): 200 GET http://10.180.1.21/compute/v2.1/os-volumes/detail 0.034s
2025-12-15 10:03:40.830 67368 INFO tempest.lib.common.rest_client [req-2157c1a7-895f-4feb-84a2-d174c7fa5c6f req-2157c1a7-895f-4feb-84a2-d174c7fa5c6f ] Request (VolumesTestJSON:test_volume_list_with_detail_param_offset_and_limit): 200 GET http://10.180.1.21/compute/v2.1/os-volumes/detail?offset=1&limit=1 0.034s
2025-12-15 10:03:40.833 67370 INFO tempest.lib.common.rest_client [req-4833612c-3417-4a95-834b-a6ac6b57d34e req-4833612c-3417-4a95-834b-a6ac6b57d34e ] Request (ImagesTestJSON:test_create_image_from_suspended_server): 200 GET http://10.180.1.21/compute/v2.1/servers/2085b829-24b6-4fc2-8246-2fcd69868802 0.052s
2025-12-15 10:03:40.874 67368 INFO tempest.lib.common.rest_client [req-d1593c10-fb2c-4f40-a9fd-cbdaafcff494 req-d1593c10-fb2c-4f40-a9fd-cbdaafcff494 ] Request (VolumesTestJSON:test_volume_list_with_details): 200 GET http://10.180.1.21/compute/v2.1/os-volumes/detail 0.040s
2025-12-15 10:03:40.920 67368 INFO tempest.lib.common.rest_client [req-c622bed5-baf0-439b-9ec6-e7cca0ade79f req-c622bed5-baf0-439b-9ec6-e7cca0ade79f ] Request (VolumesTestJSON:tearDownClass): 202 DELETE http://10.180.1.21/volume/v3/volumes/31067266-6d6f-4b32-9c39-10fef234ff47 0.040s
2025-12-15 10:03:40.945 67368 INFO tempest.lib.common.rest_client [req-b8b12306-449d-488d-8725-a27fc521b859 req-b8b12306-449d-488d-8725-a27fc521b859 ] Request (VolumesTestJSON:tearDownClass): 200 GET http://10.180.1.21/volume/v3/volumes/31067266-6d6f-4b32-9c39-10fef234ff47 0.024s
2025-12-15 10:03:40.987 67324 INFO tempest.lib.common.rest_client [req-b7508f1e-e166-49f4-b179-bb875876eeb1 req-b7508f1e-e166-49f4-b179-bb875876eeb1 ] Request (ServerDiskConfigTestJSON:test_resize_server_from_auto_to_manual): 200 GET http://10.180.1.21/compute/v2.1/servers/3fa8d8f6-ef30-434f-bbde-ee6e8266682e 0.147s
2025-12-15 10:03:41.005 67364 INFO tempest.lib.common.rest_client [req-1e9e4ff6-cb2e-4c89-aa6c-4268b29c5d9a req-1e9e4ff6-cb2e-4c89-aa6c-4268b29c5d9a ] Request (ServerRescueTestJSON:test_rescue_unrescue_instance): 200 GET http://10.180.1.21/compute/v2.1/servers/c1d65fca-2db7-42ea-814f-9bf130391e17 0.099s
2025-12-15 10:03:41.039 67338 INFO tempest.lib.common.rest_client [req-a1db8ada-f857-4317-bc8b-7d6e76eafb24 req-a1db8ada-f857-4317-bc8b-7d6e76eafb24 ] Request (ServersTestJSON:_run_cleanups): 200 GET http://10.180.1.21/compute/v2.1/servers/d23df453-5217-4d05-8bee-14736c62c396 0.112s
2025-12-15 10:03:41.047 67338 INFO tempest.common.waiters [-] State transition "ACTIVE/deleting" ==> "DELETED/None" after 4 second wait
2025-12-15 10:03:41.064 67318 INFO tempest.lib.common.rest_client [req-c6ce140f-20bc-4907-9707-d4139849baf2 req-c6ce140f-20bc-4907-9707-d4139849baf2 ] Request (ServersAdminNegativeTestJSON:tearDownClass): 200 GET http://10.180.1.21/compute/v2.1/servers/3a826f0b-096c-4199-b4e8-b62496bed6a5 0.093s
2025-12-15 10:03:41.094 67322 INFO tempest.lib.common.rest_client [req-f0fa4db2-23a7-4282-ba00-a56e319bf941 req-f0fa4db2-23a7-4282-ba00-a56e319bf941 ] Request (AttachInterfacesUnderV243Test:_run_cleanups): 200 GET http://10.180.1.21/compute/v2.1/servers/16338001-95aa-4491-a5eb-d1eb67115ec5 0.067s
2025-12-15 10:03:41.149 67340 INFO tempest.lib.common.rest_client [req-6c6da0de-8ba8-48e9-8e10-39111d80f0d8 req-6c6da0de-8ba8-48e9-8e10-39111d80f0d8 ] Request (FloatingIPsAssociationTestJSON:test_associate_already_associated_floating_ip): 200 GET http://10.180.1.21/compute/v2.1/servers/08f1bb2c-02d4-4974-82b5-0e0341f36cea 0.087s
2025-12-15 10:03:41.166 67380 INFO tempest.lib.common.rest_client [req-d7563f5f-0bbb-47b1-8f25-45e79a620b3d req-d7563f5f-0bbb-47b1-8f25-45e79a620b3d ] Request (TenantUsagesTestJSON:tearDownClass): 200 GET http://10.180.1.21/compute/v2.1/servers/83d6518c-a7f3-4a2a-a79a-ad9443868d3f 0.083s
2025-12-15 10:03:41.201 67360 INFO tempest.lib.common.rest_client [req-9e5bb5de-23d1-4bb6-ace2-b47c5f039557 req-9e5bb5de-23d1-4bb6-ace2-b47c5f039557 ] Request (DeleteServersTestJSON:test_delete_server_while_in_shelved_state): 200 GET http://10.180.1.21/compute/v2.1/servers/c0c4758f-a5fe-4a94-bfbd-cd764870d4b2 0.070s
2025-12-15 10:03:41.248 67330 INFO tempest.lib.common.rest_client [req-b9abdbd9-2b21-4738-ac25-2b694bea0ffb req-b9abdbd9-2b21-4738-ac25-2b694bea0ffb ] Request (ServersNegativeTestJSON:setUpClass): 200 GET http://10.180.1.21/compute/v2.1/servers/adab0a91-fec1-4180-b68d-a6aea816d2cc 0.054s
2025-12-15 10:03:41.298 67320 INFO tempest.lib.common.rest_client [req-8c353218-e219-448b-a50a-f32070633036 req-8c353218-e219-448b-a50a-f32070633036 ] Request (MigrationsAdminTest:test_resize_server_revert_deleted_flavor): 200 GET http://10.180.1.21/compute/v2.1/servers/28ae6fea-c238-49c3-a74f-a551a2c4c30b 0.053s
2025-12-15 10:03:41.336 67346 INFO tempest.lib.common.rest_client [req-25a1a8c3-cb9b-490e-874d-dfc7063a2ee3 req-25a1a8c3-cb9b-490e-874d-dfc7063a2ee3 ] Request (ImagesOneServerNegativeTestJSON:tearDown): 200 GET http://10.180.1.21/compute/v2.1/servers/53cef26c-0800-4ebe-97e9-4a6c3bb76728 0.104s
2025-12-15 10:03:41.354 67358 INFO tempest.lib.common.rest_client [req-1ac600ce-dbb5-4ee0-99ed-22d16ed1888f req-1ac600ce-dbb5-4ee0-99ed-22d16ed1888f ] Request (ServerRescueNegativeTestJSON:setUpClass): 200 GET http://10.180.1.21/compute/v2.1/servers/de040401-6717-4854-9ffd-65a3d3999be6 0.064s
2025-12-15 10:03:41.444 67374 INFO tempest.lib.common.rest_client [req-6ec117d6-e1f8-4ad2-a545-b974d5f3bb55 req-6ec117d6-e1f8-4ad2-a545-b974d5f3bb55 ] Request (ListServerFiltersTestJSON:setUpClass): 200 GET http://10.180.1.21/compute/v2.1/servers/39426d7e-5fed-4ee5-ad4d-b16962cda742 0.058s
2025-12-15 10:03:41.506 67352 INFO tempest.lib.common.rest_client [req-d7f0c14a-e514-40eb-8def-d89c83145e03 req-d7f0c14a-e514-40eb-8def-d89c83145e03 ] Request (SecurityGroupsTestJSON:test_server_security_groups): 200 GET http://10.180.1.21/compute/v2.1/servers/64462084-da80-462b-a8c2-0f073511b4b0 0.070s
2025-12-15 10:03:41.513 67362 INFO tempest.lib.common.rest_client [req-98b43052-0b9b-4726-9b1c-88376b5c5c74 req-98b43052-0b9b-4726-9b1c-88376b5c5c74 ] Request (ServersAdminTestJSON:tearDownClass): 200 GET http://10.180.1.21/compute/v2.1/servers/44ea6fed-cfd5-41fe-bd86-245b8e85ae4f 0.145s
2025-12-15 10:03:41.559 67376 INFO tempest.lib.common.rest_client [req-15206f0c-05fa-4b5b-806f-d95d2362c9f4 req-15206f0c-05fa-4b5b-806f-d95d2362c9f4 ] Request (InstanceActionsTestJSON:tearDownClass): 200 GET http://10.180.1.21/compute/v2.1/servers/fb2201d4-8496-466b-a1c8-75ccf835b5fb 0.096s
2025-12-15 10:03:41.561 67336 INFO tempest.lib.common.rest_client [req-5ca776e2-ca17-4982-ac70-24aeab817b0f req-5ca776e2-ca17-4982-ac70-24aeab817b0f ] Request (ServerTagsTestJSON:setUpClass): 200 GET http://10.180.1.21/compute/v2.1/servers/ba04e286-545d-4d32-8a86-8e8c354c4915 0.057s
2025-12-15 10:03:41.605 67334 INFO tempest.lib.common.rest_client [req-49623b87-15e1-4271-a4f9-9262e4a563e7 req-49623b87-15e1-4271-a4f9-9262e4a563e7 ] Request (ServerActionsTestOtherA:test_rebuild_server_in_stop_state): 200 GET http://10.180.1.21/compute/v2.1/servers/38f13ad9-d0ec-4107-8c47-84e85e376975 0.081s
2025-12-15 10:03:41.637 67348 INFO tempest.lib.common.rest_client [req-eea80764-6fc3-4dbf-8513-4f79f643a8ac req-eea80764-6fc3-4dbf-8513-4f79f643a8ac ] Request (AttachVolumeShelveTestJSON:test_attach_volume_shelved_or_offload_server): 200 GET http://10.180.1.21/compute/v2.1/servers/7039a80a-3914-431b-8928-c6ca7301ca11 0.052s
2025-12-15 10:03:41.682 67328 INFO tempest.lib.common.rest_client [req-9389fb9d-5e37-4439-8e20-6c5f7d136c39 req-9389fb9d-5e37-4439-8e20-6c5f7d136c39 ] Request (ListImageFiltersTestJSON:setUpClass): 200 GET http://10.180.1.21/compute/v2.1/servers/9d110be8-be0d-4fda-9842-d661c8ca970f 0.053s
2025-12-15 10:03:41.910 67370 INFO tempest.lib.common.rest_client [req-eda1b28a-8bf3-425b-a2e3-72a52218b4db req-eda1b28a-8bf3-425b-a2e3-72a52218b4db ] Request (ImagesTestJSON:test_create_image_from_suspended_server): 200 GET http://10.180.1.21/compute/v2.1/servers/2085b829-24b6-4fc2-8246-2fcd69868802 0.069s
2025-12-15 10:03:41.966 67368 INFO tempest.lib.common.rest_client [req-2b1f7ad1-2f30-45bc-b180-ec90c0ad5149 req-2b1f7ad1-2f30-45bc-b180-ec90c0ad5149 ] Request (VolumesTestJSON:tearDownClass): 404 GET http://10.180.1.21/volume/v3/volumes/31067266-6d6f-4b32-9c39-10fef234ff47 0.014s
2025-12-15 10:03:42.009 67368 INFO tempest.lib.common.rest_client [req-aee96312-1fdb-4adf-89f0-d767981998c5 req-aee96312-1fdb-4adf-89f0-d767981998c5 ] Request (VolumesTestJSON:tearDownClass): 202 DELETE http://10.180.1.21/volume/v3/volumes/be2559e3-7c14-4a03-be65-6ea29c472d78 0.042s
2025-12-15 10:03:42.044 67368 INFO tempest.lib.common.rest_client [req-6d574c2c-9065-4143-9c5a-df3399ac0d9d req-6d574c2c-9065-4143-9c5a-df3399ac0d9d ] Request (VolumesTestJSON:tearDownClass): 200 GET http://10.180.1.21/volume/v3/volumes/be2559e3-7c14-4a03-be65-6ea29c472d78 0.034s
2025-12-15 10:03:42.130 67364 INFO tempest.lib.common.rest_client [req-1ee17a29-8f1e-4f74-8f0a-718092ae6c22 req-1ee17a29-8f1e-4f74-8f0a-718092ae6c22 ] Request (ServerRescueTestJSON:test_rescue_unrescue_instance): 200 GET http://10.180.1.21/compute/v2.1/servers/c1d65fca-2db7-42ea-814f-9bf130391e17 0.116s
2025-12-15 10:03:42.138 67324 INFO tempest.lib.common.rest_client [req-098285a9-f903-4dd4-bb82-25cd9d67c348 req-098285a9-f903-4dd4-bb82-25cd9d67c348 ] Request (ServerDiskConfigTestJSON:test_resize_server_from_auto_to_manual): 200 GET http://10.180.1.21/compute/v2.1/servers/3fa8d8f6-ef30-434f-bbde-ee6e8266682e 0.143s
2025-12-15 10:03:42.184 67338 INFO tempest.lib.common.rest_client [req-9f1574a4-93e0-42e7-92ed-5d3dc53d0174 req-9f1574a4-93e0-42e7-92ed-5d3dc53d0174 ] Request (ServersTestJSON:_run_cleanups): 200 GET http://10.180.1.21/compute/v2.1/servers/d23df453-5217-4d05-8bee-14736c62c396 0.133s
2025-12-15 10:03:42.200 67318 INFO tempest.lib.common.rest_client [req-889b4157-a5ce-49a9-a8d3-05b7295f2143 req-889b4157-a5ce-49a9-a8d3-05b7295f2143 ] Request (ServersAdminNegativeTestJSON:tearDownClass): 200 GET http://10.180.1.21/compute/v2.1/servers/3a826f0b-096c-4199-b4e8-b62496bed6a5 0.128s
2025-12-15 10:03:42.242 67322 INFO tempest.lib.common.rest_client [req-8135edc6-d9c3-4cc5-b147-cca7e0806ec4 req-8135edc6-d9c3-4cc5-b147-cca7e0806ec4 ] Request (AttachInterfacesUnderV243Test:_run_cleanups): 200 GET http://10.180.1.21/compute/v2.1/servers/16338001-95aa-4491-a5eb-d1eb67115ec5 0.140s
2025-12-15 10:03:42.260 67380 INFO tempest.lib.common.rest_client [req-fdf86f9c-2f29-4f8b-8a88-4efbe2777088 req-fdf86f9c-2f29-4f8b-8a88-4efbe2777088 ] Request (TenantUsagesTestJSON:tearDownClass): 404 GET http://10.180.1.21/compute/v2.1/servers/83d6518c-a7f3-4a2a-a79a-ad9443868d3f 0.086s
2025-12-15 10:03:42.325 67360 INFO tempest.lib.common.rest_client [req-0d61bde2-a5ed-4eff-82d4-412b1d324e0a req-0d61bde2-a5ed-4eff-82d4-412b1d324e0a ] Request (DeleteServersTestJSON:test_delete_server_while_in_shelved_state): 200 GET http://10.180.1.21/compute/v2.1/servers/c0c4758f-a5fe-4a94-bfbd-cd764870d4b2 0.113s
2025-12-15 10:03:42.352 67340 INFO tempest.lib.common.rest_client [req-b11a4cbf-29c7-43bd-870d-116e5a59a0d7 req-b11a4cbf-29c7-43bd-870d-116e5a59a0d7 ] Request (FloatingIPsAssociationTestJSON:test_associate_already_associated_floating_ip): 200 GET http://10.180.1.21/compute/v2.1/servers/08f1bb2c-02d4-4974-82b5-0e0341f36cea 0.194s
2025-12-15 10:03:42.384 67330 INFO tempest.lib.common.rest_client [req-17f678c3-1f4c-4ba7-b61b-f634049b7d4c req-17f678c3-1f4c-4ba7-b61b-f634049b7d4c ] Request (ServersNegativeTestJSON:setUpClass): 200 GET http://10.180.1.21/compute/v2.1/servers/adab0a91-fec1-4180-b68d-a6aea816d2cc 0.128s
2025-12-15 10:03:42.393 67380 INFO tempest.lib.common.rest_client [req-0b53feb0-dc0e-4d67-9de8-b325dc50faa7 req-0b53feb0-dc0e-4d67-9de8-b325dc50faa7 ] Request (TenantUsagesTestJSON:tearDownClass): 204 DELETE http://10.180.1.21/identity/v3/users/6d445798f94d46d3ae4bb35b5a922214 0.132s
2025-12-15 10:03:42.412 67356 WARNING tempest.lib.common.ssh [-] Failed to establish authenticated ssh connection to cirros@10.180.180.178 ([Errno None] Unable to connect to port 22 on 10.180.180.178). Number attempts: 5. Retry after 6 seconds.: paramiko.ssh_exception.NoValidConnectionsError: [Errno None] Unable to connect to port 22 on 10.180.180.178
2025-12-15 10:03:42.432 67320 INFO tempest.lib.common.rest_client [req-5f948ca5-7280-441b-ae6e-74fa156471d7 req-5f948ca5-7280-441b-ae6e-74fa156471d7 ] Request (MigrationsAdminTest:test_resize_server_revert_deleted_flavor): 200 GET http://10.180.1.21/compute/v2.1/servers/28ae6fea-c238-49c3-a74f-a551a2c4c30b 0.126s
2025-12-15 10:03:42.552 67380 INFO tempest.lib.common.rest_client [req-f1209da9-62e5-426c-859e-436afdb2dfd2 req-f1209da9-62e5-426c-859e-436afdb2dfd2 ] Request (TenantUsagesTestJSON:tearDownClass): 204 DELETE http://10.180.1.21/identity/v3/users/c8df8a38e9c24981b2019dab7764971b 0.156s
2025-12-15 10:03:42.552 67380 INFO tempest.lib.common.dynamic_creds [-] Deleting project and security group for project: d75882d5ad6b44ccb23d098b2af815c6
2025-12-15 10:03:42.593 67358 INFO tempest.lib.common.rest_client [req-4a998a23-2fc5-42d9-b1d2-6b380c81590b req-4a998a23-2fc5-42d9-b1d2-6b380c81590b ] Request (ServerRescueNegativeTestJSON:setUpClass): 200 GET http://10.180.1.21/compute/v2.1/servers/de040401-6717-4854-9ffd-65a3d3999be6 0.231s
2025-12-15 10:03:42.622 67346 INFO tempest.lib.common.rest_client [req-55a35021-cdd7-427c-a2d5-d1b32b2b12b3 req-55a35021-cdd7-427c-a2d5-d1b32b2b12b3 ] Request (ImagesOneServerNegativeTestJSON:tearDown): 200 GET http://10.180.1.21/compute/v2.1/servers/53cef26c-0800-4ebe-97e9-4a6c3bb76728 0.276s
2025-12-15 10:03:42.624 67380 INFO tempest.lib.common.rest_client [req-8fca4656-8c1e-44bc-9ab8-296d2e3f697d req-8fca4656-8c1e-44bc-9ab8-296d2e3f697d ] Request (TenantUsagesTestJSON:tearDownClass): 201 POST http://10.180.1.21/identity/v3/auth/tokens 0.072s
2025-12-15 10:03:42.692 67374 INFO tempest.lib.common.rest_client [req-6c8c1c04-77ba-4984-8a71-b6afb8157ab2 req-6c8c1c04-77ba-4984-8a71-b6afb8157ab2 ] Request (ListServerFiltersTestJSON:setUpClass): 200 GET http://10.180.1.21/compute/v2.1/servers/39426d7e-5fed-4ee5-ad4d-b16962cda742 0.240s
2025-12-15 10:03:42.708 67352 INFO tempest.lib.common.rest_client [req-0ae957f2-c70a-4826-b33e-de894f7329cb req-0ae957f2-c70a-4826-b33e-de894f7329cb ] Request (SecurityGroupsTestJSON:test_server_security_groups): 200 GET http://10.180.1.21/compute/v2.1/servers/64462084-da80-462b-a8c2-0f073511b4b0 0.194s
2025-12-15 10:03:42.772 67362 INFO tempest.lib.common.rest_client [req-d563e366-3107-4ece-9724-468f3ee02ad9 req-d563e366-3107-4ece-9724-468f3ee02ad9 ] Request (ServersAdminTestJSON:tearDownClass): 200 GET http://10.180.1.21/compute/v2.1/servers/44ea6fed-cfd5-41fe-bd86-245b8e85ae4f 0.251s
2025-12-15 10:03:42.788 67376 INFO tempest.lib.common.rest_client [req-d040d2a9-f04d-4202-b817-03fb13c4a006 req-d040d2a9-f04d-4202-b817-03fb13c4a006 ] Request (InstanceActionsTestJSON:tearDownClass): 200 GET http://10.180.1.21/compute/v2.1/servers/fb2201d4-8496-466b-a1c8-75ccf835b5fb 0.221s
2025-12-15 10:03:42.811 67380 INFO tempest.lib.common.rest_client [req-4ba8546e-340b-41c6-b7f0-cb46bb8ef059 req-4ba8546e-340b-41c6-b7f0-cb46bb8ef059 ] Request (TenantUsagesTestJSON:tearDownClass): 200 GET http://10.180.1.21/networking/v2.0/security-groups?tenant_id=d75882d5ad6b44ccb23d098b2af815c6&name=default 0.186s
2025-12-15 10:03:42.834 67336 INFO tempest.lib.common.rest_client [req-fd500c12-0dc2-4e36-8487-c0bb720a1c29 req-fd500c12-0dc2-4e36-8487-c0bb720a1c29 ] Request (ServerTagsTestJSON:setUpClass): 200 GET http://10.180.1.21/compute/v2.1/servers/ba04e286-545d-4d32-8a86-8e8c354c4915 0.263s
2025-12-15 10:03:42.848 67334 INFO tempest.lib.common.rest_client [req-e652dcd5-ab96-4769-8d6e-ac4cd23350aa req-e652dcd5-ab96-4769-8d6e-ac4cd23350aa ] Request (ServerActionsTestOtherA:test_rebuild_server_in_stop_state): 200 GET http://10.180.1.21/compute/v2.1/servers/38f13ad9-d0ec-4107-8c47-84e85e376975 0.233s
2025-12-15 10:03:42.913 67348 INFO tempest.lib.common.rest_client [req-59c6317b-94ac-4ef9-9102-49945a6ca4a5 req-59c6317b-94ac-4ef9-9102-49945a6ca4a5 ] Request (AttachVolumeShelveTestJSON:test_attach_volume_shelved_or_offload_server): 200 GET http://10.180.1.21/compute/v2.1/servers/7039a80a-3914-431b-8928-c6ca7301ca11 0.264s
2025-12-15 10:03:42.920 67380 INFO tempest.lib.common.rest_client [req-9d50cd2c-cfc3-4af6-95f0-813ef89ddad2 req-9d50cd2c-cfc3-4af6-95f0-813ef89ddad2 ] Request (TenantUsagesTestJSON:tearDownClass): 204 DELETE http://10.180.1.21/networking/v2.0/security-groups/00a205de-9feb-43eb-b60d-752b48b6a4b4 0.108s
2025-12-15 10:03:42.942 67328 INFO tempest.lib.common.rest_client [req-207e93b7-9b83-4023-abae-1e075a4a6779 req-207e93b7-9b83-4023-abae-1e075a4a6779 ] Request (ListImageFiltersTestJSON:setUpClass): 200 GET http://10.180.1.21/compute/v2.1/servers/9d110be8-be0d-4fda-9842-d661c8ca970f 0.252s
2025-12-15 10:03:42.974 67370 INFO tempest.lib.common.rest_client [req-2ac7812b-62d9-4d31-ad71-f96613e2245b req-2ac7812b-62d9-4d31-ad71-f96613e2245b ] Request (ImagesTestJSON:test_create_image_from_suspended_server): 200 GET http://10.180.1.21/compute/v2.1/servers/2085b829-24b6-4fc2-8246-2fcd69868802 0.053s
2025-12-15 10:03:42.987 67380 INFO tempest.lib.common.rest_client [req-373a406e-7120-49ac-a10c-c85257ce5cce req-373a406e-7120-49ac-a10c-c85257ce5cce ] Request (TenantUsagesTestJSON:tearDownClass): 204 DELETE http://10.180.1.21/identity/v3/projects/d75882d5ad6b44ccb23d098b2af815c6 0.066s
2025-12-15 10:03:42.987 67380 INFO tempest.lib.common.dynamic_creds [-] Deleting project and security group for project: 145db16688e94709b2cea70003ca5779
2025-12-15 10:03:43.011 67380 INFO tempest.lib.common.rest_client [req-2055832d-79bd-43c0-874d-2a278eeae967 req-2055832d-79bd-43c0-874d-2a278eeae967 ] Request (TenantUsagesTestJSON:tearDownClass): 200 GET http://10.180.1.21/networking/v2.0/security-groups?tenant_id=145db16688e94709b2cea70003ca5779&name=default 0.024s
2025-12-15 10:03:43.067 67368 INFO tempest.lib.common.rest_client [req-0a47c1ad-e506-4863-890e-4764e0eeaeb8 req-0a47c1ad-e506-4863-890e-4764e0eeaeb8 ] Request (VolumesTestJSON:tearDownClass): 404 GET http://10.180.1.21/volume/v3/volumes/be2559e3-7c14-4a03-be65-6ea29c472d78 0.014s
2025-12-15 10:03:43.085 67380 INFO tempest.lib.common.rest_client [req-4b5c0bde-00e7-4db5-aa49-96b927ec3203 req-4b5c0bde-00e7-4db5-aa49-96b927ec3203 ] Request (TenantUsagesTestJSON:tearDownClass): 204 DELETE http://10.180.1.21/networking/v2.0/security-groups/ef56158e-ce23-4232-99f2-f2f1455ba7b7 0.074s
2025-12-15 10:03:43.103 67368 INFO tempest.lib.common.rest_client [req-25b3e6f4-b77d-46eb-898d-66ebffbf10eb req-25b3e6f4-b77d-46eb-898d-66ebffbf10eb ] Request (VolumesTestJSON:tearDownClass): 202 DELETE http://10.180.1.21/volume/v3/volumes/9b933f3f-7108-4e71-91f0-3521b92b63b5 0.036s
