2025-12-15 10:01:22.191 67332 INFO tempest.lib.common.rest_client [req-f6961351-3a6b-49c7-bf5d-3d769d70411e req-f6961351-3a6b-49c7-bf5d-3d769d70411e ] Request (AttachInterfacesTestJSON:test_create_list_show_delete_interfaces_by_fixed_ip): 200 GET http://10.180.1.21/compute/v2.1/servers/4d3d9ab9-33ed-4c61-bea6-d3189c2aa7bc 7.047s
2025-12-15 10:01:22.403 67340 INFO tempest.lib.common.rest_client [req-74819c57-ade9-4c3c-a8ce-194ee39e5acf req-74819c57-ade9-4c3c-a8ce-194ee39e5acf ] Request (FloatingIPsAssociationTestJSON:setUpClass): 201 POST http://10.180.1.21/networking/v2.0/routers 1.539s
2025-12-15 10:01:22.434 67352 INFO tempest.lib.common.rest_client [req-7fd4c951-be6a-4094-9986-fb24c2c3a414 req-7fd4c951-be6a-4094-9986-fb24c2c3a414 ] Request (SecurityGroupsTestJSON:test_list_security_groups_by_server): 200 GET http://10.180.1.21/compute/v2.1/servers/656bb508-d486-481e-b54a-b4aabf616e66/os-security-groups 7.282s
2025-12-15 10:01:22.641 67322 INFO tempest.lib.common.rest_client [req-1fbed5de-1988-47f2-b7ed-78f14e2a22fd req-1fbed5de-1988-47f2-b7ed-78f14e2a22fd ] Request (SecurityGroupRulesNegativeTestJSON:tearDownClass): 204 DELETE http://10.180.1.21/networking/v2.0/routers/992c2aef-71a5-40ae-b826-61b653d63de8 0.656s
2025-12-15 10:01:22.704 67378 INFO tempest.lib.common.rest_client [req-a034a575-6332-4c7f-a522-18f8d3cc045d req-a034a575-6332-4c7f-a522-18f8d3cc045d ] Request (ServerDiagnosticsNegativeTest:tearDownClass): 200 GET http://10.180.1.21/compute/v2.1/servers/4bd09707-44bf-4fbd-9603-49ac8bb1d5ca 7.446s
2025-12-15 10:01:22.831 67334 INFO tempest.lib.common.rest_client [req-1bbe80ed-7d85-4bd4-89aa-5fcef18b0ee0 req-1bbe80ed-7d85-4bd4-89aa-5fcef18b0ee0 ] Request (ServerActionsTestOtherA:setUpClass): 201 POST http://10.180.1.21/networking/v2.0/floatingips 0.679s
2025-12-15 10:01:22.868 67324 INFO tempest.lib.common.rest_client [req-314b88a9-7105-481c-9aa2-53572848b032 req-314b88a9-7105-481c-9aa2-53572848b032 ] Request (ServerDiskConfigTestJSON:test_rebuild_server_with_manual_disk_config): 200 GET http://10.180.1.21/compute/v2.1/servers/704ce93d-bcf1-4784-a620-6945b5afa9ef 7.438s
2025-12-15 10:01:22.898 67356 INFO tempest.lib.common.rest_client [req-63a4bc59-5a14-447f-a0db-a05091fb3e4e req-63a4bc59-5a14-447f-a0db-a05091fb3e4e ] Request (FlavorsV261TestJSON:_run_cleanups): 200 GET http://10.180.1.21/compute/v2.1/flavors/detail 7.397s
2025-12-15 10:01:22.921 67334 INFO tempest.lib.common.rest_client [req-8a0ea763-5dc4-4602-98e7-eaf783f02f5c req-8a0ea763-5dc4-4602-98e7-eaf783f02f5c ] Request (ServerActionsTestOtherA:setUpClass): 201 POST http://10.180.1.21/identity/v3/auth/tokens 0.087s
2025-12-15 10:01:22.922 67334 INFO tempest.lib.common.fixed_network [-] (ServerActionsTestOtherA:setUpClass) Found network {'id': '6e2cd68b-554d-4073-9120-46bab8bd5889', 'name': 'tempest-ServerActionsTestOtherA-1899188311-network', 'tenant_id': '075188c70d304d53aa1c9202a86fdf43', 'project_id': '075188c70d304d53aa1c9202a86fdf43', 'admin_state_up': True, 'mtu': 8950, 'status': 'ACTIVE', 'subnets': [], 'shared': False, 'port_security_enabled': True, 'router:external': False, 'provider:network_type': 'vlan', 'provider:physical_network': 'default', 'provider:segmentation_id': 275, 'availability_zone_hints': [], 'availability_zones': [], 'ipv4_address_scope': None, 'ipv6_address_scope': None, 'description': '', 'tags': [], 'created_at': '2025-12-15T10:01:11Z', 'updated_at': '2025-12-15T10:01:11Z', 'revision_number': 1} available for tenant
2025-12-15 10:01:23.066 67322 INFO tempest.lib.common.rest_client [req-0cd4867e-6a4b-4239-aec1-21e955a9e85c req-0cd4867e-6a4b-4239-aec1-21e955a9e85c ] Request (SecurityGroupRulesNegativeTestJSON:tearDownClass): 204 DELETE http://10.180.1.21/networking/v2.0/subnets/98a38caf-6b60-4cdf-919f-28cabac70494 0.424s
2025-12-15 10:01:23.066 67356 INFO tempest.lib.common.rest_client [req-f2655b9c-2660-4b57-ac1d-0d758b768f9c req-f2655b9c-2660-4b57-ac1d-0d758b768f9c ] Request (FlavorsV261TestJSON:tearDownClass): 204 DELETE http://10.180.1.21/identity/v3/users/844dca561e844807813dc6d1c93ed356 0.159s
2025-12-15 10:01:23.117 67366 INFO tempest.lib.common.rest_client [req-bef397c4-689d-4d91-8f0a-315df796bb3f req-bef397c4-689d-4d91-8f0a-315df796bb3f ] Request (ServerMetadataNegativeTestJSON:setUpClass): 200 GET http://10.180.1.21/compute/v2.1/servers/afa4775a-11cd-4637-a389-899022086f8e 7.635s
2025-12-15 10:01:23.185 67356 INFO tempest.lib.common.rest_client [req-e10b9442-17c3-4d03-bda3-23f0500bb082 req-e10b9442-17c3-4d03-bda3-23f0500bb082 ] Request (FlavorsV261TestJSON:tearDownClass): 204 DELETE http://10.180.1.21/identity/v3/users/8a1fdde68cdd4eff9db3d88b39d6d7a7 0.119s
2025-12-15 10:01:23.186 67356 INFO tempest.lib.common.dynamic_creds [-] Deleting project and security group for project: 9bcdc3bbfc5f4d5bbe4deda6eb1d6a92
2025-12-15 10:01:23.251 67356 INFO tempest.lib.common.rest_client [req-5235e055-5f13-4bbd-b11d-3287e0924617 req-5235e055-5f13-4bbd-b11d-3287e0924617 ] Request (FlavorsV261TestJSON:tearDownClass): 201 POST http://10.180.1.21/identity/v3/auth/tokens 0.065s
2025-12-15 10:01:23.502 67322 INFO tempest.lib.common.rest_client [req-40706fcf-62ad-424c-a8cd-85ceecb0c381 req-40706fcf-62ad-424c-a8cd-85ceecb0c381 ] Request (SecurityGroupRulesNegativeTestJSON:tearDownClass): 204 DELETE http://10.180.1.21/networking/v2.0/networks/1a764721-17b1-44c5-b22b-53721911ea00 0.436s
2025-12-15 10:01:23.546 67342 INFO tempest.lib.common.rest_client [req-b0e0cfcb-4ec1-4de0-b363-87d858b147be req-b0e0cfcb-4ec1-4de0-b363-87d858b147be ] Request (SecurityGroupsNegativeTestJSON:test_security_group_get_nonexistent_group): 404 GET http://10.180.1.21/compute/v2.1/os-security-groups/97ee2282-fa22-4b17-8720-67be302d021a 7.809s
2025-12-15 10:01:23.599 67346 INFO tempest.lib.common.rest_client [req-c6230c94-e85d-4b24-9c8b-6c689e2113d6 req-c6230c94-e85d-4b24-9c8b-6c689e2113d6 ] Request (ImagesOneServerNegativeTestJSON:tearDown): 200 GET http://10.180.1.21/compute/v2.1/servers/c88f5b3b-fa31-49e6-81b3-2aebdf9501c2 7.935s
2025-12-15 10:01:23.607 67346 INFO tempest.common.waiters [-] State transition "ACTIVE/image_uploading" ==> "ACTIVE/None" after 9 second wait
2025-12-15 10:01:23.619 67322 INFO tempest.lib.common.rest_client [req-7de064bf-d0a8-4e58-9fe8-e0fa15960001 req-7de064bf-d0a8-4e58-9fe8-e0fa15960001 ] Request (SecurityGroupRulesNegativeTestJSON:tearDownClass): 204 DELETE http://10.180.1.21/identity/v3/users/5fb6ac28c061418bab410fa4fbae61e2 0.116s
2025-12-15 10:01:23.619 67322 INFO tempest.lib.common.dynamic_creds [-] Deleting project and security group for project: 258f994a1b154fe2b0e62b6abf38cd2e
2025-12-15 10:01:23.623 67348 INFO tempest.lib.common.rest_client [req-d91a75c7-7838-4998-8c67-0c0fbfeb6bc2 req-d91a75c7-7838-4998-8c67-0c0fbfeb6bc2 ] Request (AggregatesAdminNegativeTestJSON:test_aggregate_get_details_as_user): 200 POST http://10.180.1.21/compute/v2.1/os-aggregates 7.723s
2025-12-15 10:01:23.659 67340 INFO tempest.lib.common.rest_client [req-32539359-73bc-465d-a917-96dbf49f2776 req-32539359-73bc-465d-a917-96dbf49f2776 ] Request (FloatingIPsAssociationTestJSON:setUpClass): 200 PUT http://10.180.1.21/networking/v2.0/routers/bf6cbfbf-b030-406f-809a-1e389de0993d/add_router_interface 1.255s
2025-12-15 10:01:23.659 67340 INFO tempest.lib.common.dynamic_creds [-] Created isolated network resources for: credentials: Credentials: {'domain_id': 'default', 'domain_name': 'Default', 'username': 'tempest-FloatingIPsAssociationTestJSON-1320767066-project-member', 'project_domain_id': 'default', 'project_domain_name': 'Default', 'project_id': '387754bd3b0b4c8a8445c571d43a9dd0', 'project_name': 'tempest-FloatingIPsAssociationTestJSON-1320767066', 'tenant_id': '387754bd3b0b4c8a8445c571d43a9dd0', 'tenant_name': 'tempest-FloatingIPsAssociationTestJSON-1320767066', 'user_domain_id': 'default', 'user_domain_name': 'Default', 'user_id': '4733f9489f434682a2a1906d0281a4f4', 'system': None}, Network: {'id': '4204d50d-4c8e-4856-b06f-ff0100136aa6', 'name': 'tempest-FloatingIPsAssociationTestJSON-1868138856-network', 'tenant_id': '387754bd3b0b4c8a8445c571d43a9dd0', 'project_id': '387754bd3b0b4c8a8445c571d43a9dd0', 'admin_state_up': True, 'mtu': 8950, 'status': 'ACTIVE', 'subnets': [], 'shared': False, 'port_security_enabled': True, 'router:external': False, 'provider:network_type': 'vlan', 'provider:physical_network': 'default', 'provider:segmentation_id': 183, 'availability_zone_hints': [], 'availability_zones': [], 'ipv4_address_scope': None, 'ipv6_address_scope': None, 'description': '', 'tags': [], 'created_at': '2025-12-15T10:01:19Z', 'updated_at': '2025-12-15T10:01:19Z', 'revision_number': 1}, Subnet: {'id': '799eab38-c246-48ee-9e0a-ec3c0dd5836c', 'name': 'tempest-FloatingIPsAssociationTestJSON-1868138856-subnet', 'tenant_id': '387754bd3b0b4c8a8445c571d43a9dd0', 'network_id': '4204d50d-4c8e-4856-b06f-ff0100136aa6', 'ip_version': 4, 'subnetpool_id': None, 'enable_dhcp': True, 'ipv6_ra_mode': None, 'ipv6_address_mode': None, 'gateway_ip': '192.168.128.1', 'cidr': '192.168.128.0/28', 'allocation_pools': [{'start': '192.168.128.2', 'end': '192.168.128.14'}], 'host_routes': [], 'dns_nameservers': [], 'description': '', 'router:external': False, 'service_types': [], 'tags': [], 'created_at': '2025-12-15T10:01:20Z', 'updated_at': '2025-12-15T10:01:20Z', 'revision_number': 0, 'project_id': '387754bd3b0b4c8a8445c571d43a9dd0'}, Router: {'id': 'bf6cbfbf-b030-406f-809a-1e389de0993d', 'name': 'tempest-FloatingIPsAssociationTestJSON-1868138856-router', 'tenant_id': '387754bd3b0b4c8a8445c571d43a9dd0', 'admin_state_up': True, 'status': 'ACTIVE', 'external_gateway_info': {'network_id': '43189363-5209-4221-80e4-5309bf98efde', 'external_fixed_ips': [{'subnet_id': 'e79e4366-fde1-4660-8539-4ee72592b60d', 'ip_address': '10.180.180.162'}], 'enable_snat': True}, 'description': '', 'availability_zones': [], 'distributed': False, 'ha': False, 'availability_zone_hints': [], 'routes': [], 'flavor_id': None, 'tags': [], 'created_at': '2025-12-15T10:01:21Z', 'updated_at': '2025-12-15T10:01:22Z', 'revision_number': 2, 'project_id': '387754bd3b0b4c8a8445c571d43a9dd0'}
2025-12-15 10:01:23.722 67380 INFO tempest.lib.common.rest_client [req-38f28102-5abf-4787-a1f5-2f57d51a0866 req-38f28102-5abf-4787-a1f5-2f57d51a0866 ] Request (ServersAdmin275Test:tearDownClass): 200 GET http://10.180.1.21/compute/v2.1/servers/f76906a0-260a-4265-954e-174943f85ed7 7.841s
2025-12-15 10:01:23.733 67322 INFO tempest.lib.common.rest_client [req-74c26a9d-8dbd-4849-9484-aae30666d67e req-74c26a9d-8dbd-4849-9484-aae30666d67e ] Request (SecurityGroupRulesNegativeTestJSON:tearDownClass): 200 GET http://10.180.1.21/networking/v2.0/security-groups?tenant_id=258f994a1b154fe2b0e62b6abf38cd2e&name=default 0.113s
2025-12-15 10:01:23.785 67358 INFO tempest.lib.common.rest_client [req-03c797cb-32eb-4c74-9de6-c0b4ed9ebc1a req-03c797cb-32eb-4c74-9de6-c0b4ed9ebc1a ] Request (QuotasAdminTestV236:test_get_updated_quotas): 200 GET http://10.180.1.21/compute/v2.1/os-quota-sets/65038f78900a47fa90c7afe037527f50/detail 7.744s
2025-12-15 10:01:23.809 67340 INFO tempest.lib.common.rest_client [req-761f87b2-c680-4ea8-97bd-1be3d8babd61 req-761f87b2-c680-4ea8-97bd-1be3d8babd61 ] Request (FloatingIPsAssociationTestJSON:setUpClass): 201 POST http://10.180.1.21/identity/v3/auth/tokens 0.147s
2025-12-15 10:01:23.825 67358 INFO tempest.lib.common.rest_client [req-e5d9ed84-7053-49bb-9594-fdc36b7b59b2 req-e5d9ed84-7053-49bb-9594-fdc36b7b59b2 ] Request (QuotasAdminTestV236:test_get_updated_quotas): 200 GET http://10.180.1.21/identity/v3/domains?name=Default 0.033s
2025-12-15 10:01:23.853 67340 INFO tempest.lib.common.rest_client [req-cb0461cb-7f1a-4967-9694-b8b93404479e req-cb0461cb-7f1a-4967-9694-b8b93404479e ] Request (FloatingIPsAssociationTestJSON:setUpClass): 201 POST http://10.180.1.21/identity/v3/auth/tokens 0.039s
2025-12-15 10:01:23.854 67340 INFO tempest.lib.common.fixed_network [-] (FloatingIPsAssociationTestJSON:setUpClass) Found network {'id': '4204d50d-4c8e-4856-b06f-ff0100136aa6', 'name': 'tempest-FloatingIPsAssociationTestJSON-1868138856-network', 'tenant_id': '387754bd3b0b4c8a8445c571d43a9dd0', 'project_id': '387754bd3b0b4c8a8445c571d43a9dd0', 'admin_state_up': True, 'mtu': 8950, 'status': 'ACTIVE', 'subnets': [], 'shared': False, 'port_security_enabled': True, 'router:external': False, 'provider:network_type': 'vlan', 'provider:physical_network': 'default', 'provider:segmentation_id': 183, 'availability_zone_hints': [], 'availability_zones': [], 'ipv4_address_scope': None, 'ipv6_address_scope': None, 'description': '', 'tags': [], 'created_at': '2025-12-15T10:01:19Z', 'updated_at': '2025-12-15T10:01:19Z', 'revision_number': 1} available for tenant
2025-12-15 10:01:23.860 67356 INFO tempest.lib.common.rest_client [req-0951db72-0c47-4d78-a477-2c19bbe2d401 req-0951db72-0c47-4d78-a477-2c19bbe2d401 ] Request (FlavorsV261TestJSON:tearDownClass): 200 GET http://10.180.1.21/networking/v2.0/security-groups?tenant_id=9bcdc3bbfc5f4d5bbe4deda6eb1d6a92&name=default 0.608s
2025-12-15 10:01:23.883 67358 INFO tempest.lib.common.rest_client [req-f3f5a40e-2faf-4223-a130-97c01fce35e7 req-f3f5a40e-2faf-4223-a130-97c01fce35e7 ] Request (QuotasAdminTestV236:test_get_updated_quotas): 201 POST http://10.180.1.21/identity/v3/users 0.056s
2025-12-15 10:01:23.883 67318 INFO tempest.lib.common.rest_client [req-9e4accd7-74b0-49ad-9897-08a4aab53bd6 req-9e4accd7-74b0-49ad-9897-08a4aab53bd6 ] Request (ServersAdminNegativeTestJSON:test_migrate_server_invalid_state): 200 GET http://10.180.1.21/compute/v2.1/servers/1aae4603-3448-4393-9894-5d8b1001905e 6.639s
2025-12-15 10:01:23.909 67376 INFO tempest.lib.common.rest_client [req-19a5e70f-e789-4dd1-8f3c-186c94e15ef9 req-19a5e70f-e789-4dd1-8f3c-186c94e15ef9 ] Request (FlavorsAccessNegativeTestJSON:test_remove_flavor_access_not_found): 404 POST http://10.180.1.21/compute/v2.1/flavors/373553402/action 6.614s
2025-12-15 10:01:23.911 67358 INFO tempest.lib.common.rest_client [req-64536ae4-60ff-4c42-b23a-e540d5776831 req-64536ae4-60ff-4c42-b23a-e540d5776831 ] Request (QuotasAdminTestV236:test_get_updated_quotas): 200 GET http://10.180.1.21/identity/v3/domains?name=Default 0.028s
2025-12-15 10:01:23.945 67322 INFO tempest.lib.common.rest_client [req-72d30f40-424a-4f38-aa3f-c6ad9bbad1c3 req-72d30f40-424a-4f38-aa3f-c6ad9bbad1c3 ] Request (SecurityGroupRulesNegativeTestJSON:tearDownClass): 204 DELETE http://10.180.1.21/networking/v2.0/security-groups/bd31c50b-667d-44ca-8c44-cb72a73c7035 0.212s
2025-12-15 10:01:24.027 67356 INFO tempest.lib.common.rest_client [req-6c197f5a-c971-4ad5-87fd-8f69913a536e req-6c197f5a-c971-4ad5-87fd-8f69913a536e ] Request (FlavorsV261TestJSON:tearDownClass): 204 DELETE http://10.180.1.21/networking/v2.0/security-groups/f68c05b1-fdf8-42d4-9520-8ae94200c27a 0.166s
2025-12-15 10:01:24.030 67322 INFO tempest.lib.common.rest_client [req-6e0ba5fc-29ed-4c3d-b351-cca08fba0800 req-6e0ba5fc-29ed-4c3d-b351-cca08fba0800 ] Request (SecurityGroupRulesNegativeTestJSON:tearDownClass): 204 DELETE http://10.180.1.21/identity/v3/projects/258f994a1b154fe2b0e62b6abf38cd2e 0.084s
2025-12-15 10:01:24.072 67326 INFO tempest.lib.common.rest_client [req-3eb41c59-dec4-421d-afbe-bb73f6cb1078 req-3eb41c59-dec4-421d-afbe-bb73f6cb1078 ] Request (ServerGroupTestJSON:test_create_server_with_scheduler_hint_group): 200 GET http://10.180.1.21/compute/v2.1/servers/91a4995d-8e7c-4f19-835f-3e805cb5431c 6.643s
2025-12-15 10:01:24.083 67326 INFO tempest.common.waiters [-] State transition "BUILD/None" ==> "BUILD/spawning" after 25 second wait
2025-12-15 10:01:24.098 67362 INFO tempest.lib.common.rest_client [req-940b3d64-2056-4d10-a054-d44eb84f821e req-940b3d64-2056-4d10-a054-d44eb84f821e ] Request (ServersAdminTestJSON:test_create_server_with_scheduling_hint): 200 GET http://10.180.1.21/compute/v2.1/servers/44ea6fed-cfd5-41fe-bd86-245b8e85ae4f 6.051s
2025-12-15 10:01:24.108 67362 INFO tempest.common.waiters [-] State transition "BUILD/spawning" ==> "ACTIVE/None" after 32 second wait
2025-12-15 10:01:24.122 67322 INFO tempest.lib.common.rest_client [req-49049acd-ca37-4318-930a-4dc1a20e7025 req-49049acd-ca37-4318-930a-4dc1a20e7025 ] Request (AttachInterfacesUnderV243Test:setUpClass): 201 POST http://10.180.1.21/identity/v3/auth/tokens 0.090s
2025-12-15 10:01:24.123 67370 INFO tempest.lib.common.rest_client [req-f8760124-2674-4520-b2a6-6dd5db8376d9 req-f8760124-2674-4520-b2a6-6dd5db8376d9 ] Request (ServicesAdminNegativeTestJSON:test_get_service_by_invalid_params): 200 GET http://10.180.1.21/compute/v2.1/os-services?xxx=nova-compute 5.802s
2025-12-15 10:01:24.131 67374 INFO tempest.lib.common.rest_client [req-888c4280-411c-48ae-b043-1d4417a0bd0a req-888c4280-411c-48ae-b043-1d4417a0bd0a ] Request (ImagesOneServerTestJSON:test_create_image_specify_multibyte_character_image_name): 200 GET http://10.180.1.21/compute/v2.1/images/4bf16e9a-6c5d-49ef-a22f-10de6f22c8ca 6.072s
2025-12-15 10:01:24.157 67336 INFO tempest.lib.common.rest_client [req-0e05726a-6df4-4d0a-aefa-9f6a1ac621d2 req-0e05726a-6df4-4d0a-aefa-9f6a1ac621d2 ] Request (MultipleCreateTestJSON:_run_cleanups): 404 GET http://10.180.1.21/compute/v2.1/servers/8e7c466c-7fba-4c80-8be9-4e45d1a0139d 5.150s
2025-12-15 10:01:24.170 67356 INFO tempest.lib.common.rest_client [req-26205a4f-9e27-4ae0-ae86-fc3d44eb3981 req-26205a4f-9e27-4ae0-ae86-fc3d44eb3981 ] Request (FlavorsV261TestJSON:tearDownClass): 204 DELETE http://10.180.1.21/identity/v3/projects/9bcdc3bbfc5f4d5bbe4deda6eb1d6a92 0.142s
2025-12-15 10:01:24.170 67356 INFO tempest.lib.common.dynamic_creds [-] Deleting project and security group for project: 9c20c575aa404750a4dcf49512cc6f2e
2025-12-15 10:01:24.178 67368 INFO tempest.lib.common.rest_client [req-85ddac90-21ef-4190-b5fe-796046b343b8 req-85ddac90-21ef-4190-b5fe-796046b343b8 ] Request (FlavorsV2TestJSON:test_list_flavors_filter_by_min_disk): 200 GET http://10.180.1.21/compute/v2.1/flavors?minDisk=2 5.033s
2025-12-15 10:01:24.190 67362 INFO tempest.lib.common.rest_client [req-9735102a-d703-4c22-a904-7998a7f623db req-9735102a-d703-4c22-a904-7998a7f623db ] Request (ServersAdminTestJSON:test_inject_network_info): 201 POST http://10.180.1.21/identity/v3/auth/tokens 0.070s
2025-12-15 10:01:24.191 67362 INFO tempest.lib.common.fixed_network [-] (ServersAdminTestJSON:test_inject_network_info) Found network {'id': '8f4f3409-dd70-414d-a7b0-5f5b6eaffb74', 'name': 'tempest-ServersAdminTestJSON-1079615244-network', 'tenant_id': '62f93ee43bd74f2dbc65f0ee9d5ef64a', 'project_id': '62f93ee43bd74f2dbc65f0ee9d5ef64a', 'admin_state_up': True, 'mtu': 8950, 'status': 'ACTIVE', 'subnets': [], 'shared': False, 'port_security_enabled': True, 'router:external': False, 'provider:network_type': 'vlan', 'provider:physical_network': 'default', 'provider:segmentation_id': 482, 'availability_zone_hints': [], 'availability_zones': [], 'ipv4_address_scope': None, 'ipv6_address_scope': None, 'description': '', 'tags': [], 'created_at': '2025-12-15T09:59:40Z', 'updated_at': '2025-12-15T09:59:40Z', 'revision_number': 1} available for tenant
2025-12-15 10:01:24.263 67322 INFO tempest.lib.common.rest_client [req-b89108c8-dc91-4d8d-b516-c7db70465a44 req-b89108c8-dc91-4d8d-b516-c7db70465a44 ] Request (AttachInterfacesUnderV243Test:setUpClass): 201 POST http://10.180.1.21/identity/v3/auth/tokens 0.136s
2025-12-15 10:01:24.298 67322 INFO tempest.lib.common.rest_client [req-4875dd0f-36fa-488f-9f51-8a7efe3118ef req-4875dd0f-36fa-488f-9f51-8a7efe3118ef ] Request (AttachInterfacesUnderV243Test:setUpClass): 200 GET http://10.180.1.21/identity/v3/domains?name=Default 0.035s
2025-12-15 10:01:24.363 67356 INFO tempest.lib.common.rest_client [req-579bafa0-2b7d-4963-b7a2-066f426aff35 req-579bafa0-2b7d-4963-b7a2-066f426aff35 ] Request (FlavorsV261TestJSON:tearDownClass): 200 GET http://10.180.1.21/networking/v2.0/security-groups?tenant_id=9c20c575aa404750a4dcf49512cc6f2e&name=default 0.192s
2025-12-15 10:01:24.371 67322 INFO tempest.lib.common.rest_client [req-8077f1c6-ab8f-480e-95ed-182ba05dc8a0 req-8077f1c6-ab8f-480e-95ed-182ba05dc8a0 ] Request (AttachInterfacesUnderV243Test:setUpClass): 201 POST http://10.180.1.21/identity/v3/projects 0.072s
2025-12-15 10:01:24.434 67344 INFO tempest.lib.common.rest_client [req-b48a3154-2d5f-47c2-b5a5-09d631df9bff req-b48a3154-2d5f-47c2-b5a5-09d631df9bff ] Request (FloatingIPsAssociationNegativeTestJSON:setUpClass): 200 GET http://10.180.1.21/compute/v2.1/servers/e47e9469-882a-44cb-8010-1aeb4170423e 5.263s
2025-12-15 10:01:24.448 67344 INFO tempest.common.waiters [-] State transition "BUILD/spawning" ==> "ACTIVE/None" after 28 second wait
2025-12-15 10:01:24.473 67322 INFO tempest.lib.common.rest_client [req-0897963c-f0f0-4382-bc9b-e2fcbad2c959 req-0897963c-f0f0-4382-bc9b-e2fcbad2c959 ] Request (AttachInterfacesUnderV243Test:setUpClass): 201 POST http://10.180.1.21/identity/v3/users 0.101s
2025-12-15 10:01:24.483 67356 INFO tempest.lib.common.rest_client [req-fdbbffa1-004f-4d70-be46-7b18d933df66 req-fdbbffa1-004f-4d70-be46-7b18d933df66 ] Request (FlavorsV261TestJSON:tearDownClass): 204 DELETE http://10.180.1.21/networking/v2.0/security-groups/4a9154b1-6b7c-40b7-8da8-a364369e9446 0.119s
2025-12-15 10:01:24.501 67322 INFO tempest.lib.common.rest_client [req-69a64456-281f-4cb7-b504-d89be5fdb781 req-69a64456-281f-4cb7-b504-d89be5fdb781 ] Request (AttachInterfacesUnderV243Test:setUpClass): 200 GET http://10.180.1.21/identity/v3/roles 0.027s
2025-12-15 10:01:24.509 67360 INFO tempest.lib.common.rest_client [req-ec5b05c5-24f0-4e3d-8c23-7970398a359a req-ec5b05c5-24f0-4e3d-8c23-7970398a359a ] Request (DeleteServersTestJSON:test_delete_server_while_in_attached_volume): 200 GET http://10.180.1.21/compute/v2.1/servers/42cc9097-2525-46a4-a2a2-26de8a03eccd 4.995s
2025-12-15 10:01:24.515 67330 INFO tempest.lib.common.rest_client [req-c2ca32e8-6800-4fe8-9f96-ab76b8c47c11 req-c2ca32e8-6800-4fe8-9f96-ab76b8c47c11 ] Request (HostsAdminNegativeTestJSON:test_update_host_with_invalid_status): 400 PUT http://10.180.1.21/compute/v2.1/os-hosts/devstack 4.872s
2025-12-15 10:01:24.529 67322 INFO tempest.lib.common.rest_client [req-d46214b4-ba9a-4919-b522-86514eabc5f5 req-d46214b4-ba9a-4919-b522-86514eabc5f5 ] Request (AttachInterfacesUnderV243Test:setUpClass): 204 PUT http://10.180.1.21/identity/v3/projects/9b1d9b44bf6b432dab807efbad99e226/users/403b09aa68c14fc8bca7de3e65c9522e/roles/c9e13c6228584344a07cd4ff5a033067 0.028s
2025-12-15 10:01:24.530 67322 INFO tempest.lib.common.dynamic_creds [-] Dynamic test user 403b09aa68c14fc8bca7de3e65c9522e is created with scope project and roles: ['member']
2025-12-15 10:01:24.530 67322 INFO tempest.lib.common.dynamic_creds [-] Acquired dynamic creds: credentials: Credentials: {'domain_id': 'default', 'domain_name': 'Default', 'username': 'tempest-AttachInterfacesUnderV243Test-2007290196-project-member', 'project_domain_id': 'default', 'project_domain_name': 'Default', 'project_id': '9b1d9b44bf6b432dab807efbad99e226', 'project_name': 'tempest-AttachInterfacesUnderV243Test-2007290196', 'tenant_id': '9b1d9b44bf6b432dab807efbad99e226', 'tenant_name': 'tempest-AttachInterfacesUnderV243Test-2007290196', 'user_domain_id': 'default', 'user_domain_name': 'Default', 'user_id': '403b09aa68c14fc8bca7de3e65c9522e', 'system': None}, Network: None, Subnet: None, Router: None
2025-12-15 10:01:24.597 67356 INFO tempest.lib.common.rest_client [req-31177d0a-6512-4cf9-bf1e-8f8ca674ee26 req-31177d0a-6512-4cf9-bf1e-8f8ca674ee26 ] Request (FlavorsV261TestJSON:tearDownClass): 204 DELETE http://10.180.1.21/identity/v3/projects/9c20c575aa404750a4dcf49512cc6f2e 0.113s
2025-12-15 10:01:24.604 67322 INFO tempest.lib.common.rest_client [req-2c68b439-f3e5-4a07-b4c7-d06f1a77af23 req-2c68b439-f3e5-4a07-b4c7-d06f1a77af23 ] Request (AttachInterfacesUnderV243Test:setUpClass): 201 POST http://10.180.1.21/identity/v3/auth/tokens 0.074s
2025-12-15 10:01:24.634 67356 INFO tempest.lib.common.rest_client [req-1bbf82ec-f1ae-45cb-8483-0ef84a035df6 req-1bbf82ec-f1ae-45cb-8483-0ef84a035df6 ] Request (KeyPairsV2TestJSON:setUpClass): 201 POST http://10.180.1.21/identity/v3/auth/tokens 0.035s
2025-12-15 10:01:24.672 67356 INFO tempest.lib.common.rest_client [req-842ce826-90f3-419f-9ff9-bb28cc41752a req-842ce826-90f3-419f-9ff9-bb28cc41752a ] Request (KeyPairsV2TestJSON:setUpClass): 201 POST http://10.180.1.21/identity/v3/auth/tokens 0.033s
2025-12-15 10:01:24.699 67356 INFO tempest.lib.common.rest_client [req-800893f2-0d32-41b8-b38a-f9658c8df7d7 req-800893f2-0d32-41b8-b38a-f9658c8df7d7 ] Request (KeyPairsV2TestJSON:setUpClass): 200 GET http://10.180.1.21/identity/v3/domains?name=Default 0.026s
2025-12-15 10:01:24.723 67320 INFO tempest.lib.common.rest_client [req-d2d8884e-5370-492c-9f12-1ca769f44332 req-d2d8884e-5370-492c-9f12-1ca769f44332 ] Request (MigrationsAdminTest:test_list_migrations_in_flavor_resize_situation): 200 GET http://10.180.1.21/compute/v2.1/servers/48de60e3-9da5-4c26-8938-5d844d408bf5 4.591s
2025-12-15 10:01:24.726 67356 INFO tempest.lib.common.rest_client [req-526f5ff8-a1c5-4c1a-97c9-9ff890632b7c req-526f5ff8-a1c5-4c1a-97c9-9ff890632b7c ] Request (KeyPairsV2TestJSON:setUpClass): 201 POST http://10.180.1.21/identity/v3/projects 0.027s
2025-12-15 10:01:24.734 67320 INFO tempest.common.waiters [-] State transition "RESIZE/resize_migrating" ==> "RESIZE/resize_migrated" after 27 second wait
2025-12-15 10:01:24.787 67356 INFO tempest.lib.common.rest_client [req-4575c7d9-08bd-44d3-a060-d74c5424c05b req-4575c7d9-08bd-44d3-a060-d74c5424c05b ] Request (KeyPairsV2TestJSON:setUpClass): 201 POST http://10.180.1.21/identity/v3/users 0.059s
2025-12-15 10:01:24.810 67356 INFO tempest.lib.common.rest_client [req-287a1c54-0ce7-423c-afc5-d2eb3ea694ea req-287a1c54-0ce7-423c-afc5-d2eb3ea694ea ] Request (KeyPairsV2TestJSON:setUpClass): 200 GET http://10.180.1.21/identity/v3/roles 0.022s
2025-12-15 10:01:24.840 67328 INFO tempest.lib.common.rest_client [req-9fe9fd00-c230-4d20-a4e5-5d669a3d379b req-9fe9fd00-c230-4d20-a4e5-5d669a3d379b ] Request (DeleteServersAdminTestJSON:test_delete_server_while_in_error_state): 200 GET http://10.180.1.21/compute/v2.1/servers/1567da7e-87bf-411f-8116-a124ab1ee839 4.196s
2025-12-15 10:01:24.849 67328 INFO tempest.common.waiters [-] State transition "ERROR/deleting" ==> "DELETED/None" after 5 second wait
2025-12-15 10:01:24.850 67356 INFO tempest.lib.common.rest_client [req-80c224bc-98b9-452e-ab36-a719b894ef24 req-80c224bc-98b9-452e-ab36-a719b894ef24 ] Request (KeyPairsV2TestJSON:setUpClass): 204 PUT http://10.180.1.21/identity/v3/projects/01bc819731e04abb9daf0eae00fb5bb5/users/24bd73c7c0984283af635779ea8071d7/roles/c9e13c6228584344a07cd4ff5a033067 0.040s
2025-12-15 10:01:24.850 67356 INFO tempest.lib.common.dynamic_creds [-] Dynamic test user 24bd73c7c0984283af635779ea8071d7 is created with scope project and roles: ['member']
2025-12-15 10:01:24.851 67356 INFO tempest.lib.common.dynamic_creds [-] Acquired dynamic creds: credentials: Credentials: {'domain_id': 'default', 'domain_name': 'Default', 'username': 'tempest-KeyPairsV2TestJSON-867548304-project-member', 'project_domain_id': 'default', 'project_domain_name': 'Default', 'project_id': '01bc819731e04abb9daf0eae00fb5bb5', 'project_name': 'tempest-KeyPairsV2TestJSON-867548304', 'tenant_id': '01bc819731e04abb9daf0eae00fb5bb5', 'tenant_name': 'tempest-KeyPairsV2TestJSON-867548304', 'user_domain_id': 'default', 'user_domain_name': 'Default', 'user_id': '24bd73c7c0984283af635779ea8071d7', 'system': None}, Network: None, Subnet: None, Router: None
2025-12-15 10:01:24.851 67356 INFO tempest.lib.common.dynamic_creds [-] Created isolated network resources for: credentials: Credentials: {'domain_id': 'default', 'domain_name': 'Default', 'username': 'tempest-KeyPairsV2TestJSON-867548304-project-member', 'project_domain_id': 'default', 'project_domain_name': 'Default', 'project_id': '01bc819731e04abb9daf0eae00fb5bb5', 'project_name': 'tempest-KeyPairsV2TestJSON-867548304', 'tenant_id': '01bc819731e04abb9daf0eae00fb5bb5', 'tenant_name': 'tempest-KeyPairsV2TestJSON-867548304', 'user_domain_id': 'default', 'user_domain_name': 'Default', 'user_id': '24bd73c7c0984283af635779ea8071d7', 'system': None}, Network: None, Subnet: None, Router: None
2025-12-15 10:01:24.890 67322 INFO tempest.lib.common.rest_client [req-7c1bbc76-5701-4348-96da-d2ffe263fa03 req-7c1bbc76-5701-4348-96da-d2ffe263fa03 ] Request (AttachInterfacesUnderV243Test:setUpClass): 201 POST http://10.180.1.21/networking/v2.0/networks 0.285s
2025-12-15 10:01:24.901 67364 INFO tempest.lib.common.rest_client [req-17726f99-0eec-4fa0-b979-7666eea87de2 req-17726f99-0eec-4fa0-b979-7666eea87de2 ] Request (ServerRescueTestJSON:setUpClass): 202 POST http://10.180.1.21/compute/v2.1/servers 6.534s
2025-12-15 10:01:24.934 67356 INFO tempest.lib.common.rest_client [req-098deed9-c07d-41c9-bf34-4bd5d4106dfc req-098deed9-c07d-41c9-bf34-4bd5d4106dfc ] Request (KeyPairsV2TestJSON:setUpClass): 201 POST http://10.180.1.21/identity/v3/auth/tokens 0.079s
2025-12-15 10:01:25.104 67352 INFO tempest.lib.common.rest_client [req-443adf6e-e824-435a-a788-ab94d3b74b0b req-443adf6e-e824-435a-a788-ab94d3b74b0b ] Request (SecurityGroupsTestJSON:test_security_group_create_get_delete): 200 POST http://10.180.1.21/compute/v2.1/os-security-groups 2.660s
2025-12-15 10:01:25.116 67322 INFO tempest.lib.common.rest_client [req-4d73ab0b-8214-4542-b4c1-edb54643a23b req-4d73ab0b-8214-4542-b4c1-edb54643a23b ] Request (AttachInterfacesUnderV243Test:setUpClass): 201 POST http://10.180.1.21/networking/v2.0/subnets 0.225s
2025-12-15 10:01:25.494 67338 INFO tempest.lib.common.rest_client [req-e4356e8f-23f5-40bd-a7b3-5c7deb93f2b9 req-e4356e8f-23f5-40bd-a7b3-5c7deb93f2b9 ] Request (ServersTestJSON:test_create_server_specify_multibyte_character_name): 202 POST http://10.180.1.21/compute/v2.1/servers 4.382s
2025-12-15 10:01:25.649 67334 INFO tempest.lib.common.rest_client [req-06f800fd-b980-4a75-a874-907ae042393b req-06f800fd-b980-4a75-a874-907ae042393b ] Request (ServerActionsTestOtherA:setUpClass): 202 POST http://10.180.1.21/compute/v2.1/servers 2.726s
2025-12-15 10:01:25.677 67332 INFO tempest.lib.common.rest_client [req-23543c12-c02b-4a27-ac5e-c156e4febdc8 req-23543c12-c02b-4a27-ac5e-c156e4febdc8 ] Request (AttachInterfacesTestJSON:test_create_list_show_delete_interfaces_by_fixed_ip): 200 GET http://10.180.1.21/compute/v2.1/servers/4d3d9ab9-33ed-4c61-bea6-d3189c2aa7bc 2.474s
2025-12-15 10:01:25.680 67342 INFO tempest.lib.common.rest_client [req-63114fc9-24ad-4da3-ae57-d0f3c7a73093 req-63114fc9-24ad-4da3-ae57-d0f3c7a73093 ] Request (SecurityGroupsNegativeTestJSON:test_update_non_existent_security_group): 404 PUT http://10.180.1.21/compute/v2.1/os-security-groups/6f9ec353-1bac-4eb0-991f-30c2f51995ed 2.133s
2025-12-15 10:01:25.688 67332 INFO tempest.common.waiters [-] State transition "BUILD/spawning" ==> "ACTIVE/None" after 30 second wait
2025-12-15 10:01:25.689 67348 INFO tempest.lib.common.rest_client [req-93a65988-99b1-4de5-9e3c-847012051214 req-93a65988-99b1-4de5-9e3c-847012051214 ] Request (AggregatesAdminNegativeTestJSON:test_aggregate_get_details_as_user): 403 GET http://10.180.1.21/compute/v2.1/os-aggregates/6 2.063s
2025-12-15 10:01:25.772 67346 INFO tempest.lib.common.rest_client [req-73cd5217-b866-439f-bd81-6a9b17ba7107 req-73cd5217-b866-439f-bd81-6a9b17ba7107 ] Request (ImagesOneServerNegativeTestJSON:_run_cleanups): 204 DELETE http://10.180.1.21/compute/v2.1/servers/c88f5b3b-fa31-49e6-81b3-2aebdf9501c2 2.164s
2025-12-15 10:01:25.904 67354 WARNING tempest.lib.common.ssh [-] Failed to establish authenticated ssh connection to cirros@10.180.180.148 ([Errno None] Unable to connect to port 22 on 10.180.180.148). Number attempts: 7. Retry after 8 seconds.: paramiko.ssh_exception.NoValidConnectionsError: [Errno None] Unable to connect to port 22 on 10.180.180.148
2025-12-15 10:01:25.923 67322 INFO tempest.lib.common.rest_client [req-017a3fab-3205-4f06-9671-906041e81a0e req-017a3fab-3205-4f06-9671-906041e81a0e ] Request (AttachInterfacesUnderV243Test:setUpClass): 201 POST http://10.180.1.21/networking/v2.0/routers 0.807s
2025-12-15 10:01:25.952 67378 INFO tempest.lib.common.rest_client [req-0246ab33-b1e5-43c8-a0ad-6dafb32bad13 req-0246ab33-b1e5-43c8-a0ad-6dafb32bad13 ] Request (ServerDiagnosticsNegativeTest:tearDownClass): 200 GET http://10.180.1.21/compute/v2.1/servers/4bd09707-44bf-4fbd-9603-49ac8bb1d5ca 2.240s
2025-12-15 10:01:26.552 67342 INFO tempest.lib.common.rest_client [req-b986c76c-132f-4304-8aae-57c25dc9ba18 req-b986c76c-132f-4304-8aae-57c25dc9ba18 ] Request (SecurityGroupsNegativeTestJSON:tearDownClass): 200 PUT http://10.180.1.21/networking/v2.0/routers/75565807-b866-42c5-aba3-0f93d4013957/remove_router_interface 0.869s
2025-12-15 10:01:26.581 67324 INFO tempest.lib.common.rest_client [req-517afc12-d6f7-4a8d-82c4-8f64f73c6b16 req-517afc12-d6f7-4a8d-82c4-8f64f73c6b16 ] Request (ServerDiskConfigTestJSON:test_rebuild_server_with_manual_disk_config): 200 GET http://10.180.1.21/compute/v2.1/servers/704ce93d-bcf1-4784-a620-6945b5afa9ef 2.705s
2025-12-15 10:01:26.589 67324 INFO tempest.common.waiters [-] State transition "BUILD/None" ==> "BUILD/networking" after 19 second wait
2025-12-15 10:01:26.605 67376 INFO tempest.lib.common.rest_client [req-a6ff1774-5818-4e9a-8d73-a5382fa00740 req-a6ff1774-5818-4e9a-8d73-a5382fa00740 ] Request (FlavorsAccessNegativeTestJSON:_run_cleanups): 202 DELETE http://10.180.1.21/compute/v2.1/flavors/373553402 2.695s
2025-12-15 10:01:26.789 67358 INFO tempest.lib.common.rest_client [req-75ef61b1-98d6-41ff-9d52-e40b3ad4517f req-75ef61b1-98d6-41ff-9d52-e40b3ad4517f ] Request (QuotasAdminTestV236:test_get_updated_quotas): 200 PUT http://10.180.1.21/compute/v2.1/os-quota-sets/65038f78900a47fa90c7afe037527f50?user_id=4ee270148da34550b3b350a4eb95eff1 2.877s
2025-12-15 10:01:26.818 67370 INFO tempest.lib.common.rest_client [req-e02d0bf5-8bb4-42e4-86c4-590b3cdfd770 req-e02d0bf5-8bb4-42e4-86c4-590b3cdfd770 ] Request (ServicesAdminNegativeTestJSON:test_get_service_by_invalid_service_and_valid_host): 200 GET http://10.180.1.21/compute/v2.1/os-services 2.692s
2025-12-15 10:01:27.048 67322 INFO tempest.lib.common.rest_client [req-974a2d57-f0d3-4263-b88c-81326cb1f60d req-974a2d57-f0d3-4263-b88c-81326cb1f60d ] Request (AttachInterfacesUnderV243Test:setUpClass): 200 PUT http://10.180.1.21/networking/v2.0/routers/a6965a3f-9842-43b5-a7dd-8af14c6097b2/add_router_interface 1.124s
2025-12-15 10:01:27.048 67322 INFO tempest.lib.common.dynamic_creds [-] Created isolated network resources for: credentials: Credentials: {'domain_id': 'default', 'domain_name': 'Default', 'username': 'tempest-AttachInterfacesUnderV243Test-2007290196-project-member', 'project_domain_id': 'default', 'project_domain_name': 'Default', 'project_id': '9b1d9b44bf6b432dab807efbad99e226', 'project_name': 'tempest-AttachInterfacesUnderV243Test-2007290196', 'tenant_id': '9b1d9b44bf6b432dab807efbad99e226', 'tenant_name': 'tempest-AttachInterfacesUnderV243Test-2007290196', 'user_domain_id': 'default', 'user_domain_name': 'Default', 'user_id': '403b09aa68c14fc8bca7de3e65c9522e', 'system': None}, Network: {'id': 'fa20f0ed-b8f8-4655-b641-19814b1386b0', 'name': 'tempest-AttachInterfacesUnderV243Test-1768290228-network', 'tenant_id': '9b1d9b44bf6b432dab807efbad99e226', 'project_id': '9b1d9b44bf6b432dab807efbad99e226', 'admin_state_up': True, 'mtu': 8950, 'status': 'ACTIVE', 'subnets': [], 'shared': False, 'port_security_enabled': True, 'router:external': False, 'provider:network_type': 'vlan', 'provider:physical_network': 'default', 'provider:segmentation_id': 290, 'availability_zone_hints': [], 'availability_zones': [], 'ipv4_address_scope': None, 'ipv6_address_scope': None, 'description': '', 'tags': [], 'created_at': '2025-12-15T10:01:24Z', 'updated_at': '2025-12-15T10:01:24Z', 'revision_number': 1}, Subnet: {'id': '5de41173-fa90-4cb3-ae7a-67625a648cbb', 'name': 'tempest-AttachInterfacesUnderV243Test-1768290228-subnet', 'tenant_id': '9b1d9b44bf6b432dab807efbad99e226', 'network_id': 'fa20f0ed-b8f8-4655-b641-19814b1386b0', 'ip_version': 4, 'subnetpool_id': None, 'enable_dhcp': True, 'ipv6_ra_mode': None, 'ipv6_address_mode': None, 'gateway_ip': '192.168.128.1', 'cidr': '192.168.128.0/28', 'allocation_pools': [{'start': '192.168.128.2', 'end': '192.168.128.14'}], 'host_routes': [], 'dns_nameservers': [], 'description': '', 'router:external': False, 'service_types': [], 'tags': [], 'created_at': '2025-12-15T10:01:24Z', 'updated_at': '2025-12-15T10:01:24Z', 'revision_number': 0, 'project_id': '9b1d9b44bf6b432dab807efbad99e226'}, Router: {'id': 'a6965a3f-9842-43b5-a7dd-8af14c6097b2', 'name': 'tempest-AttachInterfacesUnderV243Test-1768290228-router', 'tenant_id': '9b1d9b44bf6b432dab807efbad99e226', 'admin_state_up': True, 'status': 'ACTIVE', 'external_gateway_info': {'network_id': '43189363-5209-4221-80e4-5309bf98efde', 'external_fixed_ips': [{'subnet_id': 'e79e4366-fde1-4660-8539-4ee72592b60d', 'ip_address': '10.180.180.193'}], 'enable_snat': True}, 'description': '', 'availability_zones': [], 'distributed': False, 'ha': False, 'availability_zone_hints': [], 'routes': [], 'flavor_id': None, 'tags': [], 'created_at': '2025-12-15T10:01:25Z', 'updated_at': '2025-12-15T10:01:25Z', 'revision_number': 2, 'project_id': '9b1d9b44bf6b432dab807efbad99e226'}
2025-12-15 10:01:27.138 67342 INFO tempest.lib.common.rest_client [req-b9e20123-bda1-44f5-ab79-1c91ee271cde req-b9e20123-bda1-44f5-ab79-1c91ee271cde ] Request (SecurityGroupsNegativeTestJSON:tearDownClass): 204 DELETE http://10.180.1.21/networking/v2.0/routers/75565807-b866-42c5-aba3-0f93d4013957 0.586s
2025-12-15 10:01:27.195 67322 INFO tempest.lib.common.rest_client [req-7e9ffad3-eb66-444a-aaa8-0d6456dfb785 req-7e9ffad3-eb66-444a-aaa8-0d6456dfb785 ] Request (AttachInterfacesUnderV243Test:setUpClass): 201 POST http://10.180.1.21/identity/v3/auth/tokens 0.142s
2025-12-15 10:01:27.219 67366 INFO tempest.lib.common.rest_client [req-9c741698-1542-410c-bca5-c82f6500b968 req-9c741698-1542-410c-bca5-c82f6500b968 ] Request (ServerMetadataNegativeTestJSON:setUpClass): 200 GET http://10.180.1.21/compute/v2.1/servers/afa4775a-11cd-4637-a389-899022086f8e 3.090s
2025-12-15 10:01:27.459 67342 INFO tempest.lib.common.rest_client [req-a30f849c-facb-4a63-9ea1-54c8e890bfd1 req-a30f849c-facb-4a63-9ea1-54c8e890bfd1 ] Request (SecurityGroupsNegativeTestJSON:tearDownClass): 204 DELETE http://10.180.1.21/networking/v2.0/subnets/e03f5939-9905-4b9d-b81d-b3bfabe23c56 0.320s
2025-12-15 10:01:27.757 67340 INFO tempest.lib.common.rest_client [req-0df9065d-76b8-4ad5-9545-38693feaeed9 req-0df9065d-76b8-4ad5-9545-38693feaeed9 ] Request (FloatingIPsAssociationTestJSON:setUpClass): 202 POST http://10.180.1.21/compute/v2.1/servers 3.902s
2025-12-15 10:01:27.780 67336 INFO tempest.lib.common.rest_client [req-42bd5222-5932-43c9-b73c-b40a5fb46f77 req-42bd5222-5932-43c9-b73c-b40a5fb46f77 ] Request (MultipleCreateTestJSON:_run_cleanups): 404 GET http://10.180.1.21/compute/v2.1/servers/30235e6a-669d-49fe-9bc3-2de1fa1b036b 3.622s
2025-12-15 10:01:27.804 67368 INFO tempest.lib.common.rest_client [req-5701beaf-e487-438f-94fc-70d0a752aed7 req-5701beaf-e487-438f-94fc-70d0a752aed7 ] Request (FlavorsV2TestJSON:test_list_flavors_filter_by_min_ram): 200 GET http://10.180.1.21/compute/v2.1/flavors/42 3.622s
2025-12-15 10:01:27.827 67342 INFO tempest.lib.common.rest_client [req-76eec821-b6ba-4808-a214-71466025ab18 req-76eec821-b6ba-4808-a214-71466025ab18 ] Request (SecurityGroupsNegativeTestJSON:tearDownClass): 204 DELETE http://10.180.1.21/networking/v2.0/networks/827b3686-92fe-44be-ab0c-c455d3a511c4 0.367s
2025-12-15 10:01:27.881 67374 INFO tempest.lib.common.rest_client [req-06bd77f6-6f4d-42ec-b4fc-7cb8671485cc req-06bd77f6-6f4d-42ec-b4fc-7cb8671485cc ] Request (ImagesOneServerTestJSON:test_create_image_specify_multibyte_character_image_name): 200 GET http://10.180.1.21/compute/v2.1/servers/b729cc33-98dc-4dcb-a822-8e185b7f6bd9 3.747s
2025-12-15 10:01:27.904 67336 INFO tempest.lib.common.rest_client [req-d77c718a-05e4-4d88-a3c7-7d8a5f982c37 req-d77c718a-05e4-4d88-a3c7-7d8a5f982c37 ] Request (MultipleCreateTestJSON:test_multiple_create_with_reservation_return): 201 POST http://10.180.1.21/identity/v3/auth/tokens 0.116s
2025-12-15 10:01:27.904 67336 INFO tempest.lib.common.fixed_network [-] (MultipleCreateTestJSON:test_multiple_create_with_reservation_return) Found network {'id': '8e5c3463-73d1-4c11-b883-87d86231d3cc', 'name': 'tempest-MultipleCreateTestJSON-1817728102-network', 'tenant_id': 'a25bf470187e49ee982e21cb7723f12b', 'project_id': 'a25bf470187e49ee982e21cb7723f12b', 'admin_state_up': True, 'mtu': 8950, 'status': 'ACTIVE', 'subnets': [], 'shared': False, 'port_security_enabled': True, 'router:external': False, 'provider:network_type': 'vlan', 'provider:physical_network': 'default', 'provider:segmentation_id': 863, 'availability_zone_hints': [], 'availability_zones': [], 'ipv4_address_scope': None, 'ipv6_address_scope': None, 'description': '', 'tags': [], 'created_at': '2025-12-15T10:00:12Z', 'updated_at': '2025-12-15T10:00:12Z', 'revision_number': 1} available for tenant
2025-12-15 10:01:28.020 67342 INFO tempest.lib.common.rest_client [req-7d183ac5-e1a8-4bef-ba0e-f0ed11390921 req-7d183ac5-e1a8-4bef-ba0e-f0ed11390921 ] Request (SecurityGroupsNegativeTestJSON:tearDownClass): 204 DELETE http://10.180.1.21/identity/v3/users/1922787fe02642c2b481edbd71095529 0.191s
2025-12-15 10:01:28.020 67342 INFO tempest.lib.common.dynamic_creds [-] Deleting project and security group for project: eb19b3778f3f49c8a3ac1a745e691263
2025-12-15 10:01:28.162 67342 INFO tempest.lib.common.rest_client [req-8d96a114-b187-4430-a122-920c51961ea0 req-8d96a114-b187-4430-a122-920c51961ea0 ] Request (SecurityGroupsNegativeTestJSON:tearDownClass): 200 GET http://10.180.1.21/networking/v2.0/security-groups?tenant_id=eb19b3778f3f49c8a3ac1a745e691263&name=default 0.142s
2025-12-15 10:01:28.235 67350 WARNING tempest.lib.common.ssh [-] Failed to establish authenticated ssh connection to cirros@10.180.180.239 ([Errno None] Unable to connect to port 22 on 10.180.180.239). Number attempts: 3. Retry after 4 seconds.: paramiko.ssh_exception.NoValidConnectionsError: [Errno None] Unable to connect to port 22 on 10.180.180.239
2025-12-15 10:01:28.965 67342 INFO tempest.lib.common.rest_client [req-d4577f9f-9529-4647-a985-45bc4e8932b6 req-d4577f9f-9529-4647-a985-45bc4e8932b6 ] Request (SecurityGroupsNegativeTestJSON:tearDownClass): 204 DELETE http://10.180.1.21/networking/v2.0/security-groups/c6927258-07e0-4880-b8e1-c8e7e6547e4f 0.802s
2025-12-15 10:01:29.070 67342 INFO tempest.lib.common.rest_client [req-73840217-fb0c-46e4-8927-9878f2aa830d req-73840217-fb0c-46e4-8927-9878f2aa830d ] Request (SecurityGroupsNegativeTestJSON:tearDownClass): 204 DELETE http://10.180.1.21/identity/v3/projects/eb19b3778f3f49c8a3ac1a745e691263 0.104s
2025-12-15 10:01:29.071 67342 INFO tempest.test [-] raised in ServerBootFromVolumeStableRescueTest.setUpClass. Invoking tearDownClass.
2025-12-15 10:01:29.137 67344 INFO tempest.lib.common.rest_client [req-7929f0ba-798c-4478-b9cc-ca8d49e36d9d req-7929f0ba-798c-4478-b9cc-ca8d49e36d9d ] Request (FloatingIPsAssociationNegativeTestJSON:test_associate_ip_to_server_with_floating_ip): 200 POST http://10.180.1.21/compute/v2.1/os-floating-ips 4.688s
2025-12-15 10:01:29.151 67330 INFO tempest.lib.common.rest_client [req-c0f70b66-eb29-41b6-81e3-6907ef712f3b req-c0f70b66-eb29-41b6-81e3-6907ef712f3b ] Request (HostsAdminNegativeTestJSON:test_update_host_with_non_admin_user): 403 PUT http://10.180.1.21/compute/v2.1/os-hosts/devstack 4.633s
2025-12-15 10:01:29.166 67342 INFO tempest.lib.common.rest_client [req-5e0c7008-09ed-49b2-9113-f49332b58373 req-5e0c7008-09ed-49b2-9113-f49332b58373 ] Request (ServersNegativeTestMultiTenantJSON:setUpClass): 201 POST http://10.180.1.21/identity/v3/auth/tokens 0.091s
2025-12-15 10:01:29.236 67342 INFO tempest.lib.common.rest_client [req-22fd0440-dbac-40f8-82a7-4699938647ad req-22fd0440-dbac-40f8-82a7-4699938647ad ] Request (ServersNegativeTestMultiTenantJSON:setUpClass): 201 POST http://10.180.1.21/identity/v3/auth/tokens 0.066s
2025-12-15 10:01:29.271 67342 INFO tempest.lib.common.rest_client [req-b7dddd19-4f06-4c64-af88-4b11599cd245 req-b7dddd19-4f06-4c64-af88-4b11599cd245 ] Request (ServersNegativeTestMultiTenantJSON:setUpClass): 200 GET http://10.180.1.21/identity/v3/domains?name=Default 0.035s
2025-12-15 10:01:29.303 67342 INFO tempest.lib.common.rest_client [req-5077c672-d830-4e84-b265-44302a9d3907 req-5077c672-d830-4e84-b265-44302a9d3907 ] Request (ServersNegativeTestMultiTenantJSON:setUpClass): 201 POST http://10.180.1.21/identity/v3/projects 0.031s
2025-12-15 10:01:29.396 67342 INFO tempest.lib.common.rest_client [req-bac05600-6e85-49df-9e64-920dff198d5e req-bac05600-6e85-49df-9e64-920dff198d5e ] Request (ServersNegativeTestMultiTenantJSON:setUpClass): 201 POST http://10.180.1.21/identity/v3/users 0.092s
2025-12-15 10:01:29.431 67342 INFO tempest.lib.common.rest_client [req-42a282d0-c212-428d-be13-6ff5c09c3c63 req-42a282d0-c212-428d-be13-6ff5c09c3c63 ] Request (ServersNegativeTestMultiTenantJSON:setUpClass): 200 GET http://10.180.1.21/identity/v3/roles 0.035s
2025-12-15 10:01:29.479 67342 INFO tempest.lib.common.rest_client [req-ab49c6e3-ed43-4346-806b-1cf05b543a75 req-ab49c6e3-ed43-4346-806b-1cf05b543a75 ] Request (ServersNegativeTestMultiTenantJSON:setUpClass): 204 PUT http://10.180.1.21/identity/v3/projects/bd6f8ad9ec114a78b9fe996240b66dfe/users/7473ac00c53f492d854caa0fcc8d5132/roles/c9e13c6228584344a07cd4ff5a033067 0.047s
2025-12-15 10:01:29.481 67342 INFO tempest.lib.common.dynamic_creds [-] Dynamic test user 7473ac00c53f492d854caa0fcc8d5132 is created with scope project and roles: ['member']
2025-12-15 10:01:29.481 67342 INFO tempest.lib.common.dynamic_creds [-] Acquired dynamic creds: credentials: Credentials: {'domain_id': 'default', 'domain_name': 'Default', 'username': 'tempest-ServersNegativeTestMultiTenantJSON-1253843901-project-member', 'project_domain_id': 'default', 'project_domain_name': 'Default', 'project_id': 'bd6f8ad9ec114a78b9fe996240b66dfe', 'project_name': 'tempest-ServersNegativeTestMultiTenantJSON-1253843901', 'tenant_id': 'bd6f8ad9ec114a78b9fe996240b66dfe', 'tenant_name': 'tempest-ServersNegativeTestMultiTenantJSON-1253843901', 'user_domain_id': 'default', 'user_domain_name': 'Default', 'user_id': '7473ac00c53f492d854caa0fcc8d5132', 'system': None}, Network: None, Subnet: None, Router: None
2025-12-15 10:01:29.561 67342 INFO tempest.lib.common.rest_client [req-79f95f41-9904-43c7-8e8f-5616f05c3f68 req-79f95f41-9904-43c7-8e8f-5616f05c3f68 ] Request (ServersNegativeTestMultiTenantJSON:setUpClass): 201 POST http://10.180.1.21/identity/v3/auth/tokens 0.079s
2025-12-15 10:01:29.588 67380 INFO tempest.lib.common.rest_client [req-34b360e2-e819-4dd4-b3e1-34f680555c6c req-34b360e2-e819-4dd4-b3e1-34f680555c6c ] Request (ServersAdmin275Test:tearDownClass): 200 GET http://10.180.1.21/compute/v2.1/servers/f76906a0-260a-4265-954e-174943f85ed7 4.856s
2025-12-15 10:01:29.659 67318 INFO tempest.lib.common.rest_client [req-b39f95a3-a377-4c23-8aae-f7080a1f2624 req-b39f95a3-a377-4c23-8aae-f7080a1f2624 ] Request (ServersAdminNegativeTestJSON:test_migrate_server_invalid_state): 200 GET http://10.180.1.21/compute/v2.1/servers/1aae4603-3448-4393-9894-5d8b1001905e 4.768s
2025-12-15 10:01:29.676 67362 INFO tempest.lib.common.rest_client [req-de125e7b-501b-4bbc-82cd-c049da765b5f req-de125e7b-501b-4bbc-82cd-c049da765b5f ] Request (ServersAdminTestJSON:test_inject_network_info): 202 POST http://10.180.1.21/compute/v2.1/servers 5.485s
2025-12-15 10:01:29.830 67356 INFO tempest.lib.common.rest_client [req-e13ebe0a-8edd-4ddb-a2a6-491950acf7a2 req-e13ebe0a-8edd-4ddb-a2a6-491950acf7a2 ] Request (KeyPairsV2TestJSON:test_get_keypair_detail): 200 POST http://10.180.1.21/compute/v2.1/os-keypairs 4.894s
2025-12-15 10:01:29.893 67342 INFO tempest.lib.common.rest_client [req-232d7334-d9be-4673-8fbd-3954c03ae850 req-232d7334-d9be-4673-8fbd-3954c03ae850 ] Request (ServersNegativeTestMultiTenantJSON:setUpClass): 201 POST http://10.180.1.21/networking/v2.0/networks 0.332s
2025-12-15 10:01:29.946 67364 INFO tempest.lib.common.rest_client [req-e870ab85-92e9-4197-855c-855291176922 req-e870ab85-92e9-4197-855c-855291176922 ] Request (ServerRescueTestJSON:setUpClass): 200 GET http://10.180.1.21/compute/v2.1/servers/5d5cb37b-ac83-4c9b-adb7-ef528c12a3bc 5.043s
2025-12-15 10:01:30.153 67342 INFO tempest.lib.common.rest_client [req-8a380f5c-d337-433c-ac73-76070eb5295a req-8a380f5c-d337-433c-ac73-76070eb5295a ] Request (ServersNegativeTestMultiTenantJSON:setUpClass): 201 POST http://10.180.1.21/networking/v2.0/subnets 0.258s
2025-12-15 10:01:30.218 67352 INFO tempest.lib.common.rest_client [req-d463ffe4-685f-4b53-b980-c05328e9e61d req-d463ffe4-685f-4b53-b980-c05328e9e61d ] Request (SecurityGroupsTestJSON:test_security_group_create_get_delete): 200 GET http://10.180.1.21/compute/v2.1/os-security-groups/15513c14-5d96-482b-95e9-69f6a080ad86 5.111s
2025-12-15 10:01:30.252 67326 INFO tempest.lib.common.rest_client [req-aa3ceb45-46cf-4dc0-a310-ac9837ce9a14 req-aa3ceb45-46cf-4dc0-a310-ac9837ce9a14 ] Request (ServerGroupTestJSON:test_create_server_with_scheduler_hint_group): 200 GET http://10.180.1.21/compute/v2.1/servers/91a4995d-8e7c-4f19-835f-3e805cb5431c 5.168s
2025-12-15 10:01:30.993 67342 INFO tempest.lib.common.rest_client [req-873ab9fa-74e0-4b5c-a7f9-dde512807111 req-873ab9fa-74e0-4b5c-a7f9-dde512807111 ] Request (ServersNegativeTestMultiTenantJSON:setUpClass): 201 POST http://10.180.1.21/networking/v2.0/routers 0.839s
2025-12-15 10:01:31.067 67338 INFO tempest.lib.common.rest_client [req-18160ad4-d224-4b13-9185-9b54266ce355 req-18160ad4-d224-4b13-9185-9b54266ce355 ] Request (ServersTestJSON:test_create_server_specify_multibyte_character_name): 200 GET http://10.180.1.21/compute/v2.1/servers/125ce6c8-3585-4b79-84c6-889bc1e0d8b6 5.571s
