2025-12-15 10:01:31.264 67360 INFO tempest.lib.common.rest_client [req-48c1a0d8-1583-4b42-9690-747267d3131f req-48c1a0d8-1583-4b42-9690-747267d3131f ] Request (DeleteServersTestJSON:test_delete_server_while_in_attached_volume): 200 GET http://10.180.1.21/compute/v2.1/servers/42cc9097-2525-46a4-a2a2-26de8a03eccd 5.743s
2025-12-15 10:01:31.273 67360 INFO tempest.common.waiters [-] State transition "BUILD/None" ==> "BUILD/spawning" after 19 second wait
2025-12-15 10:01:31.279 67334 INFO tempest.lib.common.rest_client [req-bfb760e1-b6f1-453d-9819-c9bddf74fb3a req-bfb760e1-b6f1-453d-9819-c9bddf74fb3a ] Request (ServerActionsTestOtherA:setUpClass): 200 GET http://10.180.1.21/compute/v2.1/servers/dcb59afc-9870-483f-971d-e167a1bc9f77 5.626s
2025-12-15 10:01:31.303 67348 INFO tempest.lib.common.rest_client [req-fb7d7589-eba6-4353-8f98-7baa280447ce req-fb7d7589-eba6-4353-8f98-7baa280447ce ] Request (AggregatesAdminNegativeTestJSON:_run_cleanups): 200 DELETE http://10.180.1.21/compute/v2.1/os-aggregates/6 5.613s
2025-12-15 10:01:31.427 67332 INFO tempest.lib.common.rest_client [req-f3ee1145-d1a0-4207-926f-ec9cdb9b7329 req-f3ee1145-d1a0-4207-926f-ec9cdb9b7329 ] Request (AttachInterfacesTestJSON:test_create_list_show_delete_interfaces_by_fixed_ip): 200 GET http://10.180.1.21/compute/v2.1/servers/4d3d9ab9-33ed-4c61-bea6-d3189c2aa7bc/os-interface 5.738s
2025-12-15 10:01:31.981 67332 INFO tempest.lib.common.rest_client [req-64e6eb65-6255-4d97-bc62-f942599a4055 req-64e6eb65-6255-4d97-bc62-f942599a4055 ] Request (AttachInterfacesTestJSON:test_create_list_show_delete_interfaces_by_fixed_ip): 200 PUT http://10.180.1.21/networking/v2.0/floatingips/ff5864b3-a662-4318-8709-03ccb2d8a455 0.552s
2025-12-15 10:01:31.999 67342 INFO tempest.lib.common.rest_client [req-2ed2fcc1-324f-4026-82ea-36377f3538cc req-2ed2fcc1-324f-4026-82ea-36377f3538cc ] Request (ServersNegativeTestMultiTenantJSON:setUpClass): 200 PUT http://10.180.1.21/networking/v2.0/routers/6a27a232-963c-4ed0-9a05-90b8b3a2d05b/add_router_interface 1.006s
2025-12-15 10:01:32.000 67342 INFO tempest.lib.common.dynamic_creds [-] Created isolated network resources for: credentials: Credentials: {'domain_id': 'default', 'domain_name': 'Default', 'username': 'tempest-ServersNegativeTestMultiTenantJSON-1253843901-project-member', 'project_domain_id': 'default', 'project_domain_name': 'Default', 'project_id': 'bd6f8ad9ec114a78b9fe996240b66dfe', 'project_name': 'tempest-ServersNegativeTestMultiTenantJSON-1253843901', 'tenant_id': 'bd6f8ad9ec114a78b9fe996240b66dfe', 'tenant_name': 'tempest-ServersNegativeTestMultiTenantJSON-1253843901', 'user_domain_id': 'default', 'user_domain_name': 'Default', 'user_id': '7473ac00c53f492d854caa0fcc8d5132', 'system': None}, Network: {'id': 'dec8eb61-0630-439e-95f1-cc075da66e6f', 'name': 'tempest-ServersNegativeTestMultiTenantJSON-836309578-network', 'tenant_id': 'bd6f8ad9ec114a78b9fe996240b66dfe', 'project_id': 'bd6f8ad9ec114a78b9fe996240b66dfe', 'admin_state_up': True, 'mtu': 8950, 'status': 'ACTIVE', 'subnets': [], 'shared': False, 'port_security_enabled': True, 'router:external': False, 'provider:network_type': 'vlan', 'provider:physical_network': 'default', 'provider:segmentation_id': 792, 'availability_zone_hints': [], 'availability_zones': [], 'ipv4_address_scope': None, 'ipv6_address_scope': None, 'description': '', 'tags': [], 'created_at': '2025-12-15T10:01:29Z', 'updated_at': '2025-12-15T10:01:29Z', 'revision_number': 1}, Subnet: {'id': '09e96968-0ab7-4c9a-a673-66003f0fdb03', 'name': 'tempest-ServersNegativeTestMultiTenantJSON-836309578-subnet', 'tenant_id': 'bd6f8ad9ec114a78b9fe996240b66dfe', 'network_id': 'dec8eb61-0630-439e-95f1-cc075da66e6f', 'ip_version': 4, 'subnetpool_id': None, 'enable_dhcp': True, 'ipv6_ra_mode': None, 'ipv6_address_mode': None, 'gateway_ip': '192.168.128.1', 'cidr': '192.168.128.0/28', 'allocation_pools': [{'start': '192.168.128.2', 'end': '192.168.128.14'}], 'host_routes': [], 'dns_nameservers': [], 'description': '', 'router:external': False, 'service_types': [], 'tags': [], 'created_at': '2025-12-15T10:01:30Z', 'updated_at': '2025-12-15T10:01:30Z', 'revision_number': 0, 'project_id': 'bd6f8ad9ec114a78b9fe996240b66dfe'}, Router: {'id': '6a27a232-963c-4ed0-9a05-90b8b3a2d05b', 'name': 'tempest-ServersNegativeTestMultiTenantJSON-836309578-router', 'tenant_id': 'bd6f8ad9ec114a78b9fe996240b66dfe', 'admin_state_up': True, 'status': 'ACTIVE', 'external_gateway_info': {'network_id': '43189363-5209-4221-80e4-5309bf98efde', 'external_fixed_ips': [{'subnet_id': 'e79e4366-fde1-4660-8539-4ee72592b60d', 'ip_address': '10.180.180.153'}], 'enable_snat': True}, 'description': '', 'availability_zones': [], 'distributed': False, 'ha': False, 'availability_zone_hints': [], 'routes': [], 'flavor_id': None, 'tags': [], 'created_at': '2025-12-15T10:01:30Z', 'updated_at': '2025-12-15T10:01:30Z', 'revision_number': 2, 'project_id': 'bd6f8ad9ec114a78b9fe996240b66dfe'}
2025-12-15 10:01:32.038 67346 INFO tempest.lib.common.rest_client [req-02b912e4-1d7e-4fe2-8a0b-51231bf66a16 req-02b912e4-1d7e-4fe2-8a0b-51231bf66a16 ] Request (ImagesOneServerNegativeTestJSON:_run_cleanups): 200 GET http://10.180.1.21/compute/v2.1/servers/c88f5b3b-fa31-49e6-81b3-2aebdf9501c2 6.266s
2025-12-15 10:01:32.054 67320 INFO tempest.lib.common.rest_client [req-3d6366c0-17ad-40a8-b362-c466f696d8d3 req-3d6366c0-17ad-40a8-b362-c466f696d8d3 ] Request (MigrationsAdminTest:test_list_migrations_in_flavor_resize_situation): 200 GET http://10.180.1.21/compute/v2.1/servers/48de60e3-9da5-4c26-8938-5d844d408bf5 6.319s
2025-12-15 10:01:32.064 67320 INFO tempest.common.waiters [-] State transition "RESIZE/resize_migrated" ==> "RESIZE/resize_finish" after 35 second wait
2025-12-15 10:01:32.091 67376 INFO tempest.lib.common.rest_client [req-7a9fd071-76c2-4754-a011-919fa7a48e3c req-7a9fd071-76c2-4754-a011-919fa7a48e3c ] Request (FlavorsAccessNegativeTestJSON:_run_cleanups): 200 GET http://10.180.1.21/compute/v2.1/flavors/detail 5.485s
2025-12-15 10:01:32.133 67328 INFO tempest.lib.common.rest_client [req-18da5765-da7a-4516-ad0b-e912965267ea req-18da5765-da7a-4516-ad0b-e912965267ea ] Request (DeleteServersAdminTestJSON:test_delete_server_while_in_error_state): 200 GET http://10.180.1.21/compute/v2.1/servers/1567da7e-87bf-411f-8116-a124ab1ee839 6.283s
2025-12-15 10:01:32.136 67342 INFO tempest.lib.common.rest_client [req-b9a22f0d-49cf-42a9-bf18-319980ae34c9 req-b9a22f0d-49cf-42a9-bf18-319980ae34c9 ] Request (ServersNegativeTestMultiTenantJSON:setUpClass): 201 POST http://10.180.1.21/identity/v3/auth/tokens 0.131s
2025-12-15 10:01:32.161 67370 INFO tempest.lib.common.rest_client [req-70c2e11a-a268-4ccd-b322-ff06ba4f76aa req-70c2e11a-a268-4ccd-b322-ff06ba4f76aa ] Request (ServicesAdminNegativeTestJSON:test_get_service_by_invalid_service_and_valid_host): 200 GET http://10.180.1.21/compute/v2.1/os-services?host=devstack&binary=xxx 5.338s
2025-12-15 10:01:32.197 67358 INFO tempest.lib.common.rest_client [req-b081c9ef-6667-4a02-ab5d-0b731bb19951 req-b081c9ef-6667-4a02-ab5d-0b731bb19951 ] Request (QuotasAdminTestV236:test_get_updated_quotas): 200 GET http://10.180.1.21/compute/v2.1/os-quota-sets/65038f78900a47fa90c7afe037527f50?user_id=4ee270148da34550b3b350a4eb95eff1 5.404s
2025-12-15 10:01:32.215 67378 INFO tempest.lib.common.rest_client [req-e97549f5-eded-49eb-a235-67132c91d929 req-e97549f5-eded-49eb-a235-67132c91d929 ] Request (ServerDiagnosticsNegativeTest:tearDownClass): 404 GET http://10.180.1.21/compute/v2.1/servers/4bd09707-44bf-4fbd-9603-49ac8bb1d5ca 5.249s
2025-12-15 10:01:32.218 67342 INFO tempest.lib.common.rest_client [req-cb30293f-31d7-41a9-8dcf-348751cc9425 req-cb30293f-31d7-41a9-8dcf-348751cc9425 ] Request (ServersNegativeTestMultiTenantJSON:setUpClass): 201 POST http://10.180.1.21/identity/v3/projects 0.081s
2025-12-15 10:01:32.247 67376 INFO tempest.lib.common.rest_client [req-2bd0d685-b00f-4538-b2cc-62fc38993792 req-2bd0d685-b00f-4538-b2cc-62fc38993792 ] Request (FlavorsAccessNegativeTestJSON:tearDownClass): 204 DELETE http://10.180.1.21/identity/v3/users/c7fbe5bae745487394227cfdd2b09e16 0.145s
2025-12-15 10:01:32.390 67324 INFO tempest.lib.common.rest_client [req-2c3e44e5-07d1-40a6-bac8-cbadf3fe91cb req-2c3e44e5-07d1-40a6-bac8-cbadf3fe91cb ] Request (ServerDiskConfigTestJSON:test_rebuild_server_with_manual_disk_config): 200 GET http://10.180.1.21/compute/v2.1/servers/704ce93d-bcf1-4784-a620-6945b5afa9ef 4.800s
2025-12-15 10:01:32.397 67358 INFO tempest.lib.common.rest_client [req-f6f98c50-246f-4c1c-99c1-f2c843cce6ae req-f6f98c50-246f-4c1c-99c1-f2c843cce6ae ] Request (QuotasAdminTestV236:_run_cleanups): 204 DELETE http://10.180.1.21/identity/v3/users/4ee270148da34550b3b350a4eb95eff1 0.197s
2025-12-15 10:01:32.397 67324 INFO tempest.common.waiters [-] State transition "BUILD/networking" ==> "BUILD/spawning" after 25 second wait
2025-12-15 10:01:32.438 67322 INFO tempest.lib.common.rest_client [req-d400b42b-8bac-4632-8690-3363f6d750d7 req-d400b42b-8bac-4632-8690-3363f6d750d7 ] Request (ValidationResourcesFixture:setUp): 200 POST http://10.180.1.21/compute/v2.1/os-keypairs 5.239s
2025-12-15 10:01:32.462 67368 INFO tempest.lib.common.rest_client [req-b5347938-86fe-4f32-aaef-c4aece766059 req-b5347938-86fe-4f32-aaef-c4aece766059 ] Request (FlavorsV2TestJSON:test_list_flavors_filter_by_min_ram): 200 GET http://10.180.1.21/compute/v2.1/flavors?minRam=193 4.655s
2025-12-15 10:01:32.471 67340 INFO tempest.lib.common.rest_client [req-b05abf7f-bd93-4d9e-9e7a-a94e4932d47b req-b05abf7f-bd93-4d9e-9e7a-a94e4932d47b ] Request (FloatingIPsAssociationTestJSON:setUpClass): 200 GET http://10.180.1.21/compute/v2.1/servers/a8c8bf9b-8d1c-4766-8481-e400be61acce 4.713s
2025-12-15 10:01:32.499 67342 INFO tempest.lib.common.rest_client [req-ee4606d4-01ad-46a9-83f6-65204242bdba req-ee4606d4-01ad-46a9-83f6-65204242bdba ] Request (ServersNegativeTestMultiTenantJSON:setUpClass): 201 POST http://10.180.1.21/identity/v3/users 0.280s
2025-12-15 10:01:32.537 67378 INFO tempest.lib.common.rest_client [req-475db7d0-9d83-4365-82f1-72cb5934a39e req-475db7d0-9d83-4365-82f1-72cb5934a39e ] Request (ServerDiagnosticsNegativeTest:tearDownClass): 204 DELETE http://10.180.1.21/identity/v3/users/eceb82b089ac4450b3430e92f35dbaad 0.321s
2025-12-15 10:01:32.590 67322 INFO tempest.lib.common.rest_client [req-f7266461-093e-40a6-a4ab-9bc521bd925c req-f7266461-093e-40a6-a4ab-9bc521bd925c ] Request (ValidationResourcesFixture:setUp): 201 POST http://10.180.1.21/networking/v2.0/security-groups 0.151s
2025-12-15 10:01:32.592 67374 INFO tempest.lib.common.rest_client [req-932385f2-985f-4230-b8b3-602cefd24a51 req-932385f2-985f-4230-b8b3-602cefd24a51 ] Request (ImagesOneServerTestJSON:tearDownClass): 204 DELETE http://10.180.1.21/compute/v2.1/images/4bf16e9a-6c5d-49ef-a22f-10de6f22c8ca 4.698s
2025-12-15 10:01:32.618 67376 INFO tempest.lib.common.rest_client [req-13a1a99b-8446-4693-8acc-9f34528587ca req-13a1a99b-8446-4693-8acc-9f34528587ca ] Request (FlavorsAccessNegativeTestJSON:tearDownClass): 204 DELETE http://10.180.1.21/identity/v3/users/25b8d2421bbd4b0bae72b123380878d8 0.371s
2025-12-15 10:01:32.691 67342 INFO tempest.lib.common.rest_client [req-ff108b55-0625-4e40-b6d2-d872dac725c8 req-ff108b55-0625-4e40-b6d2-d872dac725c8 ] Request (ServersNegativeTestMultiTenantJSON:setUpClass): 200 GET http://10.180.1.21/identity/v3/roles 0.192s
2025-12-15 10:01:32.713 67322 INFO tempest.lib.common.rest_client [req-729c304d-c992-4754-8fe4-b9f8efccfeea req-729c304d-c992-4754-8fe4-b9f8efccfeea ] Request (ValidationResourcesFixture:setUp): 201 POST http://10.180.1.21/networking/v2.0/security-group-rules 0.122s
2025-12-15 10:01:32.717 67366 INFO tempest.lib.common.rest_client [req-f592aac6-483a-402d-b3bf-6c14cb21e7e0 req-f592aac6-483a-402d-b3bf-6c14cb21e7e0 ] Request (ServerMetadataNegativeTestJSON:setUpClass): 200 GET http://10.180.1.21/compute/v2.1/servers/afa4775a-11cd-4637-a389-899022086f8e 4.485s
2025-12-15 10:01:32.748 67358 INFO tempest.lib.common.rest_client [req-6903a006-ad42-4152-bc69-5fcb0f4fcdf6 req-6903a006-ad42-4152-bc69-5fcb0f4fcdf6 ] Request (QuotasAdminTestV236:_run_cleanups): 204 DELETE http://10.180.1.21/identity/v3/projects/65038f78900a47fa90c7afe037527f50 0.350s
2025-12-15 10:01:32.836 67378 INFO tempest.lib.common.rest_client [req-19412d7f-d328-4baf-b7e8-1f94c24517cc req-19412d7f-d328-4baf-b7e8-1f94c24517cc ] Request (ServerDiagnosticsNegativeTest:tearDownClass): 204 DELETE http://10.180.1.21/identity/v3/users/3990d977a34b428c9d384a1d905d8de5 0.299s
2025-12-15 10:01:32.837 67378 INFO tempest.lib.common.dynamic_creds [-] Deleting project and security group for project: b1d8bfa650df4f6f9e73c50271d71e35
2025-12-15 10:01:32.856 67376 INFO tempest.lib.common.rest_client [req-bcd041fd-56cd-49f3-8d51-dd8339bfe7da req-bcd041fd-56cd-49f3-8d51-dd8339bfe7da ] Request (FlavorsAccessNegativeTestJSON:tearDownClass): 204 DELETE http://10.180.1.21/identity/v3/users/cc84cc8b353b422bb27ce54439014510 0.238s
2025-12-15 10:01:32.856 67376 INFO tempest.lib.common.dynamic_creds [-] Deleting project and security group for project: b2b80f3b489f4fcfbefa12d796acf982
2025-12-15 10:01:32.856 67322 INFO tempest.lib.common.rest_client [req-342f6cb1-d0ef-4778-9b5d-a6240ea83da2 req-342f6cb1-d0ef-4778-9b5d-a6240ea83da2 ] Request (ValidationResourcesFixture:setUp): 201 POST http://10.180.1.21/networking/v2.0/security-group-rules 0.143s
2025-12-15 10:01:32.953 67342 INFO tempest.lib.common.rest_client [req-d2a96e54-44d4-4363-81a5-3e6053e53859 req-d2a96e54-44d4-4363-81a5-3e6053e53859 ] Request (ServersNegativeTestMultiTenantJSON:setUpClass): 204 PUT http://10.180.1.21/identity/v3/projects/bba8b060bd264a6dbcc77b7006578895/users/a045fc37dc2744a0861c4ea6aaaf3429/roles/c9e13c6228584344a07cd4ff5a033067 0.262s
2025-12-15 10:01:32.953 67342 INFO tempest.lib.common.dynamic_creds [-] Dynamic test user a045fc37dc2744a0861c4ea6aaaf3429 is created with scope project and roles: ['member']
2025-12-15 10:01:32.954 67342 INFO tempest.lib.common.dynamic_creds [-] Acquired dynamic creds: credentials: Credentials: {'domain_id': 'default', 'domain_name': 'Default', 'username': 'tempest-ServersNegativeTestMultiTenantJSON-1287242661-project-member', 'project_domain_id': 'default', 'project_domain_name': 'Default', 'project_id': 'bba8b060bd264a6dbcc77b7006578895', 'project_name': 'tempest-ServersNegativeTestMultiTenantJSON-1287242661', 'tenant_id': 'bba8b060bd264a6dbcc77b7006578895', 'tenant_name': 'tempest-ServersNegativeTestMultiTenantJSON-1287242661', 'user_domain_id': 'default', 'user_domain_name': 'Default', 'user_id': 'a045fc37dc2744a0861c4ea6aaaf3429', 'system': None}, Network: None, Subnet: None, Router: None
2025-12-15 10:01:32.955 67336 INFO tempest.lib.common.rest_client [req-2bcf8dbb-42d2-4eb3-b183-79d50837d259 req-2bcf8dbb-42d2-4eb3-b183-79d50837d259 ] Request (MultipleCreateTestJSON:test_multiple_create_with_reservation_return): 202 POST http://10.180.1.21/compute/v2.1/servers 5.050s
2025-12-15 10:01:32.958 67330 INFO tempest.lib.common.rest_client [req-26e1d2cc-8cd1-41c7-90ff-ead8cac054ea req-26e1d2cc-8cd1-41c7-90ff-ead8cac054ea ] Request (HostsAdminNegativeTestJSON:test_update_host_without_param): 400 PUT http://10.180.1.21/compute/v2.1/os-hosts/devstack 3.806s
2025-12-15 10:01:33.000 67358 INFO tempest.lib.common.rest_client [req-e0666732-f055-456b-af5a-18341077d6a8 req-e0666732-f055-456b-af5a-18341077d6a8 ] Request (QuotasAdminTestV236:tearDownClass): 204 DELETE http://10.180.1.21/identity/v3/users/7aa776deb0f5431f98909e97319b7760 0.246s
2025-12-15 10:01:33.022 67378 INFO tempest.lib.common.rest_client [req-27cb1389-9b49-4727-bae8-04933c5d4a4b req-27cb1389-9b49-4727-bae8-04933c5d4a4b ] Request (ServerDiagnosticsNegativeTest:tearDownClass): 201 POST http://10.180.1.21/identity/v3/auth/tokens 0.185s
2025-12-15 10:01:33.061 67376 INFO tempest.lib.common.rest_client [req-56a6f09e-9c37-4f87-a8fb-02a45a171065 req-56a6f09e-9c37-4f87-a8fb-02a45a171065 ] Request (FlavorsAccessNegativeTestJSON:tearDownClass): 201 POST http://10.180.1.21/identity/v3/auth/tokens 0.204s
2025-12-15 10:01:33.156 67358 INFO tempest.lib.common.rest_client [req-8d3d74a5-ed50-481e-b32f-8f35aa54e8f4 req-8d3d74a5-ed50-481e-b32f-8f35aa54e8f4 ] Request (QuotasAdminTestV236:tearDownClass): 204 DELETE http://10.180.1.21/identity/v3/users/baaf870b74964e2695f79dde38f5db22 0.155s
2025-12-15 10:01:33.156 67358 INFO tempest.lib.common.dynamic_creds [-] Deleting project and security group for project: f524e60570bf4ca880963ba5f66fc3d3
2025-12-15 10:01:33.240 67358 INFO tempest.lib.common.rest_client [req-b2b6754c-17fd-42bf-adf9-3bf66462e9f3 req-b2b6754c-17fd-42bf-adf9-3bf66462e9f3 ] Request (QuotasAdminTestV236:tearDownClass): 201 POST http://10.180.1.21/identity/v3/auth/tokens 0.083s
2025-12-15 10:01:33.324 67342 INFO tempest.lib.common.rest_client [req-01345801-8f98-41c9-adf5-2d984684735e req-01345801-8f98-41c9-adf5-2d984684735e ] Request (ServersNegativeTestMultiTenantJSON:setUpClass): 201 POST http://10.180.1.21/networking/v2.0/networks 0.369s
2025-12-15 10:01:33.413 67362 INFO tempest.lib.common.rest_client [req-3658fea0-876d-4983-82b8-6a50b1c0e968 req-3658fea0-876d-4983-82b8-6a50b1c0e968 ] Request (ServersAdminTestJSON:test_inject_network_info): 200 GET http://10.180.1.21/compute/v2.1/servers/f65b6db2-682a-446d-b426-0499b841a451 3.735s
2025-12-15 10:01:33.434 67356 INFO tempest.lib.common.rest_client [req-07dd56da-52a3-40a6-bdd1-eaf57113df57 req-07dd56da-52a3-40a6-bdd1-eaf57113df57 ] Request (KeyPairsV2TestJSON:test_get_keypair_detail): 200 GET http://10.180.1.21/compute/v2.1/os-keypairs/tempest-keypair-77006467 3.603s
2025-12-15 10:01:33.471 67322 INFO tempest.lib.common.rest_client [req-f04a72ae-5436-4b5e-9d8d-8673d1781ffe req-f04a72ae-5436-4b5e-9d8d-8673d1781ffe ] Request (ValidationResourcesFixture:setUp): 201 POST http://10.180.1.21/networking/v2.0/floatingips 0.615s
2025-12-15 10:01:33.512 67378 INFO tempest.lib.common.rest_client [req-b64d33bc-9de6-477b-888b-c2ab1ec5d4ef req-b64d33bc-9de6-477b-888b-c2ab1ec5d4ef ] Request (ServerDiagnosticsNegativeTest:tearDownClass): 200 GET http://10.180.1.21/networking/v2.0/security-groups?tenant_id=b1d8bfa650df4f6f9e73c50271d71e35&name=default 0.490s
2025-12-15 10:01:33.557 67322 INFO tempest.lib.common.rest_client [req-580ed75c-2aee-4801-9f62-71fccdb25831 req-580ed75c-2aee-4801-9f62-71fccdb25831 ] Request (AttachInterfacesUnderV243Test:test_add_remove_fixed_ip): 201 POST http://10.180.1.21/identity/v3/auth/tokens 0.079s
2025-12-15 10:01:33.557 67322 INFO tempest.lib.common.fixed_network [-] (AttachInterfacesUnderV243Test:test_add_remove_fixed_ip) Found network {'id': 'fa20f0ed-b8f8-4655-b641-19814b1386b0', 'name': 'tempest-AttachInterfacesUnderV243Test-1768290228-network', 'tenant_id': '9b1d9b44bf6b432dab807efbad99e226', 'project_id': '9b1d9b44bf6b432dab807efbad99e226', 'admin_state_up': True, 'mtu': 8950, 'status': 'ACTIVE', 'subnets': [], 'shared': False, 'port_security_enabled': True, 'router:external': False, 'provider:network_type': 'vlan', 'provider:physical_network': 'default', 'provider:segmentation_id': 290, 'availability_zone_hints': [], 'availability_zones': [], 'ipv4_address_scope': None, 'ipv6_address_scope': None, 'description': '', 'tags': [], 'created_at': '2025-12-15T10:01:24Z', 'updated_at': '2025-12-15T10:01:24Z', 'revision_number': 1} available for tenant
2025-12-15 10:01:33.661 67358 INFO tempest.lib.common.rest_client [req-f288b68b-d547-4a43-ba0b-5acdc09e6d18 req-f288b68b-d547-4a43-ba0b-5acdc09e6d18 ] Request (QuotasAdminTestV236:tearDownClass): 200 GET http://10.180.1.21/networking/v2.0/security-groups?tenant_id=f524e60570bf4ca880963ba5f66fc3d3&name=default 0.420s
2025-12-15 10:01:33.667 67376 INFO tempest.lib.common.rest_client [req-99788af4-2e2c-4b15-aafa-3947afe54d9d req-99788af4-2e2c-4b15-aafa-3947afe54d9d ] Request (FlavorsAccessNegativeTestJSON:tearDownClass): 200 GET http://10.180.1.21/networking/v2.0/security-groups?tenant_id=b2b80f3b489f4fcfbefa12d796acf982&name=default 0.605s
2025-12-15 10:01:33.836 67342 INFO tempest.lib.common.rest_client [req-717fe4e9-a869-4731-b18e-e4d4de5dd470 req-717fe4e9-a869-4731-b18e-e4d4de5dd470 ] Request (ServersNegativeTestMultiTenantJSON:setUpClass): 201 POST http://10.180.1.21/networking/v2.0/subnets 0.511s
2025-12-15 10:01:33.976 67378 INFO tempest.lib.common.rest_client [req-6ee30008-7251-461f-95ba-c36e42034d01 req-6ee30008-7251-461f-95ba-c36e42034d01 ] Request (ServerDiagnosticsNegativeTest:tearDownClass): 204 DELETE http://10.180.1.21/networking/v2.0/security-groups/07383a35-f47d-401e-85e0-c5ab0bad79b4 0.462s
2025-12-15 10:01:34.050 67378 INFO tempest.lib.common.rest_client [req-3d37f38b-342f-44b3-bd62-0ea9b4eec345 req-3d37f38b-342f-44b3-bd62-0ea9b4eec345 ] Request (ServerDiagnosticsNegativeTest:tearDownClass): 204 DELETE http://10.180.1.21/identity/v3/projects/b1d8bfa650df4f6f9e73c50271d71e35 0.074s
2025-12-15 10:01:34.051 67378 INFO tempest.lib.common.dynamic_creds [-] Deleting project and security group for project: 9880f0e2644d46ff93bd1e0352b4cdc0
2025-12-15 10:01:34.124 67358 INFO tempest.lib.common.rest_client [req-7aeb8622-0dae-4bfa-93bf-77ecbe5211dd req-7aeb8622-0dae-4bfa-93bf-77ecbe5211dd ] Request (QuotasAdminTestV236:tearDownClass): 204 DELETE http://10.180.1.21/networking/v2.0/security-groups/25f550be-5268-418f-b39e-902c0548d0c6 0.463s
2025-12-15 10:01:34.202 67376 INFO tempest.lib.common.rest_client [req-5180dc5c-481c-4dab-ade8-4d22f9b99387 req-5180dc5c-481c-4dab-ade8-4d22f9b99387 ] Request (FlavorsAccessNegativeTestJSON:tearDownClass): 204 DELETE http://10.180.1.21/networking/v2.0/security-groups/84f6d72f-8f13-4144-8c9f-b216dbb284d0 0.534s
2025-12-15 10:01:34.270 67358 INFO tempest.lib.common.rest_client [req-c67580ba-08ab-49e4-8ef2-f15343ed6a23 req-c67580ba-08ab-49e4-8ef2-f15343ed6a23 ] Request (QuotasAdminTestV236:tearDownClass): 204 DELETE http://10.180.1.21/identity/v3/projects/f524e60570bf4ca880963ba5f66fc3d3 0.145s
2025-12-15 10:01:34.270 67358 INFO tempest.lib.common.dynamic_creds [-] Deleting project and security group for project: 37854cfa296f444dbff5ee4623aa6694
2025-12-15 10:01:34.307 67352 INFO tempest.lib.common.rest_client [req-3d2fbca5-0cb0-4223-9bcc-9810206bc83e req-3d2fbca5-0cb0-4223-9bcc-9810206bc83e ] Request (SecurityGroupsTestJSON:test_security_group_create_get_delete): 202 DELETE http://10.180.1.21/compute/v2.1/os-security-groups/15513c14-5d96-482b-95e9-69f6a080ad86 4.085s
2025-12-15 10:01:34.329 67376 INFO tempest.lib.common.rest_client [req-e5e99484-9b46-455d-b616-f4f827688559 req-e5e99484-9b46-455d-b616-f4f827688559 ] Request (FlavorsAccessNegativeTestJSON:tearDownClass): 204 DELETE http://10.180.1.21/identity/v3/projects/b2b80f3b489f4fcfbefa12d796acf982 0.127s
2025-12-15 10:01:34.329 67376 INFO tempest.lib.common.dynamic_creds [-] Deleting project and security group for project: 985c2e70c7f94566a2b0a3b0e882f7db
2025-12-15 10:01:34.417 67354 INFO paramiko.transport [-] Connected (version 2.0, client dropbear_2020.81)
2025-12-15 10:01:34.525 67354 INFO paramiko.transport [-] Authentication (publickey) successful!
2025-12-15 10:01:34.525 67354 INFO tempest.lib.common.ssh [-] ssh connection to cirros@10.180.180.148 successfully created
2025-12-15 10:01:34.841 67378 INFO tempest.lib.common.rest_client [req-8addf9fe-2a9c-4c31-aa5a-6ffb3e35e5c5 req-8addf9fe-2a9c-4c31-aa5a-6ffb3e35e5c5 ] Request (ServerDiagnosticsNegativeTest:tearDownClass): 200 GET http://10.180.1.21/networking/v2.0/security-groups?tenant_id=9880f0e2644d46ff93bd1e0352b4cdc0&name=default 0.790s
2025-12-15 10:01:34.973 67342 INFO tempest.lib.common.rest_client [req-facd755e-0e52-4339-9a79-5c8d76d8f020 req-facd755e-0e52-4339-9a79-5c8d76d8f020 ] Request (ServersNegativeTestMultiTenantJSON:setUpClass): 201 POST http://10.180.1.21/networking/v2.0/routers 1.136s
2025-12-15 10:01:34.981 67358 INFO tempest.lib.common.rest_client [req-84cafe3e-f4a1-4eab-be78-3635d6e44f25 req-84cafe3e-f4a1-4eab-be78-3635d6e44f25 ] Request (QuotasAdminTestV236:tearDownClass): 200 GET http://10.180.1.21/networking/v2.0/security-groups?tenant_id=37854cfa296f444dbff5ee4623aa6694&name=default 0.710s
2025-12-15 10:01:35.014 67380 INFO tempest.lib.common.rest_client [req-69e43c69-5092-48a9-9ffe-5566ea13679f req-69e43c69-5092-48a9-9ffe-5566ea13679f ] Request (ServersAdmin275Test:tearDownClass): 200 GET http://10.180.1.21/compute/v2.1/servers/f76906a0-260a-4265-954e-174943f85ed7 4.413s
2025-12-15 10:01:35.102 67376 INFO tempest.lib.common.rest_client [req-552339f8-9e7e-4efe-8dcc-f018061642ab req-552339f8-9e7e-4efe-8dcc-f018061642ab ] Request (FlavorsAccessNegativeTestJSON:tearDownClass): 200 GET http://10.180.1.21/networking/v2.0/security-groups?tenant_id=985c2e70c7f94566a2b0a3b0e882f7db&name=default 0.772s
2025-12-15 10:01:35.211 67378 INFO tempest.lib.common.rest_client [req-6468ba67-347d-45f4-9b30-a9e27128a750 req-6468ba67-347d-45f4-9b30-a9e27128a750 ] Request (ServerDiagnosticsNegativeTest:tearDownClass): 204 DELETE http://10.180.1.21/networking/v2.0/security-groups/6c620962-4605-4998-ae3f-e47a0c12f3e2 0.369s
2025-12-15 10:01:35.394 67378 INFO tempest.lib.common.rest_client [req-1649e74e-cfba-4bd0-8f61-a64e729e4121 req-1649e74e-cfba-4bd0-8f61-a64e729e4121 ] Request (ServerDiagnosticsNegativeTest:tearDownClass): 204 DELETE http://10.180.1.21/identity/v3/projects/9880f0e2644d46ff93bd1e0352b4cdc0 0.183s
2025-12-15 10:01:35.475 67378 INFO tempest.lib.common.rest_client [req-7f9c438e-de38-44ad-871f-7952404046e5 req-7f9c438e-de38-44ad-871f-7952404046e5 ] Request (ImagesDeleteNegativeTestJSON:setUpClass): 201 POST http://10.180.1.21/identity/v3/auth/tokens 0.079s
2025-12-15 10:01:35.505 67378 INFO tempest.lib.common.rest_client [req-e668f348-a313-412c-a339-920b2bfa45de req-e668f348-a313-412c-a339-920b2bfa45de ] Request (ImagesDeleteNegativeTestJSON:setUpClass): 201 POST http://10.180.1.21/identity/v3/auth/tokens 0.027s
2025-12-15 10:01:35.530 67378 INFO tempest.lib.common.rest_client [req-43c47236-48eb-4ae8-8f32-43757a064db1 req-43c47236-48eb-4ae8-8f32-43757a064db1 ] Request (ImagesDeleteNegativeTestJSON:setUpClass): 200 GET http://10.180.1.21/identity/v3/domains?name=Default 0.025s
2025-12-15 10:01:35.560 67378 INFO tempest.lib.common.rest_client [req-918bb223-87c7-4a65-b62d-395bc1a0f67f req-918bb223-87c7-4a65-b62d-395bc1a0f67f ] Request (ImagesDeleteNegativeTestJSON:setUpClass): 201 POST http://10.180.1.21/identity/v3/projects 0.029s
2025-12-15 10:01:35.624 67378 INFO tempest.lib.common.rest_client [req-0b717bf9-a4e6-42c4-8335-3ab711770615 req-0b717bf9-a4e6-42c4-8335-3ab711770615 ] Request (ImagesDeleteNegativeTestJSON:setUpClass): 201 POST http://10.180.1.21/identity/v3/users 0.064s
2025-12-15 10:01:35.649 67378 INFO tempest.lib.common.rest_client [req-de2245fe-6ba4-4c76-8773-f3d8564b325e req-de2245fe-6ba4-4c76-8773-f3d8564b325e ] Request (ImagesDeleteNegativeTestJSON:setUpClass): 200 GET http://10.180.1.21/identity/v3/roles 0.024s
2025-12-15 10:01:35.679 67378 INFO tempest.lib.common.rest_client [req-40e11e5c-c635-4266-bac6-3712b0061739 req-40e11e5c-c635-4266-bac6-3712b0061739 ] Request (ImagesDeleteNegativeTestJSON:setUpClass): 204 PUT http://10.180.1.21/identity/v3/projects/40ddc66b5979482d87817c32c9a469e7/users/c549e38691e145f29c5cc67aedc26a3d/roles/c9e13c6228584344a07cd4ff5a033067 0.030s
2025-12-15 10:01:35.680 67378 INFO tempest.lib.common.dynamic_creds [-] Dynamic test user c549e38691e145f29c5cc67aedc26a3d is created with scope project and roles: ['member']
2025-12-15 10:01:35.680 67378 INFO tempest.lib.common.dynamic_creds [-] Acquired dynamic creds: credentials: Credentials: {'domain_id': 'default', 'domain_name': 'Default', 'username': 'tempest-ImagesDeleteNegativeTestJSON-1216109213-project-member', 'project_domain_id': 'default', 'project_domain_name': 'Default', 'project_id': '40ddc66b5979482d87817c32c9a469e7', 'project_name': 'tempest-ImagesDeleteNegativeTestJSON-1216109213', 'tenant_id': '40ddc66b5979482d87817c32c9a469e7', 'tenant_name': 'tempest-ImagesDeleteNegativeTestJSON-1216109213', 'user_domain_id': 'default', 'user_domain_name': 'Default', 'user_id': 'c549e38691e145f29c5cc67aedc26a3d', 'system': None}, Network: None, Subnet: None, Router: None
2025-12-15 10:01:35.680 67378 INFO tempest.lib.common.dynamic_creds [-] Created isolated network resources for: credentials: Credentials: {'domain_id': 'default', 'domain_name': 'Default', 'username': 'tempest-ImagesDeleteNegativeTestJSON-1216109213-project-member', 'project_domain_id': 'default', 'project_domain_name': 'Default', 'project_id': '40ddc66b5979482d87817c32c9a469e7', 'project_name': 'tempest-ImagesDeleteNegativeTestJSON-1216109213', 'tenant_id': '40ddc66b5979482d87817c32c9a469e7', 'tenant_name': 'tempest-ImagesDeleteNegativeTestJSON-1216109213', 'user_domain_id': 'default', 'user_domain_name': 'Default', 'user_id': 'c549e38691e145f29c5cc67aedc26a3d', 'system': None}, Network: None, Subnet: None, Router: None
2025-12-15 10:01:35.753 67378 INFO tempest.lib.common.rest_client [req-f16e47d7-251b-4eb4-8bf1-c6de072ed8ec req-f16e47d7-251b-4eb4-8bf1-c6de072ed8ec ] Request (ImagesDeleteNegativeTestJSON:setUpClass): 201 POST http://10.180.1.21/identity/v3/auth/tokens 0.069s
2025-12-15 10:01:35.851 67350 WARNING tempest.lib.common.ssh [-] Failed to establish authenticated ssh connection to cirros@10.180.180.239 ([Errno None] Unable to connect to port 22 on 10.180.180.239). Number attempts: 4. Retry after 5 seconds.: paramiko.ssh_exception.NoValidConnectionsError: [Errno None] Unable to connect to port 22 on 10.180.180.239
2025-12-15 10:01:36.028 67342 INFO tempest.lib.common.rest_client [req-97524002-3d0c-4d50-a946-5105dc73901a req-97524002-3d0c-4d50-a946-5105dc73901a ] Request (ServersNegativeTestMultiTenantJSON:setUpClass): 200 PUT http://10.180.1.21/networking/v2.0/routers/1d3d0526-690c-4593-b51f-ce65e7a464a4/add_router_interface 1.055s
2025-12-15 10:01:36.029 67342 INFO tempest.lib.common.dynamic_creds [-] Created isolated network resources for: credentials: Credentials: {'domain_id': 'default', 'domain_name': 'Default', 'username': 'tempest-ServersNegativeTestMultiTenantJSON-1287242661-project-member', 'project_domain_id': 'default', 'project_domain_name': 'Default', 'project_id': 'bba8b060bd264a6dbcc77b7006578895', 'project_name': 'tempest-ServersNegativeTestMultiTenantJSON-1287242661', 'tenant_id': 'bba8b060bd264a6dbcc77b7006578895', 'tenant_name': 'tempest-ServersNegativeTestMultiTenantJSON-1287242661', 'user_domain_id': 'default', 'user_domain_name': 'Default', 'user_id': 'a045fc37dc2744a0861c4ea6aaaf3429', 'system': None}, Network: {'id': '0814e4d4-79a5-4792-b0ef-5e6a0f0beb52', 'name': 'tempest-ServersNegativeTestMultiTenantJSON-23596891-network', 'tenant_id': 'bba8b060bd264a6dbcc77b7006578895', 'project_id': 'bba8b060bd264a6dbcc77b7006578895', 'admin_state_up': True, 'mtu': 8950, 'status': 'ACTIVE', 'subnets': [], 'shared': False, 'port_security_enabled': True, 'router:external': False, 'provider:network_type': 'vlan', 'provider:physical_network': 'default', 'provider:segmentation_id': 372, 'availability_zone_hints': [], 'availability_zones': [], 'ipv4_address_scope': None, 'ipv6_address_scope': None, 'description': '', 'tags': [], 'created_at': '2025-12-15T10:01:33Z', 'updated_at': '2025-12-15T10:01:33Z', 'revision_number': 1}, Subnet: {'id': '681b3209-f274-42a4-8da2-5def910a092a', 'name': 'tempest-ServersNegativeTestMultiTenantJSON-23596891-subnet', 'tenant_id': 'bba8b060bd264a6dbcc77b7006578895', 'network_id': '0814e4d4-79a5-4792-b0ef-5e6a0f0beb52', 'ip_version': 4, 'subnetpool_id': None, 'enable_dhcp': True, 'ipv6_ra_mode': None, 'ipv6_address_mode': None, 'gateway_ip': '192.168.128.1', 'cidr': '192.168.128.0/28', 'allocation_pools': [{'start': '192.168.128.2', 'end': '192.168.128.14'}], 'host_routes': [], 'dns_nameservers': [], 'description': '', 'router:external': False, 'service_types': [], 'tags': [], 'created_at': '2025-12-15T10:01:33Z', 'updated_at': '2025-12-15T10:01:33Z', 'revision_number': 0, 'project_id': 'bba8b060bd264a6dbcc77b7006578895'}, Router: {'id': '1d3d0526-690c-4593-b51f-ce65e7a464a4', 'name': 'tempest-ServersNegativeTestMultiTenantJSON-23596891-router', 'tenant_id': 'bba8b060bd264a6dbcc77b7006578895', 'admin_state_up': True, 'status': 'ACTIVE', 'external_gateway_info': {'network_id': '43189363-5209-4221-80e4-5309bf98efde', 'external_fixed_ips': [{'subnet_id': 'e79e4366-fde1-4660-8539-4ee72592b60d', 'ip_address': '10.180.180.195'}], 'enable_snat': True}, 'description': '', 'availability_zones': [], 'distributed': False, 'ha': False, 'availability_zone_hints': [], 'routes': [], 'flavor_id': None, 'tags': [], 'created_at': '2025-12-15T10:01:34Z', 'updated_at': '2025-12-15T10:01:34Z', 'revision_number': 2, 'project_id': 'bba8b060bd264a6dbcc77b7006578895'}
2025-12-15 10:01:36.111 67342 INFO tempest.lib.common.rest_client [req-c8cb9030-acc9-4bd6-94e8-e3572d3da8a6 req-c8cb9030-acc9-4bd6-94e8-e3572d3da8a6 ] Request (ServersNegativeTestMultiTenantJSON:setUpClass): 201 POST http://10.180.1.21/identity/v3/auth/tokens 0.079s
2025-12-15 10:01:36.126 67358 INFO tempest.lib.common.rest_client [req-0ceaacd1-2c89-44ca-b22b-16bcf835a66f req-0ceaacd1-2c89-44ca-b22b-16bcf835a66f ] Request (QuotasAdminTestV236:tearDownClass): 204 DELETE http://10.180.1.21/networking/v2.0/security-groups/9534011f-29b5-4e6f-bac7-5b1c9a1d5275 1.144s
2025-12-15 10:01:36.152 67318 INFO tempest.lib.common.rest_client [req-c2f581c6-da26-4070-827b-9ad94301cbf5 req-c2f581c6-da26-4070-827b-9ad94301cbf5 ] Request (ServersAdminNegativeTestJSON:test_migrate_server_invalid_state): 200 GET http://10.180.1.21/compute/v2.1/servers/1aae4603-3448-4393-9894-5d8b1001905e 5.485s
2025-12-15 10:01:36.188 67342 INFO tempest.lib.common.rest_client [req-88b204b8-8f36-4779-a408-d82e11a6093d req-88b204b8-8f36-4779-a408-d82e11a6093d ] Request (ServersNegativeTestMultiTenantJSON:setUpClass): 201 POST http://10.180.1.21/identity/v3/auth/tokens 0.072s
2025-12-15 10:01:36.188 67342 INFO tempest.lib.common.fixed_network [-] (ServersNegativeTestMultiTenantJSON:setUpClass) Found network {'id': 'dec8eb61-0630-439e-95f1-cc075da66e6f', 'name': 'tempest-ServersNegativeTestMultiTenantJSON-836309578-network', 'tenant_id': 'bd6f8ad9ec114a78b9fe996240b66dfe', 'project_id': 'bd6f8ad9ec114a78b9fe996240b66dfe', 'admin_state_up': True, 'mtu': 8950, 'status': 'ACTIVE', 'subnets': [], 'shared': False, 'port_security_enabled': True, 'router:external': False, 'provider:network_type': 'vlan', 'provider:physical_network': 'default', 'provider:segmentation_id': 792, 'availability_zone_hints': [], 'availability_zones': [], 'ipv4_address_scope': None, 'ipv6_address_scope': None, 'description': '', 'tags': [], 'created_at': '2025-12-15T10:01:29Z', 'updated_at': '2025-12-15T10:01:29Z', 'revision_number': 1} available for tenant
2025-12-15 10:01:36.252 67376 INFO tempest.lib.common.rest_client [req-ce755d99-ddee-4bd8-96be-590a038b399e req-ce755d99-ddee-4bd8-96be-590a038b399e ] Request (FlavorsAccessNegativeTestJSON:tearDownClass): 204 DELETE http://10.180.1.21/networking/v2.0/security-groups/1c122485-3f17-4057-aa76-4896f23ec4ef 1.150s
2025-12-15 10:01:36.253 67358 INFO tempest.lib.common.rest_client [req-2d3e98c7-9fe6-4808-8f01-efbcafc3cb7d req-2d3e98c7-9fe6-4808-8f01-efbcafc3cb7d ] Request (QuotasAdminTestV236:tearDownClass): 204 DELETE http://10.180.1.21/identity/v3/projects/37854cfa296f444dbff5ee4623aa6694 0.126s
2025-12-15 10:01:36.325 67358 INFO tempest.lib.common.rest_client [req-90b4d352-cf9b-4a49-9f97-0c05e2efd05a req-90b4d352-cf9b-4a49-9f97-0c05e2efd05a ] Request (SecurityGroupRulesTestJSON:setUpClass): 201 POST http://10.180.1.21/identity/v3/auth/tokens 0.070s
2025-12-15 10:01:36.349 67364 INFO tempest.lib.common.rest_client [req-14e85beb-cffb-4cf6-9ee7-0a9db9e44de4 req-14e85beb-cffb-4cf6-9ee7-0a9db9e44de4 ] Request (ServerRescueTestJSON:setUpClass): 200 GET http://10.180.1.21/compute/v2.1/servers/5d5cb37b-ac83-4c9b-adb7-ef528c12a3bc 5.392s
2025-12-15 10:01:36.377 67376 INFO tempest.lib.common.rest_client [req-74f5cd54-8780-4843-8fd3-53a3be61ddc5 req-74f5cd54-8780-4843-8fd3-53a3be61ddc5 ] Request (FlavorsAccessNegativeTestJSON:tearDownClass): 204 DELETE http://10.180.1.21/identity/v3/projects/985c2e70c7f94566a2b0a3b0e882f7db 0.125s
2025-12-15 10:01:36.378 67376 INFO tempest.lib.common.dynamic_creds [-] Deleting project and security group for project: dcbadf69ca8f4fd383ee3f05f95188f3
2025-12-15 10:01:36.420 67358 INFO tempest.lib.common.rest_client [req-22dda20e-4fec-4276-b971-7e831d964ca1 req-22dda20e-4fec-4276-b971-7e831d964ca1 ] Request (SecurityGroupRulesTestJSON:setUpClass): 201 POST http://10.180.1.21/identity/v3/auth/tokens 0.089s
2025-12-15 10:01:36.459 67358 INFO tempest.lib.common.rest_client [req-a370c545-6057-4055-bbec-4c318c7b9df3 req-a370c545-6057-4055-bbec-4c318c7b9df3 ] Request (SecurityGroupRulesTestJSON:setUpClass): 200 GET http://10.180.1.21/identity/v3/domains?name=Default 0.038s
2025-12-15 10:01:36.489 67358 INFO tempest.lib.common.rest_client [req-bcd74a74-eb17-42d1-9402-1403431d4f1e req-bcd74a74-eb17-42d1-9402-1403431d4f1e ] Request (SecurityGroupRulesTestJSON:setUpClass): 201 POST http://10.180.1.21/identity/v3/projects 0.029s
2025-12-15 10:01:36.565 67376 INFO tempest.lib.common.rest_client [req-5777bca6-2f30-47fd-99b1-5455eb9430db req-5777bca6-2f30-47fd-99b1-5455eb9430db ] Request (FlavorsAccessNegativeTestJSON:tearDownClass): 200 GET http://10.180.1.21/networking/v2.0/security-groups?tenant_id=dcbadf69ca8f4fd383ee3f05f95188f3&name=default 0.187s
2025-12-15 10:01:36.573 67358 INFO tempest.lib.common.rest_client [req-0366a029-ee94-4ac4-b801-941714ae3efb req-0366a029-ee94-4ac4-b801-941714ae3efb ] Request (SecurityGroupRulesTestJSON:setUpClass): 201 POST http://10.180.1.21/identity/v3/users 0.082s
2025-12-15 10:01:36.599 67358 INFO tempest.lib.common.rest_client [req-1c725fc7-4de1-45da-8729-a5d4ddf12375 req-1c725fc7-4de1-45da-8729-a5d4ddf12375 ] Request (SecurityGroupRulesTestJSON:setUpClass): 200 GET http://10.180.1.21/identity/v3/roles 0.026s
2025-12-15 10:01:36.630 67358 INFO tempest.lib.common.rest_client [req-85822cce-953d-493a-b1bb-970a310a8f10 req-85822cce-953d-493a-b1bb-970a310a8f10 ] Request (SecurityGroupRulesTestJSON:setUpClass): 204 PUT http://10.180.1.21/identity/v3/projects/817943ba55a0434e8af1522460f9ad60/users/7662d69cba994f8597e58c0d958d7ff7/roles/c9e13c6228584344a07cd4ff5a033067 0.030s
2025-12-15 10:01:36.630 67358 INFO tempest.lib.common.dynamic_creds [-] Dynamic test user 7662d69cba994f8597e58c0d958d7ff7 is created with scope project and roles: ['member']
2025-12-15 10:01:36.631 67358 INFO tempest.lib.common.dynamic_creds [-] Acquired dynamic creds: credentials: Credentials: {'domain_id': 'default', 'domain_name': 'Default', 'username': 'tempest-SecurityGroupRulesTestJSON-628907031-project-member', 'project_domain_id': 'default', 'project_domain_name': 'Default', 'project_id': '817943ba55a0434e8af1522460f9ad60', 'project_name': 'tempest-SecurityGroupRulesTestJSON-628907031', 'tenant_id': '817943ba55a0434e8af1522460f9ad60', 'tenant_name': 'tempest-SecurityGroupRulesTestJSON-628907031', 'user_domain_id': 'default', 'user_domain_name': 'Default', 'user_id': '7662d69cba994f8597e58c0d958d7ff7', 'system': None}, Network: None, Subnet: None, Router: None
2025-12-15 10:01:36.734 67358 INFO tempest.lib.common.rest_client [req-5c452c64-7801-402d-b6a7-3c30dd78a6bb req-5c452c64-7801-402d-b6a7-3c30dd78a6bb ] Request (SecurityGroupRulesTestJSON:setUpClass): 201 POST http://10.180.1.21/identity/v3/auth/tokens 0.103s
2025-12-15 10:01:36.772 67376 INFO tempest.lib.common.rest_client [req-860e6d49-782b-4a84-944c-21fd545eba1d req-860e6d49-782b-4a84-944c-21fd545eba1d ] Request (FlavorsAccessNegativeTestJSON:tearDownClass): 204 DELETE http://10.180.1.21/networking/v2.0/security-groups/9d478662-43f0-41a0-909e-74a81dda16e6 0.207s
2025-12-15 10:01:36.810 67326 INFO tempest.lib.common.rest_client [req-f3ba79f8-8525-4b01-87e0-c70fd0cacbc4 req-f3ba79f8-8525-4b01-87e0-c70fd0cacbc4 ] Request (ServerGroupTestJSON:test_create_server_with_scheduler_hint_group): 200 GET http://10.180.1.21/compute/v2.1/servers/91a4995d-8e7c-4f19-835f-3e805cb5431c 5.547s
2025-12-15 10:01:36.819 67326 INFO tempest.common.waiters [-] State transition "BUILD/spawning" ==> "ACTIVE/None" after 37 second wait
2025-12-15 10:01:36.828 67348 INFO tempest.lib.common.rest_client [req-c5893831-9c6a-4e70-93b2-13579725c395 req-c5893831-9c6a-4e70-93b2-13579725c395 ] Request (AggregatesAdminNegativeTestJSON:test_aggregate_get_details_with_invalid_id): 404 GET http://10.180.1.21/compute/v2.1/os-aggregates/-1 5.524s
2025-12-15 10:01:36.854 67376 INFO tempest.lib.common.rest_client [req-ddc0b49f-5a59-401c-85a5-bf518a2480e4 req-ddc0b49f-5a59-401c-85a5-bf518a2480e4 ] Request (FlavorsAccessNegativeTestJSON:tearDownClass): 204 DELETE http://10.180.1.21/identity/v3/projects/dcbadf69ca8f4fd383ee3f05f95188f3 0.081s
2025-12-15 10:01:36.931 67376 INFO tempest.lib.common.rest_client [req-5beadfd3-1370-46b0-91c2-b9429c76a871 req-5beadfd3-1370-46b0-91c2-b9429c76a871 ] Request (FlavorsV255TestJSON:setUpClass): 201 POST http://10.180.1.21/identity/v3/auth/tokens 0.074s
2025-12-15 10:01:36.965 67376 INFO tempest.lib.common.rest_client [req-61c839ce-a3d8-49a2-b89d-8df8903731ca req-61c839ce-a3d8-49a2-b89d-8df8903731ca ] Request (FlavorsV255TestJSON:setUpClass): 201 POST http://10.180.1.21/identity/v3/auth/tokens 0.032s
2025-12-15 10:01:36.993 67376 INFO tempest.lib.common.rest_client [req-d7ae85bb-cba2-4bf2-ba02-28f22817e2cb req-d7ae85bb-cba2-4bf2-ba02-28f22817e2cb ] Request (FlavorsV255TestJSON:setUpClass): 200 GET http://10.180.1.21/identity/v3/domains?name=Default 0.027s
2025-12-15 10:01:37.030 67376 INFO tempest.lib.common.rest_client [req-28787d65-a77c-432d-8dca-2998649ae8f3 req-28787d65-a77c-432d-8dca-2998649ae8f3 ] Request (FlavorsV255TestJSON:setUpClass): 201 POST http://10.180.1.21/identity/v3/projects 0.036s
2025-12-15 10:01:37.071 67344 INFO tempest.lib.common.rest_client [req-aa3a677b-f22a-4b57-833d-21b1f8bf83c4 req-aa3a677b-f22a-4b57-833d-21b1f8bf83c4 ] Request (FloatingIPsAssociationNegativeTestJSON:test_associate_ip_to_server_with_floating_ip): 202 POST http://10.180.1.21/compute/v2.1/servers/e47e9469-882a-44cb-8010-1aeb4170423e/action 7.931s
2025-12-15 10:01:37.101 67376 INFO tempest.lib.common.rest_client [req-f9eb1b4a-821e-48dc-b526-f018cd65fa3b req-f9eb1b4a-821e-48dc-b526-f018cd65fa3b ] Request (FlavorsV255TestJSON:setUpClass): 201 POST http://10.180.1.21/identity/v3/users 0.071s
2025-12-15 10:01:37.131 67376 INFO tempest.lib.common.rest_client [req-94436cfa-de68-4269-84d6-ae4658ff06a8 req-94436cfa-de68-4269-84d6-ae4658ff06a8 ] Request (FlavorsV255TestJSON:setUpClass): 200 GET http://10.180.1.21/identity/v3/roles 0.029s
2025-12-15 10:01:37.163 67376 INFO tempest.lib.common.rest_client [req-30d994f0-2732-4691-b4c4-17d78f9cf426 req-30d994f0-2732-4691-b4c4-17d78f9cf426 ] Request (FlavorsV255TestJSON:setUpClass): 204 PUT http://10.180.1.21/identity/v3/projects/c5368badef384a58a315203d305abb5a/users/5b1a7494e10a42b5aa77aade45ed3ab1/roles/c9e13c6228584344a07cd4ff5a033067 0.031s
2025-12-15 10:01:37.163 67376 INFO tempest.lib.common.dynamic_creds [-] Dynamic test user 5b1a7494e10a42b5aa77aade45ed3ab1 is created with scope project and roles: ['member']
2025-12-15 10:01:37.163 67376 INFO tempest.lib.common.dynamic_creds [-] Acquired dynamic creds: credentials: Credentials: {'domain_id': 'default', 'domain_name': 'Default', 'username': 'tempest-FlavorsV255TestJSON-100850092-project-member', 'project_domain_id': 'default', 'project_domain_name': 'Default', 'project_id': 'c5368badef384a58a315203d305abb5a', 'project_name': 'tempest-FlavorsV255TestJSON-100850092', 'tenant_id': 'c5368badef384a58a315203d305abb5a', 'tenant_name': 'tempest-FlavorsV255TestJSON-100850092', 'user_domain_id': 'default', 'user_domain_name': 'Default', 'user_id': '5b1a7494e10a42b5aa77aade45ed3ab1', 'system': None}, Network: None, Subnet: None, Router: None
2025-12-15 10:01:37.164 67376 INFO tempest.lib.common.dynamic_creds [-] Created isolated network resources for: credentials: Credentials: {'domain_id': 'default', 'domain_name': 'Default', 'username': 'tempest-FlavorsV255TestJSON-100850092-project-member', 'project_domain_id': 'default', 'project_domain_name': 'Default', 'project_id': 'c5368badef384a58a315203d305abb5a', 'project_name': 'tempest-FlavorsV255TestJSON-100850092', 'tenant_id': 'c5368badef384a58a315203d305abb5a', 'tenant_name': 'tempest-FlavorsV255TestJSON-100850092', 'user_domain_id': 'default', 'user_domain_name': 'Default', 'user_id': '5b1a7494e10a42b5aa77aade45ed3ab1', 'system': None}, Network: None, Subnet: None, Router: None
2025-12-15 10:01:37.170 67358 INFO tempest.lib.common.rest_client [req-4c20c9c6-1ebc-4da7-8378-eacc8f0a97c6 req-4c20c9c6-1ebc-4da7-8378-eacc8f0a97c6 ] Request (SecurityGroupRulesTestJSON:setUpClass): 201 POST http://10.180.1.21/networking/v2.0/networks 0.436s
2025-12-15 10:01:37.224 67338 INFO tempest.lib.common.rest_client [req-02146a79-4a18-45de-a979-14524d04cde4 req-02146a79-4a18-45de-a979-14524d04cde4 ] Request (ServersTestJSON:test_create_server_specify_multibyte_character_name): 200 GET http://10.180.1.21/compute/v2.1/servers/125ce6c8-3585-4b79-84c6-889bc1e0d8b6 5.147s
2025-12-15 10:01:37.251 67332 INFO tempest.lib.common.rest_client [req-9f9ac97c-3bd3-4690-89f5-7edf4cdaa1f7 req-9f9ac97c-3bd3-4690-89f5-7edf4cdaa1f7 ] Request (AttachInterfacesTestJSON:test_create_list_show_delete_interfaces_by_fixed_ip): 200 GET http://10.180.1.21/compute/v2.1/servers/4d3d9ab9-33ed-4c61-bea6-d3189c2aa7bc 5.270s
2025-12-15 10:01:37.262 67332 INFO tempest.lib.common.ssh [-] Creating ssh connection to '10.180.180.210:22' as 'cirros' with public key authentication
2025-12-15 10:01:37.267 67370 INFO tempest.lib.common.rest_client [req-67661efa-9346-4ef0-afbe-2ec34f705908 req-67661efa-9346-4ef0-afbe-2ec34f705908 ] Request (ServicesAdminNegativeTestJSON:test_get_service_with_valid_service_and_invalid_host): 200 GET http://10.180.1.21/compute/v2.1/os-services 5.102s
2025-12-15 10:01:37.280 67376 INFO tempest.lib.common.rest_client [req-29a733d2-bb23-474f-98cd-b075967a4370 req-29a733d2-bb23-474f-98cd-b075967a4370 ] Request (FlavorsV255TestJSON:setUpClass): 201 POST http://10.180.1.21/identity/v3/auth/tokens 0.112s
2025-12-15 10:01:37.389 67376 INFO tempest.lib.common.rest_client [req-f2202156-8f1a-45cf-bd2a-d4c560780e28 req-f2202156-8f1a-45cf-bd2a-d4c560780e28 ] Request (FlavorsV255TestJSON:setUpClass): 201 POST http://10.180.1.21/identity/v3/projects 0.108s
2025-12-15 10:01:37.475 67376 INFO tempest.lib.common.rest_client [req-a9983284-a700-4fd8-8761-9cc19d75ecb1 req-a9983284-a700-4fd8-8761-9cc19d75ecb1 ] Request (FlavorsV255TestJSON:setUpClass): 201 POST http://10.180.1.21/identity/v3/users 0.083s
2025-12-15 10:01:37.491 67358 INFO tempest.lib.common.rest_client [req-ddcdeb31-0c7e-4c01-b569-a4fdbb89deee req-ddcdeb31-0c7e-4c01-b569-a4fdbb89deee ] Request (SecurityGroupRulesTestJSON:setUpClass): 201 POST http://10.180.1.21/networking/v2.0/subnets 0.320s
2025-12-15 10:01:37.500 67376 INFO tempest.lib.common.rest_client [req-4a0473a8-8904-4c4d-b935-efc54db6626f req-4a0473a8-8904-4c4d-b935-efc54db6626f ] Request (FlavorsV255TestJSON:setUpClass): 200 GET http://10.180.1.21/identity/v3/roles 0.025s
2025-12-15 10:01:37.544 67376 INFO tempest.lib.common.rest_client [req-c4c7dddc-b3d9-46a3-8d89-7581cc014db9 req-c4c7dddc-b3d9-46a3-8d89-7581cc014db9 ] Request (FlavorsV255TestJSON:setUpClass): 204 PUT http://10.180.1.21/identity/v3/projects/f711da96bcfa4048b8ee1223628227ed/users/f0db86d82e54445fad672b7c4f55bdab/roles/da6befc940234ad48651884887111dcf 0.043s
2025-12-15 10:01:37.601 67376 INFO tempest.lib.common.rest_client [req-416f6a46-1ab2-4663-9888-d5b1f2d3e94d req-416f6a46-1ab2-4663-9888-d5b1f2d3e94d ] Request (FlavorsV255TestJSON:setUpClass): 200 GET http://10.180.1.21/identity/v3/roles 0.056s
2025-12-15 10:01:37.619 67376 INFO tempest.lib.common.rest_client [req-8fa83f17-6be7-40a8-9b06-00bea7ffddc6 req-8fa83f17-6be7-40a8-9b06-00bea7ffddc6 ] Request (FlavorsV255TestJSON:setUpClass): 204 PUT http://10.180.1.21/identity/v3/projects/f711da96bcfa4048b8ee1223628227ed/users/f0db86d82e54445fad672b7c4f55bdab/roles/da6befc940234ad48651884887111dcf 0.017s
2025-12-15 10:01:37.619 67376 INFO tempest.lib.common.dynamic_creds [-] Dynamic test user f0db86d82e54445fad672b7c4f55bdab is created with scope project and roles: ['admin']
2025-12-15 10:01:37.619 67376 INFO tempest.lib.common.dynamic_creds [-] Acquired dynamic creds: credentials: Credentials: {'domain_id': 'default', 'domain_name': 'Default', 'username': 'tempest-FlavorsV255TestJSON-157715875-project-admin', 'project_domain_id': 'default', 'project_domain_name': 'Default', 'project_id': 'f711da96bcfa4048b8ee1223628227ed', 'project_name': 'tempest-FlavorsV255TestJSON-157715875', 'tenant_id': 'f711da96bcfa4048b8ee1223628227ed', 'tenant_name': 'tempest-FlavorsV255TestJSON-157715875', 'user_domain_id': 'default', 'user_domain_name': 'Default', 'user_id': 'f0db86d82e54445fad672b7c4f55bdab', 'system': None}, Network: None, Subnet: None, Router: None
2025-12-15 10:01:37.619 67376 INFO tempest.lib.common.dynamic_creds [-] Created isolated network resources for: credentials: Credentials: {'domain_id': 'default', 'domain_name': 'Default', 'username': 'tempest-FlavorsV255TestJSON-157715875-project-admin', 'project_domain_id': 'default', 'project_domain_name': 'Default', 'project_id': 'f711da96bcfa4048b8ee1223628227ed', 'project_name': 'tempest-FlavorsV255TestJSON-157715875', 'tenant_id': 'f711da96bcfa4048b8ee1223628227ed', 'tenant_name': 'tempest-FlavorsV255TestJSON-157715875', 'user_domain_id': 'default', 'user_domain_name': 'Default', 'user_id': 'f0db86d82e54445fad672b7c4f55bdab', 'system': None}, Network: None, Subnet: None, Router: None
2025-12-15 10:01:37.620 67334 INFO tempest.lib.common.rest_client [req-723202fe-659f-4f62-a8b1-fc1d55481e2f req-723202fe-659f-4f62-a8b1-fc1d55481e2f ] Request (ServerActionsTestOtherA:setUpClass): 200 GET http://10.180.1.21/compute/v2.1/servers/dcb59afc-9870-483f-971d-e167a1bc9f77 5.332s
