2025-12-15 10:02:36.719 67324 INFO tempest.lib.common.rest_client [req-dedd932f-facf-431c-b725-58402216ac51 req-dedd932f-facf-431c-b725-58402216ac51 ] Request (ServerDiskConfigTestJSON:test_resize_server_from_auto_to_manual): 200 GET http://10.180.1.21/compute/v2.1/servers/3fa8d8f6-ef30-434f-bbde-ee6e8266682e 0.430s
2025-12-15 10:02:36.756 67362 INFO tempest.lib.common.rest_client [req-a4db49ad-1297-40d6-b570-424d099cd0c8 req-a4db49ad-1297-40d6-b570-424d099cd0c8 ] Request (ServersAdminTestJSON:test_rebuild_server_in_error_state): 200 GET http://10.180.1.21/compute/v2.1/servers/49299b37-468b-4fcd-b77f-d895aaf07b7a 0.517s
2025-12-15 10:02:36.793 67354 INFO tempest.lib.common.rest_client [req-d93d705b-75f4-4653-9da1-53ba9d4418d0 req-d93d705b-75f4-4653-9da1-53ba9d4418d0 ] Request (VolumesAssistedSnapshotsTest:tearDownClass): 200 GET http://10.180.1.21/compute/v2.1/servers/2d8458dc-61ab-4234-9318-27c4a47e3c71 0.438s
2025-12-15 10:02:36.818 67368 INFO tempest.lib.common.rest_client [req-bc146244-f35b-4d34-ad87-edaa1fd1ddb3 req-bc146244-f35b-4d34-ad87-edaa1fd1ddb3 ] Request (ServerShowV254Test:test_rebuild_server): 200 GET http://10.180.1.21/compute/v2.1/servers/89b8ab7d-09a3-4256-879b-7efbf0db1a87 0.458s
2025-12-15 10:02:36.855 67356 INFO tempest.lib.common.rest_client [req-3f3c77ab-8e4e-4482-9f27-c3ae2f53c889 req-3f3c77ab-8e4e-4482-9f27-c3ae2f53c889 ] Request (ServerActionsTestOtherB:setUpClass): 200 GET http://10.180.1.21/compute/v2.1/servers/9792a224-27aa-4214-abfd-030f0549b33b 0.433s
2025-12-15 10:02:36.891 67336 INFO tempest.lib.common.rest_client [req-60e8e021-ef89-4f00-a026-daacbb8fa7ab req-60e8e021-ef89-4f00-a026-daacbb8fa7ab ] Request (MultipleCreateTestJSON:tearDownClass): 200 GET http://10.180.1.21/compute/v2.1/servers/fdfc6e74-7861-4e94-aea8-76803e284e4c 0.460s
2025-12-15 10:02:36.917 67338 INFO tempest.lib.common.rest_client [req-8226bbe9-1c7f-47a7-98ba-3013d9383d03 req-8226bbe9-1c7f-47a7-98ba-3013d9383d03 ] Request (ServersTestJSON:test_create_server_with_ipv6_addr_only): 200 GET http://10.180.1.21/compute/v2.1/servers/d23df453-5217-4d05-8bee-14736c62c396 0.382s
2025-12-15 10:02:36.946 67358 INFO tempest.lib.common.rest_client [req-956c0843-766e-4858-871a-73e3bb949545 req-956c0843-766e-4858-871a-73e3bb949545 ] Request (ServerRescueNegativeTestJSON:setUpClass): 200 GET http://10.180.1.21/compute/v2.1/servers/de040401-6717-4854-9ffd-65a3d3999be6 0.359s
2025-12-15 10:02:36.977 67374 INFO tempest.lib.common.rest_client [req-e859aead-3049-4d61-943f-0faa3221d14c req-e859aead-3049-4d61-943f-0faa3221d14c ] Request (ListServerFiltersTestJSON:setUpClass): 200 GET http://10.180.1.21/compute/v2.1/servers/39426d7e-5fed-4ee5-ad4d-b16962cda742 0.356s
2025-12-15 10:02:37.008 67318 INFO tempest.lib.common.rest_client [req-d7ff38d0-5805-4bc6-b947-2d3087f45c71 req-d7ff38d0-5805-4bc6-b947-2d3087f45c71 ] Request (ServersAdminNegativeTestJSON:tearDownClass): 200 GET http://10.180.1.21/compute/v2.1/servers/1aae4603-3448-4393-9894-5d8b1001905e 0.364s
2025-12-15 10:02:37.042 67346 INFO tempest.lib.common.rest_client [req-ed6fdb26-0f12-4d6b-905f-bebad09c7656 req-ed6fdb26-0f12-4d6b-905f-bebad09c7656 ] Request (ImagesOneServerNegativeTestJSON:_run_cleanups): 200 GET http://10.180.1.21/compute/v2.1/servers/53cef26c-0800-4ebe-97e9-4a6c3bb76728 0.349s
2025-12-15 10:02:37.062 67370 INFO tempest.lib.common.rest_client [req-6056e09e-afa9-41c4-8b1b-3a3ae27beccf req-6056e09e-afa9-41c4-8b1b-3a3ae27beccf ] Request (ImagesTestJSON:test_create_image_from_stopped_server): 200 GET http://10.180.1.21/compute/v2.1/servers/af0031fa-d354-43f8-a783-538940c6db6d 0.366s
2025-12-15 10:02:37.085 67344 INFO tempest.lib.common.rest_client [req-000f4180-684e-475d-97d9-00755874bddf req-000f4180-684e-475d-97d9-00755874bddf ] Request (FloatingIPsAssociationNegativeTestJSON:tearDownClass): 204 DELETE http://10.180.1.21/networking/v2.0/routers/f9a53cb7-d7c0-4674-8d51-687390974203 0.459s
2025-12-15 10:02:37.101 67348 INFO tempest.lib.common.rest_client [req-17407063-ea9f-4929-9d24-71fe6602ed53 req-17407063-ea9f-4929-9d24-71fe6602ed53 ] Request (AttachVolumeShelveTestJSON:test_attach_volume_shelved_or_offload_server): 200 GET http://10.180.1.21/compute/v2.1/servers/7039a80a-3914-431b-8928-c6ca7301ca11 0.354s
2025-12-15 10:02:37.119 67380 INFO tempest.lib.common.rest_client [req-77ec04bf-09bb-4588-9193-ad93a2a9650c req-77ec04bf-09bb-4588-9193-ad93a2a9650c ] Request (TenantUsagesTestJSON:setUpClass): 200 GET http://10.180.1.21/compute/v2.1/servers/83d6518c-a7f3-4a2a-a79a-ad9443868d3f 0.210s
2025-12-15 10:02:37.171 67364 INFO tempest.lib.common.rest_client [req-a3043564-f901-4b87-a6ab-c7e2dd06861a req-a3043564-f901-4b87-a6ab-c7e2dd06861a ] Request (ServerRescueTestJSON:test_rescue_unrescue_instance): 200 GET http://10.180.1.21/compute/v2.1/servers/c1d65fca-2db7-42ea-814f-9bf130391e17 0.179s
2025-12-15 10:02:37.215 67344 INFO tempest.lib.common.rest_client [req-85afd1b2-7b21-4af3-81c5-3fb66403bfd4 req-85afd1b2-7b21-4af3-81c5-3fb66403bfd4 ] Request (FloatingIPsAssociationNegativeTestJSON:tearDownClass): 204 DELETE http://10.180.1.21/networking/v2.0/subnets/d71c3d9b-7827-458b-9e92-003f5279d383 0.129s
2025-12-15 10:02:37.286 67342 INFO tempest.lib.common.rest_client [req-e8de00cd-158b-4a9d-ad3f-71a8787f217e req-e8de00cd-158b-4a9d-ad3f-71a8787f217e ] Request (ServersNegativeTestMultiTenantJSON:setUpClass): 200 GET http://10.180.1.21/compute/v2.1/servers/bf7fc2e6-4884-4900-9d70-5e37ef769722 0.268s
2025-12-15 10:02:37.295 67328 INFO tempest.lib.common.rest_client [req-c7c13e8e-2908-449a-9084-81bdaaf448cc req-c7c13e8e-2908-449a-9084-81bdaaf448cc ] Request (ListImageFiltersTestJSON:setUpClass): 200 GET http://10.180.1.21/compute/v2.1/servers/9d110be8-be0d-4fda-9842-d661c8ca970f 0.084s
2025-12-15 10:02:37.344 67340 INFO tempest.lib.common.rest_client [req-d6a3fa51-2d42-431a-8b39-9e0f6a5832e7 req-d6a3fa51-2d42-431a-8b39-9e0f6a5832e7 ] Request (FloatingIPsAssociationTestJSON:test_associate_already_associated_floating_ip): 200 GET http://10.180.1.21/compute/v2.1/servers/08f1bb2c-02d4-4974-82b5-0e0341f36cea 0.119s
2025-12-15 10:02:37.477 67330 INFO tempest.lib.common.rest_client [req-ec0a499d-a4f9-495b-a557-e6ae434eacec req-ec0a499d-a4f9-495b-a557-e6ae434eacec ] Request (ServersNegativeTestJSON:setUpClass): 200 GET http://10.180.1.21/compute/v2.1/servers/04a2e66b-2bcd-4b2b-9a1a-75ba84f74530 0.075s
2025-12-15 10:02:37.494 67352 INFO tempest.lib.common.rest_client [req-6c5eeb06-97ec-4008-a8a4-f45bc045c282 req-6c5eeb06-97ec-4008-a8a4-f45bc045c282 ] Request (SecurityGroupsTestJSON:test_server_security_groups): 200 GET http://10.180.1.21/compute/v2.1/servers/64462084-da80-462b-a8c2-0f073511b4b0 0.109s
2025-12-15 10:02:37.506 67344 INFO tempest.lib.common.rest_client [req-8e12e62e-417d-494d-a142-8431c708cbda req-8e12e62e-417d-494d-a142-8431c708cbda ] Request (FloatingIPsAssociationNegativeTestJSON:tearDownClass): 204 DELETE http://10.180.1.21/networking/v2.0/networks/fee7f761-cab7-4d85-a90b-0b44bc4f486a 0.291s
2025-12-15 10:02:37.571 67376 INFO tempest.lib.common.rest_client [req-debb51d4-998d-486d-b890-a91a7d963049 req-debb51d4-998d-486d-b890-a91a7d963049 ] Request (InstanceActionsTestJSON:setUpClass): 200 GET http://10.180.1.21/compute/v2.1/servers/fb2201d4-8496-466b-a1c8-75ccf835b5fb 0.079s
2025-12-15 10:02:37.587 67366 INFO tempest.lib.common.rest_client [req-35d6686c-83dc-41e3-bf2b-6c6e29935294 req-35d6686c-83dc-41e3-bf2b-6c6e29935294 ] Request (ServerMetadataNegativeTestJSON:tearDownClass): 200 GET http://10.180.1.21/compute/v2.1/servers/afa4775a-11cd-4637-a389-899022086f8e 0.078s
2025-12-15 10:02:37.626 67320 INFO tempest.lib.common.rest_client [req-8445934e-f7fd-471c-bfb9-d8e4791ffe1c req-8445934e-f7fd-471c-bfb9-d8e4791ffe1c ] Request (MigrationsAdminTest:test_resize_server_revert_deleted_flavor): 200 GET http://10.180.1.21/compute/v2.1/servers/28ae6fea-c238-49c3-a74f-a551a2c4c30b 0.055s
2025-12-15 10:02:37.647 67350 INFO tempest.lib.common.rest_client [req-70cbfe81-f946-41fc-a55c-f95e2a7136ec req-70cbfe81-f946-41fc-a55c-f95e2a7136ec ] Request (ServersWithSpecificFlavorTestJSON:test_verify_created_server_ephemeral_disk): 200 GET http://10.180.1.21/compute/v2.1/servers/78bec445-6d97-44e5-9fc5-ced7c8c4d26c 0.057s
2025-12-15 10:02:37.663 67344 INFO tempest.lib.common.rest_client [req-b88dceb4-9fd6-4c5a-a62f-753bcdae483f req-b88dceb4-9fd6-4c5a-a62f-753bcdae483f ] Request (FloatingIPsAssociationNegativeTestJSON:tearDownClass): 204 DELETE http://10.180.1.21/identity/v3/users/d4702cccaa824c6b9e0fbe1b128ad811 0.157s
2025-12-15 10:02:37.663 67344 INFO tempest.lib.common.dynamic_creds [-] Deleting project and security group for project: 752ae3652f77447ea8ad5d16985556b6
2025-12-15 10:02:37.698 67344 INFO tempest.lib.common.rest_client [req-de59f8c2-e426-4cd8-9998-e05dd1907343 req-de59f8c2-e426-4cd8-9998-e05dd1907343 ] Request (FloatingIPsAssociationNegativeTestJSON:tearDownClass): 200 GET http://10.180.1.21/networking/v2.0/security-groups?tenant_id=752ae3652f77447ea8ad5d16985556b6&name=default 0.034s
2025-12-15 10:02:37.720 67360 INFO tempest.lib.common.rest_client [req-bb3bbfaa-ccfe-47f7-a283-c245c316bdeb req-bb3bbfaa-ccfe-47f7-a283-c245c316bdeb ] Request (DeleteServersTestJSON:test_delete_server_while_in_attached_volume): 200 GET http://10.180.1.21/compute/v2.1/servers/42cc9097-2525-46a4-a2a2-26de8a03eccd 0.061s
2025-12-15 10:02:37.812 67324 INFO tempest.lib.common.rest_client [req-ecbde8dc-7304-48ef-82c4-7a2ee5a36fb3 req-ecbde8dc-7304-48ef-82c4-7a2ee5a36fb3 ] Request (ServerDiskConfigTestJSON:test_resize_server_from_auto_to_manual): 200 GET http://10.180.1.21/compute/v2.1/servers/3fa8d8f6-ef30-434f-bbde-ee6e8266682e 0.082s
2025-12-15 10:02:37.813 67344 INFO tempest.lib.common.rest_client [req-1e2ffdb4-0b66-4e9b-85f8-4462e07e4714 req-1e2ffdb4-0b66-4e9b-85f8-4462e07e4714 ] Request (FloatingIPsAssociationNegativeTestJSON:tearDownClass): 204 DELETE http://10.180.1.21/networking/v2.0/security-groups/828f1680-4574-42a6-a127-58fd7fcd2680 0.114s
2025-12-15 10:02:37.870 67354 INFO tempest.lib.common.rest_client [req-47629e29-22a2-4f13-889e-5833d43248f4 req-47629e29-22a2-4f13-889e-5833d43248f4 ] Request (VolumesAssistedSnapshotsTest:tearDownClass): 200 GET http://10.180.1.21/compute/v2.1/servers/2d8458dc-61ab-4234-9318-27c4a47e3c71 0.060s
2025-12-15 10:02:37.880 67362 INFO tempest.lib.common.rest_client [req-e8830882-6adc-49b9-8fef-960c7f335edb req-e8830882-6adc-49b9-8fef-960c7f335edb ] Request (ServersAdminTestJSON:test_rebuild_server_in_error_state): 200 GET http://10.180.1.21/compute/v2.1/servers/49299b37-468b-4fcd-b77f-d895aaf07b7a 0.113s
2025-12-15 10:02:37.888 67362 INFO tempest.common.waiters [-] State transition "REBUILD/rebuilding" ==> "REBUILD/rebuild_block_device_mapping" after 2 second wait
2025-12-15 10:02:37.929 67368 INFO tempest.lib.common.rest_client [req-c7040d95-bea8-495d-b254-e6271cfe470d req-c7040d95-bea8-495d-b254-e6271cfe470d ] Request (ServerShowV254Test:test_rebuild_server): 200 GET http://10.180.1.21/compute/v2.1/servers/89b8ab7d-09a3-4256-879b-7efbf0db1a87 0.098s
2025-12-15 10:02:37.930 67356 INFO tempest.lib.common.rest_client [req-e8bd5015-76b6-4f28-b0d8-8ae9d99af4da req-e8bd5015-76b6-4f28-b0d8-8ae9d99af4da ] Request (ServerActionsTestOtherB:setUpClass): 200 GET http://10.180.1.21/compute/v2.1/servers/9792a224-27aa-4214-abfd-030f0549b33b 0.067s
2025-12-15 10:02:37.943 67344 INFO tempest.lib.common.rest_client [req-310c9c25-bd89-4a08-baed-78a77254ef52 req-310c9c25-bd89-4a08-baed-78a77254ef52 ] Request (FloatingIPsAssociationNegativeTestJSON:tearDownClass): 204 DELETE http://10.180.1.21/identity/v3/projects/752ae3652f77447ea8ad5d16985556b6 0.130s
2025-12-15 10:02:38.001 67336 INFO tempest.lib.common.rest_client [req-1155316c-4fa1-464e-ac5c-10bc9eb85e11 req-1155316c-4fa1-464e-ac5c-10bc9eb85e11 ] Request (MultipleCreateTestJSON:tearDownClass): 200 GET http://10.180.1.21/compute/v2.1/servers/fdfc6e74-7861-4e94-aea8-76803e284e4c 0.101s
2025-12-15 10:02:38.001 67338 INFO tempest.lib.common.rest_client [req-f8c8ce13-7478-4cb8-9d81-785ab1ce55f9 req-f8c8ce13-7478-4cb8-9d81-785ab1ce55f9 ] Request (ServersTestJSON:test_create_server_with_ipv6_addr_only): 200 GET http://10.180.1.21/compute/v2.1/servers/d23df453-5217-4d05-8bee-14736c62c396 0.073s
2025-12-15 10:02:38.015 67344 INFO tempest.lib.common.rest_client [req-ea487072-09f0-4d89-9bba-cea7896d7c6f req-ea487072-09f0-4d89-9bba-cea7896d7c6f ] Request (AbsoluteLimitsTestJSON:setUpClass): 201 POST http://10.180.1.21/identity/v3/auth/tokens 0.069s
2025-12-15 10:02:38.047 67344 INFO tempest.lib.common.rest_client [req-771e5b08-3d55-4e92-b7e3-9fd33e81b8c5 req-771e5b08-3d55-4e92-b7e3-9fd33e81b8c5 ] Request (AbsoluteLimitsTestJSON:setUpClass): 201 POST http://10.180.1.21/identity/v3/auth/tokens 0.029s
2025-12-15 10:02:38.054 67358 INFO tempest.lib.common.rest_client [req-35d375ff-b36f-4305-95e2-652bca14735e req-35d375ff-b36f-4305-95e2-652bca14735e ] Request (ServerRescueNegativeTestJSON:setUpClass): 200 GET http://10.180.1.21/compute/v2.1/servers/de040401-6717-4854-9ffd-65a3d3999be6 0.099s
2025-12-15 10:02:38.059 67374 INFO tempest.lib.common.rest_client [req-74c6c269-ba95-4f6b-aa30-6e90760afdf8 req-74c6c269-ba95-4f6b-aa30-6e90760afdf8 ] Request (ListServerFiltersTestJSON:setUpClass): 200 GET http://10.180.1.21/compute/v2.1/servers/39426d7e-5fed-4ee5-ad4d-b16962cda742 0.073s
2025-12-15 10:02:38.080 67344 INFO tempest.lib.common.rest_client [req-cf5ac543-5183-4ded-93f4-9ca31bda7106 req-cf5ac543-5183-4ded-93f4-9ca31bda7106 ] Request (AbsoluteLimitsTestJSON:setUpClass): 200 GET http://10.180.1.21/identity/v3/domains?name=Default 0.033s
2025-12-15 10:02:38.110 67344 INFO tempest.lib.common.rest_client [req-18966fab-bb7f-4a1b-9f30-77282d56dfb6 req-18966fab-bb7f-4a1b-9f30-77282d56dfb6 ] Request (AbsoluteLimitsTestJSON:setUpClass): 201 POST http://10.180.1.21/identity/v3/projects 0.028s
2025-12-15 10:02:38.111 67318 INFO tempest.lib.common.rest_client [req-83f124f8-7679-430c-8e03-50be9452b3f8 req-83f124f8-7679-430c-8e03-50be9452b3f8 ] Request (ServersAdminNegativeTestJSON:tearDownClass): 200 GET http://10.180.1.21/compute/v2.1/servers/1aae4603-3448-4393-9894-5d8b1001905e 0.090s
2025-12-15 10:02:38.126 67346 INFO tempest.lib.common.rest_client [req-401ff172-b086-4886-a00f-0be61f5ea000 req-401ff172-b086-4886-a00f-0be61f5ea000 ] Request (ImagesOneServerNegativeTestJSON:_run_cleanups): 200 GET http://10.180.1.21/compute/v2.1/servers/53cef26c-0800-4ebe-97e9-4a6c3bb76728 0.073s
2025-12-15 10:02:38.163 67370 INFO tempest.lib.common.rest_client [req-f6188aad-f213-40d9-a86d-ea91717318df req-f6188aad-f213-40d9-a86d-ea91717318df ] Request (ImagesTestJSON:test_create_image_from_stopped_server): 200 GET http://10.180.1.21/compute/v2.1/servers/af0031fa-d354-43f8-a783-538940c6db6d 0.092s
2025-12-15 10:02:38.173 67344 INFO tempest.lib.common.rest_client [req-1fd05fe0-8de0-41e9-af45-69bc8eb7c2db req-1fd05fe0-8de0-41e9-af45-69bc8eb7c2db ] Request (AbsoluteLimitsTestJSON:setUpClass): 201 POST http://10.180.1.21/identity/v3/users 0.063s
2025-12-15 10:02:38.180 67348 INFO tempest.lib.common.rest_client [req-a8f2daa2-c359-43b5-9a10-ccf61d0558db req-a8f2daa2-c359-43b5-9a10-ccf61d0558db ] Request (AttachVolumeShelveTestJSON:test_attach_volume_shelved_or_offload_server): 200 GET http://10.180.1.21/compute/v2.1/servers/7039a80a-3914-431b-8928-c6ca7301ca11 0.070s
2025-12-15 10:02:38.194 67344 INFO tempest.lib.common.rest_client [req-6be5d0a7-84d4-42af-a889-bb5093fb8609 req-6be5d0a7-84d4-42af-a889-bb5093fb8609 ] Request (AbsoluteLimitsTestJSON:setUpClass): 200 GET http://10.180.1.21/identity/v3/roles 0.020s
2025-12-15 10:02:38.213 67380 INFO tempest.lib.common.rest_client [req-d3282165-29aa-4605-8fa7-11bf2fc4d2b1 req-d3282165-29aa-4605-8fa7-11bf2fc4d2b1 ] Request (TenantUsagesTestJSON:setUpClass): 200 GET http://10.180.1.21/compute/v2.1/servers/83d6518c-a7f3-4a2a-a79a-ad9443868d3f 0.082s
2025-12-15 10:02:38.224 67344 INFO tempest.lib.common.rest_client [req-b1af47e2-5968-46af-aefe-582760d6e2d4 req-b1af47e2-5968-46af-aefe-582760d6e2d4 ] Request (AbsoluteLimitsTestJSON:setUpClass): 204 PUT http://10.180.1.21/identity/v3/projects/11cf0368bd59459e8627a580f16368c7/users/d0c1681c0ca34e899daa489a1ee6bfdb/roles/c9e13c6228584344a07cd4ff5a033067 0.029s
2025-12-15 10:02:38.224 67344 INFO tempest.lib.common.dynamic_creds [-] Dynamic test user d0c1681c0ca34e899daa489a1ee6bfdb is created with scope project and roles: ['member']
2025-12-15 10:02:38.224 67344 INFO tempest.lib.common.dynamic_creds [-] Acquired dynamic creds: credentials: Credentials: {'domain_id': 'default', 'domain_name': 'Default', 'username': 'tempest-AbsoluteLimitsTestJSON-604068265-project-member', 'project_domain_id': 'default', 'project_domain_name': 'Default', 'project_id': '11cf0368bd59459e8627a580f16368c7', 'project_name': 'tempest-AbsoluteLimitsTestJSON-604068265', 'tenant_id': '11cf0368bd59459e8627a580f16368c7', 'tenant_name': 'tempest-AbsoluteLimitsTestJSON-604068265', 'user_domain_id': 'default', 'user_domain_name': 'Default', 'user_id': 'd0c1681c0ca34e899daa489a1ee6bfdb', 'system': None}, Network: None, Subnet: None, Router: None
2025-12-15 10:02:38.224 67344 INFO tempest.lib.common.dynamic_creds [-] Created isolated network resources for: credentials: Credentials: {'domain_id': 'default', 'domain_name': 'Default', 'username': 'tempest-AbsoluteLimitsTestJSON-604068265-project-member', 'project_domain_id': 'default', 'project_domain_name': 'Default', 'project_id': '11cf0368bd59459e8627a580f16368c7', 'project_name': 'tempest-AbsoluteLimitsTestJSON-604068265', 'tenant_id': '11cf0368bd59459e8627a580f16368c7', 'tenant_name': 'tempest-AbsoluteLimitsTestJSON-604068265', 'user_domain_id': 'default', 'user_domain_name': 'Default', 'user_id': 'd0c1681c0ca34e899daa489a1ee6bfdb', 'system': None}, Network: None, Subnet: None, Router: None
2025-12-15 10:02:38.237 67364 INFO tempest.lib.common.rest_client [req-0d3248b3-884d-4cb7-90cc-49514e0c5093 req-0d3248b3-884d-4cb7-90cc-49514e0c5093 ] Request (ServerRescueTestJSON:test_rescue_unrescue_instance): 200 GET http://10.180.1.21/compute/v2.1/servers/c1d65fca-2db7-42ea-814f-9bf130391e17 0.055s
2025-12-15 10:02:38.296 67344 INFO tempest.lib.common.rest_client [req-446e4019-295e-40c3-b46f-caadd6b6e136 req-446e4019-295e-40c3-b46f-caadd6b6e136 ] Request (AbsoluteLimitsTestJSON:setUpClass): 201 POST http://10.180.1.21/identity/v3/auth/tokens 0.069s
2025-12-15 10:02:38.407 67344 INFO tempest.lib.common.rest_client [req-cdc6ab96-22c1-4606-a897-ca9c797975af req-cdc6ab96-22c1-4606-a897-ca9c797975af ] Request (AbsoluteLimitsTestJSON:test_absLimits_get): 200 GET http://10.180.1.21/compute/v2.1/limits 0.109s
2025-12-15 10:02:38.414 67342 INFO tempest.lib.common.rest_client [req-45e721aa-f8f1-4437-b9e0-dff3f52d210d req-45e721aa-f8f1-4437-b9e0-dff3f52d210d ] Request (ServersNegativeTestMultiTenantJSON:setUpClass): 200 GET http://10.180.1.21/compute/v2.1/servers/bf7fc2e6-4884-4900-9d70-5e37ef769722 0.117s
2025-12-15 10:02:38.469 67328 INFO tempest.lib.common.rest_client [req-70f35a98-bfbd-4699-b29b-06205563b85d req-70f35a98-bfbd-4699-b29b-06205563b85d ] Request (ListImageFiltersTestJSON:setUpClass): 200 GET http://10.180.1.21/compute/v2.1/servers/9d110be8-be0d-4fda-9842-d661c8ca970f 0.165s
2025-12-15 10:02:38.471 67340 INFO tempest.lib.common.rest_client [req-e90c8dba-8832-42c1-846a-076f557b3fd2 req-e90c8dba-8832-42c1-846a-076f557b3fd2 ] Request (FloatingIPsAssociationTestJSON:test_associate_already_associated_floating_ip): 200 GET http://10.180.1.21/compute/v2.1/servers/08f1bb2c-02d4-4974-82b5-0e0341f36cea 0.118s
2025-12-15 10:02:38.529 67344 INFO tempest.lib.common.rest_client [req-f861c6e5-be24-40a8-b2c9-5cbaad1604e2 req-f861c6e5-be24-40a8-b2c9-5cbaad1604e2 ] Request (AbsoluteLimitsTestJSON:tearDownClass): 204 DELETE http://10.180.1.21/identity/v3/users/d0c1681c0ca34e899daa489a1ee6bfdb 0.118s
2025-12-15 10:02:38.530 67344 INFO tempest.lib.common.dynamic_creds [-] Deleting project and security group for project: 11cf0368bd59459e8627a580f16368c7
2025-12-15 10:02:38.555 67330 INFO tempest.lib.common.rest_client [req-484bd2fe-a043-451f-b155-f88e941468a9 req-484bd2fe-a043-451f-b155-f88e941468a9 ] Request (ServersNegativeTestJSON:setUpClass): 200 GET http://10.180.1.21/compute/v2.1/servers/04a2e66b-2bcd-4b2b-9a1a-75ba84f74530 0.065s
2025-12-15 10:02:38.577 67352 INFO tempest.lib.common.rest_client [req-fc7d3c2d-080a-4e07-bbcc-7a55e478c976 req-fc7d3c2d-080a-4e07-bbcc-7a55e478c976 ] Request (SecurityGroupsTestJSON:test_server_security_groups): 200 GET http://10.180.1.21/compute/v2.1/servers/64462084-da80-462b-a8c2-0f073511b4b0 0.072s
2025-12-15 10:02:38.609 67344 INFO tempest.lib.common.rest_client [req-d8bda4cb-97fd-4f8e-86d9-542a32a4cbf7 req-d8bda4cb-97fd-4f8e-86d9-542a32a4cbf7 ] Request (AbsoluteLimitsTestJSON:tearDownClass): 201 POST http://10.180.1.21/identity/v3/auth/tokens 0.078s
2025-12-15 10:02:38.645 67376 INFO tempest.lib.common.rest_client [req-04ac5afe-a10b-47fc-8e91-5d606c53bb38 req-04ac5afe-a10b-47fc-8e91-5d606c53bb38 ] Request (InstanceActionsTestJSON:setUpClass): 200 GET http://10.180.1.21/compute/v2.1/servers/fb2201d4-8496-466b-a1c8-75ccf835b5fb 0.065s
2025-12-15 10:02:38.668 67366 INFO tempest.lib.common.rest_client [req-b54b2cee-5347-437a-8f74-e6d41cc8c437 req-b54b2cee-5347-437a-8f74-e6d41cc8c437 ] Request (ServerMetadataNegativeTestJSON:tearDownClass): 200 GET http://10.180.1.21/compute/v2.1/servers/afa4775a-11cd-4637-a389-899022086f8e 0.070s
2025-12-15 10:02:38.707 67320 INFO tempest.lib.common.rest_client [req-fe3fb192-b342-409c-9a1b-bc15ab9d33c5 req-fe3fb192-b342-409c-9a1b-bc15ab9d33c5 ] Request (MigrationsAdminTest:test_resize_server_revert_deleted_flavor): 200 GET http://10.180.1.21/compute/v2.1/servers/28ae6fea-c238-49c3-a74f-a551a2c4c30b 0.071s
2025-12-15 10:02:38.727 67350 INFO tempest.lib.common.rest_client [req-9f8a4ae5-d9e3-45de-a01d-32b7c3ccb64d req-9f8a4ae5-d9e3-45de-a01d-32b7c3ccb64d ] Request (ServersWithSpecificFlavorTestJSON:test_verify_created_server_ephemeral_disk): 200 GET http://10.180.1.21/compute/v2.1/servers/78bec445-6d97-44e5-9fc5-ced7c8c4d26c 0.071s
2025-12-15 10:02:38.752 67360 INFO tempest.lib.common.rest_client [req-d392bb33-63df-48f7-8fab-8340ef84a6ab req-d392bb33-63df-48f7-8fab-8340ef84a6ab ] Request (DeleteServersTestJSON:test_delete_server_while_in_attached_volume): 404 GET http://10.180.1.21/compute/v2.1/servers/42cc9097-2525-46a4-a2a2-26de8a03eccd 0.024s
2025-12-15 10:02:38.788 67360 INFO tempest.lib.common.rest_client [req-b00c9950-32d2-44b3-8845-11d69e07239c req-b00c9950-32d2-44b3-8845-11d69e07239c ] Request (DeleteServersTestJSON:test_delete_server_while_in_attached_volume): 200 GET http://10.180.1.21/volume/v3/volumes/be708675-00d5-43dc-9ea3-c047bbac8e2d 0.036s
2025-12-15 10:02:38.797 67360 INFO tempest.common.waiters [-] volume be708675-00d5-43dc-9ea3-c047bbac8e2d reached available after waiting for 0.797472 seconds
2025-12-15 10:02:38.823 67360 INFO tempest.lib.common.rest_client [req-dc1fd8b8-394e-4738-94b2-2bde79f97cb5 req-dc1fd8b8-394e-4738-94b2-2bde79f97cb5 ] Request (DeleteServersTestJSON:_run_cleanups): 200 GET http://10.180.1.21/volume/v3/volumes/be708675-00d5-43dc-9ea3-c047bbac8e2d 0.025s
2025-12-15 10:02:38.828 67322 WARNING tempest.lib.common.ssh [-] Failed to establish authenticated ssh connection to cirros@10.180.180.252 ([Errno None] Unable to connect to port 22 on 10.180.180.252). Number attempts: 1. Retry after 2 seconds.: paramiko.ssh_exception.NoValidConnectionsError: [Errno None] Unable to connect to port 22 on 10.180.180.252
2025-12-15 10:02:38.840 67344 INFO tempest.lib.common.rest_client [req-c6c8786b-9bcf-445a-8182-1abd4ea2ec74 req-c6c8786b-9bcf-445a-8182-1abd4ea2ec74 ] Request (AbsoluteLimitsTestJSON:tearDownClass): 200 GET http://10.180.1.21/networking/v2.0/security-groups?tenant_id=11cf0368bd59459e8627a580f16368c7&name=default 0.231s
2025-12-15 10:02:38.855 67360 INFO tempest.lib.common.rest_client [req-c6821696-3900-4cab-9db5-29768b93a048 req-c6821696-3900-4cab-9db5-29768b93a048 ] Request (DeleteServersTestJSON:_run_cleanups): 404 GET http://10.180.1.21/compute/v2.1/servers/42cc9097-2525-46a4-a2a2-26de8a03eccd/os-volume_attachments 0.024s
2025-12-15 10:02:38.878 67324 INFO tempest.lib.common.rest_client [req-6708af02-9be8-4cad-a31d-73aeee251f32 req-6708af02-9be8-4cad-a31d-73aeee251f32 ] Request (ServerDiskConfigTestJSON:test_resize_server_from_auto_to_manual): 200 GET http://10.180.1.21/compute/v2.1/servers/3fa8d8f6-ef30-434f-bbde-ee6e8266682e 0.058s
2025-12-15 10:02:38.883 67360 INFO tempest.lib.common.rest_client [req-a0128b1b-2897-4301-9645-d2f197be4a81 req-a0128b1b-2897-4301-9645-d2f197be4a81 ] Request (DeleteServersTestJSON:_run_cleanups): 200 GET http://10.180.1.21/volume/v3/volumes/be708675-00d5-43dc-9ea3-c047bbac8e2d 0.027s
2025-12-15 10:02:38.889 67360 INFO tempest.common.waiters [-] volume be708675-00d5-43dc-9ea3-c047bbac8e2d reached available after waiting for 0.889900 seconds
2025-12-15 10:02:38.944 67354 INFO tempest.lib.common.rest_client [req-a0c1d97b-f5d7-4526-9beb-e7391171075c req-a0c1d97b-f5d7-4526-9beb-e7391171075c ] Request (VolumesAssistedSnapshotsTest:tearDownClass): 200 GET http://10.180.1.21/compute/v2.1/servers/2d8458dc-61ab-4234-9318-27c4a47e3c71 0.065s
2025-12-15 10:02:38.944 67344 INFO tempest.lib.common.rest_client [req-607891fb-5da6-40f9-abc6-58e215fed994 req-607891fb-5da6-40f9-abc6-58e215fed994 ] Request (AbsoluteLimitsTestJSON:tearDownClass): 204 DELETE http://10.180.1.21/networking/v2.0/security-groups/bf422ea4-f74d-4a51-9867-b4e26713c58b 0.104s
2025-12-15 10:02:38.954 67360 INFO tempest.lib.common.rest_client [req-c4e53bdf-9711-438f-93e0-8a369da0513d req-c4e53bdf-9711-438f-93e0-8a369da0513d ] Request (DeleteServersTestJSON:test_delete_server_while_in_building_state): 201 POST http://10.180.1.21/identity/v3/auth/tokens 0.060s
2025-12-15 10:02:38.956 67360 INFO tempest.lib.common.fixed_network [-] (DeleteServersTestJSON:test_delete_server_while_in_building_state) Found network {'id': 'f19ebc24-02bd-4a68-8b44-310e7734a187', 'name': 'tempest-DeleteServersTestJSON-1453525752-network', 'tenant_id': '2dc22d2680ef463280f981ee56e0ec6f', 'project_id': '2dc22d2680ef463280f981ee56e0ec6f', 'admin_state_up': True, 'mtu': 8950, 'status': 'ACTIVE', 'subnets': [], 'shared': False, 'port_security_enabled': True, 'router:external': False, 'provider:network_type': 'vlan', 'provider:physical_network': 'default', 'provider:segmentation_id': 590, 'availability_zone_hints': [], 'availability_zones': [], 'ipv4_address_scope': None, 'ipv6_address_scope': None, 'description': '', 'tags': [], 'created_at': '2025-12-15T10:00:11Z', 'updated_at': '2025-12-15T10:00:11Z', 'revision_number': 1} available for tenant
2025-12-15 10:02:39.013 67368 INFO tempest.lib.common.rest_client [req-f5b7a4d9-56f0-4f8c-baba-62e4b7eda037 req-f5b7a4d9-56f0-4f8c-baba-62e4b7eda037 ] Request (ServerShowV254Test:test_rebuild_server): 200 GET http://10.180.1.21/compute/v2.1/servers/89b8ab7d-09a3-4256-879b-7efbf0db1a87 0.072s
2025-12-15 10:02:39.025 67362 INFO tempest.lib.common.rest_client [req-3d742dff-30c2-404a-b48f-88ed49c5d551 req-3d742dff-30c2-404a-b48f-88ed49c5d551 ] Request (ServersAdminTestJSON:test_rebuild_server_in_error_state): 200 GET http://10.180.1.21/compute/v2.1/servers/49299b37-468b-4fcd-b77f-d895aaf07b7a 0.136s
2025-12-15 10:02:39.032 67362 INFO tempest.common.waiters [-] State transition "REBUILD/rebuild_block_device_mapping" ==> "REBUILD/rebuild_spawning" after 4 second wait
2025-12-15 10:02:39.039 67344 INFO tempest.lib.common.rest_client [req-5e829160-6b96-4a68-8053-b9b7ae2700d2 req-5e829160-6b96-4a68-8053-b9b7ae2700d2 ] Request (AbsoluteLimitsTestJSON:tearDownClass): 204 DELETE http://10.180.1.21/identity/v3/projects/11cf0368bd59459e8627a580f16368c7 0.095s
2025-12-15 10:02:39.083 67356 INFO tempest.lib.common.rest_client [req-344ae1dc-c780-45fe-8a8e-c90ef0d07a42 req-344ae1dc-c780-45fe-8a8e-c90ef0d07a42 ] Request (ServerActionsTestOtherB:setUpClass): 200 GET http://10.180.1.21/compute/v2.1/servers/9792a224-27aa-4214-abfd-030f0549b33b 0.141s
2025-12-15 10:02:39.109 67344 INFO tempest.lib.common.rest_client [req-d5c64af6-debd-4563-818e-27f798ebbc0a req-d5c64af6-debd-4563-818e-27f798ebbc0a ] Request (AbsoluteLimitsNegativeTestJSON:setUpClass): 201 POST http://10.180.1.21/identity/v3/auth/tokens 0.068s
2025-12-15 10:02:39.141 67344 INFO tempest.lib.common.rest_client [req-979a1b2f-b788-46d0-b755-50a48da6f5ab req-979a1b2f-b788-46d0-b755-50a48da6f5ab ] Request (AbsoluteLimitsNegativeTestJSON:setUpClass): 201 POST http://10.180.1.21/identity/v3/auth/tokens 0.030s
2025-12-15 10:02:39.155 67336 INFO tempest.lib.common.rest_client [req-0af232fe-e9b0-476c-82e1-c7766191d113 req-0af232fe-e9b0-476c-82e1-c7766191d113 ] Request (MultipleCreateTestJSON:tearDownClass): 200 GET http://10.180.1.21/compute/v2.1/servers/fdfc6e74-7861-4e94-aea8-76803e284e4c 0.147s
2025-12-15 10:02:39.169 67344 INFO tempest.lib.common.rest_client [req-0a88870b-191e-4730-858e-1fbfad81cdee req-0a88870b-191e-4730-858e-1fbfad81cdee ] Request (AbsoluteLimitsNegativeTestJSON:setUpClass): 200 GET http://10.180.1.21/identity/v3/domains?name=Default 0.027s
2025-12-15 10:02:39.206 67344 INFO tempest.lib.common.rest_client [req-c0804db0-2025-4aef-aa54-5626797b7367 req-c0804db0-2025-4aef-aa54-5626797b7367 ] Request (AbsoluteLimitsNegativeTestJSON:setUpClass): 201 POST http://10.180.1.21/identity/v3/projects 0.036s
2025-12-15 10:02:39.208 67338 INFO tempest.lib.common.rest_client [req-ed177686-ad46-48f3-93d6-99b22cc32df5 req-ed177686-ad46-48f3-93d6-99b22cc32df5 ] Request (ServersTestJSON:test_create_server_with_ipv6_addr_only): 200 GET http://10.180.1.21/compute/v2.1/servers/d23df453-5217-4d05-8bee-14736c62c396 0.197s
2025-12-15 10:02:39.262 67358 INFO tempest.lib.common.rest_client [req-c3a49c85-251d-4486-bc53-d25ff7552683 req-c3a49c85-251d-4486-bc53-d25ff7552683 ] Request (ServerRescueNegativeTestJSON:setUpClass): 200 GET http://10.180.1.21/compute/v2.1/servers/de040401-6717-4854-9ffd-65a3d3999be6 0.200s
2025-12-15 10:02:39.275 67344 INFO tempest.lib.common.rest_client [req-d206eee2-d962-4a57-96cd-8197d9c0696e req-d206eee2-d962-4a57-96cd-8197d9c0696e ] Request (AbsoluteLimitsNegativeTestJSON:setUpClass): 201 POST http://10.180.1.21/identity/v3/users 0.069s
2025-12-15 10:02:39.310 67344 INFO tempest.lib.common.rest_client [req-1402432f-2593-4fd7-8a5e-ffee2ced6a73 req-1402432f-2593-4fd7-8a5e-ffee2ced6a73 ] Request (AbsoluteLimitsNegativeTestJSON:setUpClass): 200 GET http://10.180.1.21/identity/v3/roles 0.032s
2025-12-15 10:02:39.329 67374 INFO tempest.lib.common.rest_client [req-2f60948e-4eb6-4393-a72a-9b7a1eebe367 req-2f60948e-4eb6-4393-a72a-9b7a1eebe367 ] Request (ListServerFiltersTestJSON:setUpClass): 200 GET http://10.180.1.21/compute/v2.1/servers/39426d7e-5fed-4ee5-ad4d-b16962cda742 0.263s
2025-12-15 10:02:39.349 67344 INFO tempest.lib.common.rest_client [req-3f27966f-57a6-4bb1-aeb0-858de14c22c9 req-3f27966f-57a6-4bb1-aeb0-858de14c22c9 ] Request (AbsoluteLimitsNegativeTestJSON:setUpClass): 204 PUT http://10.180.1.21/identity/v3/projects/e3474c6d16ea4049a9d811d8c44a942e/users/2eae45479598452c8f21eeb2ba40da3e/roles/c9e13c6228584344a07cd4ff5a033067 0.039s
2025-12-15 10:02:39.349 67344 INFO tempest.lib.common.dynamic_creds [-] Dynamic test user 2eae45479598452c8f21eeb2ba40da3e is created with scope project and roles: ['member']
2025-12-15 10:02:39.350 67344 INFO tempest.lib.common.dynamic_creds [-] Acquired dynamic creds: credentials: Credentials: {'domain_id': 'default', 'domain_name': 'Default', 'username': 'tempest-AbsoluteLimitsNegativeTestJSON-1049757363-project-member', 'project_domain_id': 'default', 'project_domain_name': 'Default', 'project_id': 'e3474c6d16ea4049a9d811d8c44a942e', 'project_name': 'tempest-AbsoluteLimitsNegativeTestJSON-1049757363', 'tenant_id': 'e3474c6d16ea4049a9d811d8c44a942e', 'tenant_name': 'tempest-AbsoluteLimitsNegativeTestJSON-1049757363', 'user_domain_id': 'default', 'user_domain_name': 'Default', 'user_id': '2eae45479598452c8f21eeb2ba40da3e', 'system': None}, Network: None, Subnet: None, Router: None
2025-12-15 10:02:39.350 67344 INFO tempest.lib.common.dynamic_creds [-] Created isolated network resources for: credentials: Credentials: {'domain_id': 'default', 'domain_name': 'Default', 'username': 'tempest-AbsoluteLimitsNegativeTestJSON-1049757363-project-member', 'project_domain_id': 'default', 'project_domain_name': 'Default', 'project_id': 'e3474c6d16ea4049a9d811d8c44a942e', 'project_name': 'tempest-AbsoluteLimitsNegativeTestJSON-1049757363', 'tenant_id': 'e3474c6d16ea4049a9d811d8c44a942e', 'tenant_name': 'tempest-AbsoluteLimitsNegativeTestJSON-1049757363', 'user_domain_id': 'default', 'user_domain_name': 'Default', 'user_id': '2eae45479598452c8f21eeb2ba40da3e', 'system': None}, Network: None, Subnet: None, Router: None
2025-12-15 10:02:39.430 67318 INFO tempest.lib.common.rest_client [req-a4d18d00-efb9-480c-8e45-8dd4a7da7870 req-a4d18d00-efb9-480c-8e45-8dd4a7da7870 ] Request (ServersAdminNegativeTestJSON:tearDownClass): 200 GET http://10.180.1.21/compute/v2.1/servers/1aae4603-3448-4393-9894-5d8b1001905e 0.311s
2025-12-15 10:02:39.437 67360 INFO tempest.lib.common.rest_client [req-dd2ff768-775b-485f-9942-b875537bd2e8 req-dd2ff768-775b-485f-9942-b875537bd2e8 ] Request (DeleteServersTestJSON:test_delete_server_while_in_building_state): 202 POST http://10.180.1.21/compute/v2.1/servers 0.480s
2025-12-15 10:02:39.476 67344 INFO tempest.lib.common.rest_client [req-d6e44497-1533-494d-af2e-45557c30822e req-d6e44497-1533-494d-af2e-45557c30822e ] Request (AbsoluteLimitsNegativeTestJSON:setUpClass): 201 POST http://10.180.1.21/identity/v3/auth/tokens 0.119s
2025-12-15 10:02:39.512 67370 INFO tempest.lib.common.rest_client [req-15fdb682-7fc2-4d34-84df-9192a48daf64 req-15fdb682-7fc2-4d34-84df-9192a48daf64 ] Request (ImagesTestJSON:test_create_image_from_stopped_server): 200 GET http://10.180.1.21/compute/v2.1/servers/af0031fa-d354-43f8-a783-538940c6db6d 0.338s
2025-12-15 10:02:39.513 67346 INFO tempest.lib.common.rest_client [req-70834459-300c-489c-ac66-e963cae35ccd req-70834459-300c-489c-ac66-e963cae35ccd ] Request (ImagesOneServerNegativeTestJSON:_run_cleanups): 200 GET http://10.180.1.21/compute/v2.1/servers/53cef26c-0800-4ebe-97e9-4a6c3bb76728 0.378s
2025-12-15 10:02:39.586 67380 INFO tempest.lib.common.rest_client [req-5d3ccb5e-8e02-4551-98cf-dc6327ac594d req-5d3ccb5e-8e02-4551-98cf-dc6327ac594d ] Request (TenantUsagesTestJSON:setUpClass): 200 GET http://10.180.1.21/compute/v2.1/servers/83d6518c-a7f3-4a2a-a79a-ad9443868d3f 0.364s
2025-12-15 10:02:39.591 67348 INFO tempest.lib.common.rest_client [req-c2015822-f751-4ca4-be8a-f864ee99c08c req-c2015822-f751-4ca4-be8a-f864ee99c08c ] Request (AttachVolumeShelveTestJSON:test_attach_volume_shelved_or_offload_server): 200 GET http://10.180.1.21/compute/v2.1/servers/7039a80a-3914-431b-8928-c6ca7301ca11 0.402s
2025-12-15 10:02:39.637 67364 INFO tempest.lib.common.rest_client [req-d2aa29f6-8353-48e9-985b-bccdb224a732 req-d2aa29f6-8353-48e9-985b-bccdb224a732 ] Request (ServerRescueTestJSON:test_rescue_unrescue_instance): 200 GET http://10.180.1.21/compute/v2.1/servers/c1d65fca-2db7-42ea-814f-9bf130391e17 0.391s
2025-12-15 10:02:39.677 67360 INFO tempest.lib.common.rest_client [req-15f5dfe3-1a8d-415d-92a7-b5817d394fe5 req-15f5dfe3-1a8d-415d-92a7-b5817d394fe5 ] Request (DeleteServersTestJSON:test_delete_server_while_in_building_state): 200 GET http://10.180.1.21/compute/v2.1/servers/82777416-305f-4b14-b43a-fd08bfc2fbc6 0.238s
2025-12-15 10:02:39.863 67342 INFO tempest.lib.common.rest_client [req-db3bc70f-981e-4dd3-97d5-cc5af23c2599 req-db3bc70f-981e-4dd3-97d5-cc5af23c2599 ] Request (ServersNegativeTestMultiTenantJSON:setUpClass): 200 GET http://10.180.1.21/compute/v2.1/servers/bf7fc2e6-4884-4900-9d70-5e37ef769722 0.441s
2025-12-15 10:02:39.875 67328 INFO tempest.lib.common.rest_client [req-e690fe97-239f-44b1-8a39-05b319988aae req-e690fe97-239f-44b1-8a39-05b319988aae ] Request (ListImageFiltersTestJSON:setUpClass): 200 GET http://10.180.1.21/compute/v2.1/servers/9d110be8-be0d-4fda-9842-d661c8ca970f 0.397s
2025-12-15 10:02:39.929 67340 INFO tempest.lib.common.rest_client [req-21724b7f-153f-4fbf-bae0-095437d637b7 req-21724b7f-153f-4fbf-bae0-095437d637b7 ] Request (FloatingIPsAssociationTestJSON:test_associate_already_associated_floating_ip): 200 GET http://10.180.1.21/compute/v2.1/servers/08f1bb2c-02d4-4974-82b5-0e0341f36cea 0.450s
2025-12-15 10:02:39.966 67344 INFO tempest.lib.common.rest_client [req-630a5588-140d-4e31-bd0b-9c5a4ff50fdd req-630a5588-140d-4e31-bd0b-9c5a4ff50fdd ] Request (AbsoluteLimitsNegativeTestJSON:test_max_metadata_exceed_limit): 200 GET http://10.180.1.21/compute/v2.1/limits 0.488s
2025-12-15 10:02:39.982 67330 INFO tempest.lib.common.rest_client [req-df314ca9-48e7-4bfb-a1d0-659c26f6b65f req-df314ca9-48e7-4bfb-a1d0-659c26f6b65f ] Request (ServersNegativeTestJSON:setUpClass): 200 GET http://10.180.1.21/compute/v2.1/servers/04a2e66b-2bcd-4b2b-9a1a-75ba84f74530 0.417s
2025-12-15 10:02:40.004 67344 INFO tempest.lib.common.rest_client [req-0c5acccc-d65b-4294-8b2c-008cfeff2798 req-0c5acccc-d65b-4294-8b2c-008cfeff2798 ] Request (AbsoluteLimitsNegativeTestJSON:test_max_metadata_exceed_limit): 201 POST http://10.180.1.21/identity/v3/auth/tokens 0.032s
2025-12-15 10:02:40.004 67344 INFO tempest.lib.common.fixed_network [-] (AbsoluteLimitsNegativeTestJSON:test_max_metadata_exceed_limit) Found network None available for tenant
2025-12-15 10:02:40.028 67352 INFO tempest.lib.common.rest_client [req-590f042a-3f1b-4000-876f-e675e35e9e01 req-590f042a-3f1b-4000-876f-e675e35e9e01 ] Request (SecurityGroupsTestJSON:test_server_security_groups): 200 GET http://10.180.1.21/compute/v2.1/servers/64462084-da80-462b-a8c2-0f073511b4b0 0.443s
2025-12-15 10:02:40.051 67376 INFO tempest.lib.common.rest_client [req-b346e77c-9e35-4d4a-ab87-fb7130b558d0 req-b346e77c-9e35-4d4a-ab87-fb7130b558d0 ] Request (InstanceActionsTestJSON:setUpClass): 200 GET http://10.180.1.21/compute/v2.1/servers/fb2201d4-8496-466b-a1c8-75ccf835b5fb 0.393s
2025-12-15 10:02:40.121 67366 INFO tempest.lib.common.rest_client [req-96c5a54b-0dfd-47c2-bfc5-bc53839d93f8 req-96c5a54b-0dfd-47c2-bfc5-bc53839d93f8 ] Request (ServerMetadataNegativeTestJSON:tearDownClass): 200 GET http://10.180.1.21/compute/v2.1/servers/afa4775a-11cd-4637-a389-899022086f8e 0.443s
2025-12-15 10:02:40.171 67320 INFO tempest.lib.common.rest_client [req-12b6f011-b84b-4b7c-afc1-d5d9a5923772 req-12b6f011-b84b-4b7c-afc1-d5d9a5923772 ] Request (MigrationsAdminTest:test_resize_server_revert_deleted_flavor): 200 GET http://10.180.1.21/compute/v2.1/servers/28ae6fea-c238-49c3-a74f-a551a2c4c30b 0.456s
2025-12-15 10:02:40.228 67350 INFO tempest.lib.common.rest_client [req-40ac5ca3-30b1-49a0-a3c7-731b0dd5c8d6 req-40ac5ca3-30b1-49a0-a3c7-731b0dd5c8d6 ] Request (ServersWithSpecificFlavorTestJSON:test_verify_created_server_ephemeral_disk): 200 GET http://10.180.1.21/compute/v2.1/servers/78bec445-6d97-44e5-9fc5-ced7c8c4d26c 0.490s
2025-12-15 10:02:40.244 67360 INFO tempest.lib.common.rest_client [req-1a3dc0b3-bbf7-4cd0-b00e-3a892d66ba72 req-1a3dc0b3-bbf7-4cd0-b00e-3a892d66ba72 ] Request (DeleteServersTestJSON:test_delete_server_while_in_building_state): 204 DELETE http://10.180.1.21/compute/v2.1/servers/82777416-305f-4b14-b43a-fd08bfc2fbc6 0.559s
2025-12-15 10:02:40.276 67324 INFO tempest.lib.common.rest_client [req-730a082e-9850-4bfb-bd0f-a54775f84f26 req-730a082e-9850-4bfb-bd0f-a54775f84f26 ] Request (ServerDiskConfigTestJSON:test_resize_server_from_auto_to_manual): 200 GET http://10.180.1.21/compute/v2.1/servers/3fa8d8f6-ef30-434f-bbde-ee6e8266682e 0.390s
2025-12-15 10:02:40.306 67354 INFO tempest.lib.common.rest_client [req-f92d8cb8-b0c7-4fa8-b08e-363d7f941c37 req-f92d8cb8-b0c7-4fa8-b08e-363d7f941c37 ] Request (VolumesAssistedSnapshotsTest:tearDownClass): 200 GET http://10.180.1.21/compute/v2.1/servers/2d8458dc-61ab-4234-9318-27c4a47e3c71 0.353s
2025-12-15 10:02:40.365 67368 INFO tempest.lib.common.rest_client [req-501702bc-fd3c-4b88-a604-e14681a58450 req-501702bc-fd3c-4b88-a604-e14681a58450 ] Request (ServerShowV254Test:test_rebuild_server): 200 GET http://10.180.1.21/compute/v2.1/servers/89b8ab7d-09a3-4256-879b-7efbf0db1a87 0.338s
2025-12-15 10:02:40.466 67344 INFO tempest.lib.common.rest_client [req-fc3f7f3d-4bb0-491a-88f6-9b248c43cbe9 req-fc3f7f3d-4bb0-491a-88f6-9b248c43cbe9 ] Request (AbsoluteLimitsNegativeTestJSON:test_max_metadata_exceed_limit): 403 POST http://10.180.1.21/compute/v2.1/servers 0.461s
2025-12-15 10:02:40.510 67362 INFO tempest.lib.common.rest_client [req-839fb345-fe94-4fd8-bdc3-f12a7b6557bd req-839fb345-fe94-4fd8-bdc3-f12a7b6557bd ] Request (ServersAdminTestJSON:test_rebuild_server_in_error_state): 200 GET http://10.180.1.21/compute/v2.1/servers/49299b37-468b-4fcd-b77f-d895aaf07b7a 0.477s
2025-12-15 10:02:40.528 67356 INFO tempest.lib.common.rest_client [req-e745aff1-21a8-4fe7-bfb4-628a4c02a776 req-e745aff1-21a8-4fe7-bfb4-628a4c02a776 ] Request (ServerActionsTestOtherB:setUpClass): 200 GET http://10.180.1.21/compute/v2.1/servers/9792a224-27aa-4214-abfd-030f0549b33b 0.435s
2025-12-15 10:02:40.573 67336 INFO tempest.lib.common.rest_client [req-12eea071-aa22-46c9-89b6-3c217947a15a req-12eea071-aa22-46c9-89b6-3c217947a15a ] Request (MultipleCreateTestJSON:tearDownClass): 200 GET http://10.180.1.21/compute/v2.1/servers/fdfc6e74-7861-4e94-aea8-76803e284e4c 0.411s
2025-12-15 10:02:40.582 67338 INFO tempest.lib.common.rest_client [req-80cfacbf-06ad-4fc9-9be0-4bd3e1fb4145 req-80cfacbf-06ad-4fc9-9be0-4bd3e1fb4145 ] Request (ServersTestJSON:test_create_server_with_ipv6_addr_only): 200 GET http://10.180.1.21/compute/v2.1/servers/d23df453-5217-4d05-8bee-14736c62c396 0.366s
2025-12-15 10:02:40.592 67344 INFO tempest.lib.common.rest_client [req-d11191ec-03f4-4e87-9a19-e09fae302b5c req-d11191ec-03f4-4e87-9a19-e09fae302b5c ] Request (AbsoluteLimitsNegativeTestJSON:tearDownClass): 204 DELETE http://10.180.1.21/identity/v3/users/2eae45479598452c8f21eeb2ba40da3e 0.124s
2025-12-15 10:02:40.593 67344 INFO tempest.lib.common.dynamic_creds [-] Deleting project and security group for project: e3474c6d16ea4049a9d811d8c44a942e
2025-12-15 10:02:40.599 67360 INFO tempest.lib.common.rest_client [req-6327043c-a86e-497d-a15f-e0827ec4dfcf req-6327043c-a86e-497d-a15f-e0827ec4dfcf ] Request (DeleteServersTestJSON:test_delete_server_while_in_building_state): 404 GET http://10.180.1.21/compute/v2.1/servers/82777416-305f-4b14-b43a-fd08bfc2fbc6 0.355s
2025-12-15 10:02:40.645 67358 INFO tempest.lib.common.rest_client [req-2478e6ac-59ec-4097-bd06-c7c90a15d554 req-2478e6ac-59ec-4097-bd06-c7c90a15d554 ] Request (ServerRescueNegativeTestJSON:setUpClass): 200 GET http://10.180.1.21/compute/v2.1/servers/de040401-6717-4854-9ffd-65a3d3999be6 0.374s
2025-12-15 10:02:40.655 67374 INFO tempest.lib.common.rest_client [req-b747c8af-dce4-4493-99b6-385dcfdf14e7 req-b747c8af-dce4-4493-99b6-385dcfdf14e7 ] Request (ListServerFiltersTestJSON:setUpClass): 200 GET http://10.180.1.21/compute/v2.1/servers/39426d7e-5fed-4ee5-ad4d-b16962cda742 0.319s
2025-12-15 10:02:40.660 67344 INFO tempest.lib.common.rest_client [req-75f6ed92-7292-45eb-b244-ca45293b9ce1 req-75f6ed92-7292-45eb-b244-ca45293b9ce1 ] Request (AbsoluteLimitsNegativeTestJSON:tearDownClass): 201 POST http://10.180.1.21/identity/v3/auth/tokens 0.067s
2025-12-15 10:02:40.662 67360 INFO tempest.lib.common.rest_client [req-1ec0deff-2a59-4ba7-bfc5-a53901d2d334 req-1ec0deff-2a59-4ba7-bfc5-a53901d2d334 ] Request (DeleteServersTestJSON:test_delete_server_while_in_shelved_state): 201 POST http://10.180.1.21/identity/v3/auth/tokens 0.058s
2025-12-15 10:02:40.663 67360 INFO tempest.lib.common.fixed_network [-] (DeleteServersTestJSON:test_delete_server_while_in_shelved_state) Found network {'id': 'f19ebc24-02bd-4a68-8b44-310e7734a187', 'name': 'tempest-DeleteServersTestJSON-1453525752-network', 'tenant_id': '2dc22d2680ef463280f981ee56e0ec6f', 'project_id': '2dc22d2680ef463280f981ee56e0ec6f', 'admin_state_up': True, 'mtu': 8950, 'status': 'ACTIVE', 'subnets': [], 'shared': False, 'port_security_enabled': True, 'router:external': False, 'provider:network_type': 'vlan', 'provider:physical_network': 'default', 'provider:segmentation_id': 590, 'availability_zone_hints': [], 'availability_zones': [], 'ipv4_address_scope': None, 'ipv6_address_scope': None, 'description': '', 'tags': [], 'created_at': '2025-12-15T10:00:11Z', 'updated_at': '2025-12-15T10:00:11Z', 'revision_number': 1} available for tenant
2025-12-15 10:02:40.701 67346 INFO tempest.lib.common.rest_client [req-213fbc4c-de38-463a-990f-32af4b4b139a req-213fbc4c-de38-463a-990f-32af4b4b139a ] Request (ImagesOneServerNegativeTestJSON:_run_cleanups): 200 GET http://10.180.1.21/compute/v2.1/servers/53cef26c-0800-4ebe-97e9-4a6c3bb76728 0.176s
2025-12-15 10:02:40.716 67318 INFO tempest.lib.common.rest_client [req-98bd11d3-97ff-41dd-bfc1-ae2f8632bc35 req-98bd11d3-97ff-41dd-bfc1-ae2f8632bc35 ] Request (ServersAdminNegativeTestJSON:tearDownClass): 200 GET http://10.180.1.21/compute/v2.1/servers/1aae4603-3448-4393-9894-5d8b1001905e 0.277s
2025-12-15 10:02:40.752 67370 INFO tempest.lib.common.rest_client [req-074018dd-7f4d-4697-94a0-10cdfdcfbc53 req-074018dd-7f4d-4697-94a0-10cdfdcfbc53 ] Request (ImagesTestJSON:test_create_image_from_stopped_server): 200 GET http://10.180.1.21/compute/v2.1/servers/af0031fa-d354-43f8-a783-538940c6db6d 0.225s
2025-12-15 10:02:40.771 67380 INFO tempest.lib.common.rest_client [req-2dc7d35d-ba68-43b6-8c33-4541a3aacafa req-2dc7d35d-ba68-43b6-8c33-4541a3aacafa ] Request (TenantUsagesTestJSON:setUpClass): 200 GET http://10.180.1.21/compute/v2.1/servers/83d6518c-a7f3-4a2a-a79a-ad9443868d3f 0.177s
2025-12-15 10:02:40.806 67348 INFO tempest.lib.common.rest_client [req-1c3fa090-248b-4b27-a00c-5b22493bdaf9 req-1c3fa090-248b-4b27-a00c-5b22493bdaf9 ] Request (AttachVolumeShelveTestJSON:test_attach_volume_shelved_or_offload_server): 200 GET http://10.180.1.21/compute/v2.1/servers/7039a80a-3914-431b-8928-c6ca7301ca11 0.202s
2025-12-15 10:02:40.819 67344 INFO tempest.lib.common.rest_client [req-da39cd32-bf1b-4264-ae69-30c1f7716761 req-da39cd32-bf1b-4264-ae69-30c1f7716761 ] Request (AbsoluteLimitsNegativeTestJSON:tearDownClass): 200 GET http://10.180.1.21/networking/v2.0/security-groups?tenant_id=e3474c6d16ea4049a9d811d8c44a942e&name=default 0.159s
2025-12-15 10:02:40.827 67364 INFO tempest.lib.common.rest_client [req-4e71a4ae-0851-44d2-994b-86fa26432ae5 req-4e71a4ae-0851-44d2-994b-86fa26432ae5 ] Request (ServerRescueTestJSON:test_rescue_unrescue_instance): 200 GET http://10.180.1.21/compute/v2.1/servers/c1d65fca-2db7-42ea-814f-9bf130391e17 0.182s
2025-12-15 10:02:40.929 67344 INFO tempest.lib.common.rest_client [req-10e52e34-0b4c-4250-81e6-9ffbae14958b req-10e52e34-0b4c-4250-81e6-9ffbae14958b ] Request (AbsoluteLimitsNegativeTestJSON:tearDownClass): 204 DELETE http://10.180.1.21/networking/v2.0/security-groups/eb6a2410-fd7f-4d81-b1f1-9f906713d68b 0.109s
2025-12-15 10:02:41.029 67344 INFO tempest.lib.common.rest_client [req-b90f12f6-12e0-4e77-a897-0e1d6cdcd9b3 req-b90f12f6-12e0-4e77-a897-0e1d6cdcd9b3 ] Request (AbsoluteLimitsNegativeTestJSON:tearDownClass): 204 DELETE http://10.180.1.21/identity/v3/projects/e3474c6d16ea4049a9d811d8c44a942e 0.099s
2025-12-15 10:02:41.059 67342 INFO tempest.lib.common.rest_client [req-f6222cab-7de3-454e-b954-2706f8c93340 req-f6222cab-7de3-454e-b954-2706f8c93340 ] Request (ServersNegativeTestMultiTenantJSON:setUpClass): 200 GET http://10.180.1.21/compute/v2.1/servers/bf7fc2e6-4884-4900-9d70-5e37ef769722 0.186s
2025-12-15 10:02:41.069 67342 INFO tempest.common.waiters [-] State transition "BUILD/spawning" ==> "ACTIVE/None" after 59 second wait
2025-12-15 10:02:41.112 67344 INFO tempest.lib.common.rest_client [req-c5ba0bbd-3182-47a3-9b1e-9e951b0d5e4e req-c5ba0bbd-3182-47a3-9b1e-9e951b0d5e4e ] Request (ComputeTenantNetworksTest:setUpClass): 201 POST http://10.180.1.21/identity/v3/auth/tokens 0.081s
2025-12-15 10:02:41.132 67328 INFO tempest.lib.common.rest_client [req-acf760fd-7782-437d-9137-bc8ce9fa907f req-acf760fd-7782-437d-9137-bc8ce9fa907f ] Request (ListImageFiltersTestJSON:setUpClass): 200 GET http://10.180.1.21/compute/v2.1/servers/9d110be8-be0d-4fda-9842-d661c8ca970f 0.248s
2025-12-15 10:02:41.148 67344 INFO tempest.lib.common.rest_client [req-51f78b26-81e6-4978-8edf-bf25d0356a29 req-51f78b26-81e6-4978-8edf-bf25d0356a29 ] Request (ComputeTenantNetworksTest:setUpClass): 201 POST http://10.180.1.21/identity/v3/auth/tokens 0.033s
2025-12-15 10:02:41.174 67344 INFO tempest.lib.common.rest_client [req-c509c5ae-c712-45e6-a09e-bc993a78d2ce req-c509c5ae-c712-45e6-a09e-bc993a78d2ce ] Request (ComputeTenantNetworksTest:setUpClass): 200 GET http://10.180.1.21/identity/v3/domains?name=Default 0.026s
2025-12-15 10:02:41.194 67340 INFO tempest.lib.common.rest_client [req-ae7c1045-8d4c-4c5d-8e3d-2b0de2c5c4bb req-ae7c1045-8d4c-4c5d-8e3d-2b0de2c5c4bb ] Request (FloatingIPsAssociationTestJSON:test_associate_already_associated_floating_ip): 200 GET http://10.180.1.21/compute/v2.1/servers/08f1bb2c-02d4-4974-82b5-0e0341f36cea 0.256s
2025-12-15 10:02:41.205 67344 INFO tempest.lib.common.rest_client [req-cc1907be-27f4-47a0-8854-67837813879a req-cc1907be-27f4-47a0-8854-67837813879a ] Request (ComputeTenantNetworksTest:setUpClass): 201 POST http://10.180.1.21/identity/v3/projects 0.030s
2025-12-15 10:02:41.214 67360 INFO tempest.lib.common.rest_client [req-384889ba-445a-49d1-be6a-ef0f806f63ce req-384889ba-445a-49d1-be6a-ef0f806f63ce ] Request (DeleteServersTestJSON:test_delete_server_while_in_shelved_state): 202 POST http://10.180.1.21/compute/v2.1/servers 0.550s
2025-12-15 10:02:41.249 67330 INFO tempest.lib.common.rest_client [req-ca366ebe-dbc8-41ca-8c13-01b151aed7a6 req-ca366ebe-dbc8-41ca-8c13-01b151aed7a6 ] Request (ServersNegativeTestJSON:setUpClass): 200 GET http://10.180.1.21/compute/v2.1/servers/04a2e66b-2bcd-4b2b-9a1a-75ba84f74530 0.259s
