2025-12-15 10:00:17.527 67366 INFO tempest.lib.common.rest_client [req-81d455f5-b1c7-4a83-8eab-d51561f46ec3 req-81d455f5-b1c7-4a83-8eab-d51561f46ec3 ] Request (FlavorMetadataValidation:tearDownClass): 200 GET http://10.180.1.21/networking/v2.0/security-groups?tenant_id=b046eb7788b648f6a2e7c42b0b53c3ef&name=default 1.113s
2025-12-15 10:00:17.619 67320 INFO tempest.lib.common.rest_client [req-95218132-1bcd-4c03-bc0d-d42b62c31569 req-95218132-1bcd-4c03-bc0d-d42b62c31569 ] Request (HypervisorAdminV253TestBase:tearDownClass): 200 GET http://10.180.1.21/networking/v2.0/security-groups?tenant_id=276ae7242f724c21a1ec7b3f5b960588&name=default 1.037s
2025-12-15 10:00:17.718 67324 INFO tempest.lib.common.rest_client [req-be7daf94-0f2a-4064-bb0b-3084e919e71c req-be7daf94-0f2a-4064-bb0b-3084e919e71c ] Request (ServerDiskConfigTestJSON:test_rebuild_server_with_auto_disk_config): 200 GET http://10.180.1.21/compute/v2.1/servers/37afab5a-4093-4742-84b6-fef8093264d8 9.077s
2025-12-15 10:00:17.727 67324 INFO tempest.common.waiters [-] State transition "BUILD/None" ==> "BUILD/spawning" after 10 second wait
2025-12-15 10:00:17.839 67352 INFO tempest.lib.common.rest_client [req-f2f81ab1-af78-4f41-8be6-826653a0d7cb req-f2f81ab1-af78-4f41-8be6-826653a0d7cb ] Request (TenantUsagesNegativeTestJSON:tearDownClass): 200 GET http://10.180.1.21/networking/v2.0/security-groups?tenant_id=3ca2005c94c04def9d76660d2b9caf71&name=default 0.753s
2025-12-15 10:00:18.162 67366 INFO tempest.lib.common.rest_client [req-3c0aa8e8-7b03-4159-b8cf-89bb4d1808f8 req-3c0aa8e8-7b03-4159-b8cf-89bb4d1808f8 ] Request (FlavorMetadataValidation:tearDownClass): 204 DELETE http://10.180.1.21/networking/v2.0/security-groups/5b80c8fc-4bd3-42d3-af05-0e61dda54039 0.634s
2025-12-15 10:00:18.259 67320 INFO tempest.lib.common.rest_client [req-7f6ac5ee-ea23-4927-9dcf-dedbef720467 req-7f6ac5ee-ea23-4927-9dcf-dedbef720467 ] Request (HypervisorAdminV253TestBase:tearDownClass): 204 DELETE http://10.180.1.21/networking/v2.0/security-groups/d94d08dc-b307-402d-8355-fade893d1c32 0.639s
2025-12-15 10:00:18.296 67366 INFO tempest.lib.common.rest_client [req-3ccee715-2f56-435d-a9df-bbcd05717626 req-3ccee715-2f56-435d-a9df-bbcd05717626 ] Request (FlavorMetadataValidation:tearDownClass): 204 DELETE http://10.180.1.21/identity/v3/projects/b046eb7788b648f6a2e7c42b0b53c3ef 0.133s
2025-12-15 10:00:18.326 67366 INFO tempest.lib.common.rest_client [req-0c3c63b6-0784-4218-811a-5926487cf6c9 req-0c3c63b6-0784-4218-811a-5926487cf6c9 ] Request (ServicesAdminTestJSON:setUpClass): 201 POST http://10.180.1.21/identity/v3/auth/tokens 0.028s
2025-12-15 10:00:18.365 67320 INFO tempest.lib.common.rest_client [req-8389b6cb-fdf1-4e0c-ae18-6b8e47ff49f3 req-8389b6cb-fdf1-4e0c-ae18-6b8e47ff49f3 ] Request (HypervisorAdminV253TestBase:tearDownClass): 204 DELETE http://10.180.1.21/identity/v3/projects/276ae7242f724c21a1ec7b3f5b960588 0.105s
2025-12-15 10:00:18.384 67366 INFO tempest.lib.common.rest_client [req-26789924-b3d1-40f4-b42d-9e2c3d3a8527 req-26789924-b3d1-40f4-b42d-9e2c3d3a8527 ] Request (ServicesAdminTestJSON:setUpClass): 201 POST http://10.180.1.21/identity/v3/auth/tokens 0.055s
2025-12-15 10:00:18.392 67320 INFO tempest.lib.common.rest_client [req-fafc61d8-97f2-45e6-adac-64e8b8a465a7 req-fafc61d8-97f2-45e6-adac-64e8b8a465a7 ] Request (MigrationsAdminTest:setUpClass): 201 POST http://10.180.1.21/identity/v3/auth/tokens 0.025s
2025-12-15 10:00:18.406 67366 INFO tempest.lib.common.rest_client [req-0e0d226b-f5d7-4341-b1a8-f4dc9d0c2733 req-0e0d226b-f5d7-4341-b1a8-f4dc9d0c2733 ] Request (ServicesAdminTestJSON:setUpClass): 200 GET http://10.180.1.21/identity/v3/domains?name=Default 0.021s
2025-12-15 10:00:18.422 67320 INFO tempest.lib.common.rest_client [req-d8d74214-f5b8-4369-88d9-dbba62ae29a7 req-d8d74214-f5b8-4369-88d9-dbba62ae29a7 ] Request (MigrationsAdminTest:setUpClass): 201 POST http://10.180.1.21/identity/v3/auth/tokens 0.027s
2025-12-15 10:00:18.434 67366 INFO tempest.lib.common.rest_client [req-3fb36173-6e1d-4baa-aa37-6fbd359e3abe req-3fb36173-6e1d-4baa-aa37-6fbd359e3abe ] Request (ServicesAdminTestJSON:setUpClass): 201 POST http://10.180.1.21/identity/v3/projects 0.027s
2025-12-15 10:00:18.447 67320 INFO tempest.lib.common.rest_client [req-c4702631-5332-4d1b-bcef-4bd2b35b204e req-c4702631-5332-4d1b-bcef-4bd2b35b204e ] Request (MigrationsAdminTest:setUpClass): 200 GET http://10.180.1.21/identity/v3/domains?name=Default 0.024s
2025-12-15 10:00:18.461 67352 INFO tempest.lib.common.rest_client [req-af4f5a31-7f93-420c-a0be-ab769fdbdfce req-af4f5a31-7f93-420c-a0be-ab769fdbdfce ] Request (TenantUsagesNegativeTestJSON:tearDownClass): 204 DELETE http://10.180.1.21/networking/v2.0/security-groups/52c35c8b-c748-4aee-8ab5-7149d7c09e63 0.622s
2025-12-15 10:00:18.500 67366 INFO tempest.lib.common.rest_client [req-e1ccd78c-73b4-41fd-997b-24a4dae20b10 req-e1ccd78c-73b4-41fd-997b-24a4dae20b10 ] Request (ServicesAdminTestJSON:setUpClass): 201 POST http://10.180.1.21/identity/v3/users 0.065s
2025-12-15 10:00:18.518 67320 INFO tempest.lib.common.rest_client [req-f2fdbc1d-93bd-4efd-805d-3521f637a8a0 req-f2fdbc1d-93bd-4efd-805d-3521f637a8a0 ] Request (MigrationsAdminTest:setUpClass): 201 POST http://10.180.1.21/identity/v3/projects 0.070s
2025-12-15 10:00:18.556 67352 INFO tempest.lib.common.rest_client [req-b28c4aa8-a9a3-427e-82e2-d6ce03044921 req-b28c4aa8-a9a3-427e-82e2-d6ce03044921 ] Request (TenantUsagesNegativeTestJSON:tearDownClass): 204 DELETE http://10.180.1.21/identity/v3/projects/3ca2005c94c04def9d76660d2b9caf71 0.094s
2025-12-15 10:00:18.608 67366 INFO tempest.lib.common.rest_client [req-9273d6f5-7c24-415c-a937-8814dc814175 req-9273d6f5-7c24-415c-a937-8814dc814175 ] Request (ServicesAdminTestJSON:setUpClass): 200 GET http://10.180.1.21/identity/v3/roles 0.108s
2025-12-15 10:00:18.627 67320 INFO tempest.lib.common.rest_client [req-a7caf0d8-bcaa-4132-ba3c-31517c4b44ca req-a7caf0d8-bcaa-4132-ba3c-31517c4b44ca ] Request (MigrationsAdminTest:setUpClass): 201 POST http://10.180.1.21/identity/v3/users 0.108s
2025-12-15 10:00:18.636 67352 INFO tempest.lib.common.rest_client [req-a2121c4a-f295-485f-b9fe-7775756c861c req-a2121c4a-f295-485f-b9fe-7775756c861c ] Request (FlavorsV2NegativeTest:setUpClass): 201 POST http://10.180.1.21/identity/v3/auth/tokens 0.078s
2025-12-15 10:00:18.653 67320 INFO tempest.lib.common.rest_client [req-4c2740fd-b39e-46c7-bbee-9c413b8282bc req-4c2740fd-b39e-46c7-bbee-9c413b8282bc ] Request (MigrationsAdminTest:setUpClass): 200 GET http://10.180.1.21/identity/v3/roles 0.025s
2025-12-15 10:00:18.658 67366 INFO tempest.lib.common.rest_client [req-ab449ad0-dd8d-4191-8b72-8fa9dfbad26a req-ab449ad0-dd8d-4191-8b72-8fa9dfbad26a ] Request (ServicesAdminTestJSON:setUpClass): 204 PUT http://10.180.1.21/identity/v3/projects/44912c9af7dd4cd48cf0a96687f54983/users/20cfe240ff9f4a2388fafdf1a7439326/roles/c9e13c6228584344a07cd4ff5a033067 0.050s
2025-12-15 10:00:18.658 67366 INFO tempest.lib.common.dynamic_creds [-] Dynamic test user 20cfe240ff9f4a2388fafdf1a7439326 is created with scope project and roles: ['member']
2025-12-15 10:00:18.659 67366 INFO tempest.lib.common.dynamic_creds [-] Acquired dynamic creds: credentials: Credentials: {'domain_id': 'default', 'domain_name': 'Default', 'username': 'tempest-ServicesAdminTestJSON-1417450145-project-member', 'project_domain_id': 'default', 'project_domain_name': 'Default', 'project_id': '44912c9af7dd4cd48cf0a96687f54983', 'project_name': 'tempest-ServicesAdminTestJSON-1417450145', 'tenant_id': '44912c9af7dd4cd48cf0a96687f54983', 'tenant_name': 'tempest-ServicesAdminTestJSON-1417450145', 'user_domain_id': 'default', 'user_domain_name': 'Default', 'user_id': '20cfe240ff9f4a2388fafdf1a7439326', 'system': None}, Network: None, Subnet: None, Router: None
2025-12-15 10:00:18.659 67366 INFO tempest.lib.common.dynamic_creds [-] Created isolated network resources for: credentials: Credentials: {'domain_id': 'default', 'domain_name': 'Default', 'username': 'tempest-ServicesAdminTestJSON-1417450145-project-member', 'project_domain_id': 'default', 'project_domain_name': 'Default', 'project_id': '44912c9af7dd4cd48cf0a96687f54983', 'project_name': 'tempest-ServicesAdminTestJSON-1417450145', 'tenant_id': '44912c9af7dd4cd48cf0a96687f54983', 'tenant_name': 'tempest-ServicesAdminTestJSON-1417450145', 'user_domain_id': 'default', 'user_domain_name': 'Default', 'user_id': '20cfe240ff9f4a2388fafdf1a7439326', 'system': None}, Network: None, Subnet: None, Router: None
2025-12-15 10:00:18.711 67352 INFO tempest.lib.common.rest_client [req-8ef56d40-f4d5-400b-82fa-ca8d77f53a8c req-8ef56d40-f4d5-400b-82fa-ca8d77f53a8c ] Request (FlavorsV2NegativeTest:setUpClass): 201 POST http://10.180.1.21/identity/v3/auth/tokens 0.068s
2025-12-15 10:00:18.722 67320 INFO tempest.lib.common.rest_client [req-524bf7dc-b9e0-431f-9a5a-8d19a06b1550 req-524bf7dc-b9e0-431f-9a5a-8d19a06b1550 ] Request (MigrationsAdminTest:setUpClass): 204 PUT http://10.180.1.21/identity/v3/projects/57861e387dbe44acab1d2c3d10d7f779/users/b3c82a950c1244ed8a452e5550f50faa/roles/c9e13c6228584344a07cd4ff5a033067 0.068s
2025-12-15 10:00:18.723 67320 INFO tempest.lib.common.dynamic_creds [-] Dynamic test user b3c82a950c1244ed8a452e5550f50faa is created with scope project and roles: ['member']
2025-12-15 10:00:18.723 67320 INFO tempest.lib.common.dynamic_creds [-] Acquired dynamic creds: credentials: Credentials: {'domain_id': 'default', 'domain_name': 'Default', 'username': 'tempest-MigrationsAdminTest-2072761647-project-member', 'project_domain_id': 'default', 'project_domain_name': 'Default', 'project_id': '57861e387dbe44acab1d2c3d10d7f779', 'project_name': 'tempest-MigrationsAdminTest-2072761647', 'tenant_id': '57861e387dbe44acab1d2c3d10d7f779', 'tenant_name': 'tempest-MigrationsAdminTest-2072761647', 'user_domain_id': 'default', 'user_domain_name': 'Default', 'user_id': 'b3c82a950c1244ed8a452e5550f50faa', 'system': None}, Network: None, Subnet: None, Router: None
2025-12-15 10:00:18.723 67320 INFO tempest.lib.common.dynamic_creds [-] Created isolated network resources for: credentials: Credentials: {'domain_id': 'default', 'domain_name': 'Default', 'username': 'tempest-MigrationsAdminTest-2072761647-project-member', 'project_domain_id': 'default', 'project_domain_name': 'Default', 'project_id': '57861e387dbe44acab1d2c3d10d7f779', 'project_name': 'tempest-MigrationsAdminTest-2072761647', 'tenant_id': '57861e387dbe44acab1d2c3d10d7f779', 'tenant_name': 'tempest-MigrationsAdminTest-2072761647', 'user_domain_id': 'default', 'user_domain_name': 'Default', 'user_id': 'b3c82a950c1244ed8a452e5550f50faa', 'system': None}, Network: None, Subnet: None, Router: None
2025-12-15 10:00:18.792 67352 INFO tempest.lib.common.rest_client [req-2aa152b8-80fa-4f77-9be8-522a9f57fb0b req-2aa152b8-80fa-4f77-9be8-522a9f57fb0b ] Request (FlavorsV2NegativeTest:setUpClass): 200 GET http://10.180.1.21/identity/v3/domains?name=Default 0.080s
2025-12-15 10:00:18.818 67366 INFO tempest.lib.common.rest_client [req-f22fab32-1878-4bb1-9c8a-0d93bce4a5fd req-f22fab32-1878-4bb1-9c8a-0d93bce4a5fd ] Request (ServicesAdminTestJSON:setUpClass): 201 POST http://10.180.1.21/identity/v3/auth/tokens 0.154s
2025-12-15 10:00:18.843 67352 INFO tempest.lib.common.rest_client [req-3d393298-d501-45b1-a218-d1eb5110223c req-3d393298-d501-45b1-a218-d1eb5110223c ] Request (FlavorsV2NegativeTest:setUpClass): 201 POST http://10.180.1.21/identity/v3/projects 0.050s
2025-12-15 10:00:18.856 67320 INFO tempest.lib.common.rest_client [req-6ed989a5-ef51-4cbe-b5f9-b737acf530c8 req-6ed989a5-ef51-4cbe-b5f9-b737acf530c8 ] Request (MigrationsAdminTest:setUpClass): 201 POST http://10.180.1.21/identity/v3/auth/tokens 0.128s
2025-12-15 10:00:18.903 67366 INFO tempest.lib.common.rest_client [req-e4a75f9b-72db-4a43-9335-6a35cc97c71d req-e4a75f9b-72db-4a43-9335-6a35cc97c71d ] Request (ServicesAdminTestJSON:setUpClass): 201 POST http://10.180.1.21/identity/v3/projects 0.084s
2025-12-15 10:00:18.916 67352 INFO tempest.lib.common.rest_client [req-b8d77dbc-e061-4da6-a06b-fa08af054f85 req-b8d77dbc-e061-4da6-a06b-fa08af054f85 ] Request (FlavorsV2NegativeTest:setUpClass): 201 POST http://10.180.1.21/identity/v3/users 0.072s
2025-12-15 10:00:18.926 67364 INFO tempest.lib.common.rest_client [req-3239d4ad-85b5-4f61-9d40-6723b2dcdd81 req-3239d4ad-85b5-4f61-9d40-6723b2dcdd81 ] Request (InstanceActionsV221TestJSON:test_get_list_deleted_instance_actions): 202 POST http://10.180.1.21/compute/v2.1/servers 8.919s
2025-12-15 10:00:18.950 67330 INFO tempest.lib.common.rest_client [req-7920b554-343c-4246-a261-743ca41a7536 req-7920b554-343c-4246-a261-743ca41a7536 ] Request (FlavorsAccessTestJSON:test_flavor_access_add_remove): 200 GET http://10.180.1.21/compute/v2.1/flavors/detail 8.714s
2025-12-15 10:00:18.967 67320 INFO tempest.lib.common.rest_client [req-fe1bc6d8-0208-4aee-b016-65981a1041f5 req-fe1bc6d8-0208-4aee-b016-65981a1041f5 ] Request (MigrationsAdminTest:setUpClass): 201 POST http://10.180.1.21/identity/v3/projects 0.109s
2025-12-15 10:00:18.976 67366 INFO tempest.lib.common.rest_client [req-7120561a-4488-44e9-a89d-d29bdbf04e6f req-7120561a-4488-44e9-a89d-d29bdbf04e6f ] Request (ServicesAdminTestJSON:setUpClass): 201 POST http://10.180.1.21/identity/v3/users 0.072s
2025-12-15 10:00:19.016 67352 INFO tempest.lib.common.rest_client [req-c17f82fd-5cc0-43d0-923f-983bef7efc8f req-c17f82fd-5cc0-43d0-923f-983bef7efc8f ] Request (FlavorsV2NegativeTest:setUpClass): 200 GET http://10.180.1.21/identity/v3/roles 0.100s
2025-12-15 10:00:19.034 67320 INFO tempest.lib.common.rest_client [req-16d396e1-90bb-47af-829e-24253a25cb9b req-16d396e1-90bb-47af-829e-24253a25cb9b ] Request (MigrationsAdminTest:setUpClass): 201 POST http://10.180.1.21/identity/v3/users 0.066s
2025-12-15 10:00:19.040 67366 INFO tempest.lib.common.rest_client [req-2e71c6b1-5b25-47df-bb2b-b606493ef913 req-2e71c6b1-5b25-47df-bb2b-b606493ef913 ] Request (ServicesAdminTestJSON:setUpClass): 200 GET http://10.180.1.21/identity/v3/roles 0.063s
2025-12-15 10:00:19.064 67320 INFO tempest.lib.common.rest_client [req-33ddb4ad-a244-454c-9c77-268a088fa80f req-33ddb4ad-a244-454c-9c77-268a088fa80f ] Request (MigrationsAdminTest:setUpClass): 200 GET http://10.180.1.21/identity/v3/roles 0.030s
2025-12-15 10:00:19.079 67352 INFO tempest.lib.common.rest_client [req-6ccb0f0e-7db5-4264-a1f5-a9e0d10b1098 req-6ccb0f0e-7db5-4264-a1f5-a9e0d10b1098 ] Request (FlavorsV2NegativeTest:setUpClass): 204 PUT http://10.180.1.21/identity/v3/projects/0dcdd51c442f4b6183fb57d95b79ac1d/users/ed91c1cb942c4222bc577f4fd9c046bd/roles/c9e13c6228584344a07cd4ff5a033067 0.062s
2025-12-15 10:00:19.079 67352 INFO tempest.lib.common.dynamic_creds [-] Dynamic test user ed91c1cb942c4222bc577f4fd9c046bd is created with scope project and roles: ['member']
2025-12-15 10:00:19.079 67352 INFO tempest.lib.common.dynamic_creds [-] Acquired dynamic creds: credentials: Credentials: {'domain_id': 'default', 'domain_name': 'Default', 'username': 'tempest-FlavorsV2NegativeTest-2105020398-project-member', 'project_domain_id': 'default', 'project_domain_name': 'Default', 'project_id': '0dcdd51c442f4b6183fb57d95b79ac1d', 'project_name': 'tempest-FlavorsV2NegativeTest-2105020398', 'tenant_id': '0dcdd51c442f4b6183fb57d95b79ac1d', 'tenant_name': 'tempest-FlavorsV2NegativeTest-2105020398', 'user_domain_id': 'default', 'user_domain_name': 'Default', 'user_id': 'ed91c1cb942c4222bc577f4fd9c046bd', 'system': None}, Network: None, Subnet: None, Router: None
2025-12-15 10:00:19.080 67352 INFO tempest.lib.common.dynamic_creds [-] Created isolated network resources for: credentials: Credentials: {'domain_id': 'default', 'domain_name': 'Default', 'username': 'tempest-FlavorsV2NegativeTest-2105020398-project-member', 'project_domain_id': 'default', 'project_domain_name': 'Default', 'project_id': '0dcdd51c442f4b6183fb57d95b79ac1d', 'project_name': 'tempest-FlavorsV2NegativeTest-2105020398', 'tenant_id': '0dcdd51c442f4b6183fb57d95b79ac1d', 'tenant_name': 'tempest-FlavorsV2NegativeTest-2105020398', 'user_domain_id': 'default', 'user_domain_name': 'Default', 'user_id': 'ed91c1cb942c4222bc577f4fd9c046bd', 'system': None}, Network: None, Subnet: None, Router: None
2025-12-15 10:00:19.098 67366 INFO tempest.lib.common.rest_client [req-60e48796-e530-4f50-a4f4-400d258c3a45 req-60e48796-e530-4f50-a4f4-400d258c3a45 ] Request (ServicesAdminTestJSON:setUpClass): 204 PUT http://10.180.1.21/identity/v3/projects/add5fa03f62b478e9503077b16b85ee7/users/4f688c0ac04c4a24bab1b8ba91306982/roles/da6befc940234ad48651884887111dcf 0.058s
2025-12-15 10:00:19.138 67318 INFO tempest.lib.common.rest_client [req-dbe2d7a3-0c6e-4d8f-a06a-b14dfe304287 req-dbe2d7a3-0c6e-4d8f-a06a-b14dfe304287 ] Request (SecurityGroupsTestAdminJSON:test_list_security_groups_list_all_tenants_filter): 200 POST http://10.180.1.21/compute/v2.1/os-security-groups 8.560s
2025-12-15 10:00:19.173 67352 INFO tempest.lib.common.rest_client [req-8024240f-ebce-4fc1-8844-04355040e0f3 req-8024240f-ebce-4fc1-8844-04355040e0f3 ] Request (FlavorsV2NegativeTest:setUpClass): 201 POST http://10.180.1.21/identity/v3/auth/tokens 0.088s
2025-12-15 10:00:19.177 67320 INFO tempest.lib.common.rest_client [req-274e3f5c-f9ad-41cc-bfd2-dad0257894cc req-274e3f5c-f9ad-41cc-bfd2-dad0257894cc ] Request (MigrationsAdminTest:setUpClass): 204 PUT http://10.180.1.21/identity/v3/projects/cfaa92881d8449e5b014b108963b9a5d/users/329d492234c940a3b45ffd6e1743556f/roles/da6befc940234ad48651884887111dcf 0.112s
2025-12-15 10:00:19.245 67372 INFO tempest.lib.common.rest_client [req-6048e68b-f8b8-4abc-9628-b68690c42bab req-6048e68b-f8b8-4abc-9628-b68690c42bab ] Request (FloatingIPsNegativeTestJSON:test_allocate_floating_ip_from_nonexistent_pool): 404 POST http://10.180.1.21/compute/v2.1/os-floating-ips 8.623s
2025-12-15 10:00:19.245 67366 INFO tempest.lib.common.rest_client [req-ca27d22b-00f2-46a1-90ec-7b538ea754b7 req-ca27d22b-00f2-46a1-90ec-7b538ea754b7 ] Request (ServicesAdminTestJSON:setUpClass): 200 GET http://10.180.1.21/identity/v3/roles 0.147s
2025-12-15 10:00:19.248 67320 INFO tempest.lib.common.rest_client [req-244a8bba-abc7-4c86-badd-0fc0bd86b3ce req-244a8bba-abc7-4c86-badd-0fc0bd86b3ce ] Request (MigrationsAdminTest:setUpClass): 200 GET http://10.180.1.21/identity/v3/roles 0.070s
2025-12-15 10:00:19.272 67320 INFO tempest.lib.common.rest_client [req-6f03f453-be5f-4b7f-8e95-e123eeab182e req-6f03f453-be5f-4b7f-8e95-e123eeab182e ] Request (MigrationsAdminTest:setUpClass): 204 PUT http://10.180.1.21/identity/v3/projects/cfaa92881d8449e5b014b108963b9a5d/users/329d492234c940a3b45ffd6e1743556f/roles/da6befc940234ad48651884887111dcf 0.023s
2025-12-15 10:00:19.273 67320 INFO tempest.lib.common.dynamic_creds [-] Dynamic test user 329d492234c940a3b45ffd6e1743556f is created with scope project and roles: ['admin']
2025-12-15 10:00:19.273 67320 INFO tempest.lib.common.dynamic_creds [-] Acquired dynamic creds: credentials: Credentials: {'domain_id': 'default', 'domain_name': 'Default', 'username': 'tempest-MigrationsAdminTest-1810209526-project-admin', 'project_domain_id': 'default', 'project_domain_name': 'Default', 'project_id': 'cfaa92881d8449e5b014b108963b9a5d', 'project_name': 'tempest-MigrationsAdminTest-1810209526', 'tenant_id': 'cfaa92881d8449e5b014b108963b9a5d', 'tenant_name': 'tempest-MigrationsAdminTest-1810209526', 'user_domain_id': 'default', 'user_domain_name': 'Default', 'user_id': '329d492234c940a3b45ffd6e1743556f', 'system': None}, Network: None, Subnet: None, Router: None
2025-12-15 10:00:19.273 67320 INFO tempest.lib.common.dynamic_creds [-] Created isolated network resources for: credentials: Credentials: {'domain_id': 'default', 'domain_name': 'Default', 'username': 'tempest-MigrationsAdminTest-1810209526-project-admin', 'project_domain_id': 'default', 'project_domain_name': 'Default', 'project_id': 'cfaa92881d8449e5b014b108963b9a5d', 'project_name': 'tempest-MigrationsAdminTest-1810209526', 'tenant_id': 'cfaa92881d8449e5b014b108963b9a5d', 'tenant_name': 'tempest-MigrationsAdminTest-1810209526', 'user_domain_id': 'default', 'user_domain_name': 'Default', 'user_id': '329d492234c940a3b45ffd6e1743556f', 'system': None}, Network: None, Subnet: None, Router: None
2025-12-15 10:00:19.278 67366 INFO tempest.lib.common.rest_client [req-4e8e98a2-2b7f-479e-af87-aa117a902598 req-4e8e98a2-2b7f-479e-af87-aa117a902598 ] Request (ServicesAdminTestJSON:setUpClass): 204 PUT http://10.180.1.21/identity/v3/projects/add5fa03f62b478e9503077b16b85ee7/users/4f688c0ac04c4a24bab1b8ba91306982/roles/da6befc940234ad48651884887111dcf 0.032s
2025-12-15 10:00:19.278 67366 INFO tempest.lib.common.dynamic_creds [-] Dynamic test user 4f688c0ac04c4a24bab1b8ba91306982 is created with scope project and roles: ['admin']
2025-12-15 10:00:19.278 67366 INFO tempest.lib.common.dynamic_creds [-] Acquired dynamic creds: credentials: Credentials: {'domain_id': 'default', 'domain_name': 'Default', 'username': 'tempest-ServicesAdminTestJSON-1774574025-project-admin', 'project_domain_id': 'default', 'project_domain_name': 'Default', 'project_id': 'add5fa03f62b478e9503077b16b85ee7', 'project_name': 'tempest-ServicesAdminTestJSON-1774574025', 'tenant_id': 'add5fa03f62b478e9503077b16b85ee7', 'tenant_name': 'tempest-ServicesAdminTestJSON-1774574025', 'user_domain_id': 'default', 'user_domain_name': 'Default', 'user_id': '4f688c0ac04c4a24bab1b8ba91306982', 'system': None}, Network: None, Subnet: None, Router: None
2025-12-15 10:00:19.278 67366 INFO tempest.lib.common.dynamic_creds [-] Created isolated network resources for: credentials: Credentials: {'domain_id': 'default', 'domain_name': 'Default', 'username': 'tempest-ServicesAdminTestJSON-1774574025-project-admin', 'project_domain_id': 'default', 'project_domain_name': 'Default', 'project_id': 'add5fa03f62b478e9503077b16b85ee7', 'project_name': 'tempest-ServicesAdminTestJSON-1774574025', 'tenant_id': 'add5fa03f62b478e9503077b16b85ee7', 'tenant_name': 'tempest-ServicesAdminTestJSON-1774574025', 'user_domain_id': 'default', 'user_domain_name': 'Default', 'user_id': '4f688c0ac04c4a24bab1b8ba91306982', 'system': None}, Network: None, Subnet: None, Router: None
2025-12-15 10:00:19.336 67354 INFO tempest.lib.common.rest_client [req-cfa7efed-3718-4d46-94b4-cef4b7058699 req-cfa7efed-3718-4d46-94b4-cef4b7058699 ] Request (VolumesAssistedSnapshotsTest:test_volume_assisted_snapshot_create_delete): 202 POST http://10.180.1.21/compute/v2.1/servers 9.321s
2025-12-15 10:00:19.396 67366 INFO tempest.lib.common.rest_client [req-bc0f0790-6996-4554-9451-d29f9cfdc428 req-bc0f0790-6996-4554-9451-d29f9cfdc428 ] Request (ServicesAdminTestJSON:setUpClass): 201 POST http://10.180.1.21/identity/v3/auth/tokens 0.115s
2025-12-15 10:00:19.412 67320 INFO tempest.lib.common.rest_client [req-9983cea0-0cac-4a9a-87c4-5e4ee6bf6afc req-9983cea0-0cac-4a9a-87c4-5e4ee6bf6afc ] Request (MigrationsAdminTest:setUpClass): 201 POST http://10.180.1.21/identity/v3/auth/tokens 0.135s
2025-12-15 10:00:19.478 67320 INFO tempest.lib.common.rest_client [req-dd4ed19f-abfc-489f-aeed-a320c8932226 req-dd4ed19f-abfc-489f-aeed-a320c8932226 ] Request (MigrationsAdminTest:setUpClass): 200 GET http://10.180.1.21/identity/v3/projects/57861e387dbe44acab1d2c3d10d7f779 0.064s
2025-12-15 10:00:19.478 67320 INFO tempest.lib.common.dynamic_creds [-] Using the existing project 57861e387dbe44acab1d2c3d10d7f779 for scope project and roles: ['manager']
2025-12-15 10:00:19.535 67320 INFO tempest.lib.common.rest_client [req-983bdfbe-6dea-489b-9a1d-64aa58529945 req-983bdfbe-6dea-489b-9a1d-64aa58529945 ] Request (MigrationsAdminTest:setUpClass): 201 POST http://10.180.1.21/identity/v3/users 0.057s
2025-12-15 10:00:19.550 67368 INFO tempest.lib.common.rest_client [req-0e324101-1f7f-48d4-ae07-d491e36c3daf req-0e324101-1f7f-48d4-ae07-d491e36c3daf ] Request (ServerDiagnosticsTest:test_get_server_diagnostics): 200 GET http://10.180.1.21/compute/v2.1/servers/7f3fc021-4ab3-4784-9aff-e6dd453e34fb 8.547s
2025-12-15 10:00:19.560 67368 INFO tempest.common.waiters [-] State transition "BUILD/spawning" ==> "ACTIVE/None" after 16 second wait
2025-12-15 10:00:19.566 67320 INFO tempest.lib.common.rest_client [req-9117fe2f-2bf0-4dc8-a7b2-5eb1604d5a71 req-9117fe2f-2bf0-4dc8-a7b2-5eb1604d5a71 ] Request (MigrationsAdminTest:setUpClass): 200 GET http://10.180.1.21/identity/v3/roles 0.030s
2025-12-15 10:00:19.600 67374 INFO tempest.lib.common.rest_client [req-9bbe95ef-1607-4207-a3ee-84e1e0181d27 req-9bbe95ef-1607-4207-a3ee-84e1e0181d27 ] Request (ImagesOneServerTestJSON:setUpClass): 200 GET http://10.180.1.21/compute/v2.1/servers/b729cc33-98dc-4dcb-a822-8e185b7f6bd9 8.541s
2025-12-15 10:00:19.605 67320 INFO tempest.lib.common.rest_client [req-ce30ed54-378b-4869-8fa8-337aaedef582 req-ce30ed54-378b-4869-8fa8-337aaedef582 ] Request (MigrationsAdminTest:setUpClass): 204 PUT http://10.180.1.21/identity/v3/projects/57861e387dbe44acab1d2c3d10d7f779/users/384d2ada438940059debfb6ebc2ac37a/roles/9f91a42c1a5d46c8a79b5d941f5b8182 0.037s
2025-12-15 10:00:19.605 67320 INFO tempest.lib.common.dynamic_creds [-] Dynamic test user 384d2ada438940059debfb6ebc2ac37a is created with scope project and roles: ['manager']
2025-12-15 10:00:19.606 67320 INFO tempest.lib.common.dynamic_creds [-] Acquired dynamic creds: credentials: Credentials: {'domain_id': 'default', 'domain_name': 'Default', 'username': 'tempest-MigrationsAdminTest-2072761647-project-manager', 'project_domain_id': 'default', 'project_domain_name': 'Default', 'project_id': '57861e387dbe44acab1d2c3d10d7f779', 'project_name': 'tempest-MigrationsAdminTest-2072761647', 'tenant_id': '57861e387dbe44acab1d2c3d10d7f779', 'tenant_name': 'tempest-MigrationsAdminTest-2072761647', 'user_domain_id': 'default', 'user_domain_name': 'Default', 'user_id': '384d2ada438940059debfb6ebc2ac37a', 'system': None}, Network: None, Subnet: None, Router: None
2025-12-15 10:00:19.606 67320 INFO tempest.lib.common.dynamic_creds [-] Network resources are not created for requested scope: project and credentials: Credentials: {'domain_id': 'default', 'domain_name': 'Default', 'username': 'tempest-MigrationsAdminTest-2072761647-project-manager', 'project_domain_id': 'default', 'project_domain_name': 'Default', 'project_id': '57861e387dbe44acab1d2c3d10d7f779', 'project_name': 'tempest-MigrationsAdminTest-2072761647', 'tenant_id': '57861e387dbe44acab1d2c3d10d7f779', 'tenant_name': 'tempest-MigrationsAdminTest-2072761647', 'user_domain_id': 'default', 'user_domain_name': 'Default', 'user_id': '384d2ada438940059debfb6ebc2ac37a', 'system': None}, Network: None, Subnet: None, Router: None
2025-12-15 10:00:19.608 67374 INFO tempest.common.waiters [-] State transition "BUILD/spawning" ==> "ACTIVE/None" after 16 second wait
2025-12-15 10:00:19.620 67322 INFO tempest.lib.common.rest_client [req-d52b3380-cb89-4be8-8caa-135c9ada779e req-d52b3380-cb89-4be8-8caa-135c9ada779e ] Request (SecurityGroupRulesNegativeTestJSON:test_create_security_group_rule_duplicate): 400 POST http://10.180.1.21/compute/v2.1/os-security-group-rules 8.539s
2025-12-15 10:00:19.650 67332 INFO tempest.lib.common.rest_client [req-e504927b-e01c-4fe5-ae66-e76da11c509e req-e504927b-e01c-4fe5-ae66-e76da11c509e ] Request (KeyPairsNegativeTestJSON:test_create_keypair_with_duplicate_name): 409 POST http://10.180.1.21/compute/v2.1/os-keypairs 8.530s
2025-12-15 10:00:19.674 67358 INFO tempest.lib.common.rest_client [req-8dd696a8-506d-417e-bce3-f04fa42bc6bb req-8dd696a8-506d-417e-bce3-f04fa42bc6bb ] Request (KeyPairsV210TestJSON:test_admin_manage_keypairs_for_other_users): 201 POST http://10.180.1.21/compute/v2.1/os-keypairs 8.544s
2025-12-15 10:00:19.678 67356 INFO tempest.lib.common.rest_client [req-384d61b4-6e11-4d45-89a6-5bf1c40efd67 req-384d61b4-6e11-4d45-89a6-5bf1c40efd67 ] Request (FlavorsExtraSpecsTestJSON:test_flavor_non_admin_get_specific_key): 200 POST http://10.180.1.21/compute/v2.1/flavors/2058070503/os-extra_specs 8.350s
2025-12-15 10:00:19.696 67340 INFO tempest.lib.common.rest_client [req-21c69a5c-bb64-446f-8067-b39e1d7a7fd1 req-21c69a5c-bb64-446f-8067-b39e1d7a7fd1 ] Request (HypervisorAdminNegativeUnderV252Test:test_show_servers_with_non_admin_user): 200 GET http://10.180.1.21/compute/v2.1/os-hypervisors 8.354s
2025-12-15 10:00:19.713 67320 INFO tempest.lib.common.rest_client [req-81681388-1cc4-40cd-9f8a-8377dd274eb0 req-81681388-1cc4-40cd-9f8a-8377dd274eb0 ] Request (MigrationsAdminTest:setUpClass): 201 POST http://10.180.1.21/identity/v3/auth/tokens 0.103s
2025-12-15 10:00:19.714 67320 INFO tempest.api.compute.admin.test_migrations [-] Using project manager for migrating servers, project manager user id: 384d2ada438940059debfb6ebc2ac37a
2025-12-15 10:00:19.803 67376 INFO tempest.lib.common.rest_client [req-5d220403-0ec8-4d93-a81f-58593eb97abb req-5d220403-0ec8-4d93-a81f-58593eb97abb ] Request (FlavorsAccessNegativeTestJSON:_run_cleanups): 200 POST http://10.180.1.21/compute/v2.1/flavors/1463160755/action 8.150s
2025-12-15 10:00:19.813 67350 INFO tempest.lib.common.rest_client [req-2afefafc-9717-4d17-b55f-7e37f34daf7e req-2afefafc-9717-4d17-b55f-7e37f34daf7e ] Request (ServersWithSpecificFlavorTestJSON:test_verify_created_server_ephemeral_disk): 200 GET http://10.180.1.21/compute/v2.1/flavors/42/os-extra_specs 7.959s
2025-12-15 10:00:19.876 67342 INFO tempest.lib.common.rest_client [req-d8200530-071a-499d-aa43-65026d8e6373 req-d8200530-071a-499d-aa43-65026d8e6373 ] Request (ServerDiagnosticsV248Test:test_get_server_diagnostics): 200 GET http://10.180.1.21/compute/v2.1/servers/3fb2fb67-c670-4435-9df7-b70ddb9dd5dc 7.953s
2025-12-15 10:00:19.884 67342 INFO tempest.common.waiters [-] State transition "BUILD/spawning" ==> "ACTIVE/None" after 15 second wait
2025-12-15 10:00:19.902 67338 INFO tempest.lib.common.rest_client [req-57b5f1e7-4121-44b2-af26-6e0e30c07cfe req-57b5f1e7-4121-44b2-af26-6e0e30c07cfe ] Request (HostsAdminTestJSON:test_list_hosts_with_a_blank_zone): 200 GET http://10.180.1.21/compute/v2.1/os-hosts?zone= 6.791s
2025-12-15 10:00:19.946 67348 INFO tempest.lib.common.rest_client [req-f910f839-2b68-47d2-94e7-6cc51e9b06f9 req-f910f839-2b68-47d2-94e7-6cc51e9b06f9 ] Request (AggregatesAdminNegativeTestJSON:_run_cleanups): 200 POST http://10.180.1.21/compute/v2.1/os-aggregates/1/action 8.237s
2025-12-15 10:00:19.998 67326 INFO tempest.lib.common.rest_client [req-058bd439-6b79-4e3c-9dd9-d65be90ffddd req-058bd439-6b79-4e3c-9dd9-d65be90ffddd ] Request (ServerGroupTestJSON:test_create_delete_multiple_server_groups_with_same_name_policy): 200 POST http://10.180.1.21/compute/v2.1/os-server-groups 6.564s
2025-12-15 10:00:20.006 67378 INFO tempest.lib.common.rest_client [req-39083caf-4023-4b63-b14d-6fac893d2d74 req-39083caf-4023-4b63-b14d-6fac893d2d74 ] Request (QuotaClassesAdminTestJSON:test_update_default_quotas): 200 PUT http://10.180.1.21/compute/v2.1/os-quota-class-sets/default 6.703s
2025-12-15 10:00:20.006 67344 INFO tempest.lib.common.rest_client [req-7d7d9b8e-1188-4b10-baae-d60a7bd7e967 req-7d7d9b8e-1188-4b10-baae-d60a7bd7e967 ] Request (FlavorsExtraSpecsNegativeTestJSON:test_flavor_non_admin_unset_keys): 403 DELETE http://10.180.1.21/compute/v2.1/flavors/265826794/os-extra_specs/hw:numa_nodes 6.540s
2025-12-15 10:00:20.198 67362 INFO tempest.lib.common.rest_client [req-a9ae7f23-8058-4e5c-8298-24a4106b22f4 req-a9ae7f23-8058-4e5c-8298-24a4106b22f4 ] Request (ServersAdminTestJSON:setUpClass): 200 GET http://10.180.1.21/compute/v2.1/servers/2e77c59a-ca74-4a7b-9958-65927b4b62de 5.372s
2025-12-15 10:00:20.236 67328 INFO tempest.lib.common.rest_client [req-40cc7b69-554a-4fd7-a4ca-c4d5e6286887 req-40cc7b69-554a-4fd7-a4ca-c4d5e6286887 ] Request (DeleteServersAdminTestJSON:test_admin_delete_servers_of_others): 200 GET http://10.180.1.21/compute/v2.1/servers/b4b8b860-7e42-4515-86cb-78e4cf3f3634 6.277s
2025-12-15 10:00:20.246 67328 INFO tempest.common.waiters [-] State transition "BUILD/spawning" ==> "ACTIVE/None" after 14 second wait
2025-12-15 10:00:20.396 67380 INFO tempest.lib.common.rest_client [req-43d416d8-aa11-45c5-be76-2bd3f72a47e8 req-43d416d8-aa11-45c5-be76-2bd3f72a47e8 ] Request (ServersAdmin275Test:test_rebuild_update_server_275): 200 PUT http://10.180.1.21/compute/v2.1/servers/f76906a0-260a-4265-954e-174943f85ed7 3.933s
2025-12-15 10:00:20.637 67346 INFO tempest.lib.common.rest_client [req-ecbb6779-b052-423c-ae3e-bfb1b7e302bd req-ecbb6779-b052-423c-ae3e-bfb1b7e302bd ] Request (ImagesOneServerNegativeTestJSON:setUpClass): 200 GET http://10.180.1.21/compute/v2.1/servers/c88f5b3b-fa31-49e6-81b3-2aebdf9501c2 4.026s
2025-12-15 10:00:20.898 67334 INFO tempest.lib.common.rest_client [req-326e3757-9920-48e1-8afc-250ca16290f9 req-326e3757-9920-48e1-8afc-250ca16290f9 ] Request (VolumesAdminNegativeTest:test_update_attached_volume_with_nonexistent_volume_in_uri): 200 GET http://10.180.1.21/compute/v2.1/servers/6b605392-a10f-4bc4-8253-09fb48ddfaa3 4.050s
2025-12-15 10:00:20.906 67334 INFO tempest.common.waiters [-] State transition "BUILD/None" ==> "BUILD/spawning" after 5 second wait
2025-12-15 10:00:21.012 67360 INFO tempest.lib.common.rest_client [req-37e7c8b7-133d-450b-adee-10905653db6b req-37e7c8b7-133d-450b-adee-10905653db6b ] Request (DeleteServersTestJSON:test_delete_active_server): 202 POST http://10.180.1.21/compute/v2.1/servers 5.553s
2025-12-15 10:00:21.277 67324 INFO tempest.lib.common.rest_client [req-e81043af-7a07-48c5-875d-be9212b368a3 req-e81043af-7a07-48c5-875d-be9212b368a3 ] Request (ServerDiskConfigTestJSON:test_rebuild_server_with_auto_disk_config): 200 GET http://10.180.1.21/compute/v2.1/servers/37afab5a-4093-4742-84b6-fef8093264d8 2.549s
2025-12-15 10:00:21.456 67364 INFO tempest.lib.common.rest_client [req-cfaa9a82-d9b9-47a5-a4d3-6ae1d918ba25 req-cfaa9a82-d9b9-47a5-a4d3-6ae1d918ba25 ] Request (InstanceActionsV221TestJSON:test_get_list_deleted_instance_actions): 200 GET http://10.180.1.21/compute/v2.1/servers/8172083c-069a-496a-a158-0f77154b4322 2.527s
2025-12-15 10:00:21.480 67330 INFO tempest.lib.common.rest_client [req-02a01034-6aab-4048-a870-626a35037eba req-02a01034-6aab-4048-a870-626a35037eba ] Request (FlavorsAccessTestJSON:_run_cleanups): 202 DELETE http://10.180.1.21/compute/v2.1/flavors/2106408565 2.521s
2025-12-15 10:00:21.776 67336 INFO tempest.lib.common.rest_client [req-e616adfe-74db-4ff7-9f14-cff3908dbc92 req-e616adfe-74db-4ff7-9f14-cff3908dbc92 ] Request (MultipleCreateTestJSON:test_multiple_create): 202 POST http://10.180.1.21/compute/v2.1/servers 4.821s
2025-12-15 10:00:21.931 67352 INFO tempest.lib.common.rest_client [req-5b17ae63-1b2f-4472-bed0-c43ccd6f2887 req-5b17ae63-1b2f-4472-bed0-c43ccd6f2887 ] Request (FlavorsV2NegativeTest:test_boot_with_low_ram): 200 GET http://10.180.1.21/compute/v2.1/flavors/42 2.756s
2025-12-15 10:00:21.972 67372 INFO tempest.lib.common.rest_client [req-1decbb74-ed19-4f12-b99d-8e33ba93107d req-1decbb74-ed19-4f12-b99d-8e33ba93107d ] Request (FloatingIPsNegativeTestJSON:test_delete_nonexistent_floating_ip): 404 DELETE http://10.180.1.21/compute/v2.1/os-floating-ips/26ff662d-9d2e-450a-b7a9-23da556474d2 2.726s
2025-12-15 10:00:22.072 67354 INFO tempest.lib.common.rest_client [req-36c14c13-a241-4cab-8bd3-d15a1c6f409e req-36c14c13-a241-4cab-8bd3-d15a1c6f409e ] Request (VolumesAssistedSnapshotsTest:test_volume_assisted_snapshot_create_delete): 200 GET http://10.180.1.21/compute/v2.1/servers/2d8458dc-61ab-4234-9318-27c4a47e3c71 2.734s
2025-12-15 10:00:22.178 67366 INFO tempest.lib.common.rest_client [req-62ebdcca-af76-4044-af4c-2a3a97dc4bd3 req-62ebdcca-af76-4044-af4c-2a3a97dc4bd3 ] Request (ServicesAdminTestJSON:test_get_service_by_host_name): 200 GET http://10.180.1.21/compute/v2.1/os-services 2.780s
2025-12-15 10:00:22.446 67352 INFO tempest.lib.common.rest_client [req-3fbf397f-765a-41b1-a85c-8d7bc0a106a0 req-3fbf397f-765a-41b1-a85c-8d7bc0a106a0 ] Request (FlavorsV2NegativeTest:test_boot_with_low_ram): 201 POST http://10.180.1.21/image/v2/images 0.507s
2025-12-15 10:00:22.857 67368 INFO tempest.lib.common.rest_client [req-a84a1daf-316a-4af3-8820-70a552193dc5 req-a84a1daf-316a-4af3-8820-70a552193dc5 ] Request (ServerDiagnosticsTest:test_get_server_diagnostics): 200 GET http://10.180.1.21/compute/v2.1/servers/7f3fc021-4ab3-4784-9aff-e6dd453e34fb/diagnostics 3.296s
2025-12-15 10:00:23.046 67372 INFO tempest.lib.common.rest_client [req-7d5ba30d-144b-4e7a-8c1c-1be09cf9f2ee req-7d5ba30d-144b-4e7a-8c1c-1be09cf9f2ee ] Request (FloatingIPsNegativeTestJSON:tearDownClass): 200 PUT http://10.180.1.21/networking/v2.0/routers/8a3b81ce-6657-40cc-b5bf-382beee83cd4/remove_router_interface 1.067s
2025-12-15 10:00:23.184 67352 INFO tempest.lib.common.rest_client [req-321d9587-08bb-4e49-a220-024322bffe5a req-321d9587-08bb-4e49-a220-024322bffe5a ] Request (FlavorsV2NegativeTest:test_boot_with_low_ram): 204 PUT http://10.180.1.21/image/v2/images/6b9f9ac3-81cf-46f9-ba80-a3a2db297700/file 0.737s
2025-12-15 10:00:23.218 67352 INFO tempest.lib.common.rest_client [req-546ae6e0-2a32-4c41-a846-3b73bfd54342 req-546ae6e0-2a32-4c41-a846-3b73bfd54342 ] Request (FlavorsV2NegativeTest:test_boot_with_low_ram): 201 POST http://10.180.1.21/identity/v3/auth/tokens 0.030s
2025-12-15 10:00:23.219 67352 INFO tempest.lib.common.fixed_network [-] (FlavorsV2NegativeTest:test_boot_with_low_ram) Found network None available for tenant
2025-12-15 10:00:23.473 67374 INFO tempest.lib.common.rest_client [req-e6b19927-01d5-4f2a-afb1-9db6b1a11ec9 req-e6b19927-01d5-4f2a-afb1-9db6b1a11ec9 ] Request (ImagesOneServerTestJSON:test_create_delete_image): 202 POST http://10.180.1.21/compute/v2.1/servers/b729cc33-98dc-4dcb-a822-8e185b7f6bd9/action 3.863s
2025-12-15 10:00:23.554 67372 INFO tempest.lib.common.rest_client [req-994c6d10-ee11-4d86-84bf-e1b7391937d2 req-994c6d10-ee11-4d86-84bf-e1b7391937d2 ] Request (FloatingIPsNegativeTestJSON:tearDownClass): 204 DELETE http://10.180.1.21/networking/v2.0/routers/8a3b81ce-6657-40cc-b5bf-382beee83cd4 0.507s
2025-12-15 10:00:23.681 67372 INFO tempest.lib.common.rest_client [req-46cf2744-e12f-4dd4-9986-75b836d37258 req-46cf2744-e12f-4dd4-9986-75b836d37258 ] Request (FloatingIPsNegativeTestJSON:tearDownClass): 204 DELETE http://10.180.1.21/networking/v2.0/subnets/6d2feffe-1427-40f5-a654-c208021aca55 0.126s
2025-12-15 10:00:23.683 67322 INFO tempest.lib.common.rest_client [req-b0c9a438-0ea2-46f3-9cde-11da1768f0ef req-b0c9a438-0ea2-46f3-9cde-11da1768f0ef ] Request (SecurityGroupRulesNegativeTestJSON:_run_cleanups): 202 DELETE http://10.180.1.21/compute/v2.1/os-security-group-rules/7b34d5a5-e645-4c04-9939-501003bfd8f7 4.060s
2025-12-15 10:00:23.718 67332 INFO tempest.lib.common.rest_client [req-19da34ae-442e-4cd8-bbd6-854e01c4adf3 req-19da34ae-442e-4cd8-bbd6-854e01c4adf3 ] Request (KeyPairsNegativeTestJSON:test_create_keypair_with_duplicate_name): 202 DELETE http://10.180.1.21/compute/v2.1/os-keypairs/tempest-keypair-681556495 4.068s
2025-12-15 10:00:23.734 67358 INFO tempest.lib.common.rest_client [req-2b9431d2-f9d5-44db-9fb4-a00610b25d66 req-2b9431d2-f9d5-44db-9fb4-a00610b25d66 ] Request (KeyPairsV210TestJSON:test_admin_manage_keypairs_for_other_users): 200 GET http://10.180.1.21/compute/v2.1/os-keypairs?user_id=1fffb9b91a254e84ac344498352a9c40 4.057s
2025-12-15 10:00:23.754 67356 INFO tempest.lib.common.rest_client [req-04a08d87-cce5-4e08-9f50-53c898c86190 req-04a08d87-cce5-4e08-9f50-53c898c86190 ] Request (FlavorsExtraSpecsTestJSON:test_flavor_non_admin_get_specific_key): 200 GET http://10.180.1.21/compute/v2.1/flavors/2058070503/os-extra_specs/hw:numa_nodes 4.075s
2025-12-15 10:00:23.759 67340 INFO tempest.lib.common.rest_client [req-49ec7ba6-42a9-4690-af67-12ce17bc112a req-49ec7ba6-42a9-4690-af67-12ce17bc112a ] Request (HypervisorAdminNegativeUnderV252Test:test_show_servers_with_non_admin_user): 403 GET http://10.180.1.21/compute/v2.1/os-hypervisors/1/servers 4.061s
2025-12-15 10:00:23.848 67372 INFO tempest.lib.common.rest_client [req-4b03098e-1a4e-4b07-be03-6ebdf1cf5a06 req-4b03098e-1a4e-4b07-be03-6ebdf1cf5a06 ] Request (FloatingIPsNegativeTestJSON:tearDownClass): 204 DELETE http://10.180.1.21/networking/v2.0/networks/a96330bc-462e-47d1-b04e-5164d081c3ad 0.167s
2025-12-15 10:00:23.866 67320 INFO tempest.lib.common.rest_client [req-6faff10a-455b-473f-86ef-40d99649e1e7 req-6faff10a-455b-473f-86ef-40d99649e1e7 ] Request (MigrationsAdminTest:test_list_migrations): 200 GET http://10.180.1.21/compute/v2.1/os-migrations 4.149s
2025-12-15 10:00:23.893 67376 INFO tempest.lib.common.rest_client [req-68e01630-324b-4ba3-860e-3ef0d818a527 req-68e01630-324b-4ba3-860e-3ef0d818a527 ] Request (FlavorsAccessNegativeTestJSON:_run_cleanups): 202 DELETE http://10.180.1.21/compute/v2.1/flavors/1463160755 4.088s
2025-12-15 10:00:23.915 67350 INFO tempest.lib.common.rest_client [req-01714a8b-4ef9-45cc-a018-815c254566e4 req-01714a8b-4ef9-45cc-a018-815c254566e4 ] Request (ServersWithSpecificFlavorTestJSON:test_verify_created_server_ephemeral_disk): 200 POST http://10.180.1.21/compute/v2.1/flavors/447139188/os-extra_specs 4.101s
2025-12-15 10:00:23.947 67320 INFO tempest.lib.common.rest_client [req-ac8d04a0-e154-44c3-9a5d-01f47899f5fd req-ac8d04a0-e154-44c3-9a5d-01f47899f5fd ] Request (MigrationsAdminTest:test_list_migrations_in_flavor_resize_situation): 201 POST http://10.180.1.21/identity/v3/auth/tokens 0.073s
2025-12-15 10:00:23.947 67320 INFO tempest.lib.common.fixed_network [-] (MigrationsAdminTest:test_list_migrations_in_flavor_resize_situation) Found network None available for tenant
2025-12-15 10:00:23.976 67372 INFO tempest.lib.common.rest_client [req-602b49eb-72a3-435f-9061-94329d444d20 req-602b49eb-72a3-435f-9061-94329d444d20 ] Request (FloatingIPsNegativeTestJSON:tearDownClass): 204 DELETE http://10.180.1.21/identity/v3/users/f7052ae450a54095a1348db0bd1482ef 0.127s
2025-12-15 10:00:23.977 67372 INFO tempest.lib.common.dynamic_creds [-] Deleting project and security group for project: 2bc569c4048a4bf79aa48b80eb489236
2025-12-15 10:00:24.003 67372 INFO tempest.lib.common.rest_client [req-9fae7bfc-5195-4bf9-97f1-c6e0f23754e3 req-9fae7bfc-5195-4bf9-97f1-c6e0f23754e3 ] Request (FloatingIPsNegativeTestJSON:tearDownClass): 200 GET http://10.180.1.21/networking/v2.0/security-groups?tenant_id=2bc569c4048a4bf79aa48b80eb489236&name=default 0.026s
2025-12-15 10:00:24.105 67372 INFO tempest.lib.common.rest_client [req-3024a400-4bc7-40e7-804f-97d7f75eac2c req-3024a400-4bc7-40e7-804f-97d7f75eac2c ] Request (FloatingIPsNegativeTestJSON:tearDownClass): 204 DELETE http://10.180.1.21/networking/v2.0/security-groups/229099bd-c3ed-43b0-8e62-84d643b1c1ca 0.100s
2025-12-15 10:00:24.111 67318 INFO tempest.lib.common.rest_client [req-1304459b-46fc-4675-afc2-deee685108a4 req-1304459b-46fc-4675-afc2-deee685108a4 ] Request (SecurityGroupsTestAdminJSON:test_list_security_groups_list_all_tenants_filter): 200 GET http://10.180.1.21/compute/v2.1/os-security-groups?all_tenants=true 4.966s
2025-12-15 10:00:24.138 67338 INFO tempest.lib.common.rest_client [req-53ee3ca6-f9bf-4b5d-8cf7-2090efd14725 req-53ee3ca6-f9bf-4b5d-8cf7-2090efd14725 ] Request (HostsAdminTestJSON:test_list_hosts_with_nonexistent_zone): 200 GET http://10.180.1.21/compute/v2.1/os-hosts?zone=xxx 4.233s
2025-12-15 10:00:24.162 67348 INFO tempest.lib.common.rest_client [req-4d9dff10-9c61-47ea-9019-00dd7549348d req-4d9dff10-9c61-47ea-9019-00dd7549348d ] Request (AggregatesAdminNegativeTestJSON:_run_cleanups): 200 DELETE http://10.180.1.21/compute/v2.1/os-aggregates/1 4.214s
2025-12-15 10:00:24.196 67326 INFO tempest.lib.common.rest_client [req-5b87ea4d-d95e-44e1-bc6c-1c724a47bbdb req-5b87ea4d-d95e-44e1-bc6c-1c724a47bbdb ] Request (ServerGroupTestJSON:test_create_delete_multiple_server_groups_with_same_name_policy): 204 DELETE http://10.180.1.21/compute/v2.1/os-server-groups/b8984893-cc0f-4594-b164-f2a661c11014 4.196s
2025-12-15 10:00:24.214 67378 INFO tempest.lib.common.rest_client [req-45cd7e9b-4f80-4cd3-a574-f3efae97c0bf req-45cd7e9b-4f80-4cd3-a574-f3efae97c0bf ] Request (QuotaClassesAdminTestJSON:test_update_default_quotas): 200 GET http://10.180.1.21/compute/v2.1/os-quota-class-sets/default 4.205s
2025-12-15 10:00:24.245 67344 INFO tempest.lib.common.rest_client [req-3c4ff38e-fd18-46b7-af37-ae35c8f5222a req-3c4ff38e-fd18-46b7-af37-ae35c8f5222a ] Request (FlavorsExtraSpecsNegativeTestJSON:test_flavor_non_admin_update_specific_key): 200 POST http://10.180.1.21/compute/v2.1/flavors/265826794/os-extra_specs 4.237s
2025-12-15 10:00:24.261 67372 INFO tempest.lib.common.rest_client [req-c5a2b626-5477-41ea-9193-58a21410f5af req-c5a2b626-5477-41ea-9193-58a21410f5af ] Request (FloatingIPsNegativeTestJSON:tearDownClass): 204 DELETE http://10.180.1.21/identity/v3/projects/2bc569c4048a4bf79aa48b80eb489236 0.155s
2025-12-15 10:00:24.495 67328 INFO tempest.lib.common.rest_client [req-5108b4b7-e552-49d1-8099-721edcb0673c req-5108b4b7-e552-49d1-8099-721edcb0673c ] Request (DeleteServersAdminTestJSON:test_admin_delete_servers_of_others): 204 DELETE http://10.180.1.21/compute/v2.1/servers/b4b8b860-7e42-4515-86cb-78e4cf3f3634 4.241s
2025-12-15 10:00:24.575 67380 INFO tempest.lib.common.rest_client [req-0893e603-46a2-4317-8a28-13a35e185f6a req-0893e603-46a2-4317-8a28-13a35e185f6a ] Request (ServersAdmin275Test:test_rebuild_update_server_275): 200 GET http://10.180.1.21/compute/v2.1/servers/f76906a0-260a-4265-954e-174943f85ed7 4.158s
2025-12-15 10:00:24.583 67342 INFO tempest.lib.common.rest_client [req-36dfc2c0-f5d7-4dcd-92fd-6d839b1711cc req-36dfc2c0-f5d7-4dcd-92fd-6d839b1711cc ] Request (ServerDiagnosticsV248Test:test_get_server_diagnostics): 200 GET http://10.180.1.21/compute/v2.1/servers/3fb2fb67-c670-4435-9df7-b70ddb9dd5dc/diagnostics 4.696s
2025-12-15 10:00:24.629 67360 INFO tempest.lib.common.rest_client [req-0b00847b-6c31-424c-b42b-aac0dd504ac3 req-0b00847b-6c31-424c-b42b-aac0dd504ac3 ] Request (DeleteServersTestJSON:test_delete_active_server): 200 GET http://10.180.1.21/compute/v2.1/servers/fa982f67-452c-4ac4-8091-dbbbbe955d7d 3.616s
2025-12-15 10:00:24.664 67330 INFO tempest.lib.common.rest_client [req-58e0405f-3875-4e49-9ac3-5a22a4a58377 req-58e0405f-3875-4e49-9ac3-5a22a4a58377 ] Request (FlavorsAccessTestJSON:_run_cleanups): 200 GET http://10.180.1.21/compute/v2.1/flavors/detail 3.183s
2025-12-15 10:00:24.719 67362 INFO tempest.lib.common.rest_client [req-8fac66c6-b28a-42e4-ac3d-f5ad1ee1f3d4 req-8fac66c6-b28a-42e4-ac3d-f5ad1ee1f3d4 ] Request (ServersAdminTestJSON:setUpClass): 200 GET http://10.180.1.21/compute/v2.1/servers/2e77c59a-ca74-4a7b-9958-65927b4b62de 3.510s
2025-12-15 10:00:24.726 67362 INFO tempest.common.waiters [-] State transition "BUILD/networking" ==> "BUILD/spawning" after 4 second wait
2025-12-15 10:00:24.798 67346 INFO tempest.lib.common.rest_client [req-a248ffe7-9d6a-4c52-a4ac-7ceddf6d38e5 req-a248ffe7-9d6a-4c52-a4ac-7ceddf6d38e5 ] Request (ImagesOneServerNegativeTestJSON:setUpClass): 200 GET http://10.180.1.21/compute/v2.1/servers/c88f5b3b-fa31-49e6-81b3-2aebdf9501c2 3.151s
2025-12-15 10:00:24.808 67346 INFO tempest.common.waiters [-] State transition "BUILD/spawning" ==> "ACTIVE/None" after 17 second wait
2025-12-15 10:00:24.823 67336 INFO tempest.lib.common.rest_client [req-2b13af89-0c96-4a11-885d-ebc412a850bc req-2b13af89-0c96-4a11-885d-ebc412a850bc ] Request (MultipleCreateTestJSON:test_multiple_create): 200 GET http://10.180.1.21/compute/v2.1/servers 3.044s
2025-12-15 10:00:24.843 67366 INFO tempest.lib.common.rest_client [req-7816ad39-2c9c-45a2-8571-bcfd83f564d3 req-7816ad39-2c9c-45a2-8571-bcfd83f564d3 ] Request (ServicesAdminTestJSON:test_get_service_by_host_name): 200 GET http://10.180.1.21/compute/v2.1/os-services?host=devstack 2.659s
2025-12-15 10:00:25.000 67334 INFO tempest.lib.common.rest_client [req-0ca190e8-23d0-4bd1-a464-d97b636b41dd req-0ca190e8-23d0-4bd1-a464-d97b636b41dd ] Request (VolumesAdminNegativeTest:test_update_attached_volume_with_nonexistent_volume_in_uri): 200 GET http://10.180.1.21/compute/v2.1/servers/6b605392-a10f-4bc4-8253-09fb48ddfaa3 3.093s
2025-12-15 10:00:25.039 67324 INFO tempest.lib.common.rest_client [req-c046fd2f-993f-46f4-8825-52729b48738c req-c046fd2f-993f-46f4-8825-52729b48738c ] Request (ServerDiskConfigTestJSON:test_rebuild_server_with_auto_disk_config): 200 GET http://10.180.1.21/compute/v2.1/servers/37afab5a-4093-4742-84b6-fef8093264d8 2.753s
2025-12-15 10:00:25.126 67368 INFO tempest.lib.common.rest_client [req-4e673f7b-f884-4f2b-b9fd-98f652283619 req-4e673f7b-f884-4f2b-b9fd-98f652283619 ] Request (ServerDiagnosticsTest:tearDownClass): 204 DELETE http://10.180.1.21/compute/v2.1/servers/7f3fc021-4ab3-4784-9aff-e6dd453e34fb 2.259s
2025-12-15 10:00:25.153 67364 INFO tempest.lib.common.rest_client [req-69c3e2e5-beab-4f34-aafa-b64012295106 req-69c3e2e5-beab-4f34-aafa-b64012295106 ] Request (InstanceActionsV221TestJSON:test_get_list_deleted_instance_actions): 200 GET http://10.180.1.21/compute/v2.1/servers/8172083c-069a-496a-a158-0f77154b4322 2.684s
2025-12-15 10:00:25.162 67364 INFO tempest.common.waiters [-] State transition "BUILD/None" ==> "BUILD/block_device_mapping" after 4 second wait
2025-12-15 10:00:25.200 67354 INFO tempest.lib.common.rest_client [req-3bb251bc-7339-4aa1-bf4c-224f3faec56d req-3bb251bc-7339-4aa1-bf4c-224f3faec56d ] Request (VolumesAssistedSnapshotsTest:test_volume_assisted_snapshot_create_delete): 200 GET http://10.180.1.21/compute/v2.1/servers/2d8458dc-61ab-4234-9318-27c4a47e3c71 2.116s
2025-12-15 10:00:25.242 67374 INFO tempest.lib.common.rest_client [req-7ee645c3-1b9c-415c-b499-0bdf12142ba4 req-7ee645c3-1b9c-415c-b499-0bdf12142ba4 ] Request (ImagesOneServerTestJSON:test_create_delete_image): 200 GET http://10.180.1.21/compute/v2.1/images/88ee9356-6476-48a0-9a89-6b68c2dc0ca0 1.768s
2025-12-15 10:00:25.381 67322 INFO tempest.lib.common.rest_client [req-d421b4b6-76b6-41df-ae18-a44c2d6f6d78 req-d421b4b6-76b6-41df-ae18-a44c2d6f6d78 ] Request (SecurityGroupRulesNegativeTestJSON:test_create_security_group_rule_with_invalid_from_port): 200 POST http://10.180.1.21/compute/v2.1/os-security-groups 1.697s
