2025-12-15 10:00:44.090 67324 INFO tempest.lib.common.rest_client [req-ff798a53-13b3-41e6-976a-ffffdc005d7f req-ff798a53-13b3-41e6-976a-ffffdc005d7f ] Request (ServerDiskConfigTestJSON:test_rebuild_server_with_auto_disk_config): 202 POST http://10.180.1.21/compute/v2.1/servers/37afab5a-4093-4742-84b6-fef8093264d8/action 4.960s
2025-12-15 10:00:44.136 67368 INFO tempest.lib.common.rest_client [req-83507ce2-25d9-4fe4-988e-7714d9b74043 req-83507ce2-25d9-4fe4-988e-7714d9b74043 ] Request (FlavorsV2TestJSON:test_get_flavor): 200 GET http://10.180.1.21/compute/v2.1/flavors/42 4.424s
2025-12-15 10:00:44.179 67344 INFO tempest.lib.common.rest_client [req-89eb7f92-3797-450b-b238-863b677789e7 req-89eb7f92-3797-450b-b238-863b677789e7 ] Request (FlavorsExtraSpecsNegativeTestJSON:tearDownClass): 204 DELETE http://10.180.1.21/identity/v3/users/fddfec4eaa1247e985439f51f24837ca 0.149s
2025-12-15 10:00:44.180 67334 INFO tempest.lib.common.rest_client [req-e19fa6ce-a81a-4f24-9635-ff2de71f0486 req-e19fa6ce-a81a-4f24-9635-ff2de71f0486 ] Request (VolumesAdminNegativeTest:tearDownClass): 204 DELETE http://10.180.1.21/compute/v2.1/servers/6b605392-a10f-4bc4-8253-09fb48ddfaa3 4.139s
2025-12-15 10:00:44.337 67344 INFO tempest.lib.common.rest_client [req-62fa597c-7958-4ce3-a660-c96af179ba0e req-62fa597c-7958-4ce3-a660-c96af179ba0e ] Request (FlavorsExtraSpecsNegativeTestJSON:tearDownClass): 204 DELETE http://10.180.1.21/identity/v3/users/b0bea47fcadf4756a979a1f994eb0fff 0.158s
2025-12-15 10:00:44.337 67344 INFO tempest.lib.common.dynamic_creds [-] Deleting project and security group for project: cb66cae4b9cb42ecb3a56ab6b8343f09
2025-12-15 10:00:44.380 67366 INFO tempest.lib.common.rest_client [req-7c268c8c-04be-4d6b-8479-bf53ccd50fe3 req-7c268c8c-04be-4d6b-8479-bf53ccd50fe3 ] Request (FloatingIPsTestJSON:test_allocate_floating_ip): 200 GET http://10.180.1.21/compute/v2.1/os-floating-ips/f5e9dcc8-cf27-491f-8f28-131c7c37cc53 4.262s
2025-12-15 10:00:44.410 67370 INFO tempest.lib.common.rest_client [req-c5120938-8fd8-43b2-95a3-c359eae5a2c9 req-c5120938-8fd8-43b2-95a3-c359eae5a2c9 ] Request (QuotasAdminTestJSON:test_get_default_quotas): 200 GET http://10.180.1.21/compute/v2.1/os-quota-sets/61edc549e8064c318e174e5423aeb3ca/defaults 4.276s
2025-12-15 10:00:44.431 67344 INFO tempest.lib.common.rest_client [req-c3ca9897-a805-4fe1-a577-bc10c7fcccec req-c3ca9897-a805-4fe1-a577-bc10c7fcccec ] Request (FlavorsExtraSpecsNegativeTestJSON:tearDownClass): 201 POST http://10.180.1.21/identity/v3/auth/tokens 0.093s
2025-12-15 10:00:44.466 67374 INFO tempest.lib.common.rest_client [req-c736bcc6-e254-45ef-b84e-1f5b9f0449e9 req-c736bcc6-e254-45ef-b84e-1f5b9f0449e9 ] Request (ImagesOneServerTestJSON:test_create_delete_image): 200 GET http://10.180.1.21/compute/v2.1/images/88ee9356-6476-48a0-9a89-6b68c2dc0ca0 4.287s
2025-12-15 10:00:44.509 67370 INFO tempest.lib.common.rest_client [req-e1c0e6fd-a3b0-47e7-9dda-6ee51a14cae7 req-e1c0e6fd-a3b0-47e7-9dda-6ee51a14cae7 ] Request (QuotasAdminTestJSON:test_get_updated_quotas): 200 GET http://10.180.1.21/identity/v3/domains?name=Default 0.091s
2025-12-15 10:00:44.531 67364 INFO tempest.lib.common.rest_client [req-947bb646-a872-4ac9-bb62-d3aa4d1c5d4b req-947bb646-a872-4ac9-bb62-d3aa4d1c5d4b ] Request (InstanceActionsV221TestJSON:test_get_list_deleted_instance_actions): 204 DELETE http://10.180.1.21/compute/v2.1/servers/8172083c-069a-496a-a158-0f77154b4322 4.391s
2025-12-15 10:00:44.556 67370 INFO tempest.lib.common.rest_client [req-e3e0b8ed-f6ab-4d24-bb89-bcf7f758ed4a req-e3e0b8ed-f6ab-4d24-bb89-bcf7f758ed4a ] Request (QuotasAdminTestJSON:test_get_updated_quotas): 201 POST http://10.180.1.21/identity/v3/projects 0.046s
2025-12-15 10:00:44.616 67370 INFO tempest.lib.common.rest_client [req-ba3ed636-ab1d-44db-90c7-820942e72d52 req-ba3ed636-ab1d-44db-90c7-820942e72d52 ] Request (QuotasAdminTestJSON:test_get_updated_quotas): 200 GET http://10.180.1.21/identity/v3/domains?name=Default 0.060s
2025-12-15 10:00:44.641 67344 INFO tempest.lib.common.rest_client [req-d187b061-d0d1-4398-b6f0-808a25958333 req-d187b061-d0d1-4398-b6f0-808a25958333 ] Request (FlavorsExtraSpecsNegativeTestJSON:tearDownClass): 200 GET http://10.180.1.21/networking/v2.0/security-groups?tenant_id=cb66cae4b9cb42ecb3a56ab6b8343f09&name=default 0.209s
2025-12-15 10:00:44.677 67380 INFO tempest.lib.common.rest_client [req-4c6a4e04-5260-4f6c-b450-ffc92c28189f req-4c6a4e04-5260-4f6c-b450-ffc92c28189f ] Request (ServersAdmin275Test:test_rebuild_update_server_275): 200 GET http://10.180.1.21/compute/v2.1/servers/f76906a0-260a-4265-954e-174943f85ed7 3.980s
2025-12-15 10:00:44.747 67330 INFO tempest.lib.common.rest_client [req-dfa34870-52ca-4324-9245-c5cd85d15e7a req-dfa34870-52ca-4324-9245-c5cd85d15e7a ] Request (HostsAdminNegativeTestJSON:setUpClass): 200 GET http://10.180.1.21/compute/v2.1/os-hosts 3.971s
2025-12-15 10:00:44.794 67344 INFO tempest.lib.common.rest_client [req-02b43254-67ef-4e09-a01a-81850cff5654 req-02b43254-67ef-4e09-a01a-81850cff5654 ] Request (FlavorsExtraSpecsNegativeTestJSON:tearDownClass): 204 DELETE http://10.180.1.21/networking/v2.0/security-groups/7001a31d-5248-44a9-9b39-c1b9e4e8be10 0.152s
2025-12-15 10:00:44.932 67344 INFO tempest.lib.common.rest_client [req-f9b80dae-f8ac-4946-b439-48bd9c2589a7 req-f9b80dae-f8ac-4946-b439-48bd9c2589a7 ] Request (FlavorsExtraSpecsNegativeTestJSON:tearDownClass): 204 DELETE http://10.180.1.21/identity/v3/projects/cb66cae4b9cb42ecb3a56ab6b8343f09 0.137s
2025-12-15 10:00:44.932 67344 INFO tempest.lib.common.dynamic_creds [-] Deleting project and security group for project: 80a79ec7d8474c41a483fbf9f7add7f4
2025-12-15 10:00:44.959 67350 INFO tempest.lib.common.rest_client [req-5310bdba-f0e2-4043-9602-3a9f2b8273fb req-5310bdba-f0e2-4043-9602-3a9f2b8273fb ] Request (ServersWithSpecificFlavorTestJSON:test_verify_created_server_ephemeral_disk): 200 GET http://10.180.1.21/compute/v2.1/servers/910566e7-bfaf-4f0f-94c1-9cbb9ae92c9f 3.036s
2025-12-15 10:00:45.003 67346 INFO tempest.lib.common.rest_client [req-62e5050a-570d-4c9b-850a-9da8a7999d28 req-62e5050a-570d-4c9b-850a-9da8a7999d28 ] Request (ImagesOneServerNegativeTestJSON:tearDown): 200 GET http://10.180.1.21/compute/v2.1/servers/c88f5b3b-fa31-49e6-81b3-2aebdf9501c2 4.017s
2025-12-15 10:00:45.019 67356 INFO tempest.lib.common.rest_client [req-1889a134-0bd1-447f-a4af-d7d10c2d9fe6 req-1889a134-0bd1-447f-a4af-d7d10c2d9fe6 ] Request (FlavorsExtraSpecsTestJSON:test_flavor_set_get_update_show_unset_keys): 200 GET http://10.180.1.21/compute/v2.1/flavors/2058070503/os-extra_specs 2.821s
2025-12-15 10:00:45.122 67344 INFO tempest.lib.common.rest_client [req-7d4b298a-fa1a-470d-9f06-43d51d483d0d req-7d4b298a-fa1a-470d-9f06-43d51d483d0d ] Request (FlavorsExtraSpecsNegativeTestJSON:tearDownClass): 200 GET http://10.180.1.21/networking/v2.0/security-groups?tenant_id=80a79ec7d8474c41a483fbf9f7add7f4&name=default 0.190s
2025-12-15 10:00:45.384 67344 INFO tempest.lib.common.rest_client [req-20b524b4-9df5-402f-b3a6-44e8a8911a75 req-20b524b4-9df5-402f-b3a6-44e8a8911a75 ] Request (FlavorsExtraSpecsNegativeTestJSON:tearDownClass): 204 DELETE http://10.180.1.21/networking/v2.0/security-groups/0e420b89-cfed-4b60-8302-d504c74763ab 0.261s
2025-12-15 10:00:45.471 67320 INFO tempest.lib.common.rest_client [req-2de5f24d-4e49-4df9-8e96-fc7504401e5a req-2de5f24d-4e49-4df9-8e96-fc7504401e5a ] Request (MigrationsAdminTest:test_list_migrations_in_flavor_resize_situation): 200 GET http://10.180.1.21/compute/v2.1/servers/48de60e3-9da5-4c26-8938-5d844d408bf5 3.483s
2025-12-15 10:00:45.483 67320 INFO tempest.common.waiters [-] State transition "BUILD/networking" ==> "BUILD/spawning" after 14 second wait
2025-12-15 10:00:45.552 67344 INFO tempest.lib.common.rest_client [req-5f402d00-16e3-4a80-8f49-d78c5c4bc37c req-5f402d00-16e3-4a80-8f49-d78c5c4bc37c ] Request (FlavorsExtraSpecsNegativeTestJSON:tearDownClass): 204 DELETE http://10.180.1.21/identity/v3/projects/80a79ec7d8474c41a483fbf9f7add7f4 0.167s
2025-12-15 10:00:45.607 67332 INFO tempest.lib.common.rest_client [req-d92cc126-d2e2-4ca6-b206-17693c5b7701 req-d92cc126-d2e2-4ca6-b206-17693c5b7701 ] Request (ValidationResourcesFixture:setUp): 200 POST http://10.180.1.21/compute/v2.1/os-keypairs 2.679s
2025-12-15 10:00:45.632 67344 INFO tempest.lib.common.rest_client [req-6deb7db6-cfa6-4159-b5af-dd82201a543a req-6deb7db6-cfa6-4159-b5af-dd82201a543a ] Request (FloatingIPsAssociationNegativeTestJSON:setUpClass): 201 POST http://10.180.1.21/identity/v3/auth/tokens 0.078s
2025-12-15 10:00:45.663 67318 INFO tempest.lib.common.rest_client [req-3c03163f-5a85-4eaa-9f08-a81597aef3db req-3c03163f-5a85-4eaa-9f08-a81597aef3db ] Request (ServersAdminNegativeTestJSON:setUpClass): 202 POST http://10.180.1.21/compute/v2.1/servers 3.245s
2025-12-15 10:00:45.699 67344 INFO tempest.lib.common.rest_client [req-c9fd978f-0a65-4c91-8bad-d12fbf6d0338 req-c9fd978f-0a65-4c91-8bad-d12fbf6d0338 ] Request (FloatingIPsAssociationNegativeTestJSON:setUpClass): 201 POST http://10.180.1.21/identity/v3/auth/tokens 0.061s
2025-12-15 10:00:45.744 67344 INFO tempest.lib.common.rest_client [req-fd9a3ff2-9c4f-4c6d-9736-fd9346353ccb req-fd9a3ff2-9c4f-4c6d-9736-fd9346353ccb ] Request (FloatingIPsAssociationNegativeTestJSON:setUpClass): 200 GET http://10.180.1.21/identity/v3/domains?name=Default 0.044s
2025-12-15 10:00:45.794 67344 INFO tempest.lib.common.rest_client [req-78e2bccb-80d3-4f6f-9c4d-880fa1610400 req-78e2bccb-80d3-4f6f-9c4d-880fa1610400 ] Request (FloatingIPsAssociationNegativeTestJSON:setUpClass): 201 POST http://10.180.1.21/identity/v3/projects 0.049s
2025-12-15 10:00:45.806 67332 INFO tempest.lib.common.rest_client [req-ccfb731f-f78d-4ed6-ae8a-918b87894c69 req-ccfb731f-f78d-4ed6-ae8a-918b87894c69 ] Request (ValidationResourcesFixture:setUp): 201 POST http://10.180.1.21/networking/v2.0/security-groups 0.195s
2025-12-15 10:00:45.842 67322 INFO tempest.lib.common.rest_client [req-a5f2df50-3c40-462c-ac08-d1b08f730a20 req-a5f2df50-3c40-462c-ac08-d1b08f730a20 ] Request (SecurityGroupRulesNegativeTestJSON:test_create_security_group_rule_with_invalid_port_range): 400 POST http://10.180.1.21/compute/v2.1/os-security-group-rules 2.829s
2025-12-15 10:00:45.889 67352 INFO tempest.lib.common.rest_client [req-0dc9ff22-aaee-4e75-a893-b9e02ec7cb1b req-0dc9ff22-aaee-4e75-a893-b9e02ec7cb1b ] Request (SecurityGroupsTestJSON:test_list_security_groups_by_server): 200 GET http://10.180.1.21/compute/v2.1/servers/656bb508-d486-481e-b54a-b4aabf616e66 2.754s
2025-12-15 10:00:45.955 67344 INFO tempest.lib.common.rest_client [req-a760ad1c-7acf-478c-9e42-4d3f07e295cd req-a760ad1c-7acf-478c-9e42-4d3f07e295cd ] Request (FloatingIPsAssociationNegativeTestJSON:setUpClass): 201 POST http://10.180.1.21/identity/v3/users 0.160s
2025-12-15 10:00:45.995 67344 INFO tempest.lib.common.rest_client [req-d92d1ff3-90cf-4b88-9dd8-50f741b84b99 req-d92d1ff3-90cf-4b88-9dd8-50f741b84b99 ] Request (FloatingIPsAssociationNegativeTestJSON:setUpClass): 200 GET http://10.180.1.21/identity/v3/roles 0.039s
2025-12-15 10:00:46.053 67332 INFO tempest.lib.common.rest_client [req-fd7f41f2-bc7e-4882-ba47-db74d0820bb0 req-fd7f41f2-bc7e-4882-ba47-db74d0820bb0 ] Request (ValidationResourcesFixture:setUp): 201 POST http://10.180.1.21/networking/v2.0/security-group-rules 0.246s
2025-12-15 10:00:46.068 67376 INFO tempest.lib.common.rest_client [req-d5db154b-a1e9-49ef-944e-e0f89b528a6f req-d5db154b-a1e9-49ef-944e-e0f89b528a6f ] Request (FlavorsAccessNegativeTestJSON:test_flavor_non_admin_add): 403 POST http://10.180.1.21/compute/v2.1/flavors/1897705435/action 2.911s
2025-12-15 10:00:46.074 67348 INFO tempest.lib.common.rest_client [req-79073319-1bfb-49c6-b9d6-95f7a6e946b8 req-79073319-1bfb-49c6-b9d6-95f7a6e946b8 ] Request (AggregatesAdminNegativeTestJSON:test_aggregate_create_aggregate_name_length_exceeds_255): 400 POST http://10.180.1.21/compute/v2.1/os-aggregates 2.892s
2025-12-15 10:00:46.084 67344 INFO tempest.lib.common.rest_client [req-dd50c77d-1d3d-47cc-9030-23e58351ba2a req-dd50c77d-1d3d-47cc-9030-23e58351ba2a ] Request (FloatingIPsAssociationNegativeTestJSON:setUpClass): 204 PUT http://10.180.1.21/identity/v3/projects/752ae3652f77447ea8ad5d16985556b6/users/d4702cccaa824c6b9e0fbe1b128ad811/roles/c9e13c6228584344a07cd4ff5a033067 0.088s
2025-12-15 10:00:46.084 67344 INFO tempest.lib.common.dynamic_creds [-] Dynamic test user d4702cccaa824c6b9e0fbe1b128ad811 is created with scope project and roles: ['member']
2025-12-15 10:00:46.084 67344 INFO tempest.lib.common.dynamic_creds [-] Acquired dynamic creds: credentials: Credentials: {'domain_id': 'default', 'domain_name': 'Default', 'username': 'tempest-FloatingIPsAssociationNegativeTestJSON-678371243-project-member', 'project_domain_id': 'default', 'project_domain_name': 'Default', 'project_id': '752ae3652f77447ea8ad5d16985556b6', 'project_name': 'tempest-FloatingIPsAssociationNegativeTestJSON-678371243', 'tenant_id': '752ae3652f77447ea8ad5d16985556b6', 'tenant_name': 'tempest-FloatingIPsAssociationNegativeTestJSON-678371243', 'user_domain_id': 'default', 'user_domain_name': 'Default', 'user_id': 'd4702cccaa824c6b9e0fbe1b128ad811', 'system': None}, Network: None, Subnet: None, Router: None
2025-12-15 10:00:46.144 67354 INFO tempest.lib.common.rest_client [req-84b2b3d3-7495-4377-ac26-37b7ffe2ad40 req-84b2b3d3-7495-4377-ac26-37b7ffe2ad40 ] Request (VolumesAssistedSnapshotsTest:test_volume_assisted_snapshot_create_delete): 200 GET http://10.180.1.21/compute/v2.1/servers/2d8458dc-61ab-4234-9318-27c4a47e3c71/os-interface 2.995s
2025-12-15 10:00:46.157 67332 INFO tempest.lib.common.rest_client [req-fee59d75-d3e3-4fa9-940c-449b3c73e386 req-fee59d75-d3e3-4fa9-940c-449b3c73e386 ] Request (ValidationResourcesFixture:setUp): 201 POST http://10.180.1.21/networking/v2.0/security-group-rules 0.103s
2025-12-15 10:00:46.166 67344 INFO tempest.lib.common.rest_client [req-beba9096-fa19-48a0-84a1-9acb428f8ee3 req-beba9096-fa19-48a0-84a1-9acb428f8ee3 ] Request (FloatingIPsAssociationNegativeTestJSON:setUpClass): 201 POST http://10.180.1.21/identity/v3/auth/tokens 0.081s
2025-12-15 10:00:46.190 67342 INFO tempest.lib.common.rest_client [req-1369ade1-1384-4954-b4b9-b4d0eb6614b4 req-1369ade1-1384-4954-b4b9-b4d0eb6614b4 ] Request (ServerDiagnosticsV248Test:tearDownClass): 200 GET http://10.180.1.21/compute/v2.1/servers/3fb2fb67-c670-4435-9df7-b70ddb9dd5dc 2.945s
2025-12-15 10:00:46.248 67326 INFO tempest.lib.common.rest_client [req-39815ea5-fd6e-4168-b84e-d8f8b0a24122 req-39815ea5-fd6e-4168-b84e-d8f8b0a24122 ] Request (ServerGroupTestJSON:test_create_delete_server_group_with_anti_affinity_policy): 200 POST http://10.180.1.21/compute/v2.1/os-server-groups 2.739s
2025-12-15 10:00:46.405 67360 INFO tempest.lib.common.rest_client [req-cb55ca01-a579-43ef-8001-d5e992719226 req-cb55ca01-a579-43ef-8001-d5e992719226 ] Request (DeleteServersTestJSON:test_delete_active_server): 204 DELETE http://10.180.1.21/compute/v2.1/servers/fa982f67-452c-4ac4-8091-dbbbbe955d7d 2.639s
2025-12-15 10:00:46.415 67338 INFO tempest.lib.common.rest_client [req-39ed1f9e-69f8-44bf-9d2a-09a269959f1c req-39ed1f9e-69f8-44bf-9d2a-09a269959f1c ] Request (HypervisorAdminNegativeTestJSON:test_get_hypervisor_list_with_non_admin_user): 403 GET http://10.180.1.21/compute/v2.1/os-hypervisors 2.528s
2025-12-15 10:00:46.541 67340 INFO tempest.lib.common.rest_client [req-9defa94d-a298-4789-ad07-5704abc69590 req-9defa94d-a298-4789-ad07-5704abc69590 ] Request (QuotasAdminNegativeTest:test_create_server_when_instances_quota_is_full): 200 GET http://10.180.1.21/compute/v2.1/os-quota-sets/861c340c35a74a0fa1c287d475137cac 2.602s
2025-12-15 10:00:47.067 67354 INFO tempest.lib.common.rest_client [req-02582f57-0290-4a8c-8c3a-1a2f68c261cc req-02582f57-0290-4a8c-8c3a-1a2f68c261cc ] Request (VolumesAssistedSnapshotsTest:test_volume_assisted_snapshot_create_delete): 200 PUT http://10.180.1.21/networking/v2.0/floatingips/6b9f58aa-8e73-47a3-a190-d3e4b13e2fc8 0.920s
2025-12-15 10:00:47.069 67354 INFO tempest.lib.common.ssh [-] Creating ssh connection to '10.180.180.148:22' as 'cirros' with public key authentication
2025-12-15 10:00:47.486 67332 INFO tempest.lib.common.rest_client [req-8dacd02d-044b-4772-af73-68bd8c7cf6f1 req-8dacd02d-044b-4772-af73-68bd8c7cf6f1 ] Request (ValidationResourcesFixture:setUp): 201 POST http://10.180.1.21/networking/v2.0/floatingips 1.327s
2025-12-15 10:00:47.565 67332 INFO tempest.lib.common.rest_client [req-bb6af95f-6ee3-4100-a267-b302cc0bd554 req-bb6af95f-6ee3-4100-a267-b302cc0bd554 ] Request (AttachInterfacesTestJSON:test_create_list_show_delete_interfaces_by_fixed_ip): 201 POST http://10.180.1.21/identity/v3/auth/tokens 0.077s
2025-12-15 10:00:47.566 67332 INFO tempest.lib.common.fixed_network [-] (AttachInterfacesTestJSON:test_create_list_show_delete_interfaces_by_fixed_ip) Found network {'id': '2d2a3213-04d3-44d1-9368-7fc03eeb47dc', 'name': 'tempest-AttachInterfacesTestJSON-806799309-network', 'tenant_id': 'cdc10b14d07541ea97e3667d0eaaa6fd', 'project_id': 'cdc10b14d07541ea97e3667d0eaaa6fd', 'admin_state_up': True, 'mtu': 8950, 'status': 'ACTIVE', 'subnets': [], 'shared': False, 'port_security_enabled': True, 'router:external': False, 'provider:network_type': 'vlan', 'provider:physical_network': 'default', 'provider:segmentation_id': 559, 'availability_zone_hints': [], 'availability_zones': [], 'ipv4_address_scope': None, 'ipv6_address_scope': None, 'description': '', 'tags': [], 'created_at': '2025-12-15T10:00:40Z', 'updated_at': '2025-12-15T10:00:40Z', 'revision_number': 1} available for tenant
2025-12-15 10:00:47.736 67344 INFO tempest.lib.common.rest_client [req-dea09b88-6f3f-4092-8f23-72783f501071 req-dea09b88-6f3f-4092-8f23-72783f501071 ] Request (FloatingIPsAssociationNegativeTestJSON:setUpClass): 201 POST http://10.180.1.21/networking/v2.0/networks 1.570s
2025-12-15 10:00:48.235 67344 INFO tempest.lib.common.rest_client [req-af5c14a7-86fa-481d-8ab5-6b77264b27a4 req-af5c14a7-86fa-481d-8ab5-6b77264b27a4 ] Request (FloatingIPsAssociationNegativeTestJSON:setUpClass): 201 POST http://10.180.1.21/networking/v2.0/subnets 0.498s
2025-12-15 10:00:48.317 67324 INFO tempest.lib.common.rest_client [req-820aeaff-3f59-42e1-8e47-7d20632df1be req-820aeaff-3f59-42e1-8e47-7d20632df1be ] Request (ServerDiskConfigTestJSON:test_rebuild_server_with_auto_disk_config): 200 GET http://10.180.1.21/compute/v2.1/servers/37afab5a-4093-4742-84b6-fef8093264d8 4.219s
2025-12-15 10:00:48.349 67368 INFO tempest.lib.common.rest_client [req-14f85509-afc8-4f8c-9852-73bb26324d82 req-14f85509-afc8-4f8c-9852-73bb26324d82 ] Request (FlavorsV2TestJSON:test_list_flavors): 200 GET http://10.180.1.21/compute/v2.1/flavors 4.207s
2025-12-15 10:00:48.698 67334 INFO tempest.lib.common.rest_client [req-847cb13e-0500-4534-a6e3-d05f3ed03cc0 req-847cb13e-0500-4534-a6e3-d05f3ed03cc0 ] Request (VolumesAdminNegativeTest:tearDownClass): 200 GET http://10.180.1.21/compute/v2.1/servers/6b605392-a10f-4bc4-8253-09fb48ddfaa3 4.518s
2025-12-15 10:00:49.343 67344 INFO tempest.lib.common.rest_client [req-d49891cf-928e-439e-8f2b-6013b9093d7d req-d49891cf-928e-439e-8f2b-6013b9093d7d ] Request (FloatingIPsAssociationNegativeTestJSON:setUpClass): 201 POST http://10.180.1.21/networking/v2.0/routers 1.108s
2025-12-15 10:00:49.573 67362 INFO tempest.lib.common.rest_client [req-95facf4b-4e4e-4acb-b15f-fa0cdcb11b00 req-95facf4b-4e4e-4acb-b15f-fa0cdcb11b00 ] Request (ServersAdminTestJSON:test_create_server_with_scheduling_hint): 202 POST http://10.180.1.21/compute/v2.1/servers 5.957s
2025-12-15 10:00:50.462 67344 INFO tempest.lib.common.rest_client [req-a97489cf-6186-4efb-881e-41dd91f38f4a req-a97489cf-6186-4efb-881e-41dd91f38f4a ] Request (FloatingIPsAssociationNegativeTestJSON:setUpClass): 200 PUT http://10.180.1.21/networking/v2.0/routers/f9a53cb7-d7c0-4674-8d51-687390974203/add_router_interface 1.119s
2025-12-15 10:00:50.463 67344 INFO tempest.lib.common.dynamic_creds [-] Created isolated network resources for: credentials: Credentials: {'domain_id': 'default', 'domain_name': 'Default', 'username': 'tempest-FloatingIPsAssociationNegativeTestJSON-678371243-project-member', 'project_domain_id': 'default', 'project_domain_name': 'Default', 'project_id': '752ae3652f77447ea8ad5d16985556b6', 'project_name': 'tempest-FloatingIPsAssociationNegativeTestJSON-678371243', 'tenant_id': '752ae3652f77447ea8ad5d16985556b6', 'tenant_name': 'tempest-FloatingIPsAssociationNegativeTestJSON-678371243', 'user_domain_id': 'default', 'user_domain_name': 'Default', 'user_id': 'd4702cccaa824c6b9e0fbe1b128ad811', 'system': None}, Network: {'id': 'fee7f761-cab7-4d85-a90b-0b44bc4f486a', 'name': 'tempest-FloatingIPsAssociationNegativeTestJSON-668112159-network', 'tenant_id': '752ae3652f77447ea8ad5d16985556b6', 'project_id': '752ae3652f77447ea8ad5d16985556b6', 'admin_state_up': True, 'mtu': 8950, 'status': 'ACTIVE', 'subnets': [], 'shared': False, 'port_security_enabled': True, 'router:external': False, 'provider:network_type': 'vlan', 'provider:physical_network': 'default', 'provider:segmentation_id': 722, 'availability_zone_hints': [], 'availability_zones': [], 'ipv4_address_scope': None, 'ipv6_address_scope': None, 'description': '', 'tags': [], 'created_at': '2025-12-15T10:00:47Z', 'updated_at': '2025-12-15T10:00:47Z', 'revision_number': 1}, Subnet: {'id': 'd71c3d9b-7827-458b-9e92-003f5279d383', 'name': 'tempest-FloatingIPsAssociationNegativeTestJSON-668112159-subnet', 'tenant_id': '752ae3652f77447ea8ad5d16985556b6', 'network_id': 'fee7f761-cab7-4d85-a90b-0b44bc4f486a', 'ip_version': 4, 'subnetpool_id': None, 'enable_dhcp': True, 'ipv6_ra_mode': None, 'ipv6_address_mode': None, 'gateway_ip': '192.168.128.1', 'cidr': '192.168.128.0/28', 'allocation_pools': [{'start': '192.168.128.2', 'end': '192.168.128.14'}], 'host_routes': [], 'dns_nameservers': [], 'description': '', 'router:external': False, 'service_types': [], 'tags': [], 'created_at': '2025-12-15T10:00:48Z', 'updated_at': '2025-12-15T10:00:48Z', 'revision_number': 0, 'project_id': '752ae3652f77447ea8ad5d16985556b6'}, Router: {'id': 'f9a53cb7-d7c0-4674-8d51-687390974203', 'name': 'tempest-FloatingIPsAssociationNegativeTestJSON-668112159-router', 'tenant_id': '752ae3652f77447ea8ad5d16985556b6', 'admin_state_up': True, 'status': 'ACTIVE', 'external_gateway_info': {'network_id': '43189363-5209-4221-80e4-5309bf98efde', 'external_fixed_ips': [{'subnet_id': 'e79e4366-fde1-4660-8539-4ee72592b60d', 'ip_address': '10.180.180.170'}], 'enable_snat': True}, 'description': '', 'availability_zones': [], 'distributed': False, 'ha': False, 'availability_zone_hints': [], 'routes': [], 'flavor_id': None, 'tags': [], 'created_at': '2025-12-15T10:00:48Z', 'updated_at': '2025-12-15T10:00:49Z', 'revision_number': 2, 'project_id': '752ae3652f77447ea8ad5d16985556b6'}
2025-12-15 10:00:50.541 67344 INFO tempest.lib.common.rest_client [req-8da865d8-ff05-4d37-a37f-bf4dff431539 req-8da865d8-ff05-4d37-a37f-bf4dff431539 ] Request (FloatingIPsAssociationNegativeTestJSON:setUpClass): 201 POST http://10.180.1.21/identity/v3/auth/tokens 0.075s
2025-12-15 10:00:50.550 67366 INFO tempest.lib.common.rest_client [req-ec81ed6c-706a-4a35-b816-6cf0079ce6e2 req-ec81ed6c-706a-4a35-b816-6cf0079ce6e2 ] Request (FloatingIPsTestJSON:test_allocate_floating_ip): 200 GET http://10.180.1.21/compute/v2.1/os-floating-ips 6.167s
2025-12-15 10:00:50.574 67344 INFO tempest.lib.common.rest_client [req-776f21cd-e338-4ad7-9b9a-5c8a70a8b93e req-776f21cd-e338-4ad7-9b9a-5c8a70a8b93e ] Request (FloatingIPsAssociationNegativeTestJSON:setUpClass): 201 POST http://10.180.1.21/identity/v3/auth/tokens 0.026s
2025-12-15 10:00:50.575 67344 INFO tempest.lib.common.fixed_network [-] (FloatingIPsAssociationNegativeTestJSON:setUpClass) Found network {'id': 'fee7f761-cab7-4d85-a90b-0b44bc4f486a', 'name': 'tempest-FloatingIPsAssociationNegativeTestJSON-668112159-network', 'tenant_id': '752ae3652f77447ea8ad5d16985556b6', 'project_id': '752ae3652f77447ea8ad5d16985556b6', 'admin_state_up': True, 'mtu': 8950, 'status': 'ACTIVE', 'subnets': [], 'shared': False, 'port_security_enabled': True, 'router:external': False, 'provider:network_type': 'vlan', 'provider:physical_network': 'default', 'provider:segmentation_id': 722, 'availability_zone_hints': [], 'availability_zones': [], 'ipv4_address_scope': None, 'ipv6_address_scope': None, 'description': '', 'tags': [], 'created_at': '2025-12-15T10:00:47Z', 'updated_at': '2025-12-15T10:00:47Z', 'revision_number': 1} available for tenant
2025-12-15 10:00:50.801 67374 INFO tempest.lib.common.rest_client [req-158555a8-eda7-4f98-8380-ff95d23f5572 req-158555a8-eda7-4f98-8380-ff95d23f5572 ] Request (ImagesOneServerTestJSON:test_create_delete_image): 200 GET http://10.180.1.21/compute/v2.1/servers/b729cc33-98dc-4dcb-a822-8e185b7f6bd9 6.330s
2025-12-15 10:00:51.051 67336 INFO tempest.lib.common.rest_client [req-2da57fb1-deb2-4e66-9730-bc8c99a5e4e7 req-2da57fb1-deb2-4e66-9730-bc8c99a5e4e7 ] Request (MultipleCreateTestJSON:test_multiple_create): 200 GET http://10.180.1.21/compute/v2.1/servers/30235e6a-669d-49fe-9bc3-2de1fa1b036b 6.560s
2025-12-15 10:00:51.065 67336 INFO tempest.common.waiters [-] State transition "BUILD/spawning" ==> "ACTIVE/None" after 25 second wait
2025-12-15 10:00:51.076 67364 INFO tempest.lib.common.rest_client [req-a0822f88-a3cc-48e3-8cf6-f06521147cfa req-a0822f88-a3cc-48e3-8cf6-f06521147cfa ] Request (InstanceActionsV221TestJSON:test_get_list_deleted_instance_actions): 200 GET http://10.180.1.21/compute/v2.1/servers/8172083c-069a-496a-a158-0f77154b4322 6.544s
2025-12-15 10:00:51.166 67330 INFO tempest.lib.common.rest_client [req-eb228cf0-096a-423d-a983-bda8963e74aa req-eb228cf0-096a-423d-a983-bda8963e74aa ] Request (HostsAdminNegativeTestJSON:test_list_hosts_with_non_admin_user): 403 GET http://10.180.1.21/compute/v2.1/os-hosts 6.417s
2025-12-15 10:00:51.217 67370 INFO tempest.lib.common.rest_client [req-910a56bb-3d3d-4e82-a515-5ac9dbbd29a3 req-910a56bb-3d3d-4e82-a515-5ac9dbbd29a3 ] Request (QuotasAdminTestJSON:test_get_updated_quotas): 200 PUT http://10.180.1.21/compute/v2.1/os-quota-sets/22376cd076d04d35b835498cfefd0bd7 6.601s
2025-12-15 10:00:51.378 67378 INFO tempest.lib.common.rest_client [req-42dc76df-5044-4ab0-abf0-2f652df94c37 req-42dc76df-5044-4ab0-abf0-2f652df94c37 ] Request (ServerDiagnosticsNegativeTest:test_get_server_diagnostics_by_non_admin): 200 GET http://10.180.1.21/compute/v2.1/servers/4bd09707-44bf-4fbd-9603-49ac8bb1d5ca 6.627s
2025-12-15 10:00:51.386 67378 INFO tempest.common.waiters [-] State transition "BUILD/block_device_mapping" ==> "BUILD/spawning" after 14 second wait
2025-12-15 10:00:51.411 67328 INFO tempest.lib.common.rest_client [req-3e3a784a-4dc6-41dd-beb4-f235e0f8d293 req-3e3a784a-4dc6-41dd-beb4-f235e0f8d293 ] Request (DeleteServersAdminTestJSON:test_delete_server_while_in_error_state): 200 GET http://10.180.1.21/compute/v2.1/servers/1567da7e-87bf-411f-8116-a124ab1ee839 6.412s
2025-12-15 10:00:51.421 67328 INFO tempest.common.waiters [-] State transition "BUILD/None" ==> "BUILD/spawning" after 8 second wait
2025-12-15 10:00:51.436 67356 INFO tempest.lib.common.rest_client [req-991e8eef-eebb-4e07-af80-b62931a3c065 req-991e8eef-eebb-4e07-af80-b62931a3c065 ] Request (FlavorsExtraSpecsTestJSON:tearDownClass): 202 DELETE http://10.180.1.21/compute/v2.1/flavors/2058070503 6.414s
2025-12-15 10:00:51.535 67318 INFO tempest.lib.common.rest_client [req-0d67a624-a0b6-41dc-b68a-c66c9d9ef327 req-0d67a624-a0b6-41dc-b68a-c66c9d9ef327 ] Request (ServersAdminNegativeTestJSON:setUpClass): 200 GET http://10.180.1.21/compute/v2.1/servers/3a826f0b-096c-4199-b4e8-b62496bed6a5 5.870s
2025-12-15 10:00:51.564 67346 INFO tempest.lib.common.rest_client [req-e4ace68a-95df-4746-9e78-f0a4f02ae3a2 req-e4ace68a-95df-4746-9e78-f0a4f02ae3a2 ] Request (ImagesOneServerNegativeTestJSON:setUp): 200 GET http://10.180.1.21/compute/v2.1/servers/c88f5b3b-fa31-49e6-81b3-2aebdf9501c2 6.548s
2025-12-15 10:00:51.593 67380 INFO tempest.lib.common.rest_client [req-1f2fbe59-a332-463d-b74c-dd94f85f816b req-1f2fbe59-a332-463d-b74c-dd94f85f816b ] Request (ServersAdmin275Test:test_rebuild_update_server_275): 200 GET http://10.180.1.21/compute/v2.1/servers/f76906a0-260a-4265-954e-174943f85ed7 5.905s
2025-12-15 10:00:51.603 67380 INFO tempest.common.waiters [-] State transition "REBUILD/rebuild_spawning" ==> "ACTIVE/None" after 7 second wait
2025-12-15 10:00:51.707 67322 INFO tempest.lib.common.rest_client [req-56ef4806-317e-45fe-b77e-3882d035c3cf req-56ef4806-317e-45fe-b77e-3882d035c3cf ] Request (SecurityGroupRulesNegativeTestJSON:test_create_security_group_rule_with_invalid_to_port): 200 POST http://10.180.1.21/compute/v2.1/os-security-groups 5.862s
2025-12-15 10:00:51.729 67376 INFO tempest.lib.common.rest_client [req-01e83d8f-b558-4861-ace2-35bec7a36264 req-01e83d8f-b558-4861-ace2-35bec7a36264 ] Request (FlavorsAccessNegativeTestJSON:_run_cleanups): 202 DELETE http://10.180.1.21/compute/v2.1/flavors/1897705435 5.660s
2025-12-15 10:00:51.734 67348 INFO tempest.lib.common.rest_client [req-9c011fa5-c26b-4fd7-b0a8-3d71594a7cf4 req-9c011fa5-c26b-4fd7-b0a8-3d71594a7cf4 ] Request (AggregatesAdminNegativeTestJSON:test_aggregate_create_aggregate_name_length_less_than_1): 400 POST http://10.180.1.21/compute/v2.1/os-aggregates 5.658s
2025-12-15 10:00:51.774 67350 INFO tempest.lib.common.rest_client [req-c57af1f8-a89c-4f54-a0cc-41fbae769994 req-c57af1f8-a89c-4f54-a0cc-41fbae769994 ] Request (ServersWithSpecificFlavorTestJSON:test_verify_created_server_ephemeral_disk): 200 GET http://10.180.1.21/compute/v2.1/servers/910566e7-bfaf-4f0f-94c1-9cbb9ae92c9f 5.798s
2025-12-15 10:00:51.783 67350 INFO tempest.common.waiters [-] State transition "BUILD/None" ==> "BUILD/spawning" after 7 second wait
2025-12-15 10:00:51.793 67326 INFO tempest.lib.common.rest_client [req-aa1f26cb-e509-4e41-bb2d-f3456c3c587c req-aa1f26cb-e509-4e41-bb2d-f3456c3c587c ] Request (ServerGroupTestJSON:test_create_delete_server_group_with_anti_affinity_policy): 204 DELETE http://10.180.1.21/compute/v2.1/os-server-groups/f84ac1bc-3ddf-479d-aa88-e2391a25067a 5.543s
2025-12-15 10:00:51.799 67338 INFO tempest.lib.common.rest_client [req-a80d92b4-2051-4c7a-aaa3-b3029757d3cf req-a80d92b4-2051-4c7a-aaa3-b3029757d3cf ] Request (HypervisorAdminNegativeTestJSON:test_get_hypervisor_stats_with_non_admin_user): 403 GET http://10.180.1.21/compute/v2.1/os-hypervisors/statistics 5.382s
2025-12-15 10:00:51.838 67360 INFO tempest.lib.common.rest_client [req-50573b4f-40d1-4fd1-b115-6785999aee3e req-50573b4f-40d1-4fd1-b115-6785999aee3e ] Request (DeleteServersTestJSON:test_delete_active_server): 200 GET http://10.180.1.21/compute/v2.1/servers/fa982f67-452c-4ac4-8091-dbbbbe955d7d 5.432s
2025-12-15 10:00:51.905 67320 INFO tempest.lib.common.rest_client [req-1e4cd426-fa5c-4ef8-bea0-d126586c3b57 req-1e4cd426-fa5c-4ef8-bea0-d126586c3b57 ] Request (MigrationsAdminTest:test_list_migrations_in_flavor_resize_situation): 200 GET http://10.180.1.21/compute/v2.1/servers/48de60e3-9da5-4c26-8938-5d844d408bf5 5.420s
2025-12-15 10:00:51.911 67340 INFO tempest.lib.common.rest_client [req-21f8af6e-4722-4b99-ae9e-377a4ef5cb48 req-21f8af6e-4722-4b99-ae9e-377a4ef5cb48 ] Request (QuotasAdminNegativeTest:test_create_server_when_instances_quota_is_full): 200 PUT http://10.180.1.21/compute/v2.1/os-quota-sets/861c340c35a74a0fa1c287d475137cac 5.368s
2025-12-15 10:00:51.912 67320 INFO tempest.common.waiters [-] State transition "BUILD/spawning" ==> "ACTIVE/None" after 20 second wait
2025-12-15 10:00:51.986 67340 INFO tempest.lib.common.rest_client [req-d3db0267-1c10-4730-80dd-bb2a19fc17d3 req-d3db0267-1c10-4730-80dd-bb2a19fc17d3 ] Request (QuotasAdminNegativeTest:test_create_server_when_instances_quota_is_full): 201 POST http://10.180.1.21/identity/v3/auth/tokens 0.070s
2025-12-15 10:00:51.986 67340 INFO tempest.lib.common.fixed_network [-] (QuotasAdminNegativeTest:test_create_server_when_instances_quota_is_full) Found network None available for tenant
2025-12-15 10:00:52.024 67342 INFO tempest.lib.common.rest_client [req-1766ef3e-aa0d-4d2f-b885-e6ec7f31c7d4 req-1766ef3e-aa0d-4d2f-b885-e6ec7f31c7d4 ] Request (ServerDiagnosticsV248Test:tearDownClass): 200 GET http://10.180.1.21/compute/v2.1/servers/3fb2fb67-c670-4435-9df7-b70ddb9dd5dc 4.815s
2025-12-15 10:00:52.035 67342 INFO tempest.common.waiters [-] State transition "ACTIVE/deleting" ==> "DELETED/None" after 6 second wait
2025-12-15 10:00:52.049 67352 INFO tempest.lib.common.rest_client [req-1f5822ad-091e-4231-9aed-893bf15516b1 req-1f5822ad-091e-4231-9aed-893bf15516b1 ] Request (SecurityGroupsTestJSON:test_list_security_groups_by_server): 200 GET http://10.180.1.21/compute/v2.1/servers/656bb508-d486-481e-b54a-b4aabf616e66 5.148s
2025-12-15 10:00:52.056 67352 INFO tempest.common.waiters [-] State transition "BUILD/None" ==> "BUILD/spawning" after 7 second wait
2025-12-15 10:00:52.060 67368 INFO tempest.lib.common.rest_client [req-808174ba-1987-4b21-80be-29b3206e279e req-808174ba-1987-4b21-80be-29b3206e279e ] Request (FlavorsV2TestJSON:test_list_flavors): 200 GET http://10.180.1.21/compute/v2.1/flavors/42 3.704s
2025-12-15 10:00:52.206 67354 WARNING tempest.lib.common.ssh [-] Failed to establish authenticated ssh connection to cirros@10.180.180.148 ([Errno None] Unable to connect to port 22 on 10.180.180.148). Number attempts: 1. Retry after 2 seconds.: paramiko.ssh_exception.NoValidConnectionsError: [Errno None] Unable to connect to port 22 on 10.180.180.148
2025-12-15 10:00:52.340 67324 INFO tempest.lib.common.rest_client [req-1c9d8c29-066d-401d-a719-829d8a276374 req-1c9d8c29-066d-401d-a719-829d8a276374 ] Request (ServerDiskConfigTestJSON:test_rebuild_server_with_auto_disk_config): 200 GET http://10.180.1.21/compute/v2.1/servers/37afab5a-4093-4742-84b6-fef8093264d8 3.015s
2025-12-15 10:00:52.347 67324 INFO tempest.common.waiters [-] State transition "REBUILD/rebuilding" ==> "REBUILD/rebuild_spawning" after 4 second wait
2025-12-15 10:00:52.505 67362 INFO tempest.lib.common.rest_client [req-c97501c6-f30f-410b-ae9d-c32d25375474 req-c97501c6-f30f-410b-ae9d-c32d25375474 ] Request (ServersAdminTestJSON:test_create_server_with_scheduling_hint): 200 GET http://10.180.1.21/compute/v2.1/servers/44ea6fed-cfd5-41fe-bd86-245b8e85ae4f 2.927s
2025-12-15 10:00:52.644 67334 INFO tempest.lib.common.rest_client [req-95c617e4-51a2-4e3c-99ed-3b5e2c7a45da req-95c617e4-51a2-4e3c-99ed-3b5e2c7a45da ] Request (VolumesAdminNegativeTest:tearDownClass): 200 GET http://10.180.1.21/compute/v2.1/servers/6b605392-a10f-4bc4-8253-09fb48ddfaa3 2.932s
2025-12-15 10:00:52.654 67334 INFO tempest.common.waiters [-] State transition "ACTIVE/deleting" ==> "DELETED/None" after 4 second wait
2025-12-15 10:00:52.767 67332 INFO tempest.lib.common.rest_client [req-ec2ef7b0-759a-466b-a403-4d47bc3b3809 req-ec2ef7b0-759a-466b-a403-4d47bc3b3809 ] Request (AttachInterfacesTestJSON:test_create_list_show_delete_interfaces_by_fixed_ip): 202 POST http://10.180.1.21/compute/v2.1/servers 5.201s
2025-12-15 10:00:53.239 67366 INFO tempest.lib.common.rest_client [req-32abc010-1b03-4ce4-a7c4-7f7a6ef3b102 req-32abc010-1b03-4ce4-a7c4-7f7a6ef3b102 ] Request (FloatingIPsTestJSON:_run_cleanups): 202 DELETE http://10.180.1.21/compute/v2.1/os-floating-ips/f5e9dcc8-cf27-491f-8f28-131c7c37cc53 2.687s
2025-12-15 10:00:53.297 67374 INFO tempest.lib.common.rest_client [req-1fefb5e6-168c-4443-9213-8a54b2637c28 req-1fefb5e6-168c-4443-9213-8a54b2637c28 ] Request (ImagesOneServerTestJSON:test_create_delete_image): 200 GET http://10.180.1.21/compute/v2.1/images/9426f907-ad83-4e92-a7b3-baafc6a18772 2.488s
2025-12-15 10:00:53.589 67336 INFO tempest.lib.common.rest_client [req-e6e020c7-4835-4fef-a318-d8a3ed8cdbcf req-e6e020c7-4835-4fef-a318-d8a3ed8cdbcf ] Request (MultipleCreateTestJSON:test_multiple_create): 200 GET http://10.180.1.21/compute/v2.1/servers/8e7c466c-7fba-4c80-8be9-4e45d1a0139d 2.523s
2025-12-15 10:00:53.596 67330 INFO tempest.lib.common.rest_client [req-6997fca8-fc16-4e9e-8479-863176ae1ee6 req-6997fca8-fc16-4e9e-8479-863176ae1ee6 ] Request (HostsAdminNegativeTestJSON:test_reboot_host_with_non_admin_user): 403 GET http://10.180.1.21/compute/v2.1/os-hosts/devstack/reboot 2.428s
2025-12-15 10:00:53.652 67344 INFO tempest.lib.common.rest_client [req-08f200b4-ccaa-4bc5-b3a6-dacf578c7a62 req-08f200b4-ccaa-4bc5-b3a6-dacf578c7a62 ] Request (FloatingIPsAssociationNegativeTestJSON:setUpClass): 202 POST http://10.180.1.21/compute/v2.1/servers 3.076s
2025-12-15 10:00:53.670 67370 INFO tempest.lib.common.rest_client [req-310a0a29-7e14-4e3b-8c16-a80fddc2d968 req-310a0a29-7e14-4e3b-8c16-a80fddc2d968 ] Request (QuotasAdminTestJSON:test_get_updated_quotas): 200 GET http://10.180.1.21/compute/v2.1/os-quota-sets/22376cd076d04d35b835498cfefd0bd7/detail 2.449s
2025-12-15 10:00:53.676 67346 INFO tempest.lib.common.rest_client [req-d16a0b07-9c21-4509-ae16-d0139067b7c5 req-d16a0b07-9c21-4509-ae16-d0139067b7c5 ] Request (ImagesOneServerNegativeTestJSON:test_create_image_specify_name_over_character_limit): 400 POST http://10.180.1.21/compute/v2.1/servers/c88f5b3b-fa31-49e6-81b3-2aebdf9501c2/action 2.104s
2025-12-15 10:00:53.688 67356 INFO tempest.lib.common.rest_client [req-1a8bc367-16ea-4bac-9618-1b36eacf545c req-1a8bc367-16ea-4bac-9618-1b36eacf545c ] Request (FlavorsExtraSpecsTestJSON:tearDownClass): 200 GET http://10.180.1.21/compute/v2.1/flavors/detail 2.251s
2025-12-15 10:00:53.705 67370 INFO tempest.lib.common.rest_client [req-e536815c-7ae8-4f24-9e47-cf6c2d323760 req-e536815c-7ae8-4f24-9e47-cf6c2d323760 ] Request (QuotasAdminTestJSON:test_get_updated_quotas): 200 GET http://10.180.1.21/identity/v3/domains?name=Default 0.029s
2025-12-15 10:00:53.756 67322 INFO tempest.lib.common.rest_client [req-49540848-63bc-4a59-b2c3-c91e9cc2d339 req-49540848-63bc-4a59-b2c3-c91e9cc2d339 ] Request (SecurityGroupRulesNegativeTestJSON:test_create_security_group_rule_with_invalid_to_port): 400 POST http://10.180.1.21/compute/v2.1/os-security-group-rules 2.042s
2025-12-15 10:00:53.787 67376 INFO tempest.lib.common.rest_client [req-650f133b-57c2-4f5c-97a3-22b7ffc8a9b0 req-650f133b-57c2-4f5c-97a3-22b7ffc8a9b0 ] Request (FlavorsAccessNegativeTestJSON:_run_cleanups): 200 GET http://10.180.1.21/compute/v2.1/flavors/detail 2.057s
2025-12-15 10:00:53.797 67348 INFO tempest.lib.common.rest_client [req-06d32d28-047e-4eb2-b928-7a678e547ea7 req-06d32d28-047e-4eb2-b928-7a678e547ea7 ] Request (AggregatesAdminNegativeTestJSON:test_aggregate_create_as_user): 403 POST http://10.180.1.21/compute/v2.1/os-aggregates 2.061s
2025-12-15 10:00:53.816 67326 INFO tempest.lib.common.rest_client [req-8945360a-566f-4499-872c-9cd787c33d27 req-8945360a-566f-4499-872c-9cd787c33d27 ] Request (ServerGroupTestJSON:test_create_delete_server_group_with_anti_affinity_policy): 200 GET http://10.180.1.21/compute/v2.1/os-server-groups 2.022s
2025-12-15 10:00:53.819 67356 INFO tempest.lib.common.rest_client [req-1e9f1941-5014-4529-aeb4-9c946c79b1ce req-1e9f1941-5014-4529-aeb4-9c946c79b1ce ] Request (FlavorsExtraSpecsTestJSON:tearDownClass): 204 DELETE http://10.180.1.21/identity/v3/users/fddd6330b87a45d0a91277593205de59 0.125s
2025-12-15 10:00:53.864 67370 INFO tempest.lib.common.rest_client [req-4f0d42aa-4019-44e1-9e12-107b08515d2a req-4f0d42aa-4019-44e1-9e12-107b08515d2a ] Request (QuotasAdminTestJSON:test_get_updated_quotas): 201 POST http://10.180.1.21/identity/v3/users 0.158s
2025-12-15 10:00:53.954 67356 INFO tempest.lib.common.rest_client [req-10a513b3-747d-4c40-9537-3bced7ca2014 req-10a513b3-747d-4c40-9537-3bced7ca2014 ] Request (FlavorsExtraSpecsTestJSON:tearDownClass): 204 DELETE http://10.180.1.21/identity/v3/users/27c0494545d545848440c8eff76b8870 0.134s
2025-12-15 10:00:53.954 67356 INFO tempest.lib.common.dynamic_creds [-] Deleting project and security group for project: ad79c647b6ef45d8af14ae1ec4932e49
2025-12-15 10:00:54.010 67326 INFO tempest.lib.common.rest_client [req-a62f9439-34fc-4ba7-832d-17fe48d08acb req-a62f9439-34fc-4ba7-832d-17fe48d08acb ] Request (ServerGroupTestJSON:test_create_server_with_scheduler_hint_group): 201 POST http://10.180.1.21/identity/v3/auth/tokens 0.184s
2025-12-15 10:00:54.011 67326 INFO tempest.lib.common.fixed_network [-] (ServerGroupTestJSON:test_create_server_with_scheduler_hint_group) Found network {'id': '8108305b-ab41-4c72-a768-b2e4a494e5c8', 'name': 'tempest-ServerGroupTestJSON-1564702075-network', 'tenant_id': '2031d2a61b24471298fa0aabc614d934', 'project_id': '2031d2a61b24471298fa0aabc614d934', 'admin_state_up': True, 'mtu': 8950, 'status': 'ACTIVE', 'subnets': [], 'shared': False, 'port_security_enabled': True, 'router:external': False, 'provider:network_type': 'vlan', 'provider:physical_network': 'default', 'provider:segmentation_id': 960, 'availability_zone_hints': [], 'availability_zones': [], 'ipv4_address_scope': None, 'ipv6_address_scope': None, 'description': '', 'tags': [], 'created_at': '2025-12-15T09:59:59Z', 'updated_at': '2025-12-15T09:59:59Z', 'revision_number': 1} available for tenant
2025-12-15 10:00:54.031 67338 INFO tempest.lib.common.rest_client [req-857297be-1bdf-443f-a51b-6002eb87e7d8 req-857297be-1bdf-443f-a51b-6002eb87e7d8 ] Request (HypervisorAdminNegativeTestJSON:test_get_hypervisor_uptime_with_non_admin_user): 200 GET http://10.180.1.21/compute/v2.1/os-hypervisors 2.230s
2025-12-15 10:00:54.066 67356 INFO tempest.lib.common.rest_client [req-e9f98c31-0950-45a5-a191-03f16a82b06d req-e9f98c31-0950-45a5-a191-03f16a82b06d ] Request (FlavorsExtraSpecsTestJSON:tearDownClass): 201 POST http://10.180.1.21/identity/v3/auth/tokens 0.111s
2025-12-15 10:00:54.094 67370 INFO tempest.lib.common.rest_client [req-18e82976-2d36-40a9-86a0-39c844181b81 req-18e82976-2d36-40a9-86a0-39c844181b81 ] Request (QuotasAdminTestJSON:test_get_updated_quotas): 200 GET http://10.180.1.21/identity/v3/domains?name=Default 0.229s
2025-12-15 10:00:54.115 67380 INFO tempest.lib.common.rest_client [req-183b6d3f-e53e-460d-bbc2-c55bb2355879 req-183b6d3f-e53e-460d-bbc2-c55bb2355879 ] Request (ServersAdmin275Test:test_rebuild_update_server_275): 202 POST http://10.180.1.21/compute/v2.1/servers/f76906a0-260a-4265-954e-174943f85ed7/action 2.509s
2025-12-15 10:00:54.237 67356 INFO tempest.lib.common.rest_client [req-7257f822-3eea-4d24-b37d-4a9ce7704a9d req-7257f822-3eea-4d24-b37d-4a9ce7704a9d ] Request (FlavorsExtraSpecsTestJSON:tearDownClass): 200 GET http://10.180.1.21/networking/v2.0/security-groups?tenant_id=ad79c647b6ef45d8af14ae1ec4932e49&name=default 0.170s
2025-12-15 10:00:54.379 67356 INFO tempest.lib.common.rest_client [req-547cc39d-da31-49bb-b6c6-3f6f58143312 req-547cc39d-da31-49bb-b6c6-3f6f58143312 ] Request (FlavorsExtraSpecsTestJSON:tearDownClass): 204 DELETE http://10.180.1.21/networking/v2.0/security-groups/5c37c249-741c-4126-b0a0-e791b224b4d5 0.142s
2025-12-15 10:00:54.428 67320 INFO tempest.lib.common.rest_client [req-72414e37-8b75-4b53-933a-26eacc25662c req-72414e37-8b75-4b53-933a-26eacc25662c ] Request (MigrationsAdminTest:test_list_migrations_in_flavor_resize_situation): 202 POST http://10.180.1.21/compute/v2.1/servers/48de60e3-9da5-4c26-8938-5d844d408bf5/action 2.514s
2025-12-15 10:00:54.443 67368 INFO tempest.lib.common.rest_client [req-44b8bcc1-3c16-49ed-92f4-878278e102f9 req-44b8bcc1-3c16-49ed-92f4-878278e102f9 ] Request (FlavorsV2TestJSON:test_list_flavors_detailed_filter_by_min_disk): 200 GET http://10.180.1.21/compute/v2.1/flavors/42 2.379s
2025-12-15 10:00:54.481 67356 INFO tempest.lib.common.rest_client [req-28ccefdf-51f4-4d73-b8cc-63c7b9f340ba req-28ccefdf-51f4-4d73-b8cc-63c7b9f340ba ] Request (FlavorsExtraSpecsTestJSON:tearDownClass): 204 DELETE http://10.180.1.21/identity/v3/projects/ad79c647b6ef45d8af14ae1ec4932e49 0.102s
2025-12-15 10:00:54.482 67356 INFO tempest.lib.common.dynamic_creds [-] Deleting project and security group for project: f8b044a7acc64ff586c6c5cd13c804a3
2025-12-15 10:00:54.531 67340 INFO tempest.lib.common.rest_client [req-fd418108-c337-49f6-ae79-d002fe0383a7 req-fd418108-c337-49f6-ae79-d002fe0383a7 ] Request (QuotasAdminNegativeTest:test_create_server_when_instances_quota_is_full): 403 POST http://10.180.1.21/compute/v2.1/servers 2.543s
2025-12-15 10:00:54.603 67356 INFO tempest.lib.common.rest_client [req-6a852c37-be0c-4d20-a807-b5bb61106e55 req-6a852c37-be0c-4d20-a807-b5bb61106e55 ] Request (FlavorsExtraSpecsTestJSON:tearDownClass): 200 GET http://10.180.1.21/networking/v2.0/security-groups?tenant_id=f8b044a7acc64ff586c6c5cd13c804a3&name=default 0.121s
2025-12-15 10:00:54.636 67364 INFO tempest.lib.common.rest_client [req-a3747792-6e0b-44f0-a154-2c05c0aeb2c6 req-a3747792-6e0b-44f0-a154-2c05c0aeb2c6 ] Request (InstanceActionsV221TestJSON:test_get_list_deleted_instance_actions): 200 GET http://10.180.1.21/compute/v2.1/servers/8172083c-069a-496a-a158-0f77154b4322 2.543s
2025-12-15 10:00:54.850 67356 INFO tempest.lib.common.rest_client [req-dfba10ec-90fc-483c-9ab8-88f671d5dd7a req-dfba10ec-90fc-483c-9ab8-88f671d5dd7a ] Request (FlavorsExtraSpecsTestJSON:tearDownClass): 204 DELETE http://10.180.1.21/networking/v2.0/security-groups/527dedca-9d6c-4c5a-9a85-e8fb03759d53 0.246s
2025-12-15 10:00:54.986 67356 INFO tempest.lib.common.rest_client [req-bf95f39e-0445-40e4-858d-c5333cde0cb5 req-bf95f39e-0445-40e4-858d-c5333cde0cb5 ] Request (FlavorsExtraSpecsTestJSON:tearDownClass): 204 DELETE http://10.180.1.21/identity/v3/projects/f8b044a7acc64ff586c6c5cd13c804a3 0.135s
2025-12-15 10:00:55.008 67378 INFO tempest.lib.common.rest_client [req-9b212688-f9f1-4f10-8345-716e66fed1d5 req-9b212688-f9f1-4f10-8345-716e66fed1d5 ] Request (ServerDiagnosticsNegativeTest:test_get_server_diagnostics_by_non_admin): 200 GET http://10.180.1.21/compute/v2.1/servers/4bd09707-44bf-4fbd-9603-49ac8bb1d5ca 2.621s
2025-12-15 10:00:55.061 67356 INFO tempest.lib.common.rest_client [req-3799f747-6270-4c2f-b9a3-89ff763c6322 req-3799f747-6270-4c2f-b9a3-89ff763c6322 ] Request (FlavorsV261TestJSON:setUpClass): 201 POST http://10.180.1.21/identity/v3/auth/tokens 0.072s
2025-12-15 10:00:55.069 67328 INFO tempest.lib.common.rest_client [req-d6e78750-b67a-4e61-b549-0959118c1521 req-d6e78750-b67a-4e61-b549-0959118c1521 ] Request (DeleteServersAdminTestJSON:test_delete_server_while_in_error_state): 200 GET http://10.180.1.21/compute/v2.1/servers/1567da7e-87bf-411f-8116-a124ab1ee839 2.646s
2025-12-15 10:00:55.115 67356 INFO tempest.lib.common.rest_client [req-9f4d279a-ceb8-4f90-aa67-6122d2bda3b0 req-9f4d279a-ceb8-4f90-aa67-6122d2bda3b0 ] Request (FlavorsV261TestJSON:setUpClass): 201 POST http://10.180.1.21/identity/v3/auth/tokens 0.050s
2025-12-15 10:00:55.139 67318 INFO tempest.lib.common.rest_client [req-345b8336-ec7e-41a1-bef2-1a44f4e3af7a req-345b8336-ec7e-41a1-bef2-1a44f4e3af7a ] Request (ServersAdminNegativeTestJSON:setUpClass): 200 GET http://10.180.1.21/compute/v2.1/servers/3a826f0b-096c-4199-b4e8-b62496bed6a5 2.596s
2025-12-15 10:00:55.142 67356 INFO tempest.lib.common.rest_client [req-29386ed0-a33b-4c47-87dd-0ccd5d8a412f req-29386ed0-a33b-4c47-87dd-0ccd5d8a412f ] Request (FlavorsV261TestJSON:setUpClass): 200 GET http://10.180.1.21/identity/v3/domains?name=Default 0.027s
2025-12-15 10:00:55.148 67318 INFO tempest.common.waiters [-] State transition "BUILD/None" ==> "BUILD/spawning" after 4 second wait
2025-12-15 10:00:55.155 67332 INFO tempest.lib.common.rest_client [req-9a6e8757-415f-470d-aeff-f0f7aa929bbd req-9a6e8757-415f-470d-aeff-f0f7aa929bbd ] Request (AttachInterfacesTestJSON:test_create_list_show_delete_interfaces_by_fixed_ip): 200 GET http://10.180.1.21/compute/v2.1/servers/4d3d9ab9-33ed-4c61-bea6-d3189c2aa7bc 2.386s
2025-12-15 10:00:55.180 67356 INFO tempest.lib.common.rest_client [req-db33ce42-5a5a-432e-b4bf-34544493baa5 req-db33ce42-5a5a-432e-b4bf-34544493baa5 ] Request (FlavorsV261TestJSON:setUpClass): 201 POST http://10.180.1.21/identity/v3/projects 0.037s
2025-12-15 10:00:55.255 67360 INFO tempest.lib.common.rest_client [req-487aa4b8-8c8a-4506-bcc0-83c880859f50 req-487aa4b8-8c8a-4506-bcc0-83c880859f50 ] Request (DeleteServersTestJSON:test_delete_active_server): 200 GET http://10.180.1.21/compute/v2.1/servers/fa982f67-452c-4ac4-8091-dbbbbe955d7d 2.408s
2025-12-15 10:00:55.276 67354 WARNING tempest.lib.common.ssh [-] Failed to establish authenticated ssh connection to cirros@10.180.180.148 ([Errno None] Unable to connect to port 22 on 10.180.180.148). Number attempts: 2. Retry after 3 seconds.: paramiko.ssh_exception.NoValidConnectionsError: [Errno None] Unable to connect to port 22 on 10.180.180.148
2025-12-15 10:00:55.281 67356 INFO tempest.lib.common.rest_client [req-7efd67b1-27be-43d3-8b4f-f89e0c4f50a6 req-7efd67b1-27be-43d3-8b4f-f89e0c4f50a6 ] Request (FlavorsV261TestJSON:setUpClass): 201 POST http://10.180.1.21/identity/v3/users 0.100s
2025-12-15 10:00:55.296 67342 INFO tempest.lib.common.rest_client [req-01aae4b8-80ff-4d7b-89c9-7d4381a2fe61 req-01aae4b8-80ff-4d7b-89c9-7d4381a2fe61 ] Request (ServerDiagnosticsV248Test:tearDownClass): 404 GET http://10.180.1.21/compute/v2.1/servers/3fb2fb67-c670-4435-9df7-b70ddb9dd5dc 2.257s
2025-12-15 10:00:55.327 67350 INFO tempest.lib.common.rest_client [req-ed86dc43-785e-4b6d-90c3-b4fcf656ceb0 req-ed86dc43-785e-4b6d-90c3-b4fcf656ceb0 ] Request (ServersWithSpecificFlavorTestJSON:test_verify_created_server_ephemeral_disk): 200 GET http://10.180.1.21/compute/v2.1/servers/910566e7-bfaf-4f0f-94c1-9cbb9ae92c9f 2.543s
2025-12-15 10:00:55.340 67356 INFO tempest.lib.common.rest_client [req-3cc1f0b9-29ed-4f54-9631-55dfa77773b1 req-3cc1f0b9-29ed-4f54-9631-55dfa77773b1 ] Request (FlavorsV261TestJSON:setUpClass): 200 GET http://10.180.1.21/identity/v3/roles 0.058s
2025-12-15 10:00:55.408 67356 INFO tempest.lib.common.rest_client [req-ec444619-5db1-4b82-bd90-9a8f6d6af3ae req-ec444619-5db1-4b82-bd90-9a8f6d6af3ae ] Request (FlavorsV261TestJSON:setUpClass): 204 PUT http://10.180.1.21/identity/v3/projects/9bcdc3bbfc5f4d5bbe4deda6eb1d6a92/users/844dca561e844807813dc6d1c93ed356/roles/c9e13c6228584344a07cd4ff5a033067 0.066s
2025-12-15 10:00:55.408 67356 INFO tempest.lib.common.dynamic_creds [-] Dynamic test user 844dca561e844807813dc6d1c93ed356 is created with scope project and roles: ['member']
