2025-12-15 10:02:08.807 67346 INFO tempest.lib.common.rest_client [req-f871b905-ac73-45d0-b84a-0dbc5e0f4b0c req-f871b905-ac73-45d0-b84a-0dbc5e0f4b0c ] Request (ImagesOneServerNegativeTestJSON:_run_cleanups): 201 POST http://10.180.1.21/networking/v2.0/floatingips 0.501s
2025-12-15 10:02:08.829 67376 INFO tempest.lib.common.rest_client [req-b7a2be69-d7c0-4a61-860f-0d866724ec52 req-b7a2be69-d7c0-4a61-860f-0d866724ec52 ] Request (InstanceActionsTestJSON:setUpClass): 200 GET http://10.180.1.21/compute/v2.1/servers/fb2201d4-8496-466b-a1c8-75ccf835b5fb 1.628s
2025-12-15 10:02:08.865 67326 INFO tempest.lib.common.rest_client [req-f3ddf1e1-edbe-47f9-9393-2c0747bc0458 req-f3ddf1e1-edbe-47f9-9393-2c0747bc0458 ] Request (ServerGroupTestJSON:_run_cleanups): 200 GET http://10.180.1.21/compute/v2.1/servers/91a4995d-8e7c-4f19-835f-3e805cb5431c 1.624s
2025-12-15 10:02:08.887 67346 INFO tempest.lib.common.rest_client [req-86bae392-55f6-43e4-a800-fa71cbb5235f req-86bae392-55f6-43e4-a800-fa71cbb5235f ] Request (ImagesOneServerNegativeTestJSON:_run_cleanups): 201 POST http://10.180.1.21/identity/v3/auth/tokens 0.076s
2025-12-15 10:02:08.887 67346 INFO tempest.lib.common.fixed_network [-] (ImagesOneServerNegativeTestJSON:_run_cleanups) Found network {'id': 'a5559690-c5bb-4482-bb5e-65db48b92f77', 'name': 'tempest-ImagesOneServerNegativeTestJSON-583988313-network', 'tenant_id': 'adb0ddaa9e4344a8bce3dac97d9dfcdc', 'project_id': 'adb0ddaa9e4344a8bce3dac97d9dfcdc', 'admin_state_up': True, 'mtu': 8950, 'status': 'ACTIVE', 'subnets': [], 'shared': False, 'port_security_enabled': True, 'router:external': False, 'provider:network_type': 'vlan', 'provider:physical_network': 'default', 'provider:segmentation_id': 733, 'availability_zone_hints': [], 'availability_zones': [], 'ipv4_address_scope': None, 'ipv6_address_scope': None, 'description': '', 'tags': [], 'created_at': '2025-12-15T09:59:44Z', 'updated_at': '2025-12-15T09:59:44Z', 'revision_number': 1} available for tenant
2025-12-15 10:02:09.124 67334 INFO tempest.lib.common.rest_client [req-5d48a5a5-d22f-49b4-97eb-8e1f64f24101 req-5d48a5a5-d22f-49b4-97eb-8e1f64f24101 ] Request (ServerActionsTestOtherA:setUpClass): 200 GET http://10.180.1.21/compute/v2.1/servers/dcb59afc-9870-483f-971d-e167a1bc9f77 1.697s
2025-12-15 10:02:09.180 67358 INFO tempest.lib.common.rest_client [req-a08f7095-4917-492c-be9a-7e1bd0d94b91 req-a08f7095-4917-492c-be9a-7e1bd0d94b91 ] Request (SecurityGroupRulesTestJSON:_run_cleanups): 202 DELETE http://10.180.1.21/compute/v2.1/os-security-group-rules/05b0bb62-a692-4f00-8553-5bbc1debdaf0 1.924s
2025-12-15 10:02:09.265 67324 INFO tempest.lib.common.rest_client [req-0f40d2c3-6bea-4b69-a7be-d4a63da3fb15 req-0f40d2c3-6bea-4b69-a7be-d4a63da3fb15 ] Request (ServerDiskConfigTestJSON:test_resize_server_from_auto_to_manual): 200 GET http://10.180.1.21/compute/v2.1/servers/3fa8d8f6-ef30-434f-bbde-ee6e8266682e 1.772s
2025-12-15 10:02:09.287 67322 INFO tempest.lib.common.rest_client [req-cc9a0275-7279-4db6-8a7a-f794dab0806d req-cc9a0275-7279-4db6-8a7a-f794dab0806d ] Request (AttachInterfacesUnderV243Test:test_add_remove_fixed_ip): 200 GET http://10.180.1.21/compute/v2.1/servers/16338001-95aa-4491-a5eb-d1eb67115ec5 1.725s
2025-12-15 10:02:09.297 67318 INFO tempest.lib.common.rest_client [req-a4db136b-dc49-4826-ad75-8ac4057b8fea req-a4db136b-dc49-4826-ad75-8ac4057b8fea ] Request (ServersAdminNegativeTestJSON:_run_cleanups): 200 GET http://10.180.1.21/compute/v2.1/flavors/detail 1.667s
2025-12-15 10:02:09.464 67354 INFO tempest.lib.common.rest_client [req-db80daa3-b5f2-4d5e-9941-50f1cee6bf91 req-db80daa3-b5f2-4d5e-9941-50f1cee6bf91 ] Request (VolumesAssistedSnapshotsTest:tearDownClass): 200 GET http://10.180.1.21/compute/v2.1/servers/2d8458dc-61ab-4234-9318-27c4a47e3c71 1.764s
2025-12-15 10:02:09.477 67366 INFO tempest.lib.common.rest_client [req-a56d4b42-2863-4f28-845c-d6712d595605 req-a56d4b42-2863-4f28-845c-d6712d595605 ] Request (ServerMetadataNegativeTestJSON:test_set_server_metadata_blank_key): 400 PUT http://10.180.1.21/compute/v2.1/servers/afa4775a-11cd-4637-a389-899022086f8e/metadata 1.611s
2025-12-15 10:02:09.557 67364 INFO tempest.lib.common.rest_client [req-3ab50922-b4f1-46cb-9f6e-81e6ce84d82c req-3ab50922-b4f1-46cb-9f6e-81e6ce84d82c ] Request (ServerRescueTestJSON:setUpClass): 200 GET http://10.180.1.21/compute/v2.1/servers/5d5cb37b-ac83-4c9b-adb7-ef528c12a3bc 1.781s
2025-12-15 10:02:09.707 67332 WARNING tempest.lib.common.ssh [-] Failed to establish authenticated ssh connection to cirros@10.180.180.210 ([Errno None] Unable to connect to port 22 on 10.180.180.210). Number attempts: 5. Retry after 6 seconds.: paramiko.ssh_exception.NoValidConnectionsError: [Errno None] Unable to connect to port 22 on 10.180.180.210
2025-12-15 10:02:09.720 67338 INFO tempest.lib.common.rest_client [req-e450cef2-d691-48a4-a976-2d67f91a0e22 req-e450cef2-d691-48a4-a976-2d67f91a0e22 ] Request (ServersTestJSON:test_create_server_specify_multibyte_character_name): 200 GET http://10.180.1.21/compute/v2.1/servers/125ce6c8-3585-4b79-84c6-889bc1e0d8b6 1.762s
2025-12-15 10:02:09.728 67338 INFO tempest.common.waiters [-] State transition "BUILD/spawning" ==> "ACTIVE/None" after 38 second wait
2025-12-15 10:02:09.804 67368 INFO tempest.lib.common.rest_client [req-09818a19-28a1-484b-9367-1946c249dbe1 req-09818a19-28a1-484b-9367-1946c249dbe1 ] Request (ServerShowV254Test:test_rebuild_server): 200 GET http://10.180.1.21/compute/v2.1/servers/89b8ab7d-09a3-4256-879b-7efbf0db1a87 1.755s
2025-12-15 10:02:09.823 67338 INFO tempest.lib.common.rest_client [req-7fa37d8c-5577-44c2-9802-83e579d08a63 req-7fa37d8c-5577-44c2-9802-83e579d08a63 ] Request (ServersTestJSON:test_create_server_with_admin_password): 201 POST http://10.180.1.21/identity/v3/auth/tokens 0.089s
2025-12-15 10:02:09.824 67338 INFO tempest.lib.common.fixed_network [-] (ServersTestJSON:test_create_server_with_admin_password) Found network {'id': '776b75b8-84a2-4bfc-bfc7-8a1e8b1cc942', 'name': 'tempest-ServersTestJSON-1594895094-network', 'tenant_id': '6f57bea7b81042d2848a2ba2c5119217', 'project_id': '6f57bea7b81042d2848a2ba2c5119217', 'admin_state_up': True, 'mtu': 8950, 'status': 'ACTIVE', 'subnets': [], 'shared': False, 'port_security_enabled': True, 'router:external': False, 'provider:network_type': 'vlan', 'provider:physical_network': 'default', 'provider:segmentation_id': 72, 'availability_zone_hints': [], 'availability_zones': [], 'ipv4_address_scope': None, 'ipv6_address_scope': None, 'description': '', 'tags': [], 'created_at': '2025-12-15T10:01:17Z', 'updated_at': '2025-12-15T10:01:17Z', 'revision_number': 1} available for tenant
2025-12-15 10:02:09.843 67328 INFO tempest.lib.common.rest_client [req-f78beacf-3a15-48b4-b78b-d2ceeecb5de0 req-f78beacf-3a15-48b4-b78b-d2ceeecb5de0 ] Request (ImagesMetadataTestJSON:test_set_image_metadata): 200 GET http://10.180.1.21/compute/v2.1/images/4ab01dce-e3c1-4833-9750-80d6424d6a46/metadata 1.746s
2025-12-15 10:02:09.902 67356 INFO tempest.lib.common.rest_client [req-ac14d079-4110-4e58-95bc-0ee17a1ddd50 req-ac14d079-4110-4e58-95bc-0ee17a1ddd50 ] Request (ServerActionsTestOtherB:setUpClass): 200 GET http://10.180.1.21/compute/v2.1/servers/9792a224-27aa-4214-abfd-030f0549b33b 1.759s
2025-12-15 10:02:09.964 67350 INFO tempest.lib.common.rest_client [req-48bb0416-f9f9-4db2-94c7-c35ef533853d req-48bb0416-f9f9-4db2-94c7-c35ef533853d ] Request (ServersWithSpecificFlavorTestJSON:test_verify_created_server_ephemeral_disk): 202 POST http://10.180.1.21/compute/v2.1/servers 2.090s
2025-12-15 10:02:10.041 67370 INFO tempest.lib.common.rest_client [req-9c7622ad-1420-4a6e-bf99-776b20bfd0e9 req-9c7622ad-1420-4a6e-bf99-776b20bfd0e9 ] Request (ImagesTestJSON:test_create_image_from_stopped_server): 200 GET http://10.180.1.21/compute/v2.1/servers/af0031fa-d354-43f8-a783-538940c6db6d 1.505s
2025-12-15 10:02:10.073 67340 INFO tempest.lib.common.rest_client [req-68f83cf2-f654-412d-8449-4345460a3fe9 req-68f83cf2-f654-412d-8449-4345460a3fe9 ] Request (FloatingIPsAssociationTestJSON:setUpClass): 200 GET http://10.180.1.21/compute/v2.1/servers/a8c8bf9b-8d1c-4766-8481-e400be61acce 1.610s
2025-12-15 10:02:10.113 67342 INFO tempest.lib.common.rest_client [req-5ce4d673-0443-4e86-988e-028f64ff90e5 req-5ce4d673-0443-4e86-988e-028f64ff90e5 ] Request (ServersNegativeTestMultiTenantJSON:setUpClass): 200 GET http://10.180.1.21/compute/v2.1/servers/bf7fc2e6-4884-4900-9d70-5e37ef769722 1.541s
2025-12-15 10:02:10.248 67344 INFO tempest.lib.common.rest_client [req-cf6e580a-9adf-4828-bf96-f1519e288204 req-cf6e580a-9adf-4828-bf96-f1519e288204 ] Request (FloatingIPsAssociationNegativeTestJSON:tearDownClass): 200 GET http://10.180.1.21/compute/v2.1/servers/e47e9469-882a-44cb-8010-1aeb4170423e 1.606s
2025-12-15 10:02:10.275 67362 INFO tempest.lib.common.rest_client [req-c1d4aaef-3ecd-4938-84e3-5c78ad0d89ff req-c1d4aaef-3ecd-4938-84e3-5c78ad0d89ff ] Request (ServersAdminTestJSON:test_inject_network_info): 200 GET http://10.180.1.21/compute/v2.1/servers/f65b6db2-682a-446d-b426-0499b841a451 1.670s
2025-12-15 10:02:10.282 67362 INFO tempest.common.waiters [-] State transition "BUILD/networking" ==> "BUILD/spawning" after 37 second wait
2025-12-15 10:02:10.303 67380 INFO tempest.lib.common.rest_client [req-93597f87-640b-4bb1-a699-109fade3f264 req-93597f87-640b-4bb1-a699-109fade3f264 ] Request (TenantUsagesTestJSON:setUpClass): 200 GET http://10.180.1.21/compute/v2.1/servers/83d6518c-a7f3-4a2a-a79a-ad9443868d3f 1.606s
2025-12-15 10:02:10.340 67374 INFO tempest.lib.common.rest_client [req-f7fb44c5-2259-45c0-806a-1b3bbc087402 req-f7fb44c5-2259-45c0-806a-1b3bbc087402 ] Request (ImagesOneServerTestJSON:tearDownClass): 200 GET http://10.180.1.21/compute/v2.1/servers/b729cc33-98dc-4dcb-a822-8e185b7f6bd9 1.634s
2025-12-15 10:02:10.359 67336 INFO tempest.lib.common.rest_client [req-180cb8df-9817-483f-a338-a96aab8e8d37 req-180cb8df-9817-483f-a338-a96aab8e8d37 ] Request (MultipleCreateTestJSON:test_multiple_create_with_reservation_return): 200 GET http://10.180.1.21/compute/v2.1/servers/6d94b45d-430d-49e7-8cfd-284cadecdec9 1.494s
2025-12-15 10:02:10.481 67358 INFO tempest.lib.common.rest_client [req-2eb48abf-67fe-47da-96fe-bfd48de079de req-2eb48abf-67fe-47da-96fe-bfd48de079de ] Request (SecurityGroupRulesTestJSON:tearDownClass): 202 DELETE http://10.180.1.21/compute/v2.1/os-security-groups/214f9fb6-d9e7-4a68-aaa3-0d5082621414 1.299s
2025-12-15 10:02:10.873 67320 INFO tempest.lib.common.rest_client [req-33c198fa-d8a9-4f11-9681-a9d5f6788d73 req-33c198fa-d8a9-4f11-9681-a9d5f6788d73 ] Request (MigrationsAdminTest:test_list_migrations_in_flavor_resize_situation): 200 GET http://10.180.1.21/compute/v2.1/servers/48de60e3-9da5-4c26-8938-5d844d408bf5 1.678s
2025-12-15 10:02:10.996 67346 INFO tempest.lib.common.rest_client [req-9afd5d9a-735e-499a-85ea-9535bf1fec4e req-9afd5d9a-735e-499a-85ea-9535bf1fec4e ] Request (ImagesOneServerNegativeTestJSON:_run_cleanups): 202 POST http://10.180.1.21/compute/v2.1/servers 2.108s
2025-12-15 10:02:11.170 67318 INFO tempest.lib.common.rest_client [req-c3cc9533-df32-4a3e-b7c0-d9f66594d5fd req-c3cc9533-df32-4a3e-b7c0-d9f66594d5fd ] Request (ServersAdminNegativeTestJSON:test_resize_server_using_overlimit_vcpus): 200 GET http://10.180.1.21/compute/v2.1/os-quota-sets/61ccd51e0f194f84b208357df5fe0729 1.866s
2025-12-15 10:02:11.287 67352 INFO tempest.lib.common.rest_client [req-eea773aa-1d9a-4f5d-9c8d-005fa6501bac req-eea773aa-1d9a-4f5d-9c8d-005fa6501bac ] Request (SecurityGroupsTestJSON:test_server_security_groups): 200 GET http://10.180.1.21/compute/v2.1/servers/64462084-da80-462b-a8c2-0f073511b4b0 2.068s
2025-12-15 10:02:11.313 67330 INFO tempest.lib.common.rest_client [req-b7b650d3-2fe7-44fb-860d-34b9a58f68f7 req-b7b650d3-2fe7-44fb-860d-34b9a58f68f7 ] Request (ServersNegativeTestJSON:setUpClass): 200 GET http://10.180.1.21/compute/v2.1/servers/04a2e66b-2bcd-4b2b-9a1a-75ba84f74530 1.960s
2025-12-15 10:02:11.327 67366 INFO tempest.lib.common.rest_client [req-ac9c8ed5-a1ac-415e-b214-ea8db0e7845c req-ac9c8ed5-a1ac-415e-b214-ea8db0e7845c ] Request (ServerMetadataNegativeTestJSON:test_set_server_metadata_missing_metadata): 400 PUT http://10.180.1.21/compute/v2.1/servers/afa4775a-11cd-4637-a389-899022086f8e/metadata 1.848s
2025-12-15 10:02:11.523 67360 INFO tempest.lib.common.rest_client [req-5a9c6591-123a-4e83-b44e-95362e6442e8 req-5a9c6591-123a-4e83-b44e-95362e6442e8 ] Request (DeleteServersTestJSON:test_delete_server_while_in_attached_volume): 200 GET http://10.180.1.21/compute/v2.1/servers/42cc9097-2525-46a4-a2a2-26de8a03eccd 2.144s
2025-12-15 10:02:11.699 67376 INFO tempest.lib.common.rest_client [req-558d483d-ad15-4d7c-b325-977dc68617c7 req-558d483d-ad15-4d7c-b325-977dc68617c7 ] Request (InstanceActionsTestJSON:setUpClass): 200 GET http://10.180.1.21/compute/v2.1/servers/fb2201d4-8496-466b-a1c8-75ccf835b5fb 1.859s
2025-12-15 10:02:11.932 67328 INFO tempest.lib.common.rest_client [req-42482c4a-105b-4ac2-8667-d48e1110a9ac req-42482c4a-105b-4ac2-8667-d48e1110a9ac ] Request (ImagesMetadataTestJSON:setUp): 200 PUT http://10.180.1.21/compute/v2.1/images/4ab01dce-e3c1-4833-9750-80d6424d6a46/metadata 2.087s
2025-12-15 10:02:12.040 67326 INFO tempest.lib.common.rest_client [req-51ab5ddd-50bb-4e47-8111-5e601f67eb97 req-51ab5ddd-50bb-4e47-8111-5e601f67eb97 ] Request (ServerGroupTestJSON:_run_cleanups): 200 GET http://10.180.1.21/compute/v2.1/servers/91a4995d-8e7c-4f19-835f-3e805cb5431c 2.164s
2025-12-15 10:02:12.054 67338 INFO tempest.lib.common.rest_client [req-9813a9b5-2742-4ef6-ad45-881f77ab63f8 req-9813a9b5-2742-4ef6-ad45-881f77ab63f8 ] Request (ServersTestJSON:test_create_server_with_admin_password): 202 POST http://10.180.1.21/compute/v2.1/servers 2.229s
2025-12-15 10:02:12.100 67350 INFO tempest.lib.common.rest_client [req-308e6172-6e40-4af3-94bb-ff286f87dc99 req-308e6172-6e40-4af3-94bb-ff286f87dc99 ] Request (ServersWithSpecificFlavorTestJSON:test_verify_created_server_ephemeral_disk): 200 GET http://10.180.1.21/compute/v2.1/servers/78bec445-6d97-44e5-9fc5-ced7c8c4d26c 2.134s
2025-12-15 10:02:12.195 67324 INFO tempest.lib.common.rest_client [req-829c1686-dd83-4640-b653-3c50f364f361 req-829c1686-dd83-4640-b653-3c50f364f361 ] Request (ServerDiskConfigTestJSON:test_resize_server_from_auto_to_manual): 200 GET http://10.180.1.21/compute/v2.1/servers/3fa8d8f6-ef30-434f-bbde-ee6e8266682e 1.921s
2025-12-15 10:02:12.238 67334 INFO tempest.lib.common.rest_client [req-7731d3fc-d81c-4b2f-803c-a98b66368139 req-7731d3fc-d81c-4b2f-803c-a98b66368139 ] Request (ServerActionsTestOtherA:setUpClass): 200 GET http://10.180.1.21/compute/v2.1/servers/dcb59afc-9870-483f-971d-e167a1bc9f77 2.106s
2025-12-15 10:02:12.255 67322 INFO tempest.lib.common.rest_client [req-734651c0-b30a-4b92-8d85-08f6c5daa453 req-734651c0-b30a-4b92-8d85-08f6c5daa453 ] Request (AttachInterfacesUnderV243Test:test_add_remove_fixed_ip): 200 GET http://10.180.1.21/compute/v2.1/servers/16338001-95aa-4491-a5eb-d1eb67115ec5 1.956s
2025-12-15 10:02:12.274 67358 INFO tempest.lib.common.rest_client [req-bf66ab7f-187e-41e2-bbd7-a8c665aa4ed1 req-bf66ab7f-187e-41e2-bbd7-a8c665aa4ed1 ] Request (SecurityGroupRulesTestJSON:tearDownClass): 404 DELETE http://10.180.1.21/compute/v2.1/os-security-groups/09f7ca3d-e7af-409b-8936-2630b885b5db 1.793s
2025-12-15 10:02:12.302 67354 INFO tempest.lib.common.rest_client [req-8a57bf39-4d8c-4a7c-88a4-1c79bfdd28de req-8a57bf39-4d8c-4a7c-88a4-1c79bfdd28de ] Request (VolumesAssistedSnapshotsTest:tearDownClass): 200 GET http://10.180.1.21/compute/v2.1/servers/2d8458dc-61ab-4234-9318-27c4a47e3c71 1.824s
2025-12-15 10:02:12.419 67368 INFO tempest.lib.common.rest_client [req-0a374f5d-c6af-4e22-92f2-5eeedadb5901 req-0a374f5d-c6af-4e22-92f2-5eeedadb5901 ] Request (ServerShowV254Test:test_rebuild_server): 200 GET http://10.180.1.21/compute/v2.1/servers/89b8ab7d-09a3-4256-879b-7efbf0db1a87 1.601s
2025-12-15 10:02:12.446 67364 INFO tempest.lib.common.rest_client [req-f98d3b27-f49f-4695-b459-004adf050634 req-f98d3b27-f49f-4695-b459-004adf050634 ] Request (ServerRescueTestJSON:setUpClass): 200 GET http://10.180.1.21/compute/v2.1/servers/5d5cb37b-ac83-4c9b-adb7-ef528c12a3bc 1.880s
2025-12-15 10:02:12.480 67356 INFO tempest.lib.common.rest_client [req-06739216-2433-4093-88ed-813fdc684bf6 req-06739216-2433-4093-88ed-813fdc684bf6 ] Request (ServerActionsTestOtherB:setUpClass): 200 GET http://10.180.1.21/compute/v2.1/servers/9792a224-27aa-4214-abfd-030f0549b33b 1.563s
2025-12-15 10:02:12.497 67346 INFO tempest.lib.common.rest_client [req-45d8f159-f85c-41c5-92f8-76386027d2c7 req-45d8f159-f85c-41c5-92f8-76386027d2c7 ] Request (ImagesOneServerNegativeTestJSON:_run_cleanups): 200 GET http://10.180.1.21/compute/v2.1/servers/53cef26c-0800-4ebe-97e9-4a6c3bb76728 1.500s
2025-12-15 10:02:12.540 67370 INFO tempest.lib.common.rest_client [req-a4d0f72e-b74d-43ad-b393-6604507c6ef4 req-a4d0f72e-b74d-43ad-b393-6604507c6ef4 ] Request (ImagesTestJSON:test_create_image_from_stopped_server): 200 GET http://10.180.1.21/compute/v2.1/servers/af0031fa-d354-43f8-a783-538940c6db6d 1.485s
2025-12-15 10:02:12.602 67342 INFO tempest.lib.common.rest_client [req-111850ef-8b57-4a55-8c44-d542bf2e3a28 req-111850ef-8b57-4a55-8c44-d542bf2e3a28 ] Request (ServersNegativeTestMultiTenantJSON:setUpClass): 200 GET http://10.180.1.21/compute/v2.1/servers/bf7fc2e6-4884-4900-9d70-5e37ef769722 1.477s
2025-12-15 10:02:12.623 67318 INFO tempest.lib.common.rest_client [req-b64da36d-7848-41c1-b645-dea561298c39 req-b64da36d-7848-41c1-b645-dea561298c39 ] Request (ServersAdminNegativeTestJSON:test_resize_server_using_overlimit_vcpus): 200 POST http://10.180.1.21/compute/v2.1/flavors 1.449s
2025-12-15 10:02:12.694 67344 INFO tempest.lib.common.rest_client [req-c5d64d7e-0c29-45aa-96e8-af66fa415b06 req-c5d64d7e-0c29-45aa-96e8-af66fa415b06 ] Request (FloatingIPsAssociationNegativeTestJSON:tearDownClass): 200 GET http://10.180.1.21/compute/v2.1/servers/e47e9469-882a-44cb-8010-1aeb4170423e 1.434s
2025-12-15 10:02:12.810 67362 INFO tempest.lib.common.rest_client [req-8b32f46a-3396-463e-85bc-4efe898ecb11 req-8b32f46a-3396-463e-85bc-4efe898ecb11 ] Request (ServersAdminTestJSON:test_inject_network_info): 200 GET http://10.180.1.21/compute/v2.1/servers/f65b6db2-682a-446d-b426-0499b841a451 1.527s
2025-12-15 10:02:12.865 67380 INFO tempest.lib.common.rest_client [req-f5cf6a7b-464e-4be8-ac25-2f43238fee98 req-f5cf6a7b-464e-4be8-ac25-2f43238fee98 ] Request (TenantUsagesTestJSON:setUpClass): 200 GET http://10.180.1.21/compute/v2.1/servers/83d6518c-a7f3-4a2a-a79a-ad9443868d3f 1.553s
2025-12-15 10:02:12.872 67380 INFO tempest.common.waiters [-] State transition "BUILD/scheduling" ==> "BUILD/None" after 22 second wait
2025-12-15 10:02:12.880 67366 INFO tempest.lib.common.rest_client [req-709d7667-41d0-4ad1-bf98-57e9d737be92 req-709d7667-41d0-4ad1-bf98-57e9d737be92 ] Request (ServerMetadataNegativeTestJSON:test_update_metadata_non_existent_server): 404 POST http://10.180.1.21/compute/v2.1/servers/6dd10363-bb66-4516-9c44-726c653cdc12/metadata 1.547s
2025-12-15 10:02:12.890 67340 INFO tempest.lib.common.rest_client [req-19e6b1ce-268d-4cb5-80cc-17fbd8a3adcb req-19e6b1ce-268d-4cb5-80cc-17fbd8a3adcb ] Request (FloatingIPsAssociationTestJSON:setUpClass): 200 GET http://10.180.1.21/compute/v2.1/servers/a8c8bf9b-8d1c-4766-8481-e400be61acce 1.804s
2025-12-15 10:02:12.944 67374 INFO tempest.lib.common.rest_client [req-d00e14d9-65f9-4e25-8762-1f8fa7440ccc req-d00e14d9-65f9-4e25-8762-1f8fa7440ccc ] Request (ImagesOneServerTestJSON:tearDownClass): 200 GET http://10.180.1.21/compute/v2.1/servers/b729cc33-98dc-4dcb-a822-8e185b7f6bd9 1.595s
2025-12-15 10:02:12.950 67336 INFO tempest.lib.common.rest_client [req-1822ebec-23be-4f6c-b3da-5b174b3932c4 req-1822ebec-23be-4f6c-b3da-5b174b3932c4 ] Request (MultipleCreateTestJSON:test_multiple_create_with_reservation_return): 200 GET http://10.180.1.21/compute/v2.1/servers/6d94b45d-430d-49e7-8cfd-284cadecdec9 1.579s
2025-12-15 10:02:13.051 67320 INFO tempest.lib.common.rest_client [req-4b16b551-cab5-449b-84c4-d92b6dcea74a req-4b16b551-cab5-449b-84c4-d92b6dcea74a ] Request (MigrationsAdminTest:test_list_migrations_in_flavor_resize_situation): 200 GET http://10.180.1.21/compute/v2.1/servers/48de60e3-9da5-4c26-8938-5d844d408bf5 1.170s
2025-12-15 10:02:13.145 67328 INFO tempest.lib.common.rest_client [req-473d487d-114d-491a-a9b8-2b16a19068b6 req-473d487d-114d-491a-a9b8-2b16a19068b6 ] Request (ImagesMetadataTestJSON:test_set_image_metadata_item): 200 PUT http://10.180.1.21/compute/v2.1/images/4ab01dce-e3c1-4833-9750-80d6424d6a46/metadata/os_version 1.212s
2025-12-15 10:02:13.279 67338 INFO tempest.lib.common.rest_client [req-b8aca030-b7a1-44c5-a97f-207a3cacd831 req-b8aca030-b7a1-44c5-a97f-207a3cacd831 ] Request (ServersTestJSON:_run_cleanups): 204 DELETE http://10.180.1.21/compute/v2.1/servers/c0b0b254-1492-4ff0-bb6e-54c59c5ee761 1.223s
2025-12-15 10:02:13.310 67358 INFO tempest.lib.common.rest_client [req-cd8a491a-c453-4c9e-bf35-59c95381e212 req-cd8a491a-c453-4c9e-bf35-59c95381e212 ] Request (SecurityGroupRulesTestJSON:tearDownClass): 202 DELETE http://10.180.1.21/compute/v2.1/os-security-groups/882bcbbd-066c-4f4d-b4d1-7261d774d576 1.036s
2025-12-15 10:02:13.337 67352 INFO tempest.lib.common.rest_client [req-27b6200d-e743-4316-99e1-ed9c0d20ad33 req-27b6200d-e743-4316-99e1-ed9c0d20ad33 ] Request (SecurityGroupsTestJSON:test_server_security_groups): 200 GET http://10.180.1.21/compute/v2.1/servers/64462084-da80-462b-a8c2-0f073511b4b0 1.037s
2025-12-15 10:02:13.380 67330 INFO tempest.lib.common.rest_client [req-4c100c29-62f5-4d96-9453-75fd09eaaa7d req-4c100c29-62f5-4d96-9453-75fd09eaaa7d ] Request (ServersNegativeTestJSON:setUpClass): 200 GET http://10.180.1.21/compute/v2.1/servers/04a2e66b-2bcd-4b2b-9a1a-75ba84f74530 1.059s
2025-12-15 10:02:13.450 67360 INFO tempest.lib.common.rest_client [req-a9b713c3-3042-420b-bed1-d73062aef253 req-a9b713c3-3042-420b-bed1-d73062aef253 ] Request (DeleteServersTestJSON:test_delete_server_while_in_attached_volume): 200 GET http://10.180.1.21/compute/v2.1/servers/42cc9097-2525-46a4-a2a2-26de8a03eccd 0.911s
2025-12-15 10:02:13.498 67318 INFO tempest.lib.common.rest_client [req-527b8bb4-e92d-4adf-a746-6a7a420dbb50 req-527b8bb4-e92d-4adf-a746-6a7a420dbb50 ] Request (ServersAdminNegativeTestJSON:test_resize_server_using_overlimit_vcpus): 403 POST http://10.180.1.21/compute/v2.1/servers/3a826f0b-096c-4199-b4e8-b62496bed6a5/action 0.871s
2025-12-15 10:02:13.505 67366 INFO tempest.lib.common.rest_client [req-73ae1f5a-4d1f-4cf5-86b6-4659d1a7a5d1 req-73ae1f5a-4d1f-4cf5-86b6-4659d1a7a5d1 ] Request (ServerMetadataNegativeTestJSON:test_update_metadata_with_blank_key): 400 POST http://10.180.1.21/compute/v2.1/servers/afa4775a-11cd-4637-a389-899022086f8e/metadata 0.623s
2025-12-15 10:02:13.508 67376 INFO tempest.lib.common.rest_client [req-3f461959-cdfe-47d5-b62e-fcfeaca5e2c8 req-3f461959-cdfe-47d5-b62e-fcfeaca5e2c8 ] Request (InstanceActionsTestJSON:setUpClass): 200 GET http://10.180.1.21/compute/v2.1/servers/fb2201d4-8496-466b-a1c8-75ccf835b5fb 0.799s
2025-12-15 10:02:13.560 67350 INFO tempest.lib.common.rest_client [req-09851f85-9d4a-45a4-8fd1-d41f82ca4df2 req-09851f85-9d4a-45a4-8fd1-d41f82ca4df2 ] Request (ServersWithSpecificFlavorTestJSON:test_verify_created_server_ephemeral_disk): 200 GET http://10.180.1.21/compute/v2.1/servers/78bec445-6d97-44e5-9fc5-ced7c8c4d26c 0.452s
2025-12-15 10:02:13.566 67326 INFO tempest.lib.common.rest_client [req-becaf445-a1a2-487d-a88b-e8986faefea9 req-becaf445-a1a2-487d-a88b-e8986faefea9 ] Request (ServerGroupTestJSON:_run_cleanups): 200 GET http://10.180.1.21/compute/v2.1/servers/91a4995d-8e7c-4f19-835f-3e805cb5431c 0.516s
2025-12-15 10:02:13.594 67328 INFO tempest.lib.common.rest_client [req-2201d1f7-761c-466b-b798-e21e64a76b76 req-2201d1f7-761c-466b-b798-e21e64a76b76 ] Request (ImagesMetadataTestJSON:test_set_image_metadata_item): 200 GET http://10.180.1.21/compute/v2.1/images/4ab01dce-e3c1-4833-9750-80d6424d6a46/metadata 0.448s
2025-12-15 10:02:13.624 67324 INFO tempest.lib.common.rest_client [req-e3282865-6327-44a7-acd8-84638ecaa084 req-e3282865-6327-44a7-acd8-84638ecaa084 ] Request (ServerDiskConfigTestJSON:test_resize_server_from_auto_to_manual): 200 GET http://10.180.1.21/compute/v2.1/servers/3fa8d8f6-ef30-434f-bbde-ee6e8266682e 0.417s
2025-12-15 10:02:13.679 67322 INFO tempest.lib.common.rest_client [req-b26c7a50-84da-41c3-b2a5-f8edb754f1a5 req-b26c7a50-84da-41c3-b2a5-f8edb754f1a5 ] Request (AttachInterfacesUnderV243Test:test_add_remove_fixed_ip): 200 GET http://10.180.1.21/compute/v2.1/servers/16338001-95aa-4491-a5eb-d1eb67115ec5 0.416s
2025-12-15 10:02:13.699 67338 INFO tempest.lib.common.rest_client [req-67e3a49a-3d27-4508-90cc-f51024ac84ac req-67e3a49a-3d27-4508-90cc-f51024ac84ac ] Request (ServersTestJSON:_run_cleanups): 404 GET http://10.180.1.21/compute/v2.1/servers/c0b0b254-1492-4ff0-bb6e-54c59c5ee761 0.420s
2025-12-15 10:02:13.712 67334 INFO tempest.lib.common.rest_client [req-5fd5c4f2-91f6-48f5-a8b6-8c785d355095 req-5fd5c4f2-91f6-48f5-a8b6-8c785d355095 ] Request (ServerActionsTestOtherA:setUpClass): 200 GET http://10.180.1.21/compute/v2.1/servers/dcb59afc-9870-483f-971d-e167a1bc9f77 0.463s
2025-12-15 10:02:13.720 67334 INFO tempest.common.waiters [-] State transition "BUILD/spawning" ==> "ACTIVE/None" after 42 second wait
2025-12-15 10:02:13.749 67338 INFO tempest.lib.common.rest_client [req-5dd3b4f5-a246-489c-ac5b-c41d5039cd7b req-5dd3b4f5-a246-489c-ac5b-c41d5039cd7b ] Request (ServersTestJSON:test_create_server_with_ipv6_addr_only): 201 POST http://10.180.1.21/identity/v3/auth/tokens 0.044s
2025-12-15 10:02:13.749 67338 INFO tempest.lib.common.fixed_network [-] (ServersTestJSON:test_create_server_with_ipv6_addr_only) Found network {'id': '776b75b8-84a2-4bfc-bfc7-8a1e8b1cc942', 'name': 'tempest-ServersTestJSON-1594895094-network', 'tenant_id': '6f57bea7b81042d2848a2ba2c5119217', 'project_id': '6f57bea7b81042d2848a2ba2c5119217', 'admin_state_up': True, 'mtu': 8950, 'status': 'ACTIVE', 'subnets': [], 'shared': False, 'port_security_enabled': True, 'router:external': False, 'provider:network_type': 'vlan', 'provider:physical_network': 'default', 'provider:segmentation_id': 72, 'availability_zone_hints': [], 'availability_zones': [], 'ipv4_address_scope': None, 'ipv6_address_scope': None, 'description': '', 'tags': [], 'created_at': '2025-12-15T10:01:17Z', 'updated_at': '2025-12-15T10:01:17Z', 'revision_number': 1} available for tenant
2025-12-15 10:02:13.793 67354 INFO tempest.lib.common.rest_client [req-4c0b13d5-56bb-4575-85b6-dac8e6e57df1 req-4c0b13d5-56bb-4575-85b6-dac8e6e57df1 ] Request (VolumesAssistedSnapshotsTest:tearDownClass): 200 GET http://10.180.1.21/compute/v2.1/servers/2d8458dc-61ab-4234-9318-27c4a47e3c71 0.483s
2025-12-15 10:02:13.878 67358 INFO tempest.lib.common.rest_client [req-b7d2772f-3270-4cc3-a314-b92eaeec03a5 req-b7d2772f-3270-4cc3-a314-b92eaeec03a5 ] Request (SecurityGroupRulesTestJSON:tearDownClass): 202 DELETE http://10.180.1.21/compute/v2.1/os-security-groups/0d69fc92-7d06-4309-9237-f53f412f1be3 0.567s
2025-12-15 10:02:13.883 67368 INFO tempest.lib.common.rest_client [req-859cb41d-301a-495a-bfd7-745df067ca83 req-859cb41d-301a-495a-bfd7-745df067ca83 ] Request (ServerShowV254Test:test_rebuild_server): 200 GET http://10.180.1.21/compute/v2.1/servers/89b8ab7d-09a3-4256-879b-7efbf0db1a87 0.453s
2025-12-15 10:02:13.978 67356 INFO tempest.lib.common.rest_client [req-209ccd74-4602-4564-b96e-0237888f8f6e req-209ccd74-4602-4564-b96e-0237888f8f6e ] Request (ServerActionsTestOtherB:setUpClass): 200 GET http://10.180.1.21/compute/v2.1/servers/9792a224-27aa-4214-abfd-030f0549b33b 0.490s
2025-12-15 10:02:13.994 67318 INFO tempest.lib.common.rest_client [req-9dd1fba7-12c2-49bb-9937-7bf0bc77d116 req-9dd1fba7-12c2-49bb-9937-7bf0bc77d116 ] Request (ServersAdminNegativeTestJSON:_run_cleanups): 202 DELETE http://10.180.1.21/compute/v2.1/flavors/2125023868 0.496s
2025-12-15 10:02:14.007 67364 INFO tempest.lib.common.rest_client [req-fd04335c-5872-4150-9a56-004c53b86d85 req-fd04335c-5872-4150-9a56-004c53b86d85 ] Request (ServerRescueTestJSON:setUpClass): 200 GET http://10.180.1.21/compute/v2.1/servers/5d5cb37b-ac83-4c9b-adb7-ef528c12a3bc 0.552s
2025-12-15 10:02:14.057 67346 INFO tempest.lib.common.rest_client [req-09f513b3-3ea4-476e-b0c7-fa1400838058 req-09f513b3-3ea4-476e-b0c7-fa1400838058 ] Request (ImagesOneServerNegativeTestJSON:_run_cleanups): 200 GET http://10.180.1.21/compute/v2.1/servers/53cef26c-0800-4ebe-97e9-4a6c3bb76728 0.552s
2025-12-15 10:02:14.111 67366 INFO tempest.lib.common.rest_client [req-43aadbb3-31bc-463a-abd1-25d444470388 req-43aadbb3-31bc-463a-abd1-25d444470388 ] Request (ServerMetadataNegativeTestJSON:tearDownClass): 204 DELETE http://10.180.1.21/compute/v2.1/servers/afa4775a-11cd-4637-a389-899022086f8e 0.601s
2025-12-15 10:02:14.111 67370 INFO tempest.lib.common.rest_client [req-9b994355-136c-4c0c-98bf-9f8c904efea9 req-9b994355-136c-4c0c-98bf-9f8c904efea9 ] Request (ImagesTestJSON:test_create_image_from_stopped_server): 200 GET http://10.180.1.21/compute/v2.1/servers/af0031fa-d354-43f8-a783-538940c6db6d 0.560s
2025-12-15 10:02:14.161 67342 INFO tempest.lib.common.rest_client [req-4e89051f-e1cf-4777-b0cb-ea6cd33a9b7b req-4e89051f-e1cf-4777-b0cb-ea6cd33a9b7b ] Request (ServersNegativeTestMultiTenantJSON:setUpClass): 200 GET http://10.180.1.21/compute/v2.1/servers/bf7fc2e6-4884-4900-9d70-5e37ef769722 0.550s
2025-12-15 10:02:14.237 67344 INFO tempest.lib.common.rest_client [req-d50f0d8d-f478-40bf-b7c7-a0de8d4166c8 req-d50f0d8d-f478-40bf-b7c7-a0de8d4166c8 ] Request (FloatingIPsAssociationNegativeTestJSON:tearDownClass): 200 GET http://10.180.1.21/compute/v2.1/servers/e47e9469-882a-44cb-8010-1aeb4170423e 0.534s
2025-12-15 10:02:14.342 67334 INFO tempest.lib.common.rest_client [req-2f20ca08-bc1a-452b-866e-ab2885199308 req-2f20ca08-bc1a-452b-866e-ab2885199308 ] Request (ServerActionsTestOtherA:setUpClass): 200 GET http://10.180.1.21/compute/v2.1/servers/dcb59afc-9870-483f-971d-e167a1bc9f77/os-interface 0.621s
2025-12-15 10:02:14.363 67328 INFO tempest.lib.common.rest_client [req-7ed01a42-1f9e-494d-a7ad-8df30aae65b4 req-7ed01a42-1f9e-494d-a7ad-8df30aae65b4 ] Request (ImagesMetadataTestJSON:setUp): 200 PUT http://10.180.1.21/compute/v2.1/images/4ab01dce-e3c1-4833-9750-80d6424d6a46/metadata 0.768s
2025-12-15 10:02:14.533 67362 INFO tempest.lib.common.rest_client [req-be026e1c-9226-4078-a4d5-1382402c8cc3 req-be026e1c-9226-4078-a4d5-1382402c8cc3 ] Request (ServersAdminTestJSON:test_inject_network_info): 200 GET http://10.180.1.21/compute/v2.1/servers/f65b6db2-682a-446d-b426-0499b841a451 0.715s
2025-12-15 10:02:14.637 67380 INFO tempest.lib.common.rest_client [req-9e5c3872-ac14-4556-a07d-924cd612355c req-9e5c3872-ac14-4556-a07d-924cd612355c ] Request (TenantUsagesTestJSON:setUpClass): 200 GET http://10.180.1.21/compute/v2.1/servers/83d6518c-a7f3-4a2a-a79a-ad9443868d3f 0.763s
2025-12-15 10:02:14.875 67334 INFO tempest.lib.common.rest_client [req-67a2f12e-2405-4091-bbcf-d7b1b6446018 req-67a2f12e-2405-4091-bbcf-d7b1b6446018 ] Request (ServerActionsTestOtherA:setUpClass): 200 PUT http://10.180.1.21/networking/v2.0/floatingips/695be9c6-ba22-462d-9b90-1d311b960d41 0.531s
2025-12-15 10:02:14.877 67334 INFO tempest.lib.common.ssh [-] Creating ssh connection to '10.180.180.250:22' as 'cirros' with public key authentication
2025-12-15 10:02:15.016 67338 INFO tempest.lib.common.rest_client [req-eede56a1-9634-4bd9-a146-5c5a013c00a9 req-eede56a1-9634-4bd9-a146-5c5a013c00a9 ] Request (ServersTestJSON:test_create_server_with_ipv6_addr_only): 202 POST http://10.180.1.21/compute/v2.1/servers 1.266s
2025-12-15 10:02:15.018 67358 INFO tempest.lib.common.rest_client [req-3e0d6d80-2eb6-4744-b8f7-77157d61c54b req-3e0d6d80-2eb6-4744-b8f7-77157d61c54b ] Request (SecurityGroupRulesTestJSON:tearDownClass): 202 DELETE http://10.180.1.21/compute/v2.1/os-security-groups/8323b569-e64f-4bf4-b9bd-5e737ebacfa9 1.140s
2025-12-15 10:02:15.166 67374 INFO tempest.lib.common.rest_client [req-50596001-0adc-45d1-9df0-81c628bc04cf req-50596001-0adc-45d1-9df0-81c628bc04cf ] Request (ImagesOneServerTestJSON:tearDownClass): 200 GET http://10.180.1.21/compute/v2.1/servers/b729cc33-98dc-4dcb-a822-8e185b7f6bd9 1.213s
2025-12-15 10:02:15.193 67340 INFO tempest.lib.common.rest_client [req-d91bcb92-0289-433a-8d6b-c607d15e388c req-d91bcb92-0289-433a-8d6b-c607d15e388c ] Request (FloatingIPsAssociationTestJSON:setUpClass): 200 GET http://10.180.1.21/compute/v2.1/servers/a8c8bf9b-8d1c-4766-8481-e400be61acce 1.291s
2025-12-15 10:02:15.241 67318 INFO tempest.lib.common.rest_client [req-d7918e77-0bb5-40fd-8974-915c83192d28 req-d7918e77-0bb5-40fd-8974-915c83192d28 ] Request (ServersAdminNegativeTestJSON:_run_cleanups): 200 GET http://10.180.1.21/compute/v2.1/flavors/detail 1.246s
2025-12-15 10:02:15.392 67348 INFO tempest.lib.common.rest_client [req-f6e492de-b60f-4800-9878-8947038e3823 req-f6e492de-b60f-4800-9878-8947038e3823 ] Request (QuotasAdminTestV257:test_get_updated_quotas): 200 GET http://10.180.1.21/identity/v3/domains?name=Default 0.060s
2025-12-15 10:02:15.396 67336 INFO tempest.lib.common.rest_client [req-40ac6951-54eb-46c7-856a-7357b2946ffc req-40ac6951-54eb-46c7-856a-7357b2946ffc ] Request (MultipleCreateTestJSON:test_multiple_create_with_reservation_return): 200 GET http://10.180.1.21/compute/v2.1/servers/6d94b45d-430d-49e7-8cfd-284cadecdec9 1.438s
2025-12-15 10:02:15.405 67336 INFO tempest.common.waiters [-] State transition "BUILD/None" ==> "BUILD/block_device_mapping" after 34 second wait
2025-12-15 10:02:15.430 67320 INFO tempest.lib.common.rest_client [req-a6bedf08-402a-4200-bd09-0fc6e8a5f0a1 req-a6bedf08-402a-4200-bd09-0fc6e8a5f0a1 ] Request (MigrationsAdminTest:test_list_migrations_in_flavor_resize_situation): 200 GET http://10.180.1.21/compute/v2.1/servers/48de60e3-9da5-4c26-8938-5d844d408bf5 1.371s
2025-12-15 10:02:15.441 67348 INFO tempest.lib.common.rest_client [req-90f49807-fccd-46be-8a0b-1f4779c5115c req-90f49807-fccd-46be-8a0b-1f4779c5115c ] Request (QuotasAdminTestV257:test_get_updated_quotas): 201 POST http://10.180.1.21/identity/v3/projects 0.047s
2025-12-15 10:02:15.528 67348 INFO tempest.lib.common.rest_client [req-ccc07636-3209-409c-bf44-3b40bdc9bb81 req-ccc07636-3209-409c-bf44-3b40bdc9bb81 ] Request (QuotasAdminTestV257:test_get_updated_quotas): 200 GET http://10.180.1.21/identity/v3/domains?name=Default 0.086s
2025-12-15 10:02:15.570 67352 INFO tempest.lib.common.rest_client [req-ef30caf8-4bd2-401c-a5dc-2eebd2ccada2 req-ef30caf8-4bd2-401c-a5dc-2eebd2ccada2 ] Request (SecurityGroupsTestJSON:test_server_security_groups): 200 GET http://10.180.1.21/compute/v2.1/servers/64462084-da80-462b-a8c2-0f073511b4b0 1.222s
2025-12-15 10:02:15.593 67366 INFO tempest.lib.common.rest_client [req-7c6f04fa-6bfa-4102-8287-33f8ac4477b1 req-7c6f04fa-6bfa-4102-8287-33f8ac4477b1 ] Request (ServerMetadataNegativeTestJSON:tearDownClass): 200 GET http://10.180.1.21/compute/v2.1/servers/afa4775a-11cd-4637-a389-899022086f8e 1.482s
2025-12-15 10:02:15.653 67330 INFO tempest.lib.common.rest_client [req-ad7103bb-0d51-433a-ba43-9137107a85a6 req-ad7103bb-0d51-433a-ba43-9137107a85a6 ] Request (ServersNegativeTestJSON:setUpClass): 200 GET http://10.180.1.21/compute/v2.1/servers/04a2e66b-2bcd-4b2b-9a1a-75ba84f74530 1.265s
2025-12-15 10:02:15.712 67360 INFO tempest.lib.common.rest_client [req-9ca276ea-fcf6-42e1-9ac9-a56d27a3f523 req-9ca276ea-fcf6-42e1-9ac9-a56d27a3f523 ] Request (DeleteServersTestJSON:test_delete_server_while_in_attached_volume): 200 GET http://10.180.1.21/compute/v2.1/servers/42cc9097-2525-46a4-a2a2-26de8a03eccd 1.254s
2025-12-15 10:02:15.766 67376 INFO tempest.lib.common.rest_client [req-79b679a0-5a1d-4b01-ac7a-4bbaca6de70d req-79b679a0-5a1d-4b01-ac7a-4bbaca6de70d ] Request (InstanceActionsTestJSON:setUpClass): 200 GET http://10.180.1.21/compute/v2.1/servers/fb2201d4-8496-466b-a1c8-75ccf835b5fb 1.249s
2025-12-15 10:02:15.775 67376 INFO tempest.common.waiters [-] State transition "BUILD/scheduling" ==> "BUILD/None" after 16 second wait
2025-12-15 10:02:15.810 67328 INFO tempest.lib.common.rest_client [req-f1d8d0af-306e-4f45-858a-4c468fb9ccd2 req-f1d8d0af-306e-4f45-858a-4c468fb9ccd2 ] Request (ImagesMetadataTestJSON:test_update_image_metadata): 200 POST http://10.180.1.21/compute/v2.1/images/4ab01dce-e3c1-4833-9750-80d6424d6a46/metadata 1.445s
2025-12-15 10:02:15.839 67350 INFO tempest.lib.common.rest_client [req-5c940cc3-ad80-4874-9ab4-7f4d81b654d6 req-5c940cc3-ad80-4874-9ab4-7f4d81b654d6 ] Request (ServersWithSpecificFlavorTestJSON:test_verify_created_server_ephemeral_disk): 200 GET http://10.180.1.21/compute/v2.1/servers/78bec445-6d97-44e5-9fc5-ced7c8c4d26c 1.271s
2025-12-15 10:02:15.881 67326 INFO tempest.lib.common.rest_client [req-43212ddc-ce64-45fa-9085-d2c074207473 req-43212ddc-ce64-45fa-9085-d2c074207473 ] Request (ServerGroupTestJSON:_run_cleanups): 200 GET http://10.180.1.21/compute/v2.1/servers/91a4995d-8e7c-4f19-835f-3e805cb5431c 1.307s
2025-12-15 10:02:15.897 67324 INFO tempest.lib.common.rest_client [req-75f04808-88d2-4fbb-a633-f05aaa755886 req-75f04808-88d2-4fbb-a633-f05aaa755886 ] Request (ServerDiskConfigTestJSON:test_resize_server_from_auto_to_manual): 200 GET http://10.180.1.21/compute/v2.1/servers/3fa8d8f6-ef30-434f-bbde-ee6e8266682e 1.264s
2025-12-15 10:02:15.934 67322 INFO tempest.lib.common.rest_client [req-97834c2b-bc69-4abd-b6a9-204568087dd8 req-97834c2b-bc69-4abd-b6a9-204568087dd8 ] Request (AttachInterfacesUnderV243Test:test_add_remove_fixed_ip): 200 GET http://10.180.1.21/compute/v2.1/servers/16338001-95aa-4491-a5eb-d1eb67115ec5 1.246s
2025-12-15 10:02:15.952 67354 INFO tempest.lib.common.rest_client [req-13bf1017-8f4b-4ac8-949a-b3e93c217250 req-13bf1017-8f4b-4ac8-949a-b3e93c217250 ] Request (VolumesAssistedSnapshotsTest:tearDownClass): 200 GET http://10.180.1.21/compute/v2.1/servers/2d8458dc-61ab-4234-9318-27c4a47e3c71 1.147s
2025-12-15 10:02:15.983 67368 INFO tempest.lib.common.rest_client [req-0c4669cf-27ca-4b75-b813-5f0c8a58cc06 req-0c4669cf-27ca-4b75-b813-5f0c8a58cc06 ] Request (ServerShowV254Test:test_rebuild_server): 200 GET http://10.180.1.21/compute/v2.1/servers/89b8ab7d-09a3-4256-879b-7efbf0db1a87 1.088s
2025-12-15 10:02:16.001 67356 INFO tempest.lib.common.rest_client [req-68584c2b-6d22-4781-8d2f-057f616f4bd8 req-68584c2b-6d22-4781-8d2f-057f616f4bd8 ] Request (ServerActionsTestOtherB:setUpClass): 200 GET http://10.180.1.21/compute/v2.1/servers/9792a224-27aa-4214-abfd-030f0549b33b 1.014s
2025-12-15 10:02:16.052 67338 INFO tempest.lib.common.rest_client [req-85acf88f-9a60-442b-a22a-85d86c4c7e6f req-85acf88f-9a60-442b-a22a-85d86c4c7e6f ] Request (ServersTestJSON:test_create_server_with_ipv6_addr_only): 200 GET http://10.180.1.21/compute/v2.1/servers/d23df453-5217-4d05-8bee-14736c62c396 1.033s
2025-12-15 10:02:16.154 67358 INFO tempest.lib.common.rest_client [req-6a54e35d-1cfc-4f6b-8960-dc0ca6e10199 req-6a54e35d-1cfc-4f6b-8960-dc0ca6e10199 ] Request (SecurityGroupRulesTestJSON:tearDownClass): 202 DELETE http://10.180.1.21/compute/v2.1/os-security-groups/5970de76-39f8-4c50-b5c1-27c79f2d8e1c 1.136s
2025-12-15 10:02:16.208 67346 INFO tempest.lib.common.rest_client [req-6164d03a-69ae-48d4-9b72-1edbc3364901 req-6164d03a-69ae-48d4-9b72-1edbc3364901 ] Request (ImagesOneServerNegativeTestJSON:_run_cleanups): 200 GET http://10.180.1.21/compute/v2.1/servers/53cef26c-0800-4ebe-97e9-4a6c3bb76728 1.141s
2025-12-15 10:02:16.231 67364 INFO tempest.lib.common.rest_client [req-0c3e6c18-6d7e-4cc2-86ed-ae8ecaf4d58c req-0c3e6c18-6d7e-4cc2-86ed-ae8ecaf4d58c ] Request (ServerRescueTestJSON:setUpClass): 200 GET http://10.180.1.21/compute/v2.1/servers/5d5cb37b-ac83-4c9b-adb7-ef528c12a3bc 1.208s
2025-12-15 10:02:16.238 67364 INFO tempest.common.waiters [-] State transition "ACTIVE/rescuing" ==> "RESCUE/None" after 7 second wait
2025-12-15 10:02:16.256 67370 INFO tempest.lib.common.rest_client [req-0dd967a9-9d1a-4e3f-9143-4a0c98b2c806 req-0dd967a9-9d1a-4e3f-9143-4a0c98b2c806 ] Request (ImagesTestJSON:test_create_image_from_stopped_server): 200 GET http://10.180.1.21/compute/v2.1/servers/af0031fa-d354-43f8-a783-538940c6db6d 1.136s
2025-12-15 10:02:16.279 67342 INFO tempest.lib.common.rest_client [req-a42f314b-e324-43ab-b0ca-844baf144a27 req-a42f314b-e324-43ab-b0ca-844baf144a27 ] Request (ServersNegativeTestMultiTenantJSON:setUpClass): 200 GET http://10.180.1.21/compute/v2.1/servers/bf7fc2e6-4884-4900-9d70-5e37ef769722 1.108s
2025-12-15 10:02:16.304 67364 INFO tempest.lib.common.rest_client [req-80c74081-4e38-4044-ba5a-2debb19b76bf req-80c74081-4e38-4044-ba5a-2debb19b76bf ] Request (ServerRescueTestJSON:test_rescue_unrescue_instance): 201 POST http://10.180.1.21/identity/v3/auth/tokens 0.064s
2025-12-15 10:02:16.305 67364 INFO tempest.lib.common.fixed_network [-] (ServerRescueTestJSON:test_rescue_unrescue_instance) Found network {'id': '71b82ca8-6641-439b-8e45-f97394c33526', 'name': 'tempest-ServerRescueTestJSON-1191909037-network', 'tenant_id': '2e98fd014c7d4b408308943f7f536ddc', 'project_id': '2e98fd014c7d4b408308943f7f536ddc', 'admin_state_up': True, 'mtu': 8950, 'status': 'ACTIVE', 'subnets': [], 'shared': False, 'port_security_enabled': True, 'router:external': False, 'provider:network_type': 'vlan', 'provider:physical_network': 'default', 'provider:segmentation_id': 344, 'availability_zone_hints': [], 'availability_zones': [], 'ipv4_address_scope': None, 'ipv6_address_scope': None, 'description': '', 'tags': [], 'created_at': '2025-12-15T10:01:14Z', 'updated_at': '2025-12-15T10:01:14Z', 'revision_number': 1} available for tenant
2025-12-15 10:02:16.305 67318 INFO tempest.lib.common.rest_client [req-17a05cbe-00db-431a-9430-db14bd9cae6c req-17a05cbe-00db-431a-9430-db14bd9cae6c ] Request (ServersAdminNegativeTestJSON:test_restore_server_invalid_state): 409 POST http://10.180.1.21/compute/v2.1/servers/3a826f0b-096c-4199-b4e8-b62496bed6a5/action 1.054s
2025-12-15 10:02:16.357 67344 INFO tempest.lib.common.rest_client [req-2a1fde58-d6ce-4801-9c5b-ec7669dd768e req-2a1fde58-d6ce-4801-9c5b-ec7669dd768e ] Request (FloatingIPsAssociationNegativeTestJSON:tearDownClass): 200 GET http://10.180.1.21/compute/v2.1/servers/e47e9469-882a-44cb-8010-1aeb4170423e 1.110s
2025-12-15 10:02:16.499 67348 INFO tempest.lib.common.rest_client [req-6dc41811-c590-4a62-90d9-3e8468da3931 req-6dc41811-c590-4a62-90d9-3e8468da3931 ] Request (QuotasAdminTestV257:test_get_updated_quotas): 200 PUT http://10.180.1.21/compute/v2.1/os-quota-sets/701661746352429580ebb0cb4c5e9c39 0.971s
2025-12-15 10:02:16.725 67362 INFO tempest.lib.common.rest_client [req-a09585aa-6fc4-430d-80d6-135b8704b172 req-a09585aa-6fc4-430d-80d6-135b8704b172 ] Request (ServersAdminTestJSON:test_inject_network_info): 200 GET http://10.180.1.21/compute/v2.1/servers/f65b6db2-682a-446d-b426-0499b841a451 1.183s
2025-12-15 10:02:16.741 67380 INFO tempest.lib.common.rest_client [req-0c1dc2bd-767f-4c61-ba48-08850cf64264 req-0c1dc2bd-767f-4c61-ba48-08850cf64264 ] Request (TenantUsagesTestJSON:setUpClass): 200 GET http://10.180.1.21/compute/v2.1/servers/83d6518c-a7f3-4a2a-a79a-ad9443868d3f 1.095s
2025-12-15 10:02:16.762 67328 INFO tempest.lib.common.rest_client [req-e571297a-2462-427c-b8b0-0b2760c41efc req-e571297a-2462-427c-b8b0-0b2760c41efc ] Request (ImagesMetadataTestJSON:test_update_image_metadata): 200 GET http://10.180.1.21/compute/v2.1/images/4ab01dce-e3c1-4833-9750-80d6424d6a46/metadata 0.951s
2025-12-15 10:02:16.816 67328 INFO tempest.lib.common.rest_client [req-0268ee01-a573-4f98-9e1c-3bd46da52021 req-0268ee01-a573-4f98-9e1c-3bd46da52021 ] Request (ImagesMetadataTestJSON:tearDownClass): 204 DELETE http://10.180.1.21/image/v2/images/4ab01dce-e3c1-4833-9750-80d6424d6a46 0.052s
2025-12-15 10:02:16.840 67374 INFO tempest.lib.common.rest_client [req-87fb3341-a8d9-4af0-9bb6-4b69f93dc6a2 req-87fb3341-a8d9-4af0-9bb6-4b69f93dc6a2 ] Request (ImagesOneServerTestJSON:tearDownClass): 200 GET http://10.180.1.21/compute/v2.1/servers/b729cc33-98dc-4dcb-a822-8e185b7f6bd9 0.660s
2025-12-15 10:02:16.864 67358 INFO tempest.lib.common.rest_client [req-8b293fce-01e2-4748-a53a-5d658f770681 req-8b293fce-01e2-4748-a53a-5d658f770681 ] Request (SecurityGroupRulesTestJSON:tearDownClass): 202 DELETE http://10.180.1.21/compute/v2.1/os-security-groups/eef1a3ee-7cec-42e3-a654-1998789b0d06 0.709s
2025-12-15 10:02:16.969 67328 INFO tempest.lib.common.rest_client [req-fecaddaa-b938-4237-b2e6-aa49cf7ab818 req-fecaddaa-b938-4237-b2e6-aa49cf7ab818 ] Request (ImagesMetadataTestJSON:tearDownClass): 204 DELETE http://10.180.1.21/identity/v3/users/84599efbec584587bc9413a0403ba243 0.153s
2025-12-15 10:02:16.970 67328 INFO tempest.lib.common.dynamic_creds [-] Deleting project and security group for project: 67ea49a6113a49ddba3ffdc33c66924a
2025-12-15 10:02:17.029 67328 INFO tempest.lib.common.rest_client [req-e447b999-97d3-4338-bb2a-784bd819f15a req-e447b999-97d3-4338-bb2a-784bd819f15a ] Request (ImagesMetadataTestJSON:tearDownClass): 201 POST http://10.180.1.21/identity/v3/auth/tokens 0.059s
2025-12-15 10:02:17.111 67340 INFO tempest.lib.common.rest_client [req-459abaab-4b74-41f2-9005-02d6e9932703 req-459abaab-4b74-41f2-9005-02d6e9932703 ] Request (FloatingIPsAssociationTestJSON:setUpClass): 200 GET http://10.180.1.21/compute/v2.1/servers/a8c8bf9b-8d1c-4766-8481-e400be61acce 0.907s
2025-12-15 10:02:17.120 67340 INFO tempest.common.waiters [-] State transition "BUILD/spawning" ==> "ACTIVE/None" after 45 second wait
2025-12-15 10:02:17.212 67318 INFO tempest.lib.common.rest_client [req-44dcc77f-b667-4f8c-9df2-bc6728f6ec5c req-44dcc77f-b667-4f8c-9df2-bc6728f6ec5c ] Request (ServersAdminNegativeTestJSON:tearDownClass): 204 DELETE http://10.180.1.21/compute/v2.1/servers/1aae4603-3448-4393-9894-5d8b1001905e 0.905s
2025-12-15 10:02:17.325 67328 INFO tempest.lib.common.rest_client [req-a57a3f2f-efb4-42f4-90a4-e4f8fb32564d req-a57a3f2f-efb4-42f4-90a4-e4f8fb32564d ] Request (ImagesMetadataTestJSON:tearDownClass): 200 GET http://10.180.1.21/networking/v2.0/security-groups?tenant_id=67ea49a6113a49ddba3ffdc33c66924a&name=default 0.295s
2025-12-15 10:02:17.576 67328 INFO tempest.lib.common.rest_client [req-f167bcb5-b3aa-4a5a-a002-1330e3b04f76 req-f167bcb5-b3aa-4a5a-a002-1330e3b04f76 ] Request (ImagesMetadataTestJSON:tearDownClass): 204 DELETE http://10.180.1.21/networking/v2.0/security-groups/dd60cb86-cd77-4715-88ff-9d5f67bc1829 0.251s
2025-12-15 10:02:17.667 67328 INFO tempest.lib.common.rest_client [req-2fb31fab-c542-40cd-a07e-f4d7948b3bd7 req-2fb31fab-c542-40cd-a07e-f4d7948b3bd7 ] Request (ImagesMetadataTestJSON:tearDownClass): 204 DELETE http://10.180.1.21/identity/v3/projects/67ea49a6113a49ddba3ffdc33c66924a 0.090s
2025-12-15 10:02:17.738 67358 INFO tempest.lib.common.rest_client [req-a8a88180-688e-457c-9ca8-ab48c708dd39 req-a8a88180-688e-457c-9ca8-ab48c708dd39 ] Request (SecurityGroupRulesTestJSON:tearDownClass): 200 PUT http://10.180.1.21/networking/v2.0/routers/0106fb0b-2583-492e-802b-0b7b7822359b/remove_router_interface 0.874s
2025-12-15 10:02:17.741 67328 INFO tempest.lib.common.rest_client [req-28b5e024-46b7-4e0e-851e-ff3e5482c743 req-28b5e024-46b7-4e0e-851e-ff3e5482c743 ] Request (ListImageFiltersTestJSON:setUpClass): 201 POST http://10.180.1.21/identity/v3/auth/tokens 0.072s
2025-12-15 10:02:17.747 67336 INFO tempest.lib.common.rest_client [req-f7d25f6c-5681-4e52-aecd-1ca61cbf1a85 req-f7d25f6c-5681-4e52-aecd-1ca61cbf1a85 ] Request (MultipleCreateTestJSON:test_multiple_create_with_reservation_return): 200 GET http://10.180.1.21/compute/v2.1/servers/6d94b45d-430d-49e7-8cfd-284cadecdec9 1.341s
2025-12-15 10:02:17.763 67336 INFO tempest.common.waiters [-] State transition "BUILD/block_device_mapping" ==> "BUILD/spawning" after 36 second wait
2025-12-15 10:02:17.793 67328 INFO tempest.lib.common.rest_client [req-80870e64-20c3-4102-a8ad-af88bace25f2 req-80870e64-20c3-4102-a8ad-af88bace25f2 ] Request (ListImageFiltersTestJSON:setUpClass): 201 POST http://10.180.1.21/identity/v3/auth/tokens 0.050s
2025-12-15 10:02:17.824 67328 INFO tempest.lib.common.rest_client [req-113a0176-0595-48c7-ac69-2ca0213957b1 req-113a0176-0595-48c7-ac69-2ca0213957b1 ] Request (ListImageFiltersTestJSON:setUpClass): 200 GET http://10.180.1.21/identity/v3/domains?name=Default 0.031s
2025-12-15 10:02:17.857 67328 INFO tempest.lib.common.rest_client [req-4fc78f95-fc7f-4d67-8ecf-67e1889182e4 req-4fc78f95-fc7f-4d67-8ecf-67e1889182e4 ] Request (ListImageFiltersTestJSON:setUpClass): 201 POST http://10.180.1.21/identity/v3/projects 0.032s
2025-12-15 10:02:17.933 67328 INFO tempest.lib.common.rest_client [req-c016a421-6b9b-4a73-8735-1451d7188f76 req-c016a421-6b9b-4a73-8735-1451d7188f76 ] Request (ListImageFiltersTestJSON:setUpClass): 201 POST http://10.180.1.21/identity/v3/users 0.075s
2025-12-15 10:02:17.963 67328 INFO tempest.lib.common.rest_client [req-480d149e-e78b-4231-a570-068829bc56ff req-480d149e-e78b-4231-a570-068829bc56ff ] Request (ListImageFiltersTestJSON:setUpClass): 200 GET http://10.180.1.21/identity/v3/roles 0.028s
2025-12-15 10:02:17.998 67328 INFO tempest.lib.common.rest_client [req-c01d35e7-6123-43f1-96eb-b29577c370b5 req-c01d35e7-6123-43f1-96eb-b29577c370b5 ] Request (ListImageFiltersTestJSON:setUpClass): 204 PUT http://10.180.1.21/identity/v3/projects/8c32220e83e24bf597b80d62681e8bcc/users/d4061f695963453484fdb6bf27715ca1/roles/c9e13c6228584344a07cd4ff5a033067 0.034s
2025-12-15 10:02:17.999 67328 INFO tempest.lib.common.dynamic_creds [-] Dynamic test user d4061f695963453484fdb6bf27715ca1 is created with scope project and roles: ['member']
