2025-11-27 06:24:41.165 65618 INFO tempest.common.waiters [-] volume 10453d62-ab99-4b10-96d8-09e74967cc47 reached available after waiting for 0.165593 seconds
2025-11-27 06:24:41.220 65642 INFO tempest.lib.common.rest_client [req-f69abad9-231c-4566-9e73-a179c7393937 req-f69abad9-231c-4566-9e73-a179c7393937 ] Request (ServersListShow2100Test:test_list_show_rebuild_update_server_2100): 200 GET http://10.180.1.21/compute/v2.1/servers/07b7d61c-7abc-4912-b022-cae31b873e1e 0.474s
2025-11-27 06:24:41.236 65630 INFO tempest.lib.common.rest_client [req-c0ac4606-8c5e-4c63-8d71-8db9ed2ec456 req-c0ac4606-8c5e-4c63-8d71-8db9ed2ec456 ] Request (ServerShowV247Test:tearDownClass): 200 GET http://10.180.1.21/compute/v2.1/servers/1b506190-1cf3-4895-a497-4e1e3fdb282f 0.446s
2025-11-27 06:24:41.358 65648 INFO tempest.lib.common.rest_client [req-0285d9ae-abe6-4e25-b0bf-e97d834d4a17 req-0285d9ae-abe6-4e25-b0bf-e97d834d4a17 ] Request (FloatingIPsAssociationTestJSON:test_associate_already_associated_floating_ip): 200 GET http://10.180.1.21/compute/v2.1/servers/70bd8787-75c6-4fa4-a385-ddc9e11402ad 0.516s
2025-11-27 06:24:41.395 65614 INFO tempest.lib.common.rest_client [req-817d67cf-795b-44d6-bbb7-b5f96edd17d5 req-817d67cf-795b-44d6-bbb7-b5f96edd17d5 ] Request (MigrationsAdminTest:test_resize_server_revert_deleted_flavor): 200 GET http://10.180.1.21/compute/v2.1/servers/d89b0c0e-78ef-4182-a663-4d03da275bcb 0.484s
2025-11-27 06:24:41.411 65628 INFO tempest.lib.common.rest_client [req-5008b3bd-67e1-4eab-b3a7-a9d2a6151def req-5008b3bd-67e1-4eab-b3a7-a9d2a6151def ] Request (ListImageFiltersTestJSON:setUpClass): 200 GET http://10.180.1.21/compute/v2.1/servers/0b51014b-8904-4a45-9721-0178f691e466 0.490s
2025-11-27 06:24:41.437 65626 INFO tempest.lib.common.rest_client [req-62cb05b6-51eb-4c40-93aa-8edcf856c4ed req-62cb05b6-51eb-4c40-93aa-8edcf856c4ed ] Request (FlavorsAccessNegativeTestJSON:_run_cleanups): 200 GET http://10.180.1.21/compute/v2.1/flavors/detail 0.454s
2025-11-27 06:24:41.484 65596 INFO tempest.lib.common.rest_client [req-69dcd182-6afe-4ede-b230-0c265e76809b req-69dcd182-6afe-4ede-b230-0c265e76809b ] Request (SecurityGroupsTestJSON:test_server_security_groups): 200 GET http://10.180.1.21/compute/v2.1/servers/d2ef738e-4ec1-4be9-8580-2f5f1409f01a 0.510s
2025-11-27 06:24:41.534 65612 WARNING tempest.lib.common.ssh [-] Failed to establish authenticated ssh connection to cirros@10.180.180.159 ([Errno None] Unable to connect to port 22 on 10.180.180.159). Number attempts: 4. Retry after 5 seconds.: paramiko.ssh_exception.NoValidConnectionsError: [Errno None] Unable to connect to port 22 on 10.180.180.159
2025-11-27 06:24:41.579 65652 INFO tempest.lib.common.rest_client [req-b674e6ca-ccfd-427a-8c73-193b23a25f4b req-b674e6ca-ccfd-427a-8c73-193b23a25f4b ] Request (ServerRescueTestJSONUnderV235:tearDownClass): 200 GET http://10.180.1.21/compute/v2.1/servers/b632b1b6-6aea-4c64-bbf5-8591a9127af4 0.495s
2025-11-27 06:24:41.615 65604 INFO tempest.lib.common.rest_client [req-2a88590e-ddb8-4c86-a2d6-47e111a18e00 req-2a88590e-ddb8-4c86-a2d6-47e111a18e00 ] Request (ServerDiskConfigTestJSON:test_rebuild_server_with_manual_disk_config): 200 GET http://10.180.1.21/compute/v2.1/servers/b0602447-c007-44b7-89d4-446951884830 0.550s
2025-11-27 06:24:41.626 65617 INFO tempest.lib.common.rest_client [req-f9ef0585-0cc6-4ff7-89e7-0e7962cf7953 req-f9ef0585-0cc6-4ff7-89e7-0e7962cf7953 ] Request (ImagesOneServerTestJSON:test_create_image_specify_multibyte_character_image_name): 200 GET http://10.180.1.21/compute/v2.1/images/7500fade-3eb8-4293-8df8-cebc064ce3a6 0.510s
2025-11-27 06:24:41.666 65594 INFO tempest.lib.common.rest_client [req-ac113c42-708c-474b-97c8-def17ea1bb5d req-ac113c42-708c-474b-97c8-def17ea1bb5d ] Request (VolumesAdminNegativeTest:tearDownClass): 404 GET http://10.180.1.21/volume/v3/volumes/6e5e1399-4a71-41e5-b792-1559bf91eec0 0.014s
2025-11-27 06:24:41.669 65602 INFO tempest.lib.common.rest_client [req-3abdccea-7336-49d8-b002-0b54e7f71a35 req-3abdccea-7336-49d8-b002-0b54e7f71a35 ] Request (ServersTestMultiNic:test_verify_duplicate_network_nics): 200 GET http://10.180.1.21/compute/v2.1/servers/4a75bf76-6ce9-486b-84e1-2fcdce3dba58 0.544s
2025-11-27 06:24:41.736 65632 INFO tempest.lib.common.rest_client [req-0581d970-d661-4cd8-9165-a2aceb88b940 req-0581d970-d661-4cd8-9165-a2aceb88b940 ] Request (ServersTestJSON:test_create_server_with_ipv6_addr_only): 200 GET http://10.180.1.21/compute/v2.1/servers/d452d536-d17c-45d4-9a08-54e136b1b97c 0.552s
2025-11-27 06:24:41.751 65618 INFO tempest.lib.common.rest_client [req-9580a34d-5a88-4c24-b2b4-98cec5deb643 req-9580a34d-5a88-4c24-b2b4-98cec5deb643 ] Request (VolumesSnapshotsTestJSON:test_volume_snapshot_create_get_list_delete): 200 POST http://10.180.1.21/compute/v2.1/os-snapshots 0.585s
2025-11-27 06:24:41.756 65626 INFO tempest.lib.common.rest_client [req-39475c71-9a4f-4f56-afe9-f62eff484940 req-39475c71-9a4f-4f56-afe9-f62eff484940 ] Request (FlavorsAccessNegativeTestJSON:test_remove_flavor_access_not_found): 200 POST http://10.180.1.21/compute/v2.1/flavors 0.313s
2025-11-27 06:24:41.824 65618 INFO tempest.lib.common.rest_client [req-871810cf-d350-482f-ab75-00c2bba347b9 req-871810cf-d350-482f-ab75-00c2bba347b9 ] Request (VolumesSnapshotsTestJSON:test_volume_snapshot_create_get_list_delete): 200 GET http://10.180.1.21/compute/v2.1/os-snapshots/75f033eb-bdab-4aa4-8493-2e63436b0923 0.071s
2025-11-27 06:24:41.863 65594 INFO tempest.lib.common.rest_client [req-1264b40e-45c8-42a7-920b-cb116e06b00a req-1264b40e-45c8-42a7-920b-cb116e06b00a ] Request (VolumesAdminNegativeTest:tearDownClass): 204 DELETE http://10.180.1.21/compute/v2.1/servers/97231200-a76e-45fb-af5e-7a91411cb853 0.196s
2025-11-27 06:24:41.900 65618 INFO tempest.lib.common.rest_client [req-4c740ad2-d5a1-4076-b89c-452f2b6c58a6 req-4c740ad2-d5a1-4076-b89c-452f2b6c58a6 ] Request (VolumesSnapshotsTestJSON:test_volume_snapshot_create_get_list_delete): 200 GET http://10.180.1.21/compute/v2.1/os-snapshots 0.074s
2025-11-27 06:24:41.966 65626 INFO tempest.lib.common.rest_client [req-316797b3-72aa-4e6d-b582-855107376858 req-316797b3-72aa-4e6d-b582-855107376858 ] Request (FlavorsAccessNegativeTestJSON:test_remove_flavor_access_not_found): 404 POST http://10.180.1.21/compute/v2.1/flavors/188320305/action 0.207s
2025-11-27 06:24:41.970 65656 INFO tempest.lib.common.rest_client [req-8651a649-77f3-491b-ac86-707eaaddcc4f req-8651a649-77f3-491b-ac86-707eaaddcc4f ] Request (AttachInterfacesTestJSON:_run_cleanups): 200 GET http://10.180.1.21/compute/v2.1/servers/16f6da95-ee1e-46fb-aaaa-e87d5779a378 0.123s
2025-11-27 06:24:42.054 65636 INFO tempest.lib.common.rest_client [req-34379de1-6f5a-4ec1-a608-b66c937d614f req-34379de1-6f5a-4ec1-a608-b66c937d614f ] Request (MultipleCreateTestJSON:_run_cleanups): 200 GET http://10.180.1.21/compute/v2.1/servers/e752c243-106f-440e-8a2e-34fe7d147071 0.191s
2025-11-27 06:24:42.093 65594 INFO tempest.lib.common.rest_client [req-47769d13-26fe-401e-bfeb-89dea9d2adaf req-47769d13-26fe-401e-bfeb-89dea9d2adaf ] Request (VolumesAdminNegativeTest:tearDownClass): 200 GET http://10.180.1.21/compute/v2.1/servers/97231200-a76e-45fb-af5e-7a91411cb853 0.229s
2025-11-27 06:24:42.115 65618 INFO tempest.lib.common.rest_client [req-c8bfcc95-734e-4f55-8a29-7be14ac24584 req-c8bfcc95-734e-4f55-8a29-7be14ac24584 ] Request (VolumesSnapshotsTestJSON:_run_cleanups): 200 GET http://10.180.1.21/compute/v2.1/os-snapshots/75f033eb-bdab-4aa4-8493-2e63436b0923 0.214s
2025-11-27 06:24:42.117 65618 INFO tempest.common.waiters [-] snapshot 75f033eb-bdab-4aa4-8493-2e63436b0923 reached available after waiting for 0.117676 seconds
2025-11-27 06:24:42.118 65626 INFO tempest.lib.common.rest_client [req-6c84de06-0738-49e1-8db8-42c6b6d5d01c req-6c84de06-0738-49e1-8db8-42c6b6d5d01c ] Request (FlavorsAccessNegativeTestJSON:_run_cleanups): 202 DELETE http://10.180.1.21/compute/v2.1/flavors/188320305 0.152s
2025-11-27 06:24:42.220 65646 INFO tempest.lib.common.rest_client [req-bee96106-2cac-4fd2-af3a-0253fdf61dbd req-bee96106-2cac-4fd2-af3a-0253fdf61dbd ] Request (ServersListShow298Test:test_list_show_update_rebuild_server_298): 200 GET http://10.180.1.21/compute/v2.1/servers/3c6f821f-cfe2-4438-904c-0a5ff31d427d 0.252s
2025-11-27 06:24:42.247 65606 INFO tempest.lib.common.rest_client [req-1698399c-b8a9-4e29-a05d-e1d9e9491c29 req-1698399c-b8a9-4e29-a05d-e1d9e9491c29 ] Request (InstanceActionsTestJSON:setUpClass): 200 GET http://10.180.1.21/compute/v2.1/servers/762ae994-f9d3-49dc-97c8-0c06b3aef6ce 0.269s
2025-11-27 06:24:42.254 65606 INFO tempest.common.waiters [-] State transition "BUILD/networking" ==> "BUILD/block_device_mapping" after 51 second wait
2025-11-27 06:24:42.282 65598 INFO tempest.lib.common.rest_client [req-942aaaa0-c54c-4405-89e3-29a5bde6f682 req-942aaaa0-c54c-4405-89e3-29a5bde6f682 ] Request (ServersAdminNegativeTestJSON:tearDownClass): 200 GET http://10.180.1.21/compute/v2.1/servers/97828df1-2130-4b65-a273-45d8ed14fcf4 0.215s
2025-11-27 06:24:42.310 65620 INFO tempest.lib.common.rest_client [req-09850028-59a4-4d60-822b-11fe9c4e5216 req-09850028-59a4-4d60-822b-11fe9c4e5216 ] Request (FloatingIPsAssociationNegativeTestJSON:tearDownClass): 200 GET http://10.180.1.21/compute/v2.1/servers/8b19c201-049b-403b-a706-3f4472f795ad 0.220s
2025-11-27 06:24:42.317 65620 INFO tempest.common.waiters [-] State transition "ACTIVE/deleting" ==> "DELETED/None" after 3 second wait
2025-11-27 06:24:42.330 65618 INFO tempest.lib.common.rest_client [req-d89faaa5-66bd-4c1c-aff2-6a511aceb669 req-d89faaa5-66bd-4c1c-aff2-6a511aceb669 ] Request (VolumesSnapshotsTestJSON:_run_cleanups): 202 DELETE http://10.180.1.21/compute/v2.1/os-snapshots/75f033eb-bdab-4aa4-8493-2e63436b0923 0.213s
2025-11-27 06:24:42.334 65626 INFO tempest.lib.common.rest_client [req-5fa9ac3d-69e9-4cc8-aa7f-d737c422489f req-5fa9ac3d-69e9-4cc8-aa7f-d737c422489f ] Request (FlavorsAccessNegativeTestJSON:_run_cleanups): 200 GET http://10.180.1.21/compute/v2.1/flavors/detail 0.213s
2025-11-27 06:24:42.444 65622 INFO tempest.lib.common.rest_client [req-358b1baf-0494-419d-9851-6d01eb420128 req-358b1baf-0494-419d-9851-6d01eb420128 ] Request (ServerShowV257Test:test_rebuild_server): 200 GET http://10.180.1.21/compute/v2.1/servers/5ecb64b5-9dd6-470e-b225-3e317f52cf41 0.299s
2025-11-27 06:24:42.456 65608 INFO tempest.lib.common.rest_client [req-86c3a160-85b9-4f35-ab61-60c42f503f56 req-86c3a160-85b9-4f35-ab61-60c42f503f56 ] Request (ServersAdminTestJSON:test_inject_network_info): 200 GET http://10.180.1.21/compute/v2.1/servers/026a902d-83be-4b68-89dd-3381d33e9340 0.296s
2025-11-27 06:24:42.531 65626 INFO tempest.lib.common.rest_client [req-af04273a-467a-44d0-bb0c-bc2d24875cc4 req-af04273a-467a-44d0-bb0c-bc2d24875cc4 ] Request (FlavorsAccessNegativeTestJSON:tearDownClass): 204 DELETE http://10.180.1.21/identity/v3/users/a56eda7e475b4e769ccbdc4c9177a5a9 0.192s
2025-11-27 06:24:42.537 65630 INFO tempest.lib.common.rest_client [req-fea6c216-e42e-44c5-8725-a481a681cd1a req-fea6c216-e42e-44c5-8725-a481a681cd1a ] Request (ServerShowV247Test:tearDownClass): 200 GET http://10.180.1.21/compute/v2.1/servers/1b506190-1cf3-4895-a497-4e1e3fdb282f 0.286s
2025-11-27 06:24:42.554 65642 INFO tempest.lib.common.rest_client [req-092b55c9-c80d-4f6e-9833-2a14c838b482 req-092b55c9-c80d-4f6e-9833-2a14c838b482 ] Request (ServersListShow2100Test:test_list_show_rebuild_update_server_2100): 200 GET http://10.180.1.21/compute/v2.1/servers/07b7d61c-7abc-4912-b022-cae31b873e1e 0.320s
2025-11-27 06:24:42.558 65618 INFO tempest.lib.common.rest_client [req-44193d9b-f845-4591-af37-3e2e04ebae0d req-44193d9b-f845-4591-af37-3e2e04ebae0d ] Request (VolumesSnapshotsTestJSON:_run_cleanups): 404 GET http://10.180.1.21/compute/v2.1/os-snapshots/75f033eb-bdab-4aa4-8493-2e63436b0923 0.226s
2025-11-27 06:24:42.566 65642 INFO tempest.common.waiters [-] State transition "BUILD/spawning" ==> "ACTIVE/None" after 54 second wait
2025-11-27 06:24:42.621 65638 WARNING tempest.lib.common.ssh [-] Failed to establish authenticated ssh connection to cirros@10.180.180.153 ([Errno None] Unable to connect to port 22 on 10.180.180.153). Number attempts: 10. Retry after 11 seconds.: paramiko.ssh_exception.NoValidConnectionsError: [Errno None] Unable to connect to port 22 on 10.180.180.153
2025-11-27 06:24:42.638 65626 INFO tempest.lib.common.rest_client [req-1500d1e1-2d5d-4b5e-b750-de076276da48 req-1500d1e1-2d5d-4b5e-b750-de076276da48 ] Request (FlavorsAccessNegativeTestJSON:tearDownClass): 204 DELETE http://10.180.1.21/identity/v3/users/4641547304c6453c9ddfdef60da3b3ca 0.107s
2025-11-27 06:24:42.726 65626 INFO tempest.lib.common.rest_client [req-bbbe2a09-4fdc-4361-bf97-224711da5010 req-bbbe2a09-4fdc-4361-bf97-224711da5010 ] Request (FlavorsAccessNegativeTestJSON:tearDownClass): 204 DELETE http://10.180.1.21/identity/v3/users/b559ce1a148e4feb91c05a40e75572f9 0.086s
2025-11-27 06:24:42.726 65626 INFO tempest.lib.common.dynamic_creds [-] Deleting project and security group for project: 80fdb5ff7dc048569a6022e181f91d5a
2025-11-27 06:24:42.738 65648 INFO tempest.lib.common.rest_client [req-46c7325e-e25f-4dea-9a20-122af8983131 req-46c7325e-e25f-4dea-9a20-122af8983131 ] Request (FloatingIPsAssociationTestJSON:test_associate_already_associated_floating_ip): 200 GET http://10.180.1.21/compute/v2.1/servers/70bd8787-75c6-4fa4-a385-ddc9e11402ad 0.371s
2025-11-27 06:24:42.760 65614 INFO tempest.lib.common.rest_client [req-d042a412-6f13-478f-92cb-b8a2f18dfc99 req-d042a412-6f13-478f-92cb-b8a2f18dfc99 ] Request (MigrationsAdminTest:test_resize_server_revert_deleted_flavor): 200 GET http://10.180.1.21/compute/v2.1/servers/d89b0c0e-78ef-4182-a663-4d03da275bcb 0.353s
2025-11-27 06:24:42.783 65626 INFO tempest.lib.common.rest_client [req-a653ddad-dbe6-48da-a21f-6fddb38c3f4f req-a653ddad-dbe6-48da-a21f-6fddb38c3f4f ] Request (FlavorsAccessNegativeTestJSON:tearDownClass): 201 POST http://10.180.1.21/identity/v3/auth/tokens 0.057s
2025-11-27 06:24:42.791 65628 INFO tempest.lib.common.rest_client [req-79725249-1d09-4b42-86ae-91522046270b req-79725249-1d09-4b42-86ae-91522046270b ] Request (ListImageFiltersTestJSON:setUpClass): 200 GET http://10.180.1.21/compute/v2.1/servers/0b51014b-8904-4a45-9721-0178f691e466 0.365s
2025-11-27 06:24:42.850 65618 INFO tempest.lib.common.rest_client [req-8cc8a58d-2f9f-4900-95f4-986a499d789c req-8cc8a58d-2f9f-4900-95f4-986a499d789c ] Request (VolumesSnapshotsTestJSON:_run_cleanups): 202 DELETE http://10.180.1.21/compute/v2.1/os-volumes/10453d62-ab99-4b10-96d8-09e74967cc47 0.291s
2025-11-27 06:24:43.103 65626 INFO tempest.lib.common.rest_client [req-720b67ad-0ac5-4638-b789-fe09f079167b req-720b67ad-0ac5-4638-b789-fe09f079167b ] Request (FlavorsAccessNegativeTestJSON:tearDownClass): 200 GET http://10.180.1.21/networking/v2.0/security-groups?tenant_id=80fdb5ff7dc048569a6022e181f91d5a&name=default 0.318s
2025-11-27 06:24:43.127 65596 INFO tempest.lib.common.rest_client [req-83351045-53c6-46bd-ab52-31793c381d40 req-83351045-53c6-46bd-ab52-31793c381d40 ] Request (SecurityGroupsTestJSON:test_server_security_groups): 200 GET http://10.180.1.21/compute/v2.1/servers/d2ef738e-4ec1-4be9-8580-2f5f1409f01a 0.632s
2025-11-27 06:24:43.212 65626 INFO tempest.lib.common.rest_client [req-40ae88b0-c053-45fb-be83-66f92d085e03 req-40ae88b0-c053-45fb-be83-66f92d085e03 ] Request (FlavorsAccessNegativeTestJSON:tearDownClass): 204 DELETE http://10.180.1.21/networking/v2.0/security-groups/35dd233e-3a9f-4eb2-a0ca-8d0a957dfcb8 0.108s
2025-11-27 06:24:43.231 65642 INFO tempest.lib.common.rest_client [req-d49d67bf-f717-474e-ac43-237188f7fee1 req-d49d67bf-f717-474e-ac43-237188f7fee1 ] Request (ServersListShow2100Test:test_list_show_rebuild_update_server_2100): 200 GET http://10.180.1.21/compute/v2.1/servers/detail 0.664s
2025-11-27 06:24:43.253 65652 INFO tempest.lib.common.rest_client [req-f6179426-ab62-410a-96e2-45df75ae9b08 req-f6179426-ab62-410a-96e2-45df75ae9b08 ] Request (ServerRescueTestJSONUnderV235:tearDownClass): 200 GET http://10.180.1.21/compute/v2.1/servers/b632b1b6-6aea-4c64-bbf5-8591a9127af4 0.660s
2025-11-27 06:24:43.294 65626 INFO tempest.lib.common.rest_client [req-aeeeb910-a6b6-40a3-85d7-67e51ce8e307 req-aeeeb910-a6b6-40a3-85d7-67e51ce8e307 ] Request (FlavorsAccessNegativeTestJSON:tearDownClass): 204 DELETE http://10.180.1.21/identity/v3/projects/80fdb5ff7dc048569a6022e181f91d5a 0.081s
2025-11-27 06:24:43.294 65626 INFO tempest.lib.common.dynamic_creds [-] Deleting project and security group for project: 60aec91a94894ebea2f48b29d1df3baf
2025-11-27 06:24:43.297 65617 INFO tempest.lib.common.rest_client [req-17bb0b11-ee3e-451a-b22f-ae868b88b64d req-17bb0b11-ee3e-451a-b22f-ae868b88b64d ] Request (ImagesOneServerTestJSON:test_create_image_specify_multibyte_character_image_name): 200 GET http://10.180.1.21/compute/v2.1/images/7500fade-3eb8-4293-8df8-cebc064ce3a6 0.666s
2025-11-27 06:24:43.410 65626 INFO tempest.lib.common.rest_client [req-5ccb067c-78ea-49fc-910b-ccd4ac978903 req-5ccb067c-78ea-49fc-910b-ccd4ac978903 ] Request (FlavorsAccessNegativeTestJSON:tearDownClass): 200 GET http://10.180.1.21/networking/v2.0/security-groups?tenant_id=60aec91a94894ebea2f48b29d1df3baf&name=default 0.116s
2025-11-27 06:24:43.450 65604 INFO tempest.lib.common.rest_client [req-fc5fb7a4-ab78-4cff-a7c8-e9ba7d8b6efa req-fc5fb7a4-ab78-4cff-a7c8-e9ba7d8b6efa ] Request (ServerDiskConfigTestJSON:test_rebuild_server_with_manual_disk_config): 200 GET http://10.180.1.21/compute/v2.1/servers/b0602447-c007-44b7-89d4-446951884830 0.827s
2025-11-27 06:24:43.461 65602 INFO tempest.lib.common.rest_client [req-f105b977-6c1b-4bd5-8254-72add4ca5bdb req-f105b977-6c1b-4bd5-8254-72add4ca5bdb ] Request (ServersTestMultiNic:test_verify_duplicate_network_nics): 200 GET http://10.180.1.21/compute/v2.1/servers/4a75bf76-6ce9-486b-84e1-2fcdce3dba58 0.785s
2025-11-27 06:24:43.503 65618 INFO tempest.lib.common.rest_client [req-8d630e88-4e14-46e8-ae6e-68560d2ccde1 req-8d630e88-4e14-46e8-ae6e-68560d2ccde1 ] Request (VolumesSnapshotsTestJSON:_run_cleanups): 404 GET http://10.180.1.21/compute/v2.1/os-volumes/10453d62-ab99-4b10-96d8-09e74967cc47 0.652s
2025-11-27 06:24:43.551 65632 INFO tempest.lib.common.rest_client [req-26f079a2-e824-43bf-b640-48539e264684 req-26f079a2-e824-43bf-b640-48539e264684 ] Request (ServersTestJSON:test_create_server_with_ipv6_addr_only): 200 GET http://10.180.1.21/compute/v2.1/servers/d452d536-d17c-45d4-9a08-54e136b1b97c 0.808s
2025-11-27 06:24:43.565 65632 INFO tempest.common.waiters [-] State transition "BUILD/scheduling" ==> "BUILD/None" after 5 second wait
2025-11-27 06:24:43.591 65626 INFO tempest.lib.common.rest_client [req-c4e760fa-926c-4ad0-b86a-9efea0b5ee2f req-c4e760fa-926c-4ad0-b86a-9efea0b5ee2f ] Request (FlavorsAccessNegativeTestJSON:tearDownClass): 204 DELETE http://10.180.1.21/networking/v2.0/security-groups/d508d8e9-d50b-43eb-a9df-44782f0f9427 0.180s
2025-11-27 06:24:43.616 65656 INFO tempest.lib.common.rest_client [req-50e66424-6973-4a7a-8ca9-488054a7cd1b req-50e66424-6973-4a7a-8ca9-488054a7cd1b ] Request (AttachInterfacesTestJSON:_run_cleanups): 200 GET http://10.180.1.21/compute/v2.1/servers/16f6da95-ee1e-46fb-aaaa-e87d5779a378 0.636s
2025-11-27 06:24:43.634 65636 INFO tempest.lib.common.rest_client [req-73eaa279-97b1-4a62-8a17-93f14a079ff5 req-73eaa279-97b1-4a62-8a17-93f14a079ff5 ] Request (MultipleCreateTestJSON:_run_cleanups): 200 GET http://10.180.1.21/compute/v2.1/servers/e752c243-106f-440e-8a2e-34fe7d147071 0.571s
2025-11-27 06:24:43.728 65626 INFO tempest.lib.common.rest_client [req-d45c7eae-086f-4aff-9fb5-b9cfc7403439 req-d45c7eae-086f-4aff-9fb5-b9cfc7403439 ] Request (FlavorsAccessNegativeTestJSON:tearDownClass): 204 DELETE http://10.180.1.21/identity/v3/projects/60aec91a94894ebea2f48b29d1df3baf 0.136s
2025-11-27 06:24:43.728 65626 INFO tempest.lib.common.dynamic_creds [-] Deleting project and security group for project: 9accd3aafdf24de6bf0608f7cb5c8ce9
2025-11-27 06:24:43.739 65646 INFO tempest.lib.common.rest_client [req-4414ad13-153e-49d7-b167-92e7f74ac718 req-4414ad13-153e-49d7-b167-92e7f74ac718 ] Request (ServersListShow298Test:test_list_show_update_rebuild_server_298): 200 GET http://10.180.1.21/compute/v2.1/servers/3c6f821f-cfe2-4438-904c-0a5ff31d427d 0.501s
2025-11-27 06:24:43.805 65594 INFO tempest.lib.common.rest_client [req-1965ea33-f55b-45ab-84b6-6bec51e72ee8 req-1965ea33-f55b-45ab-84b6-6bec51e72ee8 ] Request (VolumesAdminNegativeTest:tearDownClass): 200 GET http://10.180.1.21/compute/v2.1/servers/97231200-a76e-45fb-af5e-7a91411cb853 0.704s
2025-11-27 06:24:43.854 65626 INFO tempest.lib.common.rest_client [req-228449a0-82dd-4935-a1af-974fcd4074e0 req-228449a0-82dd-4935-a1af-974fcd4074e0 ] Request (FlavorsAccessNegativeTestJSON:tearDownClass): 200 GET http://10.180.1.21/networking/v2.0/security-groups?tenant_id=9accd3aafdf24de6bf0608f7cb5c8ce9&name=default 0.125s
2025-11-27 06:24:43.863 65642 INFO tempest.lib.common.rest_client [req-98a88405-811a-4241-bfb1-21c5e3a05f05 req-98a88405-811a-4241-bfb1-21c5e3a05f05 ] Request (ServersListShow2100Test:test_list_show_rebuild_update_server_2100): 200 GET http://10.180.1.21/compute/v2.1/servers/07b7d61c-7abc-4912-b022-cae31b873e1e 0.618s
2025-11-27 06:24:43.943 65598 INFO tempest.lib.common.rest_client [req-b5cd8405-2d10-4ba7-b9bd-5fbeb5c84b0e req-b5cd8405-2d10-4ba7-b9bd-5fbeb5c84b0e ] Request (ServersAdminNegativeTestJSON:tearDownClass): 200 GET http://10.180.1.21/compute/v2.1/servers/97828df1-2130-4b65-a273-45d8ed14fcf4 0.652s
2025-11-27 06:24:43.946 65626 INFO tempest.lib.common.rest_client [req-ffa5f828-248b-46fa-99e1-732fddfb5567 req-ffa5f828-248b-46fa-99e1-732fddfb5567 ] Request (FlavorsAccessNegativeTestJSON:tearDownClass): 204 DELETE http://10.180.1.21/networking/v2.0/security-groups/a55389c5-e9ce-4936-9e0b-98a38b61d644 0.092s
2025-11-27 06:24:43.978 65606 INFO tempest.lib.common.rest_client [req-64f8b2a1-46ff-4bb2-9e9e-f043ecc24300 req-64f8b2a1-46ff-4bb2-9e9e-f043ecc24300 ] Request (InstanceActionsTestJSON:setUpClass): 200 GET http://10.180.1.21/compute/v2.1/servers/762ae994-f9d3-49dc-97c8-0c06b3aef6ce 0.723s
2025-11-27 06:24:43.986 65606 INFO tempest.common.waiters [-] State transition "BUILD/block_device_mapping" ==> "BUILD/spawning" after 52 second wait
2025-11-27 06:24:44.033 65620 INFO tempest.lib.common.rest_client [req-66fa02c3-3757-4fb6-a5d2-41b0620f96cf req-66fa02c3-3757-4fb6-a5d2-41b0620f96cf ] Request (FloatingIPsAssociationNegativeTestJSON:tearDownClass): 200 GET http://10.180.1.21/compute/v2.1/servers/8b19c201-049b-403b-a706-3f4472f795ad 0.713s
2025-11-27 06:24:44.081 65622 INFO tempest.lib.common.rest_client [req-35266556-b06b-4594-9db5-7e986aeda404 req-35266556-b06b-4594-9db5-7e986aeda404 ] Request (ServerShowV257Test:test_rebuild_server): 200 GET http://10.180.1.21/compute/v2.1/servers/5ecb64b5-9dd6-470e-b225-3e317f52cf41 0.626s
2025-11-27 06:24:44.127 65618 INFO tempest.lib.common.rest_client [req-f0afa038-621d-4103-92b4-9ee2ec458fa2 req-f0afa038-621d-4103-92b4-9ee2ec458fa2 ] Request (VolumesSnapshotsTestJSON:tearDownClass): 404 DELETE http://10.180.1.21/compute/v2.1/os-volumes/10453d62-ab99-4b10-96d8-09e74967cc47 0.619s
2025-11-27 06:24:44.160 65626 INFO tempest.lib.common.rest_client [req-f78a9bb9-8499-4ca2-b0b4-c9ec0b2aa61a req-f78a9bb9-8499-4ca2-b0b4-c9ec0b2aa61a ] Request (FlavorsAccessNegativeTestJSON:tearDownClass): 204 DELETE http://10.180.1.21/identity/v3/projects/9accd3aafdf24de6bf0608f7cb5c8ce9 0.213s
2025-11-27 06:24:44.218 65608 INFO tempest.lib.common.rest_client [req-54af3d09-5a39-4f90-adb0-7a3ca606d1ce req-54af3d09-5a39-4f90-adb0-7a3ca606d1ce ] Request (ServersAdminTestJSON:test_inject_network_info): 200 GET http://10.180.1.21/compute/v2.1/servers/026a902d-83be-4b68-89dd-3381d33e9340 0.749s
2025-11-27 06:24:44.235 65630 INFO tempest.lib.common.rest_client [req-3cc79dc9-2c80-4ad4-a965-149afbdb3bee req-3cc79dc9-2c80-4ad4-a965-149afbdb3bee ] Request (ServerShowV247Test:tearDownClass): 200 GET http://10.180.1.21/compute/v2.1/servers/1b506190-1cf3-4895-a497-4e1e3fdb282f 0.688s
2025-11-27 06:24:44.256 65626 INFO tempest.lib.common.rest_client [req-a5cad88b-c7b0-4f64-870b-fd0f6255216b req-a5cad88b-c7b0-4f64-870b-fd0f6255216b ] Request (TenantUsagesTestJSON:setUpClass): 201 POST http://10.180.1.21/identity/v3/auth/tokens 0.094s
2025-11-27 06:24:44.294 65626 INFO tempest.lib.common.rest_client [req-ccb0331a-c28c-4e2f-8e8d-5695bc55af86 req-ccb0331a-c28c-4e2f-8e8d-5695bc55af86 ] Request (TenantUsagesTestJSON:setUpClass): 201 POST http://10.180.1.21/identity/v3/auth/tokens 0.036s
2025-11-27 06:24:44.324 65626 INFO tempest.lib.common.rest_client [req-f368fa57-023c-4b96-a08b-160b2c28ae49 req-f368fa57-023c-4b96-a08b-160b2c28ae49 ] Request (TenantUsagesTestJSON:setUpClass): 200 GET http://10.180.1.21/identity/v3/domains?name=Default 0.029s
2025-11-27 06:24:44.358 65626 INFO tempest.lib.common.rest_client [req-f34006f7-3005-4189-b791-835d943ef874 req-f34006f7-3005-4189-b791-835d943ef874 ] Request (TenantUsagesTestJSON:setUpClass): 201 POST http://10.180.1.21/identity/v3/projects 0.033s
2025-11-27 06:24:44.482 65626 INFO tempest.lib.common.rest_client [req-148c7fe5-e4d9-44bb-a2a5-e556277c3efe req-148c7fe5-e4d9-44bb-a2a5-e556277c3efe ] Request (TenantUsagesTestJSON:setUpClass): 201 POST http://10.180.1.21/identity/v3/users 0.123s
2025-11-27 06:24:44.509 65626 INFO tempest.lib.common.rest_client [req-b417092a-744d-4a10-8878-bed6f4fcb5da req-b417092a-744d-4a10-8878-bed6f4fcb5da ] Request (TenantUsagesTestJSON:setUpClass): 200 GET http://10.180.1.21/identity/v3/roles 0.026s
2025-11-27 06:24:44.550 65626 INFO tempest.lib.common.rest_client [req-c4477225-8816-43c9-98a8-ca2964c477b1 req-c4477225-8816-43c9-98a8-ca2964c477b1 ] Request (TenantUsagesTestJSON:setUpClass): 204 PUT http://10.180.1.21/identity/v3/projects/8371468b7d894407a960dce95c74c82b/users/008f92c0d3784a66afb0cd5e9d587edc/roles/285d0d319a16468db2c2503dac371efd 0.040s
2025-11-27 06:24:44.550 65626 INFO tempest.lib.common.dynamic_creds [-] Dynamic test user 008f92c0d3784a66afb0cd5e9d587edc is created with scope project and roles: ['member']
2025-11-27 06:24:44.551 65626 INFO tempest.lib.common.dynamic_creds [-] Acquired dynamic creds: credentials: Credentials: {'domain_id': 'default', 'domain_name': 'Default', 'username': 'tempest-TenantUsagesTestJSON-1505704655-project-member', 'project_domain_id': 'default', 'project_domain_name': 'Default', 'project_id': '8371468b7d894407a960dce95c74c82b', 'project_name': 'tempest-TenantUsagesTestJSON-1505704655', 'tenant_id': '8371468b7d894407a960dce95c74c82b', 'tenant_name': 'tempest-TenantUsagesTestJSON-1505704655', 'user_domain_id': 'default', 'user_domain_name': 'Default', 'user_id': '008f92c0d3784a66afb0cd5e9d587edc', 'system': None}, Network: None, Subnet: None, Router: None
2025-11-27 06:24:44.551 65626 INFO tempest.lib.common.dynamic_creds [-] Created isolated network resources for: credentials: Credentials: {'domain_id': 'default', 'domain_name': 'Default', 'username': 'tempest-TenantUsagesTestJSON-1505704655-project-member', 'project_domain_id': 'default', 'project_domain_name': 'Default', 'project_id': '8371468b7d894407a960dce95c74c82b', 'project_name': 'tempest-TenantUsagesTestJSON-1505704655', 'tenant_id': '8371468b7d894407a960dce95c74c82b', 'tenant_name': 'tempest-TenantUsagesTestJSON-1505704655', 'user_domain_id': 'default', 'user_domain_name': 'Default', 'user_id': '008f92c0d3784a66afb0cd5e9d587edc', 'system': None}, Network: None, Subnet: None, Router: None
2025-11-27 06:24:44.641 65614 INFO tempest.lib.common.rest_client [req-fa697150-e5b9-4c8d-bbb3-a35fd4bd07a1 req-fa697150-e5b9-4c8d-bbb3-a35fd4bd07a1 ] Request (MigrationsAdminTest:test_resize_server_revert_deleted_flavor): 200 GET http://10.180.1.21/compute/v2.1/servers/d89b0c0e-78ef-4182-a663-4d03da275bcb 0.873s
2025-11-27 06:24:44.652 65626 INFO tempest.lib.common.rest_client [req-cbdfb65f-a704-43b0-852a-ac05e5a09848 req-cbdfb65f-a704-43b0-852a-ac05e5a09848 ] Request (TenantUsagesTestJSON:setUpClass): 201 POST http://10.180.1.21/identity/v3/auth/tokens 0.099s
2025-11-27 06:24:44.675 65648 INFO tempest.lib.common.rest_client [req-5f316ebd-9d2d-445b-8624-ff86a3edbfc0 req-5f316ebd-9d2d-445b-8624-ff86a3edbfc0 ] Request (FloatingIPsAssociationTestJSON:test_associate_already_associated_floating_ip): 200 GET http://10.180.1.21/compute/v2.1/servers/70bd8787-75c6-4fa4-a385-ddc9e11402ad 0.929s
2025-11-27 06:24:44.750 65626 INFO tempest.lib.common.rest_client [req-0e7eef2b-1bd9-4d38-ba5a-986b759a5e20 req-0e7eef2b-1bd9-4d38-ba5a-986b759a5e20 ] Request (TenantUsagesTestJSON:setUpClass): 201 POST http://10.180.1.21/identity/v3/projects 0.097s
2025-11-27 06:24:44.788 65628 INFO tempest.lib.common.rest_client [req-f2cc6fce-998b-4109-b14a-010b8f41f76b req-f2cc6fce-998b-4109-b14a-010b8f41f76b ] Request (ListImageFiltersTestJSON:setUpClass): 200 GET http://10.180.1.21/compute/v2.1/servers/0b51014b-8904-4a45-9721-0178f691e466 0.990s
2025-11-27 06:24:44.816 65618 INFO tempest.lib.common.rest_client [req-a1dea5fd-4ca9-4d6d-98ef-2f77c4822880 req-a1dea5fd-4ca9-4d6d-98ef-2f77c4822880 ] Request (VolumesSnapshotsTestJSON:tearDownClass): 404 GET http://10.180.1.21/compute/v2.1/os-volumes/10453d62-ab99-4b10-96d8-09e74967cc47 0.688s
2025-11-27 06:24:44.827 65642 INFO tempest.lib.common.rest_client [req-9d680e8a-6ff8-4068-b527-e8121856bbe4 req-9d680e8a-6ff8-4068-b527-e8121856bbe4 ] Request (ServersListShow2100Test:test_list_show_rebuild_update_server_2100): 200 PUT http://10.180.1.21/compute/v2.1/servers/07b7d61c-7abc-4912-b022-cae31b873e1e 0.952s
2025-11-27 06:24:44.839 65626 INFO tempest.lib.common.rest_client [req-5b30e549-1055-448c-94b3-e80acd33fc9e req-5b30e549-1055-448c-94b3-e80acd33fc9e ] Request (TenantUsagesTestJSON:setUpClass): 201 POST http://10.180.1.21/identity/v3/users 0.088s
2025-11-27 06:24:44.866 65626 INFO tempest.lib.common.rest_client [req-2c4f3c1d-2f8b-446b-a1ca-e0783a5abe3a req-2c4f3c1d-2f8b-446b-a1ca-e0783a5abe3a ] Request (TenantUsagesTestJSON:setUpClass): 200 GET http://10.180.1.21/identity/v3/roles 0.026s
2025-11-27 06:24:44.901 65626 INFO tempest.lib.common.rest_client [req-83647a2b-1ef8-475c-9c1f-bcd9593e7060 req-83647a2b-1ef8-475c-9c1f-bcd9593e7060 ] Request (TenantUsagesTestJSON:setUpClass): 204 PUT http://10.180.1.21/identity/v3/projects/75067cecd242429ea43fe54fc56dc1d4/users/8c3757e897304708ad6fd658fbecf63d/roles/656d20c89fbf4bfd9142b6c5c101af75 0.034s
2025-11-27 06:24:44.926 65618 INFO tempest.lib.common.rest_client [req-7e3709e1-8757-4806-a98b-ec554d090c4f req-7e3709e1-8757-4806-a98b-ec554d090c4f ] Request (VolumesSnapshotsTestJSON:tearDownClass): 204 DELETE http://10.180.1.21/identity/v3/users/2178fc71def8416a93c6ca516e4fd34c 0.110s
2025-11-27 06:24:44.927 65618 INFO tempest.lib.common.dynamic_creds [-] Deleting project and security group for project: 324a43d0b6a74683b9dd2d2cf2780a16
2025-11-27 06:24:44.981 65652 INFO tempest.lib.common.rest_client [req-9bf97ae7-a7be-4596-8c06-851022f435da req-9bf97ae7-a7be-4596-8c06-851022f435da ] Request (ServerRescueTestJSONUnderV235:tearDownClass): 200 GET http://10.180.1.21/compute/v2.1/servers/b632b1b6-6aea-4c64-bbf5-8591a9127af4 0.719s
2025-11-27 06:24:45.011 65618 INFO tempest.lib.common.rest_client [req-0c9ba41c-be34-4509-aef4-c2e25b3f4b56 req-0c9ba41c-be34-4509-aef4-c2e25b3f4b56 ] Request (VolumesSnapshotsTestJSON:tearDownClass): 201 POST http://10.180.1.21/identity/v3/auth/tokens 0.084s
2025-11-27 06:24:45.019 65626 INFO tempest.lib.common.rest_client [req-26aba52c-2dde-47ee-b3de-e77cbd9602a2 req-26aba52c-2dde-47ee-b3de-e77cbd9602a2 ] Request (TenantUsagesTestJSON:setUpClass): 200 GET http://10.180.1.21/identity/v3/roles 0.118s
2025-11-27 06:24:45.031 65617 INFO tempest.lib.common.rest_client [req-b77aeeae-bd22-4b2a-8313-5b3810cf6ef6 req-b77aeeae-bd22-4b2a-8313-5b3810cf6ef6 ] Request (ImagesOneServerTestJSON:test_create_image_specify_multibyte_character_image_name): 200 GET http://10.180.1.21/compute/v2.1/images/7500fade-3eb8-4293-8df8-cebc064ce3a6 0.729s
2025-11-27 06:24:45.058 65626 INFO tempest.lib.common.rest_client [req-768e56d0-330a-49b0-a0e5-664c6099cd84 req-768e56d0-330a-49b0-a0e5-664c6099cd84 ] Request (TenantUsagesTestJSON:setUpClass): 204 PUT http://10.180.1.21/identity/v3/projects/75067cecd242429ea43fe54fc56dc1d4/users/8c3757e897304708ad6fd658fbecf63d/roles/656d20c89fbf4bfd9142b6c5c101af75 0.038s
2025-11-27 06:24:45.058 65626 INFO tempest.lib.common.dynamic_creds [-] Dynamic test user 8c3757e897304708ad6fd658fbecf63d is created with scope project and roles: ['admin']
2025-11-27 06:24:45.059 65626 INFO tempest.lib.common.dynamic_creds [-] Acquired dynamic creds: credentials: Credentials: {'domain_id': 'default', 'domain_name': 'Default', 'username': 'tempest-TenantUsagesTestJSON-410615574-project-admin', 'project_domain_id': 'default', 'project_domain_name': 'Default', 'project_id': '75067cecd242429ea43fe54fc56dc1d4', 'project_name': 'tempest-TenantUsagesTestJSON-410615574', 'tenant_id': '75067cecd242429ea43fe54fc56dc1d4', 'tenant_name': 'tempest-TenantUsagesTestJSON-410615574', 'user_domain_id': 'default', 'user_domain_name': 'Default', 'user_id': '8c3757e897304708ad6fd658fbecf63d', 'system': None}, Network: None, Subnet: None, Router: None
2025-11-27 06:24:45.059 65626 INFO tempest.lib.common.dynamic_creds [-] Created isolated network resources for: credentials: Credentials: {'domain_id': 'default', 'domain_name': 'Default', 'username': 'tempest-TenantUsagesTestJSON-410615574-project-admin', 'project_domain_id': 'default', 'project_domain_name': 'Default', 'project_id': '75067cecd242429ea43fe54fc56dc1d4', 'project_name': 'tempest-TenantUsagesTestJSON-410615574', 'tenant_id': '75067cecd242429ea43fe54fc56dc1d4', 'tenant_name': 'tempest-TenantUsagesTestJSON-410615574', 'user_domain_id': 'default', 'user_domain_name': 'Default', 'user_id': '8c3757e897304708ad6fd658fbecf63d', 'system': None}, Network: None, Subnet: None, Router: None
2025-11-27 06:24:45.102 65596 INFO tempest.lib.common.rest_client [req-0d95c99b-18f3-425f-8546-671b9d3557d4 req-0d95c99b-18f3-425f-8546-671b9d3557d4 ] Request (SecurityGroupsTestJSON:test_server_security_groups): 200 GET http://10.180.1.21/compute/v2.1/servers/d2ef738e-4ec1-4be9-8580-2f5f1409f01a 0.965s
2025-11-27 06:24:45.110 65596 INFO tempest.common.waiters [-] State transition "BUILD/None" ==> "BUILD/block_device_mapping" after 50 second wait
2025-11-27 06:24:45.157 65626 INFO tempest.lib.common.rest_client [req-abc08b45-ad3b-41c5-8e60-1533e43f5941 req-abc08b45-ad3b-41c5-8e60-1533e43f5941 ] Request (TenantUsagesTestJSON:setUpClass): 201 POST http://10.180.1.21/identity/v3/auth/tokens 0.092s
2025-11-27 06:24:45.227 65626 INFO tempest.lib.common.rest_client [req-c99a2ad2-2019-4d97-9952-1525c11abaab req-c99a2ad2-2019-4d97-9952-1525c11abaab ] Request (TenantUsagesTestJSON:setUpClass): 201 POST http://10.180.1.21/identity/v3/auth/tokens 0.065s
2025-11-27 06:24:45.227 65626 INFO tempest.lib.common.fixed_network [-] (TenantUsagesTestJSON:setUpClass) Found network None available for tenant
2025-11-27 06:24:45.322 65618 INFO tempest.lib.common.rest_client [req-a59cc455-4bc3-4c62-b5a5-095880be1507 req-a59cc455-4bc3-4c62-b5a5-095880be1507 ] Request (VolumesSnapshotsTestJSON:tearDownClass): 200 GET http://10.180.1.21/networking/v2.0/security-groups?tenant_id=324a43d0b6a74683b9dd2d2cf2780a16&name=default 0.309s
2025-11-27 06:24:45.428 65602 INFO tempest.lib.common.rest_client [req-04ebe5ca-82da-4384-bfb5-6aa89de75664 req-04ebe5ca-82da-4384-bfb5-6aa89de75664 ] Request (ServersTestMultiNic:test_verify_duplicate_network_nics): 200 GET http://10.180.1.21/compute/v2.1/servers/4a75bf76-6ce9-486b-84e1-2fcdce3dba58 0.948s
2025-11-27 06:24:45.525 65618 INFO tempest.lib.common.rest_client [req-c0dab104-5217-47df-a461-df5ab3c7716a req-c0dab104-5217-47df-a461-df5ab3c7716a ] Request (VolumesSnapshotsTestJSON:tearDownClass): 204 DELETE http://10.180.1.21/networking/v2.0/security-groups/40392a31-24df-49ac-88d1-50e7bf1d92f7 0.203s
2025-11-27 06:24:45.575 65604 INFO tempest.lib.common.rest_client [req-e59c7bd9-5e65-4ef4-8ad9-21a9baec6f57 req-e59c7bd9-5e65-4ef4-8ad9-21a9baec6f57 ] Request (ServerDiskConfigTestJSON:test_rebuild_server_with_manual_disk_config): 200 GET http://10.180.1.21/compute/v2.1/servers/b0602447-c007-44b7-89d4-446951884830 1.109s
2025-11-27 06:24:45.584 65604 INFO tempest.common.waiters [-] State transition "REBUILD/rebuild_spawning" ==> "ACTIVE/None" after 11 second wait
2025-11-27 06:24:45.594 65632 INFO tempest.lib.common.rest_client [req-e71165cd-e1e4-4526-9be5-a93c89e5f754 req-e71165cd-e1e4-4526-9be5-a93c89e5f754 ] Request (ServersTestJSON:test_create_server_with_ipv6_addr_only): 200 GET http://10.180.1.21/compute/v2.1/servers/d452d536-d17c-45d4-9a08-54e136b1b97c 1.027s
2025-11-27 06:24:45.614 65618 INFO tempest.lib.common.rest_client [req-df17b33c-fea1-4f27-a475-d133d567d806 req-df17b33c-fea1-4f27-a475-d133d567d806 ] Request (VolumesSnapshotsTestJSON:tearDownClass): 204 DELETE http://10.180.1.21/identity/v3/projects/324a43d0b6a74683b9dd2d2cf2780a16 0.088s
2025-11-27 06:24:45.669 65636 INFO tempest.lib.common.rest_client [req-1923e1ed-d01f-48ba-82d8-b6d0d7cfe7d3 req-1923e1ed-d01f-48ba-82d8-b6d0d7cfe7d3 ] Request (MultipleCreateTestJSON:_run_cleanups): 200 GET http://10.180.1.21/compute/v2.1/servers/e752c243-106f-440e-8a2e-34fe7d147071 1.027s
2025-11-27 06:24:45.684 65656 INFO tempest.lib.common.rest_client [req-85c0384a-ec7e-462b-a644-232f6e4e69ca req-85c0384a-ec7e-462b-a644-232f6e4e69ca ] Request (AttachInterfacesTestJSON:_run_cleanups): 200 GET http://10.180.1.21/compute/v2.1/servers/16f6da95-ee1e-46fb-aaaa-e87d5779a378 1.054s
2025-11-27 06:24:45.739 65646 INFO tempest.lib.common.rest_client [req-dec2fcba-dd76-4759-81ac-2a9f12e385e9 req-dec2fcba-dd76-4759-81ac-2a9f12e385e9 ] Request (ServersListShow298Test:test_list_show_update_rebuild_server_298): 200 GET http://10.180.1.21/compute/v2.1/servers/3c6f821f-cfe2-4438-904c-0a5ff31d427d 0.987s
2025-11-27 06:24:45.761 65594 INFO tempest.lib.common.rest_client [req-d0dd7954-839b-4928-9355-11dea09865eb req-d0dd7954-839b-4928-9355-11dea09865eb ] Request (VolumesAdminNegativeTest:tearDownClass): 200 GET http://10.180.1.21/compute/v2.1/servers/97231200-a76e-45fb-af5e-7a91411cb853 0.945s
2025-11-27 06:24:45.771 65594 INFO tempest.common.waiters [-] State transition "ACTIVE/deleting" ==> "DELETED/None" after 3 second wait
2025-11-27 06:24:45.833 65642 INFO tempest.lib.common.rest_client [req-4019119c-3b01-4604-89c1-55cd69cbbf77 req-4019119c-3b01-4604-89c1-55cd69cbbf77 ] Request (ServersListShow2100Test:test_list_show_rebuild_update_server_2100): 200 GET http://10.180.1.21/compute/v2.1/servers/07b7d61c-7abc-4912-b022-cae31b873e1e 0.994s
2025-11-27 06:24:45.855 65598 INFO tempest.lib.common.rest_client [req-9baad191-950c-422b-ab97-3f873e8516fd req-9baad191-950c-422b-ab97-3f873e8516fd ] Request (ServersAdminNegativeTestJSON:tearDownClass): 200 GET http://10.180.1.21/compute/v2.1/servers/97828df1-2130-4b65-a273-45d8ed14fcf4 0.903s
2025-11-27 06:24:45.936 65620 INFO tempest.lib.common.rest_client [req-d530550d-a8f9-422e-9ddb-3de43a880828 req-d530550d-a8f9-422e-9ddb-3de43a880828 ] Request (FloatingIPsAssociationNegativeTestJSON:tearDownClass): 200 GET http://10.180.1.21/compute/v2.1/servers/8b19c201-049b-403b-a706-3f4472f795ad 0.883s
2025-11-27 06:24:45.963 65606 INFO tempest.lib.common.rest_client [req-79ff8bbc-6c54-4d9e-b6c3-943339003af1 req-79ff8bbc-6c54-4d9e-b6c3-943339003af1 ] Request (InstanceActionsTestJSON:setUpClass): 200 GET http://10.180.1.21/compute/v2.1/servers/762ae994-f9d3-49dc-97c8-0c06b3aef6ce 0.976s
2025-11-27 06:24:45.996 65622 INFO tempest.lib.common.rest_client [req-307fee81-3d40-4620-bf6a-0838d1d7911f req-307fee81-3d40-4620-bf6a-0838d1d7911f ] Request (ServerShowV257Test:test_rebuild_server): 200 GET http://10.180.1.21/compute/v2.1/servers/5ecb64b5-9dd6-470e-b225-3e317f52cf41 0.898s
2025-11-27 06:24:46.049 65608 INFO tempest.lib.common.rest_client [req-df13a821-a8d9-439d-a68d-b4b68da13618 req-df13a821-a8d9-439d-a68d-b4b68da13618 ] Request (ServersAdminTestJSON:test_inject_network_info): 200 GET http://10.180.1.21/compute/v2.1/servers/026a902d-83be-4b68-89dd-3381d33e9340 0.821s
2025-11-27 06:24:46.125 65630 INFO tempest.lib.common.rest_client [req-f1067c14-4740-442f-8f8f-9e9974a8bc69 req-f1067c14-4740-442f-8f8f-9e9974a8bc69 ] Request (ServerShowV247Test:tearDownClass): 200 GET http://10.180.1.21/compute/v2.1/servers/1b506190-1cf3-4895-a497-4e1e3fdb282f 0.870s
2025-11-27 06:24:46.258 65604 INFO tempest.lib.common.rest_client [req-5f54dd03-f29a-429a-baae-0b503644e180 req-5f54dd03-f29a-429a-baae-0b503644e180 ] Request (ServerDiskConfigTestJSON:test_rebuild_server_with_manual_disk_config): 200 GET http://10.180.1.21/compute/v2.1/servers/b0602447-c007-44b7-89d4-446951884830 0.674s
2025-11-27 06:24:46.367 65614 INFO tempest.lib.common.rest_client [req-1e02ddc7-6140-4522-957b-727dc6766c16 req-1e02ddc7-6140-4522-957b-727dc6766c16 ] Request (MigrationsAdminTest:test_resize_server_revert_deleted_flavor): 200 GET http://10.180.1.21/compute/v2.1/servers/d89b0c0e-78ef-4182-a663-4d03da275bcb 0.715s
2025-11-27 06:24:46.422 65626 INFO tempest.lib.common.rest_client [req-9fb62805-f948-46dd-b1b3-42305e52a66f req-9fb62805-f948-46dd-b1b3-42305e52a66f ] Request (TenantUsagesTestJSON:setUpClass): 202 POST http://10.180.1.21/compute/v2.1/servers 1.194s
2025-11-27 06:24:46.499 65628 INFO tempest.lib.common.rest_client [req-290a4686-ca21-4b4e-8a38-a47a95f51a4d req-290a4686-ca21-4b4e-8a38-a47a95f51a4d ] Request (ListImageFiltersTestJSON:setUpClass): 200 GET http://10.180.1.21/compute/v2.1/servers/0b51014b-8904-4a45-9721-0178f691e466 0.700s
2025-11-27 06:24:46.540 65648 INFO tempest.lib.common.rest_client [req-2c36dea0-8471-48cc-8ee1-7be349470f1c req-2c36dea0-8471-48cc-8ee1-7be349470f1c ] Request (FloatingIPsAssociationTestJSON:test_associate_already_associated_floating_ip): 200 GET http://10.180.1.21/compute/v2.1/servers/70bd8787-75c6-4fa4-a385-ddc9e11402ad 0.849s
2025-11-27 06:24:46.616 65652 INFO tempest.lib.common.rest_client [req-646ce416-65d5-4099-ad31-76b72e37e5ce req-646ce416-65d5-4099-ad31-76b72e37e5ce ] Request (ServerRescueTestJSONUnderV235:tearDownClass): 200 GET http://10.180.1.21/compute/v2.1/servers/b632b1b6-6aea-4c64-bbf5-8591a9127af4 0.627s
2025-11-27 06:24:46.650 65617 INFO tempest.lib.common.rest_client [req-d13d2140-d8e5-4840-98b8-77c5da3a3f6d req-d13d2140-d8e5-4840-98b8-77c5da3a3f6d ] Request (ImagesOneServerTestJSON:test_create_image_specify_multibyte_character_image_name): 200 GET http://10.180.1.21/compute/v2.1/images/7500fade-3eb8-4293-8df8-cebc064ce3a6 0.614s
2025-11-27 06:24:46.732 65642 INFO tempest.lib.common.rest_client [req-4a0f46d3-f9f3-4eb4-83f5-5b44ab74bc1d req-4a0f46d3-f9f3-4eb4-83f5-5b44ab74bc1d ] Request (ServersListShow2100Test:test_list_show_rebuild_update_server_2100): 202 POST http://10.180.1.21/compute/v2.1/servers/07b7d61c-7abc-4912-b022-cae31b873e1e/action 0.885s
2025-11-27 06:24:46.813 65604 INFO tempest.lib.common.rest_client [req-fcce1c95-f089-413b-a753-4801eec2fdab req-fcce1c95-f089-413b-a753-4801eec2fdab ] Request (ServerDiskConfigTestJSON:_run_cleanups): 204 DELETE http://10.180.1.21/compute/v2.1/servers/b0602447-c007-44b7-89d4-446951884830 0.546s
2025-11-27 06:24:46.814 65596 INFO tempest.lib.common.rest_client [req-6bcdda74-e4a8-4243-88d8-fafd60cb5373 req-6bcdda74-e4a8-4243-88d8-fafd60cb5373 ] Request (SecurityGroupsTestJSON:test_server_security_groups): 200 GET http://10.180.1.21/compute/v2.1/servers/d2ef738e-4ec1-4be9-8580-2f5f1409f01a 0.702s
2025-11-27 06:24:46.822 65596 INFO tempest.common.waiters [-] State transition "BUILD/block_device_mapping" ==> "BUILD/spawning" after 51 second wait
2025-11-27 06:24:46.862 65626 INFO tempest.lib.common.rest_client [req-2c935c30-cb10-4ba1-bcdd-5b8a5a3753a7 req-2c935c30-cb10-4ba1-bcdd-5b8a5a3753a7 ] Request (TenantUsagesTestJSON:setUpClass): 200 GET http://10.180.1.21/compute/v2.1/servers/0e5bc184-7d14-4590-9de1-61fb561064b6 0.437s
2025-11-27 06:24:46.882 65602 INFO tempest.lib.common.rest_client [req-627fd709-9e81-40b3-822b-d98f2bd412ae req-627fd709-9e81-40b3-822b-d98f2bd412ae ] Request (ServersTestMultiNic:test_verify_duplicate_network_nics): 200 GET http://10.180.1.21/compute/v2.1/servers/4a75bf76-6ce9-486b-84e1-2fcdce3dba58 0.440s
2025-11-27 06:24:46.892 65604 INFO tempest.lib.common.rest_client [req-02e70ab0-3cf2-43e4-aa89-2d7596171253 req-02e70ab0-3cf2-43e4-aa89-2d7596171253 ] Request (ServerDiskConfigTestJSON:test_resize_server_from_auto_to_manual): 201 POST http://10.180.1.21/identity/v3/auth/tokens 0.074s
2025-11-27 06:24:46.892 65604 INFO tempest.lib.common.fixed_network [-] (ServerDiskConfigTestJSON:test_resize_server_from_auto_to_manual) Found network {'id': '64492e63-0d8b-40b8-a4a8-075ee45e748d', 'name': 'tempest-ServerDiskConfigTestJSON-1013706144-network', 'tenant_id': '711953e8394e4e8abf7ef54f1ef20dc0', 'project_id': '711953e8394e4e8abf7ef54f1ef20dc0', 'admin_state_up': True, 'mtu': 8950, 'status': 'ACTIVE', 'subnets': [], 'shared': False, 'port_security_enabled': True, 'router:external': False, 'provider:network_type': 'vlan', 'provider:physical_network': 'default', 'provider:segmentation_id': 567, 'availability_zone_hints': [], 'availability_zones': [], 'ipv4_address_scope': None, 'ipv6_address_scope': None, 'description': '', 'tags': [], 'created_at': '2025-11-27T06:22:07Z', 'updated_at': '2025-11-27T06:22:07Z', 'revision_number': 1} available for tenant
2025-11-27 06:24:46.920 65632 INFO tempest.lib.common.rest_client [req-6755eb54-5d59-4213-978b-ce60905539c5 req-6755eb54-5d59-4213-978b-ce60905539c5 ] Request (ServersTestJSON:test_create_server_with_ipv6_addr_only): 200 GET http://10.180.1.21/compute/v2.1/servers/d452d536-d17c-45d4-9a08-54e136b1b97c 0.316s
2025-11-27 06:24:46.927 65617 INFO tempest.lib.common.rest_client [req-91c49542-d810-4546-a091-fe3bf37acf97 req-91c49542-d810-4546-a091-fe3bf37acf97 ] Request (ImagesOneServerTestJSON:test_create_image_specify_multibyte_character_image_name): 200 GET http://10.180.1.21/compute/v2.1/images/7500fade-3eb8-4293-8df8-cebc064ce3a6 0.270s
2025-11-27 06:24:47.009 65636 INFO tempest.lib.common.rest_client [req-917a3a2e-fa74-4acd-b430-fdef6bce15d9 req-917a3a2e-fa74-4acd-b430-fdef6bce15d9 ] Request (MultipleCreateTestJSON:_run_cleanups): 200 GET http://10.180.1.21/compute/v2.1/servers/e752c243-106f-440e-8a2e-34fe7d147071 0.332s
2025-11-27 06:24:47.016 65656 INFO tempest.lib.common.rest_client [req-7a5abcb8-e640-4b10-a0f8-d38ef6785208 req-7a5abcb8-e640-4b10-a0f8-d38ef6785208 ] Request (AttachInterfacesTestJSON:_run_cleanups): 200 GET http://10.180.1.21/compute/v2.1/servers/16f6da95-ee1e-46fb-aaaa-e87d5779a378 0.324s
2025-11-27 06:24:47.107 65642 INFO tempest.lib.common.rest_client [req-79d62fdd-512d-4bfa-982b-6a41e8c21d81 req-79d62fdd-512d-4bfa-982b-6a41e8c21d81 ] Request (ServersListShow2100Test:test_list_show_rebuild_update_server_2100): 200 GET http://10.180.1.21/compute/v2.1/servers/07b7d61c-7abc-4912-b022-cae31b873e1e 0.363s
2025-11-27 06:24:47.129 65646 INFO tempest.lib.common.rest_client [req-3c15832a-9df6-4d5a-9d12-4c329dd15347 req-3c15832a-9df6-4d5a-9d12-4c329dd15347 ] Request (ServersListShow298Test:test_list_show_update_rebuild_server_298): 200 GET http://10.180.1.21/compute/v2.1/servers/3c6f821f-cfe2-4438-904c-0a5ff31d427d 0.371s
2025-11-27 06:24:47.182 65594 INFO tempest.lib.common.rest_client [req-a1db81c6-5616-4d56-9e18-701b555e2565 req-a1db81c6-5616-4d56-9e18-701b555e2565 ] Request (VolumesAdminNegativeTest:tearDownClass): 200 GET http://10.180.1.21/compute/v2.1/servers/97231200-a76e-45fb-af5e-7a91411cb853 0.409s
2025-11-27 06:24:47.207 65598 INFO tempest.lib.common.rest_client [req-e076d2d1-da50-4a4c-bf64-475e97b702d5 req-e076d2d1-da50-4a4c-bf64-475e97b702d5 ] Request (ServersAdminNegativeTestJSON:tearDownClass): 200 GET http://10.180.1.21/compute/v2.1/servers/97828df1-2130-4b65-a273-45d8ed14fcf4 0.343s
2025-11-27 06:24:47.393 65617 INFO tempest.lib.common.rest_client [req-51cc342a-919f-4b4b-9468-11e15d7e61e0 req-51cc342a-919f-4b4b-9468-11e15d7e61e0 ] Request (ImagesOneServerTestJSON:test_create_image_specify_multibyte_character_image_name): 200 GET http://10.180.1.21/compute/v2.1/servers/474d3f70-6076-4fcd-9f61-931fcd0d35f2 0.463s
2025-11-27 06:24:47.511 65620 INFO tempest.lib.common.rest_client [req-ad2556b3-7e05-4f50-a4de-d50bd4c696d7 req-ad2556b3-7e05-4f50-a4de-d50bd4c696d7 ] Request (FloatingIPsAssociationNegativeTestJSON:tearDownClass): 200 GET http://10.180.1.21/compute/v2.1/servers/8b19c201-049b-403b-a706-3f4472f795ad 0.566s
2025-11-27 06:24:47.658 65604 INFO tempest.lib.common.rest_client [req-0457b762-210b-412a-9247-6a70ee62ed6b req-0457b762-210b-412a-9247-6a70ee62ed6b ] Request (ServerDiskConfigTestJSON:test_resize_server_from_auto_to_manual): 202 POST http://10.180.1.21/compute/v2.1/servers 0.766s
2025-11-27 06:24:47.737 65606 INFO tempest.lib.common.rest_client [req-c165fa37-08f9-4961-8e45-23912f34dd04 req-c165fa37-08f9-4961-8e45-23912f34dd04 ] Request (InstanceActionsTestJSON:setUpClass): 200 GET http://10.180.1.21/compute/v2.1/servers/762ae994-f9d3-49dc-97c8-0c06b3aef6ce 0.765s
2025-11-27 06:24:47.754 65622 INFO tempest.lib.common.rest_client [req-80de529d-968e-4127-a64c-367f163116b1 req-80de529d-968e-4127-a64c-367f163116b1 ] Request (ServerShowV257Test:test_rebuild_server): 200 GET http://10.180.1.21/compute/v2.1/servers/5ecb64b5-9dd6-470e-b225-3e317f52cf41 0.747s
2025-11-27 06:24:47.797 65608 INFO tempest.lib.common.rest_client [req-e8207244-1639-4905-8b48-cb4aba9e7269 req-e8207244-1639-4905-8b48-cb4aba9e7269 ] Request (ServersAdminTestJSON:test_inject_network_info): 200 GET http://10.180.1.21/compute/v2.1/servers/026a902d-83be-4b68-89dd-3381d33e9340 0.739s
2025-11-27 06:24:47.822 65630 INFO tempest.lib.common.rest_client [req-6a85bfd5-4eee-4c10-960e-f2d90715bccf req-6a85bfd5-4eee-4c10-960e-f2d90715bccf ] Request (ServerShowV247Test:tearDownClass): 200 GET http://10.180.1.21/compute/v2.1/servers/1b506190-1cf3-4895-a497-4e1e3fdb282f 0.687s
2025-11-27 06:24:47.876 65644 INFO paramiko.transport [-] Connected (version 2.0, client dropbear_2020.81)
