2025-11-27 06:21:54.088 65630 INFO tempest.lib.common.dynamic_creds [-] Created isolated network resources for: credentials: Credentials: {'domain_id': 'default', 'domain_name': 'Default', 'username': 'tempest-FloatingIPDetailsTestJSON-1213505970-project-member', 'project_domain_id': 'default', 'project_domain_name': 'Default', 'project_id': '5d45cac6f12a42f5a1804e139f55e03c', 'project_name': 'tempest-FloatingIPDetailsTestJSON-1213505970', 'tenant_id': '5d45cac6f12a42f5a1804e139f55e03c', 'tenant_name': 'tempest-FloatingIPDetailsTestJSON-1213505970', 'user_domain_id': 'default', 'user_domain_name': 'Default', 'user_id': 'e116aa303a8a4f3483032402fc15f354', 'system': None}, Network: {'id': 'fc96df3f-9cc5-4ae8-8326-29fc65b394f3', 'name': 'tempest-FloatingIPDetailsTestJSON-300895066-network', 'tenant_id': '5d45cac6f12a42f5a1804e139f55e03c', 'project_id': '5d45cac6f12a42f5a1804e139f55e03c', 'admin_state_up': True, 'mtu': 8950, 'status': 'ACTIVE', 'subnets': [], 'shared': False, 'port_security_enabled': True, 'router:external': False, 'provider:network_type': 'vlan', 'provider:physical_network': 'default', 'provider:segmentation_id': 121, 'availability_zone_hints': [], 'availability_zones': [], 'ipv4_address_scope': None, 'ipv6_address_scope': None, 'description': '', 'tags': [], 'created_at': '2025-11-27T06:21:50Z', 'updated_at': '2025-11-27T06:21:50Z', 'revision_number': 1}, Subnet: {'id': 'cb55fcfb-90ac-4147-a850-6f17d338ef78', 'name': 'tempest-FloatingIPDetailsTestJSON-300895066-subnet', 'tenant_id': '5d45cac6f12a42f5a1804e139f55e03c', 'network_id': 'fc96df3f-9cc5-4ae8-8326-29fc65b394f3', 'ip_version': 4, 'subnetpool_id': None, 'enable_dhcp': True, 'ipv6_ra_mode': None, 'ipv6_address_mode': None, 'gateway_ip': '192.168.128.1', 'cidr': '192.168.128.0/28', 'allocation_pools': [{'start': '192.168.128.2', 'end': '192.168.128.14'}], 'host_routes': [], 'dns_nameservers': [], 'description': '', 'router:external': False, 'service_types': [], 'tags': [], 'created_at': '2025-11-27T06:21:50Z', 'updated_at': '2025-11-27T06:21:50Z', 'revision_number': 0, 'project_id': '5d45cac6f12a42f5a1804e139f55e03c'}, Router: {'id': 'ece48287-91f0-49b0-99ae-2ffba54bc366', 'name': 'tempest-FloatingIPDetailsTestJSON-300895066-router', 'tenant_id': '5d45cac6f12a42f5a1804e139f55e03c', 'admin_state_up': True, 'status': 'ACTIVE', 'external_gateway_info': {'network_id': 'a1f895c3-b746-48f7-ad09-3364f568aa94', 'external_fixed_ips': [{'subnet_id': 'ef8923bc-5783-48c0-8e54-c62aa893e060', 'ip_address': '10.180.180.128'}], 'enable_snat': True}, 'description': '', 'availability_zones': [], 'distributed': False, 'ha': False, 'availability_zone_hints': [], 'routes': [], 'flavor_id': None, 'tags': [], 'created_at': '2025-11-27T06:21:51Z', 'updated_at': '2025-11-27T06:21:51Z', 'revision_number': 2, 'project_id': '5d45cac6f12a42f5a1804e139f55e03c'}
2025-11-27 06:21:54.144 65642 INFO tempest.lib.common.rest_client [req-92f97df0-6b4e-476f-a9f9-d8ffdc918ba1 req-92f97df0-6b4e-476f-a9f9-d8ffdc918ba1 ] Request (ImagesNegativeTestJSON:test_create_image_from_deleted_server): 200 GET http://10.180.1.21/compute/v2.1/servers/c556e8ea-5e76-4506-89b6-dcc49a3ae8b2 5.090s
2025-11-27 06:21:54.177 65618 INFO tempest.lib.common.rest_client [req-911535a3-9bde-49f7-bb6f-a9bcf3027641 req-911535a3-9bde-49f7-bb6f-a9bcf3027641 ] Request (ServersAdmin275Test:test_rebuild_update_server_275): 202 POST http://10.180.1.21/compute/v2.1/servers/28d072ce-7ba7-4b6d-b484-37f14c902daa/action 4.905s
2025-11-27 06:21:54.211 65630 INFO tempest.lib.common.rest_client [req-eff7cf5d-671a-4d21-a7a3-8f8b52509142 req-eff7cf5d-671a-4d21-a7a3-8f8b52509142 ] Request (FloatingIPDetailsTestJSON:setUpClass): 201 POST http://10.180.1.21/identity/v3/auth/tokens 0.116s
2025-11-27 06:21:54.291 65604 INFO tempest.lib.common.rest_client [req-a1f0e508-43c5-4ddc-9558-fe849fec7579 req-a1f0e508-43c5-4ddc-9558-fe849fec7579 ] Request (SecurityGroupsNegativeTestJSON:tearDownClass): 204 DELETE http://10.180.1.21/networking/v2.0/routers/df9f3fa3-d7e3-40e0-b63f-a5b24283ba58 1.601s
2025-11-27 06:21:54.308 65648 INFO tempest.lib.common.rest_client [req-02faaafe-0ad3-4918-91f7-652a909627f8 req-02faaafe-0ad3-4918-91f7-652a909627f8 ] Request (FlavorsV261TestJSON:tearDownClass): 204 DELETE http://10.180.1.21/networking/v2.0/security-groups/bad7c9cc-3bee-4d57-a375-8b0e6303ce9e 0.767s
2025-11-27 06:21:54.394 65624 INFO tempest.lib.common.rest_client [req-4e0759fd-2b7e-4bbb-9086-a66d1b39a733 req-4e0759fd-2b7e-4bbb-9086-a66d1b39a733 ] Request (ListImageFiltersNegativeTestJSON:tearDownClass): 204 DELETE http://10.180.1.21/networking/v2.0/security-groups/c59503ed-01ad-4754-ad5e-51551c72aabe 0.738s
2025-11-27 06:21:54.424 65648 INFO tempest.lib.common.rest_client [req-bee6ebe1-d61b-41a1-915e-90d63a73d9c5 req-bee6ebe1-d61b-41a1-915e-90d63a73d9c5 ] Request (FlavorsV261TestJSON:tearDownClass): 204 DELETE http://10.180.1.21/identity/v3/projects/250f0e0cdbad4c8a9a5e9e5463815c93 0.116s
2025-11-27 06:21:54.425 65648 INFO tempest.lib.common.dynamic_creds [-] Deleting project and security group for project: d507075530db4e88a372005f1cdd726f
2025-11-27 06:21:54.462 65640 INFO tempest.lib.common.rest_client [req-222cc042-3b59-422c-84a3-8fcd411733d1 req-222cc042-3b59-422c-84a3-8fcd411733d1 ] Request (ServerTagsTestJSON:setUpClass): 200 GET http://10.180.1.21/compute/v2.1/servers/a65fd9db-951c-42be-a38e-03edc0bb1ef1 5.033s
2025-11-27 06:21:54.503 65654 INFO tempest.lib.common.rest_client [req-7b7b29fb-af92-4312-9bd3-1b335362881f req-7b7b29fb-af92-4312-9bd3-1b335362881f ] Request (FlavorsV255TestJSON:tearDownClass): 204 DELETE http://10.180.1.21/networking/v2.0/security-groups/577279f9-4f29-4a0c-baca-c93f65f7fbd1 0.664s
2025-11-27 06:21:54.533 65624 INFO tempest.lib.common.rest_client [req-471edfca-30f4-4bd1-89e0-d6c227073a87 req-471edfca-30f4-4bd1-89e0-d6c227073a87 ] Request (ListImageFiltersNegativeTestJSON:tearDownClass): 204 DELETE http://10.180.1.21/identity/v3/projects/4cfd6ec953d74e52a4728d91099fcb2a 0.138s
2025-11-27 06:21:54.566 65624 INFO tempest.lib.common.rest_client [req-3a31a668-c514-48bc-9981-17297ecf1d90 req-3a31a668-c514-48bc-9981-17297ecf1d90 ] Request (ServerGroupTestJSON:setUpClass): 201 POST http://10.180.1.21/identity/v3/auth/tokens 0.031s
2025-11-27 06:21:54.618 65654 INFO tempest.lib.common.rest_client [req-3cf4a817-e536-4520-9c58-681f9ea53456 req-3cf4a817-e536-4520-9c58-681f9ea53456 ] Request (FlavorsV255TestJSON:tearDownClass): 204 DELETE http://10.180.1.21/identity/v3/projects/8b138456469a4d1a9d53e348c0404132 0.115s
2025-11-27 06:21:54.618 65654 INFO tempest.lib.common.dynamic_creds [-] Deleting project and security group for project: f4a4a111fcca4b92a192d124c5b36125
2025-11-27 06:21:54.631 65624 INFO tempest.lib.common.rest_client [req-44555c3d-cfe8-4761-bc7e-82d06a7ab3f9 req-44555c3d-cfe8-4761-bc7e-82d06a7ab3f9 ] Request (ServerGroupTestJSON:setUpClass): 201 POST http://10.180.1.21/identity/v3/auth/tokens 0.061s
2025-11-27 06:21:54.645 65604 INFO tempest.lib.common.rest_client [req-5fce367b-ef9c-420a-adf8-0001edb1f7e3 req-5fce367b-ef9c-420a-adf8-0001edb1f7e3 ] Request (SecurityGroupsNegativeTestJSON:tearDownClass): 204 DELETE http://10.180.1.21/networking/v2.0/subnets/14fa6854-ef85-4d88-82e4-2e31486521be 0.353s
2025-11-27 06:21:54.663 65624 INFO tempest.lib.common.rest_client [req-e7473bcc-08e6-480d-bb1f-3d2d412364e2 req-e7473bcc-08e6-480d-bb1f-3d2d412364e2 ] Request (ServerGroupTestJSON:setUpClass): 200 GET http://10.180.1.21/identity/v3/domains?name=Default 0.031s
2025-11-27 06:21:54.667 65648 INFO tempest.lib.common.rest_client [req-99bed644-1915-4638-9f83-bc6f9a33db4e req-99bed644-1915-4638-9f83-bc6f9a33db4e ] Request (FlavorsV261TestJSON:tearDownClass): 200 GET http://10.180.1.21/networking/v2.0/security-groups?tenant_id=d507075530db4e88a372005f1cdd726f&name=default 0.242s
2025-11-27 06:21:54.690 65626 INFO tempest.lib.common.rest_client [req-ef16fe64-05b3-4601-b42c-f3189f81c995 req-ef16fe64-05b3-4601-b42c-f3189f81c995 ] Request (VolumesAssistedSnapshotsTest:test_volume_assisted_snapshot_create_delete): 200 GET http://10.180.1.21/compute/v2.1/servers/9c309d41-4126-4521-a347-5e9e8d17e0ea 4.811s
2025-11-27 06:21:54.695 65628 INFO tempest.lib.common.rest_client [req-49875173-9d38-4cfc-a187-541f87afe466 req-49875173-9d38-4cfc-a187-541f87afe466 ] Request (DeleteServersAdminTestJSON:test_admin_delete_servers_of_others): 200 GET http://10.180.1.21/compute/v2.1/servers/107d0c18-db21-46bd-83b4-93af544affe2 4.950s
2025-11-27 06:21:54.698 65624 INFO tempest.lib.common.rest_client [req-68bcfed9-700c-4d03-8226-21d2889d9da6 req-68bcfed9-700c-4d03-8226-21d2889d9da6 ] Request (ServerGroupTestJSON:setUpClass): 201 POST http://10.180.1.21/identity/v3/projects 0.034s
2025-11-27 06:21:54.700 65626 INFO tempest.common.waiters [-] State transition "BUILD/scheduling" ==> "BUILD/None" after 6 second wait
2025-11-27 06:21:54.704 65628 INFO tempest.common.waiters [-] State transition "BUILD/spawning" ==> "ACTIVE/None" after 19 second wait
2025-11-27 06:21:54.779 65624 INFO tempest.lib.common.rest_client [req-2b5d0227-5ef3-4a29-ab79-459e6a26f1b6 req-2b5d0227-5ef3-4a29-ab79-459e6a26f1b6 ] Request (ServerGroupTestJSON:setUpClass): 201 POST http://10.180.1.21/identity/v3/users 0.081s
2025-11-27 06:21:54.814 65624 INFO tempest.lib.common.rest_client [req-c4991168-f49f-4ff1-960c-ef165b0cd203 req-c4991168-f49f-4ff1-960c-ef165b0cd203 ] Request (ServerGroupTestJSON:setUpClass): 200 GET http://10.180.1.21/identity/v3/roles 0.034s
2025-11-27 06:21:54.823 65654 INFO tempest.lib.common.rest_client [req-fa83fbf8-15ea-434b-982b-f491e68f4792 req-fa83fbf8-15ea-434b-982b-f491e68f4792 ] Request (FlavorsV255TestJSON:tearDownClass): 200 GET http://10.180.1.21/networking/v2.0/security-groups?tenant_id=f4a4a111fcca4b92a192d124c5b36125&name=default 0.204s
2025-11-27 06:21:54.852 65624 INFO tempest.lib.common.rest_client [req-935cc79e-279e-45d0-a090-c05f806c348f req-935cc79e-279e-45d0-a090-c05f806c348f ] Request (ServerGroupTestJSON:setUpClass): 204 PUT http://10.180.1.21/identity/v3/projects/a19f01c481714b8eb05c27d47bf499a8/users/96fd0d5555ff4021af38ac535a2f0dcc/roles/285d0d319a16468db2c2503dac371efd 0.037s
2025-11-27 06:21:54.852 65624 INFO tempest.lib.common.dynamic_creds [-] Dynamic test user 96fd0d5555ff4021af38ac535a2f0dcc is created with scope project and roles: ['member']
2025-11-27 06:21:54.852 65624 INFO tempest.lib.common.dynamic_creds [-] Acquired dynamic creds: credentials: Credentials: {'domain_id': 'default', 'domain_name': 'Default', 'username': 'tempest-ServerGroupTestJSON-1782751920-project-member', 'project_domain_id': 'default', 'project_domain_name': 'Default', 'project_id': 'a19f01c481714b8eb05c27d47bf499a8', 'project_name': 'tempest-ServerGroupTestJSON-1782751920', 'tenant_id': 'a19f01c481714b8eb05c27d47bf499a8', 'tenant_name': 'tempest-ServerGroupTestJSON-1782751920', 'user_domain_id': 'default', 'user_domain_name': 'Default', 'user_id': '96fd0d5555ff4021af38ac535a2f0dcc', 'system': None}, Network: None, Subnet: None, Router: None
2025-11-27 06:21:54.914 65624 INFO tempest.lib.common.rest_client [req-5917c511-7cc7-47b0-90ec-c70bff0952fe req-5917c511-7cc7-47b0-90ec-c70bff0952fe ] Request (ServerGroupTestJSON:setUpClass): 201 POST http://10.180.1.21/identity/v3/auth/tokens 0.061s
2025-11-27 06:21:55.089 65648 INFO tempest.lib.common.rest_client [req-9cfd2a6b-fa31-4d18-b796-11164c05c57b req-9cfd2a6b-fa31-4d18-b796-11164c05c57b ] Request (FlavorsV261TestJSON:tearDownClass): 204 DELETE http://10.180.1.21/networking/v2.0/security-groups/2b0ff9be-5ecf-4d1b-99f0-0a9da4398eb0 0.422s
2025-11-27 06:21:55.108 65644 INFO tempest.lib.common.rest_client [req-e2232f28-3074-4c78-97b2-3fa8da54f5fc req-e2232f28-3074-4c78-97b2-3fa8da54f5fc ] Request (FloatingIPsTestJSON:test_delete_floating_ip): 404 GET http://10.180.1.21/compute/v2.1/os-floating-ips/e984d4a0-b835-4747-9351-4b08fa4c61fd 4.534s
2025-11-27 06:21:55.180 65604 INFO tempest.lib.common.rest_client [req-f825d220-7839-4f05-8ca6-60d9c88f39ae req-f825d220-7839-4f05-8ca6-60d9c88f39ae ] Request (SecurityGroupsNegativeTestJSON:tearDownClass): 204 DELETE http://10.180.1.21/networking/v2.0/networks/0abbb567-82b7-47fd-9b3f-a6aa38daaa01 0.534s
2025-11-27 06:21:55.230 65648 INFO tempest.lib.common.rest_client [req-21d4c8da-93ca-41a1-9478-41fae9fe2865 req-21d4c8da-93ca-41a1-9478-41fae9fe2865 ] Request (FlavorsV261TestJSON:tearDownClass): 204 DELETE http://10.180.1.21/identity/v3/projects/d507075530db4e88a372005f1cdd726f 0.140s
2025-11-27 06:21:55.301 65654 INFO tempest.lib.common.rest_client [req-72b913cb-beb5-49d9-989c-e5797f7d1c57 req-72b913cb-beb5-49d9-989c-e5797f7d1c57 ] Request (FlavorsV255TestJSON:tearDownClass): 204 DELETE http://10.180.1.21/networking/v2.0/security-groups/d2227b3e-449f-4dbe-97d2-aeaad406715c 0.477s
2025-11-27 06:21:55.378 65604 INFO tempest.lib.common.rest_client [req-0b6ae801-30a8-4a7c-b17e-a5b9e3cbadba req-0b6ae801-30a8-4a7c-b17e-a5b9e3cbadba ] Request (SecurityGroupsNegativeTestJSON:tearDownClass): 204 DELETE http://10.180.1.21/identity/v3/users/8734aad42e8c4618a90e08538c11aa49 0.196s
2025-11-27 06:21:55.378 65604 INFO tempest.lib.common.dynamic_creds [-] Deleting project and security group for project: f5ea957c164b41d2a816c22f2b9cf7e5
2025-11-27 06:21:55.387 65648 INFO tempest.lib.common.rest_client [req-20014c93-4db3-4fef-8cb5-06b0d82a2f58 req-20014c93-4db3-4fef-8cb5-06b0d82a2f58 ] Request (HostsAdminNegativeTestJSON:setUpClass): 201 POST http://10.180.1.21/identity/v3/auth/tokens 0.155s
2025-11-27 06:21:55.480 65654 INFO tempest.lib.common.rest_client [req-ded81d1f-6cc7-4ec1-bc40-9222320abff3 req-ded81d1f-6cc7-4ec1-bc40-9222320abff3 ] Request (FlavorsV255TestJSON:tearDownClass): 204 DELETE http://10.180.1.21/identity/v3/projects/f4a4a111fcca4b92a192d124c5b36125 0.179s
2025-11-27 06:21:55.502 65648 INFO tempest.lib.common.rest_client [req-98761cba-16dd-44c7-9ba4-ff4e0ff096ce req-98761cba-16dd-44c7-9ba4-ff4e0ff096ce ] Request (HostsAdminNegativeTestJSON:setUpClass): 201 POST http://10.180.1.21/identity/v3/auth/tokens 0.109s
2025-11-27 06:21:55.507 65654 INFO tempest.lib.common.rest_client [req-ed43a57b-725d-4210-acd1-5428c2ce4627 req-ed43a57b-725d-4210-acd1-5428c2ce4627 ] Request (ServersV294TestFqdnHostnames:setUpClass): 201 POST http://10.180.1.21/identity/v3/auth/tokens 0.025s
2025-11-27 06:21:55.527 65648 INFO tempest.lib.common.rest_client [req-56b446f6-41d6-4e84-9258-d903824a4aab req-56b446f6-41d6-4e84-9258-d903824a4aab ] Request (HostsAdminNegativeTestJSON:setUpClass): 200 GET http://10.180.1.21/identity/v3/domains?name=Default 0.024s
2025-11-27 06:21:55.552 65654 INFO tempest.lib.common.rest_client [req-f8447e1c-ae91-4f78-ad11-7d4affa1d39d req-f8447e1c-ae91-4f78-ad11-7d4affa1d39d ] Request (ServersV294TestFqdnHostnames:setUpClass): 201 POST http://10.180.1.21/identity/v3/auth/tokens 0.041s
2025-11-27 06:21:55.565 65624 INFO tempest.lib.common.rest_client [req-0882da2a-5669-4f25-856b-83e52c2a45e8 req-0882da2a-5669-4f25-856b-83e52c2a45e8 ] Request (ServerGroupTestJSON:setUpClass): 201 POST http://10.180.1.21/networking/v2.0/networks 0.651s
2025-11-27 06:21:55.573 65648 INFO tempest.lib.common.rest_client [req-323aa3be-f30c-4eaf-9d9d-f8235aa448d8 req-323aa3be-f30c-4eaf-9d9d-f8235aa448d8 ] Request (HostsAdminNegativeTestJSON:setUpClass): 201 POST http://10.180.1.21/identity/v3/projects 0.046s
2025-11-27 06:21:55.577 65654 INFO tempest.lib.common.rest_client [req-bce7f7cb-0e24-44dc-a80c-fbc5834653dc req-bce7f7cb-0e24-44dc-a80c-fbc5834653dc ] Request (ServersV294TestFqdnHostnames:setUpClass): 200 GET http://10.180.1.21/identity/v3/domains?name=Default 0.024s
2025-11-27 06:21:55.634 65648 INFO tempest.lib.common.rest_client [req-800c46b7-7147-41ef-8dc6-2ca13ee41fde req-800c46b7-7147-41ef-8dc6-2ca13ee41fde ] Request (HostsAdminNegativeTestJSON:setUpClass): 201 POST http://10.180.1.21/identity/v3/users 0.060s
2025-11-27 06:21:55.634 65654 INFO tempest.lib.common.rest_client [req-e6df620e-e30a-40be-b3e3-b9945b2dd128 req-e6df620e-e30a-40be-b3e3-b9945b2dd128 ] Request (ServersV294TestFqdnHostnames:setUpClass): 201 POST http://10.180.1.21/identity/v3/projects 0.056s
2025-11-27 06:21:55.693 65654 INFO tempest.lib.common.rest_client [req-4179c218-b614-401d-a652-6ccc1e46b426 req-4179c218-b614-401d-a652-6ccc1e46b426 ] Request (ServersV294TestFqdnHostnames:setUpClass): 201 POST http://10.180.1.21/identity/v3/users 0.059s
2025-11-27 06:21:55.704 65648 INFO tempest.lib.common.rest_client [req-8cee1df3-eca7-4a00-bbb0-13af70bc27c6 req-8cee1df3-eca7-4a00-bbb0-13af70bc27c6 ] Request (HostsAdminNegativeTestJSON:setUpClass): 200 GET http://10.180.1.21/identity/v3/roles 0.070s
2025-11-27 06:21:55.710 65614 INFO tempest.lib.common.rest_client [req-9fad3896-6038-4696-816d-b34ff673b7b5 req-9fad3896-6038-4696-816d-b34ff673b7b5 ] Request (MigrationsAdminTest:test_list_migrations_in_flavor_resize_situation): 200 GET http://10.180.1.21/compute/v2.1/servers/b9f5aef9-ad6c-4afe-be13-ca78d7680f3b 4.992s
2025-11-27 06:21:55.723 65654 INFO tempest.lib.common.rest_client [req-fa3eb43f-4941-44be-8148-a2ededd723a2 req-fa3eb43f-4941-44be-8148-a2ededd723a2 ] Request (ServersV294TestFqdnHostnames:setUpClass): 200 GET http://10.180.1.21/identity/v3/roles 0.029s
2025-11-27 06:21:55.729 65604 INFO tempest.lib.common.rest_client [req-ac2e0da0-aff7-46d0-aa33-9f316ca6153b req-ac2e0da0-aff7-46d0-aa33-9f316ca6153b ] Request (SecurityGroupsNegativeTestJSON:tearDownClass): 200 GET http://10.180.1.21/networking/v2.0/security-groups?tenant_id=f5ea957c164b41d2a816c22f2b9cf7e5&name=default 0.351s
2025-11-27 06:21:55.739 65648 INFO tempest.lib.common.rest_client [req-ba654e18-a712-48fd-a7ca-a51dd222cdbf req-ba654e18-a712-48fd-a7ca-a51dd222cdbf ] Request (HostsAdminNegativeTestJSON:setUpClass): 204 PUT http://10.180.1.21/identity/v3/projects/b729db5ad20b4cfaab1e2131fa817ccd/users/03e5d8574a7549308eca98f90c3dfe01/roles/285d0d319a16468db2c2503dac371efd 0.034s
2025-11-27 06:21:55.739 65648 INFO tempest.lib.common.dynamic_creds [-] Dynamic test user 03e5d8574a7549308eca98f90c3dfe01 is created with scope project and roles: ['member']
2025-11-27 06:21:55.739 65648 INFO tempest.lib.common.dynamic_creds [-] Acquired dynamic creds: credentials: Credentials: {'domain_id': 'default', 'domain_name': 'Default', 'username': 'tempest-HostsAdminNegativeTestJSON-332303507-project-member', 'project_domain_id': 'default', 'project_domain_name': 'Default', 'project_id': 'b729db5ad20b4cfaab1e2131fa817ccd', 'project_name': 'tempest-HostsAdminNegativeTestJSON-332303507', 'tenant_id': 'b729db5ad20b4cfaab1e2131fa817ccd', 'tenant_name': 'tempest-HostsAdminNegativeTestJSON-332303507', 'user_domain_id': 'default', 'user_domain_name': 'Default', 'user_id': '03e5d8574a7549308eca98f90c3dfe01', 'system': None}, Network: None, Subnet: None, Router: None
2025-11-27 06:21:55.739 65648 INFO tempest.lib.common.dynamic_creds [-] Created isolated network resources for: credentials: Credentials: {'domain_id': 'default', 'domain_name': 'Default', 'username': 'tempest-HostsAdminNegativeTestJSON-332303507-project-member', 'project_domain_id': 'default', 'project_domain_name': 'Default', 'project_id': 'b729db5ad20b4cfaab1e2131fa817ccd', 'project_name': 'tempest-HostsAdminNegativeTestJSON-332303507', 'tenant_id': 'b729db5ad20b4cfaab1e2131fa817ccd', 'tenant_name': 'tempest-HostsAdminNegativeTestJSON-332303507', 'user_domain_id': 'default', 'user_domain_name': 'Default', 'user_id': '03e5d8574a7549308eca98f90c3dfe01', 'system': None}, Network: None, Subnet: None, Router: None
2025-11-27 06:21:55.741 65620 INFO tempest.lib.common.rest_client [req-82e89be1-adf1-4d7b-ab9d-d8aa01e3c19b req-82e89be1-adf1-4d7b-ab9d-d8aa01e3c19b ] Request (AggregatesAdminNegativeTestJSON:test_aggregate_add_host_as_user): 200 POST http://10.180.1.21/compute/v2.1/os-aggregates 4.688s
2025-11-27 06:21:55.762 65654 INFO tempest.lib.common.rest_client [req-0db7d433-ba54-4a33-b4d6-2bbae82f370f req-0db7d433-ba54-4a33-b4d6-2bbae82f370f ] Request (ServersV294TestFqdnHostnames:setUpClass): 204 PUT http://10.180.1.21/identity/v3/projects/f776ad7931d441b49ca53e446596a78f/users/1cf118408dc143419417c884ef2b2ee2/roles/285d0d319a16468db2c2503dac371efd 0.039s
2025-11-27 06:21:55.762 65654 INFO tempest.lib.common.dynamic_creds [-] Dynamic test user 1cf118408dc143419417c884ef2b2ee2 is created with scope project and roles: ['member']
2025-11-27 06:21:55.763 65654 INFO tempest.lib.common.dynamic_creds [-] Acquired dynamic creds: credentials: Credentials: {'domain_id': 'default', 'domain_name': 'Default', 'username': 'tempest-ServersV294TestFqdnHostnames-472328194-project-member', 'project_domain_id': 'default', 'project_domain_name': 'Default', 'project_id': 'f776ad7931d441b49ca53e446596a78f', 'project_name': 'tempest-ServersV294TestFqdnHostnames-472328194', 'tenant_id': 'f776ad7931d441b49ca53e446596a78f', 'tenant_name': 'tempest-ServersV294TestFqdnHostnames-472328194', 'user_domain_id': 'default', 'user_domain_name': 'Default', 'user_id': '1cf118408dc143419417c884ef2b2ee2', 'system': None}, Network: None, Subnet: None, Router: None
2025-11-27 06:21:55.772 65600 INFO tempest.lib.common.rest_client [req-ef1cb368-6885-4e92-929c-446ad5634f7d req-ef1cb368-6885-4e92-929c-446ad5634f7d ] Request (HostsAdminTestJSON:test_list_hosts_with_zone): 200 GET http://10.180.1.21/compute/v2.1/os-hosts 4.667s
2025-11-27 06:21:55.833 65654 INFO tempest.lib.common.rest_client [req-37fc5ca0-6422-44a2-bac6-00a908abec99 req-37fc5ca0-6422-44a2-bac6-00a908abec99 ] Request (ServersV294TestFqdnHostnames:setUpClass): 201 POST http://10.180.1.21/identity/v3/auth/tokens 0.070s
2025-11-27 06:21:55.836 65648 INFO tempest.lib.common.rest_client [req-e4406f2b-3d24-4392-9926-3e7b6957f921 req-e4406f2b-3d24-4392-9926-3e7b6957f921 ] Request (HostsAdminNegativeTestJSON:setUpClass): 201 POST http://10.180.1.21/identity/v3/auth/tokens 0.091s
2025-11-27 06:21:55.867 65648 INFO tempest.lib.common.rest_client [req-b1f352c1-069f-427f-b9e6-a33c44efa544 req-b1f352c1-069f-427f-b9e6-a33c44efa544 ] Request (HostsAdminNegativeTestJSON:setUpClass): 201 POST http://10.180.1.21/identity/v3/projects 0.030s
2025-11-27 06:21:55.910 65624 INFO tempest.lib.common.rest_client [req-b47713e6-68da-41c2-b94c-306e6eec2b67 req-b47713e6-68da-41c2-b94c-306e6eec2b67 ] Request (ServerGroupTestJSON:setUpClass): 201 POST http://10.180.1.21/networking/v2.0/subnets 0.344s
2025-11-27 06:21:55.933 65648 INFO tempest.lib.common.rest_client [req-84d85bd5-a156-4da9-a0c1-7e798190838b req-84d85bd5-a156-4da9-a0c1-7e798190838b ] Request (HostsAdminNegativeTestJSON:setUpClass): 201 POST http://10.180.1.21/identity/v3/users 0.065s
2025-11-27 06:21:55.955 65648 INFO tempest.lib.common.rest_client [req-2fa6eae4-c162-494f-b222-1c7a9f13ec86 req-2fa6eae4-c162-494f-b222-1c7a9f13ec86 ] Request (HostsAdminNegativeTestJSON:setUpClass): 200 GET http://10.180.1.21/identity/v3/roles 0.021s
2025-11-27 06:21:55.979 65622 INFO tempest.lib.common.rest_client [req-bc7b3770-2534-4428-bcc0-ede8ea5f7b26 req-bc7b3770-2534-4428-bcc0-ede8ea5f7b26 ] Request (AttachInterfacesUnderV243Test:test_add_remove_fixed_ip): 200 GET http://10.180.1.21/compute/v2.1/servers/91907f7c-abc7-4527-8c45-8b0b01c829d2 5.099s
2025-11-27 06:21:55.988 65622 INFO tempest.common.waiters [-] State transition "BUILD/None" ==> "BUILD/spawning" after 9 second wait
2025-11-27 06:21:55.989 65648 INFO tempest.lib.common.rest_client [req-4295d426-52c1-4b97-89d5-95eb0851cc6d req-4295d426-52c1-4b97-89d5-95eb0851cc6d ] Request (HostsAdminNegativeTestJSON:setUpClass): 204 PUT http://10.180.1.21/identity/v3/projects/dd3619a62a08486fbd290be2a1b269a8/users/bfa7e9e18db841e68216f0ffcbcaf6cc/roles/656d20c89fbf4bfd9142b6c5c101af75 0.033s
2025-11-27 06:21:56.048 65648 INFO tempest.lib.common.rest_client [req-3963f696-d112-40c8-8a01-0940f0f7209e req-3963f696-d112-40c8-8a01-0940f0f7209e ] Request (HostsAdminNegativeTestJSON:setUpClass): 200 GET http://10.180.1.21/identity/v3/roles 0.059s
2025-11-27 06:21:56.065 65648 INFO tempest.lib.common.rest_client [req-8d53b0b2-bc45-411a-bb86-0977dc9ebe54 req-8d53b0b2-bc45-411a-bb86-0977dc9ebe54 ] Request (HostsAdminNegativeTestJSON:setUpClass): 204 PUT http://10.180.1.21/identity/v3/projects/dd3619a62a08486fbd290be2a1b269a8/users/bfa7e9e18db841e68216f0ffcbcaf6cc/roles/656d20c89fbf4bfd9142b6c5c101af75 0.017s
2025-11-27 06:21:56.066 65648 INFO tempest.lib.common.dynamic_creds [-] Dynamic test user bfa7e9e18db841e68216f0ffcbcaf6cc is created with scope project and roles: ['admin']
2025-11-27 06:21:56.066 65648 INFO tempest.lib.common.dynamic_creds [-] Acquired dynamic creds: credentials: Credentials: {'domain_id': 'default', 'domain_name': 'Default', 'username': 'tempest-HostsAdminNegativeTestJSON-860034174-project-admin', 'project_domain_id': 'default', 'project_domain_name': 'Default', 'project_id': 'dd3619a62a08486fbd290be2a1b269a8', 'project_name': 'tempest-HostsAdminNegativeTestJSON-860034174', 'tenant_id': 'dd3619a62a08486fbd290be2a1b269a8', 'tenant_name': 'tempest-HostsAdminNegativeTestJSON-860034174', 'user_domain_id': 'default', 'user_domain_name': 'Default', 'user_id': 'bfa7e9e18db841e68216f0ffcbcaf6cc', 'system': None}, Network: None, Subnet: None, Router: None
2025-11-27 06:21:56.066 65648 INFO tempest.lib.common.dynamic_creds [-] Created isolated network resources for: credentials: Credentials: {'domain_id': 'default', 'domain_name': 'Default', 'username': 'tempest-HostsAdminNegativeTestJSON-860034174-project-admin', 'project_domain_id': 'default', 'project_domain_name': 'Default', 'project_id': 'dd3619a62a08486fbd290be2a1b269a8', 'project_name': 'tempest-HostsAdminNegativeTestJSON-860034174', 'tenant_id': 'dd3619a62a08486fbd290be2a1b269a8', 'tenant_name': 'tempest-HostsAdminNegativeTestJSON-860034174', 'user_domain_id': 'default', 'user_domain_name': 'Default', 'user_id': 'bfa7e9e18db841e68216f0ffcbcaf6cc', 'system': None}, Network: None, Subnet: None, Router: None
2025-11-27 06:21:56.084 65604 INFO tempest.lib.common.rest_client [req-fa952ff8-4b3f-427a-bb7b-2ac33b9248b8 req-fa952ff8-4b3f-427a-bb7b-2ac33b9248b8 ] Request (SecurityGroupsNegativeTestJSON:tearDownClass): 204 DELETE http://10.180.1.21/networking/v2.0/security-groups/3dc7f43a-f419-4101-9c0d-ca28e81c1b3c 0.353s
2025-11-27 06:21:56.141 65648 INFO tempest.lib.common.rest_client [req-7a2c392c-8776-4c70-b8d1-3459684b28a2 req-7a2c392c-8776-4c70-b8d1-3459684b28a2 ] Request (HostsAdminNegativeTestJSON:setUpClass): 201 POST http://10.180.1.21/identity/v3/auth/tokens 0.072s
2025-11-27 06:21:56.207 65604 INFO tempest.lib.common.rest_client [req-f3436822-ae14-4cf5-9aba-99da515cdb3f req-f3436822-ae14-4cf5-9aba-99da515cdb3f ] Request (SecurityGroupsNegativeTestJSON:tearDownClass): 204 DELETE http://10.180.1.21/identity/v3/projects/f5ea957c164b41d2a816c22f2b9cf7e5 0.123s
2025-11-27 06:21:56.284 65604 INFO tempest.lib.common.rest_client [req-a494d1b2-bbd5-493b-a170-35ca23ddb81d req-a494d1b2-bbd5-493b-a170-35ca23ddb81d ] Request (AZV2TestJSON:setUpClass): 201 POST http://10.180.1.21/identity/v3/auth/tokens 0.075s
2025-11-27 06:21:56.323 65604 INFO tempest.lib.common.rest_client [req-e12cb446-1715-41fd-898d-c20e62954129 req-e12cb446-1715-41fd-898d-c20e62954129 ] Request (AZV2TestJSON:setUpClass): 201 POST http://10.180.1.21/identity/v3/auth/tokens 0.036s
2025-11-27 06:21:56.358 65604 INFO tempest.lib.common.rest_client [req-f4b9e938-ad8a-41ff-a10c-4710faa02a85 req-f4b9e938-ad8a-41ff-a10c-4710faa02a85 ] Request (AZV2TestJSON:setUpClass): 200 GET http://10.180.1.21/identity/v3/domains?name=Default 0.034s
2025-11-27 06:21:56.390 65604 INFO tempest.lib.common.rest_client [req-c6ba6eb4-8303-4262-870c-93733f2c03ae req-c6ba6eb4-8303-4262-870c-93733f2c03ae ] Request (AZV2TestJSON:setUpClass): 201 POST http://10.180.1.21/identity/v3/projects 0.031s
2025-11-27 06:21:56.475 65604 INFO tempest.lib.common.rest_client [req-7c826af3-d462-4a10-8bf4-5204a9341051 req-7c826af3-d462-4a10-8bf4-5204a9341051 ] Request (AZV2TestJSON:setUpClass): 201 POST http://10.180.1.21/identity/v3/users 0.084s
2025-11-27 06:21:56.496 65604 INFO tempest.lib.common.rest_client [req-cbc026c3-0e19-487f-8a29-5639f5190dc0 req-cbc026c3-0e19-487f-8a29-5639f5190dc0 ] Request (AZV2TestJSON:setUpClass): 200 GET http://10.180.1.21/identity/v3/roles 0.020s
2025-11-27 06:21:56.503 65654 INFO tempest.lib.common.rest_client [req-af987024-7211-4107-8290-de330225d65e req-af987024-7211-4107-8290-de330225d65e ] Request (ServersV294TestFqdnHostnames:setUpClass): 201 POST http://10.180.1.21/networking/v2.0/networks 0.670s
2025-11-27 06:21:56.526 65604 INFO tempest.lib.common.rest_client [req-aee09943-5ef8-4e7f-b1a9-43bcce40aa85 req-aee09943-5ef8-4e7f-b1a9-43bcce40aa85 ] Request (AZV2TestJSON:setUpClass): 204 PUT http://10.180.1.21/identity/v3/projects/fa1300a90756478b837f48af23ce63f7/users/3645d5a905f4433189c8e3bfde7102a6/roles/285d0d319a16468db2c2503dac371efd 0.030s
2025-11-27 06:21:56.526 65604 INFO tempest.lib.common.dynamic_creds [-] Dynamic test user 3645d5a905f4433189c8e3bfde7102a6 is created with scope project and roles: ['member']
2025-11-27 06:21:56.527 65604 INFO tempest.lib.common.dynamic_creds [-] Acquired dynamic creds: credentials: Credentials: {'domain_id': 'default', 'domain_name': 'Default', 'username': 'tempest-AZV2TestJSON-461996138-project-member', 'project_domain_id': 'default', 'project_domain_name': 'Default', 'project_id': 'fa1300a90756478b837f48af23ce63f7', 'project_name': 'tempest-AZV2TestJSON-461996138', 'tenant_id': 'fa1300a90756478b837f48af23ce63f7', 'tenant_name': 'tempest-AZV2TestJSON-461996138', 'user_domain_id': 'default', 'user_domain_name': 'Default', 'user_id': '3645d5a905f4433189c8e3bfde7102a6', 'system': None}, Network: None, Subnet: None, Router: None
2025-11-27 06:21:56.527 65604 INFO tempest.lib.common.dynamic_creds [-] Created isolated network resources for: credentials: Credentials: {'domain_id': 'default', 'domain_name': 'Default', 'username': 'tempest-AZV2TestJSON-461996138-project-member', 'project_domain_id': 'default', 'project_domain_name': 'Default', 'project_id': 'fa1300a90756478b837f48af23ce63f7', 'project_name': 'tempest-AZV2TestJSON-461996138', 'tenant_id': 'fa1300a90756478b837f48af23ce63f7', 'tenant_name': 'tempest-AZV2TestJSON-461996138', 'user_domain_id': 'default', 'user_domain_name': 'Default', 'user_id': '3645d5a905f4433189c8e3bfde7102a6', 'system': None}, Network: None, Subnet: None, Router: None
2025-11-27 06:21:56.605 65604 INFO tempest.lib.common.rest_client [req-9d29370d-458f-4d49-b646-d0ccb0aacc79 req-9d29370d-458f-4d49-b646-d0ccb0aacc79 ] Request (AZV2TestJSON:setUpClass): 201 POST http://10.180.1.21/identity/v3/auth/tokens 0.074s
2025-11-27 06:21:57.303 65624 INFO tempest.lib.common.rest_client [req-b6bd5605-ce29-4eb2-acf9-40f95966c788 req-b6bd5605-ce29-4eb2-acf9-40f95966c788 ] Request (ServerGroupTestJSON:setUpClass): 201 POST http://10.180.1.21/networking/v2.0/routers 1.392s
2025-11-27 06:21:57.498 65654 INFO tempest.lib.common.rest_client [req-383dc3a5-b5c9-4510-8474-fe120ab184c4 req-383dc3a5-b5c9-4510-8474-fe120ab184c4 ] Request (ServersV294TestFqdnHostnames:setUpClass): 201 POST http://10.180.1.21/networking/v2.0/subnets 0.994s
2025-11-27 06:21:58.307 65624 INFO tempest.lib.common.rest_client [req-5f7e1b71-144f-48c9-8a6d-d03ebfbc15d3 req-5f7e1b71-144f-48c9-8a6d-d03ebfbc15d3 ] Request (ServerGroupTestJSON:setUpClass): 200 PUT http://10.180.1.21/networking/v2.0/routers/10bc5535-3edf-4e97-a6df-93cf1f739217/add_router_interface 1.003s
2025-11-27 06:21:58.307 65624 INFO tempest.lib.common.dynamic_creds [-] Created isolated network resources for: credentials: Credentials: {'domain_id': 'default', 'domain_name': 'Default', 'username': 'tempest-ServerGroupTestJSON-1782751920-project-member', 'project_domain_id': 'default', 'project_domain_name': 'Default', 'project_id': 'a19f01c481714b8eb05c27d47bf499a8', 'project_name': 'tempest-ServerGroupTestJSON-1782751920', 'tenant_id': 'a19f01c481714b8eb05c27d47bf499a8', 'tenant_name': 'tempest-ServerGroupTestJSON-1782751920', 'user_domain_id': 'default', 'user_domain_name': 'Default', 'user_id': '96fd0d5555ff4021af38ac535a2f0dcc', 'system': None}, Network: {'id': 'e36d49f8-a401-48d1-bd60-939b3ef9b958', 'name': 'tempest-ServerGroupTestJSON-1694600689-network', 'tenant_id': 'a19f01c481714b8eb05c27d47bf499a8', 'project_id': 'a19f01c481714b8eb05c27d47bf499a8', 'admin_state_up': True, 'mtu': 8950, 'status': 'ACTIVE', 'subnets': [], 'shared': False, 'port_security_enabled': True, 'router:external': False, 'provider:network_type': 'vlan', 'provider:physical_network': 'default', 'provider:segmentation_id': 876, 'availability_zone_hints': [], 'availability_zones': [], 'ipv4_address_scope': None, 'ipv6_address_scope': None, 'description': '', 'tags': [], 'created_at': '2025-11-27T06:21:55Z', 'updated_at': '2025-11-27T06:21:55Z', 'revision_number': 1}, Subnet: {'id': '3bdd4f89-cc4c-46cc-a6d1-2802494d3bcc', 'name': 'tempest-ServerGroupTestJSON-1694600689-subnet', 'tenant_id': 'a19f01c481714b8eb05c27d47bf499a8', 'network_id': 'e36d49f8-a401-48d1-bd60-939b3ef9b958', 'ip_version': 4, 'subnetpool_id': None, 'enable_dhcp': True, 'ipv6_ra_mode': None, 'ipv6_address_mode': None, 'gateway_ip': '192.168.128.1', 'cidr': '192.168.128.0/28', 'allocation_pools': [{'start': '192.168.128.2', 'end': '192.168.128.14'}], 'host_routes': [], 'dns_nameservers': [], 'description': '', 'router:external': False, 'service_types': [], 'tags': [], 'created_at': '2025-11-27T06:21:55Z', 'updated_at': '2025-11-27T06:21:55Z', 'revision_number': 0, 'project_id': 'a19f01c481714b8eb05c27d47bf499a8'}, Router: {'id': '10bc5535-3edf-4e97-a6df-93cf1f739217', 'name': 'tempest-ServerGroupTestJSON-1694600689-router', 'tenant_id': 'a19f01c481714b8eb05c27d47bf499a8', 'admin_state_up': True, 'status': 'ACTIVE', 'external_gateway_info': {'network_id': 'a1f895c3-b746-48f7-ad09-3364f568aa94', 'external_fixed_ips': [{'subnet_id': 'ef8923bc-5783-48c0-8e54-c62aa893e060', 'ip_address': '10.180.180.223'}], 'enable_snat': True}, 'description': '', 'availability_zones': [], 'distributed': False, 'ha': False, 'availability_zone_hints': [], 'routes': [], 'flavor_id': None, 'tags': [], 'created_at': '2025-11-27T06:21:56Z', 'updated_at': '2025-11-27T06:21:56Z', 'revision_number': 2, 'project_id': 'a19f01c481714b8eb05c27d47bf499a8'}
2025-11-27 06:21:58.353 65646 INFO tempest.lib.common.rest_client [req-01415801-78c6-42cb-850a-ad468042f9c9 req-01415801-78c6-42cb-850a-ad468042f9c9 ] Request (SecurityGroupsTestAdminJSON:test_list_security_groups_list_all_tenants_filter): 200 GET http://10.180.1.21/compute/v2.1/os-security-groups?all_tenants=true 7.225s
2025-11-27 06:21:58.379 65638 INFO tempest.lib.common.rest_client [req-5e572905-3bf0-47bd-bec1-a24029e41ead req-5e572905-3bf0-47bd-bec1-a24029e41ead ] Request (ServersWithSpecificFlavorTestJSON:test_verify_created_server_ephemeral_disk): 200 POST http://10.180.1.21/compute/v2.1/flavors 7.228s
2025-11-27 06:21:58.429 65624 INFO tempest.lib.common.rest_client [req-48bd8808-5884-4c84-a0af-2aeda4cac2c5 req-48bd8808-5884-4c84-a0af-2aeda4cac2c5 ] Request (ServerGroupTestJSON:setUpClass): 201 POST http://10.180.1.21/identity/v3/auth/tokens 0.115s
2025-11-27 06:21:58.520 65656 INFO tempest.lib.common.rest_client [req-c80fbd44-3a42-4603-9081-1a5f5d512af6 req-c80fbd44-3a42-4603-9081-1a5f5d512af6 ] Request (QuotasAdminTestJSON:test_get_updated_quotas): 200 GET http://10.180.1.21/compute/v2.1/os-quota-sets/f80dc3911643446db38ff8ce8457f191/detail 7.272s
2025-11-27 06:21:58.528 65632 INFO tempest.lib.common.rest_client [req-46a81d7c-e0d2-4e39-a142-dc5e310c440b req-46a81d7c-e0d2-4e39-a142-dc5e310c440b ] Request (TenantUsagesNegativeTestJSON:test_get_usage_tenant_with_invalid_date): 400 GET http://10.180.1.21/compute/v2.1/os-simple-tenant-usage/542a47895a124e8d9392aa8ddc1849fe?start=2025-11-28T06%3A21%3A48.473465&end=2025-11-26T06%3A21%3A48.473465 7.268s
2025-11-27 06:21:58.533 65594 INFO tempest.lib.common.rest_client [req-28c3b026-e0c6-4eff-a6d6-16e48e77fa55 req-28c3b026-e0c6-4eff-a6d6-16e48e77fa55 ] Request (HypervisorAdminNegativeTestJSON:test_show_hypervisor_with_non_admin_user): 403 GET http://10.180.1.21/compute/v2.1/os-hypervisors/1 7.243s
2025-11-27 06:21:58.544 65610 INFO tempest.lib.common.rest_client [req-5aaa0de4-2a4e-4c24-b551-3fdd04e2672e req-5aaa0de4-2a4e-4c24-b551-3fdd04e2672e ] Request (FlavorsExtraSpecsNegativeTestJSON:test_flavor_unset_nonexistent_key): 404 DELETE http://10.180.1.21/compute/v2.1/flavors/1390936850/os-extra_specs/hw:cpu_thread_policy 6.974s
2025-11-27 06:21:58.556 65656 INFO tempest.lib.common.rest_client [req-6b580b04-fcfd-42f9-80e8-b0f9248fb16a req-6b580b04-fcfd-42f9-80e8-b0f9248fb16a ] Request (QuotasAdminTestJSON:test_get_updated_quotas): 200 GET http://10.180.1.21/identity/v3/domains?name=Default 0.029s
2025-11-27 06:21:58.561 65608 INFO tempest.lib.common.rest_client [req-22bddaa2-b8ad-44d7-ba46-2995453f57b7 req-22bddaa2-b8ad-44d7-ba46-2995453f57b7 ] Request (FlavorsAccessTestJSON:_run_cleanups): 202 DELETE http://10.180.1.21/compute/v2.1/flavors/611600369 6.969s
2025-11-27 06:21:58.586 65634 INFO tempest.lib.common.rest_client [req-8c21079e-b766-4b51-a987-e35c38f98051 req-8c21079e-b766-4b51-a987-e35c38f98051 ] Request (FlavorsExtraSpecsTestJSON:test_flavor_set_get_update_show_unset_keys): 200 PUT http://10.180.1.21/compute/v2.1/flavors/315381795/os-extra_specs/hw:numa_nodes 6.982s
2025-11-27 06:21:58.591 65656 INFO tempest.lib.common.rest_client [req-589191f3-f910-4c7d-8bfe-2ea447ee963d req-589191f3-f910-4c7d-8bfe-2ea447ee963d ] Request (QuotasAdminTestJSON:test_get_updated_quotas): 201 POST http://10.180.1.21/identity/v3/users 0.035s
2025-11-27 06:21:58.601 65612 INFO tempest.lib.common.rest_client [req-a88652fb-6240-4283-8fd5-ba1d43afa2aa req-a88652fb-6240-4283-8fd5-ba1d43afa2aa ] Request (KeyPairsV210TestJSON:_run_cleanups): 204 DELETE http://10.180.1.21/compute/v2.1/os-keypairs/tempest-keypair-1203579370?user_id=5d6a7ad58912433494cf4ddd47fa247a 6.972s
2025-11-27 06:21:58.620 65656 INFO tempest.lib.common.rest_client [req-9c5c83ec-a802-4aae-acad-7507fd72a509 req-9c5c83ec-a802-4aae-acad-7507fd72a509 ] Request (QuotasAdminTestJSON:test_get_updated_quotas): 200 GET http://10.180.1.21/identity/v3/domains?name=Default 0.028s
2025-11-27 06:21:58.724 65612 INFO tempest.lib.common.rest_client [req-72a54a29-2368-4efb-b7dd-c36f19bea0fb req-72a54a29-2368-4efb-b7dd-c36f19bea0fb ] Request (KeyPairsV210TestJSON:tearDownClass): 204 DELETE http://10.180.1.21/identity/v3/users/5d6a7ad58912433494cf4ddd47fa247a 0.117s
2025-11-27 06:21:58.888 65612 INFO tempest.lib.common.rest_client [req-2b0568b4-ee22-46b3-9b4d-12d934c12bc3 req-2b0568b4-ee22-46b3-9b4d-12d934c12bc3 ] Request (KeyPairsV210TestJSON:tearDownClass): 204 DELETE http://10.180.1.21/identity/v3/users/8b031efbd2384f569c9bbcbbd9ba0cf4 0.163s
2025-11-27 06:21:58.888 65612 INFO tempest.lib.common.dynamic_creds [-] Deleting project and security group for project: 26d9892a310b40f5a0c642d077c46883
2025-11-27 06:21:58.961 65612 INFO tempest.lib.common.rest_client [req-7025429d-bb46-4771-a87d-ef22c735d767 req-7025429d-bb46-4771-a87d-ef22c735d767 ] Request (KeyPairsV210TestJSON:tearDownClass): 201 POST http://10.180.1.21/identity/v3/auth/tokens 0.073s
2025-11-27 06:21:59.188 65606 INFO tempest.lib.common.rest_client [req-19b125ff-4b6c-4f83-b97b-7b7a8b0c8749 req-19b125ff-4b6c-4f83-b97b-7b7a8b0c8749 ] Request (QuotasAdminNegativeTest:test_create_server_when_instances_quota_is_full): 403 POST http://10.180.1.21/compute/v2.1/servers 8.083s
2025-11-27 06:21:59.199 65654 INFO tempest.lib.common.rest_client [req-a41aa145-eb7e-448a-bc11-633c4d8d7d55 req-a41aa145-eb7e-448a-bc11-633c4d8d7d55 ] Request (ServersV294TestFqdnHostnames:setUpClass): 201 POST http://10.180.1.21/networking/v2.0/routers 1.700s
2025-11-27 06:21:59.404 65612 INFO tempest.lib.common.rest_client [req-da482dc6-8630-4ea7-bdf8-6fedb5f9b3be req-da482dc6-8630-4ea7-bdf8-6fedb5f9b3be ] Request (KeyPairsV210TestJSON:tearDownClass): 200 GET http://10.180.1.21/networking/v2.0/security-groups?tenant_id=26d9892a310b40f5a0c642d077c46883&name=default 0.442s
2025-11-27 06:21:59.483 65598 INFO tempest.lib.common.rest_client [req-551b1b08-ec52-4078-bc77-33a65318ca12 req-551b1b08-ec52-4078-bc77-33a65318ca12 ] Request (ServersAdminNegativeTestJSON:setUpClass): 200 GET http://10.180.1.21/compute/v2.1/servers/97828df1-2130-4b65-a273-45d8ed14fcf4 7.622s
2025-11-27 06:21:59.491 65598 INFO tempest.common.waiters [-] State transition "BUILD/scheduling" ==> "BUILD/None" after 9 second wait
2025-11-27 06:21:59.511 65650 INFO tempest.lib.common.rest_client [req-c6986770-78df-40f5-8958-94f229c8ede0 req-c6986770-78df-40f5-8958-94f229c8ede0 ] Request (ListServersNegativeTestJSON:setUpClass): 200 GET http://10.180.1.21/compute/v2.1/servers/3180755a-17df-4257-a518-550cf5b47bd2 7.756s
2025-11-27 06:21:59.526 65650 INFO tempest.common.waiters [-] State transition "BUILD/None" ==> "BUILD/spawning" after 13 second wait
2025-11-27 06:21:59.561 65636 INFO tempest.lib.common.rest_client [req-08caf2df-ba06-43c4-87fe-ed56cce32c13 req-08caf2df-ba06-43c4-87fe-ed56cce32c13 ] Request (InstanceUsageAuditLogNegativeTestJSON:test_instance_usage_audit_logs_with_nonadmin_user): 403 GET http://10.180.1.21/compute/v2.1/os-instance_usage_audit_log/2025-11-27%2006%3A21%3A52 6.694s
2025-11-27 06:21:59.666 65612 INFO tempest.lib.common.rest_client [req-9dea78b2-327e-4c82-b9dc-fc00bd9bfb1d req-9dea78b2-327e-4c82-b9dc-fc00bd9bfb1d ] Request (KeyPairsV210TestJSON:tearDownClass): 204 DELETE http://10.180.1.21/networking/v2.0/security-groups/dc768ee1-3edd-48a1-a274-cdf83af0e7c3 0.262s
2025-11-27 06:21:59.722 65596 INFO tempest.lib.common.rest_client [req-d464e089-3141-4ae9-9099-bf8f4d373a5d req-d464e089-3141-4ae9-9099-bf8f4d373a5d ] Request (ServerExternalEventsTest:test_create_server_external_events): 200 POST http://10.180.1.21/compute/v2.1/os-server-external-events 6.988s
2025-11-27 06:21:59.736 65636 INFO tempest.lib.common.rest_client [req-f2203438-cbda-4034-8376-86f02f0c3414 req-f2203438-cbda-4034-8376-86f02f0c3414 ] Request (InstanceUsageAuditLogNegativeTestJSON:tearDownClass): 204 DELETE http://10.180.1.21/identity/v3/users/14006db56d8f4220a9298290028b9ade 0.173s
2025-11-27 06:21:59.797 65612 INFO tempest.lib.common.rest_client [req-26750853-74bd-4619-810b-5eb35b48bbf7 req-26750853-74bd-4619-810b-5eb35b48bbf7 ] Request (KeyPairsV210TestJSON:tearDownClass): 204 DELETE http://10.180.1.21/identity/v3/projects/26d9892a310b40f5a0c642d077c46883 0.131s
2025-11-27 06:21:59.798 65612 INFO tempest.lib.common.dynamic_creds [-] Deleting project and security group for project: 46971b8a73104c429578bea8172e6df2
2025-11-27 06:21:59.904 65636 INFO tempest.lib.common.rest_client [req-67d3c354-a17e-41a5-a2cb-8b35a335fd41 req-67d3c354-a17e-41a5-a2cb-8b35a335fd41 ] Request (InstanceUsageAuditLogNegativeTestJSON:tearDownClass): 204 DELETE http://10.180.1.21/identity/v3/users/db37ddb8cd434fbf988f60af806fd335 0.168s
2025-11-27 06:21:59.905 65636 INFO tempest.lib.common.dynamic_creds [-] Deleting project and security group for project: 581cd9078dfd4733b5fca3abd7ff2de6
2025-11-27 06:21:59.973 65636 INFO tempest.lib.common.rest_client [req-c6f89fdf-8c02-407f-a232-3d42ec1086c5 req-c6f89fdf-8c02-407f-a232-3d42ec1086c5 ] Request (InstanceUsageAuditLogNegativeTestJSON:tearDownClass): 201 POST http://10.180.1.21/identity/v3/auth/tokens 0.068s
2025-11-27 06:22:00.148 65618 INFO tempest.lib.common.rest_client [req-1611e553-2b46-4208-8317-198510772d19 req-1611e553-2b46-4208-8317-198510772d19 ] Request (ServersAdmin275Test:test_rebuild_update_server_275): 200 GET http://10.180.1.21/compute/v2.1/servers/28d072ce-7ba7-4b6d-b484-37f14c902daa 5.960s
2025-11-27 06:22:00.245 65612 INFO tempest.lib.common.rest_client [req-1ac6cd07-c0fb-411c-81de-8932fc8abf96 req-1ac6cd07-c0fb-411c-81de-8932fc8abf96 ] Request (KeyPairsV210TestJSON:tearDownClass): 200 GET http://10.180.1.21/networking/v2.0/security-groups?tenant_id=46971b8a73104c429578bea8172e6df2&name=default 0.447s
2025-11-27 06:22:00.428 65636 INFO tempest.lib.common.rest_client [req-8b40aef2-21e5-4759-a191-77c70826f63c req-8b40aef2-21e5-4759-a191-77c70826f63c ] Request (InstanceUsageAuditLogNegativeTestJSON:tearDownClass): 200 GET http://10.180.1.21/networking/v2.0/security-groups?tenant_id=581cd9078dfd4733b5fca3abd7ff2de6&name=default 0.455s
2025-11-27 06:22:00.616 65654 INFO tempest.lib.common.rest_client [req-79c0f87c-4b3a-46b6-8bb3-5ceb19ba173f req-79c0f87c-4b3a-46b6-8bb3-5ceb19ba173f ] Request (ServersV294TestFqdnHostnames:setUpClass): 200 PUT http://10.180.1.21/networking/v2.0/routers/bd1976b9-4207-4838-9584-5483c71d48c3/add_router_interface 1.417s
2025-11-27 06:22:00.617 65654 INFO tempest.lib.common.dynamic_creds [-] Created isolated network resources for: credentials: Credentials: {'domain_id': 'default', 'domain_name': 'Default', 'username': 'tempest-ServersV294TestFqdnHostnames-472328194-project-member', 'project_domain_id': 'default', 'project_domain_name': 'Default', 'project_id': 'f776ad7931d441b49ca53e446596a78f', 'project_name': 'tempest-ServersV294TestFqdnHostnames-472328194', 'tenant_id': 'f776ad7931d441b49ca53e446596a78f', 'tenant_name': 'tempest-ServersV294TestFqdnHostnames-472328194', 'user_domain_id': 'default', 'user_domain_name': 'Default', 'user_id': '1cf118408dc143419417c884ef2b2ee2', 'system': None}, Network: {'id': '3761a01d-3b30-4032-9927-5cd28e6cff7c', 'name': 'tempest-ServersV294TestFqdnHostnames-403092981-network', 'tenant_id': 'f776ad7931d441b49ca53e446596a78f', 'project_id': 'f776ad7931d441b49ca53e446596a78f', 'admin_state_up': True, 'mtu': 8950, 'status': 'ACTIVE', 'subnets': [], 'shared': False, 'port_security_enabled': True, 'router:external': False, 'provider:network_type': 'vlan', 'provider:physical_network': 'default', 'provider:segmentation_id': 421, 'availability_zone_hints': [], 'availability_zones': [], 'ipv4_address_scope': None, 'ipv6_address_scope': None, 'description': '', 'tags': [], 'created_at': '2025-11-27T06:21:56Z', 'updated_at': '2025-11-27T06:21:56Z', 'revision_number': 1}, Subnet: {'id': 'd87c1576-ceae-461b-bf57-b28265e7858c', 'name': 'tempest-ServersV294TestFqdnHostnames-403092981-subnet', 'tenant_id': 'f776ad7931d441b49ca53e446596a78f', 'network_id': '3761a01d-3b30-4032-9927-5cd28e6cff7c', 'ip_version': 4, 'subnetpool_id': None, 'enable_dhcp': True, 'ipv6_ra_mode': None, 'ipv6_address_mode': None, 'gateway_ip': '192.168.128.1', 'cidr': '192.168.128.0/28', 'allocation_pools': [{'start': '192.168.128.2', 'end': '192.168.128.14'}], 'host_routes': [], 'dns_nameservers': [], 'description': '', 'router:external': False, 'service_types': [], 'tags': [], 'created_at': '2025-11-27T06:21:57Z', 'updated_at': '2025-11-27T06:21:57Z', 'revision_number': 0, 'project_id': 'f776ad7931d441b49ca53e446596a78f'}, Router: {'id': 'bd1976b9-4207-4838-9584-5483c71d48c3', 'name': 'tempest-ServersV294TestFqdnHostnames-403092981-router', 'tenant_id': 'f776ad7931d441b49ca53e446596a78f', 'admin_state_up': True, 'status': 'ACTIVE', 'external_gateway_info': {'network_id': 'a1f895c3-b746-48f7-ad09-3364f568aa94', 'external_fixed_ips': [{'subnet_id': 'ef8923bc-5783-48c0-8e54-c62aa893e060', 'ip_address': '10.180.180.224'}], 'enable_snat': True}, 'description': '', 'availability_zones': [], 'distributed': False, 'ha': False, 'availability_zone_hints': [], 'routes': [], 'flavor_id': None, 'tags': [], 'created_at': '2025-11-27T06:21:58Z', 'updated_at': '2025-11-27T06:21:58Z', 'revision_number': 2, 'project_id': 'f776ad7931d441b49ca53e446596a78f'}
2025-11-27 06:22:00.719 65654 INFO tempest.lib.common.rest_client [req-56bb4474-007f-4c55-b358-5831c7cda07d req-56bb4474-007f-4c55-b358-5831c7cda07d ] Request (ServersV294TestFqdnHostnames:setUpClass): 201 POST http://10.180.1.21/identity/v3/auth/tokens 0.098s
2025-11-27 06:22:00.924 65612 INFO tempest.lib.common.rest_client [req-e4c476c8-9963-4130-b820-f63fab76f0ab req-e4c476c8-9963-4130-b820-f63fab76f0ab ] Request (KeyPairsV210TestJSON:tearDownClass): 204 DELETE http://10.180.1.21/networking/v2.0/security-groups/bbb2821d-d87c-474b-9b8c-c41c087384e3 0.678s
2025-11-27 06:22:00.999 65612 INFO tempest.lib.common.rest_client [req-ee6e614f-abb1-434d-a5b3-da974b244e86 req-ee6e614f-abb1-434d-a5b3-da974b244e86 ] Request (KeyPairsV210TestJSON:tearDownClass): 204 DELETE http://10.180.1.21/identity/v3/projects/46971b8a73104c429578bea8172e6df2 0.075s
2025-11-27 06:22:01.062 65636 INFO tempest.lib.common.rest_client [req-b3a0114c-2ad1-4e11-a7a8-95f76cc25e53 req-b3a0114c-2ad1-4e11-a7a8-95f76cc25e53 ] Request (InstanceUsageAuditLogNegativeTestJSON:tearDownClass): 204 DELETE http://10.180.1.21/networking/v2.0/security-groups/30a744c4-aa14-436a-a137-6d440171f37a 0.634s
2025-11-27 06:22:01.078 65612 INFO tempest.lib.common.rest_client [req-fa9e61bf-db20-4eba-a2a5-089d86216b81 req-fa9e61bf-db20-4eba-a2a5-089d86216b81 ] Request (FlavorsV2TestJSON:setUpClass): 201 POST http://10.180.1.21/identity/v3/auth/tokens 0.077s
2025-11-27 06:22:01.123 65612 INFO tempest.lib.common.rest_client [req-7bf0c50f-c638-484e-9c5e-7d42f1003c78 req-7bf0c50f-c638-484e-9c5e-7d42f1003c78 ] Request (FlavorsV2TestJSON:setUpClass): 201 POST http://10.180.1.21/identity/v3/auth/tokens 0.041s
2025-11-27 06:22:01.170 65612 INFO tempest.lib.common.rest_client [req-7e910db5-f6c7-4a5d-9959-7340fa3440bb req-7e910db5-f6c7-4a5d-9959-7340fa3440bb ] Request (FlavorsV2TestJSON:setUpClass): 200 GET http://10.180.1.21/identity/v3/domains?name=Default 0.046s
2025-11-27 06:22:01.205 65636 INFO tempest.lib.common.rest_client [req-27a6598a-a89f-4d2f-8805-3d9ec4dab60a req-27a6598a-a89f-4d2f-8805-3d9ec4dab60a ] Request (InstanceUsageAuditLogNegativeTestJSON:tearDownClass): 204 DELETE http://10.180.1.21/identity/v3/projects/581cd9078dfd4733b5fca3abd7ff2de6 0.142s
2025-11-27 06:22:01.205 65636 INFO tempest.lib.common.dynamic_creds [-] Deleting project and security group for project: 5c5b222166ce432f864db8a8362f1f9b
