2025-11-27 06:22:57.867 65652 INFO tempest.lib.common.dynamic_creds [-] Created isolated network resources for: credentials: Credentials: {'domain_id': 'default', 'domain_name': 'Default', 'username': 'tempest-ServerRescueTestJSONUnderV235-955367140-project-member', 'project_domain_id': 'default', 'project_domain_name': 'Default', 'project_id': '420dffa254034309beb101a0a30ac2a6', 'project_name': 'tempest-ServerRescueTestJSONUnderV235-955367140', 'tenant_id': '420dffa254034309beb101a0a30ac2a6', 'tenant_name': 'tempest-ServerRescueTestJSONUnderV235-955367140', 'user_domain_id': 'default', 'user_domain_name': 'Default', 'user_id': 'f81d62f979d541d88e16db3ff99a521c', 'system': None}, Network: {'id': '26fa430a-1fa1-429d-8329-6c6160c50ca7', 'name': 'tempest-ServerRescueTestJSONUnderV235-1519018099-network', 'tenant_id': '420dffa254034309beb101a0a30ac2a6', 'project_id': '420dffa254034309beb101a0a30ac2a6', 'admin_state_up': True, 'mtu': 8950, 'status': 'ACTIVE', 'subnets': [], 'shared': False, 'port_security_enabled': True, 'router:external': False, 'provider:network_type': 'vlan', 'provider:physical_network': 'default', 'provider:segmentation_id': 870, 'availability_zone_hints': [], 'availability_zones': [], 'ipv4_address_scope': None, 'ipv6_address_scope': None, 'description': '', 'tags': [], 'created_at': '2025-11-27T06:22:55Z', 'updated_at': '2025-11-27T06:22:55Z', 'revision_number': 1}, Subnet: {'id': 'e39a4e3d-024f-4854-9100-49c4af80c74a', 'name': 'tempest-ServerRescueTestJSONUnderV235-1519018099-subnet', 'tenant_id': '420dffa254034309beb101a0a30ac2a6', 'network_id': '26fa430a-1fa1-429d-8329-6c6160c50ca7', 'ip_version': 4, 'subnetpool_id': None, 'enable_dhcp': False, 'ipv6_ra_mode': None, 'ipv6_address_mode': None, 'gateway_ip': '192.168.128.1', 'cidr': '192.168.128.0/28', 'allocation_pools': [{'start': '192.168.128.2', 'end': '192.168.128.14'}], 'host_routes': [], 'dns_nameservers': [], 'description': '', 'router:external': False, 'service_types': [], 'tags': [], 'created_at': '2025-11-27T06:22:55Z', 'updated_at': '2025-11-27T06:22:55Z', 'revision_number': 0, 'project_id': '420dffa254034309beb101a0a30ac2a6'}, Router: {'id': '5417c805-f66e-4648-86f0-40b752cfe29d', 'name': 'tempest-ServerRescueTestJSONUnderV235-1519018099-router', 'tenant_id': '420dffa254034309beb101a0a30ac2a6', 'admin_state_up': True, 'status': 'ACTIVE', 'external_gateway_info': {'network_id': 'a1f895c3-b746-48f7-ad09-3364f568aa94', 'external_fixed_ips': [{'subnet_id': 'ef8923bc-5783-48c0-8e54-c62aa893e060', 'ip_address': '10.180.180.181'}], 'enable_snat': True}, 'description': '', 'availability_zones': [], 'distributed': False, 'ha': False, 'availability_zone_hints': [], 'routes': [], 'flavor_id': None, 'tags': [], 'created_at': '2025-11-27T06:22:56Z', 'updated_at': '2025-11-27T06:22:56Z', 'revision_number': 2, 'project_id': '420dffa254034309beb101a0a30ac2a6'}
2025-11-27 06:22:57.901 65644 INFO tempest.lib.common.rest_client [req-4ec4f992-a662-4a3e-8088-a82ec45484f4 req-4ec4f992-a662-4a3e-8088-a82ec45484f4 ] Request (SecurityGroupRulesNegativeTestJSON:tearDownClass): 200 GET http://10.180.1.21/networking/v2.0/security-groups?tenant_id=eb7a179ef7b24db881c697e7cb7290a3&name=default 0.547s
2025-11-27 06:22:57.983 65652 INFO tempest.lib.common.rest_client [req-b8140b3a-7570-4d16-9bba-f039b20874be req-b8140b3a-7570-4d16-9bba-f039b20874be ] Request (ServerRescueTestJSONUnderV235:setUpClass): 201 POST http://10.180.1.21/identity/v3/auth/tokens 0.111s
2025-11-27 06:22:58.019 65596 INFO tempest.lib.common.rest_client [req-2d04b4df-425f-4577-99df-d7ed9e7f2277 req-2d04b4df-425f-4577-99df-d7ed9e7f2277 ] Request (SecurityGroupsTestJSON:test_list_security_groups_by_server): 200 GET http://10.180.1.21/compute/v2.1/servers/9d5265ca-2601-4748-99e7-b9a3941f1f4d 3.616s
2025-11-27 06:22:58.029 65596 INFO tempest.common.waiters [-] State transition "BUILD/scheduling" ==> "BUILD/None" after 15 second wait
2025-11-27 06:22:58.043 65652 INFO tempest.lib.common.rest_client [req-62e0b9a5-e341-4eb0-b7d5-e7645d759cde req-62e0b9a5-e341-4eb0-b7d5-e7645d759cde ] Request (ServerRescueTestJSONUnderV235:setUpClass): 201 POST http://10.180.1.21/identity/v3/auth/tokens 0.057s
2025-11-27 06:22:58.043 65652 INFO tempest.lib.common.fixed_network [-] (ServerRescueTestJSONUnderV235:setUpClass) Found network {'id': '26fa430a-1fa1-429d-8329-6c6160c50ca7', 'name': 'tempest-ServerRescueTestJSONUnderV235-1519018099-network', 'tenant_id': '420dffa254034309beb101a0a30ac2a6', 'project_id': '420dffa254034309beb101a0a30ac2a6', 'admin_state_up': True, 'mtu': 8950, 'status': 'ACTIVE', 'subnets': [], 'shared': False, 'port_security_enabled': True, 'router:external': False, 'provider:network_type': 'vlan', 'provider:physical_network': 'default', 'provider:segmentation_id': 870, 'availability_zone_hints': [], 'availability_zones': [], 'ipv4_address_scope': None, 'ipv6_address_scope': None, 'description': '', 'tags': [], 'created_at': '2025-11-27T06:22:55Z', 'updated_at': '2025-11-27T06:22:55Z', 'revision_number': 1} available for tenant
2025-11-27 06:22:58.184 65644 INFO tempest.lib.common.rest_client [req-ece78c22-00c8-41e1-9839-b81a2af274a9 req-ece78c22-00c8-41e1-9839-b81a2af274a9 ] Request (SecurityGroupRulesNegativeTestJSON:tearDownClass): 204 DELETE http://10.180.1.21/networking/v2.0/security-groups/9cfeece5-9222-4510-b2e6-ab71a6b4cf66 0.283s
2025-11-27 06:22:58.184 65654 INFO tempest.lib.common.rest_client [req-84187556-a5fc-4c3d-9996-a2391f60f151 req-84187556-a5fc-4c3d-9996-a2391f60f151 ] Request (ServersV294TestFqdnHostnames:setUpClass): 200 GET http://10.180.1.21/compute/v2.1/servers/51b523be-ee26-4492-b99f-f229fe0ec518 3.843s
2025-11-27 06:22:58.200 65654 INFO tempest.api.compute.base [-] Attempting to verify tagged devices in server 51b523be-ee26-4492-b99f-f229fe0ec518 via the metadata service: http://169.254.169.254/openstack/latest/meta_data.json
2025-11-27 06:22:58.200 65654 INFO tempest.lib.common.ssh [-] Creating ssh connection to '10.180.180.219:22' as 'cirros' with public key authentication
2025-11-27 06:22:58.296 65606 INFO tempest.lib.common.rest_client [req-98a3da17-bac4-40f4-a8b9-55aafd277d90 req-98a3da17-bac4-40f4-a8b9-55aafd277d90 ] Request (SecurityGroupRulesTestJSON:test_security_group_rules_create_with_optional_cidr): 200 POST http://10.180.1.21/compute/v2.1/os-security-groups 3.840s
2025-11-27 06:22:58.330 65622 INFO tempest.lib.common.rest_client [req-cee57232-37db-4e81-b0ff-482babab388f req-cee57232-37db-4e81-b0ff-482babab388f ] Request (AttachInterfacesUnderV243Test:test_add_remove_fixed_ip): 200 GET http://10.180.1.21/compute/v2.1/servers/91907f7c-abc7-4527-8c45-8b0b01c829d2/ips 3.832s
2025-11-27 06:22:58.356 65644 INFO tempest.lib.common.rest_client [req-95449423-6790-4f85-8793-c247d9c3f4f8 req-95449423-6790-4f85-8793-c247d9c3f4f8 ] Request (SecurityGroupRulesNegativeTestJSON:tearDownClass): 204 DELETE http://10.180.1.21/identity/v3/projects/eb7a179ef7b24db881c697e7cb7290a3 0.171s
2025-11-27 06:22:58.460 65624 INFO tempest.lib.common.rest_client [req-ca525c1c-5b9e-4953-99ca-ea90b8e50c78 req-ca525c1c-5b9e-4953-99ca-ea90b8e50c78 ] Request (ServerGroupTestJSON:test_create_server_with_scheduler_hint_group): 200 GET http://10.180.1.21/compute/v2.1/servers/b8f33d10-2126-4df0-96b2-f1c8235bec07 3.981s
2025-11-27 06:22:58.460 65644 INFO tempest.lib.common.rest_client [req-2d357862-7d5d-40cd-899f-08dd8eee87cc req-2d357862-7d5d-40cd-899f-08dd8eee87cc ] Request (ServerActionsTestOtherA:setUpClass): 201 POST http://10.180.1.21/identity/v3/auth/tokens 0.102s
2025-11-27 06:22:58.479 65630 INFO tempest.lib.common.rest_client [req-d0eec8c7-b8d8-4b67-9470-51009cc10863 req-d0eec8c7-b8d8-4b67-9470-51009cc10863 ] Request (ServerShowV247Test:test_update_rebuild_list_server): 200 GET http://10.180.1.21/compute/v2.1/servers/4a0a2987-8ea6-4806-a279-38198201cc20 3.888s
2025-11-27 06:22:58.493 65630 INFO tempest.common.waiters [-] State transition "BUILD/scheduling" ==> "BUILD/None" after 13 second wait
2025-11-27 06:22:58.514 65644 INFO tempest.lib.common.rest_client [req-15333f31-dcd9-404f-bf17-6dc10eb333ca req-15333f31-dcd9-404f-bf17-6dc10eb333ca ] Request (ServerActionsTestOtherA:setUpClass): 201 POST http://10.180.1.21/identity/v3/auth/tokens 0.051s
2025-11-27 06:22:58.572 65644 INFO tempest.lib.common.rest_client [req-a8ceeae5-ac55-4961-aecb-844506cdc4db req-a8ceeae5-ac55-4961-aecb-844506cdc4db ] Request (ServerActionsTestOtherA:setUpClass): 200 GET http://10.180.1.21/identity/v3/domains?name=Default 0.057s
2025-11-27 06:22:58.631 65644 INFO tempest.lib.common.rest_client [req-7cc0b06e-c9ca-4f7d-a6c0-ef3200d5e06f req-7cc0b06e-c9ca-4f7d-a6c0-ef3200d5e06f ] Request (ServerActionsTestOtherA:setUpClass): 201 POST http://10.180.1.21/identity/v3/projects 0.058s
2025-11-27 06:22:58.670 65620 INFO tempest.lib.common.rest_client [req-c04ed4e2-4aee-40a2-8a61-f8940cfa4aae req-c04ed4e2-4aee-40a2-8a61-f8940cfa4aae ] Request (AggregatesAdminNegativeTestJSON:_run_cleanups): 200 POST http://10.180.1.21/compute/v2.1/os-aggregates/7/action 4.036s
2025-11-27 06:22:58.673 65626 INFO tempest.lib.common.rest_client [req-1b2d6d52-d376-4a15-88cb-702280f2c057 req-1b2d6d52-d376-4a15-88cb-702280f2c057 ] Request (VolumesAssistedSnapshotsTest:test_volume_assisted_snapshot_create_delete): 200 GET http://10.180.1.21/volume/v3/volumes/b9cc7b3d-d2a1-42b8-9976-c78ca9fb14c1 0.051s
2025-11-27 06:22:58.697 65612 INFO tempest.lib.common.rest_client [req-d03d1a75-553d-4c44-96cc-16cbcbed1efd req-d03d1a75-553d-4c44-96cc-16cbcbed1efd ] Request (ImagesDeleteNegativeTestJSON:test_delete_image_with_id_over_character_limit): 404 DELETE http://10.180.1.21/compute/v2.1/images/b85b5eb7-0c02-4ae2-ad8a-621ec9b2c7111 3.987s
2025-11-27 06:22:58.760 65644 INFO tempest.lib.common.rest_client [req-01cef251-a01d-418a-ba7f-d21217d81b3d req-01cef251-a01d-418a-ba7f-d21217d81b3d ] Request (ServerActionsTestOtherA:setUpClass): 201 POST http://10.180.1.21/identity/v3/users 0.128s
2025-11-27 06:22:58.788 65634 INFO tempest.lib.common.rest_client [req-11ab9acb-df0a-4cbd-ad07-927ff7fb835e req-11ab9acb-df0a-4cbd-ad07-927ff7fb835e ] Request (ImagesMetadataTestJSON:setUp): 200 PUT http://10.180.1.21/compute/v2.1/images/d546fe4e-87c4-4e12-a753-fb1853388660/metadata 4.108s
2025-11-27 06:22:58.797 65644 INFO tempest.lib.common.rest_client [req-5d9269cf-d222-4a9b-a0f5-af2ec3f4362e req-5d9269cf-d222-4a9b-a0f5-af2ec3f4362e ] Request (ServerActionsTestOtherA:setUpClass): 200 GET http://10.180.1.21/identity/v3/roles 0.037s
2025-11-27 06:22:58.842 65644 INFO tempest.lib.common.rest_client [req-289d9680-e8ac-4d43-b663-388bd9c36a2f req-289d9680-e8ac-4d43-b663-388bd9c36a2f ] Request (ServerActionsTestOtherA:setUpClass): 204 PUT http://10.180.1.21/identity/v3/projects/84bde50939f24316a16eb722a9ac3742/users/8fcde5a2e71245908a6de5bbec6da301/roles/285d0d319a16468db2c2503dac371efd 0.044s
2025-11-27 06:22:58.843 65644 INFO tempest.lib.common.dynamic_creds [-] Dynamic test user 8fcde5a2e71245908a6de5bbec6da301 is created with scope project and roles: ['member']
2025-11-27 06:22:58.843 65644 INFO tempest.lib.common.dynamic_creds [-] Acquired dynamic creds: credentials: Credentials: {'domain_id': 'default', 'domain_name': 'Default', 'username': 'tempest-ServerActionsTestOtherA-797823484-project-member', 'project_domain_id': 'default', 'project_domain_name': 'Default', 'project_id': '84bde50939f24316a16eb722a9ac3742', 'project_name': 'tempest-ServerActionsTestOtherA-797823484', 'tenant_id': '84bde50939f24316a16eb722a9ac3742', 'tenant_name': 'tempest-ServerActionsTestOtherA-797823484', 'user_domain_id': 'default', 'user_domain_name': 'Default', 'user_id': '8fcde5a2e71245908a6de5bbec6da301', 'system': None}, Network: None, Subnet: None, Router: None
2025-11-27 06:22:58.922 65644 INFO tempest.lib.common.rest_client [req-6827805b-36bd-4afa-baec-30d0a9d79ea4 req-6827805b-36bd-4afa-baec-30d0a9d79ea4 ] Request (ServerActionsTestOtherA:setUpClass): 201 POST http://10.180.1.21/identity/v3/auth/tokens 0.079s
2025-11-27 06:22:58.951 65594 INFO tempest.lib.common.rest_client [req-7082771f-2aeb-4db6-9e6a-a63e36f1a185 req-7082771f-2aeb-4db6-9e6a-a63e36f1a185 ] Request (ServerDiagnosticsNegativeTest:tearDownClass): 200 GET http://10.180.1.21/compute/v2.1/servers/74e18519-2193-4a77-be0b-131af51b3172 4.009s
2025-11-27 06:22:58.962 65594 INFO tempest.common.waiters [-] State transition "ACTIVE/deleting" ==> "DELETED/None" after 5 second wait
2025-11-27 06:22:59.004 65628 INFO tempest.lib.common.rest_client [req-4a3258fd-9759-40b9-bafd-0f39b4bd40f7 req-4a3258fd-9759-40b9-bafd-0f39b4bd40f7 ] Request (DeleteServersAdminTestJSON:test_delete_server_while_in_error_state): 200 GET http://10.180.1.21/compute/v2.1/servers/c2743994-955d-456a-8e8c-a2c93f6b73f5 4.128s
2025-11-27 06:22:59.313 65644 INFO tempest.lib.common.rest_client [req-848d146d-7167-412b-bd9a-c244fc767676 req-848d146d-7167-412b-bd9a-c244fc767676 ] Request (ServerActionsTestOtherA:setUpClass): 201 POST http://10.180.1.21/networking/v2.0/networks 0.390s
2025-11-27 06:22:59.342 65636 INFO tempest.lib.common.rest_client [req-2195ece0-3974-40ce-a8ae-63c0c39615da req-2195ece0-3974-40ce-a8ae-63c0c39615da ] Request (InstanceActionsNegativeTestJSON:tearDownClass): 200 GET http://10.180.1.21/compute/v2.1/servers/2ab801d2-3234-41e3-83a6-16a07a9c5350 4.187s
2025-11-27 06:22:59.571 65644 INFO tempest.lib.common.rest_client [req-2a611152-2d97-4007-b26e-222d85f9fcd2 req-2a611152-2d97-4007-b26e-222d85f9fcd2 ] Request (ServerActionsTestOtherA:setUpClass): 201 POST http://10.180.1.21/networking/v2.0/subnets 0.257s
2025-11-27 06:22:59.612 65614 INFO tempest.lib.common.rest_client [req-492ab0c9-34e9-40ce-b39c-0a5c37339a87 req-492ab0c9-34e9-40ce-b39c-0a5c37339a87 ] Request (MigrationsAdminTest:test_list_migrations_in_flavor_resize_situation): 200 GET http://10.180.1.21/compute/v2.1/servers/b9f5aef9-ad6c-4afe-be13-ca78d7680f3b 3.985s
2025-11-27 06:22:59.630 65610 INFO tempest.lib.common.rest_client [req-07f10c32-0853-4134-ba22-42490b071d8d req-07f10c32-0853-4134-ba22-42490b071d8d ] Request (ServerMetadataNegativeTestJSON:setUpClass): 200 GET http://10.180.1.21/compute/v2.1/servers/70a26483-348f-4b4f-9fec-4d48c138582b 3.919s
2025-11-27 06:22:59.721 65626 INFO tempest.lib.common.rest_client [req-b9f6ae3e-f9c3-4f0c-8e49-f3996926f675 req-b9f6ae3e-f9c3-4f0c-8e49-f3996926f675 ] Request (VolumesAssistedSnapshotsTest:test_volume_assisted_snapshot_create_delete): 200 GET http://10.180.1.21/volume/v3/volumes/b9cc7b3d-d2a1-42b8-9976-c78ca9fb14c1 0.038s
2025-11-27 06:22:59.997 65656 INFO tempest.lib.common.rest_client [req-6d78ad24-0abe-422a-8f48-b9284e48f41a req-6d78ad24-0abe-422a-8f48-b9284e48f41a ] Request (AttachInterfacesTestJSON:test_create_list_show_delete_interfaces_by_fixed_ip): 200 GET http://10.180.1.21/compute/v2.1/servers/16f6da95-ee1e-46fb-aaaa-e87d5779a378 4.199s
2025-11-27 06:23:00.061 65608 INFO tempest.lib.common.rest_client [req-7cab7edf-d64e-45a7-93ad-76d3626d3893 req-7cab7edf-d64e-45a7-93ad-76d3626d3893 ] Request (ServersAdminTestJSON:setUpClass): 200 GET http://10.180.1.21/compute/v2.1/servers/4f8c8896-14c2-4dcd-aa81-4d5f78bf22b4 3.908s
2025-11-27 06:23:00.229 65646 INFO tempest.lib.common.rest_client [req-75cb8bab-920d-4a2c-a0ba-4b0e1b871443 req-75cb8bab-920d-4a2c-a0ba-4b0e1b871443 ] Request (ServerDiagnosticsTest:test_get_server_diagnostics): 200 GET http://10.180.1.21/compute/v2.1/servers/36fa02fc-9227-44c5-873d-eaced2f64d69 3.711s
2025-11-27 06:23:00.239 65646 INFO tempest.common.waiters [-] State transition "BUILD/None" ==> "BUILD/spawning" after 36 second wait
2025-11-27 06:23:00.254 65642 INFO tempest.lib.common.rest_client [req-d5bdfafe-86e0-49aa-8642-a80fbddc6b8a req-d5bdfafe-86e0-49aa-8642-a80fbddc6b8a ] Request (ImagesNegativeTestJSON:tearDownClass): 404 GET http://10.180.1.21/compute/v2.1/servers/c556e8ea-5e76-4506-89b6-dcc49a3ae8b2 3.429s
2025-11-27 06:23:00.292 65638 INFO tempest.lib.common.rest_client [req-450228db-78be-4e70-8a7a-f01ac41d6e35 req-450228db-78be-4e70-8a7a-f01ac41d6e35 ] Request (ServersWithSpecificFlavorTestJSON:test_verify_created_server_ephemeral_disk): 200 GET http://10.180.1.21/compute/v2.1/servers/407e0d63-eb1d-4d25-9481-cb76e82e61e4 3.750s
2025-11-27 06:23:00.313 65617 INFO tempest.lib.common.rest_client [req-5d8b88c5-cc16-4bce-ad3a-bc647cba0a4b req-5d8b88c5-cc16-4bce-ad3a-bc647cba0a4b ] Request (ServicesAdminTestJSON:test_list_services): 200 GET http://10.180.1.21/compute/v2.1/os-services 3.174s
2025-11-27 06:23:00.403 65617 INFO tempest.lib.common.rest_client [req-d5cfc319-dbaf-4cbe-aa8a-ae6906289395 req-d5cfc319-dbaf-4cbe-aa8a-ae6906289395 ] Request (ServicesAdminTestJSON:tearDownClass): 204 DELETE http://10.180.1.21/identity/v3/users/e7e71ff38ac648809e66a0a626af421e 0.083s
2025-11-27 06:23:00.423 65644 INFO tempest.lib.common.rest_client [req-9dd3306a-8778-478c-9019-f10ba236d968 req-9dd3306a-8778-478c-9019-f10ba236d968 ] Request (ServerActionsTestOtherA:setUpClass): 201 POST http://10.180.1.21/networking/v2.0/routers 0.851s
2025-11-27 06:23:00.450 65650 INFO tempest.lib.common.rest_client [req-fd3d8c4a-d01a-41a7-9515-28a4bb311d5d req-fd3d8c4a-d01a-41a7-9515-28a4bb311d5d ] Request (ListServersNegativeTestJSON:test_list_servers_by_limits_greater_than_actual_count): 200 GET http://10.180.1.21/compute/v2.1/servers 3.308s
2025-11-27 06:23:00.523 65617 INFO tempest.lib.common.rest_client [req-cf853234-b6cc-4821-995e-9d39252b1310 req-cf853234-b6cc-4821-995e-9d39252b1310 ] Request (ServicesAdminTestJSON:tearDownClass): 204 DELETE http://10.180.1.21/identity/v3/users/33fefc9f32da4529bca4c36142757de7 0.120s
2025-11-27 06:23:00.523 65617 INFO tempest.lib.common.dynamic_creds [-] Deleting project and security group for project: 27fdf2b1faf048a09290d2ad2d58ed64
2025-11-27 06:23:00.592 65617 INFO tempest.lib.common.rest_client [req-44a5d4cc-1cb7-4e96-8bc3-d7e1b76dce8f req-44a5d4cc-1cb7-4e96-8bc3-d7e1b76dce8f ] Request (ServicesAdminTestJSON:tearDownClass): 201 POST http://10.180.1.21/identity/v3/auth/tokens 0.068s
2025-11-27 06:23:00.765 65626 INFO tempest.lib.common.rest_client [req-1c7cdc65-19ea-4687-af77-301914d9e956 req-1c7cdc65-19ea-4687-af77-301914d9e956 ] Request (VolumesAssistedSnapshotsTest:test_volume_assisted_snapshot_create_delete): 200 GET http://10.180.1.21/volume/v3/volumes/b9cc7b3d-d2a1-42b8-9976-c78ca9fb14c1 0.032s
2025-11-27 06:23:00.774 65626 INFO tempest.common.waiters [-] Attachment 033e0fba-816c-4926-abdb-ff81a141b93f created for volume b9cc7b3d-d2a1-42b8-9976-c78ca9fb14c1 to server 9c309d41-4126-4521-a347-5e9e8d17e0ea after waiting for 8.774318 seconds
2025-11-27 06:23:00.809 65626 INFO tempest.lib.common.rest_client [req-d28e7ccc-c529-445b-8e6e-3770cfed0388 req-d28e7ccc-c529-445b-8e6e-3770cfed0388 ] Request (VolumesAssistedSnapshotsTest:test_volume_assisted_snapshot_create_delete): 200 GET http://10.180.1.21/volume/v3/volumes/b9cc7b3d-d2a1-42b8-9976-c78ca9fb14c1 0.033s
2025-11-27 06:23:00.818 65626 INFO tempest.common.waiters [-] volume b9cc7b3d-d2a1-42b8-9976-c78ca9fb14c1 reached in-use after waiting for 0.818217 seconds
2025-11-27 06:23:01.048 65642 INFO tempest.lib.common.rest_client [req-8aa6ad2b-c605-43e7-a9fa-34129417749d req-8aa6ad2b-c605-43e7-a9fa-34129417749d ] Request (ImagesNegativeTestJSON:tearDownClass): 200 PUT http://10.180.1.21/networking/v2.0/routers/e0aa8589-edf1-447c-bed2-6169da119a5f/remove_router_interface 0.793s
2025-11-27 06:23:01.181 65602 WARNING tempest.lib.common.ssh [-] Failed to establish authenticated ssh connection to cirros@10.180.180.241 ([Errno None] Unable to connect to port 22 on 10.180.180.241). Number attempts: 6. Retry after 7 seconds.: paramiko.ssh_exception.NoValidConnectionsError: [Errno None] Unable to connect to port 22 on 10.180.180.241
2025-11-27 06:23:01.186 65604 INFO tempest.lib.common.rest_client [req-a9925d17-0aff-4f84-81dc-1b70408686ac req-a9925d17-0aff-4f84-81dc-1b70408686ac ] Request (ServerDiskConfigTestJSON:test_rebuild_server_with_auto_disk_config): 200 GET http://10.180.1.21/compute/v2.1/servers/57c2de27-0dd4-4c02-b4fb-4ef3c61d10b8 4.066s
2025-11-27 06:23:01.214 65618 INFO tempest.lib.common.rest_client [req-edd12f6a-3f6c-48e7-8c9b-968d0beb3057 req-edd12f6a-3f6c-48e7-8c9b-968d0beb3057 ] Request (ServersAdmin275Test:tearDownClass): 404 GET http://10.180.1.21/compute/v2.1/servers/28d072ce-7ba7-4b6d-b484-37f14c902daa 3.917s
2025-11-27 06:23:01.308 65618 INFO tempest.lib.common.rest_client [req-e1ee9b28-f175-43cb-9901-da176d114056 req-e1ee9b28-f175-43cb-9901-da176d114056 ] Request (ServersAdmin275Test:tearDownClass): 204 DELETE http://10.180.1.21/identity/v3/users/908b0fc8df544d3eb002183d4a16c639 0.094s
2025-11-27 06:23:01.392 65617 INFO tempest.lib.common.rest_client [req-62234e96-528b-47e8-a53c-f14bef33de06 req-62234e96-528b-47e8-a53c-f14bef33de06 ] Request (ServicesAdminTestJSON:tearDownClass): 200 GET http://10.180.1.21/networking/v2.0/security-groups?tenant_id=27fdf2b1faf048a09290d2ad2d58ed64&name=default 0.799s
2025-11-27 06:23:01.445 65618 INFO tempest.lib.common.rest_client [req-ad0a3683-4e1a-4bf3-8c1c-3ed5bb596ed3 req-ad0a3683-4e1a-4bf3-8c1c-3ed5bb596ed3 ] Request (ServersAdmin275Test:tearDownClass): 204 DELETE http://10.180.1.21/identity/v3/users/e045328e73e0492099f99249a485fbf8 0.136s
2025-11-27 06:23:01.445 65618 INFO tempest.lib.common.dynamic_creds [-] Deleting project and security group for project: 2ec634034af34457b2481fbef9465264
2025-11-27 06:23:01.536 65618 INFO tempest.lib.common.rest_client [req-61313120-dd37-427c-ad5b-af4297b27edf req-61313120-dd37-427c-ad5b-af4297b27edf ] Request (ServersAdmin275Test:tearDownClass): 201 POST http://10.180.1.21/identity/v3/auth/tokens 0.091s
2025-11-27 06:23:01.587 65644 INFO tempest.lib.common.rest_client [req-ff523fa1-73a5-4736-ac88-167091095c56 req-ff523fa1-73a5-4736-ac88-167091095c56 ] Request (ServerActionsTestOtherA:setUpClass): 200 PUT http://10.180.1.21/networking/v2.0/routers/b93c78ec-8aee-4b9c-a054-00b10d142f60/add_router_interface 1.164s
2025-11-27 06:23:01.588 65644 INFO tempest.lib.common.dynamic_creds [-] Created isolated network resources for: credentials: Credentials: {'domain_id': 'default', 'domain_name': 'Default', 'username': 'tempest-ServerActionsTestOtherA-797823484-project-member', 'project_domain_id': 'default', 'project_domain_name': 'Default', 'project_id': '84bde50939f24316a16eb722a9ac3742', 'project_name': 'tempest-ServerActionsTestOtherA-797823484', 'tenant_id': '84bde50939f24316a16eb722a9ac3742', 'tenant_name': 'tempest-ServerActionsTestOtherA-797823484', 'user_domain_id': 'default', 'user_domain_name': 'Default', 'user_id': '8fcde5a2e71245908a6de5bbec6da301', 'system': None}, Network: {'id': 'c0fded90-9233-43f4-ae5c-4abf5d6b2c6a', 'name': 'tempest-ServerActionsTestOtherA-1287786274-network', 'tenant_id': '84bde50939f24316a16eb722a9ac3742', 'project_id': '84bde50939f24316a16eb722a9ac3742', 'admin_state_up': True, 'mtu': 8950, 'status': 'ACTIVE', 'subnets': [], 'shared': False, 'port_security_enabled': True, 'router:external': False, 'provider:network_type': 'vlan', 'provider:physical_network': 'default', 'provider:segmentation_id': 663, 'availability_zone_hints': [], 'availability_zones': [], 'ipv4_address_scope': None, 'ipv6_address_scope': None, 'description': '', 'tags': [], 'created_at': '2025-11-27T06:22:59Z', 'updated_at': '2025-11-27T06:22:59Z', 'revision_number': 1}, Subnet: {'id': '769cef92-8683-4fab-a432-8b6af75397c0', 'name': 'tempest-ServerActionsTestOtherA-1287786274-subnet', 'tenant_id': '84bde50939f24316a16eb722a9ac3742', 'network_id': 'c0fded90-9233-43f4-ae5c-4abf5d6b2c6a', 'ip_version': 4, 'subnetpool_id': None, 'enable_dhcp': True, 'ipv6_ra_mode': None, 'ipv6_address_mode': None, 'gateway_ip': '192.168.128.1', 'cidr': '192.168.128.0/28', 'allocation_pools': [{'start': '192.168.128.2', 'end': '192.168.128.14'}], 'host_routes': [], 'dns_nameservers': [], 'description': '', 'router:external': False, 'service_types': [], 'tags': [], 'created_at': '2025-11-27T06:22:59Z', 'updated_at': '2025-11-27T06:22:59Z', 'revision_number': 0, 'project_id': '84bde50939f24316a16eb722a9ac3742'}, Router: {'id': 'b93c78ec-8aee-4b9c-a054-00b10d142f60', 'name': 'tempest-ServerActionsTestOtherA-1287786274-router', 'tenant_id': '84bde50939f24316a16eb722a9ac3742', 'admin_state_up': True, 'status': 'ACTIVE', 'external_gateway_info': {'network_id': 'a1f895c3-b746-48f7-ad09-3364f568aa94', 'external_fixed_ips': [{'subnet_id': 'ef8923bc-5783-48c0-8e54-c62aa893e060', 'ip_address': '10.180.180.237'}], 'enable_snat': True}, 'description': '', 'availability_zones': [], 'distributed': False, 'ha': False, 'availability_zone_hints': [], 'routes': [], 'flavor_id': None, 'tags': [], 'created_at': '2025-11-27T06:22:59Z', 'updated_at': '2025-11-27T06:23:00Z', 'revision_number': 2, 'project_id': '84bde50939f24316a16eb722a9ac3742'}
2025-11-27 06:23:01.647 65598 INFO tempest.lib.common.rest_client [req-9281b61e-c479-497b-bc45-aaeefb46b09b req-9281b61e-c479-497b-bc45-aaeefb46b09b ] Request (ServersAdminNegativeTestJSON:test_migrate_server_invalid_state): 200 GET http://10.180.1.21/compute/v2.1/servers/a082834d-1204-4476-900e-4011aefdf713 4.376s
2025-11-27 06:23:01.691 65644 INFO tempest.lib.common.rest_client [req-ef604c1a-2d87-47f4-afc7-ac866831f091 req-ef604c1a-2d87-47f4-afc7-ac866831f091 ] Request (ServerActionsTestOtherA:setUpClass): 201 POST http://10.180.1.21/identity/v3/auth/tokens 0.097s
2025-11-27 06:23:01.702 65632 INFO tempest.lib.common.rest_client [req-28c3c459-97ac-4702-8c55-a7a3d7fd0d8d req-28c3c459-97ac-4702-8c55-a7a3d7fd0d8d ] Request (ServersAaction247Test:tearDownClass): 200 GET http://10.180.1.21/compute/v2.1/servers/592dcf4d-bdad-466e-8830-c602f04740db 3.793s
2025-11-27 06:23:01.784 65617 INFO tempest.lib.common.rest_client [req-5816d06b-00dc-4a50-9206-be17998b9212 req-5816d06b-00dc-4a50-9206-be17998b9212 ] Request (ServicesAdminTestJSON:tearDownClass): 204 DELETE http://10.180.1.21/networking/v2.0/security-groups/046d3463-af88-486a-b26f-c4b622a26183 0.392s
2025-11-27 06:23:01.886 65617 INFO tempest.lib.common.rest_client [req-2e3cd813-3135-4167-b261-822e0acf6168 req-2e3cd813-3135-4167-b261-822e0acf6168 ] Request (ServicesAdminTestJSON:tearDownClass): 204 DELETE http://10.180.1.21/identity/v3/projects/27fdf2b1faf048a09290d2ad2d58ed64 0.101s
2025-11-27 06:23:01.887 65617 INFO tempest.lib.common.dynamic_creds [-] Deleting project and security group for project: 9ab3ed552361414999ed083d7fa9aff6
2025-11-27 06:23:01.957 65642 INFO tempest.lib.common.rest_client [req-e0e2a32d-d521-48a5-8b2c-709c24aba674 req-e0e2a32d-d521-48a5-8b2c-709c24aba674 ] Request (ImagesNegativeTestJSON:tearDownClass): 204 DELETE http://10.180.1.21/networking/v2.0/routers/e0aa8589-edf1-447c-bed2-6169da119a5f 0.908s
2025-11-27 06:23:02.121 65618 INFO tempest.lib.common.rest_client [req-76b8f643-2853-4927-b963-613a339eeed1 req-76b8f643-2853-4927-b963-613a339eeed1 ] Request (ServersAdmin275Test:tearDownClass): 200 GET http://10.180.1.21/networking/v2.0/security-groups?tenant_id=2ec634034af34457b2481fbef9465264&name=default 0.584s
2025-11-27 06:23:02.200 65617 INFO tempest.lib.common.rest_client [req-6362dc5f-eef4-4f80-8c7e-e2c0e1a768ab req-6362dc5f-eef4-4f80-8c7e-e2c0e1a768ab ] Request (ServicesAdminTestJSON:tearDownClass): 200 GET http://10.180.1.21/networking/v2.0/security-groups?tenant_id=9ab3ed552361414999ed083d7fa9aff6&name=default 0.313s
2025-11-27 06:23:02.258 65642 INFO tempest.lib.common.rest_client [req-8743efe4-8d46-4b63-baed-92ced515ba35 req-8743efe4-8d46-4b63-baed-92ced515ba35 ] Request (ImagesNegativeTestJSON:tearDownClass): 204 DELETE http://10.180.1.21/networking/v2.0/subnets/829856bc-a51e-4443-9f1e-ba131cca0027 0.301s
2025-11-27 06:23:02.333 65654 WARNING tempest.lib.common.ssh [-] Failed to establish authenticated ssh connection to cirros@10.180.180.219 ([Errno None] Unable to connect to port 22 on 10.180.180.219). Number attempts: 1. Retry after 2 seconds.: paramiko.ssh_exception.NoValidConnectionsError: [Errno None] Unable to connect to port 22 on 10.180.180.219
2025-11-27 06:23:02.407 65606 INFO tempest.lib.common.rest_client [req-ceff1c09-561e-43fb-9055-9c396eb101b3 req-ceff1c09-561e-43fb-9055-9c396eb101b3 ] Request (SecurityGroupRulesTestJSON:test_security_group_rules_create_with_optional_cidr): 200 POST http://10.180.1.21/compute/v2.1/os-security-group-rules 4.107s
2025-11-27 06:23:02.601 65618 INFO tempest.lib.common.rest_client [req-320d4907-3536-475e-a3e4-81eb902d304b req-320d4907-3536-475e-a3e4-81eb902d304b ] Request (ServersAdmin275Test:tearDownClass): 204 DELETE http://10.180.1.21/networking/v2.0/security-groups/0d645a0d-c9b9-49c1-929c-ea12d1b079b1 0.480s
2025-11-27 06:23:02.677 65617 INFO tempest.lib.common.rest_client [req-a135260d-62d0-46cd-a7ff-99d43c12cd89 req-a135260d-62d0-46cd-a7ff-99d43c12cd89 ] Request (ServicesAdminTestJSON:tearDownClass): 204 DELETE http://10.180.1.21/networking/v2.0/security-groups/e61c6869-3bf7-4fe0-b9ff-c30caf0098d8 0.476s
2025-11-27 06:23:02.695 65618 INFO tempest.lib.common.rest_client [req-1d5588c2-476b-44b5-b02f-75ac51b51480 req-1d5588c2-476b-44b5-b02f-75ac51b51480 ] Request (ServersAdmin275Test:tearDownClass): 204 DELETE http://10.180.1.21/identity/v3/projects/2ec634034af34457b2481fbef9465264 0.094s
2025-11-27 06:23:02.696 65618 INFO tempest.lib.common.dynamic_creds [-] Deleting project and security group for project: d7120f2ce5884414a10354423f523a42
2025-11-27 06:23:02.806 65617 INFO tempest.lib.common.rest_client [req-fa0aac8a-f2df-4153-9b5e-538122473dd8 req-fa0aac8a-f2df-4153-9b5e-538122473dd8 ] Request (ServicesAdminTestJSON:tearDownClass): 204 DELETE http://10.180.1.21/identity/v3/projects/9ab3ed552361414999ed083d7fa9aff6 0.129s
2025-11-27 06:23:02.827 65640 INFO tempest.lib.common.rest_client [req-3a7ffd25-a466-479c-a69e-cec4baf706b8 req-3a7ffd25-a466-479c-a69e-cec4baf706b8 ] Request (ServerTagsTestJSON:tearDownClass): 200 GET http://10.180.1.21/compute/v2.1/servers/a65fd9db-951c-42be-a38e-03edc0bb1ef1 4.519s
2025-11-27 06:23:02.838 65640 INFO tempest.common.waiters [-] State transition "ACTIVE/deleting" ==> "DELETED/None" after 5 second wait
2025-11-27 06:23:02.876 65617 INFO tempest.lib.common.rest_client [req-096bef13-4904-43f5-9835-445418e1a050 req-096bef13-4904-43f5-9835-445418e1a050 ] Request (ImagesOneServerTestJSON:setUpClass): 201 POST http://10.180.1.21/identity/v3/auth/tokens 0.068s
2025-11-27 06:23:02.915 65617 INFO tempest.lib.common.rest_client [req-a902a7ff-504b-4df1-a8fa-6173f4502630 req-a902a7ff-504b-4df1-a8fa-6173f4502630 ] Request (ImagesOneServerTestJSON:setUpClass): 201 POST http://10.180.1.21/identity/v3/auth/tokens 0.035s
2025-11-27 06:23:02.928 65642 INFO tempest.lib.common.rest_client [req-5d952c9e-7465-4905-abd5-280661eb694c req-5d952c9e-7465-4905-abd5-280661eb694c ] Request (ImagesNegativeTestJSON:tearDownClass): 204 DELETE http://10.180.1.21/networking/v2.0/networks/3644a646-d71a-4955-bae5-4fcf244cf2fe 0.669s
2025-11-27 06:23:02.954 65617 INFO tempest.lib.common.rest_client [req-1f62fa24-1f52-4395-85d3-77a68dbbcdc8 req-1f62fa24-1f52-4395-85d3-77a68dbbcdc8 ] Request (ImagesOneServerTestJSON:setUpClass): 200 GET http://10.180.1.21/identity/v3/domains?name=Default 0.038s
2025-11-27 06:23:02.997 65617 INFO tempest.lib.common.rest_client [req-26ccbd06-74fd-4983-8ec4-3291944ae2bd req-26ccbd06-74fd-4983-8ec4-3291944ae2bd ] Request (ImagesOneServerTestJSON:setUpClass): 201 POST http://10.180.1.21/identity/v3/projects 0.042s
2025-11-27 06:23:03.049 65642 INFO tempest.lib.common.rest_client [req-159010c5-83b2-4f49-91bd-f26cf49c059f req-159010c5-83b2-4f49-91bd-f26cf49c059f ] Request (ImagesNegativeTestJSON:tearDownClass): 204 DELETE http://10.180.1.21/identity/v3/users/9541d41c31fe499bbeeef3e06c679333 0.121s
2025-11-27 06:23:03.050 65642 INFO tempest.lib.common.dynamic_creds [-] Deleting project and security group for project: 45c3f6edaae944e989ed9990dc555b9f
2025-11-27 06:23:03.077 65618 INFO tempest.lib.common.rest_client [req-1d3cdb30-902d-4e15-9ed6-e23f6b17bc75 req-1d3cdb30-902d-4e15-9ed6-e23f6b17bc75 ] Request (ServersAdmin275Test:tearDownClass): 200 GET http://10.180.1.21/networking/v2.0/security-groups?tenant_id=d7120f2ce5884414a10354423f523a42&name=default 0.380s
2025-11-27 06:23:03.107 65617 INFO tempest.lib.common.rest_client [req-dcdc9777-3208-401a-aecd-61a265d76e09 req-dcdc9777-3208-401a-aecd-61a265d76e09 ] Request (ImagesOneServerTestJSON:setUpClass): 201 POST http://10.180.1.21/identity/v3/users 0.109s
2025-11-27 06:23:03.176 65617 INFO tempest.lib.common.rest_client [req-4d7198cb-a022-457f-89ab-eda5d2db9e20 req-4d7198cb-a022-457f-89ab-eda5d2db9e20 ] Request (ImagesOneServerTestJSON:setUpClass): 200 GET http://10.180.1.21/identity/v3/roles 0.068s
2025-11-27 06:23:03.212 65617 INFO tempest.lib.common.rest_client [req-8e893c93-5397-4f40-adaa-59412e1b78cc req-8e893c93-5397-4f40-adaa-59412e1b78cc ] Request (ImagesOneServerTestJSON:setUpClass): 204 PUT http://10.180.1.21/identity/v3/projects/a30afdeff76e4f32b92626afdbbd2f4e/users/635e28ea212d4ddd97b0d19d3c29e336/roles/285d0d319a16468db2c2503dac371efd 0.036s
2025-11-27 06:23:03.212 65617 INFO tempest.lib.common.dynamic_creds [-] Dynamic test user 635e28ea212d4ddd97b0d19d3c29e336 is created with scope project and roles: ['member']
2025-11-27 06:23:03.213 65617 INFO tempest.lib.common.dynamic_creds [-] Acquired dynamic creds: credentials: Credentials: {'domain_id': 'default', 'domain_name': 'Default', 'username': 'tempest-ImagesOneServerTestJSON-1481344964-project-member', 'project_domain_id': 'default', 'project_domain_name': 'Default', 'project_id': 'a30afdeff76e4f32b92626afdbbd2f4e', 'project_name': 'tempest-ImagesOneServerTestJSON-1481344964', 'tenant_id': 'a30afdeff76e4f32b92626afdbbd2f4e', 'tenant_name': 'tempest-ImagesOneServerTestJSON-1481344964', 'user_domain_id': 'default', 'user_domain_name': 'Default', 'user_id': '635e28ea212d4ddd97b0d19d3c29e336', 'system': None}, Network: None, Subnet: None, Router: None
2025-11-27 06:23:03.245 65648 INFO tempest.lib.common.rest_client [req-29598742-244b-4630-af7d-780c5ad67bc6 req-29598742-244b-4630-af7d-780c5ad67bc6 ] Request (FloatingIPsAssociationTestJSON:setUpClass): 200 GET http://10.180.1.21/compute/v2.1/servers/588d7a9b-da4f-4bb4-839a-747ed82f88ef 4.602s
2025-11-27 06:23:03.254 65642 INFO tempest.lib.common.rest_client [req-0647532c-1fca-4635-b2f8-026acd779687 req-0647532c-1fca-4635-b2f8-026acd779687 ] Request (ImagesNegativeTestJSON:tearDownClass): 200 GET http://10.180.1.21/networking/v2.0/security-groups?tenant_id=45c3f6edaae944e989ed9990dc555b9f&name=default 0.204s
2025-11-27 06:23:03.259 65648 INFO tempest.common.waiters [-] State transition "BUILD/scheduling" ==> "BUILD/None" after 18 second wait
2025-11-27 06:23:03.271 65620 INFO tempest.lib.common.rest_client [req-eb0ccb6a-2d62-4edc-b676-b43613eba04f req-eb0ccb6a-2d62-4edc-b676-b43613eba04f ] Request (AggregatesAdminNegativeTestJSON:_run_cleanups): 200 DELETE http://10.180.1.21/compute/v2.1/os-aggregates/7 4.598s
2025-11-27 06:23:03.284 65617 INFO tempest.lib.common.rest_client [req-c8ec7cf2-9140-4b65-b035-a14cc72d79ce req-c8ec7cf2-9140-4b65-b035-a14cc72d79ce ] Request (ImagesOneServerTestJSON:setUpClass): 201 POST http://10.180.1.21/identity/v3/auth/tokens 0.071s
2025-11-27 06:23:03.294 65612 INFO tempest.lib.common.rest_client [req-a1a91c26-7875-4dda-af54-8b15e457cef9 req-a1a91c26-7875-4dda-af54-8b15e457cef9 ] Request (ImagesDeleteNegativeTestJSON:test_delete_image_with_invalid_image_id): 404 DELETE http://10.180.1.21/compute/v2.1/images/tempest-invalid-620799708 4.594s
2025-11-27 06:23:03.354 65618 INFO tempest.lib.common.rest_client [req-e9acb230-bfac-4b63-bb3f-d7b46f7e1414 req-e9acb230-bfac-4b63-bb3f-d7b46f7e1414 ] Request (ServersAdmin275Test:tearDownClass): 204 DELETE http://10.180.1.21/networking/v2.0/security-groups/fdab9fea-4862-462b-808b-627f4d8fdab3 0.276s
2025-11-27 06:23:03.441 65618 INFO tempest.lib.common.rest_client [req-1a823d64-4e09-452c-8692-f245a0541322 req-1a823d64-4e09-452c-8692-f245a0541322 ] Request (ServersAdmin275Test:tearDownClass): 204 DELETE http://10.180.1.21/identity/v3/projects/d7120f2ce5884414a10354423f523a42 0.087s
2025-11-27 06:23:03.485 65652 INFO tempest.lib.common.rest_client [req-fe9ec620-b0de-49f2-b1d9-63bc78b302e8 req-fe9ec620-b0de-49f2-b1d9-63bc78b302e8 ] Request (ServerRescueTestJSONUnderV235:setUpClass): 202 POST http://10.180.1.21/compute/v2.1/servers 5.440s
2025-11-27 06:23:03.524 65642 INFO tempest.lib.common.rest_client [req-e062d087-481a-436a-a648-4fb6f64e3e38 req-e062d087-481a-436a-a648-4fb6f64e3e38 ] Request (ImagesNegativeTestJSON:tearDownClass): 204 DELETE http://10.180.1.21/networking/v2.0/security-groups/8c7c7dcc-21d1-45b3-b34e-4d29c652aefb 0.270s
2025-11-27 06:23:03.534 65618 INFO tempest.lib.common.rest_client [req-24b72505-a568-43ec-9141-686a18503e71 req-24b72505-a568-43ec-9141-686a18503e71 ] Request (AbsoluteLimitsNegativeTestJSON:setUpClass): 201 POST http://10.180.1.21/identity/v3/auth/tokens 0.091s
2025-11-27 06:23:03.575 65634 INFO tempest.lib.common.rest_client [req-93a22e51-7e29-4cf2-b878-30d598694f29 req-93a22e51-7e29-4cf2-b878-30d598694f29 ] Request (ImagesMetadataTestJSON:test_set_image_metadata_item): 200 PUT http://10.180.1.21/compute/v2.1/images/d546fe4e-87c4-4e12-a753-fb1853388660/metadata/os_version 4.785s
2025-11-27 06:23:03.618 65642 INFO tempest.lib.common.rest_client [req-d5a85eb5-9345-416a-9dc7-3e5339e40475 req-d5a85eb5-9345-416a-9dc7-3e5339e40475 ] Request (ImagesNegativeTestJSON:tearDownClass): 204 DELETE http://10.180.1.21/identity/v3/projects/45c3f6edaae944e989ed9990dc555b9f 0.094s
2025-11-27 06:23:03.661 65628 INFO tempest.lib.common.rest_client [req-848a822b-ebc1-4809-8242-e8d5a67ce9cb req-848a822b-ebc1-4809-8242-e8d5a67ce9cb ] Request (DeleteServersAdminTestJSON:test_delete_server_while_in_error_state): 204 DELETE http://10.180.1.21/compute/v2.1/servers/c2743994-955d-456a-8e8c-a2c93f6b73f5 4.647s
2025-11-27 06:23:03.688 65618 INFO tempest.lib.common.rest_client [req-f458d9d2-0f15-46c2-8a1c-6fe630eeaca2 req-f458d9d2-0f15-46c2-8a1c-6fe630eeaca2 ] Request (AbsoluteLimitsNegativeTestJSON:setUpClass): 201 POST http://10.180.1.21/identity/v3/auth/tokens 0.151s
2025-11-27 06:23:03.695 65622 INFO tempest.lib.common.rest_client [req-6d1ccf43-4c58-47dd-a600-7e144057d325 req-6d1ccf43-4c58-47dd-a600-7e144057d325 ] Request (AttachInterfacesUnderV243Test:test_add_remove_fixed_ip): 200 GET http://10.180.1.21/compute/v2.1/servers/91907f7c-abc7-4527-8c45-8b0b01c829d2/ips 4.362s
2025-11-27 06:23:03.713 65642 INFO tempest.lib.common.rest_client [req-5febe129-6c04-491a-a0a7-4bbae8597680 req-5febe129-6c04-491a-a0a7-4bbae8597680 ] Request (KeyPairsV22TestJSON:setUpClass): 201 POST http://10.180.1.21/identity/v3/auth/tokens 0.092s
2025-11-27 06:23:03.741 65618 INFO tempest.lib.common.rest_client [req-ad4226b5-799b-4a1d-a133-24fe9430374b req-ad4226b5-799b-4a1d-a133-24fe9430374b ] Request (AbsoluteLimitsNegativeTestJSON:setUpClass): 200 GET http://10.180.1.21/identity/v3/domains?name=Default 0.052s
2025-11-27 06:23:03.767 65642 INFO tempest.lib.common.rest_client [req-873190c8-c761-49ad-8154-a3be2659d844 req-873190c8-c761-49ad-8154-a3be2659d844 ] Request (KeyPairsV22TestJSON:setUpClass): 201 POST http://10.180.1.21/identity/v3/auth/tokens 0.051s
2025-11-27 06:23:03.772 65618 INFO tempest.lib.common.rest_client [req-cd9606ce-c71d-465f-ad67-4c14fd7a626e req-cd9606ce-c71d-465f-ad67-4c14fd7a626e ] Request (AbsoluteLimitsNegativeTestJSON:setUpClass): 201 POST http://10.180.1.21/identity/v3/projects 0.030s
2025-11-27 06:23:03.842 65642 INFO tempest.lib.common.rest_client [req-647b24ad-02a2-46a3-89d4-f3524eff88a9 req-647b24ad-02a2-46a3-89d4-f3524eff88a9 ] Request (KeyPairsV22TestJSON:setUpClass): 200 GET http://10.180.1.21/identity/v3/domains?name=Default 0.074s
2025-11-27 06:23:03.847 65618 INFO tempest.lib.common.rest_client [req-954b9ecf-39f8-4b86-8a19-1b4f7e1f530f req-954b9ecf-39f8-4b86-8a19-1b4f7e1f530f ] Request (AbsoluteLimitsNegativeTestJSON:setUpClass): 201 POST http://10.180.1.21/identity/v3/users 0.074s
2025-11-27 06:23:03.868 65618 INFO tempest.lib.common.rest_client [req-6dc47695-c4e1-48d1-9296-ab3239c212fd req-6dc47695-c4e1-48d1-9296-ab3239c212fd ] Request (AbsoluteLimitsNegativeTestJSON:setUpClass): 200 GET http://10.180.1.21/identity/v3/roles 0.021s
2025-11-27 06:23:03.880 65642 INFO tempest.lib.common.rest_client [req-e258e761-4fe2-4843-a7e5-93b4a104c7a9 req-e258e761-4fe2-4843-a7e5-93b4a104c7a9 ] Request (KeyPairsV22TestJSON:setUpClass): 201 POST http://10.180.1.21/identity/v3/projects 0.038s
2025-11-27 06:23:03.901 65618 INFO tempest.lib.common.rest_client [req-892ec5b9-85a8-40f2-9527-f8e831a79b20 req-892ec5b9-85a8-40f2-9527-f8e831a79b20 ] Request (AbsoluteLimitsNegativeTestJSON:setUpClass): 204 PUT http://10.180.1.21/identity/v3/projects/98eabf8baf77466ea4689fcecb8c07b1/users/e391deb99db346a4858ac0a4b73ce120/roles/285d0d319a16468db2c2503dac371efd 0.032s
2025-11-27 06:23:03.901 65618 INFO tempest.lib.common.dynamic_creds [-] Dynamic test user e391deb99db346a4858ac0a4b73ce120 is created with scope project and roles: ['member']
2025-11-27 06:23:03.901 65618 INFO tempest.lib.common.dynamic_creds [-] Acquired dynamic creds: credentials: Credentials: {'domain_id': 'default', 'domain_name': 'Default', 'username': 'tempest-AbsoluteLimitsNegativeTestJSON-914945453-project-member', 'project_domain_id': 'default', 'project_domain_name': 'Default', 'project_id': '98eabf8baf77466ea4689fcecb8c07b1', 'project_name': 'tempest-AbsoluteLimitsNegativeTestJSON-914945453', 'tenant_id': '98eabf8baf77466ea4689fcecb8c07b1', 'tenant_name': 'tempest-AbsoluteLimitsNegativeTestJSON-914945453', 'user_domain_id': 'default', 'user_domain_name': 'Default', 'user_id': 'e391deb99db346a4858ac0a4b73ce120', 'system': None}, Network: None, Subnet: None, Router: None
2025-11-27 06:23:03.901 65618 INFO tempest.lib.common.dynamic_creds [-] Created isolated network resources for: credentials: Credentials: {'domain_id': 'default', 'domain_name': 'Default', 'username': 'tempest-AbsoluteLimitsNegativeTestJSON-914945453-project-member', 'project_domain_id': 'default', 'project_domain_name': 'Default', 'project_id': '98eabf8baf77466ea4689fcecb8c07b1', 'project_name': 'tempest-AbsoluteLimitsNegativeTestJSON-914945453', 'tenant_id': '98eabf8baf77466ea4689fcecb8c07b1', 'tenant_name': 'tempest-AbsoluteLimitsNegativeTestJSON-914945453', 'user_domain_id': 'default', 'user_domain_name': 'Default', 'user_id': 'e391deb99db346a4858ac0a4b73ce120', 'system': None}, Network: None, Subnet: None, Router: None
2025-11-27 06:23:03.973 65617 INFO tempest.lib.common.rest_client [req-4a38ffce-79c1-4cd5-bec3-9410a3f06fe6 req-4a38ffce-79c1-4cd5-bec3-9410a3f06fe6 ] Request (ImagesOneServerTestJSON:setUpClass): 201 POST http://10.180.1.21/networking/v2.0/networks 0.688s
2025-11-27 06:23:03.975 65618 INFO tempest.lib.common.rest_client [req-0010f45a-4dca-41b9-92b5-04a23beaa403 req-0010f45a-4dca-41b9-92b5-04a23beaa403 ] Request (AbsoluteLimitsNegativeTestJSON:setUpClass): 201 POST http://10.180.1.21/identity/v3/auth/tokens 0.069s
2025-11-27 06:23:03.976 65642 INFO tempest.lib.common.rest_client [req-e06171a7-203c-4fb3-9b63-98e116bb969d req-e06171a7-203c-4fb3-9b63-98e116bb969d ] Request (KeyPairsV22TestJSON:setUpClass): 201 POST http://10.180.1.21/identity/v3/users 0.095s
2025-11-27 06:23:03.996 65642 INFO tempest.lib.common.rest_client [req-bf31a06e-a53f-468b-b154-b16fdb3ecc4e req-bf31a06e-a53f-468b-b154-b16fdb3ecc4e ] Request (KeyPairsV22TestJSON:setUpClass): 200 GET http://10.180.1.21/identity/v3/roles 0.020s
2025-11-27 06:23:04.023 65596 INFO tempest.lib.common.rest_client [req-e6acb17f-05fe-4eba-ba63-ee6a9c5ccbb7 req-e6acb17f-05fe-4eba-ba63-ee6a9c5ccbb7 ] Request (SecurityGroupsTestJSON:test_list_security_groups_by_server): 200 GET http://10.180.1.21/compute/v2.1/servers/9d5265ca-2601-4748-99e7-b9a3941f1f4d 4.992s
2025-11-27 06:23:04.027 65642 INFO tempest.lib.common.rest_client [req-8d0b1139-2333-4b45-a424-91253d32b707 req-8d0b1139-2333-4b45-a424-91253d32b707 ] Request (KeyPairsV22TestJSON:setUpClass): 204 PUT http://10.180.1.21/identity/v3/projects/70b8253664aa47df8265712b0e75efb0/users/adcb8f582f05431aa36e7df8409ffd43/roles/285d0d319a16468db2c2503dac371efd 0.030s
2025-11-27 06:23:04.027 65642 INFO tempest.lib.common.dynamic_creds [-] Dynamic test user adcb8f582f05431aa36e7df8409ffd43 is created with scope project and roles: ['member']
2025-11-27 06:23:04.028 65642 INFO tempest.lib.common.dynamic_creds [-] Acquired dynamic creds: credentials: Credentials: {'domain_id': 'default', 'domain_name': 'Default', 'username': 'tempest-KeyPairsV22TestJSON-702276920-project-member', 'project_domain_id': 'default', 'project_domain_name': 'Default', 'project_id': '70b8253664aa47df8265712b0e75efb0', 'project_name': 'tempest-KeyPairsV22TestJSON-702276920', 'tenant_id': '70b8253664aa47df8265712b0e75efb0', 'tenant_name': 'tempest-KeyPairsV22TestJSON-702276920', 'user_domain_id': 'default', 'user_domain_name': 'Default', 'user_id': 'adcb8f582f05431aa36e7df8409ffd43', 'system': None}, Network: None, Subnet: None, Router: None
2025-11-27 06:23:04.028 65642 INFO tempest.lib.common.dynamic_creds [-] Created isolated network resources for: credentials: Credentials: {'domain_id': 'default', 'domain_name': 'Default', 'username': 'tempest-KeyPairsV22TestJSON-702276920-project-member', 'project_domain_id': 'default', 'project_domain_name': 'Default', 'project_id': '70b8253664aa47df8265712b0e75efb0', 'project_name': 'tempest-KeyPairsV22TestJSON-702276920', 'tenant_id': '70b8253664aa47df8265712b0e75efb0', 'tenant_name': 'tempest-KeyPairsV22TestJSON-702276920', 'user_domain_id': 'default', 'user_domain_name': 'Default', 'user_id': 'adcb8f582f05431aa36e7df8409ffd43', 'system': None}, Network: None, Subnet: None, Router: None
2025-11-27 06:23:04.037 65624 INFO tempest.lib.common.rest_client [req-d145b5ac-175a-4df3-a20e-c3ae260cc752 req-d145b5ac-175a-4df3-a20e-c3ae260cc752 ] Request (ServerGroupTestJSON:test_create_server_with_scheduler_hint_group): 200 GET http://10.180.1.21/compute/v2.1/servers/b8f33d10-2126-4df0-96b2-f1c8235bec07 4.568s
2025-11-27 06:23:04.131 65642 INFO tempest.lib.common.rest_client [req-62ce4d6c-1cf3-4bc6-9dcf-412823fc958b req-62ce4d6c-1cf3-4bc6-9dcf-412823fc958b ] Request (KeyPairsV22TestJSON:setUpClass): 201 POST http://10.180.1.21/identity/v3/auth/tokens 0.099s
2025-11-27 06:23:04.316 65617 INFO tempest.lib.common.rest_client [req-bee7a293-240f-40a0-831d-3fd06506323b req-bee7a293-240f-40a0-831d-3fd06506323b ] Request (ImagesOneServerTestJSON:setUpClass): 201 POST http://10.180.1.21/networking/v2.0/subnets 0.342s
2025-11-27 06:23:04.415 65630 INFO tempest.lib.common.rest_client [req-43f3664c-beca-4f98-8f15-78a0beda2035 req-43f3664c-beca-4f98-8f15-78a0beda2035 ] Request (ServerShowV247Test:test_update_rebuild_list_server): 200 GET http://10.180.1.21/compute/v2.1/servers/4a0a2987-8ea6-4806-a279-38198201cc20 4.920s
2025-11-27 06:23:04.430 65594 INFO tempest.lib.common.rest_client [req-37f5583c-cef9-46df-97cf-e7ad95e0e338 req-37f5583c-cef9-46df-97cf-e7ad95e0e338 ] Request (ServerDiagnosticsNegativeTest:tearDownClass): 200 GET http://10.180.1.21/compute/v2.1/servers/74e18519-2193-4a77-be0b-131af51b3172 4.464s
2025-11-27 06:23:04.506 65650 INFO tempest.lib.common.rest_client [req-b0066bea-94d4-4ca6-ac15-b5c35108b21a req-b0066bea-94d4-4ca6-ac15-b5c35108b21a ] Request (ListServersNegativeTestJSON:test_list_servers_by_limits_greater_than_actual_count): 200 GET http://10.180.1.21/compute/v2.1/servers?limit=102 4.054s
2025-11-27 06:23:04.843 65654 WARNING tempest.lib.common.ssh [-] Failed to establish authenticated ssh connection to cirros@10.180.180.219 ([Errno None] Unable to connect to port 22 on 10.180.180.219). Number attempts: 2. Retry after 3 seconds.: paramiko.ssh_exception.NoValidConnectionsError: [Errno None] Unable to connect to port 22 on 10.180.180.219
2025-11-27 06:23:04.918 65636 INFO tempest.lib.common.rest_client [req-fc203cb8-4f1e-440e-8a57-36f8c702e661 req-fc203cb8-4f1e-440e-8a57-36f8c702e661 ] Request (InstanceActionsNegativeTestJSON:tearDownClass): 200 GET http://10.180.1.21/compute/v2.1/servers/2ab801d2-3234-41e3-83a6-16a07a9c5350 4.566s
2025-11-27 06:23:05.324 65617 INFO tempest.lib.common.rest_client [req-ae199f1f-ae58-4e7f-99a4-e9caa589eac3 req-ae199f1f-ae58-4e7f-99a4-e9caa589eac3 ] Request (ImagesOneServerTestJSON:setUpClass): 201 POST http://10.180.1.21/networking/v2.0/routers 1.008s
2025-11-27 06:23:05.346 65610 INFO tempest.lib.common.rest_client [req-a2d0347d-f745-461f-9c70-f74f4ccdc599 req-a2d0347d-f745-461f-9c70-f74f4ccdc599 ] Request (ServerMetadataNegativeTestJSON:setUpClass): 200 GET http://10.180.1.21/compute/v2.1/servers/70a26483-348f-4b4f-9fec-4d48c138582b 4.704s
2025-11-27 06:23:05.353 65610 INFO tempest.common.waiters [-] State transition "BUILD/scheduling" ==> "BUILD/None" after 11 second wait
2025-11-27 06:23:05.371 65614 INFO tempest.lib.common.rest_client [req-efb33d08-7e21-407a-bdc8-a8770d43664e req-efb33d08-7e21-407a-bdc8-a8770d43664e ] Request (MigrationsAdminTest:test_list_migrations_in_flavor_resize_situation): 200 GET http://10.180.1.21/compute/v2.1/servers/b9f5aef9-ad6c-4afe-be13-ca78d7680f3b 4.749s
2025-11-27 06:23:05.497 65626 INFO tempest.lib.common.rest_client [req-4f6d2099-ccd7-4a75-a68b-a3bc53198be4 req-4f6d2099-ccd7-4a75-a68b-a3bc53198be4 ] Request (VolumesAssistedSnapshotsTest:test_volume_assisted_snapshot_create_delete): 200 POST http://10.180.1.21/compute/v2.1/os-assisted-volume-snapshots 4.678s
2025-11-27 06:23:06.624 65617 INFO tempest.lib.common.rest_client [req-36dcf148-c240-4248-8a3d-e81099d9f8c0 req-36dcf148-c240-4248-8a3d-e81099d9f8c0 ] Request (ImagesOneServerTestJSON:setUpClass): 200 PUT http://10.180.1.21/networking/v2.0/routers/cff1783b-5ae4-4f08-bfe7-aa085260b170/add_router_interface 1.299s
