2025-11-27 06:21:33.393 65602 INFO tempest.lib.common.rest_client [req-4b9fe0a4-736f-46e0-a065-87077a51dba2 req-4b9fe0a4-736f-46e0-a065-87077a51dba2 ] Request (ServersTestBootFromVolume:setUpClass): 201 POST http://10.180.1.21/networking/v2.0/security-group-rules 0.460s
2025-11-27 06:21:33.412 65617 INFO tempest.lib.common.rest_client [req-90311525-9dc1-4c38-a663-b777bfce57b9 req-90311525-9dc1-4c38-a663-b777bfce57b9 ] Request (AZAdminNegativeTestJSON:tearDownClass): 204 DELETE http://10.180.1.21/identity/v3/projects/51d1c5ae02e64973ae7cb4eb4f40a2cb 0.134s
2025-11-27 06:21:33.477 65617 INFO tempest.lib.common.rest_client [req-dacdce0b-0566-4d9e-b53d-0850dfe9b8a0 req-dacdce0b-0566-4d9e-b53d-0850dfe9b8a0 ] Request (QuotasAdminTestV257:setUpClass): 201 POST http://10.180.1.21/identity/v3/auth/tokens 0.063s
2025-11-27 06:21:33.509 65617 INFO tempest.lib.common.rest_client [req-c705b161-0231-4c67-b783-4d5b9a30102b req-c705b161-0231-4c67-b783-4d5b9a30102b ] Request (QuotasAdminTestV257:setUpClass): 201 POST http://10.180.1.21/identity/v3/auth/tokens 0.029s
2025-11-27 06:21:33.535 65617 INFO tempest.lib.common.rest_client [req-708d4e70-8e74-4a0c-b549-e39de5d82192 req-708d4e70-8e74-4a0c-b549-e39de5d82192 ] Request (QuotasAdminTestV257:setUpClass): 200 GET http://10.180.1.21/identity/v3/domains?name=Default 0.026s
2025-11-27 06:21:33.566 65617 INFO tempest.lib.common.rest_client [req-b7f2542c-461e-4f30-b2bb-12f7e0a218ec req-b7f2542c-461e-4f30-b2bb-12f7e0a218ec ] Request (QuotasAdminTestV257:setUpClass): 201 POST http://10.180.1.21/identity/v3/projects 0.030s
2025-11-27 06:21:33.631 65617 INFO tempest.lib.common.rest_client [req-2316ddd5-72c4-454c-8966-6627dfcd773c req-2316ddd5-72c4-454c-8966-6627dfcd773c ] Request (QuotasAdminTestV257:setUpClass): 201 POST http://10.180.1.21/identity/v3/users 0.065s
2025-11-27 06:21:33.654 65617 INFO tempest.lib.common.rest_client [req-bd5e68c3-c824-4e52-8979-0caebc842352 req-bd5e68c3-c824-4e52-8979-0caebc842352 ] Request (QuotasAdminTestV257:setUpClass): 200 GET http://10.180.1.21/identity/v3/roles 0.023s
2025-11-27 06:21:33.691 65617 INFO tempest.lib.common.rest_client [req-74cb608d-b554-4bc0-89b9-37dfaa036a01 req-74cb608d-b554-4bc0-89b9-37dfaa036a01 ] Request (QuotasAdminTestV257:setUpClass): 204 PUT http://10.180.1.21/identity/v3/projects/156429559a0c4933af937b65caf25137/users/61ca433ddd2a4eb6acbd37f66c908a09/roles/285d0d319a16468db2c2503dac371efd 0.036s
2025-11-27 06:21:33.691 65617 INFO tempest.lib.common.dynamic_creds [-] Dynamic test user 61ca433ddd2a4eb6acbd37f66c908a09 is created with scope project and roles: ['member']
2025-11-27 06:21:33.691 65617 INFO tempest.lib.common.dynamic_creds [-] Acquired dynamic creds: credentials: Credentials: {'domain_id': 'default', 'domain_name': 'Default', 'username': 'tempest-QuotasAdminTestV257-1717862472-project-member', 'project_domain_id': 'default', 'project_domain_name': 'Default', 'project_id': '156429559a0c4933af937b65caf25137', 'project_name': 'tempest-QuotasAdminTestV257-1717862472', 'tenant_id': '156429559a0c4933af937b65caf25137', 'tenant_name': 'tempest-QuotasAdminTestV257-1717862472', 'user_domain_id': 'default', 'user_domain_name': 'Default', 'user_id': '61ca433ddd2a4eb6acbd37f66c908a09', 'system': None}, Network: None, Subnet: None, Router: None
2025-11-27 06:21:33.691 65626 INFO tempest.lib.common.rest_client [req-e2270267-e8f1-4e2e-8d5f-cf2c006b65be req-e2270267-e8f1-4e2e-8d5f-cf2c006b65be ] Request (VolumesAssistedSnapshotsTest:setUpClass): 201 POST http://10.180.1.21/networking/v2.0/routers 0.976s
2025-11-27 06:21:33.692 65617 INFO tempest.lib.common.dynamic_creds [-] Created isolated network resources for: credentials: Credentials: {'domain_id': 'default', 'domain_name': 'Default', 'username': 'tempest-QuotasAdminTestV257-1717862472-project-member', 'project_domain_id': 'default', 'project_domain_name': 'Default', 'project_id': '156429559a0c4933af937b65caf25137', 'project_name': 'tempest-QuotasAdminTestV257-1717862472', 'tenant_id': '156429559a0c4933af937b65caf25137', 'tenant_name': 'tempest-QuotasAdminTestV257-1717862472', 'user_domain_id': 'default', 'user_domain_name': 'Default', 'user_id': '61ca433ddd2a4eb6acbd37f66c908a09', 'system': None}, Network: None, Subnet: None, Router: None
2025-11-27 06:21:33.770 65617 INFO tempest.lib.common.rest_client [req-a784abe5-65e9-4ad8-8497-76a0d8f26c28 req-a784abe5-65e9-4ad8-8497-76a0d8f26c28 ] Request (QuotasAdminTestV257:setUpClass): 201 POST http://10.180.1.21/identity/v3/auth/tokens 0.075s
2025-11-27 06:21:33.849 65617 INFO tempest.lib.common.rest_client [req-97367ccf-0c96-4c89-a535-c3956f3161e8 req-97367ccf-0c96-4c89-a535-c3956f3161e8 ] Request (QuotasAdminTestV257:setUpClass): 201 POST http://10.180.1.21/identity/v3/projects 0.078s
2025-11-27 06:21:33.917 65617 INFO tempest.lib.common.rest_client [req-5bd27363-39b7-4fc4-8d12-2934f72c8d3c req-5bd27363-39b7-4fc4-8d12-2934f72c8d3c ] Request (QuotasAdminTestV257:setUpClass): 201 POST http://10.180.1.21/identity/v3/users 0.068s
2025-11-27 06:21:33.943 65617 INFO tempest.lib.common.rest_client [req-4cce3130-5619-41ff-b9a5-b770d53074c4 req-4cce3130-5619-41ff-b9a5-b770d53074c4 ] Request (QuotasAdminTestV257:setUpClass): 200 GET http://10.180.1.21/identity/v3/roles 0.025s
2025-11-27 06:21:33.975 65617 INFO tempest.lib.common.rest_client [req-bf9f97bc-4a8b-4335-903b-43ded560ad39 req-bf9f97bc-4a8b-4335-903b-43ded560ad39 ] Request (QuotasAdminTestV257:setUpClass): 204 PUT http://10.180.1.21/identity/v3/projects/1d6d8e78cbbc47fe99b2be4a68105588/users/8c15eef63e594f7bbede9f43924c3fd9/roles/656d20c89fbf4bfd9142b6c5c101af75 0.031s
2025-11-27 06:21:34.040 65617 INFO tempest.lib.common.rest_client [req-53167848-71f8-4c01-b082-6111e929c06f req-53167848-71f8-4c01-b082-6111e929c06f ] Request (QuotasAdminTestV257:setUpClass): 200 GET http://10.180.1.21/identity/v3/roles 0.065s
2025-11-27 06:21:34.059 65617 INFO tempest.lib.common.rest_client [req-93240e9a-ceec-4b3f-944e-f1803c733e86 req-93240e9a-ceec-4b3f-944e-f1803c733e86 ] Request (QuotasAdminTestV257:setUpClass): 204 PUT http://10.180.1.21/identity/v3/projects/1d6d8e78cbbc47fe99b2be4a68105588/users/8c15eef63e594f7bbede9f43924c3fd9/roles/656d20c89fbf4bfd9142b6c5c101af75 0.019s
2025-11-27 06:21:34.060 65617 INFO tempest.lib.common.dynamic_creds [-] Dynamic test user 8c15eef63e594f7bbede9f43924c3fd9 is created with scope project and roles: ['admin']
2025-11-27 06:21:34.060 65617 INFO tempest.lib.common.dynamic_creds [-] Acquired dynamic creds: credentials: Credentials: {'domain_id': 'default', 'domain_name': 'Default', 'username': 'tempest-QuotasAdminTestV257-1904141255-project-admin', 'project_domain_id': 'default', 'project_domain_name': 'Default', 'project_id': '1d6d8e78cbbc47fe99b2be4a68105588', 'project_name': 'tempest-QuotasAdminTestV257-1904141255', 'tenant_id': '1d6d8e78cbbc47fe99b2be4a68105588', 'tenant_name': 'tempest-QuotasAdminTestV257-1904141255', 'user_domain_id': 'default', 'user_domain_name': 'Default', 'user_id': '8c15eef63e594f7bbede9f43924c3fd9', 'system': None}, Network: None, Subnet: None, Router: None
2025-11-27 06:21:34.060 65617 INFO tempest.lib.common.dynamic_creds [-] Created isolated network resources for: credentials: Credentials: {'domain_id': 'default', 'domain_name': 'Default', 'username': 'tempest-QuotasAdminTestV257-1904141255-project-admin', 'project_domain_id': 'default', 'project_domain_name': 'Default', 'project_id': '1d6d8e78cbbc47fe99b2be4a68105588', 'project_name': 'tempest-QuotasAdminTestV257-1904141255', 'tenant_id': '1d6d8e78cbbc47fe99b2be4a68105588', 'tenant_name': 'tempest-QuotasAdminTestV257-1904141255', 'user_domain_id': 'default', 'user_domain_name': 'Default', 'user_id': '8c15eef63e594f7bbede9f43924c3fd9', 'system': None}, Network: None, Subnet: None, Router: None
2025-11-27 06:21:34.121 65602 INFO tempest.lib.common.rest_client [req-ef65ebc4-e89b-452b-a792-131f085c526e req-ef65ebc4-e89b-452b-a792-131f085c526e ] Request (ServersTestBootFromVolume:setUpClass): 201 POST http://10.180.1.21/networking/v2.0/floatingips 0.728s
2025-11-27 06:21:34.135 65617 INFO tempest.lib.common.rest_client [req-d50e555d-4b8d-4abe-9866-766ee73ba825 req-d50e555d-4b8d-4abe-9866-766ee73ba825 ] Request (QuotasAdminTestV257:setUpClass): 201 POST http://10.180.1.21/identity/v3/auth/tokens 0.072s
2025-11-27 06:21:34.135 65617 WARNING tempest.lib.common.rest_client [-] Deprecated: "tenant_id" property is deprecated for removal, use "project_id" instead
2025-11-27 06:21:34.198 65602 INFO tempest.lib.common.rest_client [req-91068725-99cb-445d-919f-8f4661a6bce2 req-91068725-99cb-445d-919f-8f4661a6bce2 ] Request (ServersTestBootFromVolume:setUpClass): 201 POST http://10.180.1.21/identity/v3/auth/tokens 0.071s
2025-11-27 06:21:34.198 65602 INFO tempest.lib.common.fixed_network [-] (ServersTestBootFromVolume:setUpClass) Found network {'id': 'bc64611a-2b59-4c1e-9bf0-a7d14e273748', 'name': 'tempest-ServersTestBootFromVolume-1282567820-network', 'tenant_id': '468b87ec68ca4f029edabe8e1f77e56c', 'project_id': '468b87ec68ca4f029edabe8e1f77e56c', 'admin_state_up': True, 'mtu': 8950, 'status': 'ACTIVE', 'subnets': [], 'shared': False, 'port_security_enabled': True, 'router:external': False, 'provider:network_type': 'vlan', 'provider:physical_network': 'default', 'provider:segmentation_id': 82, 'availability_zone_hints': [], 'availability_zones': [], 'ipv4_address_scope': None, 'ipv6_address_scope': None, 'description': '', 'tags': [], 'created_at': '2025-11-27T06:21:23Z', 'updated_at': '2025-11-27T06:21:23Z', 'revision_number': 1} available for tenant
2025-11-27 06:21:34.200 65638 INFO tempest.lib.common.rest_client [req-7dc7e554-b64c-46e0-8ffb-a7dcf78fb186 req-7dc7e554-b64c-46e0-8ffb-a7dcf78fb186 ] Request (ServersWithSpecificFlavorTestJSON:setUpClass): 200 PUT http://10.180.1.21/networking/v2.0/routers/47d99edc-02df-4854-b00a-4284d753676f/add_router_interface 1.117s
2025-11-27 06:21:34.201 65638 INFO tempest.lib.common.dynamic_creds [-] Created isolated network resources for: credentials: Credentials: {'domain_id': 'default', 'domain_name': 'Default', 'username': 'tempest-ServersWithSpecificFlavorTestJSON-1822531110-project-member', 'project_domain_id': 'default', 'project_domain_name': 'Default', 'project_id': '323d484996324877b1d12d464c611e7c', 'project_name': 'tempest-ServersWithSpecificFlavorTestJSON-1822531110', 'tenant_id': '323d484996324877b1d12d464c611e7c', 'tenant_name': 'tempest-ServersWithSpecificFlavorTestJSON-1822531110', 'user_domain_id': 'default', 'user_domain_name': 'Default', 'user_id': 'e1efd9e01c47414abf7223059ae6fa44', 'system': None}, Network: {'id': 'b7d498b1-92c9-4ac6-8798-7902dd45f4f8', 'name': 'tempest-ServersWithSpecificFlavorTestJSON-885917278-network', 'tenant_id': '323d484996324877b1d12d464c611e7c', 'project_id': '323d484996324877b1d12d464c611e7c', 'admin_state_up': True, 'mtu': 8950, 'status': 'ACTIVE', 'subnets': [], 'shared': False, 'port_security_enabled': True, 'router:external': False, 'provider:network_type': 'vlan', 'provider:physical_network': 'default', 'provider:segmentation_id': 982, 'availability_zone_hints': [], 'availability_zones': [], 'ipv4_address_scope': None, 'ipv6_address_scope': None, 'description': '', 'tags': [], 'created_at': '2025-11-27T06:21:31Z', 'updated_at': '2025-11-27T06:21:31Z', 'revision_number': 1}, Subnet: {'id': '24a6dfef-2cad-4ab5-8164-966048d412bc', 'name': 'tempest-ServersWithSpecificFlavorTestJSON-885917278-subnet', 'tenant_id': '323d484996324877b1d12d464c611e7c', 'network_id': 'b7d498b1-92c9-4ac6-8798-7902dd45f4f8', 'ip_version': 4, 'subnetpool_id': None, 'enable_dhcp': True, 'ipv6_ra_mode': None, 'ipv6_address_mode': None, 'gateway_ip': '192.168.128.1', 'cidr': '192.168.128.0/28', 'allocation_pools': [{'start': '192.168.128.2', 'end': '192.168.128.14'}], 'host_routes': [], 'dns_nameservers': [], 'description': '', 'router:external': False, 'service_types': [], 'tags': [], 'created_at': '2025-11-27T06:21:31Z', 'updated_at': '2025-11-27T06:21:31Z', 'revision_number': 0, 'project_id': '323d484996324877b1d12d464c611e7c'}, Router: {'id': '47d99edc-02df-4854-b00a-4284d753676f', 'name': 'tempest-ServersWithSpecificFlavorTestJSON-885917278-router', 'tenant_id': '323d484996324877b1d12d464c611e7c', 'admin_state_up': True, 'status': 'ACTIVE', 'external_gateway_info': {'network_id': 'a1f895c3-b746-48f7-ad09-3364f568aa94', 'external_fixed_ips': [{'subnet_id': 'ef8923bc-5783-48c0-8e54-c62aa893e060', 'ip_address': '10.180.180.179'}], 'enable_snat': True}, 'description': '', 'availability_zones': [], 'distributed': False, 'ha': False, 'availability_zone_hints': [], 'routes': [], 'flavor_id': None, 'tags': [], 'created_at': '2025-11-27T06:21:32Z', 'updated_at': '2025-11-27T06:21:32Z', 'revision_number': 2, 'project_id': '323d484996324877b1d12d464c611e7c'}
2025-11-27 06:21:34.297 65638 INFO tempest.lib.common.rest_client [req-12b2bc94-67f6-4347-821c-8f6a0a00d683 req-12b2bc94-67f6-4347-821c-8f6a0a00d683 ] Request (ServersWithSpecificFlavorTestJSON:setUpClass): 201 POST http://10.180.1.21/identity/v3/auth/tokens 0.093s
2025-11-27 06:21:34.312 65596 INFO tempest.lib.common.rest_client [req-a16c596b-e91f-45d7-aec3-2c19cd7168cc req-a16c596b-e91f-45d7-aec3-2c19cd7168cc ] Request (ServerExternalEventsTest:test_create_server_external_events): 202 POST http://10.180.1.21/compute/v2.1/servers 6.329s
2025-11-27 06:21:34.483 65638 INFO tempest.lib.common.rest_client [req-a8efc90c-db81-4ec7-b33f-e8e08f709fde req-a8efc90c-db81-4ec7-b33f-e8e08f709fde ] Request (ServersWithSpecificFlavorTestJSON:setUpClass): 201 POST http://10.180.1.21/identity/v3/projects 0.185s
2025-11-27 06:21:34.541 65638 INFO tempest.lib.common.rest_client [req-328a039b-1174-4571-b864-ae063c4e37d4 req-328a039b-1174-4571-b864-ae063c4e37d4 ] Request (ServersWithSpecificFlavorTestJSON:setUpClass): 201 POST http://10.180.1.21/identity/v3/users 0.058s
2025-11-27 06:21:34.562 65638 INFO tempest.lib.common.rest_client [req-91c5ddaf-b522-41c8-a284-b6430539aa12 req-91c5ddaf-b522-41c8-a284-b6430539aa12 ] Request (ServersWithSpecificFlavorTestJSON:setUpClass): 200 GET http://10.180.1.21/identity/v3/roles 0.021s
2025-11-27 06:21:34.589 65604 INFO tempest.lib.common.rest_client [req-18cc7c2f-7ae6-4868-b2a8-70c491efd1c1 req-18cc7c2f-7ae6-4868-b2a8-70c491efd1c1 ] Request (SecurityGroupsNegativeTestJSON:test_delete_nonexistent_security_group): 404 DELETE http://10.180.1.21/compute/v2.1/os-security-groups/0842ece4-f19d-4891-8f01-ed00a056683f 5.595s
2025-11-27 06:21:34.589 65638 INFO tempest.lib.common.rest_client [req-d145121e-bc81-4ccf-bda5-ece9800efaf2 req-d145121e-bc81-4ccf-bda5-ece9800efaf2 ] Request (ServersWithSpecificFlavorTestJSON:setUpClass): 204 PUT http://10.180.1.21/identity/v3/projects/d34bb7aa6f0e468789746ba1c7599c77/users/1f912c325a7e4fd1919c8bde1b915a12/roles/656d20c89fbf4bfd9142b6c5c101af75 0.027s
2025-11-27 06:21:34.645 65638 INFO tempest.lib.common.rest_client [req-578306e6-3e7f-4390-9f9f-8452e9b12274 req-578306e6-3e7f-4390-9f9f-8452e9b12274 ] Request (ServersWithSpecificFlavorTestJSON:setUpClass): 200 GET http://10.180.1.21/identity/v3/roles 0.055s
2025-11-27 06:21:34.690 65638 INFO tempest.lib.common.rest_client [req-75f00125-5e53-44d7-96f0-cc4281a7383c req-75f00125-5e53-44d7-96f0-cc4281a7383c ] Request (ServersWithSpecificFlavorTestJSON:setUpClass): 204 PUT http://10.180.1.21/identity/v3/projects/d34bb7aa6f0e468789746ba1c7599c77/users/1f912c325a7e4fd1919c8bde1b915a12/roles/656d20c89fbf4bfd9142b6c5c101af75 0.044s
2025-11-27 06:21:34.690 65638 INFO tempest.lib.common.dynamic_creds [-] Dynamic test user 1f912c325a7e4fd1919c8bde1b915a12 is created with scope project and roles: ['admin']
2025-11-27 06:21:34.690 65638 INFO tempest.lib.common.dynamic_creds [-] Acquired dynamic creds: credentials: Credentials: {'domain_id': 'default', 'domain_name': 'Default', 'username': 'tempest-ServersWithSpecificFlavorTestJSON-964732449-project-admin', 'project_domain_id': 'default', 'project_domain_name': 'Default', 'project_id': 'd34bb7aa6f0e468789746ba1c7599c77', 'project_name': 'tempest-ServersWithSpecificFlavorTestJSON-964732449', 'tenant_id': 'd34bb7aa6f0e468789746ba1c7599c77', 'tenant_name': 'tempest-ServersWithSpecificFlavorTestJSON-964732449', 'user_domain_id': 'default', 'user_domain_name': 'Default', 'user_id': '1f912c325a7e4fd1919c8bde1b915a12', 'system': None}, Network: None, Subnet: None, Router: None
2025-11-27 06:21:34.716 65622 INFO tempest.lib.common.rest_client [req-1c1358e2-026d-4d0d-83b6-96fb5f811b08 req-1c1358e2-026d-4d0d-83b6-96fb5f811b08 ] Request (ValidationResourcesFixture:setUp): 200 POST http://10.180.1.21/compute/v2.1/os-keypairs 5.320s
2025-11-27 06:21:34.776 65602 INFO tempest.lib.common.rest_client [req-b8f7c2e6-ef62-4c7c-b396-579d45f009c8 req-b8f7c2e6-ef62-4c7c-b396-579d45f009c8 ] Request (ServersTestBootFromVolume:setUpClass): 202 POST http://10.180.1.21/volume/v3/volumes 0.576s
2025-11-27 06:21:34.803 65642 INFO tempest.lib.common.rest_client [req-bf594198-541e-4211-97c1-3b1d360d858d req-bf594198-541e-4211-97c1-3b1d360d858d ] Request (ImagesNegativeTestJSON:test_create_image_from_deleted_server): 202 POST http://10.180.1.21/compute/v2.1/servers 6.513s
2025-11-27 06:21:34.874 65602 INFO tempest.lib.common.rest_client [req-0179d467-bba7-480b-9700-fdb324ddee75 req-0179d467-bba7-480b-9700-fdb324ddee75 ] Request (ServersTestBootFromVolume:setUpClass): 200 GET http://10.180.1.21/volume/v3/volumes/adde4903-046e-40d3-9d20-2cf76bb44d30 0.079s
2025-11-27 06:21:34.969 65638 INFO tempest.lib.common.rest_client [req-4b05a3b4-f6ce-4036-b3b5-ccd87189bd27 req-4b05a3b4-f6ce-4036-b3b5-ccd87189bd27 ] Request (ServersWithSpecificFlavorTestJSON:setUpClass): 201 POST http://10.180.1.21/networking/v2.0/networks 0.279s
2025-11-27 06:21:35.113 65622 INFO tempest.lib.common.rest_client [req-fd4969c0-670a-4879-bbba-577f0bfcb3b0 req-fd4969c0-670a-4879-bbba-577f0bfcb3b0 ] Request (ValidationResourcesFixture:setUp): 201 POST http://10.180.1.21/networking/v2.0/security-groups 0.394s
2025-11-27 06:21:35.144 65626 INFO tempest.lib.common.rest_client [req-3ae9066c-8c8c-4eec-8039-0f79d95cd7ab req-3ae9066c-8c8c-4eec-8039-0f79d95cd7ab ] Request (VolumesAssistedSnapshotsTest:setUpClass): 200 PUT http://10.180.1.21/networking/v2.0/routers/10a9983f-e8b1-49db-91c8-d4e05543c0fb/add_router_interface 1.452s
2025-11-27 06:21:35.144 65626 INFO tempest.lib.common.dynamic_creds [-] Created isolated network resources for: credentials: Credentials: {'domain_id': 'default', 'domain_name': 'Default', 'username': 'tempest-VolumesAssistedSnapshotsTest-1607340566-project', 'project_domain_id': 'default', 'project_domain_name': 'Default', 'project_id': 'a43c108cebb4474ebb7e6b562eed123d', 'project_name': 'tempest-VolumesAssistedSnapshotsTest-1607340566', 'tenant_id': 'a43c108cebb4474ebb7e6b562eed123d', 'tenant_name': 'tempest-VolumesAssistedSnapshotsTest-1607340566', 'user_domain_id': 'default', 'user_domain_name': 'Default', 'user_id': 'fbd9b1b272544cbbbe76546c0156a357', 'system': None}, Network: {'id': '29e3b7f7-9733-43ff-b76d-1005ab62d90d', 'name': 'tempest-VolumesAssistedSnapshotsTest-776172309-network', 'tenant_id': 'a43c108cebb4474ebb7e6b562eed123d', 'project_id': 'a43c108cebb4474ebb7e6b562eed123d', 'admin_state_up': True, 'mtu': 8950, 'status': 'ACTIVE', 'subnets': [], 'shared': False, 'port_security_enabled': True, 'router:external': False, 'provider:network_type': 'vlan', 'provider:physical_network': 'default', 'provider:segmentation_id': 115, 'availability_zone_hints': [], 'availability_zones': [], 'ipv4_address_scope': None, 'ipv6_address_scope': None, 'description': '', 'tags': [], 'created_at': '2025-11-27T06:21:32Z', 'updated_at': '2025-11-27T06:21:32Z', 'revision_number': 1}, Subnet: {'id': 'f2a992a5-2779-4e6f-b12f-f14e80770ae5', 'name': 'tempest-VolumesAssistedSnapshotsTest-776172309-subnet', 'tenant_id': 'a43c108cebb4474ebb7e6b562eed123d', 'network_id': '29e3b7f7-9733-43ff-b76d-1005ab62d90d', 'ip_version': 4, 'subnetpool_id': None, 'enable_dhcp': True, 'ipv6_ra_mode': None, 'ipv6_address_mode': None, 'gateway_ip': '192.168.128.1', 'cidr': '192.168.128.0/28', 'allocation_pools': [{'start': '192.168.128.2', 'end': '192.168.128.14'}], 'host_routes': [], 'dns_nameservers': [], 'description': '', 'router:external': False, 'service_types': [], 'tags': [], 'created_at': '2025-11-27T06:21:32Z', 'updated_at': '2025-11-27T06:21:32Z', 'revision_number': 0, 'project_id': 'a43c108cebb4474ebb7e6b562eed123d'}, Router: {'id': '10a9983f-e8b1-49db-91c8-d4e05543c0fb', 'name': 'tempest-VolumesAssistedSnapshotsTest-776172309-router', 'tenant_id': 'a43c108cebb4474ebb7e6b562eed123d', 'admin_state_up': True, 'status': 'ACTIVE', 'external_gateway_info': {'network_id': 'a1f895c3-b746-48f7-ad09-3364f568aa94', 'external_fixed_ips': [{'subnet_id': 'ef8923bc-5783-48c0-8e54-c62aa893e060', 'ip_address': '10.180.180.134'}], 'enable_snat': True}, 'description': '', 'availability_zones': [], 'distributed': False, 'ha': False, 'availability_zone_hints': [], 'routes': [], 'flavor_id': None, 'tags': [], 'created_at': '2025-11-27T06:21:32Z', 'updated_at': '2025-11-27T06:21:33Z', 'revision_number': 2, 'project_id': 'a43c108cebb4474ebb7e6b562eed123d'}
2025-11-27 06:21:35.204 65628 INFO tempest.lib.common.rest_client [req-8fd2fa6f-9c0a-41b6-84c7-8793f6787e91 req-8fd2fa6f-9c0a-41b6-84c7-8793f6787e91 ] Request (DeleteServersAdminTestJSON:test_admin_delete_servers_of_others): 200 GET http://10.180.1.21/compute/v2.1/servers/107d0c18-db21-46bd-83b4-93af544affe2 4.879s
2025-11-27 06:21:35.286 65626 INFO tempest.lib.common.rest_client [req-44a4692c-5a58-4696-b66b-6d3ee1122330 req-44a4692c-5a58-4696-b66b-6d3ee1122330 ] Request (VolumesAssistedSnapshotsTest:setUpClass): 201 POST http://10.180.1.21/identity/v3/auth/tokens 0.139s
2025-11-27 06:21:35.382 65622 INFO tempest.lib.common.rest_client [req-e5e01d65-faba-4ae0-941c-3bdc9d445dfb req-e5e01d65-faba-4ae0-941c-3bdc9d445dfb ] Request (ValidationResourcesFixture:setUp): 201 POST http://10.180.1.21/networking/v2.0/security-group-rules 0.269s
2025-11-27 06:21:35.404 65638 INFO tempest.lib.common.rest_client [req-34314ade-ca77-412c-92cb-1436b3e5f1b1 req-34314ade-ca77-412c-92cb-1436b3e5f1b1 ] Request (ServersWithSpecificFlavorTestJSON:setUpClass): 201 POST http://10.180.1.21/networking/v2.0/subnets 0.434s
2025-11-27 06:21:35.444 65608 INFO tempest.lib.common.rest_client [req-93856a86-98a2-42f1-aa99-70c042b5ecd6 req-93856a86-98a2-42f1-aa99-70c042b5ecd6 ] Request (FlavorsAccessTestJSON:test_flavor_access_add_remove): 200 POST http://10.180.1.21/compute/v2.1/flavors/292031478/action 4.985s
2025-11-27 06:21:35.614 65622 INFO tempest.lib.common.rest_client [req-14396295-b8fe-4743-91cd-a6be335f6f1f req-14396295-b8fe-4743-91cd-a6be335f6f1f ] Request (ValidationResourcesFixture:setUp): 201 POST http://10.180.1.21/networking/v2.0/security-group-rules 0.232s
2025-11-27 06:21:35.626 65644 INFO tempest.lib.common.rest_client [req-c2e340fc-9c98-4534-bf66-4bb26091b823 req-c2e340fc-9c98-4534-bf66-4bb26091b823 ] Request (FloatingIPsTestJSON:test_allocate_floating_ip): 200 GET http://10.180.1.21/compute/v2.1/os-floating-ips/76105970-5996-493a-8160-5ea91747bc6a 5.411s
2025-11-27 06:21:35.635 65594 INFO tempest.lib.common.rest_client [req-ab04a3de-61c6-46e9-b952-0184a64728cb req-ab04a3de-61c6-46e9-b952-0184a64728cb ] Request (HypervisorAdminNegativeTestJSON:test_get_hypervisor_list_with_non_admin_user): 403 GET http://10.180.1.21/compute/v2.1/os-hypervisors 5.110s
2025-11-27 06:21:35.738 65610 INFO tempest.lib.common.rest_client [req-7aab5a5a-1c7d-48cf-a992-adea06fb1cf1 req-7aab5a5a-1c7d-48cf-a992-adea06fb1cf1 ] Request (FlavorsExtraSpecsNegativeTestJSON:test_flavor_get_nonexistent_key): 404 GET http://10.180.1.21/compute/v2.1/flavors/1390936850/os-extra_specs/hw:cpu_thread_policy 5.166s
2025-11-27 06:21:35.762 65632 INFO tempest.lib.common.rest_client [req-83171347-0d5f-4913-b9cc-a5c56765aa3b req-83171347-0d5f-4913-b9cc-a5c56765aa3b ] Request (HypervisorAdminTestJSON:test_get_hypervisor_list_details): 200 GET http://10.180.1.21/compute/v2.1/os-hypervisors/detail 5.129s
2025-11-27 06:21:35.781 65626 INFO tempest.lib.common.rest_client [req-1cab1cba-b77a-488b-b276-b7adc428448f req-1cab1cba-b77a-488b-b276-b7adc428448f ] Request (VolumesAssistedSnapshotsTest:test_volume_assisted_snapshot_create_delete): 202 POST http://10.180.1.21/volume/v3/volumes 0.492s
2025-11-27 06:21:35.782 65624 INFO tempest.lib.common.rest_client [req-5cb8d886-d4a2-41bc-a508-0ea7cf3cec04 req-5cb8d886-d4a2-41bc-a508-0ea7cf3cec04 ] Request (InstanceUsageAuditLogTestJSON:test_list_instance_usage_audit_logs): 200 GET http://10.180.1.21/compute/v2.1/os-instance_usage_audit_log 5.117s
2025-11-27 06:21:35.787 65606 INFO tempest.lib.common.rest_client [req-22fac41b-833a-45c0-bb46-d47f700f5255 req-22fac41b-833a-45c0-bb46-d47f700f5255 ] Request (QuotasAdminNegativeTest:test_create_server_when_cpu_quota_is_full): 200 PUT http://10.180.1.21/compute/v2.1/os-quota-sets/4a2e4e8987be4744997ff524fd8f8c2b 5.320s
2025-11-27 06:21:35.843 65626 INFO tempest.lib.common.rest_client [req-2ebef7fc-6d2a-4aac-b37f-5b5998f773a9 req-2ebef7fc-6d2a-4aac-b37f-5b5998f773a9 ] Request (VolumesAssistedSnapshotsTest:test_volume_assisted_snapshot_create_delete): 200 GET http://10.180.1.21/volume/v3/volumes/b9cc7b3d-d2a1-42b8-9976-c78ca9fb14c1 0.053s
2025-11-27 06:21:35.853 65630 INFO tempest.lib.common.rest_client [req-9c14e0e3-35b3-48f1-98fd-9de932ec5b08 req-9c14e0e3-35b3-48f1-98fd-9de932ec5b08 ] Request (HypervisorAdminNegativeUnderV252Test:test_search_hypervisor_with_non_admin_user): 403 GET http://10.180.1.21/compute/v2.1/os-hypervisors/domain-c8.fc996f14-c53b-4953-92e3-bdfa48f5cc28/search 5.125s
2025-11-27 06:21:35.877 65640 INFO tempest.lib.common.rest_client [req-0c102fe3-f828-4cb4-aeb9-b94d36734714 req-0c102fe3-f828-4cb4-aeb9-b94d36734714 ] Request (HypervisorAdminV228Test:test_get_list_hypervisor_details): 200 GET http://10.180.1.21/compute/v2.1/os-hypervisors/1 5.022s
2025-11-27 06:21:35.895 65636 INFO tempest.lib.common.rest_client [req-22ceadfc-94e7-4a16-b90f-1575ec9a252d req-22ceadfc-94e7-4a16-b90f-1575ec9a252d ] Request (FlavorMetadataValidation:test_flavor_update_with_custom_namespace): 200 POST http://10.180.1.21/compute/v2.1/flavors/858498404/os-extra_specs 5.142s
2025-11-27 06:21:35.929 65634 INFO tempest.lib.common.rest_client [req-adfb6e68-8910-477c-bece-9238412da36e req-adfb6e68-8910-477c-bece-9238412da36e ] Request (FlavorsExtraSpecsTestJSON:test_flavor_non_admin_get_all_keys): 200 POST http://10.180.1.21/compute/v2.1/flavors/315381795/os-extra_specs 5.066s
2025-11-27 06:21:35.932 65606 INFO tempest.lib.common.rest_client [req-7da83f58-0e5b-4cf1-a6e6-01aca4933feb req-7da83f58-0e5b-4cf1-a6e6-01aca4933feb ] Request (QuotasAdminNegativeTest:test_create_server_when_cpu_quota_is_full): 201 POST http://10.180.1.21/identity/v3/auth/tokens 0.139s
2025-11-27 06:21:35.932 65606 INFO tempest.lib.common.fixed_network [-] (QuotasAdminNegativeTest:test_create_server_when_cpu_quota_is_full) Found network None available for tenant
2025-11-27 06:21:35.939 65602 INFO tempest.lib.common.rest_client [req-0c5e3dc5-46b8-47d3-bcf3-9d0b40147a3d req-0c5e3dc5-46b8-47d3-bcf3-9d0b40147a3d ] Request (ServersTestBootFromVolume:setUpClass): 200 GET http://10.180.1.21/volume/v3/volumes/adde4903-046e-40d3-9d20-2cf76bb44d30 0.057s
2025-11-27 06:21:35.943 65612 INFO tempest.lib.common.rest_client [req-9119b4e7-954b-4d0a-b54d-894a3b0e896f req-9119b4e7-954b-4d0a-b54d-894a3b0e896f ] Request (KeyPairsV210TestJSON:test_admin_manage_keypairs_for_other_users): 201 POST http://10.180.1.21/compute/v2.1/os-keypairs 4.944s
2025-11-27 06:21:36.018 65640 INFO tempest.lib.common.rest_client [req-da5b643b-691e-4932-916d-c3069d73fcb2 req-da5b643b-691e-4932-916d-c3069d73fcb2 ] Request (HypervisorAdminV228Test:tearDownClass): 204 DELETE http://10.180.1.21/identity/v3/users/4a93fdbd114b43b19d93a7217b04f0b0 0.127s
2025-11-27 06:21:36.027 65624 INFO tempest.lib.common.rest_client [req-b5c28317-9d82-4557-b083-87167cd5d99c req-b5c28317-9d82-4557-b083-87167cd5d99c ] Request (InstanceUsageAuditLogTestJSON:tearDownClass): 204 DELETE http://10.180.1.21/identity/v3/users/cfbd3e12f87341c2b93f279e42a84dbf 0.241s
2025-11-27 06:21:36.150 65640 INFO tempest.lib.common.rest_client [req-8cc03f31-99ea-4b7a-b36a-8ca8526f54ad req-8cc03f31-99ea-4b7a-b36a-8ca8526f54ad ] Request (HypervisorAdminV228Test:tearDownClass): 204 DELETE http://10.180.1.21/identity/v3/users/69a58bf27877433399196152dece9129 0.131s
2025-11-27 06:21:36.151 65640 INFO tempest.lib.common.dynamic_creds [-] Deleting project and security group for project: 5ba904022fe74dc0b724f99457846158
2025-11-27 06:21:36.235 65648 INFO tempest.lib.common.rest_client [req-ec26664b-b577-4bff-96ca-adb0fe8e003c req-ec26664b-b577-4bff-96ca-adb0fe8e003c ] Request (FlavorsV261TestJSON:test_crud_flavor): 200 GET http://10.180.1.21/compute/v2.1/flavors/308807330 4.925s
2025-11-27 06:21:36.249 65640 INFO tempest.lib.common.rest_client [req-09ab72cb-e7bc-4e60-9c94-b463b7251e61 req-09ab72cb-e7bc-4e60-9c94-b463b7251e61 ] Request (HypervisorAdminV228Test:tearDownClass): 201 POST http://10.180.1.21/identity/v3/auth/tokens 0.098s
2025-11-27 06:21:36.329 65624 INFO tempest.lib.common.rest_client [req-2313271e-c806-4e36-8154-61797658f3e7 req-2313271e-c806-4e36-8154-61797658f3e7 ] Request (InstanceUsageAuditLogTestJSON:tearDownClass): 204 DELETE http://10.180.1.21/identity/v3/users/4106e6a0bf95408a98494d8769823b75 0.302s
2025-11-27 06:21:36.329 65624 INFO tempest.lib.common.dynamic_creds [-] Deleting project and security group for project: 344cb94a7ce2400b91b1356060263a27
2025-11-27 06:21:36.410 65624 INFO tempest.lib.common.rest_client [req-bdced006-9387-4073-8e5a-013ebef70ed4 req-bdced006-9387-4073-8e5a-013ebef70ed4 ] Request (InstanceUsageAuditLogTestJSON:tearDownClass): 201 POST http://10.180.1.21/identity/v3/auth/tokens 0.080s
2025-11-27 06:21:36.415 65638 INFO tempest.lib.common.rest_client [req-f73ba204-74cc-4f70-9ea7-a5b4af25c429 req-f73ba204-74cc-4f70-9ea7-a5b4af25c429 ] Request (ServersWithSpecificFlavorTestJSON:setUpClass): 201 POST http://10.180.1.21/networking/v2.0/routers 1.010s
2025-11-27 06:21:36.464 65654 INFO tempest.lib.common.rest_client [req-e2f08ae6-b9cd-46fc-bf8f-edca835c1db0 req-e2f08ae6-b9cd-46fc-bf8f-edca835c1db0 ] Request (FlavorsV255TestJSON:test_crud_flavor): 200 GET http://10.180.1.21/compute/v2.1/flavors/201014888 4.985s
2025-11-27 06:21:36.465 65598 INFO tempest.lib.common.rest_client [req-49276b67-4e57-4e75-b7a8-2ca10e8bbda1 req-49276b67-4e57-4e75-b7a8-2ca10e8bbda1 ] Request (NetworksTest:test_get_network): 200 GET http://10.180.1.21/compute/v2.1/os-networks/a1f895c3-b746-48f7-ad09-3364f568aa94 5.004s
2025-11-27 06:21:36.503 65620 INFO tempest.lib.common.rest_client [req-11603747-2a6c-40d3-b927-b150de9f57b1 req-11603747-2a6c-40d3-b927-b150de9f57b1 ] Request (AggregatesAdminNegativeTestJSON:test_aggregate_add_existent_host): 200 POST http://10.180.1.21/compute/v2.1/os-aggregates 4.843s
2025-11-27 06:21:36.701 65640 INFO tempest.lib.common.rest_client [req-84e75273-444f-4c86-9e15-a00034fb9114 req-84e75273-444f-4c86-9e15-a00034fb9114 ] Request (HypervisorAdminV228Test:tearDownClass): 200 GET http://10.180.1.21/networking/v2.0/security-groups?tenant_id=5ba904022fe74dc0b724f99457846158&name=default 0.452s
2025-11-27 06:21:36.709 65622 INFO tempest.lib.common.rest_client [req-15623a82-c1e6-4a50-8b96-f7d5fee69c80 req-15623a82-c1e6-4a50-8b96-f7d5fee69c80 ] Request (ValidationResourcesFixture:setUp): 201 POST http://10.180.1.21/networking/v2.0/floatingips 1.094s
2025-11-27 06:21:36.715 65656 INFO tempest.lib.common.rest_client [req-25b80c34-b960-4dce-a09a-093b577a9be7 req-25b80c34-b960-4dce-a09a-093b577a9be7 ] Request (QuotasAdminTestJSON:test_delete_quota): 200 PUT http://10.180.1.21/compute/v2.1/os-quota-sets/76e7d46343b74993b8d2f92e7eda5d65 4.872s
2025-11-27 06:21:36.799 65622 INFO tempest.lib.common.rest_client [req-cad874fe-e249-430d-b345-30adacb597be req-cad874fe-e249-430d-b345-30adacb597be ] Request (AttachInterfacesUnderV243Test:test_add_remove_fixed_ip): 201 POST http://10.180.1.21/identity/v3/auth/tokens 0.087s
2025-11-27 06:21:36.800 65622 INFO tempest.lib.common.fixed_network [-] (AttachInterfacesUnderV243Test:test_add_remove_fixed_ip) Found network {'id': 'bae35fd1-ca1f-488a-927f-ded4a3108e6c', 'name': 'tempest-AttachInterfacesUnderV243Test-233218484-network', 'tenant_id': '983fc1fceb7444d3b912ede44d7b97d6', 'project_id': '983fc1fceb7444d3b912ede44d7b97d6', 'admin_state_up': True, 'mtu': 8950, 'status': 'ACTIVE', 'subnets': [], 'shared': False, 'port_security_enabled': True, 'router:external': False, 'provider:network_type': 'vlan', 'provider:physical_network': 'default', 'provider:segmentation_id': 730, 'availability_zone_hints': [], 'availability_zones': [], 'ipv4_address_scope': None, 'ipv6_address_scope': None, 'description': '', 'tags': [], 'created_at': '2025-11-27T06:21:24Z', 'updated_at': '2025-11-27T06:21:24Z', 'revision_number': 1} available for tenant
2025-11-27 06:21:36.855 65624 INFO tempest.lib.common.rest_client [req-15c45d43-6567-48be-973c-5e30715ea46f req-15c45d43-6567-48be-973c-5e30715ea46f ] Request (InstanceUsageAuditLogTestJSON:tearDownClass): 200 GET http://10.180.1.21/networking/v2.0/security-groups?tenant_id=344cb94a7ce2400b91b1356060263a27&name=default 0.445s
2025-11-27 06:21:36.879 65626 INFO tempest.lib.common.rest_client [req-3d5bb7a3-950a-4ec4-b44c-b0024508d456 req-3d5bb7a3-950a-4ec4-b44c-b0024508d456 ] Request (VolumesAssistedSnapshotsTest:test_volume_assisted_snapshot_create_delete): 200 GET http://10.180.1.21/volume/v3/volumes/b9cc7b3d-d2a1-42b8-9976-c78ca9fb14c1 0.027s
2025-11-27 06:21:36.885 65626 INFO tempest.common.waiters [-] volume b9cc7b3d-d2a1-42b8-9976-c78ca9fb14c1 reached available after waiting for 1.885388 seconds
2025-11-27 06:21:36.905 65618 INFO tempest.lib.common.rest_client [req-2847cb5c-70d5-4e09-bbc8-d355704366eb req-2847cb5c-70d5-4e09-bbc8-d355704366eb ] Request (ServersAdmin275Test:test_rebuild_update_server_275): 200 PUT http://10.180.1.21/compute/v2.1/servers/28d072ce-7ba7-4b6d-b484-37f14c902daa 5.188s
2025-11-27 06:21:36.976 65602 INFO tempest.lib.common.rest_client [req-43085914-efed-4da0-82f2-5754e173e7bf req-43085914-efed-4da0-82f2-5754e173e7bf ] Request (ServersTestBootFromVolume:setUpClass): 200 GET http://10.180.1.21/volume/v3/volumes/adde4903-046e-40d3-9d20-2cf76bb44d30 0.025s
2025-11-27 06:21:37.493 65638 INFO tempest.lib.common.rest_client [req-cef40404-3304-4c58-89c9-f29c4bcde93e req-cef40404-3304-4c58-89c9-f29c4bcde93e ] Request (ServersWithSpecificFlavorTestJSON:setUpClass): 200 PUT http://10.180.1.21/networking/v2.0/routers/6d36c5ae-d3bf-49d2-8aba-951186c61277/add_router_interface 1.077s
2025-11-27 06:21:37.494 65638 INFO tempest.lib.common.dynamic_creds [-] Created isolated network resources for: credentials: Credentials: {'domain_id': 'default', 'domain_name': 'Default', 'username': 'tempest-ServersWithSpecificFlavorTestJSON-964732449-project-admin', 'project_domain_id': 'default', 'project_domain_name': 'Default', 'project_id': 'd34bb7aa6f0e468789746ba1c7599c77', 'project_name': 'tempest-ServersWithSpecificFlavorTestJSON-964732449', 'tenant_id': 'd34bb7aa6f0e468789746ba1c7599c77', 'tenant_name': 'tempest-ServersWithSpecificFlavorTestJSON-964732449', 'user_domain_id': 'default', 'user_domain_name': 'Default', 'user_id': '1f912c325a7e4fd1919c8bde1b915a12', 'system': None}, Network: {'id': 'fc71002b-2691-474f-b0c4-38e5e0e18de4', 'name': 'tempest-ServersWithSpecificFlavorTestJSON-1094159746-network', 'tenant_id': 'd34bb7aa6f0e468789746ba1c7599c77', 'project_id': 'd34bb7aa6f0e468789746ba1c7599c77', 'admin_state_up': True, 'mtu': 8950, 'status': 'ACTIVE', 'subnets': [], 'shared': False, 'port_security_enabled': True, 'router:external': False, 'provider:network_type': 'vlan', 'provider:physical_network': 'default', 'provider:segmentation_id': 725, 'availability_zone_hints': [], 'availability_zones': [], 'ipv4_address_scope': None, 'ipv6_address_scope': None, 'description': '', 'tags': [], 'created_at': '2025-11-27T06:21:34Z', 'updated_at': '2025-11-27T06:21:34Z', 'revision_number': 1}, Subnet: {'id': 'f4b55c33-07f2-4014-b7b9-9499361c190a', 'name': 'tempest-ServersWithSpecificFlavorTestJSON-1094159746-subnet', 'tenant_id': 'd34bb7aa6f0e468789746ba1c7599c77', 'network_id': 'fc71002b-2691-474f-b0c4-38e5e0e18de4', 'ip_version': 4, 'subnetpool_id': None, 'enable_dhcp': True, 'ipv6_ra_mode': None, 'ipv6_address_mode': None, 'gateway_ip': '192.168.128.1', 'cidr': '192.168.128.0/28', 'allocation_pools': [{'start': '192.168.128.2', 'end': '192.168.128.14'}], 'host_routes': [], 'dns_nameservers': [], 'description': '', 'router:external': False, 'service_types': [], 'tags': [], 'created_at': '2025-11-27T06:21:35Z', 'updated_at': '2025-11-27T06:21:35Z', 'revision_number': 0, 'project_id': 'd34bb7aa6f0e468789746ba1c7599c77'}, Router: {'id': '6d36c5ae-d3bf-49d2-8aba-951186c61277', 'name': 'tempest-ServersWithSpecificFlavorTestJSON-1094159746-router', 'tenant_id': 'd34bb7aa6f0e468789746ba1c7599c77', 'admin_state_up': True, 'status': 'ACTIVE', 'external_gateway_info': {'network_id': 'a1f895c3-b746-48f7-ad09-3364f568aa94', 'external_fixed_ips': [{'subnet_id': 'ef8923bc-5783-48c0-8e54-c62aa893e060', 'ip_address': '10.180.180.252'}], 'enable_snat': True}, 'description': '', 'availability_zones': [], 'distributed': False, 'ha': False, 'availability_zone_hints': [], 'routes': [], 'flavor_id': None, 'tags': [], 'created_at': '2025-11-27T06:21:35Z', 'updated_at': '2025-11-27T06:21:36Z', 'revision_number': 2, 'project_id': 'd34bb7aa6f0e468789746ba1c7599c77'}
2025-11-27 06:21:37.574 65640 INFO tempest.lib.common.rest_client [req-038e361a-7f49-4d9c-acf0-4075041857dc req-038e361a-7f49-4d9c-acf0-4075041857dc ] Request (HypervisorAdminV228Test:tearDownClass): 204 DELETE http://10.180.1.21/networking/v2.0/security-groups/8c070cbf-9c7c-41ab-8b49-38f2a9258f4b 0.872s
2025-11-27 06:21:37.588 65638 INFO tempest.lib.common.rest_client [req-5ef09166-77c6-4214-8616-ebee71bf2969 req-5ef09166-77c6-4214-8616-ebee71bf2969 ] Request (ServersWithSpecificFlavorTestJSON:setUpClass): 201 POST http://10.180.1.21/identity/v3/auth/tokens 0.091s
2025-11-27 06:21:37.656 65640 INFO tempest.lib.common.rest_client [req-b4aa69a8-9ede-4951-ac20-bd2264f0bc3f req-b4aa69a8-9ede-4951-ac20-bd2264f0bc3f ] Request (HypervisorAdminV228Test:tearDownClass): 204 DELETE http://10.180.1.21/identity/v3/projects/5ba904022fe74dc0b724f99457846158 0.081s
2025-11-27 06:21:37.656 65640 INFO tempest.lib.common.dynamic_creds [-] Deleting project and security group for project: a2d2c079849b4c08b0592df7fde096c6
2025-11-27 06:21:37.658 65624 INFO tempest.lib.common.rest_client [req-69e58ba7-ecb6-4988-8b39-af2ae80af3c9 req-69e58ba7-ecb6-4988-8b39-af2ae80af3c9 ] Request (InstanceUsageAuditLogTestJSON:tearDownClass): 204 DELETE http://10.180.1.21/networking/v2.0/security-groups/c14b934c-82e5-4af7-8082-26b9ddd5e5ba 0.803s
2025-11-27 06:21:37.780 65624 INFO tempest.lib.common.rest_client [req-5172574d-48a9-4095-a8c1-dc2586a1dfd7 req-5172574d-48a9-4095-a8c1-dc2586a1dfd7 ] Request (InstanceUsageAuditLogTestJSON:tearDownClass): 204 DELETE http://10.180.1.21/identity/v3/projects/344cb94a7ce2400b91b1356060263a27 0.121s
2025-11-27 06:21:37.781 65624 INFO tempest.lib.common.dynamic_creds [-] Deleting project and security group for project: 39950b5f622647278f95abef3e138261
2025-11-27 06:21:37.782 65646 INFO tempest.lib.common.rest_client [req-8bcbffce-c479-44b9-805e-87542d2be441 req-8bcbffce-c479-44b9-805e-87542d2be441 ] Request (SecurityGroupsTestAdminJSON:test_list_security_groups_list_all_tenants_filter): 200 POST http://10.180.1.21/compute/v2.1/os-security-groups 5.321s
2025-11-27 06:21:37.877 65640 INFO tempest.lib.common.rest_client [req-ab710bde-b5ac-4f82-8b0f-12ff907226f0 req-ab710bde-b5ac-4f82-8b0f-12ff907226f0 ] Request (HypervisorAdminV228Test:tearDownClass): 200 GET http://10.180.1.21/networking/v2.0/security-groups?tenant_id=a2d2c079849b4c08b0592df7fde096c6&name=default 0.220s
2025-11-27 06:21:38.026 65602 INFO tempest.lib.common.rest_client [req-f24e0bda-5b47-4899-b70b-a2a513e4f304 req-f24e0bda-5b47-4899-b70b-a2a513e4f304 ] Request (ServersTestBootFromVolume:setUpClass): 200 GET http://10.180.1.21/volume/v3/volumes/adde4903-046e-40d3-9d20-2cf76bb44d30 0.036s
2025-11-27 06:21:38.038 65624 INFO tempest.lib.common.rest_client [req-fbfd9b77-1e51-4e1b-b56d-53b28c247e8a req-fbfd9b77-1e51-4e1b-b56d-53b28c247e8a ] Request (InstanceUsageAuditLogTestJSON:tearDownClass): 200 GET http://10.180.1.21/networking/v2.0/security-groups?tenant_id=39950b5f622647278f95abef3e138261&name=default 0.257s
2025-11-27 06:21:38.134 65640 INFO tempest.lib.common.rest_client [req-e1bdb3c3-e5ea-44a4-b23a-1a76ba71c1b8 req-e1bdb3c3-e5ea-44a4-b23a-1a76ba71c1b8 ] Request (HypervisorAdminV228Test:tearDownClass): 204 DELETE http://10.180.1.21/networking/v2.0/security-groups/b397d96d-3de5-488f-867c-5176fba59296 0.256s
2025-11-27 06:21:38.262 65640 INFO tempest.lib.common.rest_client [req-5f18ab99-24f1-490b-b2fc-0a895e3a9233 req-5f18ab99-24f1-490b-b2fc-0a895e3a9233 ] Request (HypervisorAdminV228Test:tearDownClass): 204 DELETE http://10.180.1.21/identity/v3/projects/a2d2c079849b4c08b0592df7fde096c6 0.128s
2025-11-27 06:21:38.263 65640 INFO tempest.test [-] raised in UpdateMultiattachVolumeNegativeTest.setUpClass. Invoking tearDownClass.
2025-11-27 06:21:38.280 65624 INFO tempest.lib.common.rest_client [req-c97a72ad-f568-42af-aadc-0f29e9f004d0 req-c97a72ad-f568-42af-aadc-0f29e9f004d0 ] Request (InstanceUsageAuditLogTestJSON:tearDownClass): 204 DELETE http://10.180.1.21/networking/v2.0/security-groups/7cd1b293-bdd6-499b-83f3-2c8b4d877a88 0.242s
2025-11-27 06:21:38.336 65640 INFO tempest.lib.common.rest_client [req-31932c7d-40e3-4a72-b180-7181a79d14cd req-31932c7d-40e3-4a72-b180-7181a79d14cd ] Request (ServerTagsTestJSON:setUpClass): 201 POST http://10.180.1.21/identity/v3/auth/tokens 0.069s
2025-11-27 06:21:38.386 65624 INFO tempest.lib.common.rest_client [req-44d2ac0b-a21f-4087-a93f-8e335354c3f0 req-44d2ac0b-a21f-4087-a93f-8e335354c3f0 ] Request (InstanceUsageAuditLogTestJSON:tearDownClass): 204 DELETE http://10.180.1.21/identity/v3/projects/39950b5f622647278f95abef3e138261 0.105s
2025-11-27 06:21:38.399 65614 INFO tempest.lib.common.rest_client [req-05914718-3571-4ec8-8290-2e4b5ed6f3fc req-05914718-3571-4ec8-8290-2e4b5ed6f3fc ] Request (MigrationsAdminTest:test_list_migrations_in_flavor_resize_situation): 202 POST http://10.180.1.21/compute/v2.1/servers 6.386s
2025-11-27 06:21:38.421 65640 INFO tempest.lib.common.rest_client [req-9cb5763b-3f1f-43bb-9787-287da9faefd3 req-9cb5763b-3f1f-43bb-9787-287da9faefd3 ] Request (ServerTagsTestJSON:setUpClass): 201 POST http://10.180.1.21/identity/v3/auth/tokens 0.082s
2025-11-27 06:21:38.433 65624 INFO tempest.lib.common.rest_client [req-4ad925d4-74b3-408e-a77f-3510b84e716a req-4ad925d4-74b3-408e-a77f-3510b84e716a ] Request (FlavorsV2NegativeTest:setUpClass): 201 POST http://10.180.1.21/identity/v3/auth/tokens 0.045s
2025-11-27 06:21:38.436 65600 INFO tempest.lib.common.rest_client [req-c8c75032-fb2b-44e0-9c24-95ec7ce7d267 req-c8c75032-fb2b-44e0-9c24-95ec7ce7d267 ] Request (HostsAdminTestJSON:test_list_hosts_with_a_blank_zone): 200 GET http://10.180.1.21/compute/v2.1/os-hosts?zone= 5.827s
2025-11-27 06:21:38.459 65640 INFO tempest.lib.common.rest_client [req-d9526bdb-6e69-4ea9-aa54-5a793f3de073 req-d9526bdb-6e69-4ea9-aa54-5a793f3de073 ] Request (ServerTagsTestJSON:setUpClass): 200 GET http://10.180.1.21/identity/v3/domains?name=Default 0.037s
2025-11-27 06:21:38.472 65624 INFO tempest.lib.common.rest_client [req-2906ed18-89f9-4d87-bdd0-83d7c42d4553 req-2906ed18-89f9-4d87-bdd0-83d7c42d4553 ] Request (FlavorsV2NegativeTest:setUpClass): 201 POST http://10.180.1.21/identity/v3/auth/tokens 0.034s
2025-11-27 06:21:38.486 65640 INFO tempest.lib.common.rest_client [req-1142dacb-b8da-4a4b-9b4d-e52a7736ab87 req-1142dacb-b8da-4a4b-9b4d-e52a7736ab87 ] Request (ServerTagsTestJSON:setUpClass): 201 POST http://10.180.1.21/identity/v3/projects 0.026s
2025-11-27 06:21:38.496 65624 INFO tempest.lib.common.rest_client [req-8f69e328-ffd1-480a-98c1-39f1f8bbd65e req-8f69e328-ffd1-480a-98c1-39f1f8bbd65e ] Request (FlavorsV2NegativeTest:setUpClass): 200 GET http://10.180.1.21/identity/v3/domains?name=Default 0.023s
2025-11-27 06:21:38.549 65640 INFO tempest.lib.common.rest_client [req-918208d2-587f-4993-8230-a899de7c4982 req-918208d2-587f-4993-8230-a899de7c4982 ] Request (ServerTagsTestJSON:setUpClass): 201 POST http://10.180.1.21/identity/v3/users 0.062s
2025-11-27 06:21:38.568 65624 INFO tempest.lib.common.rest_client [req-1d9a3764-fc94-4604-bc76-a0c2368df27a req-1d9a3764-fc94-4604-bc76-a0c2368df27a ] Request (FlavorsV2NegativeTest:setUpClass): 201 POST http://10.180.1.21/identity/v3/projects 0.071s
2025-11-27 06:21:38.578 65640 INFO tempest.lib.common.rest_client [req-66bf5c01-3e4e-46af-bfe9-428328a51e6e req-66bf5c01-3e4e-46af-bfe9-428328a51e6e ] Request (ServerTagsTestJSON:setUpClass): 200 GET http://10.180.1.21/identity/v3/roles 0.028s
2025-11-27 06:21:38.650 65624 INFO tempest.lib.common.rest_client [req-565d75dc-3d8b-4041-8dad-330469e1511c req-565d75dc-3d8b-4041-8dad-330469e1511c ] Request (FlavorsV2NegativeTest:setUpClass): 201 POST http://10.180.1.21/identity/v3/users 0.082s
2025-11-27 06:21:38.689 65624 INFO tempest.lib.common.rest_client [req-91c3bb46-ef1b-4b69-a6a4-6f08e11cfd2e req-91c3bb46-ef1b-4b69-a6a4-6f08e11cfd2e ] Request (FlavorsV2NegativeTest:setUpClass): 200 GET http://10.180.1.21/identity/v3/roles 0.038s
2025-11-27 06:21:38.694 65640 INFO tempest.lib.common.rest_client [req-3156f429-2be3-440c-b58d-be1c0c79d495 req-3156f429-2be3-440c-b58d-be1c0c79d495 ] Request (ServerTagsTestJSON:setUpClass): 204 PUT http://10.180.1.21/identity/v3/projects/97d9daeb710649b5bfb6a374b1ab670d/users/10ad51c384674e1faaf671a1bc931628/roles/285d0d319a16468db2c2503dac371efd 0.116s
2025-11-27 06:21:38.694 65640 INFO tempest.lib.common.dynamic_creds [-] Dynamic test user 10ad51c384674e1faaf671a1bc931628 is created with scope project and roles: ['member']
2025-11-27 06:21:38.695 65640 INFO tempest.lib.common.dynamic_creds [-] Acquired dynamic creds: credentials: Credentials: {'domain_id': 'default', 'domain_name': 'Default', 'username': 'tempest-ServerTagsTestJSON-86635438-project-member', 'project_domain_id': 'default', 'project_domain_name': 'Default', 'project_id': '97d9daeb710649b5bfb6a374b1ab670d', 'project_name': 'tempest-ServerTagsTestJSON-86635438', 'tenant_id': '97d9daeb710649b5bfb6a374b1ab670d', 'tenant_name': 'tempest-ServerTagsTestJSON-86635438', 'user_domain_id': 'default', 'user_domain_name': 'Default', 'user_id': '10ad51c384674e1faaf671a1bc931628', 'system': None}, Network: None, Subnet: None, Router: None
2025-11-27 06:21:38.771 65596 INFO tempest.lib.common.rest_client [req-785a0566-cb54-4fad-9f3d-76d2f35ebd45 req-785a0566-cb54-4fad-9f3d-76d2f35ebd45 ] Request (ServerExternalEventsTest:test_create_server_external_events): 200 GET http://10.180.1.21/compute/v2.1/servers/75d53f6d-e0e9-4919-8844-458d4fb354bc 4.457s
2025-11-27 06:21:38.774 65604 INFO tempest.lib.common.rest_client [req-1be4dbf6-1be9-459b-9362-c1fbf9384b0c req-1be4dbf6-1be9-459b-9362-c1fbf9384b0c ] Request (SecurityGroupsNegativeTestJSON:test_delete_security_group_without_passing_id): 404 DELETE http://10.180.1.21/compute/v2.1/os-security-groups/ 4.184s
2025-11-27 06:21:38.800 65624 INFO tempest.lib.common.rest_client [req-3be414ee-6efc-41b5-9544-ace2c257f57f req-3be414ee-6efc-41b5-9544-ace2c257f57f ] Request (FlavorsV2NegativeTest:setUpClass): 204 PUT http://10.180.1.21/identity/v3/projects/68a0d4c6921e4a8ca13c908fdcd19e8e/users/7fa43e11d91542fca6c08c4a9a1a9c37/roles/285d0d319a16468db2c2503dac371efd 0.110s
2025-11-27 06:21:38.800 65624 INFO tempest.lib.common.dynamic_creds [-] Dynamic test user 7fa43e11d91542fca6c08c4a9a1a9c37 is created with scope project and roles: ['member']
2025-11-27 06:21:38.800 65624 INFO tempest.lib.common.dynamic_creds [-] Acquired dynamic creds: credentials: Credentials: {'domain_id': 'default', 'domain_name': 'Default', 'username': 'tempest-FlavorsV2NegativeTest-940480924-project-member', 'project_domain_id': 'default', 'project_domain_name': 'Default', 'project_id': '68a0d4c6921e4a8ca13c908fdcd19e8e', 'project_name': 'tempest-FlavorsV2NegativeTest-940480924', 'tenant_id': '68a0d4c6921e4a8ca13c908fdcd19e8e', 'tenant_name': 'tempest-FlavorsV2NegativeTest-940480924', 'user_domain_id': 'default', 'user_domain_name': 'Default', 'user_id': '7fa43e11d91542fca6c08c4a9a1a9c37', 'system': None}, Network: None, Subnet: None, Router: None
2025-11-27 06:21:38.800 65624 INFO tempest.lib.common.dynamic_creds [-] Created isolated network resources for: credentials: Credentials: {'domain_id': 'default', 'domain_name': 'Default', 'username': 'tempest-FlavorsV2NegativeTest-940480924-project-member', 'project_domain_id': 'default', 'project_domain_name': 'Default', 'project_id': '68a0d4c6921e4a8ca13c908fdcd19e8e', 'project_name': 'tempest-FlavorsV2NegativeTest-940480924', 'tenant_id': '68a0d4c6921e4a8ca13c908fdcd19e8e', 'tenant_name': 'tempest-FlavorsV2NegativeTest-940480924', 'user_domain_id': 'default', 'user_domain_name': 'Default', 'user_id': '7fa43e11d91542fca6c08c4a9a1a9c37', 'system': None}, Network: None, Subnet: None, Router: None
2025-11-27 06:21:38.812 65640 INFO tempest.lib.common.rest_client [req-9aba8bb7-3850-454c-97d6-fe5f3aafc030 req-9aba8bb7-3850-454c-97d6-fe5f3aafc030 ] Request (ServerTagsTestJSON:setUpClass): 201 POST http://10.180.1.21/identity/v3/auth/tokens 0.117s
2025-11-27 06:21:38.878 65642 INFO tempest.lib.common.rest_client [req-eede00de-1d2c-4c81-bfcb-f7f4a4cf5b03 req-eede00de-1d2c-4c81-bfcb-f7f4a4cf5b03 ] Request (ImagesNegativeTestJSON:test_create_image_from_deleted_server): 200 GET http://10.180.1.21/compute/v2.1/servers/c556e8ea-5e76-4506-89b6-dcc49a3ae8b2 4.072s
