2025-11-27 06:23:37.946 65594 INFO tempest.lib.common.rest_client [req-3f152d0f-6d02-47f9-aad9-032e902079ea req-3f152d0f-6d02-47f9-aad9-032e902079ea ] Request (VolumesAdminNegativeTest:setUpClass): 201 POST http://10.180.1.21/identity/v3/auth/tokens 0.104s
2025-11-27 06:23:37.981 65640 INFO tempest.lib.common.rest_client [req-6be6d99d-6f2f-438e-b8bf-c2e807dea47b req-6be6d99d-6f2f-438e-b8bf-c2e807dea47b ] Request (VolumesTestJSON:setUpClass): 200 GET http://10.180.1.21/volume/v3/volumes/4189e79c-1be3-4232-9c42-d3343605d2bc 0.033s
2025-11-27 06:23:38.054 65594 INFO tempest.lib.common.rest_client [req-bac57a9e-007c-43e5-ab10-1e9713f92b4f req-bac57a9e-007c-43e5-ab10-1e9713f92b4f ] Request (VolumesAdminNegativeTest:test_update_attached_volume_with_nonexistent_volume_in_uri): 201 POST http://10.180.1.21/identity/v3/auth/tokens 0.099s
2025-11-27 06:23:38.055 65594 INFO tempest.lib.common.fixed_network [-] (VolumesAdminNegativeTest:test_update_attached_volume_with_nonexistent_volume_in_uri) Found network {'id': '7248f850-b4f4-4aa7-95fb-9f0c218aff15', 'name': 'tempest-VolumesAdminNegativeTest-1912190949-network', 'tenant_id': '97fa7906ba8e4637b6ade5bd44a3df19', 'project_id': '97fa7906ba8e4637b6ade5bd44a3df19', 'admin_state_up': True, 'mtu': 8950, 'status': 'ACTIVE', 'subnets': [], 'shared': False, 'port_security_enabled': True, 'router:external': False, 'provider:network_type': 'vlan', 'provider:physical_network': 'default', 'provider:segmentation_id': 851, 'availability_zone_hints': [], 'availability_zones': [], 'ipv4_address_scope': None, 'ipv6_address_scope': None, 'description': '', 'tags': [], 'created_at': '2025-11-27T06:23:28Z', 'updated_at': '2025-11-27T06:23:28Z', 'revision_number': 1} available for tenant
2025-11-27 06:23:38.119 65630 INFO tempest.lib.common.rest_client [req-f47ec0a4-adf4-4572-b882-639d9eef8626 req-f47ec0a4-adf4-4572-b882-639d9eef8626 ] Request (ServerShowV247Test:test_update_rebuild_list_server): 202 POST http://10.180.1.21/compute/v2.1/servers/4a0a2987-8ea6-4806-a279-38198201cc20/action 1.484s
2025-11-27 06:23:38.202 65650 INFO tempest.lib.common.rest_client [req-b505290d-4634-4bc2-a617-1dd30ee9cc01 req-b505290d-4634-4bc2-a617-1dd30ee9cc01 ] Request (ListServersNegativeTestJSON:tearDownClass): 200 GET http://10.180.1.21/compute/v2.1/servers/8389dd88-8cf6-4816-b3f3-283737335e65 1.556s
2025-11-27 06:23:38.259 65608 INFO tempest.lib.common.rest_client [req-aefd38ae-8e26-4865-93eb-2a71a609365d req-aefd38ae-8e26-4865-93eb-2a71a609365d ] Request (ServersAdminTestJSON:test_create_server_with_scheduling_hint): 200 GET http://10.180.1.21/compute/v2.1/servers/1bdb8dc4-a4b8-4493-9efe-8abd3c92d25a 1.586s
2025-11-27 06:23:38.302 65596 INFO tempest.lib.common.rest_client [req-5c8d189f-f485-4049-8271-8ea7b1c1c1b8 req-5c8d189f-f485-4049-8271-8ea7b1c1c1b8 ] Request (SecurityGroupsTestJSON:test_list_security_groups_by_server): 202 POST http://10.180.1.21/compute/v2.1/servers/9d5265ca-2601-4748-99e7-b9a3941f1f4d/action 1.729s
2025-11-27 06:23:38.319 65642 INFO tempest.lib.common.rest_client [req-ed75e9e1-4ce8-4025-9e5b-a7a9a6a9fc2f req-ed75e9e1-4ce8-4025-9e5b-a7a9a6a9fc2f ] Request (KeyPairsV22TestJSON:_run_cleanups): 204 DELETE http://10.180.1.21/compute/v2.1/os-keypairs/tempest-KeyPairsV22TestJSON-keypair-1474880137 1.386s
2025-11-27 06:23:38.392 65624 INFO tempest.lib.common.rest_client [req-16fab545-192a-4154-abac-cdde3e7cff8c req-16fab545-192a-4154-abac-cdde3e7cff8c ] Request (ServerGroupTestJSON:_run_cleanups): 200 GET http://10.180.1.21/compute/v2.1/servers/b8f33d10-2126-4df0-96b2-f1c8235bec07 1.327s
2025-11-27 06:23:38.416 65598 INFO tempest.lib.common.rest_client [req-33fedfcd-e7f4-4731-b104-60f1c015e25b req-33fedfcd-e7f4-4731-b104-60f1c015e25b ] Request (ServersAdminNegativeTestJSON:test_resize_server_using_overlimit_vcpus): 200 POST http://10.180.1.21/compute/v2.1/flavors 1.291s
2025-11-27 06:23:38.452 65648 INFO tempest.lib.common.rest_client [req-d1a25bba-92eb-45ab-9795-06de763a8158 req-d1a25bba-92eb-45ab-9795-06de763a8158 ] Request (FloatingIPsAssociationTestJSON:setUpClass): 200 GET http://10.180.1.21/compute/v2.1/servers/588d7a9b-da4f-4bb4-839a-747ed82f88ef 1.645s
2025-11-27 06:23:38.540 65614 INFO tempest.lib.common.rest_client [req-4d82cf06-bc32-4684-a9f2-88c11d0473dd req-4d82cf06-bc32-4684-a9f2-88c11d0473dd ] Request (MigrationsAdminTest:test_resize_server_revert_deleted_flavor): 200 GET http://10.180.1.21/compute/v2.1/servers/d89b0c0e-78ef-4182-a663-4d03da275bcb 1.135s
2025-11-27 06:23:38.561 65628 INFO tempest.lib.common.rest_client [req-4ff0d9bc-bfc2-445e-aeb9-b3c0ca3924e9 req-4ff0d9bc-bfc2-445e-aeb9-b3c0ca3924e9 ] Request (DeleteServersAdminTestJSON:tearDownClass): 404 DELETE http://10.180.1.21/compute/v2.1/servers/c2743994-955d-456a-8e8c-a2c93f6b73f5 0.909s
2025-11-27 06:23:38.570 65606 INFO tempest.lib.common.rest_client [req-153efdd5-7eca-4fab-996f-0c48fdef8c79 req-153efdd5-7eca-4fab-996f-0c48fdef8c79 ] Request (SecurityGroupRulesTestJSON:tearDownClass): 202 DELETE http://10.180.1.21/compute/v2.1/os-security-groups/d2dbb2af-b0c5-439e-9d41-09f35f22c67b 1.164s
2025-11-27 06:23:38.624 65632 INFO tempest.lib.common.rest_client [req-25c36c6e-7369-40d2-9145-1f428129ccf7 req-25c36c6e-7369-40d2-9145-1f428129ccf7 ] Request (ServersTestJSON:test_create_server_specify_multibyte_character_name): 200 GET http://10.180.1.21/compute/v2.1/servers/1bd9ae06-e689-4a11-a1bf-bf6068fec7f8 0.884s
2025-11-27 06:23:38.640 65646 INFO tempest.lib.common.rest_client [req-01a23b5f-5c03-4d1a-946d-1404bcfe5345 req-01a23b5f-5c03-4d1a-946d-1404bcfe5345 ] Request (ServerDiagnosticsTest:tearDownClass): 200 GET http://10.180.1.21/compute/v2.1/servers/36fa02fc-9227-44c5-873d-eaced2f64d69 0.926s
2025-11-27 06:23:38.683 65636 INFO tempest.lib.common.rest_client [req-cc5f505b-4939-4f83-834a-d21f8f26720b req-cc5f505b-4939-4f83-834a-d21f8f26720b ] Request (MultipleCreateTestJSON:test_multiple_create): 200 GET http://10.180.1.21/compute/v2.1/servers/d7913f2d-4ed0-498f-bcc0-353f5b7c7899 0.882s
2025-11-27 06:23:38.696 65634 INFO tempest.lib.common.rest_client [req-00da9eb4-3c56-4982-ac97-bb64a59b9658 req-00da9eb4-3c56-4982-ac97-bb64a59b9658 ] Request (KeyPairsNegativeTestJSON:test_keypair_delete_nonexistent_key): 404 DELETE http://10.180.1.21/compute/v2.1/os-keypairs/tempest-keypair-non-existent-138250 0.811s
2025-11-27 06:23:38.711 65622 INFO tempest.lib.common.rest_client [req-624573f5-24b5-473a-b103-0c25357a205d req-624573f5-24b5-473a-b103-0c25357a205d ] Request (AttachInterfacesUnderV243Test:_run_cleanups): 200 GET http://10.180.1.21/compute/v2.1/servers/91907f7c-abc7-4527-8c45-8b0b01c829d2 0.872s
2025-11-27 06:23:38.759 65617 INFO tempest.lib.common.rest_client [req-fb1e5daa-271d-47af-8f56-06c335e193f9 req-fb1e5daa-271d-47af-8f56-06c335e193f9 ] Request (ImagesOneServerTestJSON:setUpClass): 200 GET http://10.180.1.21/compute/v2.1/servers/474d3f70-6076-4fcd-9f61-931fcd0d35f2 0.833s
2025-11-27 06:23:38.845 65610 INFO tempest.lib.common.rest_client [req-699c00cd-75d2-48cc-ad34-d96820c1834f req-699c00cd-75d2-48cc-ad34-d96820c1834f ] Request (ServerMetadataNegativeTestJSON:setUpClass): 200 GET http://10.180.1.21/compute/v2.1/servers/70a26483-348f-4b4f-9fec-4d48c138582b 0.808s
2025-11-27 06:23:38.865 65634 INFO tempest.lib.common.rest_client [req-3524ac9c-4865-40b6-98dd-0df02e386637 req-3524ac9c-4865-40b6-98dd-0df02e386637 ] Request (KeyPairsNegativeTestJSON:tearDownClass): 204 DELETE http://10.180.1.21/identity/v3/users/99302a9daa8c4e39b385fd88a0a6d103 0.162s
2025-11-27 06:23:38.865 65634 INFO tempest.lib.common.dynamic_creds [-] Deleting project and security group for project: e24f5856d9f746a9b622634b479d45cb
2025-11-27 06:23:38.910 65630 INFO tempest.lib.common.rest_client [req-8badae6b-3517-4ca4-b3ca-f0dd9852718e req-8badae6b-3517-4ca4-b3ca-f0dd9852718e ] Request (ServerShowV247Test:test_update_rebuild_list_server): 200 GET http://10.180.1.21/compute/v2.1/servers/4a0a2987-8ea6-4806-a279-38198201cc20 0.784s
2025-11-27 06:23:38.929 65634 INFO tempest.lib.common.rest_client [req-b2c7692d-1ada-4b7e-975f-a64dd005ddda req-b2c7692d-1ada-4b7e-975f-a64dd005ddda ] Request (KeyPairsNegativeTestJSON:tearDownClass): 201 POST http://10.180.1.21/identity/v3/auth/tokens 0.064s
2025-11-27 06:23:39.023 65640 INFO tempest.lib.common.rest_client [req-7b80b4b4-ad5d-4e68-8c66-fff2713cac5f req-7b80b4b4-ad5d-4e68-8c66-fff2713cac5f ] Request (VolumesTestJSON:setUpClass): 200 GET http://10.180.1.21/volume/v3/volumes/4189e79c-1be3-4232-9c42-d3343605d2bc 0.034s
2025-11-27 06:23:39.032 65640 INFO tempest.common.waiters [-] volume 4189e79c-1be3-4232-9c42-d3343605d2bc reached available after waiting for 2.032311 seconds
2025-11-27 06:23:39.156 65634 INFO tempest.lib.common.rest_client [req-0e8a1bcb-2236-402b-975a-023dc4f56c5b req-0e8a1bcb-2236-402b-975a-023dc4f56c5b ] Request (KeyPairsNegativeTestJSON:tearDownClass): 200 GET http://10.180.1.21/networking/v2.0/security-groups?tenant_id=e24f5856d9f746a9b622634b479d45cb&name=default 0.226s
2025-11-27 06:23:39.269 65634 INFO tempest.lib.common.rest_client [req-129e8989-37cd-4da9-8e41-0c71d3a715af req-129e8989-37cd-4da9-8e41-0c71d3a715af ] Request (KeyPairsNegativeTestJSON:tearDownClass): 204 DELETE http://10.180.1.21/networking/v2.0/security-groups/f47efc77-11c7-4f6c-8a69-cfb99171b570 0.113s
2025-11-27 06:23:39.271 65594 INFO tempest.lib.common.rest_client [req-80dc6d22-5d9d-4f37-b704-b3b92bfdc723 req-80dc6d22-5d9d-4f37-b704-b3b92bfdc723 ] Request (VolumesAdminNegativeTest:test_update_attached_volume_with_nonexistent_volume_in_uri): 202 POST http://10.180.1.21/compute/v2.1/servers 1.215s
2025-11-27 06:23:39.305 65642 INFO tempest.lib.common.rest_client [req-cbc5d095-d5e1-43ab-bf55-1e739f81a40c req-cbc5d095-d5e1-43ab-bf55-1e739f81a40c ] Request (KeyPairsV22TestJSON:test_keypairsv22_create_list_show): 201 POST http://10.180.1.21/compute/v2.1/os-keypairs 0.984s
2025-11-27 06:23:39.367 65634 INFO tempest.lib.common.rest_client [req-0080cbd5-60a7-4e40-bf86-4c315fd5a3e5 req-0080cbd5-60a7-4e40-bf86-4c315fd5a3e5 ] Request (KeyPairsNegativeTestJSON:tearDownClass): 204 DELETE http://10.180.1.21/identity/v3/projects/e24f5856d9f746a9b622634b479d45cb 0.097s
2025-11-27 06:23:39.444 65598 INFO tempest.lib.common.rest_client [req-bc2e7864-6a74-4c84-9f3f-8bccf874c389 req-bc2e7864-6a74-4c84-9f3f-8bccf874c389 ] Request (ServersAdminNegativeTestJSON:test_resize_server_using_overlimit_vcpus): 403 POST http://10.180.1.21/compute/v2.1/servers/97828df1-2130-4b65-a273-45d8ed14fcf4/action 1.025s
2025-11-27 06:23:39.490 65596 INFO tempest.lib.common.rest_client [req-efd5ba4c-2ffb-445b-b7f7-d4ce0a8d7061 req-efd5ba4c-2ffb-445b-b7f7-d4ce0a8d7061 ] Request (SecurityGroupsTestJSON:test_list_security_groups_by_server): 202 POST http://10.180.1.21/compute/v2.1/servers/9d5265ca-2601-4748-99e7-b9a3941f1f4d/action 1.187s
2025-11-27 06:23:39.515 65644 INFO tempest.lib.common.rest_client [req-613df046-f5d3-42c0-8914-eab6d3196880 req-613df046-f5d3-42c0-8914-eab6d3196880 ] Request (ServerActionsTestOtherA:setUpClass): 200 GET http://10.180.1.21/compute/v2.1/servers/c6c9a7c2-b815-431a-a35b-ffc7a1ccda1c 1.003s
2025-11-27 06:23:39.517 65656 WARNING tempest.lib.common.ssh [-] Failed to establish authenticated ssh connection to cirros@10.180.180.162 ([Errno None] Unable to connect to port 22 on 10.180.180.162). Number attempts: 3. Retry after 4 seconds.: paramiko.ssh_exception.NoValidConnectionsError: [Errno None] Unable to connect to port 22 on 10.180.180.162
2025-11-27 06:23:39.535 65628 INFO tempest.lib.common.rest_client [req-96f1c6a9-d155-4fe4-bb2c-a920dc5c095c req-96f1c6a9-d155-4fe4-bb2c-a920dc5c095c ] Request (DeleteServersAdminTestJSON:tearDownClass): 404 GET http://10.180.1.21/compute/v2.1/servers/c2743994-955d-456a-8e8c-a2c93f6b73f5 0.974s
2025-11-27 06:23:39.557 65606 INFO tempest.lib.common.rest_client [req-89e19002-3c18-4604-aebd-c00b931e9ea4 req-89e19002-3c18-4604-aebd-c00b931e9ea4 ] Request (SecurityGroupRulesTestJSON:tearDownClass): 404 DELETE http://10.180.1.21/compute/v2.1/os-security-groups/fca7ebfc-9cfa-46ee-8a57-0a54d5838bda 0.987s
2025-11-27 06:23:39.560 65618 INFO tempest.lib.common.rest_client [req-ebd3ab4e-9b6e-423b-b4a0-082eb14ba4ec req-ebd3ab4e-9b6e-423b-b4a0-082eb14ba4ec ] Request (InstanceActionsV221TestJSON:test_get_list_deleted_instance_actions): 200 GET http://10.180.1.21/compute/v2.1/servers/0bb73d9c-df5c-4e08-b566-ba822054a6f6 1.029s
2025-11-27 06:23:39.618 65652 INFO tempest.lib.common.rest_client [req-2002964a-ba03-417e-b1ff-ec14cb8f71b1 req-2002964a-ba03-417e-b1ff-ec14cb8f71b1 ] Request (ServerRescueTestJSONUnderV235:setUpClass): 200 GET http://10.180.1.21/compute/v2.1/servers/b632b1b6-6aea-4c64-bbf5-8591a9127af4 1.027s
2025-11-27 06:23:39.632 65626 INFO tempest.lib.common.rest_client [req-1db753a7-296c-4c8e-aa96-2e651de34499 req-1db753a7-296c-4c8e-aa96-2e651de34499 ] Request (VolumesAssistedSnapshotsTest:tearDownClass): 200 GET http://10.180.1.21/compute/v2.1/servers/9c309d41-4126-4521-a347-5e9e8d17e0ea 0.996s
2025-11-27 06:23:39.687 65600 INFO tempest.lib.common.rest_client [req-a806c1d9-8175-4c9e-8ba1-8dbfa5208260 req-a806c1d9-8175-4c9e-8ba1-8dbfa5208260 ] Request (ServerDiagnosticsV248Test:tearDownClass): 200 GET http://10.180.1.21/compute/v2.1/servers/67f2f8c4-d0fe-4e71-9a02-0054c15e5e80 0.993s
2025-11-27 06:23:39.726 65612 INFO tempest.lib.common.rest_client [req-41ba2b89-64ed-465d-a08b-a68d35b960c0 req-41ba2b89-64ed-465d-a08b-a68d35b960c0 ] Request (ServerActionsTestJSON:setUpClass): 200 GET http://10.180.1.21/compute/v2.1/servers/3a0fa650-513f-4b4d-848e-10b23a891a72 0.974s
2025-11-27 06:23:39.743 65620 INFO tempest.lib.common.rest_client [req-310607ef-9741-4f68-862f-0e6e6731ac18 req-310607ef-9741-4f68-862f-0e6e6731ac18 ] Request (FloatingIPsAssociationNegativeTestJSON:setUpClass): 200 GET http://10.180.1.21/compute/v2.1/servers/8b19c201-049b-403b-a706-3f4472f795ad 0.986s
2025-11-27 06:23:39.796 65602 INFO tempest.lib.common.rest_client [req-4a023b4c-f671-43b8-97a3-4fdca733b587 req-4a023b4c-f671-43b8-97a3-4fdca733b587 ] Request (ServersTestBootFromVolume:tearDownClass): 200 GET http://10.180.1.21/compute/v2.1/servers/26913e71-0d09-4036-bc5e-b249ee79dfa0 0.964s
2025-11-27 06:23:39.837 65604 INFO tempest.lib.common.rest_client [req-1c144abd-38c4-4039-96ee-8c3a0ba412f6 req-1c144abd-38c4-4039-96ee-8c3a0ba412f6 ] Request (ServerDiskConfigTestJSON:test_rebuild_server_with_manual_disk_config): 200 GET http://10.180.1.21/compute/v2.1/servers/b0602447-c007-44b7-89d4-446951884830 0.977s
2025-11-27 06:23:39.843 65640 INFO tempest.lib.common.rest_client [req-4cac2b4f-9728-49f1-b9f5-b2686e6243ea req-4cac2b4f-9728-49f1-b9f5-b2686e6243ea ] Request (VolumesTestJSON:setUpClass): 200 GET http://10.180.1.21/compute/v2.1/os-volumes/4189e79c-1be3-4232-9c42-d3343605d2bc 0.811s
2025-11-27 06:23:39.898 65608 INFO tempest.lib.common.rest_client [req-b09d0c07-0729-4880-9ce7-c3c60ab15109 req-b09d0c07-0729-4880-9ce7-c3c60ab15109 ] Request (ServersAdminTestJSON:test_create_server_with_scheduling_hint): 200 GET http://10.180.1.21/compute/v2.1/servers/1bdb8dc4-a4b8-4493-9efe-8abd3c92d25a 0.630s
2025-11-27 06:23:39.898 65650 INFO tempest.lib.common.rest_client [req-1365b9c0-8f1d-415f-9b69-da4462336050 req-1365b9c0-8f1d-415f-9b69-da4462336050 ] Request (ListServersNegativeTestJSON:tearDownClass): 200 GET http://10.180.1.21/compute/v2.1/servers/8389dd88-8cf6-4816-b3f3-283737335e65 0.687s
2025-11-27 06:23:39.912 65642 INFO tempest.lib.common.rest_client [req-6a6d0b16-b09f-42cb-9890-8dedea897617 req-6a6d0b16-b09f-42cb-9890-8dedea897617 ] Request (KeyPairsV22TestJSON:test_keypairsv22_create_list_show): 200 GET http://10.180.1.21/compute/v2.1/os-keypairs/tempest-keypair-482239432 0.605s
2025-11-27 06:23:39.952 65594 INFO tempest.lib.common.rest_client [req-2e15f28b-cf75-4e1b-b707-d9591eb1be0b req-2e15f28b-cf75-4e1b-b707-d9591eb1be0b ] Request (VolumesAdminNegativeTest:test_update_attached_volume_with_nonexistent_volume_in_uri): 200 GET http://10.180.1.21/compute/v2.1/servers/97231200-a76e-45fb-af5e-7a91411cb853 0.679s
2025-11-27 06:23:39.970 65598 INFO tempest.lib.common.rest_client [req-374d7c67-feca-400b-8a5f-bebf872f26e2 req-374d7c67-feca-400b-8a5f-bebf872f26e2 ] Request (ServersAdminNegativeTestJSON:_run_cleanups): 202 DELETE http://10.180.1.21/compute/v2.1/flavors/1506122676 0.525s
2025-11-27 06:23:39.975 65624 INFO tempest.lib.common.rest_client [req-a5660c4b-68a2-48ef-b4d2-7c5939eee682 req-a5660c4b-68a2-48ef-b4d2-7c5939eee682 ] Request (ServerGroupTestJSON:_run_cleanups): 200 GET http://10.180.1.21/compute/v2.1/servers/b8f33d10-2126-4df0-96b2-f1c8235bec07 0.575s
2025-11-27 06:23:40.009 65640 INFO tempest.lib.common.rest_client [req-ab5e1873-2aea-4363-b5d8-458f65576ae9 req-ab5e1873-2aea-4363-b5d8-458f65576ae9 ] Request (VolumesTestJSON:setUpClass): 202 POST http://10.180.1.21/volume/v3/volumes 0.163s
2025-11-27 06:23:40.042 65640 INFO tempest.lib.common.rest_client [req-24459c4b-0b65-4ddc-ab6a-15b74e56a63e req-24459c4b-0b65-4ddc-ab6a-15b74e56a63e ] Request (VolumesTestJSON:setUpClass): 200 GET http://10.180.1.21/volume/v3/volumes/8452fd04-3e2f-4dd4-a7c8-db5d73e5765c 0.027s
2025-11-27 06:23:40.095 65596 INFO tempest.lib.common.rest_client [req-f6efcc28-4494-4154-aef3-9a9d7b8bcc2c req-f6efcc28-4494-4154-aef3-9a9d7b8bcc2c ] Request (SecurityGroupsTestJSON:test_list_security_groups_by_server): 200 GET http://10.180.1.21/compute/v2.1/servers/9d5265ca-2601-4748-99e7-b9a3941f1f4d/os-security-groups 0.604s
2025-11-27 06:23:40.105 65648 INFO tempest.lib.common.rest_client [req-1afa0f36-e50b-458e-84f3-4cf360c1a130 req-1afa0f36-e50b-458e-84f3-4cf360c1a130 ] Request (FloatingIPsAssociationTestJSON:setUpClass): 200 GET http://10.180.1.21/compute/v2.1/servers/588d7a9b-da4f-4bb4-839a-747ed82f88ef 0.645s
2025-11-27 06:23:40.114 65628 INFO tempest.lib.common.rest_client [req-98387d3e-8db7-4b20-b024-228060557f1a req-98387d3e-8db7-4b20-b024-228060557f1a ] Request (DeleteServersAdminTestJSON:tearDownClass): 404 DELETE http://10.180.1.21/compute/v2.1/servers/107d0c18-db21-46bd-83b4-93af544affe2 0.578s
2025-11-27 06:23:40.154 65614 INFO tempest.lib.common.rest_client [req-ab7812ee-e64a-48a1-94bb-cfe38fafa0e9 req-ab7812ee-e64a-48a1-94bb-cfe38fafa0e9 ] Request (MigrationsAdminTest:test_resize_server_revert_deleted_flavor): 200 GET http://10.180.1.21/compute/v2.1/servers/d89b0c0e-78ef-4182-a663-4d03da275bcb 0.601s
2025-11-27 06:23:40.221 65606 INFO tempest.lib.common.rest_client [req-ac78c01c-fd47-4f5f-bb5f-cc876311bedb req-ac78c01c-fd47-4f5f-bb5f-cc876311bedb ] Request (SecurityGroupRulesTestJSON:tearDownClass): 202 DELETE http://10.180.1.21/compute/v2.1/os-security-groups/d865f070-2e65-4c38-b5b2-6d8ae985edf7 0.663s
2025-11-27 06:23:40.231 65632 INFO tempest.lib.common.rest_client [req-b1124d85-fe4a-4efe-926e-d37e59107788 req-b1124d85-fe4a-4efe-926e-d37e59107788 ] Request (ServersTestJSON:test_create_server_specify_multibyte_character_name): 200 GET http://10.180.1.21/compute/v2.1/servers/1bd9ae06-e689-4a11-a1bf-bf6068fec7f8 0.599s
2025-11-27 06:23:40.285 65646 INFO tempest.lib.common.rest_client [req-a208f90b-2bd0-461c-b5c3-9579a8245528 req-a208f90b-2bd0-461c-b5c3-9579a8245528 ] Request (ServerDiagnosticsTest:tearDownClass): 200 GET http://10.180.1.21/compute/v2.1/servers/36fa02fc-9227-44c5-873d-eaced2f64d69 0.633s
2025-11-27 06:23:40.286 65636 INFO tempest.lib.common.rest_client [req-d93abe8e-c0a1-4417-a9da-6f47d2a8c5f8 req-d93abe8e-c0a1-4417-a9da-6f47d2a8c5f8 ] Request (MultipleCreateTestJSON:test_multiple_create): 200 GET http://10.180.1.21/compute/v2.1/servers/d7913f2d-4ed0-498f-bcc0-353f5b7c7899 0.581s
2025-11-27 06:23:40.370 65617 INFO tempest.lib.common.rest_client [req-18ef6288-5a77-48dc-bfb6-1d833f44eef5 req-18ef6288-5a77-48dc-bfb6-1d833f44eef5 ] Request (ImagesOneServerTestJSON:setUpClass): 200 GET http://10.180.1.21/compute/v2.1/servers/474d3f70-6076-4fcd-9f61-931fcd0d35f2 0.602s
2025-11-27 06:23:40.426 65622 INFO tempest.lib.common.rest_client [req-504fa5df-9ccf-4a75-8215-b8f8e58541ca req-504fa5df-9ccf-4a75-8215-b8f8e58541ca ] Request (AttachInterfacesUnderV243Test:_run_cleanups): 200 GET http://10.180.1.21/compute/v2.1/servers/91907f7c-abc7-4527-8c45-8b0b01c829d2 0.698s
2025-11-27 06:23:40.437 65642 INFO tempest.lib.common.rest_client [req-cec1339e-4e0e-4c7b-a583-26ab6d187fdb req-cec1339e-4e0e-4c7b-a583-26ab6d187fdb ] Request (KeyPairsV22TestJSON:test_keypairsv22_create_list_show): 200 GET http://10.180.1.21/compute/v2.1/os-keypairs 0.522s
2025-11-27 06:23:40.562 65630 INFO tempest.lib.common.rest_client [req-a09c510f-cab1-45ba-83cf-b3fa72fcf34e req-a09c510f-cab1-45ba-83cf-b3fa72fcf34e ] Request (ServerShowV247Test:test_update_rebuild_list_server): 200 GET http://10.180.1.21/compute/v2.1/servers/4a0a2987-8ea6-4806-a279-38198201cc20 0.642s
2025-11-27 06:23:40.585 65598 INFO tempest.lib.common.rest_client [req-6bbf235b-8118-491e-88a2-7103b203b349 req-6bbf235b-8118-491e-88a2-7103b203b349 ] Request (ServersAdminNegativeTestJSON:_run_cleanups): 200 GET http://10.180.1.21/compute/v2.1/flavors/detail 0.614s
2025-11-27 06:23:40.617 65610 INFO tempest.lib.common.rest_client [req-75a9b010-e580-4e92-b6c6-0c05b24dffbb req-75a9b010-e580-4e92-b6c6-0c05b24dffbb ] Request (ServerMetadataNegativeTestJSON:setUpClass): 200 GET http://10.180.1.21/compute/v2.1/servers/70a26483-348f-4b4f-9fec-4d48c138582b 0.762s
2025-11-27 06:23:40.647 65628 INFO tempest.lib.common.rest_client [req-66cf3868-4f4b-4263-ac2d-f3dba527dfbb req-66cf3868-4f4b-4263-ac2d-f3dba527dfbb ] Request (DeleteServersAdminTestJSON:tearDownClass): 404 GET http://10.180.1.21/compute/v2.1/servers/107d0c18-db21-46bd-83b4-93af544affe2 0.532s
2025-11-27 06:23:40.770 65596 INFO tempest.lib.common.rest_client [req-1fc743c2-d313-4ea2-864d-4da732496cdf req-1fc743c2-d313-4ea2-864d-4da732496cdf ] Request (SecurityGroupsTestJSON:test_security_group_create_get_delete): 200 POST http://10.180.1.21/compute/v2.1/os-security-groups 0.671s
2025-11-27 06:23:40.793 65628 INFO tempest.lib.common.rest_client [req-31b98855-a3b2-4210-a965-743686a829d4 req-31b98855-a3b2-4210-a965-743686a829d4 ] Request (DeleteServersAdminTestJSON:tearDownClass): 204 DELETE http://10.180.1.21/identity/v3/users/8ec5868b1f764cf7b2ae5d0a3a6e990b 0.146s
2025-11-27 06:23:40.793 65642 INFO tempest.lib.common.rest_client [req-762418f1-c731-49bf-95c5-580fb1faeee1 req-762418f1-c731-49bf-95c5-580fb1faeee1 ] Request (KeyPairsV22TestJSON:_run_cleanups): 204 DELETE http://10.180.1.21/compute/v2.1/os-keypairs/tempest-keypair-482239432 0.354s
2025-11-27 06:23:40.907 65628 INFO tempest.lib.common.rest_client [req-382413a5-9122-45a9-9141-c9a41b72ad6c req-382413a5-9122-45a9-9141-c9a41b72ad6c ] Request (DeleteServersAdminTestJSON:tearDownClass): 204 DELETE http://10.180.1.21/identity/v3/users/925b0ab8d7fc4b91812295a6ce27ca50 0.113s
2025-11-27 06:23:40.907 65628 INFO tempest.lib.common.dynamic_creds [-] Deleting project and security group for project: d952ef96e1924f99bf659fc005a67b2b
2025-11-27 06:23:40.929 65606 INFO tempest.lib.common.rest_client [req-77ae46ae-c2e4-4028-bcf4-b10b530f0634 req-77ae46ae-c2e4-4028-bcf4-b10b530f0634 ] Request (SecurityGroupRulesTestJSON:tearDownClass): 202 DELETE http://10.180.1.21/compute/v2.1/os-security-groups/3b9fdbe4-0968-41bc-b831-7494f63133d0 0.708s
2025-11-27 06:23:40.954 65644 INFO tempest.lib.common.rest_client [req-5a0914dc-0923-43a7-a0a8-d91b50f845c8 req-5a0914dc-0923-43a7-a0a8-d91b50f845c8 ] Request (ServerActionsTestOtherA:setUpClass): 200 GET http://10.180.1.21/compute/v2.1/servers/c6c9a7c2-b815-431a-a35b-ffc7a1ccda1c 0.430s
2025-11-27 06:23:40.994 65598 INFO tempest.lib.common.rest_client [req-c0ad80e1-b970-431d-b2f0-7ca0b43c7db5 req-c0ad80e1-b970-431d-b2f0-7ca0b43c7db5 ] Request (ServersAdminNegativeTestJSON:test_restore_server_invalid_state): 409 POST http://10.180.1.21/compute/v2.1/servers/97828df1-2130-4b65-a273-45d8ed14fcf4/action 0.403s
2025-11-27 06:23:41.008 65628 INFO tempest.lib.common.rest_client [req-79ea83d8-b532-4038-9722-a5abbd89b3ae req-79ea83d8-b532-4038-9722-a5abbd89b3ae ] Request (DeleteServersAdminTestJSON:tearDownClass): 201 POST http://10.180.1.21/identity/v3/auth/tokens 0.101s
2025-11-27 06:23:41.014 65618 INFO tempest.lib.common.rest_client [req-92470802-56a6-487e-ad8f-cd04bc3d75b9 req-92470802-56a6-487e-ad8f-cd04bc3d75b9 ] Request (InstanceActionsV221TestJSON:test_get_list_deleted_instance_actions): 200 GET http://10.180.1.21/compute/v2.1/servers/0bb73d9c-df5c-4e08-b566-ba822054a6f6 0.442s
2025-11-27 06:23:41.086 65640 INFO tempest.lib.common.rest_client [req-0be9e250-5f4b-4c0d-bafe-606079c8a2c1 req-0be9e250-5f4b-4c0d-bafe-606079c8a2c1 ] Request (VolumesTestJSON:setUpClass): 200 GET http://10.180.1.21/volume/v3/volumes/8452fd04-3e2f-4dd4-a7c8-db5d73e5765c 0.035s
2025-11-27 06:23:41.093 65640 INFO tempest.common.waiters [-] volume 8452fd04-3e2f-4dd4-a7c8-db5d73e5765c reached available after waiting for 1.093878 seconds
2025-11-27 06:23:41.122 65628 INFO tempest.lib.common.rest_client [req-4db1b030-8ba8-4299-995e-9666c87a64a5 req-4db1b030-8ba8-4299-995e-9666c87a64a5 ] Request (DeleteServersAdminTestJSON:tearDownClass): 200 GET http://10.180.1.21/networking/v2.0/security-groups?tenant_id=d952ef96e1924f99bf659fc005a67b2b&name=default 0.113s
2025-11-27 06:23:41.181 65626 INFO tempest.lib.common.rest_client [req-0a6b6b6f-7858-43b4-9dab-1fccffe4235c req-0a6b6b6f-7858-43b4-9dab-1fccffe4235c ] Request (VolumesAssistedSnapshotsTest:tearDownClass): 200 GET http://10.180.1.21/compute/v2.1/servers/9c309d41-4126-4521-a347-5e9e8d17e0ea 0.541s
2025-11-27 06:23:41.304 65628 INFO tempest.lib.common.rest_client [req-06d4dbbe-2d35-4699-bf85-74b0f42130f2 req-06d4dbbe-2d35-4699-bf85-74b0f42130f2 ] Request (DeleteServersAdminTestJSON:tearDownClass): 204 DELETE http://10.180.1.21/networking/v2.0/security-groups/ee4dd131-77b2-4914-aa5f-9f4b5de030a2 0.181s
2025-11-27 06:23:41.342 65652 INFO tempest.lib.common.rest_client [req-edc3725d-1653-45ae-815f-4afd84626b8c req-edc3725d-1653-45ae-815f-4afd84626b8c ] Request (ServerRescueTestJSONUnderV235:setUpClass): 200 GET http://10.180.1.21/compute/v2.1/servers/b632b1b6-6aea-4c64-bbf5-8591a9127af4 0.715s
2025-11-27 06:23:41.352 65652 INFO tempest.common.waiters [-] State transition "BUILD/None" ==> "BUILD/block_device_mapping" after 34 second wait
2025-11-27 06:23:41.360 65600 INFO tempest.lib.common.rest_client [req-c1533128-f0ec-49f1-85ac-96840e51f705 req-c1533128-f0ec-49f1-85ac-96840e51f705 ] Request (ServerDiagnosticsV248Test:tearDownClass): 200 GET http://10.180.1.21/compute/v2.1/servers/67f2f8c4-d0fe-4e71-9a02-0054c15e5e80 0.662s
2025-11-27 06:23:41.415 65628 INFO tempest.lib.common.rest_client [req-4f8a4d68-3f9f-4a3f-bd58-b9cfd2142b72 req-4f8a4d68-3f9f-4a3f-bd58-b9cfd2142b72 ] Request (DeleteServersAdminTestJSON:tearDownClass): 204 DELETE http://10.180.1.21/identity/v3/projects/d952ef96e1924f99bf659fc005a67b2b 0.110s
2025-11-27 06:23:41.416 65628 INFO tempest.lib.common.dynamic_creds [-] Deleting project and security group for project: e391b32916c14dc8bc646233698217c2
2025-11-27 06:23:41.445 65612 INFO tempest.lib.common.rest_client [req-3aebb94c-13f1-4c6f-b56d-dd3efb820d45 req-3aebb94c-13f1-4c6f-b56d-dd3efb820d45 ] Request (ServerActionsTestJSON:setUpClass): 200 GET http://10.180.1.21/compute/v2.1/servers/3a0fa650-513f-4b4d-848e-10b23a891a72 0.708s
2025-11-27 06:23:41.542 65628 INFO tempest.lib.common.rest_client [req-c0734d32-6e9e-4dfe-851d-354da122cc31 req-c0734d32-6e9e-4dfe-851d-354da122cc31 ] Request (DeleteServersAdminTestJSON:tearDownClass): 200 GET http://10.180.1.21/networking/v2.0/security-groups?tenant_id=e391b32916c14dc8bc646233698217c2&name=default 0.126s
2025-11-27 06:23:41.562 65620 INFO tempest.lib.common.rest_client [req-75de3f48-8bb7-4817-966f-91ae25e8b295 req-75de3f48-8bb7-4817-966f-91ae25e8b295 ] Request (FloatingIPsAssociationNegativeTestJSON:setUpClass): 200 GET http://10.180.1.21/compute/v2.1/servers/8b19c201-049b-403b-a706-3f4472f795ad 0.810s
2025-11-27 06:23:41.579 65596 INFO tempest.lib.common.rest_client [req-aaa7a9a8-a626-4fc1-b93b-0aac0fcf83ad req-aaa7a9a8-a626-4fc1-b93b-0aac0fcf83ad ] Request (SecurityGroupsTestJSON:test_security_group_create_get_delete): 200 GET http://10.180.1.21/compute/v2.1/os-security-groups/f0b122bd-8e1c-4b2a-81ce-dc05a78bf0f3 0.806s
2025-11-27 06:23:41.653 65628 INFO tempest.lib.common.rest_client [req-125c64e3-3f0a-4164-8abf-d12787a21b55 req-125c64e3-3f0a-4164-8abf-d12787a21b55 ] Request (DeleteServersAdminTestJSON:tearDownClass): 204 DELETE http://10.180.1.21/networking/v2.0/security-groups/05d636ca-48dc-4fa0-b9b7-a60626014b84 0.111s
2025-11-27 06:23:41.677 65602 INFO tempest.lib.common.rest_client [req-e274aa97-f629-4ae3-be8d-4c1a8d772972 req-e274aa97-f629-4ae3-be8d-4c1a8d772972 ] Request (ServersTestBootFromVolume:tearDownClass): 200 GET http://10.180.1.21/compute/v2.1/servers/26913e71-0d09-4036-bc5e-b249ee79dfa0 0.871s
2025-11-27 06:23:41.767 65604 INFO tempest.lib.common.rest_client [req-daee09a5-722d-4866-a19e-2b3e188665b5 req-daee09a5-722d-4866-a19e-2b3e188665b5 ] Request (ServerDiskConfigTestJSON:test_rebuild_server_with_manual_disk_config): 200 GET http://10.180.1.21/compute/v2.1/servers/b0602447-c007-44b7-89d4-446951884830 0.921s
2025-11-27 06:23:41.778 65628 INFO tempest.lib.common.rest_client [req-aedec1e5-c7b9-4bf5-9558-6a134a474ad3 req-aedec1e5-c7b9-4bf5-9558-6a134a474ad3 ] Request (DeleteServersAdminTestJSON:tearDownClass): 204 DELETE http://10.180.1.21/identity/v3/projects/e391b32916c14dc8bc646233698217c2 0.124s
2025-11-27 06:23:41.779 65628 INFO tempest.test [-] raised in UnshelveToHostMultiNodesTest.setUpClass. Invoking tearDownClass.
2025-11-27 06:23:41.843 65608 INFO tempest.lib.common.rest_client [req-e2400e8b-ec01-4922-836c-3d8c6062b2a7 req-e2400e8b-ec01-4922-836c-3d8c6062b2a7 ] Request (ServersAdminTestJSON:test_create_server_with_scheduling_hint): 200 GET http://10.180.1.21/compute/v2.1/servers/1bdb8dc4-a4b8-4493-9efe-8abd3c92d25a 0.935s
2025-11-27 06:23:41.847 65628 INFO tempest.lib.common.rest_client [req-3cfab678-9643-4c54-bcb2-d90e2b3399d2 req-3cfab678-9643-4c54-bcb2-d90e2b3399d2 ] Request (ListImageFiltersTestJSON:setUpClass): 201 POST http://10.180.1.21/identity/v3/auth/tokens 0.062s
2025-11-27 06:23:41.876 65628 INFO tempest.lib.common.rest_client [req-aa4f0080-ea4f-4d41-b272-1e001a38e4f2 req-aa4f0080-ea4f-4d41-b272-1e001a38e4f2 ] Request (ListImageFiltersTestJSON:setUpClass): 201 POST http://10.180.1.21/identity/v3/auth/tokens 0.026s
2025-11-27 06:23:41.900 65628 INFO tempest.lib.common.rest_client [req-dba6d29a-70da-4d5e-bdfa-3af4769d98f6 req-dba6d29a-70da-4d5e-bdfa-3af4769d98f6 ] Request (ListImageFiltersTestJSON:setUpClass): 200 GET http://10.180.1.21/identity/v3/domains?name=Default 0.023s
2025-11-27 06:23:41.903 65650 INFO tempest.lib.common.rest_client [req-ce9e5836-9d6c-4c87-b811-c9b867176687 req-ce9e5836-9d6c-4c87-b811-c9b867176687 ] Request (ListServersNegativeTestJSON:tearDownClass): 200 GET http://10.180.1.21/compute/v2.1/servers/8389dd88-8cf6-4816-b3f3-283737335e65 0.994s
2025-11-27 06:23:41.938 65642 INFO tempest.lib.common.rest_client [req-369d5e58-d1f3-4391-acab-a98b38c12963 req-369d5e58-d1f3-4391-acab-a98b38c12963 ] Request (KeyPairsV22TestJSON:test_keypairsv22_create_list_show_with_type): 201 POST http://10.180.1.21/compute/v2.1/os-keypairs 1.143s
2025-11-27 06:23:41.939 65628 INFO tempest.lib.common.rest_client [req-5724fc7c-e630-4ab6-959a-196d84d06d96 req-5724fc7c-e630-4ab6-959a-196d84d06d96 ] Request (ListImageFiltersTestJSON:setUpClass): 201 POST http://10.180.1.21/identity/v3/projects 0.039s
2025-11-27 06:23:42.002 65628 INFO tempest.lib.common.rest_client [req-3e269508-37e0-4cab-ba16-6b4b08821440 req-3e269508-37e0-4cab-ba16-6b4b08821440 ] Request (ListImageFiltersTestJSON:setUpClass): 201 POST http://10.180.1.21/identity/v3/users 0.062s
2025-11-27 06:23:42.017 65606 INFO tempest.lib.common.rest_client [req-2dc78694-567f-4cc1-8e12-58c960de6968 req-2dc78694-567f-4cc1-8e12-58c960de6968 ] Request (SecurityGroupRulesTestJSON:tearDownClass): 202 DELETE http://10.180.1.21/compute/v2.1/os-security-groups/2e0b5a0e-afd7-46bb-b1b6-777c55695bab 1.087s
2025-11-27 06:23:42.037 65628 INFO tempest.lib.common.rest_client [req-ada87f4d-83d4-47ef-b2a9-f77717f35a88 req-ada87f4d-83d4-47ef-b2a9-f77717f35a88 ] Request (ListImageFiltersTestJSON:setUpClass): 200 GET http://10.180.1.21/identity/v3/roles 0.034s
2025-11-27 06:23:42.043 65594 INFO tempest.lib.common.rest_client [req-00c1704b-3d74-4931-a337-7a59c98b03d8 req-00c1704b-3d74-4931-a337-7a59c98b03d8 ] Request (VolumesAdminNegativeTest:test_update_attached_volume_with_nonexistent_volume_in_uri): 200 GET http://10.180.1.21/compute/v2.1/servers/97231200-a76e-45fb-af5e-7a91411cb853 1.082s
2025-11-27 06:23:42.092 65628 INFO tempest.lib.common.rest_client [req-50224992-1d11-425b-bf80-a7b9d13d80cc req-50224992-1d11-425b-bf80-a7b9d13d80cc ] Request (ListImageFiltersTestJSON:setUpClass): 204 PUT http://10.180.1.21/identity/v3/projects/45b03330f6b3492aa106cd20adab5811/users/b0c8db65b765452f96540dcc8bb94d3d/roles/285d0d319a16468db2c2503dac371efd 0.055s
2025-11-27 06:23:42.093 65628 INFO tempest.lib.common.dynamic_creds [-] Dynamic test user b0c8db65b765452f96540dcc8bb94d3d is created with scope project and roles: ['member']
2025-11-27 06:23:42.093 65628 INFO tempest.lib.common.dynamic_creds [-] Acquired dynamic creds: credentials: Credentials: {'domain_id': 'default', 'domain_name': 'Default', 'username': 'tempest-ListImageFiltersTestJSON-1168737775-project-member', 'project_domain_id': 'default', 'project_domain_name': 'Default', 'project_id': '45b03330f6b3492aa106cd20adab5811', 'project_name': 'tempest-ListImageFiltersTestJSON-1168737775', 'tenant_id': '45b03330f6b3492aa106cd20adab5811', 'tenant_name': 'tempest-ListImageFiltersTestJSON-1168737775', 'user_domain_id': 'default', 'user_domain_name': 'Default', 'user_id': 'b0c8db65b765452f96540dcc8bb94d3d', 'system': None}, Network: None, Subnet: None, Router: None
2025-11-27 06:23:42.093 65628 INFO tempest.lib.common.dynamic_creds [-] Created isolated network resources for: credentials: Credentials: {'domain_id': 'default', 'domain_name': 'Default', 'username': 'tempest-ListImageFiltersTestJSON-1168737775-project-member', 'project_domain_id': 'default', 'project_domain_name': 'Default', 'project_id': '45b03330f6b3492aa106cd20adab5811', 'project_name': 'tempest-ListImageFiltersTestJSON-1168737775', 'tenant_id': '45b03330f6b3492aa106cd20adab5811', 'tenant_name': 'tempest-ListImageFiltersTestJSON-1168737775', 'user_domain_id': 'default', 'user_domain_name': 'Default', 'user_id': 'b0c8db65b765452f96540dcc8bb94d3d', 'system': None}, Network: None, Subnet: None, Router: None
2025-11-27 06:23:42.093 65624 INFO tempest.lib.common.rest_client [req-24f7c36c-7d4a-4b66-b6e4-5d440d224224 req-24f7c36c-7d4a-4b66-b6e4-5d440d224224 ] Request (ServerGroupTestJSON:_run_cleanups): 200 GET http://10.180.1.21/compute/v2.1/servers/b8f33d10-2126-4df0-96b2-f1c8235bec07 1.108s
2025-11-27 06:23:42.137 65640 INFO tempest.lib.common.rest_client [req-c3041317-379a-4d99-8ddb-006c560825de req-c3041317-379a-4d99-8ddb-006c560825de ] Request (VolumesTestJSON:setUpClass): 200 GET http://10.180.1.21/compute/v2.1/os-volumes/8452fd04-3e2f-4dd4-a7c8-db5d73e5765c 1.042s
2025-11-27 06:23:42.140 65598 INFO tempest.lib.common.rest_client [req-cd8827cb-02dc-4618-80c1-554f1e57fe55 req-cd8827cb-02dc-4618-80c1-554f1e57fe55 ] Request (ServersAdminNegativeTestJSON:tearDownClass): 204 DELETE http://10.180.1.21/compute/v2.1/servers/a082834d-1204-4476-900e-4011aefdf713 1.144s
2025-11-27 06:23:42.193 65628 INFO tempest.lib.common.rest_client [req-c92d061c-0308-4e87-93cd-4deff2cf9ae4 req-c92d061c-0308-4e87-93cd-4deff2cf9ae4 ] Request (ListImageFiltersTestJSON:setUpClass): 201 POST http://10.180.1.21/identity/v3/auth/tokens 0.096s
2025-11-27 06:23:42.208 65614 INFO tempest.lib.common.rest_client [req-1755bb9b-caf3-4ced-8487-57a1ef6d5a31 req-1755bb9b-caf3-4ced-8487-57a1ef6d5a31 ] Request (MigrationsAdminTest:test_resize_server_revert_deleted_flavor): 200 GET http://10.180.1.21/compute/v2.1/servers/d89b0c0e-78ef-4182-a663-4d03da275bcb 1.047s
2025-11-27 06:23:42.292 65648 INFO tempest.lib.common.rest_client [req-09e0766a-7f5b-43a5-8d63-97a18a01307d req-09e0766a-7f5b-43a5-8d63-97a18a01307d ] Request (FloatingIPsAssociationTestJSON:setUpClass): 200 GET http://10.180.1.21/compute/v2.1/servers/588d7a9b-da4f-4bb4-839a-747ed82f88ef 1.174s
2025-11-27 06:23:42.303 65632 INFO tempest.lib.common.rest_client [req-5b8d9753-0194-487e-aa63-9cbaac3a4a09 req-5b8d9753-0194-487e-aa63-9cbaac3a4a09 ] Request (ServersTestJSON:test_create_server_specify_multibyte_character_name): 200 GET http://10.180.1.21/compute/v2.1/servers/1bd9ae06-e689-4a11-a1bf-bf6068fec7f8 1.064s
2025-11-27 06:23:42.398 65646 INFO tempest.lib.common.rest_client [req-d9a0d9b0-2a42-4a52-91d3-3e67e464710f req-d9a0d9b0-2a42-4a52-91d3-3e67e464710f ] Request (ServerDiagnosticsTest:tearDownClass): 200 GET http://10.180.1.21/compute/v2.1/servers/36fa02fc-9227-44c5-873d-eaced2f64d69 1.102s
2025-11-27 06:23:42.413 65636 INFO tempest.lib.common.rest_client [req-ccc09700-156e-467b-b562-7a2fa8d5179a req-ccc09700-156e-467b-b562-7a2fa8d5179a ] Request (MultipleCreateTestJSON:test_multiple_create): 200 GET http://10.180.1.21/compute/v2.1/servers/d7913f2d-4ed0-498f-bcc0-353f5b7c7899 1.116s
2025-11-27 06:23:42.469 65617 INFO tempest.lib.common.rest_client [req-f6b188e6-079e-4d4b-9c66-6e3626fae717 req-f6b188e6-079e-4d4b-9c66-6e3626fae717 ] Request (ImagesOneServerTestJSON:setUpClass): 200 GET http://10.180.1.21/compute/v2.1/servers/474d3f70-6076-4fcd-9f61-931fcd0d35f2 1.089s
2025-11-27 06:23:42.486 65622 INFO tempest.lib.common.rest_client [req-9c6d6deb-712a-4ed8-9aa7-c029f5ca13b7 req-9c6d6deb-712a-4ed8-9aa7-c029f5ca13b7 ] Request (AttachInterfacesUnderV243Test:_run_cleanups): 200 GET http://10.180.1.21/compute/v2.1/servers/91907f7c-abc7-4527-8c45-8b0b01c829d2 1.049s
2025-11-27 06:23:42.520 65630 INFO tempest.lib.common.rest_client [req-658f4682-eb57-488a-86bc-3de537371ef8 req-658f4682-eb57-488a-86bc-3de537371ef8 ] Request (ServerShowV247Test:test_update_rebuild_list_server): 200 GET http://10.180.1.21/compute/v2.1/servers/4a0a2987-8ea6-4806-a279-38198201cc20 0.947s
2025-11-27 06:23:42.529 65630 INFO tempest.common.waiters [-] State transition "REBUILD/rebuilding" ==> "REBUILD/rebuild_spawning" after 4 second wait
2025-11-27 06:23:42.612 65596 INFO tempest.lib.common.rest_client [req-453a7ea9-815b-46ca-9899-c3f1a6e5bd15 req-453a7ea9-815b-46ca-9899-c3f1a6e5bd15 ] Request (SecurityGroupsTestJSON:test_security_group_create_get_delete): 202 DELETE http://10.180.1.21/compute/v2.1/os-security-groups/f0b122bd-8e1c-4b2a-81ce-dc05a78bf0f3 1.029s
2025-11-27 06:23:42.648 65642 INFO tempest.lib.common.rest_client [req-0e3fde41-3024-47fa-9e92-3b8f1a75d2cf req-0e3fde41-3024-47fa-9e92-3b8f1a75d2cf ] Request (KeyPairsV22TestJSON:test_keypairsv22_create_list_show_with_type): 200 GET http://10.180.1.21/compute/v2.1/os-keypairs/tempest-keypair-2055601441 0.708s
2025-11-27 06:23:42.660 65628 INFO tempest.lib.common.rest_client [req-38c54cc9-218c-4f61-babe-069aa61166f6 req-38c54cc9-218c-4f61-babe-069aa61166f6 ] Request (ListImageFiltersTestJSON:setUpClass): 201 POST http://10.180.1.21/image/v2/images 0.465s
2025-11-27 06:23:42.678 65610 INFO tempest.lib.common.rest_client [req-085971db-a973-4dfa-b41f-13086937955d req-085971db-a973-4dfa-b41f-13086937955d ] Request (ServerMetadataNegativeTestJSON:setUpClass): 200 GET http://10.180.1.21/compute/v2.1/servers/70a26483-348f-4b4f-9fec-4d48c138582b 1.052s
2025-11-27 06:23:42.701 65644 INFO tempest.lib.common.rest_client [req-51d179db-b137-4a19-90bb-92e63a5e67f5 req-51d179db-b137-4a19-90bb-92e63a5e67f5 ] Request (ServerActionsTestOtherA:setUpClass): 200 GET http://10.180.1.21/compute/v2.1/servers/c6c9a7c2-b815-431a-a35b-ffc7a1ccda1c 0.735s
2025-11-27 06:23:42.749 65618 INFO tempest.lib.common.rest_client [req-dd351f9e-eadc-4394-8406-c02742b4151d req-dd351f9e-eadc-4394-8406-c02742b4151d ] Request (InstanceActionsV221TestJSON:test_get_list_deleted_instance_actions): 200 GET http://10.180.1.21/compute/v2.1/servers/0bb73d9c-df5c-4e08-b566-ba822054a6f6 0.726s
2025-11-27 06:23:42.779 65606 INFO tempest.lib.common.rest_client [req-91fa80b5-ec93-43c9-a712-6d666fc19c62 req-91fa80b5-ec93-43c9-a712-6d666fc19c62 ] Request (SecurityGroupRulesTestJSON:tearDownClass): 202 DELETE http://10.180.1.21/compute/v2.1/os-security-groups/705cae12-3fc4-4e59-99ac-93f7d8d5a44f 0.762s
2025-11-27 06:23:42.836 65640 INFO tempest.lib.common.rest_client [req-27f18f7c-a673-4787-bf1d-3598cdeec19c req-27f18f7c-a673-4787-bf1d-3598cdeec19c ] Request (VolumesTestJSON:test_volume_list): 200 GET http://10.180.1.21/compute/v2.1/os-volumes 0.694s
2025-11-27 06:23:42.866 65598 INFO tempest.lib.common.rest_client [req-0e1ae801-7f20-4410-9d76-7904a193ddf3 req-0e1ae801-7f20-4410-9d76-7904a193ddf3 ] Request (ServersAdminNegativeTestJSON:tearDownClass): 200 GET http://10.180.1.21/compute/v2.1/servers/a082834d-1204-4476-900e-4011aefdf713 0.726s
2025-11-27 06:23:42.895 65626 INFO tempest.lib.common.rest_client [req-49982d72-3798-4735-a5ef-93f823aa4b7f req-49982d72-3798-4735-a5ef-93f823aa4b7f ] Request (VolumesAssistedSnapshotsTest:tearDownClass): 200 GET http://10.180.1.21/compute/v2.1/servers/9c309d41-4126-4521-a347-5e9e8d17e0ea 0.706s
2025-11-27 06:23:42.950 65600 INFO tempest.lib.common.rest_client [req-e61da82f-e5f8-4e80-b46f-207aca020cca req-e61da82f-e5f8-4e80-b46f-207aca020cca ] Request (ServerDiagnosticsV248Test:tearDownClass): 200 GET http://10.180.1.21/compute/v2.1/servers/67f2f8c4-d0fe-4e71-9a02-0054c15e5e80 0.577s
2025-11-27 06:23:43.002 65612 INFO tempest.lib.common.rest_client [req-4db9207d-a0e9-415b-9071-c47d37a0ac77 req-4db9207d-a0e9-415b-9071-c47d37a0ac77 ] Request (ServerActionsTestJSON:setUpClass): 200 GET http://10.180.1.21/compute/v2.1/servers/3a0fa650-513f-4b4d-848e-10b23a891a72 0.544s
2025-11-27 06:23:43.013 65652 INFO tempest.lib.common.rest_client [req-69b6deb2-a440-44c5-b6d1-c874f2ce5bad req-69b6deb2-a440-44c5-b6d1-c874f2ce5bad ] Request (ServerRescueTestJSONUnderV235:setUpClass): 200 GET http://10.180.1.21/compute/v2.1/servers/b632b1b6-6aea-4c64-bbf5-8591a9127af4 0.659s
2025-11-27 06:23:43.020 65652 INFO tempest.common.waiters [-] State transition "BUILD/block_device_mapping" ==> "BUILD/spawning" after 36 second wait
2025-11-27 06:23:43.033 65596 INFO tempest.lib.common.rest_client [req-846f793b-d52f-41ce-8a10-55c60727dc55 req-846f793b-d52f-41ce-8a10-55c60727dc55 ] Request (SecurityGroupsTestJSON:test_security_group_create_get_delete): 404 GET http://10.180.1.21/compute/v2.1/os-security-groups/f0b122bd-8e1c-4b2a-81ce-dc05a78bf0f3 0.420s
2025-11-27 06:23:43.043 65642 INFO tempest.lib.common.rest_client [req-e961b11b-6901-4553-8e2e-1390e82c8c45 req-e961b11b-6901-4553-8e2e-1390e82c8c45 ] Request (KeyPairsV22TestJSON:test_keypairsv22_create_list_show_with_type): 200 GET http://10.180.1.21/compute/v2.1/os-keypairs 0.392s
2025-11-27 06:23:43.054 65620 INFO tempest.lib.common.rest_client [req-8d3cbd00-f03f-4846-8a1a-860b97689d57 req-8d3cbd00-f03f-4846-8a1a-860b97689d57 ] Request (FloatingIPsAssociationNegativeTestJSON:setUpClass): 200 GET http://10.180.1.21/compute/v2.1/servers/8b19c201-049b-403b-a706-3f4472f795ad 0.485s
2025-11-27 06:23:43.103 65602 INFO tempest.lib.common.rest_client [req-41a300a3-c9f6-48e9-a190-dc29064b903a req-41a300a3-c9f6-48e9-a190-dc29064b903a ] Request (ServersTestBootFromVolume:tearDownClass): 200 GET http://10.180.1.21/compute/v2.1/servers/26913e71-0d09-4036-bc5e-b249ee79dfa0 0.413s
2025-11-27 06:23:43.118 65604 INFO tempest.lib.common.rest_client [req-e1fb0809-56b4-45cd-aea0-8c7dba42c4cd req-e1fb0809-56b4-45cd-aea0-8c7dba42c4cd ] Request (ServerDiskConfigTestJSON:test_rebuild_server_with_manual_disk_config): 200 GET http://10.180.1.21/compute/v2.1/servers/b0602447-c007-44b7-89d4-446951884830 0.344s
2025-11-27 06:23:43.175 65640 INFO tempest.lib.common.rest_client [req-fdb22b9d-0c28-4c09-933a-a4c5b317895f req-fdb22b9d-0c28-4c09-933a-a4c5b317895f ] Request (VolumesTestJSON:test_volume_list_param_limit): 200 GET http://10.180.1.21/compute/v2.1/os-volumes?limit=2 0.334s
2025-11-27 06:23:43.216 65606 INFO tempest.lib.common.rest_client [req-659727bd-6566-4da2-9546-674b36abf62e req-659727bd-6566-4da2-9546-674b36abf62e ] Request (SecurityGroupRulesTestJSON:tearDownClass): 202 DELETE http://10.180.1.21/compute/v2.1/os-security-groups/c7280c70-3aad-4146-b2b8-97445cb26a11 0.436s
2025-11-27 06:23:43.272 65608 INFO tempest.lib.common.rest_client [req-7ba5f8b5-e458-4ca6-9ad1-072760e5f482 req-7ba5f8b5-e458-4ca6-9ad1-072760e5f482 ] Request (ServersAdminTestJSON:test_create_server_with_scheduling_hint): 200 GET http://10.180.1.21/compute/v2.1/servers/1bdb8dc4-a4b8-4493-9efe-8abd3c92d25a 0.421s
2025-11-27 06:23:43.421 65650 INFO tempest.lib.common.rest_client [req-012f0757-56ed-46b3-80cd-d9d717d9d8c9 req-012f0757-56ed-46b3-80cd-d9d717d9d8c9 ] Request (ListServersNegativeTestJSON:tearDownClass): 200 GET http://10.180.1.21/compute/v2.1/servers/8389dd88-8cf6-4816-b3f3-283737335e65 0.509s
2025-11-27 06:23:43.442 65642 INFO tempest.lib.common.rest_client [req-cbc7797a-9c91-4c88-82df-cc6a0c6f33d9 req-cbc7797a-9c91-4c88-82df-cc6a0c6f33d9 ] Request (KeyPairsV22TestJSON:_run_cleanups): 204 DELETE http://10.180.1.21/compute/v2.1/os-keypairs/tempest-keypair-2055601441 0.397s
2025-11-27 06:23:43.553 65596 INFO tempest.lib.common.rest_client [req-c93aac22-3add-4fb0-97fd-cb520f47a55d req-c93aac22-3add-4fb0-97fd-cb520f47a55d ] Request (SecurityGroupsTestJSON:test_security_groups_create_list_delete): 200 POST http://10.180.1.21/compute/v2.1/os-security-groups 0.519s
2025-11-27 06:23:43.583 65642 INFO tempest.lib.common.rest_client [req-b9ede093-2e2d-4e92-95d2-67398bb6af9c req-b9ede093-2e2d-4e92-95d2-67398bb6af9c ] Request (KeyPairsV22TestJSON:tearDownClass): 204 DELETE http://10.180.1.21/identity/v3/users/adcb8f582f05431aa36e7df8409ffd43 0.139s
2025-11-27 06:23:43.583 65642 INFO tempest.lib.common.dynamic_creds [-] Deleting project and security group for project: 70b8253664aa47df8265712b0e75efb0
2025-11-27 06:23:43.645 65642 INFO tempest.lib.common.rest_client [req-8db827ff-53aa-45e5-b7b3-2e4ece72f92c req-8db827ff-53aa-45e5-b7b3-2e4ece72f92c ] Request (KeyPairsV22TestJSON:tearDownClass): 201 POST http://10.180.1.21/identity/v3/auth/tokens 0.062s
2025-11-27 06:23:44.023 65656 WARNING tempest.lib.common.ssh [-] Failed to establish authenticated ssh connection to cirros@10.180.180.162 ([Errno None] Unable to connect to port 22 on 10.180.180.162). Number attempts: 4. Retry after 5 seconds.: paramiko.ssh_exception.NoValidConnectionsError: [Errno None] Unable to connect to port 22 on 10.180.180.162
2025-11-27 06:23:44.108 65606 INFO tempest.lib.common.rest_client [req-7a59bf07-0fbe-4452-97bb-232118964093 req-7a59bf07-0fbe-4452-97bb-232118964093 ] Request (SecurityGroupRulesTestJSON:tearDownClass): 200 PUT http://10.180.1.21/networking/v2.0/routers/4e4cc167-e0f6-4745-9f7d-7c2d4de90847/remove_router_interface 0.892s
2025-11-27 06:23:44.179 65594 INFO tempest.lib.common.rest_client [req-11157c0a-cb7b-4b39-bb0d-6988d4749786 req-11157c0a-cb7b-4b39-bb0d-6988d4749786 ] Request (VolumesAdminNegativeTest:test_update_attached_volume_with_nonexistent_volume_in_uri): 200 GET http://10.180.1.21/compute/v2.1/servers/97231200-a76e-45fb-af5e-7a91411cb853 1.125s
2025-11-27 06:23:44.199 65624 INFO tempest.lib.common.rest_client [req-2737a353-3769-4383-a7ee-893f0ff46cf5 req-2737a353-3769-4383-a7ee-893f0ff46cf5 ] Request (ServerGroupTestJSON:_run_cleanups): 200 GET http://10.180.1.21/compute/v2.1/servers/b8f33d10-2126-4df0-96b2-f1c8235bec07 1.095s
2025-11-27 06:23:44.233 65640 INFO tempest.lib.common.rest_client [req-c2a0089d-c2d2-4181-b10d-a64eea0387f3 req-c2a0089d-c2d2-4181-b10d-a64eea0387f3 ] Request (VolumesTestJSON:test_volume_list_param_offset_and_limit): 200 GET http://10.180.1.21/compute/v2.1/os-volumes 1.054s
2025-11-27 06:23:44.312 65628 INFO tempest.lib.common.rest_client [req-dda8a8e5-2d9f-46a7-9066-e05b026d44c1 req-dda8a8e5-2d9f-46a7-9066-e05b026d44c1 ] Request (ListImageFiltersTestJSON:setUpClass): 204 PUT http://10.180.1.21/image/v2/images/6f14d18a-d491-4eb3-9431-75eed3f234df/file 0.651s
2025-11-27 06:23:44.374 65642 INFO tempest.lib.common.rest_client [req-fc86df83-6b92-48fb-98fb-9587f0c67553 req-fc86df83-6b92-48fb-98fb-9587f0c67553 ] Request (KeyPairsV22TestJSON:tearDownClass): 200 GET http://10.180.1.21/networking/v2.0/security-groups?tenant_id=70b8253664aa47df8265712b0e75efb0&name=default 0.728s
2025-11-27 06:23:44.700 65638 WARNING tempest.lib.common.ssh [-] Failed to establish authenticated ssh connection to cirros@10.180.180.153 ([Errno None] Unable to connect to port 22 on 10.180.180.153). Number attempts: 5. Retry after 6 seconds.: paramiko.ssh_exception.NoValidConnectionsError: [Errno None] Unable to connect to port 22 on 10.180.180.153
2025-11-27 06:23:44.869 65606 INFO tempest.lib.common.rest_client [req-1fcfd2c6-7fe1-4001-a828-a266910de850 req-1fcfd2c6-7fe1-4001-a828-a266910de850 ] Request (SecurityGroupRulesTestJSON:tearDownClass): 204 DELETE http://10.180.1.21/networking/v2.0/routers/4e4cc167-e0f6-4745-9f7d-7c2d4de90847 0.760s
2025-11-27 06:23:44.935 65614 INFO tempest.lib.common.rest_client [req-fa461202-56bd-4824-bbea-2995048cae28 req-fa461202-56bd-4824-bbea-2995048cae28 ] Request (MigrationsAdminTest:test_resize_server_revert_deleted_flavor): 200 GET http://10.180.1.21/compute/v2.1/servers/d89b0c0e-78ef-4182-a663-4d03da275bcb 1.718s
2025-11-27 06:23:45.045 65642 INFO tempest.lib.common.rest_client [req-d0d25cdd-1761-4e25-a371-3c85e53029a2 req-d0d25cdd-1761-4e25-a371-3c85e53029a2 ] Request (KeyPairsV22TestJSON:tearDownClass): 204 DELETE http://10.180.1.21/networking/v2.0/security-groups/c2d7aeb5-b5f4-45b2-9393-ca2a4d7db835 0.671s
2025-11-27 06:23:45.141 65642 INFO tempest.lib.common.rest_client [req-58b25136-3e11-4d94-8f36-c56eb7a56a23 req-58b25136-3e11-4d94-8f36-c56eb7a56a23 ] Request (KeyPairsV22TestJSON:tearDownClass): 204 DELETE http://10.180.1.21/identity/v3/projects/70b8253664aa47df8265712b0e75efb0 0.096s
