2025-11-27 06:22:16.293 65606 INFO tempest.lib.common.rest_client [req-8ba57bec-c800-4c66-ae55-cd951f38a7b2 req-8ba57bec-c800-4c66-ae55-cd951f38a7b2 ] Request (QuotasAdminNegativeTest:test_create_server_when_memory_quota_is_full): 201 POST http://10.180.1.21/identity/v3/auth/tokens 0.124s
2025-11-27 06:22:16.293 65606 INFO tempest.lib.common.fixed_network [-] (QuotasAdminNegativeTest:test_create_server_when_memory_quota_is_full) Found network None available for tenant
2025-11-27 06:22:16.358 65638 INFO tempest.lib.common.rest_client [req-afedee2d-d1d7-45b4-b257-cb7fbb9b7c71 req-afedee2d-d1d7-45b4-b257-cb7fbb9b7c71 ] Request (ServersWithSpecificFlavorTestJSON:test_verify_created_server_ephemeral_disk): 201 POST http://10.180.1.21/identity/v3/auth/tokens 0.081s
2025-11-27 06:22:16.359 65638 INFO tempest.lib.common.fixed_network [-] (ServersWithSpecificFlavorTestJSON:test_verify_created_server_ephemeral_disk) Found network {'id': 'b7d498b1-92c9-4ac6-8798-7902dd45f4f8', 'name': 'tempest-ServersWithSpecificFlavorTestJSON-885917278-network', 'tenant_id': '323d484996324877b1d12d464c611e7c', 'project_id': '323d484996324877b1d12d464c611e7c', 'admin_state_up': True, 'mtu': 8950, 'status': 'ACTIVE', 'subnets': [], 'shared': False, 'port_security_enabled': True, 'router:external': False, 'provider:network_type': 'vlan', 'provider:physical_network': 'default', 'provider:segmentation_id': 982, 'availability_zone_hints': [], 'availability_zones': [], 'ipv4_address_scope': None, 'ipv6_address_scope': None, 'description': '', 'tags': [], 'created_at': '2025-11-27T06:21:31Z', 'updated_at': '2025-11-27T06:21:31Z', 'revision_number': 1} available for tenant
2025-11-27 06:22:16.371 65600 INFO tempest.lib.common.rest_client [req-1c5e5085-d1c0-49e5-a83d-1f3bc1674bbc req-1c5e5085-d1c0-49e5-a83d-1f3bc1674bbc ] Request (ServerDiagnosticsV248Test:setUpClass): 201 POST http://10.180.1.21/identity/v3/auth/tokens 0.107s
2025-11-27 06:22:16.460 65600 INFO tempest.lib.common.rest_client [req-bde989e1-312b-451b-b45e-c3e1d1bcda58 req-bde989e1-312b-451b-b45e-c3e1d1bcda58 ] Request (ServerDiagnosticsV248Test:test_get_server_diagnostics): 201 POST http://10.180.1.21/identity/v3/auth/tokens 0.083s
2025-11-27 06:22:16.460 65600 INFO tempest.lib.common.fixed_network [-] (ServerDiagnosticsV248Test:test_get_server_diagnostics) Found network None available for tenant
2025-11-27 06:22:16.726 65636 INFO tempest.lib.common.rest_client [req-65ff6789-ab9b-49b7-a346-c5913f26351b req-65ff6789-ab9b-49b7-a346-c5913f26351b ] Request (InstanceActionsNegativeTestJSON:setUpClass): 200 GET http://10.180.1.21/compute/v2.1/servers/2ab801d2-3234-41e3-83a6-16a07a9c5350 3.188s
2025-11-27 06:22:16.799 65650 INFO tempest.lib.common.rest_client [req-7381343b-c15d-4213-aea6-7af11289c7cf req-7381343b-c15d-4213-aea6-7af11289c7cf ] Request (ListServersNegativeTestJSON:setUpClass): 200 GET http://10.180.1.21/compute/v2.1/servers/cdf52329-f48a-4f42-b2f0-e0be2b9b0795 3.493s
2025-11-27 06:22:16.901 65626 INFO tempest.lib.common.rest_client [req-8766adab-cb61-4713-8eff-c7ec157d41a6 req-8766adab-cb61-4713-8eff-c7ec157d41a6 ] Request (VolumesAssistedSnapshotsTest:test_volume_assisted_snapshot_create_delete): 200 GET http://10.180.1.21/compute/v2.1/servers/9c309d41-4126-4521-a347-5e9e8d17e0ea 3.315s
2025-11-27 06:22:16.911 65626 INFO tempest.common.waiters [-] State transition "BUILD/spawning" ==> "ACTIVE/None" after 28 second wait
2025-11-27 06:22:16.943 65618 INFO tempest.lib.common.rest_client [req-29a600d9-0712-419d-85d3-a9d5578cb215 req-29a600d9-0712-419d-85d3-a9d5578cb215 ] Request (ServersAdmin275Test:_run_cleanups): 200 GET http://10.180.1.21/compute/v2.1/servers/28d072ce-7ba7-4b6d-b484-37f14c902daa 3.122s
2025-11-27 06:22:16.971 65596 INFO tempest.lib.common.rest_client [req-5100c20b-f4c7-4fe4-9be4-635e7b7be422 req-5100c20b-f4c7-4fe4-9be4-635e7b7be422 ] Request (ServerExternalEventsTest:tearDownClass): 404 GET http://10.180.1.21/compute/v2.1/servers/75d53f6d-e0e9-4919-8844-458d4fb354bc 2.854s
2025-11-27 06:22:16.997 65632 INFO tempest.lib.common.rest_client [req-0a4f694f-db8b-4fc6-8741-d12f39c6d78c req-0a4f694f-db8b-4fc6-8741-d12f39c6d78c ] Request (ServersAaction247Test:test_create_backup): 200 GET http://10.180.1.21/compute/v2.1/servers/592dcf4d-bdad-466e-8830-c602f04740db 3.003s
2025-11-27 06:22:17.000 65620 INFO tempest.lib.common.rest_client [req-583581bb-7f3e-41a9-89ec-a10a7864ec3f req-583581bb-7f3e-41a9-89ec-a10a7864ec3f ] Request (AggregatesAdminNegativeTestJSON:test_aggregate_add_non_exist_host): 404 POST http://10.180.1.21/compute/v2.1/os-aggregates/3/action 2.870s
2025-11-27 06:22:17.002 65622 INFO tempest.lib.common.rest_client [req-85e0ab07-5206-43b6-a9ac-2e860fbbcaf9 req-85e0ab07-5206-43b6-a9ac-2e860fbbcaf9 ] Request (AttachInterfacesUnderV243Test:test_add_remove_fixed_ip): 200 PUT http://10.180.1.21/networking/v2.0/floatingips/b8f06b9f-a024-4aac-bf58-c26d0f18b8dc 1.029s
2025-11-27 06:22:17.011 65648 INFO tempest.lib.common.rest_client [req-7d62d4db-8d47-4d97-8428-c75229b30e29 req-7d62d4db-8d47-4d97-8428-c75229b30e29 ] Request (HostsAdminNegativeTestJSON:test_reboot_nonexistent_host): 404 GET http://10.180.1.21/compute/v2.1/os-hosts/nonexistent_hostname/reboot 2.779s
2025-11-27 06:22:17.059 65594 INFO tempest.lib.common.rest_client [req-bf8c07d8-8820-42e3-b17f-89124418ce5c req-bf8c07d8-8820-42e3-b17f-89124418ce5c ] Request (ServerDiagnosticsNegativeTest:test_get_server_diagnostics_by_non_admin): 200 GET http://10.180.1.21/compute/v2.1/servers/74e18519-2193-4a77-be0b-131af51b3172 2.834s
2025-11-27 06:22:17.125 65596 INFO tempest.lib.common.rest_client [req-ef9f9af9-3bcf-444f-b310-e51cdb290816 req-ef9f9af9-3bcf-444f-b310-e51cdb290816 ] Request (ServerExternalEventsTest:tearDownClass): 204 DELETE http://10.180.1.21/identity/v3/users/3649b3f7e817478fb20e98bf6e6559bc 0.154s
2025-11-27 06:22:17.171 65598 INFO tempest.lib.common.rest_client [req-eb6ef0b4-a6ec-4b9e-a633-6ef4e45ea31e req-eb6ef0b4-a6ec-4b9e-a633-6ef4e45ea31e ] Request (ServersAdminNegativeTestJSON:setUpClass): 200 GET http://10.180.1.21/compute/v2.1/servers/97828df1-2130-4b65-a273-45d8ed14fcf4 2.460s
2025-11-27 06:22:17.180 65598 INFO tempest.common.waiters [-] State transition "BUILD/spawning" ==> "ACTIVE/None" after 27 second wait
2025-11-27 06:22:17.226 65596 INFO tempest.lib.common.rest_client [req-2633f026-9a9b-4e66-8d4c-c48e4266a22a req-2633f026-9a9b-4e66-8d4c-c48e4266a22a ] Request (ServerExternalEventsTest:tearDownClass): 204 DELETE http://10.180.1.21/identity/v3/users/718300bc1af148f68f45ee1591dd39e9 0.100s
2025-11-27 06:22:17.275 65628 INFO tempest.lib.common.rest_client [req-45756a60-fa4e-4246-96d0-008cc00075da req-45756a60-fa4e-4246-96d0-008cc00075da ] Request (DeleteServersAdminTestJSON:test_delete_server_while_in_error_state): 202 POST http://10.180.1.21/compute/v2.1/servers 2.824s
2025-11-27 06:22:17.346 65604 INFO tempest.lib.common.rest_client [req-8856961e-a194-4818-9786-4a36aef61a51 req-8856961e-a194-4818-9786-4a36aef61a51 ] Request (ServerDiskConfigTestJSON:test_rebuild_server_with_auto_disk_config): 200 GET http://10.180.1.21/compute/v2.1/servers/57c2de27-0dd4-4c02-b4fb-4ef3c61d10b8 2.408s
2025-11-27 06:22:17.351 65602 INFO tempest.lib.common.rest_client [req-66fdc105-ba79-45d2-9e35-58eaf8a74f70 req-66fdc105-ba79-45d2-9e35-58eaf8a74f70 ] Request (ServersTestBootFromVolume:setUpClass): 200 GET http://10.180.1.21/compute/v2.1/servers/26913e71-0d09-4036-bc5e-b249ee79dfa0 2.479s
2025-11-27 06:22:17.377 65640 INFO tempest.lib.common.rest_client [req-6993e10a-3b0c-4e03-b565-6a9905d20f46 req-6993e10a-3b0c-4e03-b565-6a9905d20f46 ] Request (ServerTagsTestJSON:test_check_tag_existence): 204 GET http://10.180.1.21/compute/v2.1/servers/a65fd9db-951c-42be-a38e-03edc0bb1ef1/tags/tempest-tag-354748513 2.274s
2025-11-27 06:22:17.451 65642 INFO tempest.lib.common.rest_client [req-81efc655-e367-4a44-8b09-b964a8eb8c59 req-81efc655-e367-4a44-8b09-b964a8eb8c59 ] Request (ImagesNegativeTestJSON:test_create_image_from_deleted_server): 200 GET http://10.180.1.21/compute/v2.1/servers/c556e8ea-5e76-4506-89b6-dcc49a3ae8b2 2.347s
2025-11-27 06:22:17.454 65654 INFO tempest.lib.common.rest_client [req-b802bb54-e092-42f5-b794-f067677399b8 req-b802bb54-e092-42f5-b794-f067677399b8 ] Request (ServersV294TestFqdnHostnames:setUpClass): 200 GET http://10.180.1.21/compute/v2.1/servers/51b523be-ee26-4492-b99f-f229fe0ec518 2.473s
2025-11-27 06:22:17.470 65596 INFO tempest.lib.common.rest_client [req-07c7fb68-5364-4f10-8faf-8c30ad3923a8 req-07c7fb68-5364-4f10-8faf-8c30ad3923a8 ] Request (ServerExternalEventsTest:tearDownClass): 204 DELETE http://10.180.1.21/identity/v3/users/aa1165bbd017460e925d70622738be24 0.243s
2025-11-27 06:22:17.471 65596 INFO tempest.lib.common.dynamic_creds [-] Deleting project and security group for project: 47bf1ff2bf84483d891094a1785b03cf
2025-11-27 06:22:17.495 65624 INFO tempest.lib.common.rest_client [req-f6c7aa04-3f74-4079-8bfc-c75c0d822702 req-f6c7aa04-3f74-4079-8bfc-c75c0d822702 ] Request (ServerGroupTestJSON:test_create_delete_multiple_server_groups_with_same_name_policy): 204 DELETE http://10.180.1.21/compute/v2.1/os-server-groups/c4d5a086-56e5-4de7-a9c3-92a3024a3ea8 2.088s
2025-11-27 06:22:17.525 65610 INFO tempest.lib.common.rest_client [req-261b434a-9b96-434e-b563-7eb329494994 req-261b434a-9b96-434e-b563-7eb329494994 ] Request (FlavorsExtraSpecsNegativeTestJSON:tearDownClass): 200 GET http://10.180.1.21/compute/v2.1/flavors/detail 2.100s
2025-11-27 06:22:17.538 65634 INFO tempest.lib.common.rest_client [req-04e04e10-0bcb-4d60-a996-b5fb81d6d1bf req-04e04e10-0bcb-4d60-a996-b5fb81d6d1bf ] Request (FlavorsExtraSpecsTestJSON:test_flavor_set_get_update_show_unset_keys): 200 GET http://10.180.1.21/compute/v2.1/flavors/315381795/os-extra_specs 1.804s
2025-11-27 06:22:17.564 65596 INFO tempest.lib.common.rest_client [req-d47d0f55-fc69-4de8-8a3d-a2c88edb3c03 req-d47d0f55-fc69-4de8-8a3d-a2c88edb3c03 ] Request (ServerExternalEventsTest:tearDownClass): 201 POST http://10.180.1.21/identity/v3/auth/tokens 0.093s
2025-11-27 06:22:17.613 65644 INFO tempest.lib.common.rest_client [req-d26d63f6-5c77-49b4-857a-eb1b06c58a15 req-d26d63f6-5c77-49b4-857a-eb1b06c58a15 ] Request (SecurityGroupRulesNegativeTestJSON:test_create_security_group_rule_duplicate): 200 POST http://10.180.1.21/compute/v2.1/os-security-group-rules 2.343s
2025-11-27 06:22:17.669 65610 INFO tempest.lib.common.rest_client [req-bb4df15f-6eef-4ba1-ac42-56655791223d req-bb4df15f-6eef-4ba1-ac42-56655791223d ] Request (FlavorsExtraSpecsNegativeTestJSON:tearDownClass): 204 DELETE http://10.180.1.21/identity/v3/users/b6f2df8867494bbc8835062faf8a0101 0.135s
2025-11-27 06:22:17.691 65646 INFO tempest.lib.common.rest_client [req-12422042-6e70-48ea-be24-52abc802185e req-12422042-6e70-48ea-be24-52abc802185e ] Request (SecurityGroupsTestAdminJSON:_run_cleanups): 202 DELETE http://10.180.1.21/compute/v2.1/os-security-groups/a5618497-6d18-453a-a5f3-d432b1945eb8 1.807s
2025-11-27 06:22:17.798 65610 INFO tempest.lib.common.rest_client [req-5437cc0e-2035-4dbc-bd68-a4f5d95fb700 req-5437cc0e-2035-4dbc-bd68-a4f5d95fb700 ] Request (FlavorsExtraSpecsNegativeTestJSON:tearDownClass): 204 DELETE http://10.180.1.21/identity/v3/users/99cf9ffe49f84d83bc0bb42415bfd55a 0.128s
2025-11-27 06:22:17.798 65610 INFO tempest.lib.common.dynamic_creds [-] Deleting project and security group for project: c7a076ddc73a4ba6a421c29824c3a84e
2025-11-27 06:22:17.808 65646 INFO tempest.lib.common.rest_client [req-0130423d-0f4c-4b0f-b31a-02f7281ab63e req-0130423d-0f4c-4b0f-b31a-02f7281ab63e ] Request (SecurityGroupsTestAdminJSON:tearDownClass): 204 DELETE http://10.180.1.21/identity/v3/users/89707bf67a834485a153cd0731b97568 0.112s
2025-11-27 06:22:17.850 65596 INFO tempest.lib.common.rest_client [req-d1f43559-9e1c-454b-a5d9-b680f184ac21 req-d1f43559-9e1c-454b-a5d9-b680f184ac21 ] Request (ServerExternalEventsTest:tearDownClass): 200 GET http://10.180.1.21/networking/v2.0/security-groups?tenant_id=47bf1ff2bf84483d891094a1785b03cf&name=default 0.286s
2025-11-27 06:22:17.864 65610 INFO tempest.lib.common.rest_client [req-47531fb8-3164-4363-8baf-527d3edbf471 req-47531fb8-3164-4363-8baf-527d3edbf471 ] Request (FlavorsExtraSpecsNegativeTestJSON:tearDownClass): 201 POST http://10.180.1.21/identity/v3/auth/tokens 0.066s
2025-11-27 06:22:17.956 65596 INFO tempest.lib.common.rest_client [req-3e1e3143-5331-422a-913f-5182567a8eae req-3e1e3143-5331-422a-913f-5182567a8eae ] Request (ServerExternalEventsTest:tearDownClass): 204 DELETE http://10.180.1.21/networking/v2.0/security-groups/781e3114-70b0-485c-b4e6-5fa9e63262fe 0.104s
2025-11-27 06:22:17.962 65646 INFO tempest.lib.common.rest_client [req-2de1a5f5-4da7-43c4-afe3-befc49b0e64d req-2de1a5f5-4da7-43c4-afe3-befc49b0e64d ] Request (SecurityGroupsTestAdminJSON:tearDownClass): 204 DELETE http://10.180.1.21/identity/v3/users/b561245eabed49ba881e7b9a4c8170ea 0.153s
2025-11-27 06:22:17.962 65646 INFO tempest.lib.common.dynamic_creds [-] Deleting project and security group for project: ecec6789803849789935d7eea3d1da09
2025-11-27 06:22:18.085 65596 INFO tempest.lib.common.rest_client [req-4a46eba7-3027-4af2-824a-eddc2d03adcd req-4a46eba7-3027-4af2-824a-eddc2d03adcd ] Request (ServerExternalEventsTest:tearDownClass): 204 DELETE http://10.180.1.21/identity/v3/projects/47bf1ff2bf84483d891094a1785b03cf 0.129s
2025-11-27 06:22:18.085 65596 INFO tempest.lib.common.dynamic_creds [-] Deleting project and security group for project: dd2e392731124533b8fe9e4867851b31
2025-11-27 06:22:18.109 65656 INFO tempest.lib.common.rest_client [req-9666b979-b1ef-4552-9404-6b17bff31b15 req-9666b979-b1ef-4552-9404-6b17bff31b15 ] Request (QuotasAdminTestJSON:test_update_all_quota_resources_for_tenant): 200 PUT http://10.180.1.21/compute/v2.1/os-quota-sets/5570d9bc4d0d4c9889cacc61acabe28f 1.889s
2025-11-27 06:22:18.122 65612 INFO tempest.lib.common.rest_client [req-52bd15c8-bf4b-4520-8603-414d8513188f req-52bd15c8-bf4b-4520-8603-414d8513188f ] Request (FlavorsV2TestJSON:test_list_flavors_detailed_filter_by_min_disk): 200 GET http://10.180.1.21/compute/v2.1/flavors/42 1.879s
2025-11-27 06:22:18.172 65646 INFO tempest.lib.common.rest_client [req-60579d5f-9292-41f2-b6e4-f9bcc5685e16 req-60579d5f-9292-41f2-b6e4-f9bcc5685e16 ] Request (SecurityGroupsTestAdminJSON:tearDownClass): 201 POST http://10.180.1.21/identity/v3/auth/tokens 0.210s
2025-11-27 06:22:18.203 65610 INFO tempest.lib.common.rest_client [req-4f89a0e7-b002-4454-9a34-9cc7eac94634 req-4f89a0e7-b002-4454-9a34-9cc7eac94634 ] Request (FlavorsExtraSpecsNegativeTestJSON:tearDownClass): 200 GET http://10.180.1.21/networking/v2.0/security-groups?tenant_id=c7a076ddc73a4ba6a421c29824c3a84e&name=default 0.339s
2025-11-27 06:22:18.332 65596 INFO tempest.lib.common.rest_client [req-40f35bbd-2bba-4be7-9fc5-2766a87ddae3 req-40f35bbd-2bba-4be7-9fc5-2766a87ddae3 ] Request (ServerExternalEventsTest:tearDownClass): 200 GET http://10.180.1.21/networking/v2.0/security-groups?tenant_id=dd2e392731124533b8fe9e4867851b31&name=default 0.246s
2025-11-27 06:22:18.396 65646 INFO tempest.lib.common.rest_client [req-70ca6266-e668-4449-955e-91fe83795041 req-70ca6266-e668-4449-955e-91fe83795041 ] Request (SecurityGroupsTestAdminJSON:tearDownClass): 200 GET http://10.180.1.21/networking/v2.0/security-groups?tenant_id=ecec6789803849789935d7eea3d1da09&name=default 0.223s
2025-11-27 06:22:18.435 65610 INFO tempest.lib.common.rest_client [req-4f0e7c35-a959-4e11-9458-dad09a80045b req-4f0e7c35-a959-4e11-9458-dad09a80045b ] Request (FlavorsExtraSpecsNegativeTestJSON:tearDownClass): 204 DELETE http://10.180.1.21/networking/v2.0/security-groups/41c08733-c65e-4028-8d8a-97e09a05bba2 0.231s
2025-11-27 06:22:18.521 65610 INFO tempest.lib.common.rest_client [req-212b0994-29f2-46c8-8bd3-0248b1e5f0af req-212b0994-29f2-46c8-8bd3-0248b1e5f0af ] Request (FlavorsExtraSpecsNegativeTestJSON:tearDownClass): 204 DELETE http://10.180.1.21/identity/v3/projects/c7a076ddc73a4ba6a421c29824c3a84e 0.086s
2025-11-27 06:22:18.522 65610 INFO tempest.lib.common.dynamic_creds [-] Deleting project and security group for project: 1a95291a11094bf2bd2a18290a6f0fd7
2025-11-27 06:22:18.539 65596 INFO tempest.lib.common.rest_client [req-fa1dafee-0592-4541-91eb-63a938009c59 req-fa1dafee-0592-4541-91eb-63a938009c59 ] Request (ServerExternalEventsTest:tearDownClass): 204 DELETE http://10.180.1.21/networking/v2.0/security-groups/c08ef3f6-4c0b-45ab-8834-bdc25982cb5d 0.207s
2025-11-27 06:22:18.596 65646 INFO tempest.lib.common.rest_client [req-f1ca6063-d58f-4b7a-86f6-b1c88e2e9da1 req-f1ca6063-d58f-4b7a-86f6-b1c88e2e9da1 ] Request (SecurityGroupsTestAdminJSON:tearDownClass): 204 DELETE http://10.180.1.21/networking/v2.0/security-groups/0722f93e-8a3d-413b-8052-0082b5ea833d 0.200s
2025-11-27 06:22:18.627 65630 INFO tempest.lib.common.rest_client [req-78f7ff1e-8e5c-415d-88f9-96b602d77077 req-78f7ff1e-8e5c-415d-88f9-96b602d77077 ] Request (FloatingIPDetailsTestJSON:test_get_floating_ip_details): 200 POST http://10.180.1.21/compute/v2.1/os-floating-ips 2.694s
2025-11-27 06:22:18.662 65596 INFO tempest.lib.common.rest_client [req-6620f10f-9382-4572-8996-c99cd11e9f64 req-6620f10f-9382-4572-8996-c99cd11e9f64 ] Request (ServerExternalEventsTest:tearDownClass): 204 DELETE http://10.180.1.21/identity/v3/projects/dd2e392731124533b8fe9e4867851b31 0.122s
2025-11-27 06:22:18.662 65596 INFO tempest.lib.common.dynamic_creds [-] Deleting project and security group for project: e43af556109546709bd50f030726acb9
2025-11-27 06:22:18.696 65606 INFO tempest.lib.common.rest_client [req-0bcbb1c8-92ac-4c2f-95b8-96af890fdcbe req-0bcbb1c8-92ac-4c2f-95b8-96af890fdcbe ] Request (QuotasAdminNegativeTest:test_create_server_when_memory_quota_is_full): 403 POST http://10.180.1.21/compute/v2.1/servers 2.402s
2025-11-27 06:22:18.701 65596 INFO tempest.lib.common.rest_client [req-d1afa2c5-9b64-4dcc-82b1-c044fa2fff96 req-d1afa2c5-9b64-4dcc-82b1-c044fa2fff96 ] Request (ServerExternalEventsTest:tearDownClass): 200 GET http://10.180.1.21/networking/v2.0/security-groups?tenant_id=e43af556109546709bd50f030726acb9&name=default 0.039s
2025-11-27 06:22:18.716 65610 INFO tempest.lib.common.rest_client [req-bde440dd-1faf-423c-ad06-17eb96e82d10 req-bde440dd-1faf-423c-ad06-17eb96e82d10 ] Request (FlavorsExtraSpecsNegativeTestJSON:tearDownClass): 200 GET http://10.180.1.21/networking/v2.0/security-groups?tenant_id=1a95291a11094bf2bd2a18290a6f0fd7&name=default 0.194s
2025-11-27 06:22:18.723 65646 INFO tempest.lib.common.rest_client [req-2d29edb8-777a-4ecc-8c3d-e42cde2414ef req-2d29edb8-777a-4ecc-8c3d-e42cde2414ef ] Request (SecurityGroupsTestAdminJSON:tearDownClass): 204 DELETE http://10.180.1.21/identity/v3/projects/ecec6789803849789935d7eea3d1da09 0.126s
2025-11-27 06:22:18.724 65646 INFO tempest.lib.common.dynamic_creds [-] Deleting project and security group for project: ae82280c2a1143b89a3c52ed4227ef1b
2025-11-27 06:22:18.811 65596 INFO tempest.lib.common.rest_client [req-206e4077-98b1-466f-bfc5-26721ffcc310 req-206e4077-98b1-466f-bfc5-26721ffcc310 ] Request (ServerExternalEventsTest:tearDownClass): 204 DELETE http://10.180.1.21/networking/v2.0/security-groups/9389aaed-1ad6-48d4-af15-236c6a035cba 0.109s
2025-11-27 06:22:18.811 65610 INFO tempest.lib.common.rest_client [req-82329fee-2738-4ebd-a8d0-994bd04af2a0 req-82329fee-2738-4ebd-a8d0-994bd04af2a0 ] Request (FlavorsExtraSpecsNegativeTestJSON:tearDownClass): 204 DELETE http://10.180.1.21/networking/v2.0/security-groups/356c8f6a-b855-49ea-a4ad-3de28059fd0e 0.095s
2025-11-27 06:22:18.834 65646 INFO tempest.lib.common.rest_client [req-7e05a6e9-64d0-4a97-be7e-8878d2a3704c req-7e05a6e9-64d0-4a97-be7e-8878d2a3704c ] Request (SecurityGroupsTestAdminJSON:tearDownClass): 200 GET http://10.180.1.21/networking/v2.0/security-groups?tenant_id=ae82280c2a1143b89a3c52ed4227ef1b&name=default 0.109s
2025-11-27 06:22:18.900 65596 INFO tempest.lib.common.rest_client [req-a141b34d-7d12-47f3-8794-7e63a3a3fd2d req-a141b34d-7d12-47f3-8794-7e63a3a3fd2d ] Request (ServerExternalEventsTest:tearDownClass): 204 DELETE http://10.180.1.21/identity/v3/projects/e43af556109546709bd50f030726acb9 0.088s
2025-11-27 06:22:18.908 65610 INFO tempest.lib.common.rest_client [req-60e60195-f9ae-4c1d-96ca-0a88fd12cbde req-60e60195-f9ae-4c1d-96ca-0a88fd12cbde ] Request (FlavorsExtraSpecsNegativeTestJSON:tearDownClass): 204 DELETE http://10.180.1.21/identity/v3/projects/1a95291a11094bf2bd2a18290a6f0fd7 0.096s
2025-11-27 06:22:18.934 65600 INFO tempest.lib.common.rest_client [req-6e5953cb-3645-4ca3-868a-141dd6ae2d2b req-6e5953cb-3645-4ca3-868a-141dd6ae2d2b ] Request (ServerDiagnosticsV248Test:test_get_server_diagnostics): 202 POST http://10.180.1.21/compute/v2.1/servers 2.473s
2025-11-27 06:22:18.936 65646 INFO tempest.lib.common.rest_client [req-d7737c02-5559-4166-a150-cd4894d53f48 req-d7737c02-5559-4166-a150-cd4894d53f48 ] Request (SecurityGroupsTestAdminJSON:tearDownClass): 204 DELETE http://10.180.1.21/networking/v2.0/security-groups/91d39348-fb46-4ac2-9b05-0d1f021b5e3d 0.102s
2025-11-27 06:22:18.964 65596 INFO tempest.lib.common.rest_client [req-2b035e78-3d09-4833-b20a-eb28e5f94fd9 req-2b035e78-3d09-4833-b20a-eb28e5f94fd9 ] Request (FloatingIPsNegativeTestJSON:setUpClass): 201 POST http://10.180.1.21/identity/v3/auth/tokens 0.063s
2025-11-27 06:22:18.969 65610 INFO tempest.lib.common.rest_client [req-2646b165-5301-4a60-af18-f3947b9539d0 req-2646b165-5301-4a60-af18-f3947b9539d0 ] Request (HypervisorAdminUnderV252Test:setUpClass): 201 POST http://10.180.1.21/identity/v3/auth/tokens 0.059s
2025-11-27 06:22:18.995 65596 INFO tempest.lib.common.rest_client [req-7174d1d6-6bc0-4b8a-a1f3-319ff7875fb6 req-7174d1d6-6bc0-4b8a-a1f3-319ff7875fb6 ] Request (FloatingIPsNegativeTestJSON:setUpClass): 201 POST http://10.180.1.21/identity/v3/auth/tokens 0.029s
2025-11-27 06:22:19.034 65646 INFO tempest.lib.common.rest_client [req-9fdda9f8-eae1-4411-96b0-f9e5ecb7e5fd req-9fdda9f8-eae1-4411-96b0-f9e5ecb7e5fd ] Request (SecurityGroupsTestAdminJSON:tearDownClass): 204 DELETE http://10.180.1.21/identity/v3/projects/ae82280c2a1143b89a3c52ed4227ef1b 0.098s
2025-11-27 06:22:19.058 65610 INFO tempest.lib.common.rest_client [req-e15c879e-294a-4670-95ca-9c9da33e3255 req-e15c879e-294a-4670-95ca-9c9da33e3255 ] Request (HypervisorAdminUnderV252Test:setUpClass): 201 POST http://10.180.1.21/identity/v3/auth/tokens 0.085s
2025-11-27 06:22:19.081 65646 INFO tempest.lib.common.rest_client [req-07fff6e0-812d-4073-931a-7822fdbdf355 req-07fff6e0-812d-4073-931a-7822fdbdf355 ] Request (ServerDiagnosticsTest:setUpClass): 201 POST http://10.180.1.21/identity/v3/auth/tokens 0.045s
2025-11-27 06:22:19.088 65596 INFO tempest.lib.common.rest_client [req-da4df737-8d06-4f3b-847b-abfa7f141e79 req-da4df737-8d06-4f3b-847b-abfa7f141e79 ] Request (FloatingIPsNegativeTestJSON:setUpClass): 200 GET http://10.180.1.21/identity/v3/domains?name=Default 0.092s
2025-11-27 06:22:19.092 65614 INFO tempest.lib.common.rest_client [req-755942fa-b6f9-442d-9c35-35bffe21fdc4 req-755942fa-b6f9-442d-9c35-35bffe21fdc4 ] Request (MigrationsAdminTest:test_list_migrations_in_flavor_resize_situation): 200 GET http://10.180.1.21/compute/v2.1/servers/b9f5aef9-ad6c-4afe-be13-ca78d7680f3b 2.369s
2025-11-27 06:22:19.104 65610 INFO tempest.lib.common.rest_client [req-20eda92c-75cb-40ab-b86d-ad304e65598c req-20eda92c-75cb-40ab-b86d-ad304e65598c ] Request (HypervisorAdminUnderV252Test:setUpClass): 200 GET http://10.180.1.21/identity/v3/domains?name=Default 0.046s
2025-11-27 06:22:19.111 65646 INFO tempest.lib.common.rest_client [req-e6dd005b-dcca-46f6-a922-5ab8972d5b4d req-e6dd005b-dcca-46f6-a922-5ab8972d5b4d ] Request (ServerDiagnosticsTest:setUpClass): 201 POST http://10.180.1.21/identity/v3/auth/tokens 0.026s
2025-11-27 06:22:19.129 65596 INFO tempest.lib.common.rest_client [req-c7033ecb-3e0f-4e22-b4d3-5e08fb1ae6c2 req-c7033ecb-3e0f-4e22-b4d3-5e08fb1ae6c2 ] Request (FloatingIPsNegativeTestJSON:setUpClass): 201 POST http://10.180.1.21/identity/v3/projects 0.041s
2025-11-27 06:22:19.135 65638 INFO tempest.lib.common.rest_client [req-054596d3-72af-4a2a-b326-c1fca875fc20 req-054596d3-72af-4a2a-b326-c1fca875fc20 ] Request (ServersWithSpecificFlavorTestJSON:test_verify_created_server_ephemeral_disk): 202 POST http://10.180.1.21/compute/v2.1/servers 2.774s
2025-11-27 06:22:19.137 65610 INFO tempest.lib.common.rest_client [req-2c84eb5f-b056-4f9e-898d-57ec9df3e06c req-2c84eb5f-b056-4f9e-898d-57ec9df3e06c ] Request (HypervisorAdminUnderV252Test:setUpClass): 201 POST http://10.180.1.21/identity/v3/projects 0.032s
2025-11-27 06:22:19.181 65650 INFO tempest.lib.common.rest_client [req-a8291940-fe86-439c-b3e4-174da290b639 req-a8291940-fe86-439c-b3e4-174da290b639 ] Request (ListServersNegativeTestJSON:setUpClass): 204 DELETE http://10.180.1.21/compute/v2.1/servers/cdf52329-f48a-4f42-b2f0-e0be2b9b0795 2.371s
2025-11-27 06:22:19.207 65646 INFO tempest.lib.common.rest_client [req-ab6f433b-413d-4993-9a25-76ee3498726b req-ab6f433b-413d-4993-9a25-76ee3498726b ] Request (ServerDiagnosticsTest:setUpClass): 200 GET http://10.180.1.21/identity/v3/domains?name=Default 0.095s
2025-11-27 06:22:19.214 65620 INFO tempest.lib.common.rest_client [req-26540252-2d6f-406a-ace1-f1be29a1fc4b req-26540252-2d6f-406a-ace1-f1be29a1fc4b ] Request (AggregatesAdminNegativeTestJSON:_run_cleanups): 200 DELETE http://10.180.1.21/compute/v2.1/os-aggregates/3 2.213s
2025-11-27 06:22:19.219 65596 INFO tempest.lib.common.rest_client [req-0431646e-6f82-4ccb-85d4-947afe18b623 req-0431646e-6f82-4ccb-85d4-947afe18b623 ] Request (FloatingIPsNegativeTestJSON:setUpClass): 201 POST http://10.180.1.21/identity/v3/users 0.089s
2025-11-27 06:22:19.233 65610 INFO tempest.lib.common.rest_client [req-a2e056a0-c853-43fc-b73b-c83f31b3d584 req-a2e056a0-c853-43fc-b73b-c83f31b3d584 ] Request (HypervisorAdminUnderV252Test:setUpClass): 201 POST http://10.180.1.21/identity/v3/users 0.096s
2025-11-27 06:22:19.250 65646 INFO tempest.lib.common.rest_client [req-3297bc32-11fd-4db6-9459-e73c783485c9 req-3297bc32-11fd-4db6-9459-e73c783485c9 ] Request (ServerDiagnosticsTest:setUpClass): 201 POST http://10.180.1.21/identity/v3/projects 0.042s
2025-11-27 06:22:19.259 65596 INFO tempest.lib.common.rest_client [req-e732dbb7-4d16-4fb0-b013-167b8dff75e1 req-e732dbb7-4d16-4fb0-b013-167b8dff75e1 ] Request (FloatingIPsNegativeTestJSON:setUpClass): 200 GET http://10.180.1.21/identity/v3/roles 0.039s
2025-11-27 06:22:19.260 65626 INFO tempest.lib.common.rest_client [req-db0b86d2-fc10-40cb-ba86-3d78c343a16d req-db0b86d2-fc10-40cb-ba86-3d78c343a16d ] Request (VolumesAssistedSnapshotsTest:test_volume_assisted_snapshot_create_delete): 200 GET http://10.180.1.21/compute/v2.1/servers/9c309d41-4126-4521-a347-5e9e8d17e0ea/os-interface 2.348s
2025-11-27 06:22:19.276 65648 INFO tempest.lib.common.rest_client [req-363ac99b-e9b8-402c-8d5e-b07e0b6568a6 req-363ac99b-e9b8-402c-8d5e-b07e0b6568a6 ] Request (HostsAdminNegativeTestJSON:test_show_host_detail_with_non_admin_user): 403 GET http://10.180.1.21/compute/v2.1/os-hosts/devstack 2.263s
2025-11-27 06:22:19.311 65610 INFO tempest.lib.common.rest_client [req-c510c6fc-6522-4520-8102-a965caea25c9 req-c510c6fc-6522-4520-8102-a965caea25c9 ] Request (HypervisorAdminUnderV252Test:setUpClass): 200 GET http://10.180.1.21/identity/v3/roles 0.078s
2025-11-27 06:22:19.330 65646 INFO tempest.lib.common.rest_client [req-8f1221ba-c9da-4801-b698-b08fa3293c49 req-8f1221ba-c9da-4801-b698-b08fa3293c49 ] Request (ServerDiagnosticsTest:setUpClass): 201 POST http://10.180.1.21/identity/v3/users 0.079s
2025-11-27 06:22:19.338 65596 INFO tempest.lib.common.rest_client [req-8c1538f3-dd53-4ace-9730-b3586cd28e43 req-8c1538f3-dd53-4ace-9730-b3586cd28e43 ] Request (FloatingIPsNegativeTestJSON:setUpClass): 204 PUT http://10.180.1.21/identity/v3/projects/d328be04c4e0484b842c6c70259eed45/users/09e30bd82e5c4aae8570c320a19f5e74/roles/285d0d319a16468db2c2503dac371efd 0.078s
2025-11-27 06:22:19.338 65596 INFO tempest.lib.common.dynamic_creds [-] Dynamic test user 09e30bd82e5c4aae8570c320a19f5e74 is created with scope project and roles: ['member']
2025-11-27 06:22:19.338 65596 INFO tempest.lib.common.dynamic_creds [-] Acquired dynamic creds: credentials: Credentials: {'domain_id': 'default', 'domain_name': 'Default', 'username': 'tempest-FloatingIPsNegativeTestJSON-807519445-project-member', 'project_domain_id': 'default', 'project_domain_name': 'Default', 'project_id': 'd328be04c4e0484b842c6c70259eed45', 'project_name': 'tempest-FloatingIPsNegativeTestJSON-807519445', 'tenant_id': 'd328be04c4e0484b842c6c70259eed45', 'tenant_name': 'tempest-FloatingIPsNegativeTestJSON-807519445', 'user_domain_id': 'default', 'user_domain_name': 'Default', 'user_id': '09e30bd82e5c4aae8570c320a19f5e74', 'system': None}, Network: None, Subnet: None, Router: None
2025-11-27 06:22:19.402 65610 INFO tempest.lib.common.rest_client [req-64a1bead-dd12-4327-a058-bb2e2cb488a3 req-64a1bead-dd12-4327-a058-bb2e2cb488a3 ] Request (HypervisorAdminUnderV252Test:setUpClass): 204 PUT http://10.180.1.21/identity/v3/projects/696b9488f8074d6ab81f7b3a8e213c4a/users/ed036d52abfd4370bc7f12485f68e9c0/roles/285d0d319a16468db2c2503dac371efd 0.090s
2025-11-27 06:22:19.403 65610 INFO tempest.lib.common.dynamic_creds [-] Dynamic test user ed036d52abfd4370bc7f12485f68e9c0 is created with scope project and roles: ['member']
2025-11-27 06:22:19.403 65610 INFO tempest.lib.common.dynamic_creds [-] Acquired dynamic creds: credentials: Credentials: {'domain_id': 'default', 'domain_name': 'Default', 'username': 'tempest-HypervisorAdminUnderV252Test-1882958367-project-member', 'project_domain_id': 'default', 'project_domain_name': 'Default', 'project_id': '696b9488f8074d6ab81f7b3a8e213c4a', 'project_name': 'tempest-HypervisorAdminUnderV252Test-1882958367', 'tenant_id': '696b9488f8074d6ab81f7b3a8e213c4a', 'tenant_name': 'tempest-HypervisorAdminUnderV252Test-1882958367', 'user_domain_id': 'default', 'user_domain_name': 'Default', 'user_id': 'ed036d52abfd4370bc7f12485f68e9c0', 'system': None}, Network: None, Subnet: None, Router: None
2025-11-27 06:22:19.403 65610 INFO tempest.lib.common.dynamic_creds [-] Created isolated network resources for: credentials: Credentials: {'domain_id': 'default', 'domain_name': 'Default', 'username': 'tempest-HypervisorAdminUnderV252Test-1882958367-project-member', 'project_domain_id': 'default', 'project_domain_name': 'Default', 'project_id': '696b9488f8074d6ab81f7b3a8e213c4a', 'project_name': 'tempest-HypervisorAdminUnderV252Test-1882958367', 'tenant_id': '696b9488f8074d6ab81f7b3a8e213c4a', 'tenant_name': 'tempest-HypervisorAdminUnderV252Test-1882958367', 'user_domain_id': 'default', 'user_domain_name': 'Default', 'user_id': 'ed036d52abfd4370bc7f12485f68e9c0', 'system': None}, Network: None, Subnet: None, Router: None
2025-11-27 06:22:19.408 65622 INFO tempest.lib.common.rest_client [req-104054b0-90dd-4fdb-803b-a79e62b840e3 req-104054b0-90dd-4fdb-803b-a79e62b840e3 ] Request (AttachInterfacesUnderV243Test:test_add_remove_fixed_ip): 200 GET http://10.180.1.21/compute/v2.1/servers/91907f7c-abc7-4527-8c45-8b0b01c829d2 2.405s
2025-11-27 06:22:19.417 65622 INFO tempest.lib.common.ssh [-] Creating ssh connection to '10.180.180.176:22' as 'cirros' with public key authentication
2025-11-27 06:22:19.465 65646 INFO tempest.lib.common.rest_client [req-1de41c83-e0eb-45b2-9b66-e8fa0cae0002 req-1de41c83-e0eb-45b2-9b66-e8fa0cae0002 ] Request (ServerDiagnosticsTest:setUpClass): 200 GET http://10.180.1.21/identity/v3/roles 0.135s
2025-11-27 06:22:19.477 65628 INFO tempest.lib.common.rest_client [req-f2ed64a9-8731-469b-8656-597936e5f671 req-f2ed64a9-8731-469b-8656-597936e5f671 ] Request (DeleteServersAdminTestJSON:test_delete_server_while_in_error_state): 200 GET http://10.180.1.21/compute/v2.1/servers/c2743994-955d-456a-8e8c-a2c93f6b73f5 2.200s
2025-11-27 06:22:19.495 65596 INFO tempest.lib.common.rest_client [req-55ce7c93-03d9-4f44-9606-8e58ba3ff00d req-55ce7c93-03d9-4f44-9606-8e58ba3ff00d ] Request (FloatingIPsNegativeTestJSON:setUpClass): 201 POST http://10.180.1.21/identity/v3/auth/tokens 0.157s
2025-11-27 06:22:19.498 65598 INFO tempest.lib.common.rest_client [req-8ff1912e-22d8-42bb-afde-f218c6d8ac62 req-8ff1912e-22d8-42bb-afde-f218c6d8ac62 ] Request (ServersAdminNegativeTestJSON:test_migrate_non_existent_server): 404 POST http://10.180.1.21/compute/v2.1/servers/edad90b9-ff03-4e9f-9b11-f324bc2c85f0/action 2.317s
2025-11-27 06:22:19.521 65624 INFO tempest.lib.common.rest_client [req-979694a2-57d0-4a32-af99-6b87c1f9e11c req-979694a2-57d0-4a32-af99-6b87c1f9e11c ] Request (ServerGroupTestJSON:test_create_delete_multiple_server_groups_with_same_name_policy): 200 GET http://10.180.1.21/compute/v2.1/os-server-groups 2.025s
2025-11-27 06:22:19.529 65640 INFO tempest.lib.common.rest_client [req-7319b5c1-c349-4601-9911-6ced049ba7dc req-7319b5c1-c349-4601-9911-6ced049ba7dc ] Request (ServerTagsTestJSON:_run_cleanups): 204 DELETE http://10.180.1.21/compute/v2.1/servers/a65fd9db-951c-42be-a38e-03edc0bb1ef1/tags 2.151s
2025-11-27 06:22:19.529 65646 INFO tempest.lib.common.rest_client [req-c690dba5-d329-401f-b8fc-c871bbc4a859 req-c690dba5-d329-401f-b8fc-c871bbc4a859 ] Request (ServerDiagnosticsTest:setUpClass): 204 PUT http://10.180.1.21/identity/v3/projects/4431a52b6e5043e9b87dac8531e96eb5/users/bac5d2e1a747420b99d167262f77c3fa/roles/285d0d319a16468db2c2503dac371efd 0.063s
2025-11-27 06:22:19.529 65646 INFO tempest.lib.common.dynamic_creds [-] Dynamic test user bac5d2e1a747420b99d167262f77c3fa is created with scope project and roles: ['member']
2025-11-27 06:22:19.529 65646 INFO tempest.lib.common.dynamic_creds [-] Acquired dynamic creds: credentials: Credentials: {'domain_id': 'default', 'domain_name': 'Default', 'username': 'tempest-ServerDiagnosticsTest-531588960-project-member', 'project_domain_id': 'default', 'project_domain_name': 'Default', 'project_id': '4431a52b6e5043e9b87dac8531e96eb5', 'project_name': 'tempest-ServerDiagnosticsTest-531588960', 'tenant_id': '4431a52b6e5043e9b87dac8531e96eb5', 'tenant_name': 'tempest-ServerDiagnosticsTest-531588960', 'user_domain_id': 'default', 'user_domain_name': 'Default', 'user_id': 'bac5d2e1a747420b99d167262f77c3fa', 'system': None}, Network: None, Subnet: None, Router: None
2025-11-27 06:22:19.530 65646 INFO tempest.lib.common.dynamic_creds [-] Created isolated network resources for: credentials: Credentials: {'domain_id': 'default', 'domain_name': 'Default', 'username': 'tempest-ServerDiagnosticsTest-531588960-project-member', 'project_domain_id': 'default', 'project_domain_name': 'Default', 'project_id': '4431a52b6e5043e9b87dac8531e96eb5', 'project_name': 'tempest-ServerDiagnosticsTest-531588960', 'tenant_id': '4431a52b6e5043e9b87dac8531e96eb5', 'tenant_name': 'tempest-ServerDiagnosticsTest-531588960', 'user_domain_id': 'default', 'user_domain_name': 'Default', 'user_id': 'bac5d2e1a747420b99d167262f77c3fa', 'system': None}, Network: None, Subnet: None, Router: None
2025-11-27 06:22:19.539 65634 INFO tempest.lib.common.rest_client [req-adc53702-050a-4fda-99dd-48a38a422f80 req-adc53702-050a-4fda-99dd-48a38a422f80 ] Request (FlavorsExtraSpecsTestJSON:tearDownClass): 202 DELETE http://10.180.1.21/compute/v2.1/flavors/315381795 1.999s
2025-11-27 06:22:19.567 65610 INFO tempest.lib.common.rest_client [req-76eee8e7-2ac7-45e7-b5b9-595900e6d179 req-76eee8e7-2ac7-45e7-b5b9-595900e6d179 ] Request (HypervisorAdminUnderV252Test:setUpClass): 201 POST http://10.180.1.21/identity/v3/auth/tokens 0.160s
2025-11-27 06:22:19.621 65598 INFO tempest.lib.common.rest_client [req-e5beeea2-3bdb-4c61-b70d-95b88348a7e5 req-e5beeea2-3bdb-4c61-b70d-95b88348a7e5 ] Request (ServersAdminNegativeTestJSON:test_migrate_server_invalid_state): 201 POST http://10.180.1.21/identity/v3/auth/tokens 0.119s
2025-11-27 06:22:19.622 65598 INFO tempest.lib.common.fixed_network [-] (ServersAdminNegativeTestJSON:test_migrate_server_invalid_state) Found network None available for tenant
2025-11-27 06:22:19.652 65610 INFO tempest.lib.common.rest_client [req-9f77cfa0-b03a-4547-a30e-d96811a9fd4a req-9f77cfa0-b03a-4547-a30e-d96811a9fd4a ] Request (HypervisorAdminUnderV252Test:setUpClass): 201 POST http://10.180.1.21/identity/v3/projects 0.084s
2025-11-27 06:22:19.699 65646 INFO tempest.lib.common.rest_client [req-3883ce8a-c95c-4ca6-8ced-b5fba61f49c6 req-3883ce8a-c95c-4ca6-8ced-b5fba61f49c6 ] Request (ServerDiagnosticsTest:setUpClass): 201 POST http://10.180.1.21/identity/v3/auth/tokens 0.165s
2025-11-27 06:22:19.730 65646 INFO tempest.lib.common.rest_client [req-b92c993b-d9d9-48b7-8a42-36e09f8e4f8b req-b92c993b-d9d9-48b7-8a42-36e09f8e4f8b ] Request (ServerDiagnosticsTest:setUpClass): 201 POST http://10.180.1.21/identity/v3/projects 0.031s
2025-11-27 06:22:19.732 65610 INFO tempest.lib.common.rest_client [req-e1dbb38b-8bf6-4a8c-88ea-7af62811ffe3 req-e1dbb38b-8bf6-4a8c-88ea-7af62811ffe3 ] Request (HypervisorAdminUnderV252Test:setUpClass): 201 POST http://10.180.1.21/identity/v3/users 0.080s
2025-11-27 06:22:19.786 65610 INFO tempest.lib.common.rest_client [req-e56cfc9a-3c83-4b49-9982-0abd1a3e73fe req-e56cfc9a-3c83-4b49-9982-0abd1a3e73fe ] Request (HypervisorAdminUnderV252Test:setUpClass): 200 GET http://10.180.1.21/identity/v3/roles 0.054s
2025-11-27 06:22:19.803 65646 INFO tempest.lib.common.rest_client [req-32bb351c-6a04-4e33-a1e8-597fc9053dec req-32bb351c-6a04-4e33-a1e8-597fc9053dec ] Request (ServerDiagnosticsTest:setUpClass): 201 POST http://10.180.1.21/identity/v3/users 0.073s
2025-11-27 06:22:19.823 65610 INFO tempest.lib.common.rest_client [req-da97ecbe-203f-4bbe-a6aa-2210ba42dbc2 req-da97ecbe-203f-4bbe-a6aa-2210ba42dbc2 ] Request (HypervisorAdminUnderV252Test:setUpClass): 204 PUT http://10.180.1.21/identity/v3/projects/e7fe0fa0f92246769fa9db808deb772b/users/00a3e63b8d414c3a8494601f4daf593a/roles/656d20c89fbf4bfd9142b6c5c101af75 0.034s
2025-11-27 06:22:19.824 65646 INFO tempest.lib.common.rest_client [req-b9aa32df-ec79-432b-9da9-4d8c97b0a7ab req-b9aa32df-ec79-432b-9da9-4d8c97b0a7ab ] Request (ServerDiagnosticsTest:setUpClass): 200 GET http://10.180.1.21/identity/v3/roles 0.021s
2025-11-27 06:22:19.875 65596 INFO tempest.lib.common.rest_client [req-434a9bdb-4359-4c24-ac18-c3393b1ded9f req-434a9bdb-4359-4c24-ac18-c3393b1ded9f ] Request (FloatingIPsNegativeTestJSON:setUpClass): 201 POST http://10.180.1.21/networking/v2.0/networks 0.379s
2025-11-27 06:22:19.883 65610 INFO tempest.lib.common.rest_client [req-34734420-7003-415c-83b4-919af2bec47b req-34734420-7003-415c-83b4-919af2bec47b ] Request (HypervisorAdminUnderV252Test:setUpClass): 200 GET http://10.180.1.21/identity/v3/roles 0.059s
2025-11-27 06:22:19.884 65646 INFO tempest.lib.common.rest_client [req-af6fe36b-53f4-4892-b74d-963b7e85ca2e req-af6fe36b-53f4-4892-b74d-963b7e85ca2e ] Request (ServerDiagnosticsTest:setUpClass): 204 PUT http://10.180.1.21/identity/v3/projects/4fbe3f741160414a941b3d3e5f063a9d/users/ef2fd3a75b7e4797b1cf435da97087e3/roles/656d20c89fbf4bfd9142b6c5c101af75 0.059s
2025-11-27 06:22:19.905 65644 INFO tempest.lib.common.rest_client [req-8eac2b97-722a-47dc-b6db-2d5bafa41b82 req-8eac2b97-722a-47dc-b6db-2d5bafa41b82 ] Request (SecurityGroupRulesNegativeTestJSON:test_create_security_group_rule_duplicate): 400 POST http://10.180.1.21/compute/v2.1/os-security-group-rules 2.289s
2025-11-27 06:22:19.926 65636 INFO tempest.lib.common.rest_client [req-bbee3392-998f-43eb-b487-029a09973a39 req-bbee3392-998f-43eb-b487-029a09973a39 ] Request (InstanceActionsNegativeTestJSON:setUpClass): 200 GET http://10.180.1.21/compute/v2.1/servers/2ab801d2-3234-41e3-83a6-16a07a9c5350 2.188s
2025-11-27 06:22:19.934 65646 INFO tempest.lib.common.rest_client [req-f09394ea-319c-4a88-a873-977c0d9a4a97 req-f09394ea-319c-4a88-a873-977c0d9a4a97 ] Request (ServerDiagnosticsTest:setUpClass): 200 GET http://10.180.1.21/identity/v3/roles 0.049s
2025-11-27 06:22:19.937 65610 INFO tempest.lib.common.rest_client [req-3e78204f-9d84-4ee0-a3b2-33c34ebfb2ed req-3e78204f-9d84-4ee0-a3b2-33c34ebfb2ed ] Request (HypervisorAdminUnderV252Test:setUpClass): 204 PUT http://10.180.1.21/identity/v3/projects/e7fe0fa0f92246769fa9db808deb772b/users/00a3e63b8d414c3a8494601f4daf593a/roles/656d20c89fbf4bfd9142b6c5c101af75 0.053s
2025-11-27 06:22:19.937 65610 INFO tempest.lib.common.dynamic_creds [-] Dynamic test user 00a3e63b8d414c3a8494601f4daf593a is created with scope project and roles: ['admin']
2025-11-27 06:22:19.937 65610 INFO tempest.lib.common.dynamic_creds [-] Acquired dynamic creds: credentials: Credentials: {'domain_id': 'default', 'domain_name': 'Default', 'username': 'tempest-HypervisorAdminUnderV252Test-1947563279-project-admin', 'project_domain_id': 'default', 'project_domain_name': 'Default', 'project_id': 'e7fe0fa0f92246769fa9db808deb772b', 'project_name': 'tempest-HypervisorAdminUnderV252Test-1947563279', 'tenant_id': 'e7fe0fa0f92246769fa9db808deb772b', 'tenant_name': 'tempest-HypervisorAdminUnderV252Test-1947563279', 'user_domain_id': 'default', 'user_domain_name': 'Default', 'user_id': '00a3e63b8d414c3a8494601f4daf593a', 'system': None}, Network: None, Subnet: None, Router: None
2025-11-27 06:22:19.937 65610 INFO tempest.lib.common.dynamic_creds [-] Created isolated network resources for: credentials: Credentials: {'domain_id': 'default', 'domain_name': 'Default', 'username': 'tempest-HypervisorAdminUnderV252Test-1947563279-project-admin', 'project_domain_id': 'default', 'project_domain_name': 'Default', 'project_id': 'e7fe0fa0f92246769fa9db808deb772b', 'project_name': 'tempest-HypervisorAdminUnderV252Test-1947563279', 'tenant_id': 'e7fe0fa0f92246769fa9db808deb772b', 'tenant_name': 'tempest-HypervisorAdminUnderV252Test-1947563279', 'user_domain_id': 'default', 'user_domain_name': 'Default', 'user_id': '00a3e63b8d414c3a8494601f4daf593a', 'system': None}, Network: None, Subnet: None, Router: None
2025-11-27 06:22:19.977 65626 INFO tempest.lib.common.rest_client [req-33c393e1-bc64-4345-86c3-b4367b67b29d req-33c393e1-bc64-4345-86c3-b4367b67b29d ] Request (VolumesAssistedSnapshotsTest:test_volume_assisted_snapshot_create_delete): 200 PUT http://10.180.1.21/networking/v2.0/floatingips/2f71a962-1b6f-4f47-ad36-1131f2023836 0.715s
2025-11-27 06:22:19.979 65626 INFO tempest.lib.common.ssh [-] Creating ssh connection to '10.180.180.140:22' as 'cirros' with public key authentication
2025-11-27 06:22:19.995 65646 INFO tempest.lib.common.rest_client [req-9a4d0317-09f8-49ff-b639-d5a5d724ff23 req-9a4d0317-09f8-49ff-b639-d5a5d724ff23 ] Request (ServerDiagnosticsTest:setUpClass): 204 PUT http://10.180.1.21/identity/v3/projects/4fbe3f741160414a941b3d3e5f063a9d/users/ef2fd3a75b7e4797b1cf435da97087e3/roles/656d20c89fbf4bfd9142b6c5c101af75 0.060s
2025-11-27 06:22:19.995 65646 INFO tempest.lib.common.dynamic_creds [-] Dynamic test user ef2fd3a75b7e4797b1cf435da97087e3 is created with scope project and roles: ['admin']
2025-11-27 06:22:19.995 65646 INFO tempest.lib.common.dynamic_creds [-] Acquired dynamic creds: credentials: Credentials: {'domain_id': 'default', 'domain_name': 'Default', 'username': 'tempest-ServerDiagnosticsTest-490059374-project-admin', 'project_domain_id': 'default', 'project_domain_name': 'Default', 'project_id': '4fbe3f741160414a941b3d3e5f063a9d', 'project_name': 'tempest-ServerDiagnosticsTest-490059374', 'tenant_id': '4fbe3f741160414a941b3d3e5f063a9d', 'tenant_name': 'tempest-ServerDiagnosticsTest-490059374', 'user_domain_id': 'default', 'user_domain_name': 'Default', 'user_id': 'ef2fd3a75b7e4797b1cf435da97087e3', 'system': None}, Network: None, Subnet: None, Router: None
2025-11-27 06:22:19.995 65646 INFO tempest.lib.common.dynamic_creds [-] Created isolated network resources for: credentials: Credentials: {'domain_id': 'default', 'domain_name': 'Default', 'username': 'tempest-ServerDiagnosticsTest-490059374-project-admin', 'project_domain_id': 'default', 'project_domain_name': 'Default', 'project_id': '4fbe3f741160414a941b3d3e5f063a9d', 'project_name': 'tempest-ServerDiagnosticsTest-490059374', 'tenant_id': '4fbe3f741160414a941b3d3e5f063a9d', 'tenant_name': 'tempest-ServerDiagnosticsTest-490059374', 'user_domain_id': 'default', 'user_domain_name': 'Default', 'user_id': 'ef2fd3a75b7e4797b1cf435da97087e3', 'system': None}, Network: None, Subnet: None, Router: None
2025-11-27 06:22:20.004 65618 INFO tempest.lib.common.rest_client [req-641b2392-fa90-46ea-875a-49a38bcc7ce1 req-641b2392-fa90-46ea-875a-49a38bcc7ce1 ] Request (ServersAdmin275Test:_run_cleanups): 200 GET http://10.180.1.21/compute/v2.1/servers/28d072ce-7ba7-4b6d-b484-37f14c902daa 2.047s
2025-11-27 06:22:20.015 65618 INFO tempest.common.waiters [-] State transition "REBUILD/rebuild_block_device_mapping" ==> "REBUILD/rebuild_spawning" after 4 second wait
2025-11-27 06:22:20.020 65610 INFO tempest.lib.common.rest_client [req-699c4add-0a51-4dcd-ba48-6e4dbc9e77a9 req-699c4add-0a51-4dcd-ba48-6e4dbc9e77a9 ] Request (HypervisorAdminUnderV252Test:setUpClass): 201 POST http://10.180.1.21/identity/v3/auth/tokens 0.080s
2025-11-27 06:22:20.027 65632 INFO tempest.lib.common.rest_client [req-b05e5ffd-2c58-4a2c-a39e-a9fd7054ec1f req-b05e5ffd-2c58-4a2c-a39e-a9fd7054ec1f ] Request (ServersAaction247Test:test_create_backup): 200 GET http://10.180.1.21/compute/v2.1/servers/592dcf4d-bdad-466e-8830-c602f04740db 2.013s
2025-11-27 06:22:20.069 65594 INFO tempest.lib.common.rest_client [req-aa907918-8386-4bd8-a24f-ee08bbafdb3f req-aa907918-8386-4bd8-a24f-ee08bbafdb3f ] Request (ServerDiagnosticsNegativeTest:test_get_server_diagnostics_by_non_admin): 200 GET http://10.180.1.21/compute/v2.1/servers/74e18519-2193-4a77-be0b-131af51b3172 1.996s
2025-11-27 06:22:20.088 65646 INFO tempest.lib.common.rest_client [req-965daa5e-921c-4d85-b1e1-6d79acc62400 req-965daa5e-921c-4d85-b1e1-6d79acc62400 ] Request (ServerDiagnosticsTest:setUpClass): 201 POST http://10.180.1.21/identity/v3/auth/tokens 0.090s
2025-11-27 06:22:20.092 65596 INFO tempest.lib.common.rest_client [req-04718507-477c-4510-85bf-82623d7f8055 req-04718507-477c-4510-85bf-82623d7f8055 ] Request (FloatingIPsNegativeTestJSON:setUpClass): 201 POST http://10.180.1.21/networking/v2.0/subnets 0.216s
2025-11-27 06:22:20.098 65612 INFO tempest.lib.common.rest_client [req-caebbfb7-195a-424d-8c72-c93c40389f84 req-caebbfb7-195a-424d-8c72-c93c40389f84 ] Request (FlavorsV2TestJSON:test_list_flavors_detailed_filter_by_min_disk): 200 GET http://10.180.1.21/compute/v2.1/flavors/detail?minDisk=2 1.974s
2025-11-27 06:22:20.157 65604 INFO tempest.lib.common.rest_client [req-ecf43b64-dbd6-41a8-9859-566bf3936c61 req-ecf43b64-dbd6-41a8-9859-566bf3936c61 ] Request (ServerDiskConfigTestJSON:test_rebuild_server_with_auto_disk_config): 200 GET http://10.180.1.21/compute/v2.1/servers/57c2de27-0dd4-4c02-b4fb-4ef3c61d10b8 1.797s
2025-11-27 06:22:20.164 65646 INFO tempest.lib.common.rest_client [req-14034f4d-e3e2-45c9-ad60-8b31680b71fb req-14034f4d-e3e2-45c9-ad60-8b31680b71fb ] Request (ServerDiagnosticsTest:test_get_server_diagnostics): 201 POST http://10.180.1.21/identity/v3/auth/tokens 0.071s
2025-11-27 06:22:20.165 65646 INFO tempest.lib.common.fixed_network [-] (ServerDiagnosticsTest:test_get_server_diagnostics) Found network None available for tenant
2025-11-27 06:22:20.341 65602 INFO tempest.lib.common.rest_client [req-f60de749-1a5c-4204-847f-f526e1818a03 req-f60de749-1a5c-4204-847f-f526e1818a03 ] Request (ServersTestBootFromVolume:setUpClass): 200 GET http://10.180.1.21/compute/v2.1/servers/26913e71-0d09-4036-bc5e-b249ee79dfa0 1.979s
2025-11-27 06:22:20.352 65602 INFO tempest.common.waiters [-] State transition "BUILD/spawning" ==> "ACTIVE/None" after 12 second wait
2025-11-27 06:22:20.363 65656 INFO tempest.lib.common.rest_client [req-335c3967-3cb7-48f6-8c1d-2b2232864d4f req-335c3967-3cb7-48f6-8c1d-2b2232864d4f ] Request (QuotasAdminTestJSON:_run_cleanups): 200 PUT http://10.180.1.21/compute/v2.1/os-quota-sets/5570d9bc4d0d4c9889cacc61acabe28f 2.252s
2025-11-27 06:22:20.439 65654 INFO tempest.lib.common.rest_client [req-3271036a-a90e-4269-a3a0-449354f859b9 req-3271036a-a90e-4269-a3a0-449354f859b9 ] Request (ServersV294TestFqdnHostnames:setUpClass): 200 GET http://10.180.1.21/compute/v2.1/servers/51b523be-ee26-4492-b99f-f229fe0ec518 1.969s
2025-11-27 06:22:20.453 65642 INFO tempest.lib.common.rest_client [req-fc639cf7-245b-4c9d-816d-8592b867bb82 req-fc639cf7-245b-4c9d-816d-8592b867bb82 ] Request (ImagesNegativeTestJSON:test_create_image_from_deleted_server): 200 GET http://10.180.1.21/compute/v2.1/servers/c556e8ea-5e76-4506-89b6-dcc49a3ae8b2 1.992s
2025-11-27 06:22:20.524 65630 INFO tempest.lib.common.rest_client [req-8c124f9b-4347-4263-b516-5e2490d6362d req-8c124f9b-4347-4263-b516-5e2490d6362d ] Request (FloatingIPDetailsTestJSON:test_get_floating_ip_details): 200 GET http://10.180.1.21/compute/v2.1/os-floating-ips/a7024e94-0bc6-45cb-ac31-950eea6205ee 1.894s
2025-11-27 06:22:20.531 65656 INFO tempest.lib.common.rest_client [req-fabb254b-90e9-4a23-930c-290a171ac60f req-fabb254b-90e9-4a23-930c-290a171ac60f ] Request (QuotasAdminTestJSON:tearDownClass): 204 DELETE http://10.180.1.21/identity/v3/users/18bb94a97b754196abf872fe66793a82 0.162s
2025-11-27 06:22:20.589 65600 INFO tempest.lib.common.rest_client [req-aaf7611f-3bbd-4df0-85b8-d695a4bfdc53 req-aaf7611f-3bbd-4df0-85b8-d695a4bfdc53 ] Request (ServerDiagnosticsV248Test:test_get_server_diagnostics): 200 GET http://10.180.1.21/compute/v2.1/servers/67f2f8c4-d0fe-4e71-9a02-0054c15e5e80 1.654s
2025-11-27 06:22:20.618 65606 INFO tempest.lib.common.rest_client [req-0f85785f-d1a2-4389-a73b-ec99754621ae req-0f85785f-d1a2-4389-a73b-ec99754621ae ] Request (QuotasAdminNegativeTest:_run_cleanups): 200 PUT http://10.180.1.21/compute/v2.1/os-quota-sets/4a2e4e8987be4744997ff524fd8f8c2b 1.921s
2025-11-27 06:22:20.626 65656 INFO tempest.lib.common.rest_client [req-60ef14a2-1207-4792-aed9-34150102abd3 req-60ef14a2-1207-4792-aed9-34150102abd3 ] Request (QuotasAdminTestJSON:tearDownClass): 204 DELETE http://10.180.1.21/identity/v3/users/d75ef82ff3b440adb22868d6f7411389 0.094s
2025-11-27 06:22:20.626 65656 INFO tempest.lib.common.dynamic_creds [-] Deleting project and security group for project: 5570d9bc4d0d4c9889cacc61acabe28f
