2025-11-27 06:22:09.210 65632 INFO tempest.lib.common.dynamic_creds [-] Created isolated network resources for: credentials: Credentials: {'domain_id': 'default', 'domain_name': 'Default', 'username': 'tempest-ServersAaction247Test-1453656243-project-member', 'project_domain_id': 'default', 'project_domain_name': 'Default', 'project_id': '43412397cedd41f3b5d065b5d047b23a', 'project_name': 'tempest-ServersAaction247Test-1453656243', 'tenant_id': '43412397cedd41f3b5d065b5d047b23a', 'tenant_name': 'tempest-ServersAaction247Test-1453656243', 'user_domain_id': 'default', 'user_domain_name': 'Default', 'user_id': 'b06982f49f9c44e68794ec803cce5186', 'system': None}, Network: None, Subnet: None, Router: None
2025-11-27 06:22:09.310 65632 INFO tempest.lib.common.rest_client [req-00f13ed3-e4dc-4a4e-9e92-8fc769f65968 req-00f13ed3-e4dc-4a4e-9e92-8fc769f65968 ] Request (ServersAaction247Test:setUpClass): 201 POST http://10.180.1.21/identity/v3/auth/tokens 0.096s
2025-11-27 06:22:09.332 65594 INFO tempest.lib.common.rest_client [req-a0e939f6-0d2a-414e-8613-a58c17e368dd req-a0e939f6-0d2a-414e-8613-a58c17e368dd ] Request (ServerDiagnosticsNegativeTest:setUpClass): 201 POST http://10.180.1.21/identity/v3/users 0.123s
2025-11-27 06:22:09.348 65632 INFO tempest.lib.common.rest_client [req-839668b9-bf3e-4315-b2fb-52dc1859e6b7 req-839668b9-bf3e-4315-b2fb-52dc1859e6b7 ] Request (ServersAaction247Test:test_create_backup): 201 POST http://10.180.1.21/identity/v3/auth/tokens 0.032s
2025-11-27 06:22:09.349 65632 INFO tempest.lib.common.fixed_network [-] (ServersAaction247Test:test_create_backup) Found network None available for tenant
2025-11-27 06:22:09.363 65594 INFO tempest.lib.common.rest_client [req-96f52db9-2727-42be-a3ea-a15cf11d919d req-96f52db9-2727-42be-a3ea-a15cf11d919d ] Request (ServerDiagnosticsNegativeTest:setUpClass): 200 GET http://10.180.1.21/identity/v3/roles 0.031s
2025-11-27 06:22:09.396 65594 INFO tempest.lib.common.rest_client [req-69370cdd-e838-4238-aefe-80b9564b6c13 req-69370cdd-e838-4238-aefe-80b9564b6c13 ] Request (ServerDiagnosticsNegativeTest:setUpClass): 204 PUT http://10.180.1.21/identity/v3/projects/8b29395cd28e43d89474ed8ba836b3f9/users/54f212ed8cc344c4a30c8df136eb83b4/roles/656d20c89fbf4bfd9142b6c5c101af75 0.032s
2025-11-27 06:22:09.467 65604 INFO tempest.lib.common.rest_client [req-8695d3b9-c79b-4498-bb01-0f4fe27560a7 req-8695d3b9-c79b-4498-bb01-0f4fe27560a7 ] Request (ServerDiskConfigTestJSON:setUpClass): 201 POST http://10.180.1.21/networking/v2.0/routers 1.300s
2025-11-27 06:22:09.474 65594 INFO tempest.lib.common.rest_client [req-c5f9317b-70ea-4bab-8134-0b0991343fb2 req-c5f9317b-70ea-4bab-8134-0b0991343fb2 ] Request (ServerDiagnosticsNegativeTest:setUpClass): 200 GET http://10.180.1.21/identity/v3/roles 0.078s
2025-11-27 06:22:09.502 65594 INFO tempest.lib.common.rest_client [req-4448763b-ec2f-44cf-9068-d8f495f3bc62 req-4448763b-ec2f-44cf-9068-d8f495f3bc62 ] Request (ServerDiagnosticsNegativeTest:setUpClass): 204 PUT http://10.180.1.21/identity/v3/projects/8b29395cd28e43d89474ed8ba836b3f9/users/54f212ed8cc344c4a30c8df136eb83b4/roles/656d20c89fbf4bfd9142b6c5c101af75 0.027s
2025-11-27 06:22:09.502 65594 INFO tempest.lib.common.dynamic_creds [-] Dynamic test user 54f212ed8cc344c4a30c8df136eb83b4 is created with scope project and roles: ['admin']
2025-11-27 06:22:09.503 65594 INFO tempest.lib.common.dynamic_creds [-] Acquired dynamic creds: credentials: Credentials: {'domain_id': 'default', 'domain_name': 'Default', 'username': 'tempest-ServerDiagnosticsNegativeTest-1620846451-project-admin', 'project_domain_id': 'default', 'project_domain_name': 'Default', 'project_id': '8b29395cd28e43d89474ed8ba836b3f9', 'project_name': 'tempest-ServerDiagnosticsNegativeTest-1620846451', 'tenant_id': '8b29395cd28e43d89474ed8ba836b3f9', 'tenant_name': 'tempest-ServerDiagnosticsNegativeTest-1620846451', 'user_domain_id': 'default', 'user_domain_name': 'Default', 'user_id': '54f212ed8cc344c4a30c8df136eb83b4', 'system': None}, Network: None, Subnet: None, Router: None
2025-11-27 06:22:09.503 65594 INFO tempest.lib.common.dynamic_creds [-] Created isolated network resources for: credentials: Credentials: {'domain_id': 'default', 'domain_name': 'Default', 'username': 'tempest-ServerDiagnosticsNegativeTest-1620846451-project-admin', 'project_domain_id': 'default', 'project_domain_name': 'Default', 'project_id': '8b29395cd28e43d89474ed8ba836b3f9', 'project_name': 'tempest-ServerDiagnosticsNegativeTest-1620846451', 'tenant_id': '8b29395cd28e43d89474ed8ba836b3f9', 'tenant_name': 'tempest-ServerDiagnosticsNegativeTest-1620846451', 'user_domain_id': 'default', 'user_domain_name': 'Default', 'user_id': '54f212ed8cc344c4a30c8df136eb83b4', 'system': None}, Network: None, Subnet: None, Router: None
2025-11-27 06:22:09.525 65644 INFO tempest.lib.common.rest_client [req-df6710dc-edeb-4ecc-96ae-a680a24ae8b2 req-df6710dc-edeb-4ecc-96ae-a680a24ae8b2 ] Request (SecurityGroupRulesNegativeTestJSON:setUpClass): 201 POST http://10.180.1.21/networking/v2.0/routers 1.324s
2025-11-27 06:22:09.561 65628 INFO tempest.lib.common.rest_client [req-e33e2ba9-ee53-48c0-9540-8fafbcb827ba req-e33e2ba9-ee53-48c0-9540-8fafbcb827ba ] Request (DeleteServersAdminTestJSON:test_admin_delete_servers_of_others): 200 GET http://10.180.1.21/compute/v2.1/servers/107d0c18-db21-46bd-83b4-93af544affe2 6.908s
2025-11-27 06:22:09.655 65594 INFO tempest.lib.common.rest_client [req-26d31e1a-2c44-4536-b37e-44a7795607d8 req-26d31e1a-2c44-4536-b37e-44a7795607d8 ] Request (ServerDiagnosticsNegativeTest:setUpClass): 201 POST http://10.180.1.21/identity/v3/auth/tokens 0.146s
2025-11-27 06:22:09.734 65594 INFO tempest.lib.common.rest_client [req-389c3a94-967f-49fe-a200-353e27e5707a req-389c3a94-967f-49fe-a200-353e27e5707a ] Request (ServerDiagnosticsNegativeTest:test_get_server_diagnostics_by_non_admin): 201 POST http://10.180.1.21/identity/v3/auth/tokens 0.074s
2025-11-27 06:22:09.735 65594 INFO tempest.lib.common.fixed_network [-] (ServerDiagnosticsNegativeTest:test_get_server_diagnostics_by_non_admin) Found network None available for tenant
2025-11-27 06:22:09.747 65642 INFO tempest.lib.common.rest_client [req-c54940cb-d3ce-45ef-9b69-3d479347cabf req-c54940cb-d3ce-45ef-9b69-3d479347cabf ] Request (ImagesNegativeTestJSON:test_create_image_from_deleted_server): 204 DELETE http://10.180.1.21/compute/v2.1/servers/c556e8ea-5e76-4506-89b6-dcc49a3ae8b2 5.498s
2025-11-27 06:22:09.748 65654 INFO tempest.lib.common.rest_client [req-b5d14881-4e21-4e67-a37d-09d2d388b2da req-b5d14881-4e21-4e67-a37d-09d2d388b2da ] Request (ServersV294TestFqdnHostnames:setUpClass): 201 POST http://10.180.1.21/networking/v2.0/security-group-rules 1.412s
2025-11-27 06:22:09.772 65620 INFO tempest.lib.common.rest_client [req-9b71e78c-492a-41b4-b469-f9e99740b8b3 req-9b71e78c-492a-41b4-b469-f9e99740b8b3 ] Request (AggregatesAdminNegativeTestJSON:_run_cleanups): 200 DELETE http://10.180.1.21/compute/v2.1/os-aggregates/2 5.155s
2025-11-27 06:22:09.803 65600 INFO tempest.lib.common.rest_client [req-f0e9ad37-b5c8-43fb-8364-2a59207a8eed req-f0e9ad37-b5c8-43fb-8364-2a59207a8eed ] Request (HostsAdminTestJSON:test_show_host_detail): 200 GET http://10.180.1.21/compute/v2.1/os-hosts 5.163s
2025-11-27 06:22:09.875 65608 INFO tempest.lib.common.rest_client [req-a34ab6eb-7208-4f1c-b978-c1909bce8068 req-a34ab6eb-7208-4f1c-b978-c1909bce8068 ] Request (FlavorsAccessTestJSON:tearDownClass): 204 DELETE http://10.180.1.21/networking/v2.0/security-groups/da78652d-d7da-4c82-97cf-7e1d5eb47c44 1.298s
2025-11-27 06:22:09.930 65648 INFO tempest.lib.common.rest_client [req-8ed930fe-09a8-42e1-b144-f43afb0d7c7b req-8ed930fe-09a8-42e1-b144-f43afb0d7c7b ] Request (HostsAdminNegativeTestJSON:test_list_hosts_with_non_admin_user): 403 GET http://10.180.1.21/compute/v2.1/os-hosts 5.164s
2025-11-27 06:22:09.986 65608 INFO tempest.lib.common.rest_client [req-7665479f-f13b-4e0e-a9b6-fe9d3664c755 req-7665479f-f13b-4e0e-a9b6-fe9d3664c755 ] Request (FlavorsAccessTestJSON:tearDownClass): 204 DELETE http://10.180.1.21/identity/v3/projects/6f27e9fcb05d4d938585020ccb129bac 0.111s
2025-11-27 06:22:10.068 65608 INFO tempest.lib.common.rest_client [req-21e45799-06ed-4782-9e38-3a7709b8c3dc req-21e45799-06ed-4782-9e38-3a7709b8c3dc ] Request (QuotaClassesAdminTestJSON:setUpClass): 201 POST http://10.180.1.21/identity/v3/auth/tokens 0.080s
2025-11-27 06:22:10.107 65608 INFO tempest.lib.common.rest_client [req-31019a6a-15be-462f-b49f-51e26e33b214 req-31019a6a-15be-462f-b49f-51e26e33b214 ] Request (QuotaClassesAdminTestJSON:setUpClass): 201 POST http://10.180.1.21/identity/v3/auth/tokens 0.035s
2025-11-27 06:22:10.136 65608 INFO tempest.lib.common.rest_client [req-5af3309a-1ecc-46f1-9a39-4c6a88ba22e4 req-5af3309a-1ecc-46f1-9a39-4c6a88ba22e4 ] Request (QuotaClassesAdminTestJSON:setUpClass): 200 GET http://10.180.1.21/identity/v3/domains?name=Default 0.028s
2025-11-27 06:22:10.166 65608 INFO tempest.lib.common.rest_client [req-7cb33dd3-1458-46ca-b13c-4a5846d714a5 req-7cb33dd3-1458-46ca-b13c-4a5846d714a5 ] Request (QuotaClassesAdminTestJSON:setUpClass): 201 POST http://10.180.1.21/identity/v3/projects 0.030s
2025-11-27 06:22:10.234 65608 INFO tempest.lib.common.rest_client [req-483ba917-1b8a-4a6b-bd75-aa90d3713e1a req-483ba917-1b8a-4a6b-bd75-aa90d3713e1a ] Request (QuotaClassesAdminTestJSON:setUpClass): 201 POST http://10.180.1.21/identity/v3/users 0.066s
2025-11-27 06:22:10.264 65608 INFO tempest.lib.common.rest_client [req-ba096606-d65b-434f-b388-5eb4072d441d req-ba096606-d65b-434f-b388-5eb4072d441d ] Request (QuotaClassesAdminTestJSON:setUpClass): 200 GET http://10.180.1.21/identity/v3/roles 0.030s
2025-11-27 06:22:10.306 65608 INFO tempest.lib.common.rest_client [req-8b80f49c-75db-4797-98c3-9d544862b4b7 req-8b80f49c-75db-4797-98c3-9d544862b4b7 ] Request (QuotaClassesAdminTestJSON:setUpClass): 204 PUT http://10.180.1.21/identity/v3/projects/a8f687775f9c4424a211bf998aa6ecd1/users/f8d94c23298e43c89ef9a029aba25b83/roles/285d0d319a16468db2c2503dac371efd 0.041s
2025-11-27 06:22:10.306 65608 INFO tempest.lib.common.dynamic_creds [-] Dynamic test user f8d94c23298e43c89ef9a029aba25b83 is created with scope project and roles: ['member']
2025-11-27 06:22:10.306 65608 INFO tempest.lib.common.dynamic_creds [-] Acquired dynamic creds: credentials: Credentials: {'domain_id': 'default', 'domain_name': 'Default', 'username': 'tempest-QuotaClassesAdminTestJSON-1957958679-project-member', 'project_domain_id': 'default', 'project_domain_name': 'Default', 'project_id': 'a8f687775f9c4424a211bf998aa6ecd1', 'project_name': 'tempest-QuotaClassesAdminTestJSON-1957958679', 'tenant_id': 'a8f687775f9c4424a211bf998aa6ecd1', 'tenant_name': 'tempest-QuotaClassesAdminTestJSON-1957958679', 'user_domain_id': 'default', 'user_domain_name': 'Default', 'user_id': 'f8d94c23298e43c89ef9a029aba25b83', 'system': None}, Network: None, Subnet: None, Router: None
2025-11-27 06:22:10.306 65608 INFO tempest.lib.common.dynamic_creds [-] Created isolated network resources for: credentials: Credentials: {'domain_id': 'default', 'domain_name': 'Default', 'username': 'tempest-QuotaClassesAdminTestJSON-1957958679-project-member', 'project_domain_id': 'default', 'project_domain_name': 'Default', 'project_id': 'a8f687775f9c4424a211bf998aa6ecd1', 'project_name': 'tempest-QuotaClassesAdminTestJSON-1957958679', 'tenant_id': 'a8f687775f9c4424a211bf998aa6ecd1', 'tenant_name': 'tempest-QuotaClassesAdminTestJSON-1957958679', 'user_domain_id': 'default', 'user_domain_name': 'Default', 'user_id': 'f8d94c23298e43c89ef9a029aba25b83', 'system': None}, Network: None, Subnet: None, Router: None
2025-11-27 06:22:10.389 65608 INFO tempest.lib.common.rest_client [req-c32755d8-7d03-4845-a0fa-a619689e8306 req-c32755d8-7d03-4845-a0fa-a619689e8306 ] Request (QuotaClassesAdminTestJSON:setUpClass): 201 POST http://10.180.1.21/identity/v3/auth/tokens 0.079s
2025-11-27 06:22:10.447 65608 INFO tempest.lib.common.rest_client [req-b3350c13-9f13-4b0a-a20e-20e91419a337 req-b3350c13-9f13-4b0a-a20e-20e91419a337 ] Request (QuotaClassesAdminTestJSON:setUpClass): 201 POST http://10.180.1.21/identity/v3/projects 0.058s
2025-11-27 06:22:10.509 65608 INFO tempest.lib.common.rest_client [req-d66ebfdc-f4b0-4abc-96a7-a024cc352f2f req-d66ebfdc-f4b0-4abc-96a7-a024cc352f2f ] Request (QuotaClassesAdminTestJSON:setUpClass): 201 POST http://10.180.1.21/identity/v3/users 0.061s
2025-11-27 06:22:10.535 65608 INFO tempest.lib.common.rest_client [req-d07eb563-3933-49ed-a81d-7c8abee45c61 req-d07eb563-3933-49ed-a81d-7c8abee45c61 ] Request (QuotaClassesAdminTestJSON:setUpClass): 200 GET http://10.180.1.21/identity/v3/roles 0.025s
2025-11-27 06:22:10.576 65608 INFO tempest.lib.common.rest_client [req-e3bb0309-61d7-42cc-b304-30ef46152d90 req-e3bb0309-61d7-42cc-b304-30ef46152d90 ] Request (QuotaClassesAdminTestJSON:setUpClass): 204 PUT http://10.180.1.21/identity/v3/projects/bbd1b834bd524e43b6826aecd502d9d8/users/07dc6c1aa43a458ea4fd69b62ec353a6/roles/656d20c89fbf4bfd9142b6c5c101af75 0.041s
2025-11-27 06:22:10.655 65608 INFO tempest.lib.common.rest_client [req-b2c729be-6f98-4891-91e5-6bced4939719 req-b2c729be-6f98-4891-91e5-6bced4939719 ] Request (QuotaClassesAdminTestJSON:setUpClass): 200 GET http://10.180.1.21/identity/v3/roles 0.078s
2025-11-27 06:22:10.675 65608 INFO tempest.lib.common.rest_client [req-9ef9fd52-46dc-4a84-826c-95f061864bb6 req-9ef9fd52-46dc-4a84-826c-95f061864bb6 ] Request (QuotaClassesAdminTestJSON:setUpClass): 204 PUT http://10.180.1.21/identity/v3/projects/bbd1b834bd524e43b6826aecd502d9d8/users/07dc6c1aa43a458ea4fd69b62ec353a6/roles/656d20c89fbf4bfd9142b6c5c101af75 0.019s
2025-11-27 06:22:10.676 65608 INFO tempest.lib.common.dynamic_creds [-] Dynamic test user 07dc6c1aa43a458ea4fd69b62ec353a6 is created with scope project and roles: ['admin']
2025-11-27 06:22:10.676 65608 INFO tempest.lib.common.dynamic_creds [-] Acquired dynamic creds: credentials: Credentials: {'domain_id': 'default', 'domain_name': 'Default', 'username': 'tempest-QuotaClassesAdminTestJSON-613791143-project-admin', 'project_domain_id': 'default', 'project_domain_name': 'Default', 'project_id': 'bbd1b834bd524e43b6826aecd502d9d8', 'project_name': 'tempest-QuotaClassesAdminTestJSON-613791143', 'tenant_id': 'bbd1b834bd524e43b6826aecd502d9d8', 'tenant_name': 'tempest-QuotaClassesAdminTestJSON-613791143', 'user_domain_id': 'default', 'user_domain_name': 'Default', 'user_id': '07dc6c1aa43a458ea4fd69b62ec353a6', 'system': None}, Network: None, Subnet: None, Router: None
2025-11-27 06:22:10.676 65608 INFO tempest.lib.common.dynamic_creds [-] Created isolated network resources for: credentials: Credentials: {'domain_id': 'default', 'domain_name': 'Default', 'username': 'tempest-QuotaClassesAdminTestJSON-613791143-project-admin', 'project_domain_id': 'default', 'project_domain_name': 'Default', 'project_id': 'bbd1b834bd524e43b6826aecd502d9d8', 'project_name': 'tempest-QuotaClassesAdminTestJSON-613791143', 'tenant_id': 'bbd1b834bd524e43b6826aecd502d9d8', 'tenant_name': 'tempest-QuotaClassesAdminTestJSON-613791143', 'user_domain_id': 'default', 'user_domain_name': 'Default', 'user_id': '07dc6c1aa43a458ea4fd69b62ec353a6', 'system': None}, Network: None, Subnet: None, Router: None
2025-11-27 06:22:10.780 65608 INFO tempest.lib.common.rest_client [req-8900c154-6cca-45b8-93f0-15b7e19ec5f1 req-8900c154-6cca-45b8-93f0-15b7e19ec5f1 ] Request (QuotaClassesAdminTestJSON:setUpClass): 201 POST http://10.180.1.21/identity/v3/auth/tokens 0.099s
2025-11-27 06:22:11.075 65604 INFO tempest.lib.common.rest_client [req-356a2215-4152-4dec-a34b-4a888ab71111 req-356a2215-4152-4dec-a34b-4a888ab71111 ] Request (ServerDiskConfigTestJSON:setUpClass): 200 PUT http://10.180.1.21/networking/v2.0/routers/c0f52b7a-fba7-40b3-b52b-72f994e2ea5b/add_router_interface 1.607s
2025-11-27 06:22:11.076 65604 INFO tempest.lib.common.dynamic_creds [-] Created isolated network resources for: credentials: Credentials: {'domain_id': 'default', 'domain_name': 'Default', 'username': 'tempest-ServerDiskConfigTestJSON-1701979366-project-member', 'project_domain_id': 'default', 'project_domain_name': 'Default', 'project_id': '711953e8394e4e8abf7ef54f1ef20dc0', 'project_name': 'tempest-ServerDiskConfigTestJSON-1701979366', 'tenant_id': '711953e8394e4e8abf7ef54f1ef20dc0', 'tenant_name': 'tempest-ServerDiskConfigTestJSON-1701979366', 'user_domain_id': 'default', 'user_domain_name': 'Default', 'user_id': '94235577309d4e4b96d4358834fa7e2c', 'system': None}, Network: {'id': '64492e63-0d8b-40b8-a4a8-075ee45e748d', 'name': 'tempest-ServerDiskConfigTestJSON-1013706144-network', 'tenant_id': '711953e8394e4e8abf7ef54f1ef20dc0', 'project_id': '711953e8394e4e8abf7ef54f1ef20dc0', 'admin_state_up': True, 'mtu': 8950, 'status': 'ACTIVE', 'subnets': [], 'shared': False, 'port_security_enabled': True, 'router:external': False, 'provider:network_type': 'vlan', 'provider:physical_network': 'default', 'provider:segmentation_id': 567, 'availability_zone_hints': [], 'availability_zones': [], 'ipv4_address_scope': None, 'ipv6_address_scope': None, 'description': '', 'tags': [], 'created_at': '2025-11-27T06:22:07Z', 'updated_at': '2025-11-27T06:22:07Z', 'revision_number': 1}, Subnet: {'id': 'dd6853c7-a135-42ea-8ed0-9cb82658bcfe', 'name': 'tempest-ServerDiskConfigTestJSON-1013706144-subnet', 'tenant_id': '711953e8394e4e8abf7ef54f1ef20dc0', 'network_id': '64492e63-0d8b-40b8-a4a8-075ee45e748d', 'ip_version': 4, 'subnetpool_id': None, 'enable_dhcp': True, 'ipv6_ra_mode': None, 'ipv6_address_mode': None, 'gateway_ip': '192.168.128.1', 'cidr': '192.168.128.0/28', 'allocation_pools': [{'start': '192.168.128.2', 'end': '192.168.128.14'}], 'host_routes': [], 'dns_nameservers': [], 'description': '', 'router:external': False, 'service_types': [], 'tags': [], 'created_at': '2025-11-27T06:22:08Z', 'updated_at': '2025-11-27T06:22:08Z', 'revision_number': 0, 'project_id': '711953e8394e4e8abf7ef54f1ef20dc0'}, Router: {'id': 'c0f52b7a-fba7-40b3-b52b-72f994e2ea5b', 'name': 'tempest-ServerDiskConfigTestJSON-1013706144-router', 'tenant_id': '711953e8394e4e8abf7ef54f1ef20dc0', 'admin_state_up': True, 'status': 'ACTIVE', 'external_gateway_info': {'network_id': 'a1f895c3-b746-48f7-ad09-3364f568aa94', 'external_fixed_ips': [{'subnet_id': 'ef8923bc-5783-48c0-8e54-c62aa893e060', 'ip_address': '10.180.180.215'}], 'enable_snat': True}, 'description': '', 'availability_zones': [], 'distributed': False, 'ha': False, 'availability_zone_hints': [], 'routes': [], 'flavor_id': None, 'tags': [], 'created_at': '2025-11-27T06:22:08Z', 'updated_at': '2025-11-27T06:22:09Z', 'revision_number': 2, 'project_id': '711953e8394e4e8abf7ef54f1ef20dc0'}
2025-11-27 06:22:11.199 65604 INFO tempest.lib.common.rest_client [req-1cb7e005-ce3b-42c1-87d8-e48be7ffd46a req-1cb7e005-ce3b-42c1-87d8-e48be7ffd46a ] Request (ServerDiskConfigTestJSON:setUpClass): 201 POST http://10.180.1.21/identity/v3/auth/tokens 0.120s
2025-11-27 06:22:11.256 65604 INFO tempest.lib.common.rest_client [req-daa8c431-e513-4091-8799-6d22b40e6675 req-daa8c431-e513-4091-8799-6d22b40e6675 ] Request (ServerDiskConfigTestJSON:test_rebuild_server_with_auto_disk_config): 201 POST http://10.180.1.21/identity/v3/auth/tokens 0.050s
2025-11-27 06:22:11.256 65604 INFO tempest.lib.common.fixed_network [-] (ServerDiskConfigTestJSON:test_rebuild_server_with_auto_disk_config) Found network {'id': '64492e63-0d8b-40b8-a4a8-075ee45e748d', 'name': 'tempest-ServerDiskConfigTestJSON-1013706144-network', 'tenant_id': '711953e8394e4e8abf7ef54f1ef20dc0', 'project_id': '711953e8394e4e8abf7ef54f1ef20dc0', 'admin_state_up': True, 'mtu': 8950, 'status': 'ACTIVE', 'subnets': [], 'shared': False, 'port_security_enabled': True, 'router:external': False, 'provider:network_type': 'vlan', 'provider:physical_network': 'default', 'provider:segmentation_id': 567, 'availability_zone_hints': [], 'availability_zones': [], 'ipv4_address_scope': None, 'ipv6_address_scope': None, 'description': '', 'tags': [], 'created_at': '2025-11-27T06:22:07Z', 'updated_at': '2025-11-27T06:22:07Z', 'revision_number': 1} available for tenant
2025-11-27 06:22:12.076 65654 INFO tempest.lib.common.rest_client [req-82453ddc-fcd7-48ea-aefd-5734b291afb7 req-82453ddc-fcd7-48ea-aefd-5734b291afb7 ] Request (ServersV294TestFqdnHostnames:setUpClass): 201 POST http://10.180.1.21/networking/v2.0/floatingips 2.326s
2025-11-27 06:22:12.096 65644 INFO tempest.lib.common.rest_client [req-8f5dbb7d-bf50-40d8-8f02-92ff9b1f9096 req-8f5dbb7d-bf50-40d8-8f02-92ff9b1f9096 ] Request (SecurityGroupRulesNegativeTestJSON:setUpClass): 200 PUT http://10.180.1.21/networking/v2.0/routers/0e5a37c0-1a7b-46ba-ab3e-fe505d329897/add_router_interface 2.570s
2025-11-27 06:22:12.096 65644 INFO tempest.lib.common.dynamic_creds [-] Created isolated network resources for: credentials: Credentials: {'domain_id': 'default', 'domain_name': 'Default', 'username': 'tempest-SecurityGroupRulesNegativeTestJSON-647629376-project-member', 'project_domain_id': 'default', 'project_domain_name': 'Default', 'project_id': 'eb7a179ef7b24db881c697e7cb7290a3', 'project_name': 'tempest-SecurityGroupRulesNegativeTestJSON-647629376', 'tenant_id': 'eb7a179ef7b24db881c697e7cb7290a3', 'tenant_name': 'tempest-SecurityGroupRulesNegativeTestJSON-647629376', 'user_domain_id': 'default', 'user_domain_name': 'Default', 'user_id': 'c56533cffe5e4346b64ccb6c5f475a70', 'system': None}, Network: {'id': 'd1b35547-08a0-400f-8f51-0d3cde418604', 'name': 'tempest-SecurityGroupRulesNegativeTestJSON-1623381931-network', 'tenant_id': 'eb7a179ef7b24db881c697e7cb7290a3', 'project_id': 'eb7a179ef7b24db881c697e7cb7290a3', 'admin_state_up': True, 'mtu': 8950, 'status': 'ACTIVE', 'subnets': [], 'shared': False, 'port_security_enabled': True, 'router:external': False, 'provider:network_type': 'vlan', 'provider:physical_network': 'default', 'provider:segmentation_id': 217, 'availability_zone_hints': [], 'availability_zones': [], 'ipv4_address_scope': None, 'ipv6_address_scope': None, 'description': '', 'tags': [], 'created_at': '2025-11-27T06:22:07Z', 'updated_at': '2025-11-27T06:22:07Z', 'revision_number': 1}, Subnet: {'id': '87af4974-afb8-4676-8600-55a186549712', 'name': 'tempest-SecurityGroupRulesNegativeTestJSON-1623381931-subnet', 'tenant_id': 'eb7a179ef7b24db881c697e7cb7290a3', 'network_id': 'd1b35547-08a0-400f-8f51-0d3cde418604', 'ip_version': 4, 'subnetpool_id': None, 'enable_dhcp': True, 'ipv6_ra_mode': None, 'ipv6_address_mode': None, 'gateway_ip': '192.168.128.1', 'cidr': '192.168.128.0/28', 'allocation_pools': [{'start': '192.168.128.2', 'end': '192.168.128.14'}], 'host_routes': [], 'dns_nameservers': [], 'description': '', 'router:external': False, 'service_types': [], 'tags': [], 'created_at': '2025-11-27T06:22:08Z', 'updated_at': '2025-11-27T06:22:08Z', 'revision_number': 0, 'project_id': 'eb7a179ef7b24db881c697e7cb7290a3'}, Router: {'id': '0e5a37c0-1a7b-46ba-ab3e-fe505d329897', 'name': 'tempest-SecurityGroupRulesNegativeTestJSON-1623381931-router', 'tenant_id': 'eb7a179ef7b24db881c697e7cb7290a3', 'admin_state_up': True, 'status': 'ACTIVE', 'external_gateway_info': {'network_id': 'a1f895c3-b746-48f7-ad09-3364f568aa94', 'external_fixed_ips': [{'subnet_id': 'ef8923bc-5783-48c0-8e54-c62aa893e060', 'ip_address': '10.180.180.149'}], 'enable_snat': True}, 'description': '', 'availability_zones': [], 'distributed': False, 'ha': False, 'availability_zone_hints': [], 'routes': [], 'flavor_id': None, 'tags': [], 'created_at': '2025-11-27T06:22:08Z', 'updated_at': '2025-11-27T06:22:09Z', 'revision_number': 2, 'project_id': 'eb7a179ef7b24db881c697e7cb7290a3'}
2025-11-27 06:22:12.189 65654 INFO tempest.lib.common.rest_client [req-588cdc98-8cf2-43b1-8650-2649a5686e30 req-588cdc98-8cf2-43b1-8650-2649a5686e30 ] Request (ServersV294TestFqdnHostnames:setUpClass): 201 POST http://10.180.1.21/identity/v3/auth/tokens 0.110s
2025-11-27 06:22:12.190 65654 INFO tempest.lib.common.fixed_network [-] (ServersV294TestFqdnHostnames:setUpClass) Found network {'id': '3761a01d-3b30-4032-9927-5cd28e6cff7c', 'name': 'tempest-ServersV294TestFqdnHostnames-403092981-network', 'tenant_id': 'f776ad7931d441b49ca53e446596a78f', 'project_id': 'f776ad7931d441b49ca53e446596a78f', 'admin_state_up': True, 'mtu': 8950, 'status': 'ACTIVE', 'subnets': [], 'shared': False, 'port_security_enabled': True, 'router:external': False, 'provider:network_type': 'vlan', 'provider:physical_network': 'default', 'provider:segmentation_id': 421, 'availability_zone_hints': [], 'availability_zones': [], 'ipv4_address_scope': None, 'ipv6_address_scope': None, 'description': '', 'tags': [], 'created_at': '2025-11-27T06:21:56Z', 'updated_at': '2025-11-27T06:21:56Z', 'revision_number': 1} available for tenant
2025-11-27 06:22:12.209 65644 INFO tempest.lib.common.rest_client [req-334c349a-bf30-462e-9022-e0e25bda0c3e req-334c349a-bf30-462e-9022-e0e25bda0c3e ] Request (SecurityGroupRulesNegativeTestJSON:setUpClass): 201 POST http://10.180.1.21/identity/v3/auth/tokens 0.108s
2025-11-27 06:22:12.332 65640 INFO tempest.lib.common.rest_client [req-cfc6c17d-9c9c-4a00-8333-36042b039f71 req-cfc6c17d-9c9c-4a00-8333-36042b039f71 ] Request (ServerTagsTestJSON:setUpClass): 200 GET http://10.180.1.21/compute/v2.1/servers/a65fd9db-951c-42be-a38e-03edc0bb1ef1 6.843s
2025-11-27 06:22:12.343 65640 INFO tempest.common.waiters [-] State transition "BUILD/spawning" ==> "ACTIVE/None" after 24 second wait
2025-11-27 06:22:12.376 65630 INFO tempest.lib.common.rest_client [req-74371ca7-c861-4d46-9981-75c7d71927da req-74371ca7-c861-4d46-9981-75c7d71927da ] Request (FloatingIPDetailsTestJSON:setUpClass): 200 POST http://10.180.1.21/compute/v2.1/os-floating-ips 10.044s
2025-11-27 06:22:12.578 65626 INFO tempest.lib.common.rest_client [req-e509a0a5-8f41-47da-8d1c-82f10825613d req-e509a0a5-8f41-47da-8d1c-82f10825613d ] Request (VolumesAssistedSnapshotsTest:test_volume_assisted_snapshot_create_delete): 200 GET http://10.180.1.21/compute/v2.1/servers/9c309d41-4126-4521-a347-5e9e8d17e0ea 6.917s
2025-11-27 06:22:12.606 65638 INFO tempest.lib.common.rest_client [req-6fdc29e1-4a12-4e35-88a7-8f6976f0e7b6 req-6fdc29e1-4a12-4e35-88a7-8f6976f0e7b6 ] Request (ServersWithSpecificFlavorTestJSON:test_verify_created_server_ephemeral_disk): 200 POST http://10.180.1.21/compute/v2.1/flavors/1385766151/os-extra_specs 6.805s
2025-11-27 06:22:12.677 65624 INFO tempest.lib.common.rest_client [req-72d7d185-dd5c-438c-806d-026d0a37ecd9 req-72d7d185-dd5c-438c-806d-026d0a37ecd9 ] Request (ServerGroupTestJSON:test_create_delete_multiple_server_groups_with_same_name_policy): 200 POST http://10.180.1.21/compute/v2.1/os-server-groups 6.662s
2025-11-27 06:22:12.678 65610 INFO tempest.lib.common.rest_client [req-c8e4e86f-497b-46e2-92fa-ec34ecd246f9 req-c8e4e86f-497b-46e2-92fa-ec34ecd246f9 ] Request (FlavorsExtraSpecsNegativeTestJSON:test_flavor_update_more_key): 400 PUT http://10.180.1.21/compute/v2.1/flavors/1390936850/os-extra_specs/hw:numa_nodes 6.520s
2025-11-27 06:22:12.688 65614 INFO tempest.lib.common.rest_client [req-a9f6fffd-ee39-4ad2-993a-64fc3786f957 req-a9f6fffd-ee39-4ad2-993a-64fc3786f957 ] Request (MigrationsAdminTest:test_list_migrations_in_flavor_resize_situation): 202 POST http://10.180.1.21/compute/v2.1/servers/b9f5aef9-ad6c-4afe-be13-ca78d7680f3b/action 6.927s
2025-11-27 06:22:12.709 65634 INFO tempest.lib.common.rest_client [req-67425c15-a551-4ad6-b907-c5d29a811a52 req-67425c15-a551-4ad6-b907-c5d29a811a52 ] Request (FlavorsExtraSpecsTestJSON:test_flavor_set_get_update_show_unset_keys): 200 DELETE http://10.180.1.21/compute/v2.1/flavors/315381795/os-extra_specs/hw:numa_nodes 6.509s
2025-11-27 06:22:12.921 65646 INFO tempest.lib.common.rest_client [req-4de9e5e5-fc26-4846-9dd3-e3caef556e46 req-4de9e5e5-fc26-4846-9dd3-e3caef556e46 ] Request (SecurityGroupsTestAdminJSON:_run_cleanups): 202 DELETE http://10.180.1.21/compute/v2.1/os-security-groups/21ebcd99-2860-41ba-b3ad-e0a64d633ef0 6.697s
2025-11-27 06:22:12.927 65622 INFO tempest.lib.common.rest_client [req-12d10f46-635d-4c62-ba64-cee20e956072 req-12d10f46-635d-4c62-ba64-cee20e956072 ] Request (AttachInterfacesUnderV243Test:test_add_remove_fixed_ip): 200 GET http://10.180.1.21/compute/v2.1/servers/91907f7c-abc7-4527-8c45-8b0b01c829d2 6.138s
2025-11-27 06:22:12.937 65622 INFO tempest.common.waiters [-] State transition "BUILD/spawning" ==> "ACTIVE/None" after 26 second wait
2025-11-27 06:22:13.038 65656 INFO tempest.lib.common.rest_client [req-d1eab647-6f79-4c33-b7ef-4d8a6fc3ad59 req-d1eab647-6f79-4c33-b7ef-4d8a6fc3ad59 ] Request (QuotasAdminTestJSON:test_get_updated_quotas): 200 GET http://10.180.1.21/compute/v2.1/os-quota-sets/f80dc3911643446db38ff8ce8457f191?user_id=30c85745b16c48619efddd67a2aed5b6 6.244s
2025-11-27 06:22:13.057 65606 INFO tempest.lib.common.rest_client [req-142cc939-3861-4696-a980-643ba2b52ba1 req-142cc939-3861-4696-a980-643ba2b52ba1 ] Request (QuotasAdminNegativeTest:test_create_server_when_memory_quota_is_full): 200 GET http://10.180.1.21/compute/v2.1/os-quota-sets/4a2e4e8987be4744997ff524fd8f8c2b 6.235s
2025-11-27 06:22:13.106 65596 INFO tempest.lib.common.rest_client [req-291a2fd4-2f73-4f0e-baea-138689e7f193 req-291a2fd4-2f73-4f0e-baea-138689e7f193 ] Request (ServerExternalEventsTest:tearDownClass): 200 GET http://10.180.1.21/compute/v2.1/servers/75d53f6d-e0e9-4919-8844-458d4fb354bc 6.180s
2025-11-27 06:22:13.135 65656 INFO tempest.lib.common.rest_client [req-4cdf952a-b02e-4a30-bd7f-26fad75e0289 req-4cdf952a-b02e-4a30-bd7f-26fad75e0289 ] Request (QuotasAdminTestJSON:_run_cleanups): 204 DELETE http://10.180.1.21/identity/v3/users/30c85745b16c48619efddd67a2aed5b6 0.094s
2025-11-27 06:22:13.248 65656 INFO tempest.lib.common.rest_client [req-4415e769-cc6f-4256-8027-0978789f7140 req-4415e769-cc6f-4256-8027-0978789f7140 ] Request (QuotasAdminTestJSON:_run_cleanups): 204 DELETE http://10.180.1.21/identity/v3/projects/f80dc3911643446db38ff8ce8457f191 0.112s
2025-11-27 06:22:13.292 65650 INFO tempest.lib.common.rest_client [req-17964388-b112-46aa-9338-39d3efe7507a req-17964388-b112-46aa-9338-39d3efe7507a ] Request (ListServersNegativeTestJSON:setUpClass): 200 GET http://10.180.1.21/compute/v2.1/servers/8389dd88-8cf6-4816-b3f3-283737335e65 5.714s
2025-11-27 06:22:13.315 65612 INFO tempest.lib.common.rest_client [req-8984d34a-a244-4def-b76b-660c164f8d57 req-8984d34a-a244-4def-b76b-660c164f8d57 ] Request (FlavorsV2TestJSON:test_list_flavors): 200 GET http://10.180.1.21/compute/v2.1/flavors 5.570s
2025-11-27 06:22:13.536 65636 INFO tempest.lib.common.rest_client [req-9ce067d0-984c-4f26-b784-bd8d0f402db0 req-9ce067d0-984c-4f26-b784-bd8d0f402db0 ] Request (InstanceActionsNegativeTestJSON:setUpClass): 202 POST http://10.180.1.21/compute/v2.1/servers 6.423s
2025-11-27 06:22:13.702 65598 INFO tempest.lib.common.rest_client [req-a3bd10d2-7d16-4c86-94f9-865dd3e97f25 req-a3bd10d2-7d16-4c86-94f9-865dd3e97f25 ] Request (ServersAdminNegativeTestJSON:setUpClass): 200 GET http://10.180.1.21/compute/v2.1/servers/97828df1-2130-4b65-a273-45d8ed14fcf4 5.483s
2025-11-27 06:22:13.807 65618 INFO tempest.lib.common.rest_client [req-26093867-0e06-4d66-93a1-20993bd25497 req-26093867-0e06-4d66-93a1-20993bd25497 ] Request (ServersAdmin275Test:test_rebuild_update_server_275): 202 POST http://10.180.1.21/compute/v2.1/servers/28d072ce-7ba7-4b6d-b484-37f14c902daa/action 5.973s
2025-11-27 06:22:13.861 65602 INFO tempest.lib.common.rest_client [req-6157613e-65a4-4d19-bc1a-1cb5ab7d8de9 req-6157613e-65a4-4d19-bc1a-1cb5ab7d8de9 ] Request (ServersTestBootFromVolume:setUpClass): 200 GET http://10.180.1.21/compute/v2.1/servers/26913e71-0d09-4036-bc5e-b249ee79dfa0 4.614s
2025-11-27 06:22:13.871 65602 INFO tempest.common.waiters [-] State transition "BUILD/block_device_mapping" ==> "BUILD/spawning" after 5 second wait
2025-11-27 06:22:13.991 65632 INFO tempest.lib.common.rest_client [req-110f8731-5b20-4780-a12e-29fe3caed4da req-110f8731-5b20-4780-a12e-29fe3caed4da ] Request (ServersAaction247Test:test_create_backup): 202 POST http://10.180.1.21/compute/v2.1/servers 4.641s
2025-11-27 06:22:14.093 65642 INFO tempest.lib.common.rest_client [req-79915633-8bb4-42c7-b17e-5422b256b7c2 req-79915633-8bb4-42c7-b17e-5422b256b7c2 ] Request (ImagesNegativeTestJSON:test_create_image_from_deleted_server): 200 GET http://10.180.1.21/compute/v2.1/servers/c556e8ea-5e76-4506-89b6-dcc49a3ae8b2 4.345s
2025-11-27 06:22:14.127 65620 INFO tempest.lib.common.rest_client [req-815f0967-37b5-4b89-8602-a7b27549bb94 req-815f0967-37b5-4b89-8602-a7b27549bb94 ] Request (AggregatesAdminNegativeTestJSON:test_aggregate_add_non_exist_host): 200 POST http://10.180.1.21/compute/v2.1/os-aggregates 4.354s
2025-11-27 06:22:14.212 65600 INFO tempest.lib.common.rest_client [req-22ff22d5-27fe-4609-8ce5-8395913b481f req-22ff22d5-27fe-4609-8ce5-8395913b481f ] Request (HostsAdminTestJSON:test_show_host_detail): 200 GET http://10.180.1.21/compute/v2.1/os-hosts/cpu-1 4.407s
2025-11-27 06:22:14.223 65594 INFO tempest.lib.common.rest_client [req-cbaaa9d6-80dd-423f-9e63-42eddf7b834b req-cbaaa9d6-80dd-423f-9e63-42eddf7b834b ] Request (ServerDiagnosticsNegativeTest:test_get_server_diagnostics_by_non_admin): 202 POST http://10.180.1.21/compute/v2.1/servers 4.486s
2025-11-27 06:22:14.230 65648 INFO tempest.lib.common.rest_client [req-794da566-3731-4a34-9c73-18b6b783c4c7 req-794da566-3731-4a34-9c73-18b6b783c4c7 ] Request (HostsAdminNegativeTestJSON:test_reboot_host_with_non_admin_user): 403 GET http://10.180.1.21/compute/v2.1/os-hosts/devstack/reboot 4.299s
2025-11-27 06:22:14.276 65628 INFO tempest.lib.common.rest_client [req-68ba9c7b-4e23-4d82-b90b-cc75245a7937 req-68ba9c7b-4e23-4d82-b90b-cc75245a7937 ] Request (DeleteServersAdminTestJSON:test_admin_delete_servers_of_others): 404 GET http://10.180.1.21/compute/v2.1/servers/107d0c18-db21-46bd-83b4-93af544affe2 3.702s
2025-11-27 06:22:14.420 65600 INFO tempest.lib.common.rest_client [req-a075a684-7599-4d84-bc8a-a6480c4b98a9 req-a075a684-7599-4d84-bc8a-a6480c4b98a9 ] Request (HostsAdminTestJSON:tearDownClass): 204 DELETE http://10.180.1.21/identity/v3/users/bd85ac2a068c4d6391939783b76c6131 0.205s
2025-11-27 06:22:14.450 65628 INFO tempest.lib.common.rest_client [req-9c9bb8e2-950d-4114-8db4-bec2e65ae163 req-9c9bb8e2-950d-4114-8db4-bec2e65ae163 ] Request (DeleteServersAdminTestJSON:test_delete_server_while_in_error_state): 201 POST http://10.180.1.21/identity/v3/auth/tokens 0.162s
2025-11-27 06:22:14.450 65628 INFO tempest.lib.common.fixed_network [-] (DeleteServersAdminTestJSON:test_delete_server_while_in_error_state) Found network None available for tenant
2025-11-27 06:22:14.538 65600 INFO tempest.lib.common.rest_client [req-b3a15034-1bf6-4b6d-ad26-c2fd064d647f req-b3a15034-1bf6-4b6d-ad26-c2fd064d647f ] Request (HostsAdminTestJSON:tearDownClass): 204 DELETE http://10.180.1.21/identity/v3/users/ec20898c9b63479e96d4da7159e7232b 0.117s
2025-11-27 06:22:14.539 65600 INFO tempest.lib.common.dynamic_creds [-] Deleting project and security group for project: 8bedbde29c514d38be89d25b0d92f2ea
2025-11-27 06:22:14.628 65600 INFO tempest.lib.common.rest_client [req-44440e1a-70c0-424c-a616-3bc064e2d77f req-44440e1a-70c0-424c-a616-3bc064e2d77f ] Request (HostsAdminTestJSON:tearDownClass): 201 POST http://10.180.1.21/identity/v3/auth/tokens 0.089s
2025-11-27 06:22:14.818 65600 INFO tempest.lib.common.rest_client [req-4592151f-d1e2-4beb-a9b8-288b287ff9a8 req-4592151f-d1e2-4beb-a9b8-288b287ff9a8 ] Request (HostsAdminTestJSON:tearDownClass): 200 GET http://10.180.1.21/networking/v2.0/security-groups?tenant_id=8bedbde29c514d38be89d25b0d92f2ea&name=default 0.189s
2025-11-27 06:22:14.936 65604 INFO tempest.lib.common.rest_client [req-61e654ee-64e8-4104-8a1c-7c052ba491f8 req-61e654ee-64e8-4104-8a1c-7c052ba491f8 ] Request (ServerDiskConfigTestJSON:test_rebuild_server_with_auto_disk_config): 202 POST http://10.180.1.21/compute/v2.1/servers 3.679s
2025-11-27 06:22:14.957 65600 INFO tempest.lib.common.rest_client [req-86d13082-be08-4f72-9928-0f5fa13a2633 req-86d13082-be08-4f72-9928-0f5fa13a2633 ] Request (HostsAdminTestJSON:tearDownClass): 204 DELETE http://10.180.1.21/networking/v2.0/security-groups/843679c4-0776-4ea7-a2d5-259b811e585c 0.139s
2025-11-27 06:22:14.980 65654 INFO tempest.lib.common.rest_client [req-50109135-4a73-4234-889d-594a59280136 req-50109135-4a73-4234-889d-594a59280136 ] Request (ServersV294TestFqdnHostnames:setUpClass): 202 POST http://10.180.1.21/compute/v2.1/servers 2.788s
2025-11-27 06:22:15.079 65600 INFO tempest.lib.common.rest_client [req-ef00e332-5f91-469e-af17-aec2c70d2021 req-ef00e332-5f91-469e-af17-aec2c70d2021 ] Request (HostsAdminTestJSON:tearDownClass): 204 DELETE http://10.180.1.21/identity/v3/projects/8bedbde29c514d38be89d25b0d92f2ea 0.121s
2025-11-27 06:22:15.079 65600 INFO tempest.lib.common.dynamic_creds [-] Deleting project and security group for project: afc366cf7c4a4448a6674dc1358fc69d
2025-11-27 06:22:15.102 65640 INFO tempest.lib.common.rest_client [req-484e109e-5f06-4075-9841-21dcad05d630 req-484e109e-5f06-4075-9841-21dcad05d630 ] Request (ServerTagsTestJSON:test_check_tag_existence): 201 PUT http://10.180.1.21/compute/v2.1/servers/a65fd9db-951c-42be-a38e-03edc0bb1ef1/tags/tempest-tag-354748513 2.758s
2025-11-27 06:22:15.203 65600 INFO tempest.lib.common.rest_client [req-dd543afc-36d9-493c-aec9-1f5652db6513 req-dd543afc-36d9-493c-aec9-1f5652db6513 ] Request (HostsAdminTestJSON:tearDownClass): 200 GET http://10.180.1.21/networking/v2.0/security-groups?tenant_id=afc366cf7c4a4448a6674dc1358fc69d&name=default 0.123s
2025-11-27 06:22:15.267 65644 INFO tempest.lib.common.rest_client [req-8511a498-7d3f-4ef4-8e9d-13ef1990aa2d req-8511a498-7d3f-4ef4-8e9d-13ef1990aa2d ] Request (SecurityGroupRulesNegativeTestJSON:test_create_security_group_rule_duplicate): 200 POST http://10.180.1.21/compute/v2.1/os-security-groups 3.057s
2025-11-27 06:22:15.350 65638 INFO tempest.lib.common.rest_client [req-da883587-300f-429c-87a7-bc3fcf3ff3e0 req-da883587-300f-429c-87a7-bc3fcf3ff3e0 ] Request (ValidationResourcesFixture:setUp): 200 POST http://10.180.1.21/compute/v2.1/os-keypairs 2.741s
2025-11-27 06:22:15.406 65624 INFO tempest.lib.common.rest_client [req-b2f8c4a5-8359-425a-96d7-9d9a2ca44463 req-b2f8c4a5-8359-425a-96d7-9d9a2ca44463 ] Request (ServerGroupTestJSON:test_create_delete_multiple_server_groups_with_same_name_policy): 200 POST http://10.180.1.21/compute/v2.1/os-server-groups 2.727s
2025-11-27 06:22:15.418 65600 INFO tempest.lib.common.rest_client [req-d7643abb-3f61-4a8f-b9a9-e12eea36b843 req-d7643abb-3f61-4a8f-b9a9-e12eea36b843 ] Request (HostsAdminTestJSON:tearDownClass): 204 DELETE http://10.180.1.21/networking/v2.0/security-groups/a469362e-5ba1-49f2-8eee-6467e4a09ecd 0.214s
2025-11-27 06:22:15.424 65610 INFO tempest.lib.common.rest_client [req-305ba40f-7e82-43c8-9a72-55b8d9d0fbdc req-305ba40f-7e82-43c8-9a72-55b8d9d0fbdc ] Request (FlavorsExtraSpecsNegativeTestJSON:tearDownClass): 202 DELETE http://10.180.1.21/compute/v2.1/flavors/1390936850 2.745s
2025-11-27 06:22:15.561 65638 INFO tempest.lib.common.rest_client [req-3537bf07-caea-4412-8bd5-340a1af26730 req-3537bf07-caea-4412-8bd5-340a1af26730 ] Request (ValidationResourcesFixture:setUp): 201 POST http://10.180.1.21/networking/v2.0/security-groups 0.209s
2025-11-27 06:22:15.567 65600 INFO tempest.lib.common.rest_client [req-c154d55b-61a9-49be-a232-2d7c175d1f1f req-c154d55b-61a9-49be-a232-2d7c175d1f1f ] Request (HostsAdminTestJSON:tearDownClass): 204 DELETE http://10.180.1.21/identity/v3/projects/afc366cf7c4a4448a6674dc1358fc69d 0.148s
2025-11-27 06:22:15.633 65600 INFO tempest.lib.common.rest_client [req-f30fe9a0-8c03-4297-8e90-16d1936bdd38 req-f30fe9a0-8c03-4297-8e90-16d1936bdd38 ] Request (ServerDiagnosticsV248Test:setUpClass): 201 POST http://10.180.1.21/identity/v3/auth/tokens 0.064s
2025-11-27 06:22:15.670 65600 INFO tempest.lib.common.rest_client [req-ba029f99-cd56-4baa-aeff-605ce1560501 req-ba029f99-cd56-4baa-aeff-605ce1560501 ] Request (ServerDiagnosticsV248Test:setUpClass): 201 POST http://10.180.1.21/identity/v3/auth/tokens 0.034s
2025-11-27 06:22:15.685 65638 INFO tempest.lib.common.rest_client [req-67caf4f5-288c-4bde-b63e-a072d491e669 req-67caf4f5-288c-4bde-b63e-a072d491e669 ] Request (ValidationResourcesFixture:setUp): 201 POST http://10.180.1.21/networking/v2.0/security-group-rules 0.123s
2025-11-27 06:22:15.697 65600 INFO tempest.lib.common.rest_client [req-b85768e0-ff82-4d9f-97f3-4a484b47ac3e req-b85768e0-ff82-4d9f-97f3-4a484b47ac3e ] Request (ServerDiagnosticsV248Test:setUpClass): 200 GET http://10.180.1.21/identity/v3/domains?name=Default 0.026s
2025-11-27 06:22:15.714 65614 INFO tempest.lib.common.rest_client [req-f59f55f8-b17b-4aed-bafd-6cabe5cdfecf req-f59f55f8-b17b-4aed-bafd-6cabe5cdfecf ] Request (MigrationsAdminTest:test_list_migrations_in_flavor_resize_situation): 200 GET http://10.180.1.21/compute/v2.1/servers/b9f5aef9-ad6c-4afe-be13-ca78d7680f3b 3.026s
2025-11-27 06:22:15.729 65600 INFO tempest.lib.common.rest_client [req-0cf2479b-55c5-4f86-af1e-82b97630eada req-0cf2479b-55c5-4f86-af1e-82b97630eada ] Request (ServerDiagnosticsV248Test:setUpClass): 201 POST http://10.180.1.21/identity/v3/projects 0.031s
2025-11-27 06:22:15.733 65634 INFO tempest.lib.common.rest_client [req-2d296c96-1764-465a-bdf9-16f9e7b9c914 req-2d296c96-1764-465a-bdf9-16f9e7b9c914 ] Request (FlavorsExtraSpecsTestJSON:test_flavor_set_get_update_show_unset_keys): 200 DELETE http://10.180.1.21/compute/v2.1/flavors/315381795/os-extra_specs/hw:cpu_policy 3.023s
2025-11-27 06:22:15.786 65638 INFO tempest.lib.common.rest_client [req-55ea0731-3b1b-4690-b1cf-2179b4632cc2 req-55ea0731-3b1b-4690-b1cf-2179b4632cc2 ] Request (ValidationResourcesFixture:setUp): 201 POST http://10.180.1.21/networking/v2.0/security-group-rules 0.100s
2025-11-27 06:22:15.792 65600 INFO tempest.lib.common.rest_client [req-d722ac81-3ec8-4b57-b147-9e0f528b101b req-d722ac81-3ec8-4b57-b147-9e0f528b101b ] Request (ServerDiagnosticsV248Test:setUpClass): 201 POST http://10.180.1.21/identity/v3/users 0.062s
2025-11-27 06:22:15.812 65600 INFO tempest.lib.common.rest_client [req-7e1f9cbb-37e5-4713-93f7-30e185e1b948 req-7e1f9cbb-37e5-4713-93f7-30e185e1b948 ] Request (ServerDiagnosticsV248Test:setUpClass): 200 GET http://10.180.1.21/identity/v3/roles 0.019s
2025-11-27 06:22:15.838 65600 INFO tempest.lib.common.rest_client [req-c88b9718-f990-4632-b212-31ab41e6a5ff req-c88b9718-f990-4632-b212-31ab41e6a5ff ] Request (ServerDiagnosticsV248Test:setUpClass): 204 PUT http://10.180.1.21/identity/v3/projects/49f2e0d63e9045ee96f5286b3ad78c03/users/8a83615306e04193b9453d6750ce8318/roles/285d0d319a16468db2c2503dac371efd 0.025s
2025-11-27 06:22:15.839 65600 INFO tempest.lib.common.dynamic_creds [-] Dynamic test user 8a83615306e04193b9453d6750ce8318 is created with scope project and roles: ['member']
2025-11-27 06:22:15.839 65600 INFO tempest.lib.common.dynamic_creds [-] Acquired dynamic creds: credentials: Credentials: {'domain_id': 'default', 'domain_name': 'Default', 'username': 'tempest-ServerDiagnosticsV248Test-1967832509-project-member', 'project_domain_id': 'default', 'project_domain_name': 'Default', 'project_id': '49f2e0d63e9045ee96f5286b3ad78c03', 'project_name': 'tempest-ServerDiagnosticsV248Test-1967832509', 'tenant_id': '49f2e0d63e9045ee96f5286b3ad78c03', 'tenant_name': 'tempest-ServerDiagnosticsV248Test-1967832509', 'user_domain_id': 'default', 'user_domain_name': 'Default', 'user_id': '8a83615306e04193b9453d6750ce8318', 'system': None}, Network: None, Subnet: None, Router: None
2025-11-27 06:22:15.839 65600 INFO tempest.lib.common.dynamic_creds [-] Created isolated network resources for: credentials: Credentials: {'domain_id': 'default', 'domain_name': 'Default', 'username': 'tempest-ServerDiagnosticsV248Test-1967832509-project-member', 'project_domain_id': 'default', 'project_domain_name': 'Default', 'project_id': '49f2e0d63e9045ee96f5286b3ad78c03', 'project_name': 'tempest-ServerDiagnosticsV248Test-1967832509', 'tenant_id': '49f2e0d63e9045ee96f5286b3ad78c03', 'tenant_name': 'tempest-ServerDiagnosticsV248Test-1967832509', 'user_domain_id': 'default', 'user_domain_name': 'Default', 'user_id': '8a83615306e04193b9453d6750ce8318', 'system': None}, Network: None, Subnet: None, Router: None
2025-11-27 06:22:15.884 65646 INFO tempest.lib.common.rest_client [req-2d9bb1b5-3994-4371-85c4-b80cfb1dd741 req-2d9bb1b5-3994-4371-85c4-b80cfb1dd741 ] Request (SecurityGroupsTestAdminJSON:_run_cleanups): 202 DELETE http://10.180.1.21/compute/v2.1/os-security-groups/28e239b5-76fa-49bc-936a-5b90df7ac7fa 2.963s
2025-11-27 06:22:15.921 65600 INFO tempest.lib.common.rest_client [req-8104954a-1447-42de-a693-8e9f8871efdd req-8104954a-1447-42de-a693-8e9f8871efdd ] Request (ServerDiagnosticsV248Test:setUpClass): 201 POST http://10.180.1.21/identity/v3/auth/tokens 0.077s
2025-11-27 06:22:15.929 65630 INFO tempest.lib.common.rest_client [req-226bf416-0faa-4124-9a70-c8d62d2ff7f3 req-226bf416-0faa-4124-9a70-c8d62d2ff7f3 ] Request (FloatingIPDetailsTestJSON:setUpClass): 200 POST http://10.180.1.21/compute/v2.1/os-floating-ips 3.550s
2025-11-27 06:22:15.971 65622 INFO tempest.lib.common.rest_client [req-64d578be-ac71-4f5f-b2d2-a14546f3eb1c req-64d578be-ac71-4f5f-b2d2-a14546f3eb1c ] Request (AttachInterfacesUnderV243Test:test_add_remove_fixed_ip): 200 GET http://10.180.1.21/compute/v2.1/servers/91907f7c-abc7-4527-8c45-8b0b01c829d2/os-interface 3.033s
2025-11-27 06:22:15.993 65600 INFO tempest.lib.common.rest_client [req-d1de7392-fc39-46db-a9ad-6c6f4373034e req-d1de7392-fc39-46db-a9ad-6c6f4373034e ] Request (ServerDiagnosticsV248Test:setUpClass): 201 POST http://10.180.1.21/identity/v3/projects 0.072s
2025-11-27 06:22:16.055 65600 INFO tempest.lib.common.rest_client [req-2610b4c9-6120-480f-822a-e77a18f490c7 req-2610b4c9-6120-480f-822a-e77a18f490c7 ] Request (ServerDiagnosticsV248Test:setUpClass): 201 POST http://10.180.1.21/identity/v3/users 0.061s
2025-11-27 06:22:16.115 65600 INFO tempest.lib.common.rest_client [req-c435f078-3a89-47a7-9e58-1daaff5d47b5 req-c435f078-3a89-47a7-9e58-1daaff5d47b5 ] Request (ServerDiagnosticsV248Test:setUpClass): 200 GET http://10.180.1.21/identity/v3/roles 0.059s
2025-11-27 06:22:16.159 65600 INFO tempest.lib.common.rest_client [req-517b895b-efd8-4f9f-b29c-cd9d787ae334 req-517b895b-efd8-4f9f-b29c-cd9d787ae334 ] Request (ServerDiagnosticsV248Test:setUpClass): 204 PUT http://10.180.1.21/identity/v3/projects/4c16c8c7700c4227ac9b8efe493a3a84/users/b2c231ffb2f944a981c85ed481ef8043/roles/656d20c89fbf4bfd9142b6c5c101af75 0.044s
2025-11-27 06:22:16.162 65606 INFO tempest.lib.common.rest_client [req-3f9733be-6848-44e5-9d7f-e7ef7b6116d2 req-3f9733be-6848-44e5-9d7f-e7ef7b6116d2 ] Request (QuotasAdminNegativeTest:test_create_server_when_memory_quota_is_full): 200 PUT http://10.180.1.21/compute/v2.1/os-quota-sets/4a2e4e8987be4744997ff524fd8f8c2b 3.103s
2025-11-27 06:22:16.217 65656 INFO tempest.lib.common.rest_client [req-14647b17-4744-45fb-8e0f-6c9a03b8947b req-14647b17-4744-45fb-8e0f-6c9a03b8947b ] Request (QuotasAdminTestJSON:test_update_all_quota_resources_for_tenant): 200 GET http://10.180.1.21/compute/v2.1/os-quota-sets/5570d9bc4d0d4c9889cacc61acabe28f/defaults 2.967s
2025-11-27 06:22:16.233 65600 INFO tempest.lib.common.rest_client [req-5bee62ba-d734-4e28-bfc0-bb85ecc602a7 req-5bee62ba-d734-4e28-bfc0-bb85ecc602a7 ] Request (ServerDiagnosticsV248Test:setUpClass): 200 GET http://10.180.1.21/identity/v3/roles 0.074s
2025-11-27 06:22:16.239 65612 INFO tempest.lib.common.rest_client [req-75165836-c56b-4faf-a3cb-54f498255e91 req-75165836-c56b-4faf-a3cb-54f498255e91 ] Request (FlavorsV2TestJSON:test_list_flavors): 200 GET http://10.180.1.21/compute/v2.1/flavors/42 2.918s
2025-11-27 06:22:16.260 65600 INFO tempest.lib.common.rest_client [req-22ddba9e-607f-4028-a395-2376db1de180 req-22ddba9e-607f-4028-a395-2376db1de180 ] Request (ServerDiagnosticsV248Test:setUpClass): 204 PUT http://10.180.1.21/identity/v3/projects/4c16c8c7700c4227ac9b8efe493a3a84/users/b2c231ffb2f944a981c85ed481ef8043/roles/656d20c89fbf4bfd9142b6c5c101af75 0.024s
2025-11-27 06:22:16.260 65600 INFO tempest.lib.common.dynamic_creds [-] Dynamic test user b2c231ffb2f944a981c85ed481ef8043 is created with scope project and roles: ['admin']
2025-11-27 06:22:16.261 65600 INFO tempest.lib.common.dynamic_creds [-] Acquired dynamic creds: credentials: Credentials: {'domain_id': 'default', 'domain_name': 'Default', 'username': 'tempest-ServerDiagnosticsV248Test-2107846145-project-admin', 'project_domain_id': 'default', 'project_domain_name': 'Default', 'project_id': '4c16c8c7700c4227ac9b8efe493a3a84', 'project_name': 'tempest-ServerDiagnosticsV248Test-2107846145', 'tenant_id': '4c16c8c7700c4227ac9b8efe493a3a84', 'tenant_name': 'tempest-ServerDiagnosticsV248Test-2107846145', 'user_domain_id': 'default', 'user_domain_name': 'Default', 'user_id': 'b2c231ffb2f944a981c85ed481ef8043', 'system': None}, Network: None, Subnet: None, Router: None
2025-11-27 06:22:16.261 65600 INFO tempest.lib.common.dynamic_creds [-] Created isolated network resources for: credentials: Credentials: {'domain_id': 'default', 'domain_name': 'Default', 'username': 'tempest-ServerDiagnosticsV248Test-2107846145-project-admin', 'project_domain_id': 'default', 'project_domain_name': 'Default', 'project_id': '4c16c8c7700c4227ac9b8efe493a3a84', 'project_name': 'tempest-ServerDiagnosticsV248Test-2107846145', 'tenant_id': '4c16c8c7700c4227ac9b8efe493a3a84', 'tenant_name': 'tempest-ServerDiagnosticsV248Test-2107846145', 'user_domain_id': 'default', 'user_domain_name': 'Default', 'user_id': 'b2c231ffb2f944a981c85ed481ef8043', 'system': None}, Network: None, Subnet: None, Router: None
2025-11-27 06:22:16.264 65638 INFO tempest.lib.common.rest_client [req-f13f78f4-0024-4ec2-b587-be5d99633a1c req-f13f78f4-0024-4ec2-b587-be5d99633a1c ] Request (ValidationResourcesFixture:setUp): 201 POST http://10.180.1.21/networking/v2.0/floatingips 0.477s
