2025-12-15 10:32:10.564 67438 INFO tempest.lib.common.rest_client [req-a994cf45-fea9-442a-a94c-7b29ac3f2556 req-a994cf45-fea9-442a-a94c-7b29ac3f2556 ] Request (ServersAdminTestJSON:test_create_server_with_scheduling_hint): 200 GET http://10.180.1.21/compute/v2.1/servers/b17ca7c0-030f-4467-b905-7237c992568f 2.134s
2025-12-15 10:32:10.574 67402 INFO tempest.lib.common.rest_client [req-4b9e9bca-220b-4af6-824a-f662e27ce1a7 req-4b9e9bca-220b-4af6-824a-f662e27ce1a7 ] Request (ServerShowV257Test:test_rebuild_server): 200 GET http://10.180.1.21/compute/v2.1/servers/f63777fc-1c9b-4dfd-9fb9-468111b39a9d 1.992s
2025-12-15 10:32:10.585 67404 INFO tempest.lib.common.rest_client [req-fec9ea33-d28a-4d90-8701-d624150e8f64 req-fec9ea33-d28a-4d90-8701-d624150e8f64 ] Request (FlavorsAdminTestJSON:test_is_public_string_variations): 200 GET http://10.180.1.21/compute/v2.1/flavors/detail?is_public=0 1.899s
2025-12-15 10:32:10.617 67410 INFO tempest.lib.common.rest_client [req-04429f3a-7326-4215-81e6-1f3788e5155b req-04429f3a-7326-4215-81e6-1f3788e5155b ] Request (KeyPairsV210TestJSON:test_admin_manage_keypairs_for_other_users): 201 POST http://10.180.1.21/compute/v2.1/os-keypairs 1.739s
2025-12-15 10:32:10.743 67388 INFO tempest.lib.common.rest_client [req-fdabe3e6-701c-4cf8-9b3c-32cd68c70428 req-fdabe3e6-701c-4cf8-9b3c-32cd68c70428 ] Request (ServerDiskConfigTestJSON:test_rebuild_server_with_auto_disk_config): 202 POST http://10.180.1.21/compute/v2.1/servers/73cf2488-2af3-4f25-bd95-8953fb643f97/action 2.070s
2025-12-15 10:32:10.816 67430 INFO tempest.lib.common.rest_client [req-b7034746-7672-43f5-8fd6-3367e6132075 req-b7034746-7672-43f5-8fd6-3367e6132075 ] Request (ServerMetadataTestJSON:setUpClass): 200 GET http://10.180.1.21/compute/v2.1/servers/90b6227a-7d4e-4f8a-8dd6-87e06f88f8b0 1.728s
2025-12-15 10:32:10.870 67380 INFO tempest.lib.common.rest_client [req-897f8002-e705-4254-afbe-70dbae10e596 req-897f8002-e705-4254-afbe-70dbae10e596 ] Request (ImagesMetadataTestJSON:setUp): 200 PUT http://10.180.1.21/compute/v2.1/images/59f9c63d-fa30-4fd8-9d07-dd34d50f96ec/metadata 1.841s
2025-12-15 10:32:10.951 67400 INFO tempest.lib.common.rest_client [req-9d248d88-46da-4aae-bb68-11c313960f1f req-9d248d88-46da-4aae-bb68-11c313960f1f ] Request (ServersTestFqdnHostnames:tearDownClass): 200 GET http://10.180.1.21/compute/v2.1/servers/0a356f87-1a02-4738-a681-5fd5004d658e 1.560s
2025-12-15 10:32:11.003 67414 INFO tempest.lib.common.rest_client [req-89df17a5-5bf2-47b9-8bec-706dec4a7911 req-89df17a5-5bf2-47b9-8bec-706dec4a7911 ] Request (ImagesMetadataNegativeTestJSON:test_delete_nonexistent_image_metadata_item): 404 DELETE http://10.180.1.21/compute/v2.1/images/e74a4400-cd69-426c-9b76-ba89a908e0d6/metadata/os_distro 1.664s
2025-12-15 10:32:11.156 67420 INFO tempest.lib.common.rest_client [req-bf022b56-2938-4e09-a64c-e257ae4fad5c req-bf022b56-2938-4e09-a64c-e257ae4fad5c ] Request (ServersV294TestFqdnHostnames:setUpClass): 200 GET http://10.180.1.21/compute/v2.1/servers/3610af16-ebfa-46a2-b42a-5229d881c9b2 1.750s
2025-12-15 10:32:11.168 67428 INFO tempest.lib.common.rest_client [req-f6f51bff-8f08-46a4-82b1-2f5ade372855 req-f6f51bff-8f08-46a4-82b1-2f5ade372855 ] Request (VolumesAssistedSnapshotsTest:tearDownClass): 200 GET http://10.180.1.21/compute/v2.1/servers/e2ffab34-9752-4a9f-9698-3fa96612f4e8 1.458s
2025-12-15 10:32:11.171 67420 INFO tempest.api.compute.base [-] Attempting to verify tagged devices in server 3610af16-ebfa-46a2-b42a-5229d881c9b2 via the metadata service: http://169.254.169.254/openstack/latest/meta_data.json
2025-12-15 10:32:11.172 67420 INFO tempest.lib.common.ssh [-] Creating ssh connection to '10.180.180.254:22' as 'cirros' with public key authentication
2025-12-15 10:32:11.216 67440 INFO tempest.lib.common.rest_client [req-dcdf7b5c-0213-4a3e-979c-56d5bbdbdf42 req-dcdf7b5c-0213-4a3e-979c-56d5bbdbdf42 ] Request (ServersTestBootFromVolume:setUpClass): 200 GET http://10.180.1.21/compute/v2.1/servers/4b47edab-ac71-484c-93b2-bec28ed110d5 1.312s
2025-12-15 10:32:11.226 67442 INFO tempest.lib.common.rest_client [req-a48849b3-6e8d-4935-a162-86781a74de9b req-a48849b3-6e8d-4935-a162-86781a74de9b ] Request (ImagesOneServerTestJSON:setUpClass): 200 GET http://10.180.1.21/compute/v2.1/servers/804f0fa6-22d4-4970-8252-481719bb700a 1.248s
2025-12-15 10:32:11.264 67416 INFO tempest.lib.common.rest_client [req-115a2794-b0ff-4c88-ab4b-5c71864cf674 req-115a2794-b0ff-4c88-ab4b-5c71864cf674 ] Request (ListImageFiltersTestJSON:setUpClass): 200 GET http://10.180.1.21/compute/v2.1/images/023add92-09ff-491a-864c-7a6a698c1899 1.016s
2025-12-15 10:32:11.359 67436 INFO tempest.lib.common.rest_client [req-787630cc-4601-4f9c-891a-bd23ffa3c6da req-787630cc-4601-4f9c-891a-bd23ffa3c6da ] Request (AggregatesAdminNegativeTestJSON:_run_cleanups): 200 POST http://10.180.1.21/compute/v2.1/os-aggregates/7/action 1.282s
2025-12-15 10:32:11.381 67418 INFO tempest.lib.common.rest_client [req-874a9bc1-4895-48ef-ba22-efac36c2d591 req-874a9bc1-4895-48ef-ba22-efac36c2d591 ] Request (DeleteServersAdminTestJSON:tearDownClass): 404 DELETE http://10.180.1.21/compute/v2.1/servers/47dc689d-7aba-4f63-8c3d-5683612106ed 0.993s
2025-12-15 10:32:11.429 67426 INFO tempest.lib.common.rest_client [req-7f05f4a9-5cb8-4b94-8395-5bbf3386dc03 req-7f05f4a9-5cb8-4b94-8395-5bbf3386dc03 ] Request (ImagesTestJSON:test_create_image_from_stopped_server): 200 GET http://10.180.1.21/compute/v2.1/servers/d048a9af-34de-4f41-b72b-d38bf6744335 1.065s
2025-12-15 10:32:11.438 67394 INFO tempest.lib.common.rest_client [req-8c2307da-83bc-4d9f-85ea-1d41d68e8cdd req-8c2307da-83bc-4d9f-85ea-1d41d68e8cdd ] Request (ServersTestMultiNic:test_verify_multiple_nics_order): 200 GET http://10.180.1.21/compute/v2.1/servers/45cd8a5d-72d9-44c2-8514-1752aca29495 0.876s
2025-12-15 10:32:11.444 67394 INFO tempest.common.waiters [-] State transition "BUILD/None" ==> "BUILD/networking" after 17 second wait
2025-12-15 10:32:11.450 67410 INFO tempest.lib.common.rest_client [req-7c5b177e-3566-4e76-8879-50bd393dc976 req-7c5b177e-3566-4e76-8879-50bd393dc976 ] Request (KeyPairsV210TestJSON:test_admin_manage_keypairs_for_other_users): 200 GET http://10.180.1.21/compute/v2.1/os-keypairs/tempest-keypair-188361778?user_id=0312e812f32141c1b5cfdeb04b79d4bf 0.831s
2025-12-15 10:32:11.453 67404 INFO tempest.lib.common.rest_client [req-972b7765-f48f-47df-ae25-95c25afd7f28 req-972b7765-f48f-47df-ae25-95c25afd7f28 ] Request (FlavorsAdminTestJSON:test_is_public_string_variations): 200 GET http://10.180.1.21/compute/v2.1/flavors/detail?is_public=t 0.865s
2025-12-15 10:32:11.571 67388 INFO tempest.lib.common.rest_client [req-84a871c9-baa5-4377-b6db-2954569c8044 req-84a871c9-baa5-4377-b6db-2954569c8044 ] Request (ServerDiskConfigTestJSON:test_rebuild_server_with_auto_disk_config): 200 GET http://10.180.1.21/compute/v2.1/servers/73cf2488-2af3-4f25-bd95-8953fb643f97 0.822s
2025-12-15 10:32:11.621 67432 INFO tempest.lib.common.rest_client [req-9b834526-1cb3-45e9-8672-32249f052f79 req-9b834526-1cb3-45e9-8672-32249f052f79 ] Request (FloatingIPsAssociationTestJSON:test_associate_already_associated_floating_ip): 200 GET http://10.180.1.21/compute/v2.1/servers/60302289-0fe1-4ea7-b956-f6d31c292440 0.729s
2025-12-15 10:32:11.648 67414 INFO tempest.lib.common.rest_client [req-b41888e2-b29c-4eef-99dd-62831e32e86f req-b41888e2-b29c-4eef-99dd-62831e32e86f ] Request (ImagesMetadataNegativeTestJSON:test_get_nonexistent_image_metadata_item): 404 GET http://10.180.1.21/compute/v2.1/images/e206cde5-456d-4ac5-8e2f-45615315d716/metadata/os_version 0.643s
2025-12-15 10:32:11.651 67380 INFO tempest.lib.common.rest_client [req-92a3fa3a-ab6e-49ca-a08c-1a4583248988 req-92a3fa3a-ab6e-49ca-a08c-1a4583248988 ] Request (ImagesMetadataTestJSON:test_set_image_metadata_item): 200 PUT http://10.180.1.21/compute/v2.1/images/59f9c63d-fa30-4fd8-9d07-dd34d50f96ec/metadata/os_version 0.780s
2025-12-15 10:32:11.713 67434 INFO tempest.lib.common.rest_client [req-2d71563b-cfb4-477d-be16-a204c825bad8 req-2d71563b-cfb4-477d-be16-a204c825bad8 ] Request (ServersListShow2100Test:test_list_show_rebuild_update_server_2100): 200 GET http://10.180.1.21/compute/v2.1/servers/03f31460-f553-4a33-91f3-4e65ff8ed7bd 0.627s
2025-12-15 10:32:11.756 67396 INFO tempest.lib.common.rest_client [req-3a3eec70-adc5-4360-bc01-7dc50fc60676 req-3a3eec70-adc5-4360-bc01-7dc50fc60676 ] Request (ServerDiagnosticsTest:test_get_server_diagnostics): 200 GET http://10.180.1.21/compute/v2.1/servers/db5bab77-c1c0-4d07-9c2c-5e0b9a281e57 0.592s
2025-12-15 10:32:11.768 67382 INFO tempest.lib.common.rest_client [req-abe3acc8-7e34-4652-a204-5c1ef3acfcb3 req-abe3acc8-7e34-4652-a204-5c1ef3acfcb3 ] Request (ServersAdmin275Test:test_rebuild_update_server_275): 200 GET http://10.180.1.21/compute/v2.1/servers/fda5c6b9-ebe6-44e6-8078-c7fb481278d5 0.558s
2025-12-15 10:32:11.793 67416 INFO tempest.lib.common.rest_client [req-ba3024e2-09ef-486c-b4ad-bdd079b3bc66 req-ba3024e2-09ef-486c-b4ad-bdd079b3bc66 ] Request (ListImageFiltersTestJSON:setUpClass): 200 GET http://10.180.1.21/compute/v2.1/images/023add92-09ff-491a-864c-7a6a698c1899 0.524s
2025-12-15 10:32:11.822 67406 INFO tempest.lib.common.rest_client [req-cf146d98-a022-4045-add9-5f5a6f2c0807 req-cf146d98-a022-4045-add9-5f5a6f2c0807 ] Request (ServersAdminNegativeTestJSON:setUpClass): 200 GET http://10.180.1.21/compute/v2.1/servers/ff0b473a-2605-4a2e-a8b5-acabfc5528b0 0.546s
2025-12-15 10:32:11.842 67436 INFO tempest.lib.common.rest_client [req-138ba563-cb42-47da-aecd-6166c729ddb0 req-138ba563-cb42-47da-aecd-6166c729ddb0 ] Request (AggregatesAdminNegativeTestJSON:_run_cleanups): 200 DELETE http://10.180.1.21/compute/v2.1/os-aggregates/7 0.480s
2025-12-15 10:32:11.875 67418 INFO tempest.lib.common.rest_client [req-95c80906-7577-433a-bf81-11565ac9a891 req-95c80906-7577-433a-bf81-11565ac9a891 ] Request (DeleteServersAdminTestJSON:tearDownClass): 404 GET http://10.180.1.21/compute/v2.1/servers/47dc689d-7aba-4f63-8c3d-5683612106ed 0.493s
2025-12-15 10:32:11.878 67416 INFO tempest.lib.common.rest_client [req-227a5026-e995-46e4-aaa4-03dfe6f36bac req-227a5026-e995-46e4-aaa4-03dfe6f36bac ] Request (ListImageFiltersTestJSON:setUpClass): 201 POST http://10.180.1.21/identity/v3/auth/tokens 0.077s
2025-12-15 10:32:11.878 67416 INFO tempest.lib.common.fixed_network [-] (ListImageFiltersTestJSON:setUpClass) Found network None available for tenant
2025-12-15 10:32:11.897 67398 INFO tempest.lib.common.rest_client [req-4fdd8243-3e16-464a-85d9-fb44a43594f0 req-4fdd8243-3e16-464a-85d9-fb44a43594f0 ] Request (MigrationsAdminTest:test_list_migrations_in_flavor_resize_situation): 200 GET http://10.180.1.21/compute/v2.1/servers/7610968f-b5bb-4705-890f-77c119968960 0.576s
2025-12-15 10:32:11.942 67390 INFO tempest.lib.common.rest_client [req-a9f709a1-5b79-4fb5-a600-2b418da1708b req-a9f709a1-5b79-4fb5-a600-2b418da1708b ] Request (ImagesOneServerNegativeTestJSON:_run_cleanups): 200 GET http://10.180.1.21/compute/v2.1/servers/a6923f5b-79d5-4790-a592-7a013cbcc2a9 0.536s
2025-12-15 10:32:11.951 67410 INFO tempest.lib.common.rest_client [req-076ef858-7444-4220-aba2-7aeb2cbb1082 req-076ef858-7444-4220-aba2-7aeb2cbb1082 ] Request (KeyPairsV210TestJSON:test_admin_manage_keypairs_for_other_users): 201 POST http://10.180.1.21/compute/v2.1/os-keypairs 0.497s
2025-12-15 10:32:11.972 67404 INFO tempest.lib.common.rest_client [req-31a37f19-a327-4db4-91ca-3f6ce25dd45e req-31a37f19-a327-4db4-91ca-3f6ce25dd45e ] Request (FlavorsAdminTestJSON:test_is_public_string_variations): 200 GET http://10.180.1.21/compute/v2.1/flavors/detail?is_public=true 0.514s
2025-12-15 10:32:12.023 67412 INFO tempest.lib.common.rest_client [req-e69eae9e-a89e-45dc-b637-b080e85b103b req-e69eae9e-a89e-45dc-b637-b080e85b103b ] Request (ServerAddressesTestJSON:setUpClass): 200 GET http://10.180.1.21/compute/v2.1/servers/ef276ce1-b702-4c3d-8fa6-88dd6ce38400 0.559s
2025-12-15 10:32:12.045 67408 INFO tempest.lib.common.rest_client [req-f4de5d05-dcf9-409e-bec6-3d135167353a req-f4de5d05-dcf9-409e-bec6-3d135167353a ] Request (DeleteServersTestJSON:test_delete_active_server): 200 GET http://10.180.1.21/compute/v2.1/servers/75f7952f-aa52-4935-b72c-f8416e97c56a 0.579s
2025-12-15 10:32:12.153 67422 INFO tempest.lib.common.rest_client [req-14143828-bea8-426d-8411-7d90ca417c29 req-14143828-bea8-426d-8411-7d90ca417c29 ] Request (InstanceActionsNegativeTestJSON:tearDownClass): 200 GET http://10.180.1.21/compute/v2.1/servers/9159c350-9b58-43cc-a59d-c87066019750 0.626s
2025-12-15 10:32:12.180 67438 INFO tempest.lib.common.rest_client [req-75f44103-17ee-4caa-bbcb-40b050472123 req-75f44103-17ee-4caa-bbcb-40b050472123 ] Request (ServersAdminTestJSON:test_create_server_with_scheduling_hint): 200 GET http://10.180.1.21/compute/v2.1/servers/b17ca7c0-030f-4467-b905-7237c992568f 0.608s
2025-12-15 10:32:12.200 67414 INFO tempest.lib.common.rest_client [req-baf4bfa4-b32d-41c4-8108-7aabec13adf3 req-baf4bfa4-b32d-41c4-8108-7aabec13adf3 ] Request (ImagesMetadataNegativeTestJSON:test_list_nonexistent_image_metadata): 404 GET http://10.180.1.21/compute/v2.1/images/86f395a5-bb54-47e7-8108-16ba9ac8a111/metadata 0.550s
2025-12-15 10:32:12.213 67402 INFO tempest.lib.common.rest_client [req-fa435000-b422-4942-b06a-caac4e4ba42e req-fa435000-b422-4942-b06a-caac4e4ba42e ] Request (ServerShowV257Test:test_rebuild_server): 200 GET http://10.180.1.21/compute/v2.1/servers/f63777fc-1c9b-4dfd-9fb9-468111b39a9d 0.629s
2025-12-15 10:32:12.236 67380 INFO tempest.lib.common.rest_client [req-b309bf9c-2c92-447d-be6a-633b0214e7fa req-b309bf9c-2c92-447d-be6a-633b0214e7fa ] Request (ImagesMetadataTestJSON:test_set_image_metadata_item): 200 GET http://10.180.1.21/compute/v2.1/images/59f9c63d-fa30-4fd8-9d07-dd34d50f96ec/metadata 0.584s
2025-12-15 10:32:12.257 67436 INFO tempest.lib.common.rest_client [req-a40592d1-883c-4c59-94a2-b788d39e7bdc req-a40592d1-883c-4c59-94a2-b788d39e7bdc ] Request (AggregatesAdminNegativeTestJSON:test_aggregate_remove_nonexistent_host): 200 POST http://10.180.1.21/compute/v2.1/os-aggregates 0.413s
2025-12-15 10:32:12.273 67430 INFO tempest.lib.common.rest_client [req-ad9a8595-083c-4fe7-b6fa-24ecaf6b0924 req-ad9a8595-083c-4fe7-b6fa-24ecaf6b0924 ] Request (ServerMetadataTestJSON:setUpClass): 200 GET http://10.180.1.21/compute/v2.1/servers/90b6227a-7d4e-4f8a-8dd6-87e06f88f8b0 0.447s
2025-12-15 10:32:12.277 67418 INFO tempest.lib.common.rest_client [req-1d7d121a-8b97-4b3d-b381-638593d87e0e req-1d7d121a-8b97-4b3d-b381-638593d87e0e ] Request (DeleteServersAdminTestJSON:tearDownClass): 404 DELETE http://10.180.1.21/compute/v2.1/servers/d8460fd7-b611-4565-901e-45ab29b79f7a 0.402s
2025-12-15 10:32:12.288 67410 INFO tempest.lib.common.rest_client [req-caaa807e-570e-49e1-881b-fe71a8785045 req-caaa807e-570e-49e1-881b-fe71a8785045 ] Request (KeyPairsV210TestJSON:test_admin_manage_keypairs_for_other_users): 200 GET http://10.180.1.21/compute/v2.1/os-keypairs?user_id=0312e812f32141c1b5cfdeb04b79d4bf 0.335s
2025-12-15 10:32:12.358 67400 INFO tempest.lib.common.rest_client [req-7021ed77-6d33-4586-a991-e321374fd1c2 req-7021ed77-6d33-4586-a991-e321374fd1c2 ] Request (ServersTestFqdnHostnames:tearDownClass): 200 GET http://10.180.1.21/compute/v2.1/servers/0a356f87-1a02-4738-a681-5fd5004d658e 0.397s
2025-12-15 10:32:12.384 67404 INFO tempest.lib.common.rest_client [req-4c60474d-7b1d-4ba3-ae96-dee5ad3a00b9 req-4c60474d-7b1d-4ba3-ae96-dee5ad3a00b9 ] Request (FlavorsAdminTestJSON:test_is_public_string_variations): 200 GET http://10.180.1.21/compute/v2.1/flavors/detail?is_public=yes 0.406s
2025-12-15 10:32:12.508 67416 INFO tempest.lib.common.rest_client [req-48a05d08-54d2-4908-b04f-ee43748433f3 req-48a05d08-54d2-4908-b04f-ee43748433f3 ] Request (ListImageFiltersTestJSON:setUpClass): 202 POST http://10.180.1.21/compute/v2.1/servers 0.629s
2025-12-15 10:32:12.530 67414 INFO tempest.lib.common.rest_client [req-9be48f84-80e4-41ac-8b1c-b8b2053ae65a req-9be48f84-80e4-41ac-8b1c-b8b2053ae65a ] Request (ImagesMetadataNegativeTestJSON:test_set_nonexistent_image_metadata): 404 PUT http://10.180.1.21/compute/v2.1/images/6edd2096-0bd1-4911-ae4a-02e8b8172062/metadata 0.329s
2025-12-15 10:32:12.556 67416 INFO tempest.lib.common.rest_client [req-c126588d-1e9c-4cbe-a6e3-82e809e38007 req-c126588d-1e9c-4cbe-a6e3-82e809e38007 ] Request (ListImageFiltersTestJSON:setUpClass): 201 POST http://10.180.1.21/identity/v3/auth/tokens 0.044s
2025-12-15 10:32:12.556 67416 INFO tempest.lib.common.fixed_network [-] (ListImageFiltersTestJSON:setUpClass) Found network None available for tenant
2025-12-15 10:32:12.576 67428 INFO tempest.lib.common.rest_client [req-459b6412-a636-45a1-b46b-01ad9d89c416 req-459b6412-a636-45a1-b46b-01ad9d89c416 ] Request (VolumesAssistedSnapshotsTest:tearDownClass): 200 GET http://10.180.1.21/compute/v2.1/servers/e2ffab34-9752-4a9f-9698-3fa96612f4e8 0.400s
2025-12-15 10:32:12.712 67440 INFO tempest.lib.common.rest_client [req-13fd543a-8a42-4e0a-9060-51ad13df0053 req-13fd543a-8a42-4e0a-9060-51ad13df0053 ] Request (ServersTestBootFromVolume:setUpClass): 200 GET http://10.180.1.21/compute/v2.1/servers/4b47edab-ac71-484c-93b2-bec28ed110d5 0.488s
2025-12-15 10:32:12.722 67442 INFO tempest.lib.common.rest_client [req-499165cc-08a4-40a1-8c88-2a9d5b386269 req-499165cc-08a4-40a1-8c88-2a9d5b386269 ] Request (ImagesOneServerTestJSON:setUpClass): 200 GET http://10.180.1.21/compute/v2.1/servers/804f0fa6-22d4-4970-8252-481719bb700a 0.487s
2025-12-15 10:32:12.759 67436 INFO tempest.lib.common.rest_client [req-dfb1d900-dc94-4b2d-8bc6-19b8033c6912 req-dfb1d900-dc94-4b2d-8bc6-19b8033c6912 ] Request (AggregatesAdminNegativeTestJSON:test_aggregate_remove_nonexistent_host): 404 POST http://10.180.1.21/compute/v2.1/os-aggregates/8/action 0.500s
2025-12-15 10:32:12.784 67418 INFO tempest.lib.common.rest_client [req-7154d7f5-9681-42ad-9fd4-18781d28fb42 req-7154d7f5-9681-42ad-9fd4-18781d28fb42 ] Request (DeleteServersAdminTestJSON:tearDownClass): 404 GET http://10.180.1.21/compute/v2.1/servers/d8460fd7-b611-4565-901e-45ab29b79f7a 0.505s
2025-12-15 10:32:12.811 67410 INFO tempest.lib.common.rest_client [req-1ae34b7d-07b2-4184-8ddb-10e40fb0a0e8 req-1ae34b7d-07b2-4184-8ddb-10e40fb0a0e8 ] Request (KeyPairsV210TestJSON:_run_cleanups): 204 DELETE http://10.180.1.21/compute/v2.1/os-keypairs/tempest-KeyPairsV210TestJSON-keypair-886067128 0.521s
2025-12-15 10:32:12.837 67404 INFO tempest.lib.common.rest_client [req-21a2d501-b943-4057-8c87-667c48d47080 req-21a2d501-b943-4057-8c87-667c48d47080 ] Request (FlavorsAdminTestJSON:test_is_public_string_variations): 200 GET http://10.180.1.21/compute/v2.1/flavors/detail?is_public=1 0.447s
2025-12-15 10:32:12.940 67420 WARNING tempest.lib.common.ssh [-] Failed to establish authenticated ssh connection to cirros@10.180.180.254 ([Errno None] Unable to connect to port 22 on 10.180.180.254). Number attempts: 1. Retry after 2 seconds.: paramiko.ssh_exception.NoValidConnectionsError: [Errno None] Unable to connect to port 22 on 10.180.180.254
2025-12-15 10:32:12.970 67418 INFO tempest.lib.common.rest_client [req-5a0efde9-e5b5-4ed3-9af1-ef9115d89175 req-5a0efde9-e5b5-4ed3-9af1-ef9115d89175 ] Request (DeleteServersAdminTestJSON:tearDownClass): 204 DELETE http://10.180.1.21/identity/v3/users/57c17b97d4984745b84c338bf4d60986 0.186s
2025-12-15 10:32:12.983 67380 INFO tempest.lib.common.rest_client [req-0de3d7c8-d22b-4641-9f81-931be93dcc1b req-0de3d7c8-d22b-4641-9f81-931be93dcc1b ] Request (ImagesMetadataTestJSON:setUp): 200 PUT http://10.180.1.21/compute/v2.1/images/59f9c63d-fa30-4fd8-9d07-dd34d50f96ec/metadata 0.744s
2025-12-15 10:32:13.138 67418 INFO tempest.lib.common.rest_client [req-07e75316-4420-47d9-8007-5b10bdae399d req-07e75316-4420-47d9-8007-5b10bdae399d ] Request (DeleteServersAdminTestJSON:tearDownClass): 204 DELETE http://10.180.1.21/identity/v3/users/41a3a3e594864b7e9cfc103b952bb9e5 0.167s
2025-12-15 10:32:13.138 67418 INFO tempest.lib.common.dynamic_creds [-] Deleting project and security group for project: e279840bc2cb4f439ff1db5143f9f2e9
2025-12-15 10:32:13.216 67418 INFO tempest.lib.common.rest_client [req-19058c22-236a-4df9-9b8d-af7d1f411a09 req-19058c22-236a-4df9-9b8d-af7d1f411a09 ] Request (DeleteServersAdminTestJSON:tearDownClass): 201 POST http://10.180.1.21/identity/v3/auth/tokens 0.078s
2025-12-15 10:32:13.310 67392 WARNING tempest.lib.common.ssh [-] Failed to establish authenticated ssh connection to cirros@10.180.180.193 ([Errno None] Unable to connect to port 22 on 10.180.180.193). Number attempts: 6. Retry after 7 seconds.: paramiko.ssh_exception.NoValidConnectionsError: [Errno None] Unable to connect to port 22 on 10.180.180.193
2025-12-15 10:32:13.447 67418 INFO tempest.lib.common.rest_client [req-8ff7d8d7-0de4-436e-abfe-bf9c1ea79172 req-8ff7d8d7-0de4-436e-abfe-bf9c1ea79172 ] Request (DeleteServersAdminTestJSON:tearDownClass): 200 GET http://10.180.1.21/networking/v2.0/security-groups?tenant_id=e279840bc2cb4f439ff1db5143f9f2e9&name=default 0.230s
2025-12-15 10:32:13.492 67426 INFO tempest.lib.common.rest_client [req-9cc2dd92-f280-4eb2-9a10-ef93260e27e8 req-9cc2dd92-f280-4eb2-9a10-ef93260e27e8 ] Request (ImagesTestJSON:test_create_image_from_stopped_server): 200 GET http://10.180.1.21/compute/v2.1/servers/d048a9af-34de-4f41-b72b-d38bf6744335 1.055s
2025-12-15 10:32:13.500 67426 INFO tempest.common.waiters [-] State transition "ACTIVE/powering-off" ==> "SHUTOFF/None" after 2 second wait
2025-12-15 10:32:13.509 67414 INFO tempest.lib.common.rest_client [req-91b075a0-27e2-43c4-a63b-c7fb3ff23e5f req-91b075a0-27e2-43c4-a63b-c7fb3ff23e5f ] Request (ImagesMetadataNegativeTestJSON:test_set_nonexistent_image_metadata_item): 404 PUT http://10.180.1.21/compute/v2.1/images/7e185092-4ddf-4918-9ec6-a9545bee8434/metadata/os_distro 0.976s
2025-12-15 10:32:13.519 67394 INFO tempest.lib.common.rest_client [req-7ecca228-fd56-423a-b7f6-14f2f0cb9d71 req-7ecca228-fd56-423a-b7f6-14f2f0cb9d71 ] Request (ServersTestMultiNic:test_verify_multiple_nics_order): 200 GET http://10.180.1.21/compute/v2.1/servers/45cd8a5d-72d9-44c2-8514-1752aca29495 1.073s
2025-12-15 10:32:13.526 67394 INFO tempest.common.waiters [-] State transition "BUILD/networking" ==> "BUILD/spawning" after 19 second wait
2025-12-15 10:32:13.626 67418 INFO tempest.lib.common.rest_client [req-7f1c465b-ae28-4949-9c0f-d3166c960109 req-7f1c465b-ae28-4949-9c0f-d3166c960109 ] Request (DeleteServersAdminTestJSON:tearDownClass): 204 DELETE http://10.180.1.21/networking/v2.0/security-groups/8411bfa0-87b0-49a2-a1eb-a535d9d88274 0.179s
2025-12-15 10:32:13.702 67418 INFO tempest.lib.common.rest_client [req-02f572f7-a059-4854-9388-bd460b923ad0 req-02f572f7-a059-4854-9388-bd460b923ad0 ] Request (DeleteServersAdminTestJSON:tearDownClass): 204 DELETE http://10.180.1.21/identity/v3/projects/e279840bc2cb4f439ff1db5143f9f2e9 0.076s
2025-12-15 10:32:13.703 67418 INFO tempest.lib.common.dynamic_creds [-] Deleting project and security group for project: ff84db83c3884775b035c6cee3ce50fa
2025-12-15 10:32:13.884 67418 INFO tempest.lib.common.rest_client [req-5385046e-61cf-4333-989e-a93f690e1777 req-5385046e-61cf-4333-989e-a93f690e1777 ] Request (DeleteServersAdminTestJSON:tearDownClass): 200 GET http://10.180.1.21/networking/v2.0/security-groups?tenant_id=ff84db83c3884775b035c6cee3ce50fa&name=default 0.179s
2025-12-15 10:32:13.915 67388 INFO tempest.lib.common.rest_client [req-15ae081a-486d-406c-b592-3e0235435016 req-15ae081a-486d-406c-b592-3e0235435016 ] Request (ServerDiskConfigTestJSON:test_rebuild_server_with_auto_disk_config): 200 GET http://10.180.1.21/compute/v2.1/servers/73cf2488-2af3-4f25-bd95-8953fb643f97 1.335s
2025-12-15 10:32:14.116 67418 INFO tempest.lib.common.rest_client [req-a7e050b7-5798-47d7-9bd6-306a68639e8a req-a7e050b7-5798-47d7-9bd6-306a68639e8a ] Request (DeleteServersAdminTestJSON:tearDownClass): 204 DELETE http://10.180.1.21/networking/v2.0/security-groups/2b350abe-0fca-4ee3-bc3f-11ae86bd5f70 0.232s
2025-12-15 10:32:14.138 67432 INFO tempest.lib.common.rest_client [req-23dbf740-a8c0-4923-bfee-c7af028689dc req-23dbf740-a8c0-4923-bfee-c7af028689dc ] Request (FloatingIPsAssociationTestJSON:test_associate_already_associated_floating_ip): 200 GET http://10.180.1.21/compute/v2.1/servers/60302289-0fe1-4ea7-b956-f6d31c292440 1.498s
2025-12-15 10:32:14.223 67418 INFO tempest.lib.common.rest_client [req-bbe5c7e3-3f4a-43cb-82c1-219b92aff73d req-bbe5c7e3-3f4a-43cb-82c1-219b92aff73d ] Request (DeleteServersAdminTestJSON:tearDownClass): 204 DELETE http://10.180.1.21/identity/v3/projects/ff84db83c3884775b035c6cee3ce50fa 0.106s
2025-12-15 10:32:14.225 67434 INFO tempest.lib.common.rest_client [req-69ee3eac-f645-4acc-a343-b38d60f25b80 req-69ee3eac-f645-4acc-a343-b38d60f25b80 ] Request (ServersListShow2100Test:test_list_show_rebuild_update_server_2100): 200 GET http://10.180.1.21/compute/v2.1/servers/03f31460-f553-4a33-91f3-4e65ff8ed7bd 1.492s
2025-12-15 10:32:14.250 67436 INFO tempest.lib.common.rest_client [req-df4b466d-a606-4e72-83f5-0a3d98564438 req-df4b466d-a606-4e72-83f5-0a3d98564438 ] Request (AggregatesAdminNegativeTestJSON:_run_cleanups): 200 DELETE http://10.180.1.21/compute/v2.1/os-aggregates/8 1.490s
2025-12-15 10:32:14.288 67416 INFO tempest.lib.common.rest_client [req-e5a6bc72-8ec6-4d7f-9319-52e35d36283e req-e5a6bc72-8ec6-4d7f-9319-52e35d36283e ] Request (ListImageFiltersTestJSON:setUpClass): 202 POST http://10.180.1.21/compute/v2.1/servers 1.730s
2025-12-15 10:32:14.309 67418 INFO tempest.lib.common.rest_client [req-cc0461da-df70-4f3b-8ab9-ba959b7ed869 req-cc0461da-df70-4f3b-8ab9-ba959b7ed869 ] Request (FlavorMetadataValidation:setUpClass): 201 POST http://10.180.1.21/identity/v3/auth/tokens 0.083s
2025-12-15 10:32:14.353 67418 INFO tempest.lib.common.rest_client [req-552bdb84-dde7-4e82-b47c-264207d61e04 req-552bdb84-dde7-4e82-b47c-264207d61e04 ] Request (FlavorMetadataValidation:setUpClass): 201 POST http://10.180.1.21/identity/v3/auth/tokens 0.039s
2025-12-15 10:32:14.378 67382 INFO tempest.lib.common.rest_client [req-b717fc3c-c24a-4cb5-a749-9f18f8ed0000 req-b717fc3c-c24a-4cb5-a749-9f18f8ed0000 ] Request (ServersAdmin275Test:test_rebuild_update_server_275): 200 GET http://10.180.1.21/compute/v2.1/servers/fda5c6b9-ebe6-44e6-8078-c7fb481278d5 1.598s
2025-12-15 10:32:14.379 67418 INFO tempest.lib.common.rest_client [req-178304c0-7144-4097-928c-984412c0a26f req-178304c0-7144-4097-928c-984412c0a26f ] Request (FlavorMetadataValidation:setUpClass): 200 GET http://10.180.1.21/identity/v3/domains?name=Default 0.025s
2025-12-15 10:32:14.397 67410 INFO tempest.lib.common.rest_client [req-6a06edfc-1fa5-4a42-9b9d-86538374984d req-6a06edfc-1fa5-4a42-9b9d-86538374984d ] Request (KeyPairsV210TestJSON:_run_cleanups): 204 DELETE http://10.180.1.21/compute/v2.1/os-keypairs/tempest-keypair-986119129?user_id=0312e812f32141c1b5cfdeb04b79d4bf 1.585s
2025-12-15 10:32:14.407 67436 INFO tempest.lib.common.rest_client [req-0d6db815-71cd-4a83-b195-562b3fffea96 req-0d6db815-71cd-4a83-b195-562b3fffea96 ] Request (AggregatesAdminNegativeTestJSON:tearDownClass): 204 DELETE http://10.180.1.21/identity/v3/users/a4cfa75c010a4c34a23e842cf87a7903 0.154s
2025-12-15 10:32:14.461 67396 INFO tempest.lib.common.rest_client [req-f652ddc6-6372-4770-a15e-e5739301d244 req-f652ddc6-6372-4770-a15e-e5739301d244 ] Request (ServerDiagnosticsTest:test_get_server_diagnostics): 200 GET http://10.180.1.21/compute/v2.1/servers/db5bab77-c1c0-4d07-9c2c-5e0b9a281e57 1.698s
2025-12-15 10:32:14.473 67406 INFO tempest.lib.common.rest_client [req-ca5c22d3-af2d-46e9-843d-6215f0d1ae40 req-ca5c22d3-af2d-46e9-843d-6215f0d1ae40 ] Request (ServersAdminNegativeTestJSON:setUpClass): 200 GET http://10.180.1.21/compute/v2.1/servers/ff0b473a-2605-4a2e-a8b5-acabfc5528b0 1.642s
2025-12-15 10:32:14.485 67404 INFO tempest.lib.common.rest_client [req-6eb51643-85ac-4f9d-85fc-c77cf4389877 req-6eb51643-85ac-4f9d-85fc-c77cf4389877 ] Request (FlavorsAdminTestJSON:_run_cleanups): 202 DELETE http://10.180.1.21/compute/v2.1/flavors/1299759790 1.641s
2025-12-15 10:32:14.489 67418 INFO tempest.lib.common.rest_client [req-a30c01d3-5e92-454f-86aa-b602fa739f14 req-a30c01d3-5e92-454f-86aa-b602fa739f14 ] Request (FlavorMetadataValidation:setUpClass): 201 POST http://10.180.1.21/identity/v3/projects 0.110s
2025-12-15 10:32:14.510 67436 INFO tempest.lib.common.rest_client [req-1a1a57d5-d108-447f-b420-a4ff1e5ed18f req-1a1a57d5-d108-447f-b420-a4ff1e5ed18f ] Request (AggregatesAdminNegativeTestJSON:tearDownClass): 204 DELETE http://10.180.1.21/identity/v3/users/738d208285d545d687a6046807a724fd 0.102s
2025-12-15 10:32:14.510 67436 INFO tempest.lib.common.dynamic_creds [-] Deleting project and security group for project: 6dbce025d8334596a58190d97dd5f7dc
2025-12-15 10:32:14.568 67390 INFO tempest.lib.common.rest_client [req-3befc1ef-de76-412c-b46f-c06f72495b90 req-3befc1ef-de76-412c-b46f-c06f72495b90 ] Request (ImagesOneServerNegativeTestJSON:_run_cleanups): 200 GET http://10.180.1.21/compute/v2.1/servers/a6923f5b-79d5-4790-a592-7a013cbcc2a9 1.616s
2025-12-15 10:32:14.586 67436 INFO tempest.lib.common.rest_client [req-eebc49f5-3881-4bc0-b0e9-4bd6e08886c8 req-eebc49f5-3881-4bc0-b0e9-4bd6e08886c8 ] Request (AggregatesAdminNegativeTestJSON:tearDownClass): 201 POST http://10.180.1.21/identity/v3/auth/tokens 0.075s
2025-12-15 10:32:14.600 67418 INFO tempest.lib.common.rest_client [req-6b2dd188-92fc-4102-b8ba-ae7ba340fefa req-6b2dd188-92fc-4102-b8ba-ae7ba340fefa ] Request (FlavorMetadataValidation:setUpClass): 201 POST http://10.180.1.21/identity/v3/users 0.109s
2025-12-15 10:32:14.614 67398 INFO tempest.lib.common.rest_client [req-594b5077-269a-4219-8912-c769138206f5 req-594b5077-269a-4219-8912-c769138206f5 ] Request (MigrationsAdminTest:test_list_migrations_in_flavor_resize_situation): 200 GET http://10.180.1.21/compute/v2.1/servers/7610968f-b5bb-4705-890f-77c119968960 1.709s
2025-12-15 10:32:14.620 67418 INFO tempest.lib.common.rest_client [req-6151d0c1-f2b8-41a5-b226-e7ac49e8cda5 req-6151d0c1-f2b8-41a5-b226-e7ac49e8cda5 ] Request (FlavorMetadataValidation:setUpClass): 200 GET http://10.180.1.21/identity/v3/roles 0.019s
2025-12-15 10:32:14.651 67418 INFO tempest.lib.common.rest_client [req-cfe758c5-cafc-49d2-8a45-3a789a7f8b65 req-cfe758c5-cafc-49d2-8a45-3a789a7f8b65 ] Request (FlavorMetadataValidation:setUpClass): 204 PUT http://10.180.1.21/identity/v3/projects/3dfbdd24da0d4c0d8d758a6197035552/users/2ea060aa1a8e4519a5b253cc9e32920e/roles/ac14b42b34e44421a0bc3d4cef1b19cb 0.030s
2025-12-15 10:32:14.651 67418 INFO tempest.lib.common.dynamic_creds [-] Dynamic test user 2ea060aa1a8e4519a5b253cc9e32920e is created with scope project and roles: ['member']
2025-12-15 10:32:14.652 67418 INFO tempest.lib.common.dynamic_creds [-] Acquired dynamic creds: credentials: Credentials: {'domain_id': 'default', 'domain_name': 'Default', 'username': 'tempest-FlavorMetadataValidation-299232363-project-member', 'project_domain_id': 'default', 'project_domain_name': 'Default', 'project_id': '3dfbdd24da0d4c0d8d758a6197035552', 'project_name': 'tempest-FlavorMetadataValidation-299232363', 'tenant_id': '3dfbdd24da0d4c0d8d758a6197035552', 'tenant_name': 'tempest-FlavorMetadataValidation-299232363', 'user_domain_id': 'default', 'user_domain_name': 'Default', 'user_id': '2ea060aa1a8e4519a5b253cc9e32920e', 'system': None}, Network: None, Subnet: None, Router: None
2025-12-15 10:32:14.652 67418 INFO tempest.lib.common.dynamic_creds [-] Created isolated network resources for: credentials: Credentials: {'domain_id': 'default', 'domain_name': 'Default', 'username': 'tempest-FlavorMetadataValidation-299232363-project-member', 'project_domain_id': 'default', 'project_domain_name': 'Default', 'project_id': '3dfbdd24da0d4c0d8d758a6197035552', 'project_name': 'tempest-FlavorMetadataValidation-299232363', 'tenant_id': '3dfbdd24da0d4c0d8d758a6197035552', 'tenant_name': 'tempest-FlavorMetadataValidation-299232363', 'user_domain_id': 'default', 'user_domain_name': 'Default', 'user_id': '2ea060aa1a8e4519a5b253cc9e32920e', 'system': None}, Network: None, Subnet: None, Router: None
2025-12-15 10:32:14.682 67412 INFO tempest.lib.common.rest_client [req-c30f83db-8f36-445d-980f-b5e817b7f002 req-c30f83db-8f36-445d-980f-b5e817b7f002 ] Request (ServerAddressesTestJSON:setUpClass): 200 GET http://10.180.1.21/compute/v2.1/servers/ef276ce1-b702-4c3d-8fa6-88dd6ce38400 1.652s
2025-12-15 10:32:14.736 67408 INFO tempest.lib.common.rest_client [req-313fc673-2faa-47d9-aadf-b75e454ce6ad req-313fc673-2faa-47d9-aadf-b75e454ce6ad ] Request (DeleteServersTestJSON:test_delete_active_server): 200 GET http://10.180.1.21/compute/v2.1/servers/75f7952f-aa52-4935-b72c-f8416e97c56a 1.681s
2025-12-15 10:32:14.744 67418 INFO tempest.lib.common.rest_client [req-80eecd9e-b24e-46f7-92c1-d42c5a453a78 req-80eecd9e-b24e-46f7-92c1-d42c5a453a78 ] Request (FlavorMetadataValidation:setUpClass): 201 POST http://10.180.1.21/identity/v3/auth/tokens 0.088s
2025-12-15 10:32:14.746 67408 INFO tempest.common.waiters [-] State transition "BUILD/scheduling" ==> "BUILD/None" after 4 second wait
2025-12-15 10:32:14.757 67436 INFO tempest.lib.common.rest_client [req-d870cccc-8fd7-4aa5-9aee-c39b23c89e80 req-d870cccc-8fd7-4aa5-9aee-c39b23c89e80 ] Request (AggregatesAdminNegativeTestJSON:tearDownClass): 200 GET http://10.180.1.21/networking/v2.0/security-groups?tenant_id=6dbce025d8334596a58190d97dd5f7dc&name=default 0.171s
2025-12-15 10:32:14.797 67380 INFO tempest.lib.common.rest_client [req-2fa4697d-c6da-405c-8f7a-f975e14a6906 req-2fa4697d-c6da-405c-8f7a-f975e14a6906 ] Request (ImagesMetadataTestJSON:test_update_image_metadata): 200 POST http://10.180.1.21/compute/v2.1/images/59f9c63d-fa30-4fd8-9d07-dd34d50f96ec/metadata 1.813s
2025-12-15 10:32:14.807 67422 INFO tempest.lib.common.rest_client [req-8448c0c8-4cbc-4e21-bb65-890dcf4966c2 req-8448c0c8-4cbc-4e21-bb65-890dcf4966c2 ] Request (InstanceActionsNegativeTestJSON:tearDownClass): 200 GET http://10.180.1.21/compute/v2.1/servers/9159c350-9b58-43cc-a59d-c87066019750 1.646s
2025-12-15 10:32:14.817 67418 INFO tempest.lib.common.rest_client [req-99a57e8d-c4eb-4ef6-be83-fabb578a1be2 req-99a57e8d-c4eb-4ef6-be83-fabb578a1be2 ] Request (FlavorMetadataValidation:setUpClass): 201 POST http://10.180.1.21/identity/v3/projects 0.073s
2025-12-15 10:32:14.857 67436 INFO tempest.lib.common.rest_client [req-b0efba8e-96dc-4e6c-ae5b-939a288cad38 req-b0efba8e-96dc-4e6c-ae5b-939a288cad38 ] Request (AggregatesAdminNegativeTestJSON:tearDownClass): 204 DELETE http://10.180.1.21/networking/v2.0/security-groups/1bfb0629-130a-4d87-a488-193927746bbf 0.099s
2025-12-15 10:32:14.888 67418 INFO tempest.lib.common.rest_client [req-06c3bfd6-9976-49a2-900a-9539d5827945 req-06c3bfd6-9976-49a2-900a-9539d5827945 ] Request (FlavorMetadataValidation:setUpClass): 201 POST http://10.180.1.21/identity/v3/users 0.070s
2025-12-15 10:32:14.890 67402 INFO tempest.lib.common.rest_client [req-c8eefbc0-f90a-4f02-a0c7-25ec5d7d212a req-c8eefbc0-f90a-4f02-a0c7-25ec5d7d212a ] Request (ServerShowV257Test:test_rebuild_server): 200 GET http://10.180.1.21/compute/v2.1/servers/f63777fc-1c9b-4dfd-9fb9-468111b39a9d 1.664s
2025-12-15 10:32:14.918 67418 INFO tempest.lib.common.rest_client [req-53a6df11-6dfd-4fd1-8516-959e14283f7c req-53a6df11-6dfd-4fd1-8516-959e14283f7c ] Request (FlavorMetadataValidation:setUpClass): 200 GET http://10.180.1.21/identity/v3/roles 0.028s
2025-12-15 10:32:14.960 67430 INFO tempest.lib.common.rest_client [req-3ea5452d-c997-4d1a-84da-9f02cfe72bb6 req-3ea5452d-c997-4d1a-84da-9f02cfe72bb6 ] Request (ServerMetadataTestJSON:setUpClass): 200 GET http://10.180.1.21/compute/v2.1/servers/90b6227a-7d4e-4f8a-8dd6-87e06f88f8b0 1.679s
2025-12-15 10:32:14.999 67438 INFO tempest.lib.common.rest_client [req-943a42da-adae-4399-bec9-cd5b5f94ef18 req-943a42da-adae-4399-bec9-cd5b5f94ef18 ] Request (ServersAdminTestJSON:test_create_server_with_scheduling_hint): 200 GET http://10.180.1.21/compute/v2.1/servers/b17ca7c0-030f-4467-b905-7237c992568f 1.808s
2025-12-15 10:32:15.011 67438 INFO tempest.common.waiters [-] State transition "BUILD/spawning" ==> "ACTIVE/None" after 31 second wait
2025-12-15 10:32:15.016 67436 INFO tempest.lib.common.rest_client [req-dfa8b378-0619-4668-9a65-30f5f659a8c0 req-dfa8b378-0619-4668-9a65-30f5f659a8c0 ] Request (AggregatesAdminNegativeTestJSON:tearDownClass): 204 DELETE http://10.180.1.21/identity/v3/projects/6dbce025d8334596a58190d97dd5f7dc 0.158s
2025-12-15 10:32:15.016 67436 INFO tempest.lib.common.dynamic_creds [-] Deleting project and security group for project: 2f694b9fc0454384a569b78e88a03b63
2025-12-15 10:32:15.016 67418 INFO tempest.lib.common.rest_client [req-a1bb7ab2-6bd6-4b97-b448-8fa20e3a3f38 req-a1bb7ab2-6bd6-4b97-b448-8fa20e3a3f38 ] Request (FlavorMetadataValidation:setUpClass): 204 PUT http://10.180.1.21/identity/v3/projects/ab344d13171546cd9ba366f42182028e/users/fa6f1bd3d57d4fc8827df73917929c79/roles/bf76da71ae82480cbb5218b5914bdf1f 0.098s
2025-12-15 10:32:15.096 67438 INFO tempest.lib.common.rest_client [req-5ce60311-9847-4dae-8ee2-bb38cbcab7b7 req-5ce60311-9847-4dae-8ee2-bb38cbcab7b7 ] Request (ServersAdminTestJSON:test_inject_network_info): 201 POST http://10.180.1.21/identity/v3/auth/tokens 0.080s
2025-12-15 10:32:15.097 67438 INFO tempest.lib.common.fixed_network [-] (ServersAdminTestJSON:test_inject_network_info) Found network {'id': 'c6a660ac-6b37-457a-a382-fd6bf65cef13', 'name': 'tempest-ServersAdminTestJSON-1421798870-network', 'tenant_id': '17e3f069d2114e038b382838bc0574f2', 'project_id': '17e3f069d2114e038b382838bc0574f2', 'admin_state_up': True, 'mtu': 8950, 'status': 'ACTIVE', 'subnets': [], 'shared': False, 'port_security_enabled': True, 'router:external': False, 'provider:network_type': 'vlan', 'provider:physical_network': 'default', 'provider:segmentation_id': 329, 'availability_zone_hints': [], 'availability_zones': [], 'ipv4_address_scope': None, 'ipv6_address_scope': None, 'description': '', 'tags': [], 'created_at': '2025-12-15T10:30:52Z', 'updated_at': '2025-12-15T10:30:52Z', 'revision_number': 1} available for tenant
2025-12-15 10:32:15.101 67400 INFO tempest.lib.common.rest_client [req-b71eeb45-bfc8-4e8a-b62b-217b76df4e03 req-b71eeb45-bfc8-4e8a-b62b-217b76df4e03 ] Request (ServersTestFqdnHostnames:tearDownClass): 200 GET http://10.180.1.21/compute/v2.1/servers/0a356f87-1a02-4738-a681-5fd5004d658e 1.733s
2025-12-15 10:32:15.107 67418 INFO tempest.lib.common.rest_client [req-bf695912-9ca5-436a-9bba-6b260499c439 req-bf695912-9ca5-436a-9bba-6b260499c439 ] Request (FlavorMetadataValidation:setUpClass): 200 GET http://10.180.1.21/identity/v3/roles 0.090s
2025-12-15 10:32:15.132 67414 INFO tempest.lib.common.rest_client [req-99d62ba1-1b9c-4989-a3ad-119167160cb2 req-99d62ba1-1b9c-4989-a3ad-119167160cb2 ] Request (ImagesMetadataNegativeTestJSON:test_update_nonexistent_image_metadata): 404 POST http://10.180.1.21/compute/v2.1/images/06171d69-740c-43e2-bef1-3023d6303dcf/metadata 1.621s
2025-12-15 10:32:15.140 67418 INFO tempest.lib.common.rest_client [req-eba50cd6-039c-456c-89d9-5123c1bcfc23 req-eba50cd6-039c-456c-89d9-5123c1bcfc23 ] Request (FlavorMetadataValidation:setUpClass): 204 PUT http://10.180.1.21/identity/v3/projects/ab344d13171546cd9ba366f42182028e/users/fa6f1bd3d57d4fc8827df73917929c79/roles/bf76da71ae82480cbb5218b5914bdf1f 0.032s
2025-12-15 10:32:15.140 67418 INFO tempest.lib.common.dynamic_creds [-] Dynamic test user fa6f1bd3d57d4fc8827df73917929c79 is created with scope project and roles: ['admin']
2025-12-15 10:32:15.140 67418 INFO tempest.lib.common.dynamic_creds [-] Acquired dynamic creds: credentials: Credentials: {'domain_id': 'default', 'domain_name': 'Default', 'username': 'tempest-FlavorMetadataValidation-388367658-project-admin', 'project_domain_id': 'default', 'project_domain_name': 'Default', 'project_id': 'ab344d13171546cd9ba366f42182028e', 'project_name': 'tempest-FlavorMetadataValidation-388367658', 'tenant_id': 'ab344d13171546cd9ba366f42182028e', 'tenant_name': 'tempest-FlavorMetadataValidation-388367658', 'user_domain_id': 'default', 'user_domain_name': 'Default', 'user_id': 'fa6f1bd3d57d4fc8827df73917929c79', 'system': None}, Network: None, Subnet: None, Router: None
2025-12-15 10:32:15.140 67418 INFO tempest.lib.common.dynamic_creds [-] Created isolated network resources for: credentials: Credentials: {'domain_id': 'default', 'domain_name': 'Default', 'username': 'tempest-FlavorMetadataValidation-388367658-project-admin', 'project_domain_id': 'default', 'project_domain_name': 'Default', 'project_id': 'ab344d13171546cd9ba366f42182028e', 'project_name': 'tempest-FlavorMetadataValidation-388367658', 'tenant_id': 'ab344d13171546cd9ba366f42182028e', 'tenant_name': 'tempest-FlavorMetadataValidation-388367658', 'user_domain_id': 'default', 'user_domain_name': 'Default', 'user_id': 'fa6f1bd3d57d4fc8827df73917929c79', 'system': None}, Network: None, Subnet: None, Router: None
2025-12-15 10:32:15.224 67436 INFO tempest.lib.common.rest_client [req-3993a59d-19a3-4e45-944e-d1b1c54d7b70 req-3993a59d-19a3-4e45-944e-d1b1c54d7b70 ] Request (AggregatesAdminNegativeTestJSON:tearDownClass): 200 GET http://10.180.1.21/networking/v2.0/security-groups?tenant_id=2f694b9fc0454384a569b78e88a03b63&name=default 0.208s
2025-12-15 10:32:15.274 67414 INFO tempest.lib.common.rest_client [req-54f5c1b0-6da4-41fc-932c-eba33b2b51fc req-54f5c1b0-6da4-41fc-932c-eba33b2b51fc ] Request (ImagesMetadataNegativeTestJSON:tearDownClass): 204 DELETE http://10.180.1.21/identity/v3/users/29791d08d39a45b2b641f458b61848be 0.138s
2025-12-15 10:32:15.274 67414 INFO tempest.lib.common.dynamic_creds [-] Deleting project and security group for project: 55c65fed3fbf4d51a391465f846d84c9
2025-12-15 10:32:15.310 67428 INFO tempest.lib.common.rest_client [req-d886ff06-da71-482a-8e64-cc3ab7483c63 req-d886ff06-da71-482a-8e64-cc3ab7483c63 ] Request (VolumesAssistedSnapshotsTest:tearDownClass): 200 GET http://10.180.1.21/compute/v2.1/servers/e2ffab34-9752-4a9f-9698-3fa96612f4e8 1.723s
2025-12-15 10:32:15.310 67418 INFO tempest.lib.common.rest_client [req-34df44c3-eea4-41c2-8d70-f42fe6368e8c req-34df44c3-eea4-41c2-8d70-f42fe6368e8c ] Request (FlavorMetadataValidation:setUpClass): 201 POST http://10.180.1.21/identity/v3/auth/tokens 0.168s
2025-12-15 10:32:15.325 67428 INFO tempest.common.waiters [-] State transition "ACTIVE/deleting" ==> "DELETED/None" after 4 second wait
2025-12-15 10:32:15.376 67436 INFO tempest.lib.common.rest_client [req-08c5c845-a5d7-46cd-bca7-2b30a6e38a05 req-08c5c845-a5d7-46cd-bca7-2b30a6e38a05 ] Request (AggregatesAdminNegativeTestJSON:tearDownClass): 204 DELETE http://10.180.1.21/networking/v2.0/security-groups/b0b05477-c7eb-49f1-9777-3baf7b93f1f5 0.151s
2025-12-15 10:32:15.377 67414 INFO tempest.lib.common.rest_client [req-863c9140-8c6d-4199-8fd0-b7aad819ce81 req-863c9140-8c6d-4199-8fd0-b7aad819ce81 ] Request (ImagesMetadataNegativeTestJSON:tearDownClass): 201 POST http://10.180.1.21/identity/v3/auth/tokens 0.103s
2025-12-15 10:32:15.435 67436 INFO tempest.lib.common.rest_client [req-f0c10742-9dea-4b44-87ed-003b5757f300 req-f0c10742-9dea-4b44-87ed-003b5757f300 ] Request (AggregatesAdminNegativeTestJSON:tearDownClass): 204 DELETE http://10.180.1.21/identity/v3/projects/2f694b9fc0454384a569b78e88a03b63 0.059s
2025-12-15 10:32:15.435 67440 INFO tempest.lib.common.rest_client [req-29113833-1c8b-47d6-94b5-c4517ea0d020 req-29113833-1c8b-47d6-94b5-c4517ea0d020 ] Request (ServersTestBootFromVolume:setUpClass): 200 GET http://10.180.1.21/compute/v2.1/servers/4b47edab-ac71-484c-93b2-bec28ed110d5 1.710s
2025-12-15 10:32:15.445 67420 WARNING tempest.lib.common.ssh [-] Failed to establish authenticated ssh connection to cirros@10.180.180.254 ([Errno None] Unable to connect to port 22 on 10.180.180.254). Number attempts: 2. Retry after 3 seconds.: paramiko.ssh_exception.NoValidConnectionsError: [Errno None] Unable to connect to port 22 on 10.180.180.254
2025-12-15 10:32:15.542 67436 INFO tempest.lib.common.rest_client [req-b63c6b98-4323-4b48-97d8-e89bb6ff92af req-b63c6b98-4323-4b48-97d8-e89bb6ff92af ] Request (SecurityGroupRulesTestJSON:setUpClass): 201 POST http://10.180.1.21/identity/v3/auth/tokens 0.104s
2025-12-15 10:32:15.574 67436 INFO tempest.lib.common.rest_client [req-fd97ab62-1efa-4239-b6a0-53bd66029f32 req-fd97ab62-1efa-4239-b6a0-53bd66029f32 ] Request (SecurityGroupRulesTestJSON:setUpClass): 201 POST http://10.180.1.21/identity/v3/auth/tokens 0.029s
2025-12-15 10:32:15.602 67436 INFO tempest.lib.common.rest_client [req-ed35459a-fa15-4e9c-9f99-38bba5fe7e4b req-ed35459a-fa15-4e9c-9f99-38bba5fe7e4b ] Request (SecurityGroupRulesTestJSON:setUpClass): 200 GET http://10.180.1.21/identity/v3/domains?name=Default 0.027s
2025-12-15 10:32:15.619 67426 INFO tempest.lib.common.rest_client [req-4c4a0e5b-7888-4e15-abe0-ac35bbd22e16 req-4c4a0e5b-7888-4e15-abe0-ac35bbd22e16 ] Request (ImagesTestJSON:test_create_image_from_stopped_server): 202 POST http://10.180.1.21/compute/v2.1/servers/d048a9af-34de-4f41-b72b-d38bf6744335/action 2.118s
2025-12-15 10:32:15.629 67436 INFO tempest.lib.common.rest_client [req-7bf9bfdd-9935-45a9-b8e1-534ca6611b1c req-7bf9bfdd-9935-45a9-b8e1-534ca6611b1c ] Request (SecurityGroupRulesTestJSON:setUpClass): 201 POST http://10.180.1.21/identity/v3/projects 0.026s
2025-12-15 10:32:15.636 67414 INFO tempest.lib.common.rest_client [req-07018bd2-da96-4425-8dbc-59dca8be547d req-07018bd2-da96-4425-8dbc-59dca8be547d ] Request (ImagesMetadataNegativeTestJSON:tearDownClass): 200 GET http://10.180.1.21/networking/v2.0/security-groups?tenant_id=55c65fed3fbf4d51a391465f846d84c9&name=default 0.258s
2025-12-15 10:32:15.685 67436 INFO tempest.lib.common.rest_client [req-d60123a5-5bd5-482e-9878-166345e3ae4b req-d60123a5-5bd5-482e-9878-166345e3ae4b ] Request (SecurityGroupRulesTestJSON:setUpClass): 201 POST http://10.180.1.21/identity/v3/users 0.056s
2025-12-15 10:32:15.704 67442 INFO tempest.lib.common.rest_client [req-fdc2279a-cf8e-4428-9f9d-ed22e3fe2540 req-fdc2279a-cf8e-4428-9f9d-ed22e3fe2540 ] Request (ImagesOneServerTestJSON:setUpClass): 200 GET http://10.180.1.21/compute/v2.1/servers/804f0fa6-22d4-4970-8252-481719bb700a 1.967s
2025-12-15 10:32:15.711 67436 INFO tempest.lib.common.rest_client [req-6a613acc-b86f-4d2a-9b2b-6addbefdd536 req-6a613acc-b86f-4d2a-9b2b-6addbefdd536 ] Request (SecurityGroupRulesTestJSON:setUpClass): 200 GET http://10.180.1.21/identity/v3/roles 0.025s
2025-12-15 10:32:15.719 67410 INFO tempest.lib.common.rest_client [req-09cdea77-833e-4bf8-8fad-0090fec52655 req-09cdea77-833e-4bf8-8fad-0090fec52655 ] Request (KeyPairsV210TestJSON:_run_cleanups): 204 DELETE http://10.180.1.21/compute/v2.1/os-keypairs/tempest-keypair-188361778?user_id=0312e812f32141c1b5cfdeb04b79d4bf 1.322s
2025-12-15 10:32:15.730 67384 WARNING tempest.lib.common.ssh [-] Failed to establish authenticated ssh connection to cirros@10.180.180.197 ([Errno None] Unable to connect to port 22 on 10.180.180.197). Number attempts: 8. Retry after 9 seconds.: paramiko.ssh_exception.NoValidConnectionsError: [Errno None] Unable to connect to port 22 on 10.180.180.197
2025-12-15 10:32:15.744 67404 INFO tempest.lib.common.rest_client [req-27b00250-616b-4313-b41b-d85bd9686f05 req-27b00250-616b-4313-b41b-d85bd9686f05 ] Request (FlavorsAdminTestJSON:_run_cleanups): 200 GET http://10.180.1.21/compute/v2.1/flavors/detail 1.258s
2025-12-15 10:32:15.754 67436 INFO tempest.lib.common.rest_client [req-09fe0fd7-142d-4355-808f-264f59ee60c0 req-09fe0fd7-142d-4355-808f-264f59ee60c0 ] Request (SecurityGroupRulesTestJSON:setUpClass): 204 PUT http://10.180.1.21/identity/v3/projects/64db2b1c7dab4144880df2352eba7812/users/42f09b2698664283a2cad984fb07e1d2/roles/ac14b42b34e44421a0bc3d4cef1b19cb 0.042s
2025-12-15 10:32:15.754 67436 INFO tempest.lib.common.dynamic_creds [-] Dynamic test user 42f09b2698664283a2cad984fb07e1d2 is created with scope project and roles: ['member']
2025-12-15 10:32:15.754 67436 INFO tempest.lib.common.dynamic_creds [-] Acquired dynamic creds: credentials: Credentials: {'domain_id': 'default', 'domain_name': 'Default', 'username': 'tempest-SecurityGroupRulesTestJSON-1633668150-project-member', 'project_domain_id': 'default', 'project_domain_name': 'Default', 'project_id': '64db2b1c7dab4144880df2352eba7812', 'project_name': 'tempest-SecurityGroupRulesTestJSON-1633668150', 'tenant_id': '64db2b1c7dab4144880df2352eba7812', 'tenant_name': 'tempest-SecurityGroupRulesTestJSON-1633668150', 'user_domain_id': 'default', 'user_domain_name': 'Default', 'user_id': '42f09b2698664283a2cad984fb07e1d2', 'system': None}, Network: None, Subnet: None, Router: None
2025-12-15 10:32:15.801 67410 INFO tempest.lib.common.rest_client [req-f4cefa45-a6bc-4eac-99e5-75434e8b9a3f req-f4cefa45-a6bc-4eac-99e5-75434e8b9a3f ] Request (KeyPairsV210TestJSON:tearDownClass): 204 DELETE http://10.180.1.21/identity/v3/users/0312e812f32141c1b5cfdeb04b79d4bf 0.080s
2025-12-15 10:32:15.825 67436 INFO tempest.lib.common.rest_client [req-e3aae5c4-78d5-43e2-8127-6b19f8698196 req-e3aae5c4-78d5-43e2-8127-6b19f8698196 ] Request (SecurityGroupRulesTestJSON:setUpClass): 201 POST http://10.180.1.21/identity/v3/auth/tokens 0.071s
2025-12-15 10:32:15.833 67414 INFO tempest.lib.common.rest_client [req-dafabc52-7aca-4bab-8a40-355f3cba0592 req-dafabc52-7aca-4bab-8a40-355f3cba0592 ] Request (ImagesMetadataNegativeTestJSON:tearDownClass): 204 DELETE http://10.180.1.21/networking/v2.0/security-groups/f526ea91-20b8-4074-ab91-05743798b230 0.196s
2025-12-15 10:32:15.884 67416 INFO tempest.lib.common.rest_client [req-9f490406-b8f1-4525-96b0-a7a4a118f97a req-9f490406-b8f1-4525-96b0-a7a4a118f97a ] Request (ListImageFiltersTestJSON:setUpClass): 200 GET http://10.180.1.21/compute/v2.1/servers/60e7bcfa-453e-4e12-be55-2437de451f58 1.595s
2025-12-15 10:32:15.908 67410 INFO tempest.lib.common.rest_client [req-402432d1-703d-42e0-bfbc-3c96a30a30f7 req-402432d1-703d-42e0-bfbc-3c96a30a30f7 ] Request (KeyPairsV210TestJSON:tearDownClass): 204 DELETE http://10.180.1.21/identity/v3/users/5858cc47e2f64e579396c70bae03aac9 0.106s
2025-12-15 10:32:15.908 67410 INFO tempest.lib.common.dynamic_creds [-] Deleting project and security group for project: c0362e9b8adf4bf99b7f7a9d64bd2ed5
