2025-12-12 09:53:36.325 66678 INFO tempest.lib.common.rest_client [req-177d2b74-3009-499c-b5f5-2e5fcc8a6c3d req-177d2b74-3009-499c-b5f5-2e5fcc8a6c3d ] Request (SecurityGroupsNegativeTestJSON:setUpClass): 201 POST http://10.180.1.21/identity/v3/projects 0.102s
2025-12-12 09:53:36.424 66678 INFO tempest.lib.common.rest_client [req-5c429bc3-f229-421f-8108-615f3829031a req-5c429bc3-f229-421f-8108-615f3829031a ] Request (SecurityGroupsNegativeTestJSON:setUpClass): 201 POST http://10.180.1.21/identity/v3/users 0.098s
2025-12-12 09:53:36.449 66678 INFO tempest.lib.common.rest_client [req-b321b4d6-6a7e-4c4b-92fc-d1e27a67584b req-b321b4d6-6a7e-4c4b-92fc-d1e27a67584b ] Request (SecurityGroupsNegativeTestJSON:setUpClass): 200 GET http://10.180.1.21/identity/v3/roles 0.024s
2025-12-12 09:53:36.486 66678 INFO tempest.lib.common.rest_client [req-30c4c9c7-3d9f-4b1e-a962-340e5ac66140 req-30c4c9c7-3d9f-4b1e-a962-340e5ac66140 ] Request (SecurityGroupsNegativeTestJSON:setUpClass): 204 PUT http://10.180.1.21/identity/v3/projects/b4927d945f7a456eb953694f76ac89a6/users/e270e44a7c9d449a8f1479bca403e698/roles/2b368930e8a240e79564e72d66e827b0 0.036s
2025-12-12 09:53:36.486 66678 INFO tempest.lib.common.dynamic_creds [-] Dynamic test user e270e44a7c9d449a8f1479bca403e698 is created with scope project and roles: ['member']
2025-12-12 09:53:36.487 66678 INFO tempest.lib.common.dynamic_creds [-] Acquired dynamic creds: credentials: Credentials: {'domain_id': 'default', 'domain_name': 'Default', 'username': 'tempest-SecurityGroupsNegativeTestJSON-757028650-project-member', 'project_domain_id': 'default', 'project_domain_name': 'Default', 'project_id': 'b4927d945f7a456eb953694f76ac89a6', 'project_name': 'tempest-SecurityGroupsNegativeTestJSON-757028650', 'tenant_id': 'b4927d945f7a456eb953694f76ac89a6', 'tenant_name': 'tempest-SecurityGroupsNegativeTestJSON-757028650', 'user_domain_id': 'default', 'user_domain_name': 'Default', 'user_id': 'e270e44a7c9d449a8f1479bca403e698', 'system': None}, Network: None, Subnet: None, Router: None
2025-12-12 09:53:36.554 66678 INFO tempest.lib.common.rest_client [req-7a70fc68-7852-4b89-be13-a1ea83db2d60 req-7a70fc68-7852-4b89-be13-a1ea83db2d60 ] Request (SecurityGroupsNegativeTestJSON:setUpClass): 201 POST http://10.180.1.21/identity/v3/auth/tokens 0.067s
2025-12-12 09:53:36.569 66732 INFO tempest.lib.common.rest_client [req-26b97c1a-2c5a-46e6-9598-a7221a42bd8d req-26b97c1a-2c5a-46e6-9598-a7221a42bd8d ] Request (ServersTestJSON:setUpClass): 200 GET http://10.180.1.21/compute/v2.1/servers/848e123f-d846-4385-889d-486b284fba48 7.611s
2025-12-12 09:53:36.707 66726 INFO tempest.lib.common.rest_client [req-8a1cc013-8413-499a-bdd1-28ac11a153bc req-8a1cc013-8413-499a-bdd1-28ac11a153bc ] Request (QuotaClassesAdmin257Test:test_update_default_quotas): 200 GET http://10.180.1.21/compute/v2.1/os-quota-class-sets/default 7.661s
2025-12-12 09:53:36.859 66676 INFO tempest.lib.common.rest_client [req-7632452e-b16d-4f94-897a-96ca94c90a5d req-7632452e-b16d-4f94-897a-96ca94c90a5d ] Request (ServersAdminTestJSON:setUpClass): 201 POST http://10.180.1.21/networking/v2.0/networks 0.533s
2025-12-12 09:53:37.144 66678 INFO tempest.lib.common.rest_client [req-af552824-f8dd-47ad-bdfc-f2eeb2fea0bf req-af552824-f8dd-47ad-bdfc-f2eeb2fea0bf ] Request (SecurityGroupsNegativeTestJSON:setUpClass): 201 POST http://10.180.1.21/networking/v2.0/networks 0.588s
2025-12-12 09:53:37.279 66712 INFO tempest.lib.common.rest_client [req-4d825252-6cb5-4189-9d76-555f9cda15ab req-4d825252-6cb5-4189-9d76-555f9cda15ab ] Request (ServersTestFqdnHostnames:test_create_server_with_fqdn_name): 200 GET http://10.180.1.21/compute/v2.1/servers/de397c8b-fe13-4aea-963e-868c378e8f90 8.225s
2025-12-12 09:53:37.341 66708 INFO tempest.lib.common.rest_client [req-12772e29-d3e5-45cf-842b-df4f68a7818e req-12772e29-d3e5-45cf-842b-df4f68a7818e ] Request (ServersWithSpecificFlavorTestJSON:test_verify_created_server_ephemeral_disk): 202 POST http://10.180.1.21/compute/v2.1/servers 8.710s
2025-12-12 09:53:37.444 66676 INFO tempest.lib.common.rest_client [req-ccc40aa2-8346-4403-93af-8049e237402a req-ccc40aa2-8346-4403-93af-8049e237402a ] Request (ServersAdminTestJSON:setUpClass): 201 POST http://10.180.1.21/networking/v2.0/subnets 0.584s
2025-12-12 09:53:37.634 66678 INFO tempest.lib.common.rest_client [req-a79e433a-8bde-4786-9c63-6dfc3f309516 req-a79e433a-8bde-4786-9c63-6dfc3f309516 ] Request (SecurityGroupsNegativeTestJSON:setUpClass): 201 POST http://10.180.1.21/networking/v2.0/subnets 0.489s
2025-12-12 09:53:37.664 66698 INFO tempest.lib.common.rest_client [req-65b329ff-b0ec-4059-99b6-1fdb1205ea39 req-65b329ff-b0ec-4059-99b6-1fdb1205ea39 ] Request (ServerActionsV293TestJSON:setUpClass): 200 GET http://10.180.1.21/compute/v2.1/servers/47ed04f7-60e9-4491-bb3e-fd630b6a2864 8.521s
2025-12-12 09:53:38.554 66676 INFO tempest.lib.common.rest_client [req-3af86033-46b3-4e78-8e4d-2e969cc87515 req-3af86033-46b3-4e78-8e4d-2e969cc87515 ] Request (ServersAdminTestJSON:setUpClass): 201 POST http://10.180.1.21/networking/v2.0/routers 1.109s
2025-12-12 09:53:38.598 66682 INFO tempest.lib.common.rest_client [req-a8934244-09f9-4d1b-ab40-82258902a90c req-a8934244-09f9-4d1b-ab40-82258902a90c ] Request (SecurityGroupsTestJSON:test_list_security_groups_by_server): 200 GET http://10.180.1.21/compute/v2.1/servers/d183ee1e-47d8-41c3-84f6-314f0643d550 9.180s
2025-12-12 09:53:38.699 66696 INFO tempest.lib.common.rest_client [req-43ca7765-17a9-47db-bfa4-80b9a2939549 req-43ca7765-17a9-47db-bfa4-80b9a2939549 ] Request (ServersAdminNegativeTestJSON:test_migrate_server_invalid_state): 200 GET http://10.180.1.21/compute/v2.1/servers/33843c0b-0624-40a4-8f97-36c5ab857763 9.277s
2025-12-12 09:53:38.716 66696 INFO tempest.common.waiters [-] State transition "BUILD/None" ==> "BUILD/spawning" after 15 second wait
2025-12-12 09:53:39.153 66702 WARNING tempest.lib.common.ssh [-] Failed to establish authenticated ssh connection to cirros@10.180.180.141 ([Errno None] Unable to connect to port 22 on 10.180.180.141). Number attempts: 9. Retry after 10 seconds.: paramiko.ssh_exception.NoValidConnectionsError: [Errno None] Unable to connect to port 22 on 10.180.180.141
2025-12-12 09:53:39.232 66678 INFO tempest.lib.common.rest_client [req-66c9f2ca-daaf-4904-abe0-a6c6e8ef98fd req-66c9f2ca-daaf-4904-abe0-a6c6e8ef98fd ] Request (SecurityGroupsNegativeTestJSON:setUpClass): 201 POST http://10.180.1.21/networking/v2.0/routers 1.597s
2025-12-12 09:53:39.288 66694 INFO tempest.lib.common.rest_client [req-9fad3f78-3560-4ecf-a83d-3f43a6233e5e req-9fad3f78-3560-4ecf-a83d-3f43a6233e5e ] Request (DeleteServersAdminTestJSON:test_delete_server_while_in_error_state): 200 GET http://10.180.1.21/compute/v2.1/servers/8d25d8aa-3ce8-4a97-ada3-0ff5b4495012 9.821s
2025-12-12 09:53:39.297 66694 INFO tempest.common.waiters [-] State transition "ERROR/deleting" ==> "DELETED/None" after 11 second wait
2025-12-12 09:53:39.334 66730 INFO tempest.lib.common.rest_client [req-e14cc44c-9b23-4052-b8ec-a83e64dc80ed req-e14cc44c-9b23-4052-b8ec-a83e64dc80ed ] Request (AttachVolumeNegativeTest:test_attach_attached_volume_to_different_server): 200 GET http://10.180.1.21/compute/v2.1/servers/64139aa6-f7c7-4d21-aa06-ca1ae85e4078 9.857s
2025-12-12 09:53:39.396 66704 INFO tempest.lib.common.rest_client [req-95f47caa-7807-4df3-9815-029d22d6f27a req-95f47caa-7807-4df3-9815-029d22d6f27a ] Request (ServicesAdminNegativeV253TestJSON:test_list_services_with_non_admin_user): 403 GET http://10.180.1.21/compute/v2.1/os-services 9.895s
2025-12-12 09:53:39.485 66704 INFO tempest.lib.common.rest_client [req-b434c216-730c-4890-98ea-9d1502a6a47b req-b434c216-730c-4890-98ea-9d1502a6a47b ] Request (ServicesAdminNegativeV253TestJSON:tearDownClass): 204 DELETE http://10.180.1.21/identity/v3/users/c906deefe62a4f75a8c83646cf063183 0.088s
2025-12-12 09:53:39.594 66704 INFO tempest.lib.common.rest_client [req-52fca7bd-219b-430a-8ff2-70cfac201186 req-52fca7bd-219b-430a-8ff2-70cfac201186 ] Request (ServicesAdminNegativeV253TestJSON:tearDownClass): 204 DELETE http://10.180.1.21/identity/v3/users/00de2e3bb036408a8fd4bddb996c84e3 0.107s
2025-12-12 09:53:39.595 66704 INFO tempest.lib.common.dynamic_creds [-] Deleting project and security group for project: 0419984aa9a148cea0a2c32fdb37b2d0
2025-12-12 09:53:39.653 66676 INFO tempest.lib.common.rest_client [req-044cd520-75fd-49c0-a186-aa0466b4e35a req-044cd520-75fd-49c0-a186-aa0466b4e35a ] Request (ServersAdminTestJSON:setUpClass): 200 PUT http://10.180.1.21/networking/v2.0/routers/e3db33b2-b338-4734-931b-adbcf425400a/add_router_interface 1.098s
2025-12-12 09:53:39.653 66676 INFO tempest.lib.common.dynamic_creds [-] Created isolated network resources for: credentials: Credentials: {'domain_id': 'default', 'domain_name': 'Default', 'username': 'tempest-ServersAdminTestJSON-161178453-project-admin', 'project_domain_id': 'default', 'project_domain_name': 'Default', 'project_id': 'cf73a96737a2473297219de0eed47cec', 'project_name': 'tempest-ServersAdminTestJSON-161178453', 'tenant_id': 'cf73a96737a2473297219de0eed47cec', 'tenant_name': 'tempest-ServersAdminTestJSON-161178453', 'user_domain_id': 'default', 'user_domain_name': 'Default', 'user_id': '32534c02457045fe8450289ba519bcda', 'system': None}, Network: {'id': '70129207-2e7e-4f7d-b29d-a925c70e9317', 'name': 'tempest-ServersAdminTestJSON-603004132-network', 'tenant_id': 'cf73a96737a2473297219de0eed47cec', 'project_id': 'cf73a96737a2473297219de0eed47cec', 'admin_state_up': True, 'mtu': 8950, 'status': 'ACTIVE', 'subnets': [], 'shared': False, 'port_security_enabled': True, 'router:external': False, 'provider:network_type': 'vlan', 'provider:physical_network': 'default', 'provider:segmentation_id': 747, 'availability_zone_hints': [], 'availability_zones': [], 'ipv4_address_scope': None, 'ipv6_address_scope': None, 'description': '', 'tags': [], 'created_at': '2025-12-12T09:53:36Z', 'updated_at': '2025-12-12T09:53:36Z', 'revision_number': 1}, Subnet: {'id': 'aded6ba5-4973-47bb-bd75-f3fac7d47d77', 'name': 'tempest-ServersAdminTestJSON-603004132-subnet', 'tenant_id': 'cf73a96737a2473297219de0eed47cec', 'network_id': '70129207-2e7e-4f7d-b29d-a925c70e9317', 'ip_version': 4, 'subnetpool_id': None, 'enable_dhcp': True, 'ipv6_ra_mode': None, 'ipv6_address_mode': None, 'gateway_ip': '192.168.128.1', 'cidr': '192.168.128.0/28', 'allocation_pools': [{'start': '192.168.128.2', 'end': '192.168.128.14'}], 'host_routes': [], 'dns_nameservers': [], 'description': '', 'router:external': False, 'service_types': [], 'tags': [], 'created_at': '2025-12-12T09:53:37Z', 'updated_at': '2025-12-12T09:53:37Z', 'revision_number': 0, 'project_id': 'cf73a96737a2473297219de0eed47cec'}, Router: {'id': 'e3db33b2-b338-4734-931b-adbcf425400a', 'name': 'tempest-ServersAdminTestJSON-603004132-router', 'tenant_id': 'cf73a96737a2473297219de0eed47cec', 'admin_state_up': True, 'status': 'ACTIVE', 'external_gateway_info': {'network_id': 'e55ab1d3-464e-4059-879f-5ecee34114f8', 'external_fixed_ips': [{'subnet_id': '1222f36e-59bc-4fd7-adef-c08583a6c419', 'ip_address': '10.180.180.242'}], 'enable_snat': True}, 'description': '', 'availability_zones': [], 'distributed': False, 'ha': False, 'availability_zone_hints': [], 'routes': [], 'flavor_id': None, 'tags': [], 'created_at': '2025-12-12T09:53:37Z', 'updated_at': '2025-12-12T09:53:38Z', 'revision_number': 2, 'project_id': 'cf73a96737a2473297219de0eed47cec'}
2025-12-12 09:53:39.662 66704 INFO tempest.lib.common.rest_client [req-fe333d8a-6f4f-4de2-a502-78a22af1e428 req-fe333d8a-6f4f-4de2-a502-78a22af1e428 ] Request (ServicesAdminNegativeV253TestJSON:tearDownClass): 201 POST http://10.180.1.21/identity/v3/auth/tokens 0.067s
2025-12-12 09:53:39.741 66676 INFO tempest.lib.common.rest_client [req-2fd18360-2d52-47d5-9817-fea2344f7f51 req-2fd18360-2d52-47d5-9817-fea2344f7f51 ] Request (ServersAdminTestJSON:setUpClass): 201 POST http://10.180.1.21/identity/v3/auth/tokens 0.084s
2025-12-12 09:53:39.807 66676 INFO tempest.lib.common.rest_client [req-7cbea4c3-1269-4f0f-9dee-304f5d94a137 req-7cbea4c3-1269-4f0f-9dee-304f5d94a137 ] Request (ServersAdminTestJSON:setUpClass): 201 POST http://10.180.1.21/identity/v3/auth/tokens 0.062s
2025-12-12 09:53:39.808 66676 INFO tempest.lib.common.fixed_network [-] (ServersAdminTestJSON:setUpClass) Found network {'id': 'eb76cacd-a1bb-4f7e-b24a-b29e2fc9f8ed', 'name': 'tempest-ServersAdminTestJSON-1471214493-network', 'tenant_id': '067be4c394cb401bb234e801a46ab14e', 'project_id': '067be4c394cb401bb234e801a46ab14e', 'admin_state_up': True, 'mtu': 8950, 'status': 'ACTIVE', 'subnets': [], 'shared': False, 'port_security_enabled': True, 'router:external': False, 'provider:network_type': 'vlan', 'provider:physical_network': 'default', 'provider:segmentation_id': 38, 'availability_zone_hints': [], 'availability_zones': [], 'ipv4_address_scope': None, 'ipv6_address_scope': None, 'description': '', 'tags': [], 'created_at': '2025-12-12T09:53:31Z', 'updated_at': '2025-12-12T09:53:31Z', 'revision_number': 1} available for tenant
2025-12-12 09:53:40.287 66678 INFO tempest.lib.common.rest_client [req-6830d5e3-d1ce-4d03-96e9-692eded605f1 req-6830d5e3-d1ce-4d03-96e9-692eded605f1 ] Request (SecurityGroupsNegativeTestJSON:setUpClass): 200 PUT http://10.180.1.21/networking/v2.0/routers/ef0576f4-9fcb-4723-b23a-ff8ee6037103/add_router_interface 1.055s
2025-12-12 09:53:40.287 66678 INFO tempest.lib.common.dynamic_creds [-] Created isolated network resources for: credentials: Credentials: {'domain_id': 'default', 'domain_name': 'Default', 'username': 'tempest-SecurityGroupsNegativeTestJSON-757028650-project-member', 'project_domain_id': 'default', 'project_domain_name': 'Default', 'project_id': 'b4927d945f7a456eb953694f76ac89a6', 'project_name': 'tempest-SecurityGroupsNegativeTestJSON-757028650', 'tenant_id': 'b4927d945f7a456eb953694f76ac89a6', 'tenant_name': 'tempest-SecurityGroupsNegativeTestJSON-757028650', 'user_domain_id': 'default', 'user_domain_name': 'Default', 'user_id': 'e270e44a7c9d449a8f1479bca403e698', 'system': None}, Network: {'id': '963dc32d-7ef2-43fe-b4fa-91d1f00d5549', 'name': 'tempest-SecurityGroupsNegativeTestJSON-770664021-network', 'tenant_id': 'b4927d945f7a456eb953694f76ac89a6', 'project_id': 'b4927d945f7a456eb953694f76ac89a6', 'admin_state_up': True, 'mtu': 8950, 'status': 'ACTIVE', 'subnets': [], 'shared': False, 'port_security_enabled': True, 'router:external': False, 'provider:network_type': 'vlan', 'provider:physical_network': 'default', 'provider:segmentation_id': 287, 'availability_zone_hints': [], 'availability_zones': [], 'ipv4_address_scope': None, 'ipv6_address_scope': None, 'description': '', 'tags': [], 'created_at': '2025-12-12T09:53:37Z', 'updated_at': '2025-12-12T09:53:37Z', 'revision_number': 1}, Subnet: {'id': '6b0aeae0-531f-4368-936e-94050fab2c7d', 'name': 'tempest-SecurityGroupsNegativeTestJSON-770664021-subnet', 'tenant_id': 'b4927d945f7a456eb953694f76ac89a6', 'network_id': '963dc32d-7ef2-43fe-b4fa-91d1f00d5549', 'ip_version': 4, 'subnetpool_id': None, 'enable_dhcp': True, 'ipv6_ra_mode': None, 'ipv6_address_mode': None, 'gateway_ip': '192.168.128.1', 'cidr': '192.168.128.0/28', 'allocation_pools': [{'start': '192.168.128.2', 'end': '192.168.128.14'}], 'host_routes': [], 'dns_nameservers': [], 'description': '', 'router:external': False, 'service_types': [], 'tags': [], 'created_at': '2025-12-12T09:53:37Z', 'updated_at': '2025-12-12T09:53:37Z', 'revision_number': 0, 'project_id': 'b4927d945f7a456eb953694f76ac89a6'}, Router: {'id': 'ef0576f4-9fcb-4723-b23a-ff8ee6037103', 'name': 'tempest-SecurityGroupsNegativeTestJSON-770664021-router', 'tenant_id': 'b4927d945f7a456eb953694f76ac89a6', 'admin_state_up': True, 'status': 'ACTIVE', 'external_gateway_info': {'network_id': 'e55ab1d3-464e-4059-879f-5ecee34114f8', 'external_fixed_ips': [{'subnet_id': '1222f36e-59bc-4fd7-adef-c08583a6c419', 'ip_address': '10.180.180.195'}], 'enable_snat': True}, 'description': '', 'availability_zones': [], 'distributed': False, 'ha': False, 'availability_zone_hints': [], 'routes': [], 'flavor_id': None, 'tags': [], 'created_at': '2025-12-12T09:53:38Z', 'updated_at': '2025-12-12T09:53:38Z', 'revision_number': 2, 'project_id': 'b4927d945f7a456eb953694f76ac89a6'}
2025-12-12 09:53:40.373 66728 INFO tempest.lib.common.rest_client [req-3ebb6d80-2f6d-495f-8141-321f96d45887 req-3ebb6d80-2f6d-495f-8141-321f96d45887 ] Request (MigrationsAdminTest:test_list_migrations_in_flavor_resize_situation): 200 GET http://10.180.1.21/compute/v2.1/servers/6edd20f9-e271-4a92-9d09-de4f8fab8593 10.787s
2025-12-12 09:53:40.379 66704 INFO tempest.lib.common.rest_client [req-976ad8f1-e682-4fe9-906b-ea17aa2cfabb req-976ad8f1-e682-4fe9-906b-ea17aa2cfabb ] Request (ServicesAdminNegativeV253TestJSON:tearDownClass): 200 GET http://10.180.1.21/networking/v2.0/security-groups?tenant_id=0419984aa9a148cea0a2c32fdb37b2d0&name=default 0.716s
2025-12-12 09:53:40.402 66678 INFO tempest.lib.common.rest_client [req-2da02877-6650-4511-b2ba-0873fe26ebdf req-2da02877-6650-4511-b2ba-0873fe26ebdf ] Request (SecurityGroupsNegativeTestJSON:setUpClass): 201 POST http://10.180.1.21/identity/v3/auth/tokens 0.110s
2025-12-12 09:53:40.578 66704 INFO tempest.lib.common.rest_client [req-24af8133-e362-483c-a395-52cb79621786 req-24af8133-e362-483c-a395-52cb79621786 ] Request (ServicesAdminNegativeV253TestJSON:tearDownClass): 204 DELETE http://10.180.1.21/networking/v2.0/security-groups/d8873a8e-4270-4e6a-957f-eb0c64e28049 0.199s
2025-12-12 09:53:40.651 66704 INFO tempest.lib.common.rest_client [req-f121af07-33cb-4db3-9f97-d4accaad4596 req-f121af07-33cb-4db3-9f97-d4accaad4596 ] Request (ServicesAdminNegativeV253TestJSON:tearDownClass): 204 DELETE http://10.180.1.21/identity/v3/projects/0419984aa9a148cea0a2c32fdb37b2d0 0.073s
2025-12-12 09:53:40.652 66704 INFO tempest.lib.common.dynamic_creds [-] Deleting project and security group for project: cbd2938460d644a682be372ad48e26bb
2025-12-12 09:53:41.258 66704 INFO tempest.lib.common.rest_client [req-46a98326-0de8-41f3-b9a5-b8fcf37de8cb req-46a98326-0de8-41f3-b9a5-b8fcf37de8cb ] Request (ServicesAdminNegativeV253TestJSON:tearDownClass): 200 GET http://10.180.1.21/networking/v2.0/security-groups?tenant_id=cbd2938460d644a682be372ad48e26bb&name=default 0.606s
2025-12-12 09:53:41.472 66704 INFO tempest.lib.common.rest_client [req-4f8d4a90-8f49-4399-bd93-c6d5eb3f9269 req-4f8d4a90-8f49-4399-bd93-c6d5eb3f9269 ] Request (ServicesAdminNegativeV253TestJSON:tearDownClass): 204 DELETE http://10.180.1.21/networking/v2.0/security-groups/0078d85b-c5ee-451c-9fe3-b7eff489e37a 0.214s
2025-12-12 09:53:41.620 66704 INFO tempest.lib.common.rest_client [req-4424a4ba-166c-468e-9380-5685462fcc09 req-4424a4ba-166c-468e-9380-5685462fcc09 ] Request (ServicesAdminNegativeV253TestJSON:tearDownClass): 204 DELETE http://10.180.1.21/identity/v3/projects/cbd2938460d644a682be372ad48e26bb 0.146s
2025-12-12 09:53:41.714 66704 INFO tempest.lib.common.rest_client [req-60472a50-b5a3-4cda-a248-f7fa41814675 req-60472a50-b5a3-4cda-a248-f7fa41814675 ] Request (ServersTestBootFromVolume:setUpClass): 201 POST http://10.180.1.21/identity/v3/auth/tokens 0.092s
2025-12-12 09:53:41.754 66704 INFO tempest.lib.common.rest_client [req-bba943c6-6d6f-473e-9bc1-1bc66b71eb5b req-bba943c6-6d6f-473e-9bc1-1bc66b71eb5b ] Request (ServersTestBootFromVolume:setUpClass): 201 POST http://10.180.1.21/identity/v3/auth/tokens 0.037s
2025-12-12 09:53:41.795 66704 INFO tempest.lib.common.rest_client [req-1992a9ee-31a6-40d2-aca0-921151e086ba req-1992a9ee-31a6-40d2-aca0-921151e086ba ] Request (ServersTestBootFromVolume:setUpClass): 200 GET http://10.180.1.21/identity/v3/domains?name=Default 0.040s
2025-12-12 09:53:41.832 66704 INFO tempest.lib.common.rest_client [req-42b89186-2939-411d-a6d0-6a1cfb3093b5 req-42b89186-2939-411d-a6d0-6a1cfb3093b5 ] Request (ServersTestBootFromVolume:setUpClass): 201 POST http://10.180.1.21/identity/v3/projects 0.035s
2025-12-12 09:53:41.908 66704 INFO tempest.lib.common.rest_client [req-856ccc62-95c7-4f12-9f72-901fa3441eae req-856ccc62-95c7-4f12-9f72-901fa3441eae ] Request (ServersTestBootFromVolume:setUpClass): 201 POST http://10.180.1.21/identity/v3/users 0.075s
2025-12-12 09:53:41.939 66704 INFO tempest.lib.common.rest_client [req-78b115a1-2d9a-4b93-b7ff-784775f50185 req-78b115a1-2d9a-4b93-b7ff-784775f50185 ] Request (ServersTestBootFromVolume:setUpClass): 200 GET http://10.180.1.21/identity/v3/roles 0.030s
2025-12-12 09:53:41.981 66704 INFO tempest.lib.common.rest_client [req-9ef82984-09a3-4f9a-8b4c-d4d4d5917da6 req-9ef82984-09a3-4f9a-8b4c-d4d4d5917da6 ] Request (ServersTestBootFromVolume:setUpClass): 204 PUT http://10.180.1.21/identity/v3/projects/1556a7e9c821440fadb8ba8558fcefd8/users/d5c4a11a35f84877aec35162e474fff0/roles/2b368930e8a240e79564e72d66e827b0 0.041s
2025-12-12 09:53:41.981 66704 INFO tempest.lib.common.dynamic_creds [-] Dynamic test user d5c4a11a35f84877aec35162e474fff0 is created with scope project and roles: ['member']
2025-12-12 09:53:41.981 66704 INFO tempest.lib.common.dynamic_creds [-] Acquired dynamic creds: credentials: Credentials: {'domain_id': 'default', 'domain_name': 'Default', 'username': 'tempest-ServersTestBootFromVolume-978735330-project-member', 'project_domain_id': 'default', 'project_domain_name': 'Default', 'project_id': '1556a7e9c821440fadb8ba8558fcefd8', 'project_name': 'tempest-ServersTestBootFromVolume-978735330', 'tenant_id': '1556a7e9c821440fadb8ba8558fcefd8', 'tenant_name': 'tempest-ServersTestBootFromVolume-978735330', 'user_domain_id': 'default', 'user_domain_name': 'Default', 'user_id': 'd5c4a11a35f84877aec35162e474fff0', 'system': None}, Network: None, Subnet: None, Router: None
2025-12-12 09:53:42.063 66704 INFO tempest.lib.common.rest_client [req-cd52b74f-0fde-4ad8-8f73-e16c466f4dfb req-cd52b74f-0fde-4ad8-8f73-e16c466f4dfb ] Request (ServersTestBootFromVolume:setUpClass): 201 POST http://10.180.1.21/identity/v3/auth/tokens 0.082s
2025-12-12 09:53:42.379 66704 INFO tempest.lib.common.rest_client [req-d4b34d87-72b5-4d2f-afab-3669b9e43795 req-d4b34d87-72b5-4d2f-afab-3669b9e43795 ] Request (ServersTestBootFromVolume:setUpClass): 201 POST http://10.180.1.21/networking/v2.0/networks 0.315s
2025-12-12 09:53:42.563 66706 INFO tempest.lib.common.rest_client [req-6f7f2bbd-dd04-4a11-9571-eacc705e409f req-6f7f2bbd-dd04-4a11-9571-eacc705e409f ] Request (FloatingIPsAssociationNegativeTestJSON:setUpClass): 202 POST http://10.180.1.21/compute/v2.1/servers 12.327s
2025-12-12 09:53:42.685 66674 INFO tempest.lib.common.rest_client [req-145a0120-3c45-4ff4-a60c-e11e77ac668b req-145a0120-3c45-4ff4-a60c-e11e77ac668b ] Request (ServerExternalEventsTest:tearDownClass): 204 DELETE http://10.180.1.21/compute/v2.1/servers/e46152c4-6679-45e7-95d0-1e9b07f025ef 12.288s
2025-12-12 09:53:42.687 66704 INFO tempest.lib.common.rest_client [req-70b61a29-7638-4045-8d3b-b051b7264383 req-70b61a29-7638-4045-8d3b-b051b7264383 ] Request (ServersTestBootFromVolume:setUpClass): 201 POST http://10.180.1.21/networking/v2.0/subnets 0.306s
2025-12-12 09:53:43.465 66704 INFO tempest.lib.common.rest_client [req-ff1cdf9d-6a30-4979-b747-aeca07cfa9fe req-ff1cdf9d-6a30-4979-b747-aeca07cfa9fe ] Request (ServersTestBootFromVolume:setUpClass): 201 POST http://10.180.1.21/networking/v2.0/routers 0.777s
2025-12-12 09:53:43.520 66688 INFO tempest.lib.common.rest_client [req-c39a92dc-f3c7-4bb0-aaa1-bbbe9d79d08f req-c39a92dc-f3c7-4bb0-aaa1-bbbe9d79d08f ] Request (FloatingIPsAssociationTestJSON:test_associate_disassociate_floating_ip): 202 POST http://10.180.1.21/compute/v2.1/servers/aa212750-260e-4809-9950-c3d8141377b0/action 13.813s
2025-12-12 09:53:43.524 66736 INFO tempest.lib.common.rest_client [req-7e3d49ca-ce4a-4931-bde7-b21a13941e4c req-7e3d49ca-ce4a-4931-bde7-b21a13941e4c ] Request (ServerAddressesNegativeTestJSON:tearDownClass): 200 GET http://10.180.1.21/compute/v2.1/servers/a53ef5be-9e8b-4d49-bc2a-98d2c0520fca 12.901s
2025-12-12 09:53:43.792 66686 INFO tempest.lib.common.rest_client [req-c0b53d5d-e00f-4294-a34e-daa656218bda req-c0b53d5d-e00f-4294-a34e-daa656218bda ] Request (DeleteServersTestJSON:test_delete_server_while_in_attached_volume): 200 GET http://10.180.1.21/compute/v2.1/servers/15cbcf19-94db-41f6-a6a5-b601facf1bea 12.768s
2025-12-12 09:53:43.803 66686 INFO tempest.common.waiters [-] State transition "BUILD/scheduling" ==> "BUILD/None" after 13 second wait
2025-12-12 09:53:44.028 66724 INFO tempest.lib.common.rest_client [req-4ebcb32c-0035-4660-8ed4-b1a717ce44d5 req-4ebcb32c-0035-4660-8ed4-b1a717ce44d5 ] Request (ListImageFiltersTestJSON:setUpClass): 200 GET http://10.180.1.21/compute/v2.1/servers/8080cbef-c6d4-4137-84a0-3c1742be2f04 12.791s
2025-12-12 09:53:44.043 66724 INFO tempest.common.waiters [-] State transition "BUILD/None" ==> "BUILD/spawning" after 18 second wait
2025-12-12 09:53:44.588 66704 INFO tempest.lib.common.rest_client [req-1f9279b3-ee66-466c-a182-e90f0f9e0b39 req-1f9279b3-ee66-466c-a182-e90f0f9e0b39 ] Request (ServersTestBootFromVolume:setUpClass): 200 PUT http://10.180.1.21/networking/v2.0/routers/051d9d22-e98b-43eb-9248-e7f62eb0faa8/add_router_interface 1.123s
2025-12-12 09:53:44.589 66704 INFO tempest.lib.common.dynamic_creds [-] Created isolated network resources for: credentials: Credentials: {'domain_id': 'default', 'domain_name': 'Default', 'username': 'tempest-ServersTestBootFromVolume-978735330-project-member', 'project_domain_id': 'default', 'project_domain_name': 'Default', 'project_id': '1556a7e9c821440fadb8ba8558fcefd8', 'project_name': 'tempest-ServersTestBootFromVolume-978735330', 'tenant_id': '1556a7e9c821440fadb8ba8558fcefd8', 'tenant_name': 'tempest-ServersTestBootFromVolume-978735330', 'user_domain_id': 'default', 'user_domain_name': 'Default', 'user_id': 'd5c4a11a35f84877aec35162e474fff0', 'system': None}, Network: {'id': '6bd69aef-e764-4a08-af5c-68da17f014a4', 'name': 'tempest-ServersTestBootFromVolume-473215004-network', 'tenant_id': '1556a7e9c821440fadb8ba8558fcefd8', 'project_id': '1556a7e9c821440fadb8ba8558fcefd8', 'admin_state_up': True, 'mtu': 8950, 'status': 'ACTIVE', 'subnets': [], 'shared': False, 'port_security_enabled': True, 'router:external': False, 'provider:network_type': 'vlan', 'provider:physical_network': 'default', 'provider:segmentation_id': 994, 'availability_zone_hints': [], 'availability_zones': [], 'ipv4_address_scope': None, 'ipv6_address_scope': None, 'description': '', 'tags': [], 'created_at': '2025-12-12T09:53:42Z', 'updated_at': '2025-12-12T09:53:42Z', 'revision_number': 1}, Subnet: {'id': '1fcadaf5-cfed-46c2-8698-3beb935ec634', 'name': 'tempest-ServersTestBootFromVolume-473215004-subnet', 'tenant_id': '1556a7e9c821440fadb8ba8558fcefd8', 'network_id': '6bd69aef-e764-4a08-af5c-68da17f014a4', 'ip_version': 4, 'subnetpool_id': None, 'enable_dhcp': True, 'ipv6_ra_mode': None, 'ipv6_address_mode': None, 'gateway_ip': '192.168.128.1', 'cidr': '192.168.128.0/28', 'allocation_pools': [{'start': '192.168.128.2', 'end': '192.168.128.14'}], 'host_routes': [], 'dns_nameservers': [], 'description': '', 'router:external': False, 'service_types': [], 'tags': [], 'created_at': '2025-12-12T09:53:42Z', 'updated_at': '2025-12-12T09:53:42Z', 'revision_number': 0, 'project_id': '1556a7e9c821440fadb8ba8558fcefd8'}, Router: {'id': '051d9d22-e98b-43eb-9248-e7f62eb0faa8', 'name': 'tempest-ServersTestBootFromVolume-473215004-router', 'tenant_id': '1556a7e9c821440fadb8ba8558fcefd8', 'admin_state_up': True, 'status': 'ACTIVE', 'external_gateway_info': {'network_id': 'e55ab1d3-464e-4059-879f-5ecee34114f8', 'external_fixed_ips': [{'subnet_id': '1222f36e-59bc-4fd7-adef-c08583a6c419', 'ip_address': '10.180.180.209'}], 'enable_snat': True}, 'description': '', 'availability_zones': [], 'distributed': False, 'ha': False, 'availability_zone_hints': [], 'routes': [], 'flavor_id': None, 'tags': [], 'created_at': '2025-12-12T09:53:42Z', 'updated_at': '2025-12-12T09:53:43Z', 'revision_number': 2, 'project_id': '1556a7e9c821440fadb8ba8558fcefd8'}
2025-12-12 09:53:44.613 66710 INFO tempest.lib.common.rest_client [req-7d35a14e-618b-4037-9cce-ab19c393a021 req-7d35a14e-618b-4037-9cce-ab19c393a021 ] Request (FloatingIPDetailsTestJSON:test_list_floating_ips): 200 GET http://10.180.1.21/compute/v2.1/os-floating-ips 13.209s
2025-12-12 09:53:44.692 66716 INFO tempest.lib.common.rest_client [req-62b91624-7b06-43cb-aec9-fa3a84434251 req-62b91624-7b06-43cb-aec9-fa3a84434251 ] Request (ServerRescueTestJSON:test_rescue_unrescue_instance): 200 GET http://10.180.1.21/compute/v2.1/servers/18329b1e-2891-4ce8-a4fb-d9d682d75b7f 13.159s
2025-12-12 09:53:44.700 66716 INFO tempest.common.waiters [-] State transition "BUILD/None" ==> "BUILD/spawning" after 18 second wait
2025-12-12 09:53:44.730 66704 INFO tempest.lib.common.rest_client [req-6a8fe38c-8d61-42c8-9873-4634da0d2efd req-6a8fe38c-8d61-42c8-9873-4634da0d2efd ] Request (ServersTestBootFromVolume:setUpClass): 201 POST http://10.180.1.21/identity/v3/auth/tokens 0.137s
2025-12-12 09:53:44.806 66684 INFO tempest.lib.common.rest_client [req-83f08a4d-4302-4421-9fc3-d9d6d9720d8a req-83f08a4d-4302-4421-9fc3-d9d6d9720d8a ] Request (ServersTestManualDisk:tearDownClass): 204 DELETE http://10.180.1.21/compute/v2.1/servers/7660297e-92ba-4ecf-be73-dd495e89454e 12.333s
2025-12-12 09:53:45.033 66714 INFO tempest.lib.common.rest_client [req-80b1db88-1a81-4f16-ad04-647cfbf86352 req-80b1db88-1a81-4f16-ad04-647cfbf86352 ] Request (ServerDiagnosticsNegativeTest:tearDownClass): 200 GET http://10.180.1.21/compute/v2.1/servers/7e3a7cd2-73df-4abc-b887-9e58ba46f12f 11.677s
2025-12-12 09:53:45.050 66714 INFO tempest.common.waiters [-] State transition "ACTIVE/deleting" ==> "DELETED/None" after 13 second wait
2025-12-12 09:53:45.071 66734 INFO tempest.lib.common.rest_client [req-e669ebcb-1e68-4319-9973-4213910185ee req-e669ebcb-1e68-4319-9973-4213910185ee ] Request (ServerDiskConfigTestJSON:test_rebuild_server_with_auto_disk_config): 200 GET http://10.180.1.21/compute/v2.1/servers/9ddc9573-0b32-4bb1-80fa-ace70efa8c5b 12.728s
2025-12-12 09:53:45.073 66720 INFO tempest.lib.common.rest_client [req-4a78c8c5-9e8b-4c27-bbbe-8fd704dac179 req-4a78c8c5-9e8b-4c27-bbbe-8fd704dac179 ] Request (InstanceActionsNegativeTestJSON:test_get_instance_action_invalid_request): 404 GET http://10.180.1.21/compute/v2.1/servers/c4f9758d-7c1e-40be-8488-ee39884dc342/os-instance-actions/999 10.930s
2025-12-12 09:53:45.090 66691 INFO tempest.lib.common.rest_client [req-5f356ba7-8f4b-4fb3-988d-c1e4a4004354 req-5f356ba7-8f4b-4fb3-988d-c1e4a4004354 ] Request (FlavorsV2TestJSON:test_list_flavors_limit_results): 200 GET http://10.180.1.21/compute/v2.1/flavors?limit=1 10.481s
2025-12-12 09:53:45.096 66680 INFO tempest.lib.common.rest_client [req-6b7f75ba-c436-4f73-a074-f0468247847e req-6b7f75ba-c436-4f73-a074-f0468247847e ] Request (AggregatesAdminNegativeTestJSON:test_aggregate_remove_host_as_user): 403 POST http://10.180.1.21/compute/v2.1/os-aggregates/7/action 10.351s
2025-12-12 09:53:45.107 66692 INFO tempest.lib.common.rest_client [req-5ee86d9a-0528-4c75-84ed-10f5e9698c52 req-5ee86d9a-0528-4c75-84ed-10f5e9698c52 ] Request (FlavorsAdminTestJSON:test_is_public_string_variations): 200 GET http://10.180.1.21/compute/v2.1/flavors/detail?is_public=no 10.344s
2025-12-12 09:53:45.172 66700 INFO tempest.lib.common.rest_client [req-f4d0e325-04be-4915-9ba2-c7a286c2511b req-f4d0e325-04be-4915-9ba2-c7a286c2511b ] Request (ServerRescueTestJSONUnderV235:setUpClass): 200 POST http://10.180.1.21/compute/v2.1/servers/32d29e6c-1fa6-44f5-8dc2-1de90b1db002/action 10.977s
2025-12-12 09:53:45.206 66718 INFO tempest.lib.common.rest_client [req-96efc8ce-de24-4a72-9836-9b9623223533 req-96efc8ce-de24-4a72-9836-9b9623223533 ] Request (InstanceActionsTestJSON:test_get_instance_action): 200 GET http://10.180.1.21/compute/v2.1/servers/e5d83736-adfa-4d93-8696-c3d8021f2390/os-instance-actions/req-69d227cf-52e4-4436-8d14-25a5286d2998 9.164s
2025-12-12 09:53:45.259 66726 INFO tempest.lib.common.rest_client [req-037a727c-c39e-4a9f-a266-cf3fa19fc64b req-037a727c-c39e-4a9f-a266-cf3fa19fc64b ] Request (QuotaClassesAdmin257Test:test_update_default_quotas): 200 PUT http://10.180.1.21/compute/v2.1/os-quota-class-sets/default 8.550s
2025-12-12 09:53:45.433 66722 INFO tempest.lib.common.rest_client [req-8ac0cd36-bcbb-459b-9c37-342f7150697d req-8ac0cd36-bcbb-459b-9c37-342f7150697d ] Request (ServerShowV254Test:test_rebuild_server): 200 GET http://10.180.1.21/compute/v2.1/servers/a3c4d7cc-ccf8-485c-9250-d5fb013f420b 9.842s
2025-12-12 09:53:45.447 66722 INFO tempest.common.waiters [-] State transition "REBUILD/rebuild_spawning" ==> "ACTIVE/None" after 11 second wait
2025-12-12 09:53:45.448 66708 INFO tempest.lib.common.rest_client [req-5d2e4d95-56cf-46ba-ac6f-5d0392f8b89e req-5d2e4d95-56cf-46ba-ac6f-5d0392f8b89e ] Request (ServersWithSpecificFlavorTestJSON:test_verify_created_server_ephemeral_disk): 200 GET http://10.180.1.21/compute/v2.1/servers/cad7d6b9-e6db-475e-b3e2-cfef6c29a30c 8.103s
2025-12-12 09:53:45.682 66732 INFO tempest.lib.common.rest_client [req-b4f1f915-58f7-430f-86aa-a6cea8e5c3cd req-b4f1f915-58f7-430f-86aa-a6cea8e5c3cd ] Request (ServersTestJSON:setUpClass): 200 GET http://10.180.1.21/compute/v2.1/servers/848e123f-d846-4385-889d-486b284fba48 8.103s
2025-12-12 09:53:45.691 66732 INFO tempest.common.waiters [-] State transition "BUILD/None" ==> "BUILD/spawning" after 18 second wait
2025-12-12 09:53:45.712 66712 INFO tempest.lib.common.rest_client [req-214beb2e-7725-46cc-8160-5f6d76c30e13 req-214beb2e-7725-46cc-8160-5f6d76c30e13 ] Request (ServersTestFqdnHostnames:test_create_server_with_fqdn_name): 200 GET http://10.180.1.21/compute/v2.1/servers/de397c8b-fe13-4aea-963e-868c378e8f90 7.422s
2025-12-12 09:53:45.724 66712 INFO tempest.common.waiters [-] State transition "BUILD/None" ==> "BUILD/spawning" after 17 second wait
2025-12-12 09:53:45.816 66682 INFO tempest.lib.common.rest_client [req-3a0c3d50-83e5-4d7b-868c-d90fa3933e26 req-3a0c3d50-83e5-4d7b-868c-d90fa3933e26 ] Request (SecurityGroupsTestJSON:test_list_security_groups_by_server): 200 GET http://10.180.1.21/compute/v2.1/servers/d183ee1e-47d8-41c3-84f6-314f0643d550 6.206s
2025-12-12 09:53:45.851 66698 INFO tempest.lib.common.rest_client [req-1056fb9a-3379-4c52-a45c-a2f35ee46ef1 req-1056fb9a-3379-4c52-a45c-a2f35ee46ef1 ] Request (ServerActionsV293TestJSON:setUpClass): 200 GET http://10.180.1.21/compute/v2.1/servers/47ed04f7-60e9-4491-bb3e-fd630b6a2864 7.177s
2025-12-12 09:53:45.863 66698 INFO tempest.common.waiters [-] State transition "BUILD/None" ==> "BUILD/block_device_mapping" after 17 second wait
2025-12-12 09:53:45.939 66696 INFO tempest.lib.common.rest_client [req-d2336f7b-3e0f-4118-b730-24086399d817 req-d2336f7b-3e0f-4118-b730-24086399d817 ] Request (ServersAdminNegativeTestJSON:test_migrate_server_invalid_state): 200 GET http://10.180.1.21/compute/v2.1/servers/33843c0b-0624-40a4-8f97-36c5ab857763 6.222s
2025-12-12 09:53:45.968 66694 INFO tempest.lib.common.rest_client [req-5f61cbbf-97cc-4928-8ad9-158e07291658 req-5f61cbbf-97cc-4928-8ad9-158e07291658 ] Request (DeleteServersAdminTestJSON:test_delete_server_while_in_error_state): 404 GET http://10.180.1.21/compute/v2.1/servers/8d25d8aa-3ce8-4a97-ada3-0ff5b4495012 5.670s
2025-12-12 09:53:46.044 66730 INFO tempest.lib.common.rest_client [req-15645e15-8917-4073-86ff-f6adddda9139 req-15645e15-8917-4073-86ff-f6adddda9139 ] Request (AttachVolumeNegativeTest:test_attach_attached_volume_to_different_server): 200 GET http://10.180.1.21/compute/v2.1/servers/64139aa6-f7c7-4d21-aa06-ca1ae85e4078 5.694s
2025-12-12 09:53:46.240 66678 INFO tempest.lib.common.rest_client [req-f3ee9227-fddf-4352-946d-3fc96912ff65 req-f3ee9227-fddf-4352-946d-3fc96912ff65 ] Request (SecurityGroupsNegativeTestJSON:test_delete_nonexistent_security_group): 404 DELETE http://10.180.1.21/compute/v2.1/os-security-groups/b7802b7c-0b97-4706-8dc2-d1b0499f6d7c 5.837s
2025-12-12 09:53:46.540 66728 INFO tempest.lib.common.rest_client [req-4e801be3-cd65-4cbf-9104-bb70609c7c0c req-4e801be3-cd65-4cbf-9104-bb70609c7c0c ] Request (MigrationsAdminTest:test_list_migrations_in_flavor_resize_situation): 200 GET http://10.180.1.21/compute/v2.1/servers/6edd20f9-e271-4a92-9d09-de4f8fab8593 5.158s
2025-12-12 09:53:46.607 66706 INFO tempest.lib.common.rest_client [req-3fcf933d-c493-46bd-8432-bd841c464fb0 req-3fcf933d-c493-46bd-8432-bd841c464fb0 ] Request (FloatingIPsAssociationNegativeTestJSON:setUpClass): 200 GET http://10.180.1.21/compute/v2.1/servers/9ee5335b-fca7-4bab-a0b1-0c954551f13d 4.042s
2025-12-12 09:53:46.625 66676 INFO tempest.lib.common.rest_client [req-6346c347-218b-4451-8d3f-c55f0c1a1e0e req-6346c347-218b-4451-8d3f-c55f0c1a1e0e ] Request (ServersAdminTestJSON:setUpClass): 202 POST http://10.180.1.21/compute/v2.1/servers 6.816s
2025-12-12 09:53:46.676 66676 INFO tempest.lib.common.rest_client [req-3c5e98a9-7f5c-48fb-9ba0-7174ed0b7ff4 req-3c5e98a9-7f5c-48fb-9ba0-7174ed0b7ff4 ] Request (ServersAdminTestJSON:setUpClass): 201 POST http://10.180.1.21/identity/v3/auth/tokens 0.047s
2025-12-12 09:53:46.677 66676 INFO tempest.lib.common.fixed_network [-] (ServersAdminTestJSON:setUpClass) Found network {'id': 'eb76cacd-a1bb-4f7e-b24a-b29e2fc9f8ed', 'name': 'tempest-ServersAdminTestJSON-1471214493-network', 'tenant_id': '067be4c394cb401bb234e801a46ab14e', 'project_id': '067be4c394cb401bb234e801a46ab14e', 'admin_state_up': True, 'mtu': 8950, 'status': 'ACTIVE', 'subnets': [], 'shared': False, 'port_security_enabled': True, 'router:external': False, 'provider:network_type': 'vlan', 'provider:physical_network': 'default', 'provider:segmentation_id': 38, 'availability_zone_hints': [], 'availability_zones': [], 'ipv4_address_scope': None, 'ipv6_address_scope': None, 'description': '', 'tags': [], 'created_at': '2025-12-12T09:53:31Z', 'updated_at': '2025-12-12T09:53:31Z', 'revision_number': 1} available for tenant
2025-12-12 09:53:46.716 66674 INFO tempest.lib.common.rest_client [req-db14bd2a-3c5f-4d86-8f95-2633e1bf9d9b req-db14bd2a-3c5f-4d86-8f95-2633e1bf9d9b ] Request (ServerExternalEventsTest:tearDownClass): 200 GET http://10.180.1.21/compute/v2.1/servers/e46152c4-6679-45e7-95d0-1e9b07f025ef 4.031s
2025-12-12 09:53:46.748 66688 INFO tempest.lib.common.rest_client [req-7b0c6343-b7b8-4235-a888-4697de38a552 req-7b0c6343-b7b8-4235-a888-4697de38a552 ] Request (FloatingIPsAssociationTestJSON:test_associate_disassociate_floating_ip): 200 GET http://10.180.1.21/compute/v2.1/os-floating-ips/7f2b63d4-e91e-419d-94ee-42a8f7b948de 3.228s
2025-12-12 09:53:46.787 66736 INFO tempest.lib.common.rest_client [req-9de73f90-0651-404e-80a7-13f92ed657e9 req-9de73f90-0651-404e-80a7-13f92ed657e9 ] Request (ServerAddressesNegativeTestJSON:tearDownClass): 200 GET http://10.180.1.21/compute/v2.1/servers/a53ef5be-9e8b-4d49-bc2a-98d2c0520fca 2.251s
2025-12-12 09:53:46.905 66704 INFO tempest.lib.common.rest_client [req-b564f667-d002-4c11-9e71-ce416d760220 req-b564f667-d002-4c11-9e71-ce416d760220 ] Request (ServersTestBootFromVolume:setUpClass): 200 POST http://10.180.1.21/compute/v2.1/os-keypairs 2.172s
2025-12-12 09:53:47.031 66704 INFO tempest.lib.common.rest_client [req-8e607824-8aff-42f7-99ba-99fe8507729c req-8e607824-8aff-42f7-99ba-99fe8507729c ] Request (ServersTestBootFromVolume:setUpClass): 201 POST http://10.180.1.21/networking/v2.0/security-groups 0.124s
2025-12-12 09:53:47.053 66686 INFO tempest.lib.common.rest_client [req-253a1bdd-1133-48b6-b132-12b30608311c req-253a1bdd-1133-48b6-b132-12b30608311c ] Request (DeleteServersTestJSON:test_delete_server_while_in_attached_volume): 200 GET http://10.180.1.21/compute/v2.1/servers/15cbcf19-94db-41f6-a6a5-b601facf1bea 2.248s
2025-12-12 09:53:47.225 66710 INFO tempest.lib.common.rest_client [req-05e013b9-b4bf-4ed0-bdfb-660ea4143b8c req-05e013b9-b4bf-4ed0-bdfb-660ea4143b8c ] Request (FloatingIPDetailsTestJSON:tearDownClass): 202 DELETE http://10.180.1.21/compute/v2.1/os-floating-ips/cf495ba8-e130-4b16-941a-a42e32e1c08d 2.606s
2025-12-12 09:53:47.304 66704 INFO tempest.lib.common.rest_client [req-de991398-d744-478d-a66e-4ab492fa35e3 req-de991398-d744-478d-a66e-4ab492fa35e3 ] Request (ServersTestBootFromVolume:setUpClass): 201 POST http://10.180.1.21/networking/v2.0/security-group-rules 0.272s
2025-12-12 09:53:47.455 66704 INFO tempest.lib.common.rest_client [req-7ed306c7-3bc9-4e52-a62b-5b1b876cec2d req-7ed306c7-3bc9-4e52-a62b-5b1b876cec2d ] Request (ServersTestBootFromVolume:setUpClass): 201 POST http://10.180.1.21/networking/v2.0/security-group-rules 0.150s
2025-12-12 09:53:47.495 66684 INFO tempest.lib.common.rest_client [req-0a494c66-4ac4-4d95-9409-0e3a0d3938b5 req-0a494c66-4ac4-4d95-9409-0e3a0d3938b5 ] Request (ServersTestManualDisk:tearDownClass): 200 GET http://10.180.1.21/compute/v2.1/servers/7660297e-92ba-4ecf-be73-dd495e89454e 2.688s
2025-12-12 09:53:47.512 66720 INFO tempest.lib.common.rest_client [req-d8df2e1a-99fc-4676-8ef5-20a3a67da3df req-d8df2e1a-99fc-4676-8ef5-20a3a67da3df ] Request (InstanceActionsNegativeTestJSON:test_list_instance_actions_non_existent_server): 404 GET http://10.180.1.21/compute/v2.1/servers/cd751a98-a757-42d9-bee1-c8c259dcf010/os-instance-actions 2.437s
2025-12-12 09:53:47.587 66724 INFO tempest.lib.common.rest_client [req-adfea6fd-af66-4cbf-a33d-9b9aa078d232 req-adfea6fd-af66-4cbf-a33d-9b9aa078d232 ] Request (ListImageFiltersTestJSON:setUpClass): 200 GET http://10.180.1.21/compute/v2.1/servers/8080cbef-c6d4-4137-84a0-3c1742be2f04 2.542s
2025-12-12 09:53:47.620 66691 INFO tempest.lib.common.rest_client [req-36132daf-17bd-495b-b9e1-904b15fb86e6 req-36132daf-17bd-495b-b9e1-904b15fb86e6 ] Request (FlavorsV2TestJSON:test_list_flavors_using_marker): 200 GET http://10.180.1.21/compute/v2.1/flavors/42 2.527s
2025-12-12 09:53:47.624 66734 INFO tempest.lib.common.rest_client [req-f5cb8e85-f28b-4a4c-b7d6-e5ee60b5a033 req-f5cb8e85-f28b-4a4c-b7d6-e5ee60b5a033 ] Request (ServerDiskConfigTestJSON:_run_cleanups): 204 DELETE http://10.180.1.21/compute/v2.1/servers/9ddc9573-0b32-4bb1-80fa-ace70efa8c5b 2.539s
2025-12-12 09:53:47.639 66692 INFO tempest.lib.common.rest_client [req-0f1ebfca-6d3a-46c5-8446-bcec58dbd880 req-0f1ebfca-6d3a-46c5-8446-bcec58dbd880 ] Request (FlavorsAdminTestJSON:test_is_public_string_variations): 200 GET http://10.180.1.21/compute/v2.1/flavors/detail?is_public=0 2.528s
2025-12-12 09:53:47.737 66734 INFO tempest.lib.common.rest_client [req-d43a731d-2f56-426e-b735-f964de4ca1d0 req-d43a731d-2f56-426e-b735-f964de4ca1d0 ] Request (ServerDiskConfigTestJSON:test_rebuild_server_with_manual_disk_config): 201 POST http://10.180.1.21/identity/v3/auth/tokens 0.107s
2025-12-12 09:53:47.737 66734 INFO tempest.lib.common.fixed_network [-] (ServerDiskConfigTestJSON:test_rebuild_server_with_manual_disk_config) Found network {'id': '497fd66f-063f-485c-91f2-1c0a5c50ade0', 'name': 'tempest-ServerDiskConfigTestJSON-900143793-network', 'tenant_id': 'ec25abc1be104ae2b1b7b12d48cdf364', 'project_id': 'ec25abc1be104ae2b1b7b12d48cdf364', 'admin_state_up': True, 'mtu': 8950, 'status': 'ACTIVE', 'subnets': [], 'shared': False, 'port_security_enabled': True, 'router:external': False, 'provider:network_type': 'vlan', 'provider:physical_network': 'default', 'provider:segmentation_id': 619, 'availability_zone_hints': [], 'availability_zones': [], 'ipv4_address_scope': None, 'ipv6_address_scope': None, 'description': '', 'tags': [], 'created_at': '2025-12-12T09:52:29Z', 'updated_at': '2025-12-12T09:52:29Z', 'revision_number': 1} available for tenant
2025-12-12 09:53:47.792 66680 INFO tempest.lib.common.rest_client [req-c7d39061-a037-456c-b421-23726c10ce66 req-c7d39061-a037-456c-b421-23726c10ce66 ] Request (AggregatesAdminNegativeTestJSON:_run_cleanups): 200 POST http://10.180.1.21/compute/v2.1/os-aggregates/7/action 2.695s
2025-12-12 09:53:47.898 66718 INFO tempest.lib.common.rest_client [req-d8b9a6e8-8964-485d-b02e-e04aa541617a req-d8b9a6e8-8964-485d-b02e-e04aa541617a ] Request (InstanceActionsTestJSON:test_list_instance_actions): 202 POST http://10.180.1.21/compute/v2.1/servers/e5d83736-adfa-4d93-8696-c3d8021f2390/action 2.688s
2025-12-12 09:53:47.917 66726 INFO tempest.lib.common.rest_client [req-4e7ce510-c3d9-4c7b-a887-370220fadd1c req-4e7ce510-c3d9-4c7b-a887-370220fadd1c ] Request (QuotaClassesAdmin257Test:test_update_default_quotas): 200 GET http://10.180.1.21/compute/v2.1/os-quota-class-sets/default 2.657s
2025-12-12 09:53:47.944 66722 INFO tempest.lib.common.rest_client [req-5927fe14-547c-4b3e-8258-d8ccd7dd474b req-5927fe14-547c-4b3e-8258-d8ccd7dd474b ] Request (ServerShowV254Test:_run_cleanups): 204 DELETE http://10.180.1.21/compute/v2.1/os-keypairs/tempest-ServerShowV254Test-keypair-5730527 2.496s
2025-12-12 09:53:48.166 66700 INFO tempest.lib.common.rest_client [req-e1b9b8e5-ce16-441b-aace-b6ab1d78c561 req-e1b9b8e5-ce16-441b-aace-b6ab1d78c561 ] Request (ServerRescueTestJSONUnderV235:setUpClass): 200 GET http://10.180.1.21/compute/v2.1/servers/32d29e6c-1fa6-44f5-8dc2-1de90b1db002 2.993s
2025-12-12 09:53:48.205 66704 INFO tempest.lib.common.rest_client [req-9630cd18-4bf6-4f7a-9db7-63ac0971fb55 req-9630cd18-4bf6-4f7a-9db7-63ac0971fb55 ] Request (ServersTestBootFromVolume:setUpClass): 201 POST http://10.180.1.21/networking/v2.0/floatingips 0.749s
2025-12-12 09:53:48.237 66716 INFO tempest.lib.common.rest_client [req-77a5c2f4-8a90-4270-a519-8a61d6166f6c req-77a5c2f4-8a90-4270-a519-8a61d6166f6c ] Request (ServerRescueTestJSON:test_rescue_unrescue_instance): 200 GET http://10.180.1.21/compute/v2.1/servers/18329b1e-2891-4ce8-a4fb-d9d682d75b7f 2.536s
2025-12-12 09:53:48.246 66716 INFO tempest.common.waiters [-] State transition "BUILD/spawning" ==> "ACTIVE/None" after 22 second wait
2025-12-12 09:53:48.271 66694 INFO tempest.lib.common.rest_client [req-a470c5d8-e049-4a23-89d9-41e760e3787e req-a470c5d8-e049-4a23-89d9-41e760e3787e ] Request (DeleteServersAdminTestJSON:tearDownClass): 404 DELETE http://10.180.1.21/compute/v2.1/servers/8d25d8aa-3ce8-4a97-ada3-0ff5b4495012 2.302s
2025-12-12 09:53:48.276 66704 INFO tempest.lib.common.rest_client [req-9de1e22e-3ef8-48b2-b70b-778a54e8c48d req-9de1e22e-3ef8-48b2-b70b-778a54e8c48d ] Request (ServersTestBootFromVolume:setUpClass): 201 POST http://10.180.1.21/identity/v3/auth/tokens 0.064s
2025-12-12 09:53:48.276 66704 INFO tempest.lib.common.fixed_network [-] (ServersTestBootFromVolume:setUpClass) Found network {'id': '6bd69aef-e764-4a08-af5c-68da17f014a4', 'name': 'tempest-ServersTestBootFromVolume-473215004-network', 'tenant_id': '1556a7e9c821440fadb8ba8558fcefd8', 'project_id': '1556a7e9c821440fadb8ba8558fcefd8', 'admin_state_up': True, 'mtu': 8950, 'status': 'ACTIVE', 'subnets': [], 'shared': False, 'port_security_enabled': True, 'router:external': False, 'provider:network_type': 'vlan', 'provider:physical_network': 'default', 'provider:segmentation_id': 994, 'availability_zone_hints': [], 'availability_zones': [], 'ipv4_address_scope': None, 'ipv6_address_scope': None, 'description': '', 'tags': [], 'created_at': '2025-12-12T09:53:42Z', 'updated_at': '2025-12-12T09:53:42Z', 'revision_number': 1} available for tenant
2025-12-12 09:53:48.277 66678 INFO tempest.lib.common.rest_client [req-d8507cef-d9fe-4fb9-b2f3-76c5176af086 req-d8507cef-d9fe-4fb9-b2f3-76c5176af086 ] Request (SecurityGroupsNegativeTestJSON:test_delete_security_group_without_passing_id): 404 DELETE http://10.180.1.21/compute/v2.1/os-security-groups/ 2.035s
2025-12-12 09:53:48.378 66714 INFO tempest.lib.common.rest_client [req-826bfbf7-0376-42bb-a60e-06e6998a82ea req-826bfbf7-0376-42bb-a60e-06e6998a82ea ] Request (ServerDiagnosticsNegativeTest:tearDownClass): 200 GET http://10.180.1.21/compute/v2.1/servers/7e3a7cd2-73df-4abc-b887-9e58ba46f12f 2.327s
2025-12-12 09:53:48.382 66708 INFO tempest.lib.common.rest_client [req-651925e3-0b5d-45be-b11d-d4e30795f180 req-651925e3-0b5d-45be-b11d-d4e30795f180 ] Request (ServersWithSpecificFlavorTestJSON:test_verify_created_server_ephemeral_disk): 200 GET http://10.180.1.21/compute/v2.1/servers/cad7d6b9-e6db-475e-b3e2-cfef6c29a30c 1.924s
2025-12-12 09:53:48.539 66732 INFO tempest.lib.common.rest_client [req-bcd1f025-7ab3-47b7-aa44-3aef43d432fc req-bcd1f025-7ab3-47b7-aa44-3aef43d432fc ] Request (ServersTestJSON:setUpClass): 200 GET http://10.180.1.21/compute/v2.1/servers/848e123f-d846-4385-889d-486b284fba48 1.846s
2025-12-12 09:53:48.623 66704 INFO tempest.lib.common.rest_client [req-d0d4e194-50ea-4329-8022-bcae2fd36d15 req-d0d4e194-50ea-4329-8022-bcae2fd36d15 ] Request (ServersTestBootFromVolume:setUpClass): 202 POST http://10.180.1.21/volume/v3/volumes 0.346s
2025-12-12 09:53:48.672 66704 INFO tempest.lib.common.rest_client [req-dc4e74d5-0245-417e-979c-d0aee4a5b73d req-dc4e74d5-0245-417e-979c-d0aee4a5b73d ] Request (ServersTestBootFromVolume:setUpClass): 200 GET http://10.180.1.21/volume/v3/volumes/c42dc197-db8a-4653-97bc-585c55b5a8ca 0.040s
2025-12-12 09:53:48.712 66712 INFO tempest.lib.common.rest_client [req-118c14d7-6515-4c01-a917-9f569fc1035d req-118c14d7-6515-4c01-a917-9f569fc1035d ] Request (ServersTestFqdnHostnames:test_create_server_with_fqdn_name): 200 GET http://10.180.1.21/compute/v2.1/servers/de397c8b-fe13-4aea-963e-868c378e8f90 1.986s
2025-12-12 09:53:48.779 66676 INFO tempest.lib.common.rest_client [req-fd8a8a72-d4ed-4072-951b-e57f84825b13 req-fd8a8a72-d4ed-4072-951b-e57f84825b13 ] Request (ServersAdminTestJSON:setUpClass): 202 POST http://10.180.1.21/compute/v2.1/servers 2.101s
2025-12-12 09:53:48.885 66682 INFO tempest.lib.common.rest_client [req-224cc818-5eee-4a4d-91fa-a3eb4394e1b1 req-224cc818-5eee-4a4d-91fa-a3eb4394e1b1 ] Request (SecurityGroupsTestJSON:test_list_security_groups_by_server): 200 GET http://10.180.1.21/compute/v2.1/servers/d183ee1e-47d8-41c3-84f6-314f0643d550 2.059s
2025-12-12 09:53:49.036 66698 INFO tempest.lib.common.rest_client [req-f5f32a81-81db-4ef5-b1eb-64b32755d8b9 req-f5f32a81-81db-4ef5-b1eb-64b32755d8b9 ] Request (ServerActionsV293TestJSON:setUpClass): 200 GET http://10.180.1.21/compute/v2.1/servers/47ed04f7-60e9-4491-bb3e-fd630b6a2864 2.172s
2025-12-12 09:53:49.047 66698 INFO tempest.common.waiters [-] State transition "BUILD/block_device_mapping" ==> "BUILD/spawning" after 21 second wait
