2025-12-12 09:52:53.033 66718 INFO tempest.lib.common.rest_client [req-9db6d235-1dfa-4cd2-906b-bb7fcbdd2c30 req-9db6d235-1dfa-4cd2-906b-bb7fcbdd2c30 ] Request (ImagesMetadataNegativeTestJSON:tearDownClass): 200 GET http://10.180.1.21/networking/v2.0/security-groups?tenant_id=076966c8fd294d79a7015630a70ec944&name=default 0.339s
2025-12-12 09:52:53.243 66720 INFO tempest.lib.common.rest_client [req-492d97a5-4651-4d50-818c-944167664fb7 req-492d97a5-4651-4d50-818c-944167664fb7 ] Request (InstanceActionsNegativeTestJSON:setUpClass): 201 POST http://10.180.1.21/networking/v2.0/subnets 0.520s
2025-12-12 09:52:53.384 66716 INFO tempest.lib.common.rest_client [req-aa01d477-f8fa-474b-92bd-07543096fcb6 req-aa01d477-f8fa-474b-92bd-07543096fcb6 ] Request (ServerRescueTestJSON:setUpClass): 200 GET http://10.180.1.21/compute/v2.1/servers/2877c534-5bb3-4aff-9d58-fab03276ab1e 5.150s
2025-12-12 09:52:53.391 66716 INFO tempest.common.waiters [-] State transition "BUILD/spawning" ==> "ACTIVE/None" after 26 second wait
2025-12-12 09:52:53.526 66718 INFO tempest.lib.common.rest_client [req-a7f4bb03-c354-47f4-a9e2-4cf69b10786b req-a7f4bb03-c354-47f4-a9e2-4cf69b10786b ] Request (ImagesMetadataNegativeTestJSON:tearDownClass): 204 DELETE http://10.180.1.21/networking/v2.0/security-groups/2be4ff30-533a-4b04-bf79-b810b9b85ee5 0.493s
2025-12-12 09:52:53.613 66718 INFO tempest.lib.common.rest_client [req-5952732a-5d63-4b8f-a89b-d56d84523511 req-5952732a-5d63-4b8f-a89b-d56d84523511 ] Request (ImagesMetadataNegativeTestJSON:tearDownClass): 204 DELETE http://10.180.1.21/identity/v3/projects/076966c8fd294d79a7015630a70ec944 0.086s
2025-12-12 09:52:53.631 66722 INFO tempest.lib.common.rest_client [req-ad34c96f-20bb-4090-bd92-646a2caaf10a req-ad34c96f-20bb-4090-bd92-646a2caaf10a ] Request (ServerShowV254Test:test_rebuild_server): 202 POST http://10.180.1.21/compute/v2.1/servers 4.978s
2025-12-12 09:52:53.701 66718 INFO tempest.lib.common.rest_client [req-9d4af961-5867-4fb3-bc67-9184d67b6129 req-9d4af961-5867-4fb3-bc67-9184d67b6129 ] Request (InstanceActionsTestJSON:setUpClass): 201 POST http://10.180.1.21/identity/v3/auth/tokens 0.086s
2025-12-12 09:52:53.739 66734 INFO tempest.lib.common.rest_client [req-356ccf6e-a54f-4986-8816-eb305e9a2018 req-356ccf6e-a54f-4986-8816-eb305e9a2018 ] Request (ServerDiskConfigTestJSON:test_rebuild_server_with_auto_disk_config): 200 GET http://10.180.1.21/compute/v2.1/servers/9ddc9573-0b32-4bb1-80fa-ace70efa8c5b 5.195s
2025-12-12 09:52:53.742 66718 INFO tempest.lib.common.rest_client [req-fd832e9f-5fa4-4208-b3f2-a922a12756a5 req-fd832e9f-5fa4-4208-b3f2-a922a12756a5 ] Request (InstanceActionsTestJSON:setUpClass): 201 POST http://10.180.1.21/identity/v3/auth/tokens 0.037s
2025-12-12 09:52:53.747 66706 INFO tempest.lib.common.rest_client [req-8dacf228-68e0-4cae-b50b-d951b041df11 req-8dacf228-68e0-4cae-b50b-d951b041df11 ] Request (HostsAdminNegativeTestJSON:test_startup_host_with_non_admin_user): 403 GET http://10.180.1.21/compute/v2.1/os-hosts/devstack/startup 5.025s
2025-12-12 09:52:53.751 66734 INFO tempest.common.waiters [-] State transition "BUILD/networking" ==> "BUILD/spawning" after 13 second wait
2025-12-12 09:52:53.778 66718 INFO tempest.lib.common.rest_client [req-cf54eabf-3ed7-4df6-a56a-df736f34ed51 req-cf54eabf-3ed7-4df6-a56a-df736f34ed51 ] Request (InstanceActionsTestJSON:setUpClass): 200 GET http://10.180.1.21/identity/v3/domains?name=Default 0.036s
2025-12-12 09:52:53.832 66718 INFO tempest.lib.common.rest_client [req-fdbb204c-fe38-4ad0-a06e-2d0abdcdf003 req-fdbb204c-fe38-4ad0-a06e-2d0abdcdf003 ] Request (InstanceActionsTestJSON:setUpClass): 201 POST http://10.180.1.21/identity/v3/projects 0.051s
2025-12-12 09:52:53.907 66718 INFO tempest.lib.common.rest_client [req-fd60580b-e3b8-4101-996b-12aa4604e6c5 req-fd60580b-e3b8-4101-996b-12aa4604e6c5 ] Request (InstanceActionsTestJSON:setUpClass): 201 POST http://10.180.1.21/identity/v3/users 0.074s
2025-12-12 09:52:53.933 66718 INFO tempest.lib.common.rest_client [req-cd823a09-de64-4a0e-957e-d3c1c332acdc req-cd823a09-de64-4a0e-957e-d3c1c332acdc ] Request (InstanceActionsTestJSON:setUpClass): 200 GET http://10.180.1.21/identity/v3/roles 0.026s
2025-12-12 09:52:53.966 66718 INFO tempest.lib.common.rest_client [req-186d30a9-b702-41f6-9b88-546ad29b163b req-186d30a9-b702-41f6-9b88-546ad29b163b ] Request (InstanceActionsTestJSON:setUpClass): 204 PUT http://10.180.1.21/identity/v3/projects/de8b943dfb084fa79fb7ef625edaf48c/users/15ddd4b3fc5d4de09a0bc7e84d8d8502/roles/2b368930e8a240e79564e72d66e827b0 0.033s
2025-12-12 09:52:53.967 66718 INFO tempest.lib.common.dynamic_creds [-] Dynamic test user 15ddd4b3fc5d4de09a0bc7e84d8d8502 is created with scope project and roles: ['member']
2025-12-12 09:52:53.967 66718 INFO tempest.lib.common.dynamic_creds [-] Acquired dynamic creds: credentials: Credentials: {'domain_id': 'default', 'domain_name': 'Default', 'username': 'tempest-InstanceActionsTestJSON-1035866695-project-member', 'project_domain_id': 'default', 'project_domain_name': 'Default', 'project_id': 'de8b943dfb084fa79fb7ef625edaf48c', 'project_name': 'tempest-InstanceActionsTestJSON-1035866695', 'tenant_id': 'de8b943dfb084fa79fb7ef625edaf48c', 'tenant_name': 'tempest-InstanceActionsTestJSON-1035866695', 'user_domain_id': 'default', 'user_domain_name': 'Default', 'user_id': '15ddd4b3fc5d4de09a0bc7e84d8d8502', 'system': None}, Network: None, Subnet: None, Router: None
2025-12-12 09:52:54.038 66718 INFO tempest.lib.common.rest_client [req-00117690-752b-473c-b1ed-63c9b4e9e13a req-00117690-752b-473c-b1ed-63c9b4e9e13a ] Request (InstanceActionsTestJSON:setUpClass): 201 POST http://10.180.1.21/identity/v3/auth/tokens 0.071s
2025-12-12 09:52:54.184 66678 INFO tempest.lib.common.rest_client [req-e7ee7e1f-3b31-4c10-9e4c-857398577487 req-e7ee7e1f-3b31-4c10-9e4c-857398577487 ] Request (SecurityGroupRulesNegativeTestJSON:test_create_security_group_rule_with_invalid_to_port): 400 POST http://10.180.1.21/compute/v2.1/os-security-group-rules 5.471s
2025-12-12 09:52:54.218 66700 INFO tempest.lib.common.rest_client [req-e1940151-0611-43a8-97ea-55a1e548bb4e req-e1940151-0611-43a8-97ea-55a1e548bb4e ] Request (ServersAaction247Test:tearDownClass): 200 GET http://10.180.1.21/compute/v2.1/servers/bae8380d-2bfa-4b67-b333-4021db9e866e 5.211s
2025-12-12 09:52:54.246 66724 INFO tempest.lib.common.rest_client [req-faa3074d-013a-4bb2-8745-c34dc5d70790 req-faa3074d-013a-4bb2-8745-c34dc5d70790 ] Request (ListImageFiltersTestJSON:setUpClass): 200 GET http://10.180.1.21/compute/v2.1/images/c1b486ff-7017-48ac-bcbc-636d4cc1cbdc 4.888s
2025-12-12 09:52:54.254 66710 INFO tempest.lib.common.rest_client [req-43dd7518-7743-4f4d-8aef-ced29b4d8c6f req-43dd7518-7743-4f4d-8aef-ced29b4d8c6f ] Request (TenantUsagesTestJSON:tearDownClass): 404 GET http://10.180.1.21/compute/v2.1/servers/bd321dd4-e4bd-4ec6-9e32-323d676759f0 4.058s
2025-12-12 09:52:54.340 66710 INFO tempest.lib.common.rest_client [req-497da3b8-5677-4911-a979-5d77ecb7b9b6 req-497da3b8-5677-4911-a979-5d77ecb7b9b6 ] Request (TenantUsagesTestJSON:tearDownClass): 204 DELETE http://10.180.1.21/identity/v3/users/f4de563a956345f48b7c6245fa1741c9 0.085s
2025-12-12 09:52:54.391 66720 INFO tempest.lib.common.rest_client [req-258fe55b-e535-4ad3-8bbc-593b3cd76e7b req-258fe55b-e535-4ad3-8bbc-593b3cd76e7b ] Request (InstanceActionsNegativeTestJSON:setUpClass): 201 POST http://10.180.1.21/networking/v2.0/routers 1.147s
2025-12-12 09:52:54.447 66710 INFO tempest.lib.common.rest_client [req-f6810028-fece-465c-b8fc-5da50da2c126 req-f6810028-fece-465c-b8fc-5da50da2c126 ] Request (TenantUsagesTestJSON:tearDownClass): 204 DELETE http://10.180.1.21/identity/v3/users/7625a5d88d5d433d860d288893c3eb6d 0.107s
2025-12-12 09:52:54.448 66710 INFO tempest.lib.common.dynamic_creds [-] Deleting project and security group for project: 1f55d979f5834e669920f58f217c88c5
2025-12-12 09:52:54.523 66710 INFO tempest.lib.common.rest_client [req-7d113e05-9ce6-477f-8f77-d6bf630ecb43 req-7d113e05-9ce6-477f-8f77-d6bf630ecb43 ] Request (TenantUsagesTestJSON:tearDownClass): 201 POST http://10.180.1.21/identity/v3/auth/tokens 0.075s
2025-12-12 09:52:54.545 66718 INFO tempest.lib.common.rest_client [req-1345eb91-c556-437a-9f54-90cbfb95ec2c req-1345eb91-c556-437a-9f54-90cbfb95ec2c ] Request (InstanceActionsTestJSON:setUpClass): 201 POST http://10.180.1.21/networking/v2.0/networks 0.506s
2025-12-12 09:52:54.972 66708 WARNING tempest.lib.common.ssh [-] Failed to establish authenticated ssh connection to cirros@10.180.180.228 ([Errno None] Unable to connect to port 22 on 10.180.180.228). Number attempts: 1. Retry after 2 seconds.: paramiko.ssh_exception.NoValidConnectionsError: [Errno None] Unable to connect to port 22 on 10.180.180.228
2025-12-12 09:52:55.570 66720 INFO tempest.lib.common.rest_client [req-0ae744e7-b4dc-45f8-af74-83ab41c0ef47 req-0ae744e7-b4dc-45f8-af74-83ab41c0ef47 ] Request (InstanceActionsNegativeTestJSON:setUpClass): 200 PUT http://10.180.1.21/networking/v2.0/routers/2dd3fd6a-777c-4e7b-a951-9f22fc6508ec/add_router_interface 1.178s
2025-12-12 09:52:55.570 66720 INFO tempest.lib.common.dynamic_creds [-] Created isolated network resources for: credentials: Credentials: {'domain_id': 'default', 'domain_name': 'Default', 'username': 'tempest-InstanceActionsNegativeTestJSON-1038048842-project-member', 'project_domain_id': 'default', 'project_domain_name': 'Default', 'project_id': 'a496993ec420407c90caad03863b2b34', 'project_name': 'tempest-InstanceActionsNegativeTestJSON-1038048842', 'tenant_id': 'a496993ec420407c90caad03863b2b34', 'tenant_name': 'tempest-InstanceActionsNegativeTestJSON-1038048842', 'user_domain_id': 'default', 'user_domain_name': 'Default', 'user_id': 'e032adbf19604e1ca3ece1f1ad937490', 'system': None}, Network: {'id': 'b834834d-74cd-4e80-983a-ec18f96b7d79', 'name': 'tempest-InstanceActionsNegativeTestJSON-2048884611-network', 'tenant_id': 'a496993ec420407c90caad03863b2b34', 'project_id': 'a496993ec420407c90caad03863b2b34', 'admin_state_up': True, 'mtu': 8950, 'status': 'ACTIVE', 'subnets': [], 'shared': False, 'port_security_enabled': True, 'router:external': False, 'provider:network_type': 'vlan', 'provider:physical_network': 'default', 'provider:segmentation_id': 9, 'availability_zone_hints': [], 'availability_zones': [], 'ipv4_address_scope': None, 'ipv6_address_scope': None, 'description': '', 'tags': [], 'created_at': '2025-12-12T09:52:52Z', 'updated_at': '2025-12-12T09:52:52Z', 'revision_number': 1}, Subnet: {'id': '011e0c56-bb7b-468f-9940-9f0e38c416db', 'name': 'tempest-InstanceActionsNegativeTestJSON-2048884611-subnet', 'tenant_id': 'a496993ec420407c90caad03863b2b34', 'network_id': 'b834834d-74cd-4e80-983a-ec18f96b7d79', 'ip_version': 4, 'subnetpool_id': None, 'enable_dhcp': True, 'ipv6_ra_mode': None, 'ipv6_address_mode': None, 'gateway_ip': '192.168.128.1', 'cidr': '192.168.128.0/28', 'allocation_pools': [{'start': '192.168.128.2', 'end': '192.168.128.14'}], 'host_routes': [], 'dns_nameservers': [], 'description': '', 'router:external': False, 'service_types': [], 'tags': [], 'created_at': '2025-12-12T09:52:53Z', 'updated_at': '2025-12-12T09:52:53Z', 'revision_number': 0, 'project_id': 'a496993ec420407c90caad03863b2b34'}, Router: {'id': '2dd3fd6a-777c-4e7b-a951-9f22fc6508ec', 'name': 'tempest-InstanceActionsNegativeTestJSON-2048884611-router', 'tenant_id': 'a496993ec420407c90caad03863b2b34', 'admin_state_up': True, 'status': 'ACTIVE', 'external_gateway_info': {'network_id': 'e55ab1d3-464e-4059-879f-5ecee34114f8', 'external_fixed_ips': [{'subnet_id': '1222f36e-59bc-4fd7-adef-c08583a6c419', 'ip_address': '10.180.180.241'}], 'enable_snat': True}, 'description': '', 'availability_zones': [], 'distributed': False, 'ha': False, 'availability_zone_hints': [], 'routes': [], 'flavor_id': None, 'tags': [], 'created_at': '2025-12-12T09:52:53Z', 'updated_at': '2025-12-12T09:52:53Z', 'revision_number': 2, 'project_id': 'a496993ec420407c90caad03863b2b34'}
2025-12-12 09:52:55.669 66720 INFO tempest.lib.common.rest_client [req-b5059529-8586-476e-8520-cd153e092d4b req-b5059529-8586-476e-8520-cd153e092d4b ] Request (InstanceActionsNegativeTestJSON:setUpClass): 201 POST http://10.180.1.21/identity/v3/auth/tokens 0.094s
2025-12-12 09:52:55.685 66710 INFO tempest.lib.common.rest_client [req-77a84908-e7a4-4e6f-8665-5f6db576624e req-77a84908-e7a4-4e6f-8665-5f6db576624e ] Request (TenantUsagesTestJSON:tearDownClass): 200 GET http://10.180.1.21/networking/v2.0/security-groups?tenant_id=1f55d979f5834e669920f58f217c88c5&name=default 1.162s
2025-12-12 09:52:55.702 66720 INFO tempest.lib.common.rest_client [req-8fc0d9da-7c8a-4044-84dc-c65715021208 req-8fc0d9da-7c8a-4044-84dc-c65715021208 ] Request (InstanceActionsNegativeTestJSON:setUpClass): 201 POST http://10.180.1.21/identity/v3/auth/tokens 0.027s
2025-12-12 09:52:55.703 66720 INFO tempest.lib.common.fixed_network [-] (InstanceActionsNegativeTestJSON:setUpClass) Found network {'id': 'b834834d-74cd-4e80-983a-ec18f96b7d79', 'name': 'tempest-InstanceActionsNegativeTestJSON-2048884611-network', 'tenant_id': 'a496993ec420407c90caad03863b2b34', 'project_id': 'a496993ec420407c90caad03863b2b34', 'admin_state_up': True, 'mtu': 8950, 'status': 'ACTIVE', 'subnets': [], 'shared': False, 'port_security_enabled': True, 'router:external': False, 'provider:network_type': 'vlan', 'provider:physical_network': 'default', 'provider:segmentation_id': 9, 'availability_zone_hints': [], 'availability_zones': [], 'ipv4_address_scope': None, 'ipv6_address_scope': None, 'description': '', 'tags': [], 'created_at': '2025-12-12T09:52:52Z', 'updated_at': '2025-12-12T09:52:52Z', 'revision_number': 1} available for tenant
2025-12-12 09:52:55.834 66718 INFO tempest.lib.common.rest_client [req-e406dfad-154f-40be-a184-6f145371bc81 req-e406dfad-154f-40be-a184-6f145371bc81 ] Request (InstanceActionsTestJSON:setUpClass): 201 POST http://10.180.1.21/networking/v2.0/subnets 1.289s
2025-12-12 09:52:55.911 66684 WARNING tempest.lib.common.ssh [-] Failed to establish authenticated ssh connection to cirros@10.180.180.162 ([Errno None] Unable to connect to port 22 on 10.180.180.162). Number attempts: 3. Retry after 4 seconds.: paramiko.ssh_exception.NoValidConnectionsError: [Errno None] Unable to connect to port 22 on 10.180.180.162
2025-12-12 09:52:55.947 66696 INFO tempest.lib.common.rest_client [req-1673acda-9879-4c43-8ea8-7df6ed6fc01f req-1673acda-9879-4c43-8ea8-7df6ed6fc01f ] Request (ServersAdminNegativeTestJSON:setUpClass): 200 GET http://10.180.1.21/compute/v2.1/servers/1137c6c2-9f76-4a9c-ab1e-6f0331914394 4.342s
2025-12-12 09:52:55.959 66696 INFO tempest.common.waiters [-] State transition "BUILD/None" ==> "BUILD/spawning" after 15 second wait
2025-12-12 09:52:56.093 66710 INFO tempest.lib.common.rest_client [req-89bd0f58-522e-4e82-a1df-94b2747fe6a4 req-89bd0f58-522e-4e82-a1df-94b2747fe6a4 ] Request (TenantUsagesTestJSON:tearDownClass): 204 DELETE http://10.180.1.21/networking/v2.0/security-groups/dd957962-f2c3-4025-a673-3b5601ccfa68 0.407s
2025-12-12 09:52:56.166 66698 INFO tempest.lib.common.rest_client [req-ed929d7e-76ed-4d43-b819-fc6f90248f9c req-ed929d7e-76ed-4d43-b819-fc6f90248f9c ] Request (ServerActionsV293TestJSON:setUpClass): 201 POST http://10.180.1.21/compute/v2.1/os-keypairs 4.385s
2025-12-12 09:52:56.219 66710 INFO tempest.lib.common.rest_client [req-fcf84310-f895-4e85-a265-92702703dca7 req-fcf84310-f895-4e85-a265-92702703dca7 ] Request (TenantUsagesTestJSON:tearDownClass): 204 DELETE http://10.180.1.21/identity/v3/projects/1f55d979f5834e669920f58f217c88c5 0.126s
2025-12-12 09:52:56.220 66710 INFO tempest.lib.common.dynamic_creds [-] Deleting project and security group for project: 89d943bca5c04462822442ce7cfbf96b
2025-12-12 09:52:56.364 66698 INFO tempest.lib.common.rest_client [req-6ba027ab-df19-45c4-9e2f-9ec1e41891f5 req-6ba027ab-df19-45c4-9e2f-9ec1e41891f5 ] Request (ServerActionsV293TestJSON:setUpClass): 201 POST http://10.180.1.21/networking/v2.0/security-groups 0.196s
2025-12-12 09:52:56.666 66710 INFO tempest.lib.common.rest_client [req-77c849d8-2bcb-4721-a6c9-8f6f5b694885 req-77c849d8-2bcb-4721-a6c9-8f6f5b694885 ] Request (TenantUsagesTestJSON:tearDownClass): 200 GET http://10.180.1.21/networking/v2.0/security-groups?tenant_id=89d943bca5c04462822442ce7cfbf96b&name=default 0.446s
2025-12-12 09:52:56.827 66718 INFO tempest.lib.common.rest_client [req-ab7c4c15-b887-497b-b730-09cd082c024d req-ab7c4c15-b887-497b-b730-09cd082c024d ] Request (InstanceActionsTestJSON:setUpClass): 201 POST http://10.180.1.21/networking/v2.0/routers 0.992s
2025-12-12 09:52:56.867 66698 INFO tempest.lib.common.rest_client [req-589306a9-5857-4a7a-a3c0-6dfa789d00b6 req-589306a9-5857-4a7a-a3c0-6dfa789d00b6 ] Request (ServerActionsV293TestJSON:setUpClass): 201 POST http://10.180.1.21/networking/v2.0/security-group-rules 0.502s
2025-12-12 09:52:56.952 66694 INFO tempest.lib.common.rest_client [req-c899a1f6-dbb8-4e34-b6cb-e7df0459d931 req-c899a1f6-dbb8-4e34-b6cb-e7df0459d931 ] Request (DeleteServersAdminTestJSON:test_delete_server_while_in_error_state): 200 GET http://10.180.1.21/compute/v2.1/servers/8d25d8aa-3ce8-4a97-ada3-0ff5b4495012 4.839s
2025-12-12 09:52:56.965 66694 INFO tempest.common.waiters [-] State transition "BUILD/None" ==> "BUILD/spawning" after 16 second wait
2025-12-12 09:52:56.970 66691 INFO tempest.lib.common.rest_client [req-336c0a95-7dad-42af-a3cc-4b0c5c8185a0 req-336c0a95-7dad-42af-a3cc-4b0c5c8185a0 ] Request (FlavorsV2TestJSON:test_list_flavors_detailed_filter_by_min_ram): 200 GET http://10.180.1.21/compute/v2.1/flavors/42 4.574s
2025-12-12 09:52:57.013 66710 INFO tempest.lib.common.rest_client [req-b51c3a7a-cc24-4971-a55d-2d9df7f7bf99 req-b51c3a7a-cc24-4971-a55d-2d9df7f7bf99 ] Request (TenantUsagesTestJSON:tearDownClass): 204 DELETE http://10.180.1.21/networking/v2.0/security-groups/1fcfe587-7e1e-46ea-affb-c5a2be2ac1f0 0.346s
2025-12-12 09:52:57.116 66698 INFO tempest.lib.common.rest_client [req-f094386f-d4ce-4542-b4c5-88f5fafb0908 req-f094386f-d4ce-4542-b4c5-88f5fafb0908 ] Request (ServerActionsV293TestJSON:setUpClass): 201 POST http://10.180.1.21/networking/v2.0/security-group-rules 0.249s
2025-12-12 09:52:57.177 66710 INFO tempest.lib.common.rest_client [req-f76d73a6-1994-42bc-8472-7f15694f86c6 req-f76d73a6-1994-42bc-8472-7f15694f86c6 ] Request (TenantUsagesTestJSON:tearDownClass): 204 DELETE http://10.180.1.21/identity/v3/projects/89d943bca5c04462822442ce7cfbf96b 0.163s
2025-12-12 09:52:57.283 66710 INFO tempest.lib.common.rest_client [req-5de1e890-c09c-4480-b4dd-233a3601f039 req-5de1e890-c09c-4480-b4dd-233a3601f039 ] Request (FloatingIPDetailsTestJSON:setUpClass): 201 POST http://10.180.1.21/identity/v3/auth/tokens 0.104s
2025-12-12 09:52:57.332 66710 INFO tempest.lib.common.rest_client [req-6397200f-5924-4829-b339-ea55d5024e9a req-6397200f-5924-4829-b339-ea55d5024e9a ] Request (FloatingIPDetailsTestJSON:setUpClass): 201 POST http://10.180.1.21/identity/v3/auth/tokens 0.047s
2025-12-12 09:52:57.375 66710 INFO tempest.lib.common.rest_client [req-2c2d1cbc-efcb-4fe9-aaed-7cce004a286a req-2c2d1cbc-efcb-4fe9-aaed-7cce004a286a ] Request (FloatingIPDetailsTestJSON:setUpClass): 200 GET http://10.180.1.21/identity/v3/domains?name=Default 0.042s
2025-12-12 09:52:57.410 66712 INFO tempest.lib.common.rest_client [req-e6a80c4e-0894-4083-85e6-bb861046b036 req-e6a80c4e-0894-4083-85e6-bb861046b036 ] Request (FloatingIPsTestJSON:test_delete_floating_ip): 202 DELETE http://10.180.1.21/compute/v2.1/os-floating-ips/da4e8f1e-146f-4639-a2e6-d61a455e6233 6.834s
2025-12-12 09:52:57.420 66710 INFO tempest.lib.common.rest_client [req-e015260e-059c-4f74-b737-75939a6fc44d req-e015260e-059c-4f74-b737-75939a6fc44d ] Request (FloatingIPDetailsTestJSON:setUpClass): 201 POST http://10.180.1.21/identity/v3/projects 0.045s
2025-12-12 09:52:57.434 66680 INFO tempest.lib.common.rest_client [req-0b75c781-4511-43b6-8df8-7189ea014941 req-0b75c781-4511-43b6-8df8-7189ea014941 ] Request (AggregatesAdminNegativeTestJSON:_run_cleanups): 200 DELETE http://10.180.1.21/compute/v2.1/os-aggregates/5 4.907s
2025-12-12 09:52:57.463 66692 INFO tempest.lib.common.rest_client [req-b746f7b7-f6a8-4090-a15f-83da5cbef116 req-b746f7b7-f6a8-4090-a15f-83da5cbef116 ] Request (FlavorsAdminTestJSON:_run_cleanups): 200 GET http://10.180.1.21/compute/v2.1/flavors/detail 4.921s
2025-12-12 09:52:57.476 66708 WARNING tempest.lib.common.ssh [-] Failed to establish authenticated ssh connection to cirros@10.180.180.228 ([Errno None] Unable to connect to port 22 on 10.180.180.228). Number attempts: 2. Retry after 3 seconds.: paramiko.ssh_exception.NoValidConnectionsError: [Errno None] Unable to connect to port 22 on 10.180.180.228
2025-12-12 09:52:57.481 66682 INFO tempest.lib.common.rest_client [req-373a03bd-2afd-49b0-8734-3f47a4a7cd14 req-373a03bd-2afd-49b0-8734-3f47a4a7cd14 ] Request (FlavorsAccessNegativeTestJSON:test_remove_flavor_access_not_found): 200 POST http://10.180.1.21/compute/v2.1/flavors 4.908s
2025-12-12 09:52:57.507 66710 INFO tempest.lib.common.rest_client [req-a7f7b197-b3f6-44f5-80e1-a47cc0bb8526 req-a7f7b197-b3f6-44f5-80e1-a47cc0bb8526 ] Request (FloatingIPDetailsTestJSON:setUpClass): 201 POST http://10.180.1.21/identity/v3/users 0.087s
2025-12-12 09:52:57.529 66710 INFO tempest.lib.common.rest_client [req-82c02b53-da72-418a-a57d-6cc8450c7bdb req-82c02b53-da72-418a-a57d-6cc8450c7bdb ] Request (FloatingIPDetailsTestJSON:setUpClass): 200 GET http://10.180.1.21/identity/v3/roles 0.022s
2025-12-12 09:52:57.560 66710 INFO tempest.lib.common.rest_client [req-2cb207b0-34dc-4291-931a-76d6769c2a64 req-2cb207b0-34dc-4291-931a-76d6769c2a64 ] Request (FloatingIPDetailsTestJSON:setUpClass): 204 PUT http://10.180.1.21/identity/v3/projects/2148196c4e474ff0bf277fb69dc8f59d/users/c1fc962ab5904e37807347d4cb64c341/roles/2b368930e8a240e79564e72d66e827b0 0.030s
2025-12-12 09:52:57.560 66710 INFO tempest.lib.common.dynamic_creds [-] Dynamic test user c1fc962ab5904e37807347d4cb64c341 is created with scope project and roles: ['member']
2025-12-12 09:52:57.560 66710 INFO tempest.lib.common.dynamic_creds [-] Acquired dynamic creds: credentials: Credentials: {'domain_id': 'default', 'domain_name': 'Default', 'username': 'tempest-FloatingIPDetailsTestJSON-784182832-project-member', 'project_domain_id': 'default', 'project_domain_name': 'Default', 'project_id': '2148196c4e474ff0bf277fb69dc8f59d', 'project_name': 'tempest-FloatingIPDetailsTestJSON-784182832', 'tenant_id': '2148196c4e474ff0bf277fb69dc8f59d', 'tenant_name': 'tempest-FloatingIPDetailsTestJSON-784182832', 'user_domain_id': 'default', 'user_domain_name': 'Default', 'user_id': 'c1fc962ab5904e37807347d4cb64c341', 'system': None}, Network: None, Subnet: None, Router: None
2025-12-12 09:52:57.560 66674 INFO tempest.lib.common.rest_client [req-ad8b3e17-553c-4e30-998f-06e1ce2feb7f req-ad8b3e17-553c-4e30-998f-06e1ce2feb7f ] Request (ServerExternalEventsTest:test_create_server_external_events): 200 GET http://10.180.1.21/compute/v2.1/servers/e46152c4-6679-45e7-95d0-1e9b07f025ef 5.109s
2025-12-12 09:52:57.637 66710 INFO tempest.lib.common.rest_client [req-be1a35d3-accc-474c-ba7e-f05852510ca3 req-be1a35d3-accc-474c-ba7e-f05852510ca3 ] Request (FloatingIPDetailsTestJSON:setUpClass): 201 POST http://10.180.1.21/identity/v3/auth/tokens 0.077s
2025-12-12 09:52:57.689 66732 INFO tempest.lib.common.rest_client [req-67a9d228-ef17-409d-bd3b-d434efa5b0fc req-67a9d228-ef17-409d-bd3b-d434efa5b0fc ] Request (QuotasAdminTestV257:test_get_updated_quotas): 200 GET http://10.180.1.21/compute/v2.1/os-quota-sets/11364997a1a943079232a4f588848289/detail 5.112s
2025-12-12 09:52:57.713 66704 INFO tempest.lib.common.rest_client [req-06c88592-c75e-4dad-89bb-a29b4e72b3e5 req-06c88592-c75e-4dad-89bb-a29b4e72b3e5 ] Request (ServicesAdminNegativeV253TestJSON:test_disable_service_with_invalid_service_id): 404 PUT http://10.180.1.21/compute/v2.1/os-services/a2947ce4-c404-43ad-bde6-63883149cb39 5.002s
2025-12-12 09:52:57.718 66732 INFO tempest.lib.common.rest_client [req-d60bed33-6e10-41e7-920a-0c4986fe846e req-d60bed33-6e10-41e7-920a-0c4986fe846e ] Request (QuotasAdminTestV257:test_get_updated_quotas): 200 GET http://10.180.1.21/identity/v3/domains?name=Default 0.025s
2025-12-12 09:52:57.756 66732 INFO tempest.lib.common.rest_client [req-ab7cd398-1bae-48a8-a231-c021ea2864e2 req-ab7cd398-1bae-48a8-a231-c021ea2864e2 ] Request (QuotasAdminTestV257:test_get_updated_quotas): 201 POST http://10.180.1.21/identity/v3/users 0.037s
2025-12-12 09:52:57.782 66732 INFO tempest.lib.common.rest_client [req-2e79d1aa-224b-472b-952c-babb67dd9f42 req-2e79d1aa-224b-472b-952c-babb67dd9f42 ] Request (QuotasAdminTestV257:test_get_updated_quotas): 200 GET http://10.180.1.21/identity/v3/domains?name=Default 0.025s
2025-12-12 09:52:57.969 66718 INFO tempest.lib.common.rest_client [req-252e4f30-9dd4-4d25-b1a3-4ee7363c7252 req-252e4f30-9dd4-4d25-b1a3-4ee7363c7252 ] Request (InstanceActionsTestJSON:setUpClass): 200 PUT http://10.180.1.21/networking/v2.0/routers/e2ec81f8-0b7c-4e8a-a38e-0e51cf472463/add_router_interface 1.140s
2025-12-12 09:52:57.969 66718 INFO tempest.lib.common.dynamic_creds [-] Created isolated network resources for: credentials: Credentials: {'domain_id': 'default', 'domain_name': 'Default', 'username': 'tempest-InstanceActionsTestJSON-1035866695-project-member', 'project_domain_id': 'default', 'project_domain_name': 'Default', 'project_id': 'de8b943dfb084fa79fb7ef625edaf48c', 'project_name': 'tempest-InstanceActionsTestJSON-1035866695', 'tenant_id': 'de8b943dfb084fa79fb7ef625edaf48c', 'tenant_name': 'tempest-InstanceActionsTestJSON-1035866695', 'user_domain_id': 'default', 'user_domain_name': 'Default', 'user_id': '15ddd4b3fc5d4de09a0bc7e84d8d8502', 'system': None}, Network: {'id': '01f7ae41-f658-49ef-a4af-d3c8fac65625', 'name': 'tempest-InstanceActionsTestJSON-872608077-network', 'tenant_id': 'de8b943dfb084fa79fb7ef625edaf48c', 'project_id': 'de8b943dfb084fa79fb7ef625edaf48c', 'admin_state_up': True, 'mtu': 8950, 'status': 'ACTIVE', 'subnets': [], 'shared': False, 'port_security_enabled': True, 'router:external': False, 'provider:network_type': 'vlan', 'provider:physical_network': 'default', 'provider:segmentation_id': 111, 'availability_zone_hints': [], 'availability_zones': [], 'ipv4_address_scope': None, 'ipv6_address_scope': None, 'description': '', 'tags': [], 'created_at': '2025-12-12T09:52:54Z', 'updated_at': '2025-12-12T09:52:54Z', 'revision_number': 1}, Subnet: {'id': 'ce49030c-9dda-4f46-9acb-c59532f0b75e', 'name': 'tempest-InstanceActionsTestJSON-872608077-subnet', 'tenant_id': 'de8b943dfb084fa79fb7ef625edaf48c', 'network_id': '01f7ae41-f658-49ef-a4af-d3c8fac65625', 'ip_version': 4, 'subnetpool_id': None, 'enable_dhcp': True, 'ipv6_ra_mode': None, 'ipv6_address_mode': None, 'gateway_ip': '192.168.128.1', 'cidr': '192.168.128.0/28', 'allocation_pools': [{'start': '192.168.128.2', 'end': '192.168.128.14'}], 'host_routes': [], 'dns_nameservers': [], 'description': '', 'router:external': False, 'service_types': [], 'tags': [], 'created_at': '2025-12-12T09:52:55Z', 'updated_at': '2025-12-12T09:52:55Z', 'revision_number': 0, 'project_id': 'de8b943dfb084fa79fb7ef625edaf48c'}, Router: {'id': 'e2ec81f8-0b7c-4e8a-a38e-0e51cf472463', 'name': 'tempest-InstanceActionsTestJSON-872608077-router', 'tenant_id': 'de8b943dfb084fa79fb7ef625edaf48c', 'admin_state_up': True, 'status': 'ACTIVE', 'external_gateway_info': {'network_id': 'e55ab1d3-464e-4059-879f-5ecee34114f8', 'external_fixed_ips': [{'subnet_id': '1222f36e-59bc-4fd7-adef-c08583a6c419', 'ip_address': '10.180.180.177'}], 'enable_snat': True}, 'description': '', 'availability_zones': [], 'distributed': False, 'ha': False, 'availability_zone_hints': [], 'routes': [], 'flavor_id': None, 'tags': [], 'created_at': '2025-12-12T09:52:56Z', 'updated_at': '2025-12-12T09:52:56Z', 'revision_number': 2, 'project_id': 'de8b943dfb084fa79fb7ef625edaf48c'}
2025-12-12 09:52:58.018 66698 INFO tempest.lib.common.rest_client [req-0f9f6842-956f-492b-8885-7d4f70a3a3bb req-0f9f6842-956f-492b-8885-7d4f70a3a3bb ] Request (ServerActionsV293TestJSON:setUpClass): 201 POST http://10.180.1.21/networking/v2.0/floatingips 0.902s
2025-12-12 09:52:58.070 66718 INFO tempest.lib.common.rest_client [req-b3f7c66d-5942-479b-a729-974bb2b88a38 req-b3f7c66d-5942-479b-a729-974bb2b88a38 ] Request (InstanceActionsTestJSON:setUpClass): 201 POST http://10.180.1.21/identity/v3/auth/tokens 0.091s
2025-12-12 09:52:58.104 66698 INFO tempest.lib.common.rest_client [req-f83c4e8c-4d07-4c7d-9cfa-5766986bf40c req-f83c4e8c-4d07-4c7d-9cfa-5766986bf40c ] Request (ServerActionsV293TestJSON:setUpClass): 201 POST http://10.180.1.21/identity/v3/auth/tokens 0.081s
2025-12-12 09:52:58.104 66698 INFO tempest.lib.common.fixed_network [-] (ServerActionsV293TestJSON:setUpClass) Found network {'id': 'd199d145-7be5-48b3-a907-f15b2d1a461f', 'name': 'tempest-ServerActionsV293TestJSON-767031426-network', 'tenant_id': '686a67cc98c34b30b8eefba516ae3ce8', 'project_id': '686a67cc98c34b30b8eefba516ae3ce8', 'admin_state_up': True, 'mtu': 8950, 'status': 'ACTIVE', 'subnets': [], 'shared': False, 'port_security_enabled': True, 'router:external': False, 'provider:network_type': 'vlan', 'provider:physical_network': 'default', 'provider:segmentation_id': 995, 'availability_zone_hints': [], 'availability_zones': [], 'ipv4_address_scope': None, 'ipv6_address_scope': None, 'description': '', 'tags': [], 'created_at': '2025-12-12T09:52:48Z', 'updated_at': '2025-12-12T09:52:48Z', 'revision_number': 1} available for tenant
2025-12-12 09:52:58.112 66736 INFO tempest.lib.common.rest_client [req-c1a50fb0-816f-4b71-8df9-a54a12ed9421 req-c1a50fb0-816f-4b71-8df9-a54a12ed9421 ] Request (ServerAddressesNegativeTestJSON:setUpClass): 200 GET http://10.180.1.21/compute/v2.1/servers/a53ef5be-9e8b-4d49-bc2a-98d2c0520fca 5.199s
2025-12-12 09:52:58.147 66718 INFO tempest.lib.common.rest_client [req-53e56c7e-9608-4c14-bc92-50533032eca5 req-53e56c7e-9608-4c14-bc92-50533032eca5 ] Request (InstanceActionsTestJSON:setUpClass): 201 POST http://10.180.1.21/identity/v3/auth/tokens 0.072s
2025-12-12 09:52:58.147 66718 INFO tempest.lib.common.fixed_network [-] (InstanceActionsTestJSON:setUpClass) Found network {'id': '01f7ae41-f658-49ef-a4af-d3c8fac65625', 'name': 'tempest-InstanceActionsTestJSON-872608077-network', 'tenant_id': 'de8b943dfb084fa79fb7ef625edaf48c', 'project_id': 'de8b943dfb084fa79fb7ef625edaf48c', 'admin_state_up': True, 'mtu': 8950, 'status': 'ACTIVE', 'subnets': [], 'shared': False, 'port_security_enabled': True, 'router:external': False, 'provider:network_type': 'vlan', 'provider:physical_network': 'default', 'provider:segmentation_id': 111, 'availability_zone_hints': [], 'availability_zones': [], 'ipv4_address_scope': None, 'ipv6_address_scope': None, 'description': '', 'tags': [], 'created_at': '2025-12-12T09:52:54Z', 'updated_at': '2025-12-12T09:52:54Z', 'revision_number': 1} available for tenant
2025-12-12 09:52:58.308 66688 INFO tempest.lib.common.rest_client [req-37b23660-9bb8-4f44-803d-1875f65f1c33 req-37b23660-9bb8-4f44-803d-1875f65f1c33 ] Request (FloatingIPsAssociationTestJSON:test_associate_already_associated_floating_ip): 200 GET http://10.180.1.21/compute/v2.1/servers/3b8a758e-4652-449e-97a8-231bdb3fe123 5.690s
2025-12-12 09:52:58.318 66688 INFO tempest.common.waiters [-] State transition "BUILD/spawning" ==> "ACTIVE/None" after 20 second wait
2025-12-12 09:52:58.419 66710 INFO tempest.lib.common.rest_client [req-ac0b3850-356a-42d3-a884-d531bdf92488 req-ac0b3850-356a-42d3-a884-d531bdf92488 ] Request (FloatingIPDetailsTestJSON:setUpClass): 201 POST http://10.180.1.21/networking/v2.0/networks 0.781s
2025-12-12 09:52:58.482 66714 INFO tempest.lib.common.rest_client [req-ba2bdd2a-d8d9-43eb-92fa-fcec437f33c9 req-ba2bdd2a-d8d9-43eb-92fa-fcec437f33c9 ] Request (ServerDiagnosticsNegativeTest:test_get_server_diagnostics_by_non_admin): 200 GET http://10.180.1.21/compute/v2.1/servers/7e3a7cd2-73df-4abc-b887-9e58ba46f12f 5.389s
2025-12-12 09:52:58.524 66686 INFO tempest.lib.common.rest_client [req-fb67630d-b297-45c0-9170-82519e810ec6 req-fb67630d-b297-45c0-9170-82519e810ec6 ] Request (DeleteServersTestJSON:test_delete_active_server): 200 GET http://10.180.1.21/compute/v2.1/servers/5bb32b95-cbc9-4831-bcd7-e56513784297 5.542s
2025-12-12 09:52:58.532 66686 INFO tempest.common.waiters [-] State transition "BUILD/spawning" ==> "ACTIVE/None" after 20 second wait
2025-12-12 09:52:58.534 66702 WARNING tempest.lib.common.ssh [-] Failed to establish authenticated ssh connection to cirros@10.180.180.141 ([Errno None] Unable to connect to port 22 on 10.180.180.141). Number attempts: 4. Retry after 5 seconds.: paramiko.ssh_exception.NoValidConnectionsError: [Errno None] Unable to connect to port 22 on 10.180.180.141
2025-12-12 09:52:58.667 66710 INFO tempest.lib.common.rest_client [req-80608bd0-0301-4087-a1d4-019372ab222b req-80608bd0-0301-4087-a1d4-019372ab222b ] Request (FloatingIPDetailsTestJSON:setUpClass): 201 POST http://10.180.1.21/networking/v2.0/subnets 0.247s
2025-12-12 09:52:58.682 66730 INFO tempest.lib.common.rest_client [req-abf91639-7a78-4840-8d07-c76b870d6c96 req-abf91639-7a78-4840-8d07-c76b870d6c96 ] Request (AttachInterfacesV270Test:tearDownClass): 200 GET http://10.180.1.21/compute/v2.1/servers/f34e9faf-40c3-45dc-b638-6763d77414c6 5.309s
2025-12-12 09:52:58.693 66730 INFO tempest.common.waiters [-] State transition "ACTIVE/deleting" ==> "DELETED/None" after 6 second wait
2025-12-12 09:52:58.710 66728 INFO tempest.lib.common.rest_client [req-e3097d4f-7ea0-4135-b351-2992e7506ed4 req-e3097d4f-7ea0-4135-b351-2992e7506ed4 ] Request (MigrationsAdminTest:test_list_migrations_in_flavor_resize_situation): 200 GET http://10.180.1.21/compute/v2.1/servers/6edd20f9-e271-4a92-9d09-de4f8fab8593 5.412s
2025-12-12 09:52:58.776 66716 INFO tempest.lib.common.rest_client [req-a471b60e-c076-4898-a4e3-d1583848870f req-a471b60e-c076-4898-a4e3-d1583848870f ] Request (ServerRescueTestJSON:setUpClass): 200 POST http://10.180.1.21/compute/v2.1/servers/2877c534-5bb3-4aff-9d58-fab03276ab1e/action 5.384s
2025-12-12 09:52:58.791 66706 INFO tempest.lib.common.rest_client [req-20faabba-2fef-432a-92ff-f87cb7840d8c req-20faabba-2fef-432a-92ff-f87cb7840d8c ] Request (HostsAdminNegativeTestJSON:test_startup_nonexistent_host): 404 GET http://10.180.1.21/compute/v2.1/os-hosts/nonexistent_hostname/startup 5.042s
2025-12-12 09:52:58.813 66722 INFO tempest.lib.common.rest_client [req-741a8821-3e0d-4e3d-8640-4295c17bea2e req-741a8821-3e0d-4e3d-8640-4295c17bea2e ] Request (ServerShowV254Test:test_rebuild_server): 200 GET http://10.180.1.21/compute/v2.1/servers/a3c4d7cc-ccf8-485c-9250-d5fb013f420b 5.180s
2025-12-12 09:52:58.817 66678 INFO tempest.lib.common.rest_client [req-b904dfc4-cf3d-46ce-a6bd-fc22693ad8a1 req-b904dfc4-cf3d-46ce-a6bd-fc22693ad8a1 ] Request (SecurityGroupRulesNegativeTestJSON:test_create_security_group_rule_with_non_existent_id): 404 POST http://10.180.1.21/compute/v2.1/os-security-group-rules 4.631s
2025-12-12 09:52:58.860 66724 INFO tempest.lib.common.rest_client [req-95d5b933-de68-405a-a27b-71c81020a450 req-95d5b933-de68-405a-a27b-71c81020a450 ] Request (ListImageFiltersTestJSON:setUpClass): 200 GET http://10.180.1.21/compute/v2.1/images/c1b486ff-7017-48ac-bcbc-636d4cc1cbdc 4.604s
2025-12-12 09:52:58.863 66698 INFO tempest.lib.common.rest_client [req-8ed77f82-5783-4ad4-8c12-0f8fd94333c6 req-8ed77f82-5783-4ad4-8c12-0f8fd94333c6 ] Request (ServerActionsV293TestJSON:setUpClass): 202 POST http://10.180.1.21/volume/v3/volumes 0.757s
2025-12-12 09:52:58.917 66700 INFO tempest.lib.common.rest_client [req-2a3ae6ad-df57-4af9-9a21-b4723fb597c2 req-2a3ae6ad-df57-4af9-9a21-b4723fb597c2 ] Request (ServersAaction247Test:tearDownClass): 404 GET http://10.180.1.21/compute/v2.1/servers/bae8380d-2bfa-4b67-b333-4021db9e866e 3.686s
2025-12-12 09:52:59.035 66700 INFO tempest.lib.common.rest_client [req-526160b5-2a8d-4be9-9c5d-c7b3e041e6fe req-526160b5-2a8d-4be9-9c5d-c7b3e041e6fe ] Request (ServersAaction247Test:tearDownClass): 204 DELETE http://10.180.1.21/identity/v3/users/cc17046f078e4042b16e684228760fe6 0.116s
2025-12-12 09:52:59.035 66700 INFO tempest.lib.common.dynamic_creds [-] Deleting project and security group for project: fdeb254725214930975652fbab43fc5b
2025-12-12 09:52:59.095 66698 INFO tempest.lib.common.rest_client [req-39b1e96a-f7e2-4e06-a68c-119b5005440c req-39b1e96a-f7e2-4e06-a68c-119b5005440c ] Request (ServerActionsV293TestJSON:setUpClass): 200 GET http://10.180.1.21/volume/v3/volumes/bb7c2fa3-226b-43d0-a1c7-d2e6baebb7c6 0.220s
2025-12-12 09:52:59.143 66700 INFO tempest.lib.common.rest_client [req-26560494-9d09-4431-a11c-88df66f807e3 req-26560494-9d09-4431-a11c-88df66f807e3 ] Request (ServersAaction247Test:tearDownClass): 201 POST http://10.180.1.21/identity/v3/auth/tokens 0.108s
2025-12-12 09:52:59.480 66724 INFO tempest.lib.common.rest_client [req-0b29dcd1-b9d7-4fd6-ba08-2864277227f8 req-0b29dcd1-b9d7-4fd6-ba08-2864277227f8 ] Request (ListImageFiltersTestJSON:setUpClass): 201 POST http://10.180.1.21/image/v2/images 0.617s
2025-12-12 09:52:59.525 66734 INFO tempest.lib.common.rest_client [req-6380e729-e0f0-404f-ab3a-9b86f6feadd9 req-6380e729-e0f0-404f-ab3a-9b86f6feadd9 ] Request (ServerDiskConfigTestJSON:test_rebuild_server_with_auto_disk_config): 200 GET http://10.180.1.21/compute/v2.1/servers/9ddc9573-0b32-4bb1-80fa-ace70efa8c5b 4.773s
2025-12-12 09:52:59.661 66710 INFO tempest.lib.common.rest_client [req-d615b8b5-aa6b-4867-a512-0ef649455a8d req-d615b8b5-aa6b-4867-a512-0ef649455a8d ] Request (FloatingIPDetailsTestJSON:setUpClass): 201 POST http://10.180.1.21/networking/v2.0/routers 0.994s
2025-12-12 09:52:59.781 66700 INFO tempest.lib.common.rest_client [req-74930784-70f1-43d6-98e1-b76a64bdcebc req-74930784-70f1-43d6-98e1-b76a64bdcebc ] Request (ServersAaction247Test:tearDownClass): 200 GET http://10.180.1.21/networking/v2.0/security-groups?tenant_id=fdeb254725214930975652fbab43fc5b&name=default 0.636s
2025-12-12 09:53:00.145 66698 INFO tempest.lib.common.rest_client [req-12f061dd-1a5b-447e-80d9-61a31a008c00 req-12f061dd-1a5b-447e-80d9-61a31a008c00 ] Request (ServerActionsV293TestJSON:setUpClass): 200 GET http://10.180.1.21/volume/v3/volumes/bb7c2fa3-226b-43d0-a1c7-d2e6baebb7c6 0.035s
2025-12-12 09:53:00.418 66684 WARNING tempest.lib.common.ssh [-] Failed to establish authenticated ssh connection to cirros@10.180.180.162 ([Errno None] Unable to connect to port 22 on 10.180.180.162). Number attempts: 4. Retry after 5 seconds.: paramiko.ssh_exception.NoValidConnectionsError: [Errno None] Unable to connect to port 22 on 10.180.180.162
2025-12-12 09:53:00.751 66710 INFO tempest.lib.common.rest_client [req-9ac55932-927c-4c31-b7f5-8b0bafce005f req-9ac55932-927c-4c31-b7f5-8b0bafce005f ] Request (FloatingIPDetailsTestJSON:setUpClass): 200 PUT http://10.180.1.21/networking/v2.0/routers/e49f24d6-512c-4037-bbf1-f485d21c6013/add_router_interface 1.089s
2025-12-12 09:53:00.752 66710 INFO tempest.lib.common.dynamic_creds [-] Created isolated network resources for: credentials: Credentials: {'domain_id': 'default', 'domain_name': 'Default', 'username': 'tempest-FloatingIPDetailsTestJSON-784182832-project-member', 'project_domain_id': 'default', 'project_domain_name': 'Default', 'project_id': '2148196c4e474ff0bf277fb69dc8f59d', 'project_name': 'tempest-FloatingIPDetailsTestJSON-784182832', 'tenant_id': '2148196c4e474ff0bf277fb69dc8f59d', 'tenant_name': 'tempest-FloatingIPDetailsTestJSON-784182832', 'user_domain_id': 'default', 'user_domain_name': 'Default', 'user_id': 'c1fc962ab5904e37807347d4cb64c341', 'system': None}, Network: {'id': 'fc3575b0-502e-49ef-9bc8-ca4390e1d8af', 'name': 'tempest-FloatingIPDetailsTestJSON-1479277456-network', 'tenant_id': '2148196c4e474ff0bf277fb69dc8f59d', 'project_id': '2148196c4e474ff0bf277fb69dc8f59d', 'admin_state_up': True, 'mtu': 8950, 'status': 'ACTIVE', 'subnets': [], 'shared': False, 'port_security_enabled': True, 'router:external': False, 'provider:network_type': 'vlan', 'provider:physical_network': 'default', 'provider:segmentation_id': 519, 'availability_zone_hints': [], 'availability_zones': [], 'ipv4_address_scope': None, 'ipv6_address_scope': None, 'description': '', 'tags': [], 'created_at': '2025-12-12T09:52:58Z', 'updated_at': '2025-12-12T09:52:58Z', 'revision_number': 1}, Subnet: {'id': '78ff73e9-7d36-4aac-a007-7202f10a10e1', 'name': 'tempest-FloatingIPDetailsTestJSON-1479277456-subnet', 'tenant_id': '2148196c4e474ff0bf277fb69dc8f59d', 'network_id': 'fc3575b0-502e-49ef-9bc8-ca4390e1d8af', 'ip_version': 4, 'subnetpool_id': None, 'enable_dhcp': True, 'ipv6_ra_mode': None, 'ipv6_address_mode': None, 'gateway_ip': '192.168.128.1', 'cidr': '192.168.128.0/28', 'allocation_pools': [{'start': '192.168.128.2', 'end': '192.168.128.14'}], 'host_routes': [], 'dns_nameservers': [], 'description': '', 'router:external': False, 'service_types': [], 'tags': [], 'created_at': '2025-12-12T09:52:58Z', 'updated_at': '2025-12-12T09:52:58Z', 'revision_number': 0, 'project_id': '2148196c4e474ff0bf277fb69dc8f59d'}, Router: {'id': 'e49f24d6-512c-4037-bbf1-f485d21c6013', 'name': 'tempest-FloatingIPDetailsTestJSON-1479277456-router', 'tenant_id': '2148196c4e474ff0bf277fb69dc8f59d', 'admin_state_up': True, 'status': 'ACTIVE', 'external_gateway_info': {'network_id': 'e55ab1d3-464e-4059-879f-5ecee34114f8', 'external_fixed_ips': [{'subnet_id': '1222f36e-59bc-4fd7-adef-c08583a6c419', 'ip_address': '10.180.180.240'}], 'enable_snat': True}, 'description': '', 'availability_zones': [], 'distributed': False, 'ha': False, 'availability_zone_hints': [], 'routes': [], 'flavor_id': None, 'tags': [], 'created_at': '2025-12-12T09:52:58Z', 'updated_at': '2025-12-12T09:52:59Z', 'revision_number': 2, 'project_id': '2148196c4e474ff0bf277fb69dc8f59d'}
2025-12-12 09:53:00.842 66710 INFO tempest.lib.common.rest_client [req-a0645e92-c91e-45ba-b2b1-d5e7cf40d0fa req-a0645e92-c91e-45ba-b2b1-d5e7cf40d0fa ] Request (FloatingIPDetailsTestJSON:setUpClass): 201 POST http://10.180.1.21/identity/v3/auth/tokens 0.086s
2025-12-12 09:53:00.893 66700 INFO tempest.lib.common.rest_client [req-b8e17dc0-be0f-42ef-a2ce-88b53dc2b0d1 req-b8e17dc0-be0f-42ef-a2ce-88b53dc2b0d1 ] Request (ServersAaction247Test:tearDownClass): 204 DELETE http://10.180.1.21/networking/v2.0/security-groups/25880558-6e67-4421-92aa-885caf5fbb6d 1.111s
2025-12-12 09:53:00.968 66700 INFO tempest.lib.common.rest_client [req-f5026bab-b270-465d-b8ff-3fe8313383ce req-f5026bab-b270-465d-b8ff-3fe8313383ce ] Request (ServersAaction247Test:tearDownClass): 204 DELETE http://10.180.1.21/identity/v3/projects/fdeb254725214930975652fbab43fc5b 0.074s
2025-12-12 09:53:00.985 66708 WARNING tempest.lib.common.ssh [-] Failed to establish authenticated ssh connection to cirros@10.180.180.228 ([Errno None] Unable to connect to port 22 on 10.180.180.228). Number attempts: 3. Retry after 4 seconds.: paramiko.ssh_exception.NoValidConnectionsError: [Errno None] Unable to connect to port 22 on 10.180.180.228
2025-12-12 09:53:01.158 66700 INFO tempest.lib.common.rest_client [req-e0cd88b8-33f0-4d1b-967d-f2c00b913909 req-e0cd88b8-33f0-4d1b-967d-f2c00b913909 ] Request (ServerRescueTestJSONUnderV235:setUpClass): 201 POST http://10.180.1.21/identity/v3/auth/tokens 0.188s
2025-12-12 09:53:01.182 66724 INFO tempest.lib.common.rest_client [req-752d642a-c1b1-43d7-ad10-fe0b1f26c3a3 req-752d642a-c1b1-43d7-ad10-fe0b1f26c3a3 ] Request (ListImageFiltersTestJSON:setUpClass): 204 PUT http://10.180.1.21/image/v2/images/b40b877c-793b-4b42-801e-fbf60488cb9c/file 0.699s
2025-12-12 09:53:01.184 66696 INFO tempest.lib.common.rest_client [req-970cc9df-8fda-4556-b306-5a1a0d7fa025 req-970cc9df-8fda-4556-b306-5a1a0d7fa025 ] Request (ServersAdminNegativeTestJSON:setUpClass): 200 GET http://10.180.1.21/compute/v2.1/servers/1137c6c2-9f76-4a9c-ab1e-6f0331914394 4.224s
2025-12-12 09:53:01.199 66698 INFO tempest.lib.common.rest_client [req-7ac87cbc-b540-4b68-a8e2-6e04b69c3c9f req-7ac87cbc-b540-4b68-a8e2-6e04b69c3c9f ] Request (ServerActionsV293TestJSON:setUpClass): 200 GET http://10.180.1.21/volume/v3/volumes/bb7c2fa3-226b-43d0-a1c7-d2e6baebb7c6 0.039s
2025-12-12 09:53:01.205 66700 INFO tempest.lib.common.rest_client [req-a0a6f74a-1821-431c-9009-a292d0ce9589 req-a0a6f74a-1821-431c-9009-a292d0ce9589 ] Request (ServerRescueTestJSONUnderV235:setUpClass): 201 POST http://10.180.1.21/identity/v3/auth/tokens 0.044s
2025-12-12 09:53:01.214 66691 INFO tempest.lib.common.rest_client [req-1f726c80-b109-4140-a323-761d8429d694 req-1f726c80-b109-4140-a323-761d8429d694 ] Request (FlavorsV2TestJSON:test_list_flavors_detailed_filter_by_min_ram): 200 GET http://10.180.1.21/compute/v2.1/flavors/detail?minRam=193 4.241s
2025-12-12 09:53:01.239 66700 INFO tempest.lib.common.rest_client [req-87f1276e-4229-44f0-8e07-10760059078a req-87f1276e-4229-44f0-8e07-10760059078a ] Request (ServerRescueTestJSONUnderV235:setUpClass): 200 GET http://10.180.1.21/identity/v3/domains?name=Default 0.033s
2025-12-12 09:53:01.279 66700 INFO tempest.lib.common.rest_client [req-45d46c6e-2d7e-476a-a5e0-6e0d9ccc6c55 req-45d46c6e-2d7e-476a-a5e0-6e0d9ccc6c55 ] Request (ServerRescueTestJSONUnderV235:setUpClass): 201 POST http://10.180.1.21/identity/v3/projects 0.040s
2025-12-12 09:53:01.330 66712 INFO tempest.lib.common.rest_client [req-6c5be893-4a31-4a23-b6ab-b4c24bca4a97 req-6c5be893-4a31-4a23-b6ab-b4c24bca4a97 ] Request (FloatingIPsTestJSON:test_delete_floating_ip): 404 GET http://10.180.1.21/compute/v2.1/os-floating-ips/da4e8f1e-146f-4639-a2e6-d61a455e6233 3.918s
2025-12-12 09:53:01.341 66680 INFO tempest.lib.common.rest_client [req-d3c7ef2b-f376-4191-824f-71d9de20d360 req-d3c7ef2b-f376-4191-824f-71d9de20d360 ] Request (AggregatesAdminNegativeTestJSON:test_aggregate_delete_with_invalid_id): 404 DELETE http://10.180.1.21/compute/v2.1/os-aggregates/-1 3.905s
2025-12-12 09:53:01.353 66700 INFO tempest.lib.common.rest_client [req-d3c07d7d-91bd-426e-a70b-79e34d3caedf req-d3c07d7d-91bd-426e-a70b-79e34d3caedf ] Request (ServerRescueTestJSONUnderV235:setUpClass): 201 POST http://10.180.1.21/identity/v3/users 0.073s
2025-12-12 09:53:01.357 66692 INFO tempest.lib.common.rest_client [req-31586b30-fe95-4e04-ac4f-21b5f785b93f req-31586b30-fe95-4e04-ac4f-21b5f785b93f ] Request (FlavorsAdminTestJSON:test_create_server_with_non_public_flavor): 200 POST http://10.180.1.21/compute/v2.1/flavors 3.886s
2025-12-12 09:53:01.385 66700 INFO tempest.lib.common.rest_client [req-bb517043-8f03-455f-997c-278e11184fa1 req-bb517043-8f03-455f-997c-278e11184fa1 ] Request (ServerRescueTestJSONUnderV235:setUpClass): 200 GET http://10.180.1.21/identity/v3/roles 0.032s
2025-12-12 09:53:01.425 66700 INFO tempest.lib.common.rest_client [req-37dd4248-6c6f-4319-a3b2-7b64ed392795 req-37dd4248-6c6f-4319-a3b2-7b64ed392795 ] Request (ServerRescueTestJSONUnderV235:setUpClass): 204 PUT http://10.180.1.21/identity/v3/projects/9cbb2c2b760c4181b03c7ce05ab16c9d/users/b58ccc0e97cb42f9abcf2e5bec885415/roles/2b368930e8a240e79564e72d66e827b0 0.039s
2025-12-12 09:53:01.425 66700 INFO tempest.lib.common.dynamic_creds [-] Dynamic test user b58ccc0e97cb42f9abcf2e5bec885415 is created with scope project and roles: ['member']
2025-12-12 09:53:01.425 66700 INFO tempest.lib.common.dynamic_creds [-] Acquired dynamic creds: credentials: Credentials: {'domain_id': 'default', 'domain_name': 'Default', 'username': 'tempest-ServerRescueTestJSONUnderV235-6306700-project-member', 'project_domain_id': 'default', 'project_domain_name': 'Default', 'project_id': '9cbb2c2b760c4181b03c7ce05ab16c9d', 'project_name': 'tempest-ServerRescueTestJSONUnderV235-6306700', 'tenant_id': '9cbb2c2b760c4181b03c7ce05ab16c9d', 'tenant_name': 'tempest-ServerRescueTestJSONUnderV235-6306700', 'user_domain_id': 'default', 'user_domain_name': 'Default', 'user_id': 'b58ccc0e97cb42f9abcf2e5bec885415', 'system': None}, Network: None, Subnet: None, Router: None
2025-12-12 09:53:01.478 66720 INFO tempest.lib.common.rest_client [req-51b93fe6-b903-47a9-acea-6519a3fc7857 req-51b93fe6-b903-47a9-acea-6519a3fc7857 ] Request (InstanceActionsNegativeTestJSON:setUpClass): 202 POST http://10.180.1.21/compute/v2.1/servers 5.774s
2025-12-12 09:53:01.503 66700 INFO tempest.lib.common.rest_client [req-64871cfb-5d42-4de3-ae9d-d9f99fd5004e req-64871cfb-5d42-4de3-ae9d-d9f99fd5004e ] Request (ServerRescueTestJSONUnderV235:setUpClass): 201 POST http://10.180.1.21/identity/v3/auth/tokens 0.078s
2025-12-12 09:53:01.504 66704 INFO tempest.lib.common.rest_client [req-eb12cc60-b36c-4029-9d4f-6db9ae5a5ce0 req-eb12cc60-b36c-4029-9d4f-6db9ae5a5ce0 ] Request (ServicesAdminNegativeV253TestJSON:test_enable_service_with_invalid_service_id): 404 PUT http://10.180.1.21/compute/v2.1/os-services/a2947ce4-c404-43ad-bde6-63883149cb39 3.789s
2025-12-12 09:53:01.555 66682 INFO tempest.lib.common.rest_client [req-2d687564-8643-4018-83bf-4629e4e6e84d req-2d687564-8643-4018-83bf-4629e4e6e84d ] Request (FlavorsAccessNegativeTestJSON:test_remove_flavor_access_not_found): 404 POST http://10.180.1.21/compute/v2.1/flavors/2061213318/action 4.066s
2025-12-12 09:53:01.772 66732 INFO tempest.lib.common.rest_client [req-7d71bdd7-878c-4548-9c43-c27987fc1393 req-7d71bdd7-878c-4548-9c43-c27987fc1393 ] Request (QuotasAdminTestV257:test_get_updated_quotas): 200 PUT http://10.180.1.21/compute/v2.1/os-quota-sets/11364997a1a943079232a4f588848289?user_id=11981759f7b74d47b475ed981b09cfce 3.990s
2025-12-12 09:53:01.879 66700 INFO tempest.lib.common.rest_client [req-b4c2e160-f833-40cb-863c-73d37fe98a27 req-b4c2e160-f833-40cb-863c-73d37fe98a27 ] Request (ServerRescueTestJSONUnderV235:setUpClass): 201 POST http://10.180.1.21/networking/v2.0/networks 0.375s
2025-12-12 09:53:02.159 66694 INFO tempest.lib.common.rest_client [req-c71e7e62-6f97-4af5-88ae-dfa6170c2309 req-c71e7e62-6f97-4af5-88ae-dfa6170c2309 ] Request (DeleteServersAdminTestJSON:test_delete_server_while_in_error_state): 200 GET http://10.180.1.21/compute/v2.1/servers/8d25d8aa-3ce8-4a97-ada3-0ff5b4495012 4.193s
