2025-12-12 09:55:19.653 66730 INFO tempest.lib.common.rest_client [req-799dfd6d-5b5b-429e-b724-961be4cfc89a req-799dfd6d-5b5b-429e-b724-961be4cfc89a ] Request (AttachVolumeNegativeTest:test_attach_attached_volume_to_different_server): 200 GET http://10.180.1.21/compute/v2.1/servers/08d382e4-bd23-4e18-86d8-dd36dc1772b4 0.051s
2025-12-12 09:55:19.725 66726 WARNING tempest.lib.common.ssh [-] Failed to establish authenticated ssh connection to cirros@10.180.180.224 ([Errno None] Unable to connect to port 22 on 10.180.180.224). Number attempts: 5. Retry after 6 seconds.: paramiko.ssh_exception.NoValidConnectionsError: [Errno None] Unable to connect to port 22 on 10.180.180.224
2025-12-12 09:55:19.741 66694 INFO tempest.lib.common.rest_client [req-98854b8d-0ba3-4b3e-80bb-00743f5ad0fe req-98854b8d-0ba3-4b3e-80bb-00743f5ad0fe ] Request (ImagesOneServerTestJSON:setUpClass): 200 GET http://10.180.1.21/compute/v2.1/servers/1d7c2273-68f6-4048-a2d7-552ce0b4f1e8 0.127s
2025-12-12 09:55:19.759 66700 INFO tempest.lib.common.rest_client [req-769c924f-a59d-44e3-8525-64bec1dd9e66 req-769c924f-a59d-44e3-8525-64bec1dd9e66 ] Request (ServersListShow298Test:test_list_show_update_rebuild_server_298): 200 GET http://10.180.1.21/compute/v2.1/servers/2ba11f9e-0e54-43cf-8e09-250640b00095 0.067s
2025-12-12 09:55:19.827 66706 INFO tempest.lib.common.rest_client [req-369f4e90-ba62-43f4-9b9e-db28a5384f27 req-369f4e90-ba62-43f4-9b9e-db28a5384f27 ] Request (FloatingIPsAssociationNegativeTestJSON:tearDownClass): 200 GET http://10.180.1.21/compute/v2.1/servers/9ee5335b-fca7-4bab-a0b1-0c954551f13d 0.080s
2025-12-12 09:55:19.828 66716 INFO tempest.lib.common.rest_client [req-e461a470-48ab-47e7-9e4c-ed16242e0414 req-e461a470-48ab-47e7-9e4c-ed16242e0414 ] Request (ServerRescueTestJSON:tearDownClass): 200 GET http://10.180.1.21/compute/v2.1/servers/2877c534-5bb3-4aff-9d58-fab03276ab1e 0.073s
2025-12-12 09:55:19.882 66692 INFO tempest.lib.common.rest_client [req-670ae60e-4a61-487a-a379-5168cb36b608 req-670ae60e-4a61-487a-a379-5168cb36b608 ] Request (ServerGroupTestJSON:test_create_server_with_scheduler_hint_group): 200 GET http://10.180.1.21/compute/v2.1/servers/3829c2fc-08f3-4bfc-bbef-808c2929c29b 0.071s
2025-12-12 09:55:19.954 66710 INFO tempest.lib.common.rest_client [req-e1bba65a-2210-4d07-b60d-6eed3df2b0b6 req-e1bba65a-2210-4d07-b60d-6eed3df2b0b6 ] Request (ServerAddressesTestJSON:tearDownClass): 200 GET http://10.180.1.21/compute/v2.1/servers/036d1636-8c79-478a-9d28-9f603e1912fe 0.093s
2025-12-12 09:55:20.004 66696 INFO tempest.lib.common.rest_client [req-a6c7dbf6-6e46-4488-9938-112467d88684 req-a6c7dbf6-6e46-4488-9938-112467d88684 ] Request (ServersAdminNegativeTestJSON:tearDownClass): 200 GET http://10.180.1.21/compute/v2.1/servers/1137c6c2-9f76-4a9c-ab1e-6f0331914394 0.166s
2025-12-12 09:55:20.046 66736 INFO tempest.lib.common.rest_client [req-faf7f8cd-83b8-46d7-a704-766456619e8f req-faf7f8cd-83b8-46d7-a704-766456619e8f ] Request (ServersListShow296Test:tearDownClass): 200 GET http://10.180.1.21/compute/v2.1/servers/269d151b-abe1-4d7e-b75a-03219f2b2a21 0.143s
2025-12-12 09:55:20.078 66702 INFO tempest.lib.common.rest_client [req-839d80d7-a51b-4110-b5f0-01e7dc9f80fc req-839d80d7-a51b-4110-b5f0-01e7dc9f80fc ] Request (ServerDiagnosticsV248Test:test_get_server_diagnostics): 200 GET http://10.180.1.21/compute/v2.1/servers/f9e6f60b-b8ff-4852-b359-bf7beaff376e 0.166s
2025-12-12 09:55:20.112 66720 INFO tempest.lib.common.rest_client [req-6aeb2cbf-df46-431a-97fa-f5245e45d0e2 req-6aeb2cbf-df46-431a-97fa-f5245e45d0e2 ] Request (ServerRescueNegativeTestJSON:setUpClass): 200 GET http://10.180.1.21/compute/v2.1/servers/1234794d-ba36-4d7b-acda-d701f7115f51 0.166s
2025-12-12 09:55:20.216 66682 INFO tempest.lib.common.rest_client [req-ca90d73e-9395-4dfd-908a-e7b20373b76f req-ca90d73e-9395-4dfd-908a-e7b20373b76f ] Request (SecurityGroupsTestJSON:test_server_security_groups): 200 GET http://10.180.1.21/compute/v2.1/servers/8986392e-fe3c-41b8-b8af-3647b60429e9 0.059s
2025-12-12 09:55:20.232 66676 INFO tempest.lib.common.rest_client [req-84f6fb35-5ad3-49ab-85d5-9038d5b087c5 req-84f6fb35-5ad3-49ab-85d5-9038d5b087c5 ] Request (ServersAdminTestJSON:test_create_server_with_scheduling_hint): 200 GET http://10.180.1.21/compute/v2.1/servers/c801ec54-3064-49c1-bd71-c5caf7f83a6a 0.063s
2025-12-12 09:55:20.295 66712 INFO tempest.lib.common.rest_client [req-0abd14e1-b9c0-40ea-bc7f-23f179aaf560 req-0abd14e1-b9c0-40ea-bc7f-23f179aaf560 ] Request (ServersTestFqdnHostnames:tearDownClass): 200 GET http://10.180.1.21/compute/v2.1/servers/de397c8b-fe13-4aea-963e-868c378e8f90 0.070s
2025-12-12 09:55:20.316 66724 INFO tempest.lib.common.rest_client [req-d3c7431c-332d-4961-8fec-c8c9670a2122 req-d3c7431c-332d-4961-8fec-c8c9670a2122 ] Request (ListImageFiltersTestJSON:tearDownClass): 200 GET http://10.180.1.21/compute/v2.1/servers/8080cbef-c6d4-4137-84a0-3c1742be2f04 0.068s
2025-12-12 09:55:20.347 66732 INFO tempest.lib.common.rest_client [req-12897f0b-cc57-4a53-acc5-1e16c90c76e8 req-12897f0b-cc57-4a53-acc5-1e16c90c76e8 ] Request (ServersTestJSON:tearDownClass): 404 GET http://10.180.1.21/compute/v2.1/servers/848e123f-d846-4385-889d-486b284fba48 0.027s
2025-12-12 09:55:20.367 66686 INFO tempest.lib.common.rest_client [req-38031b16-d4fb-4eac-87a7-b53b75da70e9 req-38031b16-d4fb-4eac-87a7-b53b75da70e9 ] Request (DeleteServersTestJSON:test_delete_server_while_in_shelved_state): 200 GET http://10.180.1.21/compute/v2.1/servers/260d13c8-4b0d-4c53-a374-e868a8555da7 0.068s
2025-12-12 09:55:20.373 66732 INFO tempest.lib.common.rest_client [req-baa5bdff-5b6d-44fa-b944-9d808ac910b5 req-baa5bdff-5b6d-44fa-b944-9d808ac910b5 ] Request (ServersTestJSON:tearDownClass): 202 DELETE http://10.180.1.21/compute/v2.1/os-keypairs/tempest-keypair-1289142324 0.025s
2025-12-12 09:55:20.448 66688 INFO tempest.lib.common.rest_client [req-00873524-0f3f-4082-8c47-877e749682c0 req-00873524-0f3f-4082-8c47-877e749682c0 ] Request (ImagesNegativeTestJSON:test_create_image_from_deleted_server): 200 GET http://10.180.1.21/compute/v2.1/servers/818c753d-4ab1-43ac-a9b3-70d97e20315f 0.093s
2025-12-12 09:55:20.493 66732 INFO tempest.lib.common.rest_client [req-a930a678-e268-4aaf-b552-2e361c0b6fe6 req-a930a678-e268-4aaf-b552-2e361c0b6fe6 ] Request (ServersTestJSON:tearDownClass): 204 DELETE http://10.180.1.21/networking/v2.0/security-groups/b63d3715-a589-4c71-9625-dba827e5b851 0.119s
2025-12-12 09:55:20.507 66732 INFO tempest.lib.common.rest_client [req-d0c94436-e5bc-43ff-9d85-4670a471975a req-d0c94436-e5bc-43ff-9d85-4670a471975a ] Request (ServersTestJSON:tearDownClass): 404 GET http://10.180.1.21/networking/v2.0/security-groups/b63d3715-a589-4c71-9625-dba827e5b851 0.013s
2025-12-12 09:55:20.526 66674 INFO tempest.lib.common.rest_client [req-070abc25-fd93-4d35-9522-b1b635367986 req-070abc25-fd93-4d35-9522-b1b635367986 ] Request (ServersAdmin275Test:test_rebuild_update_server_275): 200 GET http://10.180.1.21/compute/v2.1/servers/a38ed16a-e5ea-492c-becb-a59da074cbf6 0.072s
2025-12-12 09:55:20.573 66714 INFO tempest.lib.common.rest_client [req-771b494c-cbce-4a5e-a61d-7819c2bb4edf req-771b494c-cbce-4a5e-a61d-7819c2bb4edf ] Request (MultipleCreateTestJSON:test_multiple_create): 200 GET http://10.180.1.21/compute/v2.1/servers/3579c5f1-bd96-4514-9374-d783ba654932 0.075s
2025-12-12 09:55:20.688 66734 INFO tempest.lib.common.rest_client [req-9b700c3c-1671-46cb-805c-a99f1dd46995 req-9b700c3c-1671-46cb-805c-a99f1dd46995 ] Request (ServerDiskConfigTestJSON:test_resize_server_from_auto_to_manual): 200 GET http://10.180.1.21/compute/v2.1/servers/3833ffd6-ede1-42c6-b7aa-c29002a87351 0.096s
2025-12-12 09:55:20.716 66684 INFO tempest.lib.common.rest_client [req-84cb2e02-2bd8-4ea2-ae54-3077c0e6c55c req-84cb2e02-2bd8-4ea2-ae54-3077c0e6c55c ] Request (ServersV294TestFqdnHostnames:setUpClass): 200 GET http://10.180.1.21/compute/v2.1/servers/2f31532f-4d75-4187-9430-d55bedde71de 0.171s
2025-12-12 09:55:20.743 66732 INFO tempest.lib.common.rest_client [req-8cc5190d-bc29-4deb-91b6-8e520612d710 req-8cc5190d-bc29-4deb-91b6-8e520612d710 ] Request (ServersTestJSON:tearDownClass): 204 DELETE http://10.180.1.21/networking/v2.0/floatingips/93d58023-5dae-4a04-a1d5-a5a4767cc5d7 0.235s
2025-12-12 09:55:20.770 66730 INFO tempest.lib.common.rest_client [req-b06d6960-163f-4844-90c2-74e7b37209eb req-b06d6960-163f-4844-90c2-74e7b37209eb ] Request (AttachVolumeNegativeTest:test_attach_attached_volume_to_different_server): 200 GET http://10.180.1.21/compute/v2.1/servers/08d382e4-bd23-4e18-86d8-dd36dc1772b4 0.108s
2025-12-12 09:55:20.794 66728 INFO tempest.lib.common.rest_client [req-55e6f27e-7d46-499f-96b1-25b74e43af0a req-55e6f27e-7d46-499f-96b1-25b74e43af0a ] Request (MigrationsAdminTest:test_resize_server_revert_deleted_flavor): 200 GET http://10.180.1.21/compute/v2.1/servers/c7a55abe-d24e-4e15-a041-9c1892305fbc 0.165s
2025-12-12 09:55:20.801 66728 INFO tempest.common.waiters [-] State transition "BUILD/spawning" ==> "ACTIVE/None" after 51 second wait
2025-12-12 09:55:20.947 66700 INFO tempest.lib.common.rest_client [req-59d78de5-a947-4a8e-87da-1ffd4d4d9018 req-59d78de5-a947-4a8e-87da-1ffd4d4d9018 ] Request (ServersListShow298Test:test_list_show_update_rebuild_server_298): 200 GET http://10.180.1.21/compute/v2.1/servers/2ba11f9e-0e54-43cf-8e09-250640b00095 0.176s
2025-12-12 09:55:20.971 66694 INFO tempest.lib.common.rest_client [req-4c6432f0-ba60-4737-a141-9a439c7356bb req-4c6432f0-ba60-4737-a141-9a439c7356bb ] Request (ImagesOneServerTestJSON:setUpClass): 200 GET http://10.180.1.21/compute/v2.1/servers/1d7c2273-68f6-4048-a2d7-552ce0b4f1e8 0.221s
2025-12-12 09:55:21.211 66716 INFO tempest.lib.common.rest_client [req-96cba521-0fdf-43d6-ac0a-3ead93af8e48 req-96cba521-0fdf-43d6-ac0a-3ead93af8e48 ] Request (ServerRescueTestJSON:tearDownClass): 200 GET http://10.180.1.21/compute/v2.1/servers/2877c534-5bb3-4aff-9d58-fab03276ab1e 0.374s
2025-12-12 09:55:21.249 66728 INFO tempest.lib.common.rest_client [req-02f4faf3-9ea9-464d-bf50-3a4ab00dfba8 req-02f4faf3-9ea9-464d-bf50-3a4ab00dfba8 ] Request (MigrationsAdminTest:test_resize_server_revert_deleted_flavor): 200 GET http://10.180.1.21/compute/v2.1/servers/c7a55abe-d24e-4e15-a041-9c1892305fbc 0.447s
2025-12-12 09:55:21.311 66706 INFO tempest.lib.common.rest_client [req-b2a2f859-9e86-4442-99f3-ee7883d48ed6 req-b2a2f859-9e86-4442-99f3-ee7883d48ed6 ] Request (FloatingIPsAssociationNegativeTestJSON:tearDownClass): 200 GET http://10.180.1.21/compute/v2.1/servers/9ee5335b-fca7-4bab-a0b1-0c954551f13d 0.474s
2025-12-12 09:55:21.331 66692 INFO tempest.lib.common.rest_client [req-acc73935-08a9-41ec-99f7-45efee0d068f req-acc73935-08a9-41ec-99f7-45efee0d068f ] Request (ServerGroupTestJSON:test_create_server_with_scheduler_hint_group): 200 GET http://10.180.1.21/compute/v2.1/servers/3829c2fc-08f3-4bfc-bbef-808c2929c29b 0.439s
2025-12-12 09:55:21.387 66710 INFO tempest.lib.common.rest_client [req-79e5704a-f539-47b8-9d9d-249efcd95624 req-79e5704a-f539-47b8-9d9d-249efcd95624 ] Request (ServerAddressesTestJSON:tearDownClass): 200 GET http://10.180.1.21/compute/v2.1/servers/036d1636-8c79-478a-9d28-9f603e1912fe 0.423s
2025-12-12 09:55:21.401 66696 INFO tempest.lib.common.rest_client [req-e9607a9c-b95a-415e-8a30-06a86b44a05b req-e9607a9c-b95a-415e-8a30-06a86b44a05b ] Request (ServersAdminNegativeTestJSON:tearDownClass): 200 GET http://10.180.1.21/compute/v2.1/servers/1137c6c2-9f76-4a9c-ab1e-6f0331914394 0.386s
2025-12-12 09:55:21.462 66736 INFO tempest.lib.common.rest_client [req-d686e268-9f62-4729-84d7-b5e5d69c779f req-d686e268-9f62-4729-84d7-b5e5d69c779f ] Request (ServersListShow296Test:tearDownClass): 200 GET http://10.180.1.21/compute/v2.1/servers/269d151b-abe1-4d7e-b75a-03219f2b2a21 0.404s
2025-12-12 09:55:21.477 66702 INFO tempest.lib.common.rest_client [req-a8adbe81-ec47-4271-af9b-d655369a6ef5 req-a8adbe81-ec47-4271-af9b-d655369a6ef5 ] Request (ServerDiagnosticsV248Test:test_get_server_diagnostics): 200 GET http://10.180.1.21/compute/v2.1/servers/f9e6f60b-b8ff-4852-b359-bf7beaff376e 0.385s
2025-12-12 09:55:21.522 66720 INFO tempest.lib.common.rest_client [req-88d1abb8-986f-4c96-81fb-8060ff0a03fa req-88d1abb8-986f-4c96-81fb-8060ff0a03fa ] Request (ServerRescueNegativeTestJSON:setUpClass): 200 GET http://10.180.1.21/compute/v2.1/servers/1234794d-ba36-4d7b-acda-d701f7115f51 0.399s
2025-12-12 09:55:21.553 66732 INFO tempest.lib.common.rest_client [req-3c54d14d-90e8-463e-80bd-85cb92f9867d req-3c54d14d-90e8-463e-80bd-85cb92f9867d ] Request (ServersTestJSON:tearDownClass): 200 PUT http://10.180.1.21/networking/v2.0/routers/8041f00f-8c93-417a-b591-d54ab27b9b4b/remove_router_interface 0.810s
2025-12-12 09:55:21.555 66682 INFO tempest.lib.common.rest_client [req-369bbccd-612a-41c9-b24a-06d70e049001 req-369bbccd-612a-41c9-b24a-06d70e049001 ] Request (SecurityGroupsTestJSON:test_server_security_groups): 200 GET http://10.180.1.21/compute/v2.1/servers/8986392e-fe3c-41b8-b8af-3647b60429e9 0.330s
2025-12-12 09:55:21.578 66728 INFO tempest.lib.common.rest_client [req-8c323a55-4c29-46a8-96c9-5c03e1fa2e6c req-8c323a55-4c29-46a8-96c9-5c03e1fa2e6c ] Request (MigrationsAdminTest:test_resize_server_revert_deleted_flavor): 202 DELETE http://10.180.1.21/compute/v2.1/flavors/7a113f6e-eafa-4c26-b8f5-025da617e515 0.317s
2025-12-12 09:55:21.589 66676 INFO tempest.lib.common.rest_client [req-ca406087-c30c-4c6d-9c57-c1a9937e5eb0 req-ca406087-c30c-4c6d-9c57-c1a9937e5eb0 ] Request (ServersAdminTestJSON:test_create_server_with_scheduling_hint): 200 GET http://10.180.1.21/compute/v2.1/servers/c801ec54-3064-49c1-bd71-c5caf7f83a6a 0.349s
2025-12-12 09:55:21.650 66712 INFO tempest.lib.common.rest_client [req-0e55680c-7a13-4595-9553-efb7855f5cc1 req-0e55680c-7a13-4595-9553-efb7855f5cc1 ] Request (ServersTestFqdnHostnames:tearDownClass): 200 GET http://10.180.1.21/compute/v2.1/servers/de397c8b-fe13-4aea-963e-868c378e8f90 0.347s
2025-12-12 09:55:21.663 66724 INFO tempest.lib.common.rest_client [req-1108efed-4402-43aa-bb58-37d13ea0a45e req-1108efed-4402-43aa-bb58-37d13ea0a45e ] Request (ListImageFiltersTestJSON:tearDownClass): 200 GET http://10.180.1.21/compute/v2.1/servers/8080cbef-c6d4-4137-84a0-3c1742be2f04 0.338s
2025-12-12 09:55:21.708 66686 INFO tempest.lib.common.rest_client [req-3915ac02-22a5-492c-8db4-1a34b6119ad0 req-3915ac02-22a5-492c-8db4-1a34b6119ad0 ] Request (DeleteServersTestJSON:test_delete_server_while_in_shelved_state): 200 GET http://10.180.1.21/compute/v2.1/servers/260d13c8-4b0d-4c53-a374-e868a8555da7 0.332s
2025-12-12 09:55:21.723 66688 INFO tempest.lib.common.rest_client [req-487c2df8-ae9f-4420-953f-d96da47de6ee req-487c2df8-ae9f-4420-953f-d96da47de6ee ] Request (ImagesNegativeTestJSON:test_create_image_from_deleted_server): 200 GET http://10.180.1.21/compute/v2.1/servers/818c753d-4ab1-43ac-a9b3-70d97e20315f 0.265s
2025-12-12 09:55:21.754 66728 INFO tempest.lib.common.rest_client [req-9d14327a-8fe4-4bfe-b1fa-39eac06658f5 req-9d14327a-8fe4-4bfe-b1fa-39eac06658f5 ] Request (MigrationsAdminTest:test_resize_server_revert_deleted_flavor): 200 GET http://10.180.1.21/compute/v2.1/flavors/detail 0.176s
2025-12-12 09:55:21.792 66674 INFO tempest.lib.common.rest_client [req-c67a994e-5dfd-47ba-a588-b7c34f9c5a9c req-c67a994e-5dfd-47ba-a588-b7c34f9c5a9c ] Request (ServersAdmin275Test:test_rebuild_update_server_275): 200 GET http://10.180.1.21/compute/v2.1/servers/a38ed16a-e5ea-492c-becb-a59da074cbf6 0.249s
2025-12-12 09:55:21.803 66674 INFO tempest.common.waiters [-] State transition "REBUILD/rebuild_spawning" ==> "ACTIVE/None" after 9 second wait
2025-12-12 09:55:21.811 66714 INFO tempest.lib.common.rest_client [req-034b5885-ea73-4ba7-8d43-ae7485176a51 req-034b5885-ea73-4ba7-8d43-ae7485176a51 ] Request (MultipleCreateTestJSON:test_multiple_create): 200 GET http://10.180.1.21/compute/v2.1/servers/3579c5f1-bd96-4514-9374-d783ba654932 0.228s
2025-12-12 09:55:21.846 66734 INFO tempest.lib.common.rest_client [req-6bbd0045-19e6-4310-a301-3c36a48e90d1 req-6bbd0045-19e6-4310-a301-3c36a48e90d1 ] Request (ServerDiskConfigTestJSON:test_resize_server_from_auto_to_manual): 200 GET http://10.180.1.21/compute/v2.1/servers/3833ffd6-ede1-42c6-b7aa-c29002a87351 0.143s
2025-12-12 09:55:21.950 66684 INFO tempest.lib.common.rest_client [req-5a1d43b8-9038-478b-a928-8686ab1e0d35 req-5a1d43b8-9038-478b-a928-8686ab1e0d35 ] Request (ServersV294TestFqdnHostnames:setUpClass): 200 GET http://10.180.1.21/compute/v2.1/servers/2f31532f-4d75-4187-9430-d55bedde71de 0.219s
2025-12-12 09:55:21.992 66732 INFO tempest.lib.common.rest_client [req-cf8c2c77-829b-41c2-a499-cf15f5ddda0d req-cf8c2c77-829b-41c2-a499-cf15f5ddda0d ] Request (ServersTestJSON:tearDownClass): 204 DELETE http://10.180.1.21/networking/v2.0/routers/8041f00f-8c93-417a-b591-d54ab27b9b4b 0.438s
2025-12-12 09:55:22.015 66730 INFO tempest.lib.common.rest_client [req-59945034-84b5-4065-a368-11b0e08bcd57 req-59945034-84b5-4065-a368-11b0e08bcd57 ] Request (AttachVolumeNegativeTest:test_attach_attached_volume_to_different_server): 200 GET http://10.180.1.21/compute/v2.1/servers/08d382e4-bd23-4e18-86d8-dd36dc1772b4 0.231s
2025-12-12 09:55:22.151 66732 INFO tempest.lib.common.rest_client [req-c2d53cf1-5a37-4c3c-86b2-64247a3a1fb4 req-c2d53cf1-5a37-4c3c-86b2-64247a3a1fb4 ] Request (ServersTestJSON:tearDownClass): 204 DELETE http://10.180.1.21/networking/v2.0/subnets/97a80d91-062c-4c06-814b-e2906868670c 0.159s
2025-12-12 09:55:22.319 66728 INFO tempest.lib.common.rest_client [req-20d27006-6711-4a17-bd77-96ce235fc10d req-20d27006-6711-4a17-bd77-96ce235fc10d ] Request (MigrationsAdminTest:test_resize_server_revert_deleted_flavor): 202 POST http://10.180.1.21/compute/v2.1/servers/c7a55abe-d24e-4e15-a041-9c1892305fbc/action 0.560s
2025-12-12 09:55:22.456 66700 INFO tempest.lib.common.rest_client [req-0fae2677-49a7-4ad3-bca6-ba88371ee5c9 req-0fae2677-49a7-4ad3-bca6-ba88371ee5c9 ] Request (ServersListShow298Test:test_list_show_update_rebuild_server_298): 200 GET http://10.180.1.21/compute/v2.1/servers/2ba11f9e-0e54-43cf-8e09-250640b00095 0.495s
2025-12-12 09:55:22.503 66674 INFO tempest.lib.common.rest_client [req-b7c2c675-eea0-4d0a-9bc4-adadb87cf146 req-b7c2c675-eea0-4d0a-9bc4-adadb87cf146 ] Request (ServersAdmin275Test:test_rebuild_update_server_275): 202 POST http://10.180.1.21/compute/v2.1/servers/a38ed16a-e5ea-492c-becb-a59da074cbf6/action 0.699s
2025-12-12 09:55:22.574 66732 INFO tempest.lib.common.rest_client [req-7e881278-e414-495c-bcad-6b64fc8ee962 req-7e881278-e414-495c-bcad-6b64fc8ee962 ] Request (ServersTestJSON:tearDownClass): 204 DELETE http://10.180.1.21/networking/v2.0/networks/1cac70e2-3892-4a1b-8379-2a2dee80f946 0.423s
2025-12-12 09:55:22.639 66716 INFO tempest.lib.common.rest_client [req-9a43f1bc-f395-46e2-a0cf-589f0fc2df54 req-9a43f1bc-f395-46e2-a0cf-589f0fc2df54 ] Request (ServerRescueTestJSON:tearDownClass): 200 GET http://10.180.1.21/compute/v2.1/servers/2877c534-5bb3-4aff-9d58-fab03276ab1e 0.419s
2025-12-12 09:55:22.656 66694 INFO tempest.lib.common.rest_client [req-0eccde1a-663d-4599-adc7-e91e715d1eaf req-0eccde1a-663d-4599-adc7-e91e715d1eaf ] Request (ImagesOneServerTestJSON:setUpClass): 200 GET http://10.180.1.21/compute/v2.1/servers/1d7c2273-68f6-4048-a2d7-552ce0b4f1e8 0.677s
2025-12-12 09:55:22.708 66732 INFO tempest.lib.common.rest_client [req-f627b785-9b48-4eb2-8524-d70ac8fe4b6b req-f627b785-9b48-4eb2-8524-d70ac8fe4b6b ] Request (ServersTestJSON:tearDownClass): 204 DELETE http://10.180.1.21/identity/v3/users/57d528bd62654fa68844fadccf29875a 0.133s
2025-12-12 09:55:22.708 66732 INFO tempest.lib.common.dynamic_creds [-] Deleting project and security group for project: ee95a8870ff3432fb6ab1dc3fb54e61a
2025-12-12 09:55:22.737 66706 INFO tempest.lib.common.rest_client [req-173c4b9a-e94d-4092-a869-2e4541c2336b req-173c4b9a-e94d-4092-a869-2e4541c2336b ] Request (FloatingIPsAssociationNegativeTestJSON:tearDownClass): 200 GET http://10.180.1.21/compute/v2.1/servers/9ee5335b-fca7-4bab-a0b1-0c954551f13d 0.412s
2025-12-12 09:55:22.761 66732 INFO tempest.lib.common.rest_client [req-a59a9334-9a1c-4ce1-8d36-9dcdaea8db85 req-a59a9334-9a1c-4ce1-8d36-9dcdaea8db85 ] Request (ServersTestJSON:tearDownClass): 200 GET http://10.180.1.21/networking/v2.0/security-groups?tenant_id=ee95a8870ff3432fb6ab1dc3fb54e61a&name=default 0.052s
2025-12-12 09:55:22.772 66728 INFO tempest.lib.common.rest_client [req-6f5f6e76-41ba-4891-b3f2-b9e7eb680fab req-6f5f6e76-41ba-4891-b3f2-b9e7eb680fab ] Request (MigrationsAdminTest:test_resize_server_revert_deleted_flavor): 200 GET http://10.180.1.21/compute/v2.1/servers/c7a55abe-d24e-4e15-a041-9c1892305fbc 0.452s
2025-12-12 09:55:22.802 66692 INFO tempest.lib.common.rest_client [req-923b462a-66d2-403f-8ad0-33732e32fa2a req-923b462a-66d2-403f-8ad0-33732e32fa2a ] Request (ServerGroupTestJSON:test_create_server_with_scheduler_hint_group): 200 GET http://10.180.1.21/compute/v2.1/servers/3829c2fc-08f3-4bfc-bbef-808c2929c29b 0.460s
2025-12-12 09:55:22.850 66710 INFO tempest.lib.common.rest_client [req-fffd93d3-1455-4ca1-8d1b-ae45cba514bf req-fffd93d3-1455-4ca1-8d1b-ae45cba514bf ] Request (ServerAddressesTestJSON:tearDownClass): 200 GET http://10.180.1.21/compute/v2.1/servers/036d1636-8c79-478a-9d28-9f603e1912fe 0.453s
2025-12-12 09:55:22.875 66696 INFO tempest.lib.common.rest_client [req-08fd41da-00af-44b8-926a-c46c172c6515 req-08fd41da-00af-44b8-926a-c46c172c6515 ] Request (ServersAdminNegativeTestJSON:tearDownClass): 200 GET http://10.180.1.21/compute/v2.1/servers/1137c6c2-9f76-4a9c-ab1e-6f0331914394 0.465s
2025-12-12 09:55:22.886 66696 INFO tempest.common.waiters [-] State transition "ACTIVE/deleting" ==> "DELETED/None" after 4 second wait
2025-12-12 09:55:22.890 66732 INFO tempest.lib.common.rest_client [req-e23309f2-13d6-46b0-aaa7-ff85969d3ef5 req-e23309f2-13d6-46b0-aaa7-ff85969d3ef5 ] Request (ServersTestJSON:tearDownClass): 204 DELETE http://10.180.1.21/networking/v2.0/security-groups/9404bb29-98b9-451f-9a65-4515013fa3c4 0.128s
2025-12-12 09:55:22.954 66702 INFO tempest.lib.common.rest_client [req-37078b84-82f8-409a-aeca-4574d15924cf req-37078b84-82f8-409a-aeca-4574d15924cf ] Request (ServerDiagnosticsV248Test:test_get_server_diagnostics): 200 GET http://10.180.1.21/compute/v2.1/servers/f9e6f60b-b8ff-4852-b359-bf7beaff376e 0.466s
2025-12-12 09:55:22.955 66736 INFO tempest.lib.common.rest_client [req-76bb8bda-811e-42c6-bc47-31b75a462c82 req-76bb8bda-811e-42c6-bc47-31b75a462c82 ] Request (ServersListShow296Test:tearDownClass): 200 GET http://10.180.1.21/compute/v2.1/servers/269d151b-abe1-4d7e-b75a-03219f2b2a21 0.482s
2025-12-12 09:55:23.031 66720 INFO tempest.lib.common.rest_client [req-7f281b50-27c8-4776-ae9c-84aacda47a13 req-7f281b50-27c8-4776-ae9c-84aacda47a13 ] Request (ServerRescueNegativeTestJSON:setUpClass): 200 GET http://10.180.1.21/compute/v2.1/servers/1234794d-ba36-4d7b-acda-d701f7115f51 0.497s
2025-12-12 09:55:23.045 66732 INFO tempest.lib.common.rest_client [req-1f3ee4d3-a65d-4a28-894c-752434158df0 req-1f3ee4d3-a65d-4a28-894c-752434158df0 ] Request (ServersTestJSON:tearDownClass): 204 DELETE http://10.180.1.21/identity/v3/projects/ee95a8870ff3432fb6ab1dc3fb54e61a 0.154s
2025-12-12 09:55:23.079 66674 INFO tempest.lib.common.rest_client [req-b036a04b-6c75-4da4-aa7c-9081c72b8408 req-b036a04b-6c75-4da4-aa7c-9081c72b8408 ] Request (ServersAdmin275Test:_run_cleanups): 200 GET http://10.180.1.21/compute/v2.1/servers/a38ed16a-e5ea-492c-becb-a59da074cbf6 0.564s
2025-12-12 09:55:23.098 66682 INFO tempest.lib.common.rest_client [req-7886bd4e-6ccc-4f56-8b84-1c6a7663e92a req-7886bd4e-6ccc-4f56-8b84-1c6a7663e92a ] Request (SecurityGroupsTestJSON:test_server_security_groups): 200 GET http://10.180.1.21/compute/v2.1/servers/8986392e-fe3c-41b8-b8af-3647b60429e9 0.532s
2025-12-12 09:55:23.127 66732 INFO tempest.lib.common.rest_client [req-c6ba9538-d3bf-4c3d-be28-86912cc54559 req-c6ba9538-d3bf-4c3d-be28-86912cc54559 ] Request (ListServersNegativeTestJSON:setUpClass): 201 POST http://10.180.1.21/identity/v3/auth/tokens 0.080s
2025-12-12 09:55:23.142 66676 INFO tempest.lib.common.rest_client [req-eac680c1-3746-49db-aaa9-bf5b9ed4b03f req-eac680c1-3746-49db-aaa9-bf5b9ed4b03f ] Request (ServersAdminTestJSON:test_create_server_with_scheduling_hint): 200 GET http://10.180.1.21/compute/v2.1/servers/c801ec54-3064-49c1-bd71-c5caf7f83a6a 0.544s
2025-12-12 09:55:23.173 66732 INFO tempest.lib.common.rest_client [req-af8f5bfe-80e1-444a-8903-e4fb21fce11e req-af8f5bfe-80e1-444a-8903-e4fb21fce11e ] Request (ListServersNegativeTestJSON:setUpClass): 201 POST http://10.180.1.21/identity/v3/auth/tokens 0.042s
2025-12-12 09:55:23.189 66712 INFO tempest.lib.common.rest_client [req-956a8fc0-60da-4199-946c-b30eac3e3f3f req-956a8fc0-60da-4199-946c-b30eac3e3f3f ] Request (ServersTestFqdnHostnames:tearDownClass): 200 GET http://10.180.1.21/compute/v2.1/servers/de397c8b-fe13-4aea-963e-868c378e8f90 0.528s
2025-12-12 09:55:23.205 66732 INFO tempest.lib.common.rest_client [req-1ea65243-4bcc-4d0b-97bd-f3802550d658 req-1ea65243-4bcc-4d0b-97bd-f3802550d658 ] Request (ListServersNegativeTestJSON:setUpClass): 200 GET http://10.180.1.21/identity/v3/domains?name=Default 0.031s
2025-12-12 09:55:23.227 66724 INFO tempest.lib.common.rest_client [req-b6368aa4-11bf-4dca-ae5c-b0dc38b4e4fd req-b6368aa4-11bf-4dca-ae5c-b0dc38b4e4fd ] Request (ListImageFiltersTestJSON:tearDownClass): 200 GET http://10.180.1.21/compute/v2.1/servers/8080cbef-c6d4-4137-84a0-3c1742be2f04 0.556s
2025-12-12 09:55:23.262 66732 INFO tempest.lib.common.rest_client [req-484fca9b-eb61-470e-9e8d-cc69a6f10ccb req-484fca9b-eb61-470e-9e8d-cc69a6f10ccb ] Request (ListServersNegativeTestJSON:setUpClass): 201 POST http://10.180.1.21/identity/v3/projects 0.057s
2025-12-12 09:55:23.263 66686 INFO tempest.lib.common.rest_client [req-401c8737-b823-45d7-a4ae-366c0a36517f req-401c8737-b823-45d7-a4ae-366c0a36517f ] Request (DeleteServersTestJSON:test_delete_server_while_in_shelved_state): 200 GET http://10.180.1.21/compute/v2.1/servers/260d13c8-4b0d-4c53-a374-e868a8555da7 0.548s
2025-12-12 09:55:23.311 66688 INFO tempest.lib.common.rest_client [req-0e237064-8fda-41e8-8b11-4716b4a2043a req-0e237064-8fda-41e8-8b11-4716b4a2043a ] Request (ImagesNegativeTestJSON:test_create_image_from_deleted_server): 200 GET http://10.180.1.21/compute/v2.1/servers/818c753d-4ab1-43ac-a9b3-70d97e20315f 0.576s
2025-12-12 09:55:23.323 66688 INFO tempest.common.waiters [-] State transition "BUILD/scheduling" ==> "BUILD/None" after 24 second wait
2025-12-12 09:55:23.331 66714 INFO tempest.lib.common.rest_client [req-cec73b81-6b1f-4c63-9b33-b1d56970a8e0 req-cec73b81-6b1f-4c63-9b33-b1d56970a8e0 ] Request (MultipleCreateTestJSON:test_multiple_create): 200 GET http://10.180.1.21/compute/v2.1/servers/3579c5f1-bd96-4514-9374-d783ba654932 0.513s
2025-12-12 09:55:23.353 66732 INFO tempest.lib.common.rest_client [req-bc1682c0-3b51-4704-9b79-246405e2a150 req-bc1682c0-3b51-4704-9b79-246405e2a150 ] Request (ListServersNegativeTestJSON:setUpClass): 201 POST http://10.180.1.21/identity/v3/users 0.090s
2025-12-12 09:55:23.371 66734 INFO tempest.lib.common.rest_client [req-9f764802-7374-4da6-b230-b512a1dd4b72 req-9f764802-7374-4da6-b230-b512a1dd4b72 ] Request (ServerDiskConfigTestJSON:test_resize_server_from_auto_to_manual): 200 GET http://10.180.1.21/compute/v2.1/servers/3833ffd6-ede1-42c6-b7aa-c29002a87351 0.507s
2025-12-12 09:55:23.376 66732 INFO tempest.lib.common.rest_client [req-78b82be3-e3b1-43e7-b1bd-35358c9c7f78 req-78b82be3-e3b1-43e7-b1bd-35358c9c7f78 ] Request (ListServersNegativeTestJSON:setUpClass): 200 GET http://10.180.1.21/identity/v3/roles 0.022s
2025-12-12 09:55:23.416 66732 INFO tempest.lib.common.rest_client [req-bfdd5333-bb31-43ca-b030-00024656dc8a req-bfdd5333-bb31-43ca-b030-00024656dc8a ] Request (ListServersNegativeTestJSON:setUpClass): 204 PUT http://10.180.1.21/identity/v3/projects/ceec47b37f2c4a63bf2f5b1e6f8af73c/users/45e3ed4556e1431ba60c380869e570ad/roles/2b368930e8a240e79564e72d66e827b0 0.039s
2025-12-12 09:55:23.416 66732 INFO tempest.lib.common.dynamic_creds [-] Dynamic test user 45e3ed4556e1431ba60c380869e570ad is created with scope project and roles: ['member']
2025-12-12 09:55:23.416 66732 INFO tempest.lib.common.dynamic_creds [-] Acquired dynamic creds: credentials: Credentials: {'domain_id': 'default', 'domain_name': 'Default', 'username': 'tempest-ListServersNegativeTestJSON-820033497-project-member', 'project_domain_id': 'default', 'project_domain_name': 'Default', 'project_id': 'ceec47b37f2c4a63bf2f5b1e6f8af73c', 'project_name': 'tempest-ListServersNegativeTestJSON-820033497', 'tenant_id': 'ceec47b37f2c4a63bf2f5b1e6f8af73c', 'tenant_name': 'tempest-ListServersNegativeTestJSON-820033497', 'user_domain_id': 'default', 'user_domain_name': 'Default', 'user_id': '45e3ed4556e1431ba60c380869e570ad', 'system': None}, Network: None, Subnet: None, Router: None
2025-12-12 09:55:23.444 66730 INFO tempest.lib.common.rest_client [req-c2128dea-8a2d-4ee5-8ab1-c69b2b3fec5d req-c2128dea-8a2d-4ee5-8ab1-c69b2b3fec5d ] Request (AttachVolumeNegativeTest:test_attach_attached_volume_to_different_server): 200 GET http://10.180.1.21/compute/v2.1/servers/08d382e4-bd23-4e18-86d8-dd36dc1772b4 0.418s
2025-12-12 09:55:23.479 66684 INFO tempest.lib.common.rest_client [req-25b04fe4-8a77-42ec-b420-c0f7329a1205 req-25b04fe4-8a77-42ec-b420-c0f7329a1205 ] Request (ServersV294TestFqdnHostnames:setUpClass): 200 GET http://10.180.1.21/compute/v2.1/servers/2f31532f-4d75-4187-9430-d55bedde71de 0.516s
2025-12-12 09:55:23.483 66732 INFO tempest.lib.common.rest_client [req-7c018235-182a-4ad3-b034-9f9ecab62aae req-7c018235-182a-4ad3-b034-9f9ecab62aae ] Request (ListServersNegativeTestJSON:setUpClass): 201 POST http://10.180.1.21/identity/v3/auth/tokens 0.066s
2025-12-12 09:55:23.719 66700 INFO tempest.lib.common.rest_client [req-e80a81e3-a490-4c93-b372-ee9ec07ad542 req-e80a81e3-a490-4c93-b372-ee9ec07ad542 ] Request (ServersListShow298Test:test_list_show_update_rebuild_server_298): 200 GET http://10.180.1.21/compute/v2.1/servers/2ba11f9e-0e54-43cf-8e09-250640b00095 0.246s
2025-12-12 09:55:23.754 66732 INFO tempest.lib.common.rest_client [req-cf39e955-43d5-424c-855b-7217a5725f5e req-cf39e955-43d5-424c-855b-7217a5725f5e ] Request (ListServersNegativeTestJSON:setUpClass): 201 POST http://10.180.1.21/networking/v2.0/networks 0.271s
2025-12-12 09:55:23.767 66716 INFO tempest.lib.common.rest_client [req-0c071ea7-9598-45ff-a0a7-ebb5bdd756c1 req-0c071ea7-9598-45ff-a0a7-ebb5bdd756c1 ] Request (ServerRescueTestJSON:tearDownClass): 200 GET http://10.180.1.21/compute/v2.1/servers/2877c534-5bb3-4aff-9d58-fab03276ab1e 0.119s
2025-12-12 09:55:23.904 66678 WARNING tempest.lib.common.ssh [-] Failed to establish authenticated ssh connection to cirros@10.180.180.247 ([Errno None] Unable to connect to port 22 on 10.180.180.247). Number attempts: 4. Retry after 5 seconds.: paramiko.ssh_exception.NoValidConnectionsError: [Errno None] Unable to connect to port 22 on 10.180.180.247
2025-12-12 09:55:23.946 66732 INFO tempest.lib.common.rest_client [req-71c08fc0-088f-4c2c-8782-820f223ae741 req-71c08fc0-088f-4c2c-8782-820f223ae741 ] Request (ListServersNegativeTestJSON:setUpClass): 201 POST http://10.180.1.21/networking/v2.0/subnets 0.191s
2025-12-12 09:55:23.998 66706 INFO tempest.lib.common.rest_client [req-0df3ec4f-2d7d-4539-88c2-ce138babc16c req-0df3ec4f-2d7d-4539-88c2-ce138babc16c ] Request (FloatingIPsAssociationNegativeTestJSON:tearDownClass): 200 GET http://10.180.1.21/compute/v2.1/servers/9ee5335b-fca7-4bab-a0b1-0c954551f13d 0.253s
2025-12-12 09:55:24.271 66708 WARNING tempest.lib.common.ssh [-] Failed to establish authenticated ssh connection to cirros@10.180.180.228 ([Errno None] Unable to connect to port 22 on 10.180.180.228). Number attempts: 8. Retry after 9 seconds.: paramiko.ssh_exception.NoValidConnectionsError: [Errno None] Unable to connect to port 22 on 10.180.180.228
2025-12-12 09:55:24.753 66732 INFO tempest.lib.common.rest_client [req-3d05340a-1e49-427f-b7c7-bdcc914ae01c req-3d05340a-1e49-427f-b7c7-bdcc914ae01c ] Request (ListServersNegativeTestJSON:setUpClass): 201 POST http://10.180.1.21/networking/v2.0/routers 0.806s
2025-12-12 09:55:24.804 66694 INFO tempest.lib.common.rest_client [req-e9787519-86d9-4a3a-bffe-b6b6f43468f2 req-e9787519-86d9-4a3a-bffe-b6b6f43468f2 ] Request (ImagesOneServerTestJSON:setUpClass): 200 GET http://10.180.1.21/compute/v2.1/servers/1d7c2273-68f6-4048-a2d7-552ce0b4f1e8 1.139s
2025-12-12 09:55:25.407 66728 INFO tempest.lib.common.rest_client [req-8cc99581-d481-452d-948f-f5ffb372b8df req-8cc99581-d481-452d-948f-f5ffb372b8df ] Request (MigrationsAdminTest:test_resize_server_revert_deleted_flavor): 200 GET http://10.180.1.21/compute/v2.1/servers/c7a55abe-d24e-4e15-a041-9c1892305fbc 1.627s
2025-12-12 09:55:25.419 66692 INFO tempest.lib.common.rest_client [req-75bfd421-7e5f-4eba-81aa-d8015f5b45af req-75bfd421-7e5f-4eba-81aa-d8015f5b45af ] Request (ServerGroupTestJSON:test_create_server_with_scheduler_hint_group): 200 GET http://10.180.1.21/compute/v2.1/servers/3829c2fc-08f3-4bfc-bbef-808c2929c29b 1.608s
2025-12-12 09:55:25.470 66710 INFO tempest.lib.common.rest_client [req-b7320fe4-b58d-4a75-8ed1-babb1125e4b9 req-b7320fe4-b58d-4a75-8ed1-babb1125e4b9 ] Request (ServerAddressesTestJSON:tearDownClass): 200 GET http://10.180.1.21/compute/v2.1/servers/036d1636-8c79-478a-9d28-9f603e1912fe 1.611s
2025-12-12 09:55:25.493 66696 INFO tempest.lib.common.rest_client [req-3e5a98be-a74b-4e3b-95a9-9532d767178e req-3e5a98be-a74b-4e3b-95a9-9532d767178e ] Request (ServersAdminNegativeTestJSON:tearDownClass): 200 GET http://10.180.1.21/compute/v2.1/servers/1137c6c2-9f76-4a9c-ab1e-6f0331914394 1.606s
2025-12-12 09:55:25.520 66702 INFO tempest.lib.common.rest_client [req-02ab6156-7e6b-41db-9277-e25a13b6debe req-02ab6156-7e6b-41db-9277-e25a13b6debe ] Request (ServerDiagnosticsV248Test:test_get_server_diagnostics): 200 GET http://10.180.1.21/compute/v2.1/servers/f9e6f60b-b8ff-4852-b359-bf7beaff376e 1.552s
2025-12-12 09:55:25.575 66736 INFO tempest.lib.common.rest_client [req-42aee72f-9bd2-4e5e-a474-9d3653fc613d req-42aee72f-9bd2-4e5e-a474-9d3653fc613d ] Request (ServersListShow296Test:tearDownClass): 200 GET http://10.180.1.21/compute/v2.1/servers/269d151b-abe1-4d7e-b75a-03219f2b2a21 1.597s
2025-12-12 09:55:25.583 66720 INFO tempest.lib.common.rest_client [req-05138623-adc8-4c81-b33f-64f255aae247 req-05138623-adc8-4c81-b33f-64f255aae247 ] Request (ServerRescueNegativeTestJSON:setUpClass): 200 GET http://10.180.1.21/compute/v2.1/servers/1234794d-ba36-4d7b-acda-d701f7115f51 1.539s
2025-12-12 09:55:25.644 66682 INFO tempest.lib.common.rest_client [req-1b55101e-08e3-4afd-8b61-0d0b429c69db req-1b55101e-08e3-4afd-8b61-0d0b429c69db ] Request (SecurityGroupsTestJSON:test_server_security_groups): 200 GET http://10.180.1.21/compute/v2.1/servers/8986392e-fe3c-41b8-b8af-3647b60429e9 1.538s
2025-12-12 09:55:25.664 66674 INFO tempest.lib.common.rest_client [req-b084cdcb-2c1d-4481-a325-11b0dcd3d427 req-b084cdcb-2c1d-4481-a325-11b0dcd3d427 ] Request (ServersAdmin275Test:_run_cleanups): 200 GET http://10.180.1.21/compute/v2.1/servers/a38ed16a-e5ea-492c-becb-a59da074cbf6 1.573s
2025-12-12 09:55:25.677 66674 INFO tempest.common.waiters [-] State transition "REBUILD/rebuilding" ==> "REBUILD/rebuild_block_device_mapping" after 2 second wait
2025-12-12 09:55:25.700 66732 INFO tempest.lib.common.rest_client [req-a5ade0b7-894c-4e3f-b28d-598313f06ac5 req-a5ade0b7-894c-4e3f-b28d-598313f06ac5 ] Request (ListServersNegativeTestJSON:setUpClass): 200 PUT http://10.180.1.21/networking/v2.0/routers/e8a1e0cd-3d5e-477c-851d-e39920071e2b/add_router_interface 0.946s
2025-12-12 09:55:25.700 66676 INFO tempest.lib.common.rest_client [req-993a63f0-8807-42fa-9963-331c7a1e23e9 req-993a63f0-8807-42fa-9963-331c7a1e23e9 ] Request (ServersAdminTestJSON:test_create_server_with_scheduling_hint): 200 GET http://10.180.1.21/compute/v2.1/servers/c801ec54-3064-49c1-bd71-c5caf7f83a6a 1.548s
2025-12-12 09:55:25.700 66732 INFO tempest.lib.common.dynamic_creds [-] Created isolated network resources for: credentials: Credentials: {'domain_id': 'default', 'domain_name': 'Default', 'username': 'tempest-ListServersNegativeTestJSON-820033497-project-member', 'project_domain_id': 'default', 'project_domain_name': 'Default', 'project_id': 'ceec47b37f2c4a63bf2f5b1e6f8af73c', 'project_name': 'tempest-ListServersNegativeTestJSON-820033497', 'tenant_id': 'ceec47b37f2c4a63bf2f5b1e6f8af73c', 'tenant_name': 'tempest-ListServersNegativeTestJSON-820033497', 'user_domain_id': 'default', 'user_domain_name': 'Default', 'user_id': '45e3ed4556e1431ba60c380869e570ad', 'system': None}, Network: {'id': '0a2b87ca-03db-4cad-ac6a-12867dbdec12', 'name': 'tempest-ListServersNegativeTestJSON-705004614-network', 'tenant_id': 'ceec47b37f2c4a63bf2f5b1e6f8af73c', 'project_id': 'ceec47b37f2c4a63bf2f5b1e6f8af73c', 'admin_state_up': True, 'mtu': 8950, 'status': 'ACTIVE', 'subnets': [], 'shared': False, 'port_security_enabled': True, 'router:external': False, 'provider:network_type': 'vlan', 'provider:physical_network': 'default', 'provider:segmentation_id': 436, 'availability_zone_hints': [], 'availability_zones': [], 'ipv4_address_scope': None, 'ipv6_address_scope': None, 'description': '', 'tags': [], 'created_at': '2025-12-12T09:55:23Z', 'updated_at': '2025-12-12T09:55:23Z', 'revision_number': 1}, Subnet: {'id': '4856a596-f2ec-444f-9fd7-b26d4c957f2c', 'name': 'tempest-ListServersNegativeTestJSON-705004614-subnet', 'tenant_id': 'ceec47b37f2c4a63bf2f5b1e6f8af73c', 'network_id': '0a2b87ca-03db-4cad-ac6a-12867dbdec12', 'ip_version': 4, 'subnetpool_id': None, 'enable_dhcp': True, 'ipv6_ra_mode': None, 'ipv6_address_mode': None, 'gateway_ip': '192.168.128.1', 'cidr': '192.168.128.0/28', 'allocation_pools': [{'start': '192.168.128.2', 'end': '192.168.128.14'}], 'host_routes': [], 'dns_nameservers': [], 'description': '', 'router:external': False, 'service_types': [], 'tags': [], 'created_at': '2025-12-12T09:55:23Z', 'updated_at': '2025-12-12T09:55:23Z', 'revision_number': 0, 'project_id': 'ceec47b37f2c4a63bf2f5b1e6f8af73c'}, Router: {'id': 'e8a1e0cd-3d5e-477c-851d-e39920071e2b', 'name': 'tempest-ListServersNegativeTestJSON-705004614-router', 'tenant_id': 'ceec47b37f2c4a63bf2f5b1e6f8af73c', 'admin_state_up': True, 'status': 'ACTIVE', 'external_gateway_info': {'network_id': 'e55ab1d3-464e-4059-879f-5ecee34114f8', 'external_fixed_ips': [{'subnet_id': '1222f36e-59bc-4fd7-adef-c08583a6c419', 'ip_address': '10.180.180.232'}], 'enable_snat': True}, 'description': '', 'availability_zones': [], 'distributed': False, 'ha': False, 'availability_zone_hints': [], 'routes': [], 'flavor_id': None, 'tags': [], 'created_at': '2025-12-12T09:55:24Z', 'updated_at': '2025-12-12T09:55:24Z', 'revision_number': 2, 'project_id': 'ceec47b37f2c4a63bf2f5b1e6f8af73c'}
2025-12-12 09:55:25.724 66712 INFO tempest.lib.common.rest_client [req-96b89cd1-9862-42cc-ae36-7859c036f061 req-96b89cd1-9862-42cc-ae36-7859c036f061 ] Request (ServersTestFqdnHostnames:tearDownClass): 200 GET http://10.180.1.21/compute/v2.1/servers/de397c8b-fe13-4aea-963e-868c378e8f90 1.522s
2025-12-12 09:55:25.776 66686 INFO tempest.lib.common.rest_client [req-3f39e1b0-c1a5-4a51-8c2e-0ebcf529c177 req-3f39e1b0-c1a5-4a51-8c2e-0ebcf529c177 ] Request (DeleteServersTestJSON:test_delete_server_while_in_shelved_state): 200 GET http://10.180.1.21/compute/v2.1/servers/260d13c8-4b0d-4c53-a374-e868a8555da7 1.502s
2025-12-12 09:55:25.792 66732 INFO tempest.lib.common.rest_client [req-107c0af4-5bc4-4cb0-b1a6-233fa80a36fd req-107c0af4-5bc4-4cb0-b1a6-233fa80a36fd ] Request (ListServersNegativeTestJSON:setUpClass): 201 POST http://10.180.1.21/identity/v3/auth/tokens 0.088s
2025-12-12 09:55:25.835 66688 INFO tempest.lib.common.rest_client [req-441e2ed9-446c-4a75-a755-01ded73e3bab req-441e2ed9-446c-4a75-a755-01ded73e3bab ] Request (ImagesNegativeTestJSON:test_create_image_from_deleted_server): 200 GET http://10.180.1.21/compute/v2.1/servers/818c753d-4ab1-43ac-a9b3-70d97e20315f 1.511s
2025-12-12 09:55:25.838 66732 INFO tempest.lib.common.rest_client [req-e26b484b-7dbe-40f6-bb06-4ab6ecbfc4cc req-e26b484b-7dbe-40f6-bb06-4ab6ecbfc4cc ] Request (ListServersNegativeTestJSON:setUpClass): 201 POST http://10.180.1.21/identity/v3/auth/tokens 0.040s
2025-12-12 09:55:25.838 66732 INFO tempest.lib.common.fixed_network [-] (ListServersNegativeTestJSON:setUpClass) Found network {'id': '0a2b87ca-03db-4cad-ac6a-12867dbdec12', 'name': 'tempest-ListServersNegativeTestJSON-705004614-network', 'tenant_id': 'ceec47b37f2c4a63bf2f5b1e6f8af73c', 'project_id': 'ceec47b37f2c4a63bf2f5b1e6f8af73c', 'admin_state_up': True, 'mtu': 8950, 'status': 'ACTIVE', 'subnets': [], 'shared': False, 'port_security_enabled': True, 'router:external': False, 'provider:network_type': 'vlan', 'provider:physical_network': 'default', 'provider:segmentation_id': 436, 'availability_zone_hints': [], 'availability_zones': [], 'ipv4_address_scope': None, 'ipv6_address_scope': None, 'description': '', 'tags': [], 'created_at': '2025-12-12T09:55:23Z', 'updated_at': '2025-12-12T09:55:23Z', 'revision_number': 1} available for tenant
2025-12-12 09:55:25.896 66698 WARNING tempest.lib.common.ssh [-] Failed to establish authenticated ssh connection to cirros@10.180.180.130 ([Errno None] Unable to connect to port 22 on 10.180.180.130). Number attempts: 10. Retry after 11 seconds.: paramiko.ssh_exception.NoValidConnectionsError: [Errno None] Unable to connect to port 22 on 10.180.180.130
2025-12-12 09:55:25.904 66714 INFO tempest.lib.common.rest_client [req-1c911451-212d-4b56-b17e-96c1ba2c361e req-1c911451-212d-4b56-b17e-96c1ba2c361e ] Request (MultipleCreateTestJSON:test_multiple_create): 200 GET http://10.180.1.21/compute/v2.1/servers/3579c5f1-bd96-4514-9374-d783ba654932 1.565s
2025-12-12 09:55:25.912 66714 INFO tempest.common.waiters [-] State transition "BUILD/None" ==> "BUILD/networking" after 42 second wait
2025-12-12 09:55:25.970 66734 INFO tempest.lib.common.rest_client [req-94375b1e-e7f1-4618-854c-1c3d85fab7b8 req-94375b1e-e7f1-4618-854c-1c3d85fab7b8 ] Request (ServerDiskConfigTestJSON:test_resize_server_from_auto_to_manual): 200 GET http://10.180.1.21/compute/v2.1/servers/3833ffd6-ede1-42c6-b7aa-c29002a87351 1.587s
2025-12-12 09:55:26.029 66724 INFO tempest.lib.common.rest_client [req-aa493600-5462-4668-a560-88640b355332 req-aa493600-5462-4668-a560-88640b355332 ] Request (ListImageFiltersTestJSON:tearDownClass): 200 GET http://10.180.1.21/compute/v2.1/servers/8080cbef-c6d4-4137-84a0-3c1742be2f04 1.791s
2025-12-12 09:55:26.039 66730 INFO tempest.lib.common.rest_client [req-b9fbef2d-5388-4340-8274-6f98d06936bf req-b9fbef2d-5388-4340-8274-6f98d06936bf ] Request (AttachVolumeNegativeTest:test_attach_attached_volume_to_different_server): 200 GET http://10.180.1.21/compute/v2.1/servers/08d382e4-bd23-4e18-86d8-dd36dc1772b4 1.586s
2025-12-12 09:55:26.045 66730 INFO tempest.common.waiters [-] State transition "BUILD/scheduling" ==> "BUILD/None" after 25 second wait
2025-12-12 09:55:26.049 66704 WARNING tempest.lib.common.ssh [-] Failed to establish authenticated ssh connection to cirros@10.180.180.189 ([Errno None] Unable to connect to port 22 on 10.180.180.189). Number attempts: 6. Retry after 7 seconds.: paramiko.ssh_exception.NoValidConnectionsError: [Errno None] Unable to connect to port 22 on 10.180.180.189
2025-12-12 09:55:26.151 66700 INFO tempest.lib.common.rest_client [req-e4a4636a-c76c-4f4a-95f1-800931cdb330 req-e4a4636a-c76c-4f4a-95f1-800931cdb330 ] Request (ServersListShow298Test:test_list_show_update_rebuild_server_298): 200 GET http://10.180.1.21/compute/v2.1/servers/2ba11f9e-0e54-43cf-8e09-250640b00095 1.416s
2025-12-12 09:55:26.179 66684 INFO tempest.lib.common.rest_client [req-80b2d367-41d4-4fe3-86f1-32a2e0028213 req-80b2d367-41d4-4fe3-86f1-32a2e0028213 ] Request (ServersV294TestFqdnHostnames:setUpClass): 200 GET http://10.180.1.21/compute/v2.1/servers/2f31532f-4d75-4187-9430-d55bedde71de 1.687s
2025-12-12 09:55:26.188 66684 INFO tempest.common.waiters [-] State transition "BUILD/spawning" ==> "ACTIVE/None" after 47 second wait
2025-12-12 09:55:26.220 66716 INFO tempest.lib.common.rest_client [req-c1516456-3897-42e9-a182-5d469a579084 req-c1516456-3897-42e9-a182-5d469a579084 ] Request (ServerRescueTestJSON:tearDownClass): 200 GET http://10.180.1.21/compute/v2.1/servers/2877c534-5bb3-4aff-9d58-fab03276ab1e 1.440s
2025-12-12 09:55:26.234 66726 WARNING tempest.lib.common.ssh [-] Failed to establish authenticated ssh connection to cirros@10.180.180.224 ([Errno None] Unable to connect to port 22 on 10.180.180.224). Number attempts: 6. Retry after 7 seconds.: paramiko.ssh_exception.NoValidConnectionsError: [Errno None] Unable to connect to port 22 on 10.180.180.224
2025-12-12 09:55:26.275 66706 INFO tempest.lib.common.rest_client [req-5496181e-ca87-47a1-bad2-1be95ff1ddb0 req-5496181e-ca87-47a1-bad2-1be95ff1ddb0 ] Request (FloatingIPsAssociationNegativeTestJSON:tearDownClass): 200 GET http://10.180.1.21/compute/v2.1/servers/9ee5335b-fca7-4bab-a0b1-0c954551f13d 1.269s
2025-12-12 09:55:26.460 66694 INFO tempest.lib.common.rest_client [req-dadf5c74-d29a-4503-953f-d91d68981505 req-dadf5c74-d29a-4503-953f-d91d68981505 ] Request (ImagesOneServerTestJSON:setUpClass): 200 GET http://10.180.1.21/compute/v2.1/servers/1d7c2273-68f6-4048-a2d7-552ce0b4f1e8 0.646s
2025-12-12 09:55:26.467 66694 INFO tempest.common.waiters [-] State transition "BUILD/spawning" ==> "ACTIVE/None" after 50 second wait
2025-12-12 09:55:26.584 66684 INFO tempest.lib.common.rest_client [req-84e366ac-fee5-4822-a128-1514dd5fddff req-84e366ac-fee5-4822-a128-1514dd5fddff ] Request (ServersV294TestFqdnHostnames:setUpClass): 200 GET http://10.180.1.21/compute/v2.1/servers/2f31532f-4d75-4187-9430-d55bedde71de/os-interface 0.395s
2025-12-12 09:55:27.135 66684 INFO tempest.lib.common.rest_client [req-d033219d-43f8-46f9-899e-600175ee0309 req-d033219d-43f8-46f9-899e-600175ee0309 ] Request (ServersV294TestFqdnHostnames:setUpClass): 200 PUT http://10.180.1.21/networking/v2.0/floatingips/8b4fcf7b-1c1e-4f4f-a10c-b2d495512be1 0.548s
2025-12-12 09:55:27.375 66728 INFO tempest.lib.common.rest_client [req-6e91a134-f5a0-4c7f-980a-04de504c1bfe req-6e91a134-f5a0-4c7f-980a-04de504c1bfe ] Request (MigrationsAdminTest:test_resize_server_revert_deleted_flavor): 200 GET http://10.180.1.21/compute/v2.1/servers/c7a55abe-d24e-4e15-a041-9c1892305fbc 0.958s
2025-12-12 09:55:27.457 66692 INFO tempest.lib.common.rest_client [req-dd3f0224-5e67-4336-a8c9-de7667f3d103 req-dd3f0224-5e67-4336-a8c9-de7667f3d103 ] Request (ServerGroupTestJSON:test_create_server_with_scheduler_hint_group): 200 GET http://10.180.1.21/compute/v2.1/servers/3829c2fc-08f3-4bfc-bbef-808c2929c29b 1.025s
2025-12-12 09:55:27.535 66732 INFO tempest.lib.common.rest_client [req-44e53b2b-0b19-4df3-acd8-e3a5c4a60c60 req-44e53b2b-0b19-4df3-acd8-e3a5c4a60c60 ] Request (ListServersNegativeTestJSON:setUpClass): 202 POST http://10.180.1.21/compute/v2.1/servers 1.696s
2025-12-12 09:55:27.600 66710 INFO tempest.lib.common.rest_client [req-7728bcdd-7ba5-4b17-b8f9-126635394288 req-7728bcdd-7ba5-4b17-b8f9-126635394288 ] Request (ServerAddressesTestJSON:tearDownClass): 200 GET http://10.180.1.21/compute/v2.1/servers/036d1636-8c79-478a-9d28-9f603e1912fe 1.121s
2025-12-12 09:55:27.666 66696 INFO tempest.lib.common.rest_client [req-d9736f2a-f7b3-45bd-ad8f-f3da08893864 req-d9736f2a-f7b3-45bd-ad8f-f3da08893864 ] Request (ServersAdminNegativeTestJSON:tearDownClass): 200 GET http://10.180.1.21/compute/v2.1/servers/1137c6c2-9f76-4a9c-ab1e-6f0331914394 1.161s
2025-12-12 09:55:27.730 66702 INFO tempest.lib.common.rest_client [req-ced5f0ef-73a8-4746-b7fb-b9f1ff444862 req-ced5f0ef-73a8-4746-b7fb-b9f1ff444862 ] Request (ServerDiagnosticsV248Test:test_get_server_diagnostics): 200 GET http://10.180.1.21/compute/v2.1/servers/f9e6f60b-b8ff-4852-b359-bf7beaff376e 1.198s
2025-12-12 09:55:27.814 66736 INFO tempest.lib.common.rest_client [req-2d55e910-7e6b-48a4-af48-ca918c8fb184 req-2d55e910-7e6b-48a4-af48-ca918c8fb184 ] Request (ServersListShow296Test:tearDownClass): 200 GET http://10.180.1.21/compute/v2.1/servers/269d151b-abe1-4d7e-b75a-03219f2b2a21 1.229s
2025-12-12 09:55:27.873 66720 INFO tempest.lib.common.rest_client [req-0544ab07-8720-4b71-9c04-c95ec90a836c req-0544ab07-8720-4b71-9c04-c95ec90a836c ] Request (ServerRescueNegativeTestJSON:setUpClass): 200 GET http://10.180.1.21/compute/v2.1/servers/1234794d-ba36-4d7b-acda-d701f7115f51 1.282s
2025-12-12 09:55:27.941 66682 INFO tempest.lib.common.rest_client [req-10d12c6d-a063-42aa-9ac6-dee7607a576a req-10d12c6d-a063-42aa-9ac6-dee7607a576a ] Request (SecurityGroupsTestJSON:test_server_security_groups): 200 GET http://10.180.1.21/compute/v2.1/servers/8986392e-fe3c-41b8-b8af-3647b60429e9 1.283s
2025-12-12 09:55:27.999 66694 INFO tempest.lib.common.rest_client [req-08549792-a9a4-4eed-8e21-609458f3bd42 req-08549792-a9a4-4eed-8e21-609458f3bd42 ] Request (ImagesOneServerTestJSON:test_create_delete_image): 202 POST http://10.180.1.21/compute/v2.1/servers/1d7c2273-68f6-4048-a2d7-552ce0b4f1e8/action 1.529s
2025-12-12 09:55:28.052 66674 INFO tempest.lib.common.rest_client [req-28351b64-c44d-4137-a45b-0f71a31f977a req-28351b64-c44d-4137-a45b-0f71a31f977a ] Request (ServersAdmin275Test:_run_cleanups): 200 GET http://10.180.1.21/compute/v2.1/servers/a38ed16a-e5ea-492c-becb-a59da074cbf6 1.374s
2025-12-12 09:55:28.062 66676 INFO tempest.lib.common.rest_client [req-3496773a-e452-4382-bb03-a39a0e706e5c req-3496773a-e452-4382-bb03-a39a0e706e5c ] Request (ServersAdminTestJSON:test_create_server_with_scheduling_hint): 200 GET http://10.180.1.21/compute/v2.1/servers/c801ec54-3064-49c1-bd71-c5caf7f83a6a 1.352s
2025-12-12 09:55:28.063 66674 INFO tempest.common.waiters [-] State transition "REBUILD/rebuild_block_device_mapping" ==> "REBUILD/rebuild_spawning" after 5 second wait
2025-12-12 09:55:28.125 66712 INFO tempest.lib.common.rest_client [req-163ae75e-c402-464e-85d2-656a1557f273 req-163ae75e-c402-464e-85d2-656a1557f273 ] Request (ServersTestFqdnHostnames:tearDownClass): 200 GET http://10.180.1.21/compute/v2.1/servers/de397c8b-fe13-4aea-963e-868c378e8f90 1.392s
