2025-12-12 09:55:59.540 66686 INFO tempest.lib.common.rest_client [req-956b24c9-9742-4856-9aab-d74d03df48f2 req-956b24c9-9742-4856-9aab-d74d03df48f2 ] Request (DeleteServersTestJSON:test_delete_server_while_in_shelved_state): 200 GET http://10.180.1.21/compute/v2.1/servers/260d13c8-4b0d-4c53-a374-e868a8555da7 0.074s
2025-12-12 09:55:59.584 66682 INFO tempest.lib.common.rest_client [req-4bafa00b-7224-4979-8623-5bebe3dabd6a req-4bafa00b-7224-4979-8623-5bebe3dabd6a ] Request (SecurityGroupsTestJSON:test_server_security_groups): 202 POST http://10.180.1.21/compute/v2.1/servers/8986392e-fe3c-41b8-b8af-3647b60429e9/action 0.090s
2025-12-12 09:55:59.674 66720 INFO tempest.lib.common.rest_client [req-46615b71-443c-4086-8784-4dbf584ed3b0 req-46615b71-443c-4086-8784-4dbf584ed3b0 ] Request (ServerRescueNegativeTestJSON:setUpClass): 200 GET http://10.180.1.21/compute/v2.1/servers/1234794d-ba36-4d7b-acda-d701f7115f51 0.098s
2025-12-12 09:55:59.681 66720 INFO tempest.common.waiters [-] State transition "ACTIVE/rescuing" ==> "RESCUE/None" after 9 second wait
2025-12-12 09:55:59.682 66682 INFO tempest.lib.common.rest_client [req-9aa5292e-0d24-4b88-ac89-397b624c84f2 req-9aa5292e-0d24-4b88-ac89-397b624c84f2 ] Request (SecurityGroupsTestJSON:test_server_security_groups): 200 GET http://10.180.1.21/compute/v2.1/servers/8986392e-fe3c-41b8-b8af-3647b60429e9 0.098s
2025-12-12 09:55:59.740 66736 INFO tempest.lib.common.rest_client [req-9227c3d0-e19c-4066-a6e7-bad208128909 req-9227c3d0-e19c-4066-a6e7-bad208128909 ] Request (ServersListShow296Test:tearDownClass): 200 GET http://10.180.1.21/compute/v2.1/servers/269d151b-abe1-4d7e-b75a-03219f2b2a21 0.083s
2025-12-12 09:55:59.782 66720 INFO tempest.lib.common.rest_client [req-d2db2e09-72f0-4495-8031-050964879a52 req-d2db2e09-72f0-4495-8031-050964879a52 ] Request (ServerRescueNegativeTestJSON:setUpClass): 200 GET http://10.180.1.21/compute/v2.1/servers/c8cdb724-af3a-4bbd-a26f-2f52e6106bb4 0.100s
2025-12-12 09:55:59.829 66676 INFO tempest.lib.common.rest_client [req-8d41cca0-7da3-4d80-ad1c-bb9cdcc6b40d req-8d41cca0-7da3-4d80-ad1c-bb9cdcc6b40d ] Request (ServersAdminTestJSON:test_inject_network_info): 200 GET http://10.180.1.21/compute/v2.1/servers/a5ac305c-76f2-4d27-b989-ecc842daf938 0.125s
2025-12-12 09:55:59.832 66728 INFO tempest.lib.common.rest_client [req-41444dae-6ce5-46e9-81de-638efc528f5c req-41444dae-6ce5-46e9-81de-638efc528f5c ] Request (MigrationsAdminTest:test_resize_server_revert_deleted_flavor): 200 GET http://10.180.1.21/compute/v2.1/servers/c7a55abe-d24e-4e15-a041-9c1892305fbc 0.144s
2025-12-12 09:55:59.841 66720 INFO tempest.lib.common.rest_client [req-704cced1-5ef1-492a-b8ab-6043fce0b2b2 req-704cced1-5ef1-492a-b8ab-6043fce0b2b2 ] Request (ServerRescueNegativeTestJSON:test_rescue_non_existent_server): 404 POST http://10.180.1.21/compute/v2.1/servers/51e9196a-a558-499a-9293-43354514831f/action 0.050s
2025-12-12 09:55:59.888 66714 INFO tempest.lib.common.rest_client [req-22177ba8-84ce-4395-b560-41b5b1cfc5a2 req-22177ba8-84ce-4395-b560-41b5b1cfc5a2 ] Request (MultipleCreateTestJSON:_run_cleanups): 200 GET http://10.180.1.21/compute/v2.1/servers/f15ff3cd-3cf7-49c6-ae44-832dd982915e 0.109s
2025-12-12 09:55:59.891 66734 INFO tempest.lib.common.rest_client [req-72a0795a-a974-4de4-a425-526e7cd46bb5 req-72a0795a-a974-4de4-a425-526e7cd46bb5 ] Request (ServerDiskConfigTestJSON:test_resize_server_from_auto_to_manual): 200 GET http://10.180.1.21/compute/v2.1/servers/3833ffd6-ede1-42c6-b7aa-c29002a87351 0.065s
2025-12-12 09:55:59.951 66688 INFO tempest.lib.common.rest_client [req-a9425b8f-59dd-4829-91d0-ceda86b4f11d req-a9425b8f-59dd-4829-91d0-ceda86b4f11d ] Request (ImagesNegativeTestJSON:test_create_image_from_deleted_server): 200 GET http://10.180.1.21/compute/v2.1/servers/818c753d-4ab1-43ac-a9b3-70d97e20315f 0.073s
2025-12-12 09:56:00.011 66730 INFO tempest.lib.common.rest_client [req-462b98b9-974e-4027-a862-e2c6d38de98d req-462b98b9-974e-4027-a862-e2c6d38de98d ] Request (AttachVolumeNegativeTest:test_attach_attached_volume_to_different_server): 200 GET http://10.180.1.21/compute/v2.1/servers/08d382e4-bd23-4e18-86d8-dd36dc1772b4 0.066s
2025-12-12 09:56:00.012 66720 INFO tempest.lib.common.rest_client [req-a74b21fd-6b06-4918-8710-db2b68d6fb36 req-a74b21fd-6b06-4918-8710-db2b68d6fb36 ] Request (ServerRescueNegativeTestJSON:test_rescued_vm_attach_volume): 202 POST http://10.180.1.21/volume/v3/volumes 0.169s
2025-12-12 09:56:00.024 66724 INFO tempest.lib.common.rest_client [req-736b97da-143b-4765-9259-18d3a8ea31e9 req-736b97da-143b-4765-9259-18d3a8ea31e9 ] Request (ListImageFiltersTestJSON:tearDownClass): 200 GET http://10.180.1.21/compute/v2.1/servers/8080cbef-c6d4-4137-84a0-3c1742be2f04 0.080s
2025-12-12 09:56:00.059 66720 INFO tempest.lib.common.rest_client [req-cbc4218b-4282-471e-bebe-c1929f6a9f9c req-cbc4218b-4282-471e-bebe-c1929f6a9f9c ] Request (ServerRescueNegativeTestJSON:test_rescued_vm_attach_volume): 200 GET http://10.180.1.21/volume/v3/volumes/51b51a91-4990-48ef-b516-a3ff75ab62b8 0.038s
2025-12-12 09:56:00.082 66710 INFO tempest.lib.common.rest_client [req-c9beda0c-39e9-4b57-8ab4-52062d052608 req-c9beda0c-39e9-4b57-8ab4-52062d052608 ] Request (ServersTestJSON:test_create_server_specify_multibyte_character_name): 200 GET http://10.180.1.21/compute/v2.1/servers/0a1e9474-191e-4f04-b127-c017467ec768 0.066s
2025-12-12 09:56:00.193 66708 INFO tempest.lib.common.rest_client [req-c83406ce-c91f-4767-a1d1-95b1b0292408 req-c83406ce-c91f-4767-a1d1-95b1b0292408 ] Request (ServersWithSpecificFlavorTestJSON:_run_cleanups): 200 GET http://10.180.1.21/compute/v2.1/servers/cad7d6b9-e6db-475e-b3e2-cfef6c29a30c 0.118s
2025-12-12 09:56:00.210 66692 INFO tempest.lib.common.rest_client [req-4dec8588-cdc3-4f31-8dff-f86754b4c5c3 req-4dec8588-cdc3-4f31-8dff-f86754b4c5c3 ] Request (ServerGroupTestJSON:test_create_server_with_scheduler_hint_group): 200 GET http://10.180.1.21/compute/v2.1/servers/3829c2fc-08f3-4bfc-bbef-808c2929c29b 0.085s
2025-12-12 09:56:00.276 66700 INFO tempest.lib.common.rest_client [req-716e3db5-60c8-4a8f-aa1f-93953749b64d req-716e3db5-60c8-4a8f-aa1f-93953749b64d ] Request (ServersListShow298Test:test_list_show_update_rebuild_server_298): 200 GET http://10.180.1.21/compute/v2.1/servers/2ba11f9e-0e54-43cf-8e09-250640b00095 0.081s
2025-12-12 09:56:00.280 66694 INFO tempest.lib.common.rest_client [req-6e6b0bc6-fde1-466b-bd2c-26697ef1d310 req-6e6b0bc6-fde1-466b-bd2c-26697ef1d310 ] Request (ImagesOneServerTestJSON:test_create_image_specify_multibyte_character_image_name): 200 GET http://10.180.1.21/compute/v2.1/images/af823214-2fc1-4738-85e4-6258ddb6544b 0.056s
2025-12-12 09:56:00.354 66732 INFO tempest.lib.common.rest_client [req-bbd477b8-e91c-440c-90c0-28e19922393f req-bbd477b8-e91c-440c-90c0-28e19922393f ] Request (ListServersNegativeTestJSON:setUpClass): 200 GET http://10.180.1.21/compute/v2.1/servers/02f3df26-1f55-4eb0-8760-bca164f5a06f 0.061s
2025-12-12 09:56:00.420 66702 INFO tempest.lib.common.rest_client [req-8fc1e668-f3c4-44c8-9d6a-f6326c82b4f1 req-8fc1e668-f3c4-44c8-9d6a-f6326c82b4f1 ] Request (ServerDiagnosticsV248Test:test_get_server_diagnostics): 200 GET http://10.180.1.21/compute/v2.1/servers/f9e6f60b-b8ff-4852-b359-bf7beaff376e 0.063s
2025-12-12 09:56:00.452 66696 INFO tempest.lib.common.rest_client [req-0626ac32-2f3d-4b6e-a70f-f6abfa0cbc52 req-0626ac32-2f3d-4b6e-a70f-f6abfa0cbc52 ] Request (ServersAdminNegativeTestJSON:tearDownClass): 200 GET http://10.180.1.21/compute/v2.1/servers/1137c6c2-9f76-4a9c-ab1e-6f0331914394 0.072s
2025-12-12 09:56:00.488 66674 INFO tempest.lib.common.rest_client [req-04589dbf-fe24-4b60-a5ed-be7266878e6f req-04589dbf-fe24-4b60-a5ed-be7266878e6f ] Request (ServersAdmin275Test:tearDownClass): 200 GET http://10.180.1.21/compute/v2.1/servers/a38ed16a-e5ea-492c-becb-a59da074cbf6 0.068s
2025-12-12 09:56:00.508 66706 INFO tempest.lib.common.rest_client [req-9057c4de-dc0d-4dd4-a820-3f2ad33abd58 req-9057c4de-dc0d-4dd4-a820-3f2ad33abd58 ] Request (AttachVolumeShelveTestJSON:test_attach_volume_shelved_or_offload_server): 200 GET http://10.180.1.21/compute/v2.1/servers/c7d2348f-62d6-4d83-9a5d-c08db0e6be02 0.080s
2025-12-12 09:56:00.544 66704 INFO tempest.lib.common.rest_client [req-30e6569d-3a6c-4d40-b073-4dddc2ab8ba6 req-30e6569d-3a6c-4d40-b073-4dddc2ab8ba6 ] Request (ServersTestBootFromVolume:tearDownClass): 200 GET http://10.180.1.21/compute/v2.1/servers/445ea162-633e-4cde-80c3-792af644c567 0.059s
2025-12-12 09:56:00.594 66716 INFO tempest.lib.common.rest_client [req-5f6160a0-af20-48af-a581-d186dd1115d3 req-5f6160a0-af20-48af-a581-d186dd1115d3 ] Request (ServerShowV257Test:test_rebuild_server): 200 GET http://10.180.1.21/compute/v2.1/servers/153e6f25-da48-4f32-948a-9ea60680fdcd 0.055s
2025-12-12 09:56:00.597 66686 INFO tempest.lib.common.rest_client [req-dbf85640-aeec-4d26-a7f5-ac0b992a9ae6 req-dbf85640-aeec-4d26-a7f5-ac0b992a9ae6 ] Request (DeleteServersTestJSON:test_delete_server_while_in_shelved_state): 200 GET http://10.180.1.21/compute/v2.1/servers/260d13c8-4b0d-4c53-a374-e868a8555da7 0.050s
2025-12-12 09:56:00.796 66682 INFO tempest.lib.common.rest_client [req-efcfad8d-8998-4412-b241-9e1b6f400a49 req-efcfad8d-8998-4412-b241-9e1b6f400a49 ] Request (SecurityGroupsTestJSON:test_server_security_groups): 200 GET http://10.180.1.21/compute/v2.1/servers/8986392e-fe3c-41b8-b8af-3647b60429e9 0.105s
2025-12-12 09:56:00.823 66736 INFO tempest.lib.common.rest_client [req-f68d8c91-8e57-47cc-b742-1b732832b455 req-f68d8c91-8e57-47cc-b742-1b732832b455 ] Request (ServersListShow296Test:tearDownClass): 200 GET http://10.180.1.21/compute/v2.1/servers/269d151b-abe1-4d7e-b75a-03219f2b2a21 0.072s
2025-12-12 09:56:00.893 66676 INFO tempest.lib.common.rest_client [req-672f9f34-e3fe-47a3-9b24-be3906353dc7 req-672f9f34-e3fe-47a3-9b24-be3906353dc7 ] Request (ServersAdminTestJSON:test_inject_network_info): 200 GET http://10.180.1.21/compute/v2.1/servers/a5ac305c-76f2-4d27-b989-ecc842daf938 0.056s
2025-12-12 09:56:00.960 66714 INFO tempest.lib.common.rest_client [req-8d81d2d4-40a2-4bb4-98d4-8088bb92feab req-8d81d2d4-40a2-4bb4-98d4-8088bb92feab ] Request (MultipleCreateTestJSON:_run_cleanups): 200 GET http://10.180.1.21/compute/v2.1/servers/f15ff3cd-3cf7-49c6-ae44-832dd982915e 0.063s
2025-12-12 09:56:00.979 66728 INFO tempest.lib.common.rest_client [req-cc84d578-2d86-4a69-a02b-d5e059dbf120 req-cc84d578-2d86-4a69-a02b-d5e059dbf120 ] Request (MigrationsAdminTest:test_resize_server_revert_deleted_flavor): 200 GET http://10.180.1.21/compute/v2.1/servers/c7a55abe-d24e-4e15-a041-9c1892305fbc 0.138s
2025-12-12 09:56:01.008 66734 INFO tempest.lib.common.rest_client [req-f612c924-9074-40ce-b816-e4c693532c07 req-f612c924-9074-40ce-b816-e4c693532c07 ] Request (ServerDiskConfigTestJSON:test_resize_server_from_auto_to_manual): 200 GET http://10.180.1.21/compute/v2.1/servers/3833ffd6-ede1-42c6-b7aa-c29002a87351 0.108s
2025-12-12 09:56:01.031 66688 INFO tempest.lib.common.rest_client [req-45842c48-256e-46d5-be00-c88042dc40b2 req-45842c48-256e-46d5-be00-c88042dc40b2 ] Request (ImagesNegativeTestJSON:test_create_image_from_deleted_server): 200 GET http://10.180.1.21/compute/v2.1/servers/818c753d-4ab1-43ac-a9b3-70d97e20315f 0.072s
2025-12-12 09:56:01.070 66730 INFO tempest.lib.common.rest_client [req-3765f91a-0b62-41c6-871a-0b267fb8e0fc req-3765f91a-0b62-41c6-871a-0b267fb8e0fc ] Request (AttachVolumeNegativeTest:test_attach_attached_volume_to_different_server): 200 GET http://10.180.1.21/compute/v2.1/servers/08d382e4-bd23-4e18-86d8-dd36dc1772b4 0.050s
2025-12-12 09:56:01.097 66720 INFO tempest.lib.common.rest_client [req-a76139e2-8b75-4730-afa7-75d899268b0d req-a76139e2-8b75-4730-afa7-75d899268b0d ] Request (ServerRescueNegativeTestJSON:test_rescued_vm_attach_volume): 200 GET http://10.180.1.21/volume/v3/volumes/51b51a91-4990-48ef-b516-a3ff75ab62b8 0.030s
2025-12-12 09:56:01.101 66724 INFO tempest.lib.common.rest_client [req-d546960d-1833-422b-921d-580f341deb74 req-d546960d-1833-422b-921d-580f341deb74 ] Request (ListImageFiltersTestJSON:tearDownClass): 200 GET http://10.180.1.21/compute/v2.1/servers/8080cbef-c6d4-4137-84a0-3c1742be2f04 0.065s
2025-12-12 09:56:01.103 66720 INFO tempest.common.waiters [-] volume 51b51a91-4990-48ef-b516-a3ff75ab62b8 reached available after waiting for 1.103919 seconds
2025-12-12 09:56:01.150 66710 INFO tempest.lib.common.rest_client [req-dfde7a06-d9e1-4e22-975f-66e17cc23077 req-dfde7a06-d9e1-4e22-975f-66e17cc23077 ] Request (ServersTestJSON:test_create_server_specify_multibyte_character_name): 200 GET http://10.180.1.21/compute/v2.1/servers/0a1e9474-191e-4f04-b127-c017467ec768 0.059s
2025-12-12 09:56:01.181 66720 INFO tempest.lib.common.rest_client [req-d5d536c0-cefb-4b66-bffe-175229a5bdf0 req-d5d536c0-cefb-4b66-bffe-175229a5bdf0 ] Request (ServerRescueNegativeTestJSON:test_rescued_vm_attach_volume): 200 POST http://10.180.1.21/compute/v2.1/servers/c8cdb724-af3a-4bbd-a26f-2f52e6106bb4/action 0.077s
2025-12-12 09:56:01.276 66708 INFO tempest.lib.common.rest_client [req-ebffc4d2-120a-49bb-ae55-5cfda18a0887 req-ebffc4d2-120a-49bb-ae55-5cfda18a0887 ] Request (ServersWithSpecificFlavorTestJSON:_run_cleanups): 200 GET http://10.180.1.21/compute/v2.1/servers/cad7d6b9-e6db-475e-b3e2-cfef6c29a30c 0.071s
2025-12-12 09:56:01.322 66720 INFO tempest.lib.common.rest_client [req-fc49802e-6e76-4705-bb47-3a1429f02ca6 req-fc49802e-6e76-4705-bb47-3a1429f02ca6 ] Request (ServerRescueNegativeTestJSON:test_rescued_vm_attach_volume): 200 GET http://10.180.1.21/compute/v2.1/servers/c8cdb724-af3a-4bbd-a26f-2f52e6106bb4 0.140s
2025-12-12 09:56:01.337 66692 INFO tempest.lib.common.rest_client [req-f3e07a82-40f4-4fe4-bc71-8d3543b655ca req-f3e07a82-40f4-4fe4-bc71-8d3543b655ca ] Request (ServerGroupTestJSON:test_create_server_with_scheduler_hint_group): 200 GET http://10.180.1.21/compute/v2.1/servers/3829c2fc-08f3-4bfc-bbef-808c2929c29b 0.117s
2025-12-12 09:56:01.362 66694 INFO tempest.lib.common.rest_client [req-79b4c615-3fd3-4d9e-8ad6-138b80994c98 req-79b4c615-3fd3-4d9e-8ad6-138b80994c98 ] Request (ImagesOneServerTestJSON:test_create_image_specify_multibyte_character_image_name): 200 GET http://10.180.1.21/compute/v2.1/images/af823214-2fc1-4738-85e4-6258ddb6544b 0.078s
2025-12-12 09:56:01.401 66700 INFO tempest.lib.common.rest_client [req-6431d43b-b103-4a07-a173-fc4ce3fd664e req-6431d43b-b103-4a07-a173-fc4ce3fd664e ] Request (ServersListShow298Test:test_list_show_update_rebuild_server_298): 200 GET http://10.180.1.21/compute/v2.1/servers/2ba11f9e-0e54-43cf-8e09-250640b00095 0.114s
2025-12-12 09:56:01.415 66732 INFO tempest.lib.common.rest_client [req-6a99e223-4ab1-4897-8b55-b2b7bd56ad42 req-6a99e223-4ab1-4897-8b55-b2b7bd56ad42 ] Request (ListServersNegativeTestJSON:setUpClass): 200 GET http://10.180.1.21/compute/v2.1/servers/02f3df26-1f55-4eb0-8760-bca164f5a06f 0.049s
2025-12-12 09:56:01.454 66678 INFO paramiko.transport [-] Connected (version 2.0, client dropbear_2020.81)
2025-12-12 09:56:01.493 66702 INFO tempest.lib.common.rest_client [req-c384ee2f-cf2b-4e87-b639-43b30fed47f8 req-c384ee2f-cf2b-4e87-b639-43b30fed47f8 ] Request (ServerDiagnosticsV248Test:test_get_server_diagnostics): 200 GET http://10.180.1.21/compute/v2.1/servers/f9e6f60b-b8ff-4852-b359-bf7beaff376e 0.061s
2025-12-12 09:56:01.515 66678 INFO paramiko.transport [-] Authentication (publickey) successful!
2025-12-12 09:56:01.516 66678 INFO tempest.lib.common.ssh [-] ssh connection to cirros@10.180.180.247 successfully created
2025-12-12 09:56:01.534 66696 INFO tempest.lib.common.rest_client [req-b621ce6e-6437-4852-a3b5-bfdde2f3fad2 req-b621ce6e-6437-4852-a3b5-bfdde2f3fad2 ] Request (ServersAdminNegativeTestJSON:tearDownClass): 200 GET http://10.180.1.21/compute/v2.1/servers/1137c6c2-9f76-4a9c-ab1e-6f0331914394 0.073s
2025-12-12 09:56:01.563 66678 INFO tempest.lib.common.rest_client [req-22b54c45-14f3-4940-8f73-59057ef86175 req-22b54c45-14f3-4940-8f73-59057ef86175 ] Request (AttachVolumeTestJSON:test_attach_detach_volume): 200 GET http://10.180.1.21/compute/v2.1/servers/8632b8c7-952b-4f62-a352-aa5b7a4ab238/ips 0.046s
2025-12-12 09:56:01.565 66678 INFO tempest.lib.common.ssh [-] Creating ssh connection to '10.180.180.247:22' as 'cirros' with public key authentication
2025-12-12 09:56:01.575 66678 INFO paramiko.transport [-] Connected (version 2.0, client dropbear_2020.81)
2025-12-12 09:56:01.576 66674 INFO tempest.lib.common.rest_client [req-f00e0858-3547-4fda-a64c-615e10def289 req-f00e0858-3547-4fda-a64c-615e10def289 ] Request (ServersAdmin275Test:tearDownClass): 200 GET http://10.180.1.21/compute/v2.1/servers/a38ed16a-e5ea-492c-becb-a59da074cbf6 0.078s
2025-12-12 09:56:01.613 66706 INFO tempest.lib.common.rest_client [req-8da33613-c376-4a38-817f-66c69f52580a req-8da33613-c376-4a38-817f-66c69f52580a ] Request (AttachVolumeShelveTestJSON:test_attach_volume_shelved_or_offload_server): 200 GET http://10.180.1.21/compute/v2.1/servers/c7d2348f-62d6-4d83-9a5d-c08db0e6be02 0.096s
2025-12-12 09:56:01.634 66704 INFO tempest.lib.common.rest_client [req-20642e66-cb7d-4028-affb-b7b82d09cd1c req-20642e66-cb7d-4028-affb-b7b82d09cd1c ] Request (ServersTestBootFromVolume:tearDownClass): 200 GET http://10.180.1.21/compute/v2.1/servers/445ea162-633e-4cde-80c3-792af644c567 0.081s
2025-12-12 09:56:01.650 66678 INFO paramiko.transport [-] Authentication (publickey) successful!
2025-12-12 09:56:01.650 66678 INFO tempest.lib.common.ssh [-] ssh connection to cirros@10.180.180.247 successfully created
2025-12-12 09:56:01.650 66678 INFO tempest.lib.common.ssh [-] Creating ssh connection to '10.180.180.247:22' as 'cirros' with public key authentication
2025-12-12 09:56:01.655 66678 INFO paramiko.transport [-] Connected (version 2.0, client dropbear_2020.81)
2025-12-12 09:56:01.668 66716 INFO tempest.lib.common.rest_client [req-ff13d8cc-ad8b-4a14-94e0-b21904f3d28d req-ff13d8cc-ad8b-4a14-94e0-b21904f3d28d ] Request (ServerShowV257Test:test_rebuild_server): 200 GET http://10.180.1.21/compute/v2.1/servers/153e6f25-da48-4f32-948a-9ea60680fdcd 0.065s
2025-12-12 09:56:01.684 66686 INFO tempest.lib.common.rest_client [req-24f10406-1c7e-4556-8026-50703186fccf req-24f10406-1c7e-4556-8026-50703186fccf ] Request (DeleteServersTestJSON:test_delete_server_while_in_shelved_state): 200 GET http://10.180.1.21/compute/v2.1/servers/260d13c8-4b0d-4c53-a374-e868a8555da7 0.078s
2025-12-12 09:56:01.728 66678 INFO paramiko.transport [-] Authentication (publickey) successful!
2025-12-12 09:56:01.728 66678 INFO tempest.lib.common.ssh [-] ssh connection to cirros@10.180.180.247 successfully created
2025-12-12 09:56:01.860 66736 INFO tempest.lib.common.rest_client [req-3e366c18-d803-4331-898e-6a80404b45a8 req-3e366c18-d803-4331-898e-6a80404b45a8 ] Request (ServersListShow296Test:tearDownClass): 404 GET http://10.180.1.21/compute/v2.1/servers/269d151b-abe1-4d7e-b75a-03219f2b2a21 0.022s
2025-12-12 09:56:01.877 66678 INFO tempest.lib.common.rest_client [req-97b428d0-3b72-4035-9720-cf3fc2aefb59 req-97b428d0-3b72-4035-9720-cf3fc2aefb59 ] Request (AttachVolumeTestJSON:test_attach_detach_volume): 202 POST http://10.180.1.21/volume/v3/volumes 0.141s
2025-12-12 09:56:01.903 66682 INFO tempest.lib.common.rest_client [req-51ac4006-04ce-4f68-8624-405f1ff262b5 req-51ac4006-04ce-4f68-8624-405f1ff262b5 ] Request (SecurityGroupsTestJSON:test_server_security_groups): 200 GET http://10.180.1.21/compute/v2.1/servers/8986392e-fe3c-41b8-b8af-3647b60429e9 0.098s
2025-12-12 09:56:01.906 66678 INFO tempest.lib.common.rest_client [req-a70a30b9-4ba1-459e-be18-ce1930fa394c req-a70a30b9-4ba1-459e-be18-ce1930fa394c ] Request (AttachVolumeTestJSON:test_attach_detach_volume): 200 GET http://10.180.1.21/volume/v3/volumes/1076af32-dd7c-42f8-878d-dfe7cc17e844 0.022s
2025-12-12 09:56:01.961 66676 INFO tempest.lib.common.rest_client [req-ca193868-11e5-4305-b6a9-6271b1691dd1 req-ca193868-11e5-4305-b6a9-6271b1691dd1 ] Request (ServersAdminTestJSON:test_inject_network_info): 200 GET http://10.180.1.21/compute/v2.1/servers/a5ac305c-76f2-4d27-b989-ecc842daf938 0.060s
2025-12-12 09:56:01.990 66736 INFO tempest.lib.common.rest_client [req-d7410976-55ee-40f6-a33e-f2b30c8ae517 req-d7410976-55ee-40f6-a33e-f2b30c8ae517 ] Request (ServersListShow296Test:tearDownClass): 204 DELETE http://10.180.1.21/identity/v3/users/407ef6d3912d4472a8e9f6f1011fb772 0.130s
2025-12-12 09:56:01.990 66736 INFO tempest.lib.common.dynamic_creds [-] Deleting project and security group for project: 52d0ad35d252443e916b4c910a8fcd58
2025-12-12 09:56:02.038 66714 INFO tempest.lib.common.rest_client [req-df5acfd1-7bef-43ab-b000-9b0ed0ae0da5 req-df5acfd1-7bef-43ab-b000-9b0ed0ae0da5 ] Request (MultipleCreateTestJSON:_run_cleanups): 200 GET http://10.180.1.21/compute/v2.1/servers/f15ff3cd-3cf7-49c6-ae44-832dd982915e 0.069s
2025-12-12 09:56:02.055 66736 INFO tempest.lib.common.rest_client [req-849852f0-2c1f-4b59-ac94-8816b1dfe98d req-849852f0-2c1f-4b59-ac94-8816b1dfe98d ] Request (ServersListShow296Test:tearDownClass): 201 POST http://10.180.1.21/identity/v3/auth/tokens 0.065s
2025-12-12 09:56:02.122 66734 INFO tempest.lib.common.rest_client [req-84612a78-1eef-4126-9813-6ff021b1c9d5 req-84612a78-1eef-4126-9813-6ff021b1c9d5 ] Request (ServerDiskConfigTestJSON:test_resize_server_from_auto_to_manual): 200 GET http://10.180.1.21/compute/v2.1/servers/3833ffd6-ede1-42c6-b7aa-c29002a87351 0.105s
2025-12-12 09:56:02.148 66728 INFO tempest.lib.common.rest_client [req-fbe6c150-21e8-4050-9abb-3ce8a69f1ef3 req-fbe6c150-21e8-4050-9abb-3ce8a69f1ef3 ] Request (MigrationsAdminTest:test_resize_server_revert_deleted_flavor): 200 GET http://10.180.1.21/compute/v2.1/servers/c7a55abe-d24e-4e15-a041-9c1892305fbc 0.160s
2025-12-12 09:56:02.175 66688 INFO tempest.lib.common.rest_client [req-504943bc-ca58-4faf-aa3a-fbd272cc87f4 req-504943bc-ca58-4faf-aa3a-fbd272cc87f4 ] Request (ImagesNegativeTestJSON:test_create_image_from_deleted_server): 200 GET http://10.180.1.21/compute/v2.1/servers/818c753d-4ab1-43ac-a9b3-70d97e20315f 0.135s
2025-12-12 09:56:02.206 66730 INFO tempest.lib.common.rest_client [req-d21b2615-e3d0-4924-9021-84e5ffde93d1 req-d21b2615-e3d0-4924-9021-84e5ffde93d1 ] Request (AttachVolumeNegativeTest:test_attach_attached_volume_to_different_server): 200 GET http://10.180.1.21/compute/v2.1/servers/08d382e4-bd23-4e18-86d8-dd36dc1772b4 0.128s
2025-12-12 09:56:02.207 66724 INFO tempest.lib.common.rest_client [req-3bf19cb9-5d47-4575-94be-a410f54a445e req-3bf19cb9-5d47-4575-94be-a410f54a445e ] Request (ListImageFiltersTestJSON:tearDownClass): 404 GET http://10.180.1.21/compute/v2.1/servers/8080cbef-c6d4-4137-84a0-3c1742be2f04 0.097s
2025-12-12 09:56:02.271 66736 INFO tempest.lib.common.rest_client [req-8bad4f1a-6674-4ab6-90b2-6e699e6acc7a req-8bad4f1a-6674-4ab6-90b2-6e699e6acc7a ] Request (ServersListShow296Test:tearDownClass): 200 GET http://10.180.1.21/networking/v2.0/security-groups?tenant_id=52d0ad35d252443e916b4c910a8fcd58&name=default 0.215s
2025-12-12 09:56:02.278 66726 INFO paramiko.transport [-] Connected (version 2.0, client dropbear_2020.81)
2025-12-12 09:56:02.356 66724 INFO tempest.lib.common.rest_client [req-529ca3ed-e031-45c9-b5b9-0b90ae0ef75e req-529ca3ed-e031-45c9-b5b9-0b90ae0ef75e ] Request (ListImageFiltersTestJSON:tearDownClass): 204 DELETE http://10.180.1.21/compute/v2.1/servers/d08271e5-7603-446a-aa37-70aaebd28838 0.148s
2025-12-12 09:56:02.387 66726 INFO paramiko.transport [-] Authentication (publickey) successful!
2025-12-12 09:56:02.387 66726 INFO tempest.lib.common.ssh [-] ssh connection to cirros@10.180.180.224 successfully created
2025-12-12 09:56:02.418 66736 INFO tempest.lib.common.rest_client [req-53872f72-f6d5-4c4c-99ba-768cb0fc2270 req-53872f72-f6d5-4c4c-99ba-768cb0fc2270 ] Request (ServersListShow296Test:tearDownClass): 204 DELETE http://10.180.1.21/networking/v2.0/security-groups/59fb5570-da33-4691-8b1f-a728309eb661 0.147s
2025-12-12 09:56:02.467 66708 INFO tempest.lib.common.rest_client [req-0422ef30-fc22-4e32-ba58-2b73fbcbc414 req-0422ef30-fc22-4e32-ba58-2b73fbcbc414 ] Request (ServersWithSpecificFlavorTestJSON:_run_cleanups): 200 GET http://10.180.1.21/compute/v2.1/servers/cad7d6b9-e6db-475e-b3e2-cfef6c29a30c 0.182s
2025-12-12 09:56:02.513 66736 INFO tempest.lib.common.rest_client [req-899185e9-3c90-4e2d-a5fd-4ec50e7fd293 req-899185e9-3c90-4e2d-a5fd-4ec50e7fd293 ] Request (ServersListShow296Test:tearDownClass): 204 DELETE http://10.180.1.21/identity/v3/projects/52d0ad35d252443e916b4c910a8fcd58 0.094s
2025-12-12 09:56:02.722 66710 INFO tempest.lib.common.rest_client [req-b57cba05-7928-453a-b306-ca59d9e7e347 req-b57cba05-7928-453a-b306-ca59d9e7e347 ] Request (ServersTestJSON:test_create_server_specify_multibyte_character_name): 200 GET http://10.180.1.21/compute/v2.1/servers/0a1e9474-191e-4f04-b127-c017467ec768 0.562s
2025-12-12 09:56:02.829 66692 INFO tempest.lib.common.rest_client [req-75bcd086-c650-48eb-9139-81b394f1ad83 req-75bcd086-c650-48eb-9139-81b394f1ad83 ] Request (ServerGroupTestJSON:test_create_server_with_scheduler_hint_group): 200 GET http://10.180.1.21/compute/v2.1/servers/3829c2fc-08f3-4bfc-bbef-808c2929c29b 0.484s
2025-12-12 09:56:02.945 66724 INFO tempest.lib.common.rest_client [req-4654f3b2-78f0-40dc-ad30-acd1cc2aa890 req-4654f3b2-78f0-40dc-ad30-acd1cc2aa890 ] Request (ListImageFiltersTestJSON:tearDownClass): 200 GET http://10.180.1.21/compute/v2.1/servers/d08271e5-7603-446a-aa37-70aaebd28838 0.588s
2025-12-12 09:56:02.960 66678 INFO tempest.lib.common.rest_client [req-d4a30b5a-bfd5-4b5e-8338-dc16bd4126e1 req-d4a30b5a-bfd5-4b5e-8338-dc16bd4126e1 ] Request (AttachVolumeTestJSON:test_attach_detach_volume): 200 GET http://10.180.1.21/volume/v3/volumes/1076af32-dd7c-42f8-878d-dfe7cc17e844 0.045s
2025-12-12 09:56:02.967 66678 INFO tempest.common.waiters [-] volume 1076af32-dd7c-42f8-878d-dfe7cc17e844 reached available after waiting for 1.967654 seconds
2025-12-12 09:56:02.985 66694 INFO tempest.lib.common.rest_client [req-0f1ab9ba-2e20-487c-a19a-2216d0662e6b req-0f1ab9ba-2e20-487c-a19a-2216d0662e6b ] Request (ImagesOneServerTestJSON:test_create_image_specify_multibyte_character_image_name): 200 GET http://10.180.1.21/compute/v2.1/images/af823214-2fc1-4738-85e4-6258ddb6544b 0.616s
2025-12-12 09:56:03.047 66720 INFO tempest.lib.common.rest_client [req-c721bc81-0ad6-4912-90e4-78086586242a req-c721bc81-0ad6-4912-90e4-78086586242a ] Request (ServerRescueNegativeTestJSON:test_rescued_vm_attach_volume): 200 GET http://10.180.1.21/compute/v2.1/servers/c8cdb724-af3a-4bbd-a26f-2f52e6106bb4 0.711s
2025-12-12 09:56:03.088 66726 INFO tempest.lib.common.rest_client [req-51bf1f7e-52bf-42fc-bb97-090183e86415 req-51bf1f7e-52bf-42fc-bb97-090183e86415 ] Request (AttachInterfacesUnderV243Test:test_add_remove_fixed_ip): 200 GET http://10.180.1.21/compute/v2.1/servers/be07500f-5161-4396-9d65-f350e6cb7acb/os-interface 0.700s
2025-12-12 09:56:03.113 66700 INFO tempest.lib.common.rest_client [req-58085cf1-0594-450d-ae9d-2483d2a6a676 req-58085cf1-0594-450d-ae9d-2483d2a6a676 ] Request (ServersListShow298Test:test_list_show_update_rebuild_server_298): 200 GET http://10.180.1.21/compute/v2.1/servers/2ba11f9e-0e54-43cf-8e09-250640b00095 0.700s
2025-12-12 09:56:03.141 66732 INFO tempest.lib.common.rest_client [req-0c7a5990-feb9-484e-83a3-ef513fd8f120 req-0c7a5990-feb9-484e-83a3-ef513fd8f120 ] Request (ListServersNegativeTestJSON:setUpClass): 200 GET http://10.180.1.21/compute/v2.1/servers/02f3df26-1f55-4eb0-8760-bca164f5a06f 0.715s
2025-12-12 09:56:03.167 66702 INFO tempest.lib.common.rest_client [req-f39ba75f-0cd3-488c-ba62-75775e2e9212 req-f39ba75f-0cd3-488c-ba62-75775e2e9212 ] Request (ServerDiagnosticsV248Test:test_get_server_diagnostics): 200 GET http://10.180.1.21/compute/v2.1/servers/f9e6f60b-b8ff-4852-b359-bf7beaff376e 0.665s
2025-12-12 09:56:03.197 66696 INFO tempest.lib.common.rest_client [req-fd1eb6d9-af93-4fed-9367-7689403d9857 req-fd1eb6d9-af93-4fed-9367-7689403d9857 ] Request (ServersAdminNegativeTestJSON:tearDownClass): 200 GET http://10.180.1.21/compute/v2.1/servers/1137c6c2-9f76-4a9c-ab1e-6f0331914394 0.652s
2025-12-12 09:56:03.227 66674 INFO tempest.lib.common.rest_client [req-abf78f3c-1272-419b-9cc4-e7d48aa8d17a req-abf78f3c-1272-419b-9cc4-e7d48aa8d17a ] Request (ServersAdmin275Test:tearDownClass): 200 GET http://10.180.1.21/compute/v2.1/servers/a38ed16a-e5ea-492c-becb-a59da074cbf6 0.641s
2025-12-12 09:56:03.230 66684 WARNING tempest.lib.common.ssh [-] Failed to establish authenticated ssh connection to cirros@10.180.180.215 ([Errno None] Unable to connect to port 22 on 10.180.180.215). Number attempts: 7. Retry after 8 seconds.: paramiko.ssh_exception.NoValidConnectionsError: [Errno None] Unable to connect to port 22 on 10.180.180.215
2025-12-12 09:56:03.251 66706 INFO tempest.lib.common.rest_client [req-71788411-f7eb-4417-a003-706adf49d887 req-71788411-f7eb-4417-a003-706adf49d887 ] Request (AttachVolumeShelveTestJSON:test_attach_volume_shelved_or_offload_server): 200 GET http://10.180.1.21/compute/v2.1/servers/c7d2348f-62d6-4d83-9a5d-c08db0e6be02 0.627s
2025-12-12 09:56:03.298 66704 INFO tempest.lib.common.rest_client [req-22030250-e56c-4383-bfa9-8593d5a3ad79 req-22030250-e56c-4383-bfa9-8593d5a3ad79 ] Request (ServersTestBootFromVolume:tearDownClass): 200 GET http://10.180.1.21/compute/v2.1/servers/445ea162-633e-4cde-80c3-792af644c567 0.655s
2025-12-12 09:56:03.318 66716 INFO tempest.lib.common.rest_client [req-9da5631d-73c1-4f17-9141-c57501f2344d req-9da5631d-73c1-4f17-9141-c57501f2344d ] Request (ServerShowV257Test:test_rebuild_server): 200 GET http://10.180.1.21/compute/v2.1/servers/153e6f25-da48-4f32-948a-9ea60680fdcd 0.640s
2025-12-12 09:56:03.358 66686 INFO tempest.lib.common.rest_client [req-f2378d0a-0ec5-409c-b771-14015c1937a3 req-f2378d0a-0ec5-409c-b771-14015c1937a3 ] Request (DeleteServersTestJSON:test_delete_server_while_in_shelved_state): 200 GET http://10.180.1.21/compute/v2.1/servers/260d13c8-4b0d-4c53-a374-e868a8555da7 0.666s
2025-12-12 09:56:03.434 66682 INFO tempest.lib.common.rest_client [req-dbf57b9c-3a32-43ad-8022-517497379b27 req-dbf57b9c-3a32-43ad-8022-517497379b27 ] Request (SecurityGroupsTestJSON:test_server_security_groups): 200 GET http://10.180.1.21/compute/v2.1/servers/8986392e-fe3c-41b8-b8af-3647b60429e9 0.522s
2025-12-12 09:56:03.447 66698 INFO paramiko.transport [-] Connected (version 2.0, client dropbear_2020.81)
2025-12-12 09:56:03.447 66682 INFO tempest.common.waiters [-] State transition "HARD_REBOOT/rebooting_hard" ==> "HARD_REBOOT/reboot_started_hard" after 4 second wait
2025-12-12 09:56:03.513 66676 INFO tempest.lib.common.rest_client [req-63553cbd-3737-45ff-bbc9-006bf5de4dff req-63553cbd-3737-45ff-bbc9-006bf5de4dff ] Request (ServersAdminTestJSON:test_inject_network_info): 200 GET http://10.180.1.21/compute/v2.1/servers/a5ac305c-76f2-4d27-b989-ecc842daf938 0.541s
2025-12-12 09:56:03.556 66698 INFO paramiko.transport [-] Authentication (publickey) successful!
2025-12-12 09:56:03.556 66698 INFO tempest.lib.common.ssh [-] ssh connection to cirros@10.180.180.130 successfully created
2025-12-12 09:56:03.588 66714 INFO tempest.lib.common.rest_client [req-4858f610-8f66-4cd4-9856-ed0d7f83b341 req-4858f610-8f66-4cd4-9856-ed0d7f83b341 ] Request (MultipleCreateTestJSON:_run_cleanups): 200 GET http://10.180.1.21/compute/v2.1/servers/f15ff3cd-3cf7-49c6-ae44-832dd982915e 0.542s
2025-12-12 09:56:03.664 66726 INFO tempest.lib.common.rest_client [req-cfc56bc5-c81e-4db5-a8ec-2d102634b88a req-cfc56bc5-c81e-4db5-a8ec-2d102634b88a ] Request (AttachInterfacesUnderV243Test:test_add_remove_fixed_ip): 200 GET http://10.180.1.21/compute/v2.1/servers/be07500f-5161-4396-9d65-f350e6cb7acb/os-interface/a7668e33-13e3-44d8-9a9d-906db468e741 0.574s
2025-12-12 09:56:03.722 66734 INFO tempest.lib.common.rest_client [req-713d40ef-48fb-41fb-b6d9-0e9bc61d57e7 req-713d40ef-48fb-41fb-b6d9-0e9bc61d57e7 ] Request (ServerDiskConfigTestJSON:test_resize_server_from_auto_to_manual): 200 GET http://10.180.1.21/compute/v2.1/servers/3833ffd6-ede1-42c6-b7aa-c29002a87351 0.593s
2025-12-12 09:56:03.818 66728 INFO tempest.lib.common.rest_client [req-9e4c0046-5064-488a-bf32-411bbef653d2 req-9e4c0046-5064-488a-bf32-411bbef653d2 ] Request (MigrationsAdminTest:test_resize_server_revert_deleted_flavor): 200 GET http://10.180.1.21/compute/v2.1/servers/c7a55abe-d24e-4e15-a041-9c1892305fbc 0.662s
2025-12-12 09:56:03.869 66688 INFO tempest.lib.common.rest_client [req-84f7b2f2-d1b5-4685-b59e-b2fb54ac7272 req-84f7b2f2-d1b5-4685-b59e-b2fb54ac7272 ] Request (ImagesNegativeTestJSON:test_create_image_from_deleted_server): 200 GET http://10.180.1.21/compute/v2.1/servers/818c753d-4ab1-43ac-a9b3-70d97e20315f 0.683s
2025-12-12 09:56:03.920 66730 INFO tempest.lib.common.rest_client [req-3bdcaaa5-f157-4f39-bbff-1f69373c2c04 req-3bdcaaa5-f157-4f39-bbff-1f69373c2c04 ] Request (AttachVolumeNegativeTest:test_attach_attached_volume_to_different_server): 200 GET http://10.180.1.21/compute/v2.1/servers/08d382e4-bd23-4e18-86d8-dd36dc1772b4 0.704s
2025-12-12 09:56:03.990 66708 INFO tempest.lib.common.rest_client [req-baf81681-9c5d-4b87-9c0a-6352832a9bf3 req-baf81681-9c5d-4b87-9c0a-6352832a9bf3 ] Request (ServersWithSpecificFlavorTestJSON:_run_cleanups): 200 GET http://10.180.1.21/compute/v2.1/servers/cad7d6b9-e6db-475e-b3e2-cfef6c29a30c 0.514s
2025-12-12 09:56:04.395 66698 INFO tempest.lib.common.rest_client [req-69fa569b-2b1a-4994-8631-b63eba0de73e req-69fa569b-2b1a-4994-8631-b63eba0de73e ] Request (ServerActionsV293TestJSON:test_rebuild_volume_backed_server): 202 POST http://10.180.1.21/compute/v2.1/servers/47ed04f7-60e9-4491-bb3e-fd630b6a2864/action 0.831s
2025-12-12 09:56:04.426 66726 INFO tempest.lib.common.rest_client [req-576689e7-99ec-4f22-86bf-45a2400a89b2 req-576689e7-99ec-4f22-86bf-45a2400a89b2 ] Request (AttachInterfacesUnderV243Test:test_add_remove_fixed_ip): 200 GET http://10.180.1.21/compute/v2.1/servers/be07500f-5161-4396-9d65-f350e6cb7acb/ips 0.760s
2025-12-12 09:56:04.484 66710 INFO tempest.lib.common.rest_client [req-9f9af41c-6153-493a-b937-598a442608a5 req-9f9af41c-6153-493a-b937-598a442608a5 ] Request (ServersTestJSON:test_create_server_specify_multibyte_character_name): 200 GET http://10.180.1.21/compute/v2.1/servers/0a1e9474-191e-4f04-b127-c017467ec768 0.750s
2025-12-12 09:56:04.798 66692 INFO tempest.lib.common.rest_client [req-1f5e355e-f1c1-417e-b34b-ed78cf45d7c8 req-1f5e355e-f1c1-417e-b34b-ed78cf45d7c8 ] Request (ServerGroupTestJSON:test_create_server_with_scheduler_hint_group): 200 GET http://10.180.1.21/compute/v2.1/servers/3829c2fc-08f3-4bfc-bbef-808c2929c29b 0.960s
2025-12-12 09:56:04.805 66692 INFO tempest.common.waiters [-] State transition "BUILD/None" ==> "BUILD/spawning" after 71 second wait
2025-12-12 09:56:04.855 66724 INFO tempest.lib.common.rest_client [req-c33bf067-b076-4b52-b140-721d417e1ffb req-c33bf067-b076-4b52-b140-721d417e1ffb ] Request (ListImageFiltersTestJSON:tearDownClass): 200 GET http://10.180.1.21/compute/v2.1/servers/d08271e5-7603-446a-aa37-70aaebd28838 0.900s
2025-12-12 09:56:04.890 66694 INFO tempest.lib.common.rest_client [req-4937140e-aec1-4903-9e4c-891fc905d487 req-4937140e-aec1-4903-9e4c-891fc905d487 ] Request (ImagesOneServerTestJSON:test_create_image_specify_multibyte_character_image_name): 200 GET http://10.180.1.21/compute/v2.1/images/af823214-2fc1-4738-85e4-6258ddb6544b 0.901s
2025-12-12 09:56:04.991 66720 INFO tempest.lib.common.rest_client [req-f8383ec5-6568-4c87-9b95-850a60e322d3 req-f8383ec5-6568-4c87-9b95-850a60e322d3 ] Request (ServerRescueNegativeTestJSON:test_rescued_vm_attach_volume): 200 GET http://10.180.1.21/compute/v2.1/servers/c8cdb724-af3a-4bbd-a26f-2f52e6106bb4 0.936s
2025-12-12 09:56:05.056 66678 INFO tempest.lib.common.rest_client [req-0fc55085-9ab0-476b-a86a-107f6cc2046f req-0fc55085-9ab0-476b-a86a-107f6cc2046f ] Request (AttachVolumeTestJSON:test_attach_detach_volume): 200 POST http://10.180.1.21/compute/v2.1/servers/8632b8c7-952b-4f62-a352-aa5b7a4ab238/os-volume_attachments 2.088s
2025-12-12 09:56:05.073 66700 INFO tempest.lib.common.rest_client [req-6d9df8d6-3b7a-44c6-b81e-595580e9bf99 req-6d9df8d6-3b7a-44c6-b81e-595580e9bf99 ] Request (ServersListShow298Test:test_list_show_update_rebuild_server_298): 200 GET http://10.180.1.21/compute/v2.1/servers/2ba11f9e-0e54-43cf-8e09-250640b00095 0.947s
2025-12-12 09:56:05.086 66678 INFO tempest.lib.common.rest_client [req-62e2fc5e-0307-4984-9a86-b32388a6ef5a req-62e2fc5e-0307-4984-9a86-b32388a6ef5a ] Request (AttachVolumeTestJSON:test_attach_detach_volume): 200 GET http://10.180.1.21/volume/v3/volumes/1076af32-dd7c-42f8-878d-dfe7cc17e844 0.029s
2025-12-12 09:56:05.111 66732 INFO tempest.lib.common.rest_client [req-e5267482-93f7-438c-aac9-448da17fd2d8 req-e5267482-93f7-438c-aac9-448da17fd2d8 ] Request (ListServersNegativeTestJSON:setUpClass): 200 GET http://10.180.1.21/compute/v2.1/servers/02f3df26-1f55-4eb0-8760-bca164f5a06f 0.960s
2025-12-12 09:56:05.131 66702 INFO tempest.lib.common.rest_client [req-16aa320e-68fb-406f-a122-ad98fbd20599 req-16aa320e-68fb-406f-a122-ad98fbd20599 ] Request (ServerDiagnosticsV248Test:test_get_server_diagnostics): 200 GET http://10.180.1.21/compute/v2.1/servers/f9e6f60b-b8ff-4852-b359-bf7beaff376e 0.954s
2025-12-12 09:56:05.178 66696 INFO tempest.lib.common.rest_client [req-a011f617-5e0a-4143-a4eb-b19a7c611a43 req-a011f617-5e0a-4143-a4eb-b19a7c611a43 ] Request (ServersAdminNegativeTestJSON:tearDownClass): 200 GET http://10.180.1.21/compute/v2.1/servers/1137c6c2-9f76-4a9c-ab1e-6f0331914394 0.974s
2025-12-12 09:56:05.192 66674 INFO tempest.lib.common.rest_client [req-b4abda9b-5add-4da1-b442-12c969c10c2f req-b4abda9b-5add-4da1-b442-12c969c10c2f ] Request (ServersAdmin275Test:tearDownClass): 200 GET http://10.180.1.21/compute/v2.1/servers/a38ed16a-e5ea-492c-becb-a59da074cbf6 0.952s
2025-12-12 09:56:05.231 66706 INFO tempest.lib.common.rest_client [req-833e6192-2910-48f6-b8c3-abc3e120c31f req-833e6192-2910-48f6-b8c3-abc3e120c31f ] Request (AttachVolumeShelveTestJSON:test_attach_volume_shelved_or_offload_server): 200 GET http://10.180.1.21/compute/v2.1/servers/c7d2348f-62d6-4d83-9a5d-c08db0e6be02 0.969s
2025-12-12 09:56:05.252 66704 INFO tempest.lib.common.rest_client [req-93fb4519-68c8-4975-a547-078c4ac598a2 req-93fb4519-68c8-4975-a547-078c4ac598a2 ] Request (ServersTestBootFromVolume:tearDownClass): 200 GET http://10.180.1.21/compute/v2.1/servers/445ea162-633e-4cde-80c3-792af644c567 0.946s
2025-12-12 09:56:05.298 66716 INFO tempest.lib.common.rest_client [req-2936aa49-8e22-475c-aada-923d17871ee9 req-2936aa49-8e22-475c-aada-923d17871ee9 ] Request (ServerShowV257Test:test_rebuild_server): 200 GET http://10.180.1.21/compute/v2.1/servers/153e6f25-da48-4f32-948a-9ea60680fdcd 0.970s
2025-12-12 09:56:05.313 66686 INFO tempest.lib.common.rest_client [req-1f27b99b-982d-4998-92c8-241b304af8f0 req-1f27b99b-982d-4998-92c8-241b304af8f0 ] Request (DeleteServersTestJSON:test_delete_server_while_in_shelved_state): 200 GET http://10.180.1.21/compute/v2.1/servers/260d13c8-4b0d-4c53-a374-e868a8555da7 0.947s
2025-12-12 09:56:05.317 66698 INFO tempest.lib.common.rest_client [req-e117fd64-2780-44dc-b373-858dbee90a0a req-e117fd64-2780-44dc-b373-858dbee90a0a ] Request (ServerActionsV293TestJSON:test_rebuild_volume_backed_server): 200 GET http://10.180.1.21/compute/v2.1/flavors/42 0.913s
2025-12-12 09:56:05.346 66726 INFO tempest.lib.common.rest_client [req-4579d381-1626-4066-b76b-d645025b676a req-4579d381-1626-4066-b76b-d645025b676a ] Request (AttachInterfacesUnderV243Test:test_add_remove_fixed_ip): 202 POST http://10.180.1.21/compute/v2.1/servers/be07500f-5161-4396-9d65-f350e6cb7acb/action 0.918s
2025-12-12 09:56:05.405 66676 INFO tempest.lib.common.rest_client [req-e4a47316-3409-4f97-93ce-fe2b74e4099d req-e4a47316-3409-4f97-93ce-fe2b74e4099d ] Request (ServersAdminTestJSON:test_inject_network_info): 200 GET http://10.180.1.21/compute/v2.1/servers/a5ac305c-76f2-4d27-b989-ecc842daf938 0.883s
2025-12-12 09:56:05.473 66714 INFO tempest.lib.common.rest_client [req-e4e91f77-f051-4db0-8ac9-e16c34525340 req-e4e91f77-f051-4db0-8ac9-e16c34525340 ] Request (MultipleCreateTestJSON:_run_cleanups): 200 GET http://10.180.1.21/compute/v2.1/servers/f15ff3cd-3cf7-49c6-ae44-832dd982915e 0.875s
2025-12-12 09:56:05.485 66682 INFO tempest.lib.common.rest_client [req-bec6d675-60b3-4bb2-ae6c-d428946f3e33 req-bec6d675-60b3-4bb2-ae6c-d428946f3e33 ] Request (SecurityGroupsTestJSON:test_server_security_groups): 200 GET http://10.180.1.21/compute/v2.1/servers/8986392e-fe3c-41b8-b8af-3647b60429e9 1.035s
2025-12-12 09:56:05.492 66682 INFO tempest.common.waiters [-] State transition "HARD_REBOOT/reboot_started_hard" ==> "ACTIVE/None" after 6 second wait
2025-12-12 09:56:05.528 66734 INFO tempest.lib.common.rest_client [req-e05e3df0-3e03-4eb4-a66d-990ba25d248a req-e05e3df0-3e03-4eb4-a66d-990ba25d248a ] Request (ServerDiskConfigTestJSON:test_resize_server_from_auto_to_manual): 200 GET http://10.180.1.21/compute/v2.1/servers/3833ffd6-ede1-42c6-b7aa-c29002a87351 0.798s
2025-12-12 09:56:05.580 66688 INFO tempest.lib.common.rest_client [req-08090b25-3cfd-42fa-8aa3-3319f972cb89 req-08090b25-3cfd-42fa-8aa3-3319f972cb89 ] Request (ImagesNegativeTestJSON:test_create_image_from_deleted_server): 200 GET http://10.180.1.21/compute/v2.1/servers/818c753d-4ab1-43ac-a9b3-70d97e20315f 0.696s
2025-12-12 09:56:05.588 66688 INFO tempest.common.waiters [-] State transition "BUILD/None" ==> "BUILD/networking" after 66 second wait
2025-12-12 09:56:05.608 66728 INFO tempest.lib.common.rest_client [req-18e41157-082e-44dd-8e81-bb5d2fe8aff3 req-18e41157-082e-44dd-8e81-bb5d2fe8aff3 ] Request (MigrationsAdminTest:test_resize_server_revert_deleted_flavor): 200 GET http://10.180.1.21/compute/v2.1/servers/c7a55abe-d24e-4e15-a041-9c1892305fbc 0.780s
2025-12-12 09:56:05.617 66694 INFO tempest.lib.common.rest_client [req-7068669e-3afc-45f5-83b3-24ef5ee37503 req-7068669e-3afc-45f5-83b3-24ef5ee37503 ] Request (ImagesOneServerTestJSON:test_create_image_specify_multibyte_character_image_name): 200 GET http://10.180.1.21/compute/v2.1/images/af823214-2fc1-4738-85e4-6258ddb6544b 0.723s
2025-12-12 09:56:05.662 66730 INFO tempest.lib.common.rest_client [req-207c25cc-ddc0-4239-93b0-9770637008da req-207c25cc-ddc0-4239-93b0-9770637008da ] Request (AttachVolumeNegativeTest:test_attach_attached_volume_to_different_server): 200 GET http://10.180.1.21/compute/v2.1/servers/08d382e4-bd23-4e18-86d8-dd36dc1772b4 0.733s
2025-12-12 09:56:05.680 66708 INFO tempest.lib.common.rest_client [req-8eb8ecc3-fe3a-4267-85a7-e111dc2f9540 req-8eb8ecc3-fe3a-4267-85a7-e111dc2f9540 ] Request (ServersWithSpecificFlavorTestJSON:_run_cleanups): 200 GET http://10.180.1.21/compute/v2.1/servers/cad7d6b9-e6db-475e-b3e2-cfef6c29a30c 0.681s
2025-12-12 09:56:05.713 66726 INFO tempest.lib.common.rest_client [req-839c3e66-704f-45f0-bad4-cdb3e4b1328b req-839c3e66-704f-45f0-bad4-cdb3e4b1328b ] Request (AttachInterfacesUnderV243Test:test_add_remove_fixed_ip): 200 GET http://10.180.1.21/compute/v2.1/servers/be07500f-5161-4396-9d65-f350e6cb7acb/ips 0.366s
2025-12-12 09:56:05.843 66698 INFO tempest.lib.common.rest_client [req-1279e912-7739-4e1a-b3bc-2b33cb2b16fe req-1279e912-7739-4e1a-b3bc-2b33cb2b16fe ] Request (ServerActionsV293TestJSON:test_rebuild_volume_backed_server): 200 GET http://10.180.1.21/compute/v2.1/servers/47ed04f7-60e9-4491-bb3e-fd630b6a2864 0.522s
2025-12-12 09:56:05.919 66710 INFO tempest.lib.common.rest_client [req-32e6ecea-8262-43a5-b73b-0721c87fb723 req-32e6ecea-8262-43a5-b73b-0721c87fb723 ] Request (ServersTestJSON:test_create_server_specify_multibyte_character_name): 200 GET http://10.180.1.21/compute/v2.1/servers/0a1e9474-191e-4f04-b127-c017467ec768 0.425s
2025-12-12 09:56:06.126 66678 INFO tempest.lib.common.rest_client [req-4d59b134-646e-4e80-9e7f-e1403c6266f4 req-4d59b134-646e-4e80-9e7f-e1403c6266f4 ] Request (AttachVolumeTestJSON:test_attach_detach_volume): 200 GET http://10.180.1.21/volume/v3/volumes/1076af32-dd7c-42f8-878d-dfe7cc17e844 0.032s
2025-12-12 09:56:06.215 66682 INFO tempest.lib.common.rest_client [req-65e10407-9eea-46c8-8fdc-77ae1a237c21 req-65e10407-9eea-46c8-8fdc-77ae1a237c21 ] Request (SecurityGroupsTestJSON:test_server_security_groups): 202 POST http://10.180.1.21/compute/v2.1/servers/8986392e-fe3c-41b8-b8af-3647b60429e9/action 0.722s
2025-12-12 09:56:06.530 66694 INFO tempest.lib.common.rest_client [req-d68f5ef2-7aed-4cfc-a422-8c554c60364d req-d68f5ef2-7aed-4cfc-a422-8c554c60364d ] Request (ImagesOneServerTestJSON:test_create_image_specify_multibyte_character_image_name): 200 GET http://10.180.1.21/compute/v2.1/servers/1d7c2273-68f6-4048-a2d7-552ce0b4f1e8 0.910s
2025-12-12 09:56:06.611 66692 INFO tempest.lib.common.rest_client [req-4139750e-0f2a-43e6-9bb7-27987cd3aa7e req-4139750e-0f2a-43e6-9bb7-27987cd3aa7e ] Request (ServerGroupTestJSON:test_create_server_with_scheduler_hint_group): 200 GET http://10.180.1.21/compute/v2.1/servers/3829c2fc-08f3-4bfc-bbef-808c2929c29b 0.805s
2025-12-12 09:56:06.654 66724 INFO tempest.lib.common.rest_client [req-7d54a813-7976-4722-990e-cce836bc9bd3 req-7d54a813-7976-4722-990e-cce836bc9bd3 ] Request (ListImageFiltersTestJSON:tearDownClass): 200 GET http://10.180.1.21/compute/v2.1/servers/d08271e5-7603-446a-aa37-70aaebd28838 0.787s
2025-12-12 09:56:06.668 66724 INFO tempest.common.waiters [-] State transition "ACTIVE/deleting" ==> "DELETED/None" after 4 second wait
2025-12-12 09:56:06.810 66700 INFO tempest.lib.common.rest_client [req-4f1967ba-37fa-4367-9f7c-91da8f2d69c4 req-4f1967ba-37fa-4367-9f7c-91da8f2d69c4 ] Request (ServersListShow298Test:test_list_show_update_rebuild_server_298): 200 GET http://10.180.1.21/compute/v2.1/servers/2ba11f9e-0e54-43cf-8e09-250640b00095 0.725s
2025-12-12 09:56:06.830 66720 INFO tempest.lib.common.rest_client [req-ed5b293b-4280-4b79-b2b4-9721f57ff8b2 req-ed5b293b-4280-4b79-b2b4-9721f57ff8b2 ] Request (ServerRescueNegativeTestJSON:test_rescued_vm_attach_volume): 200 GET http://10.180.1.21/compute/v2.1/servers/c8cdb724-af3a-4bbd-a26f-2f52e6106bb4 0.831s
2025-12-12 09:56:06.894 66732 INFO tempest.lib.common.rest_client [req-fd3a3373-40e7-4c5a-88e2-3606659b76fa req-fd3a3373-40e7-4c5a-88e2-3606659b76fa ] Request (ListServersNegativeTestJSON:setUpClass): 200 GET http://10.180.1.21/compute/v2.1/servers/02f3df26-1f55-4eb0-8760-bca164f5a06f 0.774s
2025-12-12 09:56:06.922 66696 INFO tempest.lib.common.rest_client [req-eb59ff30-9a5f-436a-8ef2-27e022c500a8 req-eb59ff30-9a5f-436a-8ef2-27e022c500a8 ] Request (ServersAdminNegativeTestJSON:tearDownClass): 404 GET http://10.180.1.21/compute/v2.1/servers/1137c6c2-9f76-4a9c-ab1e-6f0331914394 0.736s
2025-12-12 09:56:06.958 66702 INFO tempest.lib.common.rest_client [req-585c0cb6-44ce-4740-a9c3-086595c6959e req-585c0cb6-44ce-4740-a9c3-086595c6959e ] Request (ServerDiagnosticsV248Test:test_get_server_diagnostics): 200 GET http://10.180.1.21/compute/v2.1/servers/f9e6f60b-b8ff-4852-b359-bf7beaff376e 0.808s
2025-12-12 09:56:07.027 66674 INFO tempest.lib.common.rest_client [req-652541bb-a324-4249-88f1-6de7f9791c54 req-652541bb-a324-4249-88f1-6de7f9791c54 ] Request (ServersAdmin275Test:tearDownClass): 200 GET http://10.180.1.21/compute/v2.1/servers/a38ed16a-e5ea-492c-becb-a59da074cbf6 0.818s
2025-12-12 09:56:07.044 66682 INFO tempest.lib.common.rest_client [req-a0d55413-5eef-4eeb-a377-44628e1eb97e req-a0d55413-5eef-4eeb-a377-44628e1eb97e ] Request (SecurityGroupsTestJSON:test_server_security_groups): 400 DELETE http://10.180.1.21/compute/v2.1/os-security-groups/7f4c1805-80f6-487e-a435-00ce336e7706 0.828s
2025-12-12 09:56:07.128 66706 INFO tempest.lib.common.rest_client [req-a2157d8d-6577-4344-ac08-6870eab761fe req-a2157d8d-6577-4344-ac08-6870eab761fe ] Request (AttachVolumeShelveTestJSON:test_attach_volume_shelved_or_offload_server): 200 GET http://10.180.1.21/compute/v2.1/servers/c7d2348f-62d6-4d83-9a5d-c08db0e6be02 0.887s
2025-12-12 09:56:07.134 66696 INFO tempest.lib.common.rest_client [req-8b1dcade-c8d1-4ded-80c3-17a88c4082a6 req-8b1dcade-c8d1-4ded-80c3-17a88c4082a6 ] Request (ServersAdminNegativeTestJSON:tearDownClass): 204 DELETE http://10.180.1.21/identity/v3/users/c4a6f5ae71814353aa5e523c3accc1e1 0.211s
2025-12-12 09:56:07.181 66678 INFO tempest.lib.common.rest_client [req-f8afaeda-d1ed-49fe-b191-b169ae960915 req-f8afaeda-d1ed-49fe-b191-b169ae960915 ] Request (AttachVolumeTestJSON:test_attach_detach_volume): 200 GET http://10.180.1.21/volume/v3/volumes/1076af32-dd7c-42f8-878d-dfe7cc17e844 0.046s
2025-12-12 09:56:07.216 66704 INFO tempest.lib.common.rest_client [req-b037a034-a3bc-4a7b-9c4d-1bb2768158e5 req-b037a034-a3bc-4a7b-9c4d-1bb2768158e5 ] Request (ServersTestBootFromVolume:tearDownClass): 200 GET http://10.180.1.21/compute/v2.1/servers/445ea162-633e-4cde-80c3-792af644c567 0.955s
2025-12-12 09:56:07.235 66716 INFO tempest.lib.common.rest_client [req-17608e5d-50a7-41fb-a79c-17325f20b372 req-17608e5d-50a7-41fb-a79c-17325f20b372 ] Request (ServerShowV257Test:test_rebuild_server): 200 GET http://10.180.1.21/compute/v2.1/servers/153e6f25-da48-4f32-948a-9ea60680fdcd 0.924s
2025-12-12 09:56:07.318 66696 INFO tempest.lib.common.rest_client [req-a8f0a7c7-de74-4506-9d1b-c3532305613f req-a8f0a7c7-de74-4506-9d1b-c3532305613f ] Request (ServersAdminNegativeTestJSON:tearDownClass): 204 DELETE http://10.180.1.21/identity/v3/users/25801e117cfb4a61848eeb1404cbfd30 0.184s
2025-12-12 09:56:07.319 66696 INFO tempest.lib.common.dynamic_creds [-] Deleting project and security group for project: c2c7d00af3e743b5b3a89e348203a428
2025-12-12 09:56:07.325 66686 INFO tempest.lib.common.rest_client [req-e0dbd7bc-cf89-4259-9a43-5a7bccc385ee req-e0dbd7bc-cf89-4259-9a43-5a7bccc385ee ] Request (DeleteServersTestJSON:test_delete_server_while_in_shelved_state): 200 GET http://10.180.1.21/compute/v2.1/servers/260d13c8-4b0d-4c53-a374-e868a8555da7 1.000s
2025-12-12 09:56:07.340 66676 INFO tempest.lib.common.rest_client [req-e5820f37-41ba-4a21-a346-305cc32496a4 req-e5820f37-41ba-4a21-a346-305cc32496a4 ] Request (ServersAdminTestJSON:test_inject_network_info): 200 GET http://10.180.1.21/compute/v2.1/servers/a5ac305c-76f2-4d27-b989-ecc842daf938 0.926s
