2025-12-12 09:54:19.744 66686 INFO tempest.common.waiters [-] Attachment 91e5b84c-82fa-40d4-b3a7-3328712cd621 created for volume a2571e1b-8bc2-4d6c-92a6-3c72956d5a34 to server 15cbcf19-94db-41f6-a6a5-b601facf1bea after waiting for 7.744613 seconds
2025-12-12 09:54:19.762 66678 INFO tempest.lib.common.rest_client [req-3f84d2bb-2c41-4313-b4fe-012b385f0505 req-3f84d2bb-2c41-4313-b4fe-012b385f0505 ] Request (AttachVolumeTestJSON:test_attach_detach_volume): 200 GET http://10.180.1.21/compute/v2.1/servers/8632b8c7-952b-4f62-a352-aa5b7a4ab238 0.667s
2025-12-12 09:54:19.778 66694 INFO tempest.lib.common.rest_client [req-d75c2e4b-9447-4fe4-9a4c-b6140fd82b1d req-d75c2e4b-9447-4fe4-9a4c-b6140fd82b1d ] Request (FlavorsAccessTestJSON:test_flavor_access_list_with_private_flavor): 200 POST http://10.180.1.21/compute/v2.1/flavors 0.544s
2025-12-12 09:54:19.786 66674 INFO tempest.lib.common.rest_client [req-7f458ccb-12c0-4bba-841f-6a7baa3eb791 req-7f458ccb-12c0-4bba-841f-6a7baa3eb791 ] Request (ServersAdmin275Test:test_rebuild_update_server_275): 201 POST http://10.180.1.21/identity/v3/auth/tokens 0.061s
2025-12-12 09:54:19.787 66674 INFO tempest.lib.common.fixed_network [-] (ServersAdmin275Test:test_rebuild_update_server_275) Found network None available for tenant
2025-12-12 09:54:19.793 66686 INFO tempest.lib.common.rest_client [req-40fe8b72-85bf-4f3f-8676-f5dc344235e3 req-40fe8b72-85bf-4f3f-8676-f5dc344235e3 ] Request (DeleteServersTestJSON:test_delete_server_while_in_attached_volume): 200 GET http://10.180.1.21/volume/v3/volumes/a2571e1b-8bc2-4d6c-92a6-3c72956d5a34 0.049s
2025-12-12 09:54:19.801 66686 INFO tempest.common.waiters [-] volume a2571e1b-8bc2-4d6c-92a6-3c72956d5a34 reached in-use after waiting for 0.801516 seconds
2025-12-12 09:54:19.824 66684 INFO tempest.lib.common.rest_client [req-654f06ad-b441-4679-8730-db4bb03d0b16 req-654f06ad-b441-4679-8730-db4bb03d0b16 ] Request (ServersTestManualDisk:tearDownClass): 202 DELETE http://10.180.1.21/compute/v2.1/os-keypairs/tempest-keypair-1800625540 0.350s
2025-12-12 09:54:19.827 66691 INFO tempest.lib.common.rest_client [req-8490c5b0-b373-4fe8-a2e7-1f5ba3989449 req-8490c5b0-b373-4fe8-a2e7-1f5ba3989449 ] Request (VolumesNegativeTest:test_get_volume_without_passing_volume_id): 404 GET http://10.180.1.21/compute/v2.1/os-volumes/ 0.264s
2025-12-12 09:54:19.879 66712 WARNING tempest.lib.common.ssh [-] Failed to establish authenticated ssh connection to cirros@10.180.180.238 ([Errno None] Unable to connect to port 22 on 10.180.180.238). Number attempts: 4. Retry after 5 seconds.: paramiko.ssh_exception.NoValidConnectionsError: [Errno None] Unable to connect to port 22 on 10.180.180.238
2025-12-12 09:54:19.934 66684 INFO tempest.lib.common.rest_client [req-2fee195e-0e9d-48a4-8279-c14ff134ffd8 req-2fee195e-0e9d-48a4-8279-c14ff134ffd8 ] Request (ServersTestManualDisk:tearDownClass): 204 DELETE http://10.180.1.21/networking/v2.0/security-groups/a48b4459-b433-4f93-816b-0de077beff77 0.109s
2025-12-12 09:54:19.976 66682 INFO tempest.lib.common.rest_client [req-098403af-4cc5-4bc1-9994-a2b95b6a4ac5 req-098403af-4cc5-4bc1-9994-a2b95b6a4ac5 ] Request (SecurityGroupsTestJSON:test_security_group_create_get_delete): 202 DELETE http://10.180.1.21/compute/v2.1/os-security-groups/4a77668d-a880-427e-908e-921186c8c91e 0.410s
2025-12-12 09:54:19.981 66684 INFO tempest.lib.common.rest_client [req-8adab500-165c-411f-b150-6229a5af5beb req-8adab500-165c-411f-b150-6229a5af5beb ] Request (ServersTestManualDisk:tearDownClass): 404 GET http://10.180.1.21/networking/v2.0/security-groups/a48b4459-b433-4f93-816b-0de077beff77 0.046s
2025-12-12 09:54:20.085 66702 INFO tempest.lib.common.rest_client [req-48f55d05-0c00-421c-a855-83bfed92b4f7 req-48f55d05-0c00-421c-a855-83bfed92b4f7 ] Request (VolumesAssistedSnapshotsTest:_run_cleanups): 404 GET http://10.180.1.21/volume/v3/volumes/45bd8e8a-a393-4e90-8dfc-6b18ef94da4b 0.014s
2025-12-12 09:54:20.204 66700 INFO tempest.lib.common.rest_client [req-9915f4d0-29b6-4e29-938e-9aeac547f7f6 req-9915f4d0-29b6-4e29-938e-9aeac547f7f6 ] Request (ServerRescueTestJSONUnderV235:_run_cleanups): 202 DELETE http://10.180.1.21/compute/v2.1/os-floating-ips/7a568cfd-e7f3-4c3c-ba57-7afb2509b427 1.007s
2025-12-12 09:54:20.265 66730 WARNING tempest.lib.common.ssh [-] Failed to establish authenticated ssh connection to cirros@10.180.180.193 ([Errno None] Unable to connect to port 22 on 10.180.180.193). Number attempts: 1. Retry after 2 seconds.: paramiko.ssh_exception.NoValidConnectionsError: [Errno None] Unable to connect to port 22 on 10.180.180.193
2025-12-12 09:54:20.275 66688 INFO tempest.lib.common.rest_client [req-ee7b4bcc-ff46-4531-9bf5-dca91b4088d8 req-ee7b4bcc-ff46-4531-9bf5-dca91b4088d8 ] Request (FloatingIPsAssociationTestJSON:tearDownClass): 200 GET http://10.180.1.21/compute/v2.1/servers/aa212750-260e-4809-9950-c3d8141377b0 0.706s
2025-12-12 09:54:20.277 66684 INFO tempest.lib.common.rest_client [req-61210fe4-aa5d-4609-aad4-a18803feada6 req-61210fe4-aa5d-4609-aad4-a18803feada6 ] Request (ServersTestManualDisk:tearDownClass): 204 DELETE http://10.180.1.21/networking/v2.0/floatingips/88e0e478-4170-4b14-add3-aed69f810917 0.295s
2025-12-12 09:54:20.321 66724 INFO tempest.lib.common.rest_client [req-89db52a7-5850-4247-b9d9-85489475f849 req-89db52a7-5850-4247-b9d9-85489475f849 ] Request (ListImageFiltersTestJSON:setUpClass): 200 GET http://10.180.1.21/compute/v2.1/images/feb60190-3369-4219-a493-6bcb9aef1166 0.722s
2025-12-12 09:54:20.342 66728 INFO tempest.lib.common.rest_client [req-878b8aa1-b1f2-4f7d-85a2-9c32d68e95a2 req-878b8aa1-b1f2-4f7d-85a2-9c32d68e95a2 ] Request (MigrationsAdminTest:test_resize_server_revert_deleted_flavor): 200 POST http://10.180.1.21/compute/v2.1/flavors 0.729s
2025-12-12 09:54:20.362 66696 INFO tempest.lib.common.rest_client [req-5139b3f7-de5d-40ea-aeb1-7dbd5fb613ab req-5139b3f7-de5d-40ea-aeb1-7dbd5fb613ab ] Request (ServersAdminNegativeTestJSON:test_resize_server_using_overlimit_vcpus): 200 GET http://10.180.1.21/compute/v2.1/os-quota-sets/6afc1fa46db140e2ae9d8807bd81fe5a 0.771s
2025-12-12 09:54:20.385 66714 INFO tempest.lib.common.rest_client [req-6f3930a0-bcf4-4e0e-8486-1ecf17353f00 req-6f3930a0-bcf4-4e0e-8486-1ecf17353f00 ] Request (KeyPairsV2TestJSON:test_keypairs_create_list_delete): 200 POST http://10.180.1.21/compute/v2.1/os-keypairs 0.676s
2025-12-12 09:54:20.391 66692 INFO tempest.lib.common.rest_client [req-8d6e77b4-7689-423f-83ee-44982b7d2786 req-8d6e77b4-7689-423f-83ee-44982b7d2786 ] Request (FlavorsAdminTestJSON:_run_cleanups): 200 GET http://10.180.1.21/compute/v2.1/flavors/detail 0.680s
2025-12-12 09:54:20.405 66694 INFO tempest.lib.common.rest_client [req-05581ec4-66ad-4f10-b4c6-52d963796cc8 req-05581ec4-66ad-4f10-b4c6-52d963796cc8 ] Request (FlavorsAccessTestJSON:test_flavor_access_list_with_private_flavor): 200 GET http://10.180.1.21/compute/v2.1/flavors/1537591432/os-flavor-access 0.622s
2025-12-12 09:54:20.499 66686 INFO tempest.lib.common.rest_client [req-5cce711a-f6e6-4705-aee6-125862f0262c req-5cce711a-f6e6-4705-aee6-125862f0262c ] Request (DeleteServersTestJSON:test_delete_server_while_in_attached_volume): 204 DELETE http://10.180.1.21/compute/v2.1/servers/15cbcf19-94db-41f6-a6a5-b601facf1bea 0.697s
2025-12-12 09:54:20.522 66691 INFO tempest.lib.common.rest_client [req-999b0265-e578-4162-b0ec-a1267d1c2b1e req-999b0265-e578-4162-b0ec-a1267d1c2b1e ] Request (VolumesNegativeTest:test_volume_delete_nonexistent_volume_id): 404 DELETE http://10.180.1.21/compute/v2.1/os-volumes/1b3b2c48-0ec2-4cfa-a5a5-10ea42f9e70c 0.693s
2025-12-12 09:54:20.549 66674 INFO tempest.lib.common.rest_client [req-399aa9c4-ca78-41d8-9d13-1cea5da8a198 req-399aa9c4-ca78-41d8-9d13-1cea5da8a198 ] Request (ServersAdmin275Test:test_rebuild_update_server_275): 202 POST http://10.180.1.21/compute/v2.1/servers 0.762s
2025-12-12 09:54:20.563 66732 WARNING tempest.lib.common.ssh [-] Failed to establish authenticated ssh connection to cirros@10.180.180.245 ([Errno None] Unable to connect to port 22 on 10.180.180.245). Number attempts: 5. Retry after 6 seconds.: paramiko.ssh_exception.NoValidConnectionsError: [Errno None] Unable to connect to port 22 on 10.180.180.245
2025-12-12 09:54:20.604 66736 INFO tempest.lib.common.rest_client [req-f840443a-29b3-4798-a2e2-802e0de44918 req-f840443a-29b3-4798-a2e2-802e0de44918 ] Request (ServersListShow296Test:test_list_show_update_rebuild_server_296): 200 GET http://10.180.1.21/compute/v2.1/servers/269d151b-abe1-4d7e-b75a-03219f2b2a21 0.721s
2025-12-12 09:54:20.606 66682 INFO tempest.lib.common.rest_client [req-b9dab326-5cce-4127-97b1-d1a2ca3841e7 req-b9dab326-5cce-4127-97b1-d1a2ca3841e7 ] Request (SecurityGroupsTestJSON:test_security_group_create_get_delete): 404 GET http://10.180.1.21/compute/v2.1/os-security-groups/4a77668d-a880-427e-908e-921186c8c91e 0.629s
2025-12-12 09:54:20.683 66716 INFO tempest.lib.common.rest_client [req-913331f0-8091-4bed-953c-6276f6711d8c req-913331f0-8091-4bed-953c-6276f6711d8c ] Request (ServerRescueTestJSON:tearDownClass): 200 GET http://10.180.1.21/compute/v2.1/servers/18329b1e-2891-4ce8-a4fb-d9d682d75b7f 0.627s
2025-12-12 09:54:20.708 66702 INFO tempest.lib.common.rest_client [req-e03cad67-5673-4998-8b68-f76a712f1883 req-e03cad67-5673-4998-8b68-f76a712f1883 ] Request (VolumesAssistedSnapshotsTest:tearDownClass): 204 DELETE http://10.180.1.21/compute/v2.1/servers/a372b7ea-d226-44c2-990e-201872271f14 0.617s
2025-12-12 09:54:20.775 66734 INFO tempest.lib.common.rest_client [req-6f23fe55-c045-4b13-888d-0b4381dca7a4 req-6f23fe55-c045-4b13-888d-0b4381dca7a4 ] Request (ServerDiskConfigTestJSON:test_rebuild_server_with_manual_disk_config): 200 GET http://10.180.1.21/compute/v2.1/servers/98d7aacd-eff4-4595-9a48-059b5adf7976 0.631s
2025-12-12 09:54:20.870 66700 INFO tempest.lib.common.rest_client [req-ccbad0f6-f9de-4b21-b5e5-03570646bba5 req-ccbad0f6-f9de-4b21-b5e5-03570646bba5 ] Request (ServerRescueTestJSONUnderV235:tearDownClass): 202 DELETE http://10.180.1.21/compute/v2.1/os-security-groups/3d45e661-1fcb-49c3-abca-f0885f8ab8b0 0.665s
2025-12-12 09:54:20.890 66704 INFO tempest.lib.common.rest_client [req-3ed82769-782d-48b4-bc20-fc810bbf1727 req-3ed82769-782d-48b4-bc20-fc810bbf1727 ] Request (ServersTestBootFromVolume:setUpClass): 200 GET http://10.180.1.21/compute/v2.1/servers/445ea162-633e-4cde-80c3-792af644c567 0.653s
2025-12-12 09:54:20.902 66728 INFO tempest.lib.common.rest_client [req-a2ea2f36-ebfa-45f9-ab80-e8f1aaa54fc1 req-a2ea2f36-ebfa-45f9-ab80-e8f1aaa54fc1 ] Request (MigrationsAdminTest:test_resize_server_revert_deleted_flavor): 200 GET http://10.180.1.21/compute/v2.1/flavors/42/os-extra_specs 0.558s
2025-12-12 09:54:20.922 66696 INFO tempest.lib.common.rest_client [req-1a77b162-aefc-45bd-b214-9ea7c9f7ff67 req-1a77b162-aefc-45bd-b214-9ea7c9f7ff67 ] Request (ServersAdminNegativeTestJSON:test_resize_server_using_overlimit_vcpus): 200 POST http://10.180.1.21/compute/v2.1/flavors 0.556s
2025-12-12 09:54:20.957 66714 INFO tempest.lib.common.rest_client [req-95b91d50-0154-443d-abda-eaba14f07ace req-95b91d50-0154-443d-abda-eaba14f07ace ] Request (KeyPairsV2TestJSON:test_keypairs_create_list_delete): 200 POST http://10.180.1.21/compute/v2.1/os-keypairs 0.569s
2025-12-12 09:54:21.032 66724 INFO tempest.lib.common.rest_client [req-8bd263e9-388d-4d54-9bb6-2afd850a88e4 req-8bd263e9-388d-4d54-9bb6-2afd850a88e4 ] Request (ListImageFiltersTestJSON:setUpClass): 200 GET http://10.180.1.21/compute/v2.1/servers/d08271e5-7603-446a-aa37-70aaebd28838 0.703s
2025-12-12 09:54:21.046 66722 INFO tempest.lib.common.rest_client [req-bc58f71f-4045-47f0-90dc-eb97f135e934 req-bc58f71f-4045-47f0-90dc-eb97f135e934 ] Request (ServerShowV254Test:tearDownClass): 200 GET http://10.180.1.21/compute/v2.1/servers/a3c4d7cc-ccf8-485c-9250-d5fb013f420b 0.657s
2025-12-12 09:54:21.057 66692 INFO tempest.lib.common.rest_client [req-789bbade-5776-4af2-bce6-3e72e350ece3 req-789bbade-5776-4af2-bce6-3e72e350ece3 ] Request (FlavorsAdminTestJSON:test_list_public_flavor_with_other_user): 200 POST http://10.180.1.21/compute/v2.1/flavors 0.659s
2025-12-12 09:54:21.061 66694 INFO tempest.lib.common.rest_client [req-1b36f009-1daf-4583-b0bb-8a08ed6bb0c6 req-1b36f009-1daf-4583-b0bb-8a08ed6bb0c6 ] Request (FlavorsAccessTestJSON:_run_cleanups): 202 DELETE http://10.180.1.21/compute/v2.1/flavors/1537591432 0.655s
2025-12-12 09:54:21.147 66684 INFO tempest.lib.common.rest_client [req-2b1897c1-f7cd-4031-993f-958a2af663a4 req-2b1897c1-f7cd-4031-993f-958a2af663a4 ] Request (ServersTestManualDisk:tearDownClass): 200 PUT http://10.180.1.21/networking/v2.0/routers/57479703-a10a-4aab-b0ca-65297473a7e3/remove_router_interface 0.870s
2025-12-12 09:54:21.155 66676 INFO tempest.lib.common.rest_client [req-c9c88aba-67ba-4e43-9b5f-6e25acdb6b6b req-c9c88aba-67ba-4e43-9b5f-6e25acdb6b6b ] Request (ServersAdminTestJSON:setUpClass): 200 GET http://10.180.1.21/compute/v2.1/servers/65e94831-7148-4c61-b7ac-e570e54a0498 0.692s
2025-12-12 09:54:21.195 66706 INFO tempest.lib.common.rest_client [req-80a97b91-abcb-4f4c-8a68-163948202cac req-80a97b91-abcb-4f4c-8a68-163948202cac ] Request (FloatingIPsAssociationNegativeTestJSON:setUpClass): 200 GET http://10.180.1.21/compute/v2.1/servers/9ee5335b-fca7-4bab-a0b1-0c954551f13d 0.781s
2025-12-12 09:54:21.248 66718 INFO tempest.lib.common.rest_client [req-52903373-83c5-4f84-92ac-09c25306ae36 req-52903373-83c5-4f84-92ac-09c25306ae36 ] Request (InstanceActionsTestJSON:tearDownClass): 200 GET http://10.180.1.21/compute/v2.1/servers/e5d83736-adfa-4d93-8696-c3d8021f2390 0.766s
2025-12-12 09:54:21.274 66691 INFO tempest.lib.common.rest_client [req-99123776-9948-4d63-a50b-046b53d78b0f req-99123776-9948-4d63-a50b-046b53d78b0f ] Request (VolumesNegativeTest:test_volume_get_nonexistent_volume_id): 404 GET http://10.180.1.21/compute/v2.1/os-volumes/8f170b57-1c12-40ad-aa68-2eeb0d1ccd87 0.751s
2025-12-12 09:54:21.389 66686 INFO tempest.lib.common.rest_client [req-d491571d-ce17-4686-8532-6b0bccceae0e req-d491571d-ce17-4686-8532-6b0bccceae0e ] Request (DeleteServersTestJSON:test_delete_server_while_in_attached_volume): 200 GET http://10.180.1.21/compute/v2.1/servers/15cbcf19-94db-41f6-a6a5-b601facf1bea 0.890s
2025-12-12 09:54:21.406 66720 INFO tempest.lib.common.rest_client [req-58d5a648-3c86-4247-a3e6-541500c40064 req-58d5a648-3c86-4247-a3e6-541500c40064 ] Request (InstanceActionsNegativeTestJSON:tearDownClass): 200 GET http://10.180.1.21/compute/v2.1/servers/c4f9758d-7c1e-40be-8488-ee39884dc342 0.867s
2025-12-12 09:54:21.434 66691 INFO tempest.lib.common.rest_client [req-cb2aee62-48cf-4975-9b67-98dd2e2753d3 req-cb2aee62-48cf-4975-9b67-98dd2e2753d3 ] Request (VolumesNegativeTest:tearDownClass): 204 DELETE http://10.180.1.21/identity/v3/users/9f7d3fecb55f4cfc8fc2b127add5ff33 0.154s
2025-12-12 09:54:21.434 66691 INFO tempest.lib.common.dynamic_creds [-] Deleting project and security group for project: 12c42a1e83824a1192ea12265029db7a
2025-12-12 09:54:21.473 66710 INFO tempest.lib.common.rest_client [req-60208127-6e92-4ab5-98f0-17a804f699b3 req-60208127-6e92-4ab5-98f0-17a804f699b3 ] Request (ServerAddressesTestJSON:setUpClass): 200 GET http://10.180.1.21/compute/v2.1/servers/036d1636-8c79-478a-9d28-9f603e1912fe 0.907s
2025-12-12 09:54:21.498 66674 INFO tempest.lib.common.rest_client [req-6a399e99-b45e-4bc3-9282-7f3e291b7a9a req-6a399e99-b45e-4bc3-9282-7f3e291b7a9a ] Request (ServersAdmin275Test:test_rebuild_update_server_275): 200 PUT http://10.180.1.21/compute/v2.1/servers/a38ed16a-e5ea-492c-becb-a59da074cbf6 0.947s
2025-12-12 09:54:21.502 66691 INFO tempest.lib.common.rest_client [req-2dd9f03c-fc0a-4a88-8046-b85464c3b2e4 req-2dd9f03c-fc0a-4a88-8046-b85464c3b2e4 ] Request (VolumesNegativeTest:tearDownClass): 201 POST http://10.180.1.21/identity/v3/auth/tokens 0.067s
2025-12-12 09:54:21.635 66684 INFO tempest.lib.common.rest_client [req-584a40ca-c53e-4924-a808-3061c2d8dddc req-584a40ca-c53e-4924-a808-3061c2d8dddc ] Request (ServersTestManualDisk:tearDownClass): 204 DELETE http://10.180.1.21/networking/v2.0/routers/57479703-a10a-4aab-b0ca-65297473a7e3 0.487s
2025-12-12 09:54:21.640 66682 INFO tempest.lib.common.rest_client [req-b5e5cc42-71d9-46f2-82a5-0fb1ea4863bf req-b5e5cc42-71d9-46f2-82a5-0fb1ea4863bf ] Request (SecurityGroupsTestJSON:test_security_groups_create_list_delete): 200 POST http://10.180.1.21/compute/v2.1/os-security-groups 1.030s
2025-12-12 09:54:21.711 66726 INFO tempest.lib.common.rest_client [req-ea0de2e1-2a51-4b07-9ad0-813490ee9d14 req-ea0de2e1-2a51-4b07-9ad0-813490ee9d14 ] Request (AttachInterfacesUnderV243Test:test_add_remove_fixed_ip): 200 GET http://10.180.1.21/compute/v2.1/servers/be07500f-5161-4396-9d65-f350e6cb7acb 1.034s
2025-12-12 09:54:21.833 66691 INFO tempest.lib.common.rest_client [req-27298363-dbf0-4d64-833e-fe1c7c6113bd req-27298363-dbf0-4d64-833e-fe1c7c6113bd ] Request (VolumesNegativeTest:tearDownClass): 200 GET http://10.180.1.21/networking/v2.0/security-groups?tenant_id=12c42a1e83824a1192ea12265029db7a&name=default 0.331s
2025-12-12 09:54:21.864 66684 INFO tempest.lib.common.rest_client [req-bb114755-6ea9-4e10-85ae-a86356737a8b req-bb114755-6ea9-4e10-85ae-a86356737a8b ] Request (ServersTestManualDisk:tearDownClass): 204 DELETE http://10.180.1.21/networking/v2.0/subnets/1f08c458-988e-4803-9f59-fb2a88b10cf5 0.229s
2025-12-12 09:54:22.056 66691 INFO tempest.lib.common.rest_client [req-6917f0af-ae8e-4972-a47e-9a949b730549 req-6917f0af-ae8e-4972-a47e-9a949b730549 ] Request (VolumesNegativeTest:tearDownClass): 204 DELETE http://10.180.1.21/networking/v2.0/security-groups/d59925bc-c733-4801-b6f9-35bb3e9c44b2 0.222s
2025-12-12 09:54:22.136 66708 INFO tempest.lib.common.rest_client [req-28e877d1-e6b5-4d4c-a8ae-121a23be7655 req-28e877d1-e6b5-4d4c-a8ae-121a23be7655 ] Request (ServersWithSpecificFlavorTestJSON:test_verify_created_server_ephemeral_disk): 200 GET http://10.180.1.21/compute/v2.1/servers/cad7d6b9-e6db-475e-b3e2-cfef6c29a30c 1.438s
2025-12-12 09:54:22.139 66691 INFO tempest.lib.common.rest_client [req-b50fdb6e-68c2-43be-9543-569f9bee4803 req-b50fdb6e-68c2-43be-9543-569f9bee4803 ] Request (VolumesNegativeTest:tearDownClass): 204 DELETE http://10.180.1.21/identity/v3/projects/12c42a1e83824a1192ea12265029db7a 0.082s
2025-12-12 09:54:22.187 66702 INFO tempest.lib.common.rest_client [req-ee9e3ebb-5c4a-4444-a25e-fc3ea2b1d70d req-ee9e3ebb-5c4a-4444-a25e-fc3ea2b1d70d ] Request (VolumesAssistedSnapshotsTest:tearDownClass): 200 GET http://10.180.1.21/compute/v2.1/servers/a372b7ea-d226-44c2-990e-201872271f14 1.479s
2025-12-12 09:54:22.296 66700 INFO tempest.lib.common.rest_client [req-e581f6d2-858b-45b2-a7aa-22b69d8854e3 req-e581f6d2-858b-45b2-a7aa-22b69d8854e3 ] Request (ServerRescueTestJSONUnderV235:tearDownClass): 204 DELETE http://10.180.1.21/compute/v2.1/servers/32d29e6c-1fa6-44f5-8dc2-1de90b1db002 1.425s
2025-12-12 09:54:22.341 66728 INFO tempest.lib.common.rest_client [req-920f9b41-adc3-4893-b05f-46fe0cffcecd req-920f9b41-adc3-4893-b05f-46fe0cffcecd ] Request (MigrationsAdminTest:test_resize_server_revert_deleted_flavor): 200 POST http://10.180.1.21/compute/v2.1/flavors/7a113f6e-eafa-4c26-b8f5-025da617e515/os-extra_specs 1.437s
2025-12-12 09:54:22.361 66684 INFO tempest.lib.common.rest_client [req-91201bd8-f53c-4259-98ff-03acce9791b3 req-91201bd8-f53c-4259-98ff-03acce9791b3 ] Request (ServersTestManualDisk:tearDownClass): 204 DELETE http://10.180.1.21/networking/v2.0/networks/59941ddd-dc58-4cc0-b601-a4be1eb3fee6 0.497s
2025-12-12 09:54:22.465 66728 INFO tempest.lib.common.rest_client [req-9b869392-e65e-4588-b7cc-30a20f9da3ad req-9b869392-e65e-4588-b7cc-30a20f9da3ad ] Request (MigrationsAdminTest:test_resize_server_revert_deleted_flavor): 201 POST http://10.180.1.21/identity/v3/auth/tokens 0.119s
2025-12-12 09:54:22.465 66728 INFO tempest.lib.common.fixed_network [-] (MigrationsAdminTest:test_resize_server_revert_deleted_flavor) Found network None available for tenant
2025-12-12 09:54:22.466 66678 INFO tempest.lib.common.rest_client [req-3ada7516-d5be-4e75-89bf-c3ee48c04e8a req-3ada7516-d5be-4e75-89bf-c3ee48c04e8a ] Request (AttachVolumeTestJSON:test_attach_detach_volume): 200 GET http://10.180.1.21/compute/v2.1/servers/8632b8c7-952b-4f62-a352-aa5b7a4ab238 1.694s
2025-12-12 09:54:22.488 66714 INFO tempest.lib.common.rest_client [req-58940b2f-fe7a-44c1-b7e1-a0856f221be5 req-58940b2f-fe7a-44c1-b7e1-a0856f221be5 ] Request (KeyPairsV2TestJSON:test_keypairs_create_list_delete): 200 GET http://10.180.1.21/compute/v2.1/os-keypairs 1.529s
2025-12-12 09:54:22.523 66696 INFO tempest.lib.common.rest_client [req-370328f8-8825-47f0-afe9-1bf56ddd91b3 req-370328f8-8825-47f0-afe9-1bf56ddd91b3 ] Request (ServersAdminNegativeTestJSON:test_resize_server_using_overlimit_vcpus): 403 POST http://10.180.1.21/compute/v2.1/servers/1137c6c2-9f76-4a9c-ab1e-6f0331914394/action 1.598s
2025-12-12 09:54:22.524 66692 INFO tempest.lib.common.rest_client [req-dab7d96c-353c-4d1a-8a8b-82384b76e78d req-dab7d96c-353c-4d1a-8a8b-82384b76e78d ] Request (FlavorsAdminTestJSON:test_list_public_flavor_with_other_user): 200 GET http://10.180.1.21/compute/v2.1/flavors/detail 1.465s
2025-12-12 09:54:22.546 66684 INFO tempest.lib.common.rest_client [req-99fb0899-90c5-483c-a919-67ad7d31b6a1 req-99fb0899-90c5-483c-a919-67ad7d31b6a1 ] Request (ServersTestManualDisk:tearDownClass): 204 DELETE http://10.180.1.21/identity/v3/users/7ebcbfaffdb04a21a7b3a5551f182903 0.183s
2025-12-12 09:54:22.546 66684 INFO tempest.lib.common.dynamic_creds [-] Deleting project and security group for project: 05a97aff0ec24b7d9a93f3498c839972
2025-12-12 09:54:22.568 66694 INFO tempest.lib.common.rest_client [req-ff020586-5e13-4da6-bf9f-c32bae788b6e req-ff020586-5e13-4da6-bf9f-c32bae788b6e ] Request (FlavorsAccessTestJSON:_run_cleanups): 200 GET http://10.180.1.21/compute/v2.1/flavors/detail 1.505s
2025-12-12 09:54:22.618 66684 INFO tempest.lib.common.rest_client [req-efe60593-7610-49f7-b9f1-fad79889dd8a req-efe60593-7610-49f7-b9f1-fad79889dd8a ] Request (ServersTestManualDisk:tearDownClass): 200 GET http://10.180.1.21/networking/v2.0/security-groups?tenant_id=05a97aff0ec24b7d9a93f3498c839972&name=default 0.072s
2025-12-12 09:54:22.645 66688 INFO tempest.lib.common.rest_client [req-0769591a-7f15-4b14-ac06-ec620782b327 req-0769591a-7f15-4b14-ac06-ec620782b327 ] Request (FloatingIPsAssociationTestJSON:tearDownClass): 200 GET http://10.180.1.21/compute/v2.1/servers/aa212750-260e-4809-9950-c3d8141377b0 1.361s
2025-12-12 09:54:22.653 66674 INFO tempest.lib.common.rest_client [req-f561a9b6-1302-4cb9-8f7f-65b250d9312e req-f561a9b6-1302-4cb9-8f7f-65b250d9312e ] Request (ServersAdmin275Test:test_rebuild_update_server_275): 200 GET http://10.180.1.21/compute/v2.1/servers/a38ed16a-e5ea-492c-becb-a59da074cbf6 1.145s
2025-12-12 09:54:22.706 66694 INFO tempest.lib.common.rest_client [req-1763fba4-f6b5-4d9d-8d9e-ff93aede9740 req-1763fba4-f6b5-4d9d-8d9e-ff93aede9740 ] Request (FlavorsAccessTestJSON:tearDownClass): 204 DELETE http://10.180.1.21/identity/v3/users/bc959a2793a44182a851d8b7a476183c 0.131s
2025-12-12 09:54:22.734 66684 INFO tempest.lib.common.rest_client [req-5dd9d5e5-f6e6-4260-aa86-700f306079a1 req-5dd9d5e5-f6e6-4260-aa86-700f306079a1 ] Request (ServersTestManualDisk:tearDownClass): 204 DELETE http://10.180.1.21/networking/v2.0/security-groups/480289df-4e00-4fcc-8b04-c86307c4d15d 0.115s
2025-12-12 09:54:22.799 66694 INFO tempest.lib.common.rest_client [req-7fcc8c17-ae6b-4cd2-ba03-12cc852d1a26 req-7fcc8c17-ae6b-4cd2-ba03-12cc852d1a26 ] Request (FlavorsAccessTestJSON:tearDownClass): 204 DELETE http://10.180.1.21/identity/v3/users/196d2f6e2aa34d34bb915a50e9d9bc14 0.093s
2025-12-12 09:54:22.800 66694 INFO tempest.lib.common.dynamic_creds [-] Deleting project and security group for project: c2b889b2233848aba0134aa7de68efc0
2025-12-12 09:54:22.843 66682 INFO tempest.lib.common.rest_client [req-ccbaa7da-01a6-45c2-be51-4275fa79b259 req-ccbaa7da-01a6-45c2-be51-4275fa79b259 ] Request (SecurityGroupsTestJSON:test_security_groups_create_list_delete): 200 POST http://10.180.1.21/compute/v2.1/os-security-groups 1.199s
2025-12-12 09:54:22.874 66736 INFO tempest.lib.common.rest_client [req-dcee33c4-896f-4ac1-85f2-b41b915df6f2 req-dcee33c4-896f-4ac1-85f2-b41b915df6f2 ] Request (ServersListShow296Test:test_list_show_update_rebuild_server_296): 200 GET http://10.180.1.21/compute/v2.1/servers/269d151b-abe1-4d7e-b75a-03219f2b2a21 1.259s
2025-12-12 09:54:22.894 66694 INFO tempest.lib.common.rest_client [req-b7e23512-2d4d-4597-bfd3-a81e89d3bd09 req-b7e23512-2d4d-4597-bfd3-a81e89d3bd09 ] Request (FlavorsAccessTestJSON:tearDownClass): 201 POST http://10.180.1.21/identity/v3/auth/tokens 0.094s
2025-12-12 09:54:22.905 66684 INFO tempest.lib.common.rest_client [req-51cd1b6b-8b99-43a8-84ce-b8e1631c6c67 req-51cd1b6b-8b99-43a8-84ce-b8e1631c6c67 ] Request (ServersTestManualDisk:tearDownClass): 204 DELETE http://10.180.1.21/identity/v3/projects/05a97aff0ec24b7d9a93f3498c839972 0.171s
2025-12-12 09:54:22.977 66684 INFO tempest.lib.common.rest_client [req-311a7a60-de77-4281-8973-19625c6d2957 req-311a7a60-de77-4281-8973-19625c6d2957 ] Request (ServersV294TestFqdnHostnames:setUpClass): 201 POST http://10.180.1.21/identity/v3/auth/tokens 0.069s
2025-12-12 09:54:23.009 66684 INFO tempest.lib.common.rest_client [req-ccb75324-cc4a-4919-923e-27dbc4d5ea35 req-ccb75324-cc4a-4919-923e-27dbc4d5ea35 ] Request (ServersV294TestFqdnHostnames:setUpClass): 201 POST http://10.180.1.21/identity/v3/auth/tokens 0.028s
2025-12-12 09:54:23.038 66684 INFO tempest.lib.common.rest_client [req-8ebb41a0-82b9-42bc-8960-2b526677de1b req-8ebb41a0-82b9-42bc-8960-2b526677de1b ] Request (ServersV294TestFqdnHostnames:setUpClass): 200 GET http://10.180.1.21/identity/v3/domains?name=Default 0.028s
2025-12-12 09:54:23.067 66684 INFO tempest.lib.common.rest_client [req-67365c17-2fc2-4e9c-a235-9374f598aafd req-67365c17-2fc2-4e9c-a235-9374f598aafd ] Request (ServersV294TestFqdnHostnames:setUpClass): 201 POST http://10.180.1.21/identity/v3/projects 0.029s
2025-12-12 09:54:23.098 66694 INFO tempest.lib.common.rest_client [req-2d3f6698-74f1-4b43-b79b-d6916fb96c0e req-2d3f6698-74f1-4b43-b79b-d6916fb96c0e ] Request (FlavorsAccessTestJSON:tearDownClass): 200 GET http://10.180.1.21/networking/v2.0/security-groups?tenant_id=c2b889b2233848aba0134aa7de68efc0&name=default 0.203s
2025-12-12 09:54:23.124 66716 INFO tempest.lib.common.rest_client [req-fcd09f90-6f19-4ac2-9f10-5e93fbf0aa18 req-fcd09f90-6f19-4ac2-9f10-5e93fbf0aa18 ] Request (ServerRescueTestJSON:tearDownClass): 200 GET http://10.180.1.21/compute/v2.1/servers/18329b1e-2891-4ce8-a4fb-d9d682d75b7f 1.432s
2025-12-12 09:54:23.126 66684 INFO tempest.lib.common.rest_client [req-85677d1d-fc13-4cf4-9d9d-dff2ab9af85b req-85677d1d-fc13-4cf4-9d9d-dff2ab9af85b ] Request (ServersV294TestFqdnHostnames:setUpClass): 201 POST http://10.180.1.21/identity/v3/users 0.058s
2025-12-12 09:54:23.137 66734 INFO tempest.lib.common.rest_client [req-c89a3be8-9dc4-42a4-a85d-f5b6c94c057f req-c89a3be8-9dc4-42a4-a85d-f5b6c94c057f ] Request (ServerDiskConfigTestJSON:test_rebuild_server_with_manual_disk_config): 200 GET http://10.180.1.21/compute/v2.1/servers/98d7aacd-eff4-4595-9a48-059b5adf7976 1.353s
2025-12-12 09:54:23.154 66684 INFO tempest.lib.common.rest_client [req-50be72e1-767f-484b-bc6e-5f1040ceba07 req-50be72e1-767f-484b-bc6e-5f1040ceba07 ] Request (ServersV294TestFqdnHostnames:setUpClass): 200 GET http://10.180.1.21/identity/v3/roles 0.027s
2025-12-12 09:54:23.202 66684 INFO tempest.lib.common.rest_client [req-6682bcbc-f655-4859-9223-01069efe5824 req-6682bcbc-f655-4859-9223-01069efe5824 ] Request (ServersV294TestFqdnHostnames:setUpClass): 204 PUT http://10.180.1.21/identity/v3/projects/472128480a154fbe9291e883cd87d8a2/users/072693d3b1934b5b9ba9a6af6fabd12e/roles/2b368930e8a240e79564e72d66e827b0 0.047s
2025-12-12 09:54:23.202 66684 INFO tempest.lib.common.dynamic_creds [-] Dynamic test user 072693d3b1934b5b9ba9a6af6fabd12e is created with scope project and roles: ['member']
2025-12-12 09:54:23.202 66684 INFO tempest.lib.common.dynamic_creds [-] Acquired dynamic creds: credentials: Credentials: {'domain_id': 'default', 'domain_name': 'Default', 'username': 'tempest-ServersV294TestFqdnHostnames-796509689-project-member', 'project_domain_id': 'default', 'project_domain_name': 'Default', 'project_id': '472128480a154fbe9291e883cd87d8a2', 'project_name': 'tempest-ServersV294TestFqdnHostnames-796509689', 'tenant_id': '472128480a154fbe9291e883cd87d8a2', 'tenant_name': 'tempest-ServersV294TestFqdnHostnames-796509689', 'user_domain_id': 'default', 'user_domain_name': 'Default', 'user_id': '072693d3b1934b5b9ba9a6af6fabd12e', 'system': None}, Network: None, Subnet: None, Router: None
2025-12-12 09:54:23.206 66730 WARNING tempest.lib.common.ssh [-] Failed to establish authenticated ssh connection to cirros@10.180.180.193 ([Errno None] Unable to connect to port 22 on 10.180.180.193). Number attempts: 2. Retry after 3 seconds.: paramiko.ssh_exception.NoValidConnectionsError: [Errno None] Unable to connect to port 22 on 10.180.180.193
2025-12-12 09:54:23.277 66684 INFO tempest.lib.common.rest_client [req-8165f4f8-42b7-4fd4-bd10-1cd2982d1681 req-8165f4f8-42b7-4fd4-bd10-1cd2982d1681 ] Request (ServersV294TestFqdnHostnames:setUpClass): 201 POST http://10.180.1.21/identity/v3/auth/tokens 0.075s
2025-12-12 09:54:23.300 66694 INFO tempest.lib.common.rest_client [req-1cceb2f8-bae2-43d1-bc6a-506568d03482 req-1cceb2f8-bae2-43d1-bc6a-506568d03482 ] Request (FlavorsAccessTestJSON:tearDownClass): 204 DELETE http://10.180.1.21/networking/v2.0/security-groups/cc2be9a3-b571-45fa-8e2b-08be4fe0161f 0.200s
2025-12-12 09:54:23.326 66704 INFO tempest.lib.common.rest_client [req-58ec122d-eb31-4469-a711-0a2435a2fe3a req-58ec122d-eb31-4469-a711-0a2435a2fe3a ] Request (ServersTestBootFromVolume:setUpClass): 200 GET http://10.180.1.21/compute/v2.1/servers/445ea162-633e-4cde-80c3-792af644c567 1.428s
2025-12-12 09:54:23.389 66694 INFO tempest.lib.common.rest_client [req-affe6166-e81d-4c75-9a62-b369a923e8ef req-affe6166-e81d-4c75-9a62-b369a923e8ef ] Request (FlavorsAccessTestJSON:tearDownClass): 204 DELETE http://10.180.1.21/identity/v3/projects/c2b889b2233848aba0134aa7de68efc0 0.089s
2025-12-12 09:54:23.390 66694 INFO tempest.lib.common.dynamic_creds [-] Deleting project and security group for project: d58303c3e8044089961ad9175cce4e1c
2025-12-12 09:54:23.786 66684 INFO tempest.lib.common.rest_client [req-923d0f2f-2a34-474b-9c94-c04d9a127051 req-923d0f2f-2a34-474b-9c94-c04d9a127051 ] Request (ServersV294TestFqdnHostnames:setUpClass): 201 POST http://10.180.1.21/networking/v2.0/networks 0.509s
2025-12-12 09:54:23.864 66722 INFO tempest.lib.common.rest_client [req-f118a53e-68f3-4441-8fb7-02253c0d27d4 req-f118a53e-68f3-4441-8fb7-02253c0d27d4 ] Request (ServerShowV254Test:tearDownClass): 200 GET http://10.180.1.21/compute/v2.1/servers/a3c4d7cc-ccf8-485c-9250-d5fb013f420b 1.806s
2025-12-12 09:54:23.957 66694 INFO tempest.lib.common.rest_client [req-cd161587-d23c-489a-9bd9-99b3cd5b2c01 req-cd161587-d23c-489a-9bd9-99b3cd5b2c01 ] Request (FlavorsAccessTestJSON:tearDownClass): 200 GET http://10.180.1.21/networking/v2.0/security-groups?tenant_id=d58303c3e8044089961ad9175cce4e1c&name=default 0.566s
2025-12-12 09:54:23.992 66724 INFO tempest.lib.common.rest_client [req-b9a67dd7-7ec9-4538-bc05-23786241585a req-b9a67dd7-7ec9-4538-bc05-23786241585a ] Request (ListImageFiltersTestJSON:setUpClass): 200 GET http://10.180.1.21/compute/v2.1/servers/d08271e5-7603-446a-aa37-70aaebd28838 1.948s
2025-12-12 09:54:24.003 66724 INFO tempest.common.waiters [-] State transition "ACTIVE/image_uploading" ==> "ACTIVE/None" after 3 second wait
2025-12-12 09:54:24.209 66684 INFO tempest.lib.common.rest_client [req-46b1c829-9fe5-425b-8572-a5e223eb1e0f req-46b1c829-9fe5-425b-8572-a5e223eb1e0f ] Request (ServersV294TestFqdnHostnames:setUpClass): 201 POST http://10.180.1.21/networking/v2.0/subnets 0.422s
2025-12-12 09:54:24.305 66676 INFO tempest.lib.common.rest_client [req-3f65f866-84ee-4ce7-be93-c79667acd747 req-3f65f866-84ee-4ce7-be93-c79667acd747 ] Request (ServersAdminTestJSON:setUpClass): 200 GET http://10.180.1.21/compute/v2.1/servers/65e94831-7148-4c61-b7ac-e570e54a0498 2.137s
2025-12-12 09:54:24.381 66694 INFO tempest.lib.common.rest_client [req-b17f2f53-b01d-4000-afc7-da952741f730 req-b17f2f53-b01d-4000-afc7-da952741f730 ] Request (FlavorsAccessTestJSON:tearDownClass): 204 DELETE http://10.180.1.21/networking/v2.0/security-groups/55827890-7319-46b2-ba7c-9c1d3945a232 0.424s
2025-12-12 09:54:24.453 66694 INFO tempest.lib.common.rest_client [req-82141cce-64b7-4d7c-945c-c5149f1d98c4 req-82141cce-64b7-4d7c-945c-c5149f1d98c4 ] Request (FlavorsAccessTestJSON:tearDownClass): 204 DELETE http://10.180.1.21/identity/v3/projects/d58303c3e8044089961ad9175cce4e1c 0.071s
2025-12-12 09:54:24.530 66694 INFO tempest.lib.common.rest_client [req-69fccf36-276d-4ff0-bbdf-42c2782b1b38 req-69fccf36-276d-4ff0-bbdf-42c2782b1b38 ] Request (ImagesOneServerTestJSON:setUpClass): 201 POST http://10.180.1.21/identity/v3/auth/tokens 0.075s
2025-12-12 09:54:24.572 66694 INFO tempest.lib.common.rest_client [req-e6e07788-927b-4a1b-990d-060045b049e1 req-e6e07788-927b-4a1b-990d-060045b049e1 ] Request (ImagesOneServerTestJSON:setUpClass): 201 POST http://10.180.1.21/identity/v3/auth/tokens 0.038s
2025-12-12 09:54:24.598 66694 INFO tempest.lib.common.rest_client [req-e2cc9d36-c225-4614-a417-892e34cf0d55 req-e2cc9d36-c225-4614-a417-892e34cf0d55 ] Request (ImagesOneServerTestJSON:setUpClass): 200 GET http://10.180.1.21/identity/v3/domains?name=Default 0.025s
2025-12-12 09:54:24.627 66694 INFO tempest.lib.common.rest_client [req-e6d7760f-2509-482f-9c32-3130117d48cb req-e6d7760f-2509-482f-9c32-3130117d48cb ] Request (ImagesOneServerTestJSON:setUpClass): 201 POST http://10.180.1.21/identity/v3/projects 0.028s
2025-12-12 09:54:24.695 66694 INFO tempest.lib.common.rest_client [req-7183f900-0242-40f3-b7f1-c51073e0b78d req-7183f900-0242-40f3-b7f1-c51073e0b78d ] Request (ImagesOneServerTestJSON:setUpClass): 201 POST http://10.180.1.21/identity/v3/users 0.068s
2025-12-12 09:54:24.727 66694 INFO tempest.lib.common.rest_client [req-23f10b37-7a64-409d-a9fd-3a81f5bf565a req-23f10b37-7a64-409d-a9fd-3a81f5bf565a ] Request (ImagesOneServerTestJSON:setUpClass): 200 GET http://10.180.1.21/identity/v3/roles 0.032s
2025-12-12 09:54:24.765 66694 INFO tempest.lib.common.rest_client [req-2c3f395a-865e-40fc-b056-8309eae2a8df req-2c3f395a-865e-40fc-b056-8309eae2a8df ] Request (ImagesOneServerTestJSON:setUpClass): 204 PUT http://10.180.1.21/identity/v3/projects/69f1b63403364b3a8ee34cac424f1bd2/users/eaa8bc3de769442fb44c664aca600873/roles/2b368930e8a240e79564e72d66e827b0 0.037s
2025-12-12 09:54:24.765 66694 INFO tempest.lib.common.dynamic_creds [-] Dynamic test user eaa8bc3de769442fb44c664aca600873 is created with scope project and roles: ['member']
2025-12-12 09:54:24.765 66694 INFO tempest.lib.common.dynamic_creds [-] Acquired dynamic creds: credentials: Credentials: {'domain_id': 'default', 'domain_name': 'Default', 'username': 'tempest-ImagesOneServerTestJSON-1860768916-project-member', 'project_domain_id': 'default', 'project_domain_name': 'Default', 'project_id': '69f1b63403364b3a8ee34cac424f1bd2', 'project_name': 'tempest-ImagesOneServerTestJSON-1860768916', 'tenant_id': '69f1b63403364b3a8ee34cac424f1bd2', 'tenant_name': 'tempest-ImagesOneServerTestJSON-1860768916', 'user_domain_id': 'default', 'user_domain_name': 'Default', 'user_id': 'eaa8bc3de769442fb44c664aca600873', 'system': None}, Network: None, Subnet: None, Router: None
2025-12-12 09:54:24.837 66694 INFO tempest.lib.common.rest_client [req-9d67f638-8a80-43b7-aead-607b4baa54ae req-9d67f638-8a80-43b7-aead-607b4baa54ae ] Request (ImagesOneServerTestJSON:setUpClass): 201 POST http://10.180.1.21/identity/v3/auth/tokens 0.071s
2025-12-12 09:54:24.965 66718 INFO tempest.lib.common.rest_client [req-d69f094a-2184-47cb-8a59-e07540012a31 req-d69f094a-2184-47cb-8a59-e07540012a31 ] Request (InstanceActionsTestJSON:tearDownClass): 200 GET http://10.180.1.21/compute/v2.1/servers/e5d83736-adfa-4d93-8696-c3d8021f2390 2.705s
2025-12-12 09:54:25.131 66706 INFO tempest.lib.common.rest_client [req-2eada6c5-8482-43f4-81bb-9dbcfe2835c1 req-2eada6c5-8482-43f4-81bb-9dbcfe2835c1 ] Request (FloatingIPsAssociationNegativeTestJSON:setUpClass): 200 GET http://10.180.1.21/compute/v2.1/servers/9ee5335b-fca7-4bab-a0b1-0c954551f13d 2.925s
2025-12-12 09:54:25.347 66684 INFO tempest.lib.common.rest_client [req-36075b67-da63-4363-b6ef-07b6ba9024e7 req-36075b67-da63-4363-b6ef-07b6ba9024e7 ] Request (ServersV294TestFqdnHostnames:setUpClass): 201 POST http://10.180.1.21/networking/v2.0/routers 1.137s
2025-12-12 09:54:25.486 66694 INFO tempest.lib.common.rest_client [req-f80dd796-0f69-4dd1-9924-306e9d2a0a23 req-f80dd796-0f69-4dd1-9924-306e9d2a0a23 ] Request (ImagesOneServerTestJSON:setUpClass): 201 POST http://10.180.1.21/networking/v2.0/networks 0.649s
2025-12-12 09:54:25.531 66686 INFO tempest.lib.common.rest_client [req-097a7cf4-b5e1-49ad-842d-1f186bcd2096 req-097a7cf4-b5e1-49ad-842d-1f186bcd2096 ] Request (DeleteServersTestJSON:test_delete_server_while_in_attached_volume): 200 GET http://10.180.1.21/compute/v2.1/servers/15cbcf19-94db-41f6-a6a5-b601facf1bea 3.131s
2025-12-12 09:54:25.876 66700 INFO tempest.lib.common.rest_client [req-3d5cf7e4-1fbb-48c2-a907-6ce426f94d98 req-3d5cf7e4-1fbb-48c2-a907-6ce426f94d98 ] Request (ServerRescueTestJSONUnderV235:tearDownClass): 200 GET http://10.180.1.21/compute/v2.1/servers/32d29e6c-1fa6-44f5-8dc2-1de90b1db002 3.577s
2025-12-12 09:54:26.025 66694 INFO tempest.lib.common.rest_client [req-4c6ae1df-5b2c-4efd-9177-5ade53c14401 req-4c6ae1df-5b2c-4efd-9177-5ade53c14401 ] Request (ImagesOneServerTestJSON:setUpClass): 201 POST http://10.180.1.21/networking/v2.0/subnets 0.537s
2025-12-12 09:54:26.080 66720 INFO tempest.lib.common.rest_client [req-f4078516-3f18-4c37-98c5-bde6792fdbeb req-f4078516-3f18-4c37-98c5-bde6792fdbeb ] Request (InstanceActionsNegativeTestJSON:tearDownClass): 200 GET http://10.180.1.21/compute/v2.1/servers/c4f9758d-7c1e-40be-8488-ee39884dc342 3.659s
2025-12-12 09:54:26.571 66684 INFO tempest.lib.common.rest_client [req-b46cd462-7945-4db8-8c60-1c7a4cc72444 req-b46cd462-7945-4db8-8c60-1c7a4cc72444 ] Request (ServersV294TestFqdnHostnames:setUpClass): 200 PUT http://10.180.1.21/networking/v2.0/routers/b00a12fd-c547-405e-bf03-b2eb59a91427/add_router_interface 1.224s
2025-12-12 09:54:26.572 66684 INFO tempest.lib.common.dynamic_creds [-] Created isolated network resources for: credentials: Credentials: {'domain_id': 'default', 'domain_name': 'Default', 'username': 'tempest-ServersV294TestFqdnHostnames-796509689-project-member', 'project_domain_id': 'default', 'project_domain_name': 'Default', 'project_id': '472128480a154fbe9291e883cd87d8a2', 'project_name': 'tempest-ServersV294TestFqdnHostnames-796509689', 'tenant_id': '472128480a154fbe9291e883cd87d8a2', 'tenant_name': 'tempest-ServersV294TestFqdnHostnames-796509689', 'user_domain_id': 'default', 'user_domain_name': 'Default', 'user_id': '072693d3b1934b5b9ba9a6af6fabd12e', 'system': None}, Network: {'id': '66701020-daf4-42eb-85f6-af7c9f2a1e54', 'name': 'tempest-ServersV294TestFqdnHostnames-1563902711-network', 'tenant_id': '472128480a154fbe9291e883cd87d8a2', 'project_id': '472128480a154fbe9291e883cd87d8a2', 'admin_state_up': True, 'mtu': 8950, 'status': 'ACTIVE', 'subnets': [], 'shared': False, 'port_security_enabled': True, 'router:external': False, 'provider:network_type': 'vlan', 'provider:physical_network': 'default', 'provider:segmentation_id': 42, 'availability_zone_hints': [], 'availability_zones': [], 'ipv4_address_scope': None, 'ipv6_address_scope': None, 'description': '', 'tags': [], 'created_at': '2025-12-12T09:54:23Z', 'updated_at': '2025-12-12T09:54:23Z', 'revision_number': 1}, Subnet: {'id': 'f0d7a66b-f48c-4eb9-af07-4752e443e01e', 'name': 'tempest-ServersV294TestFqdnHostnames-1563902711-subnet', 'tenant_id': '472128480a154fbe9291e883cd87d8a2', 'network_id': '66701020-daf4-42eb-85f6-af7c9f2a1e54', 'ip_version': 4, 'subnetpool_id': None, 'enable_dhcp': True, 'ipv6_ra_mode': None, 'ipv6_address_mode': None, 'gateway_ip': '192.168.128.1', 'cidr': '192.168.128.0/28', 'allocation_pools': [{'start': '192.168.128.2', 'end': '192.168.128.14'}], 'host_routes': [], 'dns_nameservers': [], 'description': '', 'router:external': False, 'service_types': [], 'tags': [], 'created_at': '2025-12-12T09:54:24Z', 'updated_at': '2025-12-12T09:54:24Z', 'revision_number': 0, 'project_id': '472128480a154fbe9291e883cd87d8a2'}, Router: {'id': 'b00a12fd-c547-405e-bf03-b2eb59a91427', 'name': 'tempest-ServersV294TestFqdnHostnames-1563902711-router', 'tenant_id': '472128480a154fbe9291e883cd87d8a2', 'admin_state_up': True, 'status': 'ACTIVE', 'external_gateway_info': {'network_id': 'e55ab1d3-464e-4059-879f-5ecee34114f8', 'external_fixed_ips': [{'subnet_id': '1222f36e-59bc-4fd7-adef-c08583a6c419', 'ip_address': '10.180.180.147'}], 'enable_snat': True}, 'description': '', 'availability_zones': [], 'distributed': False, 'ha': False, 'availability_zone_hints': [], 'routes': [], 'flavor_id': None, 'tags': [], 'created_at': '2025-12-12T09:54:24Z', 'updated_at': '2025-12-12T09:54:24Z', 'revision_number': 2, 'project_id': '472128480a154fbe9291e883cd87d8a2'}
2025-12-12 09:54:26.659 66684 INFO tempest.lib.common.rest_client [req-62aec3b8-3302-4c75-9d0f-0ea74cdd9299 req-62aec3b8-3302-4c75-9d0f-0ea74cdd9299 ] Request (ServersV294TestFqdnHostnames:setUpClass): 201 POST http://10.180.1.21/identity/v3/auth/tokens 0.082s
2025-12-12 09:54:26.711 66730 WARNING tempest.lib.common.ssh [-] Failed to establish authenticated ssh connection to cirros@10.180.180.193 ([Errno None] Unable to connect to port 22 on 10.180.180.193). Number attempts: 3. Retry after 4 seconds.: paramiko.ssh_exception.NoValidConnectionsError: [Errno None] Unable to connect to port 22 on 10.180.180.193
2025-12-12 09:54:27.075 66732 INFO paramiko.transport [-] Connected (version 2.0, client dropbear_2020.81)
2025-12-12 09:54:27.144 66732 INFO paramiko.transport [-] Authentication (publickey) successful!
2025-12-12 09:54:27.144 66732 INFO tempest.lib.common.ssh [-] ssh connection to cirros@10.180.180.245 successfully created
2025-12-12 09:54:27.175 66698 WARNING tempest.lib.common.ssh [-] Failed to establish authenticated ssh connection to cirros@10.180.180.130 ([Errno None] Unable to connect to port 22 on 10.180.180.130). Number attempts: 4. Retry after 5 seconds.: paramiko.ssh_exception.NoValidConnectionsError: [Errno None] Unable to connect to port 22 on 10.180.180.130
2025-12-12 09:54:27.753 66694 INFO tempest.lib.common.rest_client [req-f458a31d-c848-47c9-a8d4-125816d01577 req-f458a31d-c848-47c9-a8d4-125816d01577 ] Request (ImagesOneServerTestJSON:setUpClass): 201 POST http://10.180.1.21/networking/v2.0/routers 1.728s
2025-12-12 09:54:27.778 66710 INFO tempest.lib.common.rest_client [req-e82f689a-6825-4f6e-a3c7-4fc1ff6f1b30 req-e82f689a-6825-4f6e-a3c7-4fc1ff6f1b30 ] Request (ServerAddressesTestJSON:setUpClass): 200 GET http://10.180.1.21/compute/v2.1/servers/036d1636-8c79-478a-9d28-9f603e1912fe 5.287s
2025-12-12 09:54:27.794 66714 INFO tempest.lib.common.rest_client [req-1a57f010-bef8-482e-a168-f45eddaf3f3b req-1a57f010-bef8-482e-a168-f45eddaf3f3b ] Request (KeyPairsV2TestJSON:_run_cleanups): 202 DELETE http://10.180.1.21/compute/v2.1/os-keypairs/tempest-KeyPairsV2TestJSON-keypair-522464847 5.305s
2025-12-12 09:54:27.812 66696 INFO tempest.lib.common.rest_client [req-5a6d3bd9-7c73-4e81-a71b-7c4939025664 req-5a6d3bd9-7c73-4e81-a71b-7c4939025664 ] Request (ServersAdminNegativeTestJSON:_run_cleanups): 202 DELETE http://10.180.1.21/compute/v2.1/flavors/248395652 5.289s
2025-12-12 09:54:27.828 66692 INFO tempest.lib.common.rest_client [req-eb039309-2eb9-4dec-854e-dc058998ceac req-eb039309-2eb9-4dec-854e-dc058998ceac ] Request (FlavorsAdminTestJSON:_run_cleanups): 202 DELETE http://10.180.1.21/compute/v2.1/flavors/1516885834 5.297s
2025-12-12 09:54:27.911 66726 INFO tempest.lib.common.rest_client [req-0b7a0575-244e-48bf-b0da-c6c4ea92420f req-0b7a0575-244e-48bf-b0da-c6c4ea92420f ] Request (AttachInterfacesUnderV243Test:test_add_remove_fixed_ip): 200 GET http://10.180.1.21/compute/v2.1/servers/be07500f-5161-4396-9d65-f350e6cb7acb 5.192s
2025-12-12 09:54:28.042 66728 INFO tempest.lib.common.rest_client [req-e2c9265e-adbb-4de4-8ab0-4a7b27ffd449 req-e2c9265e-adbb-4de4-8ab0-4a7b27ffd449 ] Request (MigrationsAdminTest:test_resize_server_revert_deleted_flavor): 202 POST http://10.180.1.21/compute/v2.1/servers 5.576s
2025-12-12 09:54:28.090 66682 INFO tempest.lib.common.rest_client [req-6a5cacd7-c165-442c-b5aa-f3db1c79b0fa req-6a5cacd7-c165-442c-b5aa-f3db1c79b0fa ] Request (SecurityGroupsTestJSON:test_security_groups_create_list_delete): 200 POST http://10.180.1.21/compute/v2.1/os-security-groups 5.243s
2025-12-12 09:54:28.253 66702 INFO tempest.lib.common.rest_client [req-dab3be1f-53d9-4d20-8d93-a8a76d93803e req-dab3be1f-53d9-4d20-8d93-a8a76d93803e ] Request (VolumesAssistedSnapshotsTest:tearDownClass): 200 GET http://10.180.1.21/compute/v2.1/servers/a372b7ea-d226-44c2-990e-201872271f14 5.053s
2025-12-12 09:54:28.271 66702 INFO tempest.common.waiters [-] State transition "ACTIVE/deleting" ==> "DELETED/None" after 6 second wait
2025-12-12 09:54:28.287 66708 INFO tempest.lib.common.rest_client [req-f0c9ee23-07c1-45b7-8370-1f7e2e6ce345 req-f0c9ee23-07c1-45b7-8370-1f7e2e6ce345 ] Request (ServersWithSpecificFlavorTestJSON:test_verify_created_server_ephemeral_disk): 200 GET http://10.180.1.21/compute/v2.1/servers/cad7d6b9-e6db-475e-b3e2-cfef6c29a30c 5.139s
2025-12-12 09:54:28.299 66708 INFO tempest.common.waiters [-] State transition "BUILD/spawning" ==> "ACTIVE/None" after 43 second wait
2025-12-12 09:54:28.341 66678 INFO tempest.lib.common.rest_client [req-834346a7-a4eb-42a1-b8db-92f9b710702e req-834346a7-a4eb-42a1-b8db-92f9b710702e ] Request (AttachVolumeTestJSON:test_attach_detach_volume): 200 GET http://10.180.1.21/compute/v2.1/servers/8632b8c7-952b-4f62-a352-aa5b7a4ab238 4.863s
2025-12-12 09:54:28.375 66688 INFO tempest.lib.common.rest_client [req-63c797d5-8999-499d-b15b-06673ff13f34 req-63c797d5-8999-499d-b15b-06673ff13f34 ] Request (FloatingIPsAssociationTestJSON:tearDownClass): 200 GET http://10.180.1.21/compute/v2.1/servers/aa212750-260e-4809-9950-c3d8141377b0 4.719s
2025-12-12 09:54:28.427 66674 INFO tempest.lib.common.rest_client [req-f40d7254-d287-45ea-a532-e72b12068e41 req-f40d7254-d287-45ea-a532-e72b12068e41 ] Request (ServersAdmin275Test:test_rebuild_update_server_275): 200 GET http://10.180.1.21/compute/v2.1/servers/a38ed16a-e5ea-492c-becb-a59da074cbf6 4.761s
2025-12-12 09:54:28.441 66674 INFO tempest.common.waiters [-] State transition "BUILD/scheduling" ==> "BUILD/None" after 6 second wait
2025-12-12 09:54:28.443 66736 INFO tempest.lib.common.rest_client [req-0fa1c81b-1edb-45dd-b5b9-da1b5a955acf req-0fa1c81b-1edb-45dd-b5b9-da1b5a955acf ] Request (ServersListShow296Test:test_list_show_update_rebuild_server_296): 200 GET http://10.180.1.21/compute/v2.1/servers/269d151b-abe1-4d7e-b75a-03219f2b2a21 4.553s
2025-12-12 09:54:28.455 66712 WARNING tempest.lib.common.ssh [-] Failed to establish authenticated ssh connection to cirros@10.180.180.238 ([Errno None] Unable to connect to port 22 on 10.180.180.238). Number attempts: 5. Retry after 6 seconds.: paramiko.ssh_exception.NoValidConnectionsError: [Errno None] Unable to connect to port 22 on 10.180.180.238
2025-12-12 09:54:28.761 66716 INFO tempest.lib.common.rest_client [req-851e9bcc-8f53-44a6-ac19-ba211da66a42 req-851e9bcc-8f53-44a6-ac19-ba211da66a42 ] Request (ServerRescueTestJSON:tearDownClass): 200 GET http://10.180.1.21/compute/v2.1/servers/18329b1e-2891-4ce8-a4fb-d9d682d75b7f 4.628s
2025-12-12 09:54:28.813 66694 INFO tempest.lib.common.rest_client [req-7001df05-7ea4-4bac-9cd0-b3cd1ac13fb1 req-7001df05-7ea4-4bac-9cd0-b3cd1ac13fb1 ] Request (ImagesOneServerTestJSON:setUpClass): 200 PUT http://10.180.1.21/networking/v2.0/routers/c775b673-37d3-40c0-8a6d-2473234c3cfa/add_router_interface 1.059s
