2025-12-12 09:54:00.329 66710 INFO tempest.lib.common.dynamic_creds [-] Created isolated network resources for: credentials: Credentials: {'domain_id': 'default', 'domain_name': 'Default', 'username': 'tempest-ServerAddressesTestJSON-910401959-project-member', 'project_domain_id': 'default', 'project_domain_name': 'Default', 'project_id': '690fd54c2e904d299dde220dc395c4a3', 'project_name': 'tempest-ServerAddressesTestJSON-910401959', 'tenant_id': '690fd54c2e904d299dde220dc395c4a3', 'tenant_name': 'tempest-ServerAddressesTestJSON-910401959', 'user_domain_id': 'default', 'user_domain_name': 'Default', 'user_id': '3ff2ba40d111479088623fa60970520d', 'system': None}, Network: {'id': 'b0e97b30-1dbb-407a-9413-8e454f2bed4f', 'name': 'tempest-ServerAddressesTestJSON-184235924-network', 'tenant_id': '690fd54c2e904d299dde220dc395c4a3', 'project_id': '690fd54c2e904d299dde220dc395c4a3', 'admin_state_up': True, 'mtu': 8950, 'status': 'ACTIVE', 'subnets': [], 'shared': False, 'port_security_enabled': True, 'router:external': False, 'provider:network_type': 'vlan', 'provider:physical_network': 'default', 'provider:segmentation_id': 332, 'availability_zone_hints': [], 'availability_zones': [], 'ipv4_address_scope': None, 'ipv6_address_scope': None, 'description': '', 'tags': [], 'created_at': '2025-12-12T09:53:57Z', 'updated_at': '2025-12-12T09:53:57Z', 'revision_number': 1}, Subnet: {'id': '34c1a595-fcd8-40b5-b317-6dd60352563a', 'name': 'tempest-ServerAddressesTestJSON-184235924-subnet', 'tenant_id': '690fd54c2e904d299dde220dc395c4a3', 'network_id': 'b0e97b30-1dbb-407a-9413-8e454f2bed4f', 'ip_version': 4, 'subnetpool_id': None, 'enable_dhcp': True, 'ipv6_ra_mode': None, 'ipv6_address_mode': None, 'gateway_ip': '192.168.128.1', 'cidr': '192.168.128.0/28', 'allocation_pools': [{'start': '192.168.128.2', 'end': '192.168.128.14'}], 'host_routes': [], 'dns_nameservers': [], 'description': '', 'router:external': False, 'service_types': [], 'tags': [], 'created_at': '2025-12-12T09:53:57Z', 'updated_at': '2025-12-12T09:53:57Z', 'revision_number': 0, 'project_id': '690fd54c2e904d299dde220dc395c4a3'}, Router: {'id': '5041d20a-fa32-48f8-bb01-d34bfdbc2bad', 'name': 'tempest-ServerAddressesTestJSON-184235924-router', 'tenant_id': '690fd54c2e904d299dde220dc395c4a3', 'admin_state_up': True, 'status': 'ACTIVE', 'external_gateway_info': {'network_id': 'e55ab1d3-464e-4059-879f-5ecee34114f8', 'external_fixed_ips': [{'subnet_id': '1222f36e-59bc-4fd7-adef-c08583a6c419', 'ip_address': '10.180.180.131'}], 'enable_snat': True}, 'description': '', 'availability_zones': [], 'distributed': False, 'ha': False, 'availability_zone_hints': [], 'routes': [], 'flavor_id': None, 'tags': [], 'created_at': '2025-12-12T09:53:58Z', 'updated_at': '2025-12-12T09:53:58Z', 'revision_number': 2, 'project_id': '690fd54c2e904d299dde220dc395c4a3'}
2025-12-12 09:54:00.433 66710 INFO tempest.lib.common.rest_client [req-a8018b97-d2ed-4a2d-948b-2348fb1532f8 req-a8018b97-d2ed-4a2d-948b-2348fb1532f8 ] Request (ServerAddressesTestJSON:setUpClass): 201 POST http://10.180.1.21/identity/v3/auth/tokens 0.100s
2025-12-12 09:54:00.468 66710 INFO tempest.lib.common.rest_client [req-2bb77e35-5f96-459d-9bca-78c6ac67bba3 req-2bb77e35-5f96-459d-9bca-78c6ac67bba3 ] Request (ServerAddressesTestJSON:setUpClass): 201 POST http://10.180.1.21/identity/v3/auth/tokens 0.032s
2025-12-12 09:54:00.469 66710 INFO tempest.lib.common.fixed_network [-] (ServerAddressesTestJSON:setUpClass) Found network {'id': 'b0e97b30-1dbb-407a-9413-8e454f2bed4f', 'name': 'tempest-ServerAddressesTestJSON-184235924-network', 'tenant_id': '690fd54c2e904d299dde220dc395c4a3', 'project_id': '690fd54c2e904d299dde220dc395c4a3', 'admin_state_up': True, 'mtu': 8950, 'status': 'ACTIVE', 'subnets': [], 'shared': False, 'port_security_enabled': True, 'router:external': False, 'provider:network_type': 'vlan', 'provider:physical_network': 'default', 'provider:segmentation_id': 332, 'availability_zone_hints': [], 'availability_zones': [], 'ipv4_address_scope': None, 'ipv6_address_scope': None, 'description': '', 'tags': [], 'created_at': '2025-12-12T09:53:57Z', 'updated_at': '2025-12-12T09:53:57Z', 'revision_number': 1} available for tenant
2025-12-12 09:54:00.565 66726 INFO tempest.lib.common.rest_client [req-bd8b4d75-e013-48a3-8e88-cf4a63a11c54 req-bd8b4d75-e013-48a3-8e88-cf4a63a11c54 ] Request (ValidationResourcesFixture:setUp): 201 POST http://10.180.1.21/networking/v2.0/security-groups 1.078s
2025-12-12 09:54:00.746 66702 INFO tempest.lib.common.rest_client [req-5bde8d49-e1ea-4bcc-8285-08312af53289 req-5bde8d49-e1ea-4bcc-8285-08312af53289 ] Request (VolumesAssistedSnapshotsTest:test_volume_assisted_snapshot_create_delete): 200 GET http://10.180.1.21/volume/v3/volumes/45bd8e8a-a393-4e90-8dfc-6b18ef94da4b 0.028s
2025-12-12 09:54:00.751 66691 INFO tempest.lib.common.rest_client [req-2ff61eee-ee97-48e6-8150-1c15829fdc1a req-2ff61eee-ee97-48e6-8150-1c15829fdc1a ] Request (FlavorsV2TestJSON:tearDownClass): 200 GET http://10.180.1.21/networking/v2.0/security-groups?tenant_id=56a5ac89988d4701b2d2b193d503f226&name=default 1.229s
2025-12-12 09:54:00.828 66714 INFO tempest.lib.common.rest_client [req-906f58cc-9e49-4f59-9d6e-26c207305c15 req-906f58cc-9e49-4f59-9d6e-26c207305c15 ] Request (ServerDiagnosticsNegativeTest:tearDownClass): 200 GET http://10.180.1.21/networking/v2.0/security-groups?tenant_id=d08984ad146c453ab6d32e50b989079f&name=default 1.256s
2025-12-12 09:54:00.869 66694 INFO tempest.lib.common.rest_client [req-da30b4a3-aa23-4b69-87d3-758aae272dd1 req-da30b4a3-aa23-4b69-87d3-758aae272dd1 ] Request (DeleteServersAdminTestJSON:tearDownClass): 200 GET http://10.180.1.21/networking/v2.0/security-groups?tenant_id=54097a24ed2349f8ab89ebc311fdd06d&name=default 1.189s
2025-12-12 09:54:00.906 66682 INFO tempest.lib.common.rest_client [req-e5b2cae2-d8cc-4dc5-9dca-36cf06029bdc req-e5b2cae2-d8cc-4dc5-9dca-36cf06029bdc ] Request (SecurityGroupsTestJSON:test_list_security_groups_by_server): 200 GET http://10.180.1.21/compute/v2.1/servers/d183ee1e-47d8-41c3-84f6-314f0643d550 4.389s
2025-12-12 09:54:01.005 66726 INFO tempest.lib.common.rest_client [req-680105f1-8680-4d52-9a93-dd4167ae80d4 req-680105f1-8680-4d52-9a93-dd4167ae80d4 ] Request (ValidationResourcesFixture:setUp): 201 POST http://10.180.1.21/networking/v2.0/security-group-rules 0.440s
2025-12-12 09:54:01.092 66691 INFO tempest.lib.common.rest_client [req-5a61ed57-ecc3-4988-8ea7-6f879de71be7 req-5a61ed57-ecc3-4988-8ea7-6f879de71be7 ] Request (FlavorsV2TestJSON:tearDownClass): 204 DELETE http://10.180.1.21/networking/v2.0/security-groups/b6f2d4f2-aa40-4448-8bc1-5f29cb904532 0.340s
2025-12-12 09:54:01.150 66698 INFO tempest.lib.common.rest_client [req-4584b5d2-8adf-4167-a369-ed27a1414ccc req-4584b5d2-8adf-4167-a369-ed27a1414ccc ] Request (ServerActionsV293TestJSON:setUpClass): 200 GET http://10.180.1.21/compute/v2.1/servers/47ed04f7-60e9-4491-bb3e-fd630b6a2864 4.407s
2025-12-12 09:54:01.163 66698 INFO tempest.common.waiters [-] State transition "BUILD/spawning" ==> "ACTIVE/None" after 33 second wait
2025-12-12 09:54:01.209 66704 INFO tempest.lib.common.rest_client [req-ab41d5b9-20c5-4ecc-b578-4f0351fc7254 req-ab41d5b9-20c5-4ecc-b578-4f0351fc7254 ] Request (ServersTestBootFromVolume:setUpClass): 200 GET http://10.180.1.21/volume/v3/volumes/c42dc197-db8a-4653-97bc-585c55b5a8ca 0.041s
2025-12-12 09:54:01.225 66691 INFO tempest.lib.common.rest_client [req-ee731c3d-ca1b-4043-9754-2fa286597c9b req-ee731c3d-ca1b-4043-9754-2fa286597c9b ] Request (FlavorsV2TestJSON:tearDownClass): 204 DELETE http://10.180.1.21/identity/v3/projects/56a5ac89988d4701b2d2b193d503f226 0.132s
2025-12-12 09:54:01.226 66691 INFO tempest.test [-] raised in ServerPersonalityTestJSON.setUpClass. Invoking tearDownClass.
2025-12-12 09:54:01.294 66714 INFO tempest.lib.common.rest_client [req-85816912-2a7b-42b7-b618-93a050c6e560 req-85816912-2a7b-42b7-b618-93a050c6e560 ] Request (ServerDiagnosticsNegativeTest:tearDownClass): 204 DELETE http://10.180.1.21/networking/v2.0/security-groups/80c746c2-8845-47a1-aeaf-c06bf828afca 0.466s
2025-12-12 09:54:01.339 66691 INFO tempest.lib.common.rest_client [req-045fa515-14dd-4077-ad3a-beef1383f81d req-045fa515-14dd-4077-ad3a-beef1383f81d ] Request (ExtensionsTest:setUpClass): 201 POST http://10.180.1.21/identity/v3/auth/tokens 0.110s
2025-12-12 09:54:01.392 66694 INFO tempest.lib.common.rest_client [req-5782e106-8ad5-461e-b4fc-56fa8c4da659 req-5782e106-8ad5-461e-b4fc-56fa8c4da659 ] Request (DeleteServersAdminTestJSON:tearDownClass): 204 DELETE http://10.180.1.21/networking/v2.0/security-groups/ce7965d0-2129-486a-9e1b-facd56ca403d 0.522s
2025-12-12 09:54:01.406 66678 INFO tempest.lib.common.rest_client [req-ed7f65c5-d4c4-4f5d-a6a8-9c4b52e5d239 req-ed7f65c5-d4c4-4f5d-a6a8-9c4b52e5d239 ] Request (SecurityGroupsNegativeTestJSON:test_security_group_get_nonexistent_group): 404 GET http://10.180.1.21/compute/v2.1/os-security-groups/5ba4eb31-748b-4c81-aefd-95e032124151 4.602s
2025-12-12 09:54:01.449 66714 INFO tempest.lib.common.rest_client [req-1c961b5b-cdd4-4d32-96ba-cd6c59025b85 req-1c961b5b-cdd4-4d32-96ba-cd6c59025b85 ] Request (ServerDiagnosticsNegativeTest:tearDownClass): 204 DELETE http://10.180.1.21/identity/v3/projects/d08984ad146c453ab6d32e50b989079f 0.154s
2025-12-12 09:54:01.453 66691 INFO tempest.lib.common.rest_client [req-8954fa04-a877-4226-80ce-60a138185dfe req-8954fa04-a877-4226-80ce-60a138185dfe ] Request (ExtensionsTest:setUpClass): 201 POST http://10.180.1.21/identity/v3/auth/tokens 0.109s
2025-12-12 09:54:01.458 66718 INFO tempest.lib.common.rest_client [req-ad6650ba-a0b9-441a-912a-584019781236 req-ad6650ba-a0b9-441a-912a-584019781236 ] Request (InstanceActionsTestJSON:test_list_instance_actions): 200 GET http://10.180.1.21/compute/v2.1/servers/e5d83736-adfa-4d93-8696-c3d8021f2390/os-instance-actions 4.479s
2025-12-12 09:54:01.554 66694 INFO tempest.lib.common.rest_client [req-a50ac22d-86c1-4c5d-97b6-655a73514944 req-a50ac22d-86c1-4c5d-97b6-655a73514944 ] Request (DeleteServersAdminTestJSON:tearDownClass): 204 DELETE http://10.180.1.21/identity/v3/projects/54097a24ed2349f8ab89ebc311fdd06d 0.162s
2025-12-12 09:54:01.556 66694 INFO tempest.lib.common.dynamic_creds [-] Deleting project and security group for project: 98b3b4d46b79412883ece057928f2c43
2025-12-12 09:54:01.591 66726 INFO tempest.lib.common.rest_client [req-8f5ccd44-9cba-45e1-b6d5-e3898e9ce24d req-8f5ccd44-9cba-45e1-b6d5-e3898e9ce24d ] Request (ValidationResourcesFixture:setUp): 201 POST http://10.180.1.21/networking/v2.0/security-group-rules 0.584s
2025-12-12 09:54:01.614 66691 INFO tempest.lib.common.rest_client [req-2f247c55-ec4c-485a-baec-ed095bf7a082 req-2f247c55-ec4c-485a-baec-ed095bf7a082 ] Request (ExtensionsTest:setUpClass): 200 GET http://10.180.1.21/identity/v3/domains?name=Default 0.160s
2025-12-12 09:54:01.630 66714 INFO tempest.lib.common.rest_client [req-a766a81b-2c4b-40aa-a2b9-4faf497bfdc2 req-a766a81b-2c4b-40aa-a2b9-4faf497bfdc2 ] Request (KeyPairsV2TestJSON:setUpClass): 201 POST http://10.180.1.21/identity/v3/auth/tokens 0.176s
2025-12-12 09:54:01.682 66691 INFO tempest.lib.common.rest_client [req-3bec6269-ebd2-455b-89b4-dd0f6f303dfc req-3bec6269-ebd2-455b-89b4-dd0f6f303dfc ] Request (ExtensionsTest:setUpClass): 201 POST http://10.180.1.21/identity/v3/projects 0.068s
2025-12-12 09:54:01.712 66694 INFO tempest.lib.common.rest_client [req-d269f3c0-a52f-43b5-9a11-511eba9b2598 req-d269f3c0-a52f-43b5-9a11-511eba9b2598 ] Request (DeleteServersAdminTestJSON:tearDownClass): 200 GET http://10.180.1.21/networking/v2.0/security-groups?tenant_id=98b3b4d46b79412883ece057928f2c43&name=default 0.156s
2025-12-12 09:54:01.751 66730 INFO tempest.lib.common.rest_client [req-dee02bcd-ad09-466e-9e00-3cc2ccf076c0 req-dee02bcd-ad09-466e-9e00-3cc2ccf076c0 ] Request (AttachVolumeNegativeTest:test_attach_attached_volume_to_different_server): 200 GET http://10.180.1.21/compute/v2.1/servers/64139aa6-f7c7-4d21-aa06-ca1ae85e4078 4.663s
2025-12-12 09:54:01.757 66691 INFO tempest.lib.common.rest_client [req-fed39018-55db-48e9-9556-308b1d2d85d7 req-fed39018-55db-48e9-9556-308b1d2d85d7 ] Request (ExtensionsTest:setUpClass): 201 POST http://10.180.1.21/identity/v3/users 0.074s
2025-12-12 09:54:01.768 66730 INFO tempest.common.waiters [-] State transition "BUILD/None" ==> "BUILD/spawning" after 22 second wait
2025-12-12 09:54:01.799 66714 INFO tempest.lib.common.rest_client [req-c3053a14-88a7-4b26-ba0d-15a4f55065a5 req-c3053a14-88a7-4b26-ba0d-15a4f55065a5 ] Request (KeyPairsV2TestJSON:setUpClass): 201 POST http://10.180.1.21/identity/v3/auth/tokens 0.165s
2025-12-12 09:54:01.806 66702 INFO tempest.lib.common.rest_client [req-49f889eb-9156-4850-a25f-481b5ac59bc3 req-49f889eb-9156-4850-a25f-481b5ac59bc3 ] Request (VolumesAssistedSnapshotsTest:test_volume_assisted_snapshot_create_delete): 200 GET http://10.180.1.21/volume/v3/volumes/45bd8e8a-a393-4e90-8dfc-6b18ef94da4b 0.053s
2025-12-12 09:54:01.816 66694 INFO tempest.lib.common.rest_client [req-94c0c795-5d73-47e9-b95d-4a36d1c8413e req-94c0c795-5d73-47e9-b95d-4a36d1c8413e ] Request (DeleteServersAdminTestJSON:tearDownClass): 204 DELETE http://10.180.1.21/networking/v2.0/security-groups/d5012066-d202-4f6f-93d1-8c289bbebbbf 0.103s
2025-12-12 09:54:01.830 66691 INFO tempest.lib.common.rest_client [req-4a965eb2-1ef1-46ef-88f1-0e4a15d1034e req-4a965eb2-1ef1-46ef-88f1-0e4a15d1034e ] Request (ExtensionsTest:setUpClass): 200 GET http://10.180.1.21/identity/v3/roles 0.072s
2025-12-12 09:54:01.843 66734 INFO tempest.lib.common.rest_client [req-6987987f-b11b-4486-a0ff-27f36a89ca8f req-6987987f-b11b-4486-a0ff-27f36a89ca8f ] Request (ServerDiskConfigTestJSON:test_rebuild_server_with_manual_disk_config): 200 GET http://10.180.1.21/compute/v2.1/servers/98d7aacd-eff4-4595-9a48-059b5adf7976 4.732s
2025-12-12 09:54:01.874 66714 INFO tempest.lib.common.rest_client [req-03b96f0e-4b78-46fa-ad77-4ced35c34107 req-03b96f0e-4b78-46fa-ad77-4ced35c34107 ] Request (KeyPairsV2TestJSON:setUpClass): 200 GET http://10.180.1.21/identity/v3/domains?name=Default 0.075s
2025-12-12 09:54:01.908 66694 INFO tempest.lib.common.rest_client [req-14d70a17-f5fd-4cb5-b31b-56c1ac9ccf10 req-14d70a17-f5fd-4cb5-b31b-56c1ac9ccf10 ] Request (DeleteServersAdminTestJSON:tearDownClass): 204 DELETE http://10.180.1.21/identity/v3/projects/98b3b4d46b79412883ece057928f2c43 0.091s
2025-12-12 09:54:01.922 66691 INFO tempest.lib.common.rest_client [req-7e5f7b27-f473-45e9-9d12-c0bef5f19f18 req-7e5f7b27-f473-45e9-9d12-c0bef5f19f18 ] Request (ExtensionsTest:setUpClass): 204 PUT http://10.180.1.21/identity/v3/projects/2be6241629e14f56b81e8c33cd4d291c/users/fdfd80df9e4440ccb6186a84e43c07d5/roles/2b368930e8a240e79564e72d66e827b0 0.091s
2025-12-12 09:54:01.923 66691 INFO tempest.lib.common.dynamic_creds [-] Dynamic test user fdfd80df9e4440ccb6186a84e43c07d5 is created with scope project and roles: ['member']
2025-12-12 09:54:01.923 66691 INFO tempest.lib.common.dynamic_creds [-] Acquired dynamic creds: credentials: Credentials: {'domain_id': 'default', 'domain_name': 'Default', 'username': 'tempest-ExtensionsTest-646479125-project-member', 'project_domain_id': 'default', 'project_domain_name': 'Default', 'project_id': '2be6241629e14f56b81e8c33cd4d291c', 'project_name': 'tempest-ExtensionsTest-646479125', 'tenant_id': '2be6241629e14f56b81e8c33cd4d291c', 'tenant_name': 'tempest-ExtensionsTest-646479125', 'user_domain_id': 'default', 'user_domain_name': 'Default', 'user_id': 'fdfd80df9e4440ccb6186a84e43c07d5', 'system': None}, Network: None, Subnet: None, Router: None
2025-12-12 09:54:01.923 66691 INFO tempest.lib.common.dynamic_creds [-] Created isolated network resources for: credentials: Credentials: {'domain_id': 'default', 'domain_name': 'Default', 'username': 'tempest-ExtensionsTest-646479125-project-member', 'project_domain_id': 'default', 'project_domain_name': 'Default', 'project_id': '2be6241629e14f56b81e8c33cd4d291c', 'project_name': 'tempest-ExtensionsTest-646479125', 'tenant_id': '2be6241629e14f56b81e8c33cd4d291c', 'tenant_name': 'tempest-ExtensionsTest-646479125', 'user_domain_id': 'default', 'user_domain_name': 'Default', 'user_id': 'fdfd80df9e4440ccb6186a84e43c07d5', 'system': None}, Network: None, Subnet: None, Router: None
2025-12-12 09:54:01.946 66696 INFO tempest.lib.common.rest_client [req-703eff15-ab6a-4df9-826f-ec93d53a1d4e req-703eff15-ab6a-4df9-826f-ec93d53a1d4e ] Request (ServersAdminNegativeTestJSON:test_migrate_server_invalid_state): 409 POST http://10.180.1.21/compute/v2.1/servers/33843c0b-0624-40a4-8f97-36c5ab857763/action 4.791s
2025-12-12 09:54:01.945 66724 INFO tempest.lib.common.rest_client [req-6dbee5d0-2eea-4182-b003-75eee1729da1 req-6dbee5d0-2eea-4182-b003-75eee1729da1 ] Request (ListImageFiltersTestJSON:setUpClass): 202 POST http://10.180.1.21/compute/v2.1/servers/d08271e5-7603-446a-aa37-70aaebd28838/action 5.048s
2025-12-12 09:54:02.004 66694 INFO tempest.lib.common.rest_client [req-36b2cf74-c73f-485f-9d06-2d79d7d1e5d7 req-36b2cf74-c73f-485f-9d06-2d79d7d1e5d7 ] Request (FlavorsAccessTestJSON:setUpClass): 201 POST http://10.180.1.21/identity/v3/auth/tokens 0.095s
2025-12-12 09:54:02.010 66714 INFO tempest.lib.common.rest_client [req-ea96aed2-04be-4334-998d-d3580b77894a req-ea96aed2-04be-4334-998d-d3580b77894a ] Request (KeyPairsV2TestJSON:setUpClass): 201 POST http://10.180.1.21/identity/v3/projects 0.135s
2025-12-12 09:54:02.081 66714 INFO tempest.lib.common.rest_client [req-53073835-a26b-4bef-933f-130d97425b01 req-53073835-a26b-4bef-933f-130d97425b01 ] Request (KeyPairsV2TestJSON:setUpClass): 201 POST http://10.180.1.21/identity/v3/users 0.070s
2025-12-12 09:54:02.093 66691 INFO tempest.lib.common.rest_client [req-4e05ddf8-aa70-446b-89df-cabc66be04d8 req-4e05ddf8-aa70-446b-89df-cabc66be04d8 ] Request (ExtensionsTest:setUpClass): 201 POST http://10.180.1.21/identity/v3/auth/tokens 0.164s
2025-12-12 09:54:02.109 66694 INFO tempest.lib.common.rest_client [req-d48e0870-77c5-4d90-9981-57ba5c42a47f req-d48e0870-77c5-4d90-9981-57ba5c42a47f ] Request (FlavorsAccessTestJSON:setUpClass): 201 POST http://10.180.1.21/identity/v3/auth/tokens 0.099s
2025-12-12 09:54:02.115 66714 INFO tempest.lib.common.rest_client [req-3f8d67dc-64d7-4e86-bf1f-ca453a370ff5 req-3f8d67dc-64d7-4e86-bf1f-ca453a370ff5 ] Request (KeyPairsV2TestJSON:setUpClass): 200 GET http://10.180.1.21/identity/v3/roles 0.033s
2025-12-12 09:54:02.133 66722 INFO tempest.lib.common.rest_client [req-d1d7031e-6b6c-4d6c-b975-98a8c65f4aec req-d1d7031e-6b6c-4d6c-b975-98a8c65f4aec ] Request (ServerShowV254Test:tearDownClass): 200 GET http://10.180.1.21/compute/v2.1/servers/a3c4d7cc-ccf8-485c-9250-d5fb013f420b 4.947s
2025-12-12 09:54:02.140 66694 INFO tempest.lib.common.rest_client [req-e276cdbe-ecd3-4af2-b563-32a557185050 req-e276cdbe-ecd3-4af2-b563-32a557185050 ] Request (FlavorsAccessTestJSON:setUpClass): 200 GET http://10.180.1.21/identity/v3/domains?name=Default 0.030s
2025-12-12 09:54:02.143 66726 INFO tempest.lib.common.rest_client [req-54c3ebdb-ad7c-4032-9905-dec2ad1bc1a2 req-54c3ebdb-ad7c-4032-9905-dec2ad1bc1a2 ] Request (ValidationResourcesFixture:setUp): 201 POST http://10.180.1.21/networking/v2.0/floatingips 0.552s
2025-12-12 09:54:02.153 66714 INFO tempest.lib.common.rest_client [req-8336b3c5-4c38-4f7b-b85f-0a50a034eeac req-8336b3c5-4c38-4f7b-b85f-0a50a034eeac ] Request (KeyPairsV2TestJSON:setUpClass): 204 PUT http://10.180.1.21/identity/v3/projects/ad50bd2220ee43bba99a1979539654df/users/956426ac72c042c4ae3175b51dae59b4/roles/2b368930e8a240e79564e72d66e827b0 0.037s
2025-12-12 09:54:02.153 66716 INFO tempest.lib.common.rest_client [req-2108f145-a378-4869-9fbb-de98afb96417 req-2108f145-a378-4869-9fbb-de98afb96417 ] Request (ServerRescueTestJSON:test_rescue_unrescue_instance): 200 GET http://10.180.1.21/compute/v2.1/servers/18329b1e-2891-4ce8-a4fb-d9d682d75b7f 4.585s
2025-12-12 09:54:02.153 66714 INFO tempest.lib.common.dynamic_creds [-] Dynamic test user 956426ac72c042c4ae3175b51dae59b4 is created with scope project and roles: ['member']
2025-12-12 09:54:02.153 66714 INFO tempest.lib.common.dynamic_creds [-] Acquired dynamic creds: credentials: Credentials: {'domain_id': 'default', 'domain_name': 'Default', 'username': 'tempest-KeyPairsV2TestJSON-1493934720-project-member', 'project_domain_id': 'default', 'project_domain_name': 'Default', 'project_id': 'ad50bd2220ee43bba99a1979539654df', 'project_name': 'tempest-KeyPairsV2TestJSON-1493934720', 'tenant_id': 'ad50bd2220ee43bba99a1979539654df', 'tenant_name': 'tempest-KeyPairsV2TestJSON-1493934720', 'user_domain_id': 'default', 'user_domain_name': 'Default', 'user_id': '956426ac72c042c4ae3175b51dae59b4', 'system': None}, Network: None, Subnet: None, Router: None
2025-12-12 09:54:02.154 66714 INFO tempest.lib.common.dynamic_creds [-] Created isolated network resources for: credentials: Credentials: {'domain_id': 'default', 'domain_name': 'Default', 'username': 'tempest-KeyPairsV2TestJSON-1493934720-project-member', 'project_domain_id': 'default', 'project_domain_name': 'Default', 'project_id': 'ad50bd2220ee43bba99a1979539654df', 'project_name': 'tempest-KeyPairsV2TestJSON-1493934720', 'tenant_id': 'ad50bd2220ee43bba99a1979539654df', 'tenant_name': 'tempest-KeyPairsV2TestJSON-1493934720', 'user_domain_id': 'default', 'user_domain_name': 'Default', 'user_id': '956426ac72c042c4ae3175b51dae59b4', 'system': None}, Network: None, Subnet: None, Router: None
2025-12-12 09:54:02.164 66716 INFO tempest.common.waiters [-] State transition "ACTIVE/rescuing" ==> "RESCUE/None" after 6 second wait
2025-12-12 09:54:02.219 66694 INFO tempest.lib.common.rest_client [req-c26eda62-61fd-4be9-83ad-47f844c160f2 req-c26eda62-61fd-4be9-83ad-47f844c160f2 ] Request (FlavorsAccessTestJSON:setUpClass): 201 POST http://10.180.1.21/identity/v3/projects 0.079s
2025-12-12 09:54:02.228 66706 INFO tempest.lib.common.rest_client [req-f3d88c02-8468-4d63-995c-b17db0efa919 req-f3d88c02-8468-4d63-995c-b17db0efa919 ] Request (FloatingIPsAssociationNegativeTestJSON:setUpClass): 200 GET http://10.180.1.21/compute/v2.1/servers/9ee5335b-fca7-4bab-a0b1-0c954551f13d 4.560s
2025-12-12 09:54:02.235 66726 INFO tempest.lib.common.rest_client [req-a970f6af-7c82-442d-84f1-a15b29e919c7 req-a970f6af-7c82-442d-84f1-a15b29e919c7 ] Request (AttachInterfacesUnderV243Test:test_add_remove_fixed_ip): 201 POST http://10.180.1.21/identity/v3/auth/tokens 0.087s
2025-12-12 09:54:02.236 66726 INFO tempest.lib.common.fixed_network [-] (AttachInterfacesUnderV243Test:test_add_remove_fixed_ip) Found network {'id': '5d8002b5-e8c9-41b9-9401-55cd2579759b', 'name': 'tempest-AttachInterfacesUnderV243Test-1093390653-network', 'tenant_id': '8e879b26d36a47dcb4dfbae7f087be45', 'project_id': '8e879b26d36a47dcb4dfbae7f087be45', 'admin_state_up': True, 'mtu': 8950, 'status': 'ACTIVE', 'subnets': [], 'shared': False, 'port_security_enabled': True, 'router:external': False, 'provider:network_type': 'vlan', 'provider:physical_network': 'default', 'provider:segmentation_id': 665, 'availability_zone_hints': [], 'availability_zones': [], 'ipv4_address_scope': None, 'ipv6_address_scope': None, 'description': '', 'tags': [], 'created_at': '2025-12-12T09:53:53Z', 'updated_at': '2025-12-12T09:53:53Z', 'revision_number': 1} available for tenant
2025-12-12 09:54:02.269 66704 INFO tempest.lib.common.rest_client [req-62b58eb2-3047-41bc-a326-5dabf51eeed6 req-62b58eb2-3047-41bc-a326-5dabf51eeed6 ] Request (ServersTestBootFromVolume:setUpClass): 200 GET http://10.180.1.21/volume/v3/volumes/c42dc197-db8a-4653-97bc-585c55b5a8ca 0.048s
2025-12-12 09:54:02.340 66694 INFO tempest.lib.common.rest_client [req-e7e80ba5-ba61-42da-a336-1ec04fc249a8 req-e7e80ba5-ba61-42da-a336-1ec04fc249a8 ] Request (FlavorsAccessTestJSON:setUpClass): 201 POST http://10.180.1.21/identity/v3/users 0.117s
2025-12-12 09:54:02.340 66674 INFO tempest.lib.common.rest_client [req-2c327ee9-d5f6-4485-b29e-fb8f699d026b req-2c327ee9-d5f6-4485-b29e-fb8f699d026b ] Request (ServerExternalEventsTest:tearDownClass): 200 GET http://10.180.1.21/compute/v2.1/servers/e46152c4-6679-45e7-95d0-1e9b07f025ef 4.614s
2025-12-12 09:54:02.342 66714 INFO tempest.lib.common.rest_client [req-49e5304e-b4db-4c73-89e9-7e4a23757490 req-49e5304e-b4db-4c73-89e9-7e4a23757490 ] Request (KeyPairsV2TestJSON:setUpClass): 201 POST http://10.180.1.21/identity/v3/auth/tokens 0.185s
2025-12-12 09:54:02.354 66728 INFO tempest.lib.common.rest_client [req-6cbba54b-41a2-4565-a8f5-753ffd98f2a6 req-6cbba54b-41a2-4565-a8f5-753ffd98f2a6 ] Request (MigrationsAdminTest:test_list_migrations_in_flavor_resize_situation): 200 GET http://10.180.1.21/compute/v2.1/servers/6edd20f9-e271-4a92-9d09-de4f8fab8593 4.721s
2025-12-12 09:54:02.367 66694 INFO tempest.lib.common.rest_client [req-84e8b021-1fbe-46fa-b4f9-5685f2b294c0 req-84e8b021-1fbe-46fa-b4f9-5685f2b294c0 ] Request (FlavorsAccessTestJSON:setUpClass): 200 GET http://10.180.1.21/identity/v3/roles 0.026s
2025-12-12 09:54:02.408 66694 INFO tempest.lib.common.rest_client [req-bb34e78f-b164-4dd5-840a-44816f08a854 req-bb34e78f-b164-4dd5-840a-44816f08a854 ] Request (FlavorsAccessTestJSON:setUpClass): 204 PUT http://10.180.1.21/identity/v3/projects/c2b889b2233848aba0134aa7de68efc0/users/bc959a2793a44182a851d8b7a476183c/roles/2b368930e8a240e79564e72d66e827b0 0.041s
2025-12-12 09:54:02.408 66694 INFO tempest.lib.common.dynamic_creds [-] Dynamic test user bc959a2793a44182a851d8b7a476183c is created with scope project and roles: ['member']
2025-12-12 09:54:02.408 66694 INFO tempest.lib.common.dynamic_creds [-] Acquired dynamic creds: credentials: Credentials: {'domain_id': 'default', 'domain_name': 'Default', 'username': 'tempest-FlavorsAccessTestJSON-1553777981-project-member', 'project_domain_id': 'default', 'project_domain_name': 'Default', 'project_id': 'c2b889b2233848aba0134aa7de68efc0', 'project_name': 'tempest-FlavorsAccessTestJSON-1553777981', 'tenant_id': 'c2b889b2233848aba0134aa7de68efc0', 'tenant_name': 'tempest-FlavorsAccessTestJSON-1553777981', 'user_domain_id': 'default', 'user_domain_name': 'Default', 'user_id': 'bc959a2793a44182a851d8b7a476183c', 'system': None}, Network: None, Subnet: None, Router: None
2025-12-12 09:54:02.409 66694 INFO tempest.lib.common.dynamic_creds [-] Created isolated network resources for: credentials: Credentials: {'domain_id': 'default', 'domain_name': 'Default', 'username': 'tempest-FlavorsAccessTestJSON-1553777981-project-member', 'project_domain_id': 'default', 'project_domain_name': 'Default', 'project_id': 'c2b889b2233848aba0134aa7de68efc0', 'project_name': 'tempest-FlavorsAccessTestJSON-1553777981', 'tenant_id': 'c2b889b2233848aba0134aa7de68efc0', 'tenant_name': 'tempest-FlavorsAccessTestJSON-1553777981', 'user_domain_id': 'default', 'user_domain_name': 'Default', 'user_id': 'bc959a2793a44182a851d8b7a476183c', 'system': None}, Network: None, Subnet: None, Router: None
2025-12-12 09:54:02.425 66736 INFO tempest.lib.common.rest_client [req-25e71396-f1d5-4ae3-99f7-4b1cf1523388 req-25e71396-f1d5-4ae3-99f7-4b1cf1523388 ] Request (ServerAddressesNegativeTestJSON:tearDownClass): 200 GET http://10.180.1.21/compute/v2.1/servers/a53ef5be-9e8b-4d49-bc2a-98d2c0520fca 4.678s
2025-12-12 09:54:02.485 66694 INFO tempest.lib.common.rest_client [req-fa0f151c-32f0-472b-b6a1-b3117e93300b req-fa0f151c-32f0-472b-b6a1-b3117e93300b ] Request (FlavorsAccessTestJSON:setUpClass): 201 POST http://10.180.1.21/identity/v3/auth/tokens 0.073s
2025-12-12 09:54:02.490 66684 INFO tempest.lib.common.rest_client [req-43b61232-b6ea-40c3-91b5-12bea4a16e12 req-43b61232-b6ea-40c3-91b5-12bea4a16e12 ] Request (ServersTestManualDisk:tearDownClass): 200 GET http://10.180.1.21/compute/v2.1/servers/7660297e-92ba-4ecf-be73-dd495e89454e 4.205s
2025-12-12 09:54:02.558 66732 INFO tempest.lib.common.rest_client [req-b37d932a-be83-4051-ab26-18ba86dbb323 req-b37d932a-be83-4051-ab26-18ba86dbb323 ] Request (ServersTestJSON:setUpClass): 200 GET http://10.180.1.21/compute/v2.1/servers/848e123f-d846-4385-889d-486b284fba48 4.414s
2025-12-12 09:54:02.568 66732 INFO tempest.lib.common.ssh [-] Creating ssh connection to '10.180.180.245:22' as 'cirros' with public key authentication
2025-12-12 09:54:02.600 66712 WARNING tempest.lib.common.ssh [-] Failed to establish authenticated ssh connection to cirros@10.180.180.238 ([Errno None] Unable to connect to port 22 on 10.180.180.238). Number attempts: 1. Retry after 2 seconds.: paramiko.ssh_exception.NoValidConnectionsError: [Errno None] Unable to connect to port 22 on 10.180.180.238
2025-12-12 09:54:02.605 66694 INFO tempest.lib.common.rest_client [req-df3a7db7-1fc6-4d9e-8629-99470acade31 req-df3a7db7-1fc6-4d9e-8629-99470acade31 ] Request (FlavorsAccessTestJSON:setUpClass): 201 POST http://10.180.1.21/identity/v3/projects 0.119s
2025-12-12 09:54:02.624 66676 INFO tempest.lib.common.rest_client [req-8ce4152f-421a-4aef-81f9-d0c10bed3505 req-8ce4152f-421a-4aef-81f9-d0c10bed3505 ] Request (ServersAdminTestJSON:setUpClass): 200 GET http://10.180.1.21/compute/v2.1/servers/65e94831-7148-4c61-b7ac-e570e54a0498 3.793s
2025-12-12 09:54:02.664 66686 INFO tempest.lib.common.rest_client [req-e0565161-f282-49cd-a6c1-319ea34a5ae4 req-e0565161-f282-49cd-a6c1-319ea34a5ae4 ] Request (DeleteServersTestJSON:test_delete_server_while_in_attached_volume): 200 GET http://10.180.1.21/compute/v2.1/servers/15cbcf19-94db-41f6-a6a5-b601facf1bea 4.329s
2025-12-12 09:54:02.693 66692 INFO tempest.lib.common.rest_client [req-30e515a7-918d-4eaf-8cd8-168182b482fd req-30e515a7-918d-4eaf-8cd8-168182b482fd ] Request (FlavorsAdminTestJSON:test_is_public_string_variations): 200 GET http://10.180.1.21/compute/v2.1/flavors/detail?is_public=1 3.502s
2025-12-12 09:54:02.699 66694 INFO tempest.lib.common.rest_client [req-58dbf8b1-3136-4e87-a722-e7364bd618db req-58dbf8b1-3136-4e87-a722-e7364bd618db ] Request (FlavorsAccessTestJSON:setUpClass): 201 POST http://10.180.1.21/identity/v3/users 0.093s
2025-12-12 09:54:02.718 66680 INFO tempest.lib.common.rest_client [req-e92c17cd-0a4a-452d-96b9-b747c76a09fa req-e92c17cd-0a4a-452d-96b9-b747c76a09fa ] Request (AggregatesAdminNegativeTestJSON:_run_cleanups): 200 DELETE http://10.180.1.21/compute/v2.1/os-aggregates/8 3.507s
2025-12-12 09:54:02.728 66694 INFO tempest.lib.common.rest_client [req-5d768c5c-4210-4981-a968-b1cc1afca8f6 req-5d768c5c-4210-4981-a968-b1cc1afca8f6 ] Request (FlavorsAccessTestJSON:setUpClass): 200 GET http://10.180.1.21/identity/v3/roles 0.028s
2025-12-12 09:54:02.764 66694 INFO tempest.lib.common.rest_client [req-ae213cdc-4cf7-4401-bcc3-1fc042d6e280 req-ae213cdc-4cf7-4401-bcc3-1fc042d6e280 ] Request (FlavorsAccessTestJSON:setUpClass): 204 PUT http://10.180.1.21/identity/v3/projects/d58303c3e8044089961ad9175cce4e1c/users/196d2f6e2aa34d34bb915a50e9d9bc14/roles/ca2cc48300a4495293b806c37a9ec941 0.036s
2025-12-12 09:54:02.768 66700 INFO tempest.lib.common.rest_client [req-0ffe0ee4-6be8-4df5-be12-544f1513a163 req-0ffe0ee4-6be8-4df5-be12-544f1513a163 ] Request (ServerRescueTestJSONUnderV235:test_rescued_vm_add_remove_security_group): 200 POST http://10.180.1.21/compute/v2.1/os-security-groups 3.907s
2025-12-12 09:54:02.779 66708 INFO tempest.lib.common.rest_client [req-0c7f955c-e37a-4e14-81ba-fd87f858bc67 req-0c7f955c-e37a-4e14-81ba-fd87f858bc67 ] Request (ServersWithSpecificFlavorTestJSON:test_verify_created_server_ephemeral_disk): 200 GET http://10.180.1.21/compute/v2.1/servers/cad7d6b9-e6db-475e-b3e2-cfef6c29a30c 3.160s
2025-12-12 09:54:02.823 66680 INFO tempest.lib.common.rest_client [req-a9d6f240-f045-4530-9800-58f5e51d7a05 req-a9d6f240-f045-4530-9800-58f5e51d7a05 ] Request (AggregatesAdminNegativeTestJSON:tearDownClass): 204 DELETE http://10.180.1.21/identity/v3/users/bfabc84b363b443aaaf9fdb1c425ab8a 0.104s
2025-12-12 09:54:02.854 66688 INFO tempest.lib.common.rest_client [req-99fce695-4a2e-4e6a-8191-69a436015922 req-99fce695-4a2e-4e6a-8191-69a436015922 ] Request (FloatingIPsAssociationTestJSON:tearDownClass): 200 GET http://10.180.1.21/compute/v2.1/servers/3b8a758e-4652-449e-97a8-231bdb3fe123 2.635s
2025-12-12 09:54:02.857 66702 INFO tempest.lib.common.rest_client [req-ba6a2146-0c9c-450b-9ce1-c780fd3e5b5b req-ba6a2146-0c9c-450b-9ce1-c780fd3e5b5b ] Request (VolumesAssistedSnapshotsTest:test_volume_assisted_snapshot_create_delete): 200 GET http://10.180.1.21/volume/v3/volumes/45bd8e8a-a393-4e90-8dfc-6b18ef94da4b 0.039s
2025-12-12 09:54:02.865 66720 INFO tempest.lib.common.rest_client [req-1043ba96-405c-4734-848e-13150363aef0 req-1043ba96-405c-4734-848e-13150363aef0 ] Request (InstanceActionsNegativeTestJSON:tearDownClass): 200 GET http://10.180.1.21/compute/v2.1/servers/c4f9758d-7c1e-40be-8488-ee39884dc342 2.731s
2025-12-12 09:54:02.916 66694 INFO tempest.lib.common.rest_client [req-1d2917c8-da23-47f1-a51d-d54d392be02c req-1d2917c8-da23-47f1-a51d-d54d392be02c ] Request (FlavorsAccessTestJSON:setUpClass): 200 GET http://10.180.1.21/identity/v3/roles 0.151s
2025-12-12 09:54:02.961 66680 INFO tempest.lib.common.rest_client [req-6f8f1893-c2a9-4d13-994f-512b763a8669 req-6f8f1893-c2a9-4d13-994f-512b763a8669 ] Request (AggregatesAdminNegativeTestJSON:tearDownClass): 204 DELETE http://10.180.1.21/identity/v3/users/b568b646522a4e20b5c675a412afc176 0.138s
2025-12-12 09:54:02.962 66680 INFO tempest.lib.common.dynamic_creds [-] Deleting project and security group for project: 62a9692a56514a939d8a51f8f384f27c
2025-12-12 09:54:03.016 66698 INFO tempest.lib.common.rest_client [req-b28d675e-e470-4bf5-b774-f8534fd274a0 req-b28d675e-e470-4bf5-b774-f8534fd274a0 ] Request (ServerActionsV293TestJSON:setUpClass): 200 GET http://10.180.1.21/compute/v2.1/servers/47ed04f7-60e9-4491-bb3e-fd630b6a2864/os-interface 1.851s
2025-12-12 09:54:03.037 66678 INFO tempest.lib.common.rest_client [req-b62b9692-45c6-490a-a201-102982b786a6 req-b62b9692-45c6-490a-a201-102982b786a6 ] Request (SecurityGroupsNegativeTestJSON:test_update_non_existent_security_group): 404 PUT http://10.180.1.21/compute/v2.1/os-security-groups/f7a6e6b6-b38b-4422-b9ed-085c452418bc 1.627s
2025-12-12 09:54:03.043 66694 INFO tempest.lib.common.rest_client [req-18c65cef-ba96-4f50-b27f-d2718a8d3e45 req-18c65cef-ba96-4f50-b27f-d2718a8d3e45 ] Request (FlavorsAccessTestJSON:setUpClass): 204 PUT http://10.180.1.21/identity/v3/projects/d58303c3e8044089961ad9175cce4e1c/users/196d2f6e2aa34d34bb915a50e9d9bc14/roles/ca2cc48300a4495293b806c37a9ec941 0.123s
2025-12-12 09:54:03.043 66694 INFO tempest.lib.common.dynamic_creds [-] Dynamic test user 196d2f6e2aa34d34bb915a50e9d9bc14 is created with scope project and roles: ['admin']
2025-12-12 09:54:03.044 66694 INFO tempest.lib.common.dynamic_creds [-] Acquired dynamic creds: credentials: Credentials: {'domain_id': 'default', 'domain_name': 'Default', 'username': 'tempest-FlavorsAccessTestJSON-1502126967-project-admin', 'project_domain_id': 'default', 'project_domain_name': 'Default', 'project_id': 'd58303c3e8044089961ad9175cce4e1c', 'project_name': 'tempest-FlavorsAccessTestJSON-1502126967', 'tenant_id': 'd58303c3e8044089961ad9175cce4e1c', 'tenant_name': 'tempest-FlavorsAccessTestJSON-1502126967', 'user_domain_id': 'default', 'user_domain_name': 'Default', 'user_id': '196d2f6e2aa34d34bb915a50e9d9bc14', 'system': None}, Network: None, Subnet: None, Router: None
2025-12-12 09:54:03.044 66694 INFO tempest.lib.common.dynamic_creds [-] Created isolated network resources for: credentials: Credentials: {'domain_id': 'default', 'domain_name': 'Default', 'username': 'tempest-FlavorsAccessTestJSON-1502126967-project-admin', 'project_domain_id': 'default', 'project_domain_name': 'Default', 'project_id': 'd58303c3e8044089961ad9175cce4e1c', 'project_name': 'tempest-FlavorsAccessTestJSON-1502126967', 'tenant_id': 'd58303c3e8044089961ad9175cce4e1c', 'tenant_name': 'tempest-FlavorsAccessTestJSON-1502126967', 'user_domain_id': 'default', 'user_domain_name': 'Default', 'user_id': '196d2f6e2aa34d34bb915a50e9d9bc14', 'system': None}, Network: None, Subnet: None, Router: None
2025-12-12 09:54:03.160 66694 INFO tempest.lib.common.rest_client [req-38dcecc7-54c5-40d4-aa63-94fd0f10a943 req-38dcecc7-54c5-40d4-aa63-94fd0f10a943 ] Request (FlavorsAccessTestJSON:setUpClass): 201 POST http://10.180.1.21/identity/v3/auth/tokens 0.113s
2025-12-12 09:54:03.161 66694 WARNING tempest.lib.common.rest_client [-] Deprecated: "tenant_id" property is deprecated for removal, use "project_id" instead
2025-12-12 09:54:03.170 66680 INFO tempest.lib.common.rest_client [req-af1910af-30f5-4de5-a982-68c552a867a8 req-af1910af-30f5-4de5-a982-68c552a867a8 ] Request (AggregatesAdminNegativeTestJSON:tearDownClass): 201 POST http://10.180.1.21/identity/v3/auth/tokens 0.207s
2025-12-12 09:54:03.233 66718 INFO tempest.lib.common.rest_client [req-49d910a7-303a-4e51-bc28-24b6370c2946 req-49d910a7-303a-4e51-bc28-24b6370c2946 ] Request (InstanceActionsTestJSON:tearDownClass): 204 DELETE http://10.180.1.21/compute/v2.1/servers/e5d83736-adfa-4d93-8696-c3d8021f2390 1.766s
2025-12-12 09:54:03.316 66704 INFO tempest.lib.common.rest_client [req-1092aa28-9d0a-4bb9-bcec-f306ab863114 req-1092aa28-9d0a-4bb9-bcec-f306ab863114 ] Request (ServersTestBootFromVolume:setUpClass): 200 GET http://10.180.1.21/volume/v3/volumes/c42dc197-db8a-4653-97bc-585c55b5a8ca 0.034s
2025-12-12 09:54:03.676 66698 INFO tempest.lib.common.rest_client [req-5c81e4cf-509d-4bd3-8521-0ddbc581274e req-5c81e4cf-509d-4bd3-8521-0ddbc581274e ] Request (ServerActionsV293TestJSON:setUpClass): 200 PUT http://10.180.1.21/networking/v2.0/floatingips/a9dcc676-5caa-4022-a637-a6b9c85e9978 0.657s
2025-12-12 09:54:03.913 66702 INFO tempest.lib.common.rest_client [req-4d5c7b64-b4fe-4ead-b418-65e57d107fee req-4d5c7b64-b4fe-4ead-b418-65e57d107fee ] Request (VolumesAssistedSnapshotsTest:test_volume_assisted_snapshot_create_delete): 200 GET http://10.180.1.21/volume/v3/volumes/45bd8e8a-a393-4e90-8dfc-6b18ef94da4b 0.035s
2025-12-12 09:54:03.926 66702 INFO tempest.common.waiters [-] Attachment 82221693-54df-4f13-9699-4f1609e982f2 created for volume 45bd8e8a-a393-4e90-8dfc-6b18ef94da4b to server a372b7ea-d226-44c2-990e-201872271f14 after waiting for 9.926158 seconds
2025-12-12 09:54:03.946 66680 INFO tempest.lib.common.rest_client [req-dcad1757-53d5-444a-ac64-0d256cb26661 req-dcad1757-53d5-444a-ac64-0d256cb26661 ] Request (AggregatesAdminNegativeTestJSON:tearDownClass): 200 GET http://10.180.1.21/networking/v2.0/security-groups?tenant_id=62a9692a56514a939d8a51f8f384f27c&name=default 0.776s
2025-12-12 09:54:03.954 66702 INFO tempest.lib.common.rest_client [req-267d9446-8692-43e0-aae6-cc108cdc9e11 req-267d9446-8692-43e0-aae6-cc108cdc9e11 ] Request (VolumesAssistedSnapshotsTest:test_volume_assisted_snapshot_create_delete): 200 GET http://10.180.1.21/volume/v3/volumes/45bd8e8a-a393-4e90-8dfc-6b18ef94da4b 0.027s
2025-12-12 09:54:03.962 66702 INFO tempest.common.waiters [-] volume 45bd8e8a-a393-4e90-8dfc-6b18ef94da4b reached in-use after waiting for 0.962013 seconds
2025-12-12 09:54:04.146 66680 INFO tempest.lib.common.rest_client [req-759ac0f3-3033-424b-8201-d87750c88cbe req-759ac0f3-3033-424b-8201-d87750c88cbe ] Request (AggregatesAdminNegativeTestJSON:tearDownClass): 204 DELETE http://10.180.1.21/networking/v2.0/security-groups/f3349b42-9401-4bcc-bad5-38c939bb2855 0.199s
2025-12-12 09:54:04.184 66682 INFO tempest.lib.common.rest_client [req-0f7c8229-63cb-4323-bb87-31a0658361ee req-0f7c8229-63cb-4323-bb87-31a0658361ee ] Request (SecurityGroupsTestJSON:test_list_security_groups_by_server): 200 GET http://10.180.1.21/compute/v2.1/servers/d183ee1e-47d8-41c3-84f6-314f0643d550 2.266s
2025-12-12 09:54:04.231 66724 INFO tempest.lib.common.rest_client [req-ddad73ec-4598-4266-9967-6546e06ba9b6 req-ddad73ec-4598-4266-9967-6546e06ba9b6 ] Request (ListImageFiltersTestJSON:setUpClass): 200 GET http://10.180.1.21/compute/v2.1/images/feb60190-3369-4219-a493-6bcb9aef1166 2.282s
2025-12-12 09:54:04.236 66696 INFO tempest.lib.common.rest_client [req-0e5fbd8c-f5fe-471f-b6f1-a08389d4cc3b req-0e5fbd8c-f5fe-471f-b6f1-a08389d4cc3b ] Request (ServersAdminNegativeTestJSON:test_reset_state_server_invalid_state): 400 POST http://10.180.1.21/compute/v2.1/servers/1137c6c2-9f76-4a9c-ab1e-6f0331914394/action 2.288s
2025-12-12 09:54:04.261 66680 INFO tempest.lib.common.rest_client [req-9ed25e51-7d97-4b41-a4cd-4a56dc41151b req-9ed25e51-7d97-4b41-a4cd-4a56dc41151b ] Request (AggregatesAdminNegativeTestJSON:tearDownClass): 204 DELETE http://10.180.1.21/identity/v3/projects/62a9692a56514a939d8a51f8f384f27c 0.115s
2025-12-12 09:54:04.262 66680 INFO tempest.lib.common.dynamic_creds [-] Deleting project and security group for project: 5ffa734b601b481d8c2ed75eac5f73f4
2025-12-12 09:54:04.361 66678 INFO tempest.lib.common.rest_client [req-d7b709e2-b47f-4bf0-a9c8-7195f5442040 req-d7b709e2-b47f-4bf0-a9c8-7195f5442040 ] Request (SecurityGroupsNegativeTestJSON:tearDownClass): 200 PUT http://10.180.1.21/networking/v2.0/routers/ef0576f4-9fcb-4723-b23a-ff8ee6037103/remove_router_interface 1.317s
2025-12-12 09:54:04.370 66704 INFO tempest.lib.common.rest_client [req-97e541ea-cebb-4bc4-bb00-61f3289e7f2a req-97e541ea-cebb-4bc4-bb00-61f3289e7f2a ] Request (ServersTestBootFromVolume:setUpClass): 200 GET http://10.180.1.21/volume/v3/volumes/c42dc197-db8a-4653-97bc-585c55b5a8ca 0.042s
2025-12-12 09:54:04.435 66691 INFO tempest.lib.common.rest_client [req-b62efdf2-68e9-497b-9f51-5623b6cfbb9f req-b62efdf2-68e9-497b-9f51-5623b6cfbb9f ] Request (ExtensionsTest:test_get_extension): 200 GET http://10.180.1.21/compute/v2.1/extensions/os-consoles 2.341s
2025-12-12 09:54:04.500 66680 INFO tempest.lib.common.rest_client [req-646f5a7b-d8f5-425c-aa43-12a4dbc034e0 req-646f5a7b-d8f5-425c-aa43-12a4dbc034e0 ] Request (AggregatesAdminNegativeTestJSON:tearDownClass): 200 GET http://10.180.1.21/networking/v2.0/security-groups?tenant_id=5ffa734b601b481d8c2ed75eac5f73f4&name=default 0.237s
2025-12-12 09:54:04.520 66716 INFO tempest.lib.common.rest_client [req-c6b8c6fc-70cb-4fb5-a546-763bad6c914a req-c6b8c6fc-70cb-4fb5-a546-763bad6c914a ] Request (ServerRescueTestJSON:test_rescue_unrescue_instance): 202 POST http://10.180.1.21/compute/v2.1/servers/18329b1e-2891-4ce8-a4fb-d9d682d75b7f/action 2.356s
2025-12-12 09:54:04.539 66732 WARNING tempest.lib.common.ssh [-] Failed to establish authenticated ssh connection to cirros@10.180.180.245 ([Errno None] Unable to connect to port 22 on 10.180.180.245). Number attempts: 1. Retry after 2 seconds.: paramiko.ssh_exception.NoValidConnectionsError: [Errno None] Unable to connect to port 22 on 10.180.180.245
2025-12-12 09:54:04.783 66680 INFO tempest.lib.common.rest_client [req-754a2ae1-b584-47d5-bd29-f3b3a6481b8f req-754a2ae1-b584-47d5-bd29-f3b3a6481b8f ] Request (AggregatesAdminNegativeTestJSON:tearDownClass): 204 DELETE http://10.180.1.21/networking/v2.0/security-groups/f46281a0-1b5e-40be-ac96-7e3f543b1e8b 0.283s
2025-12-12 09:54:04.784 66710 INFO tempest.lib.common.rest_client [req-24ec02fb-1378-4caf-a9e3-6208517c7851 req-24ec02fb-1378-4caf-a9e3-6208517c7851 ] Request (ServerAddressesTestJSON:setUpClass): 202 POST http://10.180.1.21/compute/v2.1/servers 4.314s
2025-12-12 09:54:04.913 66714 INFO tempest.lib.common.rest_client [req-b320f2ac-1bb6-4373-a373-aa28ce46e512 req-b320f2ac-1bb6-4373-a373-aa28ce46e512 ] Request (KeyPairsV2TestJSON:test_get_keypair_detail): 200 POST http://10.180.1.21/compute/v2.1/os-keypairs 2.568s
2025-12-12 09:54:04.948 66692 INFO tempest.lib.common.rest_client [req-fd9a2ec9-335d-4347-b3eb-f0fb9f06f2c2 req-fd9a2ec9-335d-4347-b3eb-f0fb9f06f2c2 ] Request (FlavorsAdminTestJSON:_run_cleanups): 202 DELETE http://10.180.1.21/compute/v2.1/flavors/2122565339 2.247s
2025-12-12 09:54:04.963 66680 INFO tempest.lib.common.rest_client [req-210e88b3-ad04-40f4-8a2c-237ec8406ac4 req-210e88b3-ad04-40f4-8a2c-237ec8406ac4 ] Request (AggregatesAdminNegativeTestJSON:tearDownClass): 204 DELETE http://10.180.1.21/identity/v3/projects/5ffa734b601b481d8c2ed75eac5f73f4 0.179s
2025-12-12 09:54:05.020 66678 INFO tempest.lib.common.rest_client [req-3e22e644-695e-4238-b5de-256bf843bb4f req-3e22e644-695e-4238-b5de-256bf843bb4f ] Request (SecurityGroupsNegativeTestJSON:tearDownClass): 204 DELETE http://10.180.1.21/networking/v2.0/routers/ef0576f4-9fcb-4723-b23a-ff8ee6037103 0.658s
2025-12-12 09:54:05.073 66680 INFO tempest.lib.common.rest_client [req-8bcfab21-7a4e-4d70-8e19-e5b56bc83228 req-8bcfab21-7a4e-4d70-8e19-e5b56bc83228 ] Request (AZAdminV2TestJSON:setUpClass): 201 POST http://10.180.1.21/identity/v3/auth/tokens 0.108s
2025-12-12 09:54:05.126 66680 INFO tempest.lib.common.rest_client [req-31f92831-2a45-485d-b368-f1e535dda95f req-31f92831-2a45-485d-b368-f1e535dda95f ] Request (AZAdminV2TestJSON:setUpClass): 201 POST http://10.180.1.21/identity/v3/auth/tokens 0.048s
2025-12-12 09:54:05.172 66680 INFO tempest.lib.common.rest_client [req-34a62a3b-6be3-46f5-95d5-c56a9fecd6fb req-34a62a3b-6be3-46f5-95d5-c56a9fecd6fb ] Request (AZAdminV2TestJSON:setUpClass): 200 GET http://10.180.1.21/identity/v3/domains?name=Default 0.045s
2025-12-12 09:54:05.215 66680 INFO tempest.lib.common.rest_client [req-ebe68cc9-ae1f-4298-b865-c0e804771fa5 req-ebe68cc9-ae1f-4298-b865-c0e804771fa5 ] Request (AZAdminV2TestJSON:setUpClass): 201 POST http://10.180.1.21/identity/v3/projects 0.042s
2025-12-12 09:54:05.265 66678 INFO tempest.lib.common.rest_client [req-b1fe9bd0-d187-49ef-84b7-46114875f5d6 req-b1fe9bd0-d187-49ef-84b7-46114875f5d6 ] Request (SecurityGroupsNegativeTestJSON:tearDownClass): 204 DELETE http://10.180.1.21/networking/v2.0/subnets/6b0aeae0-531f-4368-936e-94050fab2c7d 0.244s
2025-12-12 09:54:05.291 66730 INFO tempest.lib.common.rest_client [req-440086ca-1d55-4f66-ac69-b36470b01a7f req-440086ca-1d55-4f66-ac69-b36470b01a7f ] Request (AttachVolumeNegativeTest:test_attach_attached_volume_to_different_server): 200 GET http://10.180.1.21/compute/v2.1/servers/64139aa6-f7c7-4d21-aa06-ca1ae85e4078 2.521s
2025-12-12 09:54:05.322 66680 INFO tempest.lib.common.rest_client [req-959863b0-e31d-4533-95d4-1eb0ae81707e req-959863b0-e31d-4533-95d4-1eb0ae81707e ] Request (AZAdminV2TestJSON:setUpClass): 201 POST http://10.180.1.21/identity/v3/users 0.107s
2025-12-12 09:54:05.352 66680 INFO tempest.lib.common.rest_client [req-20394ead-b32f-4186-bf2d-5c964f46dcf2 req-20394ead-b32f-4186-bf2d-5c964f46dcf2 ] Request (AZAdminV2TestJSON:setUpClass): 200 GET http://10.180.1.21/identity/v3/roles 0.029s
2025-12-12 09:54:05.389 66680 INFO tempest.lib.common.rest_client [req-40f2d238-5a71-447c-b73f-7c09fc419a83 req-40f2d238-5a71-447c-b73f-7c09fc419a83 ] Request (AZAdminV2TestJSON:setUpClass): 204 PUT http://10.180.1.21/identity/v3/projects/4121dc07a68844808b2df1cb4a5ef2e2/users/b051e42d91734b8092c0deeb9572633a/roles/2b368930e8a240e79564e72d66e827b0 0.037s
2025-12-12 09:54:05.389 66680 INFO tempest.lib.common.dynamic_creds [-] Dynamic test user b051e42d91734b8092c0deeb9572633a is created with scope project and roles: ['member']
2025-12-12 09:54:05.390 66680 INFO tempest.lib.common.dynamic_creds [-] Acquired dynamic creds: credentials: Credentials: {'domain_id': 'default', 'domain_name': 'Default', 'username': 'tempest-AZAdminV2TestJSON-1484805260-project-member', 'project_domain_id': 'default', 'project_domain_name': 'Default', 'project_id': '4121dc07a68844808b2df1cb4a5ef2e2', 'project_name': 'tempest-AZAdminV2TestJSON-1484805260', 'tenant_id': '4121dc07a68844808b2df1cb4a5ef2e2', 'tenant_name': 'tempest-AZAdminV2TestJSON-1484805260', 'user_domain_id': 'default', 'user_domain_name': 'Default', 'user_id': 'b051e42d91734b8092c0deeb9572633a', 'system': None}, Network: None, Subnet: None, Router: None
2025-12-12 09:54:05.390 66680 INFO tempest.lib.common.dynamic_creds [-] Created isolated network resources for: credentials: Credentials: {'domain_id': 'default', 'domain_name': 'Default', 'username': 'tempest-AZAdminV2TestJSON-1484805260-project-member', 'project_domain_id': 'default', 'project_domain_name': 'Default', 'project_id': '4121dc07a68844808b2df1cb4a5ef2e2', 'project_name': 'tempest-AZAdminV2TestJSON-1484805260', 'tenant_id': '4121dc07a68844808b2df1cb4a5ef2e2', 'tenant_name': 'tempest-AZAdminV2TestJSON-1484805260', 'user_domain_id': 'default', 'user_domain_name': 'Default', 'user_id': 'b051e42d91734b8092c0deeb9572633a', 'system': None}, Network: None, Subnet: None, Router: None
2025-12-12 09:54:05.428 66704 INFO tempest.lib.common.rest_client [req-0de4d3f2-6055-41fc-a247-fe7d8416e071 req-0de4d3f2-6055-41fc-a247-fe7d8416e071 ] Request (ServersTestBootFromVolume:setUpClass): 200 GET http://10.180.1.21/volume/v3/volumes/c42dc197-db8a-4653-97bc-585c55b5a8ca 0.046s
2025-12-12 09:54:05.460 66726 INFO tempest.lib.common.rest_client [req-095718ec-59d7-4d47-aff9-0296af934e81 req-095718ec-59d7-4d47-aff9-0296af934e81 ] Request (AttachInterfacesUnderV243Test:test_add_remove_fixed_ip): 202 POST http://10.180.1.21/compute/v2.1/servers 3.223s
2025-12-12 09:54:05.486 66680 INFO tempest.lib.common.rest_client [req-52f6afcb-0a76-4443-b615-b7f502f2e706 req-52f6afcb-0a76-4443-b615-b7f502f2e706 ] Request (AZAdminV2TestJSON:setUpClass): 201 POST http://10.180.1.21/identity/v3/auth/tokens 0.091s
2025-12-12 09:54:05.579 66680 INFO tempest.lib.common.rest_client [req-2d64b713-e013-474b-8db0-aa6afa266faa req-2d64b713-e013-474b-8db0-aa6afa266faa ] Request (AZAdminV2TestJSON:setUpClass): 201 POST http://10.180.1.21/identity/v3/projects 0.092s
2025-12-12 09:54:05.628 66734 INFO tempest.lib.common.rest_client [req-2a6e23c0-0fc0-42e5-a5e7-1be886fbced6 req-2a6e23c0-0fc0-42e5-a5e7-1be886fbced6 ] Request (ServerDiskConfigTestJSON:test_rebuild_server_with_manual_disk_config): 200 GET http://10.180.1.21/compute/v2.1/servers/98d7aacd-eff4-4595-9a48-059b5adf7976 2.772s
2025-12-12 09:54:05.670 66712 WARNING tempest.lib.common.ssh [-] Failed to establish authenticated ssh connection to cirros@10.180.180.238 ([Errno None] Unable to connect to port 22 on 10.180.180.238). Number attempts: 2. Retry after 3 seconds.: paramiko.ssh_exception.NoValidConnectionsError: [Errno None] Unable to connect to port 22 on 10.180.180.238
