2025-12-15 11:03:25.398 66515 INFO tempest.lib.common.rest_client [req-0e89c613-c3cf-40f5-9b93-f8e8cca787f2 req-0e89c613-c3cf-40f5-9b93-f8e8cca787f2 ] Request (ServerTagsTestJSON:test_delete_all_tags): 204 DELETE http://10.180.1.21/compute/v2.1/servers/702c464f-670c-44b4-b833-7f98ed51dc72/tags 0.981s
2025-12-15 11:03:25.412 66495 INFO tempest.lib.common.rest_client [req-5eed7b4d-c89b-4ac1-9cf9-f0b0a5bf3d48 req-5eed7b4d-c89b-4ac1-9cf9-f0b0a5bf3d48 ] Request (ServerActionsV293TestJSON:setUpClass): 200 GET http://10.180.1.21/volume/v3/volumes/e76ddd11-fd10-4a58-8600-905a76ad207f 0.034s
2025-12-15 11:03:25.437 66484 INFO tempest.lib.common.rest_client [req-1995309f-4f8c-483b-b576-5054417287e2 req-1995309f-4f8c-483b-b576-5054417287e2 ] Request (ListServersNegativeTestJSON:tearDownClass): 204 DELETE http://10.180.1.21/networking/v2.0/routers/94807675-2b47-4d11-8735-e913b84753cf 0.508s
2025-12-15 11:03:25.612 66484 INFO tempest.lib.common.rest_client [req-79ac3f43-d27b-4ed0-8a1d-889bfadaa477 req-79ac3f43-d27b-4ed0-8a1d-889bfadaa477 ] Request (ListServersNegativeTestJSON:tearDownClass): 204 DELETE http://10.180.1.21/networking/v2.0/subnets/b35a3448-6b90-4e1e-aba2-b8803851a2fb 0.174s
2025-12-15 11:03:25.631 66476 INFO tempest.lib.common.rest_client [req-ab75245a-d7d6-474b-8f3f-85851d91af38 req-ab75245a-d7d6-474b-8f3f-85851d91af38 ] Request (ServersTestJSON:tearDownClass): 200 GET http://10.180.1.21/compute/v2.1/servers/a0467820-e44e-450c-9a50-63f80e659130 1.181s
2025-12-15 11:03:25.809 66468 INFO tempest.lib.common.rest_client [req-75da73d4-d5c3-495e-892c-13a538ebfec9 req-75da73d4-d5c3-495e-892c-13a538ebfec9 ] Request (ServerMetadataTestJSON:setUpClass): 200 GET http://10.180.1.21/compute/v2.1/servers/0287f524-f07c-42d1-8cbb-016c9c442d79 1.211s
2025-12-15 11:03:25.876 66458 WARNING tempest.lib.common.ssh [-] Failed to establish authenticated ssh connection to cirros@10.180.180.242 ([Errno None] Unable to connect to port 22 on 10.180.180.242). Number attempts: 5. Retry after 6 seconds.: paramiko.ssh_exception.NoValidConnectionsError: [Errno None] Unable to connect to port 22 on 10.180.180.242
2025-12-15 11:03:25.878 66492 INFO tempest.lib.common.rest_client [req-c5636cad-0cd0-4ec8-90d4-4ec3bf98b4f1 req-c5636cad-0cd0-4ec8-90d4-4ec3bf98b4f1 ] Request (MigrationsAdminTest:test_resize_server_revert_deleted_flavor): 202 POST http://10.180.1.21/compute/v2.1/servers 1.450s
2025-12-15 11:03:25.883 66462 INFO tempest.lib.common.rest_client [req-1611d48c-e522-425e-8077-05799910ce22 req-1611d48c-e522-425e-8077-05799910ce22 ] Request (ServersAdminTestJSON:test_list_servers_filter_by_exist_host): 200 GET http://10.180.1.21/compute/v2.1/servers?host=nonexistent_host&all_tenants=1 1.198s
2025-12-15 11:03:25.983 66484 INFO tempest.lib.common.rest_client [req-041c4f4a-f9b7-4320-b868-120bc19841d3 req-041c4f4a-f9b7-4320-b868-120bc19841d3 ] Request (ListServersNegativeTestJSON:tearDownClass): 204 DELETE http://10.180.1.21/networking/v2.0/networks/be006c58-c777-46ac-9bf5-49753d6179ab 0.371s
2025-12-15 11:03:26.136 66486 INFO tempest.lib.common.rest_client [req-cbcd9d3c-fa98-4222-8dac-74f1dff25264 req-cbcd9d3c-fa98-4222-8dac-74f1dff25264 ] Request (ServerDiagnosticsTest:tearDownClass): 200 GET http://10.180.1.21/compute/v2.1/servers/5789a930-db3a-4d02-9646-4e4baf7a2580 1.312s
2025-12-15 11:03:26.153 66484 INFO tempest.lib.common.rest_client [req-676b2d55-d38d-4700-ae36-b69bd9302c49 req-676b2d55-d38d-4700-ae36-b69bd9302c49 ] Request (ListServersNegativeTestJSON:tearDownClass): 204 DELETE http://10.180.1.21/identity/v3/users/dcf5322c5d4f4649a9beac55e553f636 0.170s
2025-12-15 11:03:26.154 66484 INFO tempest.lib.common.dynamic_creds [-] Deleting project and security group for project: 116bc087de164284b87934e96d2d5101
2025-12-15 11:03:26.237 66506 INFO tempest.lib.common.rest_client [req-d84b0156-0c9c-448d-9309-56e898029dd8 req-d84b0156-0c9c-448d-9309-56e898029dd8 ] Request (ServersTestMultiNic:test_verify_multiple_nics_order): 200 GET http://10.180.1.21/compute/v2.1/servers/1760a5b4-e6e4-4734-8a5e-23659a8a9f43 1.520s
2025-12-15 11:03:26.263 66484 INFO tempest.lib.common.rest_client [req-8e99186a-7a2a-463d-bc58-b8a73e7bd8dc req-8e99186a-7a2a-463d-bc58-b8a73e7bd8dc ] Request (ListServersNegativeTestJSON:tearDownClass): 200 GET http://10.180.1.21/networking/v2.0/security-groups?tenant_id=116bc087de164284b87934e96d2d5101&name=default 0.109s
2025-12-15 11:03:26.289 66472 INFO tempest.lib.common.rest_client [req-44d38820-7179-471c-afc7-6f0d01503249 req-44d38820-7179-471c-afc7-6f0d01503249 ] Request (AttachInterfacesUnderV243Test:_run_cleanups): 200 GET http://10.180.1.21/compute/v2.1/servers/08d102c9-7706-4d9c-9765-3b502b88a453 1.395s
2025-12-15 11:03:26.429 66478 WARNING tempest.lib.common.ssh [-] Failed to establish authenticated ssh connection to cirros@10.180.180.133 ([Errno None] Unable to connect to port 22 on 10.180.180.133). Number attempts: 9. Retry after 10 seconds.: paramiko.ssh_exception.NoValidConnectionsError: [Errno None] Unable to connect to port 22 on 10.180.180.133
2025-12-15 11:03:26.436 66484 INFO tempest.lib.common.rest_client [req-0ab51a71-2e9d-41e2-a6a1-19c9617054f1 req-0ab51a71-2e9d-41e2-a6a1-19c9617054f1 ] Request (ListServersNegativeTestJSON:tearDownClass): 204 DELETE http://10.180.1.21/networking/v2.0/security-groups/ba5c41b6-7d3a-4ddf-8dcc-22bfcc95c545 0.173s
2025-12-15 11:03:26.460 66495 INFO tempest.lib.common.rest_client [req-8f745568-0d20-4c90-a304-22ea9a6ff5df req-8f745568-0d20-4c90-a304-22ea9a6ff5df ] Request (ServerActionsV293TestJSON:setUpClass): 200 GET http://10.180.1.21/volume/v3/volumes/e76ddd11-fd10-4a58-8600-905a76ad207f 0.039s
2025-12-15 11:03:26.676 66484 INFO tempest.lib.common.rest_client [req-e014e21c-a076-49ef-85f5-c0dcf55b62ce req-e014e21c-a076-49ef-85f5-c0dcf55b62ce ] Request (ListServersNegativeTestJSON:tearDownClass): 204 DELETE http://10.180.1.21/identity/v3/projects/116bc087de164284b87934e96d2d5101 0.238s
2025-12-15 11:03:26.800 66484 INFO tempest.lib.common.rest_client [req-091c4435-bff4-4a2e-9dbf-f1cb0facea57 req-091c4435-bff4-4a2e-9dbf-f1cb0facea57 ] Request (ServersAaction247Test:setUpClass): 201 POST http://10.180.1.21/identity/v3/auth/tokens 0.122s
2025-12-15 11:03:26.827 66490 WARNING tempest.lib.common.ssh [-] Failed to establish authenticated ssh connection to cirros@10.180.180.169 ([Errno None] Unable to connect to port 22 on 10.180.180.169). Number attempts: 13. Retry after 14 seconds.: paramiko.ssh_exception.NoValidConnectionsError: [Errno None] Unable to connect to port 22 on 10.180.180.169
2025-12-15 11:03:26.845 66484 INFO tempest.lib.common.rest_client [req-bd0313ad-50aa-407e-898c-c253e766350e req-bd0313ad-50aa-407e-898c-c253e766350e ] Request (ServersAaction247Test:setUpClass): 201 POST http://10.180.1.21/identity/v3/auth/tokens 0.042s
2025-12-15 11:03:26.874 66484 INFO tempest.lib.common.rest_client [req-b7336e7a-2121-4ad3-9603-a4789f79f12f req-b7336e7a-2121-4ad3-9603-a4789f79f12f ] Request (ServersAaction247Test:setUpClass): 200 GET http://10.180.1.21/identity/v3/domains?name=Default 0.029s
2025-12-15 11:03:26.919 66484 INFO tempest.lib.common.rest_client [req-05cce9a3-f87b-4856-9cab-b87eed2fcc01 req-05cce9a3-f87b-4856-9cab-b87eed2fcc01 ] Request (ServersAaction247Test:setUpClass): 201 POST http://10.180.1.21/identity/v3/projects 0.044s
2025-12-15 11:03:26.926 66452 INFO tempest.lib.common.rest_client [req-585dc8c7-effb-499c-ba48-e0da824393db req-585dc8c7-effb-499c-ba48-e0da824393db ] Request (ImagesNegativeTestJSON:test_create_image_from_deleted_server): 200 GET http://10.180.1.21/compute/v2.1/servers/17cf5fac-89ee-4f43-b1a5-3f2a49e3374f 2.003s
2025-12-15 11:03:26.949 66464 INFO tempest.lib.common.rest_client [req-7bb8bf06-8108-47d7-b125-4fab2aaf4551 req-7bb8bf06-8108-47d7-b125-4fab2aaf4551 ] Request (HostsAdminNegativeTestJSON:test_startup_nonexistent_host): 404 GET http://10.180.1.21/compute/v2.1/os-hosts/nonexistent_hostname/startup 1.806s
2025-12-15 11:03:26.950 66470 INFO tempest.lib.common.rest_client [req-2e75ebed-9528-426b-b920-9e5ab9f37260 req-2e75ebed-9528-426b-b920-9e5ab9f37260 ] Request (ServerMetadataNegativeTestJSON:tearDownClass): 200 GET http://10.180.1.21/compute/v2.1/servers/44caa2f3-fc8d-4ca2-8a3c-4383bdb392d4 1.852s
2025-12-15 11:03:26.998 66484 INFO tempest.lib.common.rest_client [req-c147ab13-9db8-4e9a-a912-60daa1d4feaa req-c147ab13-9db8-4e9a-a912-60daa1d4feaa ] Request (ServersAaction247Test:setUpClass): 201 POST http://10.180.1.21/identity/v3/users 0.078s
2025-12-15 11:03:27.028 66484 INFO tempest.lib.common.rest_client [req-88da6f65-2d5d-4713-a77f-6a4fb42e25d1 req-88da6f65-2d5d-4713-a77f-6a4fb42e25d1 ] Request (ServersAaction247Test:setUpClass): 200 GET http://10.180.1.21/identity/v3/roles 0.028s
2025-12-15 11:03:27.060 66484 INFO tempest.lib.common.rest_client [req-ceaad522-6ab9-4fb6-9f40-c22680742acb req-ceaad522-6ab9-4fb6-9f40-c22680742acb ] Request (ServersAaction247Test:setUpClass): 204 PUT http://10.180.1.21/identity/v3/projects/b7e8460d79884649a7fef28dfb4d462c/users/e73c1bbda61146c687499215799cf54a/roles/55cdd4d3c01741fc8fb93c67329a124a 0.031s
2025-12-15 11:03:27.060 66484 INFO tempest.lib.common.dynamic_creds [-] Dynamic test user e73c1bbda61146c687499215799cf54a is created with scope project and roles: ['member']
2025-12-15 11:03:27.061 66484 INFO tempest.lib.common.dynamic_creds [-] Acquired dynamic creds: credentials: Credentials: {'domain_id': 'default', 'domain_name': 'Default', 'username': 'tempest-ServersAaction247Test-26368043-project-member', 'project_domain_id': 'default', 'project_domain_name': 'Default', 'project_id': 'b7e8460d79884649a7fef28dfb4d462c', 'project_name': 'tempest-ServersAaction247Test-26368043', 'tenant_id': 'b7e8460d79884649a7fef28dfb4d462c', 'tenant_name': 'tempest-ServersAaction247Test-26368043', 'user_domain_id': 'default', 'user_domain_name': 'Default', 'user_id': 'e73c1bbda61146c687499215799cf54a', 'system': None}, Network: None, Subnet: None, Router: None
2025-12-15 11:03:27.061 66484 INFO tempest.lib.common.dynamic_creds [-] Created isolated network resources for: credentials: Credentials: {'domain_id': 'default', 'domain_name': 'Default', 'username': 'tempest-ServersAaction247Test-26368043-project-member', 'project_domain_id': 'default', 'project_domain_name': 'Default', 'project_id': 'b7e8460d79884649a7fef28dfb4d462c', 'project_name': 'tempest-ServersAaction247Test-26368043', 'tenant_id': 'b7e8460d79884649a7fef28dfb4d462c', 'tenant_name': 'tempest-ServersAaction247Test-26368043', 'user_domain_id': 'default', 'user_domain_name': 'Default', 'user_id': 'e73c1bbda61146c687499215799cf54a', 'system': None}, Network: None, Subnet: None, Router: None
2025-12-15 11:03:27.083 66466 INFO tempest.lib.common.rest_client [req-ac4f1a08-3770-4233-acbb-2a37a824f818 req-ac4f1a08-3770-4233-acbb-2a37a824f818 ] Request (ServersAdminNegativeTestJSON:tearDownClass): 200 GET http://10.180.1.21/compute/v2.1/servers/6ec6ed45-4ea4-4c9d-bd57-a7699b1a176b 1.717s
2025-12-15 11:03:27.086 66460 INFO tempest.lib.common.rest_client [req-0f494841-1900-46a9-9340-508d6c643724 req-0f494841-1900-46a9-9340-508d6c643724 ] Request (SecurityGroupRulesTestJSON:test_security_group_rules_delete_when_peer_group_deleted): 202 DELETE http://10.180.1.21/compute/v2.1/os-security-groups/2022f410-e0e3-4783-be9c-020e3c349555 1.747s
2025-12-15 11:03:27.101 66515 INFO tempest.lib.common.rest_client [req-dbbf1383-cd1a-45a9-9d03-332801935006 req-dbbf1383-cd1a-45a9-9d03-332801935006 ] Request (ServerTagsTestJSON:test_delete_all_tags): 200 GET http://10.180.1.21/compute/v2.1/servers/702c464f-670c-44b4-b833-7f98ed51dc72/tags 1.702s
2025-12-15 11:03:27.170 66484 INFO tempest.lib.common.rest_client [req-b4eccfb0-3853-4b1f-8f34-80fb8e000c03 req-b4eccfb0-3853-4b1f-8f34-80fb8e000c03 ] Request (ServersAaction247Test:setUpClass): 201 POST http://10.180.1.21/identity/v3/auth/tokens 0.104s
2025-12-15 11:03:27.173 66456 INFO tempest.lib.common.rest_client [req-903eff4c-8ee9-4ac2-9882-353a6054133a req-903eff4c-8ee9-4ac2-9882-353a6054133a ] Request (ImagesOneServerNegativeTestJSON:setUpClass): 200 GET http://10.180.1.21/compute/v2.1/servers/cfbe5c89-b454-4fac-871e-851b2800a82f 1.628s
2025-12-15 11:03:27.224 66484 INFO tempest.lib.common.rest_client [req-0c410270-b940-48db-82e2-a57d75bf0dc3 req-0c410270-b940-48db-82e2-a57d75bf0dc3 ] Request (ServersAaction247Test:test_create_backup): 201 POST http://10.180.1.21/identity/v3/auth/tokens 0.046s
2025-12-15 11:03:27.225 66484 INFO tempest.lib.common.fixed_network [-] (ServersAaction247Test:test_create_backup) Found network None available for tenant
2025-12-15 11:03:27.273 66492 INFO tempest.lib.common.rest_client [req-e821f58a-1c1f-4d57-90b1-567af4a1cbfb req-e821f58a-1c1f-4d57-90b1-567af4a1cbfb ] Request (MigrationsAdminTest:test_resize_server_revert_deleted_flavor): 200 GET http://10.180.1.21/compute/v2.1/servers/cc2ebda7-c4c6-4652-9372-ede462136fc1 1.393s
2025-12-15 11:03:27.294 66511 INFO tempest.lib.common.rest_client [req-d47688de-5eb9-4b58-b141-38b11c811a5b req-d47688de-5eb9-4b58-b141-38b11c811a5b ] Request (ServerDiskConfigTestJSON:test_rebuild_server_with_manual_disk_config): 200 GET http://10.180.1.21/compute/v2.1/servers/36277d7c-b440-497f-b9b4-65bd8601224a 1.717s
2025-12-15 11:03:27.349 66462 INFO tempest.lib.common.rest_client [req-e19ddf2e-7d29-4cb2-99a6-872835f7d46c req-e19ddf2e-7d29-4cb2-99a6-872835f7d46c ] Request (ServersAdminTestJSON:test_rebuild_server_in_error_state): 202 POST http://10.180.1.21/compute/v2.1/servers/b91b5a7d-b1b1-4834-b1ae-808522c1b0de/action 1.463s
2025-12-15 11:03:27.393 66512 INFO tempest.lib.common.rest_client [req-a3b3d812-25af-4a27-9b63-de831e8d7444 req-a3b3d812-25af-4a27-9b63-de831e8d7444 ] Request (ImagesOneServerTestJSON:tearDownClass): 200 GET http://10.180.1.21/compute/v2.1/servers/e9cf499a-6410-4058-84cf-c33f4023aee1 1.272s
2025-12-15 11:03:27.404 66512 INFO tempest.common.waiters [-] State transition "ACTIVE/deleting" ==> "DELETED/None" after 4 second wait
2025-12-15 11:03:27.421 66454 INFO tempest.lib.common.rest_client [req-d27b4425-541b-43a1-8e7e-e1f245ea8d6c req-d27b4425-541b-43a1-8e7e-e1f245ea8d6c ] Request (InstanceActionsTestJSON:tearDownClass): 404 GET http://10.180.1.21/compute/v2.1/servers/b4324ade-e0e8-4f64-8374-6f131912e8ef 1.199s
2025-12-15 11:03:27.477 66500 INFO tempest.lib.common.rest_client [req-30076aab-431f-467c-b887-6a937488e038 req-30076aab-431f-467c-b887-6a937488e038 ] Request (ServersTestJSON:test_create_server_specify_multibyte_character_name): 200 GET http://10.180.1.21/compute/v2.1/servers/c6a94a27-7234-4941-9a2d-30cbe61ea674 1.110s
2025-12-15 11:03:27.511 66482 INFO tempest.lib.common.rest_client [req-eed77514-872b-44af-bffe-f171a9264870 req-eed77514-872b-44af-bffe-f171a9264870 ] Request (SecurityGroupsTestJSON:test_server_security_groups): 200 GET http://10.180.1.21/compute/v2.1/servers/50f202e5-ae6b-4a37-aff0-acd9325118b4 1.362s
2025-12-15 11:03:27.511 66495 INFO tempest.lib.common.rest_client [req-733fe82a-2be9-4b83-97e2-cf77b9f4b120 req-733fe82a-2be9-4b83-97e2-cf77b9f4b120 ] Request (ServerActionsV293TestJSON:setUpClass): 200 GET http://10.180.1.21/volume/v3/volumes/e76ddd11-fd10-4a58-8600-905a76ad207f 0.036s
2025-12-15 11:03:27.523 66482 INFO tempest.common.waiters [-] State transition "HARD_REBOOT/rebooting_hard" ==> "HARD_REBOOT/reboot_started_hard" after 4 second wait
2025-12-15 11:03:27.554 66476 INFO tempest.lib.common.rest_client [req-ab1b4874-b161-4a9e-8e2c-2753b42bc745 req-ab1b4874-b161-4a9e-8e2c-2753b42bc745 ] Request (ServersTestJSON:tearDownClass): 200 GET http://10.180.1.21/compute/v2.1/servers/a0467820-e44e-450c-9a50-63f80e659130 0.913s
2025-12-15 11:03:27.560 66464 INFO tempest.lib.common.rest_client [req-6d4db469-c4a8-4e96-8461-d05c53e6b960 req-6d4db469-c4a8-4e96-8461-d05c53e6b960 ] Request (HostsAdminNegativeTestJSON:test_update_host_with_invalid_maintenance_mode): 400 PUT http://10.180.1.21/compute/v2.1/os-hosts/devstack 0.608s
2025-12-15 11:03:27.605 66460 INFO tempest.lib.common.rest_client [req-decf5e42-b81c-4117-b010-03657c049f4c req-decf5e42-b81c-4117-b010-03657c049f4c ] Request (SecurityGroupRulesTestJSON:test_security_group_rules_delete_when_peer_group_deleted): 200 GET http://10.180.1.21/compute/v2.1/os-security-groups/9722dee0-d856-4cf8-95ae-4880965bbfdc 0.518s
2025-12-15 11:03:27.625 66468 INFO tempest.lib.common.rest_client [req-2c81d04e-6deb-44b3-994f-3432b82a841c req-2c81d04e-6deb-44b3-994f-3432b82a841c ] Request (ServerMetadataTestJSON:setUpClass): 200 GET http://10.180.1.21/compute/v2.1/servers/0287f524-f07c-42d1-8cbb-016c9c442d79 0.805s
2025-12-15 11:03:27.660 66515 INFO tempest.lib.common.rest_client [req-a6a31399-da5e-40e1-b1f6-8a3d35bb6807 req-a6a31399-da5e-40e1-b1f6-8a3d35bb6807 ] Request (ServerTagsTestJSON:_run_cleanups): 204 DELETE http://10.180.1.21/compute/v2.1/servers/702c464f-670c-44b4-b833-7f98ed51dc72/tags 0.556s
2025-12-15 11:03:27.710 66486 INFO tempest.lib.common.rest_client [req-bb432f37-1f28-4064-b17e-1605c9884572 req-bb432f37-1f28-4064-b17e-1605c9884572 ] Request (ServerDiagnosticsTest:tearDownClass): 200 GET http://10.180.1.21/compute/v2.1/servers/5789a930-db3a-4d02-9646-4e4baf7a2580 0.563s
2025-12-15 11:03:27.902 66506 INFO tempest.lib.common.rest_client [req-496bb5e7-9077-4a70-9aa2-cbe6d24acc18 req-496bb5e7-9077-4a70-9aa2-cbe6d24acc18 ] Request (ServersTestMultiNic:test_verify_multiple_nics_order): 200 GET http://10.180.1.21/compute/v2.1/servers/1760a5b4-e6e4-4734-8a5e-23659a8a9f43 0.648s
2025-12-15 11:03:27.906 66484 INFO tempest.lib.common.rest_client [req-824dbc09-ebf7-4afc-8d8c-dc8d78e8641b req-824dbc09-ebf7-4afc-8d8c-dc8d78e8641b ] Request (ServersAaction247Test:test_create_backup): 202 POST http://10.180.1.21/compute/v2.1/servers 0.680s
2025-12-15 11:03:27.918 66506 INFO tempest.common.waiters [-] State transition "BUILD/spawning" ==> "ACTIVE/None" after 48 second wait
2025-12-15 11:03:27.938 66472 INFO tempest.lib.common.rest_client [req-85047d60-acfa-425e-8788-93c92be25cbc req-85047d60-acfa-425e-8788-93c92be25cbc ] Request (AttachInterfacesUnderV243Test:_run_cleanups): 404 GET http://10.180.1.21/compute/v2.1/servers/08d102c9-7706-4d9c-9765-3b502b88a453 0.641s
2025-12-15 11:03:27.947 66464 INFO tempest.lib.common.rest_client [req-4d98dbd9-a49c-494b-81c1-32a1eec039fb req-4d98dbd9-a49c-494b-81c1-32a1eec039fb ] Request (HostsAdminNegativeTestJSON:test_update_host_with_invalid_status): 400 PUT http://10.180.1.21/compute/v2.1/os-hosts/devstack 0.384s
2025-12-15 11:03:28.079 66460 INFO tempest.lib.common.rest_client [req-0a5d3eb8-251a-4bd4-aa3f-4f66e0072164 req-0a5d3eb8-251a-4bd4-aa3f-4f66e0072164 ] Request (SecurityGroupRulesTestJSON:test_security_group_rules_list): 200 POST http://10.180.1.21/compute/v2.1/os-security-groups 0.467s
2025-12-15 11:03:28.124 66462 INFO tempest.lib.common.rest_client [req-e51a80a3-3bd4-4ed8-9131-3659574b52e3 req-e51a80a3-3bd4-4ed8-9131-3659574b52e3 ] Request (ServersAdminTestJSON:test_rebuild_server_in_error_state): 202 POST http://10.180.1.21/compute/v2.1/servers/b91b5a7d-b1b1-4834-b1ae-808522c1b0de/action 0.774s
2025-12-15 11:03:28.152 66515 INFO tempest.lib.common.rest_client [req-f401941f-d565-4e9f-8a3c-b2d49adeb84c req-f401941f-d565-4e9f-8a3c-b2d49adeb84c ] Request (ServerTagsTestJSON:test_update_all_tags): 201 PUT http://10.180.1.21/compute/v2.1/servers/702c464f-670c-44b4-b833-7f98ed51dc72/tags/tempest-tag-181076842 0.491s
2025-12-15 11:03:28.176 66484 INFO tempest.lib.common.rest_client [req-d87d676d-46e3-40ae-8ee2-14f96a4f2f0c req-d87d676d-46e3-40ae-8ee2-14f96a4f2f0c ] Request (ServersAaction247Test:test_create_backup): 200 GET http://10.180.1.21/compute/v2.1/servers/c2a515e3-93dd-4949-8c5f-24855698b041 0.268s
2025-12-15 11:03:28.179 66506 INFO tempest.lib.common.rest_client [req-3ab5cf9a-1509-4ba1-b84a-c6fae8bd00e5 req-3ab5cf9a-1509-4ba1-b84a-c6fae8bd00e5 ] Request (ServersTestMultiNic:test_verify_multiple_nics_order): 200 GET http://10.180.1.21/compute/v2.1/servers/1760a5b4-e6e4-4734-8a5e-23659a8a9f43/ips 0.260s
2025-12-15 11:03:28.196 66472 INFO tempest.lib.common.rest_client [req-dfc227ee-099b-4d5d-961c-7078472940bb req-dfc227ee-099b-4d5d-961c-7078472940bb ] Request (AttachInterfacesUnderV243Test:_run_cleanups): 202 DELETE http://10.180.1.21/compute/v2.1/os-keypairs/tempest-keypair-960708140 0.257s
2025-12-15 11:03:28.201 66464 INFO tempest.lib.common.rest_client [req-4439bb5f-ee5b-4bc1-9737-8aa83faea286 req-4439bb5f-ee5b-4bc1-9737-8aa83faea286 ] Request (HostsAdminNegativeTestJSON:test_update_host_with_non_admin_user): 403 PUT http://10.180.1.21/compute/v2.1/os-hosts/devstack 0.253s
2025-12-15 11:03:28.302 66454 INFO tempest.lib.common.rest_client [req-30a45912-f51a-4a0e-83e1-79563c75c837 req-30a45912-f51a-4a0e-83e1-79563c75c837 ] Request (InstanceActionsTestJSON:tearDownClass): 200 PUT http://10.180.1.21/networking/v2.0/routers/88e3b63e-143b-4557-a63e-47a39518ad9f/remove_router_interface 0.881s
2025-12-15 11:03:28.309 66472 INFO tempest.lib.common.rest_client [req-7d4e8bfb-8435-41b2-8f0f-912b71033311 req-7d4e8bfb-8435-41b2-8f0f-912b71033311 ] Request (AttachInterfacesUnderV243Test:_run_cleanups): 204 DELETE http://10.180.1.21/networking/v2.0/security-groups/9aaa8fa0-928f-4229-8afd-463446138aaf 0.112s
2025-12-15 11:03:28.356 66472 INFO tempest.lib.common.rest_client [req-7c14012c-a4a2-4f51-9549-2a26e73da600 req-7c14012c-a4a2-4f51-9549-2a26e73da600 ] Request (AttachInterfacesUnderV243Test:_run_cleanups): 404 GET http://10.180.1.21/networking/v2.0/security-groups/9aaa8fa0-928f-4229-8afd-463446138aaf 0.047s
2025-12-15 11:03:28.358 66470 INFO tempest.lib.common.rest_client [req-bb43728d-3b6d-4de6-8a69-618fcb6848c9 req-bb43728d-3b6d-4de6-8a69-618fcb6848c9 ] Request (ServerMetadataNegativeTestJSON:tearDownClass): 200 GET http://10.180.1.21/compute/v2.1/servers/44caa2f3-fc8d-4ca2-8a3c-4383bdb392d4 0.392s
2025-12-15 11:03:28.365 66470 INFO tempest.common.waiters [-] State transition "ACTIVE/deleting" ==> "DELETED/None" after 4 second wait
2025-12-15 11:03:28.395 66452 INFO tempest.lib.common.rest_client [req-923983e5-a54c-4a78-a3aa-7c9f148123f3 req-923983e5-a54c-4a78-a3aa-7c9f148123f3 ] Request (ImagesNegativeTestJSON:test_create_image_from_deleted_server): 200 GET http://10.180.1.21/compute/v2.1/servers/17cf5fac-89ee-4f43-b1a5-3f2a49e3374f 0.454s
2025-12-15 11:03:28.407 66452 INFO tempest.common.waiters [-] State transition "BUILD/spawning" ==> "ACTIVE/None" after 38 second wait
2025-12-15 11:03:28.565 66495 INFO tempest.lib.common.rest_client [req-a2f03e08-7f5c-4c67-833d-9558b7678b97 req-a2f03e08-7f5c-4c67-833d-9558b7678b97 ] Request (ServerActionsV293TestJSON:setUpClass): 200 GET http://10.180.1.21/volume/v3/volumes/e76ddd11-fd10-4a58-8600-905a76ad207f 0.042s
2025-12-15 11:03:28.718 66472 INFO tempest.lib.common.rest_client [req-f574ce6b-cf8e-4ab0-9237-5f632cd6df48 req-f574ce6b-cf8e-4ab0-9237-5f632cd6df48 ] Request (AttachInterfacesUnderV243Test:_run_cleanups): 204 DELETE http://10.180.1.21/networking/v2.0/floatingips/ebedda64-945c-405f-811a-911be6ac7403 0.361s
2025-12-15 11:03:28.768 66466 INFO tempest.lib.common.rest_client [req-44107057-4feb-4b4b-8880-85fe3f7d1464 req-44107057-4feb-4b4b-8880-85fe3f7d1464 ] Request (ServersAdminNegativeTestJSON:tearDownClass): 200 GET http://10.180.1.21/compute/v2.1/servers/6ec6ed45-4ea4-4c9d-bd57-a7699b1a176b 0.672s
2025-12-15 11:03:28.768 66454 INFO tempest.lib.common.rest_client [req-0ba6ebf8-3e91-4fb6-b907-06fed913b9ee req-0ba6ebf8-3e91-4fb6-b907-06fed913b9ee ] Request (InstanceActionsTestJSON:tearDownClass): 204 DELETE http://10.180.1.21/networking/v2.0/routers/88e3b63e-143b-4557-a63e-47a39518ad9f 0.465s
2025-12-15 11:03:28.774 66466 INFO tempest.common.waiters [-] State transition "SUSPENDED/deleting" ==> "DELETED/None" after 4 second wait
2025-12-15 11:03:28.889 66460 INFO tempest.lib.common.rest_client [req-910e0dda-13aa-4dd1-ae68-b29d70f20bcb req-910e0dda-13aa-4dd1-ae68-b29d70f20bcb ] Request (SecurityGroupRulesTestJSON:test_security_group_rules_list): 200 POST http://10.180.1.21/compute/v2.1/os-security-group-rules 0.807s
2025-12-15 11:03:28.937 66454 INFO tempest.lib.common.rest_client [req-06e63cf8-abb9-44b8-a88c-04bfa8f54631 req-06e63cf8-abb9-44b8-a88c-04bfa8f54631 ] Request (InstanceActionsTestJSON:tearDownClass): 204 DELETE http://10.180.1.21/networking/v2.0/subnets/5ce19b96-6586-42e1-a67b-af0e48b401cd 0.169s
2025-12-15 11:03:28.967 66515 INFO tempest.lib.common.rest_client [req-1bb62089-492a-4e26-83c3-86bbbf784524 req-1bb62089-492a-4e26-83c3-86bbbf784524 ] Request (ServerTagsTestJSON:test_update_all_tags): 201 PUT http://10.180.1.21/compute/v2.1/servers/702c464f-670c-44b4-b833-7f98ed51dc72/tags/tempest-tag-124537148 0.814s
2025-12-15 11:03:29.015 66462 INFO tempest.lib.common.rest_client [req-1b2a0dfb-3632-4ee2-8fa0-2b7325896dff req-1b2a0dfb-3632-4ee2-8fa0-2b7325896dff ] Request (ServersAdminTestJSON:test_rebuild_server_in_error_state): 200 GET http://10.180.1.21/compute/v2.1/servers/b91b5a7d-b1b1-4834-b1ae-808522c1b0de 0.886s
2025-12-15 11:03:29.058 66506 INFO tempest.lib.common.rest_client [req-afaee847-5256-4ea9-bf61-b1e44f7f2a0d req-afaee847-5256-4ea9-bf61-b1e44f7f2a0d ] Request (ServersTestMultiNic:_run_cleanups): 204 DELETE http://10.180.1.21/compute/v2.1/servers/1760a5b4-e6e4-4734-8a5e-23659a8a9f43 0.877s
2025-12-15 11:03:29.064 66464 INFO tempest.lib.common.rest_client [req-190a5e95-cd5f-434d-801a-41a301d9fbe7 req-190a5e95-cd5f-434d-801a-41a301d9fbe7 ] Request (HostsAdminNegativeTestJSON:test_update_host_without_param): 400 PUT http://10.180.1.21/compute/v2.1/os-hosts/devstack 0.861s
2025-12-15 11:03:29.091 66456 INFO tempest.lib.common.rest_client [req-c3d73c86-4489-413c-9e08-d4457d431cb3 req-c3d73c86-4489-413c-9e08-d4457d431cb3 ] Request (ImagesOneServerNegativeTestJSON:setUpClass): 200 GET http://10.180.1.21/compute/v2.1/servers/cfbe5c89-b454-4fac-871e-851b2800a82f 0.904s
2025-12-15 11:03:29.133 66492 INFO tempest.lib.common.rest_client [req-08fa74c7-b056-4ea5-ae86-429880299b0b req-08fa74c7-b056-4ea5-ae86-429880299b0b ] Request (MigrationsAdminTest:test_resize_server_revert_deleted_flavor): 200 GET http://10.180.1.21/compute/v2.1/servers/cc2ebda7-c4c6-4652-9372-ede462136fc1 0.848s
2025-12-15 11:03:29.145 66492 INFO tempest.common.waiters [-] State transition "BUILD/scheduling" ==> "BUILD/None" after 2 second wait
2025-12-15 11:03:29.240 66454 INFO tempest.lib.common.rest_client [req-127154e5-b261-467e-b525-e211c4431c35 req-127154e5-b261-467e-b525-e211c4431c35 ] Request (InstanceActionsTestJSON:tearDownClass): 204 DELETE http://10.180.1.21/networking/v2.0/networks/06dbb240-03c6-4834-ad5e-006373ce63dd 0.302s
2025-12-15 11:03:29.256 66512 INFO tempest.lib.common.rest_client [req-fa897338-6c02-45a0-a3eb-e972bf85bc98 req-fa897338-6c02-45a0-a3eb-e972bf85bc98 ] Request (ImagesOneServerTestJSON:tearDownClass): 200 GET http://10.180.1.21/compute/v2.1/servers/e9cf499a-6410-4058-84cf-c33f4023aee1 0.850s
2025-12-15 11:03:29.290 66511 INFO tempest.lib.common.rest_client [req-3b1e2923-b7cf-4cbb-996b-5a8d13b18a24 req-3b1e2923-b7cf-4cbb-996b-5a8d13b18a24 ] Request (ServerDiskConfigTestJSON:test_rebuild_server_with_manual_disk_config): 200 GET http://10.180.1.21/compute/v2.1/servers/36277d7c-b440-497f-b9b4-65bd8601224a 0.986s
2025-12-15 11:03:29.299 66511 INFO tempest.common.waiters [-] State transition "BUILD/spawning" ==> "ACTIVE/None" after 36 second wait
2025-12-15 11:03:29.366 66500 INFO tempest.lib.common.rest_client [req-67a8f375-4b0b-4195-b05b-f1a2f05abc45 req-67a8f375-4b0b-4195-b05b-f1a2f05abc45 ] Request (ServersTestJSON:test_create_server_specify_multibyte_character_name): 200 GET http://10.180.1.21/compute/v2.1/servers/c6a94a27-7234-4941-9a2d-30cbe61ea674 0.877s
2025-12-15 11:03:29.373 66452 INFO tempest.lib.common.rest_client [req-2c27100e-adf3-4f79-b0dd-5971462a36c4 req-2c27100e-adf3-4f79-b0dd-5971462a36c4 ] Request (ImagesNegativeTestJSON:test_create_image_from_deleted_server): 204 DELETE http://10.180.1.21/compute/v2.1/servers/17cf5fac-89ee-4f43-b1a5-3f2a49e3374f 0.966s
2025-12-15 11:03:29.412 66454 INFO tempest.lib.common.rest_client [req-622b4108-756e-4f5a-a87a-47445e416107 req-622b4108-756e-4f5a-a87a-47445e416107 ] Request (InstanceActionsTestJSON:tearDownClass): 204 DELETE http://10.180.1.21/identity/v3/users/75390a2f0d7043d195ffd5ad0cad996e 0.172s
2025-12-15 11:03:29.412 66454 INFO tempest.lib.common.dynamic_creds [-] Deleting project and security group for project: 490d1af6e82f42cca3812cae989b8bf8
2025-12-15 11:03:29.446 66454 INFO tempest.lib.common.rest_client [req-279baa13-9f17-4c92-a42c-6e213df650d9 req-279baa13-9f17-4c92-a42c-6e213df650d9 ] Request (InstanceActionsTestJSON:tearDownClass): 200 GET http://10.180.1.21/networking/v2.0/security-groups?tenant_id=490d1af6e82f42cca3812cae989b8bf8&name=default 0.033s
2025-12-15 11:03:29.468 66476 INFO tempest.lib.common.rest_client [req-ab932272-8eff-4944-af14-cfbc1ca9106b req-ab932272-8eff-4944-af14-cfbc1ca9106b ] Request (ServersTestJSON:tearDownClass): 200 GET http://10.180.1.21/compute/v2.1/servers/a0467820-e44e-450c-9a50-63f80e659130 0.900s
2025-12-15 11:03:29.476 66476 INFO tempest.common.waiters [-] State transition "ACTIVE/deleting" ==> "DELETED/None" after 6 second wait
2025-12-15 11:03:29.519 66482 INFO tempest.lib.common.rest_client [req-9acafe1f-d3fb-4871-87e6-2b63c3dae9f1 req-9acafe1f-d3fb-4871-87e6-2b63c3dae9f1 ] Request (SecurityGroupsTestJSON:test_server_security_groups): 200 GET http://10.180.1.21/compute/v2.1/servers/50f202e5-ae6b-4a37-aff0-acd9325118b4 0.994s
2025-12-15 11:03:29.527 66482 INFO tempest.common.waiters [-] State transition "HARD_REBOOT/reboot_started_hard" ==> "ACTIVE/None" after 6 second wait
2025-12-15 11:03:29.550 66468 INFO tempest.lib.common.rest_client [req-e120a0b0-6204-4919-a684-285fc3a3c409 req-e120a0b0-6204-4919-a684-285fc3a3c409 ] Request (ServerMetadataTestJSON:setUpClass): 200 GET http://10.180.1.21/compute/v2.1/servers/0287f524-f07c-42d1-8cbb-016c9c442d79 0.917s
2025-12-15 11:03:29.556 66472 INFO tempest.lib.common.rest_client [req-5be330a3-9a6b-49a7-a456-c1118e15ee27 req-5be330a3-9a6b-49a7-a456-c1118e15ee27 ] Request (AttachInterfacesUnderV243Test:tearDownClass): 404 DELETE http://10.180.1.21/compute/v2.1/servers/08d102c9-7706-4d9c-9765-3b502b88a453 0.837s
2025-12-15 11:03:29.609 66454 INFO tempest.lib.common.rest_client [req-1214e234-a09d-4c9d-97f9-188b065df0b6 req-1214e234-a09d-4c9d-97f9-188b065df0b6 ] Request (InstanceActionsTestJSON:tearDownClass): 204 DELETE http://10.180.1.21/networking/v2.0/security-groups/afb23928-c40f-496a-a481-72ea361c0140 0.163s
2025-12-15 11:03:29.620 66495 INFO tempest.lib.common.rest_client [req-3bdbe0da-e97d-4432-9221-7194c5fb9b14 req-3bdbe0da-e97d-4432-9221-7194c5fb9b14 ] Request (ServerActionsV293TestJSON:setUpClass): 200 GET http://10.180.1.21/volume/v3/volumes/e76ddd11-fd10-4a58-8600-905a76ad207f 0.042s
2025-12-15 11:03:29.631 66495 INFO tempest.common.waiters [-] volume e76ddd11-fd10-4a58-8600-905a76ad207f reached available after waiting for 21.631491 seconds
2025-12-15 11:03:29.648 66486 INFO tempest.lib.common.rest_client [req-abc4e28d-320a-4ba4-90eb-f23d34d9e60d req-abc4e28d-320a-4ba4-90eb-f23d34d9e60d ] Request (ServerDiagnosticsTest:tearDownClass): 200 GET http://10.180.1.21/compute/v2.1/servers/5789a930-db3a-4d02-9646-4e4baf7a2580 0.924s
2025-12-15 11:03:29.720 66515 INFO tempest.lib.common.rest_client [req-9aff863e-92f4-409b-9490-872f3dbf0db8 req-9aff863e-92f4-409b-9490-872f3dbf0db8 ] Request (ServerTagsTestJSON:test_update_all_tags): 200 PUT http://10.180.1.21/compute/v2.1/servers/702c464f-670c-44b4-b833-7f98ed51dc72/tags 0.752s
2025-12-15 11:03:29.739 66454 INFO tempest.lib.common.rest_client [req-03e5e7fb-b29a-4724-ac50-8d5c37c4f916 req-03e5e7fb-b29a-4724-ac50-8d5c37c4f916 ] Request (InstanceActionsTestJSON:tearDownClass): 204 DELETE http://10.180.1.21/identity/v3/projects/490d1af6e82f42cca3812cae989b8bf8 0.129s
2025-12-15 11:03:29.740 66460 INFO tempest.lib.common.rest_client [req-e7df2056-0958-45ef-9897-e372d601bbd1 req-e7df2056-0958-45ef-9897-e372d601bbd1 ] Request (SecurityGroupRulesTestJSON:test_security_group_rules_list): 200 POST http://10.180.1.21/compute/v2.1/os-security-group-rules 0.849s
2025-12-15 11:03:29.755 66464 INFO tempest.lib.common.rest_client [req-0192b036-a29a-4011-a4b0-582ad9f99c39 req-0192b036-a29a-4011-a4b0-582ad9f99c39 ] Request (HostsAdminNegativeTestJSON:test_update_nonexistent_host): 404 PUT http://10.180.1.21/compute/v2.1/os-hosts/nonexistent_hostname 0.689s
2025-12-15 11:03:29.826 66484 INFO tempest.lib.common.rest_client [req-c7e24520-fa19-4644-82a1-0342d1c79773 req-c7e24520-fa19-4644-82a1-0342d1c79773 ] Request (ServersAaction247Test:test_create_backup): 200 GET http://10.180.1.21/compute/v2.1/servers/c2a515e3-93dd-4949-8c5f-24855698b041 0.641s
2025-12-15 11:03:29.828 66454 INFO tempest.lib.common.rest_client [req-d1237914-4fa5-4546-b661-e90ffd806634 req-d1237914-4fa5-4546-b661-e90ffd806634 ] Request (ServerRescueTestJSONUnderV235:setUpClass): 201 POST http://10.180.1.21/identity/v3/auth/tokens 0.086s
2025-12-15 11:03:29.839 66484 INFO tempest.common.waiters [-] State transition "BUILD/scheduling" ==> "BUILD/None" after 1 second wait
2025-12-15 11:03:29.865 66454 INFO tempest.lib.common.rest_client [req-978676c4-3b0a-463f-9051-7c4d35f9d639 req-978676c4-3b0a-463f-9051-7c4d35f9d639 ] Request (ServerRescueTestJSONUnderV235:setUpClass): 201 POST http://10.180.1.21/identity/v3/auth/tokens 0.033s
2025-12-15 11:03:29.886 66506 INFO tempest.lib.common.rest_client [req-30b0ec15-b4bb-4da3-a15f-16102238d433 req-30b0ec15-b4bb-4da3-a15f-16102238d433 ] Request (ServersTestMultiNic:_run_cleanups): 200 GET http://10.180.1.21/compute/v2.1/servers/1760a5b4-e6e4-4734-8a5e-23659a8a9f43 0.828s
2025-12-15 11:03:29.913 66464 INFO tempest.lib.common.rest_client [req-64fa86db-0c75-4354-baa9-cdaa0e03df1e req-64fa86db-0c75-4354-baa9-cdaa0e03df1e ] Request (HostsAdminNegativeTestJSON:tearDownClass): 204 DELETE http://10.180.1.21/identity/v3/users/a23a64b1649f4e76ae6f4a1e4175f0fe 0.152s
2025-12-15 11:03:29.938 66454 INFO tempest.lib.common.rest_client [req-ff2f04e0-c75f-4e30-a9ce-cf784a76b5ca req-ff2f04e0-c75f-4e30-a9ce-cf784a76b5ca ] Request (ServerRescueTestJSONUnderV235:setUpClass): 200 GET http://10.180.1.21/identity/v3/domains?name=Default 0.073s
2025-12-15 11:03:29.990 66470 INFO tempest.lib.common.rest_client [req-e3f9e1f1-b491-402e-96bb-7297c7990877 req-e3f9e1f1-b491-402e-96bb-7297c7990877 ] Request (ServerMetadataNegativeTestJSON:tearDownClass): 200 GET http://10.180.1.21/compute/v2.1/servers/44caa2f3-fc8d-4ca2-8a3c-4383bdb392d4 0.624s
2025-12-15 11:03:30.007 66511 INFO tempest.lib.common.rest_client [req-f3e727ae-6c5e-4893-9275-d43df1ab2081 req-f3e727ae-6c5e-4893-9275-d43df1ab2081 ] Request (ServerDiskConfigTestJSON:test_rebuild_server_with_manual_disk_config): 200 GET http://10.180.1.21/compute/v2.1/servers/36277d7c-b440-497f-b9b4-65bd8601224a 0.707s
2025-12-15 11:03:30.021 66454 INFO tempest.lib.common.rest_client [req-08961b8e-38c3-41c3-8562-92a4b4fe8d04 req-08961b8e-38c3-41c3-8562-92a4b4fe8d04 ] Request (ServerRescueTestJSONUnderV235:setUpClass): 201 POST http://10.180.1.21/identity/v3/projects 0.082s
2025-12-15 11:03:30.051 66464 INFO tempest.lib.common.rest_client [req-a81e26a2-d86e-4b45-b65e-659cc9cc6c9e req-a81e26a2-d86e-4b45-b65e-659cc9cc6c9e ] Request (HostsAdminNegativeTestJSON:tearDownClass): 204 DELETE http://10.180.1.21/identity/v3/users/369fed2f789d4902b148a65a164ee79b 0.136s
2025-12-15 11:03:30.051 66464 INFO tempest.lib.common.dynamic_creds [-] Deleting project and security group for project: 6f5bf49fa1974addb27f005b8a87d9cc
2025-12-15 11:03:30.126 66464 INFO tempest.lib.common.rest_client [req-edd4e318-46f6-4495-9c6e-3f6224ae8369 req-edd4e318-46f6-4495-9c6e-3f6224ae8369 ] Request (HostsAdminNegativeTestJSON:tearDownClass): 201 POST http://10.180.1.21/identity/v3/auth/tokens 0.074s
2025-12-15 11:03:30.132 66454 INFO tempest.lib.common.rest_client [req-88ee2782-49af-4f2c-8a40-b102100b1ccf req-88ee2782-49af-4f2c-8a40-b102100b1ccf ] Request (ServerRescueTestJSONUnderV235:setUpClass): 201 POST http://10.180.1.21/identity/v3/users 0.110s
2025-12-15 11:03:30.149 66452 INFO tempest.lib.common.rest_client [req-96d8dbf5-4da4-46dd-a134-5abdff57721d req-96d8dbf5-4da4-46dd-a134-5abdff57721d ] Request (ImagesNegativeTestJSON:test_create_image_from_deleted_server): 200 GET http://10.180.1.21/compute/v2.1/servers/17cf5fac-89ee-4f43-b1a5-3f2a49e3374f 0.775s
2025-12-15 11:03:30.163 66454 INFO tempest.lib.common.rest_client [req-4723c336-62dc-4344-a030-545c60b4f196 req-4723c336-62dc-4344-a030-545c60b4f196 ] Request (ServerRescueTestJSONUnderV235:setUpClass): 200 GET http://10.180.1.21/identity/v3/roles 0.030s
2025-12-15 11:03:30.194 66472 INFO tempest.lib.common.rest_client [req-99145eab-accd-46a5-a316-58f5486565c4 req-99145eab-accd-46a5-a316-58f5486565c4 ] Request (AttachInterfacesUnderV243Test:tearDownClass): 404 GET http://10.180.1.21/compute/v2.1/servers/08d102c9-7706-4d9c-9765-3b502b88a453 0.637s
2025-12-15 11:03:30.197 66454 INFO tempest.lib.common.rest_client [req-8a9eb581-984b-48c8-a67a-3e1ae74b6cc1 req-8a9eb581-984b-48c8-a67a-3e1ae74b6cc1 ] Request (ServerRescueTestJSONUnderV235:setUpClass): 204 PUT http://10.180.1.21/identity/v3/projects/52ac8f4fc2b3496d942160377a99e592/users/f5d19264673e464badbfe6b23e52aa09/roles/55cdd4d3c01741fc8fb93c67329a124a 0.034s
2025-12-15 11:03:30.198 66454 INFO tempest.lib.common.dynamic_creds [-] Dynamic test user f5d19264673e464badbfe6b23e52aa09 is created with scope project and roles: ['member']
2025-12-15 11:03:30.198 66454 INFO tempest.lib.common.dynamic_creds [-] Acquired dynamic creds: credentials: Credentials: {'domain_id': 'default', 'domain_name': 'Default', 'username': 'tempest-ServerRescueTestJSONUnderV235-2112137764-project-member', 'project_domain_id': 'default', 'project_domain_name': 'Default', 'project_id': '52ac8f4fc2b3496d942160377a99e592', 'project_name': 'tempest-ServerRescueTestJSONUnderV235-2112137764', 'tenant_id': '52ac8f4fc2b3496d942160377a99e592', 'tenant_name': 'tempest-ServerRescueTestJSONUnderV235-2112137764', 'user_domain_id': 'default', 'user_domain_name': 'Default', 'user_id': 'f5d19264673e464badbfe6b23e52aa09', 'system': None}, Network: None, Subnet: None, Router: None
2025-12-15 11:03:30.260 66454 INFO tempest.lib.common.rest_client [req-68712603-20ac-4ef1-8545-05d66e65c8cb req-68712603-20ac-4ef1-8545-05d66e65c8cb ] Request (ServerRescueTestJSONUnderV235:setUpClass): 201 POST http://10.180.1.21/identity/v3/auth/tokens 0.062s
2025-12-15 11:03:30.314 66464 INFO tempest.lib.common.rest_client [req-ed6f2a01-f695-45e9-9898-6d16c93010c9 req-ed6f2a01-f695-45e9-9898-6d16c93010c9 ] Request (HostsAdminNegativeTestJSON:tearDownClass): 200 GET http://10.180.1.21/networking/v2.0/security-groups?tenant_id=6f5bf49fa1974addb27f005b8a87d9cc&name=default 0.187s
2025-12-15 11:03:30.420 66482 INFO tempest.lib.common.rest_client [req-e18c2471-7af8-4f14-853f-b49fc2995383 req-e18c2471-7af8-4f14-853f-b49fc2995383 ] Request (SecurityGroupsTestJSON:test_server_security_groups): 202 POST http://10.180.1.21/compute/v2.1/servers/50f202e5-ae6b-4a37-aff0-acd9325118b4/action 0.892s
2025-12-15 11:03:30.461 66515 INFO tempest.lib.common.rest_client [req-4e0f9e9a-7e64-409a-bc00-20fd37093dea req-4e0f9e9a-7e64-409a-bc00-20fd37093dea ] Request (ServerTagsTestJSON:test_update_all_tags): 200 GET http://10.180.1.21/compute/v2.1/servers/702c464f-670c-44b4-b833-7f98ed51dc72/tags 0.739s
2025-12-15 11:03:30.771 66454 INFO tempest.lib.common.rest_client [req-98dbf687-bf92-4c06-b321-68f2869d3775 req-98dbf687-bf92-4c06-b321-68f2869d3775 ] Request (ServerRescueTestJSONUnderV235:setUpClass): 201 POST http://10.180.1.21/networking/v2.0/networks 0.511s
2025-12-15 11:03:30.862 66464 INFO tempest.lib.common.rest_client [req-44be921b-e824-487c-804b-7bad87bc29c4 req-44be921b-e824-487c-804b-7bad87bc29c4 ] Request (HostsAdminNegativeTestJSON:tearDownClass): 204 DELETE http://10.180.1.21/networking/v2.0/security-groups/12d4ce35-b93b-470d-a5c1-e8e86721c169 0.548s
2025-12-15 11:03:30.932 66460 INFO tempest.lib.common.rest_client [req-4a88ef24-7a2d-4af3-962c-2c191443a91a req-4a88ef24-7a2d-4af3-962c-2c191443a91a ] Request (SecurityGroupRulesTestJSON:test_security_group_rules_list): 200 GET http://10.180.1.21/compute/v2.1/os-security-groups/e290482a-8717-4ac3-ac13-4828d9487732 1.189s
2025-12-15 11:03:30.987 66464 INFO tempest.lib.common.rest_client [req-f3fbc048-1303-4772-9046-68321f47db5d req-f3fbc048-1303-4772-9046-68321f47db5d ] Request (HostsAdminNegativeTestJSON:tearDownClass): 204 DELETE http://10.180.1.21/identity/v3/projects/6f5bf49fa1974addb27f005b8a87d9cc 0.125s
2025-12-15 11:03:30.988 66464 INFO tempest.lib.common.dynamic_creds [-] Deleting project and security group for project: 919287780b214e66b70401c9343cee7e
2025-12-15 11:03:31.139 66454 INFO tempest.lib.common.rest_client [req-98d554fa-2ca2-4411-acfb-603c95193a8d req-98d554fa-2ca2-4411-acfb-603c95193a8d ] Request (ServerRescueTestJSONUnderV235:setUpClass): 201 POST http://10.180.1.21/networking/v2.0/subnets 0.367s
2025-12-15 11:03:31.156 66472 INFO tempest.lib.common.rest_client [req-58cd7f3d-ca1a-4ff5-a3b6-72dd0c97f21a req-58cd7f3d-ca1a-4ff5-a3b6-72dd0c97f21a ] Request (AttachInterfacesUnderV243Test:tearDownClass): 200 PUT http://10.180.1.21/networking/v2.0/routers/c6a34d7f-2d9d-49d9-be06-306835e35b47/remove_router_interface 0.961s
2025-12-15 11:03:31.201 66466 INFO tempest.lib.common.rest_client [req-3f9b28ef-734b-4c06-80fe-99aa07cccb7c req-3f9b28ef-734b-4c06-80fe-99aa07cccb7c ] Request (ServersAdminNegativeTestJSON:tearDownClass): 200 GET http://10.180.1.21/compute/v2.1/servers/6ec6ed45-4ea4-4c9d-bd57-a7699b1a176b 1.426s
2025-12-15 11:03:31.273 66511 INFO tempest.lib.common.rest_client [req-8bf428a4-0767-444c-96f4-c2ea8de1515a req-8bf428a4-0767-444c-96f4-c2ea8de1515a ] Request (ServerDiskConfigTestJSON:test_rebuild_server_with_manual_disk_config): 200 PUT http://10.180.1.21/compute/v2.1/servers/36277d7c-b440-497f-b9b4-65bd8601224a 1.259s
2025-12-15 11:03:31.283 66464 INFO tempest.lib.common.rest_client [req-ba9ed599-57d4-496e-a3b0-982b283ea346 req-ba9ed599-57d4-496e-a3b0-982b283ea346 ] Request (HostsAdminNegativeTestJSON:tearDownClass): 200 GET http://10.180.1.21/networking/v2.0/security-groups?tenant_id=919287780b214e66b70401c9343cee7e&name=default 0.295s
2025-12-15 11:03:31.838 66474 WARNING tempest.lib.common.ssh [-] Failed to establish authenticated ssh connection to cirros@10.180.180.140 ([Errno None] Unable to connect to port 22 on 10.180.180.140). Number attempts: 9. Retry after 10 seconds.: paramiko.ssh_exception.NoValidConnectionsError: [Errno None] Unable to connect to port 22 on 10.180.180.140
2025-12-15 11:03:31.953 66454 INFO tempest.lib.common.rest_client [req-4da51e47-bba6-4d74-b25f-f321331ebeb3 req-4da51e47-bba6-4d74-b25f-f321331ebeb3 ] Request (ServerRescueTestJSONUnderV235:setUpClass): 201 POST http://10.180.1.21/networking/v2.0/routers 0.813s
2025-12-15 11:03:32.215 66472 INFO tempest.lib.common.rest_client [req-78e2fc6e-40c9-4b33-8a5c-a3bdfb816dd1 req-78e2fc6e-40c9-4b33-8a5c-a3bdfb816dd1 ] Request (AttachInterfacesUnderV243Test:tearDownClass): 204 DELETE http://10.180.1.21/networking/v2.0/routers/c6a34d7f-2d9d-49d9-be06-306835e35b47 1.058s
2025-12-15 11:03:32.291 66464 INFO tempest.lib.common.rest_client [req-66622318-9e32-4c0b-b294-983cb59de0e3 req-66622318-9e32-4c0b-b294-983cb59de0e3 ] Request (HostsAdminNegativeTestJSON:tearDownClass): 204 DELETE http://10.180.1.21/networking/v2.0/security-groups/80358a4d-fd1c-4204-b82a-17c8bee35f7c 1.007s
2025-12-15 11:03:32.385 66458 WARNING tempest.lib.common.ssh [-] Failed to establish authenticated ssh connection to cirros@10.180.180.242 ([Errno None] Unable to connect to port 22 on 10.180.180.242). Number attempts: 6. Retry after 7 seconds.: paramiko.ssh_exception.NoValidConnectionsError: [Errno None] Unable to connect to port 22 on 10.180.180.242
2025-12-15 11:03:32.457 66464 INFO tempest.lib.common.rest_client [req-cf8f952a-2be6-44ad-b028-96fff9a835c8 req-cf8f952a-2be6-44ad-b028-96fff9a835c8 ] Request (HostsAdminNegativeTestJSON:tearDownClass): 204 DELETE http://10.180.1.21/identity/v3/projects/919287780b214e66b70401c9343cee7e 0.165s
2025-12-15 11:03:32.538 66464 INFO tempest.lib.common.rest_client [req-0d3b624e-4509-4d93-a2b6-663cb0579279 req-0d3b624e-4509-4d93-a2b6-663cb0579279 ] Request (InstanceActionsNegativeTestJSON:setUpClass): 201 POST http://10.180.1.21/identity/v3/auth/tokens 0.079s
2025-12-15 11:03:32.593 66464 INFO tempest.lib.common.rest_client [req-9b2066bd-b98d-4eda-9d4a-b050f70c00d8 req-9b2066bd-b98d-4eda-9d4a-b050f70c00d8 ] Request (InstanceActionsNegativeTestJSON:setUpClass): 201 POST http://10.180.1.21/identity/v3/auth/tokens 0.051s
2025-12-15 11:03:32.624 66472 INFO tempest.lib.common.rest_client [req-dcd61c82-c02b-4f0d-84fb-1b50c0047c34 req-dcd61c82-c02b-4f0d-84fb-1b50c0047c34 ] Request (AttachInterfacesUnderV243Test:tearDownClass): 204 DELETE http://10.180.1.21/networking/v2.0/subnets/cce69a66-3a72-4f81-94d4-580d9bce1dba 0.408s
2025-12-15 11:03:32.629 66464 INFO tempest.lib.common.rest_client [req-2996dac8-dd9a-4551-85ff-71af3bff86a4 req-2996dac8-dd9a-4551-85ff-71af3bff86a4 ] Request (InstanceActionsNegativeTestJSON:setUpClass): 200 GET http://10.180.1.21/identity/v3/domains?name=Default 0.035s
2025-12-15 11:03:32.660 66462 INFO tempest.lib.common.rest_client [req-c40dc8dd-fda7-453e-a479-08e64d7e9495 req-c40dc8dd-fda7-453e-a479-08e64d7e9495 ] Request (ServersAdminTestJSON:test_rebuild_server_in_error_state): 200 GET http://10.180.1.21/compute/v2.1/servers/b91b5a7d-b1b1-4834-b1ae-808522c1b0de 2.633s
2025-12-15 11:03:32.660 66464 INFO tempest.lib.common.rest_client [req-97896dac-37d9-41f8-8fed-69159729479d req-97896dac-37d9-41f8-8fed-69159729479d ] Request (InstanceActionsNegativeTestJSON:setUpClass): 201 POST http://10.180.1.21/identity/v3/projects 0.030s
2025-12-15 11:03:32.670 66462 INFO tempest.common.waiters [-] State transition "REBUILD/rebuilding" ==> "REBUILD/rebuild_block_device_mapping" after 3 second wait
2025-12-15 11:03:32.737 66464 INFO tempest.lib.common.rest_client [req-9112605f-d374-4223-b28d-989a1118e5a1 req-9112605f-d374-4223-b28d-989a1118e5a1 ] Request (InstanceActionsNegativeTestJSON:setUpClass): 201 POST http://10.180.1.21/identity/v3/users 0.077s
2025-12-15 11:03:32.761 66464 INFO tempest.lib.common.rest_client [req-075d1397-4218-44d2-90f8-31eea839a109 req-075d1397-4218-44d2-90f8-31eea839a109 ] Request (InstanceActionsNegativeTestJSON:setUpClass): 200 GET http://10.180.1.21/identity/v3/roles 0.023s
2025-12-15 11:03:32.789 66464 INFO tempest.lib.common.rest_client [req-0cf9cf80-6d9a-4890-9246-b7a194c8e070 req-0cf9cf80-6d9a-4890-9246-b7a194c8e070 ] Request (InstanceActionsNegativeTestJSON:setUpClass): 204 PUT http://10.180.1.21/identity/v3/projects/763d1ad74cfe4f35991ab05e61fadcaa/users/0e1ceeff45e2475b963efdc1eaf08798/roles/55cdd4d3c01741fc8fb93c67329a124a 0.028s
2025-12-15 11:03:32.789 66464 INFO tempest.lib.common.dynamic_creds [-] Dynamic test user 0e1ceeff45e2475b963efdc1eaf08798 is created with scope project and roles: ['member']
2025-12-15 11:03:32.790 66464 INFO tempest.lib.common.dynamic_creds [-] Acquired dynamic creds: credentials: Credentials: {'domain_id': 'default', 'domain_name': 'Default', 'username': 'tempest-InstanceActionsNegativeTestJSON-858450349-project-member', 'project_domain_id': 'default', 'project_domain_name': 'Default', 'project_id': '763d1ad74cfe4f35991ab05e61fadcaa', 'project_name': 'tempest-InstanceActionsNegativeTestJSON-858450349', 'tenant_id': '763d1ad74cfe4f35991ab05e61fadcaa', 'tenant_name': 'tempest-InstanceActionsNegativeTestJSON-858450349', 'user_domain_id': 'default', 'user_domain_name': 'Default', 'user_id': '0e1ceeff45e2475b963efdc1eaf08798', 'system': None}, Network: None, Subnet: None, Router: None
2025-12-15 11:03:32.849 66464 INFO tempest.lib.common.rest_client [req-ba38dc21-f2b1-44ba-8c4a-662cb19d9ff8 req-ba38dc21-f2b1-44ba-8c4a-662cb19d9ff8 ] Request (InstanceActionsNegativeTestJSON:setUpClass): 201 POST http://10.180.1.21/identity/v3/auth/tokens 0.058s
2025-12-15 11:03:33.238 66454 INFO tempest.lib.common.rest_client [req-02189ecf-bc4d-468f-a64e-4097a8e1e0ae req-02189ecf-bc4d-468f-a64e-4097a8e1e0ae ] Request (ServerRescueTestJSONUnderV235:setUpClass): 200 PUT http://10.180.1.21/networking/v2.0/routers/8a548db9-2def-4429-8b3b-1b8a089aa165/add_router_interface 1.284s
