2025-12-15 11:01:01.298 66458 INFO tempest.common.waiters [-] State transition "BUILD/spawning" ==> "ACTIVE/None" after 17 second wait
2025-12-15 11:01:01.329 66506 INFO tempest.lib.common.rest_client [req-5c7e7406-51a2-4da5-acb4-1320fbe1821c req-5c7e7406-51a2-4da5-acb4-1320fbe1821c ] Request (FlavorsExtraSpecsNegativeTestJSON:tearDownClass): 204 DELETE http://10.180.1.21/identity/v3/projects/62fec6257e2e46ee8c70b587b2703447 0.118s
2025-12-15 11:01:01.345 66484 INFO tempest.lib.common.rest_client [req-fc6c6a95-9c0a-4955-935f-0d83a3906c1a req-fc6c6a95-9c0a-4955-935f-0d83a3906c1a ] Request (FloatingIPDetailsNegativeTestJSON:tearDownClass): 200 GET http://10.180.1.21/networking/v2.0/security-groups?tenant_id=6f908650827c45c98f242fb047f5be2b&name=default 0.130s
2025-12-15 11:01:01.399 66506 INFO tempest.lib.common.rest_client [req-06e5dfe8-6d0a-4e2a-b403-348fc27700bc req-06e5dfe8-6d0a-4e2a-b403-348fc27700bc ] Request (ServersTestMultiNic:setUpClass): 201 POST http://10.180.1.21/identity/v3/auth/tokens 0.069s
2025-12-15 11:01:01.434 66506 INFO tempest.lib.common.rest_client [req-2af601ae-a45e-4e4b-a28e-9d620217227e req-2af601ae-a45e-4e4b-a28e-9d620217227e ] Request (ServersTestMultiNic:setUpClass): 201 POST http://10.180.1.21/identity/v3/auth/tokens 0.030s
2025-12-15 11:01:01.461 66506 INFO tempest.lib.common.rest_client [req-1662dbed-8b8a-4846-a1cf-b228680abddb req-1662dbed-8b8a-4846-a1cf-b228680abddb ] Request (ServersTestMultiNic:setUpClass): 200 GET http://10.180.1.21/identity/v3/domains?name=Default 0.027s
2025-12-15 11:01:01.514 66506 INFO tempest.lib.common.rest_client [req-a35eda23-7d02-4ca3-acd9-0dade2892f08 req-a35eda23-7d02-4ca3-acd9-0dade2892f08 ] Request (ServersTestMultiNic:setUpClass): 201 POST http://10.180.1.21/identity/v3/projects 0.052s
2025-12-15 11:01:01.515 66484 INFO tempest.lib.common.rest_client [req-35da69ef-748d-4529-859d-97b1678cc0a6 req-35da69ef-748d-4529-859d-97b1678cc0a6 ] Request (FloatingIPDetailsNegativeTestJSON:tearDownClass): 204 DELETE http://10.180.1.21/networking/v2.0/security-groups/743a061e-1e58-4157-ba8f-a2abe706e958 0.170s
2025-12-15 11:01:01.564 66478 INFO tempest.lib.common.rest_client [req-c1e24439-5008-4daa-8757-f8ae3192754a req-c1e24439-5008-4daa-8757-f8ae3192754a ] Request (ServerActionsTestJSON:setUpClass): 200 GET http://10.180.1.21/compute/v2.1/servers/b7c01102-e77a-4c04-8fa4-aa43582d28bf 3.227s
2025-12-15 11:01:01.572 66478 INFO tempest.common.waiters [-] State transition "BUILD/spawning" ==> "ACTIVE/None" after 17 second wait
2025-12-15 11:01:01.633 66509 INFO tempest.lib.common.rest_client [req-0b5928cf-bbdc-4075-bcc3-21e4a2114de4 req-0b5928cf-bbdc-4075-bcc3-21e4a2114de4 ] Request (FloatingIPDetailsTestJSON:test_get_floating_ip_details): 200 POST http://10.180.1.21/compute/v2.1/os-floating-ips 3.396s
2025-12-15 11:01:01.650 66506 INFO tempest.lib.common.rest_client [req-e49e7d06-3a50-4c6f-be90-260d61c67a4d req-e49e7d06-3a50-4c6f-be90-260d61c67a4d ] Request (ServersTestMultiNic:setUpClass): 201 POST http://10.180.1.21/identity/v3/users 0.135s
2025-12-15 11:01:01.677 66484 INFO tempest.lib.common.rest_client [req-dd77ccef-04e8-40a6-8541-9da0f17e5218 req-dd77ccef-04e8-40a6-8541-9da0f17e5218 ] Request (FloatingIPDetailsNegativeTestJSON:tearDownClass): 204 DELETE http://10.180.1.21/identity/v3/projects/6f908650827c45c98f242fb047f5be2b 0.161s
2025-12-15 11:01:01.715 66484 INFO tempest.lib.common.rest_client [req-95c55a00-51f2-4a87-953a-e77291415df8 req-95c55a00-51f2-4a87-953a-e77291415df8 ] Request (ListServersNegativeTestJSON:setUpClass): 201 POST http://10.180.1.21/identity/v3/auth/tokens 0.034s
2025-12-15 11:01:01.719 66506 INFO tempest.lib.common.rest_client [req-1cf55595-4f5c-49ad-b429-c5f4e7ed4644 req-1cf55595-4f5c-49ad-b429-c5f4e7ed4644 ] Request (ServersTestMultiNic:setUpClass): 200 GET http://10.180.1.21/identity/v3/roles 0.068s
2025-12-15 11:01:01.750 66484 INFO tempest.lib.common.rest_client [req-133d1913-0a8f-4278-bccc-75289e83cf57 req-133d1913-0a8f-4278-bccc-75289e83cf57 ] Request (ListServersNegativeTestJSON:setUpClass): 201 POST http://10.180.1.21/identity/v3/auth/tokens 0.032s
2025-12-15 11:01:01.759 66506 INFO tempest.lib.common.rest_client [req-8112eb4b-593b-4725-8e0c-c8a886c481dc req-8112eb4b-593b-4725-8e0c-c8a886c481dc ] Request (ServersTestMultiNic:setUpClass): 204 PUT http://10.180.1.21/identity/v3/projects/f26005278e4e4a5ea2b500c5a9effbbd/users/3376486a792040f280fe01c89a48a0f0/roles/55cdd4d3c01741fc8fb93c67329a124a 0.039s
2025-12-15 11:01:01.759 66506 INFO tempest.lib.common.dynamic_creds [-] Dynamic test user 3376486a792040f280fe01c89a48a0f0 is created with scope project and roles: ['member']
2025-12-15 11:01:01.759 66506 INFO tempest.lib.common.dynamic_creds [-] Acquired dynamic creds: credentials: Credentials: {'domain_id': 'default', 'domain_name': 'Default', 'username': 'tempest-ServersTestMultiNic-330067101-project-member', 'project_domain_id': 'default', 'project_domain_name': 'Default', 'project_id': 'f26005278e4e4a5ea2b500c5a9effbbd', 'project_name': 'tempest-ServersTestMultiNic-330067101', 'tenant_id': 'f26005278e4e4a5ea2b500c5a9effbbd', 'tenant_name': 'tempest-ServersTestMultiNic-330067101', 'user_domain_id': 'default', 'user_domain_name': 'Default', 'user_id': '3376486a792040f280fe01c89a48a0f0', 'system': None}, Network: None, Subnet: None, Router: None
2025-12-15 11:01:01.836 66484 INFO tempest.lib.common.rest_client [req-dddee8ae-36e3-424e-ab9e-64d43d9de719 req-dddee8ae-36e3-424e-ab9e-64d43d9de719 ] Request (ListServersNegativeTestJSON:setUpClass): 200 GET http://10.180.1.21/identity/v3/domains?name=Default 0.085s
2025-12-15 11:01:01.837 66464 INFO tempest.lib.common.rest_client [req-a173ef95-e317-4aeb-8afb-fb2014bfdd74 req-a173ef95-e317-4aeb-8afb-fb2014bfdd74 ] Request (VolumesAssistedSnapshotsTest:test_volume_assisted_snapshot_create_delete): 200 GET http://10.180.1.21/compute/v2.1/servers/7c7e763a-0dc9-47e8-9016-6c3c2f108b15 3.307s
2025-12-15 11:01:01.846 66464 INFO tempest.common.waiters [-] State transition "BUILD/spawning" ==> "ACTIVE/None" after 24 second wait
2025-12-15 11:01:01.857 66506 INFO tempest.lib.common.rest_client [req-e718e26a-d5ab-46c4-9e05-4a8bcd48a223 req-e718e26a-d5ab-46c4-9e05-4a8bcd48a223 ] Request (ServersTestMultiNic:setUpClass): 201 POST http://10.180.1.21/identity/v3/auth/tokens 0.097s
2025-12-15 11:01:01.883 66484 INFO tempest.lib.common.rest_client [req-a2e944b0-63d2-4c96-929e-12282685c9c3 req-a2e944b0-63d2-4c96-929e-12282685c9c3 ] Request (ListServersNegativeTestJSON:setUpClass): 201 POST http://10.180.1.21/identity/v3/projects 0.046s
2025-12-15 11:01:01.959 66484 INFO tempest.lib.common.rest_client [req-7bb7ec39-365e-46eb-b0b7-80173d5d3c60 req-7bb7ec39-365e-46eb-b0b7-80173d5d3c60 ] Request (ListServersNegativeTestJSON:setUpClass): 201 POST http://10.180.1.21/identity/v3/users 0.075s
2025-12-15 11:01:01.983 66484 INFO tempest.lib.common.rest_client [req-5c750f3c-687d-4c5c-8ea0-bc29429978c1 req-5c750f3c-687d-4c5c-8ea0-bc29429978c1 ] Request (ListServersNegativeTestJSON:setUpClass): 200 GET http://10.180.1.21/identity/v3/roles 0.024s
2025-12-15 11:01:02.020 66484 INFO tempest.lib.common.rest_client [req-eb34e6a9-b5fa-4a83-a36b-8f4c29daa02f req-eb34e6a9-b5fa-4a83-a36b-8f4c29daa02f ] Request (ListServersNegativeTestJSON:setUpClass): 204 PUT http://10.180.1.21/identity/v3/projects/116bc087de164284b87934e96d2d5101/users/dcf5322c5d4f4649a9beac55e553f636/roles/55cdd4d3c01741fc8fb93c67329a124a 0.037s
2025-12-15 11:01:02.021 66484 INFO tempest.lib.common.dynamic_creds [-] Dynamic test user dcf5322c5d4f4649a9beac55e553f636 is created with scope project and roles: ['member']
2025-12-15 11:01:02.021 66484 INFO tempest.lib.common.dynamic_creds [-] Acquired dynamic creds: credentials: Credentials: {'domain_id': 'default', 'domain_name': 'Default', 'username': 'tempest-ListServersNegativeTestJSON-1635315332-project-member', 'project_domain_id': 'default', 'project_domain_name': 'Default', 'project_id': '116bc087de164284b87934e96d2d5101', 'project_name': 'tempest-ListServersNegativeTestJSON-1635315332', 'tenant_id': '116bc087de164284b87934e96d2d5101', 'tenant_name': 'tempest-ListServersNegativeTestJSON-1635315332', 'user_domain_id': 'default', 'user_domain_name': 'Default', 'user_id': 'dcf5322c5d4f4649a9beac55e553f636', 'system': None}, Network: None, Subnet: None, Router: None
2025-12-15 11:01:02.097 66484 INFO tempest.lib.common.rest_client [req-69c87121-8f4c-427f-a375-c7501aa0adb0 req-69c87121-8f4c-427f-a375-c7501aa0adb0 ] Request (ListServersNegativeTestJSON:setUpClass): 201 POST http://10.180.1.21/identity/v3/auth/tokens 0.075s
2025-12-15 11:01:02.158 66462 INFO tempest.lib.common.rest_client [req-5b0603b6-0b48-4696-9eb7-198e14bda2d6 req-5b0603b6-0b48-4696-9eb7-198e14bda2d6 ] Request (ServersAdminTestJSON:setUpClass): 200 GET http://10.180.1.21/compute/v2.1/servers/a868cd83-c595-4774-abda-0e8e34c6e37d 3.141s
2025-12-15 11:01:02.217 66506 INFO tempest.lib.common.rest_client [req-f6beb82a-36fc-49f7-8328-3a7417e580f5 req-f6beb82a-36fc-49f7-8328-3a7417e580f5 ] Request (ServersTestMultiNic:setUpClass): 201 POST http://10.180.1.21/networking/v2.0/networks 0.359s
2025-12-15 11:01:02.512 66484 INFO tempest.lib.common.rest_client [req-54079770-4886-4e7b-a2ef-f601a7a70482 req-54079770-4886-4e7b-a2ef-f601a7a70482 ] Request (ListServersNegativeTestJSON:setUpClass): 201 POST http://10.180.1.21/networking/v2.0/networks 0.415s
2025-12-15 11:01:02.770 66506 INFO tempest.lib.common.rest_client [req-7a537d42-f870-4fee-aeb2-87e0ba031130 req-7a537d42-f870-4fee-aeb2-87e0ba031130 ] Request (ServersTestMultiNic:setUpClass): 201 POST http://10.180.1.21/networking/v2.0/subnets 0.552s
2025-12-15 11:01:02.932 66484 INFO tempest.lib.common.rest_client [req-f561872e-48d4-4eaa-ad7f-e03440ea6750 req-f561872e-48d4-4eaa-ad7f-e03440ea6750 ] Request (ListServersNegativeTestJSON:setUpClass): 201 POST http://10.180.1.21/networking/v2.0/subnets 0.419s
2025-12-15 11:01:03.712 66506 INFO tempest.lib.common.rest_client [req-f22bb4f3-92ed-44e2-ad50-ffaab7739de6 req-f22bb4f3-92ed-44e2-ad50-ffaab7739de6 ] Request (ServersTestMultiNic:setUpClass): 201 POST http://10.180.1.21/networking/v2.0/routers 0.941s
2025-12-15 11:01:04.425 66484 INFO tempest.lib.common.rest_client [req-c4c666de-71f2-4f2f-80e5-f117c76a2320 req-c4c666de-71f2-4f2f-80e5-f117c76a2320 ] Request (ListServersNegativeTestJSON:setUpClass): 201 POST http://10.180.1.21/networking/v2.0/routers 1.493s
2025-12-15 11:01:05.177 66506 INFO tempest.lib.common.rest_client [req-76fdf9f9-1b1f-42bf-9089-61be4fc64f90 req-76fdf9f9-1b1f-42bf-9089-61be4fc64f90 ] Request (ServersTestMultiNic:setUpClass): 200 PUT http://10.180.1.21/networking/v2.0/routers/380ba68e-0020-4b27-be6b-873b1c6bd08b/add_router_interface 1.465s
2025-12-15 11:01:05.177 66506 INFO tempest.lib.common.dynamic_creds [-] Created isolated network resources for: credentials: Credentials: {'domain_id': 'default', 'domain_name': 'Default', 'username': 'tempest-ServersTestMultiNic-330067101-project-member', 'project_domain_id': 'default', 'project_domain_name': 'Default', 'project_id': 'f26005278e4e4a5ea2b500c5a9effbbd', 'project_name': 'tempest-ServersTestMultiNic-330067101', 'tenant_id': 'f26005278e4e4a5ea2b500c5a9effbbd', 'tenant_name': 'tempest-ServersTestMultiNic-330067101', 'user_domain_id': 'default', 'user_domain_name': 'Default', 'user_id': '3376486a792040f280fe01c89a48a0f0', 'system': None}, Network: {'id': '6b3b7f47-1004-4db7-83dd-62344c35399b', 'name': 'tempest-ServersTestMultiNic-1461712941-network', 'tenant_id': 'f26005278e4e4a5ea2b500c5a9effbbd', 'project_id': 'f26005278e4e4a5ea2b500c5a9effbbd', 'admin_state_up': True, 'mtu': 8950, 'status': 'ACTIVE', 'subnets': [], 'shared': False, 'port_security_enabled': True, 'router:external': False, 'provider:network_type': 'vlan', 'provider:physical_network': 'default', 'provider:segmentation_id': 582, 'availability_zone_hints': [], 'availability_zones': [], 'ipv4_address_scope': None, 'ipv6_address_scope': None, 'description': '', 'tags': [], 'created_at': '2025-12-15T11:01:02Z', 'updated_at': '2025-12-15T11:01:02Z', 'revision_number': 1}, Subnet: {'id': '8991dbc9-eb98-4c71-9a9c-a451e07e7c9f', 'name': 'tempest-ServersTestMultiNic-1461712941-subnet', 'tenant_id': 'f26005278e4e4a5ea2b500c5a9effbbd', 'network_id': '6b3b7f47-1004-4db7-83dd-62344c35399b', 'ip_version': 4, 'subnetpool_id': None, 'enable_dhcp': True, 'ipv6_ra_mode': None, 'ipv6_address_mode': None, 'gateway_ip': '192.168.128.1', 'cidr': '192.168.128.0/28', 'allocation_pools': [{'start': '192.168.128.2', 'end': '192.168.128.14'}], 'host_routes': [], 'dns_nameservers': [], 'description': '', 'router:external': False, 'service_types': [], 'tags': [], 'created_at': '2025-12-15T11:01:02Z', 'updated_at': '2025-12-15T11:01:02Z', 'revision_number': 0, 'project_id': 'f26005278e4e4a5ea2b500c5a9effbbd'}, Router: {'id': '380ba68e-0020-4b27-be6b-873b1c6bd08b', 'name': 'tempest-ServersTestMultiNic-1461712941-router', 'tenant_id': 'f26005278e4e4a5ea2b500c5a9effbbd', 'admin_state_up': True, 'status': 'ACTIVE', 'external_gateway_info': {'network_id': '8b463d50-dd50-4be6-8765-140bb5a8ba72', 'external_fixed_ips': [{'subnet_id': '99d0e800-0ff3-42bb-aaa3-a359a0a3daff', 'ip_address': '10.180.180.212'}], 'enable_snat': True}, 'description': '', 'availability_zones': [], 'distributed': False, 'ha': False, 'availability_zone_hints': [], 'routes': [], 'flavor_id': None, 'tags': [], 'created_at': '2025-12-15T11:01:03Z', 'updated_at': '2025-12-15T11:01:03Z', 'revision_number': 2, 'project_id': 'f26005278e4e4a5ea2b500c5a9effbbd'}
2025-12-15 11:01:05.279 66506 INFO tempest.lib.common.rest_client [req-357cd87a-6469-4935-b167-a07a702c55b0 req-357cd87a-6469-4935-b167-a07a702c55b0 ] Request (ServersTestMultiNic:setUpClass): 201 POST http://10.180.1.21/identity/v3/auth/tokens 0.098s
2025-12-15 11:01:05.581 66454 INFO tempest.lib.common.rest_client [req-a64d85d1-9591-48d2-a82f-7f4a0ffb47fc req-a64d85d1-9591-48d2-a82f-7f4a0ffb47fc ] Request (FloatingIPsTestJSON:_run_cleanups): 202 DELETE http://10.180.1.21/compute/v2.1/os-floating-ips/3fbcccf4-bfc1-4b1b-b2e7-c442133b069f 6.355s
2025-12-15 11:01:05.619 66488 INFO tempest.lib.common.rest_client [req-05f2f89a-6b89-4897-9177-21235d774b4d req-05f2f89a-6b89-4897-9177-21235d774b4d ] Request (FlavorsV2TestJSON:test_list_flavors_filter_by_min_ram): 200 GET http://10.180.1.21/compute/v2.1/flavors?minRam=193 6.340s
2025-12-15 11:01:05.891 66484 INFO tempest.lib.common.rest_client [req-68142a34-def0-4318-b398-fb9d816285ac req-68142a34-def0-4318-b398-fb9d816285ac ] Request (ListServersNegativeTestJSON:setUpClass): 200 PUT http://10.180.1.21/networking/v2.0/routers/94807675-2b47-4d11-8735-e913b84753cf/add_router_interface 1.465s
2025-12-15 11:01:05.891 66484 INFO tempest.lib.common.dynamic_creds [-] Created isolated network resources for: credentials: Credentials: {'domain_id': 'default', 'domain_name': 'Default', 'username': 'tempest-ListServersNegativeTestJSON-1635315332-project-member', 'project_domain_id': 'default', 'project_domain_name': 'Default', 'project_id': '116bc087de164284b87934e96d2d5101', 'project_name': 'tempest-ListServersNegativeTestJSON-1635315332', 'tenant_id': '116bc087de164284b87934e96d2d5101', 'tenant_name': 'tempest-ListServersNegativeTestJSON-1635315332', 'user_domain_id': 'default', 'user_domain_name': 'Default', 'user_id': 'dcf5322c5d4f4649a9beac55e553f636', 'system': None}, Network: {'id': 'be006c58-c777-46ac-9bf5-49753d6179ab', 'name': 'tempest-ListServersNegativeTestJSON-829832808-network', 'tenant_id': '116bc087de164284b87934e96d2d5101', 'project_id': '116bc087de164284b87934e96d2d5101', 'admin_state_up': True, 'mtu': 8950, 'status': 'ACTIVE', 'subnets': [], 'shared': False, 'port_security_enabled': True, 'router:external': False, 'provider:network_type': 'vlan', 'provider:physical_network': 'default', 'provider:segmentation_id': 638, 'availability_zone_hints': [], 'availability_zones': [], 'ipv4_address_scope': None, 'ipv6_address_scope': None, 'description': '', 'tags': [], 'created_at': '2025-12-15T11:01:02Z', 'updated_at': '2025-12-15T11:01:02Z', 'revision_number': 1}, Subnet: {'id': 'b35a3448-6b90-4e1e-aba2-b8803851a2fb', 'name': 'tempest-ListServersNegativeTestJSON-829832808-subnet', 'tenant_id': '116bc087de164284b87934e96d2d5101', 'network_id': 'be006c58-c777-46ac-9bf5-49753d6179ab', 'ip_version': 4, 'subnetpool_id': None, 'enable_dhcp': True, 'ipv6_ra_mode': None, 'ipv6_address_mode': None, 'gateway_ip': '192.168.128.1', 'cidr': '192.168.128.0/28', 'allocation_pools': [{'start': '192.168.128.2', 'end': '192.168.128.14'}], 'host_routes': [], 'dns_nameservers': [], 'description': '', 'router:external': False, 'service_types': [], 'tags': [], 'created_at': '2025-12-15T11:01:02Z', 'updated_at': '2025-12-15T11:01:02Z', 'revision_number': 0, 'project_id': '116bc087de164284b87934e96d2d5101'}, Router: {'id': '94807675-2b47-4d11-8735-e913b84753cf', 'name': 'tempest-ListServersNegativeTestJSON-829832808-router', 'tenant_id': '116bc087de164284b87934e96d2d5101', 'admin_state_up': True, 'status': 'ACTIVE', 'external_gateway_info': {'network_id': '8b463d50-dd50-4be6-8765-140bb5a8ba72', 'external_fixed_ips': [{'subnet_id': '99d0e800-0ff3-42bb-aaa3-a359a0a3daff', 'ip_address': '10.180.180.156'}], 'enable_snat': True}, 'description': '', 'availability_zones': [], 'distributed': False, 'ha': False, 'availability_zone_hints': [], 'routes': [], 'flavor_id': None, 'tags': [], 'created_at': '2025-12-15T11:01:03Z', 'updated_at': '2025-12-15T11:01:04Z', 'revision_number': 2, 'project_id': '116bc087de164284b87934e96d2d5101'}
2025-12-15 11:01:05.990 66484 INFO tempest.lib.common.rest_client [req-51880e68-ad3e-46cd-a94e-4af33bfbb8fb req-51880e68-ad3e-46cd-a94e-4af33bfbb8fb ] Request (ListServersNegativeTestJSON:setUpClass): 201 POST http://10.180.1.21/identity/v3/auth/tokens 0.095s
2025-12-15 11:01:06.044 66484 INFO tempest.lib.common.rest_client [req-37fe9396-f1ae-4bdd-a1ea-6d42d6c7b16d req-37fe9396-f1ae-4bdd-a1ea-6d42d6c7b16d ] Request (ListServersNegativeTestJSON:setUpClass): 201 POST http://10.180.1.21/identity/v3/auth/tokens 0.046s
2025-12-15 11:01:06.044 66484 INFO tempest.lib.common.fixed_network [-] (ListServersNegativeTestJSON:setUpClass) Found network {'id': 'be006c58-c777-46ac-9bf5-49753d6179ab', 'name': 'tempest-ListServersNegativeTestJSON-829832808-network', 'tenant_id': '116bc087de164284b87934e96d2d5101', 'project_id': '116bc087de164284b87934e96d2d5101', 'admin_state_up': True, 'mtu': 8950, 'status': 'ACTIVE', 'subnets': [], 'shared': False, 'port_security_enabled': True, 'router:external': False, 'provider:network_type': 'vlan', 'provider:physical_network': 'default', 'provider:segmentation_id': 638, 'availability_zone_hints': [], 'availability_zones': [], 'ipv4_address_scope': None, 'ipv6_address_scope': None, 'description': '', 'tags': [], 'created_at': '2025-12-15T11:01:02Z', 'updated_at': '2025-12-15T11:01:02Z', 'revision_number': 1} available for tenant
2025-12-15 11:01:06.048 66506 INFO tempest.lib.common.rest_client [req-c3e8abb5-8e19-40cf-9a4f-833141e55217 req-c3e8abb5-8e19-40cf-9a4f-833141e55217 ] Request (ServersTestMultiNic:test_verify_duplicate_network_nics): 201 POST http://10.180.1.21/networking/v2.0/networks 0.767s
2025-12-15 11:01:06.357 66506 INFO tempest.lib.common.rest_client [req-0909695e-a2d3-45c1-b4c3-a4bb591cd60d req-0909695e-a2d3-45c1-b4c3-a4bb591cd60d ] Request (ServersTestMultiNic:test_verify_duplicate_network_nics): 201 POST http://10.180.1.21/networking/v2.0/subnets 0.308s
2025-12-15 11:01:06.525 66506 INFO tempest.lib.common.rest_client [req-4e605dca-2f19-450b-940c-e3ecc5ed6123 req-4e605dca-2f19-450b-940c-e3ecc5ed6123 ] Request (ServersTestMultiNic:test_verify_duplicate_network_nics): 201 POST http://10.180.1.21/networking/v2.0/networks 0.168s
2025-12-15 11:01:06.670 66468 INFO tempest.lib.common.rest_client [req-6949ca5b-360f-4550-8088-527afed4f3bb req-6949ca5b-360f-4550-8088-527afed4f3bb ] Request (QuotasAdminNegativeTest:test_create_server_when_memory_quota_is_full): 403 POST http://10.180.1.21/compute/v2.1/servers 7.315s
2025-12-15 11:01:06.869 66506 INFO tempest.lib.common.rest_client [req-26b1b6a9-e1ce-48a1-9be4-34e928a19d46 req-26b1b6a9-e1ce-48a1-9be4-34e928a19d46 ] Request (ServersTestMultiNic:test_verify_duplicate_network_nics): 201 POST http://10.180.1.21/networking/v2.0/subnets 0.343s
2025-12-15 11:01:06.905 66506 INFO tempest.lib.common.rest_client [req-0764fff6-b9d1-44b5-a79e-7fee9a8ffd83 req-0764fff6-b9d1-44b5-a79e-7fee9a8ffd83 ] Request (ServersTestMultiNic:test_verify_duplicate_network_nics): 201 POST http://10.180.1.21/identity/v3/auth/tokens 0.033s
2025-12-15 11:01:06.905 66506 INFO tempest.lib.common.fixed_network [-] (ServersTestMultiNic:test_verify_duplicate_network_nics) Found network {'id': '6b3b7f47-1004-4db7-83dd-62344c35399b', 'name': 'tempest-ServersTestMultiNic-1461712941-network', 'tenant_id': 'f26005278e4e4a5ea2b500c5a9effbbd', 'project_id': 'f26005278e4e4a5ea2b500c5a9effbbd', 'admin_state_up': True, 'mtu': 8950, 'status': 'ACTIVE', 'subnets': [], 'shared': False, 'port_security_enabled': True, 'router:external': False, 'provider:network_type': 'vlan', 'provider:physical_network': 'default', 'provider:segmentation_id': 582, 'availability_zone_hints': [], 'availability_zones': [], 'ipv4_address_scope': None, 'ipv6_address_scope': None, 'description': '', 'tags': [], 'created_at': '2025-12-15T11:01:02Z', 'updated_at': '2025-12-15T11:01:02Z', 'revision_number': 1} available for tenant
2025-12-15 11:01:08.025 66472 INFO tempest.lib.common.rest_client [req-a318ab02-7286-4440-909f-bf1e398cb702 req-a318ab02-7286-4440-909f-bf1e398cb702 ] Request (AttachInterfacesUnderV243Test:test_add_remove_fixed_ip): 202 POST http://10.180.1.21/compute/v2.1/servers 8.257s
2025-12-15 11:01:08.051 66492 INFO tempest.lib.common.rest_client [req-3d887563-d673-4244-a60c-021b70b4e7d7 req-3d887563-d673-4244-a60c-021b70b4e7d7 ] Request (FlavorsExtraSpecsTestJSON:tearDownClass): 202 DELETE http://10.180.1.21/compute/v2.1/flavors/981859687 8.192s
2025-12-15 11:01:08.183 66495 INFO tempest.lib.common.rest_client [req-3675d372-cd8b-4b77-9fd4-9b467841c25b req-3675d372-cd8b-4b77-9fd4-9b467841c25b ] Request (FlavorsAccessNegativeTestJSON:test_flavor_non_admin_add): 403 POST http://10.180.1.21/compute/v2.1/flavors/1288252628/action 8.292s
2025-12-15 11:01:08.306 66512 INFO tempest.lib.common.rest_client [req-ec9eec17-0e65-4e93-84ab-dcb6fcc9a92a req-ec9eec17-0e65-4e93-84ab-dcb6fcc9a92a ] Request (TenantUsagesTestJSON:tearDownClass): 204 DELETE http://10.180.1.21/compute/v2.1/servers/f569bc59-bf50-4ec0-8282-0e28bdb931b0 8.410s
2025-12-15 11:01:08.329 66500 INFO tempest.lib.common.rest_client [req-9581f918-2d8e-4993-be25-2d5b02bbe636 req-9581f918-2d8e-4993-be25-2d5b02bbe636 ] Request (FlavorsAdminTestJSON:_run_cleanups): 200 GET http://10.180.1.21/compute/v2.1/flavors/detail 8.423s
2025-12-15 11:01:08.339 66452 INFO tempest.lib.common.rest_client [req-91a3199f-965b-4b49-b1b2-59c736fdac4e req-91a3199f-965b-4b49-b1b2-59c736fdac4e ] Request (AggregatesAdminNegativeTestJSON:test_aggregate_create_aggregate_name_length_exceeds_255): 400 POST http://10.180.1.21/compute/v2.1/os-aggregates 8.403s
2025-12-15 11:01:08.354 66466 INFO tempest.lib.common.rest_client [req-24fdbdc9-ccae-46fd-af9e-4685e4f46efd req-24fdbdc9-ccae-46fd-af9e-4685e4f46efd ] Request (HypervisorAdminUnderV252Test:test_search_hypervisor): 200 GET http://10.180.1.21/compute/v2.1/os-hypervisors/domain-c8.fc996f14-c53b-4953-92e3-bdfa48f5cc28/search 8.398s
2025-12-15 11:01:08.373 66474 INFO tempest.lib.common.rest_client [req-e5d62a4b-b913-453e-bf88-b58f834b5ec0 req-e5d62a4b-b913-453e-bf88-b58f834b5ec0 ] Request (KeyPairsV2TestJSON:_run_cleanups): 202 DELETE http://10.180.1.21/compute/v2.1/os-keypairs/tempest-keypair-1316553327 8.166s
2025-12-15 11:01:08.453 66466 INFO tempest.lib.common.rest_client [req-fbf967d7-d3b9-415e-9b14-f9a0e64321aa req-fbf967d7-d3b9-415e-9b14-f9a0e64321aa ] Request (HypervisorAdminUnderV252Test:tearDownClass): 204 DELETE http://10.180.1.21/identity/v3/users/bb901d665fab4767849079290766c626 0.097s
2025-12-15 11:01:08.526 66460 INFO tempest.lib.common.rest_client [req-ced1d835-ab42-40a4-99f1-5012dc054ae3 req-ced1d835-ab42-40a4-99f1-5012dc054ae3 ] Request (QuotasAdminTestJSON:test_get_updated_quotas): 200 GET http://10.180.1.21/compute/v2.1/os-quota-sets/e0edf04a845d4c7cba9e5fdf05997cb7?user_id=cb425d920933461c8de7b45ded189cf3 8.311s
2025-12-15 11:01:08.574 66466 INFO tempest.lib.common.rest_client [req-76624bad-f79f-4922-8548-9df23a75190d req-76624bad-f79f-4922-8548-9df23a75190d ] Request (HypervisorAdminUnderV252Test:tearDownClass): 204 DELETE http://10.180.1.21/identity/v3/users/e0d915fbd8924e938b1c013f53219aac 0.121s
2025-12-15 11:01:08.575 66466 INFO tempest.lib.common.dynamic_creds [-] Deleting project and security group for project: 6dbfa945d7554ae3a1610d7982f48d47
2025-12-15 11:01:08.641 66466 INFO tempest.lib.common.rest_client [req-d060a8aa-8d92-4759-8ab8-2e058b047f21 req-d060a8aa-8d92-4759-8ab8-2e058b047f21 ] Request (HypervisorAdminUnderV252Test:tearDownClass): 201 POST http://10.180.1.21/identity/v3/auth/tokens 0.066s
2025-12-15 11:01:08.665 66460 INFO tempest.lib.common.rest_client [req-d1f1aace-5b71-4106-96bd-97ec93ba56b6 req-d1f1aace-5b71-4106-96bd-97ec93ba56b6 ] Request (QuotasAdminTestJSON:_run_cleanups): 204 DELETE http://10.180.1.21/identity/v3/users/cb425d920933461c8de7b45ded189cf3 0.136s
2025-12-15 11:01:08.816 66460 INFO tempest.lib.common.rest_client [req-0c6ec230-59ec-4ed0-9243-0d21b6464e3a req-0c6ec230-59ec-4ed0-9243-0d21b6464e3a ] Request (QuotasAdminTestJSON:_run_cleanups): 204 DELETE http://10.180.1.21/identity/v3/projects/e0edf04a845d4c7cba9e5fdf05997cb7 0.150s
2025-12-15 11:01:08.975 66466 INFO tempest.lib.common.rest_client [req-7675c14c-2eda-46a0-b5ca-41ec350cbbce req-7675c14c-2eda-46a0-b5ca-41ec350cbbce ] Request (HypervisorAdminUnderV252Test:tearDownClass): 200 GET http://10.180.1.21/networking/v2.0/security-groups?tenant_id=6dbfa945d7554ae3a1610d7982f48d47&name=default 0.334s
2025-12-15 11:01:09.078 66486 INFO tempest.lib.common.rest_client [req-23758379-4548-4edd-a291-f1f16b26e474 req-23758379-4548-4edd-a291-f1f16b26e474 ] Request (DeleteServersAdminTestJSON:test_delete_server_while_in_error_state): 202 POST http://10.180.1.21/compute/v2.1/servers 8.829s
2025-12-15 11:01:09.116 66466 INFO tempest.lib.common.rest_client [req-9117894c-f01f-4462-989f-29670623d2b2 req-9117894c-f01f-4462-989f-29670623d2b2 ] Request (HypervisorAdminUnderV252Test:tearDownClass): 204 DELETE http://10.180.1.21/networking/v2.0/security-groups/f5e5cfff-8192-485b-9c88-fa13af32f166 0.141s
2025-12-15 11:01:09.187 66466 INFO tempest.lib.common.rest_client [req-320290d4-46be-4f86-bad6-c6b6dd027149 req-320290d4-46be-4f86-bad6-c6b6dd027149 ] Request (HypervisorAdminUnderV252Test:tearDownClass): 204 DELETE http://10.180.1.21/identity/v3/projects/6dbfa945d7554ae3a1610d7982f48d47 0.070s
2025-12-15 11:01:09.187 66466 INFO tempest.lib.common.dynamic_creds [-] Deleting project and security group for project: 1134616f31774d5983ea4bf3517d952f
2025-12-15 11:01:09.414 66466 INFO tempest.lib.common.rest_client [req-69e27ff2-dd7a-4124-9d14-0da2be74f9da req-69e27ff2-dd7a-4124-9d14-0da2be74f9da ] Request (HypervisorAdminUnderV252Test:tearDownClass): 200 GET http://10.180.1.21/networking/v2.0/security-groups?tenant_id=1134616f31774d5983ea4bf3517d952f&name=default 0.226s
2025-12-15 11:01:09.473 66476 INFO tempest.lib.common.rest_client [req-2090e47d-770d-4ed4-9a8d-3c61766cfde5 req-2090e47d-770d-4ed4-9a8d-3c61766cfde5 ] Request (ServersTestJSON:setUpClass): 200 GET http://10.180.1.21/compute/v2.1/servers/a0467820-e44e-450c-9a50-63f80e659130 8.709s
2025-12-15 11:01:09.481 66476 INFO tempest.common.waiters [-] State transition "BUILD/None" ==> "BUILD/spawning" after 10 second wait
2025-12-15 11:01:09.554 66466 INFO tempest.lib.common.rest_client [req-f1223b36-e218-4a18-96c5-c2df04fead29 req-f1223b36-e218-4a18-96c5-c2df04fead29 ] Request (HypervisorAdminUnderV252Test:tearDownClass): 204 DELETE http://10.180.1.21/networking/v2.0/security-groups/562ed60c-565f-422b-8055-10c454f7192c 0.140s
2025-12-15 11:01:09.688 66466 INFO tempest.lib.common.rest_client [req-a1f5544f-338a-45e5-959e-915cf768b1c0 req-a1f5544f-338a-45e5-959e-915cf768b1c0 ] Request (HypervisorAdminUnderV252Test:tearDownClass): 204 DELETE http://10.180.1.21/identity/v3/projects/1134616f31774d5983ea4bf3517d952f 0.133s
2025-12-15 11:01:09.725 66456 INFO tempest.lib.common.rest_client [req-9a25215f-9356-4cff-92b7-fb56525adfa5 req-9a25215f-9356-4cff-92b7-fb56525adfa5 ] Request (FloatingIPsAssociationTestJSON:test_associate_already_associated_floating_ip): 200 GET http://10.180.1.21/compute/v2.1/servers/d4d6a674-4672-416e-b92f-713c8d76653a 8.930s
2025-12-15 11:01:09.735 66456 INFO tempest.common.waiters [-] State transition "BUILD/None" ==> "BUILD/spawning" after 10 second wait
2025-12-15 11:01:09.773 66466 INFO tempest.lib.common.rest_client [req-d1dcea2a-9991-4903-bf8b-ab9ab50598b6 req-d1dcea2a-9991-4903-bf8b-ab9ab50598b6 ] Request (ServersAdminNegativeTestJSON:setUpClass): 201 POST http://10.180.1.21/identity/v3/auth/tokens 0.083s
2025-12-15 11:01:09.812 66498 INFO tempest.lib.common.rest_client [req-71c1dcc3-cee6-41e0-ac6f-9cfc490f988c req-71c1dcc3-cee6-41e0-ac6f-9cfc490f988c ] Request (SecurityGroupsTestAdminJSON:test_list_security_groups_list_all_tenants_filter): 200 GET http://10.180.1.21/compute/v2.1/os-security-groups?all_tenants=true 11.330s
2025-12-15 11:01:09.826 66466 INFO tempest.lib.common.rest_client [req-169d1f61-a1e7-4080-a151-5574bab2bd72 req-169d1f61-a1e7-4080-a151-5574bab2bd72 ] Request (ServersAdminNegativeTestJSON:setUpClass): 201 POST http://10.180.1.21/identity/v3/auth/tokens 0.050s
2025-12-15 11:01:09.860 66466 INFO tempest.lib.common.rest_client [req-fde88463-5579-4908-866f-4bae8acd06a8 req-fde88463-5579-4908-866f-4bae8acd06a8 ] Request (ServersAdminNegativeTestJSON:setUpClass): 200 GET http://10.180.1.21/identity/v3/domains?name=Default 0.034s
2025-12-15 11:01:09.890 66466 INFO tempest.lib.common.rest_client [req-bc8b89ec-fcb0-475f-a6b5-9d9583e03cd9 req-bc8b89ec-fcb0-475f-a6b5-9d9583e03cd9 ] Request (ServersAdminNegativeTestJSON:setUpClass): 201 POST http://10.180.1.21/identity/v3/projects 0.030s
2025-12-15 11:01:09.892 66490 INFO tempest.lib.common.rest_client [req-d42742e5-77ac-4fc4-b81c-ec45b0e2b746 req-d42742e5-77ac-4fc4-b81c-ec45b0e2b746 ] Request (ServersWithSpecificFlavorTestJSON:test_verify_created_server_ephemeral_disk): 200 GET http://10.180.1.21/compute/v2.1/servers/e99af368-a67a-453e-9440-0c20e65c7ac4 9.040s
2025-12-15 11:01:09.900 66490 INFO tempest.common.waiters [-] State transition "BUILD/None" ==> "BUILD/block_device_mapping" after 10 second wait
2025-12-15 11:01:09.913 66515 INFO tempest.lib.common.rest_client [req-91a5ef58-36a5-4356-943c-93881143c880 req-91a5ef58-36a5-4356-943c-93881143c880 ] Request (ServersAdmin275Test:test_rebuild_update_server_275): 200 GET http://10.180.1.21/compute/v2.1/servers/1c446f17-417b-4917-b40b-f14463dcff6b 8.926s
2025-12-15 11:01:09.925 66515 INFO tempest.common.waiters [-] State transition "REBUILD/rebuild_spawning" ==> "ACTIVE/None" after 14 second wait
2025-12-15 11:01:09.969 66466 INFO tempest.lib.common.rest_client [req-ee00e13a-3423-40cb-932f-4b20863af0e1 req-ee00e13a-3423-40cb-932f-4b20863af0e1 ] Request (ServersAdminNegativeTestJSON:setUpClass): 201 POST http://10.180.1.21/identity/v3/users 0.078s
2025-12-15 11:01:09.994 66466 INFO tempest.lib.common.rest_client [req-292ab43e-0701-4dca-a00e-cb2508ee19f6 req-292ab43e-0701-4dca-a00e-cb2508ee19f6 ] Request (ServersAdminNegativeTestJSON:setUpClass): 200 GET http://10.180.1.21/identity/v3/roles 0.024s
2025-12-15 11:01:10.024 66466 INFO tempest.lib.common.rest_client [req-a78d46cf-fdca-4cf2-987a-6ed5502684c4 req-a78d46cf-fdca-4cf2-987a-6ed5502684c4 ] Request (ServersAdminNegativeTestJSON:setUpClass): 204 PUT http://10.180.1.21/identity/v3/projects/257d5f634cdb49f5bc7ca55fc63d2797/users/38684ad1626843f894083a5f06b3536d/roles/55cdd4d3c01741fc8fb93c67329a124a 0.029s
2025-12-15 11:01:10.024 66466 INFO tempest.lib.common.dynamic_creds [-] Dynamic test user 38684ad1626843f894083a5f06b3536d is created with scope project and roles: ['member']
2025-12-15 11:01:10.024 66466 INFO tempest.lib.common.dynamic_creds [-] Acquired dynamic creds: credentials: Credentials: {'domain_id': 'default', 'domain_name': 'Default', 'username': 'tempest-ServersAdminNegativeTestJSON-697433703-project-member', 'project_domain_id': 'default', 'project_domain_name': 'Default', 'project_id': '257d5f634cdb49f5bc7ca55fc63d2797', 'project_name': 'tempest-ServersAdminNegativeTestJSON-697433703', 'tenant_id': '257d5f634cdb49f5bc7ca55fc63d2797', 'tenant_name': 'tempest-ServersAdminNegativeTestJSON-697433703', 'user_domain_id': 'default', 'user_domain_name': 'Default', 'user_id': '38684ad1626843f894083a5f06b3536d', 'system': None}, Network: None, Subnet: None, Router: None
2025-12-15 11:01:10.024 66466 INFO tempest.lib.common.dynamic_creds [-] Created isolated network resources for: credentials: Credentials: {'domain_id': 'default', 'domain_name': 'Default', 'username': 'tempest-ServersAdminNegativeTestJSON-697433703-project-member', 'project_domain_id': 'default', 'project_domain_name': 'Default', 'project_id': '257d5f634cdb49f5bc7ca55fc63d2797', 'project_name': 'tempest-ServersAdminNegativeTestJSON-697433703', 'tenant_id': '257d5f634cdb49f5bc7ca55fc63d2797', 'tenant_name': 'tempest-ServersAdminNegativeTestJSON-697433703', 'user_domain_id': 'default', 'user_domain_name': 'Default', 'user_id': '38684ad1626843f894083a5f06b3536d', 'system': None}, Network: None, Subnet: None, Router: None
2025-12-15 11:01:10.054 66458 INFO tempest.lib.common.rest_client [req-5c220609-4ce9-451c-93f0-5c5ff91449bf req-5c220609-4ce9-451c-93f0-5c5ff91449bf ] Request (ServerExternalEventsTest:test_create_server_external_events): 200 POST http://10.180.1.21/compute/v2.1/os-server-external-events 8.755s
2025-12-15 11:01:10.066 66511 INFO tempest.lib.common.rest_client [req-b2fc617f-145d-481b-8cbb-f9bf79c1320b req-b2fc617f-145d-481b-8cbb-f9bf79c1320b ] Request (AttachInterfacesV270Test:test_create_get_list_interfaces): 200 GET http://10.180.1.21/compute/v2.1/servers/7af4706b-2954-4285-b2a7-8746215f15bb 8.916s
2025-12-15 11:01:10.077 66511 INFO tempest.common.waiters [-] State transition "BUILD/spawning" ==> "ACTIVE/None" after 22 second wait
2025-12-15 11:01:10.109 66466 INFO tempest.lib.common.rest_client [req-cbebd808-f70d-4871-a656-5e8d21f31724 req-cbebd808-f70d-4871-a656-5e8d21f31724 ] Request (ServersAdminNegativeTestJSON:setUpClass): 201 POST http://10.180.1.21/identity/v3/auth/tokens 0.081s
2025-12-15 11:01:10.176 66478 INFO tempest.lib.common.rest_client [req-e53b3ca1-c823-402c-ab32-3887a0573af0 req-e53b3ca1-c823-402c-ab32-3887a0573af0 ] Request (ServerActionsTestJSON:setUpClass): 200 GET http://10.180.1.21/compute/v2.1/servers/b7c01102-e77a-4c04-8fa4-aa43582d28bf/os-interface 8.603s
2025-12-15 11:01:10.177 66466 INFO tempest.lib.common.rest_client [req-657d8971-d3c2-4845-b49a-d6458c6e67ed req-657d8971-d3c2-4845-b49a-d6458c6e67ed ] Request (ServersAdminNegativeTestJSON:setUpClass): 201 POST http://10.180.1.21/identity/v3/projects 0.067s
2025-12-15 11:01:10.197 66496 INFO tempest.lib.common.rest_client [req-ea615970-19a6-4068-846e-80a7ff3736f2 req-ea615970-19a6-4068-846e-80a7ff3736f2 ] Request (ServerShowV257Test:test_rebuild_server): 200 GET http://10.180.1.21/compute/v2.1/servers/6fd31771-6d07-46f9-a0c4-ff5c33b7a5ec 8.679s
2025-12-15 11:01:10.205 66496 INFO tempest.common.waiters [-] State transition "REBUILD/rebuild_spawning" ==> "ACTIVE/None" after 13 second wait
2025-12-15 11:01:10.279 66466 INFO tempest.lib.common.rest_client [req-3080c766-c577-4898-8440-978f134ab768 req-3080c766-c577-4898-8440-978f134ab768 ] Request (ServersAdminNegativeTestJSON:setUpClass): 201 POST http://10.180.1.21/identity/v3/users 0.102s
2025-12-15 11:01:10.309 66466 INFO tempest.lib.common.rest_client [req-4dcf3369-c22d-455c-967c-af3946da9e06 req-4dcf3369-c22d-455c-967c-af3946da9e06 ] Request (ServersAdminNegativeTestJSON:setUpClass): 200 GET http://10.180.1.21/identity/v3/roles 0.029s
2025-12-15 11:01:10.346 66466 INFO tempest.lib.common.rest_client [req-4f01bed2-ee9d-4191-afeb-4df99ab01c52 req-4f01bed2-ee9d-4191-afeb-4df99ab01c52 ] Request (ServersAdminNegativeTestJSON:setUpClass): 204 PUT http://10.180.1.21/identity/v3/projects/1db788c94fbd4ab98fc7666b5e44452a/users/29e32abbec4744cbbd1483efeae96b21/roles/da93e41123bb46389c05e40f996005d7 0.037s
2025-12-15 11:01:10.412 66466 INFO tempest.lib.common.rest_client [req-4c09241e-0284-4115-aafe-d73d59205e7e req-4c09241e-0284-4115-aafe-d73d59205e7e ] Request (ServersAdminNegativeTestJSON:setUpClass): 200 GET http://10.180.1.21/identity/v3/roles 0.065s
2025-12-15 11:01:10.435 66466 INFO tempest.lib.common.rest_client [req-067f5805-c482-41e7-a50a-b8c8c77e41df req-067f5805-c482-41e7-a50a-b8c8c77e41df ] Request (ServersAdminNegativeTestJSON:setUpClass): 204 PUT http://10.180.1.21/identity/v3/projects/1db788c94fbd4ab98fc7666b5e44452a/users/29e32abbec4744cbbd1483efeae96b21/roles/da93e41123bb46389c05e40f996005d7 0.022s
2025-12-15 11:01:10.435 66466 INFO tempest.lib.common.dynamic_creds [-] Dynamic test user 29e32abbec4744cbbd1483efeae96b21 is created with scope project and roles: ['admin']
2025-12-15 11:01:10.435 66466 INFO tempest.lib.common.dynamic_creds [-] Acquired dynamic creds: credentials: Credentials: {'domain_id': 'default', 'domain_name': 'Default', 'username': 'tempest-ServersAdminNegativeTestJSON-1661067541-project-admin', 'project_domain_id': 'default', 'project_domain_name': 'Default', 'project_id': '1db788c94fbd4ab98fc7666b5e44452a', 'project_name': 'tempest-ServersAdminNegativeTestJSON-1661067541', 'tenant_id': '1db788c94fbd4ab98fc7666b5e44452a', 'tenant_name': 'tempest-ServersAdminNegativeTestJSON-1661067541', 'user_domain_id': 'default', 'user_domain_name': 'Default', 'user_id': '29e32abbec4744cbbd1483efeae96b21', 'system': None}, Network: None, Subnet: None, Router: None
2025-12-15 11:01:10.435 66466 INFO tempest.lib.common.dynamic_creds [-] Created isolated network resources for: credentials: Credentials: {'domain_id': 'default', 'domain_name': 'Default', 'username': 'tempest-ServersAdminNegativeTestJSON-1661067541-project-admin', 'project_domain_id': 'default', 'project_domain_name': 'Default', 'project_id': '1db788c94fbd4ab98fc7666b5e44452a', 'project_name': 'tempest-ServersAdminNegativeTestJSON-1661067541', 'tenant_id': '1db788c94fbd4ab98fc7666b5e44452a', 'tenant_name': 'tempest-ServersAdminNegativeTestJSON-1661067541', 'user_domain_id': 'default', 'user_domain_name': 'Default', 'user_id': '29e32abbec4744cbbd1483efeae96b21', 'system': None}, Network: None, Subnet: None, Router: None
2025-12-15 11:01:10.540 66466 INFO tempest.lib.common.rest_client [req-73df2def-0d78-41a7-998a-fcf2e95cbfd3 req-73df2def-0d78-41a7-998a-fcf2e95cbfd3 ] Request (ServersAdminNegativeTestJSON:setUpClass): 201 POST http://10.180.1.21/identity/v3/auth/tokens 0.102s
2025-12-15 11:01:10.630 66466 INFO tempest.lib.common.rest_client [req-68d71c5b-ae12-47ca-a27c-3beea5e68a9c req-68d71c5b-ae12-47ca-a27c-3beea5e68a9c ] Request (ServersAdminNegativeTestJSON:setUpClass): 201 POST http://10.180.1.21/identity/v3/auth/tokens 0.084s
2025-12-15 11:01:10.630 66466 INFO tempest.lib.common.fixed_network [-] (ServersAdminNegativeTestJSON:setUpClass) Found network None available for tenant
2025-12-15 11:01:10.965 66478 INFO tempest.lib.common.rest_client [req-58927d5b-8634-43f3-b4d2-9244be1cae13 req-58927d5b-8634-43f3-b4d2-9244be1cae13 ] Request (ServerActionsTestJSON:setUpClass): 200 PUT http://10.180.1.21/networking/v2.0/floatingips/43990818-705c-49da-a3ba-14756033982c 0.787s
2025-12-15 11:01:10.967 66478 INFO tempest.lib.common.ssh [-] Creating ssh connection to '10.180.180.133:22' as 'cirros' with public key authentication
2025-12-15 11:01:11.210 66509 INFO tempest.lib.common.rest_client [req-0b82e098-82d5-4b91-8e40-af901c13ab2f req-0b82e098-82d5-4b91-8e40-af901c13ab2f ] Request (FloatingIPDetailsTestJSON:test_get_floating_ip_details): 200 GET http://10.180.1.21/compute/v2.1/os-floating-ips/18028d75-ae31-49e2-bb92-365b75a008be 9.574s
2025-12-15 11:01:11.212 66504 INFO tempest.lib.common.rest_client [req-1aa0151d-c19e-4828-9c4e-037d6162c4ba req-1aa0151d-c19e-4828-9c4e-037d6162c4ba ] Request (VolumesAdminNegativeTest:test_update_attached_volume_with_nonexistent_volume_in_uri): 200 GET http://10.180.1.21/compute/v2.1/servers/6addd440-371c-4066-9a80-66df8140f727 9.519s
2025-12-15 11:01:11.224 66504 INFO tempest.common.waiters [-] State transition "BUILD/spawning" ==> "ACTIVE/None" after 21 second wait
2025-12-15 11:01:11.316 66464 INFO tempest.lib.common.rest_client [req-55d47e1f-6fd6-4b3a-8f7f-545e2835f5a3 req-55d47e1f-6fd6-4b3a-8f7f-545e2835f5a3 ] Request (VolumesAssistedSnapshotsTest:test_volume_assisted_snapshot_create_delete): 200 GET http://10.180.1.21/compute/v2.1/servers/7c7e763a-0dc9-47e8-9016-6c3c2f108b15/os-interface 9.470s
2025-12-15 11:01:11.566 66462 INFO tempest.lib.common.rest_client [req-e9053e0f-7a6f-49a7-a801-96aadce6406a req-e9053e0f-7a6f-49a7-a801-96aadce6406a ] Request (ServersAdminTestJSON:setUpClass): 200 GET http://10.180.1.21/compute/v2.1/servers/a868cd83-c595-4774-abda-0e8e34c6e37d 8.398s
2025-12-15 11:01:11.577 66462 INFO tempest.common.waiters [-] State transition "BUILD/None" ==> "BUILD/networking" after 9 second wait
2025-12-15 11:01:11.656 66482 INFO tempest.lib.common.rest_client [req-02af706d-193e-499c-8132-f82e03ee9560 req-02af706d-193e-499c-8132-f82e03ee9560 ] Request (SecurityGroupsTestJSON:test_list_security_groups_by_server): 200 GET http://10.180.1.21/compute/v2.1/servers/54e44d5b-be8b-43ac-9bc0-0111fb86cdb2 9.844s
2025-12-15 11:01:11.663 66482 INFO tempest.common.waiters [-] State transition "BUILD/spawning" ==> "ACTIVE/None" after 14 second wait
2025-12-15 11:01:11.675 66488 INFO tempest.lib.common.rest_client [req-da8feddd-1994-4302-ab84-327ed99f2a03 req-da8feddd-1994-4302-ab84-327ed99f2a03 ] Request (FlavorsV2TestJSON:test_list_flavors_limit_results): 200 GET http://10.180.1.21/compute/v2.1/flavors?limit=1 6.052s
2025-12-15 11:01:11.687 66504 INFO tempest.lib.common.rest_client [req-8dd68c62-7ff8-46d9-bb0a-3bb1de341fd0 req-8dd68c62-7ff8-46d9-bb0a-3bb1de341fd0 ] Request (VolumesAdminNegativeTest:test_update_attached_volume_with_nonexistent_volume_in_uri): 202 POST http://10.180.1.21/volume/v3/volumes 0.462s
2025-12-15 11:01:11.763 66504 INFO tempest.lib.common.rest_client [req-7f714789-2d08-4fe3-9b6d-6e7fe8ca5822 req-7f714789-2d08-4fe3-9b6d-6e7fe8ca5822 ] Request (VolumesAdminNegativeTest:test_update_attached_volume_with_nonexistent_volume_in_uri): 200 GET http://10.180.1.21/volume/v3/volumes/95d88d66-6fb9-4c2e-8215-5d5ab6a45b7d 0.065s
2025-12-15 11:01:12.109 66464 INFO tempest.lib.common.rest_client [req-af2fa8f4-8241-4423-baa8-c33cecff1185 req-af2fa8f4-8241-4423-baa8-c33cecff1185 ] Request (VolumesAssistedSnapshotsTest:test_volume_assisted_snapshot_create_delete): 200 PUT http://10.180.1.21/networking/v2.0/floatingips/366f5d32-f318-45f9-be31-b43b233f9136 0.791s
2025-12-15 11:01:12.111 66464 INFO tempest.lib.common.ssh [-] Creating ssh connection to '10.180.180.198:22' as 'cirros' with public key authentication
2025-12-15 11:01:12.809 66504 INFO tempest.lib.common.rest_client [req-52cac80a-892e-4649-8157-29ba9b2eb0aa req-52cac80a-892e-4649-8157-29ba9b2eb0aa ] Request (VolumesAdminNegativeTest:test_update_attached_volume_with_nonexistent_volume_in_uri): 200 GET http://10.180.1.21/volume/v3/volumes/95d88d66-6fb9-4c2e-8215-5d5ab6a45b7d 0.037s
2025-12-15 11:01:12.822 66504 INFO tempest.common.waiters [-] volume 95d88d66-6fb9-4c2e-8215-5d5ab6a45b7d reached available after waiting for 1.822512 seconds
2025-12-15 11:01:12.885 66454 INFO tempest.lib.common.rest_client [req-14cd151f-5f79-41fa-a817-85f4c2aac65c req-14cd151f-5f79-41fa-a817-85f4c2aac65c ] Request (FloatingIPsTestJSON:test_delete_floating_ip): 200 POST http://10.180.1.21/compute/v2.1/os-floating-ips 7.302s
2025-12-15 11:01:13.042 66468 INFO tempest.lib.common.rest_client [req-4cf86af5-ceb0-4237-bd99-4dc0feb4a9cd req-4cf86af5-ceb0-4237-bd99-4dc0feb4a9cd ] Request (QuotasAdminNegativeTest:_run_cleanups): 200 PUT http://10.180.1.21/compute/v2.1/os-quota-sets/1ae779cbf08b40e4908dd62538c8f46d 6.371s
2025-12-15 11:01:13.159 66484 INFO tempest.lib.common.rest_client [req-508baf40-1a60-46dd-837c-62bea8fa9fae req-508baf40-1a60-46dd-837c-62bea8fa9fae ] Request (ListServersNegativeTestJSON:setUpClass): 202 POST http://10.180.1.21/compute/v2.1/servers 7.114s
2025-12-15 11:01:13.444 66478 WARNING tempest.lib.common.ssh [-] Failed to establish authenticated ssh connection to cirros@10.180.180.133 ([Errno None] Unable to connect to port 22 on 10.180.180.133). Number attempts: 1. Retry after 2 seconds.: paramiko.ssh_exception.NoValidConnectionsError: [Errno None] Unable to connect to port 22 on 10.180.180.133
2025-12-15 11:01:13.523 66472 INFO tempest.lib.common.rest_client [req-e67f59cb-9748-4caa-a254-b678c3478a53 req-e67f59cb-9748-4caa-a254-b678c3478a53 ] Request (AttachInterfacesUnderV243Test:test_add_remove_fixed_ip): 200 GET http://10.180.1.21/compute/v2.1/servers/08d102c9-7706-4d9c-9765-3b502b88a453 5.496s
2025-12-15 11:01:13.552 66492 INFO tempest.lib.common.rest_client [req-fcceac43-38a5-4a4b-bf59-de40ac417a73 req-fcceac43-38a5-4a4b-bf59-de40ac417a73 ] Request (FlavorsExtraSpecsTestJSON:tearDownClass): 200 GET http://10.180.1.21/compute/v2.1/flavors/detail 5.500s
2025-12-15 11:01:13.575 66495 INFO tempest.lib.common.rest_client [req-f81674bc-d2a0-42a8-885c-d36f52d68b75 req-f81674bc-d2a0-42a8-885c-d36f52d68b75 ] Request (FlavorsAccessNegativeTestJSON:_run_cleanups): 202 DELETE http://10.180.1.21/compute/v2.1/flavors/1288252628 5.391s
2025-12-15 11:01:13.670 66512 INFO tempest.lib.common.rest_client [req-1259dbac-6053-4204-9009-906d1622db6b req-1259dbac-6053-4204-9009-906d1622db6b ] Request (TenantUsagesTestJSON:tearDownClass): 200 GET http://10.180.1.21/compute/v2.1/servers/f569bc59-bf50-4ec0-8282-0e28bdb931b0 5.364s
2025-12-15 11:01:13.676 66452 INFO tempest.lib.common.rest_client [req-6ad73128-6f87-4fda-b5d2-731028558399 req-6ad73128-6f87-4fda-b5d2-731028558399 ] Request (AggregatesAdminNegativeTestJSON:test_aggregate_create_aggregate_name_length_less_than_1): 400 POST http://10.180.1.21/compute/v2.1/os-aggregates 5.335s
2025-12-15 11:01:13.689 66492 INFO tempest.lib.common.rest_client [req-208d55f8-caa7-460c-a709-aeda6208021f req-208d55f8-caa7-460c-a709-aeda6208021f ] Request (FlavorsExtraSpecsTestJSON:tearDownClass): 204 DELETE http://10.180.1.21/identity/v3/users/ba5f0fd2044c4049abee67c3811b1478 0.132s
2025-12-15 11:01:13.694 66500 INFO tempest.lib.common.rest_client [req-09c255a8-f7fb-4412-9bbd-ea874d3f0513 req-09c255a8-f7fb-4412-9bbd-ea874d3f0513 ] Request (FlavorsAdminTestJSON:test_create_flavor_with_uuid_id): 200 POST http://10.180.1.21/compute/v2.1/flavors 5.352s
2025-12-15 11:01:13.732 66474 INFO tempest.lib.common.rest_client [req-3f69de6b-91ff-4092-bbff-8b8476f9d984 req-3f69de6b-91ff-4092-bbff-8b8476f9d984 ] Request (KeyPairsV2TestJSON:test_keypairs_create_list_delete): 200 POST http://10.180.1.21/compute/v2.1/os-keypairs 5.357s
2025-12-15 11:01:13.810 66492 INFO tempest.lib.common.rest_client [req-c843e425-efa7-42d9-a52a-1a07b0981e3b req-c843e425-efa7-42d9-a52a-1a07b0981e3b ] Request (FlavorsExtraSpecsTestJSON:tearDownClass): 204 DELETE http://10.180.1.21/identity/v3/users/609dbd0c88ad44dfb33b6a96ffae55a1 0.120s
2025-12-15 11:01:13.810 66492 INFO tempest.lib.common.dynamic_creds [-] Deleting project and security group for project: 1710896ea9144b3c813fd1d6d06ec54c
2025-12-15 11:01:13.871 66492 INFO tempest.lib.common.rest_client [req-6d8f5764-3084-4320-92ea-19e91e421bba req-6d8f5764-3084-4320-92ea-19e91e421bba ] Request (FlavorsExtraSpecsTestJSON:tearDownClass): 201 POST http://10.180.1.21/identity/v3/auth/tokens 0.060s
2025-12-15 11:01:13.910 66460 INFO tempest.lib.common.rest_client [req-4e640b65-9367-438a-8c0c-cc84dd48edbd req-4e640b65-9367-438a-8c0c-cc84dd48edbd ] Request (QuotasAdminTestJSON:test_update_all_quota_resources_for_tenant): 200 GET http://10.180.1.21/compute/v2.1/os-quota-sets/ec181713496c48d1ae2ee6a9a3b92ab5/defaults 5.093s
2025-12-15 11:01:13.966 66506 INFO tempest.lib.common.rest_client [req-572265cb-b6db-407f-abc4-e1285563e915 req-572265cb-b6db-407f-abc4-e1285563e915 ] Request (ServersTestMultiNic:test_verify_duplicate_network_nics): 202 POST http://10.180.1.21/compute/v2.1/servers 7.059s
2025-12-15 11:01:13.981 66486 INFO tempest.lib.common.rest_client [req-b590788c-3fc2-421d-9b27-34f79f0979f2 req-b590788c-3fc2-421d-9b27-34f79f0979f2 ] Request (DeleteServersAdminTestJSON:test_delete_server_while_in_error_state): 200 GET http://10.180.1.21/compute/v2.1/servers/b3b80c8d-262e-4867-9a2f-a2b533919d66 4.901s
2025-12-15 11:01:14.077 66492 INFO tempest.lib.common.rest_client [req-88977f2a-7eb6-4cb8-a70b-b2952ab35c64 req-88977f2a-7eb6-4cb8-a70b-b2952ab35c64 ] Request (FlavorsExtraSpecsTestJSON:tearDownClass): 200 GET http://10.180.1.21/networking/v2.0/security-groups?tenant_id=1710896ea9144b3c813fd1d6d06ec54c&name=default 0.206s
2025-12-15 11:01:14.096 66498 INFO tempest.lib.common.rest_client [req-1fba1d0a-2430-4f2d-b8b6-72b7d8b34ae7 req-1fba1d0a-2430-4f2d-b8b6-72b7d8b34ae7 ] Request (SecurityGroupsTestAdminJSON:test_list_security_groups_list_all_tenants_filter): 200 GET http://10.180.1.21/compute/v2.1/os-security-groups?all_tenants=true 4.272s
2025-12-15 11:01:14.181 66492 INFO tempest.lib.common.rest_client [req-fb7de01b-a402-4c38-a026-3929739e7efb req-fb7de01b-a402-4c38-a026-3929739e7efb ] Request (FlavorsExtraSpecsTestJSON:tearDownClass): 204 DELETE http://10.180.1.21/networking/v2.0/security-groups/311835c5-ae1f-4aa6-bf4a-c970634def1c 0.103s
