2025-12-15 11:01:54.420 66496 INFO tempest.lib.common.dynamic_creds [-] Created isolated network resources for: credentials: Credentials: {'domain_id': 'default', 'domain_name': 'Default', 'username': 'tempest-ServersNegativeTestMultiTenantJSON-453371062-project-member', 'project_domain_id': 'default', 'project_domain_name': 'Default', 'project_id': 'e75318dc50d4444d921059ce6710161b', 'project_name': 'tempest-ServersNegativeTestMultiTenantJSON-453371062', 'tenant_id': 'e75318dc50d4444d921059ce6710161b', 'tenant_name': 'tempest-ServersNegativeTestMultiTenantJSON-453371062', 'user_domain_id': 'default', 'user_domain_name': 'Default', 'user_id': 'b69ee46d1f8e4bec95fccdad6844bf1e', 'system': None}, Network: {'id': '925d9212-8ab5-4eb9-8dce-8c3486aabc9b', 'name': 'tempest-ServersNegativeTestMultiTenantJSON-93011157-network', 'tenant_id': 'e75318dc50d4444d921059ce6710161b', 'project_id': 'e75318dc50d4444d921059ce6710161b', 'admin_state_up': True, 'mtu': 8950, 'status': 'ACTIVE', 'subnets': [], 'shared': False, 'port_security_enabled': True, 'router:external': False, 'provider:network_type': 'vlan', 'provider:physical_network': 'default', 'provider:segmentation_id': 43, 'availability_zone_hints': [], 'availability_zones': [], 'ipv4_address_scope': None, 'ipv6_address_scope': None, 'description': '', 'tags': [], 'created_at': '2025-12-15T11:01:51Z', 'updated_at': '2025-12-15T11:01:51Z', 'revision_number': 1}, Subnet: {'id': 'c390f6de-6d4a-4dc8-b383-c7516a4f6f7a', 'name': 'tempest-ServersNegativeTestMultiTenantJSON-93011157-subnet', 'tenant_id': 'e75318dc50d4444d921059ce6710161b', 'network_id': '925d9212-8ab5-4eb9-8dce-8c3486aabc9b', 'ip_version': 4, 'subnetpool_id': None, 'enable_dhcp': True, 'ipv6_ra_mode': None, 'ipv6_address_mode': None, 'gateway_ip': '192.168.128.1', 'cidr': '192.168.128.0/28', 'allocation_pools': [{'start': '192.168.128.2', 'end': '192.168.128.14'}], 'host_routes': [], 'dns_nameservers': [], 'description': '', 'router:external': False, 'service_types': [], 'tags': [], 'created_at': '2025-12-15T11:01:51Z', 'updated_at': '2025-12-15T11:01:51Z', 'revision_number': 0, 'project_id': 'e75318dc50d4444d921059ce6710161b'}, Router: {'id': '73569e78-b129-463d-914b-179aa245f858', 'name': 'tempest-ServersNegativeTestMultiTenantJSON-93011157-router', 'tenant_id': 'e75318dc50d4444d921059ce6710161b', 'admin_state_up': True, 'status': 'ACTIVE', 'external_gateway_info': {'network_id': '8b463d50-dd50-4be6-8765-140bb5a8ba72', 'external_fixed_ips': [{'subnet_id': '99d0e800-0ff3-42bb-aaa3-a359a0a3daff', 'ip_address': '10.180.180.226'}], 'enable_snat': True}, 'description': '', 'availability_zones': [], 'distributed': False, 'ha': False, 'availability_zone_hints': [], 'routes': [], 'flavor_id': None, 'tags': [], 'created_at': '2025-12-15T11:01:52Z', 'updated_at': '2025-12-15T11:01:52Z', 'revision_number': 2, 'project_id': 'e75318dc50d4444d921059ce6710161b'}
2025-12-15 11:01:54.514 66504 INFO tempest.lib.common.rest_client [req-e63d0383-774a-44ce-913f-021f156b96fe req-e63d0383-774a-44ce-913f-021f156b96fe ] Request (VolumesAdminNegativeTest:tearDownClass): 204 DELETE http://10.180.1.21/networking/v2.0/routers/7fdd2623-bc6f-47e7-9693-9a1da716f027 0.934s
2025-12-15 11:01:54.526 66496 INFO tempest.lib.common.rest_client [req-d0cba243-7d26-47c8-834f-2ae3e512aba5 req-d0cba243-7d26-47c8-834f-2ae3e512aba5 ] Request (ServersNegativeTestMultiTenantJSON:setUpClass): 201 POST http://10.180.1.21/identity/v3/auth/tokens 0.102s
2025-12-15 11:01:54.619 66496 INFO tempest.lib.common.rest_client [req-4fbeb4ef-9a54-44b6-a616-b030de52fad3 req-4fbeb4ef-9a54-44b6-a616-b030de52fad3 ] Request (ServersNegativeTestMultiTenantJSON:setUpClass): 201 POST http://10.180.1.21/identity/v3/auth/tokens 0.088s
2025-12-15 11:01:54.620 66496 INFO tempest.lib.common.fixed_network [-] (ServersNegativeTestMultiTenantJSON:setUpClass) Found network {'id': '9f6b570d-7352-4780-bfec-c58315cc7abc', 'name': 'tempest-ServersNegativeTestMultiTenantJSON-714532341-network', 'tenant_id': '2440e9a43d624aceb10e5c89cb6c6b98', 'project_id': '2440e9a43d624aceb10e5c89cb6c6b98', 'admin_state_up': True, 'mtu': 8950, 'status': 'ACTIVE', 'subnets': [], 'shared': False, 'port_security_enabled': True, 'router:external': False, 'provider:network_type': 'vlan', 'provider:physical_network': 'default', 'provider:segmentation_id': 113, 'availability_zone_hints': [], 'availability_zones': [], 'ipv4_address_scope': None, 'ipv6_address_scope': None, 'description': '', 'tags': [], 'created_at': '2025-12-15T11:01:46Z', 'updated_at': '2025-12-15T11:01:46Z', 'revision_number': 1} available for tenant
2025-12-15 11:01:54.693 66506 INFO tempest.lib.common.rest_client [req-605e04a8-282b-4532-bf80-d6aaf88ad648 req-605e04a8-282b-4532-bf80-d6aaf88ad648 ] Request (ServersTestMultiNic:test_verify_duplicate_network_nics): 200 GET http://10.180.1.21/compute/v2.1/servers/286621bd-600c-46f8-bdb5-204884ca3de7 9.303s
2025-12-15 11:01:54.704 66506 INFO tempest.common.waiters [-] State transition "BUILD/spawning" ==> "ACTIVE/None" after 36 second wait
2025-12-15 11:01:54.717 66454 INFO tempest.lib.common.rest_client [req-65b4d52a-9463-4818-a80e-cdb4799d1c1b req-65b4d52a-9463-4818-a80e-cdb4799d1c1b ] Request (ImagesDeleteNegativeTestJSON:test_delete_image_with_id_over_character_limit): 404 DELETE http://10.180.1.21/compute/v2.1/images/4872d9d7-8d40-482e-b724-c0e6e1cd6a4e1 8.549s
2025-12-15 11:01:54.719 66466 INFO tempest.lib.common.rest_client [req-03d7c581-a875-44bb-9865-1457867f11b3 req-03d7c581-a875-44bb-9865-1457867f11b3 ] Request (ServersAdminNegativeTestJSON:setUpClass): 200 GET http://10.180.1.21/compute/v2.1/servers/3cdec9de-3f4e-4afb-9636-38cbb5725601 8.583s
2025-12-15 11:01:54.728 66466 INFO tempest.common.waiters [-] State transition "BUILD/spawning" ==> "ACTIVE/None" after 36 second wait
2025-12-15 11:01:54.731 66504 INFO tempest.lib.common.rest_client [req-a5f538c9-a33a-4142-ada7-452a48a5b87b req-a5f538c9-a33a-4142-ada7-452a48a5b87b ] Request (VolumesAdminNegativeTest:tearDownClass): 204 DELETE http://10.180.1.21/networking/v2.0/subnets/9a882bc0-3e5d-45af-bcdb-255c6c747a82 0.216s
2025-12-15 11:01:54.922 66474 INFO tempest.lib.common.rest_client [req-6ec375d5-1e8f-4d96-b4bd-ff90fbe74a81 req-6ec375d5-1e8f-4d96-b4bd-ff90fbe74a81 ] Request (ServerActionsTestOtherB:setUpClass): 200 POST http://10.180.1.21/compute/v2.1/os-keypairs 7.851s
2025-12-15 11:01:55.073 66504 INFO tempest.lib.common.rest_client [req-924e86ea-49f9-4932-98ff-bd7cd8851172 req-924e86ea-49f9-4932-98ff-bd7cd8851172 ] Request (VolumesAdminNegativeTest:tearDownClass): 204 DELETE http://10.180.1.21/networking/v2.0/networks/b6f86907-ebc1-48f1-8337-68b08b159287 0.342s
2025-12-15 11:01:55.240 66474 INFO tempest.lib.common.rest_client [req-0ce112b3-30ec-4e9e-a62e-bb28c348f02b req-0ce112b3-30ec-4e9e-a62e-bb28c348f02b ] Request (ServerActionsTestOtherB:setUpClass): 201 POST http://10.180.1.21/networking/v2.0/security-groups 0.316s
2025-12-15 11:01:55.254 66482 INFO tempest.lib.common.rest_client [req-86b8ff5b-f2d3-4e38-8c4c-92ad45ce39b2 req-86b8ff5b-f2d3-4e38-8c4c-92ad45ce39b2 ] Request (SecurityGroupsTestJSON:test_security_groups_create_list_delete): 200 POST http://10.180.1.21/compute/v2.1/os-security-groups 8.175s
2025-12-15 11:01:56.045 66504 INFO tempest.lib.common.rest_client [req-3025752c-2225-42ba-a625-ce91d31df58b req-3025752c-2225-42ba-a625-ce91d31df58b ] Request (VolumesAdminNegativeTest:tearDownClass): 200 PUT http://10.180.1.21/networking/v2.0/routers/40e1e788-4401-48f5-8012-588d5a15e1b2/remove_router_interface 0.971s
2025-12-15 11:01:56.139 66474 INFO tempest.lib.common.rest_client [req-088ba84b-7162-46df-8627-6c6af5ace3d2 req-088ba84b-7162-46df-8627-6c6af5ace3d2 ] Request (ServerActionsTestOtherB:setUpClass): 201 POST http://10.180.1.21/networking/v2.0/security-group-rules 0.899s
2025-12-15 11:01:56.199 66462 INFO tempest.lib.common.rest_client [req-90b93134-444a-4081-bfbd-a16ec742670c req-90b93134-444a-4081-bfbd-a16ec742670c ] Request (ServersAdminTestJSON:test_create_server_with_scheduling_hint): 200 GET http://10.180.1.21/compute/v2.1/servers/48a0429a-33fd-4973-bccc-81ca023b5fe8 9.047s
2025-12-15 11:01:56.226 66458 INFO tempest.lib.common.rest_client [req-1e2e550c-48c4-4b52-ba00-80540b513ca3 req-1e2e550c-48c4-4b52-ba00-80540b513ca3 ] Request (ServicesAdminNegativeTestJSON:test_get_service_by_invalid_params): 200 GET http://10.180.1.21/compute/v2.1/os-services?xxx=nova-compute 8.987s
2025-12-15 11:01:56.629 66480 INFO tempest.lib.common.rest_client [req-688bab49-57f9-4ad5-99f0-ab1fd4317ec8 req-688bab49-57f9-4ad5-99f0-ab1fd4317ec8 ] Request (ServersTestManualDisk:setUpClass): 200 POST http://10.180.1.21/compute/v2.1/os-keypairs 8.038s
2025-12-15 11:01:56.631 66464 INFO tempest.lib.common.rest_client [req-a24077a3-6df8-4b04-ae42-43f3f3de9263 req-a24077a3-6df8-4b04-ae42-43f3f3de9263 ] Request (VolumesAssistedSnapshotsTest:test_volume_assisted_snapshot_create_delete): 200 POST http://10.180.1.21/compute/v2.1/servers/7c7e763a-0dc9-47e8-9016-6c3c2f108b15/os-volume_attachments 10.233s
2025-12-15 11:01:56.674 66464 INFO tempest.lib.common.rest_client [req-a31e0eab-4965-4d28-b290-74f6ce03e09b req-a31e0eab-4965-4d28-b290-74f6ce03e09b ] Request (VolumesAssistedSnapshotsTest:test_volume_assisted_snapshot_create_delete): 200 GET http://10.180.1.21/volume/v3/volumes/5cefa3c0-38e9-4dbc-8265-4c5ee17a75f6 0.041s
2025-12-15 11:01:56.859 66504 INFO tempest.lib.common.rest_client [req-13e02233-b995-44e5-a685-cd4f7d070a5f req-13e02233-b995-44e5-a685-cd4f7d070a5f ] Request (VolumesAdminNegativeTest:tearDownClass): 204 DELETE http://10.180.1.21/networking/v2.0/routers/40e1e788-4401-48f5-8012-588d5a15e1b2 0.813s
2025-12-15 11:01:56.994 66474 INFO tempest.lib.common.rest_client [req-82aa93c6-7b7f-460e-9b4c-29ac6227d702 req-82aa93c6-7b7f-460e-9b4c-29ac6227d702 ] Request (ServerActionsTestOtherB:setUpClass): 201 POST http://10.180.1.21/networking/v2.0/security-group-rules 0.854s
2025-12-15 11:01:57.085 66488 INFO tempest.lib.common.rest_client [req-21498f5c-5e88-40c5-b622-5c99a7280d26 req-21498f5c-5e88-40c5-b622-5c99a7280d26 ] Request (ServerPasswordTestJSON:setUpClass): 200 GET http://10.180.1.21/compute/v2.1/servers/bcce9df3-21f6-497f-860d-1930776da9bb 8.379s
2025-12-15 11:01:57.095 66480 INFO tempest.lib.common.rest_client [req-0be072bf-a954-41d8-98b1-18b20954d3d0 req-0be072bf-a954-41d8-98b1-18b20954d3d0 ] Request (ServersTestManualDisk:setUpClass): 201 POST http://10.180.1.21/networking/v2.0/security-groups 0.465s
2025-12-15 11:01:57.101 66452 INFO tempest.lib.common.rest_client [req-25885c33-2d48-4e5c-a656-9808bec18b6c req-25885c33-2d48-4e5c-a656-9808bec18b6c ] Request (AggregatesAdminNegativeTestJSON:test_aggregate_delete_with_invalid_id): 404 DELETE http://10.180.1.21/compute/v2.1/os-aggregates/-1 8.374s
2025-12-15 11:01:57.124 66495 INFO tempest.lib.common.rest_client [req-7566c15b-91e8-4678-ac56-27c91615d750 req-7566c15b-91e8-4678-ac56-27c91615d750 ] Request (FlavorsAccessNegativeTestJSON:test_remove_flavor_access_not_found): 200 POST http://10.180.1.21/compute/v2.1/flavors 8.382s
2025-12-15 11:01:57.140 66500 INFO tempest.lib.common.rest_client [req-29e7b4e9-1fd3-49e0-b8ce-645c4a05ee26 req-29e7b4e9-1fd3-49e0-b8ce-645c4a05ee26 ] Request (FlavorsAdminTestJSON:test_create_server_with_non_public_flavor): 200 POST http://10.180.1.21/compute/v2.1/flavors 8.378s
2025-12-15 11:01:57.235 66504 INFO tempest.lib.common.rest_client [req-d33166c6-2fe6-4401-9a2c-a282c663dd70 req-d33166c6-2fe6-4401-9a2c-a282c663dd70 ] Request (VolumesAdminNegativeTest:tearDownClass): 204 DELETE http://10.180.1.21/networking/v2.0/subnets/3a7f4392-d716-4e7e-a919-e78adee52996 0.376s
2025-12-15 11:01:57.284 66470 INFO tempest.lib.common.rest_client [req-2b3de43d-9858-48eb-bed3-de27b67a2a65 req-2b3de43d-9858-48eb-bed3-de27b67a2a65 ] Request (QuotasAdminTestV236:test_get_updated_quotas): 200 GET http://10.180.1.21/compute/v2.1/os-quota-sets/917616176f5547deabfa5fd1e48ca2b7/detail 8.315s
2025-12-15 11:01:57.287 66484 INFO tempest.lib.common.rest_client [req-dd37d8f6-b419-4ddf-a75f-ecd2d66a4d1b req-dd37d8f6-b419-4ddf-a75f-ecd2d66a4d1b ] Request (ListServersNegativeTestJSON:setUpClass): 200 GET http://10.180.1.21/compute/v2.1/servers/baf0a546-95dc-4120-a84f-fa075353dbfd 8.586s
2025-12-15 11:01:57.325 66470 INFO tempest.lib.common.rest_client [req-6cd659e5-800c-47e9-86bd-8281b0024c2c req-6cd659e5-800c-47e9-86bd-8281b0024c2c ] Request (QuotasAdminTestV236:test_get_updated_quotas): 200 GET http://10.180.1.21/identity/v3/domains?name=Default 0.036s
2025-12-15 11:01:57.372 66470 INFO tempest.lib.common.rest_client [req-31550af4-4d8c-44eb-93ee-155abed4aa60 req-31550af4-4d8c-44eb-93ee-155abed4aa60 ] Request (QuotasAdminTestV236:test_get_updated_quotas): 201 POST http://10.180.1.21/identity/v3/users 0.046s
2025-12-15 11:01:57.410 66470 INFO tempest.lib.common.rest_client [req-b262b26c-4f3c-4d49-908f-dd260169cac2 req-b262b26c-4f3c-4d49-908f-dd260169cac2 ] Request (QuotasAdminTestV236:test_get_updated_quotas): 200 GET http://10.180.1.21/identity/v3/domains?name=Default 0.037s
2025-12-15 11:01:57.439 66480 INFO tempest.lib.common.rest_client [req-eba582ce-7c6e-47bb-a386-68f39377616e req-eba582ce-7c6e-47bb-a386-68f39377616e ] Request (ServersTestManualDisk:setUpClass): 201 POST http://10.180.1.21/networking/v2.0/security-group-rules 0.342s
2025-12-15 11:01:57.718 66464 INFO tempest.lib.common.rest_client [req-d0e3dd67-67e5-4e24-93df-67de2881ed07 req-d0e3dd67-67e5-4e24-93df-67de2881ed07 ] Request (VolumesAssistedSnapshotsTest:test_volume_assisted_snapshot_create_delete): 200 GET http://10.180.1.21/volume/v3/volumes/5cefa3c0-38e9-4dbc-8265-4c5ee17a75f6 0.037s
2025-12-15 11:01:57.769 66474 INFO tempest.lib.common.rest_client [req-68c51e0e-107c-4b3e-a8ea-3524573f71a3 req-68c51e0e-107c-4b3e-a8ea-3524573f71a3 ] Request (ServerActionsTestOtherB:setUpClass): 201 POST http://10.180.1.21/networking/v2.0/floatingips 0.775s
2025-12-15 11:01:57.816 66474 INFO tempest.lib.common.rest_client [req-8fbf2fa2-09a2-42f9-9cec-31e2c9486f3e req-8fbf2fa2-09a2-42f9-9cec-31e2c9486f3e ] Request (ServerActionsTestOtherB:setUpClass): 201 POST http://10.180.1.21/identity/v3/auth/tokens 0.039s
2025-12-15 11:01:57.817 66474 INFO tempest.lib.common.fixed_network [-] (ServerActionsTestOtherB:setUpClass) Found network {'id': 'e5f740e0-19e7-43d0-bf9d-31f2b70c9f9f', 'name': 'tempest-ServerActionsTestOtherB-1796919348-network', 'tenant_id': '97de46f30eff4c2185f9225408986972', 'project_id': '97de46f30eff4c2185f9225408986972', 'admin_state_up': True, 'mtu': 8950, 'status': 'ACTIVE', 'subnets': [], 'shared': False, 'port_security_enabled': True, 'router:external': False, 'provider:network_type': 'vlan', 'provider:physical_network': 'default', 'provider:segmentation_id': 874, 'availability_zone_hints': [], 'availability_zones': [], 'ipv4_address_scope': None, 'ipv6_address_scope': None, 'description': '', 'tags': [], 'created_at': '2025-12-15T11:01:43Z', 'updated_at': '2025-12-15T11:01:43Z', 'revision_number': 1} available for tenant
2025-12-15 11:01:57.835 66504 INFO tempest.lib.common.rest_client [req-88ee4a14-b2f7-4b7e-999d-f20dd0e9b470 req-88ee4a14-b2f7-4b7e-999d-f20dd0e9b470 ] Request (VolumesAdminNegativeTest:tearDownClass): 204 DELETE http://10.180.1.21/networking/v2.0/networks/23fb0a37-e2e1-425d-9362-d442c3163468 0.599s
2025-12-15 11:01:57.946 66480 INFO tempest.lib.common.rest_client [req-40b3abae-0553-47b4-96c8-69726ceee0f3 req-40b3abae-0553-47b4-96c8-69726ceee0f3 ] Request (ServersTestManualDisk:setUpClass): 201 POST http://10.180.1.21/networking/v2.0/security-group-rules 0.507s
2025-12-15 11:01:57.966 66504 INFO tempest.lib.common.rest_client [req-7ecb89a7-c7b7-47b5-96a6-69d95d01c873 req-7ecb89a7-c7b7-47b5-96a6-69d95d01c873 ] Request (VolumesAdminNegativeTest:tearDownClass): 204 DELETE http://10.180.1.21/identity/v3/users/f047a14f7bf74ef3a6a680d204667e2d 0.130s
2025-12-15 11:01:57.991 66512 INFO tempest.lib.common.rest_client [req-66f7aaf4-9ffa-4732-9438-64dcc1324c68 req-66f7aaf4-9ffa-4732-9438-64dcc1324c68 ] Request (ImagesOneServerTestJSON:setUpClass): 200 GET http://10.180.1.21/compute/v2.1/servers/e9cf499a-6410-4058-84cf-c33f4023aee1 7.842s
2025-12-15 11:01:58.002 66512 INFO tempest.common.waiters [-] State transition "BUILD/None" ==> "BUILD/spawning" after 16 second wait
2025-12-15 11:01:58.005 66468 INFO tempest.lib.common.rest_client [req-60df89a0-1dbd-4cc4-8007-56d5bd43c123 req-60df89a0-1dbd-4cc4-8007-56d5bd43c123 ] Request (FloatingIPsAssociationNegativeTestJSON:setUpClass): 200 GET http://10.180.1.21/compute/v2.1/servers/92c44412-8ba0-465f-bcfa-977c03d07b6f 6.380s
2025-12-15 11:01:58.017 66468 INFO tempest.common.waiters [-] State transition "BUILD/networking" ==> "BUILD/spawning" after 25 second wait
2025-12-15 11:01:58.060 66504 INFO tempest.lib.common.rest_client [req-54aa9878-0317-42fa-9853-2c876431719d req-54aa9878-0317-42fa-9853-2c876431719d ] Request (VolumesAdminNegativeTest:tearDownClass): 204 DELETE http://10.180.1.21/identity/v3/users/7e515db888a542b9831991a6988317d7 0.093s
2025-12-15 11:01:58.105 66486 INFO tempest.lib.common.rest_client [req-a51ec20b-789d-4035-8520-94d993aeadc6 req-a51ec20b-789d-4035-8520-94d993aeadc6 ] Request (DeleteServersAdminTestJSON:test_delete_server_while_in_error_state): 204 DELETE http://10.180.1.21/compute/v2.1/servers/b3b80c8d-262e-4867-9a2f-a2b533919d66 5.833s
2025-12-15 11:01:58.131 66515 INFO tempest.lib.common.rest_client [req-7be45891-a871-4afd-9eb3-664df989e09c req-7be45891-a871-4afd-9eb3-664df989e09c ] Request (ServersAdmin275Test:tearDownClass): 404 GET http://10.180.1.21/compute/v2.1/servers/1c446f17-417b-4917-b40b-f14463dcff6b 5.660s
2025-12-15 11:01:58.158 66476 WARNING tempest.lib.common.ssh [-] Failed to establish authenticated ssh connection to cirros@10.180.180.139 ([Errno None] Unable to connect to port 22 on 10.180.180.139). Number attempts: 5. Retry after 6 seconds.: paramiko.ssh_exception.NoValidConnectionsError: [Errno None] Unable to connect to port 22 on 10.180.180.139
2025-12-15 11:01:58.206 66504 INFO tempest.lib.common.rest_client [req-e62d0b6f-b7a2-4d3e-8690-a3d003327c56 req-e62d0b6f-b7a2-4d3e-8690-a3d003327c56 ] Request (VolumesAdminNegativeTest:tearDownClass): 204 DELETE http://10.180.1.21/identity/v3/users/d92bd935a6a94fdaabd6e19a2c0d67fa 0.145s
2025-12-15 11:01:58.206 66504 INFO tempest.lib.common.dynamic_creds [-] Deleting project and security group for project: 732b0688893f4693bcddc6b76510f162
2025-12-15 11:01:58.206 66515 INFO tempest.lib.common.rest_client [req-c558fcd4-0031-4504-8120-4f5da7bf8847 req-c558fcd4-0031-4504-8120-4f5da7bf8847 ] Request (ServersAdmin275Test:tearDownClass): 204 DELETE http://10.180.1.21/identity/v3/users/d2383b9af10047f29ee81340e3dc82a3 0.075s
2025-12-15 11:01:58.337 66478 INFO tempest.lib.common.rest_client [req-a9be0286-6f31-4feb-9cfb-0a9b0946cccc req-a9be0286-6f31-4feb-9cfb-0a9b0946cccc ] Request (ServerActionsTestJSON:test_lock_unlock_server): 200 GET http://10.180.1.21/compute/v2.1/servers/b7c01102-e77a-4c04-8fa4-aa43582d28bf 5.982s
2025-12-15 11:01:58.354 66504 INFO tempest.lib.common.rest_client [req-85a84001-69cc-42c4-a4f5-87cfb6e107e8 req-85a84001-69cc-42c4-a4f5-87cfb6e107e8 ] Request (VolumesAdminNegativeTest:tearDownClass): 200 GET http://10.180.1.21/networking/v2.0/security-groups?tenant_id=732b0688893f4693bcddc6b76510f162&name=default 0.148s
2025-12-15 11:01:58.362 66515 INFO tempest.lib.common.rest_client [req-94071f2b-6234-4d15-b3fd-98a91a61dafb req-94071f2b-6234-4d15-b3fd-98a91a61dafb ] Request (ServersAdmin275Test:tearDownClass): 204 DELETE http://10.180.1.21/identity/v3/users/d3daf0a744dc4ea190504e7745cdaad7 0.155s
2025-12-15 11:01:58.362 66515 INFO tempest.lib.common.dynamic_creds [-] Deleting project and security group for project: 0845a227c7624dbf94ffdf910114e50d
2025-12-15 11:01:58.427 66515 INFO tempest.lib.common.rest_client [req-89bad00b-3fcb-4a21-9708-450541ac2d91 req-89bad00b-3fcb-4a21-9708-450541ac2d91 ] Request (ServersAdmin275Test:tearDownClass): 201 POST http://10.180.1.21/identity/v3/auth/tokens 0.064s
2025-12-15 11:01:58.500 66509 INFO tempest.lib.common.rest_client [req-18ad3bf9-b7e7-4f62-9667-5ec099a73445 req-18ad3bf9-b7e7-4f62-9667-5ec099a73445 ] Request (VolumesSnapshotsTestJSON:test_volume_snapshot_create_get_list_delete): 200 POST http://10.180.1.21/compute/v2.1/os-snapshots 4.393s
2025-12-15 11:01:58.508 66480 INFO tempest.lib.common.rest_client [req-02d449c1-b33f-4d37-b3a9-58ed6002ba95 req-02d449c1-b33f-4d37-b3a9-58ed6002ba95 ] Request (ServersTestManualDisk:setUpClass): 201 POST http://10.180.1.21/networking/v2.0/floatingips 0.561s
2025-12-15 11:01:58.663 66504 INFO tempest.lib.common.rest_client [req-d634251c-94e6-4101-9ff0-bda8ab7b2cbf req-d634251c-94e6-4101-9ff0-bda8ab7b2cbf ] Request (VolumesAdminNegativeTest:tearDownClass): 204 DELETE http://10.180.1.21/networking/v2.0/security-groups/7457cd0b-a315-44e7-ab06-0488575b2c62 0.309s
2025-12-15 11:01:58.680 66480 INFO tempest.lib.common.rest_client [req-c2108ec3-5da8-43fa-ab28-f522183ea963 req-c2108ec3-5da8-43fa-ab28-f522183ea963 ] Request (ServersTestManualDisk:setUpClass): 201 POST http://10.180.1.21/identity/v3/auth/tokens 0.169s
2025-12-15 11:01:58.680 66480 INFO tempest.lib.common.fixed_network [-] (ServersTestManualDisk:setUpClass) Found network {'id': '6ba7485f-43d3-4de8-b44b-b35d2d52276e', 'name': 'tempest-ServersTestManualDisk-1031086782-network', 'tenant_id': 'b07585d58fd24b729248358e5a984b43', 'project_id': 'b07585d58fd24b729248358e5a984b43', 'admin_state_up': True, 'mtu': 8950, 'status': 'ACTIVE', 'subnets': [], 'shared': False, 'port_security_enabled': True, 'router:external': False, 'provider:network_type': 'vlan', 'provider:physical_network': 'default', 'provider:segmentation_id': 387, 'availability_zone_hints': [], 'availability_zones': [], 'ipv4_address_scope': None, 'ipv6_address_scope': None, 'description': '', 'tags': [], 'created_at': '2025-12-15T11:01:45Z', 'updated_at': '2025-12-15T11:01:45Z', 'revision_number': 1} available for tenant
2025-12-15 11:01:58.754 66504 INFO tempest.lib.common.rest_client [req-fb5e2765-59b4-4cdd-a863-3ac1f69bf01e req-fb5e2765-59b4-4cdd-a863-3ac1f69bf01e ] Request (VolumesAdminNegativeTest:tearDownClass): 204 DELETE http://10.180.1.21/identity/v3/projects/732b0688893f4693bcddc6b76510f162 0.090s
2025-12-15 11:01:58.754 66504 INFO tempest.lib.common.dynamic_creds [-] Deleting project and security group for project: f509e448bd4d42bf81d7850fae55dc23
2025-12-15 11:01:58.757 66515 INFO tempest.lib.common.rest_client [req-7de892c4-c526-4767-a938-80d9f6e4e816 req-7de892c4-c526-4767-a938-80d9f6e4e816 ] Request (ServersAdmin275Test:tearDownClass): 200 GET http://10.180.1.21/networking/v2.0/security-groups?tenant_id=0845a227c7624dbf94ffdf910114e50d&name=default 0.329s
2025-12-15 11:01:58.768 66464 INFO tempest.lib.common.rest_client [req-b8f8c517-3342-4f02-ad6b-c2de83054929 req-b8f8c517-3342-4f02-ad6b-c2de83054929 ] Request (VolumesAssistedSnapshotsTest:test_volume_assisted_snapshot_create_delete): 200 GET http://10.180.1.21/volume/v3/volumes/5cefa3c0-38e9-4dbc-8265-4c5ee17a75f6 0.042s
2025-12-15 11:01:58.794 66504 INFO tempest.lib.common.rest_client [req-695b1a9f-45f8-4ddf-aca4-c892af617ac6 req-695b1a9f-45f8-4ddf-aca4-c892af617ac6 ] Request (VolumesAdminNegativeTest:tearDownClass): 200 GET http://10.180.1.21/networking/v2.0/security-groups?tenant_id=f509e448bd4d42bf81d7850fae55dc23&name=default 0.040s
2025-12-15 11:01:58.915 66515 INFO tempest.lib.common.rest_client [req-2b0a780f-ee8b-45ee-bf57-40f358e951c9 req-2b0a780f-ee8b-45ee-bf57-40f358e951c9 ] Request (ServersAdmin275Test:tearDownClass): 204 DELETE http://10.180.1.21/networking/v2.0/security-groups/766f93b3-acbc-4a79-b5ea-226d75571d6e 0.158s
2025-12-15 11:01:58.996 66504 INFO tempest.lib.common.rest_client [req-0290a9ce-c49c-434b-9bec-4aece93c66e6 req-0290a9ce-c49c-434b-9bec-4aece93c66e6 ] Request (VolumesAdminNegativeTest:tearDownClass): 204 DELETE http://10.180.1.21/networking/v2.0/security-groups/06f4b13e-c2f3-48a4-88e2-c4c4034ecbb9 0.201s
2025-12-15 11:01:59.031 66515 INFO tempest.lib.common.rest_client [req-89c21171-f5d4-46de-989c-948a8512fa01 req-89c21171-f5d4-46de-989c-948a8512fa01 ] Request (ServersAdmin275Test:tearDownClass): 204 DELETE http://10.180.1.21/identity/v3/projects/0845a227c7624dbf94ffdf910114e50d 0.115s
2025-12-15 11:01:59.031 66515 INFO tempest.lib.common.dynamic_creds [-] Deleting project and security group for project: 58e6ce98b2454526b48ef7a17ee3d465
2025-12-15 11:01:59.144 66504 INFO tempest.lib.common.rest_client [req-408453d5-f2c0-4f9a-a5c3-ac11d5342f06 req-408453d5-f2c0-4f9a-a5c3-ac11d5342f06 ] Request (VolumesAdminNegativeTest:tearDownClass): 204 DELETE http://10.180.1.21/identity/v3/projects/f509e448bd4d42bf81d7850fae55dc23 0.148s
2025-12-15 11:01:59.145 66504 INFO tempest.lib.common.dynamic_creds [-] Deleting project and security group for project: 24811219bf434aa9a15a2198b2b49940
2025-12-15 11:01:59.176 66515 INFO tempest.lib.common.rest_client [req-f68b0d4d-29b0-4ff5-bbdd-9f1f686c311f req-f68b0d4d-29b0-4ff5-bbdd-9f1f686c311f ] Request (ServersAdmin275Test:tearDownClass): 200 GET http://10.180.1.21/networking/v2.0/security-groups?tenant_id=58e6ce98b2454526b48ef7a17ee3d465&name=default 0.144s
2025-12-15 11:01:59.261 66504 INFO tempest.lib.common.rest_client [req-24c3abc3-5b88-4564-b815-ee07258592a4 req-24c3abc3-5b88-4564-b815-ee07258592a4 ] Request (VolumesAdminNegativeTest:tearDownClass): 200 GET http://10.180.1.21/networking/v2.0/security-groups?tenant_id=24811219bf434aa9a15a2198b2b49940&name=default 0.116s
2025-12-15 11:01:59.356 66515 INFO tempest.lib.common.rest_client [req-14f77f60-b7a8-404e-b828-ea0cf444459a req-14f77f60-b7a8-404e-b828-ea0cf444459a ] Request (ServersAdmin275Test:tearDownClass): 204 DELETE http://10.180.1.21/networking/v2.0/security-groups/d8bd3ac2-c296-47bd-86ee-8d0d195a98e1 0.179s
2025-12-15 11:01:59.470 66511 INFO tempest.lib.common.rest_client [req-f897957b-89d3-4b77-901e-c338c6631ddb req-f897957b-89d3-4b77-901e-c338c6631ddb ] Request (ServerDiskConfigTestJSON:test_rebuild_server_with_auto_disk_config): 202 POST http://10.180.1.21/compute/v2.1/servers 5.327s
2025-12-15 11:01:59.486 66504 INFO tempest.lib.common.rest_client [req-815e820a-9f58-4481-9c50-c8685c62667b req-815e820a-9f58-4481-9c50-c8685c62667b ] Request (VolumesAdminNegativeTest:tearDownClass): 204 DELETE http://10.180.1.21/networking/v2.0/security-groups/45a7c685-c335-4aff-a11b-87bd1d481d8a 0.224s
2025-12-15 11:01:59.490 66515 INFO tempest.lib.common.rest_client [req-f60b4b76-7554-4e28-9459-f01cb673800e req-f60b4b76-7554-4e28-9459-f01cb673800e ] Request (ServersAdmin275Test:tearDownClass): 204 DELETE http://10.180.1.21/identity/v3/projects/58e6ce98b2454526b48ef7a17ee3d465 0.132s
2025-12-15 11:01:59.491 66515 INFO tempest.test [-] raised in TestMultiAttachVolumeSwap.setUpClass. Invoking tearDownClass.
2025-12-15 11:01:59.675 66504 INFO tempest.lib.common.rest_client [req-5f1f5d85-100d-45e5-8299-aa051d470910 req-5f1f5d85-100d-45e5-8299-aa051d470910 ] Request (VolumesAdminNegativeTest:tearDownClass): 204 DELETE http://10.180.1.21/identity/v3/projects/24811219bf434aa9a15a2198b2b49940 0.189s
2025-12-15 11:01:59.734 66472 WARNING tempest.lib.common.ssh [-] Failed to establish authenticated ssh connection to cirros@10.180.180.131 ([Errno None] Unable to connect to port 22 on 10.180.180.131). Number attempts: 5. Retry after 6 seconds.: paramiko.ssh_exception.NoValidConnectionsError: [Errno None] Unable to connect to port 22 on 10.180.180.131
2025-12-15 11:01:59.771 66504 INFO tempest.lib.common.rest_client [req-c773ef41-64e1-425a-b885-9bd0dda29118 req-c773ef41-64e1-425a-b885-9bd0dda29118 ] Request (AZV2TestJSON:setUpClass): 201 POST http://10.180.1.21/identity/v3/auth/tokens 0.094s
2025-12-15 11:01:59.798 66515 INFO tempest.lib.common.rest_client [req-f6fb65bf-89fc-435e-80ff-e9184493ff3b req-f6fb65bf-89fc-435e-80ff-e9184493ff3b ] Request (MultipleCreateNegativeTestJSON:setUpClass): 201 POST http://10.180.1.21/identity/v3/auth/tokens 0.304s
2025-12-15 11:01:59.818 66504 INFO tempest.lib.common.rest_client [req-8be84ba1-65e7-4c59-95d4-11e751f1406b req-8be84ba1-65e7-4c59-95d4-11e751f1406b ] Request (AZV2TestJSON:setUpClass): 201 POST http://10.180.1.21/identity/v3/auth/tokens 0.041s
2025-12-15 11:01:59.829 66464 INFO tempest.lib.common.rest_client [req-9a3bd140-9dfd-440c-9285-047b27b326c3 req-9a3bd140-9dfd-440c-9285-047b27b326c3 ] Request (VolumesAssistedSnapshotsTest:test_volume_assisted_snapshot_create_delete): 200 GET http://10.180.1.21/volume/v3/volumes/5cefa3c0-38e9-4dbc-8265-4c5ee17a75f6 0.052s
2025-12-15 11:01:59.849 66504 INFO tempest.lib.common.rest_client [req-5c847639-91fb-4744-bc1e-5225099c9f33 req-5c847639-91fb-4744-bc1e-5225099c9f33 ] Request (AZV2TestJSON:setUpClass): 200 GET http://10.180.1.21/identity/v3/domains?name=Default 0.030s
2025-12-15 11:01:59.849 66515 INFO tempest.lib.common.rest_client [req-7de8efd0-be6e-4eb5-a89b-a018266e668f req-7de8efd0-be6e-4eb5-a89b-a018266e668f ] Request (MultipleCreateNegativeTestJSON:setUpClass): 201 POST http://10.180.1.21/identity/v3/auth/tokens 0.043s
2025-12-15 11:01:59.885 66515 INFO tempest.lib.common.rest_client [req-51aff8e8-5163-46ab-8921-042413dc18b0 req-51aff8e8-5163-46ab-8921-042413dc18b0 ] Request (MultipleCreateNegativeTestJSON:setUpClass): 200 GET http://10.180.1.21/identity/v3/domains?name=Default 0.035s
2025-12-15 11:01:59.887 66504 INFO tempest.lib.common.rest_client [req-20941121-95b5-4080-8e10-b49ced581c47 req-20941121-95b5-4080-8e10-b49ced581c47 ] Request (AZV2TestJSON:setUpClass): 201 POST http://10.180.1.21/identity/v3/projects 0.037s
2025-12-15 11:01:59.952 66515 INFO tempest.lib.common.rest_client [req-5a86acc2-fa21-444a-ab21-eb997c698974 req-5a86acc2-fa21-444a-ab21-eb997c698974 ] Request (MultipleCreateNegativeTestJSON:setUpClass): 201 POST http://10.180.1.21/identity/v3/projects 0.067s
2025-12-15 11:01:59.973 66504 INFO tempest.lib.common.rest_client [req-5061927f-3287-4f19-b124-d1d4b1f8da5c req-5061927f-3287-4f19-b124-d1d4b1f8da5c ] Request (AZV2TestJSON:setUpClass): 201 POST http://10.180.1.21/identity/v3/users 0.085s
2025-12-15 11:02:00.026 66515 INFO tempest.lib.common.rest_client [req-2c6cb9e4-dc52-4526-b5f5-dfb4c10589ef req-2c6cb9e4-dc52-4526-b5f5-dfb4c10589ef ] Request (MultipleCreateNegativeTestJSON:setUpClass): 201 POST http://10.180.1.21/identity/v3/users 0.073s
2025-12-15 11:02:00.042 66504 INFO tempest.lib.common.rest_client [req-996d5026-f0b8-4a23-a8e6-384111330970 req-996d5026-f0b8-4a23-a8e6-384111330970 ] Request (AZV2TestJSON:setUpClass): 200 GET http://10.180.1.21/identity/v3/roles 0.068s
2025-12-15 11:02:00.061 66515 INFO tempest.lib.common.rest_client [req-55122e5e-e56f-4e00-9b67-3975776eaca4 req-55122e5e-e56f-4e00-9b67-3975776eaca4 ] Request (MultipleCreateNegativeTestJSON:setUpClass): 200 GET http://10.180.1.21/identity/v3/roles 0.035s
2025-12-15 11:02:00.081 66504 INFO tempest.lib.common.rest_client [req-6c638e74-5d2d-43b0-bd8c-4568633112b7 req-6c638e74-5d2d-43b0-bd8c-4568633112b7 ] Request (AZV2TestJSON:setUpClass): 204 PUT http://10.180.1.21/identity/v3/projects/bbbf5118d3f0419c8023cfa376620d6f/users/90441fa680f0495fbce081bf69408f84/roles/55cdd4d3c01741fc8fb93c67329a124a 0.038s
2025-12-15 11:02:00.081 66504 INFO tempest.lib.common.dynamic_creds [-] Dynamic test user 90441fa680f0495fbce081bf69408f84 is created with scope project and roles: ['member']
2025-12-15 11:02:00.081 66504 INFO tempest.lib.common.dynamic_creds [-] Acquired dynamic creds: credentials: Credentials: {'domain_id': 'default', 'domain_name': 'Default', 'username': 'tempest-AZV2TestJSON-349234174-project-member', 'project_domain_id': 'default', 'project_domain_name': 'Default', 'project_id': 'bbbf5118d3f0419c8023cfa376620d6f', 'project_name': 'tempest-AZV2TestJSON-349234174', 'tenant_id': 'bbbf5118d3f0419c8023cfa376620d6f', 'tenant_name': 'tempest-AZV2TestJSON-349234174', 'user_domain_id': 'default', 'user_domain_name': 'Default', 'user_id': '90441fa680f0495fbce081bf69408f84', 'system': None}, Network: None, Subnet: None, Router: None
2025-12-15 11:02:00.081 66504 INFO tempest.lib.common.dynamic_creds [-] Created isolated network resources for: credentials: Credentials: {'domain_id': 'default', 'domain_name': 'Default', 'username': 'tempest-AZV2TestJSON-349234174-project-member', 'project_domain_id': 'default', 'project_domain_name': 'Default', 'project_id': 'bbbf5118d3f0419c8023cfa376620d6f', 'project_name': 'tempest-AZV2TestJSON-349234174', 'tenant_id': 'bbbf5118d3f0419c8023cfa376620d6f', 'tenant_name': 'tempest-AZV2TestJSON-349234174', 'user_domain_id': 'default', 'user_domain_name': 'Default', 'user_id': '90441fa680f0495fbce081bf69408f84', 'system': None}, Network: None, Subnet: None, Router: None
2025-12-15 11:02:00.095 66515 INFO tempest.lib.common.rest_client [req-cfaf1221-8e45-4154-8213-b69c4f7542ae req-cfaf1221-8e45-4154-8213-b69c4f7542ae ] Request (MultipleCreateNegativeTestJSON:setUpClass): 204 PUT http://10.180.1.21/identity/v3/projects/168cc809501e4ec5b299b076174feccd/users/71a506f898b84128a7dbc805bff24083/roles/55cdd4d3c01741fc8fb93c67329a124a 0.033s
2025-12-15 11:02:00.096 66515 INFO tempest.lib.common.dynamic_creds [-] Dynamic test user 71a506f898b84128a7dbc805bff24083 is created with scope project and roles: ['member']
2025-12-15 11:02:00.096 66515 INFO tempest.lib.common.dynamic_creds [-] Acquired dynamic creds: credentials: Credentials: {'domain_id': 'default', 'domain_name': 'Default', 'username': 'tempest-MultipleCreateNegativeTestJSON-1390981284-project-member', 'project_domain_id': 'default', 'project_domain_name': 'Default', 'project_id': '168cc809501e4ec5b299b076174feccd', 'project_name': 'tempest-MultipleCreateNegativeTestJSON-1390981284', 'tenant_id': '168cc809501e4ec5b299b076174feccd', 'tenant_name': 'tempest-MultipleCreateNegativeTestJSON-1390981284', 'user_domain_id': 'default', 'user_domain_name': 'Default', 'user_id': '71a506f898b84128a7dbc805bff24083', 'system': None}, Network: None, Subnet: None, Router: None
2025-12-15 11:02:00.096 66515 INFO tempest.lib.common.dynamic_creds [-] Created isolated network resources for: credentials: Credentials: {'domain_id': 'default', 'domain_name': 'Default', 'username': 'tempest-MultipleCreateNegativeTestJSON-1390981284-project-member', 'project_domain_id': 'default', 'project_domain_name': 'Default', 'project_id': '168cc809501e4ec5b299b076174feccd', 'project_name': 'tempest-MultipleCreateNegativeTestJSON-1390981284', 'tenant_id': '168cc809501e4ec5b299b076174feccd', 'tenant_name': 'tempest-MultipleCreateNegativeTestJSON-1390981284', 'user_domain_id': 'default', 'user_domain_name': 'Default', 'user_id': '71a506f898b84128a7dbc805bff24083', 'system': None}, Network: None, Subnet: None, Router: None
2025-12-15 11:02:00.189 66504 INFO tempest.lib.common.rest_client [req-8b4f46b8-4ea0-4dcb-86a2-5021d79d895d req-8b4f46b8-4ea0-4dcb-86a2-5021d79d895d ] Request (AZV2TestJSON:setUpClass): 201 POST http://10.180.1.21/identity/v3/auth/tokens 0.102s
2025-12-15 11:02:00.201 66515 INFO tempest.lib.common.rest_client [req-0d96eb6e-0df2-41d6-ba3d-929f84ac0e4e req-0d96eb6e-0df2-41d6-ba3d-929f84ac0e4e ] Request (MultipleCreateNegativeTestJSON:setUpClass): 201 POST http://10.180.1.21/identity/v3/auth/tokens 0.100s
2025-12-15 11:02:00.229 66456 INFO tempest.lib.common.rest_client [req-838d97f2-320c-4a7f-9722-918599c4d0b3 req-838d97f2-320c-4a7f-9722-918599c4d0b3 ] Request (FloatingIPsAssociationTestJSON:_run_cleanups): 202 POST http://10.180.1.21/compute/v2.1/servers/d4d6a674-4672-416e-b92f-713c8d76653a/action 7.213s
2025-12-15 11:02:00.248 66515 INFO tempest.lib.common.rest_client [req-b9228b08-054f-411e-89ad-e249669b8fef req-b9228b08-054f-411e-89ad-e249669b8fef ] Request (MultipleCreateNegativeTestJSON:test_max_count_less_than_min_count): 201 POST http://10.180.1.21/identity/v3/auth/tokens 0.041s
2025-12-15 11:02:00.248 66515 INFO tempest.lib.common.fixed_network [-] (MultipleCreateNegativeTestJSON:test_max_count_less_than_min_count) Found network None available for tenant
2025-12-15 11:02:00.263 66506 INFO tempest.lib.common.rest_client [req-9542a424-e28b-422c-96be-d194af7deebd req-9542a424-e28b-422c-96be-d194af7deebd ] Request (ServersTestMultiNic:test_verify_duplicate_network_nics): 200 GET http://10.180.1.21/compute/v2.1/servers/286621bd-600c-46f8-bdb5-204884ca3de7/ips 5.559s
2025-12-15 11:02:00.291 66454 INFO tempest.lib.common.rest_client [req-899aa6be-5d02-4c38-ba1f-3738415f9d84 req-899aa6be-5d02-4c38-ba1f-3738415f9d84 ] Request (ImagesDeleteNegativeTestJSON:test_delete_image_with_invalid_image_id): 404 DELETE http://10.180.1.21/compute/v2.1/images/tempest-invalid-1683777328 5.572s
2025-12-15 11:02:00.416 66496 INFO tempest.lib.common.rest_client [req-60c2c797-ef5f-4a41-8d61-21bc9f0f5209 req-60c2c797-ef5f-4a41-8d61-21bc9f0f5209 ] Request (ServersNegativeTestMultiTenantJSON:setUpClass): 202 POST http://10.180.1.21/compute/v2.1/servers 5.795s
2025-12-15 11:02:00.429 66466 INFO tempest.lib.common.rest_client [req-c912fffc-6dc9-4356-beea-efb243e0b643 req-c912fffc-6dc9-4356-beea-efb243e0b643 ] Request (ServersAdminNegativeTestJSON:test_migrate_non_existent_server): 404 POST http://10.180.1.21/compute/v2.1/servers/aea5009f-a933-45b5-9032-26913b78d5e8/action 5.700s
2025-12-15 11:02:00.510 66466 INFO tempest.lib.common.rest_client [req-e9adc0a1-d775-4135-9bc1-4d9c216d013a req-e9adc0a1-d775-4135-9bc1-4d9c216d013a ] Request (ServersAdminNegativeTestJSON:test_migrate_server_invalid_state): 201 POST http://10.180.1.21/identity/v3/auth/tokens 0.077s
2025-12-15 11:02:00.511 66466 INFO tempest.lib.common.fixed_network [-] (ServersAdminNegativeTestJSON:test_migrate_server_invalid_state) Found network None available for tenant
2025-12-15 11:02:00.746 66460 INFO tempest.lib.common.rest_client [req-57752d6a-1746-4d1b-80a5-b60fbdb221a2 req-57752d6a-1746-4d1b-80a5-b60fbdb221a2 ] Request (ServerDiagnosticsV248Test:test_get_server_diagnostics): 200 GET http://10.180.1.21/compute/v2.1/servers/755cbde2-e261-4f53-af79-7d72d6471115 5.701s
2025-12-15 11:02:00.755 66460 INFO tempest.common.waiters [-] State transition "BUILD/block_device_mapping" ==> "BUILD/spawning" after 26 second wait
2025-12-15 11:02:00.771 66492 INFO tempest.lib.common.rest_client [req-f4f32c41-47d7-4a52-b4d8-eb654b6ad96f req-f4f32c41-47d7-4a52-b4d8-eb654b6ad96f ] Request (MigrationsAdminTest:test_list_migrations_in_flavor_resize_situation): 200 GET http://10.180.1.21/compute/v2.1/servers/1fe60718-0f8d-4dad-9ba8-fc3a817373cf 5.742s
2025-12-15 11:02:00.779 66492 INFO tempest.common.waiters [-] State transition "BUILD/spawning" ==> "ACTIVE/None" after 32 second wait
2025-12-15 11:02:00.791 66458 INFO tempest.lib.common.rest_client [req-0770db08-6196-424c-b2a5-ef0b619024d8 req-0770db08-6196-424c-b2a5-ef0b619024d8 ] Request (ServicesAdminNegativeTestJSON:test_get_service_by_invalid_service_and_valid_host): 200 GET http://10.180.1.21/compute/v2.1/os-services 4.560s
2025-12-15 11:02:00.867 66452 INFO tempest.lib.common.rest_client [req-9e98e1dc-9b15-4a34-a08f-242a2d134ce2 req-9e98e1dc-9b15-4a34-a08f-242a2d134ce2 ] Request (AggregatesAdminNegativeTestJSON:test_aggregate_get_details_as_user): 200 POST http://10.180.1.21/compute/v2.1/os-aggregates 3.765s
2025-12-15 11:02:00.874 66464 INFO tempest.lib.common.rest_client [req-7d6ffe5c-3ada-48f7-bdd6-398f81323ce6 req-7d6ffe5c-3ada-48f7-bdd6-398f81323ce6 ] Request (VolumesAssistedSnapshotsTest:test_volume_assisted_snapshot_create_delete): 200 GET http://10.180.1.21/volume/v3/volumes/5cefa3c0-38e9-4dbc-8265-4c5ee17a75f6 0.035s
2025-12-15 11:02:00.879 66482 INFO tempest.lib.common.rest_client [req-c0e98977-e881-4ef6-96c6-de1e81171f65 req-c0e98977-e881-4ef6-96c6-de1e81171f65 ] Request (SecurityGroupsTestJSON:test_security_groups_create_list_delete): 200 POST http://10.180.1.21/compute/v2.1/os-security-groups 5.622s
2025-12-15 11:02:00.903 66500 INFO tempest.lib.common.rest_client [req-1432799d-6901-4a49-9592-52086d58e809 req-1432799d-6901-4a49-9592-52086d58e809 ] Request (FlavorsAdminTestJSON:test_create_server_with_non_public_flavor): 400 POST http://10.180.1.21/compute/v2.1/servers 3.758s
2025-12-15 11:02:00.910 66490 WARNING tempest.lib.common.ssh [-] Failed to establish authenticated ssh connection to cirros@10.180.180.169 ([Errno None] Unable to connect to port 22 on 10.180.180.169). Number attempts: 4. Retry after 5 seconds.: paramiko.ssh_exception.NoValidConnectionsError: [Errno None] Unable to connect to port 22 on 10.180.180.169
2025-12-15 11:02:00.983 66495 INFO tempest.lib.common.rest_client [req-6b2c9682-fee0-4e57-bf1c-4a8da93b229b req-6b2c9682-fee0-4e57-bf1c-4a8da93b229b ] Request (FlavorsAccessNegativeTestJSON:test_remove_flavor_access_not_found): 404 POST http://10.180.1.21/compute/v2.1/flavors/1923428205/action 3.855s
2025-12-15 11:02:01.091 66462 INFO tempest.lib.common.rest_client [req-4f339831-7393-4e38-b62b-19d776daa7e8 req-4f339831-7393-4e38-b62b-19d776daa7e8 ] Request (ServersAdminTestJSON:test_create_server_with_scheduling_hint): 200 GET http://10.180.1.21/compute/v2.1/servers/48a0429a-33fd-4973-bccc-81ca023b5fe8 3.880s
2025-12-15 11:02:01.094 66484 INFO tempest.lib.common.rest_client [req-a572b76b-81f3-45b7-8957-7891f2af20e7 req-a572b76b-81f3-45b7-8957-7891f2af20e7 ] Request (ListServersNegativeTestJSON:setUpClass): 204 DELETE http://10.180.1.21/compute/v2.1/servers/baf0a546-95dc-4120-a84f-fa075353dbfd 3.794s
2025-12-15 11:02:01.100 66462 INFO tempest.common.waiters [-] State transition "BUILD/None" ==> "BUILD/spawning" after 15 second wait
2025-12-15 11:02:01.286 66470 INFO tempest.lib.common.rest_client [req-8bc1752a-5431-48ed-8d62-a59ea089b6d3 req-8bc1752a-5431-48ed-8d62-a59ea089b6d3 ] Request (QuotasAdminTestV236:test_get_updated_quotas): 200 PUT http://10.180.1.21/compute/v2.1/os-quota-sets/917616176f5547deabfa5fd1e48ca2b7?user_id=1efa3926ca45493a9da28d3c0974ac00 3.875s
2025-12-15 11:02:01.421 66488 INFO tempest.lib.common.rest_client [req-ba677bb9-24bc-4974-ae4c-f70c1e190108 req-ba677bb9-24bc-4974-ae4c-f70c1e190108 ] Request (ServerPasswordTestJSON:setUpClass): 200 GET http://10.180.1.21/compute/v2.1/servers/bcce9df3-21f6-497f-860d-1930776da9bb 3.324s
2025-12-15 11:02:01.674 66486 INFO tempest.lib.common.rest_client [req-528e6850-478f-4099-b85a-2d37fdb2352b req-528e6850-478f-4099-b85a-2d37fdb2352b ] Request (DeleteServersAdminTestJSON:test_delete_server_while_in_error_state): 200 GET http://10.180.1.21/compute/v2.1/servers/b3b80c8d-262e-4867-9a2f-a2b533919d66 3.569s
2025-12-15 11:02:01.815 66478 INFO tempest.lib.common.rest_client [req-38465b45-baf8-4735-9a87-9d0bc6236012 req-38465b45-baf8-4735-9a87-9d0bc6236012 ] Request (ServerActionsTestJSON:test_lock_unlock_server): 409 POST http://10.180.1.21/compute/v2.1/servers/b7c01102-e77a-4c04-8fa4-aa43582d28bf/action 3.470s
2025-12-15 11:02:01.857 66509 INFO tempest.lib.common.rest_client [req-bd623c0c-edaa-409e-9cc4-521bb0f50506 req-bd623c0c-edaa-409e-9cc4-521bb0f50506 ] Request (VolumesSnapshotsTestJSON:test_volume_snapshot_create_get_list_delete): 200 GET http://10.180.1.21/compute/v2.1/os-snapshots/7c8604eb-d332-4c50-a0ef-9bfe33fad114 3.355s
2025-12-15 11:02:01.951 66464 INFO tempest.lib.common.rest_client [req-7eed7658-1dc0-4989-8b1a-5cb902ae1885 req-7eed7658-1dc0-4989-8b1a-5cb902ae1885 ] Request (VolumesAssistedSnapshotsTest:test_volume_assisted_snapshot_create_delete): 200 GET http://10.180.1.21/volume/v3/volumes/5cefa3c0-38e9-4dbc-8265-4c5ee17a75f6 0.065s
2025-12-15 11:02:01.967 66474 INFO tempest.lib.common.rest_client [req-fcba7809-2cc5-4781-8ea8-ccfca006fb46 req-fcba7809-2cc5-4781-8ea8-ccfca006fb46 ] Request (ServerActionsTestOtherB:setUpClass): 202 POST http://10.180.1.21/compute/v2.1/servers 4.150s
2025-12-15 11:02:02.176 66512 INFO tempest.lib.common.rest_client [req-03eacca7-be6a-4966-8d8c-75519c4a525c req-03eacca7-be6a-4966-8d8c-75519c4a525c ] Request (ImagesOneServerTestJSON:setUpClass): 200 GET http://10.180.1.21/compute/v2.1/servers/e9cf499a-6410-4058-84cf-c33f4023aee1 3.168s
2025-12-15 11:02:02.324 66468 INFO tempest.lib.common.rest_client [req-879f4938-5520-4a8b-a518-cc1dc6895943 req-879f4938-5520-4a8b-a518-cc1dc6895943 ] Request (FloatingIPsAssociationNegativeTestJSON:setUpClass): 200 GET http://10.180.1.21/compute/v2.1/servers/92c44412-8ba0-465f-bcfa-977c03d07b6f 3.305s
2025-12-15 11:02:02.386 66511 INFO tempest.lib.common.rest_client [req-a8286bc8-89b8-4a81-a871-7f62fa7ac909 req-a8286bc8-89b8-4a81-a871-7f62fa7ac909 ] Request (ServerDiskConfigTestJSON:test_rebuild_server_with_auto_disk_config): 200 GET http://10.180.1.21/compute/v2.1/servers/4a7ac8ce-9b14-4622-8531-61fdfe087ab0 2.913s
2025-12-15 11:02:02.443 66504 INFO tempest.lib.common.rest_client [req-b9081ba5-b43a-49a9-a501-7b3fcd49eb41 req-b9081ba5-b43a-49a9-a501-7b3fcd49eb41 ] Request (AZV2TestJSON:test_get_availability_zone_list_with_non_admin_user): 200 GET http://10.180.1.21/compute/v2.1/os-availability-zone 2.249s
2025-12-15 11:02:02.463 66480 INFO tempest.lib.common.rest_client [req-9a11210b-6911-496b-a7d5-262a2e222a77 req-9a11210b-6911-496b-a7d5-262a2e222a77 ] Request (ServersTestManualDisk:setUpClass): 202 POST http://10.180.1.21/compute/v2.1/servers 3.782s
2025-12-15 11:02:02.519 66515 INFO tempest.lib.common.rest_client [req-c19ba933-abfe-4045-89a4-4512ac6a892d req-c19ba933-abfe-4045-89a4-4512ac6a892d ] Request (MultipleCreateNegativeTestJSON:test_max_count_less_than_min_count): 400 POST http://10.180.1.21/compute/v2.1/servers 2.270s
2025-12-15 11:02:02.594 66456 INFO tempest.lib.common.rest_client [req-a79efda6-0abb-4ac9-9096-8ffb3161b531 req-a79efda6-0abb-4ac9-9096-8ffb3161b531 ] Request (FloatingIPsAssociationTestJSON:_run_cleanups): 204 DELETE http://10.180.1.21/compute/v2.1/servers/d4d6a674-4672-416e-b92f-713c8d76653a 2.364s
2025-12-15 11:02:02.619 66515 INFO tempest.lib.common.rest_client [req-87b5d421-aba6-47f1-954b-29d0a996fca4 req-87b5d421-aba6-47f1-954b-29d0a996fca4 ] Request (MultipleCreateNegativeTestJSON:test_max_count_less_than_one): 201 POST http://10.180.1.21/identity/v3/auth/tokens 0.093s
2025-12-15 11:02:02.620 66515 INFO tempest.lib.common.fixed_network [-] (MultipleCreateNegativeTestJSON:test_max_count_less_than_one) Found network None available for tenant
2025-12-15 11:02:02.644 66454 INFO tempest.lib.common.rest_client [req-f4e1a386-7615-41fe-af2c-2b0278a8afa7 req-f4e1a386-7615-41fe-af2c-2b0278a8afa7 ] Request (ImagesDeleteNegativeTestJSON:test_delete_non_existent_image): 404 DELETE http://10.180.1.21/compute/v2.1/images/4f8400dd-42b7-4e83-b412-f3fbded4f68e 2.352s
2025-12-15 11:02:02.696 66504 INFO tempest.lib.common.rest_client [req-1e917e3d-94f8-4185-9775-722d2ed43c4f req-1e917e3d-94f8-4185-9775-722d2ed43c4f ] Request (AZV2TestJSON:tearDownClass): 204 DELETE http://10.180.1.21/identity/v3/users/90441fa680f0495fbce081bf69408f84 0.245s
2025-12-15 11:02:02.697 66504 INFO tempest.lib.common.dynamic_creds [-] Deleting project and security group for project: bbbf5118d3f0419c8023cfa376620d6f
2025-12-15 11:02:02.701 66506 INFO tempest.lib.common.rest_client [req-e8d74edb-a9ed-46c9-8dc5-4027a0884207 req-e8d74edb-a9ed-46c9-8dc5-4027a0884207 ] Request (ServersTestMultiNic:_run_cleanups): 204 DELETE http://10.180.1.21/compute/v2.1/servers/286621bd-600c-46f8-bdb5-204884ca3de7 2.435s
2025-12-15 11:02:02.748 66496 INFO tempest.lib.common.rest_client [req-1eaddd0d-9778-4986-bd19-ba40310fb590 req-1eaddd0d-9778-4986-bd19-ba40310fb590 ] Request (ServersNegativeTestMultiTenantJSON:setUpClass): 200 GET http://10.180.1.21/compute/v2.1/servers/a7ba533b-dffd-4c3d-85f7-1e1d5c78c588 2.331s
2025-12-15 11:02:02.808 66504 INFO tempest.lib.common.rest_client [req-133cdb28-6639-49bc-ac27-04c2203d2b66 req-133cdb28-6639-49bc-ac27-04c2203d2b66 ] Request (AZV2TestJSON:tearDownClass): 201 POST http://10.180.1.21/identity/v3/auth/tokens 0.111s
2025-12-15 11:02:02.861 66454 INFO tempest.lib.common.rest_client [req-964a55da-b82b-4d36-a9c0-3f455a11ecdc req-964a55da-b82b-4d36-a9c0-3f455a11ecdc ] Request (ImagesDeleteNegativeTestJSON:tearDownClass): 204 DELETE http://10.180.1.21/identity/v3/users/7114d728ca774444bc4a6d0838f375a7 0.212s
2025-12-15 11:02:02.861 66454 INFO tempest.lib.common.dynamic_creds [-] Deleting project and security group for project: bd999f455ebb4606857bc4d25f275346
2025-12-15 11:02:02.946 66454 INFO tempest.lib.common.rest_client [req-d18edea4-0b72-4d1e-8cda-88e7f783ebe2 req-d18edea4-0b72-4d1e-8cda-88e7f783ebe2 ] Request (ImagesDeleteNegativeTestJSON:tearDownClass): 201 POST http://10.180.1.21/identity/v3/auth/tokens 0.083s
2025-12-15 11:02:03.019 66464 INFO tempest.lib.common.rest_client [req-9907053e-35aa-4542-b19d-3662732a4939 req-9907053e-35aa-4542-b19d-3662732a4939 ] Request (VolumesAssistedSnapshotsTest:test_volume_assisted_snapshot_create_delete): 200 GET http://10.180.1.21/volume/v3/volumes/5cefa3c0-38e9-4dbc-8265-4c5ee17a75f6 0.053s
2025-12-15 11:02:03.063 66492 INFO tempest.lib.common.rest_client [req-34b4d07b-ef1b-4b05-bd72-7df938fbe38b req-34b4d07b-ef1b-4b05-bd72-7df938fbe38b ] Request (MigrationsAdminTest:test_list_migrations_in_flavor_resize_situation): 202 POST http://10.180.1.21/compute/v2.1/servers/1fe60718-0f8d-4dad-9ba8-fc3a817373cf/action 2.283s
2025-12-15 11:02:03.101 66458 INFO tempest.lib.common.rest_client [req-cbdee797-06b8-4fc3-98e3-1ff916c10b01 req-cbdee797-06b8-4fc3-98e3-1ff916c10b01 ] Request (ServicesAdminNegativeTestJSON:test_get_service_by_invalid_service_and_valid_host): 200 GET http://10.180.1.21/compute/v2.1/os-services?host=devstack&binary=xxx 2.308s
2025-12-15 11:02:03.108 66452 INFO tempest.lib.common.rest_client [req-9858cec9-2499-4a55-8bbc-d56b10b7fa4d req-9858cec9-2499-4a55-8bbc-d56b10b7fa4d ] Request (AggregatesAdminNegativeTestJSON:test_aggregate_get_details_as_user): 403 GET http://10.180.1.21/compute/v2.1/os-aggregates/6 2.235s
