2025-12-15 11:04:16.956 66486 INFO tempest.lib.common.rest_client [req-0bc31e36-855f-4816-a2d8-affb134b6f91 req-0bc31e36-855f-4816-a2d8-affb134b6f91 ] Request (ServerShowV254Test:test_rebuild_server): 200 GET http://10.180.1.21/compute/v2.1/servers/c20352d1-211e-490b-a9df-d834ce70e418 0.186s
2025-12-15 11:04:17.107 66468 INFO tempest.lib.common.rest_client [req-fe1144b8-7a8c-4d22-af15-cfe36d812c72 req-fe1144b8-7a8c-4d22-af15-cfe36d812c72 ] Request (ServerMetadataTestJSON:tearDownClass): 200 GET http://10.180.1.21/compute/v2.1/servers/0287f524-f07c-42d1-8cbb-016c9c442d79 0.200s
2025-12-15 11:04:17.134 66458 INFO tempest.lib.common.rest_client [req-cd3addb8-60af-46db-8ad6-1969da60b1e6 req-cd3addb8-60af-46db-8ad6-1969da60b1e6 ] Request (ServersTestFqdnHostnames:tearDownClass): 200 GET http://10.180.1.21/compute/v2.1/servers/e6deaea1-8bac-48ea-8962-225f90ea23f3 0.099s
2025-12-15 11:04:17.240 66500 INFO tempest.lib.common.rest_client [req-03b6ad6b-c676-44bf-b39a-44707229875f req-03b6ad6b-c676-44bf-b39a-44707229875f ] Request (ServersTestJSON:test_create_server_with_ipv6_addr_only): 200 GET http://10.180.1.21/compute/v2.1/servers/a5bccb0e-0d39-4401-96cf-61c5ca405f3e 0.150s
2025-12-15 11:04:17.269 66482 INFO tempest.lib.common.rest_client [req-b5da0813-f1f8-4b87-acbd-ad5a567e036b req-b5da0813-f1f8-4b87-acbd-ad5a567e036b ] Request (SecurityGroupsTestJSON:tearDownClass): 200 GET http://10.180.1.21/compute/v2.1/servers/54e44d5b-be8b-43ac-9bc0-0111fb86cdb2 0.205s
2025-12-15 11:04:17.300 66490 INFO tempest.lib.common.rest_client [req-1808c251-cb67-44bd-a135-d0162cc4acbe req-1808c251-cb67-44bd-a135-d0162cc4acbe ] Request (ServersWithSpecificFlavorTestJSON:test_verify_created_server_ephemeral_disk): 200 GET http://10.180.1.21/compute/v2.1/servers/f28ebcb0-8dbd-4ef3-b2d5-05ddefd6c51f 0.130s
2025-12-15 11:04:17.371 66464 INFO tempest.lib.common.rest_client [req-17611b97-064b-43cc-b867-74934ef4be96 req-17611b97-064b-43cc-b867-74934ef4be96 ] Request (InstanceActionsNegativeTestJSON:tearDownClass): 200 GET http://10.180.1.21/compute/v2.1/servers/57a4b761-51e4-48e0-9948-cd1bd5be3943 0.091s
2025-12-15 11:04:17.399 66454 INFO tempest.lib.common.rest_client [req-325e450f-e4d5-4b68-8e7c-a8ec65ff9f05 req-325e450f-e4d5-4b68-8e7c-a8ec65ff9f05 ] Request (ServerRescueTestJSONUnderV235:setUpClass): 200 GET http://10.180.1.21/compute/v2.1/servers/3bb84fed-f958-4b7d-ad64-23446b272234 0.127s
2025-12-15 11:04:17.465 66512 INFO tempest.lib.common.rest_client [req-be074633-142c-4e10-99e8-553b46dc7b33 req-be074633-142c-4e10-99e8-553b46dc7b33 ] Request (ServerShowV247Test:test_update_rebuild_list_server): 200 GET http://10.180.1.21/compute/v2.1/servers/591bba3c-03b4-490c-b7bb-d5dce071cea1 0.061s
2025-12-15 11:04:17.548 66472 INFO tempest.lib.common.rest_client [req-81c55b3f-8996-47f6-a3a8-49c989909a2f req-81c55b3f-8996-47f6-a3a8-49c989909a2f ] Request (ListServerFiltersTestJSON:setUpClass): 200 GET http://10.180.1.21/compute/v2.1/servers/7e7bf593-6ae9-4c23-8f60-a1c76f9ba4dc 0.118s
2025-12-15 11:04:17.557 66472 INFO tempest.common.waiters [-] State transition "BUILD/networking" ==> "BUILD/spawning" after 36 second wait
2025-12-15 11:04:17.604 66462 INFO tempest.lib.common.rest_client [req-5438cf17-6d45-407f-8c8d-5c4c319eb1e0 req-5438cf17-6d45-407f-8c8d-5c4c319eb1e0 ] Request (ServersAdminTestJSON:tearDownClass): 200 GET http://10.180.1.21/compute/v2.1/servers/eef30401-64b9-48d3-b371-3a38939b0e40 0.081s
2025-12-15 11:04:17.651 66511 INFO tempest.lib.common.rest_client [req-33086720-91e4-42cc-9c30-234ad5ec8258 req-33086720-91e4-42cc-9c30-234ad5ec8258 ] Request (ServerDiskConfigTestJSON:test_resize_server_from_auto_to_manual): 200 GET http://10.180.1.21/compute/v2.1/servers/c33baee6-fcdf-4996-a389-c5002e19e369 0.120s
2025-12-15 11:04:17.683 66484 INFO tempest.lib.common.rest_client [req-5f1b0a2e-366f-4311-b011-9a5073983234 req-5f1b0a2e-366f-4311-b011-9a5073983234 ] Request (ServersAaction247Test:tearDownClass): 200 GET http://10.180.1.21/compute/v2.1/servers/c2a515e3-93dd-4949-8c5f-24855698b041 0.087s
2025-12-15 11:04:17.721 66466 INFO tempest.lib.common.rest_client [req-b684ed5c-b4de-454f-b98f-17b5319aaff3 req-b684ed5c-b4de-454f-b98f-17b5319aaff3 ] Request (ServersAdminNegativeTestJSON:tearDownClass): 200 GET http://10.180.1.21/compute/v2.1/servers/3cdec9de-3f4e-4afb-9636-38cbb5725601 0.106s
2025-12-15 11:04:17.746 66470 INFO tempest.lib.common.rest_client [req-ca54ab85-1df0-49f7-997a-f48d76800ece req-ca54ab85-1df0-49f7-997a-f48d76800ece ] Request (AttachVolumeNegativeTest:test_attach_attached_volume_to_different_server): 200 GET http://10.180.1.21/compute/v2.1/servers/83b4ef88-60f6-44af-bf2e-82c6db0e95c0 0.090s
2025-12-15 11:04:17.777 66452 INFO tempest.lib.common.rest_client [req-472e39ba-ad96-4bd2-b0ed-6cfee31e53cf req-472e39ba-ad96-4bd2-b0ed-6cfee31e53cf ] Request (AttachInterfacesTestJSON:test_create_list_show_delete_interfaces_by_fixed_ip): 200 GET http://10.180.1.21/compute/v2.1/servers/c581cf23-a0e8-4deb-9853-0e42a292dfa7 0.107s
2025-12-15 11:04:17.797 66474 INFO tempest.lib.common.rest_client [req-6a9664fb-a9a0-4758-ab19-b3a6086d9ec0 req-6a9664fb-a9a0-4758-ab19-b3a6086d9ec0 ] Request (ServerActionsTestOtherB:test_create_backup): 200 GET http://10.180.1.21/image/v2/images/5e9eec0b-207e-45f1-acce-aef4f4f0a9c6 0.019s
2025-12-15 11:04:17.808 66506 INFO tempest.lib.common.rest_client [req-ca910658-bf19-444e-9656-58ea92607359 req-ca910658-bf19-444e-9656-58ea92607359 ] Request (InstanceActionsV221TestJSON:test_get_list_deleted_instance_actions): 200 GET http://10.180.1.21/compute/v2.1/servers/3639f023-0b26-449a-aa9c-fa6c775c5c1f 0.076s
2025-12-15 11:04:17.834 66474 INFO tempest.lib.common.rest_client [req-149cd0c8-e4e3-4e4d-b790-861f17921aa0 req-149cd0c8-e4e3-4e4d-b790-861f17921aa0 ] Request (ServerActionsTestOtherB:test_create_backup): 200 GET http://10.180.1.21/image/v2/images/5e9eec0b-207e-45f1-acce-aef4f4f0a9c6/tasks 0.036s
2025-12-15 11:04:17.859 66480 INFO tempest.lib.common.rest_client [req-ec9a2f58-b004-46c9-b5ec-19868f51b09a req-ec9a2f58-b004-46c9-b5ec-19868f51b09a ] Request (ServersTestManualDisk:tearDownClass): 200 GET http://10.180.1.21/compute/v2.1/servers/07424c8f-454e-4159-b4d3-aadf27bc8a7d 0.122s
2025-12-15 11:04:18.103 66474 INFO tempest.lib.common.rest_client [req-b21c099c-5b56-48c3-833a-2877d06e7a19 req-b21c099c-5b56-48c3-833a-2877d06e7a19 ] Request (ServerActionsTestOtherB:test_create_backup): 200 GET http://10.180.1.21/compute/v2.1/servers/37fefe01-051a-46af-aed0-742535fdfaef 0.268s
2025-12-15 11:04:18.125 66495 WARNING tempest.lib.common.ssh [-] Failed to establish authenticated ssh connection to cirros@10.180.180.251 ([Errno None] Unable to connect to port 22 on 10.180.180.251). Number attempts: 2. Retry after 3 seconds.: paramiko.ssh_exception.NoValidConnectionsError: [Errno None] Unable to connect to port 22 on 10.180.180.251
2025-12-15 11:04:18.190 66478 WARNING tempest.lib.common.ssh [-] Failed to establish authenticated ssh connection to cirros@10.180.180.133 ([Errno None] Unable to connect to port 22 on 10.180.180.133). Number attempts: 1. Retry after 2 seconds.: paramiko.ssh_exception.NoValidConnectionsError: [Errno None] Unable to connect to port 22 on 10.180.180.133
2025-12-15 11:04:18.221 66456 INFO tempest.lib.common.rest_client [req-d4b24514-f553-4d86-95d9-a2b28eda7fdd req-d4b24514-f553-4d86-95d9-a2b28eda7fdd ] Request (ImagesOneServerNegativeTestJSON:tearDown): 200 GET http://10.180.1.21/compute/v2.1/servers/cfbe5c89-b454-4fac-871e-851b2800a82f 0.332s
2025-12-15 11:04:18.305 66492 INFO tempest.lib.common.rest_client [req-09a1b643-d1d6-4fb6-8c58-b0169b881fb8 req-09a1b643-d1d6-4fb6-8c58-b0169b881fb8 ] Request (MigrationsAdminTest:test_resize_server_revert_deleted_flavor): 200 GET http://10.180.1.21/compute/v2.1/servers/cc2ebda7-c4c6-4652-9372-ede462136fc1 0.401s
2025-12-15 11:04:18.329 66476 INFO tempest.lib.common.rest_client [req-ea6834f8-62de-4c48-beb1-b051047635f1 req-ea6834f8-62de-4c48-beb1-b051047635f1 ] Request (ServersV294TestFqdnHostnames:setUpClass): 200 GET http://10.180.1.21/compute/v2.1/servers/92e77b15-ca10-4b76-b5a5-cbf215836497 0.375s
2025-12-15 11:04:18.369 66486 INFO tempest.lib.common.rest_client [req-032f903e-7418-4f81-9d65-7c55c1e8acb7 req-032f903e-7418-4f81-9d65-7c55c1e8acb7 ] Request (ServerShowV254Test:test_rebuild_server): 200 GET http://10.180.1.21/compute/v2.1/servers/c20352d1-211e-490b-a9df-d834ce70e418 0.403s
2025-12-15 11:04:18.416 66468 INFO tempest.lib.common.rest_client [req-216d6ff8-0584-467c-abc8-92f543f55e01 req-216d6ff8-0584-467c-abc8-92f543f55e01 ] Request (ServerMetadataTestJSON:tearDownClass): 200 GET http://10.180.1.21/compute/v2.1/servers/0287f524-f07c-42d1-8cbb-016c9c442d79 0.298s
2025-12-15 11:04:18.471 66458 INFO tempest.lib.common.rest_client [req-291fa5f4-ad9c-4ce2-a024-c7715a951b6d req-291fa5f4-ad9c-4ce2-a024-c7715a951b6d ] Request (ServersTestFqdnHostnames:tearDownClass): 200 GET http://10.180.1.21/compute/v2.1/servers/e6deaea1-8bac-48ea-8962-225f90ea23f3 0.325s
2025-12-15 11:04:18.507 66500 INFO tempest.lib.common.rest_client [req-bd60c9ad-fbb4-4066-8e01-5956ae95f991 req-bd60c9ad-fbb4-4066-8e01-5956ae95f991 ] Request (ServersTestJSON:test_create_server_with_ipv6_addr_only): 200 GET http://10.180.1.21/compute/v2.1/servers/a5bccb0e-0d39-4401-96cf-61c5ca405f3e 0.256s
2025-12-15 11:04:18.593 66482 INFO tempest.lib.common.rest_client [req-1404c32d-df2f-4cc2-9e0f-fcf920155eba req-1404c32d-df2f-4cc2-9e0f-fcf920155eba ] Request (SecurityGroupsTestJSON:tearDownClass): 200 GET http://10.180.1.21/compute/v2.1/servers/54e44d5b-be8b-43ac-9bc0-0111fb86cdb2 0.315s
2025-12-15 11:04:18.608 66490 INFO tempest.lib.common.rest_client [req-bb00e183-bcbb-4add-9054-54e3cb208cf8 req-bb00e183-bcbb-4add-9054-54e3cb208cf8 ] Request (ServersWithSpecificFlavorTestJSON:test_verify_created_server_ephemeral_disk): 200 GET http://10.180.1.21/compute/v2.1/servers/f28ebcb0-8dbd-4ef3-b2d5-05ddefd6c51f 0.300s
2025-12-15 11:04:18.620 66490 INFO tempest.common.waiters [-] State transition "BUILD/None" ==> "BUILD/networking" after 35 second wait
2025-12-15 11:04:18.673 66464 INFO tempest.lib.common.rest_client [req-f803b5eb-b770-4a66-9b56-de429f13c1ff req-f803b5eb-b770-4a66-9b56-de429f13c1ff ] Request (InstanceActionsNegativeTestJSON:tearDownClass): 200 GET http://10.180.1.21/compute/v2.1/servers/57a4b761-51e4-48e0-9948-cd1bd5be3943 0.292s
2025-12-15 11:04:18.802 66512 INFO tempest.lib.common.rest_client [req-47c9d7bb-1db9-4937-ad1c-2bdce0d7d307 req-47c9d7bb-1db9-4937-ad1c-2bdce0d7d307 ] Request (ServerShowV247Test:test_update_rebuild_list_server): 200 GET http://10.180.1.21/compute/v2.1/servers/591bba3c-03b4-490c-b7bb-d5dce071cea1 0.328s
2025-12-15 11:04:18.833 66454 INFO tempest.lib.common.rest_client [req-4096b750-7fa6-406b-abd6-19563c3ce116 req-4096b750-7fa6-406b-abd6-19563c3ce116 ] Request (ServerRescueTestJSONUnderV235:setUpClass): 200 GET http://10.180.1.21/compute/v2.1/servers/3bb84fed-f958-4b7d-ad64-23446b272234 0.424s
2025-12-15 11:04:18.950 66462 INFO tempest.lib.common.rest_client [req-d95e9c80-2fda-4fc9-a3e9-0c1db24be3c5 req-d95e9c80-2fda-4fc9-a3e9-0c1db24be3c5 ] Request (ServersAdminTestJSON:tearDownClass): 200 GET http://10.180.1.21/compute/v2.1/servers/eef30401-64b9-48d3-b371-3a38939b0e40 0.338s
2025-12-15 11:04:18.990 66472 INFO tempest.lib.common.rest_client [req-eb862476-08e6-4b76-9fa9-2beaf4314e48 req-eb862476-08e6-4b76-9fa9-2beaf4314e48 ] Request (ListServerFiltersTestJSON:setUpClass): 200 GET http://10.180.1.21/compute/v2.1/servers/7e7bf593-6ae9-4c23-8f60-a1c76f9ba4dc 0.431s
2025-12-15 11:04:19.019 66511 INFO tempest.lib.common.rest_client [req-dae1a8d4-20e2-4168-b333-1a655411f9c6 req-dae1a8d4-20e2-4168-b333-1a655411f9c6 ] Request (ServerDiskConfigTestJSON:test_resize_server_from_auto_to_manual): 200 GET http://10.180.1.21/compute/v2.1/servers/c33baee6-fcdf-4996-a389-c5002e19e369 0.355s
2025-12-15 11:04:19.059 66484 INFO tempest.lib.common.rest_client [req-a0eb70a3-b851-456b-87e2-e41df852baae req-a0eb70a3-b851-456b-87e2-e41df852baae ] Request (ServersAaction247Test:tearDownClass): 200 GET http://10.180.1.21/compute/v2.1/servers/c2a515e3-93dd-4949-8c5f-24855698b041 0.365s
2025-12-15 11:04:19.106 66466 INFO tempest.lib.common.rest_client [req-a2d18654-90b8-49c1-999c-583b3c77ffe1 req-a2d18654-90b8-49c1-999c-583b3c77ffe1 ] Request (ServersAdminNegativeTestJSON:tearDownClass): 200 GET http://10.180.1.21/compute/v2.1/servers/3cdec9de-3f4e-4afb-9636-38cbb5725601 0.376s
2025-12-15 11:04:19.124 66470 INFO tempest.lib.common.rest_client [req-205fbe5d-b1a2-4874-8b25-0a50faa03458 req-205fbe5d-b1a2-4874-8b25-0a50faa03458 ] Request (AttachVolumeNegativeTest:test_attach_attached_volume_to_different_server): 200 GET http://10.180.1.21/compute/v2.1/servers/83b4ef88-60f6-44af-bf2e-82c6db0e95c0 0.371s
2025-12-15 11:04:19.183 66452 INFO tempest.lib.common.rest_client [req-06e4cd46-90eb-40e8-b507-34d201b0cb67 req-06e4cd46-90eb-40e8-b507-34d201b0cb67 ] Request (AttachInterfacesTestJSON:test_create_list_show_delete_interfaces_by_fixed_ip): 200 GET http://10.180.1.21/compute/v2.1/servers/c581cf23-a0e8-4deb-9853-0e42a292dfa7 0.398s
2025-12-15 11:04:19.198 66506 INFO tempest.lib.common.rest_client [req-4c1357f5-1e2b-4589-b37b-6d216d0fed5e req-4c1357f5-1e2b-4589-b37b-6d216d0fed5e ] Request (InstanceActionsV221TestJSON:test_get_list_deleted_instance_actions): 200 GET http://10.180.1.21/compute/v2.1/servers/3639f023-0b26-449a-aa9c-fa6c775c5c1f 0.379s
2025-12-15 11:04:19.322 66480 INFO tempest.lib.common.rest_client [req-8251311c-1cd2-4566-aec0-9945c10f7ee2 req-8251311c-1cd2-4566-aec0-9945c10f7ee2 ] Request (ServersTestManualDisk:tearDownClass): 200 GET http://10.180.1.21/compute/v2.1/servers/07424c8f-454e-4159-b4d3-aadf27bc8a7d 0.451s
2025-12-15 11:04:19.347 66474 INFO tempest.lib.common.rest_client [req-6d14226a-92e7-41b0-89b5-70a9d302b124 req-6d14226a-92e7-41b0-89b5-70a9d302b124 ] Request (ServerActionsTestOtherB:test_create_backup): 200 GET http://10.180.1.21/compute/v2.1/servers/37fefe01-051a-46af-aed0-742535fdfaef 0.234s
2025-12-15 11:04:19.527 66456 INFO tempest.lib.common.rest_client [req-5dca572e-30ec-4916-bc91-729941ca4868 req-5dca572e-30ec-4916-bc91-729941ca4868 ] Request (ImagesOneServerNegativeTestJSON:tearDown): 200 GET http://10.180.1.21/compute/v2.1/servers/cfbe5c89-b454-4fac-871e-851b2800a82f 0.296s
2025-12-15 11:04:19.534 66456 INFO tempest.common.waiters [-] State transition "ACTIVE/image_uploading" ==> "ACTIVE/None" after 7 second wait
2025-12-15 11:04:19.544 66492 INFO tempest.lib.common.rest_client [req-677c4651-8ba2-4325-b7c0-6bbd6dea1e3a req-677c4651-8ba2-4325-b7c0-6bbd6dea1e3a ] Request (MigrationsAdminTest:test_resize_server_revert_deleted_flavor): 200 GET http://10.180.1.21/compute/v2.1/servers/cc2ebda7-c4c6-4652-9372-ede462136fc1 0.228s
2025-12-15 11:04:19.594 66476 INFO tempest.lib.common.rest_client [req-7d4e8b60-3cd3-4854-a80c-0ab6bd3d12c3 req-7d4e8b60-3cd3-4854-a80c-0ab6bd3d12c3 ] Request (ServersV294TestFqdnHostnames:setUpClass): 200 GET http://10.180.1.21/compute/v2.1/servers/92e77b15-ca10-4b76-b5a5-cbf215836497 0.252s
2025-12-15 11:04:19.604 66486 INFO tempest.lib.common.rest_client [req-4cf57795-b737-4fb5-ae53-7a9034646c50 req-4cf57795-b737-4fb5-ae53-7a9034646c50 ] Request (ServerShowV254Test:test_rebuild_server): 200 GET http://10.180.1.21/compute/v2.1/servers/c20352d1-211e-490b-a9df-d834ce70e418 0.224s
2025-12-15 11:04:19.677 66468 INFO tempest.lib.common.rest_client [req-536ee35e-37b9-4fae-8dfe-2c2c248e9295 req-536ee35e-37b9-4fae-8dfe-2c2c248e9295 ] Request (ServerMetadataTestJSON:tearDownClass): 200 GET http://10.180.1.21/compute/v2.1/servers/0287f524-f07c-42d1-8cbb-016c9c442d79 0.247s
2025-12-15 11:04:19.690 66468 INFO tempest.common.waiters [-] State transition "ACTIVE/deleting" ==> "DELETED/None" after 4 second wait
2025-12-15 11:04:19.695 66458 INFO tempest.lib.common.rest_client [req-c7968e96-0a64-43cd-9e2d-d207ea72053a req-c7968e96-0a64-43cd-9e2d-d207ea72053a ] Request (ServersTestFqdnHostnames:tearDownClass): 200 GET http://10.180.1.21/compute/v2.1/servers/e6deaea1-8bac-48ea-8962-225f90ea23f3 0.214s
2025-12-15 11:04:19.761 66500 INFO tempest.lib.common.rest_client [req-eebe6b04-4a1e-4c91-bf53-83ee806b3909 req-eebe6b04-4a1e-4c91-bf53-83ee806b3909 ] Request (ServersTestJSON:test_create_server_with_ipv6_addr_only): 200 GET http://10.180.1.21/compute/v2.1/servers/a5bccb0e-0d39-4401-96cf-61c5ca405f3e 0.243s
2025-12-15 11:04:19.783 66456 INFO tempest.lib.common.rest_client [req-4343b8f7-672e-4ef8-865f-a2f36c1ceaa5 req-4343b8f7-672e-4ef8-865f-a2f36c1ceaa5 ] Request (ImagesOneServerNegativeTestJSON:_run_cleanups): 204 DELETE http://10.180.1.21/compute/v2.1/servers/cfbe5c89-b454-4fac-871e-851b2800a82f 0.248s
2025-12-15 11:04:19.834 66482 INFO tempest.lib.common.rest_client [req-37b961f1-4ea4-442a-90df-c7331599d26d req-37b961f1-4ea4-442a-90df-c7331599d26d ] Request (SecurityGroupsTestJSON:tearDownClass): 200 GET http://10.180.1.21/compute/v2.1/servers/54e44d5b-be8b-43ac-9bc0-0111fb86cdb2 0.231s
2025-12-15 11:04:19.908 66490 INFO tempest.lib.common.rest_client [req-8b6f4799-e9f8-419d-8854-4436a34c085e req-8b6f4799-e9f8-419d-8854-4436a34c085e ] Request (ServersWithSpecificFlavorTestJSON:test_verify_created_server_ephemeral_disk): 200 GET http://10.180.1.21/compute/v2.1/servers/f28ebcb0-8dbd-4ef3-b2d5-05ddefd6c51f 0.287s
2025-12-15 11:04:19.915 66490 INFO tempest.common.waiters [-] State transition "BUILD/networking" ==> "BUILD/block_device_mapping" after 36 second wait
2025-12-15 11:04:19.923 66464 INFO tempest.lib.common.rest_client [req-eae927d0-5ef5-4dcd-a062-3cbb632f9dcc req-eae927d0-5ef5-4dcd-a062-3cbb632f9dcc ] Request (InstanceActionsNegativeTestJSON:tearDownClass): 200 GET http://10.180.1.21/compute/v2.1/servers/57a4b761-51e4-48e0-9948-cd1bd5be3943 0.233s
2025-12-15 11:04:19.997 66512 INFO tempest.lib.common.rest_client [req-7f7ae2ed-f5b3-453e-8e57-0abecd35899e req-7f7ae2ed-f5b3-453e-8e57-0abecd35899e ] Request (ServerShowV247Test:test_update_rebuild_list_server): 200 GET http://10.180.1.21/compute/v2.1/servers/591bba3c-03b4-490c-b7bb-d5dce071cea1 0.183s
2025-12-15 11:04:20.021 66456 INFO tempest.lib.common.rest_client [req-77ea8c87-cc33-44dc-b158-47c93d92f022 req-77ea8c87-cc33-44dc-b158-47c93d92f022 ] Request (ImagesOneServerNegativeTestJSON:_run_cleanups): 200 GET http://10.180.1.21/compute/v2.1/servers/cfbe5c89-b454-4fac-871e-851b2800a82f 0.237s
2025-12-15 11:04:20.130 66462 INFO tempest.lib.common.rest_client [req-70e3a45c-daf4-41ea-8b8a-16cca23c8534 req-70e3a45c-daf4-41ea-8b8a-16cca23c8534 ] Request (ServersAdminTestJSON:tearDownClass): 200 GET http://10.180.1.21/compute/v2.1/servers/eef30401-64b9-48d3-b371-3a38939b0e40 0.166s
2025-12-15 11:04:20.151 66454 INFO tempest.lib.common.rest_client [req-8306c8e0-f5f1-4ddb-b605-d0127aa748a0 req-8306c8e0-f5f1-4ddb-b605-d0127aa748a0 ] Request (ServerRescueTestJSONUnderV235:setUpClass): 200 GET http://10.180.1.21/compute/v2.1/servers/3bb84fed-f958-4b7d-ad64-23446b272234 0.308s
2025-12-15 11:04:20.270 66511 INFO tempest.lib.common.rest_client [req-0c6eacbf-4745-4c05-a5c9-6cd120153223 req-0c6eacbf-4745-4c05-a5c9-6cd120153223 ] Request (ServerDiskConfigTestJSON:test_resize_server_from_auto_to_manual): 200 GET http://10.180.1.21/compute/v2.1/servers/c33baee6-fcdf-4996-a389-c5002e19e369 0.244s
2025-12-15 11:04:20.298 66472 INFO tempest.lib.common.rest_client [req-639c5ec4-5dbb-4d62-bd73-7d774bfec848 req-639c5ec4-5dbb-4d62-bd73-7d774bfec848 ] Request (ListServerFiltersTestJSON:setUpClass): 200 GET http://10.180.1.21/compute/v2.1/servers/7e7bf593-6ae9-4c23-8f60-a1c76f9ba4dc 0.300s
2025-12-15 11:04:20.346 66484 INFO tempest.lib.common.rest_client [req-04d1c252-8b36-462e-a7ea-2eafeeb7e2c9 req-04d1c252-8b36-462e-a7ea-2eafeeb7e2c9 ] Request (ServersAaction247Test:tearDownClass): 200 GET http://10.180.1.21/compute/v2.1/servers/c2a515e3-93dd-4949-8c5f-24855698b041 0.273s
2025-12-15 11:04:20.375 66466 INFO tempest.lib.common.rest_client [req-6378aed6-1a26-495c-b7b9-e55ee3d62ca0 req-6378aed6-1a26-495c-b7b9-e55ee3d62ca0 ] Request (ServersAdminNegativeTestJSON:tearDownClass): 200 GET http://10.180.1.21/compute/v2.1/servers/3cdec9de-3f4e-4afb-9636-38cbb5725601 0.260s
2025-12-15 11:04:20.411 66470 INFO tempest.lib.common.rest_client [req-dff7d54b-f5ca-47fc-b054-d7fce6b76818 req-dff7d54b-f5ca-47fc-b054-d7fce6b76818 ] Request (AttachVolumeNegativeTest:test_attach_attached_volume_to_different_server): 200 GET http://10.180.1.21/compute/v2.1/servers/83b4ef88-60f6-44af-bf2e-82c6db0e95c0 0.275s
2025-12-15 11:04:20.448 66452 INFO tempest.lib.common.rest_client [req-9b772cd9-0d9d-45c8-bd1a-d4284dfd9689 req-9b772cd9-0d9d-45c8-bd1a-d4284dfd9689 ] Request (AttachInterfacesTestJSON:test_create_list_show_delete_interfaces_by_fixed_ip): 200 GET http://10.180.1.21/compute/v2.1/servers/c581cf23-a0e8-4deb-9853-0e42a292dfa7 0.253s
2025-12-15 11:04:20.498 66506 INFO tempest.lib.common.rest_client [req-0f3958b8-7474-4fe2-b0c0-79368bd69788 req-0f3958b8-7474-4fe2-b0c0-79368bd69788 ] Request (InstanceActionsV221TestJSON:test_get_list_deleted_instance_actions): 200 GET http://10.180.1.21/compute/v2.1/servers/3639f023-0b26-449a-aa9c-fa6c775c5c1f 0.290s
2025-12-15 11:04:20.538 66480 INFO tempest.lib.common.rest_client [req-e996ec19-38ba-423b-a6dd-9a31ab31a7d4 req-e996ec19-38ba-423b-a6dd-9a31ab31a7d4 ] Request (ServersTestManualDisk:tearDownClass): 200 GET http://10.180.1.21/compute/v2.1/servers/07424c8f-454e-4159-b4d3-aadf27bc8a7d 0.205s
2025-12-15 11:04:20.611 66474 INFO tempest.lib.common.rest_client [req-638a8d5a-1dd8-4b0b-bdf4-c85a9b441ec7 req-638a8d5a-1dd8-4b0b-bdf4-c85a9b441ec7 ] Request (ServerActionsTestOtherB:test_create_backup): 200 GET http://10.180.1.21/compute/v2.1/servers/37fefe01-051a-46af-aed0-742535fdfaef 0.255s
2025-12-15 11:04:20.621 66474 INFO tempest.common.waiters [-] State transition "ACTIVE/image_uploading" ==> "ACTIVE/None" after 2 second wait
2025-12-15 11:04:20.676 66492 INFO tempest.lib.common.rest_client [req-ea3c624c-41ee-4dc3-9725-28c95ff5ea7e req-ea3c624c-41ee-4dc3-9725-28c95ff5ea7e ] Request (MigrationsAdminTest:test_resize_server_revert_deleted_flavor): 200 GET http://10.180.1.21/compute/v2.1/servers/cc2ebda7-c4c6-4652-9372-ede462136fc1 0.124s
2025-12-15 11:04:20.694 66478 WARNING tempest.lib.common.ssh [-] Failed to establish authenticated ssh connection to cirros@10.180.180.133 ([Errno None] Unable to connect to port 22 on 10.180.180.133). Number attempts: 2. Retry after 3 seconds.: paramiko.ssh_exception.NoValidConnectionsError: [Errno None] Unable to connect to port 22 on 10.180.180.133
2025-12-15 11:04:20.705 66476 INFO tempest.lib.common.rest_client [req-390c31cf-1fb3-4161-9f9c-b2d70a96b73b req-390c31cf-1fb3-4161-9f9c-b2d70a96b73b ] Request (ServersV294TestFqdnHostnames:setUpClass): 200 GET http://10.180.1.21/compute/v2.1/servers/92e77b15-ca10-4b76-b5a5-cbf215836497 0.099s
2025-12-15 11:04:20.749 66486 INFO tempest.lib.common.rest_client [req-a5ce31de-6ee7-4317-ac8c-eea9bab33bf8 req-a5ce31de-6ee7-4317-ac8c-eea9bab33bf8 ] Request (ServerShowV254Test:test_rebuild_server): 200 GET http://10.180.1.21/compute/v2.1/servers/c20352d1-211e-490b-a9df-d834ce70e418 0.133s
2025-12-15 11:04:20.829 66468 INFO tempest.lib.common.rest_client [req-09133410-a008-4427-acc1-13becc6db951 req-09133410-a008-4427-acc1-13becc6db951 ] Request (ServerMetadataTestJSON:tearDownClass): 200 GET http://10.180.1.21/compute/v2.1/servers/0287f524-f07c-42d1-8cbb-016c9c442d79 0.138s
2025-12-15 11:04:20.903 66458 INFO tempest.lib.common.rest_client [req-09c703a0-585a-4e39-b801-3c0292a912e7 req-09c703a0-585a-4e39-b801-3c0292a912e7 ] Request (ServersTestFqdnHostnames:tearDownClass): 200 GET http://10.180.1.21/compute/v2.1/servers/e6deaea1-8bac-48ea-8962-225f90ea23f3 0.198s
2025-12-15 11:04:20.953 66500 INFO tempest.lib.common.rest_client [req-9737003c-7054-4d50-add1-31347ca3fc91 req-9737003c-7054-4d50-add1-31347ca3fc91 ] Request (ServersTestJSON:test_create_server_with_ipv6_addr_only): 200 GET http://10.180.1.21/compute/v2.1/servers/a5bccb0e-0d39-4401-96cf-61c5ca405f3e 0.182s
2025-12-15 11:04:21.010 66482 INFO tempest.lib.common.rest_client [req-df5149af-8689-4f10-bc02-298ce4df46c3 req-df5149af-8689-4f10-bc02-298ce4df46c3 ] Request (SecurityGroupsTestJSON:tearDownClass): 200 GET http://10.180.1.21/compute/v2.1/servers/54e44d5b-be8b-43ac-9bc0-0111fb86cdb2 0.168s
2025-12-15 11:04:21.017 66482 INFO tempest.common.waiters [-] State transition "ACTIVE/deleting" ==> "DELETED/None" after 5 second wait
2025-12-15 11:04:21.142 66490 INFO tempest.lib.common.rest_client [req-f2330a3c-25f8-4eb7-8eb6-35e67d47daf8 req-f2330a3c-25f8-4eb7-8eb6-35e67d47daf8 ] Request (ServersWithSpecificFlavorTestJSON:test_verify_created_server_ephemeral_disk): 200 GET http://10.180.1.21/compute/v2.1/servers/f28ebcb0-8dbd-4ef3-b2d5-05ddefd6c51f 0.226s
2025-12-15 11:04:21.150 66490 INFO tempest.common.waiters [-] State transition "BUILD/block_device_mapping" ==> "BUILD/spawning" after 38 second wait
2025-12-15 11:04:21.181 66474 INFO tempest.lib.common.rest_client [req-187be71b-e9d1-4d87-a4f2-230698d59695 req-187be71b-e9d1-4d87-a4f2-230698d59695 ] Request (ServerActionsTestOtherB:test_create_backup): 202 POST http://10.180.1.21/compute/v2.1/servers/37fefe01-051a-46af-aed0-742535fdfaef/action 0.559s
2025-12-15 11:04:21.196 66474 INFO tempest.lib.common.rest_client [req-f3a94ec8-319b-44c3-a319-8c48fdb0bf09 req-f3a94ec8-319b-44c3-a319-8c48fdb0bf09 ] Request (ServerActionsTestOtherB:test_create_backup): 200 GET http://10.180.1.21/image/v2/images/700f2d75-827e-40f7-9527-e52eb8d9afea 0.014s
2025-12-15 11:04:21.199 66464 INFO tempest.lib.common.rest_client [req-30a9b615-ef59-439c-a5f1-1f10a06af3b9 req-30a9b615-ef59-439c-a5f1-1f10a06af3b9 ] Request (InstanceActionsNegativeTestJSON:tearDownClass): 200 GET http://10.180.1.21/compute/v2.1/servers/57a4b761-51e4-48e0-9948-cd1bd5be3943 0.266s
2025-12-15 11:04:21.236 66512 INFO tempest.lib.common.rest_client [req-9dc3b13f-f45a-4b63-a579-ffea73e59aab req-9dc3b13f-f45a-4b63-a579-ffea73e59aab ] Request (ServerShowV247Test:test_update_rebuild_list_server): 200 GET http://10.180.1.21/compute/v2.1/servers/591bba3c-03b4-490c-b7bb-d5dce071cea1 0.230s
2025-12-15 11:04:21.288 66462 INFO tempest.lib.common.rest_client [req-bf360257-db90-4a4a-9ade-096628b6b09f req-bf360257-db90-4a4a-9ade-096628b6b09f ] Request (ServersAdminTestJSON:tearDownClass): 200 GET http://10.180.1.21/compute/v2.1/servers/eef30401-64b9-48d3-b371-3a38939b0e40 0.150s
2025-12-15 11:04:21.292 66456 INFO tempest.lib.common.rest_client [req-64cc2eca-3171-4a31-b641-0525ac301d7b req-64cc2eca-3171-4a31-b641-0525ac301d7b ] Request (ImagesOneServerNegativeTestJSON:_run_cleanups): 200 GET http://10.180.1.21/compute/v2.1/servers/cfbe5c89-b454-4fac-871e-851b2800a82f 0.261s
2025-12-15 11:04:21.338 66511 INFO tempest.lib.common.rest_client [req-2890c712-2481-4930-a782-650c589d6a83 req-2890c712-2481-4930-a782-650c589d6a83 ] Request (ServerDiskConfigTestJSON:test_resize_server_from_auto_to_manual): 200 GET http://10.180.1.21/compute/v2.1/servers/c33baee6-fcdf-4996-a389-c5002e19e369 0.057s
2025-12-15 11:04:21.410 66454 INFO tempest.lib.common.rest_client [req-35765fc1-4af5-401c-8ecc-de951ac028be req-35765fc1-4af5-401c-8ecc-de951ac028be ] Request (ServerRescueTestJSONUnderV235:setUpClass): 200 GET http://10.180.1.21/compute/v2.1/servers/3bb84fed-f958-4b7d-ad64-23446b272234 0.250s
2025-12-15 11:04:21.416 66454 INFO tempest.common.waiters [-] State transition "ACTIVE/rescuing" ==> "RESCUE/None" after 11 second wait
2025-12-15 11:04:21.450 66472 INFO tempest.lib.common.rest_client [req-92957522-db44-45f7-ba50-facc4f7233c4 req-92957522-db44-45f7-ba50-facc4f7233c4 ] Request (ListServerFiltersTestJSON:setUpClass): 200 GET http://10.180.1.21/compute/v2.1/servers/7e7bf593-6ae9-4c23-8f60-a1c76f9ba4dc 0.142s
2025-12-15 11:04:21.492 66484 INFO tempest.lib.common.rest_client [req-b6bb3d97-0cff-4d0c-859c-fd328d2828b4 req-b6bb3d97-0cff-4d0c-859c-fd328d2828b4 ] Request (ServersAaction247Test:tearDownClass): 200 GET http://10.180.1.21/compute/v2.1/servers/c2a515e3-93dd-4949-8c5f-24855698b041 0.134s
2025-12-15 11:04:21.507 66466 INFO tempest.lib.common.rest_client [req-e1830422-37c3-439b-aa89-86b9ded88f13 req-e1830422-37c3-439b-aa89-86b9ded88f13 ] Request (ServersAdminNegativeTestJSON:tearDownClass): 200 GET http://10.180.1.21/compute/v2.1/servers/3cdec9de-3f4e-4afb-9636-38cbb5725601 0.122s
2025-12-15 11:04:21.561 66470 INFO tempest.lib.common.rest_client [req-507ba580-3351-434f-9abf-c9788e87bcfb req-507ba580-3351-434f-9abf-c9788e87bcfb ] Request (AttachVolumeNegativeTest:test_attach_attached_volume_to_different_server): 200 GET http://10.180.1.21/compute/v2.1/servers/83b4ef88-60f6-44af-bf2e-82c6db0e95c0 0.141s
2025-12-15 11:04:21.617 66452 INFO tempest.lib.common.rest_client [req-91079f23-8c11-44a4-a33e-56a3f301b251 req-91079f23-8c11-44a4-a33e-56a3f301b251 ] Request (AttachInterfacesTestJSON:test_create_list_show_delete_interfaces_by_fixed_ip): 200 GET http://10.180.1.21/compute/v2.1/servers/c581cf23-a0e8-4deb-9853-0e42a292dfa7 0.159s
2025-12-15 11:04:21.630 66495 WARNING tempest.lib.common.ssh [-] Failed to establish authenticated ssh connection to cirros@10.180.180.251 ([Errno None] Unable to connect to port 22 on 10.180.180.251). Number attempts: 3. Retry after 4 seconds.: paramiko.ssh_exception.NoValidConnectionsError: [Errno None] Unable to connect to port 22 on 10.180.180.251
2025-12-15 11:04:21.641 66454 INFO tempest.lib.common.rest_client [req-1a90f677-0567-4cb4-bb1a-fb519955e214 req-1a90f677-0567-4cb4-bb1a-fb519955e214 ] Request (ServerRescueTestJSONUnderV235:test_rescued_vm_add_remove_security_group): 200 POST http://10.180.1.21/compute/v2.1/os-security-groups 0.224s
2025-12-15 11:04:21.698 66506 INFO tempest.lib.common.rest_client [req-bb4fe38c-8dc7-44df-adce-e1e97f98f027 req-bb4fe38c-8dc7-44df-adce-e1e97f98f027 ] Request (InstanceActionsV221TestJSON:test_get_list_deleted_instance_actions): 200 GET http://10.180.1.21/compute/v2.1/servers/3639f023-0b26-449a-aa9c-fa6c775c5c1f 0.191s
2025-12-15 11:04:21.716 66480 INFO tempest.lib.common.rest_client [req-016e90b3-625a-4eee-aef2-fccd8b6ce21e req-016e90b3-625a-4eee-aef2-fccd8b6ce21e ] Request (ServersTestManualDisk:tearDownClass): 200 GET http://10.180.1.21/compute/v2.1/servers/07424c8f-454e-4159-b4d3-aadf27bc8a7d 0.169s
2025-12-15 11:04:21.888 66492 INFO tempest.lib.common.rest_client [req-a2fd9818-b182-4ea8-9891-8fa2b9f58cb8 req-a2fd9818-b182-4ea8-9891-8fa2b9f58cb8 ] Request (MigrationsAdminTest:test_resize_server_revert_deleted_flavor): 200 GET http://10.180.1.21/compute/v2.1/servers/cc2ebda7-c4c6-4652-9372-ede462136fc1 0.201s
2025-12-15 11:04:21.960 66476 INFO tempest.lib.common.rest_client [req-f19519c3-d612-4c11-93d0-5d3e5f1918ad req-f19519c3-d612-4c11-93d0-5d3e5f1918ad ] Request (ServersV294TestFqdnHostnames:setUpClass): 200 GET http://10.180.1.21/compute/v2.1/servers/92e77b15-ca10-4b76-b5a5-cbf215836497 0.243s
2025-12-15 11:04:22.042 66486 INFO tempest.lib.common.rest_client [req-8b6aaaf3-40b3-470a-9fd5-60cf190fac92 req-8b6aaaf3-40b3-470a-9fd5-60cf190fac92 ] Request (ServerShowV254Test:test_rebuild_server): 200 GET http://10.180.1.21/compute/v2.1/servers/c20352d1-211e-490b-a9df-d834ce70e418 0.283s
2025-12-15 11:04:22.052 66486 INFO tempest.common.waiters [-] State transition "REBUILD/rebuild_spawning" ==> "ACTIVE/None" after 9 second wait
2025-12-15 11:04:22.107 66454 INFO tempest.lib.common.rest_client [req-2b04c56d-b929-4a26-82f9-7c8fd12a8419 req-2b04c56d-b929-4a26-82f9-7c8fd12a8419 ] Request (ServerRescueTestJSONUnderV235:test_rescued_vm_add_remove_security_group): 202 POST http://10.180.1.21/compute/v2.1/servers/3bb84fed-f958-4b7d-ad64-23446b272234/action 0.462s
2025-12-15 11:04:22.157 66468 INFO tempest.lib.common.rest_client [req-9b6d009c-a29a-46a1-bc63-810123f96263 req-9b6d009c-a29a-46a1-bc63-810123f96263 ] Request (ServerMetadataTestJSON:tearDownClass): 200 GET http://10.180.1.21/compute/v2.1/servers/0287f524-f07c-42d1-8cbb-016c9c442d79 0.318s
2025-12-15 11:04:22.217 66474 INFO tempest.lib.common.rest_client [req-1229e06f-c4bb-49c0-ad10-d1c4cc3f4a65 req-1229e06f-c4bb-49c0-ad10-d1c4cc3f4a65 ] Request (ServerActionsTestOtherB:test_create_backup): 200 GET http://10.180.1.21/image/v2/images/700f2d75-827e-40f7-9527-e52eb8d9afea 0.020s
2025-12-15 11:04:22.223 66458 INFO tempest.lib.common.rest_client [req-cd71cb06-7273-4ed2-8de6-30bb153beae4 req-cd71cb06-7273-4ed2-8de6-30bb153beae4 ] Request (ServersTestFqdnHostnames:tearDownClass): 200 GET http://10.180.1.21/compute/v2.1/servers/e6deaea1-8bac-48ea-8962-225f90ea23f3 0.312s
2025-12-15 11:04:22.275 66500 INFO tempest.lib.common.rest_client [req-b07dd69d-aa75-451d-80f2-a769b759d0ce req-b07dd69d-aa75-451d-80f2-a769b759d0ce ] Request (ServersTestJSON:test_create_server_with_ipv6_addr_only): 200 GET http://10.180.1.21/compute/v2.1/servers/a5bccb0e-0d39-4401-96cf-61c5ca405f3e 0.314s
2025-12-15 11:04:22.295 66486 INFO tempest.lib.common.rest_client [req-8ecb2d23-37d8-46cb-bde3-22931faf99c7 req-8ecb2d23-37d8-46cb-bde3-22931faf99c7 ] Request (ServerShowV254Test:_run_cleanups): 204 DELETE http://10.180.1.21/compute/v2.1/os-keypairs/tempest-ServerShowV254Test-keypair-1122163114 0.243s
2025-12-15 11:04:22.299 66482 INFO tempest.lib.common.rest_client [req-ef8e7406-c38c-40bc-89d0-0120bd507938 req-ef8e7406-c38c-40bc-89d0-0120bd507938 ] Request (SecurityGroupsTestJSON:tearDownClass): 200 GET http://10.180.1.21/compute/v2.1/servers/54e44d5b-be8b-43ac-9bc0-0111fb86cdb2 0.281s
2025-12-15 11:04:22.401 66490 INFO tempest.lib.common.rest_client [req-652dff61-1785-4b11-a406-b7db70d8c2d1 req-652dff61-1785-4b11-a406-b7db70d8c2d1 ] Request (ServersWithSpecificFlavorTestJSON:test_verify_created_server_ephemeral_disk): 200 GET http://10.180.1.21/compute/v2.1/servers/f28ebcb0-8dbd-4ef3-b2d5-05ddefd6c51f 0.249s
2025-12-15 11:04:22.469 66464 INFO tempest.lib.common.rest_client [req-bf2fc191-a84b-43fd-b1c9-0174a0cf0169 req-bf2fc191-a84b-43fd-b1c9-0174a0cf0169 ] Request (InstanceActionsNegativeTestJSON:tearDownClass): 200 GET http://10.180.1.21/compute/v2.1/servers/57a4b761-51e4-48e0-9948-cd1bd5be3943 0.262s
2025-12-15 11:04:22.528 66512 INFO tempest.lib.common.rest_client [req-c6bde228-c04f-4466-814c-b08807639c49 req-c6bde228-c04f-4466-814c-b08807639c49 ] Request (ServerShowV247Test:test_update_rebuild_list_server): 200 GET http://10.180.1.21/compute/v2.1/servers/591bba3c-03b4-490c-b7bb-d5dce071cea1 0.282s
2025-12-15 11:04:22.626 66462 INFO tempest.lib.common.rest_client [req-ac14f275-fa07-4312-8004-b9384b2d818d req-ac14f275-fa07-4312-8004-b9384b2d818d ] Request (ServersAdminTestJSON:tearDownClass): 200 GET http://10.180.1.21/compute/v2.1/servers/eef30401-64b9-48d3-b371-3a38939b0e40 0.330s
2025-12-15 11:04:22.670 66454 INFO tempest.lib.common.rest_client [req-46807cf8-e81b-4794-ab8a-3ba2ac7e651c req-46807cf8-e81b-4794-ab8a-3ba2ac7e651c ] Request (ServerRescueTestJSONUnderV235:test_rescued_vm_add_remove_security_group): 202 POST http://10.180.1.21/compute/v2.1/servers/3bb84fed-f958-4b7d-ad64-23446b272234/action 0.563s
2025-12-15 11:04:22.727 66486 INFO tempest.lib.common.rest_client [req-5fbc45cd-d5f6-4419-8fb9-2209c5e9dae7 req-5fbc45cd-d5f6-4419-8fb9-2209c5e9dae7 ] Request (ServerShowV254Test:tearDownClass): 204 DELETE http://10.180.1.21/compute/v2.1/servers/c20352d1-211e-490b-a9df-d834ce70e418 0.430s
2025-12-15 11:04:22.748 66456 INFO tempest.lib.common.rest_client [req-fccc606a-5494-45a6-86da-84a0e01653a4 req-fccc606a-5494-45a6-86da-84a0e01653a4 ] Request (ImagesOneServerNegativeTestJSON:_run_cleanups): 200 GET http://10.180.1.21/compute/v2.1/servers/cfbe5c89-b454-4fac-871e-851b2800a82f 0.447s
2025-12-15 11:04:22.790 66511 INFO tempest.lib.common.rest_client [req-842eb2a0-674e-4cb5-9fd7-c0811fefefb5 req-842eb2a0-674e-4cb5-9fd7-c0811fefefb5 ] Request (ServerDiskConfigTestJSON:test_resize_server_from_auto_to_manual): 200 GET http://10.180.1.21/compute/v2.1/servers/c33baee6-fcdf-4996-a389-c5002e19e369 0.445s
2025-12-15 11:04:22.889 66472 INFO tempest.lib.common.rest_client [req-eab21cd3-872f-4242-a007-1370c733a14a req-eab21cd3-872f-4242-a007-1370c733a14a ] Request (ListServerFiltersTestJSON:setUpClass): 200 GET http://10.180.1.21/compute/v2.1/servers/7e7bf593-6ae9-4c23-8f60-a1c76f9ba4dc 0.430s
2025-12-15 11:04:22.890 66484 INFO tempest.lib.common.rest_client [req-76d1007f-e504-437f-8418-3df52aec790c req-76d1007f-e504-437f-8418-3df52aec790c ] Request (ServersAaction247Test:tearDownClass): 200 GET http://10.180.1.21/compute/v2.1/servers/c2a515e3-93dd-4949-8c5f-24855698b041 0.384s
2025-12-15 11:04:22.913 66466 INFO tempest.lib.common.rest_client [req-53e8e9f3-d396-4a5b-a6e0-94b746e15d59 req-53e8e9f3-d396-4a5b-a6e0-94b746e15d59 ] Request (ServersAdminNegativeTestJSON:tearDownClass): 404 GET http://10.180.1.21/compute/v2.1/servers/3cdec9de-3f4e-4afb-9636-38cbb5725601 0.396s
2025-12-15 11:04:22.952 66470 INFO tempest.lib.common.rest_client [req-ab7c73ef-61e5-4029-8638-56691aa739a2 req-ab7c73ef-61e5-4029-8638-56691aa739a2 ] Request (AttachVolumeNegativeTest:test_attach_attached_volume_to_different_server): 200 GET http://10.180.1.21/compute/v2.1/servers/83b4ef88-60f6-44af-bf2e-82c6db0e95c0 0.382s
2025-12-15 11:04:22.974 66452 INFO tempest.lib.common.rest_client [req-d7574277-d15d-48c7-a359-ec30d28865cf req-d7574277-d15d-48c7-a359-ec30d28865cf ] Request (AttachInterfacesTestJSON:test_create_list_show_delete_interfaces_by_fixed_ip): 200 GET http://10.180.1.21/compute/v2.1/servers/c581cf23-a0e8-4deb-9853-0e42a292dfa7 0.345s
2025-12-15 11:04:23.036 66506 INFO tempest.lib.common.rest_client [req-41bfc612-c7de-4b7b-9559-0fb28b979071 req-41bfc612-c7de-4b7b-9559-0fb28b979071 ] Request (InstanceActionsV221TestJSON:test_get_list_deleted_instance_actions): 200 GET http://10.180.1.21/compute/v2.1/servers/3639f023-0b26-449a-aa9c-fa6c775c5c1f 0.326s
2025-12-15 11:04:23.066 66466 INFO tempest.lib.common.rest_client [req-a90baa7d-293d-4a31-bafd-d3a79f53d962 req-a90baa7d-293d-4a31-bafd-d3a79f53d962 ] Request (ServersAdminNegativeTestJSON:tearDownClass): 204 DELETE http://10.180.1.21/identity/v3/users/38684ad1626843f894083a5f06b3536d 0.152s
2025-12-15 11:04:23.104 66480 INFO tempest.lib.common.rest_client [req-3b8a4a80-8a55-4c6a-a706-69ce2e66d7ab req-3b8a4a80-8a55-4c6a-a706-69ce2e66d7ab ] Request (ServersTestManualDisk:tearDownClass): 200 GET http://10.180.1.21/compute/v2.1/servers/07424c8f-454e-4159-b4d3-aadf27bc8a7d 0.377s
2025-12-15 11:04:23.163 66486 INFO tempest.lib.common.rest_client [req-0f404c52-69d3-4fcd-ab82-b5aeaa1f8035 req-0f404c52-69d3-4fcd-ab82-b5aeaa1f8035 ] Request (ServerShowV254Test:tearDownClass): 200 GET http://10.180.1.21/compute/v2.1/servers/c20352d1-211e-490b-a9df-d834ce70e418 0.436s
2025-12-15 11:04:23.208 66466 INFO tempest.lib.common.rest_client [req-3e8bce9b-2828-49e6-9467-d91811353f34 req-3e8bce9b-2828-49e6-9467-d91811353f34 ] Request (ServersAdminNegativeTestJSON:tearDownClass): 204 DELETE http://10.180.1.21/identity/v3/users/29e32abbec4744cbbd1483efeae96b21 0.142s
2025-12-15 11:04:23.208 66466 INFO tempest.lib.common.dynamic_creds [-] Deleting project and security group for project: 1db788c94fbd4ab98fc7666b5e44452a
2025-12-15 11:04:23.236 66474 INFO tempest.lib.common.rest_client [req-53293428-393c-47f4-a58c-884c5ecc8d11 req-53293428-393c-47f4-a58c-884c5ecc8d11 ] Request (ServerActionsTestOtherB:test_create_backup): 200 GET http://10.180.1.21/image/v2/images/700f2d75-827e-40f7-9527-e52eb8d9afea 0.018s
2025-12-15 11:04:23.280 66466 INFO tempest.lib.common.rest_client [req-b25fcf9a-cda2-4465-af6c-331d03c8b119 req-b25fcf9a-cda2-4465-af6c-331d03c8b119 ] Request (ServersAdminNegativeTestJSON:tearDownClass): 201 POST http://10.180.1.21/identity/v3/auth/tokens 0.072s
2025-12-15 11:04:23.284 66492 INFO tempest.lib.common.rest_client [req-2ca4ec1d-1f8a-4070-95ab-3884d57894af req-2ca4ec1d-1f8a-4070-95ab-3884d57894af ] Request (MigrationsAdminTest:test_resize_server_revert_deleted_flavor): 200 GET http://10.180.1.21/compute/v2.1/servers/cc2ebda7-c4c6-4652-9372-ede462136fc1 0.388s
2025-12-15 11:04:23.405 66466 INFO tempest.lib.common.rest_client [req-4c0d0fb5-2cc3-4786-9381-ddf8f0199b81 req-4c0d0fb5-2cc3-4786-9381-ddf8f0199b81 ] Request (ServersAdminNegativeTestJSON:tearDownClass): 200 GET http://10.180.1.21/networking/v2.0/security-groups?tenant_id=1db788c94fbd4ab98fc7666b5e44452a&name=default 0.124s
2025-12-15 11:04:23.473 66476 INFO tempest.lib.common.rest_client [req-fe7e0408-e42c-4035-b3e6-39b10b8d5147 req-fe7e0408-e42c-4035-b3e6-39b10b8d5147 ] Request (ServersV294TestFqdnHostnames:setUpClass): 200 GET http://10.180.1.21/compute/v2.1/servers/92e77b15-ca10-4b76-b5a5-cbf215836497 0.502s
2025-12-15 11:04:23.557 66466 INFO tempest.lib.common.rest_client [req-0dce5f32-14f7-4c3a-96c1-7af5f161dc51 req-0dce5f32-14f7-4c3a-96c1-7af5f161dc51 ] Request (ServersAdminNegativeTestJSON:tearDownClass): 204 DELETE http://10.180.1.21/networking/v2.0/security-groups/04db0621-bd2f-4f30-952e-267a0855b85e 0.152s
2025-12-15 11:04:23.589 66468 INFO tempest.lib.common.rest_client [req-affb19e6-6618-442b-b097-3ece9c16878f req-affb19e6-6618-442b-b097-3ece9c16878f ] Request (ServerMetadataTestJSON:tearDownClass): 200 GET http://10.180.1.21/compute/v2.1/servers/0287f524-f07c-42d1-8cbb-016c9c442d79 0.422s
2025-12-15 11:04:23.671 66454 INFO tempest.lib.common.rest_client [req-7f56a90d-bbfb-4ffb-a659-e12f7205f82d req-7f56a90d-bbfb-4ffb-a659-e12f7205f82d ] Request (ServerRescueTestJSONUnderV235:test_rescued_vm_associate_dissociate_floating_ip): 200 POST http://10.180.1.21/compute/v2.1/os-floating-ips 1.000s
2025-12-15 11:04:23.681 66466 INFO tempest.lib.common.rest_client [req-4768cde5-395a-4bf5-b8ba-cd9ad3e90c1e req-4768cde5-395a-4bf5-b8ba-cd9ad3e90c1e ] Request (ServersAdminNegativeTestJSON:tearDownClass): 204 DELETE http://10.180.1.21/identity/v3/projects/1db788c94fbd4ab98fc7666b5e44452a 0.123s
2025-12-15 11:04:23.681 66466 INFO tempest.lib.common.dynamic_creds [-] Deleting project and security group for project: 257d5f634cdb49f5bc7ca55fc63d2797
2025-12-15 11:04:23.707 66458 INFO tempest.lib.common.rest_client [req-423d78f9-fb57-4093-938e-2315f451ac31 req-423d78f9-fb57-4093-938e-2315f451ac31 ] Request (ServersTestFqdnHostnames:tearDownClass): 200 GET http://10.180.1.21/compute/v2.1/servers/e6deaea1-8bac-48ea-8962-225f90ea23f3 0.476s
2025-12-15 11:04:23.729 66466 INFO tempest.lib.common.rest_client [req-c5ed7376-e9ec-40b7-a958-8c79e2131152 req-c5ed7376-e9ec-40b7-a958-8c79e2131152 ] Request (ServersAdminNegativeTestJSON:tearDownClass): 200 GET http://10.180.1.21/networking/v2.0/security-groups?tenant_id=257d5f634cdb49f5bc7ca55fc63d2797&name=default 0.048s
2025-12-15 11:04:23.755 66500 INFO tempest.lib.common.rest_client [req-062d9672-c10e-412e-8cd0-04519cd7e1af req-062d9672-c10e-412e-8cd0-04519cd7e1af ] Request (ServersTestJSON:test_create_server_with_ipv6_addr_only): 200 GET http://10.180.1.21/compute/v2.1/servers/a5bccb0e-0d39-4401-96cf-61c5ca405f3e 0.471s
2025-12-15 11:04:23.806 66482 INFO tempest.lib.common.rest_client [req-e014d06e-8af4-4232-9834-4c9ad010be48 req-e014d06e-8af4-4232-9834-4c9ad010be48 ] Request (SecurityGroupsTestJSON:tearDownClass): 200 GET http://10.180.1.21/compute/v2.1/servers/54e44d5b-be8b-43ac-9bc0-0111fb86cdb2 0.498s
2025-12-15 11:04:23.861 66466 INFO tempest.lib.common.rest_client [req-cce1c379-4b6f-487d-81e0-5d9abb30effa req-cce1c379-4b6f-487d-81e0-5d9abb30effa ] Request (ServersAdminNegativeTestJSON:tearDownClass): 204 DELETE http://10.180.1.21/networking/v2.0/security-groups/3ffc3691-1fc9-401e-8eed-6760b56f711f 0.131s
2025-12-15 11:04:23.873 66490 INFO tempest.lib.common.rest_client [req-a02c5b55-523e-4b6e-b277-6dcd5babcc1b req-a02c5b55-523e-4b6e-b277-6dcd5babcc1b ] Request (ServersWithSpecificFlavorTestJSON:test_verify_created_server_ephemeral_disk): 200 GET http://10.180.1.21/compute/v2.1/servers/f28ebcb0-8dbd-4ef3-b2d5-05ddefd6c51f 0.464s
2025-12-15 11:04:23.891 66464 INFO tempest.lib.common.rest_client [req-33b8d850-74fd-4a5d-83bb-c3adde1d04b1 req-33b8d850-74fd-4a5d-83bb-c3adde1d04b1 ] Request (InstanceActionsNegativeTestJSON:tearDownClass): 200 GET http://10.180.1.21/compute/v2.1/servers/57a4b761-51e4-48e0-9948-cd1bd5be3943 0.414s
2025-12-15 11:04:23.933 66512 INFO tempest.lib.common.rest_client [req-fb9b9870-5e67-437f-a971-5dd96b2e3842 req-fb9b9870-5e67-437f-a971-5dd96b2e3842 ] Request (ServerShowV247Test:test_update_rebuild_list_server): 200 GET http://10.180.1.21/compute/v2.1/servers/591bba3c-03b4-490c-b7bb-d5dce071cea1 0.393s
2025-12-15 11:04:23.960 66462 INFO tempest.lib.common.rest_client [req-f63b33e5-e200-43c2-b04b-760b2704f8d8 req-f63b33e5-e200-43c2-b04b-760b2704f8d8 ] Request (ServersAdminTestJSON:tearDownClass): 200 GET http://10.180.1.21/compute/v2.1/servers/eef30401-64b9-48d3-b371-3a38939b0e40 0.324s
2025-12-15 11:04:23.974 66466 INFO tempest.lib.common.rest_client [req-2bbfb39a-98f7-449e-b2fc-b1cdc171e23a req-2bbfb39a-98f7-449e-b2fc-b1cdc171e23a ] Request (ServersAdminNegativeTestJSON:tearDownClass): 204 DELETE http://10.180.1.21/identity/v3/projects/257d5f634cdb49f5bc7ca55fc63d2797 0.113s
2025-12-15 11:04:24.039 66466 INFO tempest.lib.common.rest_client [req-77cff63d-9741-4583-8509-985022db580d req-77cff63d-9741-4583-8509-985022db580d ] Request (ServerAddressesNegativeTestJSON:setUpClass): 201 POST http://10.180.1.21/identity/v3/auth/tokens 0.063s
2025-12-15 11:04:24.048 66456 INFO tempest.lib.common.rest_client [req-739b77bf-7724-4764-b8bc-63d0834e8aa4 req-739b77bf-7724-4764-b8bc-63d0834e8aa4 ] Request (ImagesOneServerNegativeTestJSON:_run_cleanups): 200 GET http://10.180.1.21/compute/v2.1/servers/cfbe5c89-b454-4fac-871e-851b2800a82f 0.292s
2025-12-15 11:04:24.055 66456 INFO tempest.common.waiters [-] State transition "ACTIVE/deleting" ==> "DELETED/None" after 4 second wait
2025-12-15 11:04:24.077 66466 INFO tempest.lib.common.rest_client [req-1e48aa47-9886-4f21-a208-bfdbd5643b8e req-1e48aa47-9886-4f21-a208-bfdbd5643b8e ] Request (ServerAddressesNegativeTestJSON:setUpClass): 201 POST http://10.180.1.21/identity/v3/auth/tokens 0.035s
2025-12-15 11:04:24.105 66466 INFO tempest.lib.common.rest_client [req-99973c79-386b-49a9-98b4-b76e823eda31 req-99973c79-386b-49a9-98b4-b76e823eda31 ] Request (ServerAddressesNegativeTestJSON:setUpClass): 200 GET http://10.180.1.21/identity/v3/domains?name=Default 0.028s
2025-12-15 11:04:24.106 66511 INFO tempest.lib.common.rest_client [req-86e8f62e-ec39-494e-83e4-5ba32df528e0 req-86e8f62e-ec39-494e-83e4-5ba32df528e0 ] Request (ServerDiskConfigTestJSON:test_resize_server_from_auto_to_manual): 200 GET http://10.180.1.21/compute/v2.1/servers/c33baee6-fcdf-4996-a389-c5002e19e369 0.301s
2025-12-15 11:04:24.135 66466 INFO tempest.lib.common.rest_client [req-a27f24e3-699f-406b-b00f-acb040ce9709 req-a27f24e3-699f-406b-b00f-acb040ce9709 ] Request (ServerAddressesNegativeTestJSON:setUpClass): 201 POST http://10.180.1.21/identity/v3/projects 0.029s
2025-12-15 11:04:24.186 66466 INFO tempest.lib.common.rest_client [req-fbe6be1f-a65f-4205-b421-017edd47af01 req-fbe6be1f-a65f-4205-b421-017edd47af01 ] Request (ServerAddressesNegativeTestJSON:setUpClass): 201 POST http://10.180.1.21/identity/v3/users 0.050s
2025-12-15 11:04:24.198 66472 INFO tempest.lib.common.rest_client [req-0a7a1cca-7c35-43c6-af3c-3192ed99271b req-0a7a1cca-7c35-43c6-af3c-3192ed99271b ] Request (ListServerFiltersTestJSON:setUpClass): 200 GET http://10.180.1.21/compute/v2.1/servers/7e7bf593-6ae9-4c23-8f60-a1c76f9ba4dc 0.299s
2025-12-15 11:04:24.198 66478 WARNING tempest.lib.common.ssh [-] Failed to establish authenticated ssh connection to cirros@10.180.180.133 ([Errno None] Unable to connect to port 22 on 10.180.180.133). Number attempts: 3. Retry after 4 seconds.: paramiko.ssh_exception.NoValidConnectionsError: [Errno None] Unable to connect to port 22 on 10.180.180.133
2025-12-15 11:04:24.210 66466 INFO tempest.lib.common.rest_client [req-7638ea99-048e-4aca-96bd-4bbb6b0325a9 req-7638ea99-048e-4aca-96bd-4bbb6b0325a9 ] Request (ServerAddressesNegativeTestJSON:setUpClass): 200 GET http://10.180.1.21/identity/v3/roles 0.023s
2025-12-15 11:04:24.248 66466 INFO tempest.lib.common.rest_client [req-6f20d2d1-489d-4383-93cf-f6b563f15db7 req-6f20d2d1-489d-4383-93cf-f6b563f15db7 ] Request (ServerAddressesNegativeTestJSON:setUpClass): 204 PUT http://10.180.1.21/identity/v3/projects/bc011ce869db40e6b86a1adbf825c4b8/users/0bb03eb8b78d4b0b81c3e31d3a711822/roles/55cdd4d3c01741fc8fb93c67329a124a 0.038s
2025-12-15 11:04:24.248 66466 INFO tempest.lib.common.dynamic_creds [-] Dynamic test user 0bb03eb8b78d4b0b81c3e31d3a711822 is created with scope project and roles: ['member']
2025-12-15 11:04:24.249 66466 INFO tempest.lib.common.dynamic_creds [-] Acquired dynamic creds: credentials: Credentials: {'domain_id': 'default', 'domain_name': 'Default', 'username': 'tempest-ServerAddressesNegativeTestJSON-1600283988-project-member', 'project_domain_id': 'default', 'project_domain_name': 'Default', 'project_id': 'bc011ce869db40e6b86a1adbf825c4b8', 'project_name': 'tempest-ServerAddressesNegativeTestJSON-1600283988', 'tenant_id': 'bc011ce869db40e6b86a1adbf825c4b8', 'tenant_name': 'tempest-ServerAddressesNegativeTestJSON-1600283988', 'user_domain_id': 'default', 'user_domain_name': 'Default', 'user_id': '0bb03eb8b78d4b0b81c3e31d3a711822', 'system': None}, Network: None, Subnet: None, Router: None
2025-12-15 11:04:24.254 66474 INFO tempest.lib.common.rest_client [req-808603b4-3385-49a8-b70e-8896437fb324 req-808603b4-3385-49a8-b70e-8896437fb324 ] Request (ServerActionsTestOtherB:test_create_backup): 200 GET http://10.180.1.21/image/v2/images/700f2d75-827e-40f7-9527-e52eb8d9afea 0.017s
2025-12-15 11:04:24.268 66484 INFO tempest.lib.common.rest_client [req-f6e08919-dfcf-46ca-93ce-b9e7c887d9f5 req-f6e08919-dfcf-46ca-93ce-b9e7c887d9f5 ] Request (ServersAaction247Test:tearDownClass): 200 GET http://10.180.1.21/compute/v2.1/servers/c2a515e3-93dd-4949-8c5f-24855698b041 0.367s
