2025-12-15 11:01:33.801 66482 INFO tempest.lib.common.rest_client [req-021a53b9-1014-4f9b-8886-e1290e2f36e4 req-021a53b9-1014-4f9b-8886-e1290e2f36e4 ] Request (SecurityGroupsTestJSON:test_security_group_create_get_delete): 200 GET http://10.180.1.21/compute/v2.1/os-security-groups/67a30e7d-64b7-442a-943d-1046afcf31f6 4.076s
2025-12-15 11:01:34.220 66512 INFO tempest.lib.common.rest_client [req-47a60e9b-ca02-42b9-b85e-b3b3c9d32f0e req-47a60e9b-ca02-42b9-b85e-b3b3c9d32f0e ] Request (ImagesOneServerTestJSON:setUpClass): 202 POST http://10.180.1.21/compute/v2.1/servers 5.218s
2025-12-15 11:01:34.362 66492 INFO tempest.lib.common.rest_client [req-6fe9565d-9fc5-45cb-a088-714e2df96517 req-6fe9565d-9fc5-45cb-a088-714e2df96517 ] Request (MigrationsAdminTest:test_list_migrations_in_flavor_resize_situation): 200 GET http://10.180.1.21/compute/v2.1/servers/1fe60718-0f8d-4dad-9ba8-fc3a817373cf 4.391s
2025-12-15 11:01:34.546 66488 INFO tempest.lib.common.rest_client [req-09ea279e-6a33-4f22-96d2-e4422aa0f992 req-09ea279e-6a33-4f22-96d2-e4422aa0f992 ] Request (ListImageFiltersNegativeTestJSON:test_get_nonexistent_image): 404 GET http://10.180.1.21/compute/v2.1/images/51b163bc-474c-4afd-a258-63c6c023ea1b 4.385s
2025-12-15 11:01:34.563 66509 INFO tempest.lib.common.rest_client [req-ac1d2be1-2e93-4c6d-aa43-77e6521cb009 req-ac1d2be1-2e93-4c6d-aa43-77e6521cb009 ] Request (FloatingIPDetailsTestJSON:tearDownClass): 202 DELETE http://10.180.1.21/compute/v2.1/os-floating-ips/00476a0a-027c-46bb-a6a5-69085bc5be0f 4.609s
2025-12-15 11:01:34.595 66452 INFO tempest.lib.common.rest_client [req-ce18fe8b-be49-47b5-826d-5847e3dbb4b7 req-ce18fe8b-be49-47b5-826d-5847e3dbb4b7 ] Request (AggregatesAdminNegativeTestJSON:test_aggregate_delete_as_user): 200 POST http://10.180.1.21/compute/v2.1/os-aggregates 4.407s
2025-12-15 11:01:34.664 66460 INFO tempest.lib.common.rest_client [req-cf450240-4629-4052-9df6-d62cfa866201 req-cf450240-4629-4052-9df6-d62cfa866201 ] Request (ServerDiagnosticsV248Test:test_get_server_diagnostics): 200 GET http://10.180.1.21/compute/v2.1/servers/755cbde2-e261-4f53-af79-7d72d6471115 4.423s
2025-12-15 11:01:34.670 66495 INFO tempest.lib.common.rest_client [req-b96c1e2e-b1c1-4177-b719-0f1004b12f25 req-b96c1e2e-b1c1-4177-b719-0f1004b12f25 ] Request (FlavorsAccessNegativeTestJSON:_run_cleanups): 200 POST http://10.180.1.21/compute/v2.1/flavors/439144208/action 4.507s
2025-12-15 11:01:34.694 66474 INFO tempest.lib.common.rest_client [req-a8fcbdfc-a52b-405e-a7fd-c0b9925cd56c req-a8fcbdfc-a52b-405e-a7fd-c0b9925cd56c ] Request (KeyPairsV2TestJSON:_run_cleanups): 202 DELETE http://10.180.1.21/compute/v2.1/os-keypairs/tempest-KeyPairsV2TestJSON-keypair-106689900 4.414s
2025-12-15 11:01:34.697 66488 INFO tempest.lib.common.rest_client [req-b7181b44-065e-4cbe-8b18-7712923ff05e req-b7181b44-065e-4cbe-8b18-7712923ff05e ] Request (ListImageFiltersNegativeTestJSON:tearDownClass): 204 DELETE http://10.180.1.21/identity/v3/users/78697cc09b83451d91a2309197261c5d 0.149s
2025-12-15 11:01:34.698 66488 INFO tempest.lib.common.dynamic_creds [-] Deleting project and security group for project: 8bde230c23c444648cf3c4f4ff599ef7
2025-12-15 11:01:34.765 66488 INFO tempest.lib.common.rest_client [req-c80119f6-dfa2-4401-a09c-85d3c7641579 req-c80119f6-dfa2-4401-a09c-85d3c7641579 ] Request (ListImageFiltersNegativeTestJSON:tearDownClass): 201 POST http://10.180.1.21/identity/v3/auth/tokens 0.067s
2025-12-15 11:01:34.795 66472 INFO tempest.lib.common.rest_client [req-2fbb94f3-24e3-43b5-8bad-407dc46da83a req-2fbb94f3-24e3-43b5-8bad-407dc46da83a ] Request (AttachInterfacesUnderV243Test:test_add_remove_fixed_ip): 200 GET http://10.180.1.21/compute/v2.1/servers/08d102c9-7706-4d9c-9765-3b502b88a453/os-interface 4.189s
2025-12-15 11:01:34.805 66500 INFO tempest.lib.common.rest_client [req-edf375ea-580f-4b49-9ab9-b52b494fb712 req-edf375ea-580f-4b49-9ab9-b52b494fb712 ] Request (FlavorsAdminTestJSON:test_create_list_flavor_without_extra_data): 200 GET http://10.180.1.21/compute/v2.1/flavors/detail 4.548s
2025-12-15 11:01:34.821 66480 INFO tempest.lib.common.rest_client [req-2c6232c1-8efa-4aef-9081-8d60a025f2b0 req-2c6232c1-8efa-4aef-9081-8d60a025f2b0 ] Request (QuotaClassesAdminTestJSON:test_update_default_quotas): 200 GET http://10.180.1.21/compute/v2.1/os-quota-class-sets/default 4.152s
2025-12-15 11:01:34.903 66515 INFO tempest.lib.common.rest_client [req-2e0d940f-2eeb-4b87-9bd3-173de32d64d5 req-2e0d940f-2eeb-4b87-9bd3-173de32d64d5 ] Request (ServersAdmin275Test:tearDownClass): 204 DELETE http://10.180.1.21/compute/v2.1/servers/1c446f17-417b-4917-b40b-f14463dcff6b 4.145s
2025-12-15 11:01:34.929 66458 INFO tempest.lib.common.rest_client [req-03ab8203-e248-4c52-8f09-42e291fe8134 req-03ab8203-e248-4c52-8f09-42e291fe8134 ] Request (ServerExternalEventsTest:tearDownClass): 404 GET http://10.180.1.21/compute/v2.1/servers/06041561-a391-4b54-a519-bc1ba95ac965 3.766s
2025-12-15 11:01:34.992 66488 INFO tempest.lib.common.rest_client [req-4a0d5932-fecf-414f-aa62-2d7efb923075 req-4a0d5932-fecf-414f-aa62-2d7efb923075 ] Request (ListImageFiltersNegativeTestJSON:tearDownClass): 200 GET http://10.180.1.21/networking/v2.0/security-groups?tenant_id=8bde230c23c444648cf3c4f4ff599ef7&name=default 0.226s
2025-12-15 11:01:35.050 66458 INFO tempest.lib.common.rest_client [req-59ad85ff-96a6-4a7d-991f-ce0df1283101 req-59ad85ff-96a6-4a7d-991f-ce0df1283101 ] Request (ServerExternalEventsTest:tearDownClass): 204 DELETE http://10.180.1.21/identity/v3/users/233493fa02c3456ab6392857beae62ca 0.120s
2025-12-15 11:01:35.150 66458 INFO tempest.lib.common.rest_client [req-170fbfcc-a3bc-493d-a70a-b84106b0ec6f req-170fbfcc-a3bc-493d-a70a-b84106b0ec6f ] Request (ServerExternalEventsTest:tearDownClass): 204 DELETE http://10.180.1.21/identity/v3/users/24f24a9b83d64eaaa0929b2e75bd6cc7 0.099s
2025-12-15 11:01:35.276 66458 INFO tempest.lib.common.rest_client [req-c0c01dd5-88b5-41da-9629-06a6067c5a69 req-c0c01dd5-88b5-41da-9629-06a6067c5a69 ] Request (ServerExternalEventsTest:tearDownClass): 204 DELETE http://10.180.1.21/identity/v3/users/74e6bba469144207b2713a5ba058ec0a 0.125s
2025-12-15 11:01:35.276 66458 INFO tempest.lib.common.dynamic_creds [-] Deleting project and security group for project: 14fd7a98221242c8bf76546acd83c986
2025-12-15 11:01:35.342 66458 INFO tempest.lib.common.rest_client [req-9bd634d8-03c9-43e6-83df-89c05b91a9d2 req-9bd634d8-03c9-43e6-83df-89c05b91a9d2 ] Request (ServerExternalEventsTest:tearDownClass): 201 POST http://10.180.1.21/identity/v3/auth/tokens 0.066s
2025-12-15 11:01:35.401 66509 INFO tempest.lib.common.rest_client [req-22055a61-6944-4423-9946-5abd05d79a66 req-22055a61-6944-4423-9946-5abd05d79a66 ] Request (FloatingIPDetailsTestJSON:tearDownClass): 200 PUT http://10.180.1.21/networking/v2.0/routers/b3184acf-4d3b-406e-be93-e20cfd4c200f/remove_router_interface 0.837s
2025-12-15 11:01:35.510 66472 INFO tempest.lib.common.rest_client [req-fe0b1df6-bf51-420b-b7ff-2c84245581b1 req-fe0b1df6-bf51-420b-b7ff-2c84245581b1 ] Request (AttachInterfacesUnderV243Test:test_add_remove_fixed_ip): 200 PUT http://10.180.1.21/networking/v2.0/floatingips/ebedda64-945c-405f-811a-911be6ac7403 0.713s
2025-12-15 11:01:35.653 66496 INFO tempest.lib.common.rest_client [req-faedb769-c87b-4a37-b700-2d0b140ade47 req-faedb769-c87b-4a37-b700-2d0b140ade47 ] Request (ServerShowV257Test:tearDownClass): 200 GET http://10.180.1.21/compute/v2.1/servers/6fd31771-6d07-46f9-a0c4-ff5c33b7a5ec 4.082s
2025-12-15 11:01:35.741 66488 INFO tempest.lib.common.rest_client [req-988119fc-aee3-4974-9ff2-33589341f58a req-988119fc-aee3-4974-9ff2-33589341f58a ] Request (ListImageFiltersNegativeTestJSON:tearDownClass): 204 DELETE http://10.180.1.21/networking/v2.0/security-groups/a0436c69-63ab-4bb9-b04a-92a44a058282 0.748s
2025-12-15 11:01:35.839 66488 INFO tempest.lib.common.rest_client [req-86be7b64-66bb-4d6a-a9ed-8637e92202ac req-86be7b64-66bb-4d6a-a9ed-8637e92202ac ] Request (ListImageFiltersNegativeTestJSON:tearDownClass): 204 DELETE http://10.180.1.21/identity/v3/projects/8bde230c23c444648cf3c4f4ff599ef7 0.098s
2025-12-15 11:01:35.840 66488 INFO tempest.test [-] raised in NoVNCConsoleTestJSON.setUpClass. Invoking tearDownClass.
2025-12-15 11:01:35.921 66488 INFO tempest.lib.common.rest_client [req-46a2e3e3-312c-4d2e-8d4d-16537409494c req-46a2e3e3-312c-4d2e-8d4d-16537409494c ] Request (ServerPasswordTestJSON:setUpClass): 201 POST http://10.180.1.21/identity/v3/auth/tokens 0.079s
2025-12-15 11:01:35.966 66488 INFO tempest.lib.common.rest_client [req-0c8f7ecc-2d0f-4230-9685-23551cc7bb6c req-0c8f7ecc-2d0f-4230-9685-23551cc7bb6c ] Request (ServerPasswordTestJSON:setUpClass): 201 POST http://10.180.1.21/identity/v3/auth/tokens 0.042s
2025-12-15 11:01:35.982 66478 INFO paramiko.transport [-] Connected (version 2.0, client dropbear_2020.81)
2025-12-15 11:01:35.995 66488 INFO tempest.lib.common.rest_client [req-76e38b96-c942-4a11-ac07-0cef576da17b req-76e38b96-c942-4a11-ac07-0cef576da17b ] Request (ServerPasswordTestJSON:setUpClass): 200 GET http://10.180.1.21/identity/v3/domains?name=Default 0.029s
2025-12-15 11:01:36.031 66488 INFO tempest.lib.common.rest_client [req-21d7d79e-55fa-46d2-8e24-ff65f08bbcae req-21d7d79e-55fa-46d2-8e24-ff65f08bbcae ] Request (ServerPasswordTestJSON:setUpClass): 201 POST http://10.180.1.21/identity/v3/projects 0.035s
2025-12-15 11:01:36.075 66458 INFO tempest.lib.common.rest_client [req-8b34adc3-deed-44b4-ab2e-464142608816 req-8b34adc3-deed-44b4-ab2e-464142608816 ] Request (ServerExternalEventsTest:tearDownClass): 200 GET http://10.180.1.21/networking/v2.0/security-groups?tenant_id=14fd7a98221242c8bf76546acd83c986&name=default 0.732s
2025-12-15 11:01:36.087 66478 INFO paramiko.transport [-] Authentication (publickey) successful!
2025-12-15 11:01:36.088 66478 INFO tempest.lib.common.ssh [-] ssh connection to cirros@10.180.180.133 successfully created
2025-12-15 11:01:36.110 66488 INFO tempest.lib.common.rest_client [req-c4dc338b-ce84-4e94-84ce-a9f9de472648 req-c4dc338b-ce84-4e94-84ce-a9f9de472648 ] Request (ServerPasswordTestJSON:setUpClass): 201 POST http://10.180.1.21/identity/v3/users 0.079s
2025-12-15 11:01:36.139 66488 INFO tempest.lib.common.rest_client [req-c3110bd7-00eb-4aeb-9caa-62a5851f708e req-c3110bd7-00eb-4aeb-9caa-62a5851f708e ] Request (ServerPasswordTestJSON:setUpClass): 200 GET http://10.180.1.21/identity/v3/roles 0.029s
2025-12-15 11:01:36.175 66488 INFO tempest.lib.common.rest_client [req-5b137522-7703-4cf9-9c04-65562845c434 req-5b137522-7703-4cf9-9c04-65562845c434 ] Request (ServerPasswordTestJSON:setUpClass): 204 PUT http://10.180.1.21/identity/v3/projects/c4019b03119c440ea16db9d314a85344/users/b1c95b3bb6444351b11214f83f340e08/roles/55cdd4d3c01741fc8fb93c67329a124a 0.035s
2025-12-15 11:01:36.175 66488 INFO tempest.lib.common.dynamic_creds [-] Dynamic test user b1c95b3bb6444351b11214f83f340e08 is created with scope project and roles: ['member']
2025-12-15 11:01:36.176 66488 INFO tempest.lib.common.dynamic_creds [-] Acquired dynamic creds: credentials: Credentials: {'domain_id': 'default', 'domain_name': 'Default', 'username': 'tempest-ServerPasswordTestJSON-1267371626-project-member', 'project_domain_id': 'default', 'project_domain_name': 'Default', 'project_id': 'c4019b03119c440ea16db9d314a85344', 'project_name': 'tempest-ServerPasswordTestJSON-1267371626', 'tenant_id': 'c4019b03119c440ea16db9d314a85344', 'tenant_name': 'tempest-ServerPasswordTestJSON-1267371626', 'user_domain_id': 'default', 'user_domain_name': 'Default', 'user_id': 'b1c95b3bb6444351b11214f83f340e08', 'system': None}, Network: None, Subnet: None, Router: None
2025-12-15 11:01:36.232 66488 INFO tempest.lib.common.rest_client [req-d8a89e94-fd1c-4b4c-83fb-cdc6b276b390 req-d8a89e94-fd1c-4b4c-83fb-cdc6b276b390 ] Request (ServerPasswordTestJSON:setUpClass): 201 POST http://10.180.1.21/identity/v3/auth/tokens 0.057s
2025-12-15 11:01:36.397 66476 WARNING tempest.lib.common.ssh [-] Failed to establish authenticated ssh connection to cirros@10.180.180.139 ([Errno None] Unable to connect to port 22 on 10.180.180.139). Number attempts: 2. Retry after 3 seconds.: paramiko.ssh_exception.NoValidConnectionsError: [Errno None] Unable to connect to port 22 on 10.180.180.139
2025-12-15 11:01:36.474 66509 INFO tempest.lib.common.rest_client [req-0126574a-e94b-42b0-a4ca-f40d1a39c425 req-0126574a-e94b-42b0-a4ca-f40d1a39c425 ] Request (FloatingIPDetailsTestJSON:tearDownClass): 204 DELETE http://10.180.1.21/networking/v2.0/routers/b3184acf-4d3b-406e-be93-e20cfd4c200f 1.073s
2025-12-15 11:01:36.538 66506 INFO tempest.lib.common.rest_client [req-837e4f16-d4cf-4d58-ade2-6269ec6686c8 req-837e4f16-d4cf-4d58-ade2-6269ec6686c8 ] Request (ServersTestMultiNic:test_verify_duplicate_network_nics): 200 GET http://10.180.1.21/compute/v2.1/servers/286621bd-600c-46f8-bdb5-204884ca3de7 5.519s
2025-12-15 11:01:36.548 66506 INFO tempest.common.waiters [-] State transition "BUILD/None" ==> "BUILD/spawning" after 18 second wait
2025-12-15 11:01:36.555 66511 INFO tempest.lib.common.rest_client [req-d76f9357-793f-4c3b-93c3-00eac15b35a3 req-d76f9357-793f-4c3b-93c3-00eac15b35a3 ] Request (AttachInterfacesV270Test:tearDownClass): 200 GET http://10.180.1.21/compute/v2.1/servers/7af4706b-2954-4285-b2a7-8746215f15bb 4.769s
2025-12-15 11:01:36.708 66458 INFO tempest.lib.common.rest_client [req-8bb2833e-14a3-4a59-a8f7-5dc0026d734d req-8bb2833e-14a3-4a59-a8f7-5dc0026d734d ] Request (ServerExternalEventsTest:tearDownClass): 204 DELETE http://10.180.1.21/networking/v2.0/security-groups/2c88e052-b5d6-4da0-a28d-45814544240a 0.632s
2025-12-15 11:01:36.781 66458 INFO tempest.lib.common.rest_client [req-50289f60-728e-45ca-882c-e005d3a26ff4 req-50289f60-728e-45ca-882c-e005d3a26ff4 ] Request (ServerExternalEventsTest:tearDownClass): 204 DELETE http://10.180.1.21/identity/v3/projects/14fd7a98221242c8bf76546acd83c986 0.072s
2025-12-15 11:01:36.781 66458 INFO tempest.lib.common.dynamic_creds [-] Deleting project and security group for project: 6f847c36250f44a491c41aee563bff5a
2025-12-15 11:01:37.073 66488 INFO tempest.lib.common.rest_client [req-078e01dc-8e6e-4076-a775-ec1e8a2fe8c4 req-078e01dc-8e6e-4076-a775-ec1e8a2fe8c4 ] Request (ServerPasswordTestJSON:setUpClass): 201 POST http://10.180.1.21/networking/v2.0/networks 0.840s
2025-12-15 11:01:37.140 66466 INFO tempest.lib.common.rest_client [req-eb540632-e0a8-47eb-955b-fe1cb00e0663 req-eb540632-e0a8-47eb-955b-fe1cb00e0663 ] Request (ServersAdminNegativeTestJSON:setUpClass): 200 GET http://10.180.1.21/compute/v2.1/servers/3cdec9de-3f4e-4afb-9636-38cbb5725601 5.284s
2025-12-15 11:01:37.151 66466 INFO tempest.common.waiters [-] State transition "BUILD/None" ==> "BUILD/spawning" after 19 second wait
2025-12-15 11:01:37.247 66509 INFO tempest.lib.common.rest_client [req-caab3a83-1bf8-4855-819b-5318fae473d0 req-caab3a83-1bf8-4855-819b-5318fae473d0 ] Request (FloatingIPDetailsTestJSON:tearDownClass): 204 DELETE http://10.180.1.21/networking/v2.0/subnets/ce751b8f-bae9-4a19-8a67-c68fe1f9abef 0.772s
2025-12-15 11:01:37.335 66458 INFO tempest.lib.common.rest_client [req-1d9d960c-8df5-4f65-8748-4b22222bbcbf req-1d9d960c-8df5-4f65-8748-4b22222bbcbf ] Request (ServerExternalEventsTest:tearDownClass): 200 GET http://10.180.1.21/networking/v2.0/security-groups?tenant_id=6f847c36250f44a491c41aee563bff5a&name=default 0.553s
2025-12-15 11:01:37.407 66488 INFO tempest.lib.common.rest_client [req-4ef905aa-4f5b-4386-a13b-e5d5aeb72392 req-4ef905aa-4f5b-4386-a13b-e5d5aeb72392 ] Request (ServerPasswordTestJSON:setUpClass): 201 POST http://10.180.1.21/networking/v2.0/subnets 0.333s
2025-12-15 11:01:37.463 66486 INFO tempest.lib.common.rest_client [req-2ad792e9-ec3b-4dd2-8ae0-d639f8acae67 req-2ad792e9-ec3b-4dd2-8ae0-d639f8acae67 ] Request (DeleteServersAdminTestJSON:test_delete_server_while_in_error_state): 200 GET http://10.180.1.21/compute/v2.1/servers/b3b80c8d-262e-4867-9a2f-a2b533919d66 5.255s
2025-12-15 11:01:37.471 66486 INFO tempest.common.waiters [-] State transition "BUILD/spawning" ==> "ACTIVE/None" after 24 second wait
2025-12-15 11:01:37.727 66509 INFO tempest.lib.common.rest_client [req-856a21fc-f16b-4c76-88c9-d9534af8b83a req-856a21fc-f16b-4c76-88c9-d9534af8b83a ] Request (FloatingIPDetailsTestJSON:tearDownClass): 204 DELETE http://10.180.1.21/networking/v2.0/networks/54ab521e-83c2-4b07-af52-0e61bb444ad0 0.479s
2025-12-15 11:01:37.820 66509 INFO tempest.lib.common.rest_client [req-1e003438-b998-4aa9-9e73-98931f3c8dcc req-1e003438-b998-4aa9-9e73-98931f3c8dcc ] Request (FloatingIPDetailsTestJSON:tearDownClass): 204 DELETE http://10.180.1.21/identity/v3/users/d45f1e24c7c74f4dbf8d23de0635d1c5 0.093s
2025-12-15 11:01:37.820 66509 INFO tempest.lib.common.dynamic_creds [-] Deleting project and security group for project: fafdb29a2fc942ad9ccd51f5a5372ac7
2025-12-15 11:01:37.855 66458 INFO tempest.lib.common.rest_client [req-67962c8a-be1b-43f5-acd8-8dc696332a6a req-67962c8a-be1b-43f5-acd8-8dc696332a6a ] Request (ServerExternalEventsTest:tearDownClass): 204 DELETE http://10.180.1.21/networking/v2.0/security-groups/5957c323-5bc3-4a48-8c8e-98279028192e 0.520s
2025-12-15 11:01:37.968 66458 INFO tempest.lib.common.rest_client [req-d765b7c4-f748-44e4-ae61-24984dbb59dd req-d765b7c4-f748-44e4-ae61-24984dbb59dd ] Request (ServerExternalEventsTest:tearDownClass): 204 DELETE http://10.180.1.21/identity/v3/projects/6f847c36250f44a491c41aee563bff5a 0.112s
2025-12-15 11:01:37.968 66458 INFO tempest.lib.common.dynamic_creds [-] Deleting project and security group for project: e7d1ed0c98af4a2880606f38f7b1e82e
2025-12-15 11:01:38.531 66488 INFO tempest.lib.common.rest_client [req-b854a5c9-764a-4b74-950d-d6c017ef1446 req-b854a5c9-764a-4b74-950d-d6c017ef1446 ] Request (ServerPasswordTestJSON:setUpClass): 201 POST http://10.180.1.21/networking/v2.0/routers 1.123s
2025-12-15 11:01:38.768 66464 WARNING tempest.lib.common.ssh [-] Failed to establish authenticated ssh connection to cirros@10.180.180.198 ([Errno None] Unable to connect to port 22 on 10.180.180.198). Number attempts: 6. Retry after 7 seconds.: paramiko.ssh_exception.NoValidConnectionsError: [Errno None] Unable to connect to port 22 on 10.180.180.198
2025-12-15 11:01:39.477 66509 INFO tempest.lib.common.rest_client [req-8484f90b-7224-4d16-a15f-b88203bc9a9f req-8484f90b-7224-4d16-a15f-b88203bc9a9f ] Request (FloatingIPDetailsTestJSON:tearDownClass): 200 GET http://10.180.1.21/networking/v2.0/security-groups?tenant_id=fafdb29a2fc942ad9ccd51f5a5372ac7&name=default 1.656s
2025-12-15 11:01:39.517 66490 INFO tempest.lib.common.rest_client [req-c7b32c01-9907-482d-be21-4fa5c277df76 req-c7b32c01-9907-482d-be21-4fa5c277df76 ] Request (ServersWithSpecificFlavorTestJSON:test_verify_created_server_ephemeral_disk): 200 GET http://10.180.1.21/compute/v2.1/servers/e99af368-a67a-453e-9440-0c20e65c7ac4 7.261s
2025-12-15 11:01:39.527 66490 INFO tempest.lib.common.ssh [-] Creating ssh connection to '10.180.180.169:22' as 'cirros' with public key authentication
2025-12-15 11:01:39.631 66458 INFO tempest.lib.common.rest_client [req-91a7afb1-5b78-43f3-9587-a5fe78db13da req-91a7afb1-5b78-43f3-9587-a5fe78db13da ] Request (ServerExternalEventsTest:tearDownClass): 200 GET http://10.180.1.21/networking/v2.0/security-groups?tenant_id=e7d1ed0c98af4a2880606f38f7b1e82e&name=default 1.663s
2025-12-15 11:01:40.239 66509 INFO tempest.lib.common.rest_client [req-a15aa154-8916-4ae7-83ac-4cedfd37b72e req-a15aa154-8916-4ae7-83ac-4cedfd37b72e ] Request (FloatingIPDetailsTestJSON:tearDownClass): 204 DELETE http://10.180.1.21/networking/v2.0/security-groups/67a8b00a-bc2e-4903-8de1-d99fa39d1500 0.761s
2025-12-15 11:01:40.355 66509 INFO tempest.lib.common.rest_client [req-ae309df0-912c-4f60-a66a-3b3ed9568aa4 req-ae309df0-912c-4f60-a66a-3b3ed9568aa4 ] Request (FloatingIPDetailsTestJSON:tearDownClass): 204 DELETE http://10.180.1.21/identity/v3/projects/fafdb29a2fc942ad9ccd51f5a5372ac7 0.115s
2025-12-15 11:01:40.411 66509 INFO tempest.lib.common.rest_client [req-a1fb7b27-9f28-4787-9af8-dd6f39facc61 req-a1fb7b27-9f28-4787-9af8-dd6f39facc61 ] Request (VolumesSnapshotsTestJSON:setUpClass): 201 POST http://10.180.1.21/identity/v3/auth/tokens 0.055s
2025-12-15 11:01:40.451 66509 INFO tempest.lib.common.rest_client [req-435a2624-a6ed-4b75-b596-5ec79a02473a req-435a2624-a6ed-4b75-b596-5ec79a02473a ] Request (VolumesSnapshotsTestJSON:setUpClass): 201 POST http://10.180.1.21/identity/v3/auth/tokens 0.037s
2025-12-15 11:01:40.478 66509 INFO tempest.lib.common.rest_client [req-4a184172-bada-4db0-a51e-77d57e30c916 req-4a184172-bada-4db0-a51e-77d57e30c916 ] Request (VolumesSnapshotsTestJSON:setUpClass): 200 GET http://10.180.1.21/identity/v3/domains?name=Default 0.027s
2025-12-15 11:01:40.501 66488 INFO tempest.lib.common.rest_client [req-f10840c8-ebbb-49b7-98e9-03976f7448d0 req-f10840c8-ebbb-49b7-98e9-03976f7448d0 ] Request (ServerPasswordTestJSON:setUpClass): 200 PUT http://10.180.1.21/networking/v2.0/routers/b79ee3e1-cf9b-4787-8da2-f5e3a47bdc0d/add_router_interface 1.969s
2025-12-15 11:01:40.501 66488 INFO tempest.lib.common.dynamic_creds [-] Created isolated network resources for: credentials: Credentials: {'domain_id': 'default', 'domain_name': 'Default', 'username': 'tempest-ServerPasswordTestJSON-1267371626-project-member', 'project_domain_id': 'default', 'project_domain_name': 'Default', 'project_id': 'c4019b03119c440ea16db9d314a85344', 'project_name': 'tempest-ServerPasswordTestJSON-1267371626', 'tenant_id': 'c4019b03119c440ea16db9d314a85344', 'tenant_name': 'tempest-ServerPasswordTestJSON-1267371626', 'user_domain_id': 'default', 'user_domain_name': 'Default', 'user_id': 'b1c95b3bb6444351b11214f83f340e08', 'system': None}, Network: {'id': 'e601d01c-6cbe-4b72-aed7-af440e911229', 'name': 'tempest-ServerPasswordTestJSON-1087608751-network', 'tenant_id': 'c4019b03119c440ea16db9d314a85344', 'project_id': 'c4019b03119c440ea16db9d314a85344', 'admin_state_up': True, 'mtu': 8950, 'status': 'ACTIVE', 'subnets': [], 'shared': False, 'port_security_enabled': True, 'router:external': False, 'provider:network_type': 'vlan', 'provider:physical_network': 'default', 'provider:segmentation_id': 454, 'availability_zone_hints': [], 'availability_zones': [], 'ipv4_address_scope': None, 'ipv6_address_scope': None, 'description': '', 'tags': [], 'created_at': '2025-12-15T11:01:36Z', 'updated_at': '2025-12-15T11:01:36Z', 'revision_number': 1}, Subnet: {'id': '010faa85-b05a-40a7-93b9-5ad72a8b4ad3', 'name': 'tempest-ServerPasswordTestJSON-1087608751-subnet', 'tenant_id': 'c4019b03119c440ea16db9d314a85344', 'network_id': 'e601d01c-6cbe-4b72-aed7-af440e911229', 'ip_version': 4, 'subnetpool_id': None, 'enable_dhcp': True, 'ipv6_ra_mode': None, 'ipv6_address_mode': None, 'gateway_ip': '192.168.128.1', 'cidr': '192.168.128.0/28', 'allocation_pools': [{'start': '192.168.128.2', 'end': '192.168.128.14'}], 'host_routes': [], 'dns_nameservers': [], 'description': '', 'router:external': False, 'service_types': [], 'tags': [], 'created_at': '2025-12-15T11:01:37Z', 'updated_at': '2025-12-15T11:01:37Z', 'revision_number': 0, 'project_id': 'c4019b03119c440ea16db9d314a85344'}, Router: {'id': 'b79ee3e1-cf9b-4787-8da2-f5e3a47bdc0d', 'name': 'tempest-ServerPasswordTestJSON-1087608751-router', 'tenant_id': 'c4019b03119c440ea16db9d314a85344', 'admin_state_up': True, 'status': 'ACTIVE', 'external_gateway_info': {'network_id': '8b463d50-dd50-4be6-8765-140bb5a8ba72', 'external_fixed_ips': [{'subnet_id': '99d0e800-0ff3-42bb-aaa3-a359a0a3daff', 'ip_address': '10.180.180.190'}], 'enable_snat': True}, 'description': '', 'availability_zones': [], 'distributed': False, 'ha': False, 'availability_zone_hints': [], 'routes': [], 'flavor_id': None, 'tags': [], 'created_at': '2025-12-15T11:01:37Z', 'updated_at': '2025-12-15T11:01:38Z', 'revision_number': 2, 'project_id': 'c4019b03119c440ea16db9d314a85344'}
2025-12-15 11:01:40.515 66509 INFO tempest.lib.common.rest_client [req-157b1b4d-dd89-4703-86e3-58f7b8367fc6 req-157b1b4d-dd89-4703-86e3-58f7b8367fc6 ] Request (VolumesSnapshotsTestJSON:setUpClass): 201 POST http://10.180.1.21/identity/v3/projects 0.036s
2025-12-15 11:01:40.622 66509 INFO tempest.lib.common.rest_client [req-782fb90c-3fa9-4eac-9b68-ed36e7ae9628 req-782fb90c-3fa9-4eac-9b68-ed36e7ae9628 ] Request (VolumesSnapshotsTestJSON:setUpClass): 201 POST http://10.180.1.21/identity/v3/users 0.105s
2025-12-15 11:01:40.634 66458 INFO tempest.lib.common.rest_client [req-8c332c56-abc3-4c71-8c19-9d872f397e74 req-8c332c56-abc3-4c71-8c19-9d872f397e74 ] Request (ServerExternalEventsTest:tearDownClass): 204 DELETE http://10.180.1.21/networking/v2.0/security-groups/26d43492-cbbc-4c0f-b64b-6351b1a2a177 1.002s
2025-12-15 11:01:40.639 66488 INFO tempest.lib.common.rest_client [req-49102c3a-14bb-4f9b-a60a-67bd009b1f88 req-49102c3a-14bb-4f9b-a60a-67bd009b1f88 ] Request (ServerPasswordTestJSON:setUpClass): 201 POST http://10.180.1.21/identity/v3/auth/tokens 0.129s
2025-12-15 11:01:40.659 66509 INFO tempest.lib.common.rest_client [req-13b907e6-b7e7-4eb3-8581-a21b916224d0 req-13b907e6-b7e7-4eb3-8581-a21b916224d0 ] Request (VolumesSnapshotsTestJSON:setUpClass): 200 GET http://10.180.1.21/identity/v3/roles 0.036s
2025-12-15 11:01:40.689 66488 INFO tempest.lib.common.rest_client [req-42727326-bfab-481e-99df-926040671e59 req-42727326-bfab-481e-99df-926040671e59 ] Request (ServerPasswordTestJSON:setUpClass): 201 POST http://10.180.1.21/identity/v3/auth/tokens 0.045s
2025-12-15 11:01:40.689 66488 INFO tempest.lib.common.fixed_network [-] (ServerPasswordTestJSON:setUpClass) Found network {'id': 'e601d01c-6cbe-4b72-aed7-af440e911229', 'name': 'tempest-ServerPasswordTestJSON-1087608751-network', 'tenant_id': 'c4019b03119c440ea16db9d314a85344', 'project_id': 'c4019b03119c440ea16db9d314a85344', 'admin_state_up': True, 'mtu': 8950, 'status': 'ACTIVE', 'subnets': [], 'shared': False, 'port_security_enabled': True, 'router:external': False, 'provider:network_type': 'vlan', 'provider:physical_network': 'default', 'provider:segmentation_id': 454, 'availability_zone_hints': [], 'availability_zones': [], 'ipv4_address_scope': None, 'ipv6_address_scope': None, 'description': '', 'tags': [], 'created_at': '2025-12-15T11:01:36Z', 'updated_at': '2025-12-15T11:01:36Z', 'revision_number': 1} available for tenant
2025-12-15 11:01:40.719 66509 INFO tempest.lib.common.rest_client [req-2a19db71-0df3-4345-8f15-ecc857f510bc req-2a19db71-0df3-4345-8f15-ecc857f510bc ] Request (VolumesSnapshotsTestJSON:setUpClass): 204 PUT http://10.180.1.21/identity/v3/projects/b0680327937842639f8ca11e407ca46c/users/b8f27140b93b4664b5bb26ee20aa7aef/roles/55cdd4d3c01741fc8fb93c67329a124a 0.059s
2025-12-15 11:01:40.720 66509 INFO tempest.lib.common.dynamic_creds [-] Dynamic test user b8f27140b93b4664b5bb26ee20aa7aef is created with scope project and roles: ['member']
2025-12-15 11:01:40.721 66509 INFO tempest.lib.common.dynamic_creds [-] Acquired dynamic creds: credentials: Credentials: {'domain_id': 'default', 'domain_name': 'Default', 'username': 'tempest-VolumesSnapshotsTestJSON-322887337-project-member', 'project_domain_id': 'default', 'project_domain_name': 'Default', 'project_id': 'b0680327937842639f8ca11e407ca46c', 'project_name': 'tempest-VolumesSnapshotsTestJSON-322887337', 'tenant_id': 'b0680327937842639f8ca11e407ca46c', 'tenant_name': 'tempest-VolumesSnapshotsTestJSON-322887337', 'user_domain_id': 'default', 'user_domain_name': 'Default', 'user_id': 'b8f27140b93b4664b5bb26ee20aa7aef', 'system': None}, Network: None, Subnet: None, Router: None
2025-12-15 11:01:40.721 66509 INFO tempest.lib.common.dynamic_creds [-] Created isolated network resources for: credentials: Credentials: {'domain_id': 'default', 'domain_name': 'Default', 'username': 'tempest-VolumesSnapshotsTestJSON-322887337-project-member', 'project_domain_id': 'default', 'project_domain_name': 'Default', 'project_id': 'b0680327937842639f8ca11e407ca46c', 'project_name': 'tempest-VolumesSnapshotsTestJSON-322887337', 'tenant_id': 'b0680327937842639f8ca11e407ca46c', 'tenant_name': 'tempest-VolumesSnapshotsTestJSON-322887337', 'user_domain_id': 'default', 'user_domain_name': 'Default', 'user_id': 'b8f27140b93b4664b5bb26ee20aa7aef', 'system': None}, Network: None, Subnet: None, Router: None
2025-12-15 11:01:40.726 66458 INFO tempest.lib.common.rest_client [req-878e39d1-01a3-475e-9fc9-fab7ccf4ebf3 req-878e39d1-01a3-475e-9fc9-fab7ccf4ebf3 ] Request (ServerExternalEventsTest:tearDownClass): 204 DELETE http://10.180.1.21/identity/v3/projects/e7d1ed0c98af4a2880606f38f7b1e82e 0.092s
2025-12-15 11:01:40.804 66458 INFO tempest.lib.common.rest_client [req-44bfe8c8-21c0-4440-b78a-cfdba6c52ab1 req-44bfe8c8-21c0-4440-b78a-cfdba6c52ab1 ] Request (ServicesAdminNegativeTestJSON:setUpClass): 201 POST http://10.180.1.21/identity/v3/auth/tokens 0.076s
2025-12-15 11:01:40.823 66509 INFO tempest.lib.common.rest_client [req-3ec84fa6-11a4-4926-9143-c5f7e36ed192 req-3ec84fa6-11a4-4926-9143-c5f7e36ed192 ] Request (VolumesSnapshotsTestJSON:setUpClass): 201 POST http://10.180.1.21/identity/v3/auth/tokens 0.094s
2025-12-15 11:01:40.841 66458 INFO tempest.lib.common.rest_client [req-3ba54a8e-6ce5-4f0d-a851-7136f08d7613 req-3ba54a8e-6ce5-4f0d-a851-7136f08d7613 ] Request (ServicesAdminNegativeTestJSON:setUpClass): 201 POST http://10.180.1.21/identity/v3/auth/tokens 0.032s
2025-12-15 11:01:40.870 66458 INFO tempest.lib.common.rest_client [req-26c722c9-98f3-49b9-b5ed-39e3cfbd4f39 req-26c722c9-98f3-49b9-b5ed-39e3cfbd4f39 ] Request (ServicesAdminNegativeTestJSON:setUpClass): 200 GET http://10.180.1.21/identity/v3/domains?name=Default 0.028s
2025-12-15 11:01:40.904 66458 INFO tempest.lib.common.rest_client [req-dcdfc59e-9967-4380-ac1c-df24d6d30844 req-dcdfc59e-9967-4380-ac1c-df24d6d30844 ] Request (ServicesAdminNegativeTestJSON:setUpClass): 201 POST http://10.180.1.21/identity/v3/projects 0.034s
2025-12-15 11:01:40.972 66458 INFO tempest.lib.common.rest_client [req-0a135a4e-6bd5-41c6-a86e-6aa8ed1ae62b req-0a135a4e-6bd5-41c6-a86e-6aa8ed1ae62b ] Request (ServicesAdminNegativeTestJSON:setUpClass): 201 POST http://10.180.1.21/identity/v3/users 0.067s
2025-12-15 11:01:40.994 66458 INFO tempest.lib.common.rest_client [req-622c6ad1-e54b-4c67-b086-3782891294a8 req-622c6ad1-e54b-4c67-b086-3782891294a8 ] Request (ServicesAdminNegativeTestJSON:setUpClass): 200 GET http://10.180.1.21/identity/v3/roles 0.021s
2025-12-15 11:01:41.034 66458 INFO tempest.lib.common.rest_client [req-6ed7d889-b6a6-4cd7-bc6f-cf36bb10cc96 req-6ed7d889-b6a6-4cd7-bc6f-cf36bb10cc96 ] Request (ServicesAdminNegativeTestJSON:setUpClass): 204 PUT http://10.180.1.21/identity/v3/projects/d5ba81b4519f48eca1416c6dda0dde69/users/e5c9997209c04994b44f306b943259fb/roles/55cdd4d3c01741fc8fb93c67329a124a 0.039s
2025-12-15 11:01:41.034 66458 INFO tempest.lib.common.dynamic_creds [-] Dynamic test user e5c9997209c04994b44f306b943259fb is created with scope project and roles: ['member']
2025-12-15 11:01:41.034 66458 INFO tempest.lib.common.dynamic_creds [-] Acquired dynamic creds: credentials: Credentials: {'domain_id': 'default', 'domain_name': 'Default', 'username': 'tempest-ServicesAdminNegativeTestJSON-922421284-project-member', 'project_domain_id': 'default', 'project_domain_name': 'Default', 'project_id': 'd5ba81b4519f48eca1416c6dda0dde69', 'project_name': 'tempest-ServicesAdminNegativeTestJSON-922421284', 'tenant_id': 'd5ba81b4519f48eca1416c6dda0dde69', 'tenant_name': 'tempest-ServicesAdminNegativeTestJSON-922421284', 'user_domain_id': 'default', 'user_domain_name': 'Default', 'user_id': 'e5c9997209c04994b44f306b943259fb', 'system': None}, Network: None, Subnet: None, Router: None
2025-12-15 11:01:41.034 66458 INFO tempest.lib.common.dynamic_creds [-] Created isolated network resources for: credentials: Credentials: {'domain_id': 'default', 'domain_name': 'Default', 'username': 'tempest-ServicesAdminNegativeTestJSON-922421284-project-member', 'project_domain_id': 'default', 'project_domain_name': 'Default', 'project_id': 'd5ba81b4519f48eca1416c6dda0dde69', 'project_name': 'tempest-ServicesAdminNegativeTestJSON-922421284', 'tenant_id': 'd5ba81b4519f48eca1416c6dda0dde69', 'tenant_name': 'tempest-ServicesAdminNegativeTestJSON-922421284', 'user_domain_id': 'default', 'user_domain_name': 'Default', 'user_id': 'e5c9997209c04994b44f306b943259fb', 'system': None}, Network: None, Subnet: None, Router: None
2025-12-15 11:01:41.173 66458 INFO tempest.lib.common.rest_client [req-51c90bfd-254b-438f-980c-575318dc8321 req-51c90bfd-254b-438f-980c-575318dc8321 ] Request (ServicesAdminNegativeTestJSON:setUpClass): 201 POST http://10.180.1.21/identity/v3/auth/tokens 0.133s
2025-12-15 11:01:41.195 66462 INFO tempest.lib.common.rest_client [req-92fd515f-ac4e-475a-8f13-b92bb7f12478 req-92fd515f-ac4e-475a-8f13-b92bb7f12478 ] Request (ServersAdminTestJSON:test_create_server_with_scheduling_hint): 202 POST http://10.180.1.21/compute/v2.1/servers 7.624s
2025-12-15 11:01:41.234 66454 INFO tempest.lib.common.rest_client [req-6f8b35b5-9eae-4662-a361-b677b9eb31d9 req-6f8b35b5-9eae-4662-a361-b677b9eb31d9 ] Request (ImagesDeleteNegativeTestJSON:test_delete_image_negative_image_id): 404 DELETE http://10.180.1.21/compute/v2.1/images/-1 7.492s
2025-12-15 11:01:41.270 66458 INFO tempest.lib.common.rest_client [req-b3875983-291f-46f0-8461-f7c791c24ccf req-b3875983-291f-46f0-8461-f7c791c24ccf ] Request (ServicesAdminNegativeTestJSON:setUpClass): 201 POST http://10.180.1.21/identity/v3/projects 0.097s
2025-12-15 11:01:41.354 66458 INFO tempest.lib.common.rest_client [req-ab4bb3a8-b578-4a10-8b56-54f3b9434777 req-ab4bb3a8-b578-4a10-8b56-54f3b9434777 ] Request (ServicesAdminNegativeTestJSON:setUpClass): 201 POST http://10.180.1.21/identity/v3/users 0.083s
2025-12-15 11:01:41.390 66458 INFO tempest.lib.common.rest_client [req-7b3d26a2-9e25-44be-9970-a16ec2693b49 req-7b3d26a2-9e25-44be-9970-a16ec2693b49 ] Request (ServicesAdminNegativeTestJSON:setUpClass): 200 GET http://10.180.1.21/identity/v3/roles 0.036s
2025-12-15 11:01:41.427 66458 INFO tempest.lib.common.rest_client [req-fbef9242-9fe5-48a8-a53c-85153343389d req-fbef9242-9fe5-48a8-a53c-85153343389d ] Request (ServicesAdminNegativeTestJSON:setUpClass): 204 PUT http://10.180.1.21/identity/v3/projects/ea4377c7ef0741e486966920f1525a2d/users/f9ab408f771740b29201d4d354020be7/roles/da93e41123bb46389c05e40f996005d7 0.036s
2025-12-15 11:01:41.511 66458 INFO tempest.lib.common.rest_client [req-0de7386c-fc15-4a49-b789-0d42840729eb req-0de7386c-fc15-4a49-b789-0d42840729eb ] Request (ServicesAdminNegativeTestJSON:setUpClass): 200 GET http://10.180.1.21/identity/v3/roles 0.083s
2025-12-15 11:01:41.524 66482 INFO tempest.lib.common.rest_client [req-ae5887bf-88f9-4bcc-86d8-bb1041eb549b req-ae5887bf-88f9-4bcc-86d8-bb1041eb549b ] Request (SecurityGroupsTestJSON:test_security_group_create_get_delete): 202 DELETE http://10.180.1.21/compute/v2.1/os-security-groups/67a30e7d-64b7-442a-943d-1046afcf31f6 7.719s
2025-12-15 11:01:41.540 66458 INFO tempest.lib.common.rest_client [req-16332a55-f353-41ad-a9e7-05fdf3803322 req-16332a55-f353-41ad-a9e7-05fdf3803322 ] Request (ServicesAdminNegativeTestJSON:setUpClass): 204 PUT http://10.180.1.21/identity/v3/projects/ea4377c7ef0741e486966920f1525a2d/users/f9ab408f771740b29201d4d354020be7/roles/da93e41123bb46389c05e40f996005d7 0.028s
2025-12-15 11:01:41.541 66458 INFO tempest.lib.common.dynamic_creds [-] Dynamic test user f9ab408f771740b29201d4d354020be7 is created with scope project and roles: ['admin']
2025-12-15 11:01:41.541 66458 INFO tempest.lib.common.dynamic_creds [-] Acquired dynamic creds: credentials: Credentials: {'domain_id': 'default', 'domain_name': 'Default', 'username': 'tempest-ServicesAdminNegativeTestJSON-1647240724-project-admin', 'project_domain_id': 'default', 'project_domain_name': 'Default', 'project_id': 'ea4377c7ef0741e486966920f1525a2d', 'project_name': 'tempest-ServicesAdminNegativeTestJSON-1647240724', 'tenant_id': 'ea4377c7ef0741e486966920f1525a2d', 'tenant_name': 'tempest-ServicesAdminNegativeTestJSON-1647240724', 'user_domain_id': 'default', 'user_domain_name': 'Default', 'user_id': 'f9ab408f771740b29201d4d354020be7', 'system': None}, Network: None, Subnet: None, Router: None
2025-12-15 11:01:41.541 66458 INFO tempest.lib.common.dynamic_creds [-] Created isolated network resources for: credentials: Credentials: {'domain_id': 'default', 'domain_name': 'Default', 'username': 'tempest-ServicesAdminNegativeTestJSON-1647240724-project-admin', 'project_domain_id': 'default', 'project_domain_name': 'Default', 'project_id': 'ea4377c7ef0741e486966920f1525a2d', 'project_name': 'tempest-ServicesAdminNegativeTestJSON-1647240724', 'tenant_id': 'ea4377c7ef0741e486966920f1525a2d', 'tenant_name': 'tempest-ServicesAdminNegativeTestJSON-1647240724', 'user_domain_id': 'default', 'user_domain_name': 'Default', 'user_id': 'f9ab408f771740b29201d4d354020be7', 'system': None}, Network: None, Subnet: None, Router: None
2025-12-15 11:01:41.655 66458 INFO tempest.lib.common.rest_client [req-fef10dea-5e6c-4f87-88a9-e8139c061d64 req-fef10dea-5e6c-4f87-88a9-e8139c061d64 ] Request (ServicesAdminNegativeTestJSON:setUpClass): 201 POST http://10.180.1.21/identity/v3/auth/tokens 0.111s
2025-12-15 11:01:41.832 66484 INFO tempest.lib.common.rest_client [req-d8f04d55-f06f-454b-9452-fac8f3a0ec51 req-d8f04d55-f06f-454b-9452-fac8f3a0ec51 ] Request (ListServersNegativeTestJSON:setUpClass): 200 GET http://10.180.1.21/compute/v2.1/servers/4fbf7ef8-f24b-4c2c-b802-6a8a3d20a35e 7.901s
2025-12-15 11:01:41.839 66484 INFO tempest.common.waiters [-] State transition "BUILD/spawning" ==> "ACTIVE/None" after 22 second wait
2025-12-15 11:01:41.942 66504 INFO tempest.lib.common.rest_client [req-4397d24d-2ae9-49a6-8d0e-90cff52d86aa req-4397d24d-2ae9-49a6-8d0e-90cff52d86aa ] Request (VolumesAdminNegativeTest:tearDownClass): 200 GET http://10.180.1.21/compute/v2.1/servers/6addd440-371c-4066-9a80-66df8140f727 7.847s
2025-12-15 11:01:42.056 66512 INFO tempest.lib.common.rest_client [req-170adf6b-1fca-4548-b3f1-75e440e5e5e9 req-170adf6b-1fca-4548-b3f1-75e440e5e5e9 ] Request (ImagesOneServerTestJSON:setUpClass): 200 GET http://10.180.1.21/compute/v2.1/servers/e9cf499a-6410-4058-84cf-c33f4023aee1 7.833s
2025-12-15 11:01:42.063 66452 INFO tempest.lib.common.rest_client [req-ebbed9d7-0391-4ced-9cf4-73e75b65105d req-ebbed9d7-0391-4ced-9cf4-73e75b65105d ] Request (AggregatesAdminNegativeTestJSON:test_aggregate_delete_as_user): 403 DELETE http://10.180.1.21/compute/v2.1/os-aggregates/5 7.466s
2025-12-15 11:01:42.085 66495 INFO tempest.lib.common.rest_client [req-00d20c75-3e11-4f0e-a4dd-ac7ab8c97b27 req-00d20c75-3e11-4f0e-a4dd-ac7ab8c97b27 ] Request (FlavorsAccessNegativeTestJSON:_run_cleanups): 202 DELETE http://10.180.1.21/compute/v2.1/flavors/439144208 7.414s
2025-12-15 11:01:42.189 66468 INFO tempest.lib.common.rest_client [req-e31c79d9-8d09-42b5-b5fa-4450b94da8e9 req-e31c79d9-8d09-42b5-b5fa-4450b94da8e9 ] Request (FloatingIPsAssociationNegativeTestJSON:setUpClass): 200 GET http://10.180.1.21/compute/v2.1/servers/92c44412-8ba0-465f-bcfa-977c03d07b6f 7.502s
2025-12-15 11:01:42.207 66474 INFO tempest.lib.common.rest_client [req-0654c1bc-7ad4-4c03-86bb-fc1bffdf001c req-0654c1bc-7ad4-4c03-86bb-fc1bffdf001c ] Request (KeyPairsV2TestJSON:_run_cleanups): 202 DELETE http://10.180.1.21/compute/v2.1/os-keypairs/tempest-KeyPairsV2TestJSON-keypair-1700329333 7.512s
2025-12-15 11:01:42.223 66500 INFO tempest.lib.common.rest_client [req-6dc24e3f-6bad-440b-bc08-807d93583c76 req-6dc24e3f-6bad-440b-bc08-807d93583c76 ] Request (FlavorsAdminTestJSON:_run_cleanups): 202 DELETE http://10.180.1.21/compute/v2.1/flavors/2032286371 7.409s
2025-12-15 11:01:42.277 66480 INFO tempest.lib.common.rest_client [req-b54eab17-a67f-43e3-ab35-4eebe695cd7e req-b54eab17-a67f-43e3-ab35-4eebe695cd7e ] Request (QuotaClassesAdminTestJSON:_run_cleanups): 200 PUT http://10.180.1.21/compute/v2.1/os-quota-class-sets/default 7.452s
2025-12-15 11:01:42.365 66474 INFO tempest.lib.common.rest_client [req-5bd1bb63-b2cc-4465-807e-88ac95abbdde req-5bd1bb63-b2cc-4465-807e-88ac95abbdde ] Request (KeyPairsV2TestJSON:tearDownClass): 204 DELETE http://10.180.1.21/identity/v3/users/7bb53edfd3a247979b8a560ec806664c 0.156s
2025-12-15 11:01:42.365 66474 INFO tempest.lib.common.dynamic_creds [-] Deleting project and security group for project: e059752496d74f7cb6964a8d6f3a8ccc
2025-12-15 11:01:42.426 66515 INFO tempest.lib.common.rest_client [req-e6ede1eb-294b-438e-847d-5f56fdafcdf3 req-e6ede1eb-294b-438e-847d-5f56fdafcdf3 ] Request (ServersAdmin275Test:tearDownClass): 200 GET http://10.180.1.21/compute/v2.1/servers/1c446f17-417b-4917-b40b-f14463dcff6b 7.522s
2025-12-15 11:01:42.430 66470 INFO tempest.lib.common.rest_client [req-8b10f512-6000-47f8-9085-62f796052b95 req-8b10f512-6000-47f8-9085-62f796052b95 ] Request (QuotasAdminTestV236:test_get_updated_quotas): 200 GET http://10.180.1.21/identity/v3/domains?name=Default 0.146s
2025-12-15 11:01:42.459 66474 INFO tempest.lib.common.rest_client [req-da4d7095-9cbb-4295-ac2a-c4d43a1e1ba8 req-da4d7095-9cbb-4295-ac2a-c4d43a1e1ba8 ] Request (KeyPairsV2TestJSON:tearDownClass): 201 POST http://10.180.1.21/identity/v3/auth/tokens 0.093s
2025-12-15 11:01:42.501 66480 INFO tempest.lib.common.rest_client [req-8a871ee5-2346-44d4-9f93-537f10fff4a5 req-8a871ee5-2346-44d4-9f93-537f10fff4a5 ] Request (QuotaClassesAdminTestJSON:tearDownClass): 204 DELETE http://10.180.1.21/identity/v3/users/02f830bb638641049590402286de7734 0.208s
2025-12-15 11:01:42.598 66470 INFO tempest.lib.common.rest_client [req-a46771a3-b3be-43b4-9ad2-fedbbd4023d0 req-a46771a3-b3be-43b4-9ad2-fedbbd4023d0 ] Request (QuotasAdminTestV236:test_get_updated_quotas): 201 POST http://10.180.1.21/identity/v3/projects 0.167s
2025-12-15 11:01:42.693 66470 INFO tempest.lib.common.rest_client [req-9098c4f2-f905-4cce-9600-7e0a2b265fa8 req-9098c4f2-f905-4cce-9600-7e0a2b265fa8 ] Request (QuotasAdminTestV236:test_get_updated_quotas): 200 GET http://10.180.1.21/identity/v3/domains?name=Default 0.095s
2025-12-15 11:01:42.703 66480 INFO tempest.lib.common.rest_client [req-69e8f101-3dec-44cb-8542-ae52ad1351ba req-69e8f101-3dec-44cb-8542-ae52ad1351ba ] Request (QuotaClassesAdminTestJSON:tearDownClass): 204 DELETE http://10.180.1.21/identity/v3/users/f285f9903c684e9dbba93b8f79a818ca 0.201s
2025-12-15 11:01:42.703 66480 INFO tempest.lib.common.dynamic_creds [-] Deleting project and security group for project: af64dcc324c14119bc4ca297a88a5adf
2025-12-15 11:01:42.765 66474 INFO tempest.lib.common.rest_client [req-6c13083a-df51-488f-ae39-615193fc84e9 req-6c13083a-df51-488f-ae39-615193fc84e9 ] Request (KeyPairsV2TestJSON:tearDownClass): 200 GET http://10.180.1.21/networking/v2.0/security-groups?tenant_id=e059752496d74f7cb6964a8d6f3a8ccc&name=default 0.305s
2025-12-15 11:01:42.786 66480 INFO tempest.lib.common.rest_client [req-e8e45666-9eba-4024-85c5-7f4db4e164a6 req-e8e45666-9eba-4024-85c5-7f4db4e164a6 ] Request (QuotaClassesAdminTestJSON:tearDownClass): 201 POST http://10.180.1.21/identity/v3/auth/tokens 0.082s
2025-12-15 11:01:42.980 66474 INFO tempest.lib.common.rest_client [req-362114b2-1707-4734-8071-95f8132ada25 req-362114b2-1707-4734-8071-95f8132ada25 ] Request (KeyPairsV2TestJSON:tearDownClass): 204 DELETE http://10.180.1.21/networking/v2.0/security-groups/e5e5adc3-3075-44c7-91c5-4eb9fd413f68 0.215s
2025-12-15 11:01:42.989 66476 WARNING tempest.lib.common.ssh [-] Failed to establish authenticated ssh connection to cirros@10.180.180.139 ([Errno None] Unable to connect to port 22 on 10.180.180.139). Number attempts: 3. Retry after 4 seconds.: paramiko.ssh_exception.NoValidConnectionsError: [Errno None] Unable to connect to port 22 on 10.180.180.139
2025-12-15 11:01:43.044 66474 INFO tempest.lib.common.rest_client [req-3d76bc61-b2d5-416d-9564-43d0e6202fcb req-3d76bc61-b2d5-416d-9564-43d0e6202fcb ] Request (KeyPairsV2TestJSON:tearDownClass): 204 DELETE http://10.180.1.21/identity/v3/projects/e059752496d74f7cb6964a8d6f3a8ccc 0.063s
2025-12-15 11:01:43.107 66474 INFO tempest.lib.common.rest_client [req-df0ee8e6-3f3e-48dc-8189-cfa0d77b8818 req-df0ee8e6-3f3e-48dc-8189-cfa0d77b8818 ] Request (ServerActionsTestOtherB:setUpClass): 201 POST http://10.180.1.21/identity/v3/auth/tokens 0.062s
2025-12-15 11:01:43.141 66474 INFO tempest.lib.common.rest_client [req-67ec6f3b-5b4e-449c-9ebd-b1a086f8b0ff req-67ec6f3b-5b4e-449c-9ebd-b1a086f8b0ff ] Request (ServerActionsTestOtherB:setUpClass): 201 POST http://10.180.1.21/identity/v3/auth/tokens 0.031s
2025-12-15 11:01:43.169 66474 INFO tempest.lib.common.rest_client [req-cf214b97-4ef5-45bb-b222-169adee6bf35 req-cf214b97-4ef5-45bb-b222-169adee6bf35 ] Request (ServerActionsTestOtherB:setUpClass): 200 GET http://10.180.1.21/identity/v3/domains?name=Default 0.028s
2025-12-15 11:01:43.199 66474 INFO tempest.lib.common.rest_client [req-b8e4c648-8df9-428b-b717-1a41e162422a req-b8e4c648-8df9-428b-b717-1a41e162422a ] Request (ServerActionsTestOtherB:setUpClass): 201 POST http://10.180.1.21/identity/v3/projects 0.029s
2025-12-15 11:01:43.209 66480 INFO tempest.lib.common.rest_client [req-19aa62f9-a6c0-46e0-8381-37733d67a02e req-19aa62f9-a6c0-46e0-8381-37733d67a02e ] Request (QuotaClassesAdminTestJSON:tearDownClass): 200 GET http://10.180.1.21/networking/v2.0/security-groups?tenant_id=af64dcc324c14119bc4ca297a88a5adf&name=default 0.423s
2025-12-15 11:01:43.259 66474 INFO tempest.lib.common.rest_client [req-fca86e3e-68df-4e09-ab6e-a266afbd5ca7 req-fca86e3e-68df-4e09-ab6e-a266afbd5ca7 ] Request (ServerActionsTestOtherB:setUpClass): 201 POST http://10.180.1.21/identity/v3/users 0.059s
2025-12-15 11:01:43.276 66456 INFO tempest.lib.common.rest_client [req-948b0884-8040-46c6-89e3-740364dae7f2 req-948b0884-8040-46c6-89e3-740364dae7f2 ] Request (FloatingIPsAssociationTestJSON:test_associate_already_associated_floating_ip): 202 POST http://10.180.1.21/compute/v2.1/servers/d4d6a674-4672-416e-b92f-713c8d76653a/action 9.733s
2025-12-15 11:01:43.285 66474 INFO tempest.lib.common.rest_client [req-5e7284f2-eebd-4080-90f8-d7cde5077ee3 req-5e7284f2-eebd-4080-90f8-d7cde5077ee3 ] Request (ServerActionsTestOtherB:setUpClass): 200 GET http://10.180.1.21/identity/v3/roles 0.025s
2025-12-15 11:01:43.305 66492 INFO tempest.lib.common.rest_client [req-b87324d9-d284-4fea-9195-6338c4b9bbba req-b87324d9-d284-4fea-9195-6338c4b9bbba ] Request (MigrationsAdminTest:test_list_migrations_in_flavor_resize_situation): 200 GET http://10.180.1.21/compute/v2.1/servers/1fe60718-0f8d-4dad-9ba8-fc3a817373cf 7.931s
2025-12-15 11:01:43.313 66492 INFO tempest.common.waiters [-] State transition "BUILD/None" ==> "BUILD/spawning" after 15 second wait
2025-12-15 11:01:43.336 66474 INFO tempest.lib.common.rest_client [req-8dfc42d4-6ce0-419e-8c23-0f5283a09c58 req-8dfc42d4-6ce0-419e-8c23-0f5283a09c58 ] Request (ServerActionsTestOtherB:setUpClass): 204 PUT http://10.180.1.21/identity/v3/projects/97de46f30eff4c2185f9225408986972/users/d1fd791292a1492994d998a3c3733173/roles/55cdd4d3c01741fc8fb93c67329a124a 0.050s
2025-12-15 11:01:43.336 66474 INFO tempest.lib.common.dynamic_creds [-] Dynamic test user d1fd791292a1492994d998a3c3733173 is created with scope project and roles: ['member']
2025-12-15 11:01:43.336 66474 INFO tempest.lib.common.dynamic_creds [-] Acquired dynamic creds: credentials: Credentials: {'domain_id': 'default', 'domain_name': 'Default', 'username': 'tempest-ServerActionsTestOtherB-1868790427-project-member', 'project_domain_id': 'default', 'project_domain_name': 'Default', 'project_id': '97de46f30eff4c2185f9225408986972', 'project_name': 'tempest-ServerActionsTestOtherB-1868790427', 'tenant_id': '97de46f30eff4c2185f9225408986972', 'tenant_name': 'tempest-ServerActionsTestOtherB-1868790427', 'user_domain_id': 'default', 'user_domain_name': 'Default', 'user_id': 'd1fd791292a1492994d998a3c3733173', 'system': None}, Network: None, Subnet: None, Router: None
2025-12-15 11:01:43.405 66474 INFO tempest.lib.common.rest_client [req-c36c9337-bc91-4f6b-9129-a83c41ef0e77 req-c36c9337-bc91-4f6b-9129-a83c41ef0e77 ] Request (ServerActionsTestOtherB:setUpClass): 201 POST http://10.180.1.21/identity/v3/auth/tokens 0.069s
2025-12-15 11:01:43.422 66480 INFO tempest.lib.common.rest_client [req-87d54b57-8880-441c-99b3-45c87d257b82 req-87d54b57-8880-441c-99b3-45c87d257b82 ] Request (QuotaClassesAdminTestJSON:tearDownClass): 204 DELETE http://10.180.1.21/networking/v2.0/security-groups/906fd3fa-7ecc-4f03-b40b-f4a0e57ecd4e 0.213s
2025-12-15 11:01:43.485 66480 INFO tempest.lib.common.rest_client [req-6518ae1b-b3c0-455d-aeab-5bf282afd872 req-6518ae1b-b3c0-455d-aeab-5bf282afd872 ] Request (QuotaClassesAdminTestJSON:tearDownClass): 204 DELETE http://10.180.1.21/identity/v3/projects/af64dcc324c14119bc4ca297a88a5adf 0.062s
2025-12-15 11:01:43.485 66480 INFO tempest.lib.common.dynamic_creds [-] Deleting project and security group for project: f9e686b23e294bf2a388de20579b6e18
2025-12-15 11:01:43.506 66460 INFO tempest.lib.common.rest_client [req-191d8b16-16f2-4d89-bb1f-1bbde45f145f req-191d8b16-16f2-4d89-bb1f-1bbde45f145f ] Request (ServerDiagnosticsV248Test:test_get_server_diagnostics): 200 GET http://10.180.1.21/compute/v2.1/servers/755cbde2-e261-4f53-af79-7d72d6471115 7.829s
2025-12-15 11:01:43.629 66490 WARNING tempest.lib.common.ssh [-] Failed to establish authenticated ssh connection to cirros@10.180.180.169 ([Errno None] Unable to connect to port 22 on 10.180.180.169). Number attempts: 1. Retry after 2 seconds.: paramiko.ssh_exception.NoValidConnectionsError: [Errno None] Unable to connect to port 22 on 10.180.180.169
2025-12-15 11:01:43.657 66480 INFO tempest.lib.common.rest_client [req-68d3fbb8-cdec-4365-a157-ee2349446628 req-68d3fbb8-cdec-4365-a157-ee2349446628 ] Request (QuotaClassesAdminTestJSON:tearDownClass): 200 GET http://10.180.1.21/networking/v2.0/security-groups?tenant_id=f9e686b23e294bf2a388de20579b6e18&name=default 0.172s
2025-12-15 11:01:43.692 66472 INFO tempest.lib.common.rest_client [req-7265deff-fb16-47ed-b43f-3aee657de94f req-7265deff-fb16-47ed-b43f-3aee657de94f ] Request (AttachInterfacesUnderV243Test:test_add_remove_fixed_ip): 200 GET http://10.180.1.21/compute/v2.1/servers/08d102c9-7706-4d9c-9765-3b502b88a453 8.181s
