2025-12-15 11:00:14.479 66464 INFO tempest.lib.common.rest_client [req-679e4cb2-7a92-4fb7-8d3a-5f4ec7eabf65 req-679e4cb2-7a92-4fb7-8d3a-5f4ec7eabf65 ] Request (VolumesAssistedSnapshotsTest:setUpClass): 201 POST http://10.180.1.21/networking/v2.0/routers 0.739s
2025-12-15 11:00:14.501 66509 INFO tempest.lib.common.rest_client [req-980b90b2-894d-46a7-aca9-75ea53031cfc req-980b90b2-894d-46a7-aca9-75ea53031cfc ] Request (HypervisorAdminV228Test:setUpClass): 204 PUT http://10.180.1.21/identity/v3/projects/fe4a2070e124431885848ad4e8980923/users/1f870f936a444b17b1447ca59d86744f/roles/da93e41123bb46389c05e40f996005d7 0.492s
2025-12-15 11:00:14.501 66512 INFO tempest.lib.common.rest_client [req-cdf98a8b-cbe0-4790-a1ae-ac1407ac6705 req-cdf98a8b-cbe0-4790-a1ae-ac1407ac6705 ] Request (TenantUsagesTestJSON:setUpClass): 204 PUT http://10.180.1.21/identity/v3/projects/8aa7756167544009b0d4ca516b48398d/users/cdc985aa4bbf4484b45f0a99df81018c/roles/da93e41123bb46389c05e40f996005d7 0.465s
2025-12-15 11:00:14.502 66509 INFO tempest.lib.common.dynamic_creds [-] Dynamic test user 1f870f936a444b17b1447ca59d86744f is created with scope project and roles: ['admin']
2025-12-15 11:00:14.502 66512 INFO tempest.lib.common.dynamic_creds [-] Dynamic test user cdc985aa4bbf4484b45f0a99df81018c is created with scope project and roles: ['admin']
2025-12-15 11:00:14.502 66509 INFO tempest.lib.common.dynamic_creds [-] Acquired dynamic creds: credentials: Credentials: {'domain_id': 'default', 'domain_name': 'Default', 'username': 'tempest-HypervisorAdminV228Test-1205013053-project-admin', 'project_domain_id': 'default', 'project_domain_name': 'Default', 'project_id': 'fe4a2070e124431885848ad4e8980923', 'project_name': 'tempest-HypervisorAdminV228Test-1205013053', 'tenant_id': 'fe4a2070e124431885848ad4e8980923', 'tenant_name': 'tempest-HypervisorAdminV228Test-1205013053', 'user_domain_id': 'default', 'user_domain_name': 'Default', 'user_id': '1f870f936a444b17b1447ca59d86744f', 'system': None}, Network: None, Subnet: None, Router: None
2025-12-15 11:00:14.502 66509 INFO tempest.lib.common.dynamic_creds [-] Created isolated network resources for: credentials: Credentials: {'domain_id': 'default', 'domain_name': 'Default', 'username': 'tempest-HypervisorAdminV228Test-1205013053-project-admin', 'project_domain_id': 'default', 'project_domain_name': 'Default', 'project_id': 'fe4a2070e124431885848ad4e8980923', 'project_name': 'tempest-HypervisorAdminV228Test-1205013053', 'tenant_id': 'fe4a2070e124431885848ad4e8980923', 'tenant_name': 'tempest-HypervisorAdminV228Test-1205013053', 'user_domain_id': 'default', 'user_domain_name': 'Default', 'user_id': '1f870f936a444b17b1447ca59d86744f', 'system': None}, Network: None, Subnet: None, Router: None
2025-12-15 11:00:14.502 66512 INFO tempest.lib.common.dynamic_creds [-] Acquired dynamic creds: credentials: Credentials: {'domain_id': 'default', 'domain_name': 'Default', 'username': 'tempest-TenantUsagesTestJSON-1436202426-project-admin', 'project_domain_id': 'default', 'project_domain_name': 'Default', 'project_id': '8aa7756167544009b0d4ca516b48398d', 'project_name': 'tempest-TenantUsagesTestJSON-1436202426', 'tenant_id': '8aa7756167544009b0d4ca516b48398d', 'tenant_name': 'tempest-TenantUsagesTestJSON-1436202426', 'user_domain_id': 'default', 'user_domain_name': 'Default', 'user_id': 'cdc985aa4bbf4484b45f0a99df81018c', 'system': None}, Network: None, Subnet: None, Router: None
2025-12-15 11:00:14.502 66512 INFO tempest.lib.common.dynamic_creds [-] Created isolated network resources for: credentials: Credentials: {'domain_id': 'default', 'domain_name': 'Default', 'username': 'tempest-TenantUsagesTestJSON-1436202426-project-admin', 'project_domain_id': 'default', 'project_domain_name': 'Default', 'project_id': '8aa7756167544009b0d4ca516b48398d', 'project_name': 'tempest-TenantUsagesTestJSON-1436202426', 'tenant_id': '8aa7756167544009b0d4ca516b48398d', 'tenant_name': 'tempest-TenantUsagesTestJSON-1436202426', 'user_domain_id': 'default', 'user_domain_name': 'Default', 'user_id': 'cdc985aa4bbf4484b45f0a99df81018c', 'system': None}, Network: None, Subnet: None, Router: None
2025-12-15 11:00:14.547 66452 INFO tempest.lib.common.rest_client [req-14cbba4e-e266-4589-a057-a8bf97bd7af7 req-14cbba4e-e266-4589-a057-a8bf97bd7af7 ] Request (AggregatesAdminNegativeTestJSON:setUpClass): 204 PUT http://10.180.1.21/identity/v3/projects/1d6f9c524a444e99b4dae6b5bc4d19ed/users/c560435e294a4b6594e12d9dd0b02628/roles/da93e41123bb46389c05e40f996005d7 0.483s
2025-12-15 11:00:14.547 66452 INFO tempest.lib.common.dynamic_creds [-] Dynamic test user c560435e294a4b6594e12d9dd0b02628 is created with scope project and roles: ['admin']
2025-12-15 11:00:14.547 66452 INFO tempest.lib.common.dynamic_creds [-] Acquired dynamic creds: credentials: Credentials: {'domain_id': 'default', 'domain_name': 'Default', 'username': 'tempest-AggregatesAdminNegativeTestJSON-49947203-project-admin', 'project_domain_id': 'default', 'project_domain_name': 'Default', 'project_id': '1d6f9c524a444e99b4dae6b5bc4d19ed', 'project_name': 'tempest-AggregatesAdminNegativeTestJSON-49947203', 'tenant_id': '1d6f9c524a444e99b4dae6b5bc4d19ed', 'tenant_name': 'tempest-AggregatesAdminNegativeTestJSON-49947203', 'user_domain_id': 'default', 'user_domain_name': 'Default', 'user_id': 'c560435e294a4b6594e12d9dd0b02628', 'system': None}, Network: None, Subnet: None, Router: None
2025-12-15 11:00:14.547 66452 INFO tempest.lib.common.dynamic_creds [-] Created isolated network resources for: credentials: Credentials: {'domain_id': 'default', 'domain_name': 'Default', 'username': 'tempest-AggregatesAdminNegativeTestJSON-49947203-project-admin', 'project_domain_id': 'default', 'project_domain_name': 'Default', 'project_id': '1d6f9c524a444e99b4dae6b5bc4d19ed', 'project_name': 'tempest-AggregatesAdminNegativeTestJSON-49947203', 'tenant_id': '1d6f9c524a444e99b4dae6b5bc4d19ed', 'tenant_name': 'tempest-AggregatesAdminNegativeTestJSON-49947203', 'user_domain_id': 'default', 'user_domain_name': 'Default', 'user_id': 'c560435e294a4b6594e12d9dd0b02628', 'system': None}, Network: None, Subnet: None, Router: None
2025-12-15 11:00:14.548 66482 INFO tempest.lib.common.rest_client [req-12192916-6bf1-4886-9bbb-e124c5d5865b req-12192916-6bf1-4886-9bbb-e124c5d5865b ] Request (FlavorMetadataValidation:setUpClass): 204 PUT http://10.180.1.21/identity/v3/projects/a47480bbba314b7b87e0f99c95d1fbd2/users/b6986a0ea5414051847f4ec9a7ac5adb/roles/da93e41123bb46389c05e40f996005d7 0.465s
2025-12-15 11:00:14.548 66482 INFO tempest.lib.common.dynamic_creds [-] Dynamic test user b6986a0ea5414051847f4ec9a7ac5adb is created with scope project and roles: ['admin']
2025-12-15 11:00:14.548 66482 INFO tempest.lib.common.dynamic_creds [-] Acquired dynamic creds: credentials: Credentials: {'domain_id': 'default', 'domain_name': 'Default', 'username': 'tempest-FlavorMetadataValidation-1886397928-project-admin', 'project_domain_id': 'default', 'project_domain_name': 'Default', 'project_id': 'a47480bbba314b7b87e0f99c95d1fbd2', 'project_name': 'tempest-FlavorMetadataValidation-1886397928', 'tenant_id': 'a47480bbba314b7b87e0f99c95d1fbd2', 'tenant_name': 'tempest-FlavorMetadataValidation-1886397928', 'user_domain_id': 'default', 'user_domain_name': 'Default', 'user_id': 'b6986a0ea5414051847f4ec9a7ac5adb', 'system': None}, Network: None, Subnet: None, Router: None
2025-12-15 11:00:14.549 66482 INFO tempest.lib.common.dynamic_creds [-] Created isolated network resources for: credentials: Credentials: {'domain_id': 'default', 'domain_name': 'Default', 'username': 'tempest-FlavorMetadataValidation-1886397928-project-admin', 'project_domain_id': 'default', 'project_domain_name': 'Default', 'project_id': 'a47480bbba314b7b87e0f99c95d1fbd2', 'project_name': 'tempest-FlavorMetadataValidation-1886397928', 'tenant_id': 'a47480bbba314b7b87e0f99c95d1fbd2', 'tenant_name': 'tempest-FlavorMetadataValidation-1886397928', 'user_domain_id': 'default', 'user_domain_name': 'Default', 'user_id': 'b6986a0ea5414051847f4ec9a7ac5adb', 'system': None}, Network: None, Subnet: None, Router: None
2025-12-15 11:00:14.593 66506 INFO tempest.lib.common.rest_client [req-cd6d5069-89b7-4dfc-aaf8-dc11c9520ec3 req-cd6d5069-89b7-4dfc-aaf8-dc11c9520ec3 ] Request (FlavorsExtraSpecsNegativeTestJSON:setUpClass): 204 PUT http://10.180.1.21/identity/v3/projects/62fec6257e2e46ee8c70b587b2703447/users/7be02bc4655349e2af6f9f64b33153f9/roles/da93e41123bb46389c05e40f996005d7 0.494s
2025-12-15 11:00:14.594 66506 INFO tempest.lib.common.dynamic_creds [-] Dynamic test user 7be02bc4655349e2af6f9f64b33153f9 is created with scope project and roles: ['admin']
2025-12-15 11:00:14.594 66506 INFO tempest.lib.common.dynamic_creds [-] Acquired dynamic creds: credentials: Credentials: {'domain_id': 'default', 'domain_name': 'Default', 'username': 'tempest-FlavorsExtraSpecsNegativeTestJSON-1846939353-project-admin', 'project_domain_id': 'default', 'project_domain_name': 'Default', 'project_id': '62fec6257e2e46ee8c70b587b2703447', 'project_name': 'tempest-FlavorsExtraSpecsNegativeTestJSON-1846939353', 'tenant_id': '62fec6257e2e46ee8c70b587b2703447', 'tenant_name': 'tempest-FlavorsExtraSpecsNegativeTestJSON-1846939353', 'user_domain_id': 'default', 'user_domain_name': 'Default', 'user_id': '7be02bc4655349e2af6f9f64b33153f9', 'system': None}, Network: None, Subnet: None, Router: None
2025-12-15 11:00:14.594 66506 INFO tempest.lib.common.dynamic_creds [-] Created isolated network resources for: credentials: Credentials: {'domain_id': 'default', 'domain_name': 'Default', 'username': 'tempest-FlavorsExtraSpecsNegativeTestJSON-1846939353-project-admin', 'project_domain_id': 'default', 'project_domain_name': 'Default', 'project_id': '62fec6257e2e46ee8c70b587b2703447', 'project_name': 'tempest-FlavorsExtraSpecsNegativeTestJSON-1846939353', 'tenant_id': '62fec6257e2e46ee8c70b587b2703447', 'tenant_name': 'tempest-FlavorsExtraSpecsNegativeTestJSON-1846939353', 'user_domain_id': 'default', 'user_domain_name': 'Default', 'user_id': '7be02bc4655349e2af6f9f64b33153f9', 'system': None}, Network: None, Subnet: None, Router: None
2025-12-15 11:00:14.606 66490 INFO tempest.lib.common.rest_client [req-ffd8c9e7-03ad-4316-8d97-b09b62888e55 req-ffd8c9e7-03ad-4316-8d97-b09b62888e55 ] Request (ServersWithSpecificFlavorTestJSON:setUpClass): 201 POST http://10.180.1.21/identity/v3/projects 0.490s
2025-12-15 11:00:14.686 66492 INFO tempest.lib.common.rest_client [req-2acd46a5-31d9-4b82-9577-90368aa4bea8 req-2acd46a5-31d9-4b82-9577-90368aa4bea8 ] Request (FlavorsExtraSpecsTestJSON:setUpClass): 204 PUT http://10.180.1.21/identity/v3/projects/1710896ea9144b3c813fd1d6d06ec54c/users/609dbd0c88ad44dfb33b6a96ffae55a1/roles/da93e41123bb46389c05e40f996005d7 0.569s
2025-12-15 11:00:14.686 66492 INFO tempest.lib.common.dynamic_creds [-] Dynamic test user 609dbd0c88ad44dfb33b6a96ffae55a1 is created with scope project and roles: ['admin']
2025-12-15 11:00:14.686 66492 INFO tempest.lib.common.dynamic_creds [-] Acquired dynamic creds: credentials: Credentials: {'domain_id': 'default', 'domain_name': 'Default', 'username': 'tempest-FlavorsExtraSpecsTestJSON-1730044920-project-admin', 'project_domain_id': 'default', 'project_domain_name': 'Default', 'project_id': '1710896ea9144b3c813fd1d6d06ec54c', 'project_name': 'tempest-FlavorsExtraSpecsTestJSON-1730044920', 'tenant_id': '1710896ea9144b3c813fd1d6d06ec54c', 'tenant_name': 'tempest-FlavorsExtraSpecsTestJSON-1730044920', 'user_domain_id': 'default', 'user_domain_name': 'Default', 'user_id': '609dbd0c88ad44dfb33b6a96ffae55a1', 'system': None}, Network: None, Subnet: None, Router: None
2025-12-15 11:00:14.687 66492 INFO tempest.lib.common.dynamic_creds [-] Created isolated network resources for: credentials: Credentials: {'domain_id': 'default', 'domain_name': 'Default', 'username': 'tempest-FlavorsExtraSpecsTestJSON-1730044920-project-admin', 'project_domain_id': 'default', 'project_domain_name': 'Default', 'project_id': '1710896ea9144b3c813fd1d6d06ec54c', 'project_name': 'tempest-FlavorsExtraSpecsTestJSON-1730044920', 'tenant_id': '1710896ea9144b3c813fd1d6d06ec54c', 'tenant_name': 'tempest-FlavorsExtraSpecsTestJSON-1730044920', 'user_domain_id': 'default', 'user_domain_name': 'Default', 'user_id': '609dbd0c88ad44dfb33b6a96ffae55a1', 'system': None}, Network: None, Subnet: None, Router: None
2025-12-15 11:00:14.691 66454 INFO tempest.lib.common.rest_client [req-87b22abf-9575-4779-b06f-2cf19a903dfe req-87b22abf-9575-4779-b06f-2cf19a903dfe ] Request (FlavorsV261TestJSON:setUpClass): 201 POST http://10.180.1.21/identity/v3/auth/tokens 0.559s
2025-12-15 11:00:14.745 66470 INFO tempest.lib.common.rest_client [req-e13e18a2-efc9-4af6-845f-c39abd70f3c1 req-e13e18a2-efc9-4af6-845f-c39abd70f3c1 ] Request (HypervisorAdminNegativeUnderV252Test:setUpClass): 204 PUT http://10.180.1.21/identity/v3/projects/861899dd0d0d4350a511bd10ae8f074a/users/8c559f961001438eab4f8affdd38aec8/roles/da93e41123bb46389c05e40f996005d7 0.555s
2025-12-15 11:00:14.745 66470 INFO tempest.lib.common.dynamic_creds [-] Dynamic test user 8c559f961001438eab4f8affdd38aec8 is created with scope project and roles: ['admin']
2025-12-15 11:00:14.745 66470 INFO tempest.lib.common.dynamic_creds [-] Acquired dynamic creds: credentials: Credentials: {'domain_id': 'default', 'domain_name': 'Default', 'username': 'tempest-HypervisorAdminNegativeUnderV252Test-251200131-project-admin', 'project_domain_id': 'default', 'project_domain_name': 'Default', 'project_id': '861899dd0d0d4350a511bd10ae8f074a', 'project_name': 'tempest-HypervisorAdminNegativeUnderV252Test-251200131', 'tenant_id': '861899dd0d0d4350a511bd10ae8f074a', 'tenant_name': 'tempest-HypervisorAdminNegativeUnderV252Test-251200131', 'user_domain_id': 'default', 'user_domain_name': 'Default', 'user_id': '8c559f961001438eab4f8affdd38aec8', 'system': None}, Network: None, Subnet: None, Router: None
2025-12-15 11:00:14.746 66470 INFO tempest.lib.common.dynamic_creds [-] Created isolated network resources for: credentials: Credentials: {'domain_id': 'default', 'domain_name': 'Default', 'username': 'tempest-HypervisorAdminNegativeUnderV252Test-251200131-project-admin', 'project_domain_id': 'default', 'project_domain_name': 'Default', 'project_id': '861899dd0d0d4350a511bd10ae8f074a', 'project_name': 'tempest-HypervisorAdminNegativeUnderV252Test-251200131', 'tenant_id': '861899dd0d0d4350a511bd10ae8f074a', 'tenant_name': 'tempest-HypervisorAdminNegativeUnderV252Test-251200131', 'user_domain_id': 'default', 'user_domain_name': 'Default', 'user_id': '8c559f961001438eab4f8affdd38aec8', 'system': None}, Network: None, Subnet: None, Router: None
2025-12-15 11:00:14.750 66480 INFO tempest.lib.common.rest_client [req-97f23945-de92-4211-a057-346368334921 req-97f23945-de92-4211-a057-346368334921 ] Request (QuotaClassesAdminTestJSON:setUpClass): 201 POST http://10.180.1.21/identity/v3/auth/tokens 0.611s
2025-12-15 11:00:14.826 66496 INFO tempest.lib.common.rest_client [req-0116b441-acb5-4c25-9f2c-7bb981bfe561 req-0116b441-acb5-4c25-9f2c-7bb981bfe561 ] Request (InstanceUsageAuditLogNegativeTestJSON:setUpClass): 201 POST http://10.180.1.21/identity/v3/auth/tokens 0.612s
2025-12-15 11:00:14.831 66460 INFO tempest.lib.common.rest_client [req-729095c7-d93e-45bd-bee8-2bedd785a48e req-729095c7-d93e-45bd-bee8-2bedd785a48e ] Request (QuotasAdminTestJSON:setUpClass): 201 POST http://10.180.1.21/identity/v3/auth/tokens 0.570s
2025-12-15 11:00:14.833 66460 WARNING tempest.lib.common.rest_client [-] Deprecated: "tenant_id" property is deprecated for removal, use "project_id" instead
2025-12-15 11:00:14.878 66486 INFO tempest.lib.common.rest_client [req-c19c8900-1778-44a8-846d-0c394152d8e2 req-c19c8900-1778-44a8-846d-0c394152d8e2 ] Request (DeleteServersAdminTestJSON:setUpClass): 204 PUT http://10.180.1.21/identity/v3/projects/84bb073efdf346f5a3293f11464e174e/users/2b14d191488347e5a528c9b811d2ec95/roles/da93e41123bb46389c05e40f996005d7 0.573s
2025-12-15 11:00:14.879 66486 INFO tempest.lib.common.dynamic_creds [-] Dynamic test user 2b14d191488347e5a528c9b811d2ec95 is created with scope project and roles: ['admin']
2025-12-15 11:00:14.879 66486 INFO tempest.lib.common.dynamic_creds [-] Acquired dynamic creds: credentials: Credentials: {'domain_id': 'default', 'domain_name': 'Default', 'username': 'tempest-DeleteServersAdminTestJSON-524036614-project-admin', 'project_domain_id': 'default', 'project_domain_name': 'Default', 'project_id': '84bb073efdf346f5a3293f11464e174e', 'project_name': 'tempest-DeleteServersAdminTestJSON-524036614', 'tenant_id': '84bb073efdf346f5a3293f11464e174e', 'tenant_name': 'tempest-DeleteServersAdminTestJSON-524036614', 'user_domain_id': 'default', 'user_domain_name': 'Default', 'user_id': '2b14d191488347e5a528c9b811d2ec95', 'system': None}, Network: None, Subnet: None, Router: None
2025-12-15 11:00:14.879 66486 INFO tempest.lib.common.dynamic_creds [-] Created isolated network resources for: credentials: Credentials: {'domain_id': 'default', 'domain_name': 'Default', 'username': 'tempest-DeleteServersAdminTestJSON-524036614-project-admin', 'project_domain_id': 'default', 'project_domain_name': 'Default', 'project_id': '84bb073efdf346f5a3293f11464e174e', 'project_name': 'tempest-DeleteServersAdminTestJSON-524036614', 'tenant_id': '84bb073efdf346f5a3293f11464e174e', 'tenant_name': 'tempest-DeleteServersAdminTestJSON-524036614', 'user_domain_id': 'default', 'user_domain_name': 'Default', 'user_id': '2b14d191488347e5a528c9b811d2ec95', 'system': None}, Network: None, Subnet: None, Router: None
2025-12-15 11:00:14.891 66474 INFO tempest.lib.common.rest_client [req-02e47d5d-01b2-4768-a026-30acbd048bb2 req-02e47d5d-01b2-4768-a026-30acbd048bb2 ] Request (FloatingIPsNegativeTestJSON:setUpClass): 201 POST http://10.180.1.21/identity/v3/auth/tokens 0.626s
2025-12-15 11:00:14.935 66495 INFO tempest.lib.common.rest_client [req-572eca86-838d-41e2-912c-43879db93690 req-572eca86-838d-41e2-912c-43879db93690 ] Request (FlavorsAccessNegativeTestJSON:setUpClass): 204 PUT http://10.180.1.21/identity/v3/projects/1a9095828329447c8e08758d2d2bb4de/users/44318aedb236422fa575ab5037a9dd2c/roles/da93e41123bb46389c05e40f996005d7 0.627s
2025-12-15 11:00:14.935 66495 INFO tempest.lib.common.dynamic_creds [-] Dynamic test user 44318aedb236422fa575ab5037a9dd2c is created with scope project and roles: ['admin']
2025-12-15 11:00:14.935 66495 INFO tempest.lib.common.dynamic_creds [-] Acquired dynamic creds: credentials: Credentials: {'domain_id': 'default', 'domain_name': 'Default', 'username': 'tempest-FlavorsAccessNegativeTestJSON-1389222545-project-admin', 'project_domain_id': 'default', 'project_domain_name': 'Default', 'project_id': '1a9095828329447c8e08758d2d2bb4de', 'project_name': 'tempest-FlavorsAccessNegativeTestJSON-1389222545', 'tenant_id': '1a9095828329447c8e08758d2d2bb4de', 'tenant_name': 'tempest-FlavorsAccessNegativeTestJSON-1389222545', 'user_domain_id': 'default', 'user_domain_name': 'Default', 'user_id': '44318aedb236422fa575ab5037a9dd2c', 'system': None}, Network: None, Subnet: None, Router: None
2025-12-15 11:00:14.935 66495 INFO tempest.lib.common.dynamic_creds [-] Created isolated network resources for: credentials: Credentials: {'domain_id': 'default', 'domain_name': 'Default', 'username': 'tempest-FlavorsAccessNegativeTestJSON-1389222545-project-admin', 'project_domain_id': 'default', 'project_domain_name': 'Default', 'project_id': '1a9095828329447c8e08758d2d2bb4de', 'project_name': 'tempest-FlavorsAccessNegativeTestJSON-1389222545', 'tenant_id': '1a9095828329447c8e08758d2d2bb4de', 'tenant_name': 'tempest-FlavorsAccessNegativeTestJSON-1389222545', 'user_domain_id': 'default', 'user_domain_name': 'Default', 'user_id': '44318aedb236422fa575ab5037a9dd2c', 'system': None}, Network: None, Subnet: None, Router: None
2025-12-15 11:00:14.937 66500 INFO tempest.lib.common.rest_client [req-db6eb4bc-2f0f-49de-8075-147863eb2841 req-db6eb4bc-2f0f-49de-8075-147863eb2841 ] Request (FlavorsAdminTestJSON:setUpClass): 204 PUT http://10.180.1.21/identity/v3/projects/178c9924a8264acf9a263ca66b8127dd/users/ffaca3d9e7c04e07ae0501428a5f514c/roles/da93e41123bb46389c05e40f996005d7 0.612s
2025-12-15 11:00:14.938 66500 INFO tempest.lib.common.dynamic_creds [-] Dynamic test user ffaca3d9e7c04e07ae0501428a5f514c is created with scope project and roles: ['admin']
2025-12-15 11:00:14.938 66500 INFO tempest.lib.common.dynamic_creds [-] Acquired dynamic creds: credentials: Credentials: {'domain_id': 'default', 'domain_name': 'Default', 'username': 'tempest-FlavorsAdminTestJSON-1364066956-project-admin', 'project_domain_id': 'default', 'project_domain_name': 'Default', 'project_id': '178c9924a8264acf9a263ca66b8127dd', 'project_name': 'tempest-FlavorsAdminTestJSON-1364066956', 'tenant_id': '178c9924a8264acf9a263ca66b8127dd', 'tenant_name': 'tempest-FlavorsAdminTestJSON-1364066956', 'user_domain_id': 'default', 'user_domain_name': 'Default', 'user_id': 'ffaca3d9e7c04e07ae0501428a5f514c', 'system': None}, Network: None, Subnet: None, Router: None
2025-12-15 11:00:14.938 66500 INFO tempest.lib.common.dynamic_creds [-] Created isolated network resources for: credentials: Credentials: {'domain_id': 'default', 'domain_name': 'Default', 'username': 'tempest-FlavorsAdminTestJSON-1364066956-project-admin', 'project_domain_id': 'default', 'project_domain_name': 'Default', 'project_id': '178c9924a8264acf9a263ca66b8127dd', 'project_name': 'tempest-FlavorsAdminTestJSON-1364066956', 'tenant_id': '178c9924a8264acf9a263ca66b8127dd', 'tenant_name': 'tempest-FlavorsAdminTestJSON-1364066956', 'user_domain_id': 'default', 'user_domain_name': 'Default', 'user_id': 'ffaca3d9e7c04e07ae0501428a5f514c', 'system': None}, Network: None, Subnet: None, Router: None
2025-12-15 11:00:14.995 66472 INFO tempest.lib.common.rest_client [req-cba6fdc1-da71-4749-98ac-a58d0221c85c req-cba6fdc1-da71-4749-98ac-a58d0221c85c ] Request (HypervisorAdminNegativeTestJSON:setUpClass): 201 POST http://10.180.1.21/identity/v3/auth/tokens 0.660s
2025-12-15 11:00:15.010 66502 INFO tempest.lib.common.rest_client [req-dd961819-cfae-4fad-ac62-9704ed3413d2 req-dd961819-cfae-4fad-ac62-9704ed3413d2 ] Request (FlavorsV255TestJSON:setUpClass): 204 PUT http://10.180.1.21/identity/v3/projects/74c34315e9034d08b5f4f2be5fea6fbd/users/507e8bf5ad8d4e80a7c3c0a2289ec319/roles/da93e41123bb46389c05e40f996005d7 0.637s
2025-12-15 11:00:15.010 66502 INFO tempest.lib.common.dynamic_creds [-] Dynamic test user 507e8bf5ad8d4e80a7c3c0a2289ec319 is created with scope project and roles: ['admin']
2025-12-15 11:00:15.010 66502 INFO tempest.lib.common.dynamic_creds [-] Acquired dynamic creds: credentials: Credentials: {'domain_id': 'default', 'domain_name': 'Default', 'username': 'tempest-FlavorsV255TestJSON-2035572256-project-admin', 'project_domain_id': 'default', 'project_domain_name': 'Default', 'project_id': '74c34315e9034d08b5f4f2be5fea6fbd', 'project_name': 'tempest-FlavorsV255TestJSON-2035572256', 'tenant_id': '74c34315e9034d08b5f4f2be5fea6fbd', 'tenant_name': 'tempest-FlavorsV255TestJSON-2035572256', 'user_domain_id': 'default', 'user_domain_name': 'Default', 'user_id': '507e8bf5ad8d4e80a7c3c0a2289ec319', 'system': None}, Network: None, Subnet: None, Router: None
2025-12-15 11:00:15.010 66502 INFO tempest.lib.common.dynamic_creds [-] Created isolated network resources for: credentials: Credentials: {'domain_id': 'default', 'domain_name': 'Default', 'username': 'tempest-FlavorsV255TestJSON-2035572256-project-admin', 'project_domain_id': 'default', 'project_domain_name': 'Default', 'project_id': '74c34315e9034d08b5f4f2be5fea6fbd', 'project_name': 'tempest-FlavorsV255TestJSON-2035572256', 'tenant_id': '74c34315e9034d08b5f4f2be5fea6fbd', 'tenant_name': 'tempest-FlavorsV255TestJSON-2035572256', 'user_domain_id': 'default', 'user_domain_name': 'Default', 'user_id': '507e8bf5ad8d4e80a7c3c0a2289ec319', 'system': None}, Network: None, Subnet: None, Router: None
2025-12-15 11:00:15.063 66515 INFO tempest.lib.common.rest_client [req-5ff03d43-9d2b-4d05-9d5e-0bc33a48e9ad req-5ff03d43-9d2b-4d05-9d5e-0bc33a48e9ad ] Request (ServersAdmin275Test:setUpClass): 204 PUT http://10.180.1.21/identity/v3/projects/58e6ce98b2454526b48ef7a17ee3d465/users/d3daf0a744dc4ea190504e7745cdaad7/roles/da93e41123bb46389c05e40f996005d7 0.638s
2025-12-15 11:00:15.063 66515 INFO tempest.lib.common.dynamic_creds [-] Dynamic test user d3daf0a744dc4ea190504e7745cdaad7 is created with scope project and roles: ['admin']
2025-12-15 11:00:15.063 66515 INFO tempest.lib.common.dynamic_creds [-] Acquired dynamic creds: credentials: Credentials: {'domain_id': 'default', 'domain_name': 'Default', 'username': 'tempest-ServersAdmin275Test-1392090008-project-admin', 'project_domain_id': 'default', 'project_domain_name': 'Default', 'project_id': '58e6ce98b2454526b48ef7a17ee3d465', 'project_name': 'tempest-ServersAdmin275Test-1392090008', 'tenant_id': '58e6ce98b2454526b48ef7a17ee3d465', 'tenant_name': 'tempest-ServersAdmin275Test-1392090008', 'user_domain_id': 'default', 'user_domain_name': 'Default', 'user_id': 'd3daf0a744dc4ea190504e7745cdaad7', 'system': None}, Network: None, Subnet: None, Router: None
2025-12-15 11:00:15.063 66515 INFO tempest.lib.common.dynamic_creds [-] Created isolated network resources for: credentials: Credentials: {'domain_id': 'default', 'domain_name': 'Default', 'username': 'tempest-ServersAdmin275Test-1392090008-project-admin', 'project_domain_id': 'default', 'project_domain_name': 'Default', 'project_id': '58e6ce98b2454526b48ef7a17ee3d465', 'project_name': 'tempest-ServersAdmin275Test-1392090008', 'tenant_id': '58e6ce98b2454526b48ef7a17ee3d465', 'tenant_name': 'tempest-ServersAdmin275Test-1392090008', 'user_domain_id': 'default', 'user_domain_name': 'Default', 'user_id': 'd3daf0a744dc4ea190504e7745cdaad7', 'system': None}, Network: None, Subnet: None, Router: None
2025-12-15 11:00:15.072 66504 INFO tempest.lib.common.rest_client [req-b2b4c082-5dfb-4ebf-941e-d4fb98ff15a3 req-b2b4c082-5dfb-4ebf-941e-d4fb98ff15a3 ] Request (AZAdminV2TestJSON:setUpClass): 201 POST http://10.180.1.21/identity/v3/auth/tokens 0.696s
2025-12-15 11:00:15.132 66476 INFO tempest.lib.common.rest_client [req-354dc0f7-fb42-4922-a382-06fe8eb3dfa2 req-354dc0f7-fb42-4922-a382-06fe8eb3dfa2 ] Request (AZAdminNegativeTestJSON:setUpClass): 204 PUT http://10.180.1.21/identity/v3/projects/3a4f07ead6c64ce28bcf37eab1b955d9/users/7d8e38b3f1a942fa8673f9bb4df65e49/roles/da93e41123bb46389c05e40f996005d7 0.692s
2025-12-15 11:00:15.132 66476 INFO tempest.lib.common.dynamic_creds [-] Dynamic test user 7d8e38b3f1a942fa8673f9bb4df65e49 is created with scope project and roles: ['admin']
2025-12-15 11:00:15.132 66476 INFO tempest.lib.common.dynamic_creds [-] Acquired dynamic creds: credentials: Credentials: {'domain_id': 'default', 'domain_name': 'Default', 'username': 'tempest-AZAdminNegativeTestJSON-1098217860-project-admin', 'project_domain_id': 'default', 'project_domain_name': 'Default', 'project_id': '3a4f07ead6c64ce28bcf37eab1b955d9', 'project_name': 'tempest-AZAdminNegativeTestJSON-1098217860', 'tenant_id': '3a4f07ead6c64ce28bcf37eab1b955d9', 'tenant_name': 'tempest-AZAdminNegativeTestJSON-1098217860', 'user_domain_id': 'default', 'user_domain_name': 'Default', 'user_id': '7d8e38b3f1a942fa8673f9bb4df65e49', 'system': None}, Network: None, Subnet: None, Router: None
2025-12-15 11:00:15.133 66476 INFO tempest.lib.common.dynamic_creds [-] Created isolated network resources for: credentials: Credentials: {'domain_id': 'default', 'domain_name': 'Default', 'username': 'tempest-AZAdminNegativeTestJSON-1098217860-project-admin', 'project_domain_id': 'default', 'project_domain_name': 'Default', 'project_id': '3a4f07ead6c64ce28bcf37eab1b955d9', 'project_name': 'tempest-AZAdminNegativeTestJSON-1098217860', 'tenant_id': '3a4f07ead6c64ce28bcf37eab1b955d9', 'tenant_name': 'tempest-AZAdminNegativeTestJSON-1098217860', 'user_domain_id': 'default', 'user_domain_name': 'Default', 'user_id': '7d8e38b3f1a942fa8673f9bb4df65e49', 'system': None}, Network: None, Subnet: None, Router: None
2025-12-15 11:00:15.201 66511 INFO tempest.lib.common.rest_client [req-8825b2f4-1142-4e79-a96c-27c6168a8da3 req-8825b2f4-1142-4e79-a96c-27c6168a8da3 ] Request (ImagesMetadataNegativeTestJSON:test_delete_nonexistent_image_metadata_item): 404 DELETE http://10.180.1.21/compute/v2.1/images/1c7e66fb-a90a-4ca0-8676-b9b234694620/metadata/os_distro 4.745s
2025-12-15 11:00:15.223 66468 INFO tempest.lib.common.rest_client [req-3b985550-6ce3-43d2-bf0e-11028d11f4a6 req-3b985550-6ce3-43d2-bf0e-11028d11f4a6 ] Request (QuotasAdminNegativeTest:setUpClass): 201 POST http://10.180.1.21/identity/v3/auth/tokens 0.772s
2025-12-15 11:00:15.224 66468 WARNING tempest.lib.common.rest_client [-] Deprecated: "tenant_id" property is deprecated for removal, use "project_id" instead
2025-12-15 11:00:15.286 66466 INFO tempest.lib.common.rest_client [req-c3c3d7a0-e39c-4e86-b0a0-03490bd30cd8 req-c3c3d7a0-e39c-4e86-b0a0-03490bd30cd8 ] Request (FlavorsAccessTestJSON:test_flavor_access_add_remove): 200 POST http://10.180.1.21/compute/v2.1/flavors/397977430/action 4.010s
2025-12-15 11:00:15.291 66512 INFO tempest.lib.common.rest_client [req-9ea1bad6-5366-4856-9b75-36ae24617feb req-9ea1bad6-5366-4856-9b75-36ae24617feb ] Request (TenantUsagesTestJSON:setUpClass): 201 POST http://10.180.1.21/identity/v3/auth/tokens 0.785s
2025-12-15 11:00:15.292 66512 WARNING tempest.lib.common.rest_client [-] Deprecated: "tenant_id" property is deprecated for removal, use "project_id" instead
2025-12-15 11:00:15.296 66464 INFO tempest.lib.common.rest_client [req-bce586d4-7637-475b-b461-39272260bde3 req-bce586d4-7637-475b-b461-39272260bde3 ] Request (VolumesAssistedSnapshotsTest:setUpClass): 200 PUT http://10.180.1.21/networking/v2.0/routers/a308f94f-5b72-4112-9ac2-a7976c44b233/add_router_interface 0.816s
2025-12-15 11:00:15.296 66464 INFO tempest.lib.common.dynamic_creds [-] Created isolated network resources for: credentials: Credentials: {'domain_id': 'default', 'domain_name': 'Default', 'username': 'tempest-VolumesAssistedSnapshotsTest-1236369966-project-admin', 'project_domain_id': 'default', 'project_domain_name': 'Default', 'project_id': 'e3c48763131747bb81ab4bf1ca3f90aa', 'project_name': 'tempest-VolumesAssistedSnapshotsTest-1236369966', 'tenant_id': 'e3c48763131747bb81ab4bf1ca3f90aa', 'tenant_name': 'tempest-VolumesAssistedSnapshotsTest-1236369966', 'user_domain_id': 'default', 'user_domain_name': 'Default', 'user_id': 'f86310d5410f4afab0a29d2532df811b', 'system': None}, Network: {'id': 'cd351414-b00f-4cad-b7e1-ce62e92b0456', 'name': 'tempest-VolumesAssistedSnapshotsTest-193543956-network', 'tenant_id': 'e3c48763131747bb81ab4bf1ca3f90aa', 'project_id': 'e3c48763131747bb81ab4bf1ca3f90aa', 'admin_state_up': True, 'mtu': 8950, 'status': 'ACTIVE', 'subnets': [], 'shared': False, 'port_security_enabled': True, 'router:external': False, 'provider:network_type': 'vlan', 'provider:physical_network': 'default', 'provider:segmentation_id': 441, 'availability_zone_hints': [], 'availability_zones': [], 'ipv4_address_scope': None, 'ipv6_address_scope': None, 'description': '', 'tags': [], 'created_at': '2025-12-15T11:00:13Z', 'updated_at': '2025-12-15T11:00:13Z', 'revision_number': 1}, Subnet: {'id': '65cbb5de-0446-445d-b313-67d6b5af1b5b', 'name': 'tempest-VolumesAssistedSnapshotsTest-193543956-subnet', 'tenant_id': 'e3c48763131747bb81ab4bf1ca3f90aa', 'network_id': 'cd351414-b00f-4cad-b7e1-ce62e92b0456', 'ip_version': 4, 'subnetpool_id': None, 'enable_dhcp': True, 'ipv6_ra_mode': None, 'ipv6_address_mode': None, 'gateway_ip': '192.168.128.1', 'cidr': '192.168.128.0/28', 'allocation_pools': [{'start': '192.168.128.2', 'end': '192.168.128.14'}], 'host_routes': [], 'dns_nameservers': [], 'description': '', 'router:external': False, 'service_types': [], 'tags': [], 'created_at': '2025-12-15T11:00:13Z', 'updated_at': '2025-12-15T11:00:13Z', 'revision_number': 0, 'project_id': 'e3c48763131747bb81ab4bf1ca3f90aa'}, Router: {'id': 'a308f94f-5b72-4112-9ac2-a7976c44b233', 'name': 'tempest-VolumesAssistedSnapshotsTest-193543956-router', 'tenant_id': 'e3c48763131747bb81ab4bf1ca3f90aa', 'admin_state_up': True, 'status': 'ACTIVE', 'external_gateway_info': {'network_id': '8b463d50-dd50-4be6-8765-140bb5a8ba72', 'external_fixed_ips': [{'subnet_id': '99d0e800-0ff3-42bb-aaa3-a359a0a3daff', 'ip_address': '10.180.180.237'}], 'enable_snat': True}, 'description': '', 'availability_zones': [], 'distributed': False, 'ha': False, 'availability_zone_hints': [], 'routes': [], 'flavor_id': None, 'tags': [], 'created_at': '2025-12-15T11:00:13Z', 'updated_at': '2025-12-15T11:00:14Z', 'revision_number': 2, 'project_id': 'e3c48763131747bb81ab4bf1ca3f90aa'}
2025-12-15 11:00:15.327 66509 INFO tempest.lib.common.rest_client [req-8031cd0b-3fe9-4bc8-8ca9-5742bec90f6c req-8031cd0b-3fe9-4bc8-8ca9-5742bec90f6c ] Request (HypervisorAdminV228Test:setUpClass): 201 POST http://10.180.1.21/identity/v3/auth/tokens 0.821s
2025-12-15 11:00:15.361 66452 INFO tempest.lib.common.rest_client [req-a539f958-048c-4bfb-8bfc-99956c4cbbe8 req-a539f958-048c-4bfb-8bfc-99956c4cbbe8 ] Request (AggregatesAdminNegativeTestJSON:setUpClass): 201 POST http://10.180.1.21/identity/v3/auth/tokens 0.810s
2025-12-15 11:00:15.399 66482 INFO tempest.lib.common.rest_client [req-5e6231b1-abbe-4c22-b4bf-e048b29428d8 req-5e6231b1-abbe-4c22-b4bf-e048b29428d8 ] Request (FlavorMetadataValidation:setUpClass): 201 POST http://10.180.1.21/identity/v3/auth/tokens 0.848s
2025-12-15 11:00:15.432 66506 INFO tempest.lib.common.rest_client [req-a2e0a9d6-67b9-4024-8c53-3db16d09ec25 req-a2e0a9d6-67b9-4024-8c53-3db16d09ec25 ] Request (FlavorsExtraSpecsNegativeTestJSON:setUpClass): 201 POST http://10.180.1.21/identity/v3/auth/tokens 0.836s
2025-12-15 11:00:15.455 66490 INFO tempest.lib.common.rest_client [req-9abfa52d-343e-45d6-8aaf-f8bb3e6c9b68 req-9abfa52d-343e-45d6-8aaf-f8bb3e6c9b68 ] Request (ServersWithSpecificFlavorTestJSON:setUpClass): 201 POST http://10.180.1.21/identity/v3/users 0.848s
2025-12-15 11:00:15.516 66492 INFO tempest.lib.common.rest_client [req-47003d21-c05e-46c0-8ad0-31bbb2367144 req-47003d21-c05e-46c0-8ad0-31bbb2367144 ] Request (FlavorsExtraSpecsTestJSON:setUpClass): 201 POST http://10.180.1.21/identity/v3/auth/tokens 0.827s
2025-12-15 11:00:15.524 66470 INFO tempest.lib.common.rest_client [req-80d1869b-851b-43a1-8ae9-5229a937bde4 req-80d1869b-851b-43a1-8ae9-5229a937bde4 ] Request (HypervisorAdminNegativeUnderV252Test:setUpClass): 201 POST http://10.180.1.21/identity/v3/auth/tokens 0.776s
2025-12-15 11:00:15.595 66486 INFO tempest.lib.common.rest_client [req-3e1f9958-5a40-45d4-a845-45fac497243c req-3e1f9958-5a40-45d4-a845-45fac497243c ] Request (DeleteServersAdminTestJSON:setUpClass): 201 POST http://10.180.1.21/identity/v3/auth/tokens 0.713s
2025-12-15 11:00:15.611 66495 INFO tempest.lib.common.rest_client [req-e7283bf2-3379-4ffb-935d-ae302679f78d req-e7283bf2-3379-4ffb-935d-ae302679f78d ] Request (FlavorsAccessNegativeTestJSON:setUpClass): 201 POST http://10.180.1.21/identity/v3/auth/tokens 0.673s
2025-12-15 11:00:15.642 66472 INFO tempest.lib.common.rest_client [req-85e6d9f4-66dc-48a0-9baf-f0d64be17ad5 req-85e6d9f4-66dc-48a0-9baf-f0d64be17ad5 ] Request (HypervisorAdminNegativeTestJSON:setUpClass): 201 POST http://10.180.1.21/identity/v3/projects 0.646s
2025-12-15 11:00:15.668 66500 INFO tempest.lib.common.rest_client [req-6ee6c918-6fa4-4d80-afef-fe1263851b91 req-6ee6c918-6fa4-4d80-afef-fe1263851b91 ] Request (FlavorsAdminTestJSON:setUpClass): 201 POST http://10.180.1.21/identity/v3/auth/tokens 0.726s
2025-12-15 11:00:15.715 66502 INFO tempest.lib.common.rest_client [req-dfdac256-b1ea-49ad-bf18-f7f65db4ee8e req-dfdac256-b1ea-49ad-bf18-f7f65db4ee8e ] Request (FlavorsV255TestJSON:setUpClass): 201 POST http://10.180.1.21/identity/v3/auth/tokens 0.702s
2025-12-15 11:00:15.741 66515 INFO tempest.lib.common.rest_client [req-0f96cc50-5832-4232-9381-0830babeba15 req-0f96cc50-5832-4232-9381-0830babeba15 ] Request (ServersAdmin275Test:setUpClass): 201 POST http://10.180.1.21/identity/v3/auth/tokens 0.675s
2025-12-15 11:00:15.789 66476 INFO tempest.lib.common.rest_client [req-8fdc0471-c900-4493-932b-27f2fcdf9393 req-8fdc0471-c900-4493-932b-27f2fcdf9393 ] Request (AZAdminNegativeTestJSON:setUpClass): 201 POST http://10.180.1.21/identity/v3/auth/tokens 0.650s
2025-12-15 11:00:15.883 66498 INFO tempest.lib.common.rest_client [req-95fd5ddf-7ad0-4a03-a0a5-bf655a140f1e req-95fd5ddf-7ad0-4a03-a0a5-bf655a140f1e ] Request (HypervisorAdminTestJSON:test_get_hypervisor_list): 200 GET http://10.180.1.21/compute/v2.1/os-hypervisors 3.212s
2025-12-15 11:00:15.893 66512 INFO tempest.lib.common.rest_client [req-d4445c16-2f08-46da-85ae-1ac213f080e3 req-d4445c16-2f08-46da-85ae-1ac213f080e3 ] Request (TenantUsagesTestJSON:setUpClass): 201 POST http://10.180.1.21/identity/v3/auth/tokens 0.596s
2025-12-15 11:00:15.894 66512 INFO tempest.lib.common.fixed_network [-] (TenantUsagesTestJSON:setUpClass) Found network None available for tenant
2025-12-15 11:00:15.928 66464 INFO tempest.lib.common.rest_client [req-7c9e24e1-02b7-4bd5-be4f-04e9ee6948e8 req-7c9e24e1-02b7-4bd5-be4f-04e9ee6948e8 ] Request (VolumesAssistedSnapshotsTest:setUpClass): 201 POST http://10.180.1.21/identity/v3/auth/tokens 0.629s
2025-12-15 11:00:15.954 66478 INFO tempest.lib.common.rest_client [req-cdee20d4-f3fa-49c3-a305-fa3981628801 req-cdee20d4-f3fa-49c3-a305-fa3981628801 ] Request (ListImagesTestJSON:test_list_images): 200 GET http://10.180.1.21/compute/v2.1/images 2.747s
2025-12-15 11:00:15.967 66490 INFO tempest.lib.common.rest_client [req-61f0dae4-86ff-4f50-a01b-1fd81ec06588 req-61f0dae4-86ff-4f50-a01b-1fd81ec06588 ] Request (ServersWithSpecificFlavorTestJSON:setUpClass): 200 GET http://10.180.1.21/identity/v3/roles 0.512s
2025-12-15 11:00:15.980 66486 INFO tempest.lib.common.rest_client [req-ac92722a-2d72-4856-949a-78c946331126 req-ac92722a-2d72-4856-949a-78c946331126 ] Request (DeleteServersAdminTestJSON:test_admin_delete_servers_of_others): 201 POST http://10.180.1.21/identity/v3/auth/tokens 0.381s
2025-12-15 11:00:15.980 66486 INFO tempest.lib.common.fixed_network [-] (DeleteServersAdminTestJSON:test_admin_delete_servers_of_others) Found network None available for tenant
2025-12-15 11:00:15.996 66495 INFO tempest.lib.common.rest_client [req-10a8b944-e714-4b54-baf8-6ded5334dd27 req-10a8b944-e714-4b54-baf8-6ded5334dd27 ] Request (FlavorsAccessNegativeTestJSON:setUpClass): 201 POST http://10.180.1.21/identity/v3/projects 0.385s
2025-12-15 11:00:16.005 66472 INFO tempest.lib.common.rest_client [req-13095fb3-ecbc-48c8-942f-4297c0e09318 req-13095fb3-ecbc-48c8-942f-4297c0e09318 ] Request (HypervisorAdminNegativeTestJSON:setUpClass): 201 POST http://10.180.1.21/identity/v3/users 0.361s
2025-12-15 11:00:16.048 66515 INFO tempest.lib.common.rest_client [req-60aa052f-dc2b-4321-98a4-eafca05a502b req-60aa052f-dc2b-4321-98a4-eafca05a502b ] Request (ServersAdmin275Test:test_rebuild_update_server_275): 201 POST http://10.180.1.21/identity/v3/auth/tokens 0.301s
2025-12-15 11:00:16.049 66515 INFO tempest.lib.common.fixed_network [-] (ServersAdmin275Test:test_rebuild_update_server_275) Found network None available for tenant
2025-12-15 11:00:16.067 66464 INFO tempest.lib.common.rest_client [req-49e72d73-7821-4d93-ae5d-bddfdf993980 req-49e72d73-7821-4d93-ae5d-bddfdf993980 ] Request (VolumesAssistedSnapshotsTest:setUpClass): 201 POST http://10.180.1.21/identity/v3/projects 0.138s
2025-12-15 11:00:16.131 66490 INFO tempest.lib.common.rest_client [req-ac0928bf-320d-422a-b00a-1ea65b0e2009 req-ac0928bf-320d-422a-b00a-1ea65b0e2009 ] Request (ServersWithSpecificFlavorTestJSON:setUpClass): 204 PUT http://10.180.1.21/identity/v3/projects/490676f3f79041deab8b4b61d32baa6f/users/b743ccf0f9d543f9bab07eb6005b0be7/roles/da93e41123bb46389c05e40f996005d7 0.163s
2025-12-15 11:00:16.200 66495 INFO tempest.lib.common.rest_client [req-81c9ec42-6081-4da4-975f-6d3eb6de4545 req-81c9ec42-6081-4da4-975f-6d3eb6de4545 ] Request (FlavorsAccessNegativeTestJSON:setUpClass): 201 POST http://10.180.1.21/identity/v3/users 0.203s
2025-12-15 11:00:16.209 66462 INFO tempest.lib.common.rest_client [req-6baa9509-08d6-429f-8363-f19da57d5428 req-6baa9509-08d6-429f-8363-f19da57d5428 ] Request (KeyPairsV210TestJSON:test_admin_manage_keypairs_for_other_users): 201 POST http://10.180.1.21/compute/v2.1/os-keypairs 2.964s
2025-12-15 11:00:16.219 66472 INFO tempest.lib.common.rest_client [req-bd3fb8aa-8b2a-40ca-9c75-23b58b82befc req-bd3fb8aa-8b2a-40ca-9c75-23b58b82befc ] Request (HypervisorAdminNegativeTestJSON:setUpClass): 200 GET http://10.180.1.21/identity/v3/roles 0.214s
2025-12-15 11:00:16.224 66464 INFO tempest.lib.common.rest_client [req-7237cce8-c210-4ceb-9e6f-41d0a3c1a12e req-7237cce8-c210-4ceb-9e6f-41d0a3c1a12e ] Request (VolumesAssistedSnapshotsTest:setUpClass): 201 POST http://10.180.1.21/identity/v3/users 0.157s
2025-12-15 11:00:16.241 66495 INFO tempest.lib.common.rest_client [req-f33e419c-6dcd-4f6d-8b70-8a16ba39b2e0 req-f33e419c-6dcd-4f6d-8b70-8a16ba39b2e0 ] Request (FlavorsAccessNegativeTestJSON:setUpClass): 200 GET http://10.180.1.21/identity/v3/roles 0.041s
2025-12-15 11:00:16.246 66490 INFO tempest.lib.common.rest_client [req-579b1231-fbab-416c-9ac7-b22502c2bf84 req-579b1231-fbab-416c-9ac7-b22502c2bf84 ] Request (ServersWithSpecificFlavorTestJSON:setUpClass): 200 GET http://10.180.1.21/identity/v3/roles 0.114s
2025-12-15 11:00:16.272 66472 INFO tempest.lib.common.rest_client [req-64336ab8-7cfe-4e0c-b030-b244f9f5b3f0 req-64336ab8-7cfe-4e0c-b030-b244f9f5b3f0 ] Request (HypervisorAdminNegativeTestJSON:setUpClass): 204 PUT http://10.180.1.21/identity/v3/projects/b47d2dc453664fbf9683107163b5546c/users/699c6b6203474c63bd1273be03a83d80/roles/da93e41123bb46389c05e40f996005d7 0.052s
2025-12-15 11:00:16.370 66484 INFO tempest.lib.common.rest_client [req-a286043a-bc4b-46b2-9846-ff83fabc6b06 req-a286043a-bc4b-46b2-9846-ff83fabc6b06 ] Request (ServicesAdminNegativeV253TestJSON:test_disable_log_reason_with_invalid_service_id): 404 PUT http://10.180.1.21/compute/v2.1/os-services/44ff5510-3823-4864-8bdd-dab2ee646f46 3.114s
2025-12-15 11:00:16.386 66464 INFO tempest.lib.common.rest_client [req-bbc6c150-7af1-463b-800a-d5697cd73791 req-bbc6c150-7af1-463b-800a-d5697cd73791 ] Request (VolumesAssistedSnapshotsTest:setUpClass): 200 GET http://10.180.1.21/identity/v3/roles 0.162s
2025-12-15 11:00:16.394 66488 INFO tempest.lib.common.rest_client [req-0a1bf4cb-bc78-45a5-88c3-242abebd48d1 req-0a1bf4cb-bc78-45a5-88c3-242abebd48d1 ] Request (FlavorsV2TestJSON:test_list_flavors): 200 GET http://10.180.1.21/compute/v2.1/flavors 2.342s
2025-12-15 11:00:16.405 66490 INFO tempest.lib.common.rest_client [req-87bc27cc-d72f-4349-a8c4-9f320692b1fa req-87bc27cc-d72f-4349-a8c4-9f320692b1fa ] Request (ServersWithSpecificFlavorTestJSON:setUpClass): 204 PUT http://10.180.1.21/identity/v3/projects/490676f3f79041deab8b4b61d32baa6f/users/b743ccf0f9d543f9bab07eb6005b0be7/roles/da93e41123bb46389c05e40f996005d7 0.159s
2025-12-15 11:00:16.406 66490 INFO tempest.lib.common.dynamic_creds [-] Dynamic test user b743ccf0f9d543f9bab07eb6005b0be7 is created with scope project and roles: ['admin']
2025-12-15 11:00:16.406 66490 INFO tempest.lib.common.dynamic_creds [-] Acquired dynamic creds: credentials: Credentials: {'domain_id': 'default', 'domain_name': 'Default', 'username': 'tempest-ServersWithSpecificFlavorTestJSON-1390275942-project-admin', 'project_domain_id': 'default', 'project_domain_name': 'Default', 'project_id': '490676f3f79041deab8b4b61d32baa6f', 'project_name': 'tempest-ServersWithSpecificFlavorTestJSON-1390275942', 'tenant_id': '490676f3f79041deab8b4b61d32baa6f', 'tenant_name': 'tempest-ServersWithSpecificFlavorTestJSON-1390275942', 'user_domain_id': 'default', 'user_domain_name': 'Default', 'user_id': 'b743ccf0f9d543f9bab07eb6005b0be7', 'system': None}, Network: None, Subnet: None, Router: None
2025-12-15 11:00:16.412 66495 INFO tempest.lib.common.rest_client [req-34483609-10e0-4ef5-aa42-d7e5d5de4f6e req-34483609-10e0-4ef5-aa42-d7e5d5de4f6e ] Request (FlavorsAccessNegativeTestJSON:setUpClass): 204 PUT http://10.180.1.21/identity/v3/projects/91479bfb98984b2dad45f384f3f994bc/users/ac3aa89a581344558ae9b08580657063/roles/55cdd4d3c01741fc8fb93c67329a124a 0.170s
2025-12-15 11:00:16.413 66495 INFO tempest.lib.common.dynamic_creds [-] Dynamic test user ac3aa89a581344558ae9b08580657063 is created with scope project and roles: ['member']
2025-12-15 11:00:16.413 66495 INFO tempest.lib.common.dynamic_creds [-] Acquired dynamic creds: credentials: Credentials: {'domain_id': 'default', 'domain_name': 'Default', 'username': 'tempest-FlavorsAccessNegativeTestJSON-195693770-project-member', 'project_domain_id': 'default', 'project_domain_name': 'Default', 'project_id': '91479bfb98984b2dad45f384f3f994bc', 'project_name': 'tempest-FlavorsAccessNegativeTestJSON-195693770', 'tenant_id': '91479bfb98984b2dad45f384f3f994bc', 'tenant_name': 'tempest-FlavorsAccessNegativeTestJSON-195693770', 'user_domain_id': 'default', 'user_domain_name': 'Default', 'user_id': 'ac3aa89a581344558ae9b08580657063', 'system': None}, Network: None, Subnet: None, Router: None
2025-12-15 11:00:16.413 66495 INFO tempest.lib.common.dynamic_creds [-] Created isolated network resources for: credentials: Credentials: {'domain_id': 'default', 'domain_name': 'Default', 'username': 'tempest-FlavorsAccessNegativeTestJSON-195693770-project-member', 'project_domain_id': 'default', 'project_domain_name': 'Default', 'project_id': '91479bfb98984b2dad45f384f3f994bc', 'project_name': 'tempest-FlavorsAccessNegativeTestJSON-195693770', 'tenant_id': '91479bfb98984b2dad45f384f3f994bc', 'tenant_name': 'tempest-FlavorsAccessNegativeTestJSON-195693770', 'user_domain_id': 'default', 'user_domain_name': 'Default', 'user_id': 'ac3aa89a581344558ae9b08580657063', 'system': None}, Network: None, Subnet: None, Router: None
2025-12-15 11:00:16.503 66472 INFO tempest.lib.common.rest_client [req-a9a78a53-dc73-4309-8669-800ad1aa2f7a req-a9a78a53-dc73-4309-8669-800ad1aa2f7a ] Request (HypervisorAdminNegativeTestJSON:setUpClass): 200 GET http://10.180.1.21/identity/v3/roles 0.230s
2025-12-15 11:00:16.530 66464 INFO tempest.lib.common.rest_client [req-96d777a2-181a-4649-86f6-2bdc14a9626a req-96d777a2-181a-4649-86f6-2bdc14a9626a ] Request (VolumesAssistedSnapshotsTest:setUpClass): 204 PUT http://10.180.1.21/identity/v3/projects/db96c3171b524154a08abd43e04755c2/users/0bce936d127347f789a61f0ad3c89143/roles/199fdff06a63405189e1540a7ebbbec5 0.143s
2025-12-15 11:00:16.594 66458 INFO tempest.lib.common.rest_client [req-cf711314-b93d-438e-a0d9-df5618bb3b54 req-cf711314-b93d-438e-a0d9-df5618bb3b54 ] Request (QuotaClassesAdmin257Test:test_update_default_quotas): 200 GET http://10.180.1.21/compute/v2.1/os-quota-class-sets/default 2.332s
2025-12-15 11:00:16.619 66495 INFO tempest.lib.common.rest_client [req-f7e70f61-1b49-44ab-8f83-0cd85cd938f8 req-f7e70f61-1b49-44ab-8f83-0cd85cd938f8 ] Request (FlavorsAccessNegativeTestJSON:setUpClass): 201 POST http://10.180.1.21/identity/v3/auth/tokens 0.202s
2025-12-15 11:00:16.620 66495 WARNING tempest.lib.common.rest_client [-] Deprecated: "tenant_id" property is deprecated for removal, use "project_id" instead
2025-12-15 11:00:16.631 66472 INFO tempest.lib.common.rest_client [req-9e5172ff-c377-4d0e-8a0f-058ae3bab3a2 req-9e5172ff-c377-4d0e-8a0f-058ae3bab3a2 ] Request (HypervisorAdminNegativeTestJSON:setUpClass): 204 PUT http://10.180.1.21/identity/v3/projects/b47d2dc453664fbf9683107163b5546c/users/699c6b6203474c63bd1273be03a83d80/roles/da93e41123bb46389c05e40f996005d7 0.128s
2025-12-15 11:00:16.632 66472 INFO tempest.lib.common.dynamic_creds [-] Dynamic test user 699c6b6203474c63bd1273be03a83d80 is created with scope project and roles: ['admin']
2025-12-15 11:00:16.632 66472 INFO tempest.lib.common.dynamic_creds [-] Acquired dynamic creds: credentials: Credentials: {'domain_id': 'default', 'domain_name': 'Default', 'username': 'tempest-HypervisorAdminNegativeTestJSON-1060044337-project-admin', 'project_domain_id': 'default', 'project_domain_name': 'Default', 'project_id': 'b47d2dc453664fbf9683107163b5546c', 'project_name': 'tempest-HypervisorAdminNegativeTestJSON-1060044337', 'tenant_id': 'b47d2dc453664fbf9683107163b5546c', 'tenant_name': 'tempest-HypervisorAdminNegativeTestJSON-1060044337', 'user_domain_id': 'default', 'user_domain_name': 'Default', 'user_id': '699c6b6203474c63bd1273be03a83d80', 'system': None}, Network: None, Subnet: None, Router: None
2025-12-15 11:00:16.632 66472 INFO tempest.lib.common.dynamic_creds [-] Created isolated network resources for: credentials: Credentials: {'domain_id': 'default', 'domain_name': 'Default', 'username': 'tempest-HypervisorAdminNegativeTestJSON-1060044337-project-admin', 'project_domain_id': 'default', 'project_domain_name': 'Default', 'project_id': 'b47d2dc453664fbf9683107163b5546c', 'project_name': 'tempest-HypervisorAdminNegativeTestJSON-1060044337', 'tenant_id': 'b47d2dc453664fbf9683107163b5546c', 'tenant_name': 'tempest-HypervisorAdminNegativeTestJSON-1060044337', 'user_domain_id': 'default', 'user_domain_name': 'Default', 'user_id': '699c6b6203474c63bd1273be03a83d80', 'system': None}, Network: None, Subnet: None, Router: None
2025-12-15 11:00:16.631 66490 INFO tempest.lib.common.rest_client [req-c619e5c5-5419-4779-aedd-066e25be83eb req-c619e5c5-5419-4779-aedd-066e25be83eb ] Request (ServersWithSpecificFlavorTestJSON:setUpClass): 201 POST http://10.180.1.21/networking/v2.0/networks 0.224s
2025-12-15 11:00:16.688 66464 INFO tempest.lib.common.rest_client [req-2f62a305-316b-4faf-9080-d5b06f29f6f6 req-2f62a305-316b-4faf-9080-d5b06f29f6f6 ] Request (VolumesAssistedSnapshotsTest:setUpClass): 200 GET http://10.180.1.21/identity/v3/roles 0.158s
