2025-12-15 11:00:44.360 66466 INFO tempest.lib.common.rest_client [req-3719383f-a25f-4f39-a34b-ae8060e5fa3f req-3719383f-a25f-4f39-a34b-ae8060e5fa3f ] Request (FlavorsAccessTestJSON:_run_cleanups): 200 GET http://10.180.1.21/compute/v2.1/flavors/detail 7.021s
2025-12-15 11:00:44.502 66466 INFO tempest.lib.common.rest_client [req-15694f1d-a6d2-4d8f-a425-09ed5f9e80b5 req-15694f1d-a6d2-4d8f-a425-09ed5f9e80b5 ] Request (FlavorsAccessTestJSON:tearDownClass): 204 DELETE http://10.180.1.21/identity/v3/users/9c78211c5b22470a9afb42083ae1d664 0.131s
2025-12-15 11:00:44.629 66466 INFO tempest.lib.common.rest_client [req-edcc5a34-76c8-47b2-ade6-5e95bb288563 req-edcc5a34-76c8-47b2-ade6-5e95bb288563 ] Request (FlavorsAccessTestJSON:tearDownClass): 204 DELETE http://10.180.1.21/identity/v3/users/f3f63ec9b2594bf69dee97e50ceeb081 0.126s
2025-12-15 11:00:44.631 66466 INFO tempest.lib.common.dynamic_creds [-] Deleting project and security group for project: e44d15a9384149a695682a0ab133fbc4
2025-12-15 11:00:44.706 66466 INFO tempest.lib.common.rest_client [req-c2319166-ee6b-497f-8997-74b855e64575 req-c2319166-ee6b-497f-8997-74b855e64575 ] Request (FlavorsAccessTestJSON:tearDownClass): 201 POST http://10.180.1.21/identity/v3/auth/tokens 0.074s
2025-12-15 11:00:44.968 66462 INFO tempest.lib.common.rest_client [req-176a140d-6a18-4218-ac97-f1af2c666452 req-176a140d-6a18-4218-ac97-f1af2c666452 ] Request (ServersAdminTestJSON:setUpClass): 200 PUT http://10.180.1.21/networking/v2.0/routers/355a062b-33f5-45a5-8dc3-a85b6bf8b029/add_router_interface 0.951s
2025-12-15 11:00:44.969 66462 INFO tempest.lib.common.dynamic_creds [-] Created isolated network resources for: credentials: Credentials: {'domain_id': 'default', 'domain_name': 'Default', 'username': 'tempest-ServersAdminTestJSON-2003786084-project-member', 'project_domain_id': 'default', 'project_domain_name': 'Default', 'project_id': '9d7bb53dc45f4061a07f56c2c55ac437', 'project_name': 'tempest-ServersAdminTestJSON-2003786084', 'tenant_id': '9d7bb53dc45f4061a07f56c2c55ac437', 'tenant_name': 'tempest-ServersAdminTestJSON-2003786084', 'user_domain_id': 'default', 'user_domain_name': 'Default', 'user_id': '7675a0b615034c6da48bc9572933c87c', 'system': None}, Network: {'id': '24eb80f0-b4c7-4c12-b27a-034ee0e3d4b1', 'name': 'tempest-ServersAdminTestJSON-1900978286-network', 'tenant_id': '9d7bb53dc45f4061a07f56c2c55ac437', 'project_id': '9d7bb53dc45f4061a07f56c2c55ac437', 'admin_state_up': True, 'mtu': 8950, 'status': 'ACTIVE', 'subnets': [], 'shared': False, 'port_security_enabled': True, 'router:external': False, 'provider:network_type': 'vlan', 'provider:physical_network': 'default', 'provider:segmentation_id': 29, 'availability_zone_hints': [], 'availability_zones': [], 'ipv4_address_scope': None, 'ipv6_address_scope': None, 'description': '', 'tags': [], 'created_at': '2025-12-15T11:00:42Z', 'updated_at': '2025-12-15T11:00:42Z', 'revision_number': 1}, Subnet: {'id': '2fcadcd5-1d65-445d-bf72-2fccf18a3288', 'name': 'tempest-ServersAdminTestJSON-1900978286-subnet', 'tenant_id': '9d7bb53dc45f4061a07f56c2c55ac437', 'network_id': '24eb80f0-b4c7-4c12-b27a-034ee0e3d4b1', 'ip_version': 4, 'subnetpool_id': None, 'enable_dhcp': True, 'ipv6_ra_mode': None, 'ipv6_address_mode': None, 'gateway_ip': '192.168.128.1', 'cidr': '192.168.128.0/28', 'allocation_pools': [{'start': '192.168.128.2', 'end': '192.168.128.14'}], 'host_routes': [], 'dns_nameservers': [], 'description': '', 'router:external': False, 'service_types': [], 'tags': [], 'created_at': '2025-12-15T11:00:42Z', 'updated_at': '2025-12-15T11:00:42Z', 'revision_number': 0, 'project_id': '9d7bb53dc45f4061a07f56c2c55ac437'}, Router: {'id': '355a062b-33f5-45a5-8dc3-a85b6bf8b029', 'name': 'tempest-ServersAdminTestJSON-1900978286-router', 'tenant_id': '9d7bb53dc45f4061a07f56c2c55ac437', 'admin_state_up': True, 'status': 'ACTIVE', 'external_gateway_info': {'network_id': '8b463d50-dd50-4be6-8765-140bb5a8ba72', 'external_fixed_ips': [{'subnet_id': '99d0e800-0ff3-42bb-aaa3-a359a0a3daff', 'ip_address': '10.180.180.162'}], 'enable_snat': True}, 'description': '', 'availability_zones': [], 'distributed': False, 'ha': False, 'availability_zone_hints': [], 'routes': [], 'flavor_id': None, 'tags': [], 'created_at': '2025-12-15T11:00:43Z', 'updated_at': '2025-12-15T11:00:43Z', 'revision_number': 2, 'project_id': '9d7bb53dc45f4061a07f56c2c55ac437'}
2025-12-15 11:00:45.057 66462 INFO tempest.lib.common.rest_client [req-8e132154-d596-48d5-b868-48134be84386 req-8e132154-d596-48d5-b868-48134be84386 ] Request (ServersAdminTestJSON:setUpClass): 201 POST http://10.180.1.21/identity/v3/auth/tokens 0.085s
2025-12-15 11:00:45.097 66462 INFO tempest.lib.common.rest_client [req-e9995ddb-3a30-4542-aea6-e057ecec2f3c req-e9995ddb-3a30-4542-aea6-e057ecec2f3c ] Request (ServersAdminTestJSON:setUpClass): 201 POST http://10.180.1.21/identity/v3/projects 0.039s
2025-12-15 11:00:45.173 66462 INFO tempest.lib.common.rest_client [req-ca407cc0-3003-4019-98ef-335b2023cc66 req-ca407cc0-3003-4019-98ef-335b2023cc66 ] Request (ServersAdminTestJSON:setUpClass): 201 POST http://10.180.1.21/identity/v3/users 0.075s
2025-12-15 11:00:45.194 66462 INFO tempest.lib.common.rest_client [req-085ae345-5044-4038-8965-7f852822f7be req-085ae345-5044-4038-8965-7f852822f7be ] Request (ServersAdminTestJSON:setUpClass): 200 GET http://10.180.1.21/identity/v3/roles 0.020s
2025-12-15 11:00:45.213 66466 INFO tempest.lib.common.rest_client [req-d0010ae3-1882-4363-870e-6ecb4a360b38 req-d0010ae3-1882-4363-870e-6ecb4a360b38 ] Request (FlavorsAccessTestJSON:tearDownClass): 200 GET http://10.180.1.21/networking/v2.0/security-groups?tenant_id=e44d15a9384149a695682a0ab133fbc4&name=default 0.507s
2025-12-15 11:00:45.226 66462 INFO tempest.lib.common.rest_client [req-5cc592c9-c322-46e2-ba6e-684eb2f6e122 req-5cc592c9-c322-46e2-ba6e-684eb2f6e122 ] Request (ServersAdminTestJSON:setUpClass): 204 PUT http://10.180.1.21/identity/v3/projects/23dd71a76e4b45ddae0fa1045c5f9b4a/users/a3b3f6b6f4ea419b8d120e67a56438e5/roles/da93e41123bb46389c05e40f996005d7 0.031s
2025-12-15 11:00:45.241 66486 INFO tempest.lib.common.rest_client [req-f872f0a6-1bc0-4632-88bb-ebdacf692a37 req-f872f0a6-1bc0-4632-88bb-ebdacf692a37 ] Request (DeleteServersAdminTestJSON:test_admin_delete_servers_of_others): 200 GET http://10.180.1.21/compute/v2.1/servers/9b5e88bd-58d2-4aaf-9d2a-17396ee56485 7.768s
2025-12-15 11:00:45.248 66486 INFO tempest.common.waiters [-] State transition "BUILD/spawning" ==> "ACTIVE/None" after 25 second wait
2025-12-15 11:00:45.266 66512 INFO tempest.lib.common.rest_client [req-3b0add4a-4ea0-48d0-afb5-5282295c5a24 req-3b0add4a-4ea0-48d0-afb5-5282295c5a24 ] Request (TenantUsagesTestJSON:setUpClass): 200 GET http://10.180.1.21/compute/v2.1/servers/f569bc59-bf50-4ec0-8282-0e28bdb931b0 7.773s
2025-12-15 11:00:45.273 66462 INFO tempest.lib.common.rest_client [req-55682530-3dc9-457f-af5a-72db302ea6db req-55682530-3dc9-457f-af5a-72db302ea6db ] Request (ServersAdminTestJSON:setUpClass): 200 GET http://10.180.1.21/identity/v3/roles 0.047s
2025-12-15 11:00:45.274 66512 INFO tempest.common.waiters [-] State transition "BUILD/spawning" ==> "ACTIVE/None" after 24 second wait
2025-12-15 11:00:45.294 66462 INFO tempest.lib.common.rest_client [req-61932610-53ff-4ffc-882b-1fa0b88280f9 req-61932610-53ff-4ffc-882b-1fa0b88280f9 ] Request (ServersAdminTestJSON:setUpClass): 204 PUT http://10.180.1.21/identity/v3/projects/23dd71a76e4b45ddae0fa1045c5f9b4a/users/a3b3f6b6f4ea419b8d120e67a56438e5/roles/da93e41123bb46389c05e40f996005d7 0.020s
2025-12-15 11:00:45.294 66462 INFO tempest.lib.common.dynamic_creds [-] Dynamic test user a3b3f6b6f4ea419b8d120e67a56438e5 is created with scope project and roles: ['admin']
2025-12-15 11:00:45.294 66462 INFO tempest.lib.common.dynamic_creds [-] Acquired dynamic creds: credentials: Credentials: {'domain_id': 'default', 'domain_name': 'Default', 'username': 'tempest-ServersAdminTestJSON-193080162-project-admin', 'project_domain_id': 'default', 'project_domain_name': 'Default', 'project_id': '23dd71a76e4b45ddae0fa1045c5f9b4a', 'project_name': 'tempest-ServersAdminTestJSON-193080162', 'tenant_id': '23dd71a76e4b45ddae0fa1045c5f9b4a', 'tenant_name': 'tempest-ServersAdminTestJSON-193080162', 'user_domain_id': 'default', 'user_domain_name': 'Default', 'user_id': 'a3b3f6b6f4ea419b8d120e67a56438e5', 'system': None}, Network: None, Subnet: None, Router: None
2025-12-15 11:00:45.388 66460 INFO tempest.lib.common.rest_client [req-46e95ed3-38a8-4247-8668-3495749f1b56 req-46e95ed3-38a8-4247-8668-3495749f1b56 ] Request (QuotasAdminTestJSON:test_get_default_quotas): 200 GET http://10.180.1.21/compute/v2.1/os-quota-sets/ec181713496c48d1ae2ee6a9a3b92ab5/defaults 7.836s
2025-12-15 11:00:45.403 66466 INFO tempest.lib.common.rest_client [req-aceb97f3-9d77-497c-925a-b9e2cf37ba04 req-aceb97f3-9d77-497c-925a-b9e2cf37ba04 ] Request (FlavorsAccessTestJSON:tearDownClass): 204 DELETE http://10.180.1.21/networking/v2.0/security-groups/78f8f7cb-d036-43fd-be0e-045d3ee69127 0.190s
2025-12-15 11:00:45.419 66460 INFO tempest.lib.common.rest_client [req-9fd8d6df-7a02-4883-a282-7e81f7f41b5b req-9fd8d6df-7a02-4883-a282-7e81f7f41b5b ] Request (QuotasAdminTestJSON:test_get_updated_quotas): 200 GET http://10.180.1.21/identity/v3/domains?name=Default 0.028s
2025-12-15 11:00:45.516 66470 INFO tempest.lib.common.rest_client [req-5b714efc-dd48-4ca4-ba1a-30781ceb364a req-5b714efc-dd48-4ca4-ba1a-30781ceb364a ] Request (InstanceUsageAuditLogTestJSON:test_get_instance_usage_audit_log): 200 GET http://10.180.1.21/compute/v2.1/os-instance_usage_audit_log/2025-12-15%2011%3A00%3A37 7.916s
2025-12-15 11:00:45.527 66506 INFO tempest.lib.common.rest_client [req-30128534-cd6d-49db-bcc0-13db33e4ca07 req-30128534-cd6d-49db-bcc0-13db33e4ca07 ] Request (FlavorsExtraSpecsNegativeTestJSON:test_flavor_update_mismatch_key): 400 PUT http://10.180.1.21/compute/v2.1/flavors/1674684324/os-extra_specs/hw:numa_nodes 7.601s
2025-12-15 11:00:45.548 66492 INFO tempest.lib.common.rest_client [req-596ffa78-b494-4799-a74e-fe92d8b8b6fa req-596ffa78-b494-4799-a74e-fe92d8b8b6fa ] Request (FlavorsExtraSpecsTestJSON:test_flavor_set_get_update_show_unset_keys): 200 GET http://10.180.1.21/compute/v2.1/flavors/981859687/os-extra_specs 7.593s
2025-12-15 11:00:45.559 66495 INFO tempest.lib.common.rest_client [req-a6528f5e-c913-45d3-a4c6-22dd72e948ea req-a6528f5e-c913-45d3-a4c6-22dd72e948ea ] Request (FlavorsAccessNegativeTestJSON:test_flavor_access_list_with_public_flavor): 404 GET http://10.180.1.21/compute/v2.1/flavors/393292281/os-flavor-access 7.584s
2025-12-15 11:00:45.576 66466 INFO tempest.lib.common.rest_client [req-4eaa911b-e44e-4440-b838-7626a57ce4bd req-4eaa911b-e44e-4440-b838-7626a57ce4bd ] Request (FlavorsAccessTestJSON:tearDownClass): 204 DELETE http://10.180.1.21/identity/v3/projects/e44d15a9384149a695682a0ab133fbc4 0.172s
2025-12-15 11:00:45.576 66466 INFO tempest.lib.common.dynamic_creds [-] Deleting project and security group for project: 5e577df093d242b39fd042281f459cd8
2025-12-15 11:00:45.580 66460 INFO tempest.lib.common.rest_client [req-f376338b-f45f-4b03-8b0c-796e5f1754b5 req-f376338b-f45f-4b03-8b0c-796e5f1754b5 ] Request (QuotasAdminTestJSON:test_get_updated_quotas): 201 POST http://10.180.1.21/identity/v3/projects 0.161s
2025-12-15 11:00:45.646 66460 INFO tempest.lib.common.rest_client [req-e8b470fe-455f-48f6-b367-16b4e2ffe2c9 req-e8b470fe-455f-48f6-b367-16b4e2ffe2c9 ] Request (QuotasAdminTestJSON:test_get_updated_quotas): 200 GET http://10.180.1.21/identity/v3/domains?name=Default 0.065s
2025-12-15 11:00:45.654 66462 INFO tempest.lib.common.rest_client [req-39f16ca0-b367-4278-8db2-4e8d04fdbc87 req-39f16ca0-b367-4278-8db2-4e8d04fdbc87 ] Request (ServersAdminTestJSON:setUpClass): 201 POST http://10.180.1.21/networking/v2.0/networks 0.359s
2025-12-15 11:00:45.727 66496 INFO tempest.lib.common.rest_client [req-5e7bbbff-d2c9-4193-b4de-5caa424824d2 req-5e7bbbff-d2c9-4193-b4de-5caa424824d2 ] Request (ServerShowV257Test:test_rebuild_server): 200 GET http://10.180.1.21/compute/v2.1/servers/6fd31771-6d07-46f9-a0c4-ff5c33b7a5ec 8.133s
2025-12-15 11:00:45.743 66496 INFO tempest.common.waiters [-] State transition "BUILD/spawning" ==> "ACTIVE/None" after 15 second wait
2025-12-15 11:00:45.892 66466 INFO tempest.lib.common.rest_client [req-535bfa6b-8d63-4a46-8e06-a6924b1e3ecd req-535bfa6b-8d63-4a46-8e06-a6924b1e3ecd ] Request (FlavorsAccessTestJSON:tearDownClass): 200 GET http://10.180.1.21/networking/v2.0/security-groups?tenant_id=5e577df093d242b39fd042281f459cd8&name=default 0.315s
2025-12-15 11:00:46.078 66462 INFO tempest.lib.common.rest_client [req-8b4c0318-2418-4ec2-b88e-b97fdfbabd6d req-8b4c0318-2418-4ec2-b88e-b97fdfbabd6d ] Request (ServersAdminTestJSON:setUpClass): 201 POST http://10.180.1.21/networking/v2.0/subnets 0.423s
2025-12-15 11:00:46.518 66466 INFO tempest.lib.common.rest_client [req-9ac03b19-c02a-4f30-8843-391915a97582 req-9ac03b19-c02a-4f30-8843-391915a97582 ] Request (FlavorsAccessTestJSON:tearDownClass): 204 DELETE http://10.180.1.21/networking/v2.0/security-groups/ea6a5724-8339-4205-a862-6b90c324a33c 0.625s
2025-12-15 11:00:46.640 66466 INFO tempest.lib.common.rest_client [req-a719cda0-5dca-4344-96e7-97699ed67952 req-a719cda0-5dca-4344-96e7-97699ed67952 ] Request (FlavorsAccessTestJSON:tearDownClass): 204 DELETE http://10.180.1.21/identity/v3/projects/5e577df093d242b39fd042281f459cd8 0.122s
2025-12-15 11:00:46.697 66466 INFO tempest.lib.common.rest_client [req-5cc04c7c-46b1-4ab4-a632-fe466851e511 req-5cc04c7c-46b1-4ab4-a632-fe466851e511 ] Request (HypervisorAdminUnderV252Test:setUpClass): 201 POST http://10.180.1.21/identity/v3/auth/tokens 0.055s
2025-12-15 11:00:46.734 66466 INFO tempest.lib.common.rest_client [req-eb21f0b8-0fd2-4443-8838-5ccc7416c8f1 req-eb21f0b8-0fd2-4443-8838-5ccc7416c8f1 ] Request (HypervisorAdminUnderV252Test:setUpClass): 201 POST http://10.180.1.21/identity/v3/auth/tokens 0.031s
2025-12-15 11:00:46.760 66466 INFO tempest.lib.common.rest_client [req-fdbd6b47-4a68-4643-a69f-15e4b0939232 req-fdbd6b47-4a68-4643-a69f-15e4b0939232 ] Request (HypervisorAdminUnderV252Test:setUpClass): 200 GET http://10.180.1.21/identity/v3/domains?name=Default 0.025s
2025-12-15 11:00:46.789 66466 INFO tempest.lib.common.rest_client [req-94eb8f03-a045-470a-b117-6e185cd6246e req-94eb8f03-a045-470a-b117-6e185cd6246e ] Request (HypervisorAdminUnderV252Test:setUpClass): 201 POST http://10.180.1.21/identity/v3/projects 0.029s
2025-12-15 11:00:46.853 66466 INFO tempest.lib.common.rest_client [req-465649d6-dda2-42ca-ac47-70e07ba7af11 req-465649d6-dda2-42ca-ac47-70e07ba7af11 ] Request (HypervisorAdminUnderV252Test:setUpClass): 201 POST http://10.180.1.21/identity/v3/users 0.062s
2025-12-15 11:00:46.889 66466 INFO tempest.lib.common.rest_client [req-76d23cd1-8e96-4a59-9258-dc1f5f366270 req-76d23cd1-8e96-4a59-9258-dc1f5f366270 ] Request (HypervisorAdminUnderV252Test:setUpClass): 200 GET http://10.180.1.21/identity/v3/roles 0.036s
2025-12-15 11:00:46.921 66466 INFO tempest.lib.common.rest_client [req-c5d0eeff-606c-427a-a431-b3d65035673c req-c5d0eeff-606c-427a-a431-b3d65035673c ] Request (HypervisorAdminUnderV252Test:setUpClass): 204 PUT http://10.180.1.21/identity/v3/projects/1134616f31774d5983ea4bf3517d952f/users/bb901d665fab4767849079290766c626/roles/55cdd4d3c01741fc8fb93c67329a124a 0.032s
2025-12-15 11:00:46.922 66466 INFO tempest.lib.common.dynamic_creds [-] Dynamic test user bb901d665fab4767849079290766c626 is created with scope project and roles: ['member']
2025-12-15 11:00:46.922 66466 INFO tempest.lib.common.dynamic_creds [-] Acquired dynamic creds: credentials: Credentials: {'domain_id': 'default', 'domain_name': 'Default', 'username': 'tempest-HypervisorAdminUnderV252Test-427069006-project-member', 'project_domain_id': 'default', 'project_domain_name': 'Default', 'project_id': '1134616f31774d5983ea4bf3517d952f', 'project_name': 'tempest-HypervisorAdminUnderV252Test-427069006', 'tenant_id': '1134616f31774d5983ea4bf3517d952f', 'tenant_name': 'tempest-HypervisorAdminUnderV252Test-427069006', 'user_domain_id': 'default', 'user_domain_name': 'Default', 'user_id': 'bb901d665fab4767849079290766c626', 'system': None}, Network: None, Subnet: None, Router: None
2025-12-15 11:00:46.922 66466 INFO tempest.lib.common.dynamic_creds [-] Created isolated network resources for: credentials: Credentials: {'domain_id': 'default', 'domain_name': 'Default', 'username': 'tempest-HypervisorAdminUnderV252Test-427069006-project-member', 'project_domain_id': 'default', 'project_domain_name': 'Default', 'project_id': '1134616f31774d5983ea4bf3517d952f', 'project_name': 'tempest-HypervisorAdminUnderV252Test-427069006', 'tenant_id': '1134616f31774d5983ea4bf3517d952f', 'tenant_name': 'tempest-HypervisorAdminUnderV252Test-427069006', 'user_domain_id': 'default', 'user_domain_name': 'Default', 'user_id': 'bb901d665fab4767849079290766c626', 'system': None}, Network: None, Subnet: None, Router: None
2025-12-15 11:00:47.002 66466 INFO tempest.lib.common.rest_client [req-cf5a22c5-9db6-4848-b467-290a06afca2f req-cf5a22c5-9db6-4848-b467-290a06afca2f ] Request (HypervisorAdminUnderV252Test:setUpClass): 201 POST http://10.180.1.21/identity/v3/auth/tokens 0.076s
2025-12-15 11:00:47.021 66464 INFO tempest.lib.common.rest_client [req-9345cfd9-1f7e-4581-9353-f4fdf6b30f06 req-9345cfd9-1f7e-4581-9353-f4fdf6b30f06 ] Request (VolumesAssistedSnapshotsTest:test_volume_assisted_snapshot_create_delete): 200 GET http://10.180.1.21/compute/v2.1/servers/7c7e763a-0dc9-47e8-9016-6c3c2f108b15 8.103s
2025-12-15 11:00:47.029 66464 INFO tempest.common.waiters [-] State transition "BUILD/None" ==> "BUILD/spawning" after 10 second wait
2025-12-15 11:00:47.091 66466 INFO tempest.lib.common.rest_client [req-7210a0e8-758d-401d-bff1-1cf0dbbcfd83 req-7210a0e8-758d-401d-bff1-1cf0dbbcfd83 ] Request (HypervisorAdminUnderV252Test:setUpClass): 201 POST http://10.180.1.21/identity/v3/projects 0.089s
2025-12-15 11:00:47.116 66462 INFO tempest.lib.common.rest_client [req-85705a06-bc79-4f74-b7c4-852be0f408f6 req-85705a06-bc79-4f74-b7c4-852be0f408f6 ] Request (ServersAdminTestJSON:setUpClass): 201 POST http://10.180.1.21/networking/v2.0/routers 1.037s
2025-12-15 11:00:47.158 66466 INFO tempest.lib.common.rest_client [req-e206c7f2-7ed6-4367-bc30-01432c93e634 req-e206c7f2-7ed6-4367-bc30-01432c93e634 ] Request (HypervisorAdminUnderV252Test:setUpClass): 201 POST http://10.180.1.21/identity/v3/users 0.067s
2025-12-15 11:00:47.183 66466 INFO tempest.lib.common.rest_client [req-906529dd-95fe-467d-91c2-191090809114 req-906529dd-95fe-467d-91c2-191090809114 ] Request (HypervisorAdminUnderV252Test:setUpClass): 200 GET http://10.180.1.21/identity/v3/roles 0.024s
2025-12-15 11:00:47.213 66466 INFO tempest.lib.common.rest_client [req-3fafe10e-e2c3-4fc3-96fb-47f709534558 req-3fafe10e-e2c3-4fc3-96fb-47f709534558 ] Request (HypervisorAdminUnderV252Test:setUpClass): 204 PUT http://10.180.1.21/identity/v3/projects/6dbfa945d7554ae3a1610d7982f48d47/users/e0d915fbd8924e938b1c013f53219aac/roles/da93e41123bb46389c05e40f996005d7 0.029s
2025-12-15 11:00:47.274 66466 INFO tempest.lib.common.rest_client [req-9a4d2cc6-24a5-4c6f-8a99-d4c67c869a00 req-9a4d2cc6-24a5-4c6f-8a99-d4c67c869a00 ] Request (HypervisorAdminUnderV252Test:setUpClass): 200 GET http://10.180.1.21/identity/v3/roles 0.061s
2025-12-15 11:00:47.293 66466 INFO tempest.lib.common.rest_client [req-bf164c23-f31d-4a33-a782-1192a052ab40 req-bf164c23-f31d-4a33-a782-1192a052ab40 ] Request (HypervisorAdminUnderV252Test:setUpClass): 204 PUT http://10.180.1.21/identity/v3/projects/6dbfa945d7554ae3a1610d7982f48d47/users/e0d915fbd8924e938b1c013f53219aac/roles/da93e41123bb46389c05e40f996005d7 0.018s
2025-12-15 11:00:47.293 66466 INFO tempest.lib.common.dynamic_creds [-] Dynamic test user e0d915fbd8924e938b1c013f53219aac is created with scope project and roles: ['admin']
2025-12-15 11:00:47.293 66466 INFO tempest.lib.common.dynamic_creds [-] Acquired dynamic creds: credentials: Credentials: {'domain_id': 'default', 'domain_name': 'Default', 'username': 'tempest-HypervisorAdminUnderV252Test-524018581-project-admin', 'project_domain_id': 'default', 'project_domain_name': 'Default', 'project_id': '6dbfa945d7554ae3a1610d7982f48d47', 'project_name': 'tempest-HypervisorAdminUnderV252Test-524018581', 'tenant_id': '6dbfa945d7554ae3a1610d7982f48d47', 'tenant_name': 'tempest-HypervisorAdminUnderV252Test-524018581', 'user_domain_id': 'default', 'user_domain_name': 'Default', 'user_id': 'e0d915fbd8924e938b1c013f53219aac', 'system': None}, Network: None, Subnet: None, Router: None
2025-12-15 11:00:47.294 66466 INFO tempest.lib.common.dynamic_creds [-] Created isolated network resources for: credentials: Credentials: {'domain_id': 'default', 'domain_name': 'Default', 'username': 'tempest-HypervisorAdminUnderV252Test-524018581-project-admin', 'project_domain_id': 'default', 'project_domain_name': 'Default', 'project_id': '6dbfa945d7554ae3a1610d7982f48d47', 'project_name': 'tempest-HypervisorAdminUnderV252Test-524018581', 'tenant_id': '6dbfa945d7554ae3a1610d7982f48d47', 'tenant_name': 'tempest-HypervisorAdminUnderV252Test-524018581', 'user_domain_id': 'default', 'user_domain_name': 'Default', 'user_id': 'e0d915fbd8924e938b1c013f53219aac', 'system': None}, Network: None, Subnet: None, Router: None
2025-12-15 11:00:47.353 66482 INFO tempest.lib.common.rest_client [req-5eca4bdb-32e6-4ec5-86fe-5a4b60794faf req-5eca4bdb-32e6-4ec5-86fe-5a4b60794faf ] Request (SecurityGroupsTestJSON:test_list_security_groups_by_server): 200 POST http://10.180.1.21/compute/v2.1/os-security-groups 8.374s
2025-12-15 11:00:47.380 66500 INFO tempest.lib.common.rest_client [req-54531a3c-961f-4343-b5c2-dc94b2e14f62 req-54531a3c-961f-4343-b5c2-dc94b2e14f62 ] Request (FlavorsAdminTestJSON:_run_cleanups): 202 DELETE http://10.180.1.21/compute/v2.1/flavors/1141264483 8.378s
2025-12-15 11:00:47.387 66466 INFO tempest.lib.common.rest_client [req-2487b978-4c55-4af5-b66f-a4184ce92dd5 req-2487b978-4c55-4af5-b66f-a4184ce92dd5 ] Request (HypervisorAdminUnderV252Test:setUpClass): 201 POST http://10.180.1.21/identity/v3/auth/tokens 0.090s
2025-12-15 11:00:47.428 66452 INFO tempest.lib.common.rest_client [req-ac78a86a-32b1-474e-a966-9f50c364cc4b req-ac78a86a-32b1-474e-a966-9f50c364cc4b ] Request (AggregatesAdminNegativeTestJSON:_run_cleanups): 200 DELETE http://10.180.1.21/compute/v2.1/os-aggregates/2 8.246s
2025-12-15 11:00:47.444 66482 INFO tempest.lib.common.rest_client [req-0938b627-1ab5-490a-b5a7-0859c47e4eb9 req-0938b627-1ab5-490a-b5a7-0859c47e4eb9 ] Request (SecurityGroupsTestJSON:test_list_security_groups_by_server): 201 POST http://10.180.1.21/identity/v3/auth/tokens 0.082s
2025-12-15 11:00:47.445 66482 INFO tempest.lib.common.fixed_network [-] (SecurityGroupsTestJSON:test_list_security_groups_by_server) Found network {'id': 'c6ef359b-46db-4c5d-b227-885d9296f3a6', 'name': 'tempest-SecurityGroupsTestJSON-1665039156-network', 'tenant_id': 'ad02e033ec9c4666a567cdeddf509579', 'project_id': 'ad02e033ec9c4666a567cdeddf509579', 'admin_state_up': True, 'mtu': 8950, 'status': 'ACTIVE', 'subnets': [], 'shared': False, 'port_security_enabled': True, 'router:external': False, 'provider:network_type': 'vlan', 'provider:physical_network': 'default', 'provider:segmentation_id': 326, 'availability_zone_hints': [], 'availability_zones': [], 'ipv4_address_scope': None, 'ipv6_address_scope': None, 'description': '', 'tags': [], 'created_at': '2025-12-15T11:00:30Z', 'updated_at': '2025-12-15T11:00:30Z', 'revision_number': 1} available for tenant
2025-12-15 11:00:47.598 66476 INFO tempest.lib.common.rest_client [req-d2a296de-2a7a-4c11-b443-17371947a52f req-d2a296de-2a7a-4c11-b443-17371947a52f ] Request (ServersTestJSON:setUpClass): 200 POST http://10.180.1.21/compute/v2.1/os-keypairs 7.543s
2025-12-15 11:00:48.168 66462 INFO tempest.lib.common.rest_client [req-5b5833c2-63d9-490f-a6a7-d7e2e5d6950b req-5b5833c2-63d9-490f-a6a7-d7e2e5d6950b ] Request (ServersAdminTestJSON:setUpClass): 200 PUT http://10.180.1.21/networking/v2.0/routers/f2d1d4f7-cd82-40c5-b32a-92b0c9530213/add_router_interface 1.052s
2025-12-15 11:00:48.169 66462 INFO tempest.lib.common.dynamic_creds [-] Created isolated network resources for: credentials: Credentials: {'domain_id': 'default', 'domain_name': 'Default', 'username': 'tempest-ServersAdminTestJSON-193080162-project-admin', 'project_domain_id': 'default', 'project_domain_name': 'Default', 'project_id': '23dd71a76e4b45ddae0fa1045c5f9b4a', 'project_name': 'tempest-ServersAdminTestJSON-193080162', 'tenant_id': '23dd71a76e4b45ddae0fa1045c5f9b4a', 'tenant_name': 'tempest-ServersAdminTestJSON-193080162', 'user_domain_id': 'default', 'user_domain_name': 'Default', 'user_id': 'a3b3f6b6f4ea419b8d120e67a56438e5', 'system': None}, Network: {'id': 'cefe5b82-66c3-43f1-97b2-9059b51fd531', 'name': 'tempest-ServersAdminTestJSON-128320906-network', 'tenant_id': '23dd71a76e4b45ddae0fa1045c5f9b4a', 'project_id': '23dd71a76e4b45ddae0fa1045c5f9b4a', 'admin_state_up': True, 'mtu': 8950, 'status': 'ACTIVE', 'subnets': [], 'shared': False, 'port_security_enabled': True, 'router:external': False, 'provider:network_type': 'vlan', 'provider:physical_network': 'default', 'provider:segmentation_id': 922, 'availability_zone_hints': [], 'availability_zones': [], 'ipv4_address_scope': None, 'ipv6_address_scope': None, 'description': '', 'tags': [], 'created_at': '2025-12-15T11:00:45Z', 'updated_at': '2025-12-15T11:00:45Z', 'revision_number': 1}, Subnet: {'id': 'fecdd915-6e2e-4f7c-b92e-fda0ad477e71', 'name': 'tempest-ServersAdminTestJSON-128320906-subnet', 'tenant_id': '23dd71a76e4b45ddae0fa1045c5f9b4a', 'network_id': 'cefe5b82-66c3-43f1-97b2-9059b51fd531', 'ip_version': 4, 'subnetpool_id': None, 'enable_dhcp': True, 'ipv6_ra_mode': None, 'ipv6_address_mode': None, 'gateway_ip': '192.168.128.1', 'cidr': '192.168.128.0/28', 'allocation_pools': [{'start': '192.168.128.2', 'end': '192.168.128.14'}], 'host_routes': [], 'dns_nameservers': [], 'description': '', 'router:external': False, 'service_types': [], 'tags': [], 'created_at': '2025-12-15T11:00:45Z', 'updated_at': '2025-12-15T11:00:45Z', 'revision_number': 0, 'project_id': '23dd71a76e4b45ddae0fa1045c5f9b4a'}, Router: {'id': 'f2d1d4f7-cd82-40c5-b32a-92b0c9530213', 'name': 'tempest-ServersAdminTestJSON-128320906-router', 'tenant_id': '23dd71a76e4b45ddae0fa1045c5f9b4a', 'admin_state_up': True, 'status': 'ACTIVE', 'external_gateway_info': {'network_id': '8b463d50-dd50-4be6-8765-140bb5a8ba72', 'external_fixed_ips': [{'subnet_id': '99d0e800-0ff3-42bb-aaa3-a359a0a3daff', 'ip_address': '10.180.180.171'}], 'enable_snat': True}, 'description': '', 'availability_zones': [], 'distributed': False, 'ha': False, 'availability_zone_hints': [], 'routes': [], 'flavor_id': None, 'tags': [], 'created_at': '2025-12-15T11:00:46Z', 'updated_at': '2025-12-15T11:00:46Z', 'revision_number': 2, 'project_id': '23dd71a76e4b45ddae0fa1045c5f9b4a'}
2025-12-15 11:00:48.292 66462 INFO tempest.lib.common.rest_client [req-597d6f77-6344-4102-b4aa-1f315d518d6f req-597d6f77-6344-4102-b4aa-1f315d518d6f ] Request (ServersAdminTestJSON:setUpClass): 201 POST http://10.180.1.21/identity/v3/auth/tokens 0.120s
2025-12-15 11:00:48.378 66462 INFO tempest.lib.common.rest_client [req-f821e347-2510-45b3-8a00-74ad47aad6d6 req-f821e347-2510-45b3-8a00-74ad47aad6d6 ] Request (ServersAdminTestJSON:setUpClass): 201 POST http://10.180.1.21/identity/v3/auth/tokens 0.080s
2025-12-15 11:00:48.378 66462 INFO tempest.lib.common.fixed_network [-] (ServersAdminTestJSON:setUpClass) Found network {'id': '24eb80f0-b4c7-4c12-b27a-034ee0e3d4b1', 'name': 'tempest-ServersAdminTestJSON-1900978286-network', 'tenant_id': '9d7bb53dc45f4061a07f56c2c55ac437', 'project_id': '9d7bb53dc45f4061a07f56c2c55ac437', 'admin_state_up': True, 'mtu': 8950, 'status': 'ACTIVE', 'subnets': [], 'shared': False, 'port_security_enabled': True, 'router:external': False, 'provider:network_type': 'vlan', 'provider:physical_network': 'default', 'provider:segmentation_id': 29, 'availability_zone_hints': [], 'availability_zones': [], 'ipv4_address_scope': None, 'ipv6_address_scope': None, 'description': '', 'tags': [], 'created_at': '2025-12-15T11:00:42Z', 'updated_at': '2025-12-15T11:00:42Z', 'revision_number': 1} available for tenant
2025-12-15 11:00:48.424 66476 INFO tempest.lib.common.rest_client [req-2b0f7aee-ca1b-43e6-87af-d57eea140d51 req-2b0f7aee-ca1b-43e6-87af-d57eea140d51 ] Request (ServersTestJSON:setUpClass): 201 POST http://10.180.1.21/networking/v2.0/security-groups 0.823s
2025-12-15 11:00:48.467 66509 INFO tempest.lib.common.rest_client [req-1e1be33b-9c94-4c8d-9c70-6e4f450e9ee6 req-1e1be33b-9c94-4c8d-9c70-6e4f450e9ee6 ] Request (FloatingIPDetailsTestJSON:setUpClass): 200 POST http://10.180.1.21/compute/v2.1/os-floating-ips 9.868s
2025-12-15 11:00:48.485 66474 INFO tempest.lib.common.rest_client [req-f8c22a29-ad70-44fe-a553-5d8691032796 req-f8c22a29-ad70-44fe-a553-5d8691032796 ] Request (KeyPairsV2TestJSON:_run_cleanups): 202 DELETE http://10.180.1.21/compute/v2.1/os-keypairs/tempest-keypair-1815444240 8.375s
2025-12-15 11:00:48.615 66476 INFO tempest.lib.common.rest_client [req-171312d1-0af3-4214-b0cb-e9676e52e054 req-171312d1-0af3-4214-b0cb-e9676e52e054 ] Request (ServersTestJSON:setUpClass): 201 POST http://10.180.1.21/networking/v2.0/security-group-rules 0.191s
2025-12-15 11:00:48.634 66511 INFO tempest.lib.common.rest_client [req-f47ef326-1fe8-4f97-95a0-a5e83bd64d85 req-f47ef326-1fe8-4f97-95a0-a5e83bd64d85 ] Request (AttachInterfacesV270Test:test_create_get_list_interfaces): 200 GET http://10.180.1.21/compute/v2.1/servers/7af4706b-2954-4285-b2a7-8746215f15bb 8.541s
2025-12-15 11:00:48.745 66498 INFO tempest.lib.common.rest_client [req-ad3f673b-4782-49de-8f8d-55c0c258ed1e req-ad3f673b-4782-49de-8f8d-55c0c258ed1e ] Request (SecurityGroupsTestAdminJSON:test_list_security_groups_list_all_tenants_filter): 200 POST http://10.180.1.21/compute/v2.1/os-security-groups 7.640s
2025-12-15 11:00:48.801 66476 INFO tempest.lib.common.rest_client [req-cf501359-c0d5-4031-919f-ddac6e07a0cc req-cf501359-c0d5-4031-919f-ddac6e07a0cc ] Request (ServersTestJSON:setUpClass): 201 POST http://10.180.1.21/networking/v2.0/security-group-rules 0.184s
2025-12-15 11:00:49.319 66476 INFO tempest.lib.common.rest_client [req-271eea32-b8f7-4a44-92d2-8d8a52de87b6 req-271eea32-b8f7-4a44-92d2-8d8a52de87b6 ] Request (ServersTestJSON:setUpClass): 201 POST http://10.180.1.21/networking/v2.0/floatingips 0.515s
2025-12-15 11:00:49.369 66476 INFO tempest.lib.common.rest_client [req-ed7ee0df-419b-47d6-8ad2-defa923895c8 req-ed7ee0df-419b-47d6-8ad2-defa923895c8 ] Request (ServersTestJSON:setUpClass): 201 POST http://10.180.1.21/identity/v3/auth/tokens 0.043s
2025-12-15 11:00:49.369 66476 INFO tempest.lib.common.fixed_network [-] (ServersTestJSON:setUpClass) Found network {'id': 'e2958461-f016-44f9-9709-c2cecf2689ad', 'name': 'tempest-ServersTestJSON-394736926-network', 'tenant_id': 'e544020c49cd40a3b6630f52bf76de2b', 'project_id': 'e544020c49cd40a3b6630f52bf76de2b', 'admin_state_up': True, 'mtu': 8950, 'status': 'ACTIVE', 'subnets': [], 'shared': False, 'port_security_enabled': True, 'router:external': False, 'provider:network_type': 'vlan', 'provider:physical_network': 'default', 'provider:segmentation_id': 299, 'availability_zone_hints': [], 'availability_zones': [], 'ipv4_address_scope': None, 'ipv6_address_scope': None, 'description': '', 'tags': [], 'created_at': '2025-12-15T11:00:36Z', 'updated_at': '2025-12-15T11:00:37Z', 'revision_number': 1} available for tenant
2025-12-15 11:00:49.398 66515 INFO tempest.lib.common.rest_client [req-61158a35-09b0-4194-b3a6-6f0c7cf4aa75 req-61158a35-09b0-4194-b3a6-6f0c7cf4aa75 ] Request (ServersAdmin275Test:test_rebuild_update_server_275): 202 POST http://10.180.1.21/compute/v2.1/servers/1c446f17-417b-4917-b40b-f14463dcff6b/action 8.182s
2025-12-15 11:00:49.468 66454 INFO tempest.lib.common.rest_client [req-4a9662b2-2d38-45a8-9438-5a42a7d06e05 req-4a9662b2-2d38-45a8-9438-5a42a7d06e05 ] Request (FloatingIPsTestJSON:test_allocate_floating_ip): 200 POST http://10.180.1.21/compute/v2.1/os-floating-ips 8.314s
2025-12-15 11:00:49.579 66468 INFO tempest.lib.common.rest_client [req-4c99cfd2-c441-4b55-91fa-d249167ceade req-4c99cfd2-c441-4b55-91fa-d249167ceade ] Request (QuotasAdminNegativeTest:_run_cleanups): 200 PUT http://10.180.1.21/compute/v2.1/os-quota-sets/1ae779cbf08b40e4908dd62538c8f46d 8.329s
2025-12-15 11:00:49.651 66490 INFO tempest.lib.common.rest_client [req-b826493f-fa4c-4e33-ba61-f841fd44764a req-b826493f-fa4c-4e33-ba61-f841fd44764a ] Request (ValidationResourcesFixture:setUp): 200 POST http://10.180.1.21/compute/v2.1/os-keypairs 5.370s
2025-12-15 11:00:49.852 66490 INFO tempest.lib.common.rest_client [req-c51cb669-9d93-4803-9f19-186d9ac940e6 req-c51cb669-9d93-4803-9f19-186d9ac940e6 ] Request (ValidationResourcesFixture:setUp): 201 POST http://10.180.1.21/networking/v2.0/security-groups 0.199s
2025-12-15 11:00:50.086 66490 INFO tempest.lib.common.rest_client [req-2892a527-a949-4199-9af0-c6ef06ac40af req-2892a527-a949-4199-9af0-c6ef06ac40af ] Request (ValidationResourcesFixture:setUp): 201 POST http://10.180.1.21/networking/v2.0/security-group-rules 0.234s
2025-12-15 11:00:50.121 66504 INFO tempest.lib.common.rest_client [req-844e6386-ddb6-435a-b520-7cb84ccebf98 req-844e6386-ddb6-435a-b520-7cb84ccebf98 ] Request (VolumesAdminNegativeTest:test_update_attached_volume_with_nonexistent_volume_in_uri): 200 GET http://10.180.1.21/compute/v2.1/servers/6addd440-371c-4066-9a80-66df8140f727 5.834s
2025-12-15 11:00:50.224 66484 INFO tempest.lib.common.rest_client [req-3803ba1a-d94f-4bbc-a375-547a04899dc2 req-3803ba1a-d94f-4bbc-a375-547a04899dc2 ] Request (ServicesAdminNegativeV253TestJSON:test_list_services_with_non_admin_user): 403 GET http://10.180.1.21/compute/v2.1/os-services 5.902s
2025-12-15 11:00:50.232 66472 INFO tempest.lib.common.rest_client [req-573196a3-276a-4ce3-9429-62be69e90bba req-573196a3-276a-4ce3-9429-62be69e90bba ] Request (HypervisorAdminNegativeTestJSON:test_show_nonexistent_hypervisor): 404 GET http://10.180.1.21/compute/v2.1/os-hypervisors/fb980b30-0fa4-4cbb-852f-6d19a1e008a3 5.907s
2025-12-15 11:00:50.248 66488 INFO tempest.lib.common.rest_client [req-a3a3b0c6-95de-4f6c-afe6-b8f5dd117c5e req-a3a3b0c6-95de-4f6c-afe6-b8f5dd117c5e ] Request (FlavorsV2TestJSON:test_list_flavors_filter_by_min_disk): 200 GET http://10.180.1.21/compute/v2.1/flavors/42 5.912s
2025-12-15 11:00:50.273 66490 INFO tempest.lib.common.rest_client [req-145b8471-3641-4fc7-b174-ef2e640c6a82 req-145b8471-3641-4fc7-b174-ef2e640c6a82 ] Request (ValidationResourcesFixture:setUp): 201 POST http://10.180.1.21/networking/v2.0/security-group-rules 0.186s
2025-12-15 11:00:50.329 66456 INFO tempest.lib.common.rest_client [req-2affa4b4-9e60-4ab4-9d68-acc8e8cb109f req-2affa4b4-9e60-4ab4-9d68-acc8e8cb109f ] Request (FloatingIPsAssociationTestJSON:setUpClass): 200 POST http://10.180.1.21/compute/v2.1/os-floating-ips 7.622s
2025-12-15 11:00:50.390 66484 INFO tempest.lib.common.rest_client [req-0897b6bb-2a4b-4b6a-bf62-49d3ae584dd3 req-0897b6bb-2a4b-4b6a-bf62-49d3ae584dd3 ] Request (ServicesAdminNegativeV253TestJSON:tearDownClass): 204 DELETE http://10.180.1.21/identity/v3/users/c2ba022b72fc4dee95e110eb725ef868 0.165s
2025-12-15 11:00:50.402 66472 INFO tempest.lib.common.rest_client [req-de3b2a46-0be1-4042-a8d3-cd78c67aa0ad req-de3b2a46-0be1-4042-a8d3-cd78c67aa0ad ] Request (HypervisorAdminNegativeTestJSON:tearDownClass): 204 DELETE http://10.180.1.21/identity/v3/users/cf07295a3d444eafb7d4fd80f43f4560 0.166s
2025-12-15 11:00:50.482 66456 INFO tempest.lib.common.rest_client [req-d3a272b8-d5f0-4e26-9525-d24a786aa55f req-d3a272b8-d5f0-4e26-9525-d24a786aa55f ] Request (FloatingIPsAssociationTestJSON:test_associate_already_associated_floating_ip): 201 POST http://10.180.1.21/identity/v3/auth/tokens 0.143s
2025-12-15 11:00:50.483 66456 INFO tempest.lib.common.fixed_network [-] (FloatingIPsAssociationTestJSON:test_associate_already_associated_floating_ip) Found network {'id': 'b951dedd-f179-4bda-87ab-76ed81d28e0f', 'name': 'tempest-FloatingIPsAssociationTestJSON-1110301604-network', 'tenant_id': '83a0f289767c4d8481cf298637ff9ab6', 'project_id': '83a0f289767c4d8481cf298637ff9ab6', 'admin_state_up': True, 'mtu': 8950, 'status': 'ACTIVE', 'subnets': [], 'shared': False, 'port_security_enabled': True, 'router:external': False, 'provider:network_type': 'vlan', 'provider:physical_network': 'default', 'provider:segmentation_id': 230, 'availability_zone_hints': [], 'availability_zones': [], 'ipv4_address_scope': None, 'ipv6_address_scope': None, 'description': '', 'tags': [], 'created_at': '2025-12-15T11:00:09Z', 'updated_at': '2025-12-15T11:00:10Z', 'revision_number': 1} available for tenant
2025-12-15 11:00:50.637 66484 INFO tempest.lib.common.rest_client [req-f5aac162-a2b2-4d59-90ca-5aafc7257b60 req-f5aac162-a2b2-4d59-90ca-5aafc7257b60 ] Request (ServicesAdminNegativeV253TestJSON:tearDownClass): 204 DELETE http://10.180.1.21/identity/v3/users/796649df43c24e7baec092d90e6e918a 0.246s
2025-12-15 11:00:50.638 66484 INFO tempest.lib.common.dynamic_creds [-] Deleting project and security group for project: d973fee6d4f244f09264b0223da0b513
2025-12-15 11:00:50.654 66472 INFO tempest.lib.common.rest_client [req-65290e42-9114-4e24-97e8-b7c3bf2734c7 req-65290e42-9114-4e24-97e8-b7c3bf2734c7 ] Request (HypervisorAdminNegativeTestJSON:tearDownClass): 204 DELETE http://10.180.1.21/identity/v3/users/699c6b6203474c63bd1273be03a83d80 0.251s
2025-12-15 11:00:50.654 66472 INFO tempest.lib.common.dynamic_creds [-] Deleting project and security group for project: 65efb913ece24e6ba68f6a9ef0c98db4
2025-12-15 11:00:50.718 66484 INFO tempest.lib.common.rest_client [req-b89759a9-ba03-4d36-87e0-8f7e6a1c7917 req-b89759a9-ba03-4d36-87e0-8f7e6a1c7917 ] Request (ServicesAdminNegativeV253TestJSON:tearDownClass): 201 POST http://10.180.1.21/identity/v3/auth/tokens 0.080s
2025-12-15 11:00:50.719 66472 INFO tempest.lib.common.rest_client [req-0847402b-98a6-4833-a4f2-9ce156ad6fe5 req-0847402b-98a6-4833-a4f2-9ce156ad6fe5 ] Request (HypervisorAdminNegativeTestJSON:tearDownClass): 201 POST http://10.180.1.21/identity/v3/auth/tokens 0.065s
2025-12-15 11:00:50.730 66486 INFO tempest.lib.common.rest_client [req-0a512539-511c-4eb4-a1c7-b98efd172701 req-0a512539-511c-4eb4-a1c7-b98efd172701 ] Request (DeleteServersAdminTestJSON:test_admin_delete_servers_of_others): 204 DELETE http://10.180.1.21/compute/v2.1/servers/9b5e88bd-58d2-4aaf-9d2a-17396ee56485 5.482s
2025-12-15 11:00:50.872 66490 INFO tempest.lib.common.rest_client [req-fb655e1b-d595-40ec-baf8-79e46166ba6e req-fb655e1b-d595-40ec-baf8-79e46166ba6e ] Request (ValidationResourcesFixture:setUp): 201 POST http://10.180.1.21/networking/v2.0/floatingips 0.599s
2025-12-15 11:00:50.934 66490 INFO tempest.lib.common.rest_client [req-30615853-3081-4a91-8ded-7613753e3928 req-30615853-3081-4a91-8ded-7613753e3928 ] Request (ServersWithSpecificFlavorTestJSON:test_verify_created_server_ephemeral_disk): 201 POST http://10.180.1.21/identity/v3/auth/tokens 0.058s
2025-12-15 11:00:50.935 66490 INFO tempest.lib.common.fixed_network [-] (ServersWithSpecificFlavorTestJSON:test_verify_created_server_ephemeral_disk) Found network {'id': '4e759ff7-722e-41c0-93fa-2287a095b274', 'name': 'tempest-ServersWithSpecificFlavorTestJSON-84486614-network', 'tenant_id': '9322d6235218415c9e43aeca6342efbf', 'project_id': '9322d6235218415c9e43aeca6342efbf', 'admin_state_up': True, 'mtu': 8950, 'status': 'ACTIVE', 'subnets': [], 'shared': False, 'port_security_enabled': True, 'router:external': False, 'provider:network_type': 'vlan', 'provider:physical_network': 'default', 'provider:segmentation_id': 839, 'availability_zone_hints': [], 'availability_zones': [], 'ipv4_address_scope': None, 'ipv6_address_scope': None, 'description': '', 'tags': [], 'created_at': '2025-12-15T11:00:11Z', 'updated_at': '2025-12-15T11:00:11Z', 'revision_number': 1} available for tenant
2025-12-15 11:00:51.175 66484 INFO tempest.lib.common.rest_client [req-7ef35672-6f93-4d81-90d4-60c29df11306 req-7ef35672-6f93-4d81-90d4-60c29df11306 ] Request (ServicesAdminNegativeV253TestJSON:tearDownClass): 200 GET http://10.180.1.21/networking/v2.0/security-groups?tenant_id=d973fee6d4f244f09264b0223da0b513&name=default 0.456s
2025-12-15 11:00:51.325 66472 INFO tempest.lib.common.rest_client [req-96bc9dac-521a-4a5c-87d4-1b5e521af381 req-96bc9dac-521a-4a5c-87d4-1b5e521af381 ] Request (HypervisorAdminNegativeTestJSON:tearDownClass): 200 GET http://10.180.1.21/networking/v2.0/security-groups?tenant_id=65efb913ece24e6ba68f6a9ef0c98db4&name=default 0.605s
2025-12-15 11:00:51.423 66458 INFO tempest.lib.common.rest_client [req-611c4393-2a26-4b00-8bd3-9fccc74af504 req-611c4393-2a26-4b00-8bd3-9fccc74af504 ] Request (ServerExternalEventsTest:test_create_server_external_events): 200 GET http://10.180.1.21/compute/v2.1/servers/06041561-a391-4b54-a519-bc1ba95ac965 6.320s
2025-12-15 11:00:51.578 66484 INFO tempest.lib.common.rest_client [req-1d8d44ad-06f7-4b53-b603-5d4440025f63 req-1d8d44ad-06f7-4b53-b603-5d4440025f63 ] Request (ServicesAdminNegativeV253TestJSON:tearDownClass): 204 DELETE http://10.180.1.21/networking/v2.0/security-groups/1a63151a-f7f5-47bf-a8a0-d90a7ac59343 0.403s
2025-12-15 11:00:51.604 66472 INFO tempest.lib.common.rest_client [req-6a6580ff-643e-4237-b239-ee115a72294a req-6a6580ff-643e-4237-b239-ee115a72294a ] Request (HypervisorAdminNegativeTestJSON:tearDownClass): 204 DELETE http://10.180.1.21/networking/v2.0/security-groups/75b26bc8-875e-4ed7-a0f4-770c23571ff8 0.279s
2025-12-15 11:00:51.629 66478 INFO tempest.lib.common.rest_client [req-435528f9-e927-43b1-84cd-5045bc4d42a8 req-435528f9-e927-43b1-84cd-5045bc4d42a8 ] Request (ServerActionsTestJSON:setUpClass): 200 GET http://10.180.1.21/compute/v2.1/servers/b7c01102-e77a-4c04-8fa4-aa43582d28bf 6.377s
2025-12-15 11:00:51.636 66478 INFO tempest.common.waiters [-] State transition "BUILD/block_device_mapping" ==> "BUILD/spawning" after 7 second wait
2025-12-15 11:00:51.641 66512 INFO tempest.lib.common.rest_client [req-d70f20a6-b95f-4673-abfa-cb891b31a975 req-d70f20a6-b95f-4673-abfa-cb891b31a975 ] Request (TenantUsagesTestJSON:test_get_usage_tenant): 200 GET http://10.180.1.21/compute/v2.1/os-simple-tenant-usage/3d75ebc0061d4b75bf78cf928ea72150?start=2025-12-14T11%3A00%3A45.275357&end=2025-12-16T11%3A00%3A45.275357 6.365s
2025-12-15 11:00:51.644 66470 INFO tempest.lib.common.rest_client [req-cf64d0a3-7d96-4627-b458-811bd908175b req-cf64d0a3-7d96-4627-b458-811bd908175b ] Request (InstanceUsageAuditLogTestJSON:test_list_instance_usage_audit_logs): 200 GET http://10.180.1.21/compute/v2.1/os-instance_usage_audit_log 6.120s
2025-12-15 11:00:51.648 66506 INFO tempest.lib.common.rest_client [req-4165e3da-553b-4b58-b1b8-29fa28ae3a50 req-4165e3da-553b-4b58-b1b8-29fa28ae3a50 ] Request (FlavorsExtraSpecsNegativeTestJSON:test_flavor_update_more_key): 400 PUT http://10.180.1.21/compute/v2.1/flavors/1674684324/os-extra_specs/hw:numa_nodes 6.120s
2025-12-15 11:00:51.667 66495 INFO tempest.lib.common.rest_client [req-dc60921e-8c99-4a21-8adc-96c2e56a844f req-dc60921e-8c99-4a21-8adc-96c2e56a844f ] Request (FlavorsAccessNegativeTestJSON:_run_cleanups): 202 DELETE http://10.180.1.21/compute/v2.1/flavors/393292281 6.107s
2025-12-15 11:00:51.671 66492 INFO tempest.lib.common.rest_client [req-36e68229-cf7e-4e18-9b36-241b0e56a749 req-36e68229-cf7e-4e18-9b36-241b0e56a749 ] Request (FlavorsExtraSpecsTestJSON:test_flavor_set_get_update_show_unset_keys): 200 DELETE http://10.180.1.21/compute/v2.1/flavors/981859687/os-extra_specs/hw:numa_nodes 6.121s
2025-12-15 11:00:51.688 66484 INFO tempest.lib.common.rest_client [req-6239a839-d9c9-4ad3-a98f-ab1b6d758778 req-6239a839-d9c9-4ad3-a98f-ab1b6d758778 ] Request (ServicesAdminNegativeV253TestJSON:tearDownClass): 204 DELETE http://10.180.1.21/identity/v3/projects/d973fee6d4f244f09264b0223da0b513 0.109s
2025-12-15 11:00:51.688 66484 INFO tempest.lib.common.dynamic_creds [-] Deleting project and security group for project: 5058d888a814464d9c7e44a6e56851b4
2025-12-15 11:00:51.690 66472 INFO tempest.lib.common.rest_client [req-15478065-af29-48db-b73a-c9fb512f2e1c req-15478065-af29-48db-b73a-c9fb512f2e1c ] Request (HypervisorAdminNegativeTestJSON:tearDownClass): 204 DELETE http://10.180.1.21/identity/v3/projects/65efb913ece24e6ba68f6a9ef0c98db4 0.085s
2025-12-15 11:00:51.691 66472 INFO tempest.lib.common.dynamic_creds [-] Deleting project and security group for project: b47d2dc453664fbf9683107163b5546c
2025-12-15 11:00:51.821 66472 INFO tempest.lib.common.rest_client [req-eed37cdc-541f-4ec3-b225-cb211c29fd60 req-eed37cdc-541f-4ec3-b225-cb211c29fd60 ] Request (HypervisorAdminNegativeTestJSON:tearDownClass): 200 GET http://10.180.1.21/networking/v2.0/security-groups?tenant_id=b47d2dc453664fbf9683107163b5546c&name=default 0.130s
2025-12-15 11:00:51.826 66484 INFO tempest.lib.common.rest_client [req-f83edeae-14db-45d9-84d9-b90ba561668d req-f83edeae-14db-45d9-84d9-b90ba561668d ] Request (ServicesAdminNegativeV253TestJSON:tearDownClass): 200 GET http://10.180.1.21/networking/v2.0/security-groups?tenant_id=5058d888a814464d9c7e44a6e56851b4&name=default 0.138s
2025-12-15 11:00:51.867 66460 INFO tempest.lib.common.rest_client [req-b1243b39-4712-4526-83ca-c3cbc8b4b0fa req-b1243b39-4712-4526-83ca-c3cbc8b4b0fa ] Request (QuotasAdminTestJSON:test_get_updated_quotas): 200 PUT http://10.180.1.21/compute/v2.1/os-quota-sets/e0edf04a845d4c7cba9e5fdf05997cb7 6.220s
2025-12-15 11:00:51.892 66500 INFO tempest.lib.common.rest_client [req-c301adb9-da91-4db3-8338-5ed6d653afc6 req-c301adb9-da91-4db3-8338-5ed6d653afc6 ] Request (FlavorsAdminTestJSON:_run_cleanups): 200 GET http://10.180.1.21/compute/v2.1/flavors/detail 4.512s
2025-12-15 11:00:51.895 66470 INFO tempest.lib.common.rest_client [req-699e8aa0-9607-4437-a296-f68a30f1bdf6 req-699e8aa0-9607-4437-a296-f68a30f1bdf6 ] Request (InstanceUsageAuditLogTestJSON:tearDownClass): 204 DELETE http://10.180.1.21/identity/v3/users/cb3cf32978f14621bce05848654f9faf 0.247s
2025-12-15 11:00:51.939 66484 INFO tempest.lib.common.rest_client [req-3982ef65-9628-4db8-96af-7ad2c3083dcd req-3982ef65-9628-4db8-96af-7ad2c3083dcd ] Request (ServicesAdminNegativeV253TestJSON:tearDownClass): 204 DELETE http://10.180.1.21/networking/v2.0/security-groups/19e1d4b3-bb73-42fa-9faa-449c544af21a 0.112s
2025-12-15 11:00:51.938 66472 INFO tempest.lib.common.rest_client [req-b0d0e0a6-df5b-466c-886f-9efdfb7617f8 req-b0d0e0a6-df5b-466c-886f-9efdfb7617f8 ] Request (HypervisorAdminNegativeTestJSON:tearDownClass): 204 DELETE http://10.180.1.21/networking/v2.0/security-groups/e62c452f-95ca-4b20-8812-d01fdd601869 0.117s
2025-12-15 11:00:51.977 66496 INFO tempest.lib.common.rest_client [req-ddeac42d-3311-42df-8f37-2b24ef6cd5a8 req-ddeac42d-3311-42df-8f37-2b24ef6cd5a8 ] Request (ServerShowV257Test:test_rebuild_server): 202 POST http://10.180.1.21/compute/v2.1/servers/6fd31771-6d07-46f9-a0c4-ff5c33b7a5ec/action 6.233s
2025-12-15 11:00:52.013 66452 INFO tempest.lib.common.rest_client [req-59308952-b22d-4f04-beaf-4a72a2260d93 req-59308952-b22d-4f04-beaf-4a72a2260d93 ] Request (AggregatesAdminNegativeTestJSON:test_aggregate_add_non_exist_host): 200 POST http://10.180.1.21/compute/v2.1/os-aggregates 4.583s
2025-12-15 11:00:52.014 66470 INFO tempest.lib.common.rest_client [req-276aca7f-32ff-45f3-8d30-b8e0941472b7 req-276aca7f-32ff-45f3-8d30-b8e0941472b7 ] Request (InstanceUsageAuditLogTestJSON:tearDownClass): 204 DELETE http://10.180.1.21/identity/v3/users/75fe36d4ba8242c5b775db882d3df2df 0.118s
2025-12-15 11:00:52.014 66470 INFO tempest.lib.common.dynamic_creds [-] Deleting project and security group for project: 475e9c1f6b4c4a7b9dba7d10c79cb30e
2025-12-15 11:00:52.045 66466 INFO tempest.lib.common.rest_client [req-236dc5fa-73fa-4e03-959f-608588b4fd8f req-236dc5fa-73fa-4e03-959f-608588b4fd8f ] Request (HypervisorAdminUnderV252Test:test_get_hypervisor_show_servers): 200 GET http://10.180.1.21/compute/v2.1/os-hypervisors 4.657s
2025-12-15 11:00:52.123 66484 INFO tempest.lib.common.rest_client [req-261c7c94-66fd-4b31-a2f7-e8e3849efd37 req-261c7c94-66fd-4b31-a2f7-e8e3849efd37 ] Request (ServicesAdminNegativeV253TestJSON:tearDownClass): 204 DELETE http://10.180.1.21/identity/v3/projects/5058d888a814464d9c7e44a6e56851b4 0.184s
2025-12-15 11:00:52.135 66472 INFO tempest.lib.common.rest_client [req-637a5e4b-d7c1-4044-97df-cb9ee7be7dec req-637a5e4b-d7c1-4044-97df-cb9ee7be7dec ] Request (HypervisorAdminNegativeTestJSON:tearDownClass): 204 DELETE http://10.180.1.21/identity/v3/projects/b47d2dc453664fbf9683107163b5546c 0.195s
2025-12-15 11:00:52.187 66470 INFO tempest.lib.common.rest_client [req-00f9dcfa-3fbd-4bb9-896b-55ddc017dc04 req-00f9dcfa-3fbd-4bb9-896b-55ddc017dc04 ] Request (InstanceUsageAuditLogTestJSON:tearDownClass): 201 POST http://10.180.1.21/identity/v3/auth/tokens 0.173s
2025-12-15 11:00:52.197 66484 INFO tempest.lib.common.rest_client [req-7fd281cf-7d8a-4a77-a4b1-1715d9c2891d req-7fd281cf-7d8a-4a77-a4b1-1715d9c2891d ] Request (FloatingIPDetailsNegativeTestJSON:setUpClass): 201 POST http://10.180.1.21/identity/v3/auth/tokens 0.072s
2025-12-15 11:00:52.214 66472 INFO tempest.lib.common.rest_client [req-d009431c-8fd4-4375-8a6b-7f710b9f92e6 req-d009431c-8fd4-4375-8a6b-7f710b9f92e6 ] Request (AttachInterfacesUnderV243Test:setUpClass): 201 POST http://10.180.1.21/identity/v3/auth/tokens 0.077s
2025-12-15 11:00:52.230 66484 INFO tempest.lib.common.rest_client [req-0012770e-c122-4801-9485-5a71e094ce01 req-0012770e-c122-4801-9485-5a71e094ce01 ] Request (FloatingIPDetailsNegativeTestJSON:setUpClass): 201 POST http://10.180.1.21/identity/v3/auth/tokens 0.029s
2025-12-15 11:00:52.245 66472 INFO tempest.lib.common.rest_client [req-3849431d-b59a-4671-936c-de52af2c9f72 req-3849431d-b59a-4671-936c-de52af2c9f72 ] Request (AttachInterfacesUnderV243Test:setUpClass): 201 POST http://10.180.1.21/identity/v3/auth/tokens 0.027s
