2025-12-15 11:00:35.960 66470 INFO tempest.lib.common.rest_client [req-ac43eb86-45be-4d13-8b3c-d6f815c52f53 req-ac43eb86-45be-4d13-8b3c-d6f815c52f53 ] Request (InstanceUsageAuditLogTestJSON:setUpClass): 201 POST http://10.180.1.21/identity/v3/auth/tokens 0.124s
2025-12-15 11:00:35.993 66476 INFO tempest.lib.common.rest_client [req-36659804-f1fd-4156-b080-18e36fe60355 req-36659804-f1fd-4156-b080-18e36fe60355 ] Request (ServersTestJSON:setUpClass): 201 POST http://10.180.1.21/identity/v3/auth/tokens 0.089s
2025-12-15 11:00:36.021 66454 INFO tempest.lib.common.rest_client [req-bd9a0a31-3a24-4235-b1df-563222871178 req-bd9a0a31-3a24-4235-b1df-563222871178 ] Request (FlavorsV261TestJSON:tearDownClass): 204 DELETE http://10.180.1.21/identity/v3/projects/0e47e73830d449aba254e3e24736cd67 0.168s
2025-12-15 11:00:36.048 66476 INFO tempest.lib.common.rest_client [req-5dcb7db0-b3f9-4a7c-bfb4-ea3989c189f2 req-5dcb7db0-b3f9-4a7c-bfb4-ea3989c189f2 ] Request (ServersTestJSON:setUpClass): 201 POST http://10.180.1.21/identity/v3/auth/tokens 0.051s
2025-12-15 11:00:36.060 66470 INFO tempest.lib.common.rest_client [req-977bbd66-6994-4ad7-8d4d-a18123b7fdda req-977bbd66-6994-4ad7-8d4d-a18123b7fdda ] Request (InstanceUsageAuditLogTestJSON:setUpClass): 200 GET http://10.180.1.21/identity/v3/domains?name=Default 0.099s
2025-12-15 11:00:36.078 66454 INFO tempest.lib.common.rest_client [req-adefe981-604a-40d7-94d4-b97c5d459d5c req-adefe981-604a-40d7-94d4-b97c5d459d5c ] Request (FloatingIPsTestJSON:setUpClass): 201 POST http://10.180.1.21/identity/v3/auth/tokens 0.054s
2025-12-15 11:00:36.084 66509 INFO tempest.lib.common.rest_client [req-d509501d-c0d0-4e8a-8c5d-1a839509a361 req-d509501d-c0d0-4e8a-8c5d-1a839509a361 ] Request (FloatingIPDetailsTestJSON:setUpClass): 201 POST http://10.180.1.21/networking/v2.0/networks 0.670s
2025-12-15 11:00:36.090 66476 INFO tempest.lib.common.rest_client [req-ca0f3b24-6fa3-42da-a503-4bec44a816fc req-ca0f3b24-6fa3-42da-a503-4bec44a816fc ] Request (ServersTestJSON:setUpClass): 200 GET http://10.180.1.21/identity/v3/domains?name=Default 0.041s
2025-12-15 11:00:36.114 66470 INFO tempest.lib.common.rest_client [req-bbae841d-ebb7-48bd-80a1-171f64905845 req-bbae841d-ebb7-48bd-80a1-171f64905845 ] Request (InstanceUsageAuditLogTestJSON:setUpClass): 201 POST http://10.180.1.21/identity/v3/projects 0.053s
2025-12-15 11:00:36.119 66458 INFO tempest.lib.common.rest_client [req-d54a1396-c641-412c-a58e-02b869b95c5b req-d54a1396-c641-412c-a58e-02b869b95c5b ] Request (ServerExternalEventsTest:test_create_server_external_events): 202 POST http://10.180.1.21/compute/v2.1/servers 7.532s
2025-12-15 11:00:36.176 66476 INFO tempest.lib.common.rest_client [req-40656053-3039-443b-8f58-d5b2e83f54dc req-40656053-3039-443b-8f58-d5b2e83f54dc ] Request (ServersTestJSON:setUpClass): 201 POST http://10.180.1.21/identity/v3/projects 0.085s
2025-12-15 11:00:36.177 66454 INFO tempest.lib.common.rest_client [req-6e140b7c-b359-44a0-804d-f858c74b8796 req-6e140b7c-b359-44a0-804d-f858c74b8796 ] Request (FloatingIPsTestJSON:setUpClass): 201 POST http://10.180.1.21/identity/v3/auth/tokens 0.096s
2025-12-15 11:00:36.222 66478 INFO tempest.lib.common.rest_client [req-4eea1a39-c955-417b-b757-f5cf68ec2605 req-4eea1a39-c955-417b-b757-f5cf68ec2605 ] Request (ServerActionsTestJSON:setUpClass): 202 POST http://10.180.1.21/compute/v2.1/servers 8.105s
2025-12-15 11:00:36.263 66470 INFO tempest.lib.common.rest_client [req-b348f84f-8977-4a3b-888b-579bbab4edbc req-b348f84f-8977-4a3b-888b-579bbab4edbc ] Request (InstanceUsageAuditLogTestJSON:setUpClass): 201 POST http://10.180.1.21/identity/v3/users 0.148s
2025-12-15 11:00:36.302 66454 INFO tempest.lib.common.rest_client [req-55000f1a-3ccc-4747-a3bd-05df285ca181 req-55000f1a-3ccc-4747-a3bd-05df285ca181 ] Request (FloatingIPsTestJSON:setUpClass): 200 GET http://10.180.1.21/identity/v3/domains?name=Default 0.124s
2025-12-15 11:00:36.306 66476 INFO tempest.lib.common.rest_client [req-c4aabb3a-ddfe-4ae0-ade0-00061065ff89 req-c4aabb3a-ddfe-4ae0-ade0-00061065ff89 ] Request (ServersTestJSON:setUpClass): 201 POST http://10.180.1.21/identity/v3/users 0.130s
2025-12-15 11:00:36.327 66509 INFO tempest.lib.common.rest_client [req-472eb79f-6300-42c6-854e-a2962111d038 req-472eb79f-6300-42c6-854e-a2962111d038 ] Request (FloatingIPDetailsTestJSON:setUpClass): 201 POST http://10.180.1.21/networking/v2.0/subnets 0.242s
2025-12-15 11:00:36.331 66470 INFO tempest.lib.common.rest_client [req-01ed77f7-4bd3-4183-a438-2c019a39d865 req-01ed77f7-4bd3-4183-a438-2c019a39d865 ] Request (InstanceUsageAuditLogTestJSON:setUpClass): 200 GET http://10.180.1.21/identity/v3/roles 0.068s
2025-12-15 11:00:36.338 66454 INFO tempest.lib.common.rest_client [req-a101bba0-3e35-41db-94a0-2440ed859a97 req-a101bba0-3e35-41db-94a0-2440ed859a97 ] Request (FloatingIPsTestJSON:setUpClass): 201 POST http://10.180.1.21/identity/v3/projects 0.035s
2025-12-15 11:00:36.348 66476 INFO tempest.lib.common.rest_client [req-0a879d53-5797-4828-a2b9-ba867d6c4b46 req-0a879d53-5797-4828-a2b9-ba867d6c4b46 ] Request (ServersTestJSON:setUpClass): 200 GET http://10.180.1.21/identity/v3/roles 0.041s
2025-12-15 11:00:36.399 66470 INFO tempest.lib.common.rest_client [req-54955e78-aebf-4a49-97ad-62c9a7e2a8dd req-54955e78-aebf-4a49-97ad-62c9a7e2a8dd ] Request (InstanceUsageAuditLogTestJSON:setUpClass): 204 PUT http://10.180.1.21/identity/v3/projects/475e9c1f6b4c4a7b9dba7d10c79cb30e/users/cb3cf32978f14621bce05848654f9faf/roles/55cdd4d3c01741fc8fb93c67329a124a 0.067s
2025-12-15 11:00:36.399 66470 INFO tempest.lib.common.dynamic_creds [-] Dynamic test user cb3cf32978f14621bce05848654f9faf is created with scope project and roles: ['member']
2025-12-15 11:00:36.399 66470 INFO tempest.lib.common.dynamic_creds [-] Acquired dynamic creds: credentials: Credentials: {'domain_id': 'default', 'domain_name': 'Default', 'username': 'tempest-InstanceUsageAuditLogTestJSON-595261078-project-member', 'project_domain_id': 'default', 'project_domain_name': 'Default', 'project_id': '475e9c1f6b4c4a7b9dba7d10c79cb30e', 'project_name': 'tempest-InstanceUsageAuditLogTestJSON-595261078', 'tenant_id': '475e9c1f6b4c4a7b9dba7d10c79cb30e', 'tenant_name': 'tempest-InstanceUsageAuditLogTestJSON-595261078', 'user_domain_id': 'default', 'user_domain_name': 'Default', 'user_id': 'cb3cf32978f14621bce05848654f9faf', 'system': None}, Network: None, Subnet: None, Router: None
2025-12-15 11:00:36.399 66470 INFO tempest.lib.common.dynamic_creds [-] Created isolated network resources for: credentials: Credentials: {'domain_id': 'default', 'domain_name': 'Default', 'username': 'tempest-InstanceUsageAuditLogTestJSON-595261078-project-member', 'project_domain_id': 'default', 'project_domain_name': 'Default', 'project_id': '475e9c1f6b4c4a7b9dba7d10c79cb30e', 'project_name': 'tempest-InstanceUsageAuditLogTestJSON-595261078', 'tenant_id': '475e9c1f6b4c4a7b9dba7d10c79cb30e', 'tenant_name': 'tempest-InstanceUsageAuditLogTestJSON-595261078', 'user_domain_id': 'default', 'user_domain_name': 'Default', 'user_id': 'cb3cf32978f14621bce05848654f9faf', 'system': None}, Network: None, Subnet: None, Router: None
2025-12-15 11:00:36.408 66454 INFO tempest.lib.common.rest_client [req-300fee6b-617a-4816-b681-2fb4c4d366c0 req-300fee6b-617a-4816-b681-2fb4c4d366c0 ] Request (FloatingIPsTestJSON:setUpClass): 201 POST http://10.180.1.21/identity/v3/users 0.069s
2025-12-15 11:00:36.464 66486 INFO tempest.lib.common.rest_client [req-96fcc317-738a-457b-b667-bd18d185ed5e req-96fcc317-738a-457b-b667-bd18d185ed5e ] Request (DeleteServersAdminTestJSON:test_admin_delete_servers_of_others): 200 GET http://10.180.1.21/compute/v2.1/servers/9b5e88bd-58d2-4aaf-9d2a-17396ee56485 6.067s
2025-12-15 11:00:36.482 66512 INFO tempest.lib.common.rest_client [req-a71763d5-b0f9-46fb-b5bc-78c923d41f20 req-a71763d5-b0f9-46fb-b5bc-78c923d41f20 ] Request (TenantUsagesTestJSON:setUpClass): 200 GET http://10.180.1.21/compute/v2.1/servers/f569bc59-bf50-4ec0-8282-0e28bdb931b0 6.047s
2025-12-15 11:00:36.483 66476 INFO tempest.lib.common.rest_client [req-e4263ce7-9fe6-4863-8efb-0455573fd930 req-e4263ce7-9fe6-4863-8efb-0455573fd930 ] Request (ServersTestJSON:setUpClass): 204 PUT http://10.180.1.21/identity/v3/projects/e544020c49cd40a3b6630f52bf76de2b/users/d5d698e1c3474a33a284238819518ac3/roles/55cdd4d3c01741fc8fb93c67329a124a 0.134s
2025-12-15 11:00:36.483 66476 INFO tempest.lib.common.dynamic_creds [-] Dynamic test user d5d698e1c3474a33a284238819518ac3 is created with scope project and roles: ['member']
2025-12-15 11:00:36.483 66476 INFO tempest.lib.common.dynamic_creds [-] Acquired dynamic creds: credentials: Credentials: {'domain_id': 'default', 'domain_name': 'Default', 'username': 'tempest-ServersTestJSON-148896215-project-member', 'project_domain_id': 'default', 'project_domain_name': 'Default', 'project_id': 'e544020c49cd40a3b6630f52bf76de2b', 'project_name': 'tempest-ServersTestJSON-148896215', 'tenant_id': 'e544020c49cd40a3b6630f52bf76de2b', 'tenant_name': 'tempest-ServersTestJSON-148896215', 'user_domain_id': 'default', 'user_domain_name': 'Default', 'user_id': 'd5d698e1c3474a33a284238819518ac3', 'system': None}, Network: None, Subnet: None, Router: None
2025-12-15 11:00:36.491 66470 INFO tempest.lib.common.rest_client [req-a1c7049a-a071-4594-a718-e99d3c49785d req-a1c7049a-a071-4594-a718-e99d3c49785d ] Request (InstanceUsageAuditLogTestJSON:setUpClass): 201 POST http://10.180.1.21/identity/v3/auth/tokens 0.086s
2025-12-15 11:00:36.559 66454 INFO tempest.lib.common.rest_client [req-d209682b-7190-46f1-be9a-d789b45588c9 req-d209682b-7190-46f1-be9a-d789b45588c9 ] Request (FloatingIPsTestJSON:setUpClass): 200 GET http://10.180.1.21/identity/v3/roles 0.151s
2025-12-15 11:00:36.579 66496 INFO tempest.lib.common.rest_client [req-b5fcdf2e-2d0a-48e8-ae5f-e1d4f01148fa req-b5fcdf2e-2d0a-48e8-ae5f-e1d4f01148fa ] Request (ServerShowV257Test:test_rebuild_server): 200 GET http://10.180.1.21/compute/v2.1/servers/6fd31771-6d07-46f9-a0c4-ff5c33b7a5ec 4.914s
2025-12-15 11:00:36.592 66496 INFO tempest.common.waiters [-] State transition "BUILD/None" ==> "BUILD/spawning" after 6 second wait
2025-12-15 11:00:36.598 66476 INFO tempest.lib.common.rest_client [req-065828a3-1f77-4962-be79-4675e67dece9 req-065828a3-1f77-4962-be79-4675e67dece9 ] Request (ServersTestJSON:setUpClass): 201 POST http://10.180.1.21/identity/v3/auth/tokens 0.114s
2025-12-15 11:00:36.632 66470 INFO tempest.lib.common.rest_client [req-e9b9707b-305b-4c93-b0bf-1d87b6a5aac5 req-e9b9707b-305b-4c93-b0bf-1d87b6a5aac5 ] Request (InstanceUsageAuditLogTestJSON:setUpClass): 201 POST http://10.180.1.21/identity/v3/projects 0.140s
2025-12-15 11:00:36.686 66454 INFO tempest.lib.common.rest_client [req-240bd9bc-b74d-432c-97c5-746d8d439831 req-240bd9bc-b74d-432c-97c5-746d8d439831 ] Request (FloatingIPsTestJSON:setUpClass): 204 PUT http://10.180.1.21/identity/v3/projects/de36e25155164ebf93f5b17312f187f7/users/5878ce45ff67415abe4f7f58581ff7ff/roles/55cdd4d3c01741fc8fb93c67329a124a 0.126s
2025-12-15 11:00:36.687 66502 INFO tempest.lib.common.rest_client [req-c62f6447-9e47-41ee-90c6-e2226dd7d3a2 req-c62f6447-9e47-41ee-90c6-e2226dd7d3a2 ] Request (FlavorsV255TestJSON:_run_cleanups): 200 GET http://10.180.1.21/compute/v2.1/flavors/detail 3.617s
2025-12-15 11:00:36.687 66454 INFO tempest.lib.common.dynamic_creds [-] Dynamic test user 5878ce45ff67415abe4f7f58581ff7ff is created with scope project and roles: ['member']
2025-12-15 11:00:36.687 66454 INFO tempest.lib.common.dynamic_creds [-] Acquired dynamic creds: credentials: Credentials: {'domain_id': 'default', 'domain_name': 'Default', 'username': 'tempest-FloatingIPsTestJSON-914054429-project-member', 'project_domain_id': 'default', 'project_domain_name': 'Default', 'project_id': 'de36e25155164ebf93f5b17312f187f7', 'project_name': 'tempest-FloatingIPsTestJSON-914054429', 'tenant_id': 'de36e25155164ebf93f5b17312f187f7', 'tenant_name': 'tempest-FloatingIPsTestJSON-914054429', 'user_domain_id': 'default', 'user_domain_name': 'Default', 'user_id': '5878ce45ff67415abe4f7f58581ff7ff', 'system': None}, Network: None, Subnet: None, Router: None
2025-12-15 11:00:36.702 66490 INFO tempest.lib.common.rest_client [req-10c4431e-c76b-4bf7-b074-1b6526b6e2c3 req-10c4431e-c76b-4bf7-b074-1b6526b6e2c3 ] Request (ServersWithSpecificFlavorTestJSON:test_verify_created_server_ephemeral_disk): 200 GET http://10.180.1.21/compute/v2.1/flavors/42/os-extra_specs 3.595s
2025-12-15 11:00:36.723 66462 INFO tempest.lib.common.rest_client [req-00487834-fa7c-4d59-b5a7-aeda3732fd28 req-00487834-fa7c-4d59-b5a7-aeda3732fd28 ] Request (KeyPairsV210TestJSON:_run_cleanups): 204 DELETE http://10.180.1.21/compute/v2.1/os-keypairs/tempest-keypair-961388354?user_id=e242f814c39f4fcfbfbf19749712451a 3.572s
2025-12-15 11:00:36.740 66488 INFO tempest.lib.common.rest_client [req-b5ba6741-949d-46aa-ad93-91d75b461b94 req-b5ba6741-949d-46aa-ad93-91d75b461b94 ] Request (FlavorsV2TestJSON:test_list_flavors_detailed_using_marker): 200 GET http://10.180.1.21/compute/v2.1/flavors/42 3.564s
2025-12-15 11:00:36.774 66484 INFO tempest.lib.common.rest_client [req-6f89da15-4e47-4b04-a41b-7a359bd13431 req-6f89da15-4e47-4b04-a41b-7a359bd13431 ] Request (ServicesAdminNegativeV253TestJSON:test_get_service_with_valid_service_and_invalid_host): 200 GET http://10.180.1.21/compute/v2.1/os-services 3.571s
2025-12-15 11:00:36.816 66472 INFO tempest.lib.common.rest_client [req-7234e9ae-c971-4c0e-a7a1-072c21d80735 req-7234e9ae-c971-4c0e-a7a1-072c21d80735 ] Request (HypervisorAdminNegativeTestJSON:test_show_hypervisor_with_non_admin_user): 200 GET http://10.180.1.21/compute/v2.1/os-hypervisors 3.587s
2025-12-15 11:00:36.823 66470 INFO tempest.lib.common.rest_client [req-9e430f7c-d12e-4ffa-93a4-f9fd3ae5f1c5 req-9e430f7c-d12e-4ffa-93a4-f9fd3ae5f1c5 ] Request (InstanceUsageAuditLogTestJSON:setUpClass): 201 POST http://10.180.1.21/identity/v3/users 0.191s
2025-12-15 11:00:36.865 66454 INFO tempest.lib.common.rest_client [req-784c36fa-bf12-438f-b5b1-da238cbfd735 req-784c36fa-bf12-438f-b5b1-da238cbfd735 ] Request (FloatingIPsTestJSON:setUpClass): 201 POST http://10.180.1.21/identity/v3/auth/tokens 0.177s
2025-12-15 11:00:36.957 66502 INFO tempest.lib.common.rest_client [req-59f84eef-0a69-4fc4-932a-eaffb742c7f2 req-59f84eef-0a69-4fc4-932a-eaffb742c7f2 ] Request (FlavorsV255TestJSON:tearDownClass): 204 DELETE http://10.180.1.21/identity/v3/users/45bde994336a4dbe91548c15134e77bd 0.254s
2025-12-15 11:00:36.994 66462 INFO tempest.lib.common.rest_client [req-49e0cdc6-3931-40a2-8c4c-d7358d969c35 req-49e0cdc6-3931-40a2-8c4c-d7358d969c35 ] Request (KeyPairsV210TestJSON:tearDownClass): 204 DELETE http://10.180.1.21/identity/v3/users/e242f814c39f4fcfbfbf19749712451a 0.265s
2025-12-15 11:00:37.121 66476 INFO tempest.lib.common.rest_client [req-83ff8cbf-903c-4559-8433-569e478cd328 req-83ff8cbf-903c-4559-8433-569e478cd328 ] Request (ServersTestJSON:setUpClass): 201 POST http://10.180.1.21/networking/v2.0/networks 0.522s
2025-12-15 11:00:37.134 66502 INFO tempest.lib.common.rest_client [req-cdb6b30c-fc3c-4587-9cee-e87e21627ccc req-cdb6b30c-fc3c-4587-9cee-e87e21627ccc ] Request (FlavorsV255TestJSON:tearDownClass): 204 DELETE http://10.180.1.21/identity/v3/users/507e8bf5ad8d4e80a7c3c0a2289ec319 0.176s
2025-12-15 11:00:37.134 66502 INFO tempest.lib.common.dynamic_creds [-] Deleting project and security group for project: 296475eb3b17495b9d23a4c94718bbab
2025-12-15 11:00:37.141 66470 INFO tempest.lib.common.rest_client [req-58c04822-1870-477e-86ee-be6891c88104 req-58c04822-1870-477e-86ee-be6891c88104 ] Request (InstanceUsageAuditLogTestJSON:setUpClass): 200 GET http://10.180.1.21/identity/v3/roles 0.317s
2025-12-15 11:00:37.239 66509 INFO tempest.lib.common.rest_client [req-0fb53b98-fbdf-4591-b8f6-a0debafd0ead req-0fb53b98-fbdf-4591-b8f6-a0debafd0ead ] Request (FloatingIPDetailsTestJSON:setUpClass): 201 POST http://10.180.1.21/networking/v2.0/routers 0.911s
2025-12-15 11:00:37.242 66462 INFO tempest.lib.common.rest_client [req-d4df598a-2c5a-4298-b3d5-a21a41b6b771 req-d4df598a-2c5a-4298-b3d5-a21a41b6b771 ] Request (KeyPairsV210TestJSON:tearDownClass): 204 DELETE http://10.180.1.21/identity/v3/users/6593adf1813c430ea882271b0262a41e 0.247s
2025-12-15 11:00:37.242 66462 INFO tempest.lib.common.dynamic_creds [-] Deleting project and security group for project: bcaee9b1329743e898289d731ffe7b73
2025-12-15 11:00:37.306 66460 INFO tempest.lib.common.rest_client [req-80e3fd4b-5111-4a12-9817-10f4cd3c8165 req-80e3fd4b-5111-4a12-9817-10f4cd3c8165 ] Request (QuotasAdminTestJSON:test_delete_quota): 200 GET http://10.180.1.21/compute/v2.1/os-quota-sets/416942f3a9814fe48b84ee3e668791fd 4.061s
2025-12-15 11:00:37.309 66502 INFO tempest.lib.common.rest_client [req-ef84f208-77f4-4b56-a28c-3fc4e0400a7b req-ef84f208-77f4-4b56-a28c-3fc4e0400a7b ] Request (FlavorsV255TestJSON:tearDownClass): 201 POST http://10.180.1.21/identity/v3/auth/tokens 0.175s
2025-12-15 11:00:37.338 66466 INFO tempest.lib.common.rest_client [req-73183724-2672-4619-9437-6729e9ef0988 req-73183724-2672-4619-9437-6729e9ef0988 ] Request (FlavorsAccessTestJSON:_run_cleanups): 202 DELETE http://10.180.1.21/compute/v2.1/flavors/160031519 4.072s
2025-12-15 11:00:37.386 66470 INFO tempest.lib.common.rest_client [req-17dc5755-16f7-4125-ae34-56b2db1617aa req-17dc5755-16f7-4125-ae34-56b2db1617aa ] Request (InstanceUsageAuditLogTestJSON:setUpClass): 204 PUT http://10.180.1.21/identity/v3/projects/ba1dd0399f0946839b4df5152b86f69c/users/75fe36d4ba8242c5b775db882d3df2df/roles/da93e41123bb46389c05e40f996005d7 0.244s
2025-12-15 11:00:37.450 66462 INFO tempest.lib.common.rest_client [req-088e9f26-dc89-4ce7-a984-1fff1d6d36ad req-088e9f26-dc89-4ce7-a984-1fff1d6d36ad ] Request (KeyPairsV210TestJSON:tearDownClass): 201 POST http://10.180.1.21/identity/v3/auth/tokens 0.207s
2025-12-15 11:00:37.468 66470 INFO tempest.lib.common.rest_client [req-042e29ea-dba0-467a-a623-fdbcd30dc03e req-042e29ea-dba0-467a-a623-fdbcd30dc03e ] Request (InstanceUsageAuditLogTestJSON:setUpClass): 200 GET http://10.180.1.21/identity/v3/roles 0.081s
2025-12-15 11:00:37.489 66470 INFO tempest.lib.common.rest_client [req-cbb09c4e-5d74-494f-a04e-85c8d917da21 req-cbb09c4e-5d74-494f-a04e-85c8d917da21 ] Request (InstanceUsageAuditLogTestJSON:setUpClass): 204 PUT http://10.180.1.21/identity/v3/projects/ba1dd0399f0946839b4df5152b86f69c/users/75fe36d4ba8242c5b775db882d3df2df/roles/da93e41123bb46389c05e40f996005d7 0.020s
2025-12-15 11:00:37.489 66470 INFO tempest.lib.common.dynamic_creds [-] Dynamic test user 75fe36d4ba8242c5b775db882d3df2df is created with scope project and roles: ['admin']
2025-12-15 11:00:37.489 66470 INFO tempest.lib.common.dynamic_creds [-] Acquired dynamic creds: credentials: Credentials: {'domain_id': 'default', 'domain_name': 'Default', 'username': 'tempest-InstanceUsageAuditLogTestJSON-169246881-project-admin', 'project_domain_id': 'default', 'project_domain_name': 'Default', 'project_id': 'ba1dd0399f0946839b4df5152b86f69c', 'project_name': 'tempest-InstanceUsageAuditLogTestJSON-169246881', 'tenant_id': 'ba1dd0399f0946839b4df5152b86f69c', 'tenant_name': 'tempest-InstanceUsageAuditLogTestJSON-169246881', 'user_domain_id': 'default', 'user_domain_name': 'Default', 'user_id': '75fe36d4ba8242c5b775db882d3df2df', 'system': None}, Network: None, Subnet: None, Router: None
2025-12-15 11:00:37.489 66470 INFO tempest.lib.common.dynamic_creds [-] Created isolated network resources for: credentials: Credentials: {'domain_id': 'default', 'domain_name': 'Default', 'username': 'tempest-InstanceUsageAuditLogTestJSON-169246881-project-admin', 'project_domain_id': 'default', 'project_domain_name': 'Default', 'project_id': 'ba1dd0399f0946839b4df5152b86f69c', 'project_name': 'tempest-InstanceUsageAuditLogTestJSON-169246881', 'tenant_id': 'ba1dd0399f0946839b4df5152b86f69c', 'tenant_name': 'tempest-InstanceUsageAuditLogTestJSON-169246881', 'user_domain_id': 'default', 'user_domain_name': 'Default', 'user_id': '75fe36d4ba8242c5b775db882d3df2df', 'system': None}, Network: None, Subnet: None, Router: None
2025-12-15 11:00:37.499 66476 INFO tempest.lib.common.rest_client [req-2e3ad1ce-d4b0-4198-a671-bb4f71287467 req-2e3ad1ce-d4b0-4198-a671-bb4f71287467 ] Request (ServersTestJSON:setUpClass): 201 POST http://10.180.1.21/networking/v2.0/subnets 0.377s
2025-12-15 11:00:37.550 66460 INFO tempest.lib.common.rest_client [req-30a0e014-de94-45ce-93d1-01fd910ce838 req-30a0e014-de94-45ce-93d1-01fd910ce838 ] Request (QuotasAdminTestJSON:_run_cleanups): 204 DELETE http://10.180.1.21/identity/v3/projects/416942f3a9814fe48b84ee3e668791fd 0.239s
2025-12-15 11:00:37.598 66470 INFO tempest.lib.common.rest_client [req-40914656-da77-4558-a2a8-a9f5e3717729 req-40914656-da77-4558-a2a8-a9f5e3717729 ] Request (InstanceUsageAuditLogTestJSON:setUpClass): 201 POST http://10.180.1.21/identity/v3/auth/tokens 0.106s
2025-12-15 11:00:37.660 66454 INFO tempest.lib.common.rest_client [req-52a4b466-2293-4656-a8f8-7a244ddf60c8 req-52a4b466-2293-4656-a8f8-7a244ddf60c8 ] Request (FloatingIPsTestJSON:setUpClass): 201 POST http://10.180.1.21/networking/v2.0/networks 0.795s
2025-12-15 11:00:37.878 66502 INFO tempest.lib.common.rest_client [req-648b17e2-9de0-4dc3-a207-a8a013b78bf8 req-648b17e2-9de0-4dc3-a207-a8a013b78bf8 ] Request (FlavorsV255TestJSON:tearDownClass): 200 GET http://10.180.1.21/networking/v2.0/security-groups?tenant_id=296475eb3b17495b9d23a4c94718bbab&name=default 0.568s
2025-12-15 11:00:37.907 66464 INFO tempest.lib.common.rest_client [req-1efa2c8f-3555-48c7-a101-91928c004a9b req-1efa2c8f-3555-48c7-a101-91928c004a9b ] Request (VolumesAssistedSnapshotsTest:test_volume_assisted_snapshot_create_delete): 200 GET http://10.180.1.21/compute/v2.1/servers/7c7e763a-0dc9-47e8-9016-6c3c2f108b15 3.986s
2025-12-15 11:00:37.924 66506 INFO tempest.lib.common.rest_client [req-ecba3266-a3a2-4ecc-a99c-4b02131aa233 req-ecba3266-a3a2-4ecc-a99c-4b02131aa233 ] Request (FlavorsExtraSpecsNegativeTestJSON:test_flavor_unset_nonexistent_key): 404 DELETE http://10.180.1.21/compute/v2.1/flavors/1674684324/os-extra_specs/hw:cpu_thread_policy 3.987s
2025-12-15 11:00:37.955 66492 INFO tempest.lib.common.rest_client [req-b2a068d7-d190-4aef-b619-be3b9c52bd16 req-b2a068d7-d190-4aef-b619-be3b9c52bd16 ] Request (FlavorsExtraSpecsTestJSON:test_flavor_set_get_update_show_unset_keys): 200 PUT http://10.180.1.21/compute/v2.1/flavors/981859687/os-extra_specs/hw:numa_nodes 3.995s
2025-12-15 11:00:37.973 66495 INFO tempest.lib.common.rest_client [req-d534aaa2-c145-46ed-a849-c042292aa954 req-d534aaa2-c145-46ed-a849-c042292aa954 ] Request (FlavorsAccessNegativeTestJSON:test_flavor_access_list_with_public_flavor): 200 POST http://10.180.1.21/compute/v2.1/flavors 4.008s
2025-12-15 11:00:38.064 66462 INFO tempest.lib.common.rest_client [req-de343d27-56b2-433d-b707-e50392aa07e6 req-de343d27-56b2-433d-b707-e50392aa07e6 ] Request (KeyPairsV210TestJSON:tearDownClass): 200 GET http://10.180.1.21/networking/v2.0/security-groups?tenant_id=bcaee9b1329743e898289d731ffe7b73&name=default 0.614s
2025-12-15 11:00:38.507 66509 INFO tempest.lib.common.rest_client [req-6fc12ec8-cc90-4a3d-bc86-2db3fd9679c5 req-6fc12ec8-cc90-4a3d-bc86-2db3fd9679c5 ] Request (FloatingIPDetailsTestJSON:setUpClass): 200 PUT http://10.180.1.21/networking/v2.0/routers/b3184acf-4d3b-406e-be93-e20cfd4c200f/add_router_interface 1.267s
2025-12-15 11:00:38.507 66509 INFO tempest.lib.common.dynamic_creds [-] Created isolated network resources for: credentials: Credentials: {'domain_id': 'default', 'domain_name': 'Default', 'username': 'tempest-FloatingIPDetailsTestJSON-606700983-project-member', 'project_domain_id': 'default', 'project_domain_name': 'Default', 'project_id': 'fafdb29a2fc942ad9ccd51f5a5372ac7', 'project_name': 'tempest-FloatingIPDetailsTestJSON-606700983', 'tenant_id': 'fafdb29a2fc942ad9ccd51f5a5372ac7', 'tenant_name': 'tempest-FloatingIPDetailsTestJSON-606700983', 'user_domain_id': 'default', 'user_domain_name': 'Default', 'user_id': 'd45f1e24c7c74f4dbf8d23de0635d1c5', 'system': None}, Network: {'id': '54ab521e-83c2-4b07-af52-0e61bb444ad0', 'name': 'tempest-FloatingIPDetailsTestJSON-950538789-network', 'tenant_id': 'fafdb29a2fc942ad9ccd51f5a5372ac7', 'project_id': 'fafdb29a2fc942ad9ccd51f5a5372ac7', 'admin_state_up': True, 'mtu': 8950, 'status': 'ACTIVE', 'subnets': [], 'shared': False, 'port_security_enabled': True, 'router:external': False, 'provider:network_type': 'vlan', 'provider:physical_network': 'default', 'provider:segmentation_id': 557, 'availability_zone_hints': [], 'availability_zones': [], 'ipv4_address_scope': None, 'ipv6_address_scope': None, 'description': '', 'tags': [], 'created_at': '2025-12-15T11:00:35Z', 'updated_at': '2025-12-15T11:00:36Z', 'revision_number': 1}, Subnet: {'id': 'ce751b8f-bae9-4a19-8a67-c68fe1f9abef', 'name': 'tempest-FloatingIPDetailsTestJSON-950538789-subnet', 'tenant_id': 'fafdb29a2fc942ad9ccd51f5a5372ac7', 'network_id': '54ab521e-83c2-4b07-af52-0e61bb444ad0', 'ip_version': 4, 'subnetpool_id': None, 'enable_dhcp': True, 'ipv6_ra_mode': None, 'ipv6_address_mode': None, 'gateway_ip': '192.168.128.1', 'cidr': '192.168.128.0/28', 'allocation_pools': [{'start': '192.168.128.2', 'end': '192.168.128.14'}], 'host_routes': [], 'dns_nameservers': [], 'description': '', 'router:external': False, 'service_types': [], 'tags': [], 'created_at': '2025-12-15T11:00:36Z', 'updated_at': '2025-12-15T11:00:36Z', 'revision_number': 0, 'project_id': 'fafdb29a2fc942ad9ccd51f5a5372ac7'}, Router: {'id': 'b3184acf-4d3b-406e-be93-e20cfd4c200f', 'name': 'tempest-FloatingIPDetailsTestJSON-950538789-router', 'tenant_id': 'fafdb29a2fc942ad9ccd51f5a5372ac7', 'admin_state_up': True, 'status': 'ACTIVE', 'external_gateway_info': {'network_id': '8b463d50-dd50-4be6-8765-140bb5a8ba72', 'external_fixed_ips': [{'subnet_id': '99d0e800-0ff3-42bb-aaa3-a359a0a3daff', 'ip_address': '10.180.180.214'}], 'enable_snat': True}, 'description': '', 'availability_zones': [], 'distributed': False, 'ha': False, 'availability_zone_hints': [], 'routes': [], 'flavor_id': None, 'tags': [], 'created_at': '2025-12-15T11:00:36Z', 'updated_at': '2025-12-15T11:00:36Z', 'revision_number': 2, 'project_id': 'fafdb29a2fc942ad9ccd51f5a5372ac7'}
2025-12-15 11:00:38.598 66509 INFO tempest.lib.common.rest_client [req-2a066485-a5c9-4290-ab93-bf866d1f87ab req-2a066485-a5c9-4290-ab93-bf866d1f87ab ] Request (FloatingIPDetailsTestJSON:setUpClass): 201 POST http://10.180.1.21/identity/v3/auth/tokens 0.087s
2025-12-15 11:00:38.692 66454 INFO tempest.lib.common.rest_client [req-277881b4-9539-479b-9e1f-40cd355f0a42 req-277881b4-9539-479b-9e1f-40cd355f0a42 ] Request (FloatingIPsTestJSON:setUpClass): 201 POST http://10.180.1.21/networking/v2.0/subnets 1.031s
2025-12-15 11:00:38.785 66476 INFO tempest.lib.common.rest_client [req-0f574e37-1cde-491d-a413-d77b03964bfb req-0f574e37-1cde-491d-a413-d77b03964bfb ] Request (ServersTestJSON:setUpClass): 201 POST http://10.180.1.21/networking/v2.0/routers 1.285s
2025-12-15 11:00:38.861 66502 INFO tempest.lib.common.rest_client [req-9b62874a-7035-46b2-bb67-a7f95784d6d8 req-9b62874a-7035-46b2-bb67-a7f95784d6d8 ] Request (FlavorsV255TestJSON:tearDownClass): 204 DELETE http://10.180.1.21/networking/v2.0/security-groups/73e853ae-f50e-41ce-91a8-4d7b80878c60 0.983s
2025-12-15 11:00:38.867 66462 INFO tempest.lib.common.rest_client [req-d2986fe7-3bc3-43d1-8915-b0fdcfd4b854 req-d2986fe7-3bc3-43d1-8915-b0fdcfd4b854 ] Request (KeyPairsV210TestJSON:tearDownClass): 204 DELETE http://10.180.1.21/networking/v2.0/security-groups/2f76baaf-3940-499b-bdc9-bae53adadd73 0.802s
2025-12-15 11:00:38.965 66462 INFO tempest.lib.common.rest_client [req-867cd18a-b876-4d60-88ae-ffdc52342444 req-867cd18a-b876-4d60-88ae-ffdc52342444 ] Request (KeyPairsV210TestJSON:tearDownClass): 204 DELETE http://10.180.1.21/identity/v3/projects/bcaee9b1329743e898289d731ffe7b73 0.097s
2025-12-15 11:00:38.965 66462 INFO tempest.lib.common.dynamic_creds [-] Deleting project and security group for project: 869657e5aa964037b100b409b404ff91
2025-12-15 11:00:38.971 66482 INFO tempest.lib.common.rest_client [req-f29ae171-222b-47a0-8bc2-624607b29c1f req-f29ae171-222b-47a0-8bc2-624607b29c1f ] Request (SecurityGroupsTestJSON:test_list_security_groups_by_server): 200 POST http://10.180.1.21/compute/v2.1/os-security-groups 5.000s
2025-12-15 11:00:38.978 66502 INFO tempest.lib.common.rest_client [req-ab840bcf-8cbf-463e-9d6e-5adaf861268b req-ab840bcf-8cbf-463e-9d6e-5adaf861268b ] Request (FlavorsV255TestJSON:tearDownClass): 204 DELETE http://10.180.1.21/identity/v3/projects/296475eb3b17495b9d23a4c94718bbab 0.116s
2025-12-15 11:00:38.978 66502 INFO tempest.lib.common.dynamic_creds [-] Deleting project and security group for project: 74c34315e9034d08b5f4f2be5fea6fbd
2025-12-15 11:00:38.998 66500 INFO tempest.lib.common.rest_client [req-dab8ef41-9d03-4e59-895c-533821fd97bf req-dab8ef41-9d03-4e59-895c-533821fd97bf ] Request (FlavorsAdminTestJSON:test_create_flavor_with_int_id): 200 POST http://10.180.1.21/compute/v2.1/flavors 5.001s
2025-12-15 11:00:39.181 66452 INFO tempest.lib.common.rest_client [req-391e9917-b298-4b12-bb8c-b757300c0e34 req-391e9917-b298-4b12-bb8c-b757300c0e34 ] Request (AggregatesAdminNegativeTestJSON:test_aggregate_add_host_as_user): 403 POST http://10.180.1.21/compute/v2.1/os-aggregates/2/action 5.182s
2025-12-15 11:00:39.694 66454 INFO tempest.lib.common.rest_client [req-ef12b8ab-8e53-4b45-8775-323f8d9b716f req-ef12b8ab-8e53-4b45-8775-323f8d9b716f ] Request (FloatingIPsTestJSON:setUpClass): 201 POST http://10.180.1.21/networking/v2.0/routers 1.001s
2025-12-15 11:00:39.899 66462 INFO tempest.lib.common.rest_client [req-38e1919d-ced4-46b7-9047-b938c6ae2cda req-38e1919d-ced4-46b7-9047-b938c6ae2cda ] Request (KeyPairsV210TestJSON:tearDownClass): 200 GET http://10.180.1.21/networking/v2.0/security-groups?tenant_id=869657e5aa964037b100b409b404ff91&name=default 0.933s
2025-12-15 11:00:39.918 66476 INFO tempest.lib.common.rest_client [req-e95ea457-99b9-4712-b0a9-4b421015e6cb req-e95ea457-99b9-4712-b0a9-4b421015e6cb ] Request (ServersTestJSON:setUpClass): 200 PUT http://10.180.1.21/networking/v2.0/routers/78f2e925-1080-4411-bf7f-1fecbf1f5693/add_router_interface 1.133s
2025-12-15 11:00:39.918 66476 INFO tempest.lib.common.dynamic_creds [-] Created isolated network resources for: credentials: Credentials: {'domain_id': 'default', 'domain_name': 'Default', 'username': 'tempest-ServersTestJSON-148896215-project-member', 'project_domain_id': 'default', 'project_domain_name': 'Default', 'project_id': 'e544020c49cd40a3b6630f52bf76de2b', 'project_name': 'tempest-ServersTestJSON-148896215', 'tenant_id': 'e544020c49cd40a3b6630f52bf76de2b', 'tenant_name': 'tempest-ServersTestJSON-148896215', 'user_domain_id': 'default', 'user_domain_name': 'Default', 'user_id': 'd5d698e1c3474a33a284238819518ac3', 'system': None}, Network: {'id': 'e2958461-f016-44f9-9709-c2cecf2689ad', 'name': 'tempest-ServersTestJSON-394736926-network', 'tenant_id': 'e544020c49cd40a3b6630f52bf76de2b', 'project_id': 'e544020c49cd40a3b6630f52bf76de2b', 'admin_state_up': True, 'mtu': 8950, 'status': 'ACTIVE', 'subnets': [], 'shared': False, 'port_security_enabled': True, 'router:external': False, 'provider:network_type': 'vlan', 'provider:physical_network': 'default', 'provider:segmentation_id': 299, 'availability_zone_hints': [], 'availability_zones': [], 'ipv4_address_scope': None, 'ipv6_address_scope': None, 'description': '', 'tags': [], 'created_at': '2025-12-15T11:00:36Z', 'updated_at': '2025-12-15T11:00:37Z', 'revision_number': 1}, Subnet: {'id': '0795f86c-6577-40e1-a9bd-404bf433cbee', 'name': 'tempest-ServersTestJSON-394736926-subnet', 'tenant_id': 'e544020c49cd40a3b6630f52bf76de2b', 'network_id': 'e2958461-f016-44f9-9709-c2cecf2689ad', 'ip_version': 4, 'subnetpool_id': None, 'enable_dhcp': True, 'ipv6_ra_mode': None, 'ipv6_address_mode': None, 'gateway_ip': '192.168.128.1', 'cidr': '192.168.128.0/28', 'allocation_pools': [{'start': '192.168.128.2', 'end': '192.168.128.14'}], 'host_routes': [], 'dns_nameservers': [], 'description': '', 'router:external': False, 'service_types': [], 'tags': [], 'created_at': '2025-12-15T11:00:37Z', 'updated_at': '2025-12-15T11:00:37Z', 'revision_number': 0, 'project_id': 'e544020c49cd40a3b6630f52bf76de2b'}, Router: {'id': '78f2e925-1080-4411-bf7f-1fecbf1f5693', 'name': 'tempest-ServersTestJSON-394736926-router', 'tenant_id': 'e544020c49cd40a3b6630f52bf76de2b', 'admin_state_up': True, 'status': 'ACTIVE', 'external_gateway_info': {'network_id': '8b463d50-dd50-4be6-8765-140bb5a8ba72', 'external_fixed_ips': [{'subnet_id': '99d0e800-0ff3-42bb-aaa3-a359a0a3daff', 'ip_address': '10.180.180.230'}], 'enable_snat': True}, 'description': '', 'availability_zones': [], 'distributed': False, 'ha': False, 'availability_zone_hints': [], 'routes': [], 'flavor_id': None, 'tags': [], 'created_at': '2025-12-15T11:00:38Z', 'updated_at': '2025-12-15T11:00:38Z', 'revision_number': 2, 'project_id': 'e544020c49cd40a3b6630f52bf76de2b'}
2025-12-15 11:00:40.052 66476 INFO tempest.lib.common.rest_client [req-0df46b61-ec58-4b69-83eb-4cfe221d92ec req-0df46b61-ec58-4b69-83eb-4cfe221d92ec ] Request (ServersTestJSON:setUpClass): 201 POST http://10.180.1.21/identity/v3/auth/tokens 0.126s
2025-12-15 11:00:40.090 66511 INFO tempest.lib.common.rest_client [req-bbf0e694-6f63-4eb9-af34-1736b3c64343 req-bbf0e694-6f63-4eb9-af34-1736b3c64343 ] Request (AttachInterfacesV270Test:test_create_get_list_interfaces): 202 POST http://10.180.1.21/compute/v2.1/servers 7.141s
2025-12-15 11:00:40.107 66474 INFO tempest.lib.common.rest_client [req-0d61083b-4ad0-4fa6-9538-90632c158d5d req-0d61083b-4ad0-4fa6-9538-90632c158d5d ] Request (KeyPairsV2TestJSON:test_get_keypair_detail): 200 GET http://10.180.1.21/compute/v2.1/os-keypairs/tempest-keypair-1815444240 5.879s
2025-12-15 11:00:40.110 66502 INFO tempest.lib.common.rest_client [req-8a31c65e-d854-49f3-8162-9ec1dee0c474 req-8a31c65e-d854-49f3-8162-9ec1dee0c474 ] Request (FlavorsV255TestJSON:tearDownClass): 200 GET http://10.180.1.21/networking/v2.0/security-groups?tenant_id=74c34315e9034d08b5f4f2be5fea6fbd&name=default 1.132s
2025-12-15 11:00:40.731 66462 INFO tempest.lib.common.rest_client [req-6ab23151-33cd-4559-8ae7-b758ba483f1e req-6ab23151-33cd-4559-8ae7-b758ba483f1e ] Request (KeyPairsV210TestJSON:tearDownClass): 204 DELETE http://10.180.1.21/networking/v2.0/security-groups/d4f2aa02-6d09-4c87-a810-6faabe2f45cb 0.830s
2025-12-15 11:00:40.856 66462 INFO tempest.lib.common.rest_client [req-370a5c15-ebb0-4ac2-a879-70396a0fe375 req-370a5c15-ebb0-4ac2-a879-70396a0fe375 ] Request (KeyPairsV210TestJSON:tearDownClass): 204 DELETE http://10.180.1.21/identity/v3/projects/869657e5aa964037b100b409b404ff91 0.125s
2025-12-15 11:00:40.857 66462 INFO tempest.test [-] raised in LiveMigrationRemoteConsolesV26Test.setUpClass. Invoking tearDownClass.
2025-12-15 11:00:40.878 66502 INFO tempest.lib.common.rest_client [req-9703cdf5-24d3-4445-829f-1a5998c80c8c req-9703cdf5-24d3-4445-829f-1a5998c80c8c ] Request (FlavorsV255TestJSON:tearDownClass): 204 DELETE http://10.180.1.21/networking/v2.0/security-groups/5b958131-a67b-4946-b41f-b6e0fa2323bd 0.767s
2025-12-15 11:00:40.947 66462 INFO tempest.lib.common.rest_client [req-be816c48-72ff-4dae-b625-48417ddce49d req-be816c48-72ff-4dae-b625-48417ddce49d ] Request (ServersAdminTestJSON:setUpClass): 201 POST http://10.180.1.21/identity/v3/auth/tokens 0.087s
2025-12-15 11:00:40.972 66502 INFO tempest.lib.common.rest_client [req-6060b127-7925-456a-a019-922020e8cee8 req-6060b127-7925-456a-a019-922020e8cee8 ] Request (FlavorsV255TestJSON:tearDownClass): 204 DELETE http://10.180.1.21/identity/v3/projects/74c34315e9034d08b5f4f2be5fea6fbd 0.094s
2025-12-15 11:00:41.024 66462 INFO tempest.lib.common.rest_client [req-9ee3583b-2745-4d7d-90b3-678945b5a14a req-9ee3583b-2745-4d7d-90b3-678945b5a14a ] Request (ServersAdminTestJSON:setUpClass): 201 POST http://10.180.1.21/identity/v3/auth/tokens 0.072s
2025-12-15 11:00:41.025 66454 INFO tempest.lib.common.rest_client [req-646473e4-ca1b-44ac-8630-c7e6abb7edaa req-646473e4-ca1b-44ac-8630-c7e6abb7edaa ] Request (FloatingIPsTestJSON:setUpClass): 200 PUT http://10.180.1.21/networking/v2.0/routers/5e178992-89ab-46f9-b443-a9a21a1025db/add_router_interface 1.330s
2025-12-15 11:00:41.025 66454 INFO tempest.lib.common.dynamic_creds [-] Created isolated network resources for: credentials: Credentials: {'domain_id': 'default', 'domain_name': 'Default', 'username': 'tempest-FloatingIPsTestJSON-914054429-project-member', 'project_domain_id': 'default', 'project_domain_name': 'Default', 'project_id': 'de36e25155164ebf93f5b17312f187f7', 'project_name': 'tempest-FloatingIPsTestJSON-914054429', 'tenant_id': 'de36e25155164ebf93f5b17312f187f7', 'tenant_name': 'tempest-FloatingIPsTestJSON-914054429', 'user_domain_id': 'default', 'user_domain_name': 'Default', 'user_id': '5878ce45ff67415abe4f7f58581ff7ff', 'system': None}, Network: {'id': '88794041-93f5-4c05-bc5f-b6441eb5c85e', 'name': 'tempest-FloatingIPsTestJSON-1883433421-network', 'tenant_id': 'de36e25155164ebf93f5b17312f187f7', 'project_id': 'de36e25155164ebf93f5b17312f187f7', 'admin_state_up': True, 'mtu': 8950, 'status': 'ACTIVE', 'subnets': [], 'shared': False, 'port_security_enabled': True, 'router:external': False, 'provider:network_type': 'vlan', 'provider:physical_network': 'default', 'provider:segmentation_id': 203, 'availability_zone_hints': [], 'availability_zones': [], 'ipv4_address_scope': None, 'ipv6_address_scope': None, 'description': '', 'tags': [], 'created_at': '2025-12-15T11:00:37Z', 'updated_at': '2025-12-15T11:00:37Z', 'revision_number': 1}, Subnet: {'id': 'd20efa84-0d9b-49e6-8629-e5bf84f0dba1', 'name': 'tempest-FloatingIPsTestJSON-1883433421-subnet', 'tenant_id': 'de36e25155164ebf93f5b17312f187f7', 'network_id': '88794041-93f5-4c05-bc5f-b6441eb5c85e', 'ip_version': 4, 'subnetpool_id': None, 'enable_dhcp': True, 'ipv6_ra_mode': None, 'ipv6_address_mode': None, 'gateway_ip': '192.168.128.1', 'cidr': '192.168.128.0/28', 'allocation_pools': [{'start': '192.168.128.2', 'end': '192.168.128.14'}], 'host_routes': [], 'dns_nameservers': [], 'description': '', 'router:external': False, 'service_types': [], 'tags': [], 'created_at': '2025-12-15T11:00:38Z', 'updated_at': '2025-12-15T11:00:38Z', 'revision_number': 0, 'project_id': 'de36e25155164ebf93f5b17312f187f7'}, Router: {'id': '5e178992-89ab-46f9-b443-a9a21a1025db', 'name': 'tempest-FloatingIPsTestJSON-1883433421-router', 'tenant_id': 'de36e25155164ebf93f5b17312f187f7', 'admin_state_up': True, 'status': 'ACTIVE', 'external_gateway_info': {'network_id': '8b463d50-dd50-4be6-8765-140bb5a8ba72', 'external_fixed_ips': [{'subnet_id': '99d0e800-0ff3-42bb-aaa3-a359a0a3daff', 'ip_address': '10.180.180.147'}], 'enable_snat': True}, 'description': '', 'availability_zones': [], 'distributed': False, 'ha': False, 'availability_zone_hints': [], 'routes': [], 'flavor_id': None, 'tags': [], 'created_at': '2025-12-15T11:00:38Z', 'updated_at': '2025-12-15T11:00:39Z', 'revision_number': 2, 'project_id': 'de36e25155164ebf93f5b17312f187f7'}
2025-12-15 11:00:41.031 66502 INFO tempest.lib.common.rest_client [req-a74bd154-b9dd-4429-9338-e5316f7c40d0 req-a74bd154-b9dd-4429-9338-e5316f7c40d0 ] Request (AbsoluteLimitsNegativeTestJSON:setUpClass): 201 POST http://10.180.1.21/identity/v3/auth/tokens 0.057s
2025-12-15 11:00:41.053 66462 INFO tempest.lib.common.rest_client [req-188785d5-8429-4dc2-b536-f8878bc7d089 req-188785d5-8429-4dc2-b536-f8878bc7d089 ] Request (ServersAdminTestJSON:setUpClass): 200 GET http://10.180.1.21/identity/v3/domains?name=Default 0.028s
2025-12-15 11:00:41.095 66502 INFO tempest.lib.common.rest_client [req-b888387a-64d2-474c-9af1-1ac7c2fffe1c req-b888387a-64d2-474c-9af1-1ac7c2fffe1c ] Request (AbsoluteLimitsNegativeTestJSON:setUpClass): 201 POST http://10.180.1.21/identity/v3/auth/tokens 0.060s
2025-12-15 11:00:41.100 66498 INFO tempest.lib.common.rest_client [req-27c7d196-e01a-40e3-9f73-67027456b6a9 req-27c7d196-e01a-40e3-9f73-67027456b6a9 ] Request (SecurityGroupsTestAdminJSON:test_list_security_groups_list_all_tenants_filter): 200 POST http://10.180.1.21/compute/v2.1/os-security-groups 6.450s
2025-12-15 11:00:41.138 66462 INFO tempest.lib.common.rest_client [req-abc777c1-fc8f-48cf-b4f5-0ce967c4088f req-abc777c1-fc8f-48cf-b4f5-0ce967c4088f ] Request (ServersAdminTestJSON:setUpClass): 201 POST http://10.180.1.21/identity/v3/projects 0.085s
2025-12-15 11:00:41.150 66454 INFO tempest.lib.common.rest_client [req-14402cbb-9250-4bb5-a090-821861958c8d req-14402cbb-9250-4bb5-a090-821861958c8d ] Request (FloatingIPsTestJSON:setUpClass): 201 POST http://10.180.1.21/identity/v3/auth/tokens 0.121s
2025-12-15 11:00:41.200 66515 INFO tempest.lib.common.rest_client [req-c59b00c2-936f-4c90-84c2-ea4f7dde452b req-c59b00c2-936f-4c90-84c2-ea4f7dde452b ] Request (ServersAdmin275Test:test_rebuild_update_server_275): 200 GET http://10.180.1.21/compute/v2.1/servers/1c446f17-417b-4917-b40b-f14463dcff6b 5.618s
2025-12-15 11:00:41.209 66502 INFO tempest.lib.common.rest_client [req-bc70ff73-a997-47b3-ba00-ac633315d8bd req-bc70ff73-a997-47b3-ba00-ac633315d8bd ] Request (AbsoluteLimitsNegativeTestJSON:setUpClass): 200 GET http://10.180.1.21/identity/v3/domains?name=Default 0.113s
2025-12-15 11:00:41.213 66462 INFO tempest.lib.common.rest_client [req-9fe2f245-0b74-45fb-83fc-04596b7d5ce5 req-9fe2f245-0b74-45fb-83fc-04596b7d5ce5 ] Request (ServersAdminTestJSON:setUpClass): 201 POST http://10.180.1.21/identity/v3/users 0.075s
2025-12-15 11:00:41.215 66515 INFO tempest.common.waiters [-] State transition "BUILD/spawning" ==> "ACTIVE/None" after 18 second wait
2025-12-15 11:00:41.244 66502 INFO tempest.lib.common.rest_client [req-5b2755f8-1988-436a-808b-53a93805eb4e req-5b2755f8-1988-436a-808b-53a93805eb4e ] Request (AbsoluteLimitsNegativeTestJSON:setUpClass): 201 POST http://10.180.1.21/identity/v3/projects 0.034s
2025-12-15 11:00:41.249 66468 INFO tempest.lib.common.rest_client [req-980f44d8-e1fe-4286-9ae3-8a6295ffa68b req-980f44d8-e1fe-4286-9ae3-8a6295ffa68b ] Request (QuotasAdminNegativeTest:test_create_server_when_instances_quota_is_full): 403 POST http://10.180.1.21/compute/v2.1/servers 7.204s
2025-12-15 11:00:41.295 66462 INFO tempest.lib.common.rest_client [req-f8bb7854-1682-4011-9412-a80c3c55275c req-f8bb7854-1682-4011-9412-a80c3c55275c ] Request (ServersAdminTestJSON:setUpClass): 200 GET http://10.180.1.21/identity/v3/roles 0.081s
2025-12-15 11:00:41.321 66502 INFO tempest.lib.common.rest_client [req-d86c2b14-d8e8-4313-aa46-22b38200922d req-d86c2b14-d8e8-4313-aa46-22b38200922d ] Request (AbsoluteLimitsNegativeTestJSON:setUpClass): 201 POST http://10.180.1.21/identity/v3/users 0.076s
2025-12-15 11:00:41.380 66502 INFO tempest.lib.common.rest_client [req-6f711e76-fe88-4bb6-a39c-b218f20aba85 req-6f711e76-fe88-4bb6-a39c-b218f20aba85 ] Request (AbsoluteLimitsNegativeTestJSON:setUpClass): 200 GET http://10.180.1.21/identity/v3/roles 0.059s
2025-12-15 11:00:41.381 66462 INFO tempest.lib.common.rest_client [req-cf3421b9-03a6-4430-89a8-90b31241dab7 req-cf3421b9-03a6-4430-89a8-90b31241dab7 ] Request (ServersAdminTestJSON:setUpClass): 204 PUT http://10.180.1.21/identity/v3/projects/9d7bb53dc45f4061a07f56c2c55ac437/users/7675a0b615034c6da48bc9572933c87c/roles/55cdd4d3c01741fc8fb93c67329a124a 0.086s
2025-12-15 11:00:41.381 66462 INFO tempest.lib.common.dynamic_creds [-] Dynamic test user 7675a0b615034c6da48bc9572933c87c is created with scope project and roles: ['member']
2025-12-15 11:00:41.382 66462 INFO tempest.lib.common.dynamic_creds [-] Acquired dynamic creds: credentials: Credentials: {'domain_id': 'default', 'domain_name': 'Default', 'username': 'tempest-ServersAdminTestJSON-2003786084-project-member', 'project_domain_id': 'default', 'project_domain_name': 'Default', 'project_id': '9d7bb53dc45f4061a07f56c2c55ac437', 'project_name': 'tempest-ServersAdminTestJSON-2003786084', 'tenant_id': '9d7bb53dc45f4061a07f56c2c55ac437', 'tenant_name': 'tempest-ServersAdminTestJSON-2003786084', 'user_domain_id': 'default', 'user_domain_name': 'Default', 'user_id': '7675a0b615034c6da48bc9572933c87c', 'system': None}, Network: None, Subnet: None, Router: None
2025-12-15 11:00:41.444 66462 INFO tempest.lib.common.rest_client [req-9cc6dd09-0bf5-45d2-bb33-2ba7997a0f09 req-9cc6dd09-0bf5-45d2-bb33-2ba7997a0f09 ] Request (ServersAdminTestJSON:setUpClass): 201 POST http://10.180.1.21/identity/v3/auth/tokens 0.061s
2025-12-15 11:00:41.456 66502 INFO tempest.lib.common.rest_client [req-40b25f5b-5a12-401e-a63e-d54bdf013571 req-40b25f5b-5a12-401e-a63e-d54bdf013571 ] Request (AbsoluteLimitsNegativeTestJSON:setUpClass): 204 PUT http://10.180.1.21/identity/v3/projects/b2f69a33982f48fa95e2a209d251b828/users/702ceff7657c4d54a2cd414b455e2bd3/roles/55cdd4d3c01741fc8fb93c67329a124a 0.076s
2025-12-15 11:00:41.457 66502 INFO tempest.lib.common.dynamic_creds [-] Dynamic test user 702ceff7657c4d54a2cd414b455e2bd3 is created with scope project and roles: ['member']
2025-12-15 11:00:41.457 66502 INFO tempest.lib.common.dynamic_creds [-] Acquired dynamic creds: credentials: Credentials: {'domain_id': 'default', 'domain_name': 'Default', 'username': 'tempest-AbsoluteLimitsNegativeTestJSON-1579018455-project-member', 'project_domain_id': 'default', 'project_domain_name': 'Default', 'project_id': 'b2f69a33982f48fa95e2a209d251b828', 'project_name': 'tempest-AbsoluteLimitsNegativeTestJSON-1579018455', 'tenant_id': 'b2f69a33982f48fa95e2a209d251b828', 'tenant_name': 'tempest-AbsoluteLimitsNegativeTestJSON-1579018455', 'user_domain_id': 'default', 'user_domain_name': 'Default', 'user_id': '702ceff7657c4d54a2cd414b455e2bd3', 'system': None}, Network: None, Subnet: None, Router: None
2025-12-15 11:00:41.457 66502 INFO tempest.lib.common.dynamic_creds [-] Created isolated network resources for: credentials: Credentials: {'domain_id': 'default', 'domain_name': 'Default', 'username': 'tempest-AbsoluteLimitsNegativeTestJSON-1579018455-project-member', 'project_domain_id': 'default', 'project_domain_name': 'Default', 'project_id': 'b2f69a33982f48fa95e2a209d251b828', 'project_name': 'tempest-AbsoluteLimitsNegativeTestJSON-1579018455', 'tenant_id': 'b2f69a33982f48fa95e2a209d251b828', 'tenant_name': 'tempest-AbsoluteLimitsNegativeTestJSON-1579018455', 'user_domain_id': 'default', 'user_domain_name': 'Default', 'user_id': '702ceff7657c4d54a2cd414b455e2bd3', 'system': None}, Network: None, Subnet: None, Router: None
2025-12-15 11:00:41.588 66502 INFO tempest.lib.common.rest_client [req-582521c8-b335-4da1-a0ab-23d606df8b00 req-582521c8-b335-4da1-a0ab-23d606df8b00 ] Request (AbsoluteLimitsNegativeTestJSON:setUpClass): 201 POST http://10.180.1.21/identity/v3/auth/tokens 0.128s
2025-12-15 11:00:42.424 66462 INFO tempest.lib.common.rest_client [req-0fd6c6e7-afa7-41dd-a719-c87b3974db62 req-0fd6c6e7-afa7-41dd-a719-c87b3974db62 ] Request (ServersAdminTestJSON:setUpClass): 201 POST http://10.180.1.21/networking/v2.0/networks 0.980s
2025-12-15 11:00:42.689 66456 INFO tempest.lib.common.rest_client [req-637bf138-5c77-4916-8e52-d886c097e762 req-637bf138-5c77-4916-8e52-d886c097e762 ] Request (FloatingIPsAssociationTestJSON:setUpClass): 200 GET http://10.180.1.21/compute/v2.1/servers/aadd7127-0370-490e-ba32-f71b9fe6970a 6.587s
2025-12-15 11:00:42.705 66456 INFO tempest.common.waiters [-] State transition "BUILD/spawning" ==> "ACTIVE/None" after 23 second wait
2025-12-15 11:00:42.862 66462 INFO tempest.lib.common.rest_client [req-56110bef-b0b4-47e6-9638-fb9e3fe1c128 req-56110bef-b0b4-47e6-9638-fb9e3fe1c128 ] Request (ServersAdminTestJSON:setUpClass): 201 POST http://10.180.1.21/networking/v2.0/subnets 0.437s
2025-12-15 11:00:44.017 66462 INFO tempest.lib.common.rest_client [req-4d5c1b42-e27a-461e-bc86-ac7073d3815a req-4d5c1b42-e27a-461e-bc86-ac7073d3815a ] Request (ServersAdminTestJSON:setUpClass): 201 POST http://10.180.1.21/networking/v2.0/routers 1.154s
2025-12-15 11:00:44.090 66458 INFO tempest.lib.common.rest_client [req-d140cf4d-65be-4b10-8e09-290eae888763 req-d140cf4d-65be-4b10-8e09-290eae888763 ] Request (ServerExternalEventsTest:test_create_server_external_events): 200 GET http://10.180.1.21/compute/v2.1/servers/06041561-a391-4b54-a519-bc1ba95ac965 7.969s
2025-12-15 11:00:44.239 66478 INFO tempest.lib.common.rest_client [req-0c2153d4-5868-4e70-aeb6-ed4fc7ff0783 req-0c2153d4-5868-4e70-aeb6-ed4fc7ff0783 ] Request (ServerActionsTestJSON:setUpClass): 200 GET http://10.180.1.21/compute/v2.1/servers/b7c01102-e77a-4c04-8fa4-aa43582d28bf 8.012s
2025-12-15 11:00:44.279 66490 INFO tempest.lib.common.rest_client [req-7fd43f27-0498-4ff5-8ff6-3e6bab90b168 req-7fd43f27-0498-4ff5-8ff6-3e6bab90b168 ] Request (ServersWithSpecificFlavorTestJSON:test_verify_created_server_ephemeral_disk): 200 POST http://10.180.1.21/compute/v2.1/flavors/416428319/os-extra_specs 7.574s
2025-12-15 11:00:44.286 66504 INFO tempest.lib.common.rest_client [req-7214d4d8-3aee-46d8-8db2-85a1daaa269f req-7214d4d8-3aee-46d8-8db2-85a1daaa269f ] Request (VolumesAdminNegativeTest:test_update_attached_volume_with_nonexistent_volume_in_uri): 202 POST http://10.180.1.21/compute/v2.1/servers 8.382s
2025-12-15 11:00:44.316 66484 INFO tempest.lib.common.rest_client [req-9958669e-d559-4d31-982e-8f12f82719a0 req-9958669e-d559-4d31-982e-8f12f82719a0 ] Request (ServicesAdminNegativeV253TestJSON:test_get_service_with_valid_service_and_invalid_host): 200 GET http://10.180.1.21/compute/v2.1/os-services?host=xxx&binary=nova-scheduler 7.540s
2025-12-15 11:00:44.324 66472 INFO tempest.lib.common.rest_client [req-bc74ef2e-88f0-4fd6-a3cc-ccc4e5dd921d req-bc74ef2e-88f0-4fd6-a3cc-ccc4e5dd921d ] Request (HypervisorAdminNegativeTestJSON:test_show_hypervisor_with_non_admin_user): 403 GET http://10.180.1.21/compute/v2.1/os-hypervisors/1 7.506s
2025-12-15 11:00:44.329 66488 INFO tempest.lib.common.rest_client [req-b7a9bd95-a937-4d26-8c9e-867326ab0fab req-b7a9bd95-a937-4d26-8c9e-867326ab0fab ] Request (FlavorsV2TestJSON:test_list_flavors_detailed_using_marker): 200 GET http://10.180.1.21/compute/v2.1/flavors/detail?marker=42 7.586s
