2025-12-15 11:04:24.323 66466 INFO tempest.lib.common.rest_client [req-af8050d7-dea6-4a45-bb0e-542b9d35f8c6 req-af8050d7-dea6-4a45-bb0e-542b9d35f8c6 ] Request (ServerAddressesNegativeTestJSON:setUpClass): 201 POST http://10.180.1.21/identity/v3/auth/tokens 0.074s
2025-12-15 11:04:24.346 66470 INFO tempest.lib.common.rest_client [req-3a5c5a0c-39d3-4786-9f15-286099c84cf3 req-3a5c5a0c-39d3-4786-9f15-286099c84cf3 ] Request (AttachVolumeNegativeTest:test_attach_attached_volume_to_different_server): 200 GET http://10.180.1.21/compute/v2.1/servers/83b4ef88-60f6-44af-bf2e-82c6db0e95c0 0.386s
2025-12-15 11:04:24.577 66452 INFO tempest.lib.common.rest_client [req-b80ddad6-5599-47dc-822f-d7a58e620b17 req-b80ddad6-5599-47dc-822f-d7a58e620b17 ] Request (AttachInterfacesTestJSON:test_create_list_show_delete_interfaces_by_fixed_ip): 200 GET http://10.180.1.21/compute/v2.1/servers/c581cf23-a0e8-4deb-9853-0e42a292dfa7 0.591s
2025-12-15 11:04:24.582 66466 INFO tempest.lib.common.rest_client [req-570e44d1-2e0e-4003-a314-2519209982e2 req-570e44d1-2e0e-4003-a314-2519209982e2 ] Request (ServerAddressesNegativeTestJSON:setUpClass): 201 POST http://10.180.1.21/networking/v2.0/networks 0.259s
2025-12-15 11:04:24.692 66506 INFO tempest.lib.common.rest_client [req-66240793-6f4a-4c1f-99ba-af1ddf686915 req-66240793-6f4a-4c1f-99ba-af1ddf686915 ] Request (InstanceActionsV221TestJSON:test_get_list_deleted_instance_actions): 200 GET http://10.180.1.21/compute/v2.1/servers/3639f023-0b26-449a-aa9c-fa6c775c5c1f 0.645s
2025-12-15 11:04:24.782 66466 INFO tempest.lib.common.rest_client [req-1fd64bad-9c7d-4b87-b7f1-85dbe7082ed2 req-1fd64bad-9c7d-4b87-b7f1-85dbe7082ed2 ] Request (ServerAddressesNegativeTestJSON:setUpClass): 201 POST http://10.180.1.21/networking/v2.0/subnets 0.199s
2025-12-15 11:04:24.801 66480 INFO tempest.lib.common.rest_client [req-3ea657b1-e14a-459c-ba32-0d51bb937686 req-3ea657b1-e14a-459c-ba32-0d51bb937686 ] Request (ServersTestManualDisk:tearDownClass): 200 GET http://10.180.1.21/compute/v2.1/servers/07424c8f-454e-4159-b4d3-aadf27bc8a7d 0.688s
2025-12-15 11:04:24.869 66486 INFO tempest.lib.common.rest_client [req-0788627f-4cbf-4814-89f4-242d198f63b7 req-0788627f-4cbf-4814-89f4-242d198f63b7 ] Request (ServerShowV254Test:tearDownClass): 200 GET http://10.180.1.21/compute/v2.1/servers/c20352d1-211e-490b-a9df-d834ce70e418 0.696s
2025-12-15 11:04:25.071 66454 INFO tempest.lib.common.rest_client [req-8b83b3b3-b650-4040-8eb1-fb7ec9241697 req-8b83b3b3-b650-4040-8eb1-fb7ec9241697 ] Request (ServerRescueTestJSONUnderV235:test_rescued_vm_associate_dissociate_floating_ip): 202 POST http://10.180.1.21/compute/v2.1/servers/3bb84fed-f958-4b7d-ad64-23446b272234/action 1.397s
2025-12-15 11:04:25.092 66492 INFO tempest.lib.common.rest_client [req-b041f16d-89f4-4dd5-8364-dd63b4faa2b9 req-b041f16d-89f4-4dd5-8364-dd63b4faa2b9 ] Request (MigrationsAdminTest:test_resize_server_revert_deleted_flavor): 200 GET http://10.180.1.21/compute/v2.1/servers/cc2ebda7-c4c6-4652-9372-ede462136fc1 0.796s
2025-12-15 11:04:25.144 66476 INFO tempest.lib.common.rest_client [req-4a43f05a-2e79-4d37-8db8-c1024e9d03cf req-4a43f05a-2e79-4d37-8db8-c1024e9d03cf ] Request (ServersV294TestFqdnHostnames:setUpClass): 200 GET http://10.180.1.21/compute/v2.1/servers/92e77b15-ca10-4b76-b5a5-cbf215836497 0.658s
2025-12-15 11:04:25.173 66468 INFO tempest.lib.common.rest_client [req-45d1572a-5c0c-4e50-8939-a1d47a3dde3f req-45d1572a-5c0c-4e50-8939-a1d47a3dde3f ] Request (ServerMetadataTestJSON:tearDownClass): 200 GET http://10.180.1.21/compute/v2.1/servers/0287f524-f07c-42d1-8cbb-016c9c442d79 0.566s
2025-12-15 11:04:25.211 66458 INFO tempest.lib.common.rest_client [req-0e02339f-0e6e-499c-9710-2cb14813b5a3 req-0e02339f-0e6e-499c-9710-2cb14813b5a3 ] Request (ServersTestFqdnHostnames:tearDownClass): 200 GET http://10.180.1.21/compute/v2.1/servers/e6deaea1-8bac-48ea-8962-225f90ea23f3 0.496s
2025-12-15 11:04:25.239 66500 INFO tempest.lib.common.rest_client [req-63df0508-8846-423b-bfcd-d37610f6511c req-63df0508-8846-423b-bfcd-d37610f6511c ] Request (ServersTestJSON:test_create_server_with_ipv6_addr_only): 200 GET http://10.180.1.21/compute/v2.1/servers/a5bccb0e-0d39-4401-96cf-61c5ca405f3e 0.475s
2025-12-15 11:04:25.277 66474 INFO tempest.lib.common.rest_client [req-95049796-3b78-4f4a-96ee-8df21bf1edc4 req-95049796-3b78-4f4a-96ee-8df21bf1edc4 ] Request (ServerActionsTestOtherB:test_create_backup): 200 GET http://10.180.1.21/image/v2/images/700f2d75-827e-40f7-9527-e52eb8d9afea 0.019s
2025-12-15 11:04:25.291 66482 INFO tempest.lib.common.rest_client [req-ecf3825e-44f2-4ead-a056-dd876ca1e543 req-ecf3825e-44f2-4ead-a056-dd876ca1e543 ] Request (SecurityGroupsTestJSON:tearDownClass): 200 GET http://10.180.1.21/compute/v2.1/servers/54e44d5b-be8b-43ac-9bc0-0111fb86cdb2 0.471s
2025-12-15 11:04:25.386 66464 INFO tempest.lib.common.rest_client [req-9ddaa3b6-760b-4e11-af48-466550079781 req-9ddaa3b6-760b-4e11-af48-466550079781 ] Request (InstanceActionsNegativeTestJSON:tearDownClass): 200 GET http://10.180.1.21/compute/v2.1/servers/57a4b761-51e4-48e0-9948-cd1bd5be3943 0.484s
2025-12-15 11:04:25.417 66490 INFO tempest.lib.common.rest_client [req-67423481-b2db-4343-aca5-917454abe30f req-67423481-b2db-4343-aca5-917454abe30f ] Request (ServersWithSpecificFlavorTestJSON:test_verify_created_server_ephemeral_disk): 200 GET http://10.180.1.21/compute/v2.1/servers/f28ebcb0-8dbd-4ef3-b2d5-05ddefd6c51f 0.533s
2025-12-15 11:04:25.458 66512 INFO tempest.lib.common.rest_client [req-29b561ba-c52b-49e4-aa9a-aed77355e213 req-29b561ba-c52b-49e4-aa9a-aed77355e213 ] Request (ServerShowV247Test:test_update_rebuild_list_server): 200 GET http://10.180.1.21/compute/v2.1/servers/591bba3c-03b4-490c-b7bb-d5dce071cea1 0.513s
2025-12-15 11:04:25.493 66462 INFO tempest.lib.common.rest_client [req-1debddd8-3832-4aff-8b2f-940189d68bc3 req-1debddd8-3832-4aff-8b2f-940189d68bc3 ] Request (ServersAdminTestJSON:tearDownClass): 200 GET http://10.180.1.21/compute/v2.1/servers/eef30401-64b9-48d3-b371-3a38939b0e40 0.524s
2025-12-15 11:04:25.561 66466 INFO tempest.lib.common.rest_client [req-63e9e395-cd15-4921-9ffe-99976dd1bea6 req-63e9e395-cd15-4921-9ffe-99976dd1bea6 ] Request (ServerAddressesNegativeTestJSON:setUpClass): 201 POST http://10.180.1.21/networking/v2.0/routers 0.778s
2025-12-15 11:04:25.572 66456 INFO tempest.lib.common.rest_client [req-9cf5664e-f675-4f86-b3a7-46dc858e1a79 req-9cf5664e-f675-4f86-b3a7-46dc858e1a79 ] Request (ImagesOneServerNegativeTestJSON:_run_cleanups): 200 GET http://10.180.1.21/compute/v2.1/servers/cfbe5c89-b454-4fac-871e-851b2800a82f 0.515s
2025-12-15 11:04:25.694 66511 INFO tempest.lib.common.rest_client [req-39655e57-ba25-4de6-850a-1cb8b4ba38d0 req-39655e57-ba25-4de6-850a-1cb8b4ba38d0 ] Request (ServerDiskConfigTestJSON:test_resize_server_from_auto_to_manual): 200 GET http://10.180.1.21/compute/v2.1/servers/c33baee6-fcdf-4996-a389-c5002e19e369 0.580s
2025-12-15 11:04:25.920 66472 INFO tempest.lib.common.rest_client [req-e8b17e84-2933-4065-b9d2-0ab40b3e5fe4 req-e8b17e84-2933-4065-b9d2-0ab40b3e5fe4 ] Request (ListServerFiltersTestJSON:setUpClass): 200 GET http://10.180.1.21/compute/v2.1/servers/7e7bf593-6ae9-4c23-8f60-a1c76f9ba4dc 0.713s
2025-12-15 11:04:26.138 66495 WARNING tempest.lib.common.ssh [-] Failed to establish authenticated ssh connection to cirros@10.180.180.251 ([Errno None] Unable to connect to port 22 on 10.180.180.251). Number attempts: 4. Retry after 5 seconds.: paramiko.ssh_exception.NoValidConnectionsError: [Errno None] Unable to connect to port 22 on 10.180.180.251
2025-12-15 11:04:26.299 66474 INFO tempest.lib.common.rest_client [req-90b1d5e1-7a04-41cf-8422-576d26f11f0b req-90b1d5e1-7a04-41cf-8422-576d26f11f0b ] Request (ServerActionsTestOtherB:test_create_backup): 200 GET http://10.180.1.21/image/v2/images/700f2d75-827e-40f7-9527-e52eb8d9afea 0.020s
2025-12-15 11:04:26.358 66484 INFO tempest.lib.common.rest_client [req-b4dd28d7-df46-45b5-b54b-11b27014abe1 req-b4dd28d7-df46-45b5-b54b-11b27014abe1 ] Request (ServersAaction247Test:tearDownClass): 200 GET http://10.180.1.21/compute/v2.1/servers/c2a515e3-93dd-4949-8c5f-24855698b041 1.079s
2025-12-15 11:04:26.487 66470 INFO tempest.lib.common.rest_client [req-a62c1e06-5e8e-4670-af95-9a880d2174cd req-a62c1e06-5e8e-4670-af95-9a880d2174cd ] Request (AttachVolumeNegativeTest:test_attach_attached_volume_to_different_server): 200 GET http://10.180.1.21/compute/v2.1/servers/83b4ef88-60f6-44af-bf2e-82c6db0e95c0 1.133s
2025-12-15 11:04:26.572 66452 INFO tempest.lib.common.rest_client [req-90fba5ae-6643-4b84-8cc8-914d34ec7d77 req-90fba5ae-6643-4b84-8cc8-914d34ec7d77 ] Request (AttachInterfacesTestJSON:test_create_list_show_delete_interfaces_by_fixed_ip): 200 GET http://10.180.1.21/compute/v2.1/servers/c581cf23-a0e8-4deb-9853-0e42a292dfa7 0.985s
2025-12-15 11:04:26.601 66466 INFO tempest.lib.common.rest_client [req-f402bd87-d248-448d-9f76-a4aed9c96c81 req-f402bd87-d248-448d-9f76-a4aed9c96c81 ] Request (ServerAddressesNegativeTestJSON:setUpClass): 200 PUT http://10.180.1.21/networking/v2.0/routers/45d409f2-6202-4578-83fd-64e6baf84820/add_router_interface 1.040s
2025-12-15 11:04:26.601 66466 INFO tempest.lib.common.dynamic_creds [-] Created isolated network resources for: credentials: Credentials: {'domain_id': 'default', 'domain_name': 'Default', 'username': 'tempest-ServerAddressesNegativeTestJSON-1600283988-project-member', 'project_domain_id': 'default', 'project_domain_name': 'Default', 'project_id': 'bc011ce869db40e6b86a1adbf825c4b8', 'project_name': 'tempest-ServerAddressesNegativeTestJSON-1600283988', 'tenant_id': 'bc011ce869db40e6b86a1adbf825c4b8', 'tenant_name': 'tempest-ServerAddressesNegativeTestJSON-1600283988', 'user_domain_id': 'default', 'user_domain_name': 'Default', 'user_id': '0bb03eb8b78d4b0b81c3e31d3a711822', 'system': None}, Network: {'id': '5257d283-308c-491d-9240-1268c70144e2', 'name': 'tempest-ServerAddressesNegativeTestJSON-1677103071-network', 'tenant_id': 'bc011ce869db40e6b86a1adbf825c4b8', 'project_id': 'bc011ce869db40e6b86a1adbf825c4b8', 'admin_state_up': True, 'mtu': 8950, 'status': 'ACTIVE', 'subnets': [], 'shared': False, 'port_security_enabled': True, 'router:external': False, 'provider:network_type': 'vlan', 'provider:physical_network': 'default', 'provider:segmentation_id': 937, 'availability_zone_hints': [], 'availability_zones': [], 'ipv4_address_scope': None, 'ipv6_address_scope': None, 'description': '', 'tags': [], 'created_at': '2025-12-15T11:04:24Z', 'updated_at': '2025-12-15T11:04:24Z', 'revision_number': 1}, Subnet: {'id': '0d965a54-00f2-4e51-9b4d-d859e14c81fd', 'name': 'tempest-ServerAddressesNegativeTestJSON-1677103071-subnet', 'tenant_id': 'bc011ce869db40e6b86a1adbf825c4b8', 'network_id': '5257d283-308c-491d-9240-1268c70144e2', 'ip_version': 4, 'subnetpool_id': None, 'enable_dhcp': True, 'ipv6_ra_mode': None, 'ipv6_address_mode': None, 'gateway_ip': '192.168.128.1', 'cidr': '192.168.128.0/28', 'allocation_pools': [{'start': '192.168.128.2', 'end': '192.168.128.14'}], 'host_routes': [], 'dns_nameservers': [], 'description': '', 'router:external': False, 'service_types': [], 'tags': [], 'created_at': '2025-12-15T11:04:24Z', 'updated_at': '2025-12-15T11:04:24Z', 'revision_number': 0, 'project_id': 'bc011ce869db40e6b86a1adbf825c4b8'}, Router: {'id': '45d409f2-6202-4578-83fd-64e6baf84820', 'name': 'tempest-ServerAddressesNegativeTestJSON-1677103071-router', 'tenant_id': 'bc011ce869db40e6b86a1adbf825c4b8', 'admin_state_up': True, 'status': 'ACTIVE', 'external_gateway_info': {'network_id': '8b463d50-dd50-4be6-8765-140bb5a8ba72', 'external_fixed_ips': [{'subnet_id': '99d0e800-0ff3-42bb-aaa3-a359a0a3daff', 'ip_address': '10.180.180.168'}], 'enable_snat': True}, 'description': '', 'availability_zones': [], 'distributed': False, 'ha': False, 'availability_zone_hints': [], 'routes': [], 'flavor_id': None, 'tags': [], 'created_at': '2025-12-15T11:04:24Z', 'updated_at': '2025-12-15T11:04:25Z', 'revision_number': 2, 'project_id': 'bc011ce869db40e6b86a1adbf825c4b8'}
2025-12-15 11:04:26.746 66466 INFO tempest.lib.common.rest_client [req-3fe32ae3-c2c9-4da0-ad12-a3124f751f05 req-3fe32ae3-c2c9-4da0-ad12-a3124f751f05 ] Request (ServerAddressesNegativeTestJSON:setUpClass): 201 POST http://10.180.1.21/identity/v3/auth/tokens 0.139s
2025-12-15 11:04:26.787 66466 INFO tempest.lib.common.rest_client [req-caae4a1a-54df-421c-bae8-f54e2257a125 req-caae4a1a-54df-421c-bae8-f54e2257a125 ] Request (ServerAddressesNegativeTestJSON:setUpClass): 201 POST http://10.180.1.21/identity/v3/auth/tokens 0.036s
2025-12-15 11:04:26.787 66466 INFO tempest.lib.common.fixed_network [-] (ServerAddressesNegativeTestJSON:setUpClass) Found network {'id': '5257d283-308c-491d-9240-1268c70144e2', 'name': 'tempest-ServerAddressesNegativeTestJSON-1677103071-network', 'tenant_id': 'bc011ce869db40e6b86a1adbf825c4b8', 'project_id': 'bc011ce869db40e6b86a1adbf825c4b8', 'admin_state_up': True, 'mtu': 8950, 'status': 'ACTIVE', 'subnets': [], 'shared': False, 'port_security_enabled': True, 'router:external': False, 'provider:network_type': 'vlan', 'provider:physical_network': 'default', 'provider:segmentation_id': 937, 'availability_zone_hints': [], 'availability_zones': [], 'ipv4_address_scope': None, 'ipv6_address_scope': None, 'description': '', 'tags': [], 'created_at': '2025-12-15T11:04:24Z', 'updated_at': '2025-12-15T11:04:24Z', 'revision_number': 1} available for tenant
2025-12-15 11:04:26.793 66454 INFO tempest.lib.common.rest_client [req-fde0844e-0b38-45b9-af29-a7e97bb1e464 req-fde0844e-0b38-45b9-af29-a7e97bb1e464 ] Request (ServerRescueTestJSONUnderV235:test_rescued_vm_associate_dissociate_floating_ip): 202 POST http://10.180.1.21/compute/v2.1/servers/3bb84fed-f958-4b7d-ad64-23446b272234/action 1.721s
2025-12-15 11:04:26.883 66480 INFO tempest.lib.common.rest_client [req-75eb7d48-8b3a-4814-b0b9-fda5e9021c2c req-75eb7d48-8b3a-4814-b0b9-fda5e9021c2c ] Request (ServersTestManualDisk:tearDownClass): 200 GET http://10.180.1.21/compute/v2.1/servers/07424c8f-454e-4159-b4d3-aadf27bc8a7d 1.074s
2025-12-15 11:04:26.949 66506 INFO tempest.lib.common.rest_client [req-e9bb17b4-89fe-4bd7-94f4-5ba3a981a903 req-e9bb17b4-89fe-4bd7-94f4-5ba3a981a903 ] Request (InstanceActionsV221TestJSON:test_get_list_deleted_instance_actions): 200 GET http://10.180.1.21/compute/v2.1/servers/3639f023-0b26-449a-aa9c-fa6c775c5c1f 1.245s
2025-12-15 11:04:26.961 66486 INFO tempest.lib.common.rest_client [req-70e8eb58-dc46-4962-93ed-7012b20f9636 req-70e8eb58-dc46-4962-93ed-7012b20f9636 ] Request (ServerShowV254Test:tearDownClass): 200 GET http://10.180.1.21/compute/v2.1/servers/c20352d1-211e-490b-a9df-d834ce70e418 1.080s
2025-12-15 11:04:27.044 66476 INFO tempest.lib.common.rest_client [req-37a9da12-a0d0-446c-97b6-e3de2ad59a16 req-37a9da12-a0d0-446c-97b6-e3de2ad59a16 ] Request (ServersV294TestFqdnHostnames:setUpClass): 200 GET http://10.180.1.21/compute/v2.1/servers/92e77b15-ca10-4b76-b5a5-cbf215836497 0.890s
2025-12-15 11:04:27.099 66492 INFO tempest.lib.common.rest_client [req-ab3bd9fe-744a-447a-965f-cc3846fef61b req-ab3bd9fe-744a-447a-965f-cc3846fef61b ] Request (MigrationsAdminTest:test_resize_server_revert_deleted_flavor): 200 GET http://10.180.1.21/compute/v2.1/servers/cc2ebda7-c4c6-4652-9372-ede462136fc1 0.998s
2025-12-15 11:04:27.106 66468 INFO tempest.lib.common.rest_client [req-2a647cc4-e76e-4f43-aa93-b28a329a7cdb req-2a647cc4-e76e-4f43-aa93-b28a329a7cdb ] Request (ServerMetadataTestJSON:tearDownClass): 200 GET http://10.180.1.21/compute/v2.1/servers/0287f524-f07c-42d1-8cbb-016c9c442d79 0.922s
2025-12-15 11:04:27.158 66500 INFO tempest.lib.common.rest_client [req-5dc77c99-88e9-438b-99be-eed7cf8a04a6 req-5dc77c99-88e9-438b-99be-eed7cf8a04a6 ] Request (ServersTestJSON:test_create_server_with_ipv6_addr_only): 200 GET http://10.180.1.21/compute/v2.1/servers/a5bccb0e-0d39-4401-96cf-61c5ca405f3e 0.908s
2025-12-15 11:04:27.176 66458 INFO tempest.lib.common.rest_client [req-f2415d17-4668-465b-b3e8-cb53201e1ed9 req-f2415d17-4668-465b-b3e8-cb53201e1ed9 ] Request (ServersTestFqdnHostnames:tearDownClass): 200 GET http://10.180.1.21/compute/v2.1/servers/e6deaea1-8bac-48ea-8962-225f90ea23f3 0.957s
2025-12-15 11:04:27.227 66482 INFO tempest.lib.common.rest_client [req-1c3af2f8-6586-4016-a487-3f8d19dcfa0d req-1c3af2f8-6586-4016-a487-3f8d19dcfa0d ] Request (SecurityGroupsTestJSON:tearDownClass): 200 GET http://10.180.1.21/compute/v2.1/servers/54e44d5b-be8b-43ac-9bc0-0111fb86cdb2 0.928s
2025-12-15 11:04:27.266 66464 INFO tempest.lib.common.rest_client [req-1e4e5855-8c34-4b64-bcb0-49b5609bd4a2 req-1e4e5855-8c34-4b64-bcb0-49b5609bd4a2 ] Request (InstanceActionsNegativeTestJSON:tearDownClass): 200 GET http://10.180.1.21/compute/v2.1/servers/57a4b761-51e4-48e0-9948-cd1bd5be3943 0.871s
2025-12-15 11:04:27.317 66474 INFO tempest.lib.common.rest_client [req-2de1953a-0df4-42d6-98a5-ed3bfecccbfb req-2de1953a-0df4-42d6-98a5-ed3bfecccbfb ] Request (ServerActionsTestOtherB:test_create_backup): 200 GET http://10.180.1.21/image/v2/images/700f2d75-827e-40f7-9527-e52eb8d9afea 0.017s
2025-12-15 11:04:27.322 66512 INFO tempest.lib.common.rest_client [req-0f3c2258-9485-4ba1-8b5d-c59623d74874 req-0f3c2258-9485-4ba1-8b5d-c59623d74874 ] Request (ServerShowV247Test:test_update_rebuild_list_server): 200 GET http://10.180.1.21/compute/v2.1/servers/591bba3c-03b4-490c-b7bb-d5dce071cea1 0.854s
2025-12-15 11:04:27.336 66490 INFO tempest.lib.common.rest_client [req-7d37d6bc-0e57-44ed-ae77-f76b46c3afcf req-7d37d6bc-0e57-44ed-ae77-f76b46c3afcf ] Request (ServersWithSpecificFlavorTestJSON:test_verify_created_server_ephemeral_disk): 200 GET http://10.180.1.21/compute/v2.1/servers/f28ebcb0-8dbd-4ef3-b2d5-05ddefd6c51f 0.908s
2025-12-15 11:04:27.389 66462 INFO tempest.lib.common.rest_client [req-397de01a-b0c1-428d-a83c-f696c5b2086b req-397de01a-b0c1-428d-a83c-f696c5b2086b ] Request (ServersAdminTestJSON:tearDownClass): 200 GET http://10.180.1.21/compute/v2.1/servers/eef30401-64b9-48d3-b371-3a38939b0e40 0.887s
2025-12-15 11:04:27.399 66456 INFO tempest.lib.common.rest_client [req-c70d99fb-64d2-44c2-b2e9-a28545a98ba8 req-c70d99fb-64d2-44c2-b2e9-a28545a98ba8 ] Request (ImagesOneServerNegativeTestJSON:_run_cleanups): 200 GET http://10.180.1.21/compute/v2.1/servers/cfbe5c89-b454-4fac-871e-851b2800a82f 0.817s
2025-12-15 11:04:27.453 66511 INFO tempest.lib.common.rest_client [req-bfdb3878-cfd2-40a9-852f-7ed2d8a11ba7 req-bfdb3878-cfd2-40a9-852f-7ed2d8a11ba7 ] Request (ServerDiskConfigTestJSON:test_resize_server_from_auto_to_manual): 200 GET http://10.180.1.21/compute/v2.1/servers/c33baee6-fcdf-4996-a389-c5002e19e369 0.748s
2025-12-15 11:04:27.881 66466 INFO tempest.lib.common.rest_client [req-34539572-fe0f-484e-a41f-39f798c75a83 req-34539572-fe0f-484e-a41f-39f798c75a83 ] Request (ServerAddressesNegativeTestJSON:setUpClass): 202 POST http://10.180.1.21/compute/v2.1/servers 1.094s
2025-12-15 11:04:27.944 66454 INFO tempest.lib.common.rest_client [req-de354069-126d-4ff0-b94e-a96b82728975 req-de354069-126d-4ff0-b94e-a96b82728975 ] Request (ServerRescueTestJSONUnderV235:_run_cleanups): 202 DELETE http://10.180.1.21/compute/v2.1/os-floating-ips/4dd0997b-af46-4dbc-b863-be7323d3d0e7 1.151s
2025-12-15 11:04:28.076 66484 INFO tempest.lib.common.rest_client [req-ec15f4bd-8ce2-462c-9a36-c78eb89671c6 req-ec15f4bd-8ce2-462c-9a36-c78eb89671c6 ] Request (ServersAaction247Test:tearDownClass): 200 GET http://10.180.1.21/compute/v2.1/servers/c2a515e3-93dd-4949-8c5f-24855698b041 0.703s
2025-12-15 11:04:28.098 66472 INFO tempest.lib.common.rest_client [req-3255ae5e-da87-4985-9681-3bcabba8631e req-3255ae5e-da87-4985-9681-3bcabba8631e ] Request (ListServerFiltersTestJSON:setUpClass): 200 GET http://10.180.1.21/compute/v2.1/servers/7e7bf593-6ae9-4c23-8f60-a1c76f9ba4dc 1.165s
2025-12-15 11:04:28.135 66470 INFO tempest.lib.common.rest_client [req-bf29d654-d00f-471b-90ac-9d682ba35b14 req-bf29d654-d00f-471b-90ac-9d682ba35b14 ] Request (AttachVolumeNegativeTest:test_attach_attached_volume_to_different_server): 200 GET http://10.180.1.21/compute/v2.1/servers/83b4ef88-60f6-44af-bf2e-82c6db0e95c0 0.637s
2025-12-15 11:04:28.163 66452 INFO tempest.lib.common.rest_client [req-8ae15fe0-5448-4afe-8135-c1ad367fdc54 req-8ae15fe0-5448-4afe-8135-c1ad367fdc54 ] Request (AttachInterfacesTestJSON:test_create_list_show_delete_interfaces_by_fixed_ip): 200 GET http://10.180.1.21/compute/v2.1/servers/c581cf23-a0e8-4deb-9853-0e42a292dfa7 0.578s
2025-12-15 11:04:28.172 66452 INFO tempest.common.waiters [-] State transition "BUILD/scheduling" ==> "BUILD/None" after 14 second wait
2025-12-15 11:04:28.189 66466 INFO tempest.lib.common.rest_client [req-7a9d6067-1560-424e-b329-f0a5b5d158be req-7a9d6067-1560-424e-b329-f0a5b5d158be ] Request (ServerAddressesNegativeTestJSON:setUpClass): 200 GET http://10.180.1.21/compute/v2.1/servers/fc5b7b64-b69e-4fe4-a611-743f4cbd0369 0.304s
2025-12-15 11:04:28.239 66480 INFO tempest.lib.common.rest_client [req-9daaa06d-407c-4eeb-9dcf-2aa8df08f403 req-9daaa06d-407c-4eeb-9dcf-2aa8df08f403 ] Request (ServersTestManualDisk:tearDownClass): 200 GET http://10.180.1.21/compute/v2.1/servers/07424c8f-454e-4159-b4d3-aadf27bc8a7d 0.344s
2025-12-15 11:04:28.307 66506 INFO tempest.lib.common.rest_client [req-00991daf-fb26-4809-9554-19f4a06d5f1b req-00991daf-fb26-4809-9554-19f4a06d5f1b ] Request (InstanceActionsV221TestJSON:test_get_list_deleted_instance_actions): 200 GET http://10.180.1.21/compute/v2.1/servers/3639f023-0b26-449a-aa9c-fa6c775c5c1f 0.348s
2025-12-15 11:04:28.333 66454 INFO tempest.lib.common.rest_client [req-8092b966-f34c-42be-8c47-153a832d8692 req-8092b966-f34c-42be-8c47-153a832d8692 ] Request (ServerRescueTestJSONUnderV235:tearDownClass): 202 DELETE http://10.180.1.21/compute/v2.1/os-security-groups/484a8fb8-b990-4be0-aabe-e0ae07938326 0.384s
2025-12-15 11:04:28.338 66474 INFO tempest.lib.common.rest_client [req-d0910389-719d-4ff5-9dfd-f0810cad015a req-d0910389-719d-4ff5-9dfd-f0810cad015a ] Request (ServerActionsTestOtherB:test_create_backup): 200 GET http://10.180.1.21/image/v2/images/700f2d75-827e-40f7-9527-e52eb8d9afea 0.020s
2025-12-15 11:04:28.389 66486 INFO tempest.lib.common.rest_client [req-bac538a9-8eff-43d4-9e30-13395f4c78bf req-bac538a9-8eff-43d4-9e30-13395f4c78bf ] Request (ServerShowV254Test:tearDownClass): 200 GET http://10.180.1.21/compute/v2.1/servers/c20352d1-211e-490b-a9df-d834ce70e418 0.418s
2025-12-15 11:04:28.391 66476 INFO tempest.lib.common.rest_client [req-9d8693e3-4e94-4f78-a715-7aac5d87cb7f req-9d8693e3-4e94-4f78-a715-7aac5d87cb7f ] Request (ServersV294TestFqdnHostnames:setUpClass): 200 GET http://10.180.1.21/compute/v2.1/servers/92e77b15-ca10-4b76-b5a5-cbf215836497 0.336s
2025-12-15 11:04:28.398 66486 INFO tempest.common.waiters [-] State transition "ACTIVE/deleting" ==> "DELETED/None" after 5 second wait
2025-12-15 11:04:28.461 66468 INFO tempest.lib.common.rest_client [req-dae93a23-1669-4c2b-b687-bfa69f5ad1e5 req-dae93a23-1669-4c2b-b687-bfa69f5ad1e5 ] Request (ServerMetadataTestJSON:tearDownClass): 200 GET http://10.180.1.21/compute/v2.1/servers/0287f524-f07c-42d1-8cbb-016c9c442d79 0.348s
2025-12-15 11:04:28.523 66492 INFO tempest.lib.common.rest_client [req-3e30ea33-72a3-4511-840f-f45ddf1f08c4 req-3e30ea33-72a3-4511-840f-f45ddf1f08c4 ] Request (MigrationsAdminTest:test_resize_server_revert_deleted_flavor): 200 GET http://10.180.1.21/compute/v2.1/servers/cc2ebda7-c4c6-4652-9372-ede462136fc1 0.415s
2025-12-15 11:04:28.530 66500 INFO tempest.lib.common.rest_client [req-6af3eeaf-dcec-43bb-8f5c-5a5b7f69c94e req-6af3eeaf-dcec-43bb-8f5c-5a5b7f69c94e ] Request (ServersTestJSON:test_create_server_with_ipv6_addr_only): 200 GET http://10.180.1.21/compute/v2.1/servers/a5bccb0e-0d39-4401-96cf-61c5ca405f3e 0.361s
2025-12-15 11:04:28.625 66458 INFO tempest.lib.common.rest_client [req-b6adce8b-708a-4027-8118-fdb28e710f8d req-b6adce8b-708a-4027-8118-fdb28e710f8d ] Request (ServersTestFqdnHostnames:tearDownClass): 200 GET http://10.180.1.21/compute/v2.1/servers/e6deaea1-8bac-48ea-8962-225f90ea23f3 0.441s
2025-12-15 11:04:28.645 66482 INFO tempest.lib.common.rest_client [req-e0ab0e10-cb99-4fe8-8440-34261bf2056b req-e0ab0e10-cb99-4fe8-8440-34261bf2056b ] Request (SecurityGroupsTestJSON:tearDownClass): 200 GET http://10.180.1.21/compute/v2.1/servers/54e44d5b-be8b-43ac-9bc0-0111fb86cdb2 0.409s
2025-12-15 11:04:28.706 66478 WARNING tempest.lib.common.ssh [-] Failed to establish authenticated ssh connection to cirros@10.180.180.133 ([Errno None] Unable to connect to port 22 on 10.180.180.133). Number attempts: 4. Retry after 5 seconds.: paramiko.ssh_exception.NoValidConnectionsError: [Errno None] Unable to connect to port 22 on 10.180.180.133
2025-12-15 11:04:28.750 66464 INFO tempest.lib.common.rest_client [req-378a7c77-9ab8-429b-ae2f-69f50ce066d3 req-378a7c77-9ab8-429b-ae2f-69f50ce066d3 ] Request (InstanceActionsNegativeTestJSON:tearDownClass): 200 GET http://10.180.1.21/compute/v2.1/servers/57a4b761-51e4-48e0-9948-cd1bd5be3943 0.474s
2025-12-15 11:04:28.776 66454 INFO tempest.lib.common.rest_client [req-b1cfb004-f190-4aaa-9a3e-3308addd9541 req-b1cfb004-f190-4aaa-9a3e-3308addd9541 ] Request (ServerRescueTestJSONUnderV235:tearDownClass): 204 DELETE http://10.180.1.21/compute/v2.1/servers/3bb84fed-f958-4b7d-ad64-23446b272234 0.442s
2025-12-15 11:04:28.837 66512 INFO tempest.lib.common.rest_client [req-bce5a3bc-412c-4cef-a26e-1346f2a15cd2 req-bce5a3bc-412c-4cef-a26e-1346f2a15cd2 ] Request (ServerShowV247Test:test_update_rebuild_list_server): 200 GET http://10.180.1.21/compute/v2.1/servers/591bba3c-03b4-490c-b7bb-d5dce071cea1 0.502s
2025-12-15 11:04:28.851 66512 INFO tempest.common.waiters [-] State transition "BUILD/None" ==> "BUILD/networking" after 31 second wait
2025-12-15 11:04:28.904 66490 INFO tempest.lib.common.rest_client [req-3e1a5fa6-948b-4014-9e78-5406ad5cda13 req-3e1a5fa6-948b-4014-9e78-5406ad5cda13 ] Request (ServersWithSpecificFlavorTestJSON:test_verify_created_server_ephemeral_disk): 200 GET http://10.180.1.21/compute/v2.1/servers/f28ebcb0-8dbd-4ef3-b2d5-05ddefd6c51f 0.559s
2025-12-15 11:04:28.911 66462 INFO tempest.lib.common.rest_client [req-71530386-453d-4954-8ccf-1b804de965b9 req-71530386-453d-4954-8ccf-1b804de965b9 ] Request (ServersAdminTestJSON:tearDownClass): 200 GET http://10.180.1.21/compute/v2.1/servers/eef30401-64b9-48d3-b371-3a38939b0e40 0.514s
2025-12-15 11:04:28.980 66511 INFO tempest.lib.common.rest_client [req-9ce26dbe-34c6-40ef-815b-3910455d2aed req-9ce26dbe-34c6-40ef-815b-3910455d2aed ] Request (ServerDiskConfigTestJSON:test_resize_server_from_auto_to_manual): 200 GET http://10.180.1.21/compute/v2.1/servers/c33baee6-fcdf-4996-a389-c5002e19e369 0.515s
2025-12-15 11:04:28.986 66456 INFO tempest.lib.common.rest_client [req-4f0a8998-d414-4944-aa21-5dda4452aa5c req-4f0a8998-d414-4944-aa21-5dda4452aa5c ] Request (ImagesOneServerNegativeTestJSON:_run_cleanups): 200 GET http://10.180.1.21/compute/v2.1/servers/cfbe5c89-b454-4fac-871e-851b2800a82f 0.579s
2025-12-15 11:04:29.116 66454 INFO tempest.lib.common.rest_client [req-578c24be-4f77-43b2-9864-9d9b14ef0308 req-578c24be-4f77-43b2-9864-9d9b14ef0308 ] Request (ServerRescueTestJSONUnderV235:tearDownClass): 200 GET http://10.180.1.21/compute/v2.1/servers/3bb84fed-f958-4b7d-ad64-23446b272234 0.339s
2025-12-15 11:04:29.162 66484 INFO tempest.lib.common.rest_client [req-9132eaeb-67e2-446c-a29e-5217699f9086 req-9132eaeb-67e2-446c-a29e-5217699f9086 ] Request (ServersAaction247Test:tearDownClass): 200 GET http://10.180.1.21/compute/v2.1/servers/c2a515e3-93dd-4949-8c5f-24855698b041 0.077s
2025-12-15 11:04:29.239 66470 INFO tempest.lib.common.rest_client [req-1affd824-1b11-4f90-a8b9-36137a862759 req-1affd824-1b11-4f90-a8b9-36137a862759 ] Request (AttachVolumeNegativeTest:test_attach_attached_volume_to_different_server): 200 GET http://10.180.1.21/compute/v2.1/servers/83b4ef88-60f6-44af-bf2e-82c6db0e95c0 0.093s
2025-12-15 11:04:29.257 66472 INFO tempest.lib.common.rest_client [req-cb007695-6475-4bfe-982c-2fee26db7516 req-cb007695-6475-4bfe-982c-2fee26db7516 ] Request (ListServerFiltersTestJSON:setUpClass): 200 GET http://10.180.1.21/compute/v2.1/servers/7e7bf593-6ae9-4c23-8f60-a1c76f9ba4dc 0.150s
2025-12-15 11:04:29.267 66472 INFO tempest.common.waiters [-] State transition "BUILD/spawning" ==> "ACTIVE/None" after 48 second wait
2025-12-15 11:04:29.313 66452 INFO tempest.lib.common.rest_client [req-e76420aa-c6c2-4be7-948c-d2815dc8a470 req-e76420aa-c6c2-4be7-948c-d2815dc8a470 ] Request (AttachInterfacesTestJSON:test_create_list_show_delete_interfaces_by_fixed_ip): 200 GET http://10.180.1.21/compute/v2.1/servers/c581cf23-a0e8-4deb-9853-0e42a292dfa7 0.139s
2025-12-15 11:04:29.339 66466 INFO tempest.lib.common.rest_client [req-d79ed62c-f86c-40f8-9382-912f0101f9c2 req-d79ed62c-f86c-40f8-9382-912f0101f9c2 ] Request (ServerAddressesNegativeTestJSON:setUpClass): 200 GET http://10.180.1.21/compute/v2.1/servers/fc5b7b64-b69e-4fe4-a611-743f4cbd0369 0.138s
2025-12-15 11:04:29.364 66474 INFO tempest.lib.common.rest_client [req-760ba299-e5b9-4f64-b299-75ec159e7262 req-760ba299-e5b9-4f64-b299-75ec159e7262 ] Request (ServerActionsTestOtherB:test_create_backup): 200 GET http://10.180.1.21/image/v2/images/700f2d75-827e-40f7-9527-e52eb8d9afea 0.025s
2025-12-15 11:04:29.390 66480 INFO tempest.lib.common.rest_client [req-a7e812d9-26a4-4905-9dd4-3f62ce8a6a79 req-a7e812d9-26a4-4905-9dd4-3f62ce8a6a79 ] Request (ServersTestManualDisk:tearDownClass): 200 GET http://10.180.1.21/compute/v2.1/servers/07424c8f-454e-4159-b4d3-aadf27bc8a7d 0.143s
2025-12-15 11:04:29.451 66472 INFO tempest.lib.common.rest_client [req-f804e265-ec54-4b38-9790-006303362271 req-f804e265-ec54-4b38-9790-006303362271 ] Request (ListServerFiltersTestJSON:setUpClass): 200 GET http://10.180.1.21/compute/v2.1/servers/20af29cc-1838-4735-987e-bd1d2c8b2d4d 0.183s
2025-12-15 11:04:29.463 66506 INFO tempest.lib.common.rest_client [req-feb67734-3d8a-4c54-9683-87588d727b4d req-feb67734-3d8a-4c54-9683-87588d727b4d ] Request (InstanceActionsV221TestJSON:test_get_list_deleted_instance_actions): 200 GET http://10.180.1.21/compute/v2.1/servers/3639f023-0b26-449a-aa9c-fa6c775c5c1f 0.140s
2025-12-15 11:04:29.530 66476 INFO tempest.lib.common.rest_client [req-e3a005a4-f782-4300-b788-cedfd96a9813 req-e3a005a4-f782-4300-b788-cedfd96a9813 ] Request (ServersV294TestFqdnHostnames:setUpClass): 200 GET http://10.180.1.21/compute/v2.1/servers/92e77b15-ca10-4b76-b5a5-cbf215836497 0.126s
2025-12-15 11:04:29.535 66486 INFO tempest.lib.common.rest_client [req-99187672-3368-4196-879c-65518ec01a97 req-99187672-3368-4196-879c-65518ec01a97 ] Request (ServerShowV254Test:tearDownClass): 200 GET http://10.180.1.21/compute/v2.1/servers/c20352d1-211e-490b-a9df-d834ce70e418 0.135s
2025-12-15 11:04:29.613 66468 INFO tempest.lib.common.rest_client [req-39a90ec9-83df-4668-8115-665f87ecbc4e req-39a90ec9-83df-4668-8115-665f87ecbc4e ] Request (ServerMetadataTestJSON:tearDownClass): 200 GET http://10.180.1.21/compute/v2.1/servers/0287f524-f07c-42d1-8cbb-016c9c442d79 0.141s
2025-12-15 11:04:29.649 66472 INFO tempest.lib.common.rest_client [req-f9c89783-c1b2-4adf-9c00-1734c18d594d req-f9c89783-c1b2-4adf-9c00-1734c18d594d ] Request (ListServerFiltersTestJSON:setUpClass): 200 GET http://10.180.1.21/compute/v2.1/servers/406e63b9-7e59-4657-9ce0-41e4071c30c8 0.188s
2025-12-15 11:04:29.704 66500 INFO tempest.lib.common.rest_client [req-632cce59-5df1-4669-94f8-eb02acecb893 req-632cce59-5df1-4669-94f8-eb02acecb893 ] Request (ServersTestJSON:test_create_server_with_ipv6_addr_only): 200 GET http://10.180.1.21/compute/v2.1/servers/a5bccb0e-0d39-4401-96cf-61c5ca405f3e 0.162s
2025-12-15 11:04:29.730 66492 INFO tempest.lib.common.rest_client [req-67daed24-3eeb-4241-8406-7aa75ed6984f req-67daed24-3eeb-4241-8406-7aa75ed6984f ] Request (MigrationsAdminTest:test_resize_server_revert_deleted_flavor): 200 GET http://10.180.1.21/compute/v2.1/servers/cc2ebda7-c4c6-4652-9372-ede462136fc1 0.196s
2025-12-15 11:04:29.768 66458 INFO tempest.lib.common.rest_client [req-517963f1-1173-407a-b52f-15144a499c23 req-517963f1-1173-407a-b52f-15144a499c23 ] Request (ServersTestFqdnHostnames:tearDownClass): 200 GET http://10.180.1.21/compute/v2.1/servers/e6deaea1-8bac-48ea-8962-225f90ea23f3 0.128s
2025-12-15 11:04:29.842 66482 INFO tempest.lib.common.rest_client [req-d9069cfd-eb1f-4c5d-a540-8e8f752a2d4c req-d9069cfd-eb1f-4c5d-a540-8e8f752a2d4c ] Request (SecurityGroupsTestJSON:tearDownClass): 200 GET http://10.180.1.21/compute/v2.1/servers/54e44d5b-be8b-43ac-9bc0-0111fb86cdb2 0.183s
2025-12-15 11:04:29.906 66464 INFO tempest.lib.common.rest_client [req-d252a41d-7454-4d07-a0ed-1082c11dab0d req-d252a41d-7454-4d07-a0ed-1082c11dab0d ] Request (InstanceActionsNegativeTestJSON:tearDownClass): 200 GET http://10.180.1.21/compute/v2.1/servers/57a4b761-51e4-48e0-9948-cd1bd5be3943 0.145s
2025-12-15 11:04:29.968 66512 INFO tempest.lib.common.rest_client [req-a0432b68-eca5-4311-a5fb-72f8a263d161 req-a0432b68-eca5-4311-a5fb-72f8a263d161 ] Request (ServerShowV247Test:test_update_rebuild_list_server): 200 GET http://10.180.1.21/compute/v2.1/servers/591bba3c-03b4-490c-b7bb-d5dce071cea1 0.116s
2025-12-15 11:04:29.983 66512 INFO tempest.common.waiters [-] State transition "BUILD/networking" ==> "BUILD/spawning" after 32 second wait
2025-12-15 11:04:30.009 66472 INFO tempest.lib.common.rest_client [req-b958113b-526f-4410-a7c6-2a41cd2bae7c req-b958113b-526f-4410-a7c6-2a41cd2bae7c ] Request (ListServerFiltersTestJSON:test_list_servers_detailed_filter_by_flavor): 200 GET http://10.180.1.21/compute/v2.1/servers/detail?flavor=84 0.352s
2025-12-15 11:04:30.073 66462 INFO tempest.lib.common.rest_client [req-3c9903f7-8f80-4e81-a441-eec6275e7429 req-3c9903f7-8f80-4e81-a441-eec6275e7429 ] Request (ServersAdminTestJSON:tearDownClass): 200 GET http://10.180.1.21/compute/v2.1/servers/eef30401-64b9-48d3-b371-3a38939b0e40 0.153s
2025-12-15 11:04:30.115 66490 INFO tempest.lib.common.rest_client [req-29bc5fa9-51b2-4f01-93cc-7ed9e5e36c67 req-29bc5fa9-51b2-4f01-93cc-7ed9e5e36c67 ] Request (ServersWithSpecificFlavorTestJSON:test_verify_created_server_ephemeral_disk): 200 GET http://10.180.1.21/compute/v2.1/servers/f28ebcb0-8dbd-4ef3-b2d5-05ddefd6c51f 0.202s
2025-12-15 11:04:30.130 66511 INFO tempest.lib.common.rest_client [req-0f1780af-4125-4ad4-87dc-da8a672f2c01 req-0f1780af-4125-4ad4-87dc-da8a672f2c01 ] Request (ServerDiskConfigTestJSON:test_resize_server_from_auto_to_manual): 200 GET http://10.180.1.21/compute/v2.1/servers/c33baee6-fcdf-4996-a389-c5002e19e369 0.140s
2025-12-15 11:04:30.175 66456 INFO tempest.lib.common.rest_client [req-1961d898-3730-4f35-ad72-c9faad99ac36 req-1961d898-3730-4f35-ad72-c9faad99ac36 ] Request (ImagesOneServerNegativeTestJSON:_run_cleanups): 200 GET http://10.180.1.21/compute/v2.1/servers/cfbe5c89-b454-4fac-871e-851b2800a82f 0.177s
2025-12-15 11:04:30.285 66454 INFO tempest.lib.common.rest_client [req-8e0a2ba6-30f1-4e32-9fa5-b1fd23b47a5d req-8e0a2ba6-30f1-4e32-9fa5-b1fd23b47a5d ] Request (ServerRescueTestJSONUnderV235:tearDownClass): 200 GET http://10.180.1.21/compute/v2.1/servers/3bb84fed-f958-4b7d-ad64-23446b272234 0.157s
2025-12-15 11:04:30.316 66472 INFO tempest.lib.common.rest_client [req-b4399819-d6ca-4796-8f63-741979b5fe02 req-b4399819-d6ca-4796-8f63-741979b5fe02 ] Request (ListServerFiltersTestJSON:test_list_servers_detailed_filter_by_server_name): 200 GET http://10.180.1.21/compute/v2.1/servers/detail?name=tempest-ListServerFiltersTestJSON-instance-1798448819 0.298s
2025-12-15 11:04:30.369 66484 INFO tempest.lib.common.rest_client [req-d5d5cc27-5f4d-424d-8981-872b195449ac req-d5d5cc27-5f4d-424d-8981-872b195449ac ] Request (ServersAaction247Test:tearDownClass): 200 GET http://10.180.1.21/compute/v2.1/servers/c2a515e3-93dd-4949-8c5f-24855698b041 0.197s
2025-12-15 11:04:30.388 66474 INFO tempest.lib.common.rest_client [req-dee89285-315b-4074-a60c-968f6492a236 req-dee89285-315b-4074-a60c-968f6492a236 ] Request (ServerActionsTestOtherB:test_create_backup): 200 GET http://10.180.1.21/image/v2/images/700f2d75-827e-40f7-9527-e52eb8d9afea 0.022s
2025-12-15 11:04:30.390 66470 INFO tempest.lib.common.rest_client [req-d0f92893-8b70-4898-af4a-f032b6f805a3 req-d0f92893-8b70-4898-af4a-f032b6f805a3 ] Request (AttachVolumeNegativeTest:test_attach_attached_volume_to_different_server): 200 GET http://10.180.1.21/compute/v2.1/servers/83b4ef88-60f6-44af-bf2e-82c6db0e95c0 0.139s
2025-12-15 11:04:30.430 66452 INFO tempest.lib.common.rest_client [req-05a0cec4-1a58-44cf-ac45-79738ea54776 req-05a0cec4-1a58-44cf-ac45-79738ea54776 ] Request (AttachInterfacesTestJSON:test_create_list_show_delete_interfaces_by_fixed_ip): 200 GET http://10.180.1.21/compute/v2.1/servers/c581cf23-a0e8-4deb-9853-0e42a292dfa7 0.103s
2025-12-15 11:04:30.485 66466 INFO tempest.lib.common.rest_client [req-8913c1d8-8f8e-460f-b21d-937bdd199ea1 req-8913c1d8-8f8e-460f-b21d-937bdd199ea1 ] Request (ServerAddressesNegativeTestJSON:setUpClass): 200 GET http://10.180.1.21/compute/v2.1/servers/fc5b7b64-b69e-4fe4-a611-743f4cbd0369 0.134s
2025-12-15 11:04:30.492 66466 INFO tempest.common.waiters [-] State transition "BUILD/scheduling" ==> "BUILD/None" after 2 second wait
2025-12-15 11:04:30.552 66480 INFO tempest.lib.common.rest_client [req-c5d25f31-88b2-4355-9bf8-d1e404303a55 req-c5d25f31-88b2-4355-9bf8-d1e404303a55 ] Request (ServersTestManualDisk:tearDownClass): 200 GET http://10.180.1.21/compute/v2.1/servers/07424c8f-454e-4159-b4d3-aadf27bc8a7d 0.149s
2025-12-15 11:04:30.592 66472 INFO tempest.lib.common.rest_client [req-b0f00628-5278-4995-a636-5ba984f47f65 req-b0f00628-5278-4995-a636-5ba984f47f65 ] Request (ListServerFiltersTestJSON:test_list_servers_detailed_filter_by_server_status): 200 GET http://10.180.1.21/compute/v2.1/servers/detail?status=active 0.264s
2025-12-15 11:04:30.613 66506 INFO tempest.lib.common.rest_client [req-8937ac86-5088-448b-b31a-b3018d4c8ef4 req-8937ac86-5088-448b-b31a-b3018d4c8ef4 ] Request (InstanceActionsV221TestJSON:test_get_list_deleted_instance_actions): 200 GET http://10.180.1.21/compute/v2.1/servers/3639f023-0b26-449a-aa9c-fa6c775c5c1f 0.141s
2025-12-15 11:04:30.666 66476 INFO tempest.lib.common.rest_client [req-c59d359b-14c3-4461-a487-8e59ba37506e req-c59d359b-14c3-4461-a487-8e59ba37506e ] Request (ServersV294TestFqdnHostnames:setUpClass): 200 GET http://10.180.1.21/compute/v2.1/servers/92e77b15-ca10-4b76-b5a5-cbf215836497 0.124s
2025-12-15 11:04:30.679 66486 INFO tempest.lib.common.rest_client [req-215af28b-782a-445b-9d42-f29ef428613d req-215af28b-782a-445b-9d42-f29ef428613d ] Request (ServerShowV254Test:tearDownClass): 200 GET http://10.180.1.21/compute/v2.1/servers/c20352d1-211e-490b-a9df-d834ce70e418 0.133s
2025-12-15 11:04:30.744 66468 INFO tempest.lib.common.rest_client [req-da1624a0-0b3d-495d-b235-f79095a8e018 req-da1624a0-0b3d-495d-b235-f79095a8e018 ] Request (ServerMetadataTestJSON:tearDownClass): 200 GET http://10.180.1.21/compute/v2.1/servers/0287f524-f07c-42d1-8cbb-016c9c442d79 0.121s
2025-12-15 11:04:30.783 66472 INFO tempest.lib.common.rest_client [req-4cece46c-ec6b-4a29-a4a9-3dde51819716 req-4cece46c-ec6b-4a29-a4a9-3dde51819716 ] Request (ListServerFiltersTestJSON:test_list_servers_detailed_limit_results): 200 GET http://10.180.1.21/compute/v2.1/servers/detail?limit=1 0.175s
2025-12-15 11:04:30.803 66500 INFO tempest.lib.common.rest_client [req-8320b32e-6791-4365-876a-698e9a56ddcf req-8320b32e-6791-4365-876a-698e9a56ddcf ] Request (ServersTestJSON:test_create_server_with_ipv6_addr_only): 200 GET http://10.180.1.21/compute/v2.1/servers/a5bccb0e-0d39-4401-96cf-61c5ca405f3e 0.091s
2025-12-15 11:04:30.868 66458 INFO tempest.lib.common.rest_client [req-97869ec8-0db3-4308-a5ad-d18fe990aad4 req-97869ec8-0db3-4308-a5ad-d18fe990aad4 ] Request (ServersTestFqdnHostnames:tearDownClass): 200 GET http://10.180.1.21/compute/v2.1/servers/e6deaea1-8bac-48ea-8962-225f90ea23f3 0.090s
2025-12-15 11:04:30.944 66492 INFO tempest.lib.common.rest_client [req-fe3f1b43-7ebd-4693-96f4-8fcc079b1b58 req-fe3f1b43-7ebd-4693-96f4-8fcc079b1b58 ] Request (MigrationsAdminTest:test_resize_server_revert_deleted_flavor): 200 GET http://10.180.1.21/compute/v2.1/servers/cc2ebda7-c4c6-4652-9372-ede462136fc1 0.203s
2025-12-15 11:04:30.971 66472 INFO tempest.lib.common.rest_client [req-e36a32dc-9a6d-4f41-9e02-c977a9e2af60 req-e36a32dc-9a6d-4f41-9e02-c977a9e2af60 ] Request (ListServerFiltersTestJSON:test_list_servers_filter_by_active_status): 200 GET http://10.180.1.21/compute/v2.1/servers?status=active 0.177s
2025-12-15 11:04:31.020 66482 INFO tempest.lib.common.rest_client [req-f7efd2f7-ea9a-4358-a34c-b874c53d3dbc req-f7efd2f7-ea9a-4358-a34c-b874c53d3dbc ] Request (SecurityGroupsTestJSON:tearDownClass): 200 GET http://10.180.1.21/compute/v2.1/servers/54e44d5b-be8b-43ac-9bc0-0111fb86cdb2 0.169s
2025-12-15 11:04:31.033 66464 INFO tempest.lib.common.rest_client [req-fcdc84c7-3d8f-4f8b-896d-f8e1bdae7d65 req-fcdc84c7-3d8f-4f8b-896d-f8e1bdae7d65 ] Request (InstanceActionsNegativeTestJSON:tearDownClass): 200 GET http://10.180.1.21/compute/v2.1/servers/57a4b761-51e4-48e0-9948-cd1bd5be3943 0.116s
2025-12-15 11:04:31.064 66472 INFO tempest.lib.common.rest_client [req-de6d7f2a-3f97-43cf-9117-c615b1f8bfab req-de6d7f2a-3f97-43cf-9117-c615b1f8bfab ] Request (ListServerFiltersTestJSON:test_list_servers_filter_by_exceed_limit): 200 GET http://10.180.1.21/compute/v2.1/servers?limit=100000 0.089s
2025-12-15 11:04:31.089 66512 INFO tempest.lib.common.rest_client [req-f915e408-b0f8-4e2d-a241-5f060e57de53 req-f915e408-b0f8-4e2d-a241-5f060e57de53 ] Request (ServerShowV247Test:test_update_rebuild_list_server): 200 GET http://10.180.1.21/compute/v2.1/servers/591bba3c-03b4-490c-b7bb-d5dce071cea1 0.105s
2025-12-15 11:04:31.115 66472 INFO tempest.lib.common.rest_client [req-f3f547de-55c8-4beb-a3b2-f6f8f68f3bc8 req-f3f547de-55c8-4beb-a3b2-f6f8f68f3bc8 ] Request (ListServerFiltersTestJSON:test_list_servers_filter_by_exceed_limit): 200 GET http://10.180.1.21/compute/v2.1/servers 0.049s
2025-12-15 11:04:31.161 66462 INFO tempest.lib.common.rest_client [req-ae0bd8f0-e9bf-4ef8-8dda-8406528a0d8d req-ae0bd8f0-e9bf-4ef8-8dda-8406528a0d8d ] Request (ServersAdminTestJSON:tearDownClass): 200 GET http://10.180.1.21/compute/v2.1/servers/eef30401-64b9-48d3-b371-3a38939b0e40 0.078s
2025-12-15 11:04:31.208 66472 INFO tempest.lib.common.rest_client [req-3516e591-b823-473d-85cf-4dce1c0bd427 req-3516e591-b823-473d-85cf-4dce1c0bd427 ] Request (ListServerFiltersTestJSON:test_list_servers_filter_by_flavor): 200 GET http://10.180.1.21/compute/v2.1/servers?flavor=84 0.089s
2025-12-15 11:04:31.265 66511 INFO tempest.lib.common.rest_client [req-bdc65116-81bc-4870-81bd-22ff11e4e6c7 req-bdc65116-81bc-4870-81bd-22ff11e4e6c7 ] Request (ServerDiskConfigTestJSON:test_resize_server_from_auto_to_manual): 200 GET http://10.180.1.21/compute/v2.1/servers/c33baee6-fcdf-4996-a389-c5002e19e369 0.126s
2025-12-15 11:04:31.281 66490 INFO tempest.lib.common.rest_client [req-622d952c-8a02-4b1c-b796-cad0abdc6eed req-622d952c-8a02-4b1c-b796-cad0abdc6eed ] Request (ServersWithSpecificFlavorTestJSON:test_verify_created_server_ephemeral_disk): 200 GET http://10.180.1.21/compute/v2.1/servers/f28ebcb0-8dbd-4ef3-b2d5-05ddefd6c51f 0.156s
2025-12-15 11:04:31.309 66472 INFO tempest.lib.common.rest_client [req-f3d8a45e-d82d-4bc3-8897-1c070cf8f1b6 req-f3d8a45e-d82d-4bc3-8897-1c070cf8f1b6 ] Request (ListServerFiltersTestJSON:test_list_servers_filter_by_limit): 200 GET http://10.180.1.21/compute/v2.1/servers?limit=1 0.098s
2025-12-15 11:04:31.322 66456 INFO tempest.lib.common.rest_client [req-236b2566-6f11-48e8-919d-0e55f9db04ef req-236b2566-6f11-48e8-919d-0e55f9db04ef ] Request (ImagesOneServerNegativeTestJSON:_run_cleanups): 200 GET http://10.180.1.21/compute/v2.1/servers/cfbe5c89-b454-4fac-871e-851b2800a82f 0.139s
2025-12-15 11:04:31.405 66472 INFO tempest.lib.common.rest_client [req-85d5ceb6-a7bc-4a4c-8961-dfb7109ceb2d req-85d5ceb6-a7bc-4a4c-8961-dfb7109ceb2d ] Request (ListServerFiltersTestJSON:test_list_servers_filter_by_server_name): 200 GET http://10.180.1.21/compute/v2.1/servers?name=tempest-ListServerFiltersTestJSON-instance-1798448819 0.093s
2025-12-15 11:04:31.410 66474 INFO tempest.lib.common.rest_client [req-84ca7728-6122-440c-a6d5-c0354ed18910 req-84ca7728-6122-440c-a6d5-c0354ed18910 ] Request (ServerActionsTestOtherB:test_create_backup): 200 GET http://10.180.1.21/image/v2/images/700f2d75-827e-40f7-9527-e52eb8d9afea 0.020s
2025-12-15 11:04:31.440 66454 INFO tempest.lib.common.rest_client [req-78b85a36-acf1-4749-8991-3e31d53af521 req-78b85a36-acf1-4749-8991-3e31d53af521 ] Request (ServerRescueTestJSONUnderV235:tearDownClass): 200 GET http://10.180.1.21/compute/v2.1/servers/3bb84fed-f958-4b7d-ad64-23446b272234 0.146s
2025-12-15 11:04:31.464 66484 INFO tempest.lib.common.rest_client [req-ac79329a-e5d9-45c6-b5af-465f900a8f85 req-ac79329a-e5d9-45c6-b5af-465f900a8f85 ] Request (ServersAaction247Test:tearDownClass): 200 GET http://10.180.1.21/compute/v2.1/servers/c2a515e3-93dd-4949-8c5f-24855698b041 0.075s
2025-12-15 11:04:31.505 66470 INFO tempest.lib.common.rest_client [req-2895633e-aaec-47d1-9b3f-e65505892b71 req-2895633e-aaec-47d1-9b3f-e65505892b71 ] Request (AttachVolumeNegativeTest:test_attach_attached_volume_to_different_server): 200 GET http://10.180.1.21/compute/v2.1/servers/83b4ef88-60f6-44af-bf2e-82c6db0e95c0 0.104s
2025-12-15 11:04:31.515 66472 INFO tempest.lib.common.rest_client [req-abc6873b-2c17-4e24-a0e3-2c53680e3d75 req-abc6873b-2c17-4e24-a0e3-2c53680e3d75 ] Request (ListServerFiltersTestJSON:test_list_servers_filter_by_shutoff_status): 202 POST http://10.180.1.21/compute/v2.1/servers/20af29cc-1838-4735-987e-bd1d2c8b2d4d/action 0.106s
2025-12-15 11:04:31.563 66452 INFO tempest.lib.common.rest_client [req-56de69e5-af24-458b-a955-040712a5b464 req-56de69e5-af24-458b-a955-040712a5b464 ] Request (AttachInterfacesTestJSON:test_create_list_show_delete_interfaces_by_fixed_ip): 200 GET http://10.180.1.21/compute/v2.1/servers/c581cf23-a0e8-4deb-9853-0e42a292dfa7 0.125s
2025-12-15 11:04:31.577 66466 INFO tempest.lib.common.rest_client [req-f43ebcb7-7d89-4a4a-8545-7a23be9cf687 req-f43ebcb7-7d89-4a4a-8545-7a23be9cf687 ] Request (ServerAddressesNegativeTestJSON:setUpClass): 200 GET http://10.180.1.21/compute/v2.1/servers/fc5b7b64-b69e-4fe4-a611-743f4cbd0369 0.084s
2025-12-15 11:04:31.646 66495 WARNING tempest.lib.common.ssh [-] Failed to establish authenticated ssh connection to cirros@10.180.180.251 ([Errno None] Unable to connect to port 22 on 10.180.180.251). Number attempts: 5. Retry after 6 seconds.: paramiko.ssh_exception.NoValidConnectionsError: [Errno None] Unable to connect to port 22 on 10.180.180.251
2025-12-15 11:04:31.659 66480 INFO tempest.lib.common.rest_client [req-949e71f0-18f1-46d0-b2e3-08cee99f0a7d req-949e71f0-18f1-46d0-b2e3-08cee99f0a7d ] Request (ServersTestManualDisk:tearDownClass): 200 GET http://10.180.1.21/compute/v2.1/servers/07424c8f-454e-4159-b4d3-aadf27bc8a7d 0.099s
2025-12-15 11:04:31.726 66506 INFO tempest.lib.common.rest_client [req-59939d64-5795-44b7-8577-c007becb446d req-59939d64-5795-44b7-8577-c007becb446d ] Request (InstanceActionsV221TestJSON:test_get_list_deleted_instance_actions): 200 GET http://10.180.1.21/compute/v2.1/servers/3639f023-0b26-449a-aa9c-fa6c775c5c1f 0.104s
2025-12-15 11:04:31.745 66472 INFO tempest.lib.common.rest_client [req-a44691eb-b4c0-4ab2-bfc2-8f775146a385 req-a44691eb-b4c0-4ab2-bfc2-8f775146a385 ] Request (ListServerFiltersTestJSON:test_list_servers_filter_by_shutoff_status): 200 GET http://10.180.1.21/compute/v2.1/servers/20af29cc-1838-4735-987e-bd1d2c8b2d4d 0.229s
2025-12-15 11:04:31.786 66476 INFO tempest.lib.common.rest_client [req-e4bfeb37-53a9-4b9e-93c3-dd436174ca5b req-e4bfeb37-53a9-4b9e-93c3-dd436174ca5b ] Request (ServersV294TestFqdnHostnames:setUpClass): 200 GET http://10.180.1.21/compute/v2.1/servers/92e77b15-ca10-4b76-b5a5-cbf215836497 0.109s
2025-12-15 11:04:31.817 66486 INFO tempest.lib.common.rest_client [req-b7090f39-98f8-41d7-b7ca-ee2c0e92cdc4 req-b7090f39-98f8-41d7-b7ca-ee2c0e92cdc4 ] Request (ServerShowV254Test:tearDownClass): 200 GET http://10.180.1.21/compute/v2.1/servers/c20352d1-211e-490b-a9df-d834ce70e418 0.129s
2025-12-15 11:04:31.861 66468 INFO tempest.lib.common.rest_client [req-911839c1-623a-4724-9290-fb68ca5f72a6 req-911839c1-623a-4724-9290-fb68ca5f72a6 ] Request (ServerMetadataTestJSON:tearDownClass): 200 GET http://10.180.1.21/compute/v2.1/servers/0287f524-f07c-42d1-8cbb-016c9c442d79 0.109s
2025-12-15 11:04:31.888 66500 INFO tempest.lib.common.rest_client [req-8f5545dd-cbd6-4e28-9d86-f37aa0e6fde4 req-8f5545dd-cbd6-4e28-9d86-f37aa0e6fde4 ] Request (ServersTestJSON:test_create_server_with_ipv6_addr_only): 200 GET http://10.180.1.21/compute/v2.1/servers/a5bccb0e-0d39-4401-96cf-61c5ca405f3e 0.076s
2025-12-15 11:04:31.940 66458 INFO tempest.lib.common.rest_client [req-7597dfa7-3292-4592-9686-abd39b8dccd7 req-7597dfa7-3292-4592-9686-abd39b8dccd7 ] Request (ServersTestFqdnHostnames:tearDownClass): 200 GET http://10.180.1.21/compute/v2.1/servers/e6deaea1-8bac-48ea-8962-225f90ea23f3 0.063s
2025-12-15 11:04:32.056 66492 INFO tempest.lib.common.rest_client [req-ee61fa1b-0ed1-4eb3-9064-f46e6580adc3 req-ee61fa1b-0ed1-4eb3-9064-f46e6580adc3 ] Request (MigrationsAdminTest:test_resize_server_revert_deleted_flavor): 200 GET http://10.180.1.21/compute/v2.1/servers/cc2ebda7-c4c6-4652-9372-ede462136fc1 0.104s
2025-12-15 11:04:32.095 66482 INFO tempest.lib.common.rest_client [req-de00074c-23c0-40ab-be0b-3db0d4613024 req-de00074c-23c0-40ab-be0b-3db0d4613024 ] Request (SecurityGroupsTestJSON:tearDownClass): 200 GET http://10.180.1.21/compute/v2.1/servers/54e44d5b-be8b-43ac-9bc0-0111fb86cdb2 0.067s
2025-12-15 11:04:32.114 66464 INFO tempest.lib.common.rest_client [req-054ebe0e-06c7-46c5-9635-3cb48823720c req-054ebe0e-06c7-46c5-9635-3cb48823720c ] Request (InstanceActionsNegativeTestJSON:tearDownClass): 200 GET http://10.180.1.21/compute/v2.1/servers/57a4b761-51e4-48e0-9948-cd1bd5be3943 0.073s
