2025-12-15 11:00:21.484 66504 INFO tempest.lib.common.rest_client [req-682455fc-dd4e-4a59-8e4c-4c3c30ade9aa req-682455fc-dd4e-4a59-8e4c-4c3c30ade9aa ] Request (AZAdminV2TestJSON:tearDownClass): 204 DELETE http://10.180.1.21/networking/v2.0/security-groups/bde9091b-28ea-46b7-814e-c0d5bd56f67f 0.265s
2025-12-15 11:00:21.533 66492 INFO tempest.lib.common.rest_client [req-166a710b-4688-4cab-b191-9df94866cedc req-166a710b-4688-4cab-b191-9df94866cedc ] Request (FlavorsExtraSpecsTestJSON:test_flavor_non_admin_get_all_keys): 200 GET http://10.180.1.21/compute/v2.1/flavors/981859687/os-extra_specs 1.306s
2025-12-15 11:00:21.540 66506 INFO tempest.lib.common.rest_client [req-c27f7115-9930-43ac-9f1d-6d9bc327d378 req-c27f7115-9930-43ac-9f1d-6d9bc327d378 ] Request (FlavorsExtraSpecsNegativeTestJSON:test_flavor_non_admin_set_keys): 403 POST http://10.180.1.21/compute/v2.1/flavors/1674684324/os-extra_specs 1.244s
2025-12-15 11:00:21.567 66500 INFO tempest.lib.common.rest_client [req-882f9805-aaec-44f7-b13e-24beb17fb0dc req-882f9805-aaec-44f7-b13e-24beb17fb0dc ] Request (FlavorsAdminTestJSON:_run_cleanups): 200 GET http://10.180.1.21/compute/v2.1/flavors/detail 1.253s
2025-12-15 11:00:21.571 66496 INFO tempest.lib.common.rest_client [req-f8183eb7-d204-4104-99e4-5eacbb0aa3c8 req-f8183eb7-d204-4104-99e4-5eacbb0aa3c8 ] Request (InstanceUsageAuditLogNegativeTestJSON:tearDownClass): 204 DELETE http://10.180.1.21/identity/v3/users/8fc14c6213ea4b47bbd217955107ed73 0.158s
2025-12-15 11:00:21.571 66496 INFO tempest.lib.common.dynamic_creds [-] Deleting project and security group for project: 71c7453ebb9247d0b9be430896797b20
2025-12-15 11:00:21.677 66504 INFO tempest.lib.common.rest_client [req-fcb384e8-2165-4c0c-a334-d5e1d1a8fb70 req-fcb384e8-2165-4c0c-a334-d5e1d1a8fb70 ] Request (AZAdminV2TestJSON:tearDownClass): 204 DELETE http://10.180.1.21/identity/v3/projects/894c8ada53174395be28e1779819da6b 0.193s
2025-12-15 11:00:21.749 66496 INFO tempest.lib.common.rest_client [req-595279ad-07cf-4ca0-9a96-a968d5abcf7a req-595279ad-07cf-4ca0-9a96-a968d5abcf7a ] Request (InstanceUsageAuditLogNegativeTestJSON:tearDownClass): 201 POST http://10.180.1.21/identity/v3/auth/tokens 0.177s
2025-12-15 11:00:21.788 66504 INFO tempest.lib.common.rest_client [req-f979d1c4-9c21-40ac-8fea-e5bf079884b4 req-f979d1c4-9c21-40ac-8fea-e5bf079884b4 ] Request (VolumesAdminNegativeTest:setUpClass): 201 POST http://10.180.1.21/identity/v3/auth/tokens 0.109s
2025-12-15 11:00:21.823 66504 INFO tempest.lib.common.rest_client [req-71e8ff75-66d0-4b43-8d4a-47288e3a24d7 req-71e8ff75-66d0-4b43-8d4a-47288e3a24d7 ] Request (VolumesAdminNegativeTest:setUpClass): 201 POST http://10.180.1.21/identity/v3/auth/tokens 0.031s
2025-12-15 11:00:21.867 66504 INFO tempest.lib.common.rest_client [req-c461720c-64f1-4f58-9fcb-ac4e22aa684e req-c461720c-64f1-4f58-9fcb-ac4e22aa684e ] Request (VolumesAdminNegativeTest:setUpClass): 200 GET http://10.180.1.21/identity/v3/domains?name=Default 0.044s
2025-12-15 11:00:21.899 66504 INFO tempest.lib.common.rest_client [req-3aaa16e6-c94a-49ec-b752-f8bbd107b09c req-3aaa16e6-c94a-49ec-b752-f8bbd107b09c ] Request (VolumesAdminNegativeTest:setUpClass): 201 POST http://10.180.1.21/identity/v3/projects 0.031s
2025-12-15 11:00:21.901 66452 INFO tempest.lib.common.rest_client [req-e7faf677-c8e7-467d-9589-c9e952b6bdf1 req-e7faf677-c8e7-467d-9589-c9e952b6bdf1 ] Request (AggregatesAdminNegativeTestJSON:test_aggregate_add_existent_host): 200 POST http://10.180.1.21/compute/v2.1/os-aggregates/1/action 1.830s
2025-12-15 11:00:21.960 66504 INFO tempest.lib.common.rest_client [req-1ece2ace-30c0-4ee8-86b3-ee86684a5825 req-1ece2ace-30c0-4ee8-86b3-ee86684a5825 ] Request (VolumesAdminNegativeTest:setUpClass): 201 POST http://10.180.1.21/identity/v3/users 0.060s
2025-12-15 11:00:21.976 66478 INFO tempest.lib.common.rest_client [req-cf1150b6-1673-4d66-a3af-aaee5103bfe9 req-cf1150b6-1673-4d66-a3af-aaee5103bfe9 ] Request (ServerActionsTestJSON:setUpClass): 200 PUT http://10.180.1.21/networking/v2.0/routers/a19c5447-d5db-4627-abcf-b14bb1680a15/add_router_interface 0.892s
2025-12-15 11:00:21.977 66478 INFO tempest.lib.common.dynamic_creds [-] Created isolated network resources for: credentials: Credentials: {'domain_id': 'default', 'domain_name': 'Default', 'username': 'tempest-ServerActionsTestJSON-1183820763-project-member', 'project_domain_id': 'default', 'project_domain_name': 'Default', 'project_id': '8c442abb08e04242bc8c13691c276b0c', 'project_name': 'tempest-ServerActionsTestJSON-1183820763', 'tenant_id': '8c442abb08e04242bc8c13691c276b0c', 'tenant_name': 'tempest-ServerActionsTestJSON-1183820763', 'user_domain_id': 'default', 'user_domain_name': 'Default', 'user_id': '6fb2bf84aa5e46fbaf0bafd5200e3927', 'system': None}, Network: {'id': '1d596863-b760-4295-b1b3-0829db9453ff', 'name': 'tempest-ServerActionsTestJSON-597812014-network', 'tenant_id': '8c442abb08e04242bc8c13691c276b0c', 'project_id': '8c442abb08e04242bc8c13691c276b0c', 'admin_state_up': True, 'mtu': 8950, 'status': 'ACTIVE', 'subnets': [], 'shared': False, 'port_security_enabled': True, 'router:external': False, 'provider:network_type': 'vlan', 'provider:physical_network': 'default', 'provider:segmentation_id': 74, 'availability_zone_hints': [], 'availability_zones': [], 'ipv4_address_scope': None, 'ipv6_address_scope': None, 'description': '', 'tags': [], 'created_at': '2025-12-15T11:00:19Z', 'updated_at': '2025-12-15T11:00:19Z', 'revision_number': 1}, Subnet: {'id': 'b065cadd-9eec-4221-a79d-0cc17102a140', 'name': 'tempest-ServerActionsTestJSON-597812014-subnet', 'tenant_id': '8c442abb08e04242bc8c13691c276b0c', 'network_id': '1d596863-b760-4295-b1b3-0829db9453ff', 'ip_version': 4, 'subnetpool_id': None, 'enable_dhcp': True, 'ipv6_ra_mode': None, 'ipv6_address_mode': None, 'gateway_ip': '192.168.128.1', 'cidr': '192.168.128.0/28', 'allocation_pools': [{'start': '192.168.128.2', 'end': '192.168.128.14'}], 'host_routes': [], 'dns_nameservers': [], 'description': '', 'router:external': False, 'service_types': [], 'tags': [], 'created_at': '2025-12-15T11:00:19Z', 'updated_at': '2025-12-15T11:00:19Z', 'revision_number': 0, 'project_id': '8c442abb08e04242bc8c13691c276b0c'}, Router: {'id': 'a19c5447-d5db-4627-abcf-b14bb1680a15', 'name': 'tempest-ServerActionsTestJSON-597812014-router', 'tenant_id': '8c442abb08e04242bc8c13691c276b0c', 'admin_state_up': True, 'status': 'ACTIVE', 'external_gateway_info': {'network_id': '8b463d50-dd50-4be6-8765-140bb5a8ba72', 'external_fixed_ips': [{'subnet_id': '99d0e800-0ff3-42bb-aaa3-a359a0a3daff', 'ip_address': '10.180.180.157'}], 'enable_snat': True}, 'description': '', 'availability_zones': [], 'distributed': False, 'ha': False, 'availability_zone_hints': [], 'routes': [], 'flavor_id': None, 'tags': [], 'created_at': '2025-12-15T11:00:20Z', 'updated_at': '2025-12-15T11:00:20Z', 'revision_number': 2, 'project_id': '8c442abb08e04242bc8c13691c276b0c'}
2025-12-15 11:00:21.994 66504 INFO tempest.lib.common.rest_client [req-d80e2f49-9831-4520-ab0e-1d0cf129b62f req-d80e2f49-9831-4520-ab0e-1d0cf129b62f ] Request (VolumesAdminNegativeTest:setUpClass): 200 GET http://10.180.1.21/identity/v3/roles 0.034s
2025-12-15 11:00:22.024 66504 INFO tempest.lib.common.rest_client [req-d434218f-22d8-4a43-bbce-5db82c1a3146 req-d434218f-22d8-4a43-bbce-5db82c1a3146 ] Request (VolumesAdminNegativeTest:setUpClass): 204 PUT http://10.180.1.21/identity/v3/projects/24811219bf434aa9a15a2198b2b49940/users/f047a14f7bf74ef3a6a680d204667e2d/roles/55cdd4d3c01741fc8fb93c67329a124a 0.029s
2025-12-15 11:00:22.024 66504 INFO tempest.lib.common.dynamic_creds [-] Dynamic test user f047a14f7bf74ef3a6a680d204667e2d is created with scope project and roles: ['member']
2025-12-15 11:00:22.025 66504 INFO tempest.lib.common.dynamic_creds [-] Acquired dynamic creds: credentials: Credentials: {'domain_id': 'default', 'domain_name': 'Default', 'username': 'tempest-VolumesAdminNegativeTest-1740235855-project-member', 'project_domain_id': 'default', 'project_domain_name': 'Default', 'project_id': '24811219bf434aa9a15a2198b2b49940', 'project_name': 'tempest-VolumesAdminNegativeTest-1740235855', 'tenant_id': '24811219bf434aa9a15a2198b2b49940', 'tenant_name': 'tempest-VolumesAdminNegativeTest-1740235855', 'user_domain_id': 'default', 'user_domain_name': 'Default', 'user_id': 'f047a14f7bf74ef3a6a680d204667e2d', 'system': None}, Network: None, Subnet: None, Router: None
2025-12-15 11:00:22.061 66478 INFO tempest.lib.common.rest_client [req-9f933b67-1019-4b98-907c-e4cdf9d7bda7 req-9f933b67-1019-4b98-907c-e4cdf9d7bda7 ] Request (ServerActionsTestJSON:setUpClass): 201 POST http://10.180.1.21/identity/v3/auth/tokens 0.078s
2025-12-15 11:00:22.080 66509 INFO tempest.lib.common.rest_client [req-4a24201f-3b92-4a8c-a06c-79560458ca8c req-4a24201f-3b92-4a8c-a06c-79560458ca8c ] Request (HypervisorAdminV228Test:tearDownClass): 204 DELETE http://10.180.1.21/networking/v2.0/security-groups/85ea3b17-1c07-4868-abc4-3effa84b431f 0.699s
2025-12-15 11:00:22.085 66504 INFO tempest.lib.common.rest_client [req-1a9bbd0c-7de7-4cc1-a928-75288f8f3a5d req-1a9bbd0c-7de7-4cc1-a928-75288f8f3a5d ] Request (VolumesAdminNegativeTest:setUpClass): 201 POST http://10.180.1.21/identity/v3/auth/tokens 0.060s
2025-12-15 11:00:22.142 66509 INFO tempest.lib.common.rest_client [req-7fccc7e5-181c-4c01-b7c9-ab2fa5691b44 req-7fccc7e5-181c-4c01-b7c9-ab2fa5691b44 ] Request (HypervisorAdminV228Test:tearDownClass): 204 DELETE http://10.180.1.21/identity/v3/projects/fe4a2070e124431885848ad4e8980923 0.061s
2025-12-15 11:00:22.208 66509 INFO tempest.lib.common.rest_client [req-fa606017-a007-4dfa-8a69-ffc8fedd1b90 req-fa606017-a007-4dfa-8a69-ffc8fedd1b90 ] Request (FlavorsV2NegativeTest:setUpClass): 201 POST http://10.180.1.21/identity/v3/auth/tokens 0.065s
2025-12-15 11:00:22.241 66509 INFO tempest.lib.common.rest_client [req-40c0025c-814f-471f-8e7e-9514a613b4b2 req-40c0025c-814f-471f-8e7e-9514a613b4b2 ] Request (FlavorsV2NegativeTest:setUpClass): 201 POST http://10.180.1.21/identity/v3/auth/tokens 0.029s
2025-12-15 11:00:22.273 66509 INFO tempest.lib.common.rest_client [req-f1e8b89e-078a-4d91-97a9-cb00ed502da2 req-f1e8b89e-078a-4d91-97a9-cb00ed502da2 ] Request (FlavorsV2NegativeTest:setUpClass): 200 GET http://10.180.1.21/identity/v3/domains?name=Default 0.032s
2025-12-15 11:00:22.310 66509 INFO tempest.lib.common.rest_client [req-2ae1175c-1eb6-43d6-8328-0149533aef55 req-2ae1175c-1eb6-43d6-8328-0149533aef55 ] Request (FlavorsV2NegativeTest:setUpClass): 201 POST http://10.180.1.21/identity/v3/projects 0.035s
2025-12-15 11:00:22.311 66496 INFO tempest.lib.common.rest_client [req-20c9a648-a700-458d-af1f-b83e6f06d840 req-20c9a648-a700-458d-af1f-b83e6f06d840 ] Request (InstanceUsageAuditLogNegativeTestJSON:tearDownClass): 200 GET http://10.180.1.21/networking/v2.0/security-groups?tenant_id=71c7453ebb9247d0b9be430896797b20&name=default 0.562s
2025-12-15 11:00:22.379 66509 INFO tempest.lib.common.rest_client [req-93c661ac-3f8c-4b5f-80c0-27fb9888da4a req-93c661ac-3f8c-4b5f-80c0-27fb9888da4a ] Request (FlavorsV2NegativeTest:setUpClass): 201 POST http://10.180.1.21/identity/v3/users 0.068s
2025-12-15 11:00:22.385 66474 INFO tempest.lib.common.rest_client [req-c65c8918-cdd8-4c2e-992f-f4947152763f req-c65c8918-cdd8-4c2e-992f-f4947152763f ] Request (FloatingIPsNegativeTestJSON:tearDownClass): 200 PUT http://10.180.1.21/networking/v2.0/routers/7c5d6707-c139-4d7f-8f58-0eb1fa3a4173/remove_router_interface 1.114s
2025-12-15 11:00:22.403 66509 INFO tempest.lib.common.rest_client [req-f371150b-ecf0-4a16-8b49-8814bb55c49e req-f371150b-ecf0-4a16-8b49-8814bb55c49e ] Request (FlavorsV2NegativeTest:setUpClass): 200 GET http://10.180.1.21/identity/v3/roles 0.024s
2025-12-15 11:00:22.439 66509 INFO tempest.lib.common.rest_client [req-8e9031ba-5c5e-4973-8483-fc76e18d7901 req-8e9031ba-5c5e-4973-8483-fc76e18d7901 ] Request (FlavorsV2NegativeTest:setUpClass): 204 PUT http://10.180.1.21/identity/v3/projects/dbe3c9d112df436f9f9e6697a8245693/users/b2ee7f1077044e05b4e934c6ecd964bc/roles/55cdd4d3c01741fc8fb93c67329a124a 0.036s
2025-12-15 11:00:22.439 66456 INFO tempest.lib.common.rest_client [req-d91eeb0b-81a0-4810-9273-f043307d8392 req-d91eeb0b-81a0-4810-9273-f043307d8392 ] Request (FloatingIPsAssociationTestJSON:setUpClass): 200 GET http://10.180.1.21/compute/v2.1/servers/aadd7127-0370-490e-ba32-f71b9fe6970a 1.917s
2025-12-15 11:00:22.440 66509 INFO tempest.lib.common.dynamic_creds [-] Dynamic test user b2ee7f1077044e05b4e934c6ecd964bc is created with scope project and roles: ['member']
2025-12-15 11:00:22.440 66509 INFO tempest.lib.common.dynamic_creds [-] Acquired dynamic creds: credentials: Credentials: {'domain_id': 'default', 'domain_name': 'Default', 'username': 'tempest-FlavorsV2NegativeTest-1784864030-project-member', 'project_domain_id': 'default', 'project_domain_name': 'Default', 'project_id': 'dbe3c9d112df436f9f9e6697a8245693', 'project_name': 'tempest-FlavorsV2NegativeTest-1784864030', 'tenant_id': 'dbe3c9d112df436f9f9e6697a8245693', 'tenant_name': 'tempest-FlavorsV2NegativeTest-1784864030', 'user_domain_id': 'default', 'user_domain_name': 'Default', 'user_id': 'b2ee7f1077044e05b4e934c6ecd964bc', 'system': None}, Network: None, Subnet: None, Router: None
2025-12-15 11:00:22.440 66509 INFO tempest.lib.common.dynamic_creds [-] Created isolated network resources for: credentials: Credentials: {'domain_id': 'default', 'domain_name': 'Default', 'username': 'tempest-FlavorsV2NegativeTest-1784864030-project-member', 'project_domain_id': 'default', 'project_domain_name': 'Default', 'project_id': 'dbe3c9d112df436f9f9e6697a8245693', 'project_name': 'tempest-FlavorsV2NegativeTest-1784864030', 'tenant_id': 'dbe3c9d112df436f9f9e6697a8245693', 'tenant_name': 'tempest-FlavorsV2NegativeTest-1784864030', 'user_domain_id': 'default', 'user_domain_name': 'Default', 'user_id': 'b2ee7f1077044e05b4e934c6ecd964bc', 'system': None}, Network: None, Subnet: None, Router: None
2025-12-15 11:00:22.451 66456 INFO tempest.common.waiters [-] State transition "BUILD/None" ==> "BUILD/networking" after 3 second wait
2025-12-15 11:00:22.481 66502 INFO tempest.lib.common.rest_client [req-efc63b36-887e-4432-b426-94d6603cb5f0 req-efc63b36-887e-4432-b426-94d6603cb5f0 ] Request (FlavorsV255TestJSON:test_crud_flavor): 200 PUT http://10.180.1.21/compute/v2.1/flavors/765107050 1.882s
2025-12-15 11:00:22.507 66498 INFO tempest.lib.common.rest_client [req-96df52d2-305f-4587-b6d7-89ecf398ab36 req-96df52d2-305f-4587-b6d7-89ecf398ab36 ] Request (HypervisorAdminTestJSON:test_get_hypervisor_show_details): 200 GET http://10.180.1.21/compute/v2.1/os-hypervisors/1 1.866s
2025-12-15 11:00:22.521 66470 INFO tempest.lib.common.rest_client [req-63999fba-d9c4-4dcb-99b9-219aff6362b1 req-63999fba-d9c4-4dcb-99b9-219aff6362b1 ] Request (HypervisorAdminNegativeUnderV252Test:test_search_nonexistent_hypervisor): 404 GET http://10.180.1.21/compute/v2.1/os-hypervisors/nonexistent_hypervisor_name/search 1.868s
2025-12-15 11:00:22.551 66509 INFO tempest.lib.common.rest_client [req-f5f925eb-abe7-45ae-a1be-c289cae81791 req-f5f925eb-abe7-45ae-a1be-c289cae81791 ] Request (FlavorsV2NegativeTest:setUpClass): 201 POST http://10.180.1.21/identity/v3/auth/tokens 0.106s
2025-12-15 11:00:22.617 66496 INFO tempest.lib.common.rest_client [req-e965f5de-4557-4028-b1b8-7399d60ac4bc req-e965f5de-4557-4028-b1b8-7399d60ac4bc ] Request (InstanceUsageAuditLogNegativeTestJSON:tearDownClass): 204 DELETE http://10.180.1.21/networking/v2.0/security-groups/e6fbf095-921d-433a-be37-c33f46730038 0.305s
2025-12-15 11:00:22.684 66490 INFO tempest.lib.common.rest_client [req-ea1384e0-4920-4d78-85be-c291e231701a req-ea1384e0-4920-4d78-85be-c291e231701a ] Request (ServersWithSpecificFlavorTestJSON:test_verify_created_server_ephemeral_disk): 200 POST http://10.180.1.21/compute/v2.1/flavors 1.881s
2025-12-15 11:00:22.705 66496 INFO tempest.lib.common.rest_client [req-09c80872-7f59-4738-b4ea-967748b77641 req-09c80872-7f59-4738-b4ea-967748b77641 ] Request (InstanceUsageAuditLogNegativeTestJSON:tearDownClass): 204 DELETE http://10.180.1.21/identity/v3/projects/71c7453ebb9247d0b9be430896797b20 0.088s
2025-12-15 11:00:22.705 66496 INFO tempest.lib.common.dynamic_creds [-] Deleting project and security group for project: 8817748c98044192bb422b6e6ef6d61e
2025-12-15 11:00:22.777 66504 INFO tempest.lib.common.rest_client [req-eeca8882-932c-440b-b4da-60c7a899cf60 req-eeca8882-932c-440b-b4da-60c7a899cf60 ] Request (VolumesAdminNegativeTest:setUpClass): 201 POST http://10.180.1.21/networking/v2.0/networks 0.691s
2025-12-15 11:00:22.813 66476 INFO tempest.lib.common.rest_client [req-e4e13ac1-e9f2-47db-8d21-98bb1cab3a57 req-e4e13ac1-e9f2-47db-8d21-98bb1cab3a57 ] Request (ServicesAdminTestJSON:test_get_service_by_host_name): 200 GET http://10.180.1.21/compute/v2.1/os-services 1.946s
2025-12-15 11:00:22.926 66464 INFO tempest.lib.common.rest_client [req-140d384f-42e9-4df2-a124-bbb185eb0cfc req-140d384f-42e9-4df2-a124-bbb185eb0cfc ] Request (VolumesAssistedSnapshotsTest:test_volume_assisted_snapshot_create_delete): 200 POST http://10.180.1.21/compute/v2.1/os-keypairs 2.056s
2025-12-15 11:00:22.956 66462 INFO tempest.lib.common.rest_client [req-4e3fa889-29ab-43f2-bb1d-92a9ea4d0456 req-4e3fa889-29ab-43f2-bb1d-92a9ea4d0456 ] Request (KeyPairsV210TestJSON:test_admin_manage_keypairs_for_other_users): 201 POST http://10.180.1.21/compute/v2.1/os-keypairs 2.036s
2025-12-15 11:00:22.981 66484 INFO tempest.lib.common.rest_client [req-df434276-8274-445a-b4f2-a8e4abe0d367 req-df434276-8274-445a-b4f2-a8e4abe0d367 ] Request (ServicesAdminNegativeV253TestJSON:test_get_service_by_invalid_params): 200 GET http://10.180.1.21/compute/v2.1/os-services 2.049s
2025-12-15 11:00:23.012 66488 INFO tempest.lib.common.rest_client [req-a9faf5d6-1aff-4548-8d66-ad8ec5621368 req-a9faf5d6-1aff-4548-8d66-ad8ec5621368 ] Request (FlavorsV2TestJSON:test_list_flavors_detailed_filter_by_min_disk): 200 GET http://10.180.1.21/compute/v2.1/flavors/detail?minDisk=2 2.067s
2025-12-15 11:00:23.059 66458 INFO tempest.lib.common.rest_client [req-a4b84207-cf18-45ac-8905-675622b7bfbf req-a4b84207-cf18-45ac-8905-675622b7bfbf ] Request (QuotaClassesAdmin257Test:_run_cleanups): 200 PUT http://10.180.1.21/compute/v2.1/os-quota-class-sets/default 2.105s
2025-12-15 11:00:23.117 66474 INFO tempest.lib.common.rest_client [req-fb0ec66f-2a52-47d2-8f33-ec9dad371f89 req-fb0ec66f-2a52-47d2-8f33-ec9dad371f89 ] Request (FloatingIPsNegativeTestJSON:tearDownClass): 204 DELETE http://10.180.1.21/networking/v2.0/routers/7c5d6707-c139-4d7f-8f58-0eb1fa3a4173 0.732s
2025-12-15 11:00:23.228 66458 INFO tempest.lib.common.rest_client [req-e282a884-a951-4364-ac9d-9fae28522a90 req-e282a884-a951-4364-ac9d-9fae28522a90 ] Request (QuotaClassesAdmin257Test:tearDownClass): 204 DELETE http://10.180.1.21/identity/v3/users/a9c361035848401e9a6445f8dfc5cca7 0.162s
2025-12-15 11:00:23.242 66496 INFO tempest.lib.common.rest_client [req-616fec04-258c-4350-a838-2acee79538a2 req-616fec04-258c-4350-a838-2acee79538a2 ] Request (InstanceUsageAuditLogNegativeTestJSON:tearDownClass): 200 GET http://10.180.1.21/networking/v2.0/security-groups?tenant_id=8817748c98044192bb422b6e6ef6d61e&name=default 0.536s
2025-12-15 11:00:23.263 66460 INFO tempest.lib.common.rest_client [req-7d7583b9-d5b2-429d-9b4b-89cbf1bad8ea req-7d7583b9-d5b2-429d-9b4b-89cbf1bad8ea ] Request (QuotasAdminTestJSON:test_delete_quota): 200 GET http://10.180.1.21/identity/v3/domains?name=Default 0.140s
2025-12-15 11:00:23.326 66458 INFO tempest.lib.common.rest_client [req-62970b61-9592-45a9-9491-1ad141605968 req-62970b61-9592-45a9-9491-1ad141605968 ] Request (QuotaClassesAdmin257Test:tearDownClass): 204 DELETE http://10.180.1.21/identity/v3/users/7cd45fe06f234613817ad43663b252c2 0.098s
2025-12-15 11:00:23.326 66458 INFO tempest.lib.common.dynamic_creds [-] Deleting project and security group for project: 6633d07a726e4170a99ba7462982d307
2025-12-15 11:00:23.336 66460 INFO tempest.lib.common.rest_client [req-399e53aa-8b76-4d34-88c1-951c18c0f63b req-399e53aa-8b76-4d34-88c1-951c18c0f63b ] Request (QuotasAdminTestJSON:test_delete_quota): 201 POST http://10.180.1.21/identity/v3/projects 0.072s
2025-12-15 11:00:23.368 66464 INFO tempest.lib.common.rest_client [req-33f93120-f78f-4d78-ad48-36a9f838ec55 req-33f93120-f78f-4d78-ad48-36a9f838ec55 ] Request (VolumesAssistedSnapshotsTest:test_volume_assisted_snapshot_create_delete): 201 POST http://10.180.1.21/networking/v2.0/security-groups 0.440s
2025-12-15 11:00:23.397 66458 INFO tempest.lib.common.rest_client [req-6a3a4e2f-9ffe-4f0d-a241-6e8967f8aad2 req-6a3a4e2f-9ffe-4f0d-a241-6e8967f8aad2 ] Request (QuotaClassesAdmin257Test:tearDownClass): 201 POST http://10.180.1.21/identity/v3/auth/tokens 0.070s
2025-12-15 11:00:23.398 66504 INFO tempest.lib.common.rest_client [req-e6db3921-9f59-450e-a6a1-5d26ccddd24c req-e6db3921-9f59-450e-a6a1-5d26ccddd24c ] Request (VolumesAdminNegativeTest:setUpClass): 201 POST http://10.180.1.21/networking/v2.0/subnets 0.620s
2025-12-15 11:00:23.408 66460 INFO tempest.lib.common.rest_client [req-c5e70082-432c-48d0-9ba4-dc0621d45a63 req-c5e70082-432c-48d0-9ba4-dc0621d45a63 ] Request (QuotasAdminTestJSON:test_delete_quota): 200 GET http://10.180.1.21/identity/v3/domains?name=Default 0.072s
2025-12-15 11:00:23.429 66515 INFO tempest.lib.common.rest_client [req-fda63ebd-8f42-4be9-b1ba-4231cdf037ec req-fda63ebd-8f42-4be9-b1ba-4231cdf037ec ] Request (ServersAdmin275Test:test_rebuild_update_server_275): 200 GET http://10.180.1.21/compute/v2.1/servers/1c446f17-417b-4917-b40b-f14463dcff6b 2.307s
2025-12-15 11:00:23.464 66454 INFO tempest.lib.common.rest_client [req-6ca8d599-f317-4836-85b0-41f70ae6598b req-6ca8d599-f317-4836-85b0-41f70ae6598b ] Request (FlavorsV261TestJSON:test_crud_flavor): 200 GET http://10.180.1.21/compute/v2.1/flavors/detail 2.293s
2025-12-15 11:00:23.472 66472 INFO tempest.lib.common.rest_client [req-09cb891f-5a39-4a9c-8b51-5fe20a7a1a65 req-09cb891f-5a39-4a9c-8b51-5fe20a7a1a65 ] Request (HypervisorAdminNegativeTestJSON:test_get_hypervisor_stats_with_non_admin_user): 403 GET http://10.180.1.21/compute/v2.1/os-hypervisors/statistics 2.295s
2025-12-15 11:00:23.498 66511 INFO tempest.lib.common.rest_client [req-b8794876-e180-4c6d-984f-bd55b2745841 req-b8794876-e180-4c6d-984f-bd55b2745841 ] Request (ImagesMetadataNegativeTestJSON:test_set_nonexistent_image_metadata_item): 404 PUT http://10.180.1.21/compute/v2.1/images/0bf24dc9-e318-46b4-8313-41cf710037aa/metadata/os_distro 2.305s
2025-12-15 11:00:23.531 66496 INFO tempest.lib.common.rest_client [req-c69087c3-4e33-4d4c-ad32-b980dd4e337e req-c69087c3-4e33-4d4c-ad32-b980dd4e337e ] Request (InstanceUsageAuditLogNegativeTestJSON:tearDownClass): 204 DELETE http://10.180.1.21/networking/v2.0/security-groups/02600ed4-9ec5-4405-b1b5-7d2fe24107b6 0.289s
2025-12-15 11:00:23.564 66474 INFO tempest.lib.common.rest_client [req-b7a5d8e8-b0dd-4437-9ce3-8f73631be746 req-b7a5d8e8-b0dd-4437-9ce3-8f73631be746 ] Request (FloatingIPsNegativeTestJSON:tearDownClass): 204 DELETE http://10.180.1.21/networking/v2.0/subnets/e36a612f-af8a-4465-b904-a821951fbeab 0.446s
2025-12-15 11:00:23.591 66468 INFO tempest.lib.common.rest_client [req-02d6ea56-8269-4c4e-81a0-459ace1449f9 req-02d6ea56-8269-4c4e-81a0-459ace1449f9 ] Request (QuotasAdminNegativeTest:test_create_server_when_cpu_quota_is_full): 403 POST http://10.180.1.21/compute/v2.1/servers 3.252s
2025-12-15 11:00:23.610 66466 INFO tempest.lib.common.rest_client [req-021b7e7d-0325-4031-8895-b76e31581777 req-021b7e7d-0325-4031-8895-b76e31581777 ] Request (FlavorsAccessTestJSON:_run_cleanups): 202 DELETE http://10.180.1.21/compute/v2.1/flavors/397977430 2.304s
2025-12-15 11:00:23.613 66496 INFO tempest.lib.common.rest_client [req-32f4afad-751e-4a04-b862-30303d364873 req-32f4afad-751e-4a04-b862-30303d364873 ] Request (InstanceUsageAuditLogNegativeTestJSON:tearDownClass): 204 DELETE http://10.180.1.21/identity/v3/projects/8817748c98044192bb422b6e6ef6d61e 0.081s
2025-12-15 11:00:23.614 66496 INFO tempest.test [-] raised in LiveMigrationManagerWorkflowTest.setUpClass. Invoking tearDownClass.
2025-12-15 11:00:23.634 66482 INFO tempest.lib.common.rest_client [req-de8e6a99-cea3-4bb7-bfbb-6f4e41695187 req-de8e6a99-cea3-4bb7-bfbb-6f4e41695187 ] Request (FlavorMetadataValidation:_run_cleanups): 200 GET http://10.180.1.21/compute/v2.1/flavors/detail 2.319s
2025-12-15 11:00:23.639 66495 INFO tempest.lib.common.rest_client [req-165bdb1a-42ad-4fe4-9c1d-fd077a3aa043 req-165bdb1a-42ad-4fe4-9c1d-fd077a3aa043 ] Request (FlavorsAccessNegativeTestJSON:test_add_flavor_access_duplicate): 409 POST http://10.180.1.21/compute/v2.1/flavors/1807858930/action 2.368s
2025-12-15 11:00:23.655 66506 INFO tempest.lib.common.rest_client [req-ae3d810c-5b4d-437c-b3c8-c3673154b8d6 req-ae3d810c-5b4d-437c-b3c8-c3673154b8d6 ] Request (FlavorsExtraSpecsNegativeTestJSON:test_flavor_non_admin_unset_keys): 200 POST http://10.180.1.21/compute/v2.1/flavors/1674684324/os-extra_specs 2.114s
2025-12-15 11:00:23.661 66492 INFO tempest.lib.common.rest_client [req-957e349f-be74-4799-a5dd-3ad06a109be7 req-957e349f-be74-4799-a5dd-3ad06a109be7 ] Request (FlavorsExtraSpecsTestJSON:test_flavor_non_admin_get_specific_key): 200 POST http://10.180.1.21/compute/v2.1/flavors/981859687/os-extra_specs 2.119s
2025-12-15 11:00:23.663 66464 INFO tempest.lib.common.rest_client [req-e4c8449e-c074-44a1-b9f5-85be6522128b req-e4c8449e-c074-44a1-b9f5-85be6522128b ] Request (VolumesAssistedSnapshotsTest:test_volume_assisted_snapshot_create_delete): 201 POST http://10.180.1.21/networking/v2.0/security-group-rules 0.294s
2025-12-15 11:00:23.675 66500 INFO tempest.lib.common.rest_client [req-eb42c9bd-6c2c-4635-b681-38fb818a9118 req-eb42c9bd-6c2c-4635-b681-38fb818a9118 ] Request (FlavorsAdminTestJSON:test_create_flavor_verify_entry_in_list_details): 200 POST http://10.180.1.21/compute/v2.1/flavors 2.093s
2025-12-15 11:00:23.691 66496 INFO tempest.lib.common.rest_client [req-22d3ec30-1270-410d-a319-7a6d963a94e5 req-22d3ec30-1270-410d-a319-7a6d963a94e5 ] Request (ServerShowV257Test:setUpClass): 201 POST http://10.180.1.21/identity/v3/auth/tokens 0.073s
2025-12-15 11:00:23.730 66452 INFO tempest.lib.common.rest_client [req-36fb4a8a-9bae-4e4b-a1e4-5af1e83dded6 req-36fb4a8a-9bae-4e4b-a1e4-5af1e83dded6 ] Request (AggregatesAdminNegativeTestJSON:test_aggregate_add_existent_host): 409 POST http://10.180.1.21/compute/v2.1/os-aggregates/1/action 1.827s
2025-12-15 11:00:23.770 66482 INFO tempest.lib.common.rest_client [req-7d0fe2bc-4745-40e8-8933-9343f012b63b req-7d0fe2bc-4745-40e8-8933-9343f012b63b ] Request (FlavorMetadataValidation:tearDownClass): 204 DELETE http://10.180.1.21/identity/v3/users/f9614b181d8b42b18b1fbcbc7e197a8d 0.123s
2025-12-15 11:00:23.785 66496 INFO tempest.lib.common.rest_client [req-004eda5b-f5b3-4dcb-b66d-ae3583c7b701 req-004eda5b-f5b3-4dcb-b66d-ae3583c7b701 ] Request (ServerShowV257Test:setUpClass): 201 POST http://10.180.1.21/identity/v3/auth/tokens 0.089s
2025-12-15 11:00:23.825 66458 INFO tempest.lib.common.rest_client [req-8ac59061-c7ef-422f-ab24-2901e6e1d948 req-8ac59061-c7ef-422f-ab24-2901e6e1d948 ] Request (QuotaClassesAdmin257Test:tearDownClass): 200 GET http://10.180.1.21/networking/v2.0/security-groups?tenant_id=6633d07a726e4170a99ba7462982d307&name=default 0.428s
2025-12-15 11:00:23.873 66482 INFO tempest.lib.common.rest_client [req-e91c2370-0662-4a2d-8a55-ef0e8830e8b9 req-e91c2370-0662-4a2d-8a55-ef0e8830e8b9 ] Request (FlavorMetadataValidation:tearDownClass): 204 DELETE http://10.180.1.21/identity/v3/users/b6986a0ea5414051847f4ec9a7ac5adb 0.102s
2025-12-15 11:00:23.873 66482 INFO tempest.lib.common.dynamic_creds [-] Deleting project and security group for project: f9d34365ec30436ca20e35b7721e77df
2025-12-15 11:00:23.884 66478 INFO tempest.lib.common.rest_client [req-2697d50b-9f09-44ff-8735-025a33a96d1f req-2697d50b-9f09-44ff-8735-025a33a96d1f ] Request (ServerActionsTestJSON:setUpClass): 200 POST http://10.180.1.21/compute/v2.1/os-keypairs 1.821s
2025-12-15 11:00:23.922 66496 INFO tempest.lib.common.rest_client [req-15eee219-b349-4b81-b526-912d11483f9a req-15eee219-b349-4b81-b526-912d11483f9a ] Request (ServerShowV257Test:setUpClass): 200 GET http://10.180.1.21/identity/v3/domains?name=Default 0.136s
2025-12-15 11:00:23.977 66482 INFO tempest.lib.common.rest_client [req-4bb801d8-66f6-4ea9-8f2e-7a304232ea95 req-4bb801d8-66f6-4ea9-8f2e-7a304232ea95 ] Request (FlavorMetadataValidation:tearDownClass): 201 POST http://10.180.1.21/identity/v3/auth/tokens 0.103s
2025-12-15 11:00:24.031 66496 INFO tempest.lib.common.rest_client [req-f76e053a-73a3-4786-b252-9aa011ad74dc req-f76e053a-73a3-4786-b252-9aa011ad74dc ] Request (ServerShowV257Test:setUpClass): 201 POST http://10.180.1.21/identity/v3/projects 0.108s
2025-12-15 11:00:24.087 66496 INFO tempest.lib.common.rest_client [req-8e804e60-dcaf-411c-95a6-f4794264adf6 req-8e804e60-dcaf-411c-95a6-f4794264adf6 ] Request (ServerShowV257Test:setUpClass): 201 POST http://10.180.1.21/identity/v3/users 0.055s
2025-12-15 11:00:24.107 66496 INFO tempest.lib.common.rest_client [req-a2a03fdf-8e2d-4f75-8be0-7b25f8baac9a req-a2a03fdf-8e2d-4f75-8be0-7b25f8baac9a ] Request (ServerShowV257Test:setUpClass): 200 GET http://10.180.1.21/identity/v3/roles 0.019s
2025-12-15 11:00:24.133 66496 INFO tempest.lib.common.rest_client [req-68f91eb6-2957-4ab3-81ea-a08095c7b965 req-68f91eb6-2957-4ab3-81ea-a08095c7b965 ] Request (ServerShowV257Test:setUpClass): 204 PUT http://10.180.1.21/identity/v3/projects/145d7b3a1bb64b1a9a24122e5a0098ee/users/a4c1530e58f3405a8b1b00c1defffd37/roles/55cdd4d3c01741fc8fb93c67329a124a 0.025s
2025-12-15 11:00:24.133 66496 INFO tempest.lib.common.dynamic_creds [-] Dynamic test user a4c1530e58f3405a8b1b00c1defffd37 is created with scope project and roles: ['member']
2025-12-15 11:00:24.133 66496 INFO tempest.lib.common.dynamic_creds [-] Acquired dynamic creds: credentials: Credentials: {'domain_id': 'default', 'domain_name': 'Default', 'username': 'tempest-ServerShowV257Test-2018422730-project-member', 'project_domain_id': 'default', 'project_domain_name': 'Default', 'project_id': '145d7b3a1bb64b1a9a24122e5a0098ee', 'project_name': 'tempest-ServerShowV257Test-2018422730', 'tenant_id': '145d7b3a1bb64b1a9a24122e5a0098ee', 'tenant_name': 'tempest-ServerShowV257Test-2018422730', 'user_domain_id': 'default', 'user_domain_name': 'Default', 'user_id': 'a4c1530e58f3405a8b1b00c1defffd37', 'system': None}, Network: None, Subnet: None, Router: None
2025-12-15 11:00:24.133 66496 INFO tempest.lib.common.dynamic_creds [-] Created isolated network resources for: credentials: Credentials: {'domain_id': 'default', 'domain_name': 'Default', 'username': 'tempest-ServerShowV257Test-2018422730-project-member', 'project_domain_id': 'default', 'project_domain_name': 'Default', 'project_id': '145d7b3a1bb64b1a9a24122e5a0098ee', 'project_name': 'tempest-ServerShowV257Test-2018422730', 'tenant_id': '145d7b3a1bb64b1a9a24122e5a0098ee', 'tenant_name': 'tempest-ServerShowV257Test-2018422730', 'user_domain_id': 'default', 'user_domain_name': 'Default', 'user_id': 'a4c1530e58f3405a8b1b00c1defffd37', 'system': None}, Network: None, Subnet: None, Router: None
2025-12-15 11:00:24.203 66496 INFO tempest.lib.common.rest_client [req-7b823270-b2cb-47f9-b0c3-6e993a38e4d2 req-7b823270-b2cb-47f9-b0c3-6e993a38e4d2 ] Request (ServerShowV257Test:setUpClass): 201 POST http://10.180.1.21/identity/v3/auth/tokens 0.067s
2025-12-15 11:00:24.246 66496 INFO tempest.lib.common.rest_client [req-25e08140-4f35-4a06-84af-3d88dcb60b47 req-25e08140-4f35-4a06-84af-3d88dcb60b47 ] Request (ServerShowV257Test:test_rebuild_server): 201 POST http://10.180.1.21/identity/v3/auth/tokens 0.039s
2025-12-15 11:00:24.246 66496 INFO tempest.lib.common.fixed_network [-] (ServerShowV257Test:test_rebuild_server) Found network None available for tenant
2025-12-15 11:00:24.341 66504 INFO tempest.lib.common.rest_client [req-0b532fe2-8e0a-4314-85fa-9476bb90cdfc req-0b532fe2-8e0a-4314-85fa-9476bb90cdfc ] Request (VolumesAdminNegativeTest:setUpClass): 201 POST http://10.180.1.21/networking/v2.0/routers 0.943s
2025-12-15 11:00:24.694 66474 INFO tempest.lib.common.rest_client [req-bb1f4657-8300-470b-8d4b-e2af903773c0 req-bb1f4657-8300-470b-8d4b-e2af903773c0 ] Request (FloatingIPsNegativeTestJSON:tearDownClass): 204 DELETE http://10.180.1.21/networking/v2.0/networks/7d4bb4f6-2180-42da-93d5-45e7e5d0ecbf 1.130s
2025-12-15 11:00:24.795 66464 INFO tempest.lib.common.rest_client [req-f568eeca-0967-47c3-9aca-00a15cec7880 req-f568eeca-0967-47c3-9aca-00a15cec7880 ] Request (VolumesAssistedSnapshotsTest:test_volume_assisted_snapshot_create_delete): 201 POST http://10.180.1.21/networking/v2.0/security-group-rules 1.131s
2025-12-15 11:00:24.820 66474 INFO tempest.lib.common.rest_client [req-65acdde0-0255-42de-8eae-517a4a99f7e8 req-65acdde0-0255-42de-8eae-517a4a99f7e8 ] Request (FloatingIPsNegativeTestJSON:tearDownClass): 204 DELETE http://10.180.1.21/identity/v3/users/7cfb56091ff84e3694799baaa074f4a1 0.125s
2025-12-15 11:00:24.820 66474 INFO tempest.lib.common.dynamic_creds [-] Deleting project and security group for project: fba4345283cb4170b3249f82c3bcfd5e
2025-12-15 11:00:24.831 66486 INFO tempest.lib.common.rest_client [req-7769ce46-723a-48e3-b803-1f8d6d499c89 req-7769ce46-723a-48e3-b803-1f8d6d499c89 ] Request (DeleteServersAdminTestJSON:test_admin_delete_servers_of_others): 200 GET http://10.180.1.21/compute/v2.1/servers/9b5e88bd-58d2-4aaf-9d2a-17396ee56485 2.925s
2025-12-15 11:00:24.840 66486 INFO tempest.common.waiters [-] State transition "BUILD/None" ==> "BUILD/networking" after 4 second wait
2025-12-15 11:00:24.858 66502 INFO tempest.lib.common.rest_client [req-511cbc87-30b2-4a13-b86c-28ad4c3ef6d3 req-511cbc87-30b2-4a13-b86c-28ad4c3ef6d3 ] Request (FlavorsV255TestJSON:test_crud_flavor): 200 GET http://10.180.1.21/compute/v2.1/flavors/detail 2.369s
2025-12-15 11:00:24.875 66498 INFO tempest.lib.common.rest_client [req-968c7680-b8cd-4d6d-b37f-c998771b1c63 req-968c7680-b8cd-4d6d-b37f-c998771b1c63 ] Request (HypervisorAdminTestJSON:test_get_hypervisor_stats): 200 GET http://10.180.1.21/compute/v2.1/os-hypervisors/statistics 2.363s
2025-12-15 11:00:24.897 66470 INFO tempest.lib.common.rest_client [req-63c32234-a1bb-40c6-8d66-c06fe4c82fa7 req-63c32234-a1bb-40c6-8d66-c06fe4c82fa7 ] Request (HypervisorAdminNegativeUnderV252Test:test_show_servers_with_non_admin_user): 200 GET http://10.180.1.21/compute/v2.1/os-hypervisors 2.375s
2025-12-15 11:00:24.903 66458 INFO tempest.lib.common.rest_client [req-855597c3-2ea0-424a-8242-c19a4831ec06 req-855597c3-2ea0-424a-8242-c19a4831ec06 ] Request (QuotaClassesAdmin257Test:tearDownClass): 204 DELETE http://10.180.1.21/networking/v2.0/security-groups/70045cd7-678e-42dc-8ba1-5f1091be2cc8 1.077s
2025-12-15 11:00:24.999 66509 INFO tempest.lib.common.rest_client [req-53140e8a-a4c2-4d2b-9125-7111aa6dca92 req-53140e8a-a4c2-4d2b-9125-7111aa6dca92 ] Request (FlavorsV2NegativeTest:test_boot_with_low_ram): 200 GET http://10.180.1.21/compute/v2.1/flavors/42 2.447s
2025-12-15 11:00:25.003 66478 INFO tempest.lib.common.rest_client [req-aa23f2ea-d45a-417c-a4a0-eac8006718a2 req-aa23f2ea-d45a-417c-a4a0-eac8006718a2 ] Request (ServerActionsTestJSON:setUpClass): 201 POST http://10.180.1.21/networking/v2.0/security-groups 1.116s
2025-12-15 11:00:25.005 66498 INFO tempest.lib.common.rest_client [req-e597b4b9-0786-4b2b-abac-cc3f6ea3eb31 req-e597b4b9-0786-4b2b-abac-cc3f6ea3eb31 ] Request (HypervisorAdminTestJSON:tearDownClass): 204 DELETE http://10.180.1.21/identity/v3/users/72c2f94fe296450d86940b3ee22e708e 0.126s
2025-12-15 11:00:25.009 66490 INFO tempest.lib.common.rest_client [req-fb7b0060-39dd-4dd4-be43-d95ab6d7ab15 req-fb7b0060-39dd-4dd4-be43-d95ab6d7ab15 ] Request (ServersWithSpecificFlavorTestJSON:test_verify_created_server_ephemeral_disk): 200 GET http://10.180.1.21/compute/v2.1/flavors/42/os-extra_specs 2.323s
2025-12-15 11:00:25.036 66512 INFO tempest.lib.common.rest_client [req-0b1067e2-0e21-4c27-b80e-fddfeee58a87 req-0b1067e2-0e21-4c27-b80e-fddfeee58a87 ] Request (TenantUsagesTestJSON:setUpClass): 200 GET http://10.180.1.21/compute/v2.1/servers/f569bc59-bf50-4ec0-8282-0e28bdb931b0 2.895s
2025-12-15 11:00:25.044 66476 INFO tempest.lib.common.rest_client [req-073973d4-e62f-47e4-98ea-6eee4386518e req-073973d4-e62f-47e4-98ea-6eee4386518e ] Request (ServicesAdminTestJSON:test_get_service_by_host_name): 200 GET http://10.180.1.21/compute/v2.1/os-services?host=devstack 2.228s
2025-12-15 11:00:25.055 66462 INFO tempest.lib.common.rest_client [req-e58e74d7-c11f-4ad2-adec-1af7e226215c req-e58e74d7-c11f-4ad2-adec-1af7e226215c ] Request (KeyPairsV210TestJSON:test_admin_manage_keypairs_for_other_users): 200 GET http://10.180.1.21/compute/v2.1/os-keypairs?user_id=e242f814c39f4fcfbfbf19749712451a 2.097s
2025-12-15 11:00:25.066 66488 INFO tempest.lib.common.rest_client [req-0a806e30-2736-43f5-99a5-da5e6a5fc1f5 req-0a806e30-2736-43f5-99a5-da5e6a5fc1f5 ] Request (FlavorsV2TestJSON:test_list_flavors_detailed_filter_by_min_ram): 200 GET http://10.180.1.21/compute/v2.1/flavors/42 2.047s
2025-12-15 11:00:25.067 66484 INFO tempest.lib.common.rest_client [req-4a32990c-49e9-4f05-b31e-6dbdbae2bca8 req-4a32990c-49e9-4f05-b31e-6dbdbae2bca8 ] Request (ServicesAdminNegativeV253TestJSON:test_get_service_by_invalid_params): 200 GET http://10.180.1.21/compute/v2.1/os-services?xxx=nova-compute 2.083s
2025-12-15 11:00:25.084 66458 INFO tempest.lib.common.rest_client [req-edbf1db3-2682-420f-bc8f-0ab8aa96e2c6 req-edbf1db3-2682-420f-bc8f-0ab8aa96e2c6 ] Request (QuotaClassesAdmin257Test:tearDownClass): 204 DELETE http://10.180.1.21/identity/v3/projects/6633d07a726e4170a99ba7462982d307 0.180s
2025-12-15 11:00:25.084 66458 INFO tempest.lib.common.dynamic_creds [-] Deleting project and security group for project: 84fdfdf592824d19a7b495ad00e2da6e
2025-12-15 11:00:25.120 66498 INFO tempest.lib.common.rest_client [req-c06e8bc8-d88f-447e-a236-4ac97b5e2556 req-c06e8bc8-d88f-447e-a236-4ac97b5e2556 ] Request (HypervisorAdminTestJSON:tearDownClass): 204 DELETE http://10.180.1.21/identity/v3/users/34fcf8a893fd40d08b5d955d5ef50f3b 0.114s
2025-12-15 11:00:25.120 66498 INFO tempest.lib.common.dynamic_creds [-] Deleting project and security group for project: f0e6b2086b324c12882ff11024873f53
2025-12-15 11:00:25.209 66498 INFO tempest.lib.common.rest_client [req-6decb0ce-8cdc-4213-bc2b-fb598aaef9ac req-6decb0ce-8cdc-4213-bc2b-fb598aaef9ac ] Request (HypervisorAdminTestJSON:tearDownClass): 201 POST http://10.180.1.21/identity/v3/auth/tokens 0.088s
2025-12-15 11:00:25.294 66482 INFO tempest.lib.common.rest_client [req-57e77fa1-df24-4ecf-9bf9-b0f3a9ffdccd req-57e77fa1-df24-4ecf-9bf9-b0f3a9ffdccd ] Request (FlavorMetadataValidation:tearDownClass): 200 GET http://10.180.1.21/networking/v2.0/security-groups?tenant_id=f9d34365ec30436ca20e35b7721e77df&name=default 1.317s
2025-12-15 11:00:25.315 66460 INFO tempest.lib.common.rest_client [req-428b566b-3526-4dba-81b1-b4940387711b req-428b566b-3526-4dba-81b1-b4940387711b ] Request (QuotasAdminTestJSON:test_delete_quota): 200 GET http://10.180.1.21/compute/v2.1/os-quota-sets/416942f3a9814fe48b84ee3e668791fd 1.906s
2025-12-15 11:00:25.344 66454 INFO tempest.lib.common.rest_client [req-fca82821-bed4-4f11-a379-f54551c685fc req-fca82821-bed4-4f11-a379-f54551c685fc ] Request (FlavorsV261TestJSON:test_crud_flavor): 200 GET http://10.180.1.21/compute/v2.1/flavors 1.873s
2025-12-15 11:00:25.425 66472 INFO tempest.lib.common.rest_client [req-7e56c5d4-169a-4093-aa2f-f646f9be3a0b req-7e56c5d4-169a-4093-aa2f-f646f9be3a0b ] Request (HypervisorAdminNegativeTestJSON:test_get_hypervisor_uptime_with_non_admin_user): 200 GET http://10.180.1.21/compute/v2.1/os-hypervisors 1.951s
2025-12-15 11:00:25.442 66511 INFO tempest.lib.common.rest_client [req-14215ab7-2ecb-43c9-8132-9f85479c6ad4 req-14215ab7-2ecb-43c9-8132-9f85479c6ad4 ] Request (ImagesMetadataNegativeTestJSON:test_update_nonexistent_image_metadata): 404 POST http://10.180.1.21/compute/v2.1/images/ff73ea70-8b25-4672-809d-a01dba02c826/metadata 1.942s
2025-12-15 11:00:25.501 66509 INFO tempest.lib.common.rest_client [req-016cdfe5-020b-43be-ba27-6da17066dcb1 req-016cdfe5-020b-43be-ba27-6da17066dcb1 ] Request (FlavorsV2NegativeTest:test_boot_with_low_ram): 201 POST http://10.180.1.21/image/v2/images 0.494s
2025-12-15 11:00:25.563 66511 INFO tempest.lib.common.rest_client [req-05fc29ba-ee59-49eb-a137-badaa4332eb8 req-05fc29ba-ee59-49eb-a137-badaa4332eb8 ] Request (ImagesMetadataNegativeTestJSON:tearDownClass): 204 DELETE http://10.180.1.21/identity/v3/users/596209e65e36485e803a8f7b5ef6e6d0 0.119s
2025-12-15 11:00:25.563 66511 INFO tempest.lib.common.dynamic_creds [-] Deleting project and security group for project: 79296301a9c54030b2257d18e13bf383
2025-12-15 11:00:25.649 66468 INFO tempest.lib.common.rest_client [req-840eaa76-ca63-43e6-b2d5-db9e8f970f77 req-840eaa76-ca63-43e6-b2d5-db9e8f970f77 ] Request (QuotasAdminNegativeTest:_run_cleanups): 200 PUT http://10.180.1.21/compute/v2.1/os-quota-sets/1ae779cbf08b40e4908dd62538c8f46d 2.058s
2025-12-15 11:00:25.661 66511 INFO tempest.lib.common.rest_client [req-830ce153-765a-4987-a7f3-48319e504303 req-830ce153-765a-4987-a7f3-48319e504303 ] Request (ImagesMetadataNegativeTestJSON:tearDownClass): 201 POST http://10.180.1.21/identity/v3/auth/tokens 0.098s
2025-12-15 11:00:25.681 66466 INFO tempest.lib.common.rest_client [req-8585e105-7324-405c-a8b1-b766c83c0b7b req-8585e105-7324-405c-a8b1-b766c83c0b7b ] Request (FlavorsAccessTestJSON:_run_cleanups): 200 GET http://10.180.1.21/compute/v2.1/flavors/detail 2.071s
2025-12-15 11:00:25.813 66495 INFO tempest.lib.common.rest_client [req-f2d77453-758e-4a2f-af84-9dc2f819e3a7 req-f2d77453-758e-4a2f-af84-9dc2f819e3a7 ] Request (FlavorsAccessNegativeTestJSON:_run_cleanups): 200 POST http://10.180.1.21/compute/v2.1/flavors/1807858930/action 2.172s
2025-12-15 11:00:25.819 66506 INFO tempest.lib.common.rest_client [req-25a2fdff-0816-428e-8c87-335e9e34cc12 req-25a2fdff-0816-428e-8c87-335e9e34cc12 ] Request (FlavorsExtraSpecsNegativeTestJSON:test_flavor_non_admin_unset_keys): 403 DELETE http://10.180.1.21/compute/v2.1/flavors/1674684324/os-extra_specs/hw:numa_nodes 2.163s
2025-12-15 11:00:25.835 66492 INFO tempest.lib.common.rest_client [req-1256dcf1-8c79-42fc-b5c3-d4ce130e1837 req-1256dcf1-8c79-42fc-b5c3-d4ce130e1837 ] Request (FlavorsExtraSpecsTestJSON:test_flavor_non_admin_get_specific_key): 200 GET http://10.180.1.21/compute/v2.1/flavors/981859687/os-extra_specs/hw:numa_nodes 2.173s
2025-12-15 11:00:25.862 66500 INFO tempest.lib.common.rest_client [req-5244a573-15ba-4b17-833a-6a0a98cf4565 req-5244a573-15ba-4b17-833a-6a0a98cf4565 ] Request (FlavorsAdminTestJSON:test_create_flavor_verify_entry_in_list_details): 200 GET http://10.180.1.21/compute/v2.1/flavors/detail 2.184s
2025-12-15 11:00:25.970 66452 INFO tempest.lib.common.rest_client [req-689c3288-b859-48d7-ac47-3d4f96a77a17 req-689c3288-b859-48d7-ac47-3d4f96a77a17 ] Request (AggregatesAdminNegativeTestJSON:_run_cleanups): 200 POST http://10.180.1.21/compute/v2.1/os-aggregates/1/action 2.239s
2025-12-15 11:00:26.054 66464 INFO tempest.lib.common.rest_client [req-199c33bf-f5a2-40d8-98fa-aa2a54787a45 req-199c33bf-f5a2-40d8-98fa-aa2a54787a45 ] Request (VolumesAssistedSnapshotsTest:test_volume_assisted_snapshot_create_delete): 201 POST http://10.180.1.21/networking/v2.0/floatingips 1.258s
2025-12-15 11:00:26.111 66464 INFO tempest.lib.common.rest_client [req-f0f2c1a2-2324-4f07-8834-bc9bdafec2e1 req-f0f2c1a2-2324-4f07-8834-bc9bdafec2e1 ] Request (VolumesAssistedSnapshotsTest:test_volume_assisted_snapshot_create_delete): 201 POST http://10.180.1.21/identity/v3/auth/tokens 0.054s
2025-12-15 11:00:26.111 66464 INFO tempest.lib.common.fixed_network [-] (VolumesAssistedSnapshotsTest:test_volume_assisted_snapshot_create_delete) Found network {'id': 'ff354ba6-0aa3-43a0-8af6-df1798405687', 'name': 'tempest-VolumesAssistedSnapshotsTest-1976319984-network', 'tenant_id': 'c754b78d87cf40548ce25da73b99dba1', 'project_id': 'c754b78d87cf40548ce25da73b99dba1', 'admin_state_up': True, 'mtu': 8950, 'status': 'ACTIVE', 'subnets': [], 'shared': False, 'port_security_enabled': True, 'router:external': False, 'provider:network_type': 'vlan', 'provider:physical_network': 'default', 'provider:segmentation_id': 21, 'availability_zone_hints': [], 'availability_zones': [], 'ipv4_address_scope': None, 'ipv6_address_scope': None, 'description': '', 'tags': [], 'created_at': '2025-12-15T11:00:06Z', 'updated_at': '2025-12-15T11:00:06Z', 'revision_number': 1} available for tenant
2025-12-15 11:00:26.123 66474 INFO tempest.lib.common.rest_client [req-6e534ab9-fdf5-4bf7-bbdd-8d52b17705e8 req-6e534ab9-fdf5-4bf7-bbdd-8d52b17705e8 ] Request (FloatingIPsNegativeTestJSON:tearDownClass): 200 GET http://10.180.1.21/networking/v2.0/security-groups?tenant_id=fba4345283cb4170b3249f82c3bcfd5e&name=default 1.303s
2025-12-15 11:00:26.145 66496 INFO tempest.lib.common.rest_client [req-7c2b29a2-359e-4983-8974-70a8d21febbb req-7c2b29a2-359e-4983-8974-70a8d21febbb ] Request (ServerShowV257Test:test_rebuild_server): 202 POST http://10.180.1.21/compute/v2.1/servers 1.898s
2025-12-15 11:00:26.233 66478 INFO tempest.lib.common.rest_client [req-05025c72-357a-442e-81d3-eb1054d39f02 req-05025c72-357a-442e-81d3-eb1054d39f02 ] Request (ServerActionsTestJSON:setUpClass): 201 POST http://10.180.1.21/networking/v2.0/security-group-rules 1.230s
2025-12-15 11:00:26.237 66504 INFO tempest.lib.common.rest_client [req-f1ef6be8-b9e1-4f24-896c-d6fcdd6d548e req-f1ef6be8-b9e1-4f24-896c-d6fcdd6d548e ] Request (VolumesAdminNegativeTest:setUpClass): 200 PUT http://10.180.1.21/networking/v2.0/routers/3e569adf-4407-45eb-a93f-da8a2f3aac9a/add_router_interface 1.896s
2025-12-15 11:00:26.237 66504 INFO tempest.lib.common.dynamic_creds [-] Created isolated network resources for: credentials: Credentials: {'domain_id': 'default', 'domain_name': 'Default', 'username': 'tempest-VolumesAdminNegativeTest-1740235855-project-member', 'project_domain_id': 'default', 'project_domain_name': 'Default', 'project_id': '24811219bf434aa9a15a2198b2b49940', 'project_name': 'tempest-VolumesAdminNegativeTest-1740235855', 'tenant_id': '24811219bf434aa9a15a2198b2b49940', 'tenant_name': 'tempest-VolumesAdminNegativeTest-1740235855', 'user_domain_id': 'default', 'user_domain_name': 'Default', 'user_id': 'f047a14f7bf74ef3a6a680d204667e2d', 'system': None}, Network: {'id': '98dc8510-477b-40d9-8515-bdfc5dd4b3b9', 'name': 'tempest-VolumesAdminNegativeTest-1364098205-network', 'tenant_id': '24811219bf434aa9a15a2198b2b49940', 'project_id': '24811219bf434aa9a15a2198b2b49940', 'admin_state_up': True, 'mtu': 8950, 'status': 'ACTIVE', 'subnets': [], 'shared': False, 'port_security_enabled': True, 'router:external': False, 'provider:network_type': 'vlan', 'provider:physical_network': 'default', 'provider:segmentation_id': 127, 'availability_zone_hints': [], 'availability_zones': [], 'ipv4_address_scope': None, 'ipv6_address_scope': None, 'description': '', 'tags': [], 'created_at': '2025-12-15T11:00:22Z', 'updated_at': '2025-12-15T11:00:22Z', 'revision_number': 1}, Subnet: {'id': 'ba3df64d-01a3-456b-a7db-2ca326044693', 'name': 'tempest-VolumesAdminNegativeTest-1364098205-subnet', 'tenant_id': '24811219bf434aa9a15a2198b2b49940', 'network_id': '98dc8510-477b-40d9-8515-bdfc5dd4b3b9', 'ip_version': 4, 'subnetpool_id': None, 'enable_dhcp': True, 'ipv6_ra_mode': None, 'ipv6_address_mode': None, 'gateway_ip': '192.168.128.1', 'cidr': '192.168.128.0/28', 'allocation_pools': [{'start': '192.168.128.2', 'end': '192.168.128.14'}], 'host_routes': [], 'dns_nameservers': [], 'description': '', 'router:external': False, 'service_types': [], 'tags': [], 'created_at': '2025-12-15T11:00:23Z', 'updated_at': '2025-12-15T11:00:23Z', 'revision_number': 0, 'project_id': '24811219bf434aa9a15a2198b2b49940'}, Router: {'id': '3e569adf-4407-45eb-a93f-da8a2f3aac9a', 'name': 'tempest-VolumesAdminNegativeTest-1364098205-router', 'tenant_id': '24811219bf434aa9a15a2198b2b49940', 'admin_state_up': True, 'status': 'ACTIVE', 'external_gateway_info': {'network_id': '8b463d50-dd50-4be6-8765-140bb5a8ba72', 'external_fixed_ips': [{'subnet_id': '99d0e800-0ff3-42bb-aaa3-a359a0a3daff', 'ip_address': '10.180.180.181'}], 'enable_snat': True}, 'description': '', 'availability_zones': [], 'distributed': False, 'ha': False, 'availability_zone_hints': [], 'routes': [], 'flavor_id': None, 'tags': [], 'created_at': '2025-12-15T11:00:23Z', 'updated_at': '2025-12-15T11:00:24Z', 'revision_number': 2, 'project_id': '24811219bf434aa9a15a2198b2b49940'}
2025-12-15 11:00:26.303 66509 INFO tempest.lib.common.rest_client [req-c1efee79-e088-4561-9963-03d5de683783 req-c1efee79-e088-4561-9963-03d5de683783 ] Request (FlavorsV2NegativeTest:test_boot_with_low_ram): 204 PUT http://10.180.1.21/image/v2/images/1ba27193-fdab-4197-9cbd-3ced09f6ce9a/file 0.802s
2025-12-15 11:00:26.321 66504 INFO tempest.lib.common.rest_client [req-5b7b6840-cdd5-42e4-98e8-efd2e051660a req-5b7b6840-cdd5-42e4-98e8-efd2e051660a ] Request (VolumesAdminNegativeTest:setUpClass): 201 POST http://10.180.1.21/identity/v3/auth/tokens 0.081s
2025-12-15 11:00:26.345 66458 INFO tempest.lib.common.rest_client [req-70a5299e-b771-47a0-9173-05c6220bbea0 req-70a5299e-b771-47a0-9173-05c6220bbea0 ] Request (QuotaClassesAdmin257Test:tearDownClass): 200 GET http://10.180.1.21/networking/v2.0/security-groups?tenant_id=84fdfdf592824d19a7b495ad00e2da6e&name=default 1.260s
2025-12-15 11:00:26.377 66504 INFO tempest.lib.common.rest_client [req-c22a07e7-6621-437a-bb92-295637eb6850 req-c22a07e7-6621-437a-bb92-295637eb6850 ] Request (VolumesAdminNegativeTest:setUpClass): 201 POST http://10.180.1.21/identity/v3/projects 0.055s
2025-12-15 11:00:26.381 66509 INFO tempest.lib.common.rest_client [req-57cecdfe-c768-436d-b5f0-eec47829bd9f req-57cecdfe-c768-436d-b5f0-eec47829bd9f ] Request (FlavorsV2NegativeTest:test_boot_with_low_ram): 201 POST http://10.180.1.21/identity/v3/auth/tokens 0.075s
