2025-11-27 05:10:57.626 65737 INFO tempest.lib.common.rest_client [req-2c29edef-5372-4b4d-9d25-9c5718d49c75 req-2c29edef-5372-4b4d-9d25-9c5718d49c75 ] Request (AttachInterfacesTestJSON:_run_cleanups): 200 GET http://10.180.1.21/compute/v2.1/servers/98970067-ead7-4ea9-84ad-9e1c7717884a 0.574s
2025-11-27 05:10:57.633 65737 INFO tempest.common.waiters [-] State transition "ACTIVE/deleting" ==> "DELETED/None" after 4 second wait
2025-11-27 05:10:57.677 65697 INFO tempest.lib.common.rest_client [req-f5533fa9-85ef-430a-b275-cf0a20c2a8bc req-f5533fa9-85ef-430a-b275-cf0a20c2a8bc ] Request (DeleteServersTestJSON:test_delete_server_while_in_attached_volume): 200 GET http://10.180.1.21/compute/v2.1/servers/0d0f28a9-9391-4dc6-864c-0d2239d76a31 0.366s
2025-11-27 05:10:57.681 65755 INFO tempest.lib.common.rest_client [req-43b73cd8-6a6a-4938-9e2c-18e2fb7d8b4d req-43b73cd8-6a6a-4938-9e2c-18e2fb7d8b4d ] Request (InstanceActionsV221TestJSON:test_get_list_deleted_instance_actions): 200 GET http://10.180.1.21/compute/v2.1/servers/01c5b38c-5048-4434-a227-1eff54ba6873 0.434s
2025-11-27 05:10:57.683 65715 INFO tempest.lib.common.rest_client [req-3b05f84d-fc9b-4078-a47f-fe19585d2d95 req-3b05f84d-fc9b-4078-a47f-fe19585d2d95 ] Request (ServersNegativeTestJSON:test_invalid_ip_v6_address): 400 POST http://10.180.1.21/compute/v2.1/servers 0.337s
2025-11-27 05:10:57.696 65707 WARNING tempest.lib.common.ssh [-] Failed to establish authenticated ssh connection to cirros@10.180.180.169 ([Errno None] Unable to connect to port 22 on 10.180.180.169). Number attempts: 5. Retry after 6 seconds.: paramiko.ssh_exception.NoValidConnectionsError: [Errno None] Unable to connect to port 22 on 10.180.180.169
2025-11-27 05:10:57.738 65717 INFO tempest.lib.common.rest_client [req-60c55b3f-e41f-413e-8d43-71ff88e0985f req-60c55b3f-e41f-413e-8d43-71ff88e0985f ] Request (ServersAdminTestJSON:test_list_servers_filter_by_error_status): 202 POST http://10.180.1.21/compute/v2.1/servers/5e1683e6-ab5f-483a-9e44-5a6ccc3deccc/action 0.340s
2025-11-27 05:10:57.740 65743 INFO tempest.lib.common.rest_client [req-f9e60063-a9e7-4459-b20e-6838624ff08d req-f9e60063-a9e7-4459-b20e-6838624ff08d ] Request (FloatingIPsAssociationTestJSON:tearDownClass): 200 GET http://10.180.1.21/compute/v2.1/servers/2a07b983-c662-4bc9-9fc9-dbb4f1705c08 0.333s
2025-11-27 05:10:57.793 65709 INFO tempest.lib.common.rest_client [req-91a206b0-368a-4f10-86fd-d604d09b9c7f req-91a206b0-368a-4f10-86fd-d604d09b9c7f ] Request (ServerDiskConfigTestJSON:test_rebuild_server_with_manual_disk_config): 200 GET http://10.180.1.21/compute/v2.1/servers/aad1453a-9e7a-4a22-801b-1bb86b1acb97 0.306s
2025-11-27 05:10:57.800 65709 INFO tempest.common.waiters [-] State transition "BUILD/None" ==> "BUILD/networking" after 48 second wait
2025-11-27 05:10:57.848 65725 INFO tempest.lib.common.rest_client [req-bbf863e3-0e27-4950-ba66-829fbf1990af req-bbf863e3-0e27-4950-ba66-829fbf1990af ] Request (ServersAaction247Test:test_create_backup): 200 GET http://10.180.1.21/compute/v2.1/servers/6ee2e726-1745-4a1f-8bbe-d0dd401accf5 0.337s
2025-11-27 05:10:57.848 65711 INFO tempest.lib.common.rest_client [req-0953b006-5d24-4aba-b6e7-172842359552 req-0953b006-5d24-4aba-b6e7-172842359552 ] Request (ServersAdminNegativeTestJSON:test_migrate_server_invalid_state): 200 GET http://10.180.1.21/compute/v2.1/servers/ff073319-666d-4c85-b88a-91f7f1f7979b 0.413s
2025-11-27 05:10:57.901 65723 INFO tempest.lib.common.rest_client [req-b5c0c844-77eb-4cf3-b4af-edc24dd0f288 req-b5c0c844-77eb-4cf3-b4af-edc24dd0f288 ] Request (ServerRescueTestJSON:test_rescue_unrescue_instance): 200 GET http://10.180.1.21/compute/v2.1/servers/50700607-4f15-4e5b-81c3-23368b6afcfe 0.353s
2025-11-27 05:10:57.938 65745 INFO tempest.lib.common.rest_client [req-65e812ea-94d9-4c0d-a2b3-386e2d013a79 req-65e812ea-94d9-4c0d-a2b3-386e2d013a79 ] Request (FloatingIPsAssociationNegativeTestJSON:test_associate_nonexistent_floating_ip): 404 POST http://10.180.1.21/compute/v2.1/servers/7ba7b3f1-03f6-4dc9-965b-182ecc765466/action 0.405s
2025-11-27 05:10:57.961 65757 INFO tempest.lib.common.rest_client [req-0b5379f0-fbca-4fc6-ab0e-af097c745c0d req-0b5379f0-fbca-4fc6-ab0e-af097c745c0d ] Request (ImagesOneServerTestJSON:tearDownClass): 200 GET http://10.180.1.21/compute/v2.1/servers/d5371421-6fae-4329-99cf-8a9ea1cc11ff 0.309s
2025-11-27 05:10:58.037 65715 INFO tempest.lib.common.rest_client [req-038481a5-733f-4206-91a0-05ada56a2817 req-038481a5-733f-4206-91a0-05ada56a2817 ] Request (ServersNegativeTestJSON:tearDown): 200 GET http://10.180.1.21/compute/v2.1/servers/bee241c2-8a06-4245-a9a2-7253352d7ac6 0.354s
2025-11-27 05:10:58.126 65717 INFO tempest.lib.common.rest_client [req-cb81c8cc-a2cc-4f2c-af42-5d512c038462 req-cb81c8cc-a2cc-4f2c-af42-5d512c038462 ] Request (ServersAdminTestJSON:test_list_servers_filter_by_error_status): 200 GET http://10.180.1.21/compute/v2.1/servers/5e1683e6-ab5f-483a-9e44-5a6ccc3deccc 0.387s
2025-11-27 05:10:58.140 65731 INFO tempest.lib.common.rest_client [req-2b42330f-1c80-451a-9d6d-910d3b0fa13f req-2b42330f-1c80-451a-9d6d-910d3b0fa13f ] Request (ImagesOneServerNegativeTestJSON:setUpClass): 200 GET http://10.180.1.21/compute/v2.1/servers/fc28829c-021d-4920-8c1b-2a11abb95024 0.377s
2025-11-27 05:10:58.167 65745 INFO tempest.lib.common.rest_client [req-fe627e83-63d4-4cb2-bd4e-78fa9ebbaeb7 req-fe627e83-63d4-4cb2-bd4e-78fa9ebbaeb7 ] Request (FloatingIPsAssociationNegativeTestJSON:test_dissociate_nonexistent_floating_ip): 404 POST http://10.180.1.21/compute/v2.1/servers/7ba7b3f1-03f6-4dc9-965b-182ecc765466/action 0.227s
2025-11-27 05:10:58.238 65727 INFO tempest.lib.common.rest_client [req-2ae08f2f-209d-43c3-9940-71327afd5bd7 req-2ae08f2f-209d-43c3-9940-71327afd5bd7 ] Request (ServersListShow2100Test:tearDownClass): 200 GET http://10.180.1.21/compute/v2.1/servers/f5c989d4-097d-4ca0-b047-1fba02b35f6c 0.202s
2025-11-27 05:10:58.323 65715 INFO tempest.lib.common.rest_client [req-81a6638b-9336-4e4c-a41e-58df5cbb0724 req-81a6638b-9336-4e4c-a41e-58df5cbb0724 ] Request (ServersNegativeTestJSON:setUp): 200 GET http://10.180.1.21/compute/v2.1/servers/bee241c2-8a06-4245-a9a2-7253352d7ac6 0.277s
2025-11-27 05:10:58.332 65703 INFO tempest.lib.common.rest_client [req-c48e5db3-4e89-44cf-90bd-dcce43cccc32 req-c48e5db3-4e89-44cf-90bd-dcce43cccc32 ] Request (InstanceActionsNegativeTestJSON:setUpClass): 200 GET http://10.180.1.21/compute/v2.1/servers/168f1f3f-f2ac-4e72-aa73-7f3310e438d8 0.271s
2025-11-27 05:10:58.337 65735 WARNING tempest.lib.common.ssh [-] Failed to establish authenticated ssh connection to cirros@10.180.180.143 ([Errno None] Unable to connect to port 22 on 10.180.180.143). Number attempts: 3. Retry after 4 seconds.: paramiko.ssh_exception.NoValidConnectionsError: [Errno None] Unable to connect to port 22 on 10.180.180.143
2025-11-27 05:10:58.464 65717 INFO tempest.lib.common.rest_client [req-7da4be34-2fbb-4f1e-91a3-d46e5ce0fbd3 req-7da4be34-2fbb-4f1e-91a3-d46e5ce0fbd3 ] Request (ServersAdminTestJSON:test_list_servers_filter_by_exist_host): 200 GET http://10.180.1.21/compute/v2.1/servers/5e1683e6-ab5f-483a-9e44-5a6ccc3deccc 0.331s
2025-11-27 05:10:58.487 65701 INFO tempest.lib.common.rest_client [req-09d236e1-a81b-4969-be63-f0ffe8783588 req-09d236e1-a81b-4969-be63-f0ffe8783588 ] Request (ServerActionsTestOtherB:test_resize_server_confirm_from_stopped): 200 GET http://10.180.1.21/compute/v2.1/servers/c2a6e174-6bb4-4608-9415-a1b781620b97 0.327s
2025-11-27 05:10:58.573 65745 INFO tempest.lib.common.rest_client [req-8d3ed772-0206-4b69-bca0-5a5cdf551c48 req-8d3ed772-0206-4b69-bca0-5a5cdf551c48 ] Request (FloatingIPsAssociationNegativeTestJSON:tearDownClass): 204 DELETE http://10.180.1.21/compute/v2.1/servers/7ba7b3f1-03f6-4dc9-965b-182ecc765466 0.400s
2025-11-27 05:10:58.611 65733 INFO tempest.lib.common.rest_client [req-d2334f56-1040-43ee-b9c5-e7483e7fe468 req-d2334f56-1040-43ee-b9c5-e7483e7fe468 ] Request (MigrationsAdminTest:test_resize_server_revert_deleted_flavor): 200 GET http://10.180.1.21/compute/v2.1/servers/b9dba6fc-10bc-49d4-a7fd-6c099dcaadac 0.437s
2025-11-27 05:10:58.628 65749 INFO tempest.lib.common.rest_client [req-d9c9aa45-e9d5-4e1c-b0d6-ab592be9fd33 req-d9c9aa45-e9d5-4e1c-b0d6-ab592be9fd33 ] Request (SecurityGroupsTestJSON:test_server_security_groups): 200 GET http://10.180.1.21/compute/v2.1/servers/48d9c793-92a3-40e0-9bff-6f263dcb504d 0.416s
2025-11-27 05:10:58.666 65715 INFO tempest.lib.common.rest_client [req-21e36575-2168-4808-8991-b7e79becc9af req-21e36575-2168-4808-8991-b7e79becc9af ] Request (ServersNegativeTestJSON:test_reboot_deleted_server): 404 POST http://10.180.1.21/compute/v2.1/servers/b6b86ddc-3981-441a-99a6-10c95807cd00/action 0.332s
2025-11-27 05:10:58.667 65699 INFO tempest.lib.common.rest_client [req-14da6269-12c1-4ed2-9c70-6b55b9c5e774 req-14da6269-12c1-4ed2-9c70-6b55b9c5e774 ] Request (ServersAdmin275Test:_run_cleanups): 200 GET http://10.180.1.21/compute/v2.1/servers/446e8963-7919-4316-a06c-1a18ff32a0a4 0.434s
2025-11-27 05:10:58.748 65720 INFO tempest.lib.common.rest_client [req-160c9c13-a07c-46d9-8f80-60638f60a38d req-160c9c13-a07c-46d9-8f80-60638f60a38d ] Request (ServerMetadataNegativeTestJSON:tearDownClass): 200 GET http://10.180.1.21/compute/v2.1/servers/ed8c4fb5-4dbe-4515-af18-ecc120e6cb44 0.308s
2025-11-27 05:10:58.771 65721 INFO tempest.lib.common.rest_client [req-042587ee-1905-4c8b-b0dd-cc3ae6264aea req-042587ee-1905-4c8b-b0dd-cc3ae6264aea ] Request (ImagesTestJSON:test_create_server_from_snapshot): 200 GET http://10.180.1.21/compute/v2.1/servers/cbd3a38c-cf88-4572-8b2f-d4cc940b0a46 0.397s
2025-11-27 05:10:58.778 65721 INFO tempest.common.waiters [-] State transition "BUILD/spawning" ==> "ACTIVE/None" after 56 second wait
2025-11-27 05:10:58.823 65713 INFO tempest.lib.common.rest_client [req-918dc321-2bf4-4c8f-bc13-8e5868aaecb9 req-918dc321-2bf4-4c8f-bc13-8e5868aaecb9 ] Request (ServerActionsTestOtherA:test_rebuild_server_in_stop_state): 200 GET http://10.180.1.21/compute/v2.1/servers/c5eef0a3-6fb9-4f12-a185-ada72f3d6ff9 0.370s
2025-11-27 05:10:58.875 65729 INFO tempest.lib.common.rest_client [req-517579e4-da3f-4e97-be14-f1a93da942b4 req-517579e4-da3f-4e97-be14-f1a93da942b4 ] Request (AttachInterfacesV270Test:test_create_get_list_interfaces): 200 GET http://10.180.1.21/compute/v2.1/servers/39117810-c037-4b87-94b7-b8960e57356f 0.379s
2025-11-27 05:10:58.884 65717 INFO tempest.lib.common.rest_client [req-92c29128-abfa-4bca-95ab-3740572ae728 req-92c29128-abfa-4bca-95ab-3740572ae728 ] Request (ServersAdminTestJSON:test_list_servers_filter_by_exist_host): 200 GET http://10.180.1.21/compute/v2.1/servers?host=cpu-1&all_tenants=1 0.412s
2025-11-27 05:10:58.934 65705 INFO tempest.lib.common.rest_client [req-2f0207f2-956f-47a8-855a-30953abdb8ac req-2f0207f2-956f-47a8-855a-30953abdb8ac ] Request (ListImageFiltersTestJSON:tearDownClass): 200 GET http://10.180.1.21/compute/v2.1/servers/2e14e82e-35bc-4b2c-ad1c-ce0891943daa 0.399s
2025-11-27 05:10:58.949 65747 INFO tempest.lib.common.rest_client [req-7aa8604c-8a0c-46a7-9506-30d5a11f14d3 req-7aa8604c-8a0c-46a7-9506-30d5a11f14d3 ] Request (ServersNegativeTestMultiTenantJSON:tearDownClass): 200 GET http://10.180.1.21/compute/v2.1/servers/6ee0c12d-b443-419a-a469-cf691e170d84 0.386s
2025-11-27 05:10:59.024 65695 INFO tempest.lib.common.rest_client [req-e862ddc1-5931-4868-b663-c6389af3686b req-e862ddc1-5931-4868-b663-c6389af3686b ] Request (ServerExternalEventsTest:test_create_server_external_events): 200 GET http://10.180.1.21/compute/v2.1/servers/1f69e835-3eeb-492f-97fb-26699cb24b10 0.404s
2025-11-27 05:10:59.048 65745 INFO tempest.lib.common.rest_client [req-aaa2ab5e-ea25-486c-b3f5-1f6538a6848d req-aaa2ab5e-ea25-486c-b3f5-1f6538a6848d ] Request (FloatingIPsAssociationNegativeTestJSON:tearDownClass): 200 GET http://10.180.1.21/compute/v2.1/servers/7ba7b3f1-03f6-4dc9-965b-182ecc765466 0.474s
2025-11-27 05:10:59.082 65737 INFO tempest.lib.common.rest_client [req-a7fbdea6-8376-4922-b9f7-aae9c55e39cc req-a7fbdea6-8376-4922-b9f7-aae9c55e39cc ] Request (AttachInterfacesTestJSON:_run_cleanups): 200 GET http://10.180.1.21/compute/v2.1/servers/98970067-ead7-4ea9-84ad-9e1c7717884a 0.447s
2025-11-27 05:10:59.129 65697 INFO tempest.lib.common.rest_client [req-a62e890a-c372-4132-b3fb-3fdfdb0dc203 req-a62e890a-c372-4132-b3fb-3fdfdb0dc203 ] Request (DeleteServersTestJSON:test_delete_server_while_in_attached_volume): 200 GET http://10.180.1.21/compute/v2.1/servers/0d0f28a9-9391-4dc6-864c-0d2239d76a31 0.442s
2025-11-27 05:10:59.153 65715 INFO tempest.lib.common.rest_client [req-304e2dc1-8a10-4bbd-8663-3a9e67aece1c req-304e2dc1-8a10-4bbd-8663-3a9e67aece1c ] Request (ServersNegativeTestJSON:tearDown): 200 GET http://10.180.1.21/compute/v2.1/servers/bee241c2-8a06-4245-a9a2-7253352d7ac6 0.485s
2025-11-27 05:10:59.186 65755 INFO tempest.lib.common.rest_client [req-18a9df4b-7034-4a72-977b-5b8cae2e879a req-18a9df4b-7034-4a72-977b-5b8cae2e879a ] Request (InstanceActionsV221TestJSON:test_get_list_deleted_instance_actions): 200 GET http://10.180.1.21/compute/v2.1/servers/01c5b38c-5048-4434-a227-1eff54ba6873 0.496s
2025-11-27 05:10:59.205 65743 INFO tempest.lib.common.rest_client [req-5ac54662-29f3-466d-94f5-769a9473473e req-5ac54662-29f3-466d-94f5-769a9473473e ] Request (FloatingIPsAssociationTestJSON:tearDownClass): 200 GET http://10.180.1.21/compute/v2.1/servers/2a07b983-c662-4bc9-9fc9-dbb4f1705c08 0.458s
2025-11-27 05:10:59.333 65709 INFO tempest.lib.common.rest_client [req-ff1e7748-c0ad-4674-8420-1b07d383221a req-ff1e7748-c0ad-4674-8420-1b07d383221a ] Request (ServerDiskConfigTestJSON:test_rebuild_server_with_manual_disk_config): 200 GET http://10.180.1.21/compute/v2.1/servers/aad1453a-9e7a-4a22-801b-1bb86b1acb97 0.532s
2025-11-27 05:10:59.340 65709 INFO tempest.common.waiters [-] State transition "BUILD/networking" ==> "BUILD/spawning" after 50 second wait
2025-11-27 05:10:59.383 65725 INFO tempest.lib.common.rest_client [req-afe69299-dcba-411a-b184-c10c3858f7dd req-afe69299-dcba-411a-b184-c10c3858f7dd ] Request (ServersAaction247Test:test_create_backup): 200 GET http://10.180.1.21/compute/v2.1/servers/6ee2e726-1745-4a1f-8bbe-d0dd401accf5 0.525s
2025-11-27 05:10:59.468 65711 INFO tempest.lib.common.rest_client [req-da5e45a3-0396-4cc1-a095-88273e93e325 req-da5e45a3-0396-4cc1-a095-88273e93e325 ] Request (ServersAdminNegativeTestJSON:test_migrate_server_invalid_state): 200 GET http://10.180.1.21/compute/v2.1/servers/ff073319-666d-4c85-b88a-91f7f1f7979b 0.607s
2025-11-27 05:10:59.511 65717 INFO tempest.lib.common.rest_client [req-6546059a-e966-463a-9657-dad091aa0b1a req-6546059a-e966-463a-9657-dad091aa0b1a ] Request (ServersAdminTestJSON:test_list_servers_filter_by_exist_host): 200 GET http://10.180.1.21/compute/v2.1/servers?host=nonexistent_host&all_tenants=1 0.622s
2025-11-27 05:10:59.570 65723 INFO tempest.lib.common.rest_client [req-5a034a5f-410e-4ba5-a284-3366bcd67eb7 req-5a034a5f-410e-4ba5-a284-3366bcd67eb7 ] Request (ServerRescueTestJSON:test_rescue_unrescue_instance): 200 GET http://10.180.1.21/compute/v2.1/servers/50700607-4f15-4e5b-81c3-23368b6afcfe 0.661s
2025-11-27 05:10:59.594 65721 INFO tempest.lib.common.rest_client [req-3ba549a4-bfe5-416d-b344-dc093b9390e1 req-3ba549a4-bfe5-416d-b344-dc093b9390e1 ] Request (ImagesTestJSON:test_create_server_from_snapshot): 202 POST http://10.180.1.21/compute/v2.1/servers/cbd3a38c-cf88-4572-8b2f-d4cc940b0a46/action 0.815s
2025-11-27 05:10:59.635 65757 INFO tempest.lib.common.rest_client [req-e9c22d46-7c8e-470e-9d9d-e3bbc0fa7f77 req-e9c22d46-7c8e-470e-9d9d-e3bbc0fa7f77 ] Request (ImagesOneServerTestJSON:tearDownClass): 200 GET http://10.180.1.21/compute/v2.1/servers/d5371421-6fae-4329-99cf-8a9ea1cc11ff 0.665s
2025-11-27 05:10:59.658 65731 INFO tempest.lib.common.rest_client [req-a0edcb85-6b68-4937-884c-08234205e524 req-a0edcb85-6b68-4937-884c-08234205e524 ] Request (ImagesOneServerNegativeTestJSON:setUpClass): 200 GET http://10.180.1.21/compute/v2.1/servers/fc28829c-021d-4920-8c1b-2a11abb95024 0.511s
2025-11-27 05:10:59.766 65727 INFO tempest.lib.common.rest_client [req-ecdded23-017e-47ff-9e49-9323d0d5441c req-ecdded23-017e-47ff-9e49-9323d0d5441c ] Request (ServersListShow2100Test:tearDownClass): 200 GET http://10.180.1.21/compute/v2.1/servers/f5c989d4-097d-4ca0-b047-1fba02b35f6c 0.514s
2025-11-27 05:10:59.794 65715 INFO tempest.lib.common.rest_client [req-c2091edc-354f-4f1a-912f-867149aebc3d req-c2091edc-354f-4f1a-912f-867149aebc3d ] Request (ServersNegativeTestJSON:setUp): 200 GET http://10.180.1.21/compute/v2.1/servers/bee241c2-8a06-4245-a9a2-7253352d7ac6 0.633s
2025-11-27 05:10:59.828 65703 INFO tempest.lib.common.rest_client [req-9ffa543c-1e1a-460d-b9c7-efab5edb4706 req-9ffa543c-1e1a-460d-b9c7-efab5edb4706 ] Request (InstanceActionsNegativeTestJSON:setUpClass): 200 GET http://10.180.1.21/compute/v2.1/servers/168f1f3f-f2ac-4e72-aa73-7f3310e438d8 0.485s
2025-11-27 05:10:59.895 65717 INFO tempest.lib.common.rest_client [req-160ded1f-6a24-4dd2-a7d8-da070ade1c0f req-160ded1f-6a24-4dd2-a7d8-da070ade1c0f ] Request (ServersAdminTestJSON:test_rebuild_server_in_error_state): 202 POST http://10.180.1.21/compute/v2.1/servers/5e1683e6-ab5f-483a-9e44-5a6ccc3deccc/action 0.381s
2025-11-27 05:10:59.934 65721 INFO tempest.lib.common.rest_client [req-9a8f2a18-3870-4d6f-8c39-04feab2b479e req-9a8f2a18-3870-4d6f-8c39-04feab2b479e ] Request (ImagesTestJSON:test_create_server_from_snapshot): 200 GET http://10.180.1.21/compute/v2.1/images/996d2436-1094-459a-8cfc-7662b415e14c 0.338s
2025-11-27 05:10:59.942 65701 INFO tempest.lib.common.rest_client [req-680b1c0b-571e-445b-82f9-b3d7bb250e8f req-680b1c0b-571e-445b-82f9-b3d7bb250e8f ] Request (ServerActionsTestOtherB:test_resize_server_confirm_from_stopped): 200 GET http://10.180.1.21/compute/v2.1/servers/c2a6e174-6bb4-4608-9415-a1b781620b97 0.444s
2025-11-27 05:11:00.009 65749 INFO tempest.lib.common.rest_client [req-91be9ace-6bcb-4f0a-80b9-9fe59fd7b8ae req-91be9ace-6bcb-4f0a-80b9-9fe59fd7b8ae ] Request (SecurityGroupsTestJSON:test_server_security_groups): 200 GET http://10.180.1.21/compute/v2.1/servers/48d9c793-92a3-40e0-9bff-6f263dcb504d 0.373s
2025-11-27 05:11:00.057 65733 INFO tempest.lib.common.rest_client [req-c508c573-30ed-4a97-90ab-bb48f85ad0b9 req-c508c573-30ed-4a97-90ab-bb48f85ad0b9 ] Request (MigrationsAdminTest:test_resize_server_revert_deleted_flavor): 200 GET http://10.180.1.21/compute/v2.1/servers/b9dba6fc-10bc-49d4-a7fd-6c099dcaadac 0.439s
2025-11-27 05:11:00.064 65733 INFO tempest.common.waiters [-] State transition "RESIZE/resize_migrating" ==> "RESIZE/resize_migrated" after 49 second wait
2025-11-27 05:11:00.073 65699 INFO tempest.lib.common.rest_client [req-2e9a2ad5-9d88-49b4-a8e4-7af7abce587e req-2e9a2ad5-9d88-49b4-a8e4-7af7abce587e ] Request (ServersAdmin275Test:_run_cleanups): 200 GET http://10.180.1.21/compute/v2.1/servers/446e8963-7919-4316-a06c-1a18ff32a0a4 0.395s
2025-11-27 05:11:00.081 65715 INFO tempest.lib.common.rest_client [req-f020fee5-bbe3-442e-b86e-a2d0bf345235 req-f020fee5-bbe3-442e-b86e-a2d0bf345235 ] Request (ServersNegativeTestJSON:test_reboot_non_existent_server): 404 POST http://10.180.1.21/compute/v2.1/servers/85de0313-bdc0-4656-a302-b21d1f21c85b/action 0.277s
2025-11-27 05:11:00.111 65720 INFO tempest.lib.common.rest_client [req-d76cbd52-6d81-4709-a1cb-d1f25e98bcfa req-d76cbd52-6d81-4709-a1cb-d1f25e98bcfa ] Request (ServerMetadataNegativeTestJSON:tearDownClass): 200 GET http://10.180.1.21/compute/v2.1/servers/ed8c4fb5-4dbe-4515-af18-ecc120e6cb44 0.355s
2025-11-27 05:11:00.128 65713 INFO tempest.lib.common.rest_client [req-9241ea7a-6414-412e-ac5a-68b491f09618 req-9241ea7a-6414-412e-ac5a-68b491f09618 ] Request (ServerActionsTestOtherA:test_rebuild_server_in_stop_state): 200 GET http://10.180.1.21/compute/v2.1/servers/c5eef0a3-6fb9-4f12-a185-ada72f3d6ff9 0.296s
2025-11-27 05:11:00.160 65729 INFO tempest.lib.common.rest_client [req-2d074c0f-5ec9-47f2-a42a-919c5f0eebd0 req-2d074c0f-5ec9-47f2-a42a-919c5f0eebd0 ] Request (AttachInterfacesV270Test:test_create_get_list_interfaces): 200 GET http://10.180.1.21/compute/v2.1/servers/39117810-c037-4b87-94b7-b8960e57356f 0.276s
2025-11-27 05:11:00.216 65705 INFO tempest.lib.common.rest_client [req-aefb4c70-d049-42e6-a6e7-2257858f8bac req-aefb4c70-d049-42e6-a6e7-2257858f8bac ] Request (ListImageFiltersTestJSON:tearDownClass): 200 GET http://10.180.1.21/compute/v2.1/servers/2e14e82e-35bc-4b2c-ad1c-ce0891943daa 0.273s
2025-11-27 05:11:00.274 65747 INFO tempest.lib.common.rest_client [req-fbf8fb2b-6766-4725-a9eb-a8910b2425ad req-fbf8fb2b-6766-4725-a9eb-a8910b2425ad ] Request (ServersNegativeTestMultiTenantJSON:tearDownClass): 200 GET http://10.180.1.21/compute/v2.1/servers/6ee0c12d-b443-419a-a469-cf691e170d84 0.316s
2025-11-27 05:11:00.332 65695 INFO tempest.lib.common.rest_client [req-2499523a-5b53-4d11-824a-99d4b16abd0f req-2499523a-5b53-4d11-824a-99d4b16abd0f ] Request (ServerExternalEventsTest:test_create_server_external_events): 200 GET http://10.180.1.21/compute/v2.1/servers/1f69e835-3eeb-492f-97fb-26699cb24b10 0.301s
2025-11-27 05:11:00.496 65745 INFO tempest.lib.common.rest_client [req-56330fbb-38ec-47c9-901d-71a9fdccd971 req-56330fbb-38ec-47c9-901d-71a9fdccd971 ] Request (FloatingIPsAssociationNegativeTestJSON:tearDownClass): 200 GET http://10.180.1.21/compute/v2.1/servers/7ba7b3f1-03f6-4dc9-965b-182ecc765466 0.438s
2025-11-27 05:11:00.538 65717 INFO tempest.lib.common.rest_client [req-9fb10066-73f8-4b03-9961-135ffe5ab3d0 req-9fb10066-73f8-4b03-9961-135ffe5ab3d0 ] Request (ServersAdminTestJSON:test_rebuild_server_in_error_state): 202 POST http://10.180.1.21/compute/v2.1/servers/5e1683e6-ab5f-483a-9e44-5a6ccc3deccc/action 0.642s
2025-11-27 05:11:00.648 65737 INFO tempest.lib.common.rest_client [req-afebccd2-1b41-44bb-99d1-e168a94eb3f4 req-afebccd2-1b41-44bb-99d1-e168a94eb3f4 ] Request (AttachInterfacesTestJSON:_run_cleanups): 200 GET http://10.180.1.21/compute/v2.1/servers/98970067-ead7-4ea9-84ad-9e1c7717884a 0.558s
2025-11-27 05:11:00.685 65715 INFO tempest.lib.common.rest_client [req-710532a8-a45d-444a-92f5-492b5268fc76 req-710532a8-a45d-444a-92f5-492b5268fc76 ] Request (ServersNegativeTestJSON:tearDown): 200 GET http://10.180.1.21/compute/v2.1/servers/bee241c2-8a06-4245-a9a2-7253352d7ac6 0.603s
2025-11-27 05:11:00.704 65755 INFO tempest.lib.common.rest_client [req-c7ae724f-8bcc-46d4-8104-14d5dfbaf04f req-c7ae724f-8bcc-46d4-8104-14d5dfbaf04f ] Request (InstanceActionsV221TestJSON:test_get_list_deleted_instance_actions): 404 GET http://10.180.1.21/compute/v2.1/servers/01c5b38c-5048-4434-a227-1eff54ba6873 0.508s
2025-11-27 05:11:00.704 65697 INFO tempest.lib.common.rest_client [req-b4b6d43d-032e-4e74-be76-1c2c98654e10 req-b4b6d43d-032e-4e74-be76-1c2c98654e10 ] Request (DeleteServersTestJSON:test_delete_server_while_in_attached_volume): 200 GET http://10.180.1.21/compute/v2.1/servers/0d0f28a9-9391-4dc6-864c-0d2239d76a31 0.566s
2025-11-27 05:11:00.763 65743 INFO tempest.lib.common.rest_client [req-84b98e99-e6f1-4036-aabd-0a3172d611a4 req-84b98e99-e6f1-4036-aabd-0a3172d611a4 ] Request (FloatingIPsAssociationTestJSON:tearDownClass): 200 GET http://10.180.1.21/compute/v2.1/servers/2a07b983-c662-4bc9-9fc9-dbb4f1705c08 0.550s
2025-11-27 05:11:00.814 65709 INFO tempest.lib.common.rest_client [req-3d9c3ae2-b4b2-4f3a-8411-195679431a75 req-3d9c3ae2-b4b2-4f3a-8411-195679431a75 ] Request (ServerDiskConfigTestJSON:test_rebuild_server_with_manual_disk_config): 200 GET http://10.180.1.21/compute/v2.1/servers/aad1453a-9e7a-4a22-801b-1bb86b1acb97 0.466s
2025-11-27 05:11:00.815 65725 INFO tempest.lib.common.rest_client [req-6de2c952-6956-452c-9742-fe2495d578ad req-6de2c952-6956-452c-9742-fe2495d578ad ] Request (ServersAaction247Test:test_create_backup): 200 GET http://10.180.1.21/compute/v2.1/servers/6ee2e726-1745-4a1f-8bbe-d0dd401accf5 0.422s
2025-11-27 05:11:00.824 65725 INFO tempest.common.waiters [-] State transition "BUILD/scheduling" ==> "BUILD/None" after 17 second wait
2025-11-27 05:11:00.958 65711 INFO tempest.lib.common.rest_client [req-b0c9ce5f-01d5-48bc-9d23-e64279db651d req-b0c9ce5f-01d5-48bc-9d23-e64279db651d ] Request (ServersAdminNegativeTestJSON:test_migrate_server_invalid_state): 200 GET http://10.180.1.21/compute/v2.1/servers/ff073319-666d-4c85-b88a-91f7f1f7979b 0.482s
2025-11-27 05:11:00.984 65717 INFO tempest.lib.common.rest_client [req-46c2134f-1ca9-4aef-b3b0-1ea642e85174 req-46c2134f-1ca9-4aef-b3b0-1ea642e85174 ] Request (ServersAdminTestJSON:test_rebuild_server_in_error_state): 200 GET http://10.180.1.21/compute/v2.1/servers/5e1683e6-ab5f-483a-9e44-5a6ccc3deccc 0.435s
2025-11-27 05:11:01.044 65723 INFO tempest.lib.common.rest_client [req-405f7124-5cbd-4c42-8702-dbef5372eb8d req-405f7124-5cbd-4c42-8702-dbef5372eb8d ] Request (ServerRescueTestJSON:test_rescue_unrescue_instance): 200 GET http://10.180.1.21/compute/v2.1/servers/50700607-4f15-4e5b-81c3-23368b6afcfe 0.465s
2025-11-27 05:11:01.075 65757 INFO tempest.lib.common.rest_client [req-78036991-7672-4a94-bf18-fbb9725154ad req-78036991-7672-4a94-bf18-fbb9725154ad ] Request (ImagesOneServerTestJSON:tearDownClass): 200 GET http://10.180.1.21/compute/v2.1/servers/d5371421-6fae-4329-99cf-8a9ea1cc11ff 0.431s
2025-11-27 05:11:01.114 65731 INFO tempest.lib.common.rest_client [req-95cabf80-cbd4-4d32-9e25-eb7db2a71a91 req-95cabf80-cbd4-4d32-9e25-eb7db2a71a91 ] Request (ImagesOneServerNegativeTestJSON:setUpClass): 200 GET http://10.180.1.21/compute/v2.1/servers/fc28829c-021d-4920-8c1b-2a11abb95024 0.445s
2025-11-27 05:11:01.178 65755 INFO tempest.lib.common.rest_client [req-d5d6ae32-a5d1-4dc7-ae03-4d3afe744218 req-d5d6ae32-a5d1-4dc7-ae03-4d3afe744218 ] Request (InstanceActionsV221TestJSON:test_get_list_deleted_instance_actions): 200 GET http://10.180.1.21/compute/v2.1/servers/01c5b38c-5048-4434-a227-1eff54ba6873/os-instance-actions 0.474s
2025-11-27 05:11:01.248 65715 INFO tempest.lib.common.rest_client [req-bbc6ef71-5af6-4882-93d1-1ba58624c4bb req-bbc6ef71-5af6-4882-93d1-1ba58624c4bb ] Request (ServersNegativeTestJSON:setUp): 200 GET http://10.180.1.21/compute/v2.1/servers/bee241c2-8a06-4245-a9a2-7253352d7ac6 0.555s
2025-11-27 05:11:01.269 65727 INFO tempest.lib.common.rest_client [req-b6c153ef-bce4-4bb4-9b85-e8bd4e51d763 req-b6c153ef-bce4-4bb4-9b85-e8bd4e51d763 ] Request (ServersListShow2100Test:tearDownClass): 200 GET http://10.180.1.21/compute/v2.1/servers/f5c989d4-097d-4ca0-b047-1fba02b35f6c 0.487s
2025-11-27 05:11:01.303 65703 INFO tempest.lib.common.rest_client [req-8baefa1d-5310-4c7f-9cf8-38b4922e83f5 req-8baefa1d-5310-4c7f-9cf8-38b4922e83f5 ] Request (InstanceActionsNegativeTestJSON:setUpClass): 200 GET http://10.180.1.21/compute/v2.1/servers/168f1f3f-f2ac-4e72-aa73-7f3310e438d8 0.463s
2025-11-27 05:11:01.306 65721 INFO tempest.lib.common.rest_client [req-605ea700-8925-4da1-ac34-d13c9ac1a419 req-605ea700-8925-4da1-ac34-d13c9ac1a419 ] Request (ImagesTestJSON:test_create_server_from_snapshot): 200 GET http://10.180.1.21/compute/v2.1/images/996d2436-1094-459a-8cfc-7662b415e14c 0.365s
2025-11-27 05:11:01.360 65749 INFO tempest.lib.common.rest_client [req-70ef0c48-8daf-4fd2-8899-61a6e10af6ff req-70ef0c48-8daf-4fd2-8899-61a6e10af6ff ] Request (SecurityGroupsTestJSON:test_server_security_groups): 200 GET http://10.180.1.21/compute/v2.1/servers/48d9c793-92a3-40e0-9bff-6f263dcb504d 0.342s
2025-11-27 05:11:01.411 65701 INFO tempest.lib.common.rest_client [req-060f7781-a7be-48de-8f7e-324d76afb2a8 req-060f7781-a7be-48de-8f7e-324d76afb2a8 ] Request (ServerActionsTestOtherB:test_resize_server_confirm_from_stopped): 200 GET http://10.180.1.21/compute/v2.1/servers/c2a6e174-6bb4-4608-9415-a1b781620b97 0.461s
2025-11-27 05:11:01.463 65733 INFO tempest.lib.common.rest_client [req-65bd4677-9f67-4402-93e2-4bc931237f60 req-65bd4677-9f67-4402-93e2-4bc931237f60 ] Request (MigrationsAdminTest:test_resize_server_revert_deleted_flavor): 200 GET http://10.180.1.21/compute/v2.1/servers/b9dba6fc-10bc-49d4-a7fd-6c099dcaadac 0.398s
2025-11-27 05:11:01.470 65699 INFO tempest.lib.common.rest_client [req-25297500-fc4f-42c1-816b-30c3410db636 req-25297500-fc4f-42c1-816b-30c3410db636 ] Request (ServersAdmin275Test:_run_cleanups): 200 GET http://10.180.1.21/compute/v2.1/servers/446e8963-7919-4316-a06c-1a18ff32a0a4 0.385s
2025-11-27 05:11:01.527 65713 INFO tempest.lib.common.rest_client [req-9f643780-e2fe-4898-a7eb-a55fcdb6c459 req-9f643780-e2fe-4898-a7eb-a55fcdb6c459 ] Request (ServerActionsTestOtherA:test_rebuild_server_in_stop_state): 200 GET http://10.180.1.21/compute/v2.1/servers/c5eef0a3-6fb9-4f12-a185-ada72f3d6ff9 0.392s
2025-11-27 05:11:01.542 65720 INFO tempest.lib.common.rest_client [req-56bfd39c-edab-4aa0-8ca8-7eaad8572c99 req-56bfd39c-edab-4aa0-8ca8-7eaad8572c99 ] Request (ServerMetadataNegativeTestJSON:tearDownClass): 200 GET http://10.180.1.21/compute/v2.1/servers/ed8c4fb5-4dbe-4515-af18-ecc120e6cb44 0.422s
2025-11-27 05:11:01.569 65755 INFO tempest.lib.common.rest_client [req-d05f909c-fb89-47c8-8422-f3f870f611b8 req-d05f909c-fb89-47c8-8422-f3f870f611b8 ] Request (InstanceActionsV221TestJSON:tearDownClass): 404 DELETE http://10.180.1.21/compute/v2.1/servers/01c5b38c-5048-4434-a227-1eff54ba6873 0.386s
2025-11-27 05:11:01.596 65729 INFO tempest.lib.common.rest_client [req-3fd80642-c109-48b6-9b88-2092cdafb344 req-3fd80642-c109-48b6-9b88-2092cdafb344 ] Request (AttachInterfacesV270Test:test_create_get_list_interfaces): 200 GET http://10.180.1.21/compute/v2.1/servers/39117810-c037-4b87-94b7-b8960e57356f 0.426s
2025-11-27 05:11:01.623 65715 INFO tempest.lib.common.rest_client [req-af409ffd-4aec-4ec3-9ddb-25991134897f req-af409ffd-4aec-4ec3-9ddb-25991134897f ] Request (ServersNegativeTestJSON:test_rebuild_deleted_server): 404 POST http://10.180.1.21/compute/v2.1/servers/b6b86ddc-3981-441a-99a6-10c95807cd00/action 0.364s
2025-11-27 05:11:01.642 65705 INFO tempest.lib.common.rest_client [req-4e88c466-ba1f-44d0-9e0f-3d986c57938c req-4e88c466-ba1f-44d0-9e0f-3d986c57938c ] Request (ListImageFiltersTestJSON:tearDownClass): 200 GET http://10.180.1.21/compute/v2.1/servers/2e14e82e-35bc-4b2c-ad1c-ce0891943daa 0.417s
2025-11-27 05:11:01.692 65747 INFO tempest.lib.common.rest_client [req-657ac3e3-a2b0-43b4-93c6-c1b1b896d718 req-657ac3e3-a2b0-43b4-93c6-c1b1b896d718 ] Request (ServersNegativeTestMultiTenantJSON:tearDownClass): 200 GET http://10.180.1.21/compute/v2.1/servers/6ee0c12d-b443-419a-a469-cf691e170d84 0.410s
2025-11-27 05:11:01.708 65695 INFO tempest.lib.common.rest_client [req-efd27826-6def-452c-8ad0-a16d50fafb4e req-efd27826-6def-452c-8ad0-a16d50fafb4e ] Request (ServerExternalEventsTest:test_create_server_external_events): 200 GET http://10.180.1.21/compute/v2.1/servers/1f69e835-3eeb-492f-97fb-26699cb24b10 0.368s
2025-11-27 05:11:01.728 65755 INFO tempest.lib.common.rest_client [req-0a3c7550-c550-49ce-9cc7-8f8adba5068c req-0a3c7550-c550-49ce-9cc7-8f8adba5068c ] Request (InstanceActionsV221TestJSON:tearDownClass): 404 GET http://10.180.1.21/compute/v2.1/servers/01c5b38c-5048-4434-a227-1eff54ba6873 0.159s
2025-11-27 05:11:01.760 65745 INFO tempest.lib.common.rest_client [req-34e0b91b-6617-47fa-95ef-5b3e95fb84c5 req-34e0b91b-6617-47fa-95ef-5b3e95fb84c5 ] Request (FloatingIPsAssociationNegativeTestJSON:tearDownClass): 200 GET http://10.180.1.21/compute/v2.1/servers/7ba7b3f1-03f6-4dc9-965b-182ecc765466 0.254s
2025-11-27 05:11:01.842 65737 INFO tempest.lib.common.rest_client [req-1ecab634-c072-4e8b-bded-165826746244 req-1ecab634-c072-4e8b-bded-165826746244 ] Request (AttachInterfacesTestJSON:_run_cleanups): 200 GET http://10.180.1.21/compute/v2.1/servers/98970067-ead7-4ea9-84ad-9e1c7717884a 0.186s
2025-11-27 05:11:01.874 65715 INFO tempest.lib.common.rest_client [req-f20695d1-e4ae-44ef-8e9d-45df141b7774 req-f20695d1-e4ae-44ef-8e9d-45df141b7774 ] Request (ServersNegativeTestJSON:tearDown): 200 GET http://10.180.1.21/compute/v2.1/servers/bee241c2-8a06-4245-a9a2-7253352d7ac6 0.250s
2025-11-27 05:11:01.901 65697 INFO tempest.lib.common.rest_client [req-4adaa12b-bb6e-48a6-b817-2495b8a01af9 req-4adaa12b-bb6e-48a6-b817-2495b8a01af9 ] Request (DeleteServersTestJSON:test_delete_server_while_in_attached_volume): 200 GET http://10.180.1.21/compute/v2.1/servers/0d0f28a9-9391-4dc6-864c-0d2239d76a31 0.190s
2025-11-27 05:11:01.950 65743 INFO tempest.lib.common.rest_client [req-1ca45086-75a4-44c0-a0cb-73debceb124d req-1ca45086-75a4-44c0-a0cb-73debceb124d ] Request (FloatingIPsAssociationTestJSON:tearDownClass): 200 GET http://10.180.1.21/compute/v2.1/servers/2a07b983-c662-4bc9-9fc9-dbb4f1705c08 0.175s
2025-11-27 05:11:02.009 65709 INFO tempest.lib.common.rest_client [req-fc2d29d9-359f-4282-9a5d-a68bc00cfc0b req-fc2d29d9-359f-4282-9a5d-a68bc00cfc0b ] Request (ServerDiskConfigTestJSON:test_rebuild_server_with_manual_disk_config): 200 GET http://10.180.1.21/compute/v2.1/servers/aad1453a-9e7a-4a22-801b-1bb86b1acb97 0.187s
2025-11-27 05:11:02.028 65725 INFO tempest.lib.common.rest_client [req-a7d090d6-cc96-460f-aab6-08c9c5270b19 req-a7d090d6-cc96-460f-aab6-08c9c5270b19 ] Request (ServersAaction247Test:test_create_backup): 200 GET http://10.180.1.21/compute/v2.1/servers/6ee2e726-1745-4a1f-8bbe-d0dd401accf5 0.202s
2025-11-27 05:11:02.178 65715 INFO tempest.lib.common.rest_client [req-b4e3e789-7432-48db-b045-9bfa2594d4cb req-b4e3e789-7432-48db-b045-9bfa2594d4cb ] Request (ServersNegativeTestJSON:setUp): 200 GET http://10.180.1.21/compute/v2.1/servers/bee241c2-8a06-4245-a9a2-7253352d7ac6 0.292s
2025-11-27 05:11:02.203 65711 INFO tempest.lib.common.rest_client [req-cc4ebf81-9746-4693-b024-2d9b768b766a req-cc4ebf81-9746-4693-b024-2d9b768b766a ] Request (ServersAdminNegativeTestJSON:test_migrate_server_invalid_state): 200 GET http://10.180.1.21/compute/v2.1/servers/ff073319-666d-4c85-b88a-91f7f1f7979b 0.236s
2025-11-27 05:11:02.303 65723 INFO tempest.lib.common.rest_client [req-8d900183-3f2a-4402-982e-d5a89b738651 req-8d900183-3f2a-4402-982e-d5a89b738651 ] Request (ServerRescueTestJSON:test_rescue_unrescue_instance): 200 GET http://10.180.1.21/compute/v2.1/servers/50700607-4f15-4e5b-81c3-23368b6afcfe 0.250s
2025-11-27 05:11:02.336 65717 INFO tempest.lib.common.rest_client [req-495cd661-39f4-4e94-a198-0d26e80da442 req-495cd661-39f4-4e94-a198-0d26e80da442 ] Request (ServersAdminTestJSON:test_rebuild_server_in_error_state): 200 GET http://10.180.1.21/compute/v2.1/servers/5e1683e6-ab5f-483a-9e44-5a6ccc3deccc 0.345s
2025-11-27 05:11:02.366 65757 INFO tempest.lib.common.rest_client [req-897f6114-c028-4284-b887-a151a304d76e req-897f6114-c028-4284-b887-a151a304d76e ] Request (ImagesOneServerTestJSON:tearDownClass): 200 GET http://10.180.1.21/compute/v2.1/servers/d5371421-6fae-4329-99cf-8a9ea1cc11ff 0.280s
2025-11-27 05:11:02.374 65715 INFO tempest.lib.common.rest_client [req-738cef90-0fa4-464a-bd52-efcea06dabfc req-738cef90-0fa4-464a-bd52-efcea06dabfc ] Request (ServersNegativeTestJSON:test_rebuild_non_existent_server): 404 POST http://10.180.1.21/compute/v2.1/servers/899caa2a-c2eb-4de6-8144-3857e23df8ba/action 0.188s
2025-11-27 05:11:02.394 65731 INFO tempest.lib.common.rest_client [req-e6763340-550a-4c3f-877a-2a5ca6838ab5 req-e6763340-550a-4c3f-877a-2a5ca6838ab5 ] Request (ImagesOneServerNegativeTestJSON:setUpClass): 200 GET http://10.180.1.21/compute/v2.1/servers/fc28829c-021d-4920-8c1b-2a11abb95024 0.271s
2025-11-27 05:11:02.433 65721 INFO tempest.lib.common.rest_client [req-b24648e8-2eae-4573-bd0d-aca7550367b0 req-b24648e8-2eae-4573-bd0d-aca7550367b0 ] Request (ImagesTestJSON:test_create_server_from_snapshot): 200 GET http://10.180.1.21/compute/v2.1/images/996d2436-1094-459a-8cfc-7662b415e14c 0.122s
2025-11-27 05:11:02.453 65727 INFO tempest.lib.common.rest_client [req-a80b62c6-d461-49b6-a03c-cd7920660caf req-a80b62c6-d461-49b6-a03c-cd7920660caf ] Request (ServersListShow2100Test:tearDownClass): 200 GET http://10.180.1.21/compute/v2.1/servers/f5c989d4-097d-4ca0-b047-1fba02b35f6c 0.168s
2025-11-27 05:11:02.492 65703 INFO tempest.lib.common.rest_client [req-52b78af8-4c01-4cd4-986e-3d07df9d0440 req-52b78af8-4c01-4cd4-986e-3d07df9d0440 ] Request (InstanceActionsNegativeTestJSON:setUpClass): 200 GET http://10.180.1.21/compute/v2.1/servers/168f1f3f-f2ac-4e72-aa73-7f3310e438d8 0.180s
2025-11-27 05:11:02.514 65749 INFO tempest.lib.common.rest_client [req-9749c46d-9991-45a0-86fe-17f182d127cb req-9749c46d-9991-45a0-86fe-17f182d127cb ] Request (SecurityGroupsTestJSON:test_server_security_groups): 200 GET http://10.180.1.21/compute/v2.1/servers/48d9c793-92a3-40e0-9bff-6f263dcb504d 0.144s
2025-11-27 05:11:02.601 65755 INFO tempest.lib.common.rest_client [req-5d2744da-7d55-4460-8568-cf325e466be3 req-5d2744da-7d55-4460-8568-cf325e466be3 ] Request (InstanceActionsV221TestJSON:tearDownClass): 200 PUT http://10.180.1.21/networking/v2.0/routers/abed23b0-ef57-48cf-b8d1-c6854752790f/remove_router_interface 0.872s
2025-11-27 05:11:02.638 65715 INFO tempest.lib.common.rest_client [req-3b67c9f9-c441-44c4-bac2-3733945c8d62 req-3b67c9f9-c441-44c4-bac2-3733945c8d62 ] Request (ServersNegativeTestJSON:tearDown): 200 GET http://10.180.1.21/compute/v2.1/servers/bee241c2-8a06-4245-a9a2-7253352d7ac6 0.263s
2025-11-27 05:11:02.705 65701 INFO tempest.lib.common.rest_client [req-fdb91ad9-cb33-4ec4-8058-63d2730f98f9 req-fdb91ad9-cb33-4ec4-8058-63d2730f98f9 ] Request (ServerActionsTestOtherB:test_resize_server_confirm_from_stopped): 200 GET http://10.180.1.21/compute/v2.1/servers/c2a6e174-6bb4-4608-9415-a1b781620b97 0.286s
2025-11-27 05:11:02.806 65699 INFO tempest.lib.common.rest_client [req-b72f7f64-d9bd-4753-8527-90b73a06c54e req-b72f7f64-d9bd-4753-8527-90b73a06c54e ] Request (ServersAdmin275Test:_run_cleanups): 200 GET http://10.180.1.21/compute/v2.1/servers/446e8963-7919-4316-a06c-1a18ff32a0a4 0.318s
2025-11-27 05:11:02.838 65733 INFO tempest.lib.common.rest_client [req-fcf3ad0f-7fd3-477a-9af4-efc9dcf3464e req-fcf3ad0f-7fd3-477a-9af4-efc9dcf3464e ] Request (MigrationsAdminTest:test_resize_server_revert_deleted_flavor): 200 GET http://10.180.1.21/compute/v2.1/servers/b9dba6fc-10bc-49d4-a7fd-6c099dcaadac 0.364s
2025-11-27 05:11:02.853 65733 INFO tempest.common.waiters [-] State transition "RESIZE/resize_migrated" ==> "RESIZE/resize_finish" after 51 second wait
2025-11-27 05:11:02.892 65713 INFO tempest.lib.common.rest_client [req-77fd12f5-52bd-4bf7-b928-e8ebed79b13b req-77fd12f5-52bd-4bf7-b928-e8ebed79b13b ] Request (ServerActionsTestOtherA:test_rebuild_server_in_stop_state): 200 GET http://10.180.1.21/compute/v2.1/servers/c5eef0a3-6fb9-4f12-a185-ada72f3d6ff9 0.356s
2025-11-27 05:11:02.935 65720 INFO tempest.lib.common.rest_client [req-33db3e0d-63e1-43f6-af27-120801e7371d req-33db3e0d-63e1-43f6-af27-120801e7371d ] Request (ServerMetadataNegativeTestJSON:tearDownClass): 200 GET http://10.180.1.21/compute/v2.1/servers/ed8c4fb5-4dbe-4515-af18-ecc120e6cb44 0.382s
2025-11-27 05:11:02.986 65729 INFO tempest.lib.common.rest_client [req-98e85180-39cf-4b8b-add6-bc11c897acbb req-98e85180-39cf-4b8b-add6-bc11c897acbb ] Request (AttachInterfacesV270Test:test_create_get_list_interfaces): 200 GET http://10.180.1.21/compute/v2.1/servers/39117810-c037-4b87-94b7-b8960e57356f 0.379s
2025-11-27 05:11:03.055 65755 INFO tempest.lib.common.rest_client [req-0dbc194d-8b50-477a-a1ac-6faa918f4801 req-0dbc194d-8b50-477a-a1ac-6faa918f4801 ] Request (InstanceActionsV221TestJSON:tearDownClass): 204 DELETE http://10.180.1.21/networking/v2.0/routers/abed23b0-ef57-48cf-b8d1-c6854752790f 0.454s
2025-11-27 05:11:03.077 65705 INFO tempest.lib.common.rest_client [req-774265dd-818f-4ad2-8064-70532323eac5 req-774265dd-818f-4ad2-8064-70532323eac5 ] Request (ListImageFiltersTestJSON:tearDownClass): 200 GET http://10.180.1.21/compute/v2.1/servers/2e14e82e-35bc-4b2c-ad1c-ce0891943daa 0.427s
2025-11-27 05:11:03.105 65715 INFO tempest.lib.common.rest_client [req-e7ba9ab5-a742-4422-a5cf-b9b4e86d6dd2 req-e7ba9ab5-a742-4422-a5cf-b9b4e86d6dd2 ] Request (ServersNegativeTestJSON:setUp): 200 GET http://10.180.1.21/compute/v2.1/servers/bee241c2-8a06-4245-a9a2-7253352d7ac6 0.457s
2025-11-27 05:11:03.208 65755 INFO tempest.lib.common.rest_client [req-70ce4c0c-a7b4-4b6c-855e-4403c9d406ff req-70ce4c0c-a7b4-4b6c-855e-4403c9d406ff ] Request (InstanceActionsV221TestJSON:tearDownClass): 204 DELETE http://10.180.1.21/networking/v2.0/subnets/8eb99f6e-0039-4efb-a0aa-8ee15445d6f6 0.152s
2025-11-27 05:11:03.237 65747 INFO tempest.lib.common.rest_client [req-2227b9f9-74c1-48ae-84c9-7f8f5d09e040 req-2227b9f9-74c1-48ae-84c9-7f8f5d09e040 ] Request (ServersNegativeTestMultiTenantJSON:tearDownClass): 200 GET http://10.180.1.21/compute/v2.1/servers/6ee0c12d-b443-419a-a469-cf691e170d84 0.536s
2025-11-27 05:11:03.250 65695 INFO tempest.lib.common.rest_client [req-1f219902-d2e8-4380-a879-34c7ce7e0443 req-1f219902-d2e8-4380-a879-34c7ce7e0443 ] Request (ServerExternalEventsTest:test_create_server_external_events): 200 GET http://10.180.1.21/compute/v2.1/servers/1f69e835-3eeb-492f-97fb-26699cb24b10 0.535s
2025-11-27 05:11:03.450 65745 INFO tempest.lib.common.rest_client [req-2083fa77-b26d-4cea-b2a4-a16c0c7c6611 req-2083fa77-b26d-4cea-b2a4-a16c0c7c6611 ] Request (FloatingIPsAssociationNegativeTestJSON:tearDownClass): 200 GET http://10.180.1.21/compute/v2.1/servers/7ba7b3f1-03f6-4dc9-965b-182ecc765466 0.680s
2025-11-27 05:11:03.457 65745 INFO tempest.common.waiters [-] State transition "ACTIVE/deleting" ==> "DELETED/None" after 4 second wait
2025-11-27 05:11:03.471 65737 INFO tempest.lib.common.rest_client [req-7e962715-2542-4617-afe1-26edc3379da7 req-7e962715-2542-4617-afe1-26edc3379da7 ] Request (AttachInterfacesTestJSON:_run_cleanups): 200 GET http://10.180.1.21/compute/v2.1/servers/98970067-ead7-4ea9-84ad-9e1c7717884a 0.619s
2025-11-27 05:11:03.572 65755 INFO tempest.lib.common.rest_client [req-f411784c-5cc9-41b0-85c5-52369766584a req-f411784c-5cc9-41b0-85c5-52369766584a ] Request (InstanceActionsV221TestJSON:tearDownClass): 204 DELETE http://10.180.1.21/networking/v2.0/networks/bbb51d8d-4d76-4d0d-9448-66bff048bc91 0.363s
2025-11-27 05:11:03.604 65697 INFO tempest.lib.common.rest_client [req-31dcc3e8-6c5a-4f5a-b80f-72ce540b7c36 req-31dcc3e8-6c5a-4f5a-b80f-72ce540b7c36 ] Request (DeleteServersTestJSON:test_delete_server_while_in_attached_volume): 200 GET http://10.180.1.21/compute/v2.1/servers/0d0f28a9-9391-4dc6-864c-0d2239d76a31 0.692s
2025-11-27 05:11:03.619 65743 INFO tempest.lib.common.rest_client [req-cf9ed3d8-8a1b-42dc-b541-196a6572636d req-cf9ed3d8-8a1b-42dc-b541-196a6572636d ] Request (FloatingIPsAssociationTestJSON:tearDownClass): 200 GET http://10.180.1.21/compute/v2.1/servers/2a07b983-c662-4bc9-9fc9-dbb4f1705c08 0.659s
2025-11-27 05:11:03.740 65755 INFO tempest.lib.common.rest_client [req-3b49ffff-ee41-4460-9119-b43967437485 req-3b49ffff-ee41-4460-9119-b43967437485 ] Request (InstanceActionsV221TestJSON:tearDownClass): 204 DELETE http://10.180.1.21/identity/v3/users/8730b60fa1d249f898e00eac2b427a11 0.168s
2025-11-27 05:11:03.740 65755 INFO tempest.lib.common.dynamic_creds [-] Deleting project and security group for project: 83f36534a53b4376b97f78bb9616f187
2025-11-27 05:11:03.761 65725 INFO tempest.lib.common.rest_client [req-f6c0914d-725d-4fce-afbd-2aadf26ab7fa req-f6c0914d-725d-4fce-afbd-2aadf26ab7fa ] Request (ServersAaction247Test:test_create_backup): 200 GET http://10.180.1.21/compute/v2.1/servers/6ee2e726-1745-4a1f-8bbe-d0dd401accf5 0.722s
2025-11-27 05:11:03.771 65715 INFO tempest.lib.common.rest_client [req-b5d944c8-4606-4529-b126-81f6b175364f req-b5d944c8-4606-4529-b126-81f6b175364f ] Request (ServersNegativeTestJSON:test_resize_nonexistent_server): 404 POST http://10.180.1.21/compute/v2.1/servers/73d3b6a0-9fc5-4f48-b2c1-9b17ff9d362f/action 0.659s
2025-11-27 05:11:03.791 65709 INFO tempest.lib.common.rest_client [req-1f32c79d-49d6-47dd-879b-d6c54b471c5d req-1f32c79d-49d6-47dd-879b-d6c54b471c5d ] Request (ServerDiskConfigTestJSON:test_rebuild_server_with_manual_disk_config): 200 GET http://10.180.1.21/compute/v2.1/servers/aad1453a-9e7a-4a22-801b-1bb86b1acb97 0.772s
2025-11-27 05:11:03.808 65755 INFO tempest.lib.common.rest_client [req-109da210-354f-401e-8150-97de0cfd98eb req-109da210-354f-401e-8150-97de0cfd98eb ] Request (InstanceActionsV221TestJSON:tearDownClass): 200 GET http://10.180.1.21/networking/v2.0/security-groups?tenant_id=83f36534a53b4376b97f78bb9616f187&name=default 0.068s
2025-11-27 05:11:03.927 65755 INFO tempest.lib.common.rest_client [req-406aca12-8faf-4a6d-a989-e9d3475938d6 req-406aca12-8faf-4a6d-a989-e9d3475938d6 ] Request (InstanceActionsV221TestJSON:tearDownClass): 204 DELETE http://10.180.1.21/networking/v2.0/security-groups/8a5daf4d-73bf-4ef2-9c95-5aa4dba6c5c3 0.118s
2025-11-27 05:11:04.077 65755 INFO tempest.lib.common.rest_client [req-3dce2e23-5a23-4f90-96bb-8536bfe7c442 req-3dce2e23-5a23-4f90-96bb-8536bfe7c442 ] Request (InstanceActionsV221TestJSON:tearDownClass): 204 DELETE http://10.180.1.21/identity/v3/projects/83f36534a53b4376b97f78bb9616f187 0.148s
2025-11-27 05:11:04.114 65711 INFO tempest.lib.common.rest_client [req-80f05b2c-7604-4ef6-82fd-3c56d63625bb req-80f05b2c-7604-4ef6-82fd-3c56d63625bb ] Request (ServersAdminNegativeTestJSON:test_migrate_server_invalid_state): 200 GET http://10.180.1.21/compute/v2.1/servers/ff073319-666d-4c85-b88a-91f7f1f7979b 0.895s
2025-11-27 05:11:04.140 65723 INFO tempest.lib.common.rest_client [req-b18e81d3-d32a-4df9-a1bf-45341c7cb62a req-b18e81d3-d32a-4df9-a1bf-45341c7cb62a ] Request (ServerRescueTestJSON:test_rescue_unrescue_instance): 200 GET http://10.180.1.21/compute/v2.1/servers/50700607-4f15-4e5b-81c3-23368b6afcfe 0.827s
2025-11-27 05:11:04.150 65723 INFO tempest.common.waiters [-] State transition "BUILD/None" ==> "BUILD/block_device_mapping" after 49 second wait
2025-11-27 05:11:04.174 65755 INFO tempest.lib.common.rest_client [req-aeaae83a-03de-4369-bcfc-ac5b0aef22a7 req-aeaae83a-03de-4369-bcfc-ac5b0aef22a7 ] Request (ServerGroupTestJSON:setUpClass): 201 POST http://10.180.1.21/identity/v3/auth/tokens 0.096s
2025-11-27 05:11:04.206 65707 WARNING tempest.lib.common.ssh [-] Failed to establish authenticated ssh connection to cirros@10.180.180.169 ([Errno None] Unable to connect to port 22 on 10.180.180.169). Number attempts: 6. Retry after 7 seconds.: paramiko.ssh_exception.NoValidConnectionsError: [Errno None] Unable to connect to port 22 on 10.180.180.169
2025-11-27 05:11:04.222 65755 INFO tempest.lib.common.rest_client [req-2f2a949a-75bb-4d2d-8387-5d65ec5ae553 req-2f2a949a-75bb-4d2d-8387-5d65ec5ae553 ] Request (ServerGroupTestJSON:setUpClass): 201 POST http://10.180.1.21/identity/v3/auth/tokens 0.042s
2025-11-27 05:11:04.237 65757 INFO tempest.lib.common.rest_client [req-2a7a1550-abd1-4764-97e9-bccb4b3f8226 req-2a7a1550-abd1-4764-97e9-bccb4b3f8226 ] Request (ImagesOneServerTestJSON:tearDownClass): 200 GET http://10.180.1.21/compute/v2.1/servers/d5371421-6fae-4329-99cf-8a9ea1cc11ff 0.861s
2025-11-27 05:11:04.252 65755 INFO tempest.lib.common.rest_client [req-6963fbf1-704e-4cb2-8929-b375c28fa857 req-6963fbf1-704e-4cb2-8929-b375c28fa857 ] Request (ServerGroupTestJSON:setUpClass): 200 GET http://10.180.1.21/identity/v3/domains?name=Default 0.030s
2025-11-27 05:11:04.280 65717 INFO tempest.lib.common.rest_client [req-e46b10d6-7d78-49e1-9bdd-07d3a1afe59f req-e46b10d6-7d78-49e1-9bdd-07d3a1afe59f ] Request (ServersAdminTestJSON:test_rebuild_server_in_error_state): 200 GET http://10.180.1.21/compute/v2.1/servers/5e1683e6-ab5f-483a-9e44-5a6ccc3deccc 0.932s
2025-11-27 05:11:04.290 65755 INFO tempest.lib.common.rest_client [req-72151055-4a2e-4293-ada3-05accfa3f359 req-72151055-4a2e-4293-ada3-05accfa3f359 ] Request (ServerGroupTestJSON:setUpClass): 201 POST http://10.180.1.21/identity/v3/projects 0.036s
2025-11-27 05:11:04.292 65717 INFO tempest.common.waiters [-] State transition "REBUILD/rebuilding" ==> "REBUILD/rebuild_spawning" after 4 second wait
2025-11-27 05:11:04.307 65731 INFO tempest.lib.common.rest_client [req-e9d65462-da4b-4e7e-be36-ec5c36bbb287 req-e9d65462-da4b-4e7e-be36-ec5c36bbb287 ] Request (ImagesOneServerNegativeTestJSON:setUpClass): 200 GET http://10.180.1.21/compute/v2.1/servers/fc28829c-021d-4920-8c1b-2a11abb95024 0.905s
2025-11-27 05:11:04.338 65721 INFO tempest.lib.common.rest_client [req-2ead0d68-6796-4ed6-8d60-811f37494ed6 req-2ead0d68-6796-4ed6-8d60-811f37494ed6 ] Request (ImagesTestJSON:test_create_server_from_snapshot): 200 GET http://10.180.1.21/compute/v2.1/images/996d2436-1094-459a-8cfc-7662b415e14c 0.901s
2025-11-27 05:11:04.372 65755 INFO tempest.lib.common.rest_client [req-c903c11f-161e-4030-b875-668323ff5bf6 req-c903c11f-161e-4030-b875-668323ff5bf6 ] Request (ServerGroupTestJSON:setUpClass): 201 POST http://10.180.1.21/identity/v3/users 0.081s
2025-11-27 05:11:04.396 65755 INFO tempest.lib.common.rest_client [req-127d525b-5b0e-43f5-9a0f-79c00d978a5b req-127d525b-5b0e-43f5-9a0f-79c00d978a5b ] Request (ServerGroupTestJSON:setUpClass): 200 GET http://10.180.1.21/identity/v3/roles 0.024s
2025-11-27 05:11:04.403 65727 INFO tempest.lib.common.rest_client [req-8c1bc68a-921a-4eb8-95ce-db775fdd2804 req-8c1bc68a-921a-4eb8-95ce-db775fdd2804 ] Request (ServersListShow2100Test:tearDownClass): 200 GET http://10.180.1.21/compute/v2.1/servers/f5c989d4-097d-4ca0-b047-1fba02b35f6c 0.933s
2025-11-27 05:11:04.421 65703 INFO tempest.lib.common.rest_client [req-760f84f9-68aa-492e-ab0a-2ff996908554 req-760f84f9-68aa-492e-ab0a-2ff996908554 ] Request (InstanceActionsNegativeTestJSON:setUpClass): 200 GET http://10.180.1.21/compute/v2.1/servers/168f1f3f-f2ac-4e72-aa73-7f3310e438d8 0.916s
2025-11-27 05:11:04.452 65755 INFO tempest.lib.common.rest_client [req-19e3cbc4-e70b-458f-af06-c1eb45ef144e req-19e3cbc4-e70b-458f-af06-c1eb45ef144e ] Request (ServerGroupTestJSON:setUpClass): 204 PUT http://10.180.1.21/identity/v3/projects/add7407ebc29424a8c4461f43efa73ba/users/248384f1d7904d1f82c19649bf6d2e9f/roles/276902d10e684c22b9b1091da0fc2186 0.056s
2025-11-27 05:11:04.453 65755 INFO tempest.lib.common.dynamic_creds [-] Dynamic test user 248384f1d7904d1f82c19649bf6d2e9f is created with scope project and roles: ['member']
