2025-11-27 05:08:56.208 65723 INFO tempest.lib.common.rest_client [req-feddc457-233f-476c-a582-4283724eed82 req-feddc457-233f-476c-a582-4283724eed82 ] Request (MultipleCreateNegativeTestJSON:setUpClass): 201 POST http://10.180.1.21/identity/v3/projects 0.041s
2025-11-27 05:08:56.239 65727 INFO tempest.lib.common.rest_client [req-95c34828-deb4-4354-9a0d-bb991b853078 req-95c34828-deb4-4354-9a0d-bb991b853078 ] Request (ServerAddressesTestJSON:test_list_server_addresses): 200 GET http://10.180.1.21/compute/v2.1/servers/b50fbec0-fe28-4cad-b98d-0034db0dbbfa/ips 5.490s
2025-11-27 05:08:56.334 65723 INFO tempest.lib.common.rest_client [req-2377859f-0159-4199-9b85-9815a5d7649b req-2377859f-0159-4199-9b85-9815a5d7649b ] Request (MultipleCreateNegativeTestJSON:setUpClass): 201 POST http://10.180.1.21/identity/v3/users 0.126s
2025-11-27 05:08:56.390 65749 INFO tempest.lib.common.rest_client [req-4a339b8e-e47b-4314-af26-befddec196df req-4a339b8e-e47b-4314-af26-befddec196df ] Request (KeyPairsV2TestJSON:tearDownClass): 204 DELETE http://10.180.1.21/identity/v3/users/2dc13f95133440a9a72e8f648a69cbb8 0.201s
2025-11-27 05:08:56.391 65749 INFO tempest.lib.common.dynamic_creds [-] Deleting project and security group for project: bf4922715f0742c59e9b65ffc6283947
2025-11-27 05:08:56.462 65723 INFO tempest.lib.common.rest_client [req-f324c8ce-88a1-48e3-86ae-d53ed925c47b req-f324c8ce-88a1-48e3-86ae-d53ed925c47b ] Request (MultipleCreateNegativeTestJSON:setUpClass): 200 GET http://10.180.1.21/identity/v3/roles 0.127s
2025-11-27 05:08:56.482 65703 WARNING tempest.lib.common.ssh [-] Failed to establish authenticated ssh connection to cirros@10.180.180.132 ([Errno None] Unable to connect to port 22 on 10.180.180.132). Number attempts: 5. Retry after 6 seconds.: paramiko.ssh_exception.NoValidConnectionsError: [Errno None] Unable to connect to port 22 on 10.180.180.132
2025-11-27 05:08:56.500 65757 INFO tempest.lib.common.rest_client [req-e97fd53c-b6b1-4f19-b47a-ccc894e1026c req-e97fd53c-b6b1-4f19-b47a-ccc894e1026c ] Request (ImagesOneServerTestJSON:setUpClass): 201 POST http://10.180.1.21/networking/v2.0/routers 1.103s
2025-11-27 05:08:56.500 65749 INFO tempest.lib.common.rest_client [req-82aea250-adf6-414d-a703-961b653200f7 req-82aea250-adf6-414d-a703-961b653200f7 ] Request (KeyPairsV2TestJSON:tearDownClass): 201 POST http://10.180.1.21/identity/v3/auth/tokens 0.109s
2025-11-27 05:08:56.530 65711 INFO tempest.lib.common.rest_client [req-b8ba7d96-ed0e-4b94-9741-28dd7c5cf415 req-b8ba7d96-ed0e-4b94-9741-28dd7c5cf415 ] Request (FlavorsAccessNegativeTestJSON:test_remove_flavor_access_not_found): 404 POST http://10.180.1.21/compute/v2.1/flavors/788972626/action 5.551s
2025-11-27 05:08:56.552 65723 INFO tempest.lib.common.rest_client [req-e4595879-c347-4ab5-ac9e-1a74a9df9ab8 req-e4595879-c347-4ab5-ac9e-1a74a9df9ab8 ] Request (MultipleCreateNegativeTestJSON:setUpClass): 204 PUT http://10.180.1.21/identity/v3/projects/761894660cc04a8aa1c37f108ebc8514/users/bbc6fed424bf4284b0cbc808344354eb/roles/276902d10e684c22b9b1091da0fc2186 0.089s
2025-11-27 05:08:56.552 65723 INFO tempest.lib.common.dynamic_creds [-] Dynamic test user bbc6fed424bf4284b0cbc808344354eb is created with scope project and roles: ['member']
2025-11-27 05:08:56.553 65723 INFO tempest.lib.common.dynamic_creds [-] Acquired dynamic creds: credentials: Credentials: {'domain_id': 'default', 'domain_name': 'Default', 'username': 'tempest-MultipleCreateNegativeTestJSON-332967339-project-member', 'project_domain_id': 'default', 'project_domain_name': 'Default', 'project_id': '761894660cc04a8aa1c37f108ebc8514', 'project_name': 'tempest-MultipleCreateNegativeTestJSON-332967339', 'tenant_id': '761894660cc04a8aa1c37f108ebc8514', 'tenant_name': 'tempest-MultipleCreateNegativeTestJSON-332967339', 'user_domain_id': 'default', 'user_domain_name': 'Default', 'user_id': 'bbc6fed424bf4284b0cbc808344354eb', 'system': None}, Network: None, Subnet: None, Router: None
2025-11-27 05:08:56.553 65723 INFO tempest.lib.common.dynamic_creds [-] Created isolated network resources for: credentials: Credentials: {'domain_id': 'default', 'domain_name': 'Default', 'username': 'tempest-MultipleCreateNegativeTestJSON-332967339-project-member', 'project_domain_id': 'default', 'project_domain_name': 'Default', 'project_id': '761894660cc04a8aa1c37f108ebc8514', 'project_name': 'tempest-MultipleCreateNegativeTestJSON-332967339', 'tenant_id': '761894660cc04a8aa1c37f108ebc8514', 'tenant_name': 'tempest-MultipleCreateNegativeTestJSON-332967339', 'user_domain_id': 'default', 'user_domain_name': 'Default', 'user_id': 'bbc6fed424bf4284b0cbc808344354eb', 'system': None}, Network: None, Subnet: None, Router: None
2025-11-27 05:08:56.693 65695 INFO tempest.lib.common.rest_client [req-bccf3dd8-4db1-428a-a224-55dee2bf86f0 req-bccf3dd8-4db1-428a-a224-55dee2bf86f0 ] Request (QuotasAdminTestV257:test_get_updated_quotas): 200 GET http://10.180.1.21/compute/v2.1/os-quota-sets/8536104b6b9c4282b5e47ea180b16207?user_id=8826b120d46e494faa0e599ee9dfcdd6 5.362s
2025-11-27 05:08:56.708 65707 INFO tempest.lib.common.rest_client [req-d2775236-d41e-4f66-ad42-7f50b7903eca req-d2775236-d41e-4f66-ad42-7f50b7903eca ] Request (KeyPairsV22TestJSON:test_keypairsv22_create_list_show): 200 GET http://10.180.1.21/compute/v2.1/os-keypairs 5.317s
2025-11-27 05:08:56.723 65731 INFO tempest.lib.common.rest_client [req-858c80b6-afb1-4665-85db-cb0100c4b0a3 req-858c80b6-afb1-4665-85db-cb0100c4b0a3 ] Request (FlavorsAdminTestJSON:test_create_server_with_non_public_flavor): 400 POST http://10.180.1.21/compute/v2.1/servers 5.295s
2025-11-27 05:08:56.755 65747 INFO tempest.lib.common.rest_client [req-2e5555f5-fe69-4b29-a069-74b0c50291b3 req-2e5555f5-fe69-4b29-a069-74b0c50291b3 ] Request (ImagesMetadataTestJSON:setUp): 200 PUT http://10.180.1.21/compute/v2.1/images/ff0ffa08-c66f-41db-bf72-c4074594770e/metadata 5.382s
2025-11-27 05:08:56.757 65713 INFO tempest.lib.common.rest_client [req-2442aabf-5f7f-4ed2-bd5c-e1d5369e825b req-2442aabf-5f7f-4ed2-bd5c-e1d5369e825b ] Request (ImagesDeleteNegativeTestJSON:test_delete_non_existent_image): 404 DELETE http://10.180.1.21/compute/v2.1/images/f4f6b2e3-ee4c-4f08-9c8d-ed48866886a9 5.305s
2025-11-27 05:08:56.763 65723 INFO tempest.lib.common.rest_client [req-aa62798c-ef00-4e16-b4db-abcd6a8618bd req-aa62798c-ef00-4e16-b4db-abcd6a8618bd ] Request (MultipleCreateNegativeTestJSON:setUpClass): 201 POST http://10.180.1.21/identity/v3/auth/tokens 0.203s
2025-11-27 05:08:56.805 65695 INFO tempest.lib.common.rest_client [req-4b14ff17-06af-46f7-b8ee-721955af4424 req-4b14ff17-06af-46f7-b8ee-721955af4424 ] Request (QuotasAdminTestV257:_run_cleanups): 204 DELETE http://10.180.1.21/identity/v3/users/8826b120d46e494faa0e599ee9dfcdd6 0.110s
2025-11-27 05:08:56.850 65749 INFO tempest.lib.common.rest_client [req-6df5429b-4a87-442b-aca0-00ddf06a817d req-6df5429b-4a87-442b-aca0-00ddf06a817d ] Request (KeyPairsV2TestJSON:tearDownClass): 200 GET http://10.180.1.21/networking/v2.0/security-groups?tenant_id=bf4922715f0742c59e9b65ffc6283947&name=default 0.350s
2025-11-27 05:08:56.954 65713 INFO tempest.lib.common.rest_client [req-2ec2f128-d293-48e0-8f54-98f9e0a18c94 req-2ec2f128-d293-48e0-8f54-98f9e0a18c94 ] Request (ImagesDeleteNegativeTestJSON:tearDownClass): 204 DELETE http://10.180.1.21/identity/v3/users/0d00fbdbe3954a4883359382fb5aa779 0.193s
2025-11-27 05:08:56.955 65713 INFO tempest.lib.common.dynamic_creds [-] Deleting project and security group for project: 296f7efefcec4a16bc9037484d3db8e8
2025-11-27 05:08:57.014 65723 INFO tempest.lib.common.rest_client [req-1fff6b01-a438-4f51-9426-c9d9b73f939f req-1fff6b01-a438-4f51-9426-c9d9b73f939f ] Request (MultipleCreateNegativeTestJSON:test_max_count_less_than_min_count): 201 POST http://10.180.1.21/identity/v3/auth/tokens 0.246s
2025-11-27 05:08:57.014 65723 INFO tempest.lib.common.fixed_network [-] (MultipleCreateNegativeTestJSON:test_max_count_less_than_min_count) Found network None available for tenant
2025-11-27 05:08:57.028 65745 INFO tempest.lib.common.rest_client [req-7d6dfe28-a3e2-46fa-b9fe-3bb1576c5784 req-7d6dfe28-a3e2-46fa-b9fe-3bb1576c5784 ] Request (VolumesAdminNegativeTest:test_update_attached_volume_with_nonexistent_volume_in_uri): 404 PUT http://10.180.1.21/compute/v2.1/servers/88e35b74-ed60-4630-a54f-50fb7a9cd529/os-volume_attachments/d1133720-5355-4ae4-869c-3d46225a9189 5.173s
2025-11-27 05:08:57.056 65695 INFO tempest.lib.common.rest_client [req-d96475f5-9824-4f18-b982-fe18899d88fe req-d96475f5-9824-4f18-b982-fe18899d88fe ] Request (QuotasAdminTestV257:_run_cleanups): 204 DELETE http://10.180.1.21/identity/v3/projects/8536104b6b9c4282b5e47ea180b16207 0.251s
2025-11-27 05:08:57.064 65737 INFO tempest.lib.common.rest_client [req-3e9af488-0dda-49d9-a58e-5a9c948e130b req-3e9af488-0dda-49d9-a58e-5a9c948e130b ] Request (ServerDiagnosticsTest:tearDownClass): 404 GET http://10.180.1.21/compute/v2.1/servers/cc22c482-b990-489e-b945-7256984855d1 5.098s
2025-11-27 05:08:57.078 65713 INFO tempest.lib.common.rest_client [req-efa8d3d8-7d7d-4cea-9c44-cde410a4825a req-efa8d3d8-7d7d-4cea-9c44-cde410a4825a ] Request (ImagesDeleteNegativeTestJSON:tearDownClass): 201 POST http://10.180.1.21/identity/v3/auth/tokens 0.122s
2025-11-27 05:08:57.085 65745 INFO tempest.lib.common.rest_client [req-f503642c-71bb-40d5-963c-7345c1a7e5cf req-f503642c-71bb-40d5-963c-7345c1a7e5cf ] Request (VolumesAdminNegativeTest:tearDownClass): 202 DELETE http://10.180.1.21/volume/v3/volumes/afa1e1c6-d816-4772-80dd-bb8174b92030 0.055s
2025-11-27 05:08:57.094 65741 INFO tempest.lib.common.rest_client [req-0945bb14-44ca-495e-9a85-703b553ca2e2 req-0945bb14-44ca-495e-9a85-703b553ca2e2 ] Request (ImagesMetadataNegativeTestJSON:test_update_nonexistent_image_metadata): 404 POST http://10.180.1.21/compute/v2.1/images/93e6a782-9c3c-4961-aa64-4ce3aabe3356/metadata 5.118s
2025-11-27 05:08:57.124 65745 INFO tempest.lib.common.rest_client [req-ccb5682d-709f-45c0-8331-7a1cf8cef6ce req-ccb5682d-709f-45c0-8331-7a1cf8cef6ce ] Request (VolumesAdminNegativeTest:tearDownClass): 200 GET http://10.180.1.21/volume/v3/volumes/afa1e1c6-d816-4772-80dd-bb8174b92030 0.038s
2025-11-27 05:08:57.170 65749 INFO tempest.lib.common.rest_client [req-a88c1765-81d2-4c13-9d79-6edb7e912e98 req-a88c1765-81d2-4c13-9d79-6edb7e912e98 ] Request (KeyPairsV2TestJSON:tearDownClass): 204 DELETE http://10.180.1.21/networking/v2.0/security-groups/478b94c2-9cdc-453c-85fd-c8dd54abe25a 0.320s
2025-11-27 05:08:57.193 65737 INFO tempest.lib.common.rest_client [req-fa724062-d3d5-4ce7-803e-91c39bfcc52f req-fa724062-d3d5-4ce7-803e-91c39bfcc52f ] Request (ServerDiagnosticsTest:tearDownClass): 204 DELETE http://10.180.1.21/identity/v3/users/cdb90420d30a459fb359875d5e1f7d9d 0.128s
2025-11-27 05:08:57.246 65717 INFO tempest.lib.common.rest_client [req-77cf77b4-6306-4a49-a5af-c26f0fb5813e req-77cf77b4-6306-4a49-a5af-c26f0fb5813e ] Request (ServersAdminTestJSON:setUpClass): 200 GET http://10.180.1.21/compute/v2.1/servers/c0fd0a1c-2a89-44ed-9da4-8a505f409074 5.421s
2025-11-27 05:08:57.258 65717 INFO tempest.common.waiters [-] State transition "BUILD/networking" ==> "BUILD/spawning" after 15 second wait
2025-11-27 05:08:57.291 65695 INFO tempest.lib.common.rest_client [req-57ff696f-6360-4551-8fc3-b8493e0429c4 req-57ff696f-6360-4551-8fc3-b8493e0429c4 ] Request (QuotasAdminTestV257:tearDownClass): 204 DELETE http://10.180.1.21/identity/v3/users/7950b286c7fb470c9ffe943912733fe4 0.234s
2025-11-27 05:08:57.308 65699 INFO tempest.lib.common.rest_client [req-7a500f71-c865-4830-87c9-c5503d200eae req-7a500f71-c865-4830-87c9-c5503d200eae ] Request (QuotasAdminTestJSON:test_delete_quota): 200 GET http://10.180.1.21/identity/v3/domains?name=Default 0.204s
2025-11-27 05:08:57.313 65755 INFO tempest.lib.common.rest_client [req-701b7333-8526-4946-810b-ed490d55397e req-701b7333-8526-4946-810b-ed490d55397e ] Request (InstanceActionsTestJSON:test_list_instance_actions): 200 GET http://10.180.1.21/compute/v2.1/servers/bbc2da8a-a6b0-43dd-b73a-41a0c55544ab/os-instance-actions 4.665s
2025-11-27 05:08:57.375 65751 INFO tempest.lib.common.rest_client [req-f139945f-f375-40cb-8198-2e7464f7d863 req-f139945f-f375-40cb-8198-2e7464f7d863 ] Request (VolumesTestJSON:test_volume_list_param_limit): 200 GET http://10.180.1.21/compute/v2.1/os-volumes?limit=2 4.667s
2025-11-27 05:08:57.400 65741 INFO tempest.lib.common.rest_client [req-8dd4de6b-75b3-45ee-a2b4-7b2035ef2c0d req-8dd4de6b-75b3-45ee-a2b4-7b2035ef2c0d ] Request (ImagesMetadataNegativeTestJSON:tearDownClass): 204 DELETE http://10.180.1.21/identity/v3/users/af11de0873594054a839fe7687f3e6f8 0.293s
2025-11-27 05:08:57.401 65741 INFO tempest.lib.common.dynamic_creds [-] Deleting project and security group for project: cef021e27ba34b1c92517dcb357dad2e
2025-11-27 05:08:57.419 65701 WARNING tempest.lib.common.ssh [-] Failed to establish authenticated ssh connection to cirros@10.180.180.171 ([Errno None] Unable to connect to port 22 on 10.180.180.171). Number attempts: 6. Retry after 7 seconds.: paramiko.ssh_exception.NoValidConnectionsError: [Errno None] Unable to connect to port 22 on 10.180.180.171
2025-11-27 05:08:57.458 65749 INFO tempest.lib.common.rest_client [req-31fefe71-c64c-4e17-8f05-35eb90020c52 req-31fefe71-c64c-4e17-8f05-35eb90020c52 ] Request (KeyPairsV2TestJSON:tearDownClass): 204 DELETE http://10.180.1.21/identity/v3/projects/bf4922715f0742c59e9b65ffc6283947 0.288s
2025-11-27 05:08:57.562 65737 INFO tempest.lib.common.rest_client [req-1b08b7c2-f651-4117-a8cd-d0c52f6c6bef req-1b08b7c2-f651-4117-a8cd-d0c52f6c6bef ] Request (ServerDiagnosticsTest:tearDownClass): 204 DELETE http://10.180.1.21/identity/v3/users/1328f909445e48a2b1571390afc38dd6 0.368s
2025-11-27 05:08:57.562 65737 INFO tempest.lib.common.dynamic_creds [-] Deleting project and security group for project: efdd35d0a9a1405f849ce09123c3719d
2025-11-27 05:08:57.689 65695 INFO tempest.lib.common.rest_client [req-fe618ecb-3c5d-4e83-acb2-057cee837dc0 req-fe618ecb-3c5d-4e83-acb2-057cee837dc0 ] Request (QuotasAdminTestV257:tearDownClass): 204 DELETE http://10.180.1.21/identity/v3/users/5957b1dc646244c99b01f539679321f2 0.397s
2025-11-27 05:08:57.689 65695 INFO tempest.lib.common.dynamic_creds [-] Deleting project and security group for project: a5bc4730c5754165930b098116cc1288
2025-11-27 05:08:57.708 65739 INFO paramiko.transport [-] Connected (version 2.0, client dropbear_2020.81)
2025-11-27 05:08:57.724 65757 INFO tempest.lib.common.rest_client [req-91760c5f-cc30-4601-ba38-0ae9f9610423 req-91760c5f-cc30-4601-ba38-0ae9f9610423 ] Request (ImagesOneServerTestJSON:setUpClass): 200 PUT http://10.180.1.21/networking/v2.0/routers/9fc84dbb-de95-42ab-9f3c-68e90ce88855/add_router_interface 1.224s
2025-11-27 05:08:57.724 65757 INFO tempest.lib.common.dynamic_creds [-] Created isolated network resources for: credentials: Credentials: {'domain_id': 'default', 'domain_name': 'Default', 'username': 'tempest-ImagesOneServerTestJSON-752365409-project-member', 'project_domain_id': 'default', 'project_domain_name': 'Default', 'project_id': 'b7f88fd37fd048e9ac392c1b77210366', 'project_name': 'tempest-ImagesOneServerTestJSON-752365409', 'tenant_id': 'b7f88fd37fd048e9ac392c1b77210366', 'tenant_name': 'tempest-ImagesOneServerTestJSON-752365409', 'user_domain_id': 'default', 'user_domain_name': 'Default', 'user_id': 'a1b63a43cc0b4ec9bd53e669339d5b40', 'system': None}, Network: {'id': '9d90c8a8-2e54-4d01-b451-4f04c5a48fa3', 'name': 'tempest-ImagesOneServerTestJSON-472789518-network', 'tenant_id': 'b7f88fd37fd048e9ac392c1b77210366', 'project_id': 'b7f88fd37fd048e9ac392c1b77210366', 'admin_state_up': True, 'mtu': 8950, 'status': 'ACTIVE', 'subnets': [], 'shared': False, 'port_security_enabled': True, 'router:external': False, 'provider:network_type': 'vlan', 'provider:physical_network': 'default', 'provider:segmentation_id': 668, 'availability_zone_hints': [], 'availability_zones': [], 'ipv4_address_scope': None, 'ipv6_address_scope': None, 'description': '', 'tags': [], 'created_at': '2025-11-27T05:08:54Z', 'updated_at': '2025-11-27T05:08:54Z', 'revision_number': 1}, Subnet: {'id': '160df0f1-1e4c-4012-9601-cd11fa07ae75', 'name': 'tempest-ImagesOneServerTestJSON-472789518-subnet', 'tenant_id': 'b7f88fd37fd048e9ac392c1b77210366', 'network_id': '9d90c8a8-2e54-4d01-b451-4f04c5a48fa3', 'ip_version': 4, 'subnetpool_id': None, 'enable_dhcp': True, 'ipv6_ra_mode': None, 'ipv6_address_mode': None, 'gateway_ip': '192.168.128.1', 'cidr': '192.168.128.0/28', 'allocation_pools': [{'start': '192.168.128.2', 'end': '192.168.128.14'}], 'host_routes': [], 'dns_nameservers': [], 'description': '', 'router:external': False, 'service_types': [], 'tags': [], 'created_at': '2025-11-27T05:08:55Z', 'updated_at': '2025-11-27T05:08:55Z', 'revision_number': 0, 'project_id': 'b7f88fd37fd048e9ac392c1b77210366'}, Router: {'id': '9fc84dbb-de95-42ab-9f3c-68e90ce88855', 'name': 'tempest-ImagesOneServerTestJSON-472789518-router', 'tenant_id': 'b7f88fd37fd048e9ac392c1b77210366', 'admin_state_up': True, 'status': 'ACTIVE', 'external_gateway_info': {'network_id': 'a6b10570-878a-452f-a110-015b12075bee', 'external_fixed_ips': [{'subnet_id': '705ffa78-1cbe-4a3b-81d6-37647a9c358a', 'ip_address': '10.180.180.230'}], 'enable_snat': True}, 'description': '', 'availability_zones': [], 'distributed': False, 'ha': False, 'availability_zone_hints': [], 'routes': [], 'flavor_id': None, 'tags': [], 'created_at': '2025-11-27T05:08:55Z', 'updated_at': '2025-11-27T05:08:56Z', 'revision_number': 2, 'project_id': 'b7f88fd37fd048e9ac392c1b77210366'}
2025-11-27 05:08:57.743 65699 INFO tempest.lib.common.rest_client [req-c7645dab-7eaa-4b94-b9e0-b6fcd6977949 req-c7645dab-7eaa-4b94-b9e0-b6fcd6977949 ] Request (QuotasAdminTestJSON:test_delete_quota): 201 POST http://10.180.1.21/identity/v3/projects 0.434s
2025-11-27 05:08:57.761 65713 INFO tempest.lib.common.rest_client [req-0d53f4fe-08f4-4884-be3a-1822ec436720 req-0d53f4fe-08f4-4884-be3a-1822ec436720 ] Request (ImagesDeleteNegativeTestJSON:tearDownClass): 200 GET http://10.180.1.21/networking/v2.0/security-groups?tenant_id=296f7efefcec4a16bc9037484d3db8e8&name=default 0.683s
2025-11-27 05:08:57.804 65741 INFO tempest.lib.common.rest_client [req-0444377c-5ed3-47f5-99a5-3239601c0222 req-0444377c-5ed3-47f5-99a5-3239601c0222 ] Request (ImagesMetadataNegativeTestJSON:tearDownClass): 201 POST http://10.180.1.21/identity/v3/auth/tokens 0.403s
2025-11-27 05:08:57.814 65749 INFO tempest.lib.common.rest_client [req-1fdcd121-2dac-437b-8a8e-f285b7d75e23 req-1fdcd121-2dac-437b-8a8e-f285b7d75e23 ] Request (SecurityGroupsTestJSON:setUpClass): 201 POST http://10.180.1.21/identity/v3/auth/tokens 0.354s
2025-11-27 05:08:57.821 65739 INFO paramiko.transport [-] Authentication (publickey) successful!
2025-11-27 05:08:57.822 65739 INFO tempest.lib.common.ssh [-] ssh connection to cirros@10.180.180.175 successfully created
2025-11-27 05:08:57.830 65737 INFO tempest.lib.common.rest_client [req-7cd72f55-d74b-4be3-beba-a284cfb1cd1a req-7cd72f55-d74b-4be3-beba-a284cfb1cd1a ] Request (ServerDiagnosticsTest:tearDownClass): 201 POST http://10.180.1.21/identity/v3/auth/tokens 0.268s
2025-11-27 05:08:57.845 65695 INFO tempest.lib.common.rest_client [req-5ae262ee-df31-4047-976f-179322ce3059 req-5ae262ee-df31-4047-976f-179322ce3059 ] Request (QuotasAdminTestV257:tearDownClass): 201 POST http://10.180.1.21/identity/v3/auth/tokens 0.156s
2025-11-27 05:08:57.882 65715 INFO tempest.lib.common.rest_client [req-7e99417a-d287-4d0c-9397-d775f1dbbf01 req-7e99417a-d287-4d0c-9397-d775f1dbbf01 ] Request (ServersNegativeTestJSON:setUpClass): 200 GET http://10.180.1.21/compute/v2.1/servers/b6b86ddc-3981-441a-99a6-10c95807cd00 5.898s
2025-11-27 05:08:57.887 65713 INFO tempest.lib.common.rest_client [req-9d526320-0503-478a-9b71-474b8c19e2bf req-9d526320-0503-478a-9b71-474b8c19e2bf ] Request (ImagesDeleteNegativeTestJSON:tearDownClass): 204 DELETE http://10.180.1.21/networking/v2.0/security-groups/03c03fc5-e436-47bd-994c-e002afd2e97b 0.125s
2025-11-27 05:08:57.893 65715 INFO tempest.common.waiters [-] State transition "BUILD/None" ==> "BUILD/spawning" after 7 second wait
2025-11-27 05:08:57.909 65757 INFO tempest.lib.common.rest_client [req-fa9c8336-ea2d-433b-9cef-0c4d4befe5a2 req-fa9c8336-ea2d-433b-9cef-0c4d4befe5a2 ] Request (ImagesOneServerTestJSON:setUpClass): 201 POST http://10.180.1.21/identity/v3/auth/tokens 0.181s
2025-11-27 05:08:57.911 65699 INFO tempest.lib.common.rest_client [req-e4ea36d9-59a1-4195-a547-b28715e1f89c req-e4ea36d9-59a1-4195-a547-b28715e1f89c ] Request (QuotasAdminTestJSON:test_delete_quota): 200 GET http://10.180.1.21/identity/v3/domains?name=Default 0.168s
2025-11-27 05:08:57.935 65749 INFO tempest.lib.common.rest_client [req-c7162c67-5eff-4cc7-9291-e1227144471f req-c7162c67-5eff-4cc7-9291-e1227144471f ] Request (SecurityGroupsTestJSON:setUpClass): 201 POST http://10.180.1.21/identity/v3/auth/tokens 0.118s
2025-11-27 05:08:58.007 65737 INFO tempest.lib.common.rest_client [req-ec500a36-fb47-45d2-be83-29df794827bb req-ec500a36-fb47-45d2-be83-29df794827bb ] Request (ServerDiagnosticsTest:tearDownClass): 200 GET http://10.180.1.21/networking/v2.0/security-groups?tenant_id=efdd35d0a9a1405f849ce09123c3719d&name=default 0.176s
2025-11-27 05:08:58.008 65757 INFO tempest.lib.common.rest_client [req-b96d8bc1-66df-48d4-bf42-7d20f2ec4a74 req-b96d8bc1-66df-48d4-bf42-7d20f2ec4a74 ] Request (ImagesOneServerTestJSON:setUpClass): 201 POST http://10.180.1.21/identity/v3/auth/tokens 0.094s
2025-11-27 05:08:58.008 65757 INFO tempest.lib.common.fixed_network [-] (ImagesOneServerTestJSON:setUpClass) Found network {'id': '9d90c8a8-2e54-4d01-b451-4f04c5a48fa3', 'name': 'tempest-ImagesOneServerTestJSON-472789518-network', 'tenant_id': 'b7f88fd37fd048e9ac392c1b77210366', 'project_id': 'b7f88fd37fd048e9ac392c1b77210366', 'admin_state_up': True, 'mtu': 8950, 'status': 'ACTIVE', 'subnets': [], 'shared': False, 'port_security_enabled': True, 'router:external': False, 'provider:network_type': 'vlan', 'provider:physical_network': 'default', 'provider:segmentation_id': 668, 'availability_zone_hints': [], 'availability_zones': [], 'ipv4_address_scope': None, 'ipv6_address_scope': None, 'description': '', 'tags': [], 'created_at': '2025-11-27T05:08:54Z', 'updated_at': '2025-11-27T05:08:54Z', 'revision_number': 1} available for tenant
2025-11-27 05:08:58.034 65713 INFO tempest.lib.common.rest_client [req-3f1125d3-4da0-4edf-be17-00b1e2823730 req-3f1125d3-4da0-4edf-be17-00b1e2823730 ] Request (ImagesDeleteNegativeTestJSON:tearDownClass): 204 DELETE http://10.180.1.21/identity/v3/projects/296f7efefcec4a16bc9037484d3db8e8 0.146s
2025-11-27 05:08:58.062 65749 INFO tempest.lib.common.rest_client [req-fdd479e5-8a3c-473b-9b93-827e2ea7d816 req-fdd479e5-8a3c-473b-9b93-827e2ea7d816 ] Request (SecurityGroupsTestJSON:setUpClass): 200 GET http://10.180.1.21/identity/v3/domains?name=Default 0.126s
2025-11-27 05:08:58.064 65713 INFO tempest.lib.common.rest_client [req-efd1c5bd-00ea-437f-a886-54b43a866ba3 req-efd1c5bd-00ea-437f-a886-54b43a866ba3 ] Request (ServerActionsTestOtherA:setUpClass): 201 POST http://10.180.1.21/identity/v3/auth/tokens 0.028s
2025-11-27 05:08:58.078 65741 INFO tempest.lib.common.rest_client [req-a2bfcc0b-bf04-42a6-8054-7ac8840395d9 req-a2bfcc0b-bf04-42a6-8054-7ac8840395d9 ] Request (ImagesMetadataNegativeTestJSON:tearDownClass): 200 GET http://10.180.1.21/networking/v2.0/security-groups?tenant_id=cef021e27ba34b1c92517dcb357dad2e&name=default 0.273s
2025-11-27 05:08:58.108 65749 INFO tempest.lib.common.rest_client [req-11284e71-fde2-4404-983e-0b2459412665 req-11284e71-fde2-4404-983e-0b2459412665 ] Request (SecurityGroupsTestJSON:setUpClass): 201 POST http://10.180.1.21/identity/v3/projects 0.045s
2025-11-27 05:08:58.154 65745 INFO tempest.lib.common.rest_client [req-e128e583-6c4a-4da1-9645-3b61d12e117c req-e128e583-6c4a-4da1-9645-3b61d12e117c ] Request (VolumesAdminNegativeTest:tearDownClass): 404 GET http://10.180.1.21/volume/v3/volumes/afa1e1c6-d816-4772-80dd-bb8174b92030 0.018s
2025-11-27 05:08:58.173 65713 INFO tempest.lib.common.rest_client [req-f72f739f-1c59-4d7b-8f72-901bf0cb830e req-f72f739f-1c59-4d7b-8f72-901bf0cb830e ] Request (ServerActionsTestOtherA:setUpClass): 201 POST http://10.180.1.21/identity/v3/auth/tokens 0.106s
2025-11-27 05:08:58.182 65749 INFO tempest.lib.common.rest_client [req-07ebf981-ad0f-4b84-a670-ab2e2c7450e6 req-07ebf981-ad0f-4b84-a670-ab2e2c7450e6 ] Request (SecurityGroupsTestJSON:setUpClass): 201 POST http://10.180.1.21/identity/v3/users 0.073s
2025-11-27 05:08:58.198 65713 INFO tempest.lib.common.rest_client [req-cf1e8208-afec-4ab9-8d4c-a76058daeac6 req-cf1e8208-afec-4ab9-8d4c-a76058daeac6 ] Request (ServerActionsTestOtherA:setUpClass): 200 GET http://10.180.1.21/identity/v3/domains?name=Default 0.024s
2025-11-27 05:08:58.208 65749 INFO tempest.lib.common.rest_client [req-7619f3b1-a058-44e0-bb57-93f5bcce2ba4 req-7619f3b1-a058-44e0-bb57-93f5bcce2ba4 ] Request (SecurityGroupsTestJSON:setUpClass): 200 GET http://10.180.1.21/identity/v3/roles 0.025s
2025-11-27 05:08:58.228 65737 INFO tempest.lib.common.rest_client [req-0a34b776-16f5-45b2-b5b5-00680f9b5fad req-0a34b776-16f5-45b2-b5b5-00680f9b5fad ] Request (ServerDiagnosticsTest:tearDownClass): 204 DELETE http://10.180.1.21/networking/v2.0/security-groups/9282454d-037f-4e64-902c-636a49b89434 0.221s
2025-11-27 05:08:58.240 65713 INFO tempest.lib.common.rest_client [req-b8a615e8-f063-4e0c-84a0-cf60577c53e1 req-b8a615e8-f063-4e0c-84a0-cf60577c53e1 ] Request (ServerActionsTestOtherA:setUpClass): 201 POST http://10.180.1.21/identity/v3/projects 0.041s
2025-11-27 05:08:58.240 65749 INFO tempest.lib.common.rest_client [req-993de5ec-274e-48b4-9047-f701a2d4b1e4 req-993de5ec-274e-48b4-9047-f701a2d4b1e4 ] Request (SecurityGroupsTestJSON:setUpClass): 204 PUT http://10.180.1.21/identity/v3/projects/79050aaf05484cf09f887513b20c0c22/users/4d6dd52b974e431dbf98be401d358696/roles/276902d10e684c22b9b1091da0fc2186 0.031s
2025-11-27 05:08:58.240 65749 INFO tempest.lib.common.dynamic_creds [-] Dynamic test user 4d6dd52b974e431dbf98be401d358696 is created with scope project and roles: ['member']
2025-11-27 05:08:58.241 65749 INFO tempest.lib.common.dynamic_creds [-] Acquired dynamic creds: credentials: Credentials: {'domain_id': 'default', 'domain_name': 'Default', 'username': 'tempest-SecurityGroupsTestJSON-920822125-project-member', 'project_domain_id': 'default', 'project_domain_name': 'Default', 'project_id': '79050aaf05484cf09f887513b20c0c22', 'project_name': 'tempest-SecurityGroupsTestJSON-920822125', 'tenant_id': '79050aaf05484cf09f887513b20c0c22', 'tenant_name': 'tempest-SecurityGroupsTestJSON-920822125', 'user_domain_id': 'default', 'user_domain_name': 'Default', 'user_id': '4d6dd52b974e431dbf98be401d358696', 'system': None}, Network: None, Subnet: None, Router: None
2025-11-27 05:08:58.246 65695 INFO tempest.lib.common.rest_client [req-4f5e1d1e-f764-4555-a6df-52018ae11fe6 req-4f5e1d1e-f764-4555-a6df-52018ae11fe6 ] Request (QuotasAdminTestV257:tearDownClass): 200 GET http://10.180.1.21/networking/v2.0/security-groups?tenant_id=a5bc4730c5754165930b098116cc1288&name=default 0.400s
2025-11-27 05:08:58.313 65713 INFO tempest.lib.common.rest_client [req-db489a99-e6b8-47d4-87e9-e1566db7c22d req-db489a99-e6b8-47d4-87e9-e1566db7c22d ] Request (ServerActionsTestOtherA:setUpClass): 201 POST http://10.180.1.21/identity/v3/users 0.072s
2025-11-27 05:08:58.328 65741 INFO tempest.lib.common.rest_client [req-b271c67e-35e8-4ae7-93a2-05f9e46aaa5f req-b271c67e-35e8-4ae7-93a2-05f9e46aaa5f ] Request (ImagesMetadataNegativeTestJSON:tearDownClass): 204 DELETE http://10.180.1.21/networking/v2.0/security-groups/da200085-07ca-4859-b39b-65f564088896 0.249s
2025-11-27 05:08:58.348 65749 INFO tempest.lib.common.rest_client [req-6b8158ec-fa99-45a9-b715-496f1e8ed490 req-6b8158ec-fa99-45a9-b715-496f1e8ed490 ] Request (SecurityGroupsTestJSON:setUpClass): 201 POST http://10.180.1.21/identity/v3/auth/tokens 0.108s
2025-11-27 05:08:58.363 65695 INFO tempest.lib.common.rest_client [req-fffe0583-8678-40fc-8b9d-edb3456be038 req-fffe0583-8678-40fc-8b9d-edb3456be038 ] Request (QuotasAdminTestV257:tearDownClass): 204 DELETE http://10.180.1.21/networking/v2.0/security-groups/625eec4d-a009-489f-ab17-ae55bace65b5 0.116s
2025-11-27 05:08:58.376 65737 INFO tempest.lib.common.rest_client [req-9b99db05-ccaa-44ba-89ee-c44128a21bb8 req-9b99db05-ccaa-44ba-89ee-c44128a21bb8 ] Request (ServerDiagnosticsTest:tearDownClass): 204 DELETE http://10.180.1.21/identity/v3/projects/efdd35d0a9a1405f849ce09123c3719d 0.148s
2025-11-27 05:08:58.377 65737 INFO tempest.lib.common.dynamic_creds [-] Deleting project and security group for project: af85c8cd35fd466e8058c84befc839e7
2025-11-27 05:08:58.432 65713 INFO tempest.lib.common.rest_client [req-dc26dfb3-b536-47a7-ab96-a51162c2dacd req-dc26dfb3-b536-47a7-ab96-a51162c2dacd ] Request (ServerActionsTestOtherA:setUpClass): 200 GET http://10.180.1.21/identity/v3/roles 0.118s
2025-11-27 05:08:58.515 65741 INFO tempest.lib.common.rest_client [req-2517b048-daa7-48ef-8bee-275ccaae79f0 req-2517b048-daa7-48ef-8bee-275ccaae79f0 ] Request (ImagesMetadataNegativeTestJSON:tearDownClass): 204 DELETE http://10.180.1.21/identity/v3/projects/cef021e27ba34b1c92517dcb357dad2e 0.186s
2025-11-27 05:08:58.524 65695 INFO tempest.lib.common.rest_client [req-ab7ec6ce-b365-4c71-834a-cd9e862ab890 req-ab7ec6ce-b365-4c71-834a-cd9e862ab890 ] Request (QuotasAdminTestV257:tearDownClass): 204 DELETE http://10.180.1.21/identity/v3/projects/a5bc4730c5754165930b098116cc1288 0.159s
2025-11-27 05:08:58.524 65695 INFO tempest.lib.common.dynamic_creds [-] Deleting project and security group for project: 5db3efbb8bad4290a646e15a4724ee2b
2025-11-27 05:08:58.579 65737 INFO tempest.lib.common.rest_client [req-21ac30ba-0eb9-4608-ae20-e7f2d1ab31cc req-21ac30ba-0eb9-4608-ae20-e7f2d1ab31cc ] Request (ServerDiagnosticsTest:tearDownClass): 200 GET http://10.180.1.21/networking/v2.0/security-groups?tenant_id=af85c8cd35fd466e8058c84befc839e7&name=default 0.202s
2025-11-27 05:08:58.609 65713 INFO tempest.lib.common.rest_client [req-c690a4e5-f96c-41d8-8eac-7afc8925632d req-c690a4e5-f96c-41d8-8eac-7afc8925632d ] Request (ServerActionsTestOtherA:setUpClass): 204 PUT http://10.180.1.21/identity/v3/projects/af24d25b89a545f3becb33381f49c6f1/users/4d1251ed0e05446e824b102c81b316b2/roles/276902d10e684c22b9b1091da0fc2186 0.177s
2025-11-27 05:08:58.609 65713 INFO tempest.lib.common.dynamic_creds [-] Dynamic test user 4d1251ed0e05446e824b102c81b316b2 is created with scope project and roles: ['member']
2025-11-27 05:08:58.610 65713 INFO tempest.lib.common.dynamic_creds [-] Acquired dynamic creds: credentials: Credentials: {'domain_id': 'default', 'domain_name': 'Default', 'username': 'tempest-ServerActionsTestOtherA-84911055-project-member', 'project_domain_id': 'default', 'project_domain_name': 'Default', 'project_id': 'af24d25b89a545f3becb33381f49c6f1', 'project_name': 'tempest-ServerActionsTestOtherA-84911055', 'tenant_id': 'af24d25b89a545f3becb33381f49c6f1', 'tenant_name': 'tempest-ServerActionsTestOtherA-84911055', 'user_domain_id': 'default', 'user_domain_name': 'Default', 'user_id': '4d1251ed0e05446e824b102c81b316b2', 'system': None}, Network: None, Subnet: None, Router: None
2025-11-27 05:08:58.693 65713 INFO tempest.lib.common.rest_client [req-31cf6403-6e0b-4483-9a30-e16ec4d9f8ed req-31cf6403-6e0b-4483-9a30-e16ec4d9f8ed ] Request (ServerActionsTestOtherA:setUpClass): 201 POST http://10.180.1.21/identity/v3/auth/tokens 0.083s
2025-11-27 05:08:58.768 65695 INFO tempest.lib.common.rest_client [req-23eb66c8-bdd8-41b2-b0ea-0dc52a40f1ba req-23eb66c8-bdd8-41b2-b0ea-0dc52a40f1ba ] Request (QuotasAdminTestV257:tearDownClass): 200 GET http://10.180.1.21/networking/v2.0/security-groups?tenant_id=5db3efbb8bad4290a646e15a4724ee2b&name=default 0.243s
2025-11-27 05:08:58.854 65737 INFO tempest.lib.common.rest_client [req-1256c426-65a8-403d-b9ef-645faf002490 req-1256c426-65a8-403d-b9ef-645faf002490 ] Request (ServerDiagnosticsTest:tearDownClass): 204 DELETE http://10.180.1.21/networking/v2.0/security-groups/dbf288ef-0d78-4357-8109-22b0f8523969 0.275s
2025-11-27 05:08:58.885 65749 INFO tempest.lib.common.rest_client [req-c78ffc73-a01f-494f-8d3b-cd1a1f87cc88 req-c78ffc73-a01f-494f-8d3b-cd1a1f87cc88 ] Request (SecurityGroupsTestJSON:setUpClass): 201 POST http://10.180.1.21/networking/v2.0/networks 0.536s
2025-11-27 05:08:58.947 65737 INFO tempest.lib.common.rest_client [req-ed3c59ce-d7c7-479f-88a7-7aa6562f9bfe req-ed3c59ce-d7c7-479f-88a7-7aa6562f9bfe ] Request (ServerDiagnosticsTest:tearDownClass): 204 DELETE http://10.180.1.21/identity/v3/projects/af85c8cd35fd466e8058c84befc839e7 0.092s
2025-11-27 05:08:58.997 65695 INFO tempest.lib.common.rest_client [req-3c1e11ec-2719-46ce-b4e8-14765425e9ce req-3c1e11ec-2719-46ce-b4e8-14765425e9ce ] Request (QuotasAdminTestV257:tearDownClass): 204 DELETE http://10.180.1.21/networking/v2.0/security-groups/e80327e2-6d12-44e9-85b5-49667f67cd66 0.228s
2025-11-27 05:08:59.004 65697 INFO tempest.lib.common.rest_client [req-ac03cdd5-54a4-4c8a-b556-76474cb81ab8 req-ac03cdd5-54a4-4c8a-b556-76474cb81ab8 ] Request (DeleteServersTestJSON:test_delete_active_server): 202 POST http://10.180.1.21/compute/v2.1/servers 6.105s
2025-11-27 05:08:59.014 65737 INFO tempest.lib.common.rest_client [req-7f2f5a3b-69d6-4ad3-95de-82ce8818c278 req-7f2f5a3b-69d6-4ad3-95de-82ce8818c278 ] Request (AttachInterfacesTestJSON:setUpClass): 201 POST http://10.180.1.21/identity/v3/auth/tokens 0.066s
2025-11-27 05:08:59.129 65695 INFO tempest.lib.common.rest_client [req-fc486c6a-0cc1-4352-8190-cfa579535ecc req-fc486c6a-0cc1-4352-8190-cfa579535ecc ] Request (QuotasAdminTestV257:tearDownClass): 204 DELETE http://10.180.1.21/identity/v3/projects/5db3efbb8bad4290a646e15a4724ee2b 0.132s
2025-11-27 05:08:59.154 65737 INFO tempest.lib.common.rest_client [req-54c5ad69-9921-41b8-8b57-019556889499 req-54c5ad69-9921-41b8-8b57-019556889499 ] Request (AttachInterfacesTestJSON:setUpClass): 201 POST http://10.180.1.21/identity/v3/auth/tokens 0.137s
2025-11-27 05:08:59.167 65695 INFO tempest.lib.common.rest_client [req-a7f9b18f-ee80-48d2-9da1-7b03c1007bd3 req-a7f9b18f-ee80-48d2-9da1-7b03c1007bd3 ] Request (ServerDiagnosticsV248Test:setUpClass): 201 POST http://10.180.1.21/identity/v3/auth/tokens 0.036s
2025-11-27 05:08:59.183 65737 INFO tempest.lib.common.rest_client [req-0f06d35a-17a4-41ba-8989-227e675464b2 req-0f06d35a-17a4-41ba-8989-227e675464b2 ] Request (AttachInterfacesTestJSON:setUpClass): 200 GET http://10.180.1.21/identity/v3/domains?name=Default 0.027s
2025-11-27 05:08:59.211 65695 INFO tempest.lib.common.rest_client [req-26598264-8c08-4c62-baeb-c6897c437f5b req-26598264-8c08-4c62-baeb-c6897c437f5b ] Request (ServerDiagnosticsV248Test:setUpClass): 201 POST http://10.180.1.21/identity/v3/auth/tokens 0.041s
2025-11-27 05:08:59.214 65737 INFO tempest.lib.common.rest_client [req-3c4d2622-304f-4457-a521-f4e77ae42e1a req-3c4d2622-304f-4457-a521-f4e77ae42e1a ] Request (AttachInterfacesTestJSON:setUpClass): 201 POST http://10.180.1.21/identity/v3/projects 0.031s
2025-11-27 05:08:59.252 65749 INFO tempest.lib.common.rest_client [req-dfaaf10d-9aae-40e1-a2e4-7c6281b8579b req-dfaaf10d-9aae-40e1-a2e4-7c6281b8579b ] Request (SecurityGroupsTestJSON:setUpClass): 201 POST http://10.180.1.21/networking/v2.0/subnets 0.365s
2025-11-27 05:08:59.302 65737 INFO tempest.lib.common.rest_client [req-8ef8fbf1-965b-4ec5-a669-0305b3b52582 req-8ef8fbf1-965b-4ec5-a669-0305b3b52582 ] Request (AttachInterfacesTestJSON:setUpClass): 201 POST http://10.180.1.21/identity/v3/users 0.087s
2025-11-27 05:08:59.315 65695 INFO tempest.lib.common.rest_client [req-5bc36151-04f1-4884-a697-aae2e711bccd req-5bc36151-04f1-4884-a697-aae2e711bccd ] Request (ServerDiagnosticsV248Test:setUpClass): 200 GET http://10.180.1.21/identity/v3/domains?name=Default 0.104s
2025-11-27 05:08:59.331 65737 INFO tempest.lib.common.rest_client [req-4295986a-9cec-4441-b3a8-4e3be69377f4 req-4295986a-9cec-4441-b3a8-4e3be69377f4 ] Request (AttachInterfacesTestJSON:setUpClass): 200 GET http://10.180.1.21/identity/v3/roles 0.028s
2025-11-27 05:08:59.374 65695 INFO tempest.lib.common.rest_client [req-1faa73ce-2f63-4427-9beb-7e0d1918e5ef req-1faa73ce-2f63-4427-9beb-7e0d1918e5ef ] Request (ServerDiagnosticsV248Test:setUpClass): 201 POST http://10.180.1.21/identity/v3/projects 0.058s
2025-11-27 05:08:59.377 65737 INFO tempest.lib.common.rest_client [req-70588bc3-f539-4acb-ac83-34529577a902 req-70588bc3-f539-4acb-ac83-34529577a902 ] Request (AttachInterfacesTestJSON:setUpClass): 204 PUT http://10.180.1.21/identity/v3/projects/5fda8718c5864048a9a81528461427d8/users/86687b9777fa4e9d9b1668b027d44c48/roles/276902d10e684c22b9b1091da0fc2186 0.045s
2025-11-27 05:08:59.377 65737 INFO tempest.lib.common.dynamic_creds [-] Dynamic test user 86687b9777fa4e9d9b1668b027d44c48 is created with scope project and roles: ['member']
2025-11-27 05:08:59.377 65737 INFO tempest.lib.common.dynamic_creds [-] Acquired dynamic creds: credentials: Credentials: {'domain_id': 'default', 'domain_name': 'Default', 'username': 'tempest-AttachInterfacesTestJSON-1783062477-project-member', 'project_domain_id': 'default', 'project_domain_name': 'Default', 'project_id': '5fda8718c5864048a9a81528461427d8', 'project_name': 'tempest-AttachInterfacesTestJSON-1783062477', 'tenant_id': '5fda8718c5864048a9a81528461427d8', 'tenant_name': 'tempest-AttachInterfacesTestJSON-1783062477', 'user_domain_id': 'default', 'user_domain_name': 'Default', 'user_id': '86687b9777fa4e9d9b1668b027d44c48', 'system': None}, Network: None, Subnet: None, Router: None
2025-11-27 05:08:59.392 65713 INFO tempest.lib.common.rest_client [req-95f94139-b2fb-4b38-88cb-a5cba0763cdb req-95f94139-b2fb-4b38-88cb-a5cba0763cdb ] Request (ServerActionsTestOtherA:setUpClass): 201 POST http://10.180.1.21/networking/v2.0/networks 0.698s
2025-11-27 05:08:59.470 65737 INFO tempest.lib.common.rest_client [req-8e7368eb-bf2f-49be-a066-df33ee236f6a req-8e7368eb-bf2f-49be-a066-df33ee236f6a ] Request (AttachInterfacesTestJSON:setUpClass): 201 POST http://10.180.1.21/identity/v3/auth/tokens 0.092s
2025-11-27 05:08:59.481 65735 INFO tempest.lib.common.rest_client [req-2824d7ea-bd9f-4592-88af-1d2e607ed8f7 req-2824d7ea-bd9f-4592-88af-1d2e607ed8f7 ] Request (ServersWithSpecificFlavorTestJSON:test_verify_created_server_ephemeral_disk): 200 GET http://10.180.1.21/compute/v2.1/servers/cb5706d2-71f7-44e1-9d72-3d3a83f9628d 5.812s
2025-11-27 05:08:59.491 65735 INFO tempest.lib.common.ssh [-] Creating ssh connection to '10.180.180.143:22' as 'cirros' with public key authentication
2025-11-27 05:08:59.543 65695 INFO tempest.lib.common.rest_client [req-96a7b935-84d4-4e62-b4c7-e3fa527d21ce req-96a7b935-84d4-4e62-b4c7-e3fa527d21ce ] Request (ServerDiagnosticsV248Test:setUpClass): 201 POST http://10.180.1.21/identity/v3/users 0.168s
2025-11-27 05:08:59.570 65695 INFO tempest.lib.common.rest_client [req-f4474f3c-32ee-49a2-89d0-272e9414cd69 req-f4474f3c-32ee-49a2-89d0-272e9414cd69 ] Request (ServerDiagnosticsV248Test:setUpClass): 200 GET http://10.180.1.21/identity/v3/roles 0.024s
2025-11-27 05:08:59.617 65729 INFO tempest.lib.common.rest_client [req-11f753b6-f0f6-447a-8053-61042fb179da req-11f753b6-f0f6-447a-8053-61042fb179da ] Request (VolumesAssistedSnapshotsTest:test_volume_assisted_snapshot_create_delete): 200 POST http://10.180.1.21/compute/v2.1/servers/f22c2df2-a285-4627-b114-138623efe8b5/os-volume_attachments 6.404s
2025-11-27 05:08:59.624 65695 INFO tempest.lib.common.rest_client [req-320ce0f1-3cc3-4b0b-8c49-c87d1e53b4c8 req-320ce0f1-3cc3-4b0b-8c49-c87d1e53b4c8 ] Request (ServerDiagnosticsV248Test:setUpClass): 204 PUT http://10.180.1.21/identity/v3/projects/19b015042af94ff587f07f2e5f1d50e9/users/726019539c84475a997a16d499b56ec9/roles/276902d10e684c22b9b1091da0fc2186 0.052s
2025-11-27 05:08:59.624 65695 INFO tempest.lib.common.dynamic_creds [-] Dynamic test user 726019539c84475a997a16d499b56ec9 is created with scope project and roles: ['member']
2025-11-27 05:08:59.625 65695 INFO tempest.lib.common.dynamic_creds [-] Acquired dynamic creds: credentials: Credentials: {'domain_id': 'default', 'domain_name': 'Default', 'username': 'tempest-ServerDiagnosticsV248Test-638333501-project-member', 'project_domain_id': 'default', 'project_domain_name': 'Default', 'project_id': '19b015042af94ff587f07f2e5f1d50e9', 'project_name': 'tempest-ServerDiagnosticsV248Test-638333501', 'tenant_id': '19b015042af94ff587f07f2e5f1d50e9', 'tenant_name': 'tempest-ServerDiagnosticsV248Test-638333501', 'user_domain_id': 'default', 'user_domain_name': 'Default', 'user_id': '726019539c84475a997a16d499b56ec9', 'system': None}, Network: None, Subnet: None, Router: None
2025-11-27 05:08:59.625 65695 INFO tempest.lib.common.dynamic_creds [-] Created isolated network resources for: credentials: Credentials: {'domain_id': 'default', 'domain_name': 'Default', 'username': 'tempest-ServerDiagnosticsV248Test-638333501-project-member', 'project_domain_id': 'default', 'project_domain_name': 'Default', 'project_id': '19b015042af94ff587f07f2e5f1d50e9', 'project_name': 'tempest-ServerDiagnosticsV248Test-638333501', 'tenant_id': '19b015042af94ff587f07f2e5f1d50e9', 'tenant_name': 'tempest-ServerDiagnosticsV248Test-638333501', 'user_domain_id': 'default', 'user_domain_name': 'Default', 'user_id': '726019539c84475a997a16d499b56ec9', 'system': None}, Network: None, Subnet: None, Router: None
2025-11-27 05:08:59.676 65729 INFO tempest.lib.common.rest_client [req-496fcbd3-c962-4426-b5b9-657b9a44bac2 req-496fcbd3-c962-4426-b5b9-657b9a44bac2 ] Request (VolumesAssistedSnapshotsTest:test_volume_assisted_snapshot_create_delete): 200 GET http://10.180.1.21/volume/v3/volumes/5871401c-faa0-4286-8b28-f313a29de91b 0.056s
2025-11-27 05:08:59.730 65713 INFO tempest.lib.common.rest_client [req-545a43dd-007e-4a68-8383-d17fb95b3e5b req-545a43dd-007e-4a68-8383-d17fb95b3e5b ] Request (ServerActionsTestOtherA:setUpClass): 201 POST http://10.180.1.21/networking/v2.0/subnets 0.337s
2025-11-27 05:08:59.743 65695 INFO tempest.lib.common.rest_client [req-787761e9-09d9-482c-afeb-b1c6d0ece7a7 req-787761e9-09d9-482c-afeb-b1c6d0ece7a7 ] Request (ServerDiagnosticsV248Test:setUpClass): 201 POST http://10.180.1.21/identity/v3/auth/tokens 0.114s
2025-11-27 05:08:59.831 65695 INFO tempest.lib.common.rest_client [req-6ab9bc87-ef38-41cd-b65c-5a370ccf7e95 req-6ab9bc87-ef38-41cd-b65c-5a370ccf7e95 ] Request (ServerDiagnosticsV248Test:setUpClass): 201 POST http://10.180.1.21/identity/v3/projects 0.088s
2025-11-27 05:08:59.915 65695 INFO tempest.lib.common.rest_client [req-fde0815b-9d67-4006-a86d-25c7dca1f62a req-fde0815b-9d67-4006-a86d-25c7dca1f62a ] Request (ServerDiagnosticsV248Test:setUpClass): 201 POST http://10.180.1.21/identity/v3/users 0.083s
2025-11-27 05:08:59.947 65695 INFO tempest.lib.common.rest_client [req-0082e21f-534b-49c6-b8e9-c121ffa2d048 req-0082e21f-534b-49c6-b8e9-c121ffa2d048 ] Request (ServerDiagnosticsV248Test:setUpClass): 200 GET http://10.180.1.21/identity/v3/roles 0.031s
2025-11-27 05:08:59.975 65695 INFO tempest.lib.common.rest_client [req-fbca24e4-8c34-433e-9a8e-203b969a0621 req-fbca24e4-8c34-433e-9a8e-203b969a0621 ] Request (ServerDiagnosticsV248Test:setUpClass): 204 PUT http://10.180.1.21/identity/v3/projects/363eca29b5ac403d83d91b4b271ec66e/users/163f25d5b70c4ed1a9109859afadfb80/roles/866def929ff84ad1972c6205ffde910d 0.027s
2025-11-27 05:09:00.029 65695 INFO tempest.lib.common.rest_client [req-fbfbae10-1887-4afb-a0d4-c54909ea11aa req-fbfbae10-1887-4afb-a0d4-c54909ea11aa ] Request (ServerDiagnosticsV248Test:setUpClass): 200 GET http://10.180.1.21/identity/v3/roles 0.054s
2025-11-27 05:09:00.046 65695 INFO tempest.lib.common.rest_client [req-5d83dac1-5d31-43ab-97a9-4389d1c160c7 req-5d83dac1-5d31-43ab-97a9-4389d1c160c7 ] Request (ServerDiagnosticsV248Test:setUpClass): 204 PUT http://10.180.1.21/identity/v3/projects/363eca29b5ac403d83d91b4b271ec66e/users/163f25d5b70c4ed1a9109859afadfb80/roles/866def929ff84ad1972c6205ffde910d 0.016s
2025-11-27 05:09:00.046 65695 INFO tempest.lib.common.dynamic_creds [-] Dynamic test user 163f25d5b70c4ed1a9109859afadfb80 is created with scope project and roles: ['admin']
2025-11-27 05:09:00.047 65695 INFO tempest.lib.common.dynamic_creds [-] Acquired dynamic creds: credentials: Credentials: {'domain_id': 'default', 'domain_name': 'Default', 'username': 'tempest-ServerDiagnosticsV248Test-1029722352-project-admin', 'project_domain_id': 'default', 'project_domain_name': 'Default', 'project_id': '363eca29b5ac403d83d91b4b271ec66e', 'project_name': 'tempest-ServerDiagnosticsV248Test-1029722352', 'tenant_id': '363eca29b5ac403d83d91b4b271ec66e', 'tenant_name': 'tempest-ServerDiagnosticsV248Test-1029722352', 'user_domain_id': 'default', 'user_domain_name': 'Default', 'user_id': '163f25d5b70c4ed1a9109859afadfb80', 'system': None}, Network: None, Subnet: None, Router: None
2025-11-27 05:09:00.047 65695 INFO tempest.lib.common.dynamic_creds [-] Created isolated network resources for: credentials: Credentials: {'domain_id': 'default', 'domain_name': 'Default', 'username': 'tempest-ServerDiagnosticsV248Test-1029722352-project-admin', 'project_domain_id': 'default', 'project_domain_name': 'Default', 'project_id': '363eca29b5ac403d83d91b4b271ec66e', 'project_name': 'tempest-ServerDiagnosticsV248Test-1029722352', 'tenant_id': '363eca29b5ac403d83d91b4b271ec66e', 'tenant_name': 'tempest-ServerDiagnosticsV248Test-1029722352', 'user_domain_id': 'default', 'user_domain_name': 'Default', 'user_id': '163f25d5b70c4ed1a9109859afadfb80', 'system': None}, Network: None, Subnet: None, Router: None
2025-11-27 05:09:00.116 65695 INFO tempest.lib.common.rest_client [req-42fc6540-b526-49e9-a157-016d547c05e8 req-42fc6540-b526-49e9-a157-016d547c05e8 ] Request (ServerDiagnosticsV248Test:setUpClass): 201 POST http://10.180.1.21/identity/v3/auth/tokens 0.066s
2025-11-27 05:09:00.189 65695 INFO tempest.lib.common.rest_client [req-2322e3a8-c3be-4894-a8dc-d7f8dfdbb8da req-2322e3a8-c3be-4894-a8dc-d7f8dfdbb8da ] Request (ServerDiagnosticsV248Test:test_get_server_diagnostics): 201 POST http://10.180.1.21/identity/v3/auth/tokens 0.067s
2025-11-27 05:09:00.190 65695 INFO tempest.lib.common.fixed_network [-] (ServerDiagnosticsV248Test:test_get_server_diagnostics) Found network None available for tenant
2025-11-27 05:09:00.294 65749 INFO tempest.lib.common.rest_client [req-1d42195c-a2e9-45e7-946b-92180180aa16 req-1d42195c-a2e9-45e7-946b-92180180aa16 ] Request (SecurityGroupsTestJSON:setUpClass): 201 POST http://10.180.1.21/networking/v2.0/routers 1.041s
2025-11-27 05:09:00.414 65737 INFO tempest.lib.common.rest_client [req-afb87051-b05a-4f40-bc88-abcaf4c8efcd req-afb87051-b05a-4f40-bc88-abcaf4c8efcd ] Request (AttachInterfacesTestJSON:setUpClass): 201 POST http://10.180.1.21/networking/v2.0/networks 0.944s
2025-11-27 05:09:00.732 65729 INFO tempest.lib.common.rest_client [req-42eeac67-4ae7-4308-acfa-b0627c8f6f26 req-42eeac67-4ae7-4308-acfa-b0627c8f6f26 ] Request (VolumesAssistedSnapshotsTest:test_volume_assisted_snapshot_create_delete): 200 GET http://10.180.1.21/volume/v3/volumes/5871401c-faa0-4286-8b28-f313a29de91b 0.045s
2025-11-27 05:09:01.229 65713 INFO tempest.lib.common.rest_client [req-014a794f-9c4a-4e65-a739-ebd0e67efbbe req-014a794f-9c4a-4e65-a739-ebd0e67efbbe ] Request (ServerActionsTestOtherA:setUpClass): 201 POST http://10.180.1.21/networking/v2.0/routers 1.498s
2025-11-27 05:09:01.789 65729 INFO tempest.lib.common.rest_client [req-1fccca94-5cad-41b7-8171-f1aa68dd4d8c req-1fccca94-5cad-41b7-8171-f1aa68dd4d8c ] Request (VolumesAssistedSnapshotsTest:test_volume_assisted_snapshot_create_delete): 200 GET http://10.180.1.21/volume/v3/volumes/5871401c-faa0-4286-8b28-f313a29de91b 0.048s
2025-11-27 05:09:02.194 65721 INFO tempest.lib.common.rest_client [req-d3a5adb5-c8ab-40ae-b09c-60ab850c927a req-d3a5adb5-c8ab-40ae-b09c-60ab850c927a ] Request (ImagesTestJSON:test_create_image_from_suspended_server): 200 GET http://10.180.1.21/compute/v2.1/servers/3377e9d9-8e16-4d30-9de4-ce1e12653776 8.409s
2025-11-27 05:09:02.204 65721 INFO tempest.common.waiters [-] State transition "BUILD/None" ==> "BUILD/networking" after 10 second wait
2025-11-27 05:09:02.286 65749 INFO tempest.lib.common.rest_client [req-dd1a5e09-ec82-4ac3-b58f-17367e192390 req-dd1a5e09-ec82-4ac3-b58f-17367e192390 ] Request (SecurityGroupsTestJSON:setUpClass): 200 PUT http://10.180.1.21/networking/v2.0/routers/456d6f95-a6ff-4b25-919f-4728d5272478/add_router_interface 1.991s
