2025-11-27 05:10:14.424 65729 INFO tempest.lib.common.rest_client [req-c2b0f03e-9440-4d9c-8f51-9bcf16049a70 req-c2b0f03e-9440-4d9c-8f51-9bcf16049a70 ] Request (ServicesAdminTestJSON:test_get_service_by_service_binary_name): 200 GET http://10.180.1.21/compute/v2.1/os-services?binary=nova-compute 0.720s
2025-11-27 05:10:14.455 65725 INFO tempest.lib.common.rest_client [req-7977610d-754c-4701-b12c-1f801aa88e8d req-7977610d-754c-4701-b12c-1f801aa88e8d ] Request (ServicesAdminNegativeV253TestJSON:test_list_services_with_non_admin_user): 403 GET http://10.180.1.21/compute/v2.1/os-services 0.827s
2025-11-27 05:10:14.583 65725 INFO tempest.lib.common.rest_client [req-2c1b7b00-9104-48d0-ad94-068c66d0fa8f req-2c1b7b00-9104-48d0-ad94-068c66d0fa8f ] Request (ServicesAdminNegativeV253TestJSON:tearDownClass): 204 DELETE http://10.180.1.21/identity/v3/users/3bda73de4af842c992795928f0ebe2fc 0.126s
2025-11-27 05:10:14.692 65755 INFO tempest.lib.common.rest_client [req-0f2f7a15-2f5f-4705-b031-7a3cdf1ffced req-0f2f7a15-2f5f-4705-b031-7a3cdf1ffced ] Request (InstanceActionsV221TestJSON:test_get_list_deleted_instance_actions): 200 GET http://10.180.1.21/compute/v2.1/servers/01c5b38c-5048-4434-a227-1eff54ba6873 0.901s
2025-11-27 05:10:14.724 65747 INFO tempest.lib.common.rest_client [req-e9d7c761-5dd9-4205-b65a-4e46f7458cf7 req-e9d7c761-5dd9-4205-b65a-4e46f7458cf7 ] Request (ServersNegativeTestMultiTenantJSON:test_update_server_of_another_tenant): 404 PUT http://10.180.1.21/compute/v2.1/servers/6ee0c12d-b443-419a-a469-cf691e170d84 0.813s
2025-11-27 05:10:14.733 65725 INFO tempest.lib.common.rest_client [req-648827d4-ef5f-481c-bd71-8d65f064c1d6 req-648827d4-ef5f-481c-bd71-8d65f064c1d6 ] Request (ServicesAdminNegativeV253TestJSON:tearDownClass): 204 DELETE http://10.180.1.21/identity/v3/users/ddaf1fd6366a452d9f8f9e4d1ee45d5a 0.149s
2025-11-27 05:10:14.733 65725 INFO tempest.lib.common.dynamic_creds [-] Deleting project and security group for project: f32fb14bf4ac415f8257e9a188c116c9
2025-11-27 05:10:14.841 65725 INFO tempest.lib.common.rest_client [req-67a2c244-7006-4fbe-b686-db7925386fb1 req-67a2c244-7006-4fbe-b686-db7925386fb1 ] Request (ServicesAdminNegativeV253TestJSON:tearDownClass): 201 POST http://10.180.1.21/identity/v3/auth/tokens 0.108s
2025-11-27 05:10:14.917 65723 INFO tempest.lib.common.rest_client [req-17bbf0a3-5b61-4e35-b04f-ad67c1bb62a4 req-17bbf0a3-5b61-4e35-b04f-ad67c1bb62a4 ] Request (ServerRescueTestJSON:test_rescue_unrescue_instance): 202 POST http://10.180.1.21/compute/v2.1/servers 1.019s
2025-11-27 05:10:14.987 65731 INFO tempest.lib.common.rest_client [req-3a05cec8-261f-4f61-b258-6d841f89abc1 req-3a05cec8-261f-4f61-b258-6d841f89abc1 ] Request (ImagesOneServerNegativeTestJSON:setUpClass): 200 PUT http://10.180.1.21/networking/v2.0/routers/a47186a2-b626-4e7d-8edd-a04506deaf57/add_router_interface 1.010s
2025-11-27 05:10:14.987 65731 INFO tempest.lib.common.dynamic_creds [-] Created isolated network resources for: credentials: Credentials: {'domain_id': 'default', 'domain_name': 'Default', 'username': 'tempest-ImagesOneServerNegativeTestJSON-1864647261-project-member', 'project_domain_id': 'default', 'project_domain_name': 'Default', 'project_id': 'e30746d0f4de409392dbd65870d23eb6', 'project_name': 'tempest-ImagesOneServerNegativeTestJSON-1864647261', 'tenant_id': 'e30746d0f4de409392dbd65870d23eb6', 'tenant_name': 'tempest-ImagesOneServerNegativeTestJSON-1864647261', 'user_domain_id': 'default', 'user_domain_name': 'Default', 'user_id': '1512c692a8474217a700f3c2fce9d6e2', 'system': None}, Network: {'id': '1fc4fc65-526a-4008-9b93-fc3814c1ebd3', 'name': 'tempest-ImagesOneServerNegativeTestJSON-1401652870-network', 'tenant_id': 'e30746d0f4de409392dbd65870d23eb6', 'project_id': 'e30746d0f4de409392dbd65870d23eb6', 'admin_state_up': True, 'mtu': 8950, 'status': 'ACTIVE', 'subnets': [], 'shared': False, 'port_security_enabled': True, 'router:external': False, 'provider:network_type': 'vlan', 'provider:physical_network': 'default', 'provider:segmentation_id': 514, 'availability_zone_hints': [], 'availability_zones': [], 'ipv4_address_scope': None, 'ipv6_address_scope': None, 'description': '', 'tags': [], 'created_at': '2025-11-27T05:10:12Z', 'updated_at': '2025-11-27T05:10:12Z', 'revision_number': 1}, Subnet: {'id': 'ccd04e84-46bb-446f-9bd6-9cb914dab271', 'name': 'tempest-ImagesOneServerNegativeTestJSON-1401652870-subnet', 'tenant_id': 'e30746d0f4de409392dbd65870d23eb6', 'network_id': '1fc4fc65-526a-4008-9b93-fc3814c1ebd3', 'ip_version': 4, 'subnetpool_id': None, 'enable_dhcp': True, 'ipv6_ra_mode': None, 'ipv6_address_mode': None, 'gateway_ip': '192.168.128.1', 'cidr': '192.168.128.0/28', 'allocation_pools': [{'start': '192.168.128.2', 'end': '192.168.128.14'}], 'host_routes': [], 'dns_nameservers': [], 'description': '', 'router:external': False, 'service_types': [], 'tags': [], 'created_at': '2025-11-27T05:10:12Z', 'updated_at': '2025-11-27T05:10:12Z', 'revision_number': 0, 'project_id': 'e30746d0f4de409392dbd65870d23eb6'}, Router: {'id': 'a47186a2-b626-4e7d-8edd-a04506deaf57', 'name': 'tempest-ImagesOneServerNegativeTestJSON-1401652870-router', 'tenant_id': 'e30746d0f4de409392dbd65870d23eb6', 'admin_state_up': True, 'status': 'ACTIVE', 'external_gateway_info': {'network_id': 'a6b10570-878a-452f-a110-015b12075bee', 'external_fixed_ips': [{'subnet_id': '705ffa78-1cbe-4a3b-81d6-37647a9c358a', 'ip_address': '10.180.180.205'}], 'enable_snat': True}, 'description': '', 'availability_zones': [], 'distributed': False, 'ha': False, 'availability_zone_hints': [], 'routes': [], 'flavor_id': None, 'tags': [], 'created_at': '2025-11-27T05:10:13Z', 'updated_at': '2025-11-27T05:10:13Z', 'revision_number': 2, 'project_id': 'e30746d0f4de409392dbd65870d23eb6'}
2025-11-27 05:10:15.053 65707 INFO tempest.lib.common.rest_client [req-0ac657ce-6805-4bfb-8614-055cef509891 req-0ac657ce-6805-4bfb-8614-055cef509891 ] Request (ServersTestBootFromVolume:setUpClass): 200 GET http://10.180.1.21/compute/v2.1/servers/7d56fd49-a450-4584-ac03-333037a4a6c7 1.011s
2025-11-27 05:10:15.063 65715 INFO tempest.lib.common.rest_client [req-15a13a4b-66a2-4b28-9e7f-fdd4383fa1dd req-15a13a4b-66a2-4b28-9e7f-fdd4383fa1dd ] Request (ServersNegativeTestJSON:test_create_server_name_length_exceeds_256): 400 POST http://10.180.1.21/compute/v2.1/servers 0.796s
2025-11-27 05:10:15.116 65731 INFO tempest.lib.common.rest_client [req-e11ebddd-5e95-4a66-af1e-898b0197865e req-e11ebddd-5e95-4a66-af1e-898b0197865e ] Request (ImagesOneServerNegativeTestJSON:setUpClass): 201 POST http://10.180.1.21/identity/v3/auth/tokens 0.125s
2025-11-27 05:10:15.122 65749 INFO tempest.lib.common.rest_client [req-6098f70f-6215-44f6-8bdf-850879201f14 req-6098f70f-6215-44f6-8bdf-850879201f14 ] Request (SecurityGroupsTestJSON:test_security_groups_create_list_delete): 404 GET http://10.180.1.21/compute/v2.1/os-security-groups/6dd84350-41b8-40a9-8e3d-ec85b8a8befb 0.766s
2025-11-27 05:10:15.152 65725 INFO tempest.lib.common.rest_client [req-3c2f846e-e411-41ec-ba9c-63ed85125475 req-3c2f846e-e411-41ec-ba9c-63ed85125475 ] Request (ServicesAdminNegativeV253TestJSON:tearDownClass): 200 GET http://10.180.1.21/networking/v2.0/security-groups?tenant_id=f32fb14bf4ac415f8257e9a188c116c9&name=default 0.310s
2025-11-27 05:10:15.158 65731 INFO tempest.lib.common.rest_client [req-b9005ea7-420d-4f4c-9274-a8bc96c46d13 req-b9005ea7-420d-4f4c-9274-a8bc96c46d13 ] Request (ImagesOneServerNegativeTestJSON:setUpClass): 201 POST http://10.180.1.21/identity/v3/auth/tokens 0.037s
2025-11-27 05:10:15.159 65731 INFO tempest.lib.common.fixed_network [-] (ImagesOneServerNegativeTestJSON:setUpClass) Found network {'id': '1fc4fc65-526a-4008-9b93-fc3814c1ebd3', 'name': 'tempest-ImagesOneServerNegativeTestJSON-1401652870-network', 'tenant_id': 'e30746d0f4de409392dbd65870d23eb6', 'project_id': 'e30746d0f4de409392dbd65870d23eb6', 'admin_state_up': True, 'mtu': 8950, 'status': 'ACTIVE', 'subnets': [], 'shared': False, 'port_security_enabled': True, 'router:external': False, 'provider:network_type': 'vlan', 'provider:physical_network': 'default', 'provider:segmentation_id': 514, 'availability_zone_hints': [], 'availability_zones': [], 'ipv4_address_scope': None, 'ipv6_address_scope': None, 'description': '', 'tags': [], 'created_at': '2025-11-27T05:10:12Z', 'updated_at': '2025-11-27T05:10:12Z', 'revision_number': 1} available for tenant
2025-11-27 05:10:15.161 65743 INFO tempest.lib.common.rest_client [req-7757c909-bec0-4d12-8d46-7856630d054b req-7757c909-bec0-4d12-8d46-7856630d054b ] Request (FloatingIPsAssociationTestJSON:test_associate_already_associated_floating_ip): 200 GET http://10.180.1.21/compute/v2.1/servers/2a07b983-c662-4bc9-9fc9-dbb4f1705c08 0.917s
2025-11-27 05:10:15.189 65729 INFO tempest.lib.common.rest_client [req-0c06b58a-fce9-42b0-95ff-e64347be2697 req-0c06b58a-fce9-42b0-95ff-e64347be2697 ] Request (ServicesAdminTestJSON:test_list_services): 200 GET http://10.180.1.21/compute/v2.1/os-services 0.761s
2025-11-27 05:10:15.195 65711 INFO tempest.lib.common.rest_client [req-63c67b45-359c-4077-a60f-8a4f684432e2 req-63c67b45-359c-4077-a60f-8a4f684432e2 ] Request (ServersAdminNegativeTestJSON:test_migrate_server_invalid_state): 200 GET http://10.180.1.21/compute/v2.1/servers/ff073319-666d-4c85-b88a-91f7f1f7979b 0.771s
2025-11-27 05:10:15.251 65757 INFO tempest.lib.common.rest_client [req-bcb16d1b-cd6e-48a2-80b1-64f72a0f0d9c req-bcb16d1b-cd6e-48a2-80b1-64f72a0f0d9c ] Request (ImagesOneServerTestJSON:test_create_image_specify_multibyte_character_image_name): 200 GET http://10.180.1.21/compute/v2.1/images/81d31c70-7718-410b-96fe-802f01494961 0.642s
2025-11-27 05:10:15.285 65703 INFO tempest.lib.common.rest_client [req-214c4611-7bac-41c2-a582-f6592af2ee40 req-214c4611-7bac-41c2-a582-f6592af2ee40 ] Request (ServersTestManualDisk:tearDownClass): 200 GET http://10.180.1.21/compute/v2.1/servers/a3c4f969-4c1b-49a2-a7f1-f162d237af1c 0.789s
2025-11-27 05:10:15.299 65725 INFO tempest.lib.common.rest_client [req-3610b45a-240a-42bf-b374-8ae351f2efaa req-3610b45a-240a-42bf-b374-8ae351f2efaa ] Request (ServicesAdminNegativeV253TestJSON:tearDownClass): 204 DELETE http://10.180.1.21/networking/v2.0/security-groups/0862a7ce-7c58-4c47-8e1b-bd47254ddfce 0.146s
2025-11-27 05:10:15.322 65729 INFO tempest.lib.common.rest_client [req-4bd96235-bc61-4164-b1d7-f5612e6ea4f4 req-4bd96235-bc61-4164-b1d7-f5612e6ea4f4 ] Request (ServicesAdminTestJSON:tearDownClass): 204 DELETE http://10.180.1.21/identity/v3/users/7868ebfd50e548a3b807ebbb465b5b53 0.129s
2025-11-27 05:10:15.334 65705 INFO tempest.lib.common.rest_client [req-1e68c21d-3614-46e5-ba35-0f39663010b5 req-1e68c21d-3614-46e5-ba35-0f39663010b5 ] Request (ListImageFiltersTestJSON:setUpClass): 200 GET http://10.180.1.21/compute/v2.1/images/b3ce5dcb-89b7-4f99-89c0-e619ef10d417 0.649s
2025-11-27 05:10:15.395 65733 INFO tempest.lib.common.rest_client [req-beadf261-1a60-4a11-a090-f4506f91b934 req-beadf261-1a60-4a11-a090-f4506f91b934 ] Request (MigrationsAdminTest:test_resize_server_revert_deleted_flavor): 200 GET http://10.180.1.21/compute/v2.1/servers/b9dba6fc-10bc-49d4-a7fd-6c099dcaadac 0.742s
2025-11-27 05:10:15.402 65709 INFO tempest.lib.common.rest_client [req-55f249ae-3e7f-44bb-b319-639d1d2c368e req-55f249ae-3e7f-44bb-b319-639d1d2c368e ] Request (ServerDiskConfigTestJSON:test_rebuild_server_with_manual_disk_config): 200 GET http://10.180.1.21/compute/v2.1/servers/aad1453a-9e7a-4a22-801b-1bb86b1acb97 0.701s
2025-11-27 05:10:15.455 65725 INFO tempest.lib.common.rest_client [req-44517900-53b4-4feb-8e51-0f2e0b3f716b req-44517900-53b4-4feb-8e51-0f2e0b3f716b ] Request (ServicesAdminNegativeV253TestJSON:tearDownClass): 204 DELETE http://10.180.1.21/identity/v3/projects/f32fb14bf4ac415f8257e9a188c116c9 0.155s
2025-11-27 05:10:15.455 65725 INFO tempest.lib.common.dynamic_creds [-] Deleting project and security group for project: b00e0d5caf684110977016339c52708b
2025-11-27 05:10:15.461 65729 INFO tempest.lib.common.rest_client [req-e25fcb6e-6256-4633-b195-1126065767d1 req-e25fcb6e-6256-4633-b195-1126065767d1 ] Request (ServicesAdminTestJSON:tearDownClass): 204 DELETE http://10.180.1.21/identity/v3/users/fbe53d94497746af938eba4629e5fc94 0.138s
2025-11-27 05:10:15.461 65729 INFO tempest.lib.common.dynamic_creds [-] Deleting project and security group for project: e3697cf16b7d43bd989d8cfc7d572522
2025-11-27 05:10:15.484 65717 INFO tempest.lib.common.rest_client [req-7e255323-f386-4bc5-9643-b7c952125f1e req-7e255323-f386-4bc5-9643-b7c952125f1e ] Request (ServersAdminTestJSON:test_inject_network_info): 200 GET http://10.180.1.21/compute/v2.1/servers/71450c30-2cf0-4171-9a17-8cfb36efdd33 0.622s
2025-11-27 05:10:15.503 65747 INFO tempest.lib.common.rest_client [req-66229ff5-9291-4ffd-abf8-639e9ac98ed3 req-66229ff5-9291-4ffd-abf8-639e9ac98ed3 ] Request (ServersNegativeTestMultiTenantJSON:tearDownClass): 204 DELETE http://10.180.1.21/compute/v2.1/servers/6ee0c12d-b443-419a-a469-cf691e170d84 0.771s
2025-11-27 05:10:15.552 65729 INFO tempest.lib.common.rest_client [req-963c9483-dcae-4d51-bd7e-aed78a88c9e4 req-963c9483-dcae-4d51-bd7e-aed78a88c9e4 ] Request (ServicesAdminTestJSON:tearDownClass): 201 POST http://10.180.1.21/identity/v3/auth/tokens 0.090s
2025-11-27 05:10:15.561 65723 INFO tempest.lib.common.rest_client [req-301844da-7f98-4909-acbc-ab687cc6e265 req-301844da-7f98-4909-acbc-ab687cc6e265 ] Request (ServerRescueTestJSON:test_rescue_unrescue_instance): 200 GET http://10.180.1.21/compute/v2.1/servers/50700607-4f15-4e5b-81c3-23368b6afcfe 0.642s
2025-11-27 05:10:15.659 65725 INFO tempest.lib.common.rest_client [req-42ccadb3-021f-4b5b-90f4-e156eeed8baa req-42ccadb3-021f-4b5b-90f4-e156eeed8baa ] Request (ServicesAdminNegativeV253TestJSON:tearDownClass): 200 GET http://10.180.1.21/networking/v2.0/security-groups?tenant_id=b00e0d5caf684110977016339c52708b&name=default 0.204s
2025-11-27 05:10:15.695 65695 INFO tempest.lib.common.rest_client [req-426313ef-40f4-4861-85c5-0df02b705419 req-426313ef-40f4-4861-85c5-0df02b705419 ] Request (ServerDiagnosticsV248Test:tearDownClass): 200 GET http://10.180.1.21/compute/v2.1/servers/66d94f61-e5c9-41f1-a6dc-5cefced021fb 0.767s
2025-11-27 05:10:15.705 65727 INFO tempest.lib.common.rest_client [req-e58be4a0-3d75-4297-9bcc-94fc0c4058da req-e58be4a0-3d75-4297-9bcc-94fc0c4058da ] Request (ServersListShow2100Test:test_list_show_rebuild_update_server_2100): 200 GET http://10.180.1.21/compute/v2.1/servers/f5c989d4-097d-4ca0-b047-1fba02b35f6c 0.713s
2025-11-27 05:10:15.785 65729 INFO tempest.lib.common.rest_client [req-3f98e626-7188-4aa9-95da-ce307fe5a9be req-3f98e626-7188-4aa9-95da-ce307fe5a9be ] Request (ServicesAdminTestJSON:tearDownClass): 200 GET http://10.180.1.21/networking/v2.0/security-groups?tenant_id=e3697cf16b7d43bd989d8cfc7d572522&name=default 0.233s
2025-11-27 05:10:15.805 65725 INFO tempest.lib.common.rest_client [req-02527f36-7cee-40ad-88ea-c7d83bbf17b0 req-02527f36-7cee-40ad-88ea-c7d83bbf17b0 ] Request (ServicesAdminNegativeV253TestJSON:tearDownClass): 204 DELETE http://10.180.1.21/networking/v2.0/security-groups/534a5741-5764-4f8a-81c1-33b2ebfdc483 0.145s
2025-11-27 05:10:15.824 65735 INFO tempest.lib.common.rest_client [req-ebbd64b8-491b-4a2a-833f-a88370701684 req-ebbd64b8-491b-4a2a-833f-a88370701684 ] Request (ServersWithSpecificFlavorTestJSON:test_verify_created_server_ephemeral_disk): 200 GET http://10.180.1.21/compute/v2.1/servers/045af4cc-960b-4732-bf75-1bf2fa8e7709 0.772s
2025-11-27 05:10:15.836 65720 INFO tempest.lib.common.rest_client [req-1e930ac5-276d-4d8a-9a0b-3ce497cf2e4f req-1e930ac5-276d-4d8a-9a0b-3ce497cf2e4f ] Request (ServerMetadataNegativeTestJSON:setUpClass): 200 GET http://10.180.1.21/compute/v2.1/servers/ed8c4fb5-4dbe-4515-af18-ecc120e6cb44 0.840s
2025-11-27 05:10:15.919 65725 INFO tempest.lib.common.rest_client [req-b08a1fca-506d-4220-bbd0-974d127562c0 req-b08a1fca-506d-4220-bbd0-974d127562c0 ] Request (ServicesAdminNegativeV253TestJSON:tearDownClass): 204 DELETE http://10.180.1.21/identity/v3/projects/b00e0d5caf684110977016339c52708b 0.113s
2025-11-27 05:10:15.922 65729 INFO tempest.lib.common.rest_client [req-000507e2-3aaf-4934-ac3f-d0576a50a98a req-000507e2-3aaf-4934-ac3f-d0576a50a98a ] Request (ServicesAdminTestJSON:tearDownClass): 204 DELETE http://10.180.1.21/networking/v2.0/security-groups/1333d08d-1ef9-4c19-b893-289e5173718f 0.136s
2025-11-27 05:10:16.008 65715 INFO tempest.lib.common.rest_client [req-ccd8a6ea-cb61-44ac-b914-5940f66e4464 req-ccd8a6ea-cb61-44ac-b914-5940f66e4464 ] Request (ServersNegativeTestJSON:tearDown): 200 GET http://10.180.1.21/compute/v2.1/servers/bee241c2-8a06-4245-a9a2-7253352d7ac6 0.945s
2025-11-27 05:10:16.031 65701 INFO tempest.lib.common.rest_client [req-2b1dc588-98d7-427a-8b63-9f3e47d6b191 req-2b1dc588-98d7-427a-8b63-9f3e47d6b191 ] Request (ServerActionsTestOtherB:test_create_backup): 200 GET http://10.180.1.21/compute/v2.1/servers/c2a6e174-6bb4-4608-9415-a1b781620b97 0.920s
2025-11-27 05:10:16.036 65725 INFO tempest.lib.common.rest_client [req-59db6a92-b180-40ec-8a7f-48804063df9e req-59db6a92-b180-40ec-8a7f-48804063df9e ] Request (KeyPairsNegativeTestJSON:setUpClass): 201 POST http://10.180.1.21/identity/v3/auth/tokens 0.114s
2025-11-27 05:10:16.041 65701 INFO tempest.common.waiters [-] State transition "ACTIVE/image_backup" ==> "ACTIVE/image_pending_upload" after 2 second wait
2025-11-27 05:10:16.052 65729 INFO tempest.lib.common.rest_client [req-0d4d319d-4e00-448e-869f-df5150e604a5 req-0d4d319d-4e00-448e-869f-df5150e604a5 ] Request (ServicesAdminTestJSON:tearDownClass): 204 DELETE http://10.180.1.21/identity/v3/projects/e3697cf16b7d43bd989d8cfc7d572522 0.129s
2025-11-27 05:10:16.052 65729 INFO tempest.lib.common.dynamic_creds [-] Deleting project and security group for project: c882fea570404b57852d4301b4f5f958
2025-11-27 05:10:16.114 65737 WARNING tempest.lib.common.ssh [-] Failed to establish authenticated ssh connection to cirros@10.180.180.236 ([Errno None] Unable to connect to port 22 on 10.180.180.236). Number attempts: 5. Retry after 6 seconds.: paramiko.ssh_exception.NoValidConnectionsError: [Errno None] Unable to connect to port 22 on 10.180.180.236
2025-11-27 05:10:16.116 65725 INFO tempest.lib.common.rest_client [req-c6c7d4c0-9e12-4825-b849-23a490aeb741 req-c6c7d4c0-9e12-4825-b849-23a490aeb741 ] Request (KeyPairsNegativeTestJSON:setUpClass): 201 POST http://10.180.1.21/identity/v3/auth/tokens 0.077s
2025-11-27 05:10:16.144 65725 INFO tempest.lib.common.rest_client [req-a73a5325-607d-43b5-89c1-bf8bcbfbefbc req-a73a5325-607d-43b5-89c1-bf8bcbfbefbc ] Request (KeyPairsNegativeTestJSON:setUpClass): 200 GET http://10.180.1.21/identity/v3/domains?name=Default 0.027s
2025-11-27 05:10:16.157 65749 INFO tempest.lib.common.rest_client [req-25336acf-f0e4-4048-b93f-e3dccbbc3beb req-25336acf-f0e4-4048-b93f-e3dccbbc3beb ] Request (SecurityGroupsTestJSON:test_security_groups_create_list_delete): 202 DELETE http://10.180.1.21/compute/v2.1/os-security-groups/b3355335-b5d6-4721-afca-3bf971f98685 1.033s
2025-11-27 05:10:16.178 65725 INFO tempest.lib.common.rest_client [req-c11d179d-2768-4627-b4bf-4294fbfd15d7 req-c11d179d-2768-4627-b4bf-4294fbfd15d7 ] Request (KeyPairsNegativeTestJSON:setUpClass): 201 POST http://10.180.1.21/identity/v3/projects 0.033s
2025-11-27 05:10:16.178 65729 INFO tempest.lib.common.rest_client [req-2f569d0a-9fd1-4a56-8858-d14134ab82c5 req-2f569d0a-9fd1-4a56-8858-d14134ab82c5 ] Request (ServicesAdminTestJSON:tearDownClass): 200 GET http://10.180.1.21/networking/v2.0/security-groups?tenant_id=c882fea570404b57852d4301b4f5f958&name=default 0.125s
2025-11-27 05:10:16.260 65725 INFO tempest.lib.common.rest_client [req-7ebb7d53-4db5-4acc-a25b-3769c709aa7c req-7ebb7d53-4db5-4acc-a25b-3769c709aa7c ] Request (KeyPairsNegativeTestJSON:setUpClass): 201 POST http://10.180.1.21/identity/v3/users 0.081s
2025-11-27 05:10:16.278 65729 INFO tempest.lib.common.rest_client [req-0bead78b-34aa-4e29-8623-2881131963d5 req-0bead78b-34aa-4e29-8623-2881131963d5 ] Request (ServicesAdminTestJSON:tearDownClass): 204 DELETE http://10.180.1.21/networking/v2.0/security-groups/a6ecb371-1482-4dc9-b157-899c1f5244ef 0.099s
2025-11-27 05:10:16.295 65725 INFO tempest.lib.common.rest_client [req-88636d09-17c5-4bd7-9ebc-bed58a86dd7e req-88636d09-17c5-4bd7-9ebc-bed58a86dd7e ] Request (KeyPairsNegativeTestJSON:setUpClass): 200 GET http://10.180.1.21/identity/v3/roles 0.034s
2025-11-27 05:10:16.310 65721 INFO tempest.lib.common.rest_client [req-1ea9db37-f673-47a0-b15f-e282291b9ba2 req-1ea9db37-f673-47a0-b15f-e282291b9ba2 ] Request (ImagesTestJSON:test_create_server_from_snapshot): 200 GET http://10.180.1.21/compute/v2.1/servers/cbd3a38c-cf88-4572-8b2f-d4cc940b0a46 1.146s
2025-11-27 05:10:16.348 65725 INFO tempest.lib.common.rest_client [req-4eb7805d-d06d-477d-ab6b-d441272c2090 req-4eb7805d-d06d-477d-ab6b-d441272c2090 ] Request (KeyPairsNegativeTestJSON:setUpClass): 204 PUT http://10.180.1.21/identity/v3/projects/9d3d83678e4f494d9861ea475b557f5c/users/21ed90ab663e48e4b10996e8d08dcf6f/roles/276902d10e684c22b9b1091da0fc2186 0.052s
2025-11-27 05:10:16.348 65725 INFO tempest.lib.common.dynamic_creds [-] Dynamic test user 21ed90ab663e48e4b10996e8d08dcf6f is created with scope project and roles: ['member']
2025-11-27 05:10:16.348 65725 INFO tempest.lib.common.dynamic_creds [-] Acquired dynamic creds: credentials: Credentials: {'domain_id': 'default', 'domain_name': 'Default', 'username': 'tempest-KeyPairsNegativeTestJSON-1113839503-project-member', 'project_domain_id': 'default', 'project_domain_name': 'Default', 'project_id': '9d3d83678e4f494d9861ea475b557f5c', 'project_name': 'tempest-KeyPairsNegativeTestJSON-1113839503', 'tenant_id': '9d3d83678e4f494d9861ea475b557f5c', 'tenant_name': 'tempest-KeyPairsNegativeTestJSON-1113839503', 'user_domain_id': 'default', 'user_domain_name': 'Default', 'user_id': '21ed90ab663e48e4b10996e8d08dcf6f', 'system': None}, Network: None, Subnet: None, Router: None
2025-11-27 05:10:16.348 65725 INFO tempest.lib.common.dynamic_creds [-] Created isolated network resources for: credentials: Credentials: {'domain_id': 'default', 'domain_name': 'Default', 'username': 'tempest-KeyPairsNegativeTestJSON-1113839503-project-member', 'project_domain_id': 'default', 'project_domain_name': 'Default', 'project_id': '9d3d83678e4f494d9861ea475b557f5c', 'project_name': 'tempest-KeyPairsNegativeTestJSON-1113839503', 'tenant_id': '9d3d83678e4f494d9861ea475b557f5c', 'tenant_name': 'tempest-KeyPairsNegativeTestJSON-1113839503', 'user_domain_id': 'default', 'user_domain_name': 'Default', 'user_id': '21ed90ab663e48e4b10996e8d08dcf6f', 'system': None}, Network: None, Subnet: None, Router: None
2025-11-27 05:10:16.394 65729 INFO tempest.lib.common.rest_client [req-caf76c41-6836-40ba-be40-0efe49c7dd49 req-caf76c41-6836-40ba-be40-0efe49c7dd49 ] Request (ServicesAdminTestJSON:tearDownClass): 204 DELETE http://10.180.1.21/identity/v3/projects/c882fea570404b57852d4301b4f5f958 0.115s
2025-11-27 05:10:16.419 65745 INFO tempest.lib.common.rest_client [req-8a24d5c9-a9e8-4224-ae07-bad485449867 req-8a24d5c9-a9e8-4224-ae07-bad485449867 ] Request (FloatingIPsAssociationNegativeTestJSON:setUpClass): 200 GET http://10.180.1.21/compute/v2.1/servers/7ba7b3f1-03f6-4dc9-965b-182ecc765466 1.202s
2025-11-27 05:10:16.459 65697 INFO tempest.lib.common.rest_client [req-1fb85002-f215-490e-8561-a934ca2e0974 req-1fb85002-f215-490e-8561-a934ca2e0974 ] Request (DeleteServersTestJSON:test_delete_active_server): 404 GET http://10.180.1.21/compute/v2.1/servers/3a6c4c2a-19f1-44ec-b93a-3a6ab50d8487 1.185s
2025-11-27 05:10:16.508 65725 INFO tempest.lib.common.rest_client [req-e55e3595-3d86-4a33-8a13-bad40ac8865b req-e55e3595-3d86-4a33-8a13-bad40ac8865b ] Request (KeyPairsNegativeTestJSON:setUpClass): 201 POST http://10.180.1.21/identity/v3/auth/tokens 0.155s
2025-11-27 05:10:16.535 65729 INFO tempest.lib.common.rest_client [req-0dcf28f3-43a0-4bf0-a748-d9e0f1fd49bd req-0dcf28f3-43a0-4bf0-a748-d9e0f1fd49bd ] Request (AttachInterfacesV270Test:setUpClass): 201 POST http://10.180.1.21/identity/v3/auth/tokens 0.138s
2025-11-27 05:10:16.577 65697 INFO tempest.lib.common.rest_client [req-e5ca9eb1-9e13-4fcf-8b5b-39488343e013 req-e5ca9eb1-9e13-4fcf-8b5b-39488343e013 ] Request (DeleteServersTestJSON:test_delete_server_while_in_attached_volume): 201 POST http://10.180.1.21/identity/v3/auth/tokens 0.110s
2025-11-27 05:10:16.577 65697 INFO tempest.lib.common.fixed_network [-] (DeleteServersTestJSON:test_delete_server_while_in_attached_volume) Found network {'id': '4e244f30-00b2-4024-852e-e5d1b56e5ee7', 'name': 'tempest-DeleteServersTestJSON-1256300657-network', 'tenant_id': '8be437fa09874e95bbb40162c48c2f3c', 'project_id': '8be437fa09874e95bbb40162c48c2f3c', 'admin_state_up': True, 'mtu': 8950, 'status': 'ACTIVE', 'subnets': [], 'shared': False, 'port_security_enabled': True, 'router:external': False, 'provider:network_type': 'vlan', 'provider:physical_network': 'default', 'provider:segmentation_id': 211, 'availability_zone_hints': [], 'availability_zones': [], 'ipv4_address_scope': None, 'ipv6_address_scope': None, 'description': '', 'tags': [], 'created_at': '2025-11-27T05:08:50Z', 'updated_at': '2025-11-27T05:08:50Z', 'revision_number': 1} available for tenant
2025-11-27 05:10:16.577 65699 INFO tempest.lib.common.rest_client [req-6a00f3a0-49a0-40c6-b9d8-0fcd675a24ee req-6a00f3a0-49a0-40c6-b9d8-0fcd675a24ee ] Request (ServersAdmin275Test:test_rebuild_update_server_275): 200 GET http://10.180.1.21/compute/v2.1/servers/446e8963-7919-4316-a06c-1a18ff32a0a4 1.171s
2025-11-27 05:10:16.599 65729 INFO tempest.lib.common.rest_client [req-d004d09b-40ff-4176-a282-c842bb595c49 req-d004d09b-40ff-4176-a282-c842bb595c49 ] Request (AttachInterfacesV270Test:setUpClass): 201 POST http://10.180.1.21/identity/v3/auth/tokens 0.060s
2025-11-27 05:10:16.636 65729 INFO tempest.lib.common.rest_client [req-85440017-bb77-436c-b473-642ef31c7682 req-85440017-bb77-436c-b473-642ef31c7682 ] Request (AttachInterfacesV270Test:setUpClass): 200 GET http://10.180.1.21/identity/v3/domains?name=Default 0.036s
2025-11-27 05:10:16.674 65729 INFO tempest.lib.common.rest_client [req-129452f2-ffb4-4fe3-bbb7-b7e2a89a8b50 req-129452f2-ffb4-4fe3-bbb7-b7e2a89a8b50 ] Request (AttachInterfacesV270Test:setUpClass): 201 POST http://10.180.1.21/identity/v3/projects 0.037s
2025-11-27 05:10:16.712 65731 INFO tempest.lib.common.rest_client [req-261efc0a-5206-4fb9-8672-c103df9496dc req-261efc0a-5206-4fb9-8672-c103df9496dc ] Request (ImagesOneServerNegativeTestJSON:setUpClass): 202 POST http://10.180.1.21/compute/v2.1/servers 1.553s
2025-11-27 05:10:16.759 65729 INFO tempest.lib.common.rest_client [req-ea09bdc4-2f3f-411a-b436-c89edb8d3991 req-ea09bdc4-2f3f-411a-b436-c89edb8d3991 ] Request (AttachInterfacesV270Test:setUpClass): 201 POST http://10.180.1.21/identity/v3/users 0.084s
2025-11-27 05:10:16.760 65747 INFO tempest.lib.common.rest_client [req-3ceffe12-5a8e-4e64-9549-5c17ec994756 req-3ceffe12-5a8e-4e64-9549-5c17ec994756 ] Request (ServersNegativeTestMultiTenantJSON:tearDownClass): 200 GET http://10.180.1.21/compute/v2.1/servers/6ee0c12d-b443-419a-a469-cf691e170d84 1.256s
2025-11-27 05:10:16.786 65729 INFO tempest.lib.common.rest_client [req-de32c275-549f-47d2-a68c-b2c3716a39be req-de32c275-549f-47d2-a68c-b2c3716a39be ] Request (AttachInterfacesV270Test:setUpClass): 200 GET http://10.180.1.21/identity/v3/roles 0.027s
2025-11-27 05:10:16.804 65755 INFO tempest.lib.common.rest_client [req-dc271e81-9fa3-4275-bc04-fba02de9e9e1 req-dc271e81-9fa3-4275-bc04-fba02de9e9e1 ] Request (InstanceActionsV221TestJSON:test_get_list_deleted_instance_actions): 200 GET http://10.180.1.21/compute/v2.1/servers/01c5b38c-5048-4434-a227-1eff54ba6873 1.097s
2025-11-27 05:10:16.828 65729 INFO tempest.lib.common.rest_client [req-0edb287c-e9ae-4cd2-8c1a-8f489e71a92b req-0edb287c-e9ae-4cd2-8c1a-8f489e71a92b ] Request (AttachInterfacesV270Test:setUpClass): 204 PUT http://10.180.1.21/identity/v3/projects/16db680b6928457f88a9da6a06831a46/users/68413e82f11944f788bfdebf199a4fb1/roles/276902d10e684c22b9b1091da0fc2186 0.041s
2025-11-27 05:10:16.828 65729 INFO tempest.lib.common.dynamic_creds [-] Dynamic test user 68413e82f11944f788bfdebf199a4fb1 is created with scope project and roles: ['member']
2025-11-27 05:10:16.829 65729 INFO tempest.lib.common.dynamic_creds [-] Acquired dynamic creds: credentials: Credentials: {'domain_id': 'default', 'domain_name': 'Default', 'username': 'tempest-AttachInterfacesV270Test-1265514655-project-member', 'project_domain_id': 'default', 'project_domain_name': 'Default', 'project_id': '16db680b6928457f88a9da6a06831a46', 'project_name': 'tempest-AttachInterfacesV270Test-1265514655', 'tenant_id': '16db680b6928457f88a9da6a06831a46', 'tenant_name': 'tempest-AttachInterfacesV270Test-1265514655', 'user_domain_id': 'default', 'user_domain_name': 'Default', 'user_id': '68413e82f11944f788bfdebf199a4fb1', 'system': None}, Network: None, Subnet: None, Router: None
2025-11-27 05:10:16.893 65715 INFO tempest.lib.common.rest_client [req-cd7be77f-5660-4a2a-9963-e009ca1ba943 req-cd7be77f-5660-4a2a-9963-e009ca1ba943 ] Request (ServersNegativeTestJSON:setUp): 200 GET http://10.180.1.21/compute/v2.1/servers/bee241c2-8a06-4245-a9a2-7253352d7ac6 0.871s
2025-11-27 05:10:16.906 65729 INFO tempest.lib.common.rest_client [req-da50471e-f616-4092-a959-62db62c3aff5 req-da50471e-f616-4092-a959-62db62c3aff5 ] Request (AttachInterfacesV270Test:setUpClass): 201 POST http://10.180.1.21/identity/v3/auth/tokens 0.077s
2025-11-27 05:10:16.912 65749 INFO tempest.lib.common.rest_client [req-1042e5de-1674-48dd-bbe3-586a851fdced req-1042e5de-1674-48dd-bbe3-586a851fdced ] Request (SecurityGroupsTestJSON:test_security_groups_create_list_delete): 404 GET http://10.180.1.21/compute/v2.1/os-security-groups/b3355335-b5d6-4721-afca-3bf971f98685 0.755s
2025-11-27 05:10:16.960 65707 INFO tempest.lib.common.rest_client [req-1dc70f6e-06f9-4c65-918b-71f90b77ef7e req-1dc70f6e-06f9-4c65-918b-71f90b77ef7e ] Request (ServersTestBootFromVolume:setUpClass): 200 GET http://10.180.1.21/compute/v2.1/servers/7d56fd49-a450-4584-ac03-333037a4a6c7 0.898s
2025-11-27 05:10:16.986 65715 INFO tempest.lib.common.rest_client [req-f03bfcd6-bb52-45eb-9a74-cad69721c992 req-f03bfcd6-bb52-45eb-9a74-cad69721c992 ] Request (ServersNegativeTestJSON:test_create_with_invalid_flavor): 201 POST http://10.180.1.21/identity/v3/auth/tokens 0.074s
2025-11-27 05:10:16.986 65715 INFO tempest.lib.common.fixed_network [-] (ServersNegativeTestJSON:test_create_with_invalid_flavor) Found network {'id': '3881abde-969e-4e33-bf09-9209a671ec94', 'name': 'tempest-ServersNegativeTestJSON-500940482-network', 'tenant_id': 'c365e6acf80d4420b1dfc3fe0330d43e', 'project_id': 'c365e6acf80d4420b1dfc3fe0330d43e', 'admin_state_up': True, 'mtu': 8950, 'status': 'ACTIVE', 'subnets': [], 'shared': False, 'port_security_enabled': True, 'router:external': False, 'provider:network_type': 'vlan', 'provider:physical_network': 'default', 'provider:segmentation_id': 395, 'availability_zone_hints': [], 'availability_zones': [], 'ipv4_address_scope': None, 'ipv6_address_scope': None, 'description': '', 'tags': [], 'created_at': '2025-11-27T05:08:08Z', 'updated_at': '2025-11-27T05:08:08Z', 'revision_number': 1} available for tenant
2025-11-27 05:10:17.052 65711 INFO tempest.lib.common.rest_client [req-1cec85dc-31e3-4d61-994e-e89ddd164e40 req-1cec85dc-31e3-4d61-994e-e89ddd164e40 ] Request (ServersAdminNegativeTestJSON:test_migrate_server_invalid_state): 200 GET http://10.180.1.21/compute/v2.1/servers/ff073319-666d-4c85-b88a-91f7f1f7979b 0.847s
2025-11-27 05:10:17.082 65743 INFO tempest.lib.common.rest_client [req-22e0e729-21a4-46e6-ba8c-35d9fa93c3e5 req-22e0e729-21a4-46e6-ba8c-35d9fa93c3e5 ] Request (FloatingIPsAssociationTestJSON:test_associate_already_associated_floating_ip): 200 GET http://10.180.1.21/compute/v2.1/servers/2a07b983-c662-4bc9-9fc9-dbb4f1705c08 0.908s
2025-11-27 05:10:17.096 65743 INFO tempest.common.waiters [-] State transition "BUILD/spawning" ==> "ACTIVE/None" after 27 second wait
2025-11-27 05:10:17.099 65757 INFO tempest.lib.common.rest_client [req-f61c1427-a0b8-421b-a847-ece918a6aa2e req-f61c1427-a0b8-421b-a847-ece918a6aa2e ] Request (ImagesOneServerTestJSON:test_create_image_specify_multibyte_character_image_name): 200 GET http://10.180.1.21/compute/v2.1/images/81d31c70-7718-410b-96fe-802f01494961 0.844s
2025-11-27 05:10:17.117 65713 WARNING tempest.lib.common.ssh [-] Failed to establish authenticated ssh connection to cirros@10.180.180.249 ([Errno None] Unable to connect to port 22 on 10.180.180.249). Number attempts: 6. Retry after 7 seconds.: paramiko.ssh_exception.NoValidConnectionsError: [Errno None] Unable to connect to port 22 on 10.180.180.249
2025-11-27 05:10:17.138 65705 INFO tempest.lib.common.rest_client [req-a6d9f0f3-858f-43e2-b1e0-d872f157b4e1 req-a6d9f0f3-858f-43e2-b1e0-d872f157b4e1 ] Request (ListImageFiltersTestJSON:setUpClass): 200 GET http://10.180.1.21/compute/v2.1/images/b3ce5dcb-89b7-4f99-89c0-e619ef10d417 0.797s
2025-11-27 05:10:17.182 65703 INFO tempest.lib.common.rest_client [req-8ed90321-77d2-40e8-8459-8b6ff4b0b38a req-8ed90321-77d2-40e8-8459-8b6ff4b0b38a ] Request (ServersTestManualDisk:tearDownClass): 200 GET http://10.180.1.21/compute/v2.1/servers/a3c4f969-4c1b-49a2-a7f1-f162d237af1c 0.881s
2025-11-27 05:10:17.260 65729 INFO tempest.lib.common.rest_client [req-d3040b53-1fbd-45f0-a879-5a19d14df090 req-d3040b53-1fbd-45f0-a879-5a19d14df090 ] Request (AttachInterfacesV270Test:setUpClass): 201 POST http://10.180.1.21/networking/v2.0/networks 0.353s
2025-11-27 05:10:17.286 65709 INFO tempest.lib.common.rest_client [req-3bfd2049-4df5-4e03-adb6-d9ac1659875a req-3bfd2049-4df5-4e03-adb6-d9ac1659875a ] Request (ServerDiskConfigTestJSON:test_rebuild_server_with_manual_disk_config): 200 GET http://10.180.1.21/compute/v2.1/servers/aad1453a-9e7a-4a22-801b-1bb86b1acb97 0.873s
2025-11-27 05:10:17.338 65733 INFO tempest.lib.common.rest_client [req-94a9d63d-1a30-4e1a-abf8-abe757d80abf req-94a9d63d-1a30-4e1a-abf8-abe757d80abf ] Request (MigrationsAdminTest:test_resize_server_revert_deleted_flavor): 200 GET http://10.180.1.21/compute/v2.1/servers/b9dba6fc-10bc-49d4-a7fd-6c099dcaadac 0.934s
2025-11-27 05:10:17.361 65717 INFO tempest.lib.common.rest_client [req-e49dd8b7-975f-4e76-891f-083c8b0fbc89 req-e49dd8b7-975f-4e76-891f-083c8b0fbc89 ] Request (ServersAdminTestJSON:test_inject_network_info): 200 GET http://10.180.1.21/compute/v2.1/servers/71450c30-2cf0-4171-9a17-8cfb36efdd33 0.861s
2025-11-27 05:10:17.525 65725 INFO tempest.lib.common.rest_client [req-786b2a68-0be9-48d8-805e-e59ccee5850c req-786b2a68-0be9-48d8-805e-e59ccee5850c ] Request (KeyPairsNegativeTestJSON:test_create_keypair_invalid_name): 400 POST http://10.180.1.21/compute/v2.1/os-keypairs 1.015s
2025-11-27 05:10:17.538 65729 INFO tempest.lib.common.rest_client [req-11373b71-b58c-4677-a1dd-d4de6a05d181 req-11373b71-b58c-4677-a1dd-d4de6a05d181 ] Request (AttachInterfacesV270Test:setUpClass): 201 POST http://10.180.1.21/networking/v2.0/subnets 0.277s
2025-11-27 05:10:17.675 65723 INFO tempest.lib.common.rest_client [req-11b9c605-f7e8-4e41-b79d-e2321531602a req-11b9c605-f7e8-4e41-b79d-e2321531602a ] Request (ServerRescueTestJSON:test_rescue_unrescue_instance): 200 GET http://10.180.1.21/compute/v2.1/servers/50700607-4f15-4e5b-81c3-23368b6afcfe 1.099s
2025-11-27 05:10:17.768 65695 INFO tempest.lib.common.rest_client [req-27d08645-9fbe-4cf2-8743-bb9a4fbb5ff3 req-27d08645-9fbe-4cf2-8743-bb9a4fbb5ff3 ] Request (ServerDiagnosticsV248Test:tearDownClass): 200 GET http://10.180.1.21/compute/v2.1/servers/66d94f61-e5c9-41f1-a6dc-5cefced021fb 1.058s
2025-11-27 05:10:17.840 65697 INFO tempest.lib.common.rest_client [req-8e071638-f3f9-4b5a-92aa-c332512c2f4e req-8e071638-f3f9-4b5a-92aa-c332512c2f4e ] Request (DeleteServersTestJSON:test_delete_server_while_in_attached_volume): 202 POST http://10.180.1.21/compute/v2.1/servers 1.262s
2025-11-27 05:10:18.058 65731 INFO tempest.lib.common.rest_client [req-0166ff0b-1d27-4a5a-98a2-d3d41948c5bb req-0166ff0b-1d27-4a5a-98a2-d3d41948c5bb ] Request (ImagesOneServerNegativeTestJSON:setUpClass): 200 GET http://10.180.1.21/compute/v2.1/servers/fc28829c-021d-4920-8c1b-2a11abb95024 1.344s
2025-11-27 05:10:18.083 65727 INFO tempest.lib.common.rest_client [req-c06982ea-ab6a-44c6-a764-1339ae6ed51a req-c06982ea-ab6a-44c6-a764-1339ae6ed51a ] Request (ServersListShow2100Test:test_list_show_rebuild_update_server_2100): 200 GET http://10.180.1.21/compute/v2.1/servers/f5c989d4-097d-4ca0-b047-1fba02b35f6c 1.359s
2025-11-27 05:10:18.095 65727 INFO tempest.common.waiters [-] State transition "BUILD/spawning" ==> "ACTIVE/None" after 27 second wait
2025-11-27 05:10:18.139 65735 INFO tempest.lib.common.rest_client [req-fcebe8f9-9e19-48f1-9ea4-4465c4f6639c req-fcebe8f9-9e19-48f1-9ea4-4465c4f6639c ] Request (ServersWithSpecificFlavorTestJSON:test_verify_created_server_ephemeral_disk): 200 GET http://10.180.1.21/compute/v2.1/servers/045af4cc-960b-4732-bf75-1bf2fa8e7709 1.304s
2025-11-27 05:10:18.151 65720 INFO tempest.lib.common.rest_client [req-b8939bb1-c4ad-4c5a-86e2-fc49d3ccec3a req-b8939bb1-c4ad-4c5a-86e2-fc49d3ccec3a ] Request (ServerMetadataNegativeTestJSON:setUpClass): 200 GET http://10.180.1.21/compute/v2.1/servers/ed8c4fb5-4dbe-4515-af18-ecc120e6cb44 1.304s
2025-11-27 05:10:18.168 65715 INFO tempest.lib.common.rest_client [req-055c6fd9-139b-46f4-9430-3c3b0ca8c7ba req-055c6fd9-139b-46f4-9430-3c3b0ca8c7ba ] Request (ServersNegativeTestJSON:test_create_with_invalid_flavor): 400 POST http://10.180.1.21/compute/v2.1/servers 1.181s
2025-11-27 05:10:18.292 65749 INFO tempest.lib.common.rest_client [req-a7b011d8-99cd-41e2-b49c-7daba0d9c18d req-a7b011d8-99cd-41e2-b49c-7daba0d9c18d ] Request (SecurityGroupsTestJSON:test_security_groups_create_list_delete): 202 DELETE http://10.180.1.21/compute/v2.1/os-security-groups/0a19a2a4-81ae-42ce-af27-1ec8bbf81fad 1.379s
2025-11-27 05:10:18.381 65729 INFO tempest.lib.common.rest_client [req-ea39c4b5-e320-4423-be0c-4c484930facc req-ea39c4b5-e320-4423-be0c-4c484930facc ] Request (AttachInterfacesV270Test:setUpClass): 201 POST http://10.180.1.21/networking/v2.0/routers 0.842s
2025-11-27 05:10:18.413 65701 INFO tempest.lib.common.rest_client [req-48e34158-0935-41ac-9146-cc7e76d9758c req-48e34158-0935-41ac-9146-cc7e76d9758c ] Request (ServerActionsTestOtherB:test_create_backup): 200 GET http://10.180.1.21/compute/v2.1/servers/c2a6e174-6bb4-4608-9415-a1b781620b97 1.370s
2025-11-27 05:10:18.424 65701 INFO tempest.common.waiters [-] State transition "ACTIVE/image_pending_upload" ==> "ACTIVE/image_uploading" after 4 second wait
2025-11-27 05:10:18.502 65721 INFO tempest.lib.common.rest_client [req-37d34223-6d97-44d1-abc2-b945d6b36e28 req-37d34223-6d97-44d1-abc2-b945d6b36e28 ] Request (ImagesTestJSON:test_create_server_from_snapshot): 200 GET http://10.180.1.21/compute/v2.1/servers/cbd3a38c-cf88-4572-8b2f-d4cc940b0a46 1.181s
2025-11-27 05:10:19.209 65745 INFO tempest.lib.common.rest_client [req-f8d9e824-2617-4f3d-b827-7a001a13ff4b req-f8d9e824-2617-4f3d-b827-7a001a13ff4b ] Request (FloatingIPsAssociationNegativeTestJSON:setUpClass): 200 GET http://10.180.1.21/compute/v2.1/servers/7ba7b3f1-03f6-4dc9-965b-182ecc765466 1.779s
2025-11-27 05:10:19.244 65725 INFO tempest.lib.common.rest_client [req-9b7d4a5a-b68e-4641-bb9d-2d9be1105fc3 req-9b7d4a5a-b68e-4641-bb9d-2d9be1105fc3 ] Request (KeyPairsNegativeTestJSON:test_create_keypair_when_public_key_bits_exceeds_maximum): 400 POST http://10.180.1.21/compute/v2.1/os-keypairs 1.715s
2025-11-27 05:10:19.338 65699 INFO tempest.lib.common.rest_client [req-41f469e5-0758-4bb1-8841-95b4020f53d1 req-41f469e5-0758-4bb1-8841-95b4020f53d1 ] Request (ServersAdmin275Test:test_rebuild_update_server_275): 200 GET http://10.180.1.21/compute/v2.1/servers/446e8963-7919-4316-a06c-1a18ff32a0a4 1.747s
2025-11-27 05:10:19.438 65747 INFO tempest.lib.common.rest_client [req-cfdf30ae-047e-4695-83d0-d80139cdf4cd req-cfdf30ae-047e-4695-83d0-d80139cdf4cd ] Request (ServersNegativeTestMultiTenantJSON:tearDownClass): 200 GET http://10.180.1.21/compute/v2.1/servers/6ee0c12d-b443-419a-a469-cf691e170d84 1.666s
2025-11-27 05:10:19.446 65747 INFO tempest.common.waiters [-] State transition "ACTIVE/deleting" ==> "DELETED/None" after 3 second wait
2025-11-27 05:10:19.462 65729 INFO tempest.lib.common.rest_client [req-961e1edc-6db2-40e2-8ae1-2b8da482a0de req-961e1edc-6db2-40e2-8ae1-2b8da482a0de ] Request (AttachInterfacesV270Test:setUpClass): 200 PUT http://10.180.1.21/networking/v2.0/routers/9343a12a-e775-4f2d-881f-ef462a56cd13/add_router_interface 1.081s
2025-11-27 05:10:19.462 65729 INFO tempest.lib.common.dynamic_creds [-] Created isolated network resources for: credentials: Credentials: {'domain_id': 'default', 'domain_name': 'Default', 'username': 'tempest-AttachInterfacesV270Test-1265514655-project-member', 'project_domain_id': 'default', 'project_domain_name': 'Default', 'project_id': '16db680b6928457f88a9da6a06831a46', 'project_name': 'tempest-AttachInterfacesV270Test-1265514655', 'tenant_id': '16db680b6928457f88a9da6a06831a46', 'tenant_name': 'tempest-AttachInterfacesV270Test-1265514655', 'user_domain_id': 'default', 'user_domain_name': 'Default', 'user_id': '68413e82f11944f788bfdebf199a4fb1', 'system': None}, Network: {'id': '0099fb70-46c0-416d-895c-a8839c7ec101', 'name': 'tempest-AttachInterfacesV270Test-2096313007-network', 'tenant_id': '16db680b6928457f88a9da6a06831a46', 'project_id': '16db680b6928457f88a9da6a06831a46', 'admin_state_up': True, 'mtu': 8950, 'status': 'ACTIVE', 'subnets': [], 'shared': False, 'port_security_enabled': True, 'router:external': False, 'provider:network_type': 'vlan', 'provider:physical_network': 'default', 'provider:segmentation_id': 166, 'availability_zone_hints': [], 'availability_zones': [], 'ipv4_address_scope': None, 'ipv6_address_scope': None, 'description': '', 'tags': [], 'created_at': '2025-11-27T05:10:17Z', 'updated_at': '2025-11-27T05:10:17Z', 'revision_number': 1}, Subnet: {'id': '86e3a7a7-400f-444a-aa59-800dc6cdf96e', 'name': 'tempest-AttachInterfacesV270Test-2096313007-subnet', 'tenant_id': '16db680b6928457f88a9da6a06831a46', 'network_id': '0099fb70-46c0-416d-895c-a8839c7ec101', 'ip_version': 4, 'subnetpool_id': None, 'enable_dhcp': True, 'ipv6_ra_mode': None, 'ipv6_address_mode': None, 'gateway_ip': '192.168.128.1', 'cidr': '192.168.128.0/28', 'allocation_pools': [{'start': '192.168.128.2', 'end': '192.168.128.14'}], 'host_routes': [], 'dns_nameservers': [], 'description': '', 'router:external': False, 'service_types': [], 'tags': [], 'created_at': '2025-11-27T05:10:17Z', 'updated_at': '2025-11-27T05:10:17Z', 'revision_number': 0, 'project_id': '16db680b6928457f88a9da6a06831a46'}, Router: {'id': '9343a12a-e775-4f2d-881f-ef462a56cd13', 'name': 'tempest-AttachInterfacesV270Test-2096313007-router', 'tenant_id': '16db680b6928457f88a9da6a06831a46', 'admin_state_up': True, 'status': 'ACTIVE', 'external_gateway_info': {'network_id': 'a6b10570-878a-452f-a110-015b12075bee', 'external_fixed_ips': [{'subnet_id': '705ffa78-1cbe-4a3b-81d6-37647a9c358a', 'ip_address': '10.180.180.133'}], 'enable_snat': True}, 'description': '', 'availability_zones': [], 'distributed': False, 'ha': False, 'availability_zone_hints': [], 'routes': [], 'flavor_id': None, 'tags': [], 'created_at': '2025-11-27T05:10:17Z', 'updated_at': '2025-11-27T05:10:18Z', 'revision_number': 2, 'project_id': '16db680b6928457f88a9da6a06831a46'}
2025-11-27 05:10:19.526 65755 INFO tempest.lib.common.rest_client [req-aada1b66-0d48-471f-ba75-d0229b1842ca req-aada1b66-0d48-471f-ba75-d0229b1842ca ] Request (InstanceActionsV221TestJSON:test_get_list_deleted_instance_actions): 200 GET http://10.180.1.21/compute/v2.1/servers/01c5b38c-5048-4434-a227-1eff54ba6873 1.705s
2025-11-27 05:10:19.534 65755 INFO tempest.common.waiters [-] State transition "ACTIVE/deleting" ==> "DELETED/None" after 5 second wait
2025-11-27 05:10:19.586 65729 INFO tempest.lib.common.rest_client [req-e09b1663-c2df-4056-b007-ce496b5fbdf1 req-e09b1663-c2df-4056-b007-ce496b5fbdf1 ] Request (AttachInterfacesV270Test:setUpClass): 201 POST http://10.180.1.21/identity/v3/auth/tokens 0.119s
2025-11-27 05:10:19.602 65697 INFO tempest.lib.common.rest_client [req-87f06c5f-1b32-4121-97e9-5d89bae8c009 req-87f06c5f-1b32-4121-97e9-5d89bae8c009 ] Request (DeleteServersTestJSON:test_delete_server_while_in_attached_volume): 200 GET http://10.180.1.21/compute/v2.1/servers/0d0f28a9-9391-4dc6-864c-0d2239d76a31 1.760s
2025-11-27 05:10:19.635 65743 INFO tempest.lib.common.rest_client [req-92ab6857-2dd0-4c3f-bfd0-b86baf30cf73 req-92ab6857-2dd0-4c3f-bfd0-b86baf30cf73 ] Request (FloatingIPsAssociationTestJSON:test_associate_already_associated_floating_ip): 202 POST http://10.180.1.21/compute/v2.1/servers/5fba7a54-e133-423e-b9ce-9bbff8485567/action 2.539s
2025-11-27 05:10:19.638 65729 INFO tempest.lib.common.rest_client [req-669ca9e9-4f18-45ef-918a-ff1729ee571f req-669ca9e9-4f18-45ef-918a-ff1729ee571f ] Request (AttachInterfacesV270Test:test_create_get_list_interfaces): 201 POST http://10.180.1.21/identity/v3/auth/tokens 0.047s
2025-11-27 05:10:19.638 65729 INFO tempest.lib.common.fixed_network [-] (AttachInterfacesV270Test:test_create_get_list_interfaces) Found network {'id': '0099fb70-46c0-416d-895c-a8839c7ec101', 'name': 'tempest-AttachInterfacesV270Test-2096313007-network', 'tenant_id': '16db680b6928457f88a9da6a06831a46', 'project_id': '16db680b6928457f88a9da6a06831a46', 'admin_state_up': True, 'mtu': 8950, 'status': 'ACTIVE', 'subnets': [], 'shared': False, 'port_security_enabled': True, 'router:external': False, 'provider:network_type': 'vlan', 'provider:physical_network': 'default', 'provider:segmentation_id': 166, 'availability_zone_hints': [], 'availability_zones': [], 'ipv4_address_scope': None, 'ipv6_address_scope': None, 'description': '', 'tags': [], 'created_at': '2025-11-27T05:10:17Z', 'updated_at': '2025-11-27T05:10:17Z', 'revision_number': 1} available for tenant
2025-11-27 05:10:19.722 65711 INFO tempest.lib.common.rest_client [req-bcce20b3-800e-4592-9ec9-45bd40228ade req-bcce20b3-800e-4592-9ec9-45bd40228ade ] Request (ServersAdminNegativeTestJSON:test_migrate_server_invalid_state): 200 GET http://10.180.1.21/compute/v2.1/servers/ff073319-666d-4c85-b88a-91f7f1f7979b 1.656s
2025-11-27 05:10:19.733 65707 INFO tempest.lib.common.rest_client [req-bf2e0b4a-1dc8-4552-be8a-7622d1477fcd req-bf2e0b4a-1dc8-4552-be8a-7622d1477fcd ] Request (ServersTestBootFromVolume:setUpClass): 200 GET http://10.180.1.21/compute/v2.1/servers/7d56fd49-a450-4584-ac03-333037a4a6c7 1.759s
2025-11-27 05:10:19.741 65707 INFO tempest.common.waiters [-] State transition "BUILD/spawning" ==> "ACTIVE/None" after 29 second wait
2025-11-27 05:10:19.773 65757 INFO tempest.lib.common.rest_client [req-3a9702e8-c0b1-402e-b42f-feb131bc92cb req-3a9702e8-c0b1-402e-b42f-feb131bc92cb ] Request (ImagesOneServerTestJSON:test_create_image_specify_multibyte_character_image_name): 200 GET http://10.180.1.21/compute/v2.1/images/81d31c70-7718-410b-96fe-802f01494961 1.669s
2025-11-27 05:10:19.806 65705 INFO tempest.lib.common.rest_client [req-908f79ff-3e0b-48c2-b9be-0f7a29b68c73 req-908f79ff-3e0b-48c2-b9be-0f7a29b68c73 ] Request (ListImageFiltersTestJSON:setUpClass): 200 GET http://10.180.1.21/compute/v2.1/images/b3ce5dcb-89b7-4f99-89c0-e619ef10d417 1.660s
2025-11-27 05:10:19.883 65727 INFO tempest.lib.common.rest_client [req-0a866f8b-2f41-4c59-a3f4-07dcf83aad9a req-0a866f8b-2f41-4c59-a3f4-07dcf83aad9a ] Request (ServersListShow2100Test:test_list_show_rebuild_update_server_2100): 200 GET http://10.180.1.21/compute/v2.1/servers/detail 1.786s
2025-11-27 05:10:19.942 65715 INFO tempest.lib.common.rest_client [req-3fca721e-daaf-4eab-a9e6-9574ed319f63 req-3fca721e-daaf-4eab-a9e6-9574ed319f63 ] Request (ServersNegativeTestJSON:tearDown): 200 GET http://10.180.1.21/compute/v2.1/servers/bee241c2-8a06-4245-a9a2-7253352d7ac6 1.773s
2025-11-27 05:10:19.976 65749 INFO tempest.lib.common.rest_client [req-8d21e8ed-a9c6-4e33-9bcf-d3dcfe0477af req-8d21e8ed-a9c6-4e33-9bcf-d3dcfe0477af ] Request (SecurityGroupsTestJSON:test_security_groups_create_list_delete): 404 GET http://10.180.1.21/compute/v2.1/os-security-groups/0a19a2a4-81ae-42ce-af27-1ec8bbf81fad 1.683s
2025-11-27 05:10:20.057 65709 INFO tempest.lib.common.rest_client [req-161f4101-d0d2-4e05-9be8-7d19d85690c0 req-161f4101-d0d2-4e05-9be8-7d19d85690c0 ] Request (ServerDiskConfigTestJSON:test_rebuild_server_with_manual_disk_config): 200 GET http://10.180.1.21/compute/v2.1/servers/aad1453a-9e7a-4a22-801b-1bb86b1acb97 1.759s
2025-11-27 05:10:20.068 65709 INFO tempest.common.waiters [-] State transition "BUILD/scheduling" ==> "BUILD/None" after 11 second wait
2025-11-27 05:10:20.208 65733 INFO tempest.lib.common.rest_client [req-ad0dfdf6-7471-4f73-9521-84e824608900 req-ad0dfdf6-7471-4f73-9521-84e824608900 ] Request (MigrationsAdminTest:test_resize_server_revert_deleted_flavor): 200 GET http://10.180.1.21/compute/v2.1/servers/b9dba6fc-10bc-49d4-a7fd-6c099dcaadac 1.857s
2025-11-27 05:10:20.216 65703 INFO tempest.lib.common.rest_client [req-382202c9-48d2-4e8a-b846-ac7a79ebf4fc req-382202c9-48d2-4e8a-b846-ac7a79ebf4fc ] Request (ServersTestManualDisk:tearDownClass): 200 GET http://10.180.1.21/compute/v2.1/servers/a3c4f969-4c1b-49a2-a7f1-f162d237af1c 2.021s
2025-11-27 05:10:20.270 65723 INFO tempest.lib.common.rest_client [req-b2aa74b5-c79c-4393-aefd-6b4038a9c0a5 req-b2aa74b5-c79c-4393-aefd-6b4038a9c0a5 ] Request (ServerRescueTestJSON:test_rescue_unrescue_instance): 200 GET http://10.180.1.21/compute/v2.1/servers/50700607-4f15-4e5b-81c3-23368b6afcfe 1.585s
2025-11-27 05:10:20.271 65717 INFO tempest.lib.common.rest_client [req-d1c75ee8-1dff-4e1c-b616-e519931c6aee req-d1c75ee8-1dff-4e1c-b616-e519931c6aee ] Request (ServersAdminTestJSON:test_inject_network_info): 200 GET http://10.180.1.21/compute/v2.1/servers/71450c30-2cf0-4171-9a17-8cfb36efdd33 1.895s
2025-11-27 05:10:20.278 65723 INFO tempest.common.waiters [-] State transition "BUILD/scheduling" ==> "BUILD/None" after 5 second wait
