2025-11-27 05:10:44.544 65720 INFO tempest.lib.common.fixed_network [-] (ServerMetadataNegativeTestJSON:test_server_create_metadata_key_too_long) Found network {'id': 'a0c0ccaf-0f75-4bc2-970e-9abb4b0106ef', 'name': 'tempest-ServerMetadataNegativeTestJSON-914865055-network', 'tenant_id': '3ce8c215cca34773a6bd1ecb89363f6c', 'project_id': '3ce8c215cca34773a6bd1ecb89363f6c', 'admin_state_up': True, 'mtu': 8950, 'status': 'ACTIVE', 'subnets': [], 'shared': False, 'port_security_enabled': True, 'router:external': False, 'provider:network_type': 'vlan', 'provider:physical_network': 'default', 'provider:segmentation_id': 305, 'availability_zone_hints': [], 'availability_zones': [], 'ipv4_address_scope': None, 'ipv6_address_scope': None, 'description': '', 'tags': [], 'created_at': '2025-11-27T05:09:38Z', 'updated_at': '2025-11-27T05:09:38Z', 'revision_number': 1} available for tenant
2025-11-27 05:10:44.551 65705 INFO tempest.lib.common.rest_client [req-15d97139-2e55-461a-9869-ae8e2fc05f71 req-15d97139-2e55-461a-9869-ae8e2fc05f71 ] Request (ListImageFiltersTestJSON:test_list_images_with_detail_filter_by_name): 200 GET http://10.180.1.21/compute/v2.1/images/detail?name=tempest-ListImageFiltersTestJSON-image-1353737520 0.269s
2025-11-27 05:10:44.588 65711 INFO tempest.lib.common.rest_client [req-441f221e-eca2-43be-a2d7-060201a0f14a req-441f221e-eca2-43be-a2d7-060201a0f14a ] Request (ServersAdminNegativeTestJSON:test_migrate_server_invalid_state): 200 GET http://10.180.1.21/compute/v2.1/servers/ff073319-666d-4c85-b88a-91f7f1f7979b 0.276s
2025-11-27 05:10:44.615 65743 INFO tempest.lib.common.rest_client [req-2015db77-0c27-4427-aea6-3ed4fa1ff841 req-2015db77-0c27-4427-aea6-3ed4fa1ff841 ] Request (FloatingIPsAssociationTestJSON:tearDownClass): 200 GET http://10.180.1.21/compute/v2.1/servers/2a07b983-c662-4bc9-9fc9-dbb4f1705c08 0.227s
2025-11-27 05:10:44.687 65725 INFO tempest.lib.common.rest_client [req-1b64487f-0933-4323-b35a-1711d305fea7 req-1b64487f-0933-4323-b35a-1711d305fea7 ] Request (ServersAaction247Test:test_create_backup): 200 GET http://10.180.1.21/compute/v2.1/servers/6ee2e726-1745-4a1f-8bbe-d0dd401accf5 0.246s
2025-11-27 05:10:44.722 65715 INFO tempest.lib.common.rest_client [req-63872da9-8025-4499-86fa-d90084f2c6d8 req-63872da9-8025-4499-86fa-d90084f2c6d8 ] Request (ServersNegativeTestJSON:tearDown): 200 GET http://10.180.1.21/compute/v2.1/servers/bee241c2-8a06-4245-a9a2-7253352d7ac6 0.283s
2025-11-27 05:10:44.756 65709 INFO tempest.lib.common.rest_client [req-76bd7aa3-8224-4f76-aa5d-5e148baae2ef req-76bd7aa3-8224-4f76-aa5d-5e148baae2ef ] Request (ServerDiskConfigTestJSON:test_rebuild_server_with_manual_disk_config): 200 GET http://10.180.1.21/compute/v2.1/servers/aad1453a-9e7a-4a22-801b-1bb86b1acb97 0.261s
2025-11-27 05:10:44.762 65720 INFO tempest.lib.common.rest_client [req-81c6d368-4aec-4344-9845-5778cefceba3 req-81c6d368-4aec-4344-9845-5778cefceba3 ] Request (ServerMetadataNegativeTestJSON:test_server_create_metadata_key_too_long): 400 POST http://10.180.1.21/compute/v2.1/servers 0.217s
2025-11-27 05:10:44.786 65757 INFO tempest.lib.common.rest_client [req-79507bd6-8f9f-4dc8-9090-e4d2eee214eb req-79507bd6-8f9f-4dc8-9090-e4d2eee214eb ] Request (ImagesOneServerTestJSON:tearDownClass): 200 GET http://10.180.1.21/compute/v2.1/servers/d5371421-6fae-4329-99cf-8a9ea1cc11ff 0.263s
2025-11-27 05:10:44.798 65720 INFO tempest.lib.common.rest_client [req-d30cfabc-2d02-4d60-8c6c-6381724d75ed req-d30cfabc-2d02-4d60-8c6c-6381724d75ed ] Request (ServerMetadataNegativeTestJSON:test_server_create_metadata_key_too_long): 201 POST http://10.180.1.21/identity/v3/auth/tokens 0.033s
2025-11-27 05:10:44.798 65720 INFO tempest.lib.common.fixed_network [-] (ServerMetadataNegativeTestJSON:test_server_create_metadata_key_too_long) Found network {'id': 'a0c0ccaf-0f75-4bc2-970e-9abb4b0106ef', 'name': 'tempest-ServerMetadataNegativeTestJSON-914865055-network', 'tenant_id': '3ce8c215cca34773a6bd1ecb89363f6c', 'project_id': '3ce8c215cca34773a6bd1ecb89363f6c', 'admin_state_up': True, 'mtu': 8950, 'status': 'ACTIVE', 'subnets': [], 'shared': False, 'port_security_enabled': True, 'router:external': False, 'provider:network_type': 'vlan', 'provider:physical_network': 'default', 'provider:segmentation_id': 305, 'availability_zone_hints': [], 'availability_zones': [], 'ipv4_address_scope': None, 'ipv6_address_scope': None, 'description': '', 'tags': [], 'created_at': '2025-11-27T05:09:38Z', 'updated_at': '2025-11-27T05:09:38Z', 'revision_number': 1} available for tenant
2025-11-27 05:10:44.803 65705 INFO tempest.lib.common.rest_client [req-17ffe515-1ced-4dea-98cc-c43bd5ea3e41 req-17ffe515-1ced-4dea-98cc-c43bd5ea3e41 ] Request (ListImageFiltersTestJSON:test_list_images_with_detail_filter_by_server_ref): 200 GET http://10.180.1.21/compute/v2.1/images/detail?server=http%3A%2F%2F10.180.1.21%2Fcompute%2Fv2.1%2Fservers%2F2e14e82e-35bc-4b2c-ad1c-ce0891943daa 0.247s
2025-11-27 05:10:44.837 65723 INFO tempest.lib.common.rest_client [req-9ed16f87-54b1-4f6b-aa23-dc4938222626 req-9ed16f87-54b1-4f6b-aa23-dc4938222626 ] Request (ServerRescueTestJSON:test_rescue_unrescue_instance): 200 GET http://10.180.1.21/compute/v2.1/servers/50700607-4f15-4e5b-81c3-23368b6afcfe 0.243s
2025-11-27 05:10:44.851 65731 INFO tempest.lib.common.rest_client [req-c2e9639e-8898-4431-b183-ba00892371a7 req-c2e9639e-8898-4431-b183-ba00892371a7 ] Request (ImagesOneServerNegativeTestJSON:setUpClass): 200 GET http://10.180.1.21/compute/v2.1/servers/fc28829c-021d-4920-8c1b-2a11abb95024 0.189s
2025-11-27 05:10:44.938 65715 INFO tempest.lib.common.rest_client [req-a6d802b4-00db-4474-a4cd-d97cdc4f8b65 req-a6d802b4-00db-4474-a4cd-d97cdc4f8b65 ] Request (ServersNegativeTestJSON:setUp): 200 GET http://10.180.1.21/compute/v2.1/servers/bee241c2-8a06-4245-a9a2-7253352d7ac6 0.207s
2025-11-27 05:10:44.947 65733 INFO tempest.lib.common.rest_client [req-b8f162f9-7f13-412c-ad69-7c6382d94491 req-b8f162f9-7f13-412c-ad69-7c6382d94491 ] Request (MigrationsAdminTest:test_resize_server_revert_deleted_flavor): 200 GET http://10.180.1.21/compute/v2.1/servers/b9dba6fc-10bc-49d4-a7fd-6c099dcaadac 0.215s
2025-11-27 05:10:44.952 65720 INFO tempest.lib.common.rest_client [req-ed0eb902-6af6-4f88-a70b-0769be137fc0 req-ed0eb902-6af6-4f88-a70b-0769be137fc0 ] Request (ServerMetadataNegativeTestJSON:test_server_create_metadata_key_too_long): 400 POST http://10.180.1.21/compute/v2.1/servers 0.153s
2025-11-27 05:10:44.971 65695 INFO tempest.lib.common.rest_client [req-6c34a6bc-fecc-4e8d-afc9-1d1d602de8de req-6c34a6bc-fecc-4e8d-afc9-1d1d602de8de ] Request (ServerDiagnosticsV248Test:tearDownClass): 404 GET http://10.180.1.21/compute/v2.1/servers/66d94f61-e5c9-41f1-a6dc-5cefced021fb 0.171s
2025-11-27 05:10:44.983 65720 INFO tempest.lib.common.rest_client [req-d95ec3e6-0af5-4950-bafa-59736bdbea84 req-d95ec3e6-0af5-4950-bafa-59736bdbea84 ] Request (ServerMetadataNegativeTestJSON:test_server_create_metadata_key_too_long): 201 POST http://10.180.1.21/identity/v3/auth/tokens 0.027s
2025-11-27 05:10:44.983 65720 INFO tempest.lib.common.fixed_network [-] (ServerMetadataNegativeTestJSON:test_server_create_metadata_key_too_long) Found network {'id': 'a0c0ccaf-0f75-4bc2-970e-9abb4b0106ef', 'name': 'tempest-ServerMetadataNegativeTestJSON-914865055-network', 'tenant_id': '3ce8c215cca34773a6bd1ecb89363f6c', 'project_id': '3ce8c215cca34773a6bd1ecb89363f6c', 'admin_state_up': True, 'mtu': 8950, 'status': 'ACTIVE', 'subnets': [], 'shared': False, 'port_security_enabled': True, 'router:external': False, 'provider:network_type': 'vlan', 'provider:physical_network': 'default', 'provider:segmentation_id': 305, 'availability_zone_hints': [], 'availability_zones': [], 'ipv4_address_scope': None, 'ipv6_address_scope': None, 'description': '', 'tags': [], 'created_at': '2025-11-27T05:09:38Z', 'updated_at': '2025-11-27T05:09:38Z', 'revision_number': 1} available for tenant
2025-11-27 05:10:45.004 65727 INFO tempest.lib.common.rest_client [req-859b21b8-2c14-478c-98c8-ed2d3b2651b5 req-859b21b8-2c14-478c-98c8-ed2d3b2651b5 ] Request (ServersListShow2100Test:tearDownClass): 200 GET http://10.180.1.21/compute/v2.1/servers/f5c989d4-097d-4ca0-b047-1fba02b35f6c 0.263s
2025-11-27 05:10:45.011 65705 INFO tempest.lib.common.rest_client [req-c99b9d6a-3239-44e1-a4c3-b085f90a3b48 req-c99b9d6a-3239-44e1-a4c3-b085f90a3b48 ] Request (ListImageFiltersTestJSON:test_list_images_with_detail_filter_by_server_ref): 200 GET http://10.180.1.21/compute/v2.1/images/detail?server=http%3A%2F%2F10.180.1.21%2Fcompute%2Fservers%2F2e14e82e-35bc-4b2c-ad1c-ce0891943daa 0.204s
2025-11-27 05:10:45.083 65703 INFO tempest.lib.common.rest_client [req-c8c8e0b6-37bd-4c87-8392-0bb5b5ffbc45 req-c8c8e0b6-37bd-4c87-8392-0bb5b5ffbc45 ] Request (InstanceActionsNegativeTestJSON:setUpClass): 200 GET http://10.180.1.21/compute/v2.1/servers/168f1f3f-f2ac-4e72-aa73-7f3310e438d8 0.181s
2025-11-27 05:10:45.093 65715 INFO tempest.lib.common.rest_client [req-238f2243-4404-4e27-a891-18e9f10e056d req-238f2243-4404-4e27-a891-18e9f10e056d ] Request (ServersNegativeTestJSON:test_delete_non_existent_server): 404 DELETE http://10.180.1.21/compute/v2.1/servers/9bc4a4f4-cc53-4c97-926a-1866c0b8ddb7 0.147s
2025-11-27 05:10:45.131 65695 INFO tempest.lib.common.rest_client [req-3e7d10fc-1ae8-4434-8db4-c40a246f5f9c req-3e7d10fc-1ae8-4434-8db4-c40a246f5f9c ] Request (ServerDiagnosticsV248Test:tearDownClass): 204 DELETE http://10.180.1.21/identity/v3/users/726019539c84475a997a16d499b56ec9 0.158s
2025-11-27 05:10:45.167 65717 INFO tempest.lib.common.rest_client [req-b677c779-24d3-4b99-8caf-6703a423cf62 req-b677c779-24d3-4b99-8caf-6703a423cf62 ] Request (ServersAdminTestJSON:test_inject_network_info): 200 GET http://10.180.1.21/compute/v2.1/servers/71450c30-2cf0-4171-9a17-8cfb36efdd33 0.319s
2025-11-27 05:10:45.175 65720 INFO tempest.lib.common.rest_client [req-2bfeb4f1-34c6-4c77-aa9e-9950335c2910 req-2bfeb4f1-34c6-4c77-aa9e-9950335c2910 ] Request (ServerMetadataNegativeTestJSON:test_server_create_metadata_key_too_long): 400 POST http://10.180.1.21/compute/v2.1/servers 0.191s
2025-11-27 05:10:45.191 65699 INFO tempest.lib.common.rest_client [req-4c8415b0-ef6c-4455-af16-575d1154282b req-4c8415b0-ef6c-4455-af16-575d1154282b ] Request (ServersAdmin275Test:test_rebuild_update_server_275): 200 GET http://10.180.1.21/compute/v2.1/servers/446e8963-7919-4316-a06c-1a18ff32a0a4 0.229s
2025-11-27 05:10:45.270 65705 INFO tempest.lib.common.rest_client [req-093c10ef-7ff0-4fc8-bf0f-74b9113cff15 req-093c10ef-7ff0-4fc8-bf0f-74b9113cff15 ] Request (ListImageFiltersTestJSON:test_list_images_with_detail_filter_by_status): 200 GET http://10.180.1.21/compute/v2.1/images/detail?status=ACTIVE 0.254s
2025-11-27 05:10:45.292 65695 INFO tempest.lib.common.rest_client [req-2a6d8635-6c7b-4ea3-8c47-20cd453c2533 req-2a6d8635-6c7b-4ea3-8c47-20cd453c2533 ] Request (ServerDiagnosticsV248Test:tearDownClass): 204 DELETE http://10.180.1.21/identity/v3/users/163f25d5b70c4ed1a9109859afadfb80 0.160s
2025-11-27 05:10:45.292 65695 INFO tempest.lib.common.dynamic_creds [-] Deleting project and security group for project: 19b015042af94ff587f07f2e5f1d50e9
2025-11-27 05:10:45.316 65721 INFO tempest.lib.common.rest_client [req-f2686c30-b5b5-4a09-85b6-4fed2cade004 req-f2686c30-b5b5-4a09-85b6-4fed2cade004 ] Request (ImagesTestJSON:test_create_server_from_snapshot): 200 GET http://10.180.1.21/compute/v2.1/servers/cbd3a38c-cf88-4572-8b2f-d4cc940b0a46 0.312s
2025-11-27 05:10:45.337 65749 INFO tempest.lib.common.rest_client [req-6e124326-18d2-4ce5-90a8-d139a90e3f56 req-6e124326-18d2-4ce5-90a8-d139a90e3f56 ] Request (SecurityGroupsTestJSON:test_server_security_groups): 200 GET http://10.180.1.21/compute/v2.1/servers/48d9c793-92a3-40e0-9bff-6f263dcb504d 0.282s
2025-11-27 05:10:45.383 65695 INFO tempest.lib.common.rest_client [req-f2689436-5d77-43c5-ab34-dfe8fcf4f9ec req-f2689436-5d77-43c5-ab34-dfe8fcf4f9ec ] Request (ServerDiagnosticsV248Test:tearDownClass): 201 POST http://10.180.1.21/identity/v3/auth/tokens 0.091s
2025-11-27 05:10:45.461 65713 INFO tempest.lib.common.rest_client [req-5524d205-fe00-4a4c-884e-fd31d7796cac req-5524d205-fe00-4a4c-884e-fd31d7796cac ] Request (ServerActionsTestOtherA:test_rebuild_server_in_stop_state): 200 GET http://10.180.1.21/compute/v2.1/servers/c5eef0a3-6fb9-4f12-a185-ada72f3d6ff9 0.357s
2025-11-27 05:10:45.486 65715 INFO tempest.lib.common.rest_client [req-c3d43cdf-a171-4311-ab2d-5ca9ddde1b3a req-c3d43cdf-a171-4311-ab2d-5ca9ddde1b3a ] Request (ServersNegativeTestJSON:tearDown): 200 GET http://10.180.1.21/compute/v2.1/servers/bee241c2-8a06-4245-a9a2-7253352d7ac6 0.392s
2025-11-27 05:10:45.495 65720 INFO tempest.lib.common.rest_client [req-061187ba-162e-41cf-8aa4-5926f6262ed3 req-061187ba-162e-41cf-8aa4-5926f6262ed3 ] Request (ServerMetadataNegativeTestJSON:test_server_metadata_non_existent_server): 404 GET http://10.180.1.21/compute/v2.1/servers/4129e692-b594-41f2-8c31-4428bcaa2d84/metadata/test2 0.319s
2025-11-27 05:10:45.515 65729 INFO tempest.lib.common.rest_client [req-98ef3e22-c1da-4a37-a0c1-acc4e4f70ad9 req-98ef3e22-c1da-4a37-a0c1-acc4e4f70ad9 ] Request (AttachInterfacesV270Test:test_create_get_list_interfaces): 200 GET http://10.180.1.21/compute/v2.1/servers/39117810-c037-4b87-94b7-b8960e57356f 0.389s
2025-11-27 05:10:45.572 65705 INFO tempest.lib.common.rest_client [req-e2756c89-6172-451c-b502-174b646f8284 req-e2756c89-6172-451c-b502-174b646f8284 ] Request (ListImageFiltersTestJSON:test_list_images_with_detail_filter_by_type): 200 GET http://10.180.1.21/compute/v2.1/images/detail?type=snapshot 0.294s
2025-11-27 05:10:45.625 65695 INFO tempest.lib.common.rest_client [req-085517d5-4f4c-4b7a-b76b-db19b947f876 req-085517d5-4f4c-4b7a-b76b-db19b947f876 ] Request (ServerDiagnosticsV248Test:tearDownClass): 200 GET http://10.180.1.21/networking/v2.0/security-groups?tenant_id=19b015042af94ff587f07f2e5f1d50e9&name=default 0.241s
2025-11-27 05:10:45.639 65701 INFO tempest.lib.common.rest_client [req-207978ff-a217-4b9b-bebc-fba062da6a67 req-207978ff-a217-4b9b-bebc-fba062da6a67 ] Request (ServerActionsTestOtherB:test_resize_server_confirm_from_stopped): 200 GET http://10.180.1.21/compute/v2.1/servers/c2a6e174-6bb4-4608-9415-a1b781620b97 0.424s
2025-11-27 05:10:45.648 65747 INFO tempest.lib.common.rest_client [req-0dd8d66f-c0d2-4ba6-846f-55f387a4aadf req-0dd8d66f-c0d2-4ba6-846f-55f387a4aadf ] Request (ServersNegativeTestMultiTenantJSON:tearDownClass): 200 GET http://10.180.1.21/compute/v2.1/servers/6ee0c12d-b443-419a-a469-cf691e170d84 0.304s
2025-11-27 05:10:45.724 65695 INFO tempest.lib.common.rest_client [req-02208f53-cd26-4870-bde3-3d221091bace req-02208f53-cd26-4870-bde3-3d221091bace ] Request (ServerDiagnosticsV248Test:tearDownClass): 204 DELETE http://10.180.1.21/networking/v2.0/security-groups/1b625ecc-d651-4973-8f98-55b6286a5501 0.099s
2025-11-27 05:10:45.747 65745 INFO tempest.lib.common.rest_client [req-7f820bfd-a60b-49d7-9a42-2a5e0dfc3917 req-7f820bfd-a60b-49d7-9a42-2a5e0dfc3917 ] Request (FloatingIPsAssociationNegativeTestJSON:setUpClass): 200 GET http://10.180.1.21/compute/v2.1/servers/7ba7b3f1-03f6-4dc9-965b-182ecc765466 0.376s
2025-11-27 05:10:45.818 65695 INFO tempest.lib.common.rest_client [req-f59dcb1a-6e63-48d4-a57f-36c4e165f36e req-f59dcb1a-6e63-48d4-a57f-36c4e165f36e ] Request (ServerDiagnosticsV248Test:tearDownClass): 204 DELETE http://10.180.1.21/identity/v3/projects/19b015042af94ff587f07f2e5f1d50e9 0.093s
2025-11-27 05:10:45.818 65695 INFO tempest.lib.common.dynamic_creds [-] Deleting project and security group for project: 363eca29b5ac403d83d91b4b271ec66e
2025-11-27 05:10:45.901 65737 INFO tempest.lib.common.rest_client [req-7ce10272-a1e4-42f9-a05b-2cc08ef6d83b req-7ce10272-a1e4-42f9-a05b-2cc08ef6d83b ] Request (AttachInterfacesTestJSON:test_create_list_show_delete_interfaces_by_fixed_ip): 200 GET http://10.180.1.21/compute/v2.1/servers/98970067-ead7-4ea9-84ad-9e1c7717884a/os-interface 0.433s
2025-11-27 05:10:45.955 65755 INFO tempest.lib.common.rest_client [req-33a20c0c-9644-4bc0-b51d-56eb776af559 req-33a20c0c-9644-4bc0-b51d-56eb776af559 ] Request (InstanceActionsV221TestJSON:test_get_list_deleted_instance_actions): 200 GET http://10.180.1.21/compute/v2.1/servers/01c5b38c-5048-4434-a227-1eff54ba6873 0.547s
2025-11-27 05:10:45.962 65695 INFO tempest.lib.common.rest_client [req-e8095ea0-1565-4cfb-8e9f-e948d6afd746 req-e8095ea0-1565-4cfb-8e9f-e948d6afd746 ] Request (ServerDiagnosticsV248Test:tearDownClass): 200 GET http://10.180.1.21/networking/v2.0/security-groups?tenant_id=363eca29b5ac403d83d91b4b271ec66e&name=default 0.144s
2025-11-27 05:10:45.980 65720 INFO tempest.lib.common.rest_client [req-62e7e633-87af-47ac-bf0e-a00e140686a9 req-62e7e633-87af-47ac-bf0e-a00e140686a9 ] Request (ServerMetadataNegativeTestJSON:test_set_metadata_invalid_key): 400 PUT http://10.180.1.21/compute/v2.1/servers/ed8c4fb5-4dbe-4515-af18-ecc120e6cb44/metadata/key 0.483s
2025-11-27 05:10:46.019 65715 INFO tempest.lib.common.rest_client [req-82a5f4c6-744c-4ba4-b156-0127efa62169 req-82a5f4c6-744c-4ba4-b156-0127efa62169 ] Request (ServersNegativeTestJSON:setUp): 200 GET http://10.180.1.21/compute/v2.1/servers/bee241c2-8a06-4245-a9a2-7253352d7ac6 0.525s
2025-11-27 05:10:46.038 65697 INFO tempest.lib.common.rest_client [req-cfe53368-023e-4f37-92a3-5925b9322ef2 req-cfe53368-023e-4f37-92a3-5925b9322ef2 ] Request (DeleteServersTestJSON:test_delete_server_while_in_attached_volume): 200 GET http://10.180.1.21/compute/v2.1/servers/0d0f28a9-9391-4dc6-864c-0d2239d76a31 0.502s
2025-11-27 05:10:46.051 65695 INFO tempest.lib.common.rest_client [req-e6b49e39-e18d-43bd-8366-4ccb6ca7a4a3 req-e6b49e39-e18d-43bd-8366-4ccb6ca7a4a3 ] Request (ServerDiagnosticsV248Test:tearDownClass): 204 DELETE http://10.180.1.21/networking/v2.0/security-groups/89a0681d-2979-49c9-bdfd-b811276df0cb 0.088s
2025-11-27 05:10:46.059 65705 INFO tempest.lib.common.rest_client [req-a71a89bc-2d95-4e9b-811b-3105e1c36efd req-a71a89bc-2d95-4e9b-811b-3105e1c36efd ] Request (ListImageFiltersTestJSON:test_list_images_with_detail_filter_by_type): 200 GET http://10.180.1.21/compute/v2.1/images/ab14e5bf-38e9-4d05-825e-47d30bab72bd 0.481s
2025-11-27 05:10:46.088 65711 INFO tempest.lib.common.rest_client [req-83d508a5-3147-4215-9e0e-04527ed4cbe2 req-83d508a5-3147-4215-9e0e-04527ed4cbe2 ] Request (ServersAdminNegativeTestJSON:test_migrate_server_invalid_state): 200 GET http://10.180.1.21/compute/v2.1/servers/ff073319-666d-4c85-b88a-91f7f1f7979b 0.492s
2025-11-27 05:10:46.119 65743 INFO tempest.lib.common.rest_client [req-413a768b-394c-436c-8427-b80c9ba579ab req-413a768b-394c-436c-8427-b80c9ba579ab ] Request (FloatingIPsAssociationTestJSON:tearDownClass): 200 GET http://10.180.1.21/compute/v2.1/servers/2a07b983-c662-4bc9-9fc9-dbb4f1705c08 0.493s
2025-11-27 05:10:46.141 65725 INFO tempest.lib.common.rest_client [req-eb2bde79-8c29-4476-93d2-923ded5923c9 req-eb2bde79-8c29-4476-93d2-923ded5923c9 ] Request (ServersAaction247Test:test_create_backup): 200 GET http://10.180.1.21/compute/v2.1/servers/6ee2e726-1745-4a1f-8bbe-d0dd401accf5 0.444s
2025-11-27 05:10:46.146 65695 INFO tempest.lib.common.rest_client [req-f9dd2de2-b64c-4216-b322-2975ae9cf08e req-f9dd2de2-b64c-4216-b322-2975ae9cf08e ] Request (ServerDiagnosticsV248Test:tearDownClass): 204 DELETE http://10.180.1.21/identity/v3/projects/363eca29b5ac403d83d91b4b271ec66e 0.094s
2025-11-27 05:10:46.172 65709 INFO tempest.lib.common.rest_client [req-7dfd5841-0685-491d-9a7f-1502bc3c9c1d req-7dfd5841-0685-491d-9a7f-1502bc3c9c1d ] Request (ServerDiskConfigTestJSON:test_rebuild_server_with_manual_disk_config): 200 GET http://10.180.1.21/compute/v2.1/servers/aad1453a-9e7a-4a22-801b-1bb86b1acb97 0.406s
2025-11-27 05:10:46.177 65735 WARNING tempest.lib.common.ssh [-] Failed to establish authenticated ssh connection to cirros@10.180.180.143 ([Errno None] Unable to connect to port 22 on 10.180.180.143). Number attempts: 1. Retry after 2 seconds.: paramiko.ssh_exception.NoValidConnectionsError: [Errno None] Unable to connect to port 22 on 10.180.180.143
2025-11-27 05:10:46.198 65757 INFO tempest.lib.common.rest_client [req-90e3d503-013f-4d5a-a815-d8449e4deac9 req-90e3d503-013f-4d5a-a815-d8449e4deac9 ] Request (ImagesOneServerTestJSON:tearDownClass): 200 GET http://10.180.1.21/compute/v2.1/servers/d5371421-6fae-4329-99cf-8a9ea1cc11ff 0.404s
2025-11-27 05:10:46.206 65695 INFO tempest.lib.common.rest_client [req-acf39a0c-2f2f-4f32-b63a-01655f0de35b req-acf39a0c-2f2f-4f32-b63a-01655f0de35b ] Request (ServerExternalEventsTest:setUpClass): 201 POST http://10.180.1.21/identity/v3/auth/tokens 0.059s
2025-11-27 05:10:46.225 65723 INFO tempest.lib.common.rest_client [req-39fd45f0-dae2-4eec-ad12-1cf044c378b6 req-39fd45f0-dae2-4eec-ad12-1cf044c378b6 ] Request (ServerRescueTestJSON:test_rescue_unrescue_instance): 200 GET http://10.180.1.21/compute/v2.1/servers/50700607-4f15-4e5b-81c3-23368b6afcfe 0.381s
2025-11-27 05:10:46.245 65695 INFO tempest.lib.common.rest_client [req-cfd164e9-1b52-42a8-b084-55be0e956b25 req-cfd164e9-1b52-42a8-b084-55be0e956b25 ] Request (ServerExternalEventsTest:setUpClass): 201 POST http://10.180.1.21/identity/v3/auth/tokens 0.036s
2025-11-27 05:10:46.254 65731 INFO tempest.lib.common.rest_client [req-de9b738b-56cb-4214-ad85-52e6dd0dbc15 req-de9b738b-56cb-4214-ad85-52e6dd0dbc15 ] Request (ImagesOneServerNegativeTestJSON:setUpClass): 200 GET http://10.180.1.21/compute/v2.1/servers/fc28829c-021d-4920-8c1b-2a11abb95024 0.395s
2025-11-27 05:10:46.266 65720 INFO tempest.lib.common.rest_client [req-240214c9-8e32-46e4-99de-d2a251a27776 req-240214c9-8e32-46e4-99de-d2a251a27776 ] Request (ServerMetadataNegativeTestJSON:test_set_metadata_non_existent_server): 404 PUT http://10.180.1.21/compute/v2.1/servers/edde2c77-1ee1-453b-89de-5c7e846eb9f4/metadata 0.285s
2025-11-27 05:10:46.274 65695 INFO tempest.lib.common.rest_client [req-dfe7f398-a164-4b24-a3fc-38e418b725a6 req-dfe7f398-a164-4b24-a3fc-38e418b725a6 ] Request (ServerExternalEventsTest:setUpClass): 200 GET http://10.180.1.21/identity/v3/domains?name=Default 0.028s
2025-11-27 05:10:46.306 65695 INFO tempest.lib.common.rest_client [req-38877b0d-d9ad-4976-82a9-e21582a8560c req-38877b0d-d9ad-4976-82a9-e21582a8560c ] Request (ServerExternalEventsTest:setUpClass): 201 POST http://10.180.1.21/identity/v3/projects 0.031s
2025-11-27 05:10:46.332 65727 INFO tempest.lib.common.rest_client [req-7d92ebc9-053c-4ede-8ebf-325a50b33228 req-7d92ebc9-053c-4ede-8ebf-325a50b33228 ] Request (ServersListShow2100Test:tearDownClass): 200 GET http://10.180.1.21/compute/v2.1/servers/f5c989d4-097d-4ca0-b047-1fba02b35f6c 0.316s
2025-11-27 05:10:46.334 65733 INFO tempest.lib.common.rest_client [req-cf9b741e-76db-4a4b-9cc5-2290644f58d3 req-cf9b741e-76db-4a4b-9cc5-2290644f58d3 ] Request (MigrationsAdminTest:test_resize_server_revert_deleted_flavor): 200 GET http://10.180.1.21/compute/v2.1/servers/b9dba6fc-10bc-49d4-a7fd-6c099dcaadac 0.379s
2025-11-27 05:10:46.337 65715 INFO tempest.lib.common.rest_client [req-af372c8f-4533-4afb-b690-6166384deb79 req-af372c8f-4533-4afb-b690-6166384deb79 ] Request (ServersNegativeTestJSON:test_delete_server_pass_id_exceeding_length_limit): 404 DELETE http://10.180.1.21/compute/v2.1/servers/9223372036854775808 0.310s
2025-11-27 05:10:46.381 65695 INFO tempest.lib.common.rest_client [req-268088f1-b723-4727-a099-e31da8d8185d req-268088f1-b723-4727-a099-e31da8d8185d ] Request (ServerExternalEventsTest:setUpClass): 201 POST http://10.180.1.21/identity/v3/users 0.074s
2025-11-27 05:10:46.389 65705 INFO tempest.lib.common.rest_client [req-103e9945-83a9-4c83-8faf-f54336d4d293 req-103e9945-83a9-4c83-8faf-f54336d4d293 ] Request (ListImageFiltersTestJSON:test_list_images_with_detail_limit_results): 200 GET http://10.180.1.21/compute/v2.1/images/detail?limit=1 0.326s
2025-11-27 05:10:46.403 65695 INFO tempest.lib.common.rest_client [req-db67a164-b75e-4b2b-9a7e-5e164f6ef73f req-db67a164-b75e-4b2b-9a7e-5e164f6ef73f ] Request (ServerExternalEventsTest:setUpClass): 200 GET http://10.180.1.21/identity/v3/roles 0.022s
2025-11-27 05:10:46.406 65703 INFO tempest.lib.common.rest_client [req-d87544b9-b505-4382-aebb-60a2b3b62d8f req-d87544b9-b505-4382-aebb-60a2b3b62d8f ] Request (InstanceActionsNegativeTestJSON:setUpClass): 200 GET http://10.180.1.21/compute/v2.1/servers/168f1f3f-f2ac-4e72-aa73-7f3310e438d8 0.313s
2025-11-27 05:10:46.453 65695 INFO tempest.lib.common.rest_client [req-e2d249bd-647b-4e34-bc0a-7438dc959a60 req-e2d249bd-647b-4e34-bc0a-7438dc959a60 ] Request (ServerExternalEventsTest:setUpClass): 204 PUT http://10.180.1.21/identity/v3/projects/7d3434197e554b578f9e3193a5d251ce/users/17a872db2b6d4d7db4d7dafe5fa501ac/roles/276902d10e684c22b9b1091da0fc2186 0.049s
2025-11-27 05:10:46.454 65695 INFO tempest.lib.common.dynamic_creds [-] Dynamic test user 17a872db2b6d4d7db4d7dafe5fa501ac is created with scope project and roles: ['member']
2025-11-27 05:10:46.455 65695 INFO tempest.lib.common.dynamic_creds [-] Acquired dynamic creds: credentials: Credentials: {'domain_id': 'default', 'domain_name': 'Default', 'username': 'tempest-ServerExternalEventsTest-899198155-project-member', 'project_domain_id': 'default', 'project_domain_name': 'Default', 'project_id': '7d3434197e554b578f9e3193a5d251ce', 'project_name': 'tempest-ServerExternalEventsTest-899198155', 'tenant_id': '7d3434197e554b578f9e3193a5d251ce', 'tenant_name': 'tempest-ServerExternalEventsTest-899198155', 'user_domain_id': 'default', 'user_domain_name': 'Default', 'user_id': '17a872db2b6d4d7db4d7dafe5fa501ac', 'system': None}, Network: None, Subnet: None, Router: None
2025-11-27 05:10:46.455 65695 INFO tempest.lib.common.dynamic_creds [-] Created isolated network resources for: credentials: Credentials: {'domain_id': 'default', 'domain_name': 'Default', 'username': 'tempest-ServerExternalEventsTest-899198155-project-member', 'project_domain_id': 'default', 'project_domain_name': 'Default', 'project_id': '7d3434197e554b578f9e3193a5d251ce', 'project_name': 'tempest-ServerExternalEventsTest-899198155', 'tenant_id': '7d3434197e554b578f9e3193a5d251ce', 'tenant_name': 'tempest-ServerExternalEventsTest-899198155', 'user_domain_id': 'default', 'user_domain_name': 'Default', 'user_id': '17a872db2b6d4d7db4d7dafe5fa501ac', 'system': None}, Network: None, Subnet: None, Router: None
2025-11-27 05:10:46.521 65699 INFO tempest.lib.common.rest_client [req-f4712452-f572-4d10-97c4-88378af35edd req-f4712452-f572-4d10-97c4-88378af35edd ] Request (ServersAdmin275Test:test_rebuild_update_server_275): 200 GET http://10.180.1.21/compute/v2.1/servers/446e8963-7919-4316-a06c-1a18ff32a0a4 0.317s
2025-11-27 05:10:46.530 65720 INFO tempest.lib.common.rest_client [req-f8048e24-e8a1-4555-9f4c-ea90d10ca86b req-f8048e24-e8a1-4555-9f4c-ea90d10ca86b ] Request (ServerMetadataNegativeTestJSON:test_set_server_metadata_blank_key): 400 PUT http://10.180.1.21/compute/v2.1/servers/ed8c4fb5-4dbe-4515-af18-ecc120e6cb44/metadata 0.262s
2025-11-27 05:10:46.546 65717 INFO tempest.lib.common.rest_client [req-4ea1c1c0-b250-41b3-a5e5-028388887e7a req-4ea1c1c0-b250-41b3-a5e5-028388887e7a ] Request (ServersAdminTestJSON:test_inject_network_info): 200 GET http://10.180.1.21/compute/v2.1/servers/71450c30-2cf0-4171-9a17-8cfb36efdd33 0.367s
2025-11-27 05:10:46.567 65695 INFO tempest.lib.common.rest_client [req-06d93fdc-95b2-4dfb-a058-c1b625d50baf req-06d93fdc-95b2-4dfb-a058-c1b625d50baf ] Request (ServerExternalEventsTest:setUpClass): 201 POST http://10.180.1.21/identity/v3/auth/tokens 0.106s
2025-11-27 05:10:46.627 65721 INFO tempest.lib.common.rest_client [req-0538e526-a182-484a-ad70-7890e13897f3 req-0538e526-a182-484a-ad70-7890e13897f3 ] Request (ImagesTestJSON:test_create_server_from_snapshot): 200 GET http://10.180.1.21/compute/v2.1/servers/cbd3a38c-cf88-4572-8b2f-d4cc940b0a46 0.300s
2025-11-27 05:10:46.680 65695 INFO tempest.lib.common.rest_client [req-8eb86fb2-e3f1-41fb-8d4e-68c891640ee7 req-8eb86fb2-e3f1-41fb-8d4e-68c891640ee7 ] Request (ServerExternalEventsTest:setUpClass): 201 POST http://10.180.1.21/identity/v3/projects 0.113s
2025-11-27 05:10:46.698 65715 INFO tempest.lib.common.rest_client [req-c85319fe-b59c-48d8-a21d-3ed9b88527dd req-c85319fe-b59c-48d8-a21d-3ed9b88527dd ] Request (ServersNegativeTestJSON:tearDown): 200 GET http://10.180.1.21/compute/v2.1/servers/bee241c2-8a06-4245-a9a2-7253352d7ac6 0.360s
2025-11-27 05:10:46.715 65749 INFO tempest.lib.common.rest_client [req-bf1c40e5-2bda-41e9-9669-7b52df028dec req-bf1c40e5-2bda-41e9-9669-7b52df028dec ] Request (SecurityGroupsTestJSON:test_server_security_groups): 200 GET http://10.180.1.21/compute/v2.1/servers/48d9c793-92a3-40e0-9bff-6f263dcb504d 0.362s
2025-11-27 05:10:46.760 65695 INFO tempest.lib.common.rest_client [req-448a751a-8689-44c5-8b24-1c6980d46e75 req-448a751a-8689-44c5-8b24-1c6980d46e75 ] Request (ServerExternalEventsTest:setUpClass): 201 POST http://10.180.1.21/identity/v3/users 0.079s
2025-11-27 05:10:46.788 65695 INFO tempest.lib.common.rest_client [req-fdc4566b-9e9d-4668-8052-ef20b9511b58 req-fdc4566b-9e9d-4668-8052-ef20b9511b58 ] Request (ServerExternalEventsTest:setUpClass): 200 GET http://10.180.1.21/identity/v3/roles 0.027s
2025-11-27 05:10:46.792 65713 INFO tempest.lib.common.rest_client [req-daba1d80-6a70-434b-a9ed-5fa67fe28da5 req-daba1d80-6a70-434b-a9ed-5fa67fe28da5 ] Request (ServerActionsTestOtherA:test_rebuild_server_in_stop_state): 200 GET http://10.180.1.21/compute/v2.1/servers/c5eef0a3-6fb9-4f12-a185-ada72f3d6ff9 0.322s
2025-11-27 05:10:46.818 65705 INFO tempest.lib.common.rest_client [req-405a3359-9745-4b29-bd9e-0309b84c32f0 req-405a3359-9745-4b29-bd9e-0309b84c32f0 ] Request (ListImageFiltersTestJSON:tearDownClass): 204 DELETE http://10.180.1.21/compute/v2.1/images/b3ce5dcb-89b7-4f99-89c0-e619ef10d417 0.423s
2025-11-27 05:10:46.824 65720 INFO tempest.lib.common.rest_client [req-eb39a40a-6faf-487f-96b9-63a1d8d0a44d req-eb39a40a-6faf-487f-96b9-63a1d8d0a44d ] Request (ServerMetadataNegativeTestJSON:test_set_server_metadata_missing_metadata): 400 PUT http://10.180.1.21/compute/v2.1/servers/ed8c4fb5-4dbe-4515-af18-ecc120e6cb44/metadata 0.292s
2025-11-27 05:10:46.834 65695 INFO tempest.lib.common.rest_client [req-dfc18793-104a-45e7-b6f1-335b8ffd121a req-dfc18793-104a-45e7-b6f1-335b8ffd121a ] Request (ServerExternalEventsTest:setUpClass): 204 PUT http://10.180.1.21/identity/v3/projects/e4646ede259a4f29a3cfefcbc132fb20/users/d377f719c6bd4cc7aa3ae3e8c224e0b1/roles/866def929ff84ad1972c6205ffde910d 0.045s
2025-11-27 05:10:46.847 65729 INFO tempest.lib.common.rest_client [req-3e4c3d5c-f3c7-48ff-a2cb-dfed9a1e1a03 req-3e4c3d5c-f3c7-48ff-a2cb-dfed9a1e1a03 ] Request (AttachInterfacesV270Test:test_create_get_list_interfaces): 200 GET http://10.180.1.21/compute/v2.1/servers/39117810-c037-4b87-94b7-b8960e57356f 0.321s
2025-11-27 05:10:46.889 65695 INFO tempest.lib.common.rest_client [req-4c4d4fc3-a87e-4aff-bfe6-1d663c876d82 req-4c4d4fc3-a87e-4aff-bfe6-1d663c876d82 ] Request (ServerExternalEventsTest:setUpClass): 200 GET http://10.180.1.21/identity/v3/roles 0.055s
2025-11-27 05:10:46.909 65747 INFO tempest.lib.common.rest_client [req-3eea6d10-9a63-45d4-8c89-9f4dbad80edd req-3eea6d10-9a63-45d4-8c89-9f4dbad80edd ] Request (ServersNegativeTestMultiTenantJSON:tearDownClass): 200 GET http://10.180.1.21/compute/v2.1/servers/6ee0c12d-b443-419a-a469-cf691e170d84 0.254s
2025-11-27 05:10:46.912 65695 INFO tempest.lib.common.rest_client [req-324e86bd-a6cf-4f3f-a595-6026cc82821c req-324e86bd-a6cf-4f3f-a595-6026cc82821c ] Request (ServerExternalEventsTest:setUpClass): 204 PUT http://10.180.1.21/identity/v3/projects/e4646ede259a4f29a3cfefcbc132fb20/users/d377f719c6bd4cc7aa3ae3e8c224e0b1/roles/866def929ff84ad1972c6205ffde910d 0.022s
2025-11-27 05:10:46.913 65695 INFO tempest.lib.common.dynamic_creds [-] Dynamic test user d377f719c6bd4cc7aa3ae3e8c224e0b1 is created with scope project and roles: ['admin']
2025-11-27 05:10:46.913 65695 INFO tempest.lib.common.dynamic_creds [-] Acquired dynamic creds: credentials: Credentials: {'domain_id': 'default', 'domain_name': 'Default', 'username': 'tempest-ServerExternalEventsTest-749749317-project-admin', 'project_domain_id': 'default', 'project_domain_name': 'Default', 'project_id': 'e4646ede259a4f29a3cfefcbc132fb20', 'project_name': 'tempest-ServerExternalEventsTest-749749317', 'tenant_id': 'e4646ede259a4f29a3cfefcbc132fb20', 'tenant_name': 'tempest-ServerExternalEventsTest-749749317', 'user_domain_id': 'default', 'user_domain_name': 'Default', 'user_id': 'd377f719c6bd4cc7aa3ae3e8c224e0b1', 'system': None}, Network: None, Subnet: None, Router: None
2025-11-27 05:10:46.913 65695 INFO tempest.lib.common.dynamic_creds [-] Created isolated network resources for: credentials: Credentials: {'domain_id': 'default', 'domain_name': 'Default', 'username': 'tempest-ServerExternalEventsTest-749749317-project-admin', 'project_domain_id': 'default', 'project_domain_name': 'Default', 'project_id': 'e4646ede259a4f29a3cfefcbc132fb20', 'project_name': 'tempest-ServerExternalEventsTest-749749317', 'tenant_id': 'e4646ede259a4f29a3cfefcbc132fb20', 'tenant_name': 'tempest-ServerExternalEventsTest-749749317', 'user_domain_id': 'default', 'user_domain_name': 'Default', 'user_id': 'd377f719c6bd4cc7aa3ae3e8c224e0b1', 'system': None}, Network: None, Subnet: None, Router: None
2025-11-27 05:10:46.950 65701 INFO tempest.lib.common.rest_client [req-b322bdbe-3aa4-433c-b278-3506a0b32987 req-b322bdbe-3aa4-433c-b278-3506a0b32987 ] Request (ServerActionsTestOtherB:test_resize_server_confirm_from_stopped): 200 GET http://10.180.1.21/compute/v2.1/servers/c2a6e174-6bb4-4608-9415-a1b781620b97 0.303s
2025-11-27 05:10:46.959 65701 INFO tempest.common.waiters [-] State transition "ACTIVE/powering-off" ==> "SHUTOFF/None" after 2 second wait
2025-11-27 05:10:46.993 65695 INFO tempest.lib.common.rest_client [req-ae5a111e-3fa3-4554-92f2-70e6ef23f664 req-ae5a111e-3fa3-4554-92f2-70e6ef23f664 ] Request (ServerExternalEventsTest:setUpClass): 201 POST http://10.180.1.21/identity/v3/auth/tokens 0.078s
2025-11-27 05:10:47.012 65715 INFO tempest.lib.common.rest_client [req-1ee6071c-17a0-41fb-a649-90c9504f711f req-1ee6071c-17a0-41fb-a649-90c9504f711f ] Request (ServersNegativeTestJSON:setUp): 200 GET http://10.180.1.21/compute/v2.1/servers/bee241c2-8a06-4245-a9a2-7253352d7ac6 0.304s
2025-11-27 05:10:47.052 65745 INFO tempest.lib.common.rest_client [req-46247e6c-fc71-4ff8-8270-0f6921402edf req-46247e6c-fc71-4ff8-8270-0f6921402edf ] Request (FloatingIPsAssociationNegativeTestJSON:setUpClass): 200 GET http://10.180.1.21/compute/v2.1/servers/7ba7b3f1-03f6-4dc9-965b-182ecc765466 0.295s
2025-11-27 05:10:47.060 65720 INFO tempest.lib.common.rest_client [req-21d7c949-21c2-43cd-91af-21b01978c57b req-21d7c949-21c2-43cd-91af-21b01978c57b ] Request (ServerMetadataNegativeTestJSON:test_update_metadata_non_existent_server): 404 POST http://10.180.1.21/compute/v2.1/servers/a4f1870f-0e31-456d-8a83-be70c64f6f2b/metadata 0.234s
2025-11-27 05:10:47.065 65695 INFO tempest.lib.common.rest_client [req-3aff507b-c69b-4d2f-859b-f4b406f36c81 req-3aff507b-c69b-4d2f-859b-f4b406f36c81 ] Request (ServerExternalEventsTest:setUpClass): 201 POST http://10.180.1.21/identity/v3/projects 0.070s
2025-11-27 05:10:47.105 65705 INFO tempest.lib.common.rest_client [req-4fa839e0-4ae5-472e-8227-39e4e79f6480 req-4fa839e0-4ae5-472e-8227-39e4e79f6480 ] Request (ListImageFiltersTestJSON:tearDownClass): 204 DELETE http://10.180.1.21/compute/v2.1/images/e52839de-9069-4b42-aad8-a2523bb028c1 0.285s
2025-11-27 05:10:47.121 65695 INFO tempest.lib.common.rest_client [req-ab86d689-c08a-47c8-a5fc-33017558c52c req-ab86d689-c08a-47c8-a5fc-33017558c52c ] Request (ServerExternalEventsTest:setUpClass): 201 POST http://10.180.1.21/identity/v3/users 0.056s
2025-11-27 05:10:47.129 65737 INFO tempest.lib.common.rest_client [req-5b76d52e-7734-4854-a061-9be52a09f2f1 req-5b76d52e-7734-4854-a061-9be52a09f2f1 ] Request (AttachInterfacesTestJSON:test_create_list_show_delete_interfaces_by_fixed_ip): 200 GET http://10.180.1.21/compute/v2.1/servers/98970067-ead7-4ea9-84ad-9e1c7717884a/os-interface 0.222s
2025-11-27 05:10:47.140 65695 INFO tempest.lib.common.rest_client [req-e307d755-7982-4980-9858-22fbf3b23575 req-e307d755-7982-4980-9858-22fbf3b23575 ] Request (ServerExternalEventsTest:setUpClass): 200 GET http://10.180.1.21/identity/v3/roles 0.019s
2025-11-27 05:10:47.169 65695 INFO tempest.lib.common.rest_client [req-49c6b6b4-380b-4dbe-a264-001e383a3d70 req-49c6b6b4-380b-4dbe-a264-001e383a3d70 ] Request (ServerExternalEventsTest:setUpClass): 204 PUT http://10.180.1.21/identity/v3/projects/7ca1a79f689041ad844086c0ef6ca802/users/7d176d27baae43b1b8a24df62665a7d8/roles/5bd015bc8cae476cb747a5e6f2db3774 0.028s
2025-11-27 05:10:47.189 65755 INFO tempest.lib.common.rest_client [req-f8405bad-7f4f-45f9-89f6-16f44bfa7d08 req-f8405bad-7f4f-45f9-89f6-16f44bfa7d08 ] Request (InstanceActionsV221TestJSON:test_get_list_deleted_instance_actions): 200 GET http://10.180.1.21/compute/v2.1/servers/01c5b38c-5048-4434-a227-1eff54ba6873 0.221s
2025-11-27 05:10:47.193 65715 INFO tempest.lib.common.rest_client [req-acc8acf0-a3f4-49b1-b0fe-e785669bbf84 req-acc8acf0-a3f4-49b1-b0fe-e785669bbf84 ] Request (ServersNegativeTestJSON:test_delete_server_pass_negative_id): 404 DELETE http://10.180.1.21/compute/v2.1/servers/-1 0.173s
2025-11-27 05:10:47.223 65695 INFO tempest.lib.common.rest_client [req-de55157f-21d7-45b3-9fe7-92bb29cec5b5 req-de55157f-21d7-45b3-9fe7-92bb29cec5b5 ] Request (ServerExternalEventsTest:setUpClass): 200 GET http://10.180.1.21/identity/v3/roles 0.053s
2025-11-27 05:10:47.230 65701 INFO tempest.lib.common.rest_client [req-04154421-e2f0-4f15-b159-0ad13225938e req-04154421-e2f0-4f15-b159-0ad13225938e ] Request (ServerActionsTestOtherB:test_resize_server_confirm_from_stopped): 202 POST http://10.180.1.21/compute/v2.1/servers/c2a6e174-6bb4-4608-9415-a1b781620b97/action 0.270s
2025-11-27 05:10:47.236 65720 INFO tempest.lib.common.rest_client [req-77fb4b9c-79ac-4400-b0af-05cc3088a6c1 req-77fb4b9c-79ac-4400-b0af-05cc3088a6c1 ] Request (ServerMetadataNegativeTestJSON:test_update_metadata_with_blank_key): 400 POST http://10.180.1.21/compute/v2.1/servers/ed8c4fb5-4dbe-4515-af18-ecc120e6cb44/metadata 0.174s
2025-11-27 05:10:47.246 65697 INFO tempest.lib.common.rest_client [req-292b6f40-3a42-4cbb-b3c5-4e7dd25764bf req-292b6f40-3a42-4cbb-b3c5-4e7dd25764bf ] Request (DeleteServersTestJSON:test_delete_server_while_in_attached_volume): 200 GET http://10.180.1.21/compute/v2.1/servers/0d0f28a9-9391-4dc6-864c-0d2239d76a31 0.200s
2025-11-27 05:10:47.255 65695 INFO tempest.lib.common.rest_client [req-e8949a44-6e2b-4570-a735-e9b65b58cc02 req-e8949a44-6e2b-4570-a735-e9b65b58cc02 ] Request (ServerExternalEventsTest:setUpClass): 204 PUT http://10.180.1.21/identity/v3/projects/7ca1a79f689041ad844086c0ef6ca802/users/7d176d27baae43b1b8a24df62665a7d8/roles/866def929ff84ad1972c6205ffde910d 0.031s
2025-11-27 05:10:47.255 65695 INFO tempest.lib.common.dynamic_creds [-] Dynamic test user 7d176d27baae43b1b8a24df62665a7d8 is created with scope project and roles: ['service', 'admin']
2025-11-27 05:10:47.255 65695 INFO tempest.lib.common.dynamic_creds [-] Acquired dynamic creds: credentials: Credentials: {'domain_id': 'default', 'domain_name': 'Default', 'username': 'tempest-ServerExternalEventsTest-1135081262-project', 'project_domain_id': 'default', 'project_domain_name': 'Default', 'project_id': '7ca1a79f689041ad844086c0ef6ca802', 'project_name': 'tempest-ServerExternalEventsTest-1135081262', 'tenant_id': '7ca1a79f689041ad844086c0ef6ca802', 'tenant_name': 'tempest-ServerExternalEventsTest-1135081262', 'user_domain_id': 'default', 'user_domain_name': 'Default', 'user_id': '7d176d27baae43b1b8a24df62665a7d8', 'system': None}, Network: None, Subnet: None, Router: None
2025-11-27 05:10:47.255 65695 INFO tempest.lib.common.dynamic_creds [-] Created isolated network resources for: credentials: Credentials: {'domain_id': 'default', 'domain_name': 'Default', 'username': 'tempest-ServerExternalEventsTest-1135081262-project', 'project_domain_id': 'default', 'project_domain_name': 'Default', 'project_id': '7ca1a79f689041ad844086c0ef6ca802', 'project_name': 'tempest-ServerExternalEventsTest-1135081262', 'tenant_id': '7ca1a79f689041ad844086c0ef6ca802', 'tenant_name': 'tempest-ServerExternalEventsTest-1135081262', 'user_domain_id': 'default', 'user_domain_name': 'Default', 'user_id': '7d176d27baae43b1b8a24df62665a7d8', 'system': None}, Network: None, Subnet: None, Router: None
2025-11-27 05:10:47.298 65711 INFO tempest.lib.common.rest_client [req-8f1c998e-01a5-41c6-9d5f-5582e27db8d4 req-8f1c998e-01a5-41c6-9d5f-5582e27db8d4 ] Request (ServersAdminNegativeTestJSON:test_migrate_server_invalid_state): 200 GET http://10.180.1.21/compute/v2.1/servers/ff073319-666d-4c85-b88a-91f7f1f7979b 0.200s
2025-11-27 05:10:47.363 65705 INFO tempest.lib.common.rest_client [req-d003b73d-63be-4347-990c-8ade9739e467 req-d003b73d-63be-4347-990c-8ade9739e467 ] Request (ListImageFiltersTestJSON:tearDownClass): 204 DELETE http://10.180.1.21/compute/v2.1/images/8aff80a7-6b6b-4609-a81d-c1bf18508b41 0.258s
2025-11-27 05:10:47.364 65695 INFO tempest.lib.common.rest_client [req-f0ae368d-04b3-469e-8910-d41388f8a725 req-f0ae368d-04b3-469e-8910-d41388f8a725 ] Request (ServerExternalEventsTest:setUpClass): 201 POST http://10.180.1.21/identity/v3/auth/tokens 0.106s
2025-11-27 05:10:47.371 65743 INFO tempest.lib.common.rest_client [req-eeafd773-0365-4fec-8bb2-f6fcdf1b7b63 req-eeafd773-0365-4fec-8bb2-f6fcdf1b7b63 ] Request (FloatingIPsAssociationTestJSON:tearDownClass): 200 GET http://10.180.1.21/compute/v2.1/servers/2a07b983-c662-4bc9-9fc9-dbb4f1705c08 0.242s
2025-11-27 05:10:47.424 65725 INFO tempest.lib.common.rest_client [req-375760fb-3cb2-4599-8adf-84a2ea1836b8 req-375760fb-3cb2-4599-8adf-84a2ea1836b8 ] Request (ServersAaction247Test:test_create_backup): 200 GET http://10.180.1.21/compute/v2.1/servers/6ee2e726-1745-4a1f-8bbe-d0dd401accf5 0.273s
2025-11-27 05:10:47.429 65695 INFO tempest.lib.common.rest_client [req-ec977c17-0c6d-4ccd-8ce3-c72672e26779 req-ec977c17-0c6d-4ccd-8ce3-c72672e26779 ] Request (ServerExternalEventsTest:test_create_server_external_events): 201 POST http://10.180.1.21/identity/v3/auth/tokens 0.059s
2025-11-27 05:10:47.429 65695 INFO tempest.lib.common.fixed_network [-] (ServerExternalEventsTest:test_create_server_external_events) Found network None available for tenant
2025-11-27 05:10:47.430 65709 INFO tempest.lib.common.rest_client [req-e45f0a0e-430a-4320-bba7-8d7d4d39cb16 req-e45f0a0e-430a-4320-bba7-8d7d4d39cb16 ] Request (ServerDiskConfigTestJSON:test_rebuild_server_with_manual_disk_config): 200 GET http://10.180.1.21/compute/v2.1/servers/aad1453a-9e7a-4a22-801b-1bb86b1acb97 0.246s
2025-11-27 05:10:47.498 65757 INFO tempest.lib.common.rest_client [req-b90b2524-0434-4b36-839f-39ea83cd2ff0 req-b90b2524-0434-4b36-839f-39ea83cd2ff0 ] Request (ImagesOneServerTestJSON:tearDownClass): 200 GET http://10.180.1.21/compute/v2.1/servers/d5371421-6fae-4329-99cf-8a9ea1cc11ff 0.292s
2025-11-27 05:10:47.566 65715 INFO tempest.lib.common.rest_client [req-8d69e912-14ae-4e3c-bff7-b16b5d1f6faa req-8d69e912-14ae-4e3c-bff7-b16b5d1f6faa ] Request (ServersNegativeTestJSON:tearDown): 200 GET http://10.180.1.21/compute/v2.1/servers/bee241c2-8a06-4245-a9a2-7253352d7ac6 0.372s
2025-11-27 05:10:47.639 65723 INFO tempest.lib.common.rest_client [req-a19f7ede-8eb5-4288-a46b-793b47eb0304 req-a19f7ede-8eb5-4288-a46b-793b47eb0304 ] Request (ServerRescueTestJSON:test_rescue_unrescue_instance): 200 GET http://10.180.1.21/compute/v2.1/servers/50700607-4f15-4e5b-81c3-23368b6afcfe 0.405s
2025-11-27 05:10:47.641 65701 INFO tempest.lib.common.rest_client [req-1243de73-3911-447e-b0f7-185124f619bd req-1243de73-3911-447e-b0f7-185124f619bd ] Request (ServerActionsTestOtherB:test_resize_server_confirm_from_stopped): 200 GET http://10.180.1.21/compute/v2.1/servers/c2a6e174-6bb4-4608-9415-a1b781620b97 0.411s
2025-11-27 05:10:47.696 65731 INFO tempest.lib.common.rest_client [req-e8fee258-1aa0-414c-bcf2-289a7bc2c6e2 req-e8fee258-1aa0-414c-bcf2-289a7bc2c6e2 ] Request (ImagesOneServerNegativeTestJSON:setUpClass): 200 GET http://10.180.1.21/compute/v2.1/servers/fc28829c-021d-4920-8c1b-2a11abb95024 0.433s
2025-11-27 05:10:47.722 65720 INFO tempest.lib.common.rest_client [req-67b4ad93-2705-412b-a607-42165a3705b0 req-67b4ad93-2705-412b-a607-42165a3705b0 ] Request (ServerMetadataNegativeTestJSON:tearDownClass): 204 DELETE http://10.180.1.21/compute/v2.1/servers/ed8c4fb5-4dbe-4515-af18-ecc120e6cb44 0.484s
2025-11-27 05:10:47.796 65727 INFO tempest.lib.common.rest_client [req-3f1f8f0a-6366-48af-b810-ae4955e4a9a0 req-3f1f8f0a-6366-48af-b810-ae4955e4a9a0 ] Request (ServersListShow2100Test:tearDownClass): 200 GET http://10.180.1.21/compute/v2.1/servers/f5c989d4-097d-4ca0-b047-1fba02b35f6c 0.452s
2025-11-27 05:10:47.809 65727 INFO tempest.common.waiters [-] State transition "ACTIVE/deleting" ==> "DELETED/None" after 4 second wait
2025-11-27 05:10:47.846 65733 INFO tempest.lib.common.rest_client [req-8273fd76-586a-4840-bc44-59397e1464f4 req-8273fd76-586a-4840-bc44-59397e1464f4 ] Request (MigrationsAdminTest:test_resize_server_revert_deleted_flavor): 200 GET http://10.180.1.21/compute/v2.1/servers/b9dba6fc-10bc-49d4-a7fd-6c099dcaadac 0.504s
2025-11-27 05:10:47.873 65705 INFO tempest.lib.common.rest_client [req-f2f358cf-f6ec-40d4-82a1-80f2be2eb059 req-f2f358cf-f6ec-40d4-82a1-80f2be2eb059 ] Request (ListImageFiltersTestJSON:tearDownClass): 204 DELETE http://10.180.1.21/compute/v2.1/servers/2e14e82e-35bc-4b2c-ad1c-ce0891943daa 0.509s
2025-11-27 05:10:47.895 65703 INFO tempest.lib.common.rest_client [req-6332c9db-9511-47e1-87c0-394f47a605e0 req-6332c9db-9511-47e1-87c0-394f47a605e0 ] Request (InstanceActionsNegativeTestJSON:setUpClass): 200 GET http://10.180.1.21/compute/v2.1/servers/168f1f3f-f2ac-4e72-aa73-7f3310e438d8 0.481s
2025-11-27 05:10:47.950 65699 INFO tempest.lib.common.rest_client [req-aee08a19-c8ff-45ba-b8cb-9d63253c9d99 req-aee08a19-c8ff-45ba-b8cb-9d63253c9d99 ] Request (ServersAdmin275Test:test_rebuild_update_server_275): 200 GET http://10.180.1.21/compute/v2.1/servers/446e8963-7919-4316-a06c-1a18ff32a0a4 0.414s
2025-11-27 05:10:48.042 65717 INFO tempest.lib.common.rest_client [req-3cf81d8b-57ad-4251-9583-df05e24ad48f req-3cf81d8b-57ad-4251-9583-df05e24ad48f ] Request (ServersAdminTestJSON:test_inject_network_info): 200 GET http://10.180.1.21/compute/v2.1/servers/71450c30-2cf0-4171-9a17-8cfb36efdd33 0.481s
2025-11-27 05:10:48.115 65695 INFO tempest.lib.common.rest_client [req-b3475d25-3bc5-4e2c-bc00-d1b6bd83e9a8 req-b3475d25-3bc5-4e2c-bc00-d1b6bd83e9a8 ] Request (ServerExternalEventsTest:test_create_server_external_events): 202 POST http://10.180.1.21/compute/v2.1/servers 0.685s
2025-11-27 05:10:48.141 65715 INFO tempest.lib.common.rest_client [req-d1884101-a001-4047-abf1-c4a81fc44bf6 req-d1884101-a001-4047-abf1-c4a81fc44bf6 ] Request (ServersNegativeTestJSON:setUp): 200 GET http://10.180.1.21/compute/v2.1/servers/bee241c2-8a06-4245-a9a2-7253352d7ac6 0.566s
2025-11-27 05:10:48.171 65721 INFO tempest.lib.common.rest_client [req-058341ae-8b71-4e0f-90f7-26bcec31206a req-058341ae-8b71-4e0f-90f7-26bcec31206a ] Request (ImagesTestJSON:test_create_server_from_snapshot): 200 GET http://10.180.1.21/compute/v2.1/servers/cbd3a38c-cf88-4572-8b2f-d4cc940b0a46 0.534s
2025-11-27 05:10:48.178 65721 INFO tempest.common.waiters [-] State transition "BUILD/None" ==> "BUILD/networking" after 46 second wait
2025-11-27 05:10:48.257 65749 INFO tempest.lib.common.rest_client [req-6f45be89-74af-46be-b73a-c473900fca28 req-6f45be89-74af-46be-b73a-c473900fca28 ] Request (SecurityGroupsTestJSON:test_server_security_groups): 200 GET http://10.180.1.21/compute/v2.1/servers/48d9c793-92a3-40e0-9bff-6f263dcb504d 0.527s
2025-11-27 05:10:48.284 65720 INFO tempest.lib.common.rest_client [req-acfef1d2-a846-4f42-97f6-95ec0107714b req-acfef1d2-a846-4f42-97f6-95ec0107714b ] Request (ServerMetadataNegativeTestJSON:tearDownClass): 200 GET http://10.180.1.21/compute/v2.1/servers/ed8c4fb5-4dbe-4515-af18-ecc120e6cb44 0.561s
2025-11-27 05:10:48.307 65713 INFO tempest.lib.common.rest_client [req-7c81da1b-1501-4cdb-b726-aae538f052a1 req-7c81da1b-1501-4cdb-b726-aae538f052a1 ] Request (ServerActionsTestOtherA:test_rebuild_server_in_stop_state): 200 GET http://10.180.1.21/compute/v2.1/servers/c5eef0a3-6fb9-4f12-a185-ada72f3d6ff9 0.507s
2025-11-27 05:10:48.337 65729 INFO tempest.lib.common.rest_client [req-74d80b52-6762-44db-9810-25c42415a0a8 req-74d80b52-6762-44db-9810-25c42415a0a8 ] Request (AttachInterfacesV270Test:test_create_get_list_interfaces): 200 GET http://10.180.1.21/compute/v2.1/servers/39117810-c037-4b87-94b7-b8960e57356f 0.479s
2025-11-27 05:10:48.399 65705 INFO tempest.lib.common.rest_client [req-145de1f8-ed1e-47dc-bf5b-c3cd1db13a57 req-145de1f8-ed1e-47dc-bf5b-c3cd1db13a57 ] Request (ListImageFiltersTestJSON:tearDownClass): 200 GET http://10.180.1.21/compute/v2.1/servers/2e14e82e-35bc-4b2c-ad1c-ce0891943daa 0.526s
2025-11-27 05:10:48.412 65747 INFO tempest.lib.common.rest_client [req-53609fd0-ddd1-4403-9b62-9926db7c8fb9 req-53609fd0-ddd1-4403-9b62-9926db7c8fb9 ] Request (ServersNegativeTestMultiTenantJSON:tearDownClass): 200 GET http://10.180.1.21/compute/v2.1/servers/6ee0c12d-b443-419a-a469-cf691e170d84 0.492s
2025-11-27 05:10:48.528 65695 INFO tempest.lib.common.rest_client [req-6b2c07ad-adb8-4fac-8ae9-949fcb0cc2f4 req-6b2c07ad-adb8-4fac-8ae9-949fcb0cc2f4 ] Request (ServerExternalEventsTest:test_create_server_external_events): 200 GET http://10.180.1.21/compute/v2.1/servers/1f69e835-3eeb-492f-97fb-26699cb24b10 0.411s
2025-11-27 05:10:48.569 65745 INFO tempest.lib.common.rest_client [req-f7110fdd-24cb-49eb-ad9b-081f5198be34 req-f7110fdd-24cb-49eb-ad9b-081f5198be34 ] Request (FloatingIPsAssociationNegativeTestJSON:setUpClass): 200 GET http://10.180.1.21/compute/v2.1/servers/7ba7b3f1-03f6-4dc9-965b-182ecc765466 0.510s
2025-11-27 05:10:48.576 65745 INFO tempest.common.waiters [-] State transition "BUILD/spawning" ==> "ACTIVE/None" after 57 second wait
