2025-11-27 05:08:13.075 65705 INFO tempest.lib.common.rest_client [req-90bc8eda-974d-45e5-ae84-68714e32534c req-90bc8eda-974d-45e5-ae84-68714e32534c ] Request (ListImageFiltersTestJSON:setUpClass): 202 POST http://10.180.1.21/compute/v2.1/servers 12.479s
2025-11-27 05:08:13.140 65745 INFO tempest.lib.common.rest_client [req-a308191f-3c8f-45a4-9a71-4320abbb2f1e req-a308191f-3c8f-45a4-9a71-4320abbb2f1e ] Request (VolumesAdminNegativeTest:test_update_attached_volume_with_nonexistent_volume_in_uri): 201 POST http://10.180.1.21/identity/v3/auth/tokens 0.088s
2025-11-27 05:08:13.141 65745 INFO tempest.lib.common.fixed_network [-] (VolumesAdminNegativeTest:test_update_attached_volume_with_nonexistent_volume_in_uri) Found network {'id': 'bcb643eb-81c6-4d28-8f91-9dc43f005ab6', 'name': 'tempest-VolumesAdminNegativeTest-1020296631-network', 'tenant_id': '570c7fd88658415395270028c77184d3', 'project_id': '570c7fd88658415395270028c77184d3', 'admin_state_up': True, 'mtu': 8950, 'status': 'ACTIVE', 'subnets': [], 'shared': False, 'port_security_enabled': True, 'router:external': False, 'provider:network_type': 'vlan', 'provider:physical_network': 'default', 'provider:segmentation_id': 501, 'availability_zone_hints': [], 'availability_zones': [], 'ipv4_address_scope': None, 'ipv6_address_scope': None, 'description': '', 'tags': [], 'created_at': '2025-11-27T05:07:59Z', 'updated_at': '2025-11-27T05:07:59Z', 'revision_number': 1} available for tenant
2025-11-27 05:08:13.175 65705 INFO tempest.lib.common.rest_client [req-be0d226f-71a1-4bde-b90a-25bd9d0f1acb req-be0d226f-71a1-4bde-b90a-25bd9d0f1acb ] Request (ListImageFiltersTestJSON:setUpClass): 201 POST http://10.180.1.21/identity/v3/auth/tokens 0.090s
2025-11-27 05:08:13.175 65705 INFO tempest.lib.common.fixed_network [-] (ListImageFiltersTestJSON:setUpClass) Found network None available for tenant
2025-11-27 05:08:13.839 65739 INFO tempest.lib.common.rest_client [req-9d811e33-e32a-48ea-b56d-4abba9eca697 req-9d811e33-e32a-48ea-b56d-4abba9eca697 ] Request (AttachInterfacesUnderV243Test:test_add_remove_fixed_ip): 200 GET http://10.180.1.21/compute/v2.1/servers/3321df6b-e1b1-489d-b268-afe22a09141d 10.294s
2025-11-27 05:08:13.859 65709 INFO tempest.lib.common.rest_client [req-c8387e5a-97c0-4de9-8011-35fce2c552fa req-c8387e5a-97c0-4de9-8011-35fce2c552fa ] Request (FlavorsV2TestJSON:test_list_flavors_detailed_using_marker): 200 GET http://10.180.1.21/compute/v2.1/flavors/42 10.233s
2025-11-27 05:08:13.972 65717 INFO tempest.lib.common.rest_client [req-f6b5ebd4-95bc-400e-96c9-02d5db88c49f req-f6b5ebd4-95bc-400e-96c9-02d5db88c49f ] Request (QuotaClassesAdminTestJSON:test_update_default_quotas): 200 GET http://10.180.1.21/compute/v2.1/os-quota-class-sets/default 10.323s
2025-11-27 05:08:13.999 65711 INFO tempest.lib.common.rest_client [req-123cb6e6-5ad4-4d01-828a-0b534a2410e6 req-123cb6e6-5ad4-4d01-828a-0b534a2410e6 ] Request (FlavorsAccessNegativeTestJSON:_run_cleanups): 200 GET http://10.180.1.21/compute/v2.1/flavors/detail 10.346s
2025-11-27 05:08:14.026 65727 INFO tempest.lib.common.rest_client [req-46e4f6dc-14c5-4e80-91c4-e0f6a963700b req-46e4f6dc-14c5-4e80-91c4-e0f6a963700b ] Request (ServerAddressesTestJSON:setUpClass): 200 PUT http://10.180.1.21/networking/v2.0/routers/5bb30eee-b668-4748-af02-fcec2773ee64/add_router_interface 1.665s
2025-11-27 05:08:14.026 65727 INFO tempest.lib.common.dynamic_creds [-] Created isolated network resources for: credentials: Credentials: {'domain_id': 'default', 'domain_name': 'Default', 'username': 'tempest-ServerAddressesTestJSON-2058622675-project-member', 'project_domain_id': 'default', 'project_domain_name': 'Default', 'project_id': '39a9d50f960a4b6b82f37a150806fef1', 'project_name': 'tempest-ServerAddressesTestJSON-2058622675', 'tenant_id': '39a9d50f960a4b6b82f37a150806fef1', 'tenant_name': 'tempest-ServerAddressesTestJSON-2058622675', 'user_domain_id': 'default', 'user_domain_name': 'Default', 'user_id': 'cdafb672872044c09343ccbebdf9f367', 'system': None}, Network: {'id': 'f84e6cf6-2d1a-424b-aa1c-6bc91e9555df', 'name': 'tempest-ServerAddressesTestJSON-1473481962-network', 'tenant_id': '39a9d50f960a4b6b82f37a150806fef1', 'project_id': '39a9d50f960a4b6b82f37a150806fef1', 'admin_state_up': True, 'mtu': 8950, 'status': 'ACTIVE', 'subnets': [], 'shared': False, 'port_security_enabled': True, 'router:external': False, 'provider:network_type': 'vlan', 'provider:physical_network': 'default', 'provider:segmentation_id': 410, 'availability_zone_hints': [], 'availability_zones': [], 'ipv4_address_scope': None, 'ipv6_address_scope': None, 'description': '', 'tags': [], 'created_at': '2025-11-27T05:08:09Z', 'updated_at': '2025-11-27T05:08:09Z', 'revision_number': 1}, Subnet: {'id': '1668c02a-73d8-4f5e-9e8d-824dabd73456', 'name': 'tempest-ServerAddressesTestJSON-1473481962-subnet', 'tenant_id': '39a9d50f960a4b6b82f37a150806fef1', 'network_id': 'f84e6cf6-2d1a-424b-aa1c-6bc91e9555df', 'ip_version': 4, 'subnetpool_id': None, 'enable_dhcp': True, 'ipv6_ra_mode': None, 'ipv6_address_mode': None, 'gateway_ip': '192.168.128.1', 'cidr': '192.168.128.0/28', 'allocation_pools': [{'start': '192.168.128.2', 'end': '192.168.128.14'}], 'host_routes': [], 'dns_nameservers': [], 'description': '', 'router:external': False, 'service_types': [], 'tags': [], 'created_at': '2025-11-27T05:08:11Z', 'updated_at': '2025-11-27T05:08:11Z', 'revision_number': 0, 'project_id': '39a9d50f960a4b6b82f37a150806fef1'}, Router: {'id': '5bb30eee-b668-4748-af02-fcec2773ee64', 'name': 'tempest-ServerAddressesTestJSON-1473481962-router', 'tenant_id': '39a9d50f960a4b6b82f37a150806fef1', 'admin_state_up': True, 'status': 'ACTIVE', 'external_gateway_info': {'network_id': 'a6b10570-878a-452f-a110-015b12075bee', 'external_fixed_ips': [{'subnet_id': '705ffa78-1cbe-4a3b-81d6-37647a9c358a', 'ip_address': '10.180.180.248'}], 'enable_snat': True}, 'description': '', 'availability_zones': [], 'distributed': False, 'ha': False, 'availability_zone_hints': [], 'routes': [], 'flavor_id': None, 'tags': [], 'created_at': '2025-11-27T05:08:11Z', 'updated_at': '2025-11-27T05:08:12Z', 'revision_number': 2, 'project_id': '39a9d50f960a4b6b82f37a150806fef1'}
2025-11-27 05:08:14.100 65755 INFO tempest.lib.common.rest_client [req-112db399-2fac-47d5-abb1-7e6a58a83eee req-112db399-2fac-47d5-abb1-7e6a58a83eee ] Request (InstanceActionsTestJSON:setUpClass): 202 POST http://10.180.1.21/compute/v2.1/servers 11.470s
2025-11-27 05:08:14.170 65727 INFO tempest.lib.common.rest_client [req-61ab1dfb-9376-4a2e-9b69-bd98f5ee0d86 req-61ab1dfb-9376-4a2e-9b69-bd98f5ee0d86 ] Request (ServerAddressesTestJSON:setUpClass): 201 POST http://10.180.1.21/identity/v3/auth/tokens 0.139s
2025-11-27 05:08:14.221 65727 INFO tempest.lib.common.rest_client [req-98b3d38e-e2f0-4b1a-bc43-045da37d5507 req-98b3d38e-e2f0-4b1a-bc43-045da37d5507 ] Request (ServerAddressesTestJSON:setUpClass): 201 POST http://10.180.1.21/identity/v3/auth/tokens 0.046s
2025-11-27 05:08:14.221 65727 INFO tempest.lib.common.fixed_network [-] (ServerAddressesTestJSON:setUpClass) Found network {'id': 'f84e6cf6-2d1a-424b-aa1c-6bc91e9555df', 'name': 'tempest-ServerAddressesTestJSON-1473481962-network', 'tenant_id': '39a9d50f960a4b6b82f37a150806fef1', 'project_id': '39a9d50f960a4b6b82f37a150806fef1', 'admin_state_up': True, 'mtu': 8950, 'status': 'ACTIVE', 'subnets': [], 'shared': False, 'port_security_enabled': True, 'router:external': False, 'provider:network_type': 'vlan', 'provider:physical_network': 'default', 'provider:segmentation_id': 410, 'availability_zone_hints': [], 'availability_zones': [], 'ipv4_address_scope': None, 'ipv6_address_scope': None, 'description': '', 'tags': [], 'created_at': '2025-11-27T05:08:09Z', 'updated_at': '2025-11-27T05:08:09Z', 'revision_number': 1} available for tenant
2025-11-27 05:08:14.368 65713 INFO tempest.lib.common.rest_client [req-404e6960-818c-455d-97e9-3f887ca5af50 req-404e6960-818c-455d-97e9-3f887ca5af50 ] Request (SecurityGroupsTestAdminJSON:_run_cleanups): 202 DELETE http://10.180.1.21/compute/v2.1/os-security-groups/22ebc4e1-4048-4c30-86c0-e1c3d6c611b8 10.392s
2025-11-27 05:08:14.384 65749 INFO tempest.lib.common.rest_client [req-2d7cd196-b926-44ff-8974-2eab66bb9946 req-2d7cd196-b926-44ff-8974-2eab66bb9946 ] Request (KeyPairsV2TestJSON:test_get_keypair_detail): 200 GET http://10.180.1.21/compute/v2.1/os-keypairs/tempest-keypair-818013480 9.752s
2025-11-27 05:08:14.403 65703 INFO tempest.lib.common.rest_client [req-0a7a3af6-9e72-4eb7-ab14-3553628df430 req-0a7a3af6-9e72-4eb7-ab14-3553628df430 ] Request (ServersTestManualDisk:setUpClass): 200 GET http://10.180.1.21/compute/v2.1/servers/a3c4f969-4c1b-49a2-a7f1-f162d237af1c 10.076s
2025-11-27 05:08:14.502 65747 INFO tempest.lib.common.rest_client [req-7bca3093-ebc5-40d6-814f-18fe9be20535 req-7bca3093-ebc5-40d6-814f-18fe9be20535 ] Request (InstanceUsageAuditLogNegativeTestJSON:test_get_instance_usage_audit_logs_with_invalid_time): 400 GET http://10.180.1.21/compute/v2.1/os-instance_usage_audit_log/invalid_time 9.429s
2025-11-27 05:08:14.594 65701 INFO tempest.lib.common.rest_client [req-6172bdf2-0554-4b97-9904-e8eedf21ca6a req-6172bdf2-0554-4b97-9904-e8eedf21ca6a ] Request (ServerActionsTestOtherB:setUpClass): 200 GET http://10.180.1.21/compute/v2.1/servers/c2a6e174-6bb4-4608-9415-a1b781620b97 9.668s
2025-11-27 05:08:14.601 65701 INFO tempest.common.waiters [-] State transition "BUILD/block_device_mapping" ==> "BUILD/spawning" after 11 second wait
2025-11-27 05:08:14.726 65725 INFO tempest.lib.common.rest_client [req-fd7dc3cf-603c-4330-858b-920b4fd9482e req-fd7dc3cf-603c-4330-858b-920b4fd9482e ] Request (DeleteServersAdminTestJSON:test_admin_delete_servers_of_others): 204 DELETE http://10.180.1.21/compute/v2.1/servers/235d6666-3ab9-43ba-8707-4e86dc1286de 8.618s
2025-11-27 05:08:14.817 65733 INFO tempest.lib.common.rest_client [req-1bbcf894-29af-4e98-a728-7063d995ede1 req-1bbcf894-29af-4e98-a728-7063d995ede1 ] Request (MigrationsAdminTest:test_list_migrations_in_flavor_resize_situation): 202 POST http://10.180.1.21/compute/v2.1/servers/e5baff59-45e3-46d8-a769-00759de87807/action 7.504s
2025-11-27 05:08:14.938 65720 INFO tempest.lib.common.rest_client [req-ff6aa6ae-466a-486a-b22c-353c327e33ce req-ff6aa6ae-466a-486a-b22c-353c327e33ce ] Request (SecurityGroupRulesTestJSON:test_security_group_rules_create): 200 POST http://10.180.1.21/compute/v2.1/os-security-groups 7.597s
2025-11-27 05:08:14.996 65751 INFO tempest.lib.common.rest_client [req-65cccdf4-d830-4dd3-a845-4a646a65a708 req-65cccdf4-d830-4dd3-a845-4a646a65a708 ] Request (VolumesSnapshotsTestJSON:_run_cleanups): 202 DELETE http://10.180.1.21/compute/v2.1/os-snapshots/86f26dc4-433f-4723-8380-1c8b280c1085 6.491s
2025-11-27 05:08:15.019 65707 INFO tempest.lib.common.rest_client [req-35279334-4462-474c-869f-0f8be39b4541 req-35279334-4462-474c-869f-0f8be39b4541 ] Request (KeyPairsV22TestJSON:_run_cleanups): 204 DELETE http://10.180.1.21/compute/v2.1/os-keypairs/tempest-keypair-737342490 6.479s
2025-11-27 05:08:15.120 65757 INFO tempest.lib.common.rest_client [req-e5e5747e-2259-4c71-b873-ede455e80393 req-e5e5747e-2259-4c71-b873-ede455e80393 ] Request (ServerDiagnosticsNegativeTest:test_get_server_diagnostics_by_non_admin): 200 GET http://10.180.1.21/compute/v2.1/servers/05162c5a-57b3-4b49-99a5-77799c11f955 6.664s
2025-11-27 05:08:15.226 65737 INFO tempest.lib.common.rest_client [req-3604613a-3fa8-4521-94d9-e60eac3e709d req-3604613a-3fa8-4521-94d9-e60eac3e709d ] Request (ServerDiagnosticsTest:test_get_server_diagnostics): 200 GET http://10.180.1.21/compute/v2.1/servers/cc22c482-b990-489e-b945-7256984855d1 6.302s
2025-11-27 05:08:15.231 65695 INFO tempest.lib.common.rest_client [req-0c464b28-bda7-4f58-85bb-b59c3f953e96 req-0c464b28-bda7-4f58-85bb-b59c3f953e96 ] Request (HostsAdminNegativeTestJSON:test_update_host_with_invalid_maintenance_mode): 400 PUT http://10.180.1.21/compute/v2.1/os-hosts/devstack 6.293s
2025-11-27 05:08:15.251 65729 INFO tempest.lib.common.rest_client [req-7a6caea8-2297-4d95-b19c-b7270793ad0d req-7a6caea8-2297-4d95-b19c-b7270793ad0d ] Request (VolumesAssistedSnapshotsTest:test_volume_assisted_snapshot_create_delete): 200 GET http://10.180.1.21/compute/v2.1/servers/f22c2df2-a285-4627-b114-138623efe8b5 6.588s
2025-11-27 05:08:15.273 65741 INFO tempest.lib.common.rest_client [req-c5a53c3f-f94c-4cba-be9c-fde7f9cba5ac req-c5a53c3f-f94c-4cba-be9c-fde7f9cba5ac ] Request (FlavorsExtraSpecsNegativeTestJSON:tearDownClass): 202 DELETE http://10.180.1.21/compute/v2.1/flavors/1465678953 6.281s
2025-11-27 05:08:15.274 65697 INFO tempest.lib.common.rest_client [req-3de42c5f-ce67-47c8-b42e-f8cb8d8ccabd req-3de42c5f-ce67-47c8-b42e-f8cb8d8ccabd ] Request (SecurityGroupRulesNegativeTestJSON:test_create_security_group_rule_with_invalid_port_range): 400 POST http://10.180.1.21/compute/v2.1/os-security-group-rules 6.337s
2025-11-27 05:08:15.300 65731 INFO tempest.lib.common.rest_client [req-93bc4e10-4e9b-43f7-8f94-d2b72c28c33d req-93bc4e10-4e9b-43f7-8f94-d2b72c28c33d ] Request (FlavorsAdminTestJSON:test_create_flavor_with_none_id): 200 POST http://10.180.1.21/compute/v2.1/flavors 6.256s
2025-11-27 05:08:15.358 65723 INFO tempest.lib.common.rest_client [req-0f8f7302-b573-4f53-9ba1-ea08f17f01d4 req-0f8f7302-b573-4f53-9ba1-ea08f17f01d4 ] Request (QuotasAdminNegativeTest:test_create_server_when_memory_quota_is_full): 200 PUT http://10.180.1.21/compute/v2.1/os-quota-sets/ff36ec2e90dd4e059b6221e01527273b 6.093s
2025-11-27 05:08:15.402 65743 INFO tempest.lib.common.rest_client [req-8b19b2f5-b1a0-4feb-920c-001f2f2b06b4 req-8b19b2f5-b1a0-4feb-920c-001f2f2b06b4 ] Request (TenantUsagesTestJSON:test_list_usage_all_tenants): 200 GET http://10.180.1.21/compute/v2.1/os-simple-tenant-usage?start=2025-11-26T05%3A07%3A58.099048&end=2025-11-28T05%3A07%3A58.099048&detailed=1 4.128s
2025-11-27 05:08:15.478 65723 INFO tempest.lib.common.rest_client [req-7790e33a-1150-4ece-a4e5-a92a7f14dc3d req-7790e33a-1150-4ece-a4e5-a92a7f14dc3d ] Request (QuotasAdminNegativeTest:test_create_server_when_memory_quota_is_full): 201 POST http://10.180.1.21/identity/v3/auth/tokens 0.114s
2025-11-27 05:08:15.479 65723 INFO tempest.lib.common.fixed_network [-] (QuotasAdminNegativeTest:test_create_server_when_memory_quota_is_full) Found network None available for tenant
2025-11-27 05:08:15.963 65721 INFO tempest.lib.common.rest_client [req-3b2e44d8-5395-4f50-b4be-7d9f8fdf479c req-3b2e44d8-5395-4f50-b4be-7d9f8fdf479c ] Request (ImagesTestJSON:test_create_image_from_stopped_server): 202 POST http://10.180.1.21/compute/v2.1/servers/9fa3887c-8b73-4865-aa00-c865011c1145/action 4.732s
2025-11-27 05:08:16.319 65715 INFO tempest.lib.common.rest_client [req-fc14f48e-0c54-442f-9d83-8997a8d4f9d1 req-fc14f48e-0c54-442f-9d83-8997a8d4f9d1 ] Request (ServersNegativeTestJSON:setUpClass): 202 POST http://10.180.1.21/compute/v2.1/servers 4.109s
2025-11-27 05:08:16.852 65735 INFO tempest.lib.common.rest_client [req-22f48669-e9bc-488c-8c1a-d2273be2ed9a req-22f48669-e9bc-488c-8c1a-d2273be2ed9a ] Request (ServersWithSpecificFlavorTestJSON:test_verify_created_server_ephemeral_disk): 202 POST http://10.180.1.21/compute/v2.1/servers 3.919s
2025-11-27 05:08:16.999 65745 INFO tempest.lib.common.rest_client [req-e5eb8959-669a-4377-881b-8653ffaceb3b req-e5eb8959-669a-4377-881b-8653ffaceb3b ] Request (VolumesAdminNegativeTest:test_update_attached_volume_with_nonexistent_volume_in_uri): 202 POST http://10.180.1.21/compute/v2.1/servers 3.858s
2025-11-27 05:08:17.034 65709 INFO tempest.lib.common.rest_client [req-bc32c8f2-1815-44b3-9b98-9dc014ff4a1e req-bc32c8f2-1815-44b3-9b98-9dc014ff4a1e ] Request (FlavorsV2TestJSON:test_list_flavors_detailed_using_marker): 200 GET http://10.180.1.21/compute/v2.1/flavors/detail?marker=42 3.173s
2025-11-27 05:08:17.142 65717 INFO tempest.lib.common.rest_client [req-90883cda-5fa5-4da8-9728-37e2af21bcb3 req-90883cda-5fa5-4da8-9728-37e2af21bcb3 ] Request (QuotaClassesAdminTestJSON:test_update_default_quotas): 200 PUT http://10.180.1.21/compute/v2.1/os-quota-class-sets/default 3.168s
2025-11-27 05:08:17.159 65711 INFO tempest.lib.common.rest_client [req-7c057ed5-e95f-4374-a4d7-648c165772a4 req-7c057ed5-e95f-4374-a4d7-648c165772a4 ] Request (FlavorsAccessNegativeTestJSON:test_flavor_non_admin_add): 200 POST http://10.180.1.21/compute/v2.1/flavors 3.153s
2025-11-27 05:08:17.275 65755 INFO tempest.lib.common.rest_client [req-dd2e7608-9eaa-4b38-be48-a55fc3beddf9 req-dd2e7608-9eaa-4b38-be48-a55fc3beddf9 ] Request (InstanceActionsTestJSON:setUpClass): 200 GET http://10.180.1.21/compute/v2.1/servers/bbc2da8a-a6b0-43dd-b73a-41a0c55544ab 3.173s
2025-11-27 05:08:17.429 65705 INFO tempest.lib.common.rest_client [req-8684938d-5b6b-4400-b70c-9e6f3ed79b9b req-8684938d-5b6b-4400-b70c-9e6f3ed79b9b ] Request (ListImageFiltersTestJSON:setUpClass): 202 POST http://10.180.1.21/compute/v2.1/servers 4.254s
2025-11-27 05:08:17.680 65713 INFO tempest.lib.common.rest_client [req-ddfcf3c1-5c86-4080-8e2f-2713998c0989 req-ddfcf3c1-5c86-4080-8e2f-2713998c0989 ] Request (SecurityGroupsTestAdminJSON:_run_cleanups): 202 DELETE http://10.180.1.21/compute/v2.1/os-security-groups/38a1905e-0ebc-4c3e-828e-91c1e4d813eb 3.312s
2025-11-27 05:08:17.704 65749 INFO tempest.lib.common.rest_client [req-633529c2-d8a8-4e67-a44f-090032459a64 req-633529c2-d8a8-4e67-a44f-090032459a64 ] Request (KeyPairsV2TestJSON:_run_cleanups): 202 DELETE http://10.180.1.21/compute/v2.1/os-keypairs/tempest-keypair-818013480 3.316s
2025-11-27 05:08:17.777 65747 INFO tempest.lib.common.rest_client [req-240eae66-cae2-4673-9d4e-6a688c795ae5 req-240eae66-cae2-4673-9d4e-6a688c795ae5 ] Request (InstanceUsageAuditLogNegativeTestJSON:test_instance_usage_audit_logs_with_nonadmin_user): 403 GET http://10.180.1.21/compute/v2.1/os-instance_usage_audit_log 3.271s
2025-11-27 05:08:17.781 65713 INFO tempest.lib.common.rest_client [req-45300687-f818-4045-bc4d-21b30948acac req-45300687-f818-4045-bc4d-21b30948acac ] Request (SecurityGroupsTestAdminJSON:tearDownClass): 204 DELETE http://10.180.1.21/identity/v3/users/af90d303cc92414ca337ff39eb361610 0.095s
2025-11-27 05:08:17.873 65725 INFO tempest.lib.common.rest_client [req-d5bbb6b6-1613-42c7-8d18-5149be0aa181 req-d5bbb6b6-1613-42c7-8d18-5149be0aa181 ] Request (DeleteServersAdminTestJSON:test_admin_delete_servers_of_others): 200 GET http://10.180.1.21/compute/v2.1/servers/235d6666-3ab9-43ba-8707-4e86dc1286de 3.146s
2025-11-27 05:08:17.881 65713 INFO tempest.lib.common.rest_client [req-187bf637-9e46-4221-aa0a-b4a5999d3076 req-187bf637-9e46-4221-aa0a-b4a5999d3076 ] Request (SecurityGroupsTestAdminJSON:tearDownClass): 204 DELETE http://10.180.1.21/identity/v3/users/a43d8a5173db47d6b6b0f71aa71066f8 0.100s
2025-11-27 05:08:17.882 65713 INFO tempest.lib.common.dynamic_creds [-] Deleting project and security group for project: ff7576812ec5429f82d3246b95d52742
2025-11-27 05:08:17.941 65727 INFO tempest.lib.common.rest_client [req-d2a059e4-788f-4a1f-a198-bb76532a5096 req-d2a059e4-788f-4a1f-a198-bb76532a5096 ] Request (ServerAddressesTestJSON:setUpClass): 202 POST http://10.180.1.21/compute/v2.1/servers 3.717s
2025-11-27 05:08:17.955 65713 INFO tempest.lib.common.rest_client [req-c89cc83d-8503-4ce5-9471-a031a98a7362 req-c89cc83d-8503-4ce5-9471-a031a98a7362 ] Request (SecurityGroupsTestAdminJSON:tearDownClass): 201 POST http://10.180.1.21/identity/v3/auth/tokens 0.073s
2025-11-27 05:08:18.109 65713 INFO tempest.lib.common.rest_client [req-6ca34db8-0582-4dbd-b388-46f4d6b61f6f req-6ca34db8-0582-4dbd-b388-46f4d6b61f6f ] Request (SecurityGroupsTestAdminJSON:tearDownClass): 200 GET http://10.180.1.21/networking/v2.0/security-groups?tenant_id=ff7576812ec5429f82d3246b95d52742&name=default 0.153s
2025-11-27 05:08:18.171 65733 INFO tempest.lib.common.rest_client [req-56b83f59-cd5a-4ded-a549-a6383bc3c28e req-56b83f59-cd5a-4ded-a549-a6383bc3c28e ] Request (MigrationsAdminTest:test_list_migrations_in_flavor_resize_situation): 200 GET http://10.180.1.21/compute/v2.1/servers/e5baff59-45e3-46d8-a769-00759de87807 3.353s
2025-11-27 05:08:18.349 65713 INFO tempest.lib.common.rest_client [req-ae647113-f540-4ab8-8648-ff39bd2abbc7 req-ae647113-f540-4ab8-8648-ff39bd2abbc7 ] Request (SecurityGroupsTestAdminJSON:tearDownClass): 204 DELETE http://10.180.1.21/networking/v2.0/security-groups/70f22bd8-7602-4da4-8ff5-b792d0a86bd3 0.239s
2025-11-27 05:08:18.389 65739 INFO tempest.lib.common.rest_client [req-c195032f-8d98-47cd-bd2f-2ab4d5d3391c req-c195032f-8d98-47cd-bd2f-2ab4d5d3391c ] Request (AttachInterfacesUnderV243Test:test_add_remove_fixed_ip): 200 GET http://10.180.1.21/compute/v2.1/servers/3321df6b-e1b1-489d-b268-afe22a09141d 3.537s
2025-11-27 05:08:18.422 65751 INFO tempest.lib.common.rest_client [req-7e4085b8-7c13-41e3-8514-7067adfb8b18 req-7e4085b8-7c13-41e3-8514-7067adfb8b18 ] Request (VolumesSnapshotsTestJSON:_run_cleanups): 404 GET http://10.180.1.21/compute/v2.1/os-snapshots/86f26dc4-433f-4723-8380-1c8b280c1085 3.425s
2025-11-27 05:08:18.462 65713 INFO tempest.lib.common.rest_client [req-0b07d3ce-905b-44d8-835e-2efed67c7ca8 req-0b07d3ce-905b-44d8-835e-2efed67c7ca8 ] Request (SecurityGroupsTestAdminJSON:tearDownClass): 204 DELETE http://10.180.1.21/identity/v3/projects/ff7576812ec5429f82d3246b95d52742 0.112s
2025-11-27 05:08:18.463 65713 INFO tempest.lib.common.dynamic_creds [-] Deleting project and security group for project: 33c0d973bf9e4270b8e51983845630c6
2025-11-27 05:08:18.472 65707 INFO tempest.lib.common.rest_client [req-5330653e-d933-4595-8287-f7a0cb4fa352 req-5330653e-d933-4595-8287-f7a0cb4fa352 ] Request (KeyPairsV22TestJSON:test_keypair_create_with_pub_key): 201 POST http://10.180.1.21/compute/v2.1/os-keypairs 3.452s
2025-11-27 05:08:18.510 65695 INFO tempest.lib.common.rest_client [req-22bfecdf-a3bf-4a7f-8e0a-ba745c08a4d4 req-22bfecdf-a3bf-4a7f-8e0a-ba745c08a4d4 ] Request (HostsAdminNegativeTestJSON:test_update_host_with_invalid_status): 400 PUT http://10.180.1.21/compute/v2.1/os-hosts/devstack 3.278s
2025-11-27 05:08:18.536 65741 INFO tempest.lib.common.rest_client [req-2ab43d06-71f3-4640-a1b9-228fb17cf161 req-2ab43d06-71f3-4640-a1b9-228fb17cf161 ] Request (FlavorsExtraSpecsNegativeTestJSON:tearDownClass): 200 GET http://10.180.1.21/compute/v2.1/flavors/detail 3.262s
2025-11-27 05:08:18.660 65720 INFO tempest.lib.common.rest_client [req-ad75d86e-0f4d-4923-843f-07ee5774f5ba req-ad75d86e-0f4d-4923-843f-07ee5774f5ba ] Request (SecurityGroupRulesTestJSON:test_security_group_rules_create): 200 POST http://10.180.1.21/compute/v2.1/os-security-group-rules 3.719s
2025-11-27 05:08:18.700 65731 INFO tempest.lib.common.rest_client [req-2a2a0b1c-29df-4f4a-bf64-3ab9cabad4c4 req-2a2a0b1c-29df-4f4a-bf64-3ab9cabad4c4 ] Request (FlavorsAdminTestJSON:_run_cleanups): 202 DELETE http://10.180.1.21/compute/v2.1/flavors/04cd8ffe-e647-4f6e-9fe5-c223ed4244f3 3.397s
2025-11-27 05:08:18.700 65713 INFO tempest.lib.common.rest_client [req-d8570003-f23a-4fe4-bce2-6c25818ee826 req-d8570003-f23a-4fe4-bce2-6c25818ee826 ] Request (SecurityGroupsTestAdminJSON:tearDownClass): 200 GET http://10.180.1.21/networking/v2.0/security-groups?tenant_id=33c0d973bf9e4270b8e51983845630c6&name=default 0.237s
2025-11-27 05:08:18.702 65741 INFO tempest.lib.common.rest_client [req-2f4ac3cb-2566-47cc-af28-dde7e9305c51 req-2f4ac3cb-2566-47cc-af28-dde7e9305c51 ] Request (FlavorsExtraSpecsNegativeTestJSON:tearDownClass): 204 DELETE http://10.180.1.21/identity/v3/users/9655a0849225409cbf98566575d2533a 0.160s
2025-11-27 05:08:18.808 65743 INFO tempest.lib.common.rest_client [req-003c134e-9fb2-4ef8-b36c-2f5bda9a50c5 req-003c134e-9fb2-4ef8-b36c-2f5bda9a50c5 ] Request (TenantUsagesTestJSON:tearDownClass): 204 DELETE http://10.180.1.21/compute/v2.1/servers/b5bbaa0c-73b1-4905-be3e-1880664cc331 3.401s
2025-11-27 05:08:18.843 65741 INFO tempest.lib.common.rest_client [req-60d20308-f7c4-408e-a15e-92b3c2879b71 req-60d20308-f7c4-408e-a15e-92b3c2879b71 ] Request (FlavorsExtraSpecsNegativeTestJSON:tearDownClass): 204 DELETE http://10.180.1.21/identity/v3/users/624d7d4364084cab936c7593629fee38 0.140s
2025-11-27 05:08:18.843 65741 INFO tempest.lib.common.dynamic_creds [-] Deleting project and security group for project: 01f947e7c500425d8d616dd8ef5e7576
2025-11-27 05:08:18.849 65697 INFO tempest.lib.common.rest_client [req-74e78f2f-781e-49c6-ac12-0413eb520248 req-74e78f2f-781e-49c6-ac12-0413eb520248 ] Request (SecurityGroupRulesNegativeTestJSON:test_create_security_group_rule_with_invalid_to_port): 200 POST http://10.180.1.21/compute/v2.1/os-security-groups 3.573s
2025-11-27 05:08:18.914 65741 INFO tempest.lib.common.rest_client [req-bfc620e0-d039-4d76-89ee-d1b26f2d8ee4 req-bfc620e0-d039-4d76-89ee-d1b26f2d8ee4 ] Request (FlavorsExtraSpecsNegativeTestJSON:tearDownClass): 201 POST http://10.180.1.21/identity/v3/auth/tokens 0.070s
2025-11-27 05:08:18.939 65713 INFO tempest.lib.common.rest_client [req-2498dba9-0301-4ec6-8fe2-c0043abc4609 req-2498dba9-0301-4ec6-8fe2-c0043abc4609 ] Request (SecurityGroupsTestAdminJSON:tearDownClass): 204 DELETE http://10.180.1.21/networking/v2.0/security-groups/00b70a4b-5b04-4187-901f-8b95fe957a72 0.238s
2025-11-27 05:08:19.004 65713 INFO tempest.lib.common.rest_client [req-7d71e67a-a49f-4b79-b164-cfc60a215a5b req-7d71e67a-a49f-4b79-b164-cfc60a215a5b ] Request (SecurityGroupsTestAdminJSON:tearDownClass): 204 DELETE http://10.180.1.21/identity/v3/projects/33c0d973bf9e4270b8e51983845630c6 0.065s
2025-11-27 05:08:19.062 65713 INFO tempest.lib.common.rest_client [req-3ea7eed5-a8a4-42a5-aa3a-caebecdc6fc1 req-3ea7eed5-a8a4-42a5-aa3a-caebecdc6fc1 ] Request (FloatingIPsNegativeTestJSON:setUpClass): 201 POST http://10.180.1.21/identity/v3/auth/tokens 0.056s
2025-11-27 05:08:19.094 65713 INFO tempest.lib.common.rest_client [req-69abab08-1865-4881-83c2-1c28ea5b2145 req-69abab08-1865-4881-83c2-1c28ea5b2145 ] Request (FloatingIPsNegativeTestJSON:setUpClass): 201 POST http://10.180.1.21/identity/v3/auth/tokens 0.028s
2025-11-27 05:08:19.124 65713 INFO tempest.lib.common.rest_client [req-6503f06a-085c-41cf-a7ac-3071fdd819cd req-6503f06a-085c-41cf-a7ac-3071fdd819cd ] Request (FloatingIPsNegativeTestJSON:setUpClass): 200 GET http://10.180.1.21/identity/v3/domains?name=Default 0.030s
2025-11-27 05:08:19.129 65703 INFO tempest.lib.common.rest_client [req-3d10bc9b-89d9-4fe8-b0d2-a3dc1e582266 req-3d10bc9b-89d9-4fe8-b0d2-a3dc1e582266 ] Request (ServersTestManualDisk:setUpClass): 200 GET http://10.180.1.21/compute/v2.1/servers/a3c4f969-4c1b-49a2-a7f1-f162d237af1c 3.713s
2025-11-27 05:08:19.136 65703 INFO tempest.common.waiters [-] State transition "BUILD/spawning" ==> "ACTIVE/None" after 22 second wait
2025-11-27 05:08:19.161 65713 INFO tempest.lib.common.rest_client [req-a06ef026-b6fe-49ab-b5b5-bc2e3496602c req-a06ef026-b6fe-49ab-b5b5-bc2e3496602c ] Request (FloatingIPsNegativeTestJSON:setUpClass): 201 POST http://10.180.1.21/identity/v3/projects 0.036s
2025-11-27 05:08:19.182 65741 INFO tempest.lib.common.rest_client [req-a6e4303d-3b4f-4fa4-947a-80a111458934 req-a6e4303d-3b4f-4fa4-947a-80a111458934 ] Request (FlavorsExtraSpecsNegativeTestJSON:tearDownClass): 200 GET http://10.180.1.21/networking/v2.0/security-groups?tenant_id=01f947e7c500425d8d616dd8ef5e7576&name=default 0.268s
2025-11-27 05:08:19.234 65713 INFO tempest.lib.common.rest_client [req-6cbc967d-7977-4661-beeb-e0bfcce4a7f4 req-6cbc967d-7977-4661-beeb-e0bfcce4a7f4 ] Request (FloatingIPsNegativeTestJSON:setUpClass): 201 POST http://10.180.1.21/identity/v3/users 0.072s
2025-11-27 05:08:19.255 65713 INFO tempest.lib.common.rest_client [req-be016316-613a-484c-8d49-98a48a4c0164 req-be016316-613a-484c-8d49-98a48a4c0164 ] Request (FloatingIPsNegativeTestJSON:setUpClass): 200 GET http://10.180.1.21/identity/v3/roles 0.021s
2025-11-27 05:08:19.284 65713 INFO tempest.lib.common.rest_client [req-8f661b63-22c9-4687-b46f-eb9e2abda213 req-8f661b63-22c9-4687-b46f-eb9e2abda213 ] Request (FloatingIPsNegativeTestJSON:setUpClass): 204 PUT http://10.180.1.21/identity/v3/projects/abe6837de1de412da24a852cc62cca43/users/8d426eb67c744deb9600ff7013c78997/roles/276902d10e684c22b9b1091da0fc2186 0.028s
2025-11-27 05:08:19.284 65713 INFO tempest.lib.common.dynamic_creds [-] Dynamic test user 8d426eb67c744deb9600ff7013c78997 is created with scope project and roles: ['member']
2025-11-27 05:08:19.285 65713 INFO tempest.lib.common.dynamic_creds [-] Acquired dynamic creds: credentials: Credentials: {'domain_id': 'default', 'domain_name': 'Default', 'username': 'tempest-FloatingIPsNegativeTestJSON-776480424-project-member', 'project_domain_id': 'default', 'project_domain_name': 'Default', 'project_id': 'abe6837de1de412da24a852cc62cca43', 'project_name': 'tempest-FloatingIPsNegativeTestJSON-776480424', 'tenant_id': 'abe6837de1de412da24a852cc62cca43', 'tenant_name': 'tempest-FloatingIPsNegativeTestJSON-776480424', 'user_domain_id': 'default', 'user_domain_name': 'Default', 'user_id': '8d426eb67c744deb9600ff7013c78997', 'system': None}, Network: None, Subnet: None, Router: None
2025-11-27 05:08:19.343 65741 INFO tempest.lib.common.rest_client [req-3aa5937a-94f5-425c-8d71-b5fb21c2b2d0 req-3aa5937a-94f5-425c-8d71-b5fb21c2b2d0 ] Request (FlavorsExtraSpecsNegativeTestJSON:tearDownClass): 204 DELETE http://10.180.1.21/networking/v2.0/security-groups/80ab1c2a-4146-40ff-abb9-56681855ecd7 0.160s
2025-11-27 05:08:19.344 65713 INFO tempest.lib.common.rest_client [req-3cd4979e-b59e-4c06-a540-c9e049cd1330 req-3cd4979e-b59e-4c06-a540-c9e049cd1330 ] Request (FloatingIPsNegativeTestJSON:setUpClass): 201 POST http://10.180.1.21/identity/v3/auth/tokens 0.059s
2025-11-27 05:08:19.422 65701 INFO tempest.lib.common.rest_client [req-f30e12d8-a4b2-4f63-9cf4-d8ac89535c87 req-f30e12d8-a4b2-4f63-9cf4-d8ac89535c87 ] Request (ServerActionsTestOtherB:setUpClass): 200 GET http://10.180.1.21/compute/v2.1/servers/c2a6e174-6bb4-4608-9415-a1b781620b97 3.821s
2025-11-27 05:08:19.431 65701 INFO tempest.common.waiters [-] State transition "BUILD/spawning" ==> "ACTIVE/None" after 16 second wait
2025-11-27 05:08:19.457 65741 INFO tempest.lib.common.rest_client [req-cf5ea72a-b005-45d4-a4e1-f35871746144 req-cf5ea72a-b005-45d4-a4e1-f35871746144 ] Request (FlavorsExtraSpecsNegativeTestJSON:tearDownClass): 204 DELETE http://10.180.1.21/identity/v3/projects/01f947e7c500425d8d616dd8ef5e7576 0.113s
2025-11-27 05:08:19.457 65741 INFO tempest.lib.common.dynamic_creds [-] Deleting project and security group for project: b57a506bcf0d43b5b3bed4bd266971eb
2025-11-27 05:08:19.465 65721 INFO tempest.lib.common.rest_client [req-b207d288-1e9e-4ddd-ad9a-3d4f218606d0 req-b207d288-1e9e-4ddd-ad9a-3d4f218606d0 ] Request (ImagesTestJSON:test_create_image_from_stopped_server): 200 GET http://10.180.1.21/compute/v2.1/images/d844f0d1-ecca-43f4-bd3c-683d80adadba 3.499s
2025-11-27 05:08:19.467 65723 INFO tempest.lib.common.rest_client [req-569158cf-e651-47b6-a13f-3f7ea48c0a68 req-569158cf-e651-47b6-a13f-3f7ea48c0a68 ] Request (QuotasAdminNegativeTest:test_create_server_when_memory_quota_is_full): 403 POST http://10.180.1.21/compute/v2.1/servers 3.987s
2025-11-27 05:08:19.741 65713 INFO tempest.lib.common.rest_client [req-996d82ae-2c8c-4b13-895c-9bbac4ecc781 req-996d82ae-2c8c-4b13-895c-9bbac4ecc781 ] Request (FloatingIPsNegativeTestJSON:setUpClass): 201 POST http://10.180.1.21/networking/v2.0/networks 0.397s
2025-11-27 05:08:19.868 65741 INFO tempest.lib.common.rest_client [req-7a55575f-1eba-4bdc-9d06-82c4e42116e1 req-7a55575f-1eba-4bdc-9d06-82c4e42116e1 ] Request (FlavorsExtraSpecsNegativeTestJSON:tearDownClass): 200 GET http://10.180.1.21/networking/v2.0/security-groups?tenant_id=b57a506bcf0d43b5b3bed4bd266971eb&name=default 0.411s
2025-11-27 05:08:20.136 65713 INFO tempest.lib.common.rest_client [req-7125d23c-af4e-42b7-bba9-8e024a007b5b req-7125d23c-af4e-42b7-bba9-8e024a007b5b ] Request (FloatingIPsNegativeTestJSON:setUpClass): 201 POST http://10.180.1.21/networking/v2.0/subnets 0.394s
2025-11-27 05:08:20.249 65741 INFO tempest.lib.common.rest_client [req-e9c58c91-de81-41e4-a3ca-aff5476a427e req-e9c58c91-de81-41e4-a3ca-aff5476a427e ] Request (FlavorsExtraSpecsNegativeTestJSON:tearDownClass): 204 DELETE http://10.180.1.21/networking/v2.0/security-groups/3cfab891-0d37-45a4-ae7e-3e87ac8a0f8e 0.380s
2025-11-27 05:08:20.286 65737 INFO tempest.lib.common.rest_client [req-244b1d19-c073-40aa-aca6-70c38aba213e req-244b1d19-c073-40aa-aca6-70c38aba213e ] Request (ServerDiagnosticsTest:test_get_server_diagnostics): 200 GET http://10.180.1.21/compute/v2.1/servers/cc22c482-b990-489e-b945-7256984855d1 4.046s
2025-11-27 05:08:20.295 65737 INFO tempest.common.waiters [-] State transition "BUILD/None" ==> "BUILD/spawning" after 5 second wait
2025-11-27 05:08:20.309 65757 INFO tempest.lib.common.rest_client [req-5626c954-b18e-4ff3-be8c-e7ebce7146f2 req-5626c954-b18e-4ff3-be8c-e7ebce7146f2 ] Request (ServerDiagnosticsNegativeTest:test_get_server_diagnostics_by_non_admin): 200 GET http://10.180.1.21/compute/v2.1/servers/05162c5a-57b3-4b49-99a5-77799c11f955 4.180s
2025-11-27 05:08:20.339 65741 INFO tempest.lib.common.rest_client [req-7369d85b-9592-41fb-85bd-b3ca49e6e33a req-7369d85b-9592-41fb-85bd-b3ca49e6e33a ] Request (FlavorsExtraSpecsNegativeTestJSON:tearDownClass): 204 DELETE http://10.180.1.21/identity/v3/projects/b57a506bcf0d43b5b3bed4bd266971eb 0.089s
2025-11-27 05:08:20.443 65741 INFO tempest.lib.common.rest_client [req-5315b058-71b1-4011-ba9e-8e353480d479 req-5315b058-71b1-4011-ba9e-8e353480d479 ] Request (HypervisorAdminUnderV252Test:setUpClass): 201 POST http://10.180.1.21/identity/v3/auth/tokens 0.102s
2025-11-27 05:08:20.476 65741 INFO tempest.lib.common.rest_client [req-b5bd05f3-ce67-4766-a1d1-126e94752495 req-b5bd05f3-ce67-4766-a1d1-126e94752495 ] Request (HypervisorAdminUnderV252Test:setUpClass): 201 POST http://10.180.1.21/identity/v3/auth/tokens 0.029s
2025-11-27 05:08:20.505 65741 INFO tempest.lib.common.rest_client [req-171c5fc4-9508-492e-a73e-bbcfef23413c req-171c5fc4-9508-492e-a73e-bbcfef23413c ] Request (HypervisorAdminUnderV252Test:setUpClass): 200 GET http://10.180.1.21/identity/v3/domains?name=Default 0.029s
2025-11-27 05:08:20.542 65741 INFO tempest.lib.common.rest_client [req-03182f5f-ead7-4336-908f-7bbad0d0366b req-03182f5f-ead7-4336-908f-7bbad0d0366b ] Request (HypervisorAdminUnderV252Test:setUpClass): 201 POST http://10.180.1.21/identity/v3/projects 0.036s
2025-11-27 05:08:20.626 65741 INFO tempest.lib.common.rest_client [req-34139994-7ea3-4dd9-af23-aac7dffa05cf req-34139994-7ea3-4dd9-af23-aac7dffa05cf ] Request (HypervisorAdminUnderV252Test:setUpClass): 201 POST http://10.180.1.21/identity/v3/users 0.082s
2025-11-27 05:08:20.647 65741 INFO tempest.lib.common.rest_client [req-b8fe01ad-a9af-491e-a0b3-14542e998bf4 req-b8fe01ad-a9af-491e-a0b3-14542e998bf4 ] Request (HypervisorAdminUnderV252Test:setUpClass): 200 GET http://10.180.1.21/identity/v3/roles 0.020s
2025-11-27 05:08:20.673 65741 INFO tempest.lib.common.rest_client [req-a007c7c4-d772-4ea2-b5b1-4cd77dff0382 req-a007c7c4-d772-4ea2-b5b1-4cd77dff0382 ] Request (HypervisorAdminUnderV252Test:setUpClass): 204 PUT http://10.180.1.21/identity/v3/projects/0074de99dc674d68ada89a3d4366ead3/users/206ee517b1ac4a53b619e15d68f22c09/roles/276902d10e684c22b9b1091da0fc2186 0.026s
2025-11-27 05:08:20.674 65741 INFO tempest.lib.common.dynamic_creds [-] Dynamic test user 206ee517b1ac4a53b619e15d68f22c09 is created with scope project and roles: ['member']
2025-11-27 05:08:20.674 65741 INFO tempest.lib.common.dynamic_creds [-] Acquired dynamic creds: credentials: Credentials: {'domain_id': 'default', 'domain_name': 'Default', 'username': 'tempest-HypervisorAdminUnderV252Test-832862844-project-member', 'project_domain_id': 'default', 'project_domain_name': 'Default', 'project_id': '0074de99dc674d68ada89a3d4366ead3', 'project_name': 'tempest-HypervisorAdminUnderV252Test-832862844', 'tenant_id': '0074de99dc674d68ada89a3d4366ead3', 'tenant_name': 'tempest-HypervisorAdminUnderV252Test-832862844', 'user_domain_id': 'default', 'user_domain_name': 'Default', 'user_id': '206ee517b1ac4a53b619e15d68f22c09', 'system': None}, Network: None, Subnet: None, Router: None
2025-11-27 05:08:20.674 65741 INFO tempest.lib.common.dynamic_creds [-] Created isolated network resources for: credentials: Credentials: {'domain_id': 'default', 'domain_name': 'Default', 'username': 'tempest-HypervisorAdminUnderV252Test-832862844-project-member', 'project_domain_id': 'default', 'project_domain_name': 'Default', 'project_id': '0074de99dc674d68ada89a3d4366ead3', 'project_name': 'tempest-HypervisorAdminUnderV252Test-832862844', 'tenant_id': '0074de99dc674d68ada89a3d4366ead3', 'tenant_name': 'tempest-HypervisorAdminUnderV252Test-832862844', 'user_domain_id': 'default', 'user_domain_name': 'Default', 'user_id': '206ee517b1ac4a53b619e15d68f22c09', 'system': None}, Network: None, Subnet: None, Router: None
2025-11-27 05:08:20.744 65741 INFO tempest.lib.common.rest_client [req-58dac819-8a3a-4781-9867-b0f539e86b1c req-58dac819-8a3a-4781-9867-b0f539e86b1c ] Request (HypervisorAdminUnderV252Test:setUpClass): 201 POST http://10.180.1.21/identity/v3/auth/tokens 0.067s
2025-11-27 05:08:20.818 65741 INFO tempest.lib.common.rest_client [req-0990c8e5-b686-42da-8e55-7e27b13c1313 req-0990c8e5-b686-42da-8e55-7e27b13c1313 ] Request (HypervisorAdminUnderV252Test:setUpClass): 201 POST http://10.180.1.21/identity/v3/projects 0.073s
2025-11-27 05:08:20.886 65741 INFO tempest.lib.common.rest_client [req-1d2138b0-f979-4fb8-a4ec-49e404480dd5 req-1d2138b0-f979-4fb8-a4ec-49e404480dd5 ] Request (HypervisorAdminUnderV252Test:setUpClass): 201 POST http://10.180.1.21/identity/v3/users 0.067s
2025-11-27 05:08:20.897 65715 INFO tempest.lib.common.rest_client [req-d0053823-23a1-49db-99c5-d9b6d5d32806 req-d0053823-23a1-49db-99c5-d9b6d5d32806 ] Request (ServersNegativeTestJSON:setUpClass): 200 GET http://10.180.1.21/compute/v2.1/servers/bee241c2-8a06-4245-a9a2-7253352d7ac6 4.576s
2025-11-27 05:08:20.915 65741 INFO tempest.lib.common.rest_client [req-4ebdafc0-c658-4f3e-81dc-66f356dd9b98 req-4ebdafc0-c658-4f3e-81dc-66f356dd9b98 ] Request (HypervisorAdminUnderV252Test:setUpClass): 200 GET http://10.180.1.21/identity/v3/roles 0.028s
2025-11-27 05:08:20.960 65741 INFO tempest.lib.common.rest_client [req-1cc09ce6-055b-4f90-a92f-69a8624a70a0 req-1cc09ce6-055b-4f90-a92f-69a8624a70a0 ] Request (HypervisorAdminUnderV252Test:setUpClass): 204 PUT http://10.180.1.21/identity/v3/projects/3232c8c0c88f4475a3338d2a2f11aba5/users/c985bf171ee74bb5ab0aa7becb6d628d/roles/866def929ff84ad1972c6205ffde910d 0.044s
2025-11-27 05:08:21.046 65741 INFO tempest.lib.common.rest_client [req-1f8b7f89-af7f-484f-8cd4-c43c5a1b9f8b req-1f8b7f89-af7f-484f-8cd4-c43c5a1b9f8b ] Request (HypervisorAdminUnderV252Test:setUpClass): 200 GET http://10.180.1.21/identity/v3/roles 0.085s
2025-11-27 05:08:21.053 65729 INFO tempest.lib.common.rest_client [req-dddd104b-d594-42c0-9f8a-722ec01047d9 req-dddd104b-d594-42c0-9f8a-722ec01047d9 ] Request (VolumesAssistedSnapshotsTest:test_volume_assisted_snapshot_create_delete): 200 GET http://10.180.1.21/compute/v2.1/servers/f22c2df2-a285-4627-b114-138623efe8b5 4.792s
2025-11-27 05:08:21.063 65729 INFO tempest.common.waiters [-] State transition "BUILD/spawning" ==> "ACTIVE/None" after 27 second wait
2025-11-27 05:08:21.069 65713 INFO tempest.lib.common.rest_client [req-775aac8e-cd62-46c7-bd43-1b1a6315da15 req-775aac8e-cd62-46c7-bd43-1b1a6315da15 ] Request (FloatingIPsNegativeTestJSON:setUpClass): 201 POST http://10.180.1.21/networking/v2.0/routers 0.932s
2025-11-27 05:08:21.075 65741 INFO tempest.lib.common.rest_client [req-5b50f159-f595-4ea3-b701-22f863482205 req-5b50f159-f595-4ea3-b701-22f863482205 ] Request (HypervisorAdminUnderV252Test:setUpClass): 204 PUT http://10.180.1.21/identity/v3/projects/3232c8c0c88f4475a3338d2a2f11aba5/users/c985bf171ee74bb5ab0aa7becb6d628d/roles/866def929ff84ad1972c6205ffde910d 0.029s
2025-11-27 05:08:21.075 65741 INFO tempest.lib.common.dynamic_creds [-] Dynamic test user c985bf171ee74bb5ab0aa7becb6d628d is created with scope project and roles: ['admin']
2025-11-27 05:08:21.075 65741 INFO tempest.lib.common.dynamic_creds [-] Acquired dynamic creds: credentials: Credentials: {'domain_id': 'default', 'domain_name': 'Default', 'username': 'tempest-HypervisorAdminUnderV252Test-1866046434-project-admin', 'project_domain_id': 'default', 'project_domain_name': 'Default', 'project_id': '3232c8c0c88f4475a3338d2a2f11aba5', 'project_name': 'tempest-HypervisorAdminUnderV252Test-1866046434', 'tenant_id': '3232c8c0c88f4475a3338d2a2f11aba5', 'tenant_name': 'tempest-HypervisorAdminUnderV252Test-1866046434', 'user_domain_id': 'default', 'user_domain_name': 'Default', 'user_id': 'c985bf171ee74bb5ab0aa7becb6d628d', 'system': None}, Network: None, Subnet: None, Router: None
2025-11-27 05:08:21.076 65741 INFO tempest.lib.common.dynamic_creds [-] Created isolated network resources for: credentials: Credentials: {'domain_id': 'default', 'domain_name': 'Default', 'username': 'tempest-HypervisorAdminUnderV252Test-1866046434-project-admin', 'project_domain_id': 'default', 'project_domain_name': 'Default', 'project_id': '3232c8c0c88f4475a3338d2a2f11aba5', 'project_name': 'tempest-HypervisorAdminUnderV252Test-1866046434', 'tenant_id': '3232c8c0c88f4475a3338d2a2f11aba5', 'tenant_name': 'tempest-HypervisorAdminUnderV252Test-1866046434', 'user_domain_id': 'default', 'user_domain_name': 'Default', 'user_id': 'c985bf171ee74bb5ab0aa7becb6d628d', 'system': None}, Network: None, Subnet: None, Router: None
2025-11-27 05:08:21.105 65735 INFO tempest.lib.common.rest_client [req-44bda4b3-3109-4753-865a-5f7c84e705e9 req-44bda4b3-3109-4753-865a-5f7c84e705e9 ] Request (ServersWithSpecificFlavorTestJSON:test_verify_created_server_ephemeral_disk): 200 GET http://10.180.1.21/compute/v2.1/servers/cb5706d2-71f7-44e1-9d72-3d3a83f9628d 4.250s
2025-11-27 05:08:21.131 65709 INFO tempest.lib.common.rest_client [req-3bdcc968-84a7-4f49-94a4-9bd019606111 req-3bdcc968-84a7-4f49-94a4-9bd019606111 ] Request (FlavorsV2TestJSON:test_list_flavors_filter_by_min_disk): 200 GET http://10.180.1.21/compute/v2.1/flavors/42 4.089s
2025-11-27 05:08:21.147 65717 INFO tempest.lib.common.rest_client [req-847174ca-756b-4018-8fe8-69105bbcf3fa req-847174ca-756b-4018-8fe8-69105bbcf3fa ] Request (QuotaClassesAdminTestJSON:test_update_default_quotas): 200 GET http://10.180.1.21/compute/v2.1/os-quota-class-sets/default 4.002s
2025-11-27 05:08:21.177 65741 INFO tempest.lib.common.rest_client [req-aa147fc5-7a30-4c2c-bea1-7615f72cd4af req-aa147fc5-7a30-4c2c-bea1-7615f72cd4af ] Request (HypervisorAdminUnderV252Test:setUpClass): 201 POST http://10.180.1.21/identity/v3/auth/tokens 0.098s
2025-11-27 05:08:21.380 65711 INFO tempest.lib.common.rest_client [req-717d401a-95c6-4449-9f82-417825323d59 req-717d401a-95c6-4449-9f82-417825323d59 ] Request (FlavorsAccessNegativeTestJSON:test_flavor_non_admin_add): 403 POST http://10.180.1.21/compute/v2.1/flavors/1607228042/action 4.217s
2025-11-27 05:08:21.509 65745 INFO tempest.lib.common.rest_client [req-296dd8cb-a3ea-4383-bd05-cc64fdb65cdf req-296dd8cb-a3ea-4383-bd05-cc64fdb65cdf ] Request (VolumesAdminNegativeTest:test_update_attached_volume_with_nonexistent_volume_in_uri): 200 GET http://10.180.1.21/compute/v2.1/servers/88e35b74-ed60-4630-a54f-50fb7a9cd529 4.508s
2025-11-27 05:08:21.551 65749 INFO tempest.lib.common.rest_client [req-dd6bef25-fc3f-428e-9222-8490ee43ae25 req-dd6bef25-fc3f-428e-9222-8490ee43ae25 ] Request (KeyPairsV2TestJSON:test_keypair_create_delete): 200 POST http://10.180.1.21/compute/v2.1/os-keypairs 3.844s
2025-11-27 05:08:21.557 65747 INFO tempest.lib.common.rest_client [req-fa522551-f4c3-42fd-ad18-a33a34f684a0 req-fa522551-f4c3-42fd-ad18-a33a34f684a0 ] Request (InstanceUsageAuditLogNegativeTestJSON:test_instance_usage_audit_logs_with_nonadmin_user): 403 GET http://10.180.1.21/compute/v2.1/os-instance_usage_audit_log/2025-11-27%2005%3A08%3A17 3.780s
2025-11-27 05:08:21.703 65747 INFO tempest.lib.common.rest_client [req-18357d72-9469-4344-8232-6d247b870f3b req-18357d72-9469-4344-8232-6d247b870f3b ] Request (InstanceUsageAuditLogNegativeTestJSON:tearDownClass): 204 DELETE http://10.180.1.21/identity/v3/users/2cd216f871ae418d8d54f987093119a5 0.143s
2025-11-27 05:08:21.811 65747 INFO tempest.lib.common.rest_client [req-aee40ede-690a-47c7-8912-d8a757b504f3 req-aee40ede-690a-47c7-8912-d8a757b504f3 ] Request (InstanceUsageAuditLogNegativeTestJSON:tearDownClass): 204 DELETE http://10.180.1.21/identity/v3/users/4210d0323bf84e268cb28501ee2b5c29 0.108s
2025-11-27 05:08:21.812 65747 INFO tempest.lib.common.dynamic_creds [-] Deleting project and security group for project: 434e2da7e0604657bf464619353782e6
2025-11-27 05:08:21.877 65705 INFO tempest.lib.common.rest_client [req-bbd9a156-61dc-4f0d-80eb-74bd57573a04 req-bbd9a156-61dc-4f0d-80eb-74bd57573a04 ] Request (ListImageFiltersTestJSON:setUpClass): 200 GET http://10.180.1.21/compute/v2.1/servers/2e14e82e-35bc-4b2c-ad1c-ce0891943daa 4.446s
2025-11-27 05:08:21.885 65747 INFO tempest.lib.common.rest_client [req-3feafcab-4921-4827-97f2-7c67d0befe0a req-3feafcab-4921-4827-97f2-7c67d0befe0a ] Request (InstanceUsageAuditLogNegativeTestJSON:tearDownClass): 201 POST http://10.180.1.21/identity/v3/auth/tokens 0.073s
2025-11-27 05:08:22.225 65713 INFO tempest.lib.common.rest_client [req-295e9cb0-040a-4c30-92d2-fc59a0690c87 req-295e9cb0-040a-4c30-92d2-fc59a0690c87 ] Request (FloatingIPsNegativeTestJSON:setUpClass): 200 PUT http://10.180.1.21/networking/v2.0/routers/60f01013-bc3e-4981-a816-6420bba83340/add_router_interface 1.156s
2025-11-27 05:08:22.226 65713 INFO tempest.lib.common.dynamic_creds [-] Created isolated network resources for: credentials: Credentials: {'domain_id': 'default', 'domain_name': 'Default', 'username': 'tempest-FloatingIPsNegativeTestJSON-776480424-project-member', 'project_domain_id': 'default', 'project_domain_name': 'Default', 'project_id': 'abe6837de1de412da24a852cc62cca43', 'project_name': 'tempest-FloatingIPsNegativeTestJSON-776480424', 'tenant_id': 'abe6837de1de412da24a852cc62cca43', 'tenant_name': 'tempest-FloatingIPsNegativeTestJSON-776480424', 'user_domain_id': 'default', 'user_domain_name': 'Default', 'user_id': '8d426eb67c744deb9600ff7013c78997', 'system': None}, Network: {'id': 'f6865b9c-0971-48b2-8d05-6233db0bd1c0', 'name': 'tempest-FloatingIPsNegativeTestJSON-1075730825-network', 'tenant_id': 'abe6837de1de412da24a852cc62cca43', 'project_id': 'abe6837de1de412da24a852cc62cca43', 'admin_state_up': True, 'mtu': 8950, 'status': 'ACTIVE', 'subnets': [], 'shared': False, 'port_security_enabled': True, 'router:external': False, 'provider:network_type': 'vlan', 'provider:physical_network': 'default', 'provider:segmentation_id': 434, 'availability_zone_hints': [], 'availability_zones': [], 'ipv4_address_scope': None, 'ipv6_address_scope': None, 'description': '', 'tags': [], 'created_at': '2025-11-27T05:08:19Z', 'updated_at': '2025-11-27T05:08:19Z', 'revision_number': 1}, Subnet: {'id': '0060f621-5c19-4ff7-9b66-30f991d2762e', 'name': 'tempest-FloatingIPsNegativeTestJSON-1075730825-subnet', 'tenant_id': 'abe6837de1de412da24a852cc62cca43', 'network_id': 'f6865b9c-0971-48b2-8d05-6233db0bd1c0', 'ip_version': 4, 'subnetpool_id': None, 'enable_dhcp': True, 'ipv6_ra_mode': None, 'ipv6_address_mode': None, 'gateway_ip': '192.168.128.1', 'cidr': '192.168.128.0/28', 'allocation_pools': [{'start': '192.168.128.2', 'end': '192.168.128.14'}], 'host_routes': [], 'dns_nameservers': [], 'description': '', 'router:external': False, 'service_types': [], 'tags': [], 'created_at': '2025-11-27T05:08:20Z', 'updated_at': '2025-11-27T05:08:20Z', 'revision_number': 0, 'project_id': 'abe6837de1de412da24a852cc62cca43'}, Router: {'id': '60f01013-bc3e-4981-a816-6420bba83340', 'name': 'tempest-FloatingIPsNegativeTestJSON-1075730825-router', 'tenant_id': 'abe6837de1de412da24a852cc62cca43', 'admin_state_up': True, 'status': 'ACTIVE', 'external_gateway_info': {'network_id': 'a6b10570-878a-452f-a110-015b12075bee', 'external_fixed_ips': [{'subnet_id': '705ffa78-1cbe-4a3b-81d6-37647a9c358a', 'ip_address': '10.180.180.239'}], 'enable_snat': True}, 'description': '', 'availability_zones': [], 'distributed': False, 'ha': False, 'availability_zone_hints': [], 'routes': [], 'flavor_id': None, 'tags': [], 'created_at': '2025-11-27T05:08:20Z', 'updated_at': '2025-11-27T05:08:20Z', 'revision_number': 2, 'project_id': 'abe6837de1de412da24a852cc62cca43'}
2025-11-27 05:08:22.277 65727 INFO tempest.lib.common.rest_client [req-33d29fc3-175a-4b7d-b7fe-e88ef9e511b7 req-33d29fc3-175a-4b7d-b7fe-e88ef9e511b7 ] Request (ServerAddressesTestJSON:setUpClass): 200 GET http://10.180.1.21/compute/v2.1/servers/b50fbec0-fe28-4cad-b98d-0034db0dbbfa 4.335s
2025-11-27 05:08:22.318 65713 INFO tempest.lib.common.rest_client [req-aa092c3f-e2c8-447f-89e3-fa04d2d87194 req-aa092c3f-e2c8-447f-89e3-fa04d2d87194 ] Request (FloatingIPsNegativeTestJSON:setUpClass): 201 POST http://10.180.1.21/identity/v3/auth/tokens 0.089s
2025-11-27 05:08:22.343 65751 INFO tempest.lib.common.rest_client [req-dfcbe2a2-38bd-420b-a8d7-0d57a57ecbb0 req-dfcbe2a2-38bd-420b-a8d7-0d57a57ecbb0 ] Request (VolumesSnapshotsTestJSON:_run_cleanups): 202 DELETE http://10.180.1.21/compute/v2.1/os-volumes/78b9f3e1-2d6b-4ea6-8e28-8d34b27e2a4e 3.921s
2025-11-27 05:08:22.362 65707 INFO tempest.lib.common.rest_client [req-45bcde67-de22-4e71-acca-4c2519e2a16c req-45bcde67-de22-4e71-acca-4c2519e2a16c ] Request (KeyPairsV22TestJSON:_run_cleanups): 204 DELETE http://10.180.1.21/compute/v2.1/os-keypairs/tempest-keypair-994299012 3.888s
2025-11-27 05:08:22.368 65695 INFO tempest.lib.common.rest_client [req-b83acd67-45ef-4e80-81dc-658559422bf9 req-b83acd67-45ef-4e80-81dc-658559422bf9 ] Request (HostsAdminNegativeTestJSON:test_update_host_with_non_admin_user): 403 PUT http://10.180.1.21/compute/v2.1/os-hosts/devstack 3.856s
