2025-11-21 20:41:53.736 65812 INFO tempest.common.waiters [-] State transition "BUILD/None" ==> "BUILD/spawning" after 23 second wait
2025-11-21 20:41:53.766 65810 INFO tempest.lib.common.rest_client [req-f5db8e66-0b64-4f0b-916c-f6ac4cb3bdc5 req-f5db8e66-0b64-4f0b-916c-f6ac4cb3bdc5 ] Request (ImagesMetadataTestJSON:test_delete_image_metadata_item): 200 GET http://10.180.1.21/compute/v2.1/images/24dfceb1-2feb-4d5a-b733-bbba6d675a7e/metadata 2.999s
2025-11-21 20:41:53.783 65800 INFO tempest.lib.common.rest_client [req-d022a0bf-33e9-4353-82a9-d61785a169d9 req-d022a0bf-33e9-4353-82a9-d61785a169d9 ] Request (AbsoluteLimitsNegativeTestJSON:setUpClass): 201 POST http://10.180.1.21/identity/v3/users 0.077s
2025-11-21 20:41:53.795 65770 INFO tempest.lib.common.rest_client [req-f247d959-384f-4234-b116-f44b87b9b989 req-f247d959-384f-4234-b116-f44b87b9b989 ] Request (FloatingIPDetailsNegativeTestJSON:test_get_nonexistent_floating_ip_details): 404 GET http://10.180.1.21/compute/v2.1/os-floating-ips/907f98b3-0405-494c-bdb7-e365e8d2a795 5.928s
2025-11-21 20:41:53.808 65800 INFO tempest.lib.common.rest_client [req-f453e3b9-c2c8-4b10-9989-09b80cd907e3 req-f453e3b9-c2c8-4b10-9989-09b80cd907e3 ] Request (AbsoluteLimitsNegativeTestJSON:setUpClass): 200 GET http://10.180.1.21/identity/v3/roles 0.024s
2025-11-21 20:41:53.844 65814 INFO tempest.lib.common.rest_client [req-4d5ddf8e-f196-474b-b195-9c4135237920 req-4d5ddf8e-f196-474b-b195-9c4135237920 ] Request (ImagesOneServerTestJSON:test_create_image_specify_multibyte_character_image_name): 200 GET http://10.180.1.21/compute/v2.1/images/986c0827-ba29-4ff0-9f0b-5392ff115f3d 2.924s
2025-11-21 20:41:53.845 65800 INFO tempest.lib.common.rest_client [req-fcf160eb-870a-46d7-b32e-9f2b1a5fe241 req-fcf160eb-870a-46d7-b32e-9f2b1a5fe241 ] Request (AbsoluteLimitsNegativeTestJSON:setUpClass): 204 PUT http://10.180.1.21/identity/v3/projects/49538d4f1526450d8e28e71734e8b7a3/users/be59c9efdd1847fe90d42991045f9080/roles/c8b760fdf82c444985153c07ff400fc9 0.036s
2025-11-21 20:41:53.845 65800 INFO tempest.lib.common.dynamic_creds [-] Dynamic test user be59c9efdd1847fe90d42991045f9080 is created with scope project and roles: ['member']
2025-11-21 20:41:53.845 65800 INFO tempest.lib.common.dynamic_creds [-] Acquired dynamic creds: credentials: Credentials: {'domain_id': 'default', 'domain_name': 'Default', 'username': 'tempest-AbsoluteLimitsNegativeTestJSON-158684664-project-member', 'project_domain_id': 'default', 'project_domain_name': 'Default', 'project_id': '49538d4f1526450d8e28e71734e8b7a3', 'project_name': 'tempest-AbsoluteLimitsNegativeTestJSON-158684664', 'tenant_id': '49538d4f1526450d8e28e71734e8b7a3', 'tenant_name': 'tempest-AbsoluteLimitsNegativeTestJSON-158684664', 'user_domain_id': 'default', 'user_domain_name': 'Default', 'user_id': 'be59c9efdd1847fe90d42991045f9080', 'system': None}, Network: None, Subnet: None, Router: None
2025-11-21 20:41:53.845 65800 INFO tempest.lib.common.dynamic_creds [-] Created isolated network resources for: credentials: Credentials: {'domain_id': 'default', 'domain_name': 'Default', 'username': 'tempest-AbsoluteLimitsNegativeTestJSON-158684664-project-member', 'project_domain_id': 'default', 'project_domain_name': 'Default', 'project_id': '49538d4f1526450d8e28e71734e8b7a3', 'project_name': 'tempest-AbsoluteLimitsNegativeTestJSON-158684664', 'tenant_id': '49538d4f1526450d8e28e71734e8b7a3', 'tenant_name': 'tempest-AbsoluteLimitsNegativeTestJSON-158684664', 'user_domain_id': 'default', 'user_domain_name': 'Default', 'user_id': 'be59c9efdd1847fe90d42991045f9080', 'system': None}, Network: None, Subnet: None, Router: None
2025-11-21 20:41:53.889 65826 INFO tempest.lib.common.rest_client [req-50aa2a90-b34a-41d1-a6b0-d0900495ac29 req-50aa2a90-b34a-41d1-a6b0-d0900495ac29 ] Request (ServerActionsTestJSON:test_lock_unlock_server): 202 POST http://10.180.1.21/compute/v2.1/servers/cde5e247-0e3b-4dbd-b715-3cf5312465e2/action 3.065s
2025-11-21 20:41:53.939 65800 INFO tempest.lib.common.rest_client [req-798d10e8-496d-49d2-9c4d-acd9cf2ecb1d req-798d10e8-496d-49d2-9c4d-acd9cf2ecb1d ] Request (AbsoluteLimitsNegativeTestJSON:setUpClass): 201 POST http://10.180.1.21/identity/v3/auth/tokens 0.088s
2025-11-21 20:41:54.297 65790 INFO tempest.lib.common.rest_client [req-2fadec41-170c-4720-8baa-6a14d9fcd12a req-2fadec41-170c-4720-8baa-6a14d9fcd12a ] Request (FloatingIPsAssociationTestJSON:setUpClass): 200 GET http://10.180.1.21/compute/v2.1/servers/ac183b2c-d144-4e65-9ddf-12ffc4f4093c 3.331s
2025-11-21 20:41:54.605 65770 INFO tempest.lib.common.rest_client [req-6d82bd54-044c-4c40-960e-aa42e4b2899c req-6d82bd54-044c-4c40-960e-aa42e4b2899c ] Request (FloatingIPDetailsNegativeTestJSON:tearDownClass): 200 PUT http://10.180.1.21/networking/v2.0/routers/d0947edc-c736-4896-b53a-f65e6f2f994f/remove_router_interface 0.809s
2025-11-21 20:41:54.694 65816 INFO tempest.lib.common.rest_client [req-19c066b9-3772-4cce-920c-a51a3123ceef req-19c066b9-3772-4cce-920c-a51a3123ceef ] Request (SecurityGroupRulesNegativeTestJSON:tearDownClass): 202 DELETE http://10.180.1.21/compute/v2.1/os-security-groups/911bd1e7-1109-47b5-9bda-965d373997ee 3.401s
2025-11-21 20:41:54.700 65772 INFO tempest.lib.common.rest_client [req-405a9885-f5bb-4f27-88c8-d60244ef6550 req-405a9885-f5bb-4f27-88c8-d60244ef6550 ] Request (FloatingIPsAssociationNegativeTestJSON:test_associate_ip_to_server_without_passing_floating_ip): 400 POST http://10.180.1.21/compute/v2.1/servers/0d9b1d43-083c-4b85-bbdd-1f2ec722a3ba/action 2.695s
2025-11-21 20:41:55.152 65770 INFO tempest.lib.common.rest_client [req-2c9e49cb-21a4-414f-8648-f52cbf34d33c req-2c9e49cb-21a4-414f-8648-f52cbf34d33c ] Request (FloatingIPDetailsNegativeTestJSON:tearDownClass): 204 DELETE http://10.180.1.21/networking/v2.0/routers/d0947edc-c736-4896-b53a-f65e6f2f994f 0.546s
2025-11-21 20:41:55.182 65822 INFO tempest.lib.common.rest_client [req-2f6d23fb-8fd6-4185-9773-f4925e6147b3 req-2f6d23fb-8fd6-4185-9773-f4925e6147b3 ] Request (ServerGroupTestJSON:test_create_server_with_scheduler_hint_group): 200 GET http://10.180.1.21/compute/v2.1/servers/80fb72d3-6e2c-4118-9936-ba8ce2d59b93 3.175s
2025-11-21 20:41:55.216 65782 INFO tempest.lib.common.rest_client [req-597da01c-9de3-4852-9266-dbc31a9fd407 req-597da01c-9de3-4852-9266-dbc31a9fd407 ] Request (ServersAdminNegativeTestJSON:setUpClass): 200 GET http://10.180.1.21/compute/v2.1/servers/1eece51a-ce27-4f28-b23e-e8c706d0895b 3.325s
2025-11-21 20:41:55.226 65782 INFO tempest.common.waiters [-] State transition "BUILD/None" ==> "BUILD/block_device_mapping" after 19 second wait
2025-11-21 20:41:55.261 65780 INFO tempest.lib.common.rest_client [req-6fe24944-02c7-41e5-a4c6-126645dda62e req-6fe24944-02c7-41e5-a4c6-126645dda62e ] Request (ListImageFiltersTestJSON:setUpClass): 200 GET http://10.180.1.21/compute/v2.1/images/ba460b08-33ce-4c93-923a-01410b7424e4 3.220s
2025-11-21 20:41:55.321 65770 INFO tempest.lib.common.rest_client [req-95b0e254-af8d-485b-a622-066d696e4613 req-95b0e254-af8d-485b-a622-066d696e4613 ] Request (FloatingIPDetailsNegativeTestJSON:tearDownClass): 204 DELETE http://10.180.1.21/networking/v2.0/subnets/62f9c64d-d799-4316-b2d8-1df694e7fdd1 0.169s
2025-11-21 20:41:55.370 65774 INFO tempest.lib.common.rest_client [req-f210e646-0fac-4920-8cd4-2c62faf79e40 req-f210e646-0fac-4920-8cd4-2c62faf79e40 ] Request (ImagesNegativeTestJSON:test_create_image_from_deleted_server): 200 GET http://10.180.1.21/compute/v2.1/servers/47ed285c-fd2a-436a-a3a4-bc08f62c1bbc 3.335s
2025-11-21 20:41:55.389 65778 INFO tempest.lib.common.rest_client [req-079ac11b-fb23-4340-936e-6e6c5d3d8ae8 req-079ac11b-fb23-4340-936e-6e6c5d3d8ae8 ] Request (DeleteServersTestJSON:test_delete_server_while_in_attached_volume): 200 GET http://10.180.1.21/compute/v2.1/servers/ff5e8ecd-f8bc-452f-82fd-f4feb7533452 3.291s
2025-11-21 20:41:55.397 65792 INFO tempest.lib.common.rest_client [req-1240831a-abd7-4812-b39f-a9f1b1b27bb9 req-1240831a-abd7-4812-b39f-a9f1b1b27bb9 ] Request (MultipleCreateNegativeTestJSON:test_min_count_non_integer): 400 POST http://10.180.1.21/compute/v2.1/servers 3.290s
2025-11-21 20:41:55.527 65770 INFO tempest.lib.common.rest_client [req-b3f03ef5-7cc0-4346-bcb3-7b641b8fc42e req-b3f03ef5-7cc0-4346-bcb3-7b641b8fc42e ] Request (FloatingIPDetailsNegativeTestJSON:tearDownClass): 204 DELETE http://10.180.1.21/networking/v2.0/networks/d3e77cba-4263-4437-876a-7305003c55c7 0.205s
2025-11-21 20:41:55.553 65792 INFO tempest.lib.common.rest_client [req-64a76c7c-b289-4795-8aaa-297bc5c702d8 req-64a76c7c-b289-4795-8aaa-297bc5c702d8 ] Request (MultipleCreateNegativeTestJSON:tearDownClass): 204 DELETE http://10.180.1.21/identity/v3/users/80b0787beb554aaba9c3e50c5130c4e1 0.155s
2025-11-21 20:41:55.554 65792 INFO tempest.lib.common.dynamic_creds [-] Deleting project and security group for project: a8cb7eb5ed2d4e6fac7fdfb659672dc0
2025-11-21 20:41:55.584 65788 INFO tempest.lib.common.rest_client [req-2f19bf92-b287-46b6-aba1-953e071293be req-2f19bf92-b287-46b6-aba1-953e071293be ] Request (DeleteServersAdminTestJSON:test_delete_server_while_in_error_state): 200 GET http://10.180.1.21/compute/v2.1/servers/e3cd5f2a-fa89-4685-9e0e-ed5c86ff1459 3.485s
2025-11-21 20:41:55.589 65806 INFO tempest.lib.common.rest_client [req-9aa18000-3ff9-4502-ad27-343fd293c52a req-9aa18000-3ff9-4502-ad27-343fd293c52a ] Request (InstanceActionsV221TestJSON:test_get_list_deleted_instance_actions): 200 GET http://10.180.1.21/compute/v2.1/servers/3870348a-33d6-43b2-9e7a-a4cd68a9e5f1 3.427s
2025-11-21 20:41:55.596 65797 INFO tempest.lib.common.rest_client [req-01ee972e-5563-4b09-a607-ed2da2bad798 req-01ee972e-5563-4b09-a607-ed2da2bad798 ] Request (FlavorsAccessNegativeTestJSON:test_flavor_non_admin_remove): 403 POST http://10.180.1.21/compute/v2.1/flavors/999655886/action 3.249s
2025-11-21 20:41:55.687 65792 INFO tempest.lib.common.rest_client [req-6d551897-5746-4fb0-8b0b-9de25d8d0b64 req-6d551897-5746-4fb0-8b0b-9de25d8d0b64 ] Request (MultipleCreateNegativeTestJSON:tearDownClass): 201 POST http://10.180.1.21/identity/v3/auth/tokens 0.133s
2025-11-21 20:41:55.771 65770 INFO tempest.lib.common.rest_client [req-07e41c47-ba65-4287-bc55-b2a718e327c9 req-07e41c47-ba65-4287-bc55-b2a718e327c9 ] Request (FloatingIPDetailsNegativeTestJSON:tearDownClass): 204 DELETE http://10.180.1.21/identity/v3/users/f7bd51a15c074edab1676c30ee6134a2 0.244s
2025-11-21 20:41:55.771 65770 INFO tempest.lib.common.dynamic_creds [-] Deleting project and security group for project: d82b29b3d84741b596deb41e661f3dc2
2025-11-21 20:41:55.849 65804 INFO tempest.lib.common.rest_client [req-746e6d28-b3db-4e60-9b98-fce2232603db req-746e6d28-b3db-4e60-9b98-fce2232603db ] Request (KeyPairsNegativeTestJSON:test_create_keypair_invalid_name): 400 POST http://10.180.1.21/compute/v2.1/os-keypairs 3.177s
2025-11-21 20:41:55.955 65792 INFO tempest.lib.common.rest_client [req-e1ca2b0d-b41a-46b7-970b-e3f75f8423ef req-e1ca2b0d-b41a-46b7-970b-e3f75f8423ef ] Request (MultipleCreateNegativeTestJSON:tearDownClass): 200 GET http://10.180.1.21/networking/v2.0/security-groups?tenant_id=a8cb7eb5ed2d4e6fac7fdfb659672dc0&name=default 0.268s
2025-11-21 20:41:55.978 65798 INFO tempest.lib.common.rest_client [req-920bdc6e-312f-4316-85b7-4bd55d7ccc0d req-920bdc6e-312f-4316-85b7-4bd55d7ccc0d ] Request (MultipleCreateTestJSON:test_multiple_create_with_reservation_return): 200 GET http://10.180.1.21/compute/v2.1/servers/491c5ebd-c37f-40bc-b7dc-cffb75fbe7b1 3.791s
2025-11-21 20:41:55.988 65770 INFO tempest.lib.common.rest_client [req-0ce817c1-603d-4b41-934d-0a8632a8bfe1 req-0ce817c1-603d-4b41-934d-0a8632a8bfe1 ] Request (FloatingIPDetailsNegativeTestJSON:tearDownClass): 200 GET http://10.180.1.21/networking/v2.0/security-groups?tenant_id=d82b29b3d84741b596deb41e661f3dc2&name=default 0.216s
2025-11-21 20:41:55.995 65828 INFO tempest.lib.common.rest_client [req-3593837c-2c3b-468c-80c7-7e9a8ee15767 req-3593837c-2c3b-468c-80c7-7e9a8ee15767 ] Request (FlavorsAdminTestJSON:test_is_public_string_variations): 200 GET http://10.180.1.21/compute/v2.1/flavors/detail?is_public=0 3.244s
2025-11-21 20:41:56.010 65786 INFO tempest.lib.common.rest_client [req-d4b3e94b-cb97-42a2-aedc-fc0a22f2e85e req-d4b3e94b-cb97-42a2-aedc-fc0a22f2e85e ] Request (AggregatesAdminNegativeTestJSON:test_aggregate_remove_host_as_user): 403 POST http://10.180.1.21/compute/v2.1/os-aggregates/7/action 3.108s
2025-11-21 20:41:56.106 65792 INFO tempest.lib.common.rest_client [req-fc2633a1-be44-4d47-bc1c-341e9878a719 req-fc2633a1-be44-4d47-bc1c-341e9878a719 ] Request (MultipleCreateNegativeTestJSON:tearDownClass): 204 DELETE http://10.180.1.21/networking/v2.0/security-groups/b78e5ddd-7ee7-4b63-a9bd-31f8c35aa291 0.150s
2025-11-21 20:41:56.132 65770 INFO tempest.lib.common.rest_client [req-c5db989e-1fbf-49eb-8372-73ae67959b5f req-c5db989e-1fbf-49eb-8372-73ae67959b5f ] Request (FloatingIPDetailsNegativeTestJSON:tearDownClass): 204 DELETE http://10.180.1.21/networking/v2.0/security-groups/5b3a9457-175a-432a-a47a-a1f6120129a9 0.144s
2025-11-21 20:41:56.137 65820 INFO tempest.lib.common.rest_client [req-16f70f2d-1ded-4fd9-9270-24eaad2759b5 req-16f70f2d-1ded-4fd9-9270-24eaad2759b5 ] Request (ImagesOneServerNegativeTestJSON:setUp): 200 GET http://10.180.1.21/compute/v2.1/servers/bf4b716b-1514-4c79-a1fd-34846d330eda 3.406s
2025-11-21 20:41:56.176 65792 INFO tempest.lib.common.rest_client [req-b2ed1576-6f42-4327-976c-ef3bcde22ef5 req-b2ed1576-6f42-4327-976c-ef3bcde22ef5 ] Request (MultipleCreateNegativeTestJSON:tearDownClass): 204 DELETE http://10.180.1.21/identity/v3/projects/a8cb7eb5ed2d4e6fac7fdfb659672dc0 0.070s
2025-11-21 20:41:56.200 65770 INFO tempest.lib.common.rest_client [req-160d9762-3c61-45dc-9e66-90e6e54912e9 req-160d9762-3c61-45dc-9e66-90e6e54912e9 ] Request (FloatingIPDetailsNegativeTestJSON:tearDownClass): 204 DELETE http://10.180.1.21/identity/v3/projects/d82b29b3d84741b596deb41e661f3dc2 0.067s
2025-11-21 20:41:56.202 65818 INFO tempest.lib.common.rest_client [req-63520adf-38c7-4a6a-8a99-2e9abbaf1527 req-63520adf-38c7-4a6a-8a99-2e9abbaf1527 ] Request (ServersAdminTestJSON:test_inject_network_info): 200 GET http://10.180.1.21/compute/v2.1/servers/625682a5-beee-49e9-bbb3-a188c3c41f0d 3.173s
2025-11-21 20:41:56.252 65792 INFO tempest.lib.common.rest_client [req-493e6d0f-dd3e-46d5-9c09-da98f563d349 req-493e6d0f-dd3e-46d5-9c09-da98f563d349 ] Request (ServersAaction247Test:setUpClass): 201 POST http://10.180.1.21/identity/v3/auth/tokens 0.073s
2025-11-21 20:41:56.263 65776 INFO tempest.lib.common.rest_client [req-d8b0fc96-d3b2-4043-95eb-fd63d0d6ad26 req-d8b0fc96-d3b2-4043-95eb-fd63d0d6ad26 ] Request (QuotasAdminTestJSON:test_update_all_quota_resources_for_tenant): 200 PUT http://10.180.1.21/compute/v2.1/os-quota-sets/1e962a6530b14d7a8697129db7825ffb 3.239s
2025-11-21 20:41:56.279 65770 INFO tempest.lib.common.rest_client [req-8e435b96-d264-475f-a0bf-da58dd78a8db req-8e435b96-d264-475f-a0bf-da58dd78a8db ] Request (KeyPairsV2TestJSON:setUpClass): 201 POST http://10.180.1.21/identity/v3/auth/tokens 0.078s
2025-11-21 20:41:56.280 65792 INFO tempest.lib.common.rest_client [req-5ae4be3f-f8b7-421b-9e06-ddbd6105e86a req-5ae4be3f-f8b7-421b-9e06-ddbd6105e86a ] Request (ServersAaction247Test:setUpClass): 201 POST http://10.180.1.21/identity/v3/auth/tokens 0.026s
2025-11-21 20:41:56.295 65794 INFO tempest.lib.common.rest_client [req-a494c123-018c-4a58-a6a2-db315b883262 req-a494c123-018c-4a58-a6a2-db315b883262 ] Request (MigrationsAdminTest:test_list_migrations_in_flavor_resize_situation): 200 POST http://10.180.1.21/compute/v2.1/os-keypairs 2.897s
2025-11-21 20:41:56.310 65792 INFO tempest.lib.common.rest_client [req-aebdc0c5-bee1-4754-a1a7-715ca50e9585 req-aebdc0c5-bee1-4754-a1a7-715ca50e9585 ] Request (ServersAaction247Test:setUpClass): 200 GET http://10.180.1.21/identity/v3/domains?name=Default 0.029s
2025-11-21 20:41:56.312 65770 INFO tempest.lib.common.rest_client [req-62ebb7c9-2cf1-4ed5-a80c-e98760fff2f0 req-62ebb7c9-2cf1-4ed5-a80c-e98760fff2f0 ] Request (KeyPairsV2TestJSON:setUpClass): 201 POST http://10.180.1.21/identity/v3/auth/tokens 0.030s
2025-11-21 20:41:56.337 65770 INFO tempest.lib.common.rest_client [req-dc231da8-cf8d-48c2-bd1d-86819aaa3e96 req-dc231da8-cf8d-48c2-bd1d-86819aaa3e96 ] Request (KeyPairsV2TestJSON:setUpClass): 200 GET http://10.180.1.21/identity/v3/domains?name=Default 0.025s
2025-11-21 20:41:56.340 65792 INFO tempest.lib.common.rest_client [req-de2f278c-ef29-4baa-bc75-d5be65a94abd req-de2f278c-ef29-4baa-bc75-d5be65a94abd ] Request (ServersAaction247Test:setUpClass): 201 POST http://10.180.1.21/identity/v3/projects 0.030s
2025-11-21 20:41:56.367 65831 INFO tempest.lib.common.rest_client [req-42a210fd-51c8-4c91-b4b7-dbfc764f9180 req-42a210fd-51c8-4c91-b4b7-dbfc764f9180 ] Request (ServerRescueTestJSONUnderV235:setUpClass): 200 POST http://10.180.1.21/compute/v2.1/servers/45c2e0c5-9481-4e6d-b83d-545c7d2163a4/action 2.943s
2025-11-21 20:41:56.405 65794 INFO tempest.lib.common.rest_client [req-78764199-70ff-4cdc-b666-b401f0e5a9d9 req-78764199-70ff-4cdc-b666-b401f0e5a9d9 ] Request (MigrationsAdminTest:test_list_migrations_in_flavor_resize_situation): 201 POST http://10.180.1.21/networking/v2.0/security-groups 0.109s
2025-11-21 20:41:56.406 65770 INFO tempest.lib.common.rest_client [req-6225f785-8435-4b25-8f2f-f69c2e6b8d21 req-6225f785-8435-4b25-8f2f-f69c2e6b8d21 ] Request (KeyPairsV2TestJSON:setUpClass): 201 POST http://10.180.1.21/identity/v3/projects 0.068s
2025-11-21 20:41:56.409 65792 INFO tempest.lib.common.rest_client [req-aecb9602-a155-4082-83d6-e70e6988b4cb req-aecb9602-a155-4082-83d6-e70e6988b4cb ] Request (ServersAaction247Test:setUpClass): 201 POST http://10.180.1.21/identity/v3/users 0.068s
2025-11-21 20:41:56.481 65792 INFO tempest.lib.common.rest_client [req-2b61a78d-b825-4da7-a8b4-935378ccc169 req-2b61a78d-b825-4da7-a8b4-935378ccc169 ] Request (ServersAaction247Test:setUpClass): 200 GET http://10.180.1.21/identity/v3/roles 0.072s
2025-11-21 20:41:56.500 65770 INFO tempest.lib.common.rest_client [req-7bb7f1ab-03b9-4858-ac1f-d8cb14ff9c09 req-7bb7f1ab-03b9-4858-ac1f-d8cb14ff9c09 ] Request (KeyPairsV2TestJSON:setUpClass): 201 POST http://10.180.1.21/identity/v3/users 0.093s
2025-11-21 20:41:56.523 65792 INFO tempest.lib.common.rest_client [req-2bdf04b7-5771-47d2-8b90-6506eb7b191c req-2bdf04b7-5771-47d2-8b90-6506eb7b191c ] Request (ServersAaction247Test:setUpClass): 204 PUT http://10.180.1.21/identity/v3/projects/30f3695b718e48008c3b61eb34b5c1c8/users/fb660bd3c0614801ad897c6e1f6b4e85/roles/c8b760fdf82c444985153c07ff400fc9 0.041s
2025-11-21 20:41:56.524 65792 INFO tempest.lib.common.dynamic_creds [-] Dynamic test user fb660bd3c0614801ad897c6e1f6b4e85 is created with scope project and roles: ['member']
2025-11-21 20:41:56.524 65792 INFO tempest.lib.common.dynamic_creds [-] Acquired dynamic creds: credentials: Credentials: {'domain_id': 'default', 'domain_name': 'Default', 'username': 'tempest-ServersAaction247Test-854788841-project-member', 'project_domain_id': 'default', 'project_domain_name': 'Default', 'project_id': '30f3695b718e48008c3b61eb34b5c1c8', 'project_name': 'tempest-ServersAaction247Test-854788841', 'tenant_id': '30f3695b718e48008c3b61eb34b5c1c8', 'tenant_name': 'tempest-ServersAaction247Test-854788841', 'user_domain_id': 'default', 'user_domain_name': 'Default', 'user_id': 'fb660bd3c0614801ad897c6e1f6b4e85', 'system': None}, Network: None, Subnet: None, Router: None
2025-11-21 20:41:56.524 65792 INFO tempest.lib.common.dynamic_creds [-] Created isolated network resources for: credentials: Credentials: {'domain_id': 'default', 'domain_name': 'Default', 'username': 'tempest-ServersAaction247Test-854788841-project-member', 'project_domain_id': 'default', 'project_domain_name': 'Default', 'project_id': '30f3695b718e48008c3b61eb34b5c1c8', 'project_name': 'tempest-ServersAaction247Test-854788841', 'tenant_id': '30f3695b718e48008c3b61eb34b5c1c8', 'tenant_name': 'tempest-ServersAaction247Test-854788841', 'user_domain_id': 'default', 'user_domain_name': 'Default', 'user_id': 'fb660bd3c0614801ad897c6e1f6b4e85', 'system': None}, Network: None, Subnet: None, Router: None
2025-11-21 20:41:56.547 65770 INFO tempest.lib.common.rest_client [req-9d5fd73f-d714-44f7-b362-d06f69aa0921 req-9d5fd73f-d714-44f7-b362-d06f69aa0921 ] Request (KeyPairsV2TestJSON:setUpClass): 200 GET http://10.180.1.21/identity/v3/roles 0.046s
2025-11-21 20:41:56.549 65794 INFO tempest.lib.common.rest_client [req-58358cca-9d13-434b-83f7-7658dbfbc171 req-58358cca-9d13-434b-83f7-7658dbfbc171 ] Request (MigrationsAdminTest:test_list_migrations_in_flavor_resize_situation): 201 POST http://10.180.1.21/networking/v2.0/security-group-rules 0.143s
2025-11-21 20:41:56.554 65810 INFO tempest.lib.common.rest_client [req-82e058a3-9741-415b-b207-957cb59993b1 req-82e058a3-9741-415b-b207-957cb59993b1 ] Request (ImagesMetadataTestJSON:setUp): 200 PUT http://10.180.1.21/compute/v2.1/images/24dfceb1-2feb-4d5a-b733-bbba6d675a7e/metadata 2.786s
2025-11-21 20:41:56.597 65814 INFO tempest.lib.common.rest_client [req-8a63bcf0-c14d-4624-a0e7-cafd870f8f52 req-8a63bcf0-c14d-4624-a0e7-cafd870f8f52 ] Request (ImagesOneServerTestJSON:test_create_image_specify_multibyte_character_image_name): 200 GET http://10.180.1.21/compute/v2.1/servers/75bc118e-4b07-499a-88b0-ac22272e9dc7 2.749s
2025-11-21 20:41:56.630 65792 INFO tempest.lib.common.rest_client [req-1a47401f-ebcc-436d-a3a9-b1694cd08a1e req-1a47401f-ebcc-436d-a3a9-b1694cd08a1e ] Request (ServersAaction247Test:setUpClass): 201 POST http://10.180.1.21/identity/v3/auth/tokens 0.097s
2025-11-21 20:41:56.643 65826 INFO tempest.lib.common.rest_client [req-d2417663-f7d8-46cf-9c78-77148e281d1a req-d2417663-f7d8-46cf-9c78-77148e281d1a ] Request (ServerActionsTestJSON:test_lock_unlock_server): 202 POST http://10.180.1.21/compute/v2.1/servers/cde5e247-0e3b-4dbd-b715-3cf5312465e2/action 2.754s
2025-11-21 20:41:56.674 65770 INFO tempest.lib.common.rest_client [req-3cd89a88-4254-448d-82a6-abd82395a5a1 req-3cd89a88-4254-448d-82a6-abd82395a5a1 ] Request (KeyPairsV2TestJSON:setUpClass): 204 PUT http://10.180.1.21/identity/v3/projects/44f441be1e644dc19941c9e072ef8617/users/91aaf8b6842c49dab696f98ed7aa6e72/roles/c8b760fdf82c444985153c07ff400fc9 0.126s
2025-11-21 20:41:56.674 65770 INFO tempest.lib.common.dynamic_creds [-] Dynamic test user 91aaf8b6842c49dab696f98ed7aa6e72 is created with scope project and roles: ['member']
2025-11-21 20:41:56.675 65770 INFO tempest.lib.common.dynamic_creds [-] Acquired dynamic creds: credentials: Credentials: {'domain_id': 'default', 'domain_name': 'Default', 'username': 'tempest-KeyPairsV2TestJSON-1493170429-project-member', 'project_domain_id': 'default', 'project_domain_name': 'Default', 'project_id': '44f441be1e644dc19941c9e072ef8617', 'project_name': 'tempest-KeyPairsV2TestJSON-1493170429', 'tenant_id': '44f441be1e644dc19941c9e072ef8617', 'tenant_name': 'tempest-KeyPairsV2TestJSON-1493170429', 'user_domain_id': 'default', 'user_domain_name': 'Default', 'user_id': '91aaf8b6842c49dab696f98ed7aa6e72', 'system': None}, Network: None, Subnet: None, Router: None
2025-11-21 20:41:56.675 65770 INFO tempest.lib.common.dynamic_creds [-] Created isolated network resources for: credentials: Credentials: {'domain_id': 'default', 'domain_name': 'Default', 'username': 'tempest-KeyPairsV2TestJSON-1493170429-project-member', 'project_domain_id': 'default', 'project_domain_name': 'Default', 'project_id': '44f441be1e644dc19941c9e072ef8617', 'project_name': 'tempest-KeyPairsV2TestJSON-1493170429', 'tenant_id': '44f441be1e644dc19941c9e072ef8617', 'tenant_name': 'tempest-KeyPairsV2TestJSON-1493170429', 'user_domain_id': 'default', 'user_domain_name': 'Default', 'user_id': '91aaf8b6842c49dab696f98ed7aa6e72', 'system': None}, Network: None, Subnet: None, Router: None
2025-11-21 20:41:56.685 65794 INFO tempest.lib.common.rest_client [req-f94d87d8-8fae-4fdc-a609-c5e9cff017a3 req-f94d87d8-8fae-4fdc-a609-c5e9cff017a3 ] Request (MigrationsAdminTest:test_list_migrations_in_flavor_resize_situation): 201 POST http://10.180.1.21/networking/v2.0/security-group-rules 0.135s
2025-11-21 20:41:56.699 65832 INFO tempest.lib.common.rest_client [req-40090ca5-d6e6-4cb4-a5db-16bcd2663342 req-40090ca5-d6e6-4cb4-a5db-16bcd2663342 ] Request (ServerExternalEventsTest:tearDownClass): 200 GET http://10.180.1.21/compute/v2.1/servers/59744ef5-6446-41c2-8780-3ac4c3288b44 2.213s
2025-11-21 20:41:56.707 65792 INFO tempest.lib.common.rest_client [req-598e08fb-0e3d-4dfd-b9b7-3295f961e93f req-598e08fb-0e3d-4dfd-b9b7-3295f961e93f ] Request (ServersAaction247Test:test_create_backup): 201 POST http://10.180.1.21/identity/v3/auth/tokens 0.070s
2025-11-21 20:41:56.708 65792 INFO tempest.lib.common.fixed_network [-] (ServersAaction247Test:test_create_backup) Found network None available for tenant
2025-11-21 20:41:56.757 65770 INFO tempest.lib.common.rest_client [req-9589fb93-10be-4464-b30c-dfae4e8cb507 req-9589fb93-10be-4464-b30c-dfae4e8cb507 ] Request (KeyPairsV2TestJSON:setUpClass): 201 POST http://10.180.1.21/identity/v3/auth/tokens 0.078s
2025-11-21 20:41:56.871 65802 INFO tempest.lib.common.rest_client [req-2be255b7-6d99-4d39-be19-c89603f3bcdc req-2be255b7-6d99-4d39-be19-c89603f3bcdc ] Request (ServersTestManualDisk:setUpClass): 200 GET http://10.180.1.21/compute/v2.1/servers/9950c4dd-f19a-47e4-9196-f30f3c9e0ff8 2.289s
2025-11-21 20:41:56.892 65824 INFO tempest.lib.common.rest_client [req-af943fd5-880a-40d6-a043-d1e558e579fc req-af943fd5-880a-40d6-a043-d1e558e579fc ] Request (ServerRescueTestJSON:test_rescue_unrescue_instance): 200 GET http://10.180.1.21/compute/v2.1/servers/d49e04fe-3f84-4baf-8d60-c81d4372fc03 2.260s
2025-11-21 20:41:57.050 65794 INFO tempest.lib.common.rest_client [req-ff3c0d49-cce2-4b7f-9ffa-1c0c65ff1887 req-ff3c0d49-cce2-4b7f-9ffa-1c0c65ff1887 ] Request (MigrationsAdminTest:test_list_migrations_in_flavor_resize_situation): 201 POST http://10.180.1.21/networking/v2.0/floatingips 0.365s
2025-11-21 20:41:57.109 65772 INFO tempest.lib.common.rest_client [req-5a621e87-9918-4377-90ad-396a7bc16f57 req-5a621e87-9918-4377-90ad-396a7bc16f57 ] Request (FloatingIPsAssociationNegativeTestJSON:test_associate_nonexistent_floating_ip): 404 POST http://10.180.1.21/compute/v2.1/servers/0d9b1d43-083c-4b85-bbdd-1f2ec722a3ba/action 2.406s
2025-11-21 20:41:57.138 65816 INFO tempest.lib.common.rest_client [req-2cbb452a-d426-460b-9e71-50ca3043cfb5 req-2cbb452a-d426-460b-9e71-50ca3043cfb5 ] Request (SecurityGroupRulesNegativeTestJSON:tearDownClass): 202 DELETE http://10.180.1.21/compute/v2.1/os-security-groups/86c4721d-2f30-43b2-a544-785b7d48a954 2.444s
2025-11-21 20:41:57.184 65780 INFO tempest.lib.common.rest_client [req-345465d8-5e92-4583-a50f-f5771150e6a4 req-345465d8-5e92-4583-a50f-f5771150e6a4 ] Request (ListImageFiltersTestJSON:setUpClass): 200 GET http://10.180.1.21/compute/v2.1/images/ba460b08-33ce-4c93-923a-01410b7424e4 1.920s
2025-11-21 20:41:57.243 65790 INFO tempest.lib.common.rest_client [req-e3db4284-f7b2-4631-a4a3-77d404f91c87 req-e3db4284-f7b2-4631-a4a3-77d404f91c87 ] Request (FloatingIPsAssociationTestJSON:setUpClass): 200 GET http://10.180.1.21/compute/v2.1/servers/ac183b2c-d144-4e65-9ddf-12ffc4f4093c 1.936s
2025-11-21 20:41:57.280 65812 INFO tempest.lib.common.rest_client [req-729a320e-01ae-4b0e-aad9-bdb2c9eaed8a req-729a320e-01ae-4b0e-aad9-bdb2c9eaed8a ] Request (VolumesAdminNegativeTest:test_update_attached_volume_with_nonexistent_volume_in_uri): 200 GET http://10.180.1.21/compute/v2.1/servers/5ead0aad-8032-408f-ba51-a793bf0652c2 2.543s
2025-11-21 20:41:57.318 65804 INFO tempest.lib.common.rest_client [req-6fc825a3-f0b4-4768-b7cd-d712aaaaabb3 req-6fc825a3-f0b4-4768-b7cd-d712aaaaabb3 ] Request (KeyPairsNegativeTestJSON:test_create_keypair_when_public_key_bits_exceeds_maximum): 400 POST http://10.180.1.21/compute/v2.1/os-keypairs 1.468s
2025-11-21 20:41:57.346 65828 INFO tempest.lib.common.rest_client [req-dca070ea-494f-4a7a-9fc7-baaf98aaa0dc req-dca070ea-494f-4a7a-9fc7-baaf98aaa0dc ] Request (FlavorsAdminTestJSON:test_is_public_string_variations): 200 GET http://10.180.1.21/compute/v2.1/flavors/detail?is_public=t 1.347s
2025-11-21 20:41:57.402 65797 INFO tempest.lib.common.rest_client [req-7ce4bdea-774d-446b-8eb8-27523ee867a2 req-7ce4bdea-774d-446b-8eb8-27523ee867a2 ] Request (FlavorsAccessNegativeTestJSON:_run_cleanups): 200 POST http://10.180.1.21/compute/v2.1/flavors/999655886/action 1.806s
2025-11-21 20:41:57.481 65786 INFO tempest.lib.common.rest_client [req-6d533aa5-6b5c-4dc1-b7bc-e664055fc1af req-6d533aa5-6b5c-4dc1-b7bc-e664055fc1af ] Request (AggregatesAdminNegativeTestJSON:_run_cleanups): 200 POST http://10.180.1.21/compute/v2.1/os-aggregates/7/action 1.471s
2025-11-21 20:41:57.549 65822 INFO tempest.lib.common.rest_client [req-1049fe8b-1bc4-4f3b-b663-46951ea98673 req-1049fe8b-1bc4-4f3b-b663-46951ea98673 ] Request (ServerGroupTestJSON:test_create_server_with_scheduler_hint_group): 200 GET http://10.180.1.21/compute/v2.1/servers/80fb72d3-6e2c-4118-9936-ba8ce2d59b93 1.350s
2025-11-21 20:41:57.676 65808 WARNING tempest.lib.common.ssh [-] Failed to establish authenticated ssh connection to cirros@10.180.180.142 ([Errno None] Unable to connect to port 22 on 10.180.180.142). Number attempts: 5. Retry after 6 seconds.: paramiko.ssh_exception.NoValidConnectionsError: [Errno None] Unable to connect to port 22 on 10.180.180.142
2025-11-21 20:41:57.677 65782 INFO tempest.lib.common.rest_client [req-9eab319d-b5fc-4209-a204-82649ebb42ba req-9eab319d-b5fc-4209-a204-82649ebb42ba ] Request (ServersAdminNegativeTestJSON:setUpClass): 200 GET http://10.180.1.21/compute/v2.1/servers/1eece51a-ce27-4f28-b23e-e8c706d0895b 1.449s
2025-11-21 20:41:57.685 65782 INFO tempest.common.waiters [-] State transition "BUILD/block_device_mapping" ==> "BUILD/spawning" after 21 second wait
2025-11-21 20:41:57.866 65784 WARNING tempest.lib.common.ssh [-] Failed to establish authenticated ssh connection to cirros@10.180.180.227 ([Errno None] Unable to connect to port 22 on 10.180.180.227). Number attempts: 7. Retry after 8 seconds.: paramiko.ssh_exception.NoValidConnectionsError: [Errno None] Unable to connect to port 22 on 10.180.180.227
2025-11-21 20:41:57.872 65820 INFO tempest.lib.common.rest_client [req-aeb3ac1b-0d3f-4eb7-a9b3-e8e87869694e req-aeb3ac1b-0d3f-4eb7-a9b3-e8e87869694e ] Request (ImagesOneServerNegativeTestJSON:test_create_second_image_when_first_image_is_being_saved): 202 POST http://10.180.1.21/compute/v2.1/servers/bf4b716b-1514-4c79-a1fd-34846d330eda/action 1.726s
2025-11-21 20:41:57.896 65776 INFO tempest.lib.common.rest_client [req-54426754-422b-45e7-8600-45eaa5cb718e req-54426754-422b-45e7-8600-45eaa5cb718e ] Request (QuotasAdminTestJSON:_run_cleanups): 200 PUT http://10.180.1.21/compute/v2.1/os-quota-sets/1e962a6530b14d7a8697129db7825ffb 1.632s
2025-11-21 20:41:57.955 65774 INFO tempest.lib.common.rest_client [req-9295d000-8a6f-4168-9caf-db5392ab5e86 req-9295d000-8a6f-4168-9caf-db5392ab5e86 ] Request (ImagesNegativeTestJSON:test_create_image_from_deleted_server): 200 GET http://10.180.1.21/compute/v2.1/servers/47ed285c-fd2a-436a-a3a4-bc08f62c1bbc 1.572s
2025-11-21 20:41:57.989 65831 INFO tempest.lib.common.rest_client [req-69bea2e2-e5a5-4839-8267-7fc15f04870f req-69bea2e2-e5a5-4839-8267-7fc15f04870f ] Request (ServerRescueTestJSONUnderV235:setUpClass): 200 GET http://10.180.1.21/compute/v2.1/servers/45c2e0c5-9481-4e6d-b83d-545c7d2163a4 1.621s
2025-11-21 20:41:58.010 65778 INFO tempest.lib.common.rest_client [req-5ccb8361-d7ab-4ff1-9a2b-eec65c82a233 req-5ccb8361-d7ab-4ff1-9a2b-eec65c82a233 ] Request (DeleteServersTestJSON:test_delete_server_while_in_attached_volume): 200 GET http://10.180.1.21/compute/v2.1/servers/ff5e8ecd-f8bc-452f-82fd-f4feb7533452 1.611s
2025-11-21 20:41:58.018 65810 INFO tempest.lib.common.rest_client [req-77616f8a-1acc-4874-af99-a1083da11a04 req-77616f8a-1acc-4874-af99-a1083da11a04 ] Request (ImagesMetadataTestJSON:test_get_image_metadata_item): 200 GET http://10.180.1.21/compute/v2.1/images/24dfceb1-2feb-4d5a-b733-bbba6d675a7e/metadata/os_distro 1.461s
2025-11-21 20:41:58.039 65788 INFO tempest.lib.common.rest_client [req-878f4569-0112-41f7-b96a-f7ec0ae27a72 req-878f4569-0112-41f7-b96a-f7ec0ae27a72 ] Request (DeleteServersAdminTestJSON:test_delete_server_while_in_error_state): 404 GET http://10.180.1.21/compute/v2.1/servers/e3cd5f2a-fa89-4685-9e0e-ed5c86ff1459 1.434s
2025-11-21 20:41:58.040 65776 INFO tempest.lib.common.rest_client [req-d0e6a424-927e-4a96-9b74-7785dcda2316 req-d0e6a424-927e-4a96-9b74-7785dcda2316 ] Request (QuotasAdminTestJSON:tearDownClass): 204 DELETE http://10.180.1.21/identity/v3/users/75becc9a1a954a5db51e9be1617c3c45 0.139s
2025-11-21 20:41:58.105 65806 INFO tempest.lib.common.rest_client [req-02d22be8-d7ec-4e98-9948-d9cac5703221 req-02d22be8-d7ec-4e98-9948-d9cac5703221 ] Request (InstanceActionsV221TestJSON:test_get_list_deleted_instance_actions): 200 GET http://10.180.1.21/compute/v2.1/servers/3870348a-33d6-43b2-9e7a-a4cd68a9e5f1 1.494s
2025-11-21 20:41:58.139 65814 INFO tempest.lib.common.rest_client [req-709680d5-1c7a-4340-8270-6a3c35a09395 req-709680d5-1c7a-4340-8270-6a3c35a09395 ] Request (ImagesOneServerTestJSON:tearDownClass): 204 DELETE http://10.180.1.21/compute/v2.1/images/986c0827-ba29-4ff0-9f0b-5392ff115f3d 1.527s
2025-11-21 20:41:58.160 65776 INFO tempest.lib.common.rest_client [req-eee4796b-f334-4d41-a77c-8552cfe5a147 req-eee4796b-f334-4d41-a77c-8552cfe5a147 ] Request (QuotasAdminTestJSON:tearDownClass): 204 DELETE http://10.180.1.21/identity/v3/users/f16df9398f764f8aa6c329b9b8503ecd 0.120s
2025-11-21 20:41:58.160 65776 INFO tempest.lib.common.dynamic_creds [-] Deleting project and security group for project: 37bb9b308e624a0cb98feaf0ca346bac
2025-11-21 20:41:58.229 65776 INFO tempest.lib.common.rest_client [req-979a40c8-3d40-46a3-9069-db9d6b0e0e6a req-979a40c8-3d40-46a3-9069-db9d6b0e0e6a ] Request (QuotasAdminTestJSON:tearDownClass): 201 POST http://10.180.1.21/identity/v3/auth/tokens 0.068s
2025-11-21 20:41:58.268 65826 INFO tempest.lib.common.rest_client [req-2b157399-1067-412b-bbba-30101016f072 req-2b157399-1067-412b-bbba-30101016f072 ] Request (ServerActionsTestJSON:test_lock_unlock_server): 200 GET http://10.180.1.21/compute/v2.1/servers/cde5e247-0e3b-4dbd-b715-3cf5312465e2 1.624s
2025-11-21 20:41:58.373 65770 INFO tempest.lib.common.rest_client [req-aef1a7b4-4639-40c1-b77d-9f584a3dc2b9 req-aef1a7b4-4639-40c1-b77d-9f584a3dc2b9 ] Request (KeyPairsV2TestJSON:test_get_keypair_detail): 200 POST http://10.180.1.21/compute/v2.1/os-keypairs 1.614s
2025-11-21 20:41:58.405 65792 INFO tempest.lib.common.rest_client [req-300831bf-1f09-4616-9a1d-85dbe2d03fef req-300831bf-1f09-4616-9a1d-85dbe2d03fef ] Request (ServersAaction247Test:test_create_backup): 202 POST http://10.180.1.21/compute/v2.1/servers 1.696s
2025-11-21 20:41:58.416 65776 INFO tempest.lib.common.rest_client [req-4767071d-6284-416f-9b77-7d660fdf5296 req-4767071d-6284-416f-9b77-7d660fdf5296 ] Request (QuotasAdminTestJSON:tearDownClass): 200 GET http://10.180.1.21/networking/v2.0/security-groups?tenant_id=37bb9b308e624a0cb98feaf0ca346bac&name=default 0.187s
2025-11-21 20:41:58.427 65794 INFO tempest.lib.common.rest_client [req-37fd9a18-fa6b-4cc4-8f8d-f3206dca047c req-37fd9a18-fa6b-4cc4-8f8d-f3206dca047c ] Request (MigrationsAdminTest:test_list_migrations_in_flavor_resize_situation): 200 GET http://10.180.1.21/compute/v2.1/os-migrations 1.376s
2025-11-21 20:41:58.474 65798 INFO tempest.lib.common.rest_client [req-1fa933db-c49b-4ba7-9c14-7de91a809256 req-1fa933db-c49b-4ba7-9c14-7de91a809256 ] Request (MultipleCreateTestJSON:test_multiple_create_with_reservation_return): 200 GET http://10.180.1.21/compute/v2.1/servers/491c5ebd-c37f-40bc-b7dc-cffb75fbe7b1 1.487s
2025-11-21 20:41:58.480 65772 INFO tempest.lib.common.rest_client [req-a6239882-f91e-4472-9008-2ff8c1e0f497 req-a6239882-f91e-4472-9008-2ff8c1e0f497 ] Request (FloatingIPsAssociationNegativeTestJSON:test_dissociate_nonexistent_floating_ip): 404 POST http://10.180.1.21/compute/v2.1/servers/0d9b1d43-083c-4b85-bbdd-1f2ec722a3ba/action 1.370s
2025-11-21 20:41:58.537 65776 INFO tempest.lib.common.rest_client [req-1aa9bf52-530e-4cb8-a46e-d77ee3fa9379 req-1aa9bf52-530e-4cb8-a46e-d77ee3fa9379 ] Request (QuotasAdminTestJSON:tearDownClass): 204 DELETE http://10.180.1.21/networking/v2.0/security-groups/dddc7a4a-7f17-405e-b8d2-0e5b7906e9b8 0.120s
2025-11-21 20:41:58.642 65776 INFO tempest.lib.common.rest_client [req-802b982f-5f55-47aa-8f43-fcc14c334c04 req-802b982f-5f55-47aa-8f43-fcc14c334c04 ] Request (QuotasAdminTestJSON:tearDownClass): 204 DELETE http://10.180.1.21/identity/v3/projects/37bb9b308e624a0cb98feaf0ca346bac 0.104s
2025-11-21 20:41:58.642 65776 INFO tempest.lib.common.dynamic_creds [-] Deleting project and security group for project: 1e962a6530b14d7a8697129db7825ffb
2025-11-21 20:41:58.678 65816 INFO tempest.lib.common.rest_client [req-c61bc8f7-d2e7-4b89-87b7-bad476d27291 req-c61bc8f7-d2e7-4b89-87b7-bad476d27291 ] Request (SecurityGroupRulesNegativeTestJSON:tearDownClass): 202 DELETE http://10.180.1.21/compute/v2.1/os-security-groups/071d3c6a-ab6b-43ad-a6eb-3a0c25442fd7 1.539s
2025-11-21 20:41:58.715 65780 INFO tempest.lib.common.rest_client [req-e5c8bfb7-4389-432f-a0e4-a604a02a88de req-e5c8bfb7-4389-432f-a0e4-a604a02a88de ] Request (ListImageFiltersTestJSON:setUpClass): 200 GET http://10.180.1.21/compute/v2.1/servers/47f04002-277a-4881-a5cf-65b08f3ddd92 1.528s
2025-11-21 20:41:58.765 65804 INFO tempest.lib.common.rest_client [req-455515a9-9e52-403f-85b9-96c4094cbd49 req-455515a9-9e52-403f-85b9-96c4094cbd49 ] Request (KeyPairsNegativeTestJSON:test_create_keypair_with_duplicate_name): 200 POST http://10.180.1.21/compute/v2.1/os-keypairs 1.445s
2025-11-21 20:41:58.793 65828 INFO tempest.lib.common.rest_client [req-f02f17aa-f57a-429f-814c-cdd4960e8735 req-f02f17aa-f57a-429f-814c-cdd4960e8735 ] Request (FlavorsAdminTestJSON:test_is_public_string_variations): 200 GET http://10.180.1.21/compute/v2.1/flavors/detail?is_public=true 1.442s
2025-11-21 20:41:58.805 65776 INFO tempest.lib.common.rest_client [req-3bdaa177-3225-4dd1-bafe-67df49571572 req-3bdaa177-3225-4dd1-bafe-67df49571572 ] Request (QuotasAdminTestJSON:tearDownClass): 200 GET http://10.180.1.21/networking/v2.0/security-groups?tenant_id=1e962a6530b14d7a8697129db7825ffb&name=default 0.162s
2025-11-21 20:41:58.815 65797 INFO tempest.lib.common.rest_client [req-eb87a7b9-bb55-4a6a-873b-f77f4644f3cc req-eb87a7b9-bb55-4a6a-873b-f77f4644f3cc ] Request (FlavorsAccessNegativeTestJSON:_run_cleanups): 202 DELETE http://10.180.1.21/compute/v2.1/flavors/999655886 1.411s
2025-11-21 20:41:58.831 65818 INFO tempest.lib.common.rest_client [req-07002eb3-c590-44b5-adb2-a70a8c400eae req-07002eb3-c590-44b5-adb2-a70a8c400eae ] Request (ServersAdminTestJSON:test_inject_network_info): 200 GET http://10.180.1.21/compute/v2.1/servers/625682a5-beee-49e9-bbb3-a188c3c41f0d 1.619s
2025-11-21 20:41:58.849 65786 INFO tempest.lib.common.rest_client [req-9889f93e-1a47-45c3-9b8c-cb3de9db8eb4 req-9889f93e-1a47-45c3-9b8c-cb3de9db8eb4 ] Request (AggregatesAdminNegativeTestJSON:_run_cleanups): 200 DELETE http://10.180.1.21/compute/v2.1/os-aggregates/7 1.364s
2025-11-21 20:41:58.889 65820 INFO tempest.lib.common.rest_client [req-52ed91fb-dc3b-4d44-b53e-d9df818f0690 req-52ed91fb-dc3b-4d44-b53e-d9df818f0690 ] Request (ImagesOneServerNegativeTestJSON:test_create_second_image_when_first_image_is_being_saved): 409 POST http://10.180.1.21/compute/v2.1/servers/bf4b716b-1514-4c79-a1fd-34846d330eda/action 1.015s
2025-11-21 20:41:58.934 65776 INFO tempest.lib.common.rest_client [req-f29f527c-ee7c-4731-b51b-7be327f80edb req-f29f527c-ee7c-4731-b51b-7be327f80edb ] Request (QuotasAdminTestJSON:tearDownClass): 204 DELETE http://10.180.1.21/networking/v2.0/security-groups/7132401e-4eba-46ca-87ab-17dc80a4d36e 0.128s
2025-11-21 20:41:58.975 65832 INFO tempest.lib.common.rest_client [req-c29d7a13-da96-4514-838e-fe699a7d3c49 req-c29d7a13-da96-4514-838e-fe699a7d3c49 ] Request (ServerExternalEventsTest:tearDownClass): 200 GET http://10.180.1.21/compute/v2.1/servers/59744ef5-6446-41c2-8780-3ac4c3288b44 1.267s
2025-11-21 20:41:59.061 65776 INFO tempest.lib.common.rest_client [req-0a912b45-e2eb-4362-abef-010a373e6926 req-0a912b45-e2eb-4362-abef-010a373e6926 ] Request (QuotasAdminTestJSON:tearDownClass): 204 DELETE http://10.180.1.21/identity/v3/projects/1e962a6530b14d7a8697129db7825ffb 0.126s
2025-11-21 20:41:59.130 65776 INFO tempest.lib.common.rest_client [req-f698c8a4-5396-4fd5-ab24-8d866859f46e req-f698c8a4-5396-4fd5-ab24-8d866859f46e ] Request (ImagesTestJSON:setUpClass): 201 POST http://10.180.1.21/identity/v3/auth/tokens 0.067s
2025-11-21 20:41:59.161 65776 INFO tempest.lib.common.rest_client [req-a3f899d9-266d-41a5-a1f5-b057611978ed req-a3f899d9-266d-41a5-a1f5-b057611978ed ] Request (ImagesTestJSON:setUpClass): 201 POST http://10.180.1.21/identity/v3/auth/tokens 0.027s
2025-11-21 20:41:59.185 65776 INFO tempest.lib.common.rest_client [req-8278c2cc-3ef2-4399-8dc9-151b48d4721a req-8278c2cc-3ef2-4399-8dc9-151b48d4721a ] Request (ImagesTestJSON:setUpClass): 200 GET http://10.180.1.21/identity/v3/domains?name=Default 0.023s
2025-11-21 20:41:59.196 65802 INFO tempest.lib.common.rest_client [req-f26bd7db-f15e-4197-b0ec-2999fdf03e69 req-f26bd7db-f15e-4197-b0ec-2999fdf03e69 ] Request (ServersTestManualDisk:setUpClass): 200 GET http://10.180.1.21/compute/v2.1/servers/9950c4dd-f19a-47e4-9196-f30f3c9e0ff8 1.317s
2025-11-21 20:41:59.219 65776 INFO tempest.lib.common.rest_client [req-9eb95e51-e316-44c7-b0f1-2d3b5e9c3fcf req-9eb95e51-e316-44c7-b0f1-2d3b5e9c3fcf ] Request (ImagesTestJSON:setUpClass): 201 POST http://10.180.1.21/identity/v3/projects 0.034s
2025-11-21 20:41:59.286 65776 INFO tempest.lib.common.rest_client [req-d62e77b0-f201-4a28-aec6-06ffb8997848 req-d62e77b0-f201-4a28-aec6-06ffb8997848 ] Request (ImagesTestJSON:setUpClass): 201 POST http://10.180.1.21/identity/v3/users 0.066s
2025-11-21 20:41:59.311 65776 INFO tempest.lib.common.rest_client [req-485f35cd-c72a-4efb-bf7d-9cf65c3bc4a5 req-485f35cd-c72a-4efb-bf7d-9cf65c3bc4a5 ] Request (ImagesTestJSON:setUpClass): 200 GET http://10.180.1.21/identity/v3/roles 0.024s
2025-11-21 20:41:59.347 65776 INFO tempest.lib.common.rest_client [req-70382b9c-8dd6-4984-bd6f-382f9a3bc27b req-70382b9c-8dd6-4984-bd6f-382f9a3bc27b ] Request (ImagesTestJSON:setUpClass): 204 PUT http://10.180.1.21/identity/v3/projects/600e90f5dfed49e99fb0332048dc45ca/users/356143ce08984217a5c45376dd335a41/roles/c8b760fdf82c444985153c07ff400fc9 0.035s
2025-11-21 20:41:59.348 65776 INFO tempest.lib.common.dynamic_creds [-] Dynamic test user 356143ce08984217a5c45376dd335a41 is created with scope project and roles: ['member']
2025-11-21 20:41:59.348 65776 INFO tempest.lib.common.dynamic_creds [-] Acquired dynamic creds: credentials: Credentials: {'domain_id': 'default', 'domain_name': 'Default', 'username': 'tempest-ImagesTestJSON-1309992501-project-member', 'project_domain_id': 'default', 'project_domain_name': 'Default', 'project_id': '600e90f5dfed49e99fb0332048dc45ca', 'project_name': 'tempest-ImagesTestJSON-1309992501', 'tenant_id': '600e90f5dfed49e99fb0332048dc45ca', 'tenant_name': 'tempest-ImagesTestJSON-1309992501', 'user_domain_id': 'default', 'user_domain_name': 'Default', 'user_id': '356143ce08984217a5c45376dd335a41', 'system': None}, Network: None, Subnet: None, Router: None
2025-11-21 20:41:59.356 65800 INFO tempest.lib.common.rest_client [req-1327d06f-a756-456b-bb6b-7239cf83849b req-1327d06f-a756-456b-bb6b-7239cf83849b ] Request (AbsoluteLimitsNegativeTestJSON:test_max_metadata_exceed_limit): 200 GET http://10.180.1.21/compute/v2.1/limits 1.449s
2025-11-21 20:41:59.418 65800 INFO tempest.lib.common.rest_client [req-d14ee05f-2c89-4134-b039-d5018a90be1a req-d14ee05f-2c89-4134-b039-d5018a90be1a ] Request (AbsoluteLimitsNegativeTestJSON:test_max_metadata_exceed_limit): 201 POST http://10.180.1.21/identity/v3/auth/tokens 0.057s
2025-11-21 20:41:59.419 65776 INFO tempest.lib.common.rest_client [req-70079747-1004-4f89-a424-0a813a19d1f6 req-70079747-1004-4f89-a424-0a813a19d1f6 ] Request (ImagesTestJSON:setUpClass): 201 POST http://10.180.1.21/identity/v3/auth/tokens 0.070s
2025-11-21 20:41:59.419 65800 INFO tempest.lib.common.fixed_network [-] (AbsoluteLimitsNegativeTestJSON:test_max_metadata_exceed_limit) Found network None available for tenant
2025-11-21 20:41:59.463 65816 INFO tempest.lib.common.rest_client [req-3114777b-7dd9-4f1a-9c47-dc3689e80010 req-3114777b-7dd9-4f1a-9c47-dc3689e80010 ] Request (SecurityGroupRulesNegativeTestJSON:tearDownClass): 200 PUT http://10.180.1.21/networking/v2.0/routers/bf3eed6e-34bf-40f3-9b39-9ce4768d8d42/remove_router_interface 0.784s
2025-11-21 20:41:59.511 65824 INFO tempest.lib.common.rest_client [req-6064bd6d-2087-412a-b8fa-7ac8c84ecfd7 req-6064bd6d-2087-412a-b8fa-7ac8c84ecfd7 ] Request (ServerRescueTestJSON:test_rescue_unrescue_instance): 200 GET http://10.180.1.21/compute/v2.1/servers/d49e04fe-3f84-4baf-8d60-c81d4372fc03 1.610s
2025-11-21 20:41:59.528 65824 INFO tempest.common.waiters [-] State transition "BUILD/spawning" ==> "ACTIVE/None" after 33 second wait
2025-11-21 20:41:59.538 65788 INFO tempest.lib.common.rest_client [req-ef6ce8af-1f28-4965-9991-2248f18d34ee req-ef6ce8af-1f28-4965-9991-2248f18d34ee ] Request (DeleteServersAdminTestJSON:tearDownClass): 404 DELETE http://10.180.1.21/compute/v2.1/servers/e3cd5f2a-fa89-4685-9e0e-ed5c86ff1459 1.496s
2025-11-21 20:41:59.550 65810 INFO tempest.lib.common.rest_client [req-2258009c-94e9-4f3c-91ce-43117946fd05 req-2258009c-94e9-4f3c-91ce-43117946fd05 ] Request (ImagesMetadataTestJSON:setUp): 200 PUT http://10.180.1.21/compute/v2.1/images/24dfceb1-2feb-4d5a-b733-bbba6d675a7e/metadata 1.530s
2025-11-21 20:41:59.561 65814 INFO tempest.lib.common.rest_client [req-e00eab53-0843-41fc-bf97-e56821771e6d req-e00eab53-0843-41fc-bf97-e56821771e6d ] Request (ImagesOneServerTestJSON:tearDownClass): 404 DELETE http://10.180.1.21/compute/v2.1/images/13fa6af9-d3b4-423a-8b51-21328bc1d0bd 1.422s
2025-11-21 20:41:59.892 65776 INFO tempest.lib.common.rest_client [req-83ace017-4ba2-4b81-bfa7-93dcda0bcab3 req-83ace017-4ba2-4b81-bfa7-93dcda0bcab3 ] Request (ImagesTestJSON:setUpClass): 201 POST http://10.180.1.21/networking/v2.0/networks 0.473s
2025-11-21 20:42:00.101 65816 INFO tempest.lib.common.rest_client [req-4cfe8c9f-868f-4a01-a20c-72eb5df5a7d2 req-4cfe8c9f-868f-4a01-a20c-72eb5df5a7d2 ] Request (SecurityGroupRulesNegativeTestJSON:tearDownClass): 204 DELETE http://10.180.1.21/networking/v2.0/routers/bf3eed6e-34bf-40f3-9b39-9ce4768d8d42 0.638s
2025-11-21 20:42:00.128 65790 INFO tempest.lib.common.rest_client [req-f881e058-496f-4e17-8a16-fbece02936e0 req-f881e058-496f-4e17-8a16-fbece02936e0 ] Request (FloatingIPsAssociationTestJSON:setUpClass): 200 GET http://10.180.1.21/compute/v2.1/servers/ac183b2c-d144-4e65-9ddf-12ffc4f4093c 1.876s
2025-11-21 20:42:00.142 65770 INFO tempest.lib.common.rest_client [req-af5bb06a-d71d-46d0-adab-f950754f2703 req-af5bb06a-d71d-46d0-adab-f950754f2703 ] Request (KeyPairsV2TestJSON:test_get_keypair_detail): 200 GET http://10.180.1.21/compute/v2.1/os-keypairs/tempest-keypair-2131562994 1.766s
2025-11-21 20:42:00.332 65776 INFO tempest.lib.common.rest_client [req-5420d5de-9d4b-4bfd-87ce-7ca4baa3fdcf req-5420d5de-9d4b-4bfd-87ce-7ca4baa3fdcf ] Request (ImagesTestJSON:setUpClass): 201 POST http://10.180.1.21/networking/v2.0/subnets 0.439s
2025-11-21 20:42:00.512 65816 INFO tempest.lib.common.rest_client [req-4ee4b519-4d26-414c-bade-f380beb58b78 req-4ee4b519-4d26-414c-bade-f380beb58b78 ] Request (SecurityGroupRulesNegativeTestJSON:tearDownClass): 204 DELETE http://10.180.1.21/networking/v2.0/subnets/aad0d50d-2e9b-449f-a038-b4d22badc1b6 0.410s
2025-11-21 20:42:00.615 65812 INFO tempest.lib.common.rest_client [req-8b9b9b42-ad1c-4615-b058-37d124489e3a req-8b9b9b42-ad1c-4615-b058-37d124489e3a ] Request (VolumesAdminNegativeTest:test_update_attached_volume_with_nonexistent_volume_in_uri): 200 GET http://10.180.1.21/compute/v2.1/servers/5ead0aad-8032-408f-ba51-a793bf0652c2 2.324s
2025-11-21 20:42:00.639 65794 INFO tempest.lib.common.rest_client [req-37d24800-6606-499a-9f1b-9bc4cfac4ff8 req-37d24800-6606-499a-9f1b-9bc4cfac4ff8 ] Request (MigrationsAdminTest:test_resize_server_revert_deleted_flavor): 200 GET http://10.180.1.21/compute/v2.1/flavors/42 2.207s
2025-11-21 20:42:00.640 65792 INFO tempest.lib.common.rest_client [req-d545313a-f9e1-45f9-baf0-a8803406e313 req-d545313a-f9e1-45f9-baf0-a8803406e313 ] Request (ServersAaction247Test:test_create_backup): 200 GET http://10.180.1.21/compute/v2.1/servers/1c263b74-93d1-4244-8f08-d35373a3a946 2.233s
2025-11-21 20:42:00.746 65772 INFO tempest.lib.common.rest_client [req-ed101bff-fcd4-4b22-a858-78c6a1002a6f req-ed101bff-fcd4-4b22-a858-78c6a1002a6f ] Request (FloatingIPsAssociationNegativeTestJSON:tearDownClass): 204 DELETE http://10.180.1.21/compute/v2.1/servers/0d9b1d43-083c-4b85-bbdd-1f2ec722a3ba 2.264s
2025-11-21 20:42:01.363 65776 INFO tempest.lib.common.rest_client [req-67600822-f965-443e-a91b-19aefcaae941 req-67600822-f965-443e-a91b-19aefcaae941 ] Request (ImagesTestJSON:setUpClass): 201 POST http://10.180.1.21/networking/v2.0/routers 1.031s
2025-11-21 20:42:01.712 65816 INFO tempest.lib.common.rest_client [req-fbd735f8-8279-41cd-900d-d8d53e540984 req-fbd735f8-8279-41cd-900d-d8d53e540984 ] Request (SecurityGroupRulesNegativeTestJSON:tearDownClass): 204 DELETE http://10.180.1.21/networking/v2.0/networks/62e62d00-e86f-494e-8832-957f1f2af203 1.199s
2025-11-21 20:42:01.798 65822 INFO tempest.lib.common.rest_client [req-a9c7adee-c126-4f37-a2bb-3cb4656ac4e4 req-a9c7adee-c126-4f37-a2bb-3cb4656ac4e4 ] Request (ServerGroupTestJSON:test_create_server_with_scheduler_hint_group): 200 GET http://10.180.1.21/compute/v2.1/servers/80fb72d3-6e2c-4118-9936-ba8ce2d59b93 3.241s
2025-11-21 20:42:01.808 65822 INFO tempest.common.waiters [-] State transition "BUILD/None" ==> "BUILD/spawning" after 24 second wait
