2025-11-21 20:40:32.038 65828 INFO tempest.lib.common.rest_client [req-7aa4acfb-bd3c-4668-adac-e81f31eb0c4d req-7aa4acfb-bd3c-4668-adac-e81f31eb0c4d ] Request (FlavorsAdminTestJSON:_run_cleanups): 202 DELETE http://10.180.1.21/compute/v2.1/flavors/1083670705 1.853s
2025-11-21 20:40:32.123 65812 INFO tempest.lib.common.rest_client [req-35e05599-e82b-4adc-88d0-9b71fb153fe2 req-35e05599-e82b-4adc-88d0-9b71fb153fe2 ] Request (ServerDiagnosticsNegativeTest:test_get_server_diagnostics_by_non_admin): 200 GET http://10.180.1.21/compute/v2.1/servers/d428bf6d-ea41-423f-8a60-35483a9924cf 2.057s
2025-11-21 20:40:32.136 65816 INFO tempest.lib.common.rest_client [req-9c30e4aa-d550-4d51-bbe0-2b219c7a2393 req-9c30e4aa-d550-4d51-bbe0-2b219c7a2393 ] Request (FloatingIPsTestJSON:test_delete_floating_ip): 404 GET http://10.180.1.21/compute/v2.1/os-floating-ips/a36746dd-b809-4ef8-9012-4b2a5a4331d9 1.689s
2025-11-21 20:40:32.139 65822 INFO tempest.lib.common.rest_client [req-f16117f5-d374-4cb2-aa04-d4ec946eac3e req-f16117f5-d374-4cb2-aa04-d4ec946eac3e ] Request (ServerGroupTestJSON:setUpClass): 201 POST http://10.180.1.21/identity/v3/users 0.121s
2025-11-21 20:40:32.158 65820 INFO tempest.lib.common.rest_client [req-af060b19-1e78-42da-92e3-4a67691bd586 req-af060b19-1e78-42da-92e3-4a67691bd586 ] Request (HypervisorAdminTestJSON:tearDownClass): 204 DELETE http://10.180.1.21/identity/v3/users/b890f46f4b7544fabf20391e5a08f566 0.179s
2025-11-21 20:40:32.318 65788 INFO tempest.lib.common.rest_client [req-7fddd198-cbba-45ff-b855-da8874edc96d req-7fddd198-cbba-45ff-b855-da8874edc96d ] Request (DeleteServersAdminTestJSON:test_admin_delete_servers_of_others): 200 GET http://10.180.1.21/compute/v2.1/servers/6dfbd10a-ee58-415d-85c5-257d08210d8e 1.272s
2025-11-21 20:40:32.332 65822 INFO tempest.lib.common.rest_client [req-37b640dd-d731-4421-ac0f-5896fe77f371 req-37b640dd-d731-4421-ac0f-5896fe77f371 ] Request (ServerGroupTestJSON:setUpClass): 200 GET http://10.180.1.21/identity/v3/roles 0.191s
2025-11-21 20:40:32.394 65806 INFO tempest.lib.common.rest_client [req-b572a22b-adc5-49b9-a5e8-773190ff6ce4 req-b572a22b-adc5-49b9-a5e8-773190ff6ce4 ] Request (ServersAdmin275Test:test_rebuild_update_server_275): 200 GET http://10.180.1.21/compute/v2.1/servers/4b42c2cd-dd38-4821-862e-2b8eddc687ff 1.208s
2025-11-21 20:40:32.433 65820 INFO tempest.lib.common.rest_client [req-898bcf2b-997c-4616-9ad4-083f2c925727 req-898bcf2b-997c-4616-9ad4-083f2c925727 ] Request (HypervisorAdminTestJSON:tearDownClass): 204 DELETE http://10.180.1.21/identity/v3/users/12e4f71ef53f400c8a4eea2c932f4b88 0.274s
2025-11-21 20:40:32.434 65820 INFO tempest.lib.common.dynamic_creds [-] Deleting project and security group for project: 43c64ff0bb6449d5be92214b6ecc6551
2025-11-21 20:40:32.535 65831 INFO tempest.lib.common.rest_client [req-8585d2da-ad27-409d-afe8-a410d22a91fa req-8585d2da-ad27-409d-afe8-a410d22a91fa ] Request (QuotasAdminNegativeTest:_run_cleanups): 200 PUT http://10.180.1.21/compute/v2.1/os-quota-sets/b9ba9f90c232489bae2917fdd3543ef7 1.760s
2025-11-21 20:40:32.592 65822 INFO tempest.lib.common.rest_client [req-7e84cb2a-046c-4571-b973-a9c558e0b586 req-7e84cb2a-046c-4571-b973-a9c558e0b586 ] Request (ServerGroupTestJSON:setUpClass): 204 PUT http://10.180.1.21/identity/v3/projects/62c1fbc226b84b8ca81de9dc313734ec/users/91f5af41b1f8471f8b2731982f1478d4/roles/c8b760fdf82c444985153c07ff400fc9 0.257s
2025-11-21 20:40:32.592 65822 INFO tempest.lib.common.dynamic_creds [-] Dynamic test user 91f5af41b1f8471f8b2731982f1478d4 is created with scope project and roles: ['member']
2025-11-21 20:40:32.593 65822 INFO tempest.lib.common.dynamic_creds [-] Acquired dynamic creds: credentials: Credentials: {'domain_id': 'default', 'domain_name': 'Default', 'username': 'tempest-ServerGroupTestJSON-651024800-project-member', 'project_domain_id': 'default', 'project_domain_name': 'Default', 'project_id': '62c1fbc226b84b8ca81de9dc313734ec', 'project_name': 'tempest-ServerGroupTestJSON-651024800', 'tenant_id': '62c1fbc226b84b8ca81de9dc313734ec', 'tenant_name': 'tempest-ServerGroupTestJSON-651024800', 'user_domain_id': 'default', 'user_domain_name': 'Default', 'user_id': '91f5af41b1f8471f8b2731982f1478d4', 'system': None}, Network: None, Subnet: None, Router: None
2025-11-21 20:40:32.708 65820 INFO tempest.lib.common.rest_client [req-25681c6c-0911-4168-a07f-3850b813f72d req-25681c6c-0911-4168-a07f-3850b813f72d ] Request (HypervisorAdminTestJSON:tearDownClass): 201 POST http://10.180.1.21/identity/v3/auth/tokens 0.273s
2025-11-21 20:40:32.811 65782 INFO tempest.lib.common.rest_client [req-636dcbb2-a911-4f2d-848c-62261440fe9e req-636dcbb2-a911-4f2d-848c-62261440fe9e ] Request (HypervisorAdminUnderV252Test:test_get_hypervisor_show_servers): 200 GET http://10.180.1.21/compute/v2.1/os-hypervisors 1.310s
2025-11-21 20:40:32.813 65822 INFO tempest.lib.common.rest_client [req-acd53187-a8da-4222-97d8-e87d04922e48 req-acd53187-a8da-4222-97d8-e87d04922e48 ] Request (ServerGroupTestJSON:setUpClass): 201 POST http://10.180.1.21/identity/v3/auth/tokens 0.220s
2025-11-21 20:40:32.932 65780 INFO tempest.lib.common.rest_client [req-3d40d964-566a-41d5-b2d4-8cebd246ec26 req-3d40d964-566a-41d5-b2d4-8cebd246ec26 ] Request (ListImageFiltersTestJSON:setUpClass): 204 PUT http://10.180.1.21/image/v2/images/5cf361c2-344f-4813-9d30-ea58785c36d4/file 1.197s
2025-11-21 20:40:32.947 65820 INFO tempest.lib.common.rest_client [req-9257ff4e-6823-4cbd-af37-1e79ae324df1 req-9257ff4e-6823-4cbd-af37-1e79ae324df1 ] Request (HypervisorAdminTestJSON:tearDownClass): 200 GET http://10.180.1.21/networking/v2.0/security-groups?tenant_id=43c64ff0bb6449d5be92214b6ecc6551&name=default 0.238s
2025-11-21 20:40:33.123 65822 INFO tempest.lib.common.rest_client [req-ab4f9ba8-9df4-4dbb-8e8a-43e5d6d4f6cb req-ab4f9ba8-9df4-4dbb-8e8a-43e5d6d4f6cb ] Request (ServerGroupTestJSON:setUpClass): 201 POST http://10.180.1.21/networking/v2.0/networks 0.309s
2025-11-21 20:40:33.279 65820 INFO tempest.lib.common.rest_client [req-14e0c094-8085-451f-8026-5b00684ac6c2 req-14e0c094-8085-451f-8026-5b00684ac6c2 ] Request (HypervisorAdminTestJSON:tearDownClass): 204 DELETE http://10.180.1.21/networking/v2.0/security-groups/440daead-2d81-4582-99a0-f6a04e3df1c3 0.331s
2025-11-21 20:40:33.326 65792 INFO tempest.lib.common.rest_client [req-1733ee8c-cadb-4526-8a65-43e69c246dfd req-1733ee8c-cadb-4526-8a65-43e69c246dfd ] Request (TenantUsagesTestJSON:setUpClass): 200 GET http://10.180.1.21/compute/v2.1/servers/855dbba0-2413-4d8b-8fb9-18fb22c4e823 1.823s
2025-11-21 20:40:33.381 65820 INFO tempest.lib.common.rest_client [req-2429e50f-4cd2-49c6-bd95-9acdc5786bb6 req-2429e50f-4cd2-49c6-bd95-9acdc5786bb6 ] Request (HypervisorAdminTestJSON:tearDownClass): 204 DELETE http://10.180.1.21/identity/v3/projects/43c64ff0bb6449d5be92214b6ecc6551 0.102s
2025-11-21 20:40:33.382 65820 INFO tempest.lib.common.dynamic_creds [-] Deleting project and security group for project: 47db43f3038c472cac60e174e68ff376
2025-11-21 20:40:33.398 65800 INFO tempest.lib.common.rest_client [req-8850356f-9fd7-45b2-b14d-8652a7f8bba6 req-8850356f-9fd7-45b2-b14d-8652a7f8bba6 ] Request (QuotaClassesAdminTestJSON:_run_cleanups): 200 PUT http://10.180.1.21/compute/v2.1/os-quota-class-sets/default 1.711s
2025-11-21 20:40:33.539 65800 INFO tempest.lib.common.rest_client [req-de357700-1439-4757-92c7-d67957072199 req-de357700-1439-4757-92c7-d67957072199 ] Request (QuotaClassesAdminTestJSON:tearDownClass): 204 DELETE http://10.180.1.21/identity/v3/users/f1d21e8b40fd4d8ebd53c718862ef3e5 0.133s
2025-11-21 20:40:33.544 65822 INFO tempest.lib.common.rest_client [req-c9acd286-5ad7-4d40-b54c-d36ade299b85 req-c9acd286-5ad7-4d40-b54c-d36ade299b85 ] Request (ServerGroupTestJSON:setUpClass): 201 POST http://10.180.1.21/networking/v2.0/subnets 0.421s
2025-11-21 20:40:33.546 65802 INFO tempest.lib.common.rest_client [req-ded77cfc-1cac-4db0-b704-ee495570adb2 req-ded77cfc-1cac-4db0-b704-ee495570adb2 ] Request (KeyPairsV210TestJSON:test_admin_manage_keypairs_for_other_users): 201 POST http://10.180.1.21/compute/v2.1/os-keypairs 1.852s
2025-11-21 20:40:33.614 65790 INFO tempest.lib.common.rest_client [req-528582da-163a-44ad-9564-f1814bc797b8 req-528582da-163a-44ad-9564-f1814bc797b8 ] Request (QuotasAdminTestV236:test_get_updated_quotas): 200 GET http://10.180.1.21/identity/v3/domains?name=Default 0.177s
2025-11-21 20:40:33.652 65790 INFO tempest.lib.common.rest_client [req-5814f693-c203-47d8-81e6-02ac45c60644 req-5814f693-c203-47d8-81e6-02ac45c60644 ] Request (QuotasAdminTestV236:test_get_updated_quotas): 201 POST http://10.180.1.21/identity/v3/projects 0.037s
2025-11-21 20:40:33.664 65820 INFO tempest.lib.common.rest_client [req-0a718972-2a1c-4abc-bfd8-e414e8838144 req-0a718972-2a1c-4abc-bfd8-e414e8838144 ] Request (HypervisorAdminTestJSON:tearDownClass): 200 GET http://10.180.1.21/networking/v2.0/security-groups?tenant_id=47db43f3038c472cac60e174e68ff376&name=default 0.281s
2025-11-21 20:40:33.673 65800 INFO tempest.lib.common.rest_client [req-fabf5eb1-ff38-48ca-8e5e-c807ceb31ab4 req-fabf5eb1-ff38-48ca-8e5e-c807ceb31ab4 ] Request (QuotaClassesAdminTestJSON:tearDownClass): 204 DELETE http://10.180.1.21/identity/v3/users/6a24f9e2a7ea4a15aa24a1c6463670c5 0.133s
2025-11-21 20:40:33.673 65800 INFO tempest.lib.common.dynamic_creds [-] Deleting project and security group for project: 58d6513429114151a5d4a6cf7c810a52
2025-11-21 20:40:33.737 65800 INFO tempest.lib.common.rest_client [req-684f7023-1f9b-4905-b1ba-3f9a705949cf req-684f7023-1f9b-4905-b1ba-3f9a705949cf ] Request (QuotaClassesAdminTestJSON:tearDownClass): 201 POST http://10.180.1.21/identity/v3/auth/tokens 0.064s
2025-11-21 20:40:33.752 65790 INFO tempest.lib.common.rest_client [req-4bae7f4f-dca6-41dc-89f0-90af2fc125c3 req-4bae7f4f-dca6-41dc-89f0-90af2fc125c3 ] Request (QuotasAdminTestV236:test_get_updated_quotas): 200 GET http://10.180.1.21/identity/v3/domains?name=Default 0.100s
2025-11-21 20:40:33.771 65804 INFO tempest.lib.common.rest_client [req-1c3d3a18-7a6e-41c7-b8a7-cabef966ae15 req-1c3d3a18-7a6e-41c7-b8a7-cabef966ae15 ] Request (ServerDiagnosticsTest:test_get_server_diagnostics): 202 POST http://10.180.1.21/compute/v2.1/servers 2.403s
2025-11-21 20:40:34.700 65822 INFO tempest.lib.common.rest_client [req-ec4a5e74-3b7b-4b16-bcbf-4a341793bfab req-ec4a5e74-3b7b-4b16-bcbf-4a341793bfab ] Request (ServerGroupTestJSON:setUpClass): 201 POST http://10.180.1.21/networking/v2.0/routers 1.156s
2025-11-21 20:40:34.841 65820 INFO tempest.lib.common.rest_client [req-d311bee4-a6f3-4892-b30a-ad27d54dbbea req-d311bee4-a6f3-4892-b30a-ad27d54dbbea ] Request (HypervisorAdminTestJSON:tearDownClass): 204 DELETE http://10.180.1.21/networking/v2.0/security-groups/42dc2c56-3c21-46cb-a4fb-12889bcfc352 1.176s
2025-11-21 20:40:34.916 65820 INFO tempest.lib.common.rest_client [req-97c1d751-62c9-4b41-aaf6-c9f457c5297d req-97c1d751-62c9-4b41-aaf6-c9f457c5297d ] Request (HypervisorAdminTestJSON:tearDownClass): 204 DELETE http://10.180.1.21/identity/v3/projects/47db43f3038c472cac60e174e68ff376 0.075s
2025-11-21 20:40:34.972 65820 INFO tempest.lib.common.rest_client [req-9e34745e-cf71-4c09-8e93-9914b7d3f2f1 req-9e34745e-cf71-4c09-8e93-9914b7d3f2f1 ] Request (ImagesOneServerNegativeTestJSON:setUpClass): 201 POST http://10.180.1.21/identity/v3/auth/tokens 0.054s
2025-11-21 20:40:35.002 65820 INFO tempest.lib.common.rest_client [req-9fdc8453-2469-49a3-89d5-229a38b4e9de req-9fdc8453-2469-49a3-89d5-229a38b4e9de ] Request (ImagesOneServerNegativeTestJSON:setUpClass): 201 POST http://10.180.1.21/identity/v3/auth/tokens 0.027s
2025-11-21 20:40:35.031 65820 INFO tempest.lib.common.rest_client [req-d221f9bd-6207-443b-99cc-80c780073c60 req-d221f9bd-6207-443b-99cc-80c780073c60 ] Request (ImagesOneServerNegativeTestJSON:setUpClass): 200 GET http://10.180.1.21/identity/v3/domains?name=Default 0.029s
2025-11-21 20:40:35.065 65820 INFO tempest.lib.common.rest_client [req-69e4d06b-be03-4d04-8695-516c7ef5062e req-69e4d06b-be03-4d04-8695-516c7ef5062e ] Request (ImagesOneServerNegativeTestJSON:setUpClass): 201 POST http://10.180.1.21/identity/v3/projects 0.033s
2025-11-21 20:40:35.119 65800 INFO tempest.lib.common.rest_client [req-ffaf9ed9-8231-4a03-b32f-cede1996a2f2 req-ffaf9ed9-8231-4a03-b32f-cede1996a2f2 ] Request (QuotaClassesAdminTestJSON:tearDownClass): 200 GET http://10.180.1.21/networking/v2.0/security-groups?tenant_id=58d6513429114151a5d4a6cf7c810a52&name=default 1.381s
2025-11-21 20:40:35.167 65820 INFO tempest.lib.common.rest_client [req-05f58046-c441-40c0-98af-089df126080f req-05f58046-c441-40c0-98af-089df126080f ] Request (ImagesOneServerNegativeTestJSON:setUpClass): 201 POST http://10.180.1.21/identity/v3/users 0.102s
2025-11-21 20:40:35.199 65820 INFO tempest.lib.common.rest_client [req-38878dfd-904b-4143-9776-68c8b08f3640 req-38878dfd-904b-4143-9776-68c8b08f3640 ] Request (ImagesOneServerNegativeTestJSON:setUpClass): 200 GET http://10.180.1.21/identity/v3/roles 0.031s
2025-11-21 20:40:35.199 65794 INFO tempest.lib.common.rest_client [req-1c5005ed-eb80-42d0-a6f0-4cea633eb1e9 req-1c5005ed-eb80-42d0-a6f0-4cea633eb1e9 ] Request (MigrationsAdminTest:test_list_migrations_in_flavor_resize_situation): 200 GET http://10.180.1.21/compute/v2.1/servers/e3f40535-54bc-42fd-8044-854980d10044 3.498s
2025-11-21 20:40:35.240 65820 INFO tempest.lib.common.rest_client [req-0aef5e01-5414-4932-95bf-23e5912fa423 req-0aef5e01-5414-4932-95bf-23e5912fa423 ] Request (ImagesOneServerNegativeTestJSON:setUpClass): 204 PUT http://10.180.1.21/identity/v3/projects/97f95c19b1d3408f9095a3ac71da25f3/users/fcfa7e4887d047e68121fbb69fbcd611/roles/c8b760fdf82c444985153c07ff400fc9 0.040s
2025-11-21 20:40:35.240 65820 INFO tempest.lib.common.dynamic_creds [-] Dynamic test user fcfa7e4887d047e68121fbb69fbcd611 is created with scope project and roles: ['member']
2025-11-21 20:40:35.241 65820 INFO tempest.lib.common.dynamic_creds [-] Acquired dynamic creds: credentials: Credentials: {'domain_id': 'default', 'domain_name': 'Default', 'username': 'tempest-ImagesOneServerNegativeTestJSON-1663656844-project-member', 'project_domain_id': 'default', 'project_domain_name': 'Default', 'project_id': '97f95c19b1d3408f9095a3ac71da25f3', 'project_name': 'tempest-ImagesOneServerNegativeTestJSON-1663656844', 'tenant_id': '97f95c19b1d3408f9095a3ac71da25f3', 'tenant_name': 'tempest-ImagesOneServerNegativeTestJSON-1663656844', 'user_domain_id': 'default', 'user_domain_name': 'Default', 'user_id': 'fcfa7e4887d047e68121fbb69fbcd611', 'system': None}, Network: None, Subnet: None, Router: None
2025-11-21 20:40:35.313 65820 INFO tempest.lib.common.rest_client [req-23a17722-fa5c-41d1-83af-0a022780d4df req-23a17722-fa5c-41d1-83af-0a022780d4df ] Request (ImagesOneServerNegativeTestJSON:setUpClass): 201 POST http://10.180.1.21/identity/v3/auth/tokens 0.072s
2025-11-21 20:40:35.404 65800 INFO tempest.lib.common.rest_client [req-6833ba00-82c5-4481-90f7-445186eaef54 req-6833ba00-82c5-4481-90f7-445186eaef54 ] Request (QuotaClassesAdminTestJSON:tearDownClass): 204 DELETE http://10.180.1.21/networking/v2.0/security-groups/07e98e51-816b-4309-b3e1-33451527932f 0.284s
2025-11-21 20:40:35.444 65814 INFO tempest.lib.common.rest_client [req-dcd25aa3-293c-4707-bb0b-8f2088188dcb req-dcd25aa3-293c-4707-bb0b-8f2088188dcb ] Request (ImagesOneServerTestJSON:setUpClass): 200 GET http://10.180.1.21/compute/v2.1/servers/75bc118e-4b07-499a-88b0-ac22272e9dc7 3.720s
2025-11-21 20:40:35.460 65770 INFO tempest.lib.common.rest_client [req-9f097137-4a5c-4884-94a6-193a7a354643 req-9f097137-4a5c-4884-94a6-193a7a354643 ] Request (HostsAdminNegativeTestJSON:test_startup_nonexistent_host): 404 GET http://10.180.1.21/compute/v2.1/os-hosts/nonexistent_hostname/startup 3.646s
2025-11-21 20:40:35.495 65772 INFO tempest.lib.common.rest_client [req-b234ed04-e1a4-4dac-a980-274c985f8b1a req-b234ed04-e1a4-4dac-a980-274c985f8b1a ] Request (HostsAdminTestJSON:test_show_host_detail): 200 GET http://10.180.1.21/compute/v2.1/os-hosts 3.656s
2025-11-21 20:40:35.519 65800 INFO tempest.lib.common.rest_client [req-5cb7f239-c184-4f1a-a81e-9f001e41b448 req-5cb7f239-c184-4f1a-a81e-9f001e41b448 ] Request (QuotaClassesAdminTestJSON:tearDownClass): 204 DELETE http://10.180.1.21/identity/v3/projects/58d6513429114151a5d4a6cf7c810a52 0.115s
2025-11-21 20:40:35.520 65800 INFO tempest.lib.common.dynamic_creds [-] Deleting project and security group for project: b4113717de004a01bcca3526d19a6e92
2025-11-21 20:40:35.525 65786 INFO tempest.lib.common.rest_client [req-ce4c9982-80f2-4e95-8073-6c064d158cad req-ce4c9982-80f2-4e95-8073-6c064d158cad ] Request (AggregatesAdminNegativeTestJSON:_run_cleanups): 200 DELETE http://10.180.1.21/compute/v2.1/os-aggregates/2 3.677s
2025-11-21 20:40:35.543 65797 INFO tempest.lib.common.rest_client [req-00ffa1e1-9db0-4763-ad21-ecf951eb8eb7 req-00ffa1e1-9db0-4763-ad21-ecf951eb8eb7 ] Request (FlavorsAccessTestJSON:test_flavor_access_list_with_private_flavor): 200 GET http://10.180.1.21/compute/v2.1/flavors/1337822052/os-flavor-access 3.546s
2025-11-21 20:40:35.577 65808 INFO tempest.lib.common.rest_client [req-dc9f42c1-781d-482d-ae2b-72fedf958fd2 req-dc9f42c1-781d-482d-ae2b-72fedf958fd2 ] Request (ValidationResourcesFixture:setUp): 200 POST http://10.180.1.21/compute/v2.1/os-keypairs 3.560s
2025-11-21 20:40:35.592 65832 INFO tempest.lib.common.rest_client [req-d7f1da50-9289-4dee-a808-9defc31e06ca req-d7f1da50-9289-4dee-a808-9defc31e06ca ] Request (FlavorsExtraSpecsNegativeTestJSON:test_flavor_update_mismatch_key): 400 PUT http://10.180.1.21/compute/v2.1/flavors/1691673540/os-extra_specs/hw:numa_nodes 3.567s
2025-11-21 20:40:35.612 65828 INFO tempest.lib.common.rest_client [req-c719e8ae-52eb-41d3-a2eb-cea329096886 req-c719e8ae-52eb-41d3-a2eb-cea329096886 ] Request (FlavorsAdminTestJSON:_run_cleanups): 200 GET http://10.180.1.21/compute/v2.1/flavors/detail 3.573s
2025-11-21 20:40:36.030 65822 INFO tempest.lib.common.rest_client [req-ad3fa6c0-f51a-4057-8bd8-1d0eaca93dec req-ad3fa6c0-f51a-4057-8bd8-1d0eaca93dec ] Request (ServerGroupTestJSON:setUpClass): 200 PUT http://10.180.1.21/networking/v2.0/routers/7f480aaa-a5fe-4f29-9ea9-783e48590707/add_router_interface 1.329s
2025-11-21 20:40:36.030 65822 INFO tempest.lib.common.dynamic_creds [-] Created isolated network resources for: credentials: Credentials: {'domain_id': 'default', 'domain_name': 'Default', 'username': 'tempest-ServerGroupTestJSON-651024800-project-member', 'project_domain_id': 'default', 'project_domain_name': 'Default', 'project_id': '62c1fbc226b84b8ca81de9dc313734ec', 'project_name': 'tempest-ServerGroupTestJSON-651024800', 'tenant_id': '62c1fbc226b84b8ca81de9dc313734ec', 'tenant_name': 'tempest-ServerGroupTestJSON-651024800', 'user_domain_id': 'default', 'user_domain_name': 'Default', 'user_id': '91f5af41b1f8471f8b2731982f1478d4', 'system': None}, Network: {'id': 'd70aa361-4018-45bc-8011-75d67257d154', 'name': 'tempest-ServerGroupTestJSON-1514736534-network', 'tenant_id': '62c1fbc226b84b8ca81de9dc313734ec', 'project_id': '62c1fbc226b84b8ca81de9dc313734ec', 'admin_state_up': True, 'mtu': 8950, 'status': 'ACTIVE', 'subnets': [], 'shared': False, 'port_security_enabled': True, 'router:external': False, 'provider:network_type': 'vlan', 'provider:physical_network': 'default', 'provider:segmentation_id': 144, 'availability_zone_hints': [], 'availability_zones': [], 'ipv4_address_scope': None, 'ipv6_address_scope': None, 'description': '', 'tags': [], 'created_at': '2025-11-21T20:40:33Z', 'updated_at': '2025-11-21T20:40:33Z', 'revision_number': 1}, Subnet: {'id': '5deaace4-982d-469e-a8ee-11a50f82911f', 'name': 'tempest-ServerGroupTestJSON-1514736534-subnet', 'tenant_id': '62c1fbc226b84b8ca81de9dc313734ec', 'network_id': 'd70aa361-4018-45bc-8011-75d67257d154', 'ip_version': 4, 'subnetpool_id': None, 'enable_dhcp': True, 'ipv6_ra_mode': None, 'ipv6_address_mode': None, 'gateway_ip': '192.168.128.1', 'cidr': '192.168.128.0/28', 'allocation_pools': [{'start': '192.168.128.2', 'end': '192.168.128.14'}], 'host_routes': [], 'dns_nameservers': [], 'description': '', 'router:external': False, 'service_types': [], 'tags': [], 'created_at': '2025-11-21T20:40:33Z', 'updated_at': '2025-11-21T20:40:33Z', 'revision_number': 0, 'project_id': '62c1fbc226b84b8ca81de9dc313734ec'}, Router: {'id': '7f480aaa-a5fe-4f29-9ea9-783e48590707', 'name': 'tempest-ServerGroupTestJSON-1514736534-router', 'tenant_id': '62c1fbc226b84b8ca81de9dc313734ec', 'admin_state_up': True, 'status': 'ACTIVE', 'external_gateway_info': {'network_id': 'b9178ce3-16e3-4144-9e1d-aaaec1ca3730', 'external_fixed_ips': [{'subnet_id': '184ab2a6-545f-4548-9ee1-53ba5c342435', 'ip_address': '10.180.180.181'}], 'enable_snat': True}, 'description': '', 'availability_zones': [], 'distributed': False, 'ha': False, 'availability_zone_hints': [], 'routes': [], 'flavor_id': None, 'tags': [], 'created_at': '2025-11-21T20:40:33Z', 'updated_at': '2025-11-21T20:40:34Z', 'revision_number': 2, 'project_id': '62c1fbc226b84b8ca81de9dc313734ec'}
2025-11-21 20:40:36.140 65774 INFO tempest.lib.common.rest_client [req-a2f52b5d-678a-424b-a7b4-ecebf3647a20 req-a2f52b5d-678a-424b-a7b4-ecebf3647a20 ] Request (SecurityGroupsTestAdminJSON:_run_cleanups): 202 DELETE http://10.180.1.21/compute/v2.1/os-security-groups/575b635e-1bbf-447d-ad4f-f3e874c2db23 4.335s
2025-11-21 20:40:36.145 65822 INFO tempest.lib.common.rest_client [req-6541aab4-4926-4774-b587-e22f8d18cf5b req-6541aab4-4926-4774-b587-e22f8d18cf5b ] Request (ServerGroupTestJSON:setUpClass): 201 POST http://10.180.1.21/identity/v3/auth/tokens 0.111s
2025-11-21 20:40:36.234 65800 INFO tempest.lib.common.rest_client [req-94eb785c-84d8-4551-8e2f-c71fe1939863 req-94eb785c-84d8-4551-8e2f-c71fe1939863 ] Request (QuotaClassesAdminTestJSON:tearDownClass): 200 GET http://10.180.1.21/networking/v2.0/security-groups?tenant_id=b4113717de004a01bcca3526d19a6e92&name=default 0.714s
2025-11-21 20:40:36.271 65820 INFO tempest.lib.common.rest_client [req-acdbc937-4b7f-4746-9617-b88432028bd6 req-acdbc937-4b7f-4746-9617-b88432028bd6 ] Request (ImagesOneServerNegativeTestJSON:setUpClass): 201 POST http://10.180.1.21/networking/v2.0/networks 0.957s
2025-11-21 20:40:36.330 65816 INFO tempest.lib.common.rest_client [req-25e1fcb0-8301-4fc0-9c99-61e9c9b46e93 req-25e1fcb0-8301-4fc0-9c99-61e9c9b46e93 ] Request (FloatingIPsTestJSON:_run_cleanups): 404 DELETE http://10.180.1.21/compute/v2.1/os-floating-ips/a36746dd-b809-4ef8-9012-4b2a5a4331d9 4.193s
2025-11-21 20:40:36.358 65808 INFO tempest.lib.common.rest_client [req-aa171480-d3b4-48f6-a79a-fc1308864149 req-aa171480-d3b4-48f6-a79a-fc1308864149 ] Request (ValidationResourcesFixture:setUp): 201 POST http://10.180.1.21/networking/v2.0/security-groups 0.778s
2025-11-21 20:40:36.423 65818 INFO tempest.lib.common.rest_client [req-d7d7a77b-d062-456f-8027-13bf6d26e355 req-d7d7a77b-d062-456f-8027-13bf6d26e355 ] Request (ServersAdminTestJSON:setUpClass): 200 GET http://10.180.1.21/compute/v2.1/servers/1f3806d4-c91f-4409-a0f6-c5d67d33724a 4.204s
2025-11-21 20:40:36.516 65800 INFO tempest.lib.common.rest_client [req-f608cea0-f366-46bb-bcff-11aebafd5891 req-f608cea0-f366-46bb-bcff-11aebafd5891 ] Request (QuotaClassesAdminTestJSON:tearDownClass): 204 DELETE http://10.180.1.21/networking/v2.0/security-groups/e99549b5-a5f0-411b-9a0e-eb8c8c9fe342 0.282s
2025-11-21 20:40:36.601 65800 INFO tempest.lib.common.rest_client [req-bd4d98cc-5e1a-4646-8f7f-6b86bcddc6cd req-bd4d98cc-5e1a-4646-8f7f-6b86bcddc6cd ] Request (QuotaClassesAdminTestJSON:tearDownClass): 204 DELETE http://10.180.1.21/identity/v3/projects/b4113717de004a01bcca3526d19a6e92 0.084s
2025-11-21 20:40:36.671 65800 INFO tempest.lib.common.rest_client [req-58d80f9f-ee27-4008-bdf8-c59104e9055f req-58d80f9f-ee27-4008-bdf8-c59104e9055f ] Request (QuotasSecurityGroupAdminNegativeTest:setUpClass): 201 POST http://10.180.1.21/identity/v3/auth/tokens 0.069s
2025-11-21 20:40:36.704 65820 INFO tempest.lib.common.rest_client [req-ba1a8263-d4f9-4d7c-af2d-9f523f9cdc9d req-ba1a8263-d4f9-4d7c-af2d-9f523f9cdc9d ] Request (ImagesOneServerNegativeTestJSON:setUpClass): 201 POST http://10.180.1.21/networking/v2.0/subnets 0.432s
2025-11-21 20:40:36.710 65800 INFO tempest.lib.common.rest_client [req-43a319cf-c416-4274-8f63-67006dcbe57f req-43a319cf-c416-4274-8f63-67006dcbe57f ] Request (QuotasSecurityGroupAdminNegativeTest:setUpClass): 201 POST http://10.180.1.21/identity/v3/auth/tokens 0.035s
2025-11-21 20:40:36.741 65800 INFO tempest.lib.common.rest_client [req-0cedc3da-01e8-4b01-9da2-c7674aa7896b req-0cedc3da-01e8-4b01-9da2-c7674aa7896b ] Request (QuotasSecurityGroupAdminNegativeTest:setUpClass): 200 GET http://10.180.1.21/identity/v3/domains?name=Default 0.031s
2025-11-21 20:40:36.785 65800 INFO tempest.lib.common.rest_client [req-3e085d12-00e1-4c77-8223-002d67aaaff2 req-3e085d12-00e1-4c77-8223-002d67aaaff2 ] Request (QuotasSecurityGroupAdminNegativeTest:setUpClass): 201 POST http://10.180.1.21/identity/v3/projects 0.043s
2025-11-21 20:40:36.872 65800 INFO tempest.lib.common.rest_client [req-d903a2dc-3154-4084-9738-be59da9a3f3c req-d903a2dc-3154-4084-9738-be59da9a3f3c ] Request (QuotasSecurityGroupAdminNegativeTest:setUpClass): 201 POST http://10.180.1.21/identity/v3/users 0.087s
2025-11-21 20:40:36.903 65800 INFO tempest.lib.common.rest_client [req-344ee5ca-277f-4d05-bb7d-fc5702e684cb req-344ee5ca-277f-4d05-bb7d-fc5702e684cb ] Request (QuotasSecurityGroupAdminNegativeTest:setUpClass): 200 GET http://10.180.1.21/identity/v3/roles 0.030s
2025-11-21 20:40:36.941 65800 INFO tempest.lib.common.rest_client [req-b34e8156-cd1a-4fd7-9210-29cf0f624d7e req-b34e8156-cd1a-4fd7-9210-29cf0f624d7e ] Request (QuotasSecurityGroupAdminNegativeTest:setUpClass): 204 PUT http://10.180.1.21/identity/v3/projects/ca521ff0527f47dab0bfb097a583b609/users/6c94c01cc3484540b9148c17c0470781/roles/c8b760fdf82c444985153c07ff400fc9 0.038s
2025-11-21 20:40:36.941 65800 INFO tempest.lib.common.dynamic_creds [-] Dynamic test user 6c94c01cc3484540b9148c17c0470781 is created with scope project and roles: ['member']
2025-11-21 20:40:36.942 65800 INFO tempest.lib.common.dynamic_creds [-] Acquired dynamic creds: credentials: Credentials: {'domain_id': 'default', 'domain_name': 'Default', 'username': 'tempest-QuotasSecurityGroupAdminNegativeTest-1417323775-project-member', 'project_domain_id': 'default', 'project_domain_name': 'Default', 'project_id': 'ca521ff0527f47dab0bfb097a583b609', 'project_name': 'tempest-QuotasSecurityGroupAdminNegativeTest-1417323775', 'tenant_id': 'ca521ff0527f47dab0bfb097a583b609', 'tenant_name': 'tempest-QuotasSecurityGroupAdminNegativeTest-1417323775', 'user_domain_id': 'default', 'user_domain_name': 'Default', 'user_id': '6c94c01cc3484540b9148c17c0470781', 'system': None}, Network: None, Subnet: None, Router: None
2025-11-21 20:40:36.942 65800 INFO tempest.lib.common.dynamic_creds [-] Created isolated network resources for: credentials: Credentials: {'domain_id': 'default', 'domain_name': 'Default', 'username': 'tempest-QuotasSecurityGroupAdminNegativeTest-1417323775-project-member', 'project_domain_id': 'default', 'project_domain_name': 'Default', 'project_id': 'ca521ff0527f47dab0bfb097a583b609', 'project_name': 'tempest-QuotasSecurityGroupAdminNegativeTest-1417323775', 'tenant_id': 'ca521ff0527f47dab0bfb097a583b609', 'tenant_name': 'tempest-QuotasSecurityGroupAdminNegativeTest-1417323775', 'user_domain_id': 'default', 'user_domain_name': 'Default', 'user_id': '6c94c01cc3484540b9148c17c0470781', 'system': None}, Network: None, Subnet: None, Router: None
2025-11-21 20:40:37.043 65800 INFO tempest.lib.common.rest_client [req-ca7c4104-a46d-473d-b2ad-db25f08fed16 req-ca7c4104-a46d-473d-b2ad-db25f08fed16 ] Request (QuotasSecurityGroupAdminNegativeTest:setUpClass): 201 POST http://10.180.1.21/identity/v3/auth/tokens 0.098s
2025-11-21 20:40:37.125 65800 INFO tempest.lib.common.rest_client [req-768addd1-133b-46eb-a604-62b13503050b req-768addd1-133b-46eb-a604-62b13503050b ] Request (QuotasSecurityGroupAdminNegativeTest:setUpClass): 201 POST http://10.180.1.21/identity/v3/projects 0.081s
2025-11-21 20:40:37.189 65800 INFO tempest.lib.common.rest_client [req-58a84673-5942-409e-a091-4f5c5815d0a6 req-58a84673-5942-409e-a091-4f5c5815d0a6 ] Request (QuotasSecurityGroupAdminNegativeTest:setUpClass): 201 POST http://10.180.1.21/identity/v3/users 0.063s
2025-11-21 20:40:37.215 65800 INFO tempest.lib.common.rest_client [req-7ec2d731-9b9a-4508-9477-36adf3961994 req-7ec2d731-9b9a-4508-9477-36adf3961994 ] Request (QuotasSecurityGroupAdminNegativeTest:setUpClass): 200 GET http://10.180.1.21/identity/v3/roles 0.025s
2025-11-21 20:40:37.248 65800 INFO tempest.lib.common.rest_client [req-77924a30-484b-474e-81b4-a75e5d34656c req-77924a30-484b-474e-81b4-a75e5d34656c ] Request (QuotasSecurityGroupAdminNegativeTest:setUpClass): 204 PUT http://10.180.1.21/identity/v3/projects/34bc7d6142fb4599867a2a95e793ef02/users/a5f015d392ca4f09a3b59801b037fba4/roles/194113dd7aef44b1a7ff5d0c8379ac8f 0.033s
2025-11-21 20:40:37.307 65800 INFO tempest.lib.common.rest_client [req-a15b282a-7377-4836-89e3-81c1112eb9f5 req-a15b282a-7377-4836-89e3-81c1112eb9f5 ] Request (QuotasSecurityGroupAdminNegativeTest:setUpClass): 200 GET http://10.180.1.21/identity/v3/roles 0.059s
2025-11-21 20:40:37.332 65800 INFO tempest.lib.common.rest_client [req-db1ec9c4-d6b3-480b-846f-22afe31a911b req-db1ec9c4-d6b3-480b-846f-22afe31a911b ] Request (QuotasSecurityGroupAdminNegativeTest:setUpClass): 204 PUT http://10.180.1.21/identity/v3/projects/34bc7d6142fb4599867a2a95e793ef02/users/a5f015d392ca4f09a3b59801b037fba4/roles/194113dd7aef44b1a7ff5d0c8379ac8f 0.024s
2025-11-21 20:40:37.332 65800 INFO tempest.lib.common.dynamic_creds [-] Dynamic test user a5f015d392ca4f09a3b59801b037fba4 is created with scope project and roles: ['admin']
2025-11-21 20:40:37.333 65800 INFO tempest.lib.common.dynamic_creds [-] Acquired dynamic creds: credentials: Credentials: {'domain_id': 'default', 'domain_name': 'Default', 'username': 'tempest-QuotasSecurityGroupAdminNegativeTest-1062164803-project-admin', 'project_domain_id': 'default', 'project_domain_name': 'Default', 'project_id': '34bc7d6142fb4599867a2a95e793ef02', 'project_name': 'tempest-QuotasSecurityGroupAdminNegativeTest-1062164803', 'tenant_id': '34bc7d6142fb4599867a2a95e793ef02', 'tenant_name': 'tempest-QuotasSecurityGroupAdminNegativeTest-1062164803', 'user_domain_id': 'default', 'user_domain_name': 'Default', 'user_id': 'a5f015d392ca4f09a3b59801b037fba4', 'system': None}, Network: None, Subnet: None, Router: None
2025-11-21 20:40:37.333 65800 INFO tempest.lib.common.dynamic_creds [-] Created isolated network resources for: credentials: Credentials: {'domain_id': 'default', 'domain_name': 'Default', 'username': 'tempest-QuotasSecurityGroupAdminNegativeTest-1062164803-project-admin', 'project_domain_id': 'default', 'project_domain_name': 'Default', 'project_id': '34bc7d6142fb4599867a2a95e793ef02', 'project_name': 'tempest-QuotasSecurityGroupAdminNegativeTest-1062164803', 'tenant_id': '34bc7d6142fb4599867a2a95e793ef02', 'tenant_name': 'tempest-QuotasSecurityGroupAdminNegativeTest-1062164803', 'user_domain_id': 'default', 'user_domain_name': 'Default', 'user_id': 'a5f015d392ca4f09a3b59801b037fba4', 'system': None}, Network: None, Subnet: None, Router: None
2025-11-21 20:40:37.409 65800 INFO tempest.lib.common.rest_client [req-c8e975d2-50e9-4a67-8be5-a0a9f72da9ad req-c8e975d2-50e9-4a67-8be5-a0a9f72da9ad ] Request (QuotasSecurityGroupAdminNegativeTest:setUpClass): 201 POST http://10.180.1.21/identity/v3/auth/tokens 0.073s
2025-11-21 20:40:37.410 65800 WARNING tempest.lib.common.rest_client [-] Deprecated: "tenant_id" property is deprecated for removal, use "project_id" instead
2025-11-21 20:40:37.525 65800 INFO tempest.lib.common.rest_client [req-1c0ff12b-0854-4657-a81a-7af8aea508ab req-1c0ff12b-0854-4657-a81a-7af8aea508ab ] Request (QuotasSecurityGroupAdminNegativeTest:tearDownClass): 204 DELETE http://10.180.1.21/identity/v3/users/6c94c01cc3484540b9148c17c0470781 0.113s
2025-11-21 20:40:37.604 65816 INFO tempest.lib.common.rest_client [req-b26a380d-faea-427d-a2c7-3b4d72ddf7ff req-b26a380d-faea-427d-a2c7-3b4d72ddf7ff ] Request (FloatingIPsTestJSON:tearDownClass): 200 PUT http://10.180.1.21/networking/v2.0/routers/73e8a196-f612-49be-9869-0ccb65f482da/remove_router_interface 1.272s
2025-11-21 20:40:37.633 65800 INFO tempest.lib.common.rest_client [req-69021244-721b-4e0d-9cd4-e8f0c5901038 req-69021244-721b-4e0d-9cd4-e8f0c5901038 ] Request (QuotasSecurityGroupAdminNegativeTest:tearDownClass): 204 DELETE http://10.180.1.21/identity/v3/users/a5f015d392ca4f09a3b59801b037fba4 0.107s
2025-11-21 20:40:37.634 65800 INFO tempest.lib.common.dynamic_creds [-] Deleting project and security group for project: ca521ff0527f47dab0bfb097a583b609
2025-11-21 20:40:37.698 65808 INFO tempest.lib.common.rest_client [req-1ec33ef0-359f-499d-b8e6-ccf7c6131a89 req-1ec33ef0-359f-499d-b8e6-ccf7c6131a89 ] Request (ValidationResourcesFixture:setUp): 201 POST http://10.180.1.21/networking/v2.0/security-group-rules 1.340s
2025-11-21 20:40:37.706 65800 INFO tempest.lib.common.rest_client [req-ec088e7f-17e2-457b-ba97-25af79e82323 req-ec088e7f-17e2-457b-ba97-25af79e82323 ] Request (QuotasSecurityGroupAdminNegativeTest:tearDownClass): 201 POST http://10.180.1.21/identity/v3/auth/tokens 0.072s
2025-11-21 20:40:37.731 65826 INFO tempest.lib.common.rest_client [req-efb7de22-5a9a-40ff-ae0f-894b38d051ff req-efb7de22-5a9a-40ff-ae0f-894b38d051ff ] Request (ServerActionsTestJSON:setUpClass): 200 GET http://10.180.1.21/compute/v2.1/servers/cde5e247-0e3b-4dbd-b715-3cf5312465e2 5.439s
2025-11-21 20:40:37.765 65784 INFO tempest.lib.common.rest_client [req-066e2b3d-6512-48d9-aa47-10547125402e req-066e2b3d-6512-48d9-aa47-10547125402e ] Request (VolumesAssistedSnapshotsTest:test_volume_assisted_snapshot_create_delete): 200 GET http://10.180.1.21/compute/v2.1/servers/c23c3312-47e5-42e4-9b3e-72d687b4656b 5.460s
2025-11-21 20:40:37.912 65831 INFO tempest.lib.common.rest_client [req-d1288734-a40a-4442-bc15-5778aa0bb748 req-d1288734-a40a-4442-bc15-5778aa0bb748 ] Request (QuotasAdminNegativeTest:test_create_server_when_memory_quota_is_full): 200 GET http://10.180.1.21/compute/v2.1/os-quota-sets/b9ba9f90c232489bae2917fdd3543ef7 5.371s
2025-11-21 20:40:38.393 65816 INFO tempest.lib.common.rest_client [req-d5dcd5c9-8649-408c-b1de-86a14ed1be72 req-d5dcd5c9-8649-408c-b1de-86a14ed1be72 ] Request (FloatingIPsTestJSON:tearDownClass): 204 DELETE http://10.180.1.21/networking/v2.0/routers/73e8a196-f612-49be-9869-0ccb65f482da 0.789s
2025-11-21 20:40:38.512 65820 INFO tempest.lib.common.rest_client [req-55a30d94-0887-48b2-a0b8-f81d958ba034 req-55a30d94-0887-48b2-a0b8-f81d958ba034 ] Request (ImagesOneServerNegativeTestJSON:setUpClass): 201 POST http://10.180.1.21/networking/v2.0/routers 1.808s
2025-11-21 20:40:38.517 65808 INFO tempest.lib.common.rest_client [req-7f327bc9-18ed-43e7-9c4b-08ed75e2cca9 req-7f327bc9-18ed-43e7-9c4b-08ed75e2cca9 ] Request (ValidationResourcesFixture:setUp): 201 POST http://10.180.1.21/networking/v2.0/security-group-rules 0.818s
2025-11-21 20:40:38.574 65798 INFO tempest.lib.common.rest_client [req-a694bf27-e1bd-46f1-8f78-4b51175f87f7 req-a694bf27-e1bd-46f1-8f78-4b51175f87f7 ] Request (MultipleCreateTestJSON:test_multiple_create): 200 GET http://10.180.1.21/compute/v2.1/servers/a0502cef-9068-4360-a50b-eded3198c2ac 6.055s
2025-11-21 20:40:38.583 65798 INFO tempest.common.waiters [-] State transition "BUILD/None" ==> "BUILD/networking" after 14 second wait
2025-11-21 20:40:38.629 65782 INFO tempest.lib.common.rest_client [req-6faf6930-9a14-4fdb-9ea9-f0765aa0dc46 req-6faf6930-9a14-4fdb-9ea9-f0765aa0dc46 ] Request (HypervisorAdminUnderV252Test:test_get_hypervisor_show_servers): 200 GET http://10.180.1.21/compute/v2.1/os-hypervisors/domain-c8.fc996f14-c53b-4953-92e3-bdfa48f5cc28/servers 5.816s
2025-11-21 20:40:38.675 65780 INFO tempest.lib.common.rest_client [req-0efc3d02-f069-4029-b575-e17d5a2f4861 req-0efc3d02-f069-4029-b575-e17d5a2f4861 ] Request (ListImageFiltersTestJSON:setUpClass): 200 GET http://10.180.1.21/compute/v2.1/images/5cf361c2-344f-4813-9d30-ea58785c36d4 5.743s
2025-11-21 20:40:38.726 65800 INFO tempest.lib.common.rest_client [req-f2555446-b5c0-4888-a60a-4ecb2c214a54 req-f2555446-b5c0-4888-a60a-4ecb2c214a54 ] Request (QuotasSecurityGroupAdminNegativeTest:tearDownClass): 200 GET http://10.180.1.21/networking/v2.0/security-groups?tenant_id=ca521ff0527f47dab0bfb097a583b609&name=default 1.020s
2025-11-21 20:40:38.890 65816 INFO tempest.lib.common.rest_client [req-f4d96906-cb85-44fe-9507-1d06233af2a9 req-f4d96906-cb85-44fe-9507-1d06233af2a9 ] Request (FloatingIPsTestJSON:tearDownClass): 204 DELETE http://10.180.1.21/networking/v2.0/subnets/1447a5d9-a712-455d-a87b-61da922da1e8 0.496s
2025-11-21 20:40:39.281 65808 INFO tempest.lib.common.rest_client [req-35613c80-ddae-4847-afbd-fa076e27e45e req-35613c80-ddae-4847-afbd-fa076e27e45e ] Request (ValidationResourcesFixture:setUp): 201 POST http://10.180.1.21/networking/v2.0/floatingips 0.764s
2025-11-21 20:40:39.324 65824 INFO tempest.lib.common.rest_client [req-8d025e7a-60d0-4153-a1de-7adceea6048d req-8d025e7a-60d0-4153-a1de-7adceea6048d ] Request (ServerRescueTestJSON:setUpClass): 200 GET http://10.180.1.21/compute/v2.1/servers/2a8fab21-61e8-48f5-a5fa-1b7715eca707 6.640s
2025-11-21 20:40:39.332 65824 INFO tempest.common.waiters [-] State transition "BUILD/None" ==> "BUILD/spawning" after 18 second wait
2025-11-21 20:40:39.338 65778 INFO tempest.lib.common.rest_client [req-e48b484b-adf9-41bc-a3f4-6e2c497a96f3 req-e48b484b-adf9-41bc-a3f4-6e2c497a96f3 ] Request (DeleteServersTestJSON:test_delete_active_server): 200 GET http://10.180.1.21/compute/v2.1/servers/24054f07-899f-460f-a22b-c0c6eeb240f7 6.370s
2025-11-21 20:40:39.347 65808 INFO tempest.lib.common.rest_client [req-8fa5845e-c57e-4ce5-b266-9a9b69d98577 req-8fa5845e-c57e-4ce5-b266-9a9b69d98577 ] Request (ServersWithSpecificFlavorTestJSON:test_verify_created_server_ephemeral_disk): 201 POST http://10.180.1.21/identity/v3/auth/tokens 0.062s
2025-11-21 20:40:39.348 65808 INFO tempest.lib.common.fixed_network [-] (ServersWithSpecificFlavorTestJSON:test_verify_created_server_ephemeral_disk) Found network {'id': '58918c0b-4918-4e41-acb1-a67fc053be36', 'name': 'tempest-ServersWithSpecificFlavorTestJSON-1734877747-network', 'tenant_id': '50c42ce6291d4cf2bdfc6f9d94073d09', 'project_id': '50c42ce6291d4cf2bdfc6f9d94073d09', 'admin_state_up': True, 'mtu': 8950, 'status': 'ACTIVE', 'subnets': [], 'shared': False, 'port_security_enabled': True, 'router:external': False, 'provider:network_type': 'vlan', 'provider:physical_network': 'default', 'provider:segmentation_id': 863, 'availability_zone_hints': [], 'availability_zones': [], 'ipv4_address_scope': None, 'ipv6_address_scope': None, 'description': '', 'tags': [], 'created_at': '2025-11-21T20:40:01Z', 'updated_at': '2025-11-21T20:40:01Z', 'revision_number': 1} available for tenant
2025-11-21 20:40:39.351 65778 INFO tempest.common.waiters [-] State transition "BUILD/scheduling" ==> "BUILD/None" after 8 second wait
2025-11-21 20:40:39.418 65800 INFO tempest.lib.common.rest_client [req-bf5269bd-04f8-4551-b3af-59ec9f5ccc7f req-bf5269bd-04f8-4551-b3af-59ec9f5ccc7f ] Request (QuotasSecurityGroupAdminNegativeTest:tearDownClass): 204 DELETE http://10.180.1.21/networking/v2.0/security-groups/9b9716bf-98ef-43af-8ac9-52fbdfae9d6b 0.691s
2025-11-21 20:40:39.502 65800 INFO tempest.lib.common.rest_client [req-e845032c-e899-4652-8555-ec738c9fc48e req-e845032c-e899-4652-8555-ec738c9fc48e ] Request (QuotasSecurityGroupAdminNegativeTest:tearDownClass): 204 DELETE http://10.180.1.21/identity/v3/projects/ca521ff0527f47dab0bfb097a583b609 0.083s
2025-11-21 20:40:39.502 65800 INFO tempest.lib.common.dynamic_creds [-] Deleting project and security group for project: 34bc7d6142fb4599867a2a95e793ef02
2025-11-21 20:40:39.787 65816 INFO tempest.lib.common.rest_client [req-11f4f33a-fc2e-4cda-a58d-2a5f64acb165 req-11f4f33a-fc2e-4cda-a58d-2a5f64acb165 ] Request (FloatingIPsTestJSON:tearDownClass): 204 DELETE http://10.180.1.21/networking/v2.0/networks/4f4a297d-dd45-45dd-8d15-3c71d7682722 0.897s
2025-11-21 20:40:39.917 65816 INFO tempest.lib.common.rest_client [req-c8e654c4-d097-49e3-bf8a-6e5fcd7a5b27 req-c8e654c4-d097-49e3-bf8a-6e5fcd7a5b27 ] Request (FloatingIPsTestJSON:tearDownClass): 204 DELETE http://10.180.1.21/identity/v3/users/6c66808c01764aa2a9dac1f56d9ce67c 0.129s
2025-11-21 20:40:39.917 65816 INFO tempest.lib.common.dynamic_creds [-] Deleting project and security group for project: 9c35b19cc1944d44bfc59ee53447179a
2025-11-21 20:40:40.098 65820 INFO tempest.lib.common.rest_client [req-ea90b75e-3dc0-49b3-975f-74966c3c75db req-ea90b75e-3dc0-49b3-975f-74966c3c75db ] Request (ImagesOneServerNegativeTestJSON:setUpClass): 200 PUT http://10.180.1.21/networking/v2.0/routers/5bc85b3d-73a2-4033-8c35-d9115f507bee/add_router_interface 1.585s
2025-11-21 20:40:40.098 65820 INFO tempest.lib.common.dynamic_creds [-] Created isolated network resources for: credentials: Credentials: {'domain_id': 'default', 'domain_name': 'Default', 'username': 'tempest-ImagesOneServerNegativeTestJSON-1663656844-project-member', 'project_domain_id': 'default', 'project_domain_name': 'Default', 'project_id': '97f95c19b1d3408f9095a3ac71da25f3', 'project_name': 'tempest-ImagesOneServerNegativeTestJSON-1663656844', 'tenant_id': '97f95c19b1d3408f9095a3ac71da25f3', 'tenant_name': 'tempest-ImagesOneServerNegativeTestJSON-1663656844', 'user_domain_id': 'default', 'user_domain_name': 'Default', 'user_id': 'fcfa7e4887d047e68121fbb69fbcd611', 'system': None}, Network: {'id': '8e41d0e5-e4f8-4609-9e65-ea5f5504a744', 'name': 'tempest-ImagesOneServerNegativeTestJSON-1096955922-network', 'tenant_id': '97f95c19b1d3408f9095a3ac71da25f3', 'project_id': '97f95c19b1d3408f9095a3ac71da25f3', 'admin_state_up': True, 'mtu': 8950, 'status': 'ACTIVE', 'subnets': [], 'shared': False, 'port_security_enabled': True, 'router:external': False, 'provider:network_type': 'vlan', 'provider:physical_network': 'default', 'provider:segmentation_id': 327, 'availability_zone_hints': [], 'availability_zones': [], 'ipv4_address_scope': None, 'ipv6_address_scope': None, 'description': '', 'tags': [], 'created_at': '2025-11-21T20:40:36Z', 'updated_at': '2025-11-21T20:40:36Z', 'revision_number': 1}, Subnet: {'id': '2521120b-22dc-4fec-8901-0fd18d8fa623', 'name': 'tempest-ImagesOneServerNegativeTestJSON-1096955922-subnet', 'tenant_id': '97f95c19b1d3408f9095a3ac71da25f3', 'network_id': '8e41d0e5-e4f8-4609-9e65-ea5f5504a744', 'ip_version': 4, 'subnetpool_id': None, 'enable_dhcp': True, 'ipv6_ra_mode': None, 'ipv6_address_mode': None, 'gateway_ip': '192.168.128.1', 'cidr': '192.168.128.0/28', 'allocation_pools': [{'start': '192.168.128.2', 'end': '192.168.128.14'}], 'host_routes': [], 'dns_nameservers': [], 'description': '', 'router:external': False, 'service_types': [], 'tags': [], 'created_at': '2025-11-21T20:40:36Z', 'updated_at': '2025-11-21T20:40:36Z', 'revision_number': 0, 'project_id': '97f95c19b1d3408f9095a3ac71da25f3'}, Router: {'id': '5bc85b3d-73a2-4033-8c35-d9115f507bee', 'name': 'tempest-ImagesOneServerNegativeTestJSON-1096955922-router', 'tenant_id': '97f95c19b1d3408f9095a3ac71da25f3', 'admin_state_up': True, 'status': 'ACTIVE', 'external_gateway_info': {'network_id': 'b9178ce3-16e3-4144-9e1d-aaaec1ca3730', 'external_fixed_ips': [{'subnet_id': '184ab2a6-545f-4548-9ee1-53ba5c342435', 'ip_address': '10.180.180.156'}], 'enable_snat': True}, 'description': '', 'availability_zones': [], 'distributed': False, 'ha': False, 'availability_zone_hints': [], 'routes': [], 'flavor_id': None, 'tags': [], 'created_at': '2025-11-21T20:40:37Z', 'updated_at': '2025-11-21T20:40:38Z', 'revision_number': 2, 'project_id': '97f95c19b1d3408f9095a3ac71da25f3'}
2025-11-21 20:40:40.167 65820 INFO tempest.lib.common.rest_client [req-1db7a843-e91e-4baa-a9e8-8086e28757a7 req-1db7a843-e91e-4baa-a9e8-8086e28757a7 ] Request (ImagesOneServerNegativeTestJSON:setUpClass): 201 POST http://10.180.1.21/identity/v3/auth/tokens 0.065s
2025-11-21 20:40:40.207 65820 INFO tempest.lib.common.rest_client [req-6e998085-017f-491c-86ac-b98db26fcc02 req-6e998085-017f-491c-86ac-b98db26fcc02 ] Request (ImagesOneServerNegativeTestJSON:setUpClass): 201 POST http://10.180.1.21/identity/v3/auth/tokens 0.037s
2025-11-21 20:40:40.208 65820 INFO tempest.lib.common.fixed_network [-] (ImagesOneServerNegativeTestJSON:setUpClass) Found network {'id': '8e41d0e5-e4f8-4609-9e65-ea5f5504a744', 'name': 'tempest-ImagesOneServerNegativeTestJSON-1096955922-network', 'tenant_id': '97f95c19b1d3408f9095a3ac71da25f3', 'project_id': '97f95c19b1d3408f9095a3ac71da25f3', 'admin_state_up': True, 'mtu': 8950, 'status': 'ACTIVE', 'subnets': [], 'shared': False, 'port_security_enabled': True, 'router:external': False, 'provider:network_type': 'vlan', 'provider:physical_network': 'default', 'provider:segmentation_id': 327, 'availability_zone_hints': [], 'availability_zones': [], 'ipv4_address_scope': None, 'ipv6_address_scope': None, 'description': '', 'tags': [], 'created_at': '2025-11-21T20:40:36Z', 'updated_at': '2025-11-21T20:40:36Z', 'revision_number': 1} available for tenant
2025-11-21 20:40:40.219 65788 INFO tempest.lib.common.rest_client [req-c667fc4f-2d9e-43d5-855d-40166af6304d req-c667fc4f-2d9e-43d5-855d-40166af6304d ] Request (DeleteServersAdminTestJSON:test_admin_delete_servers_of_others): 200 GET http://10.180.1.21/compute/v2.1/servers/6dfbd10a-ee58-415d-85c5-257d08210d8e 6.890s
2025-11-21 20:40:40.227 65788 INFO tempest.common.waiters [-] State transition "ACTIVE/deleting" ==> "DELETED/None" after 8 second wait
2025-11-21 20:40:40.315 65800 INFO tempest.lib.common.rest_client [req-b5e7021d-a124-418e-b787-a080f2cc9227 req-b5e7021d-a124-418e-b787-a080f2cc9227 ] Request (QuotasSecurityGroupAdminNegativeTest:tearDownClass): 200 GET http://10.180.1.21/networking/v2.0/security-groups?tenant_id=34bc7d6142fb4599867a2a95e793ef02&name=default 0.812s
2025-11-21 20:40:40.389 65816 INFO tempest.lib.common.rest_client [req-c8844876-2ba9-4bc9-9196-957400b454ee req-c8844876-2ba9-4bc9-9196-957400b454ee ] Request (FloatingIPsTestJSON:tearDownClass): 200 GET http://10.180.1.21/networking/v2.0/security-groups?tenant_id=9c35b19cc1944d44bfc59ee53447179a&name=default 0.471s
2025-11-21 20:40:40.450 65812 INFO tempest.lib.common.rest_client [req-f6af2a26-8ced-4754-af15-9f2a0b74d0c5 req-f6af2a26-8ced-4754-af15-9f2a0b74d0c5 ] Request (ServerDiagnosticsNegativeTest:test_get_server_diagnostics_by_non_admin): 200 GET http://10.180.1.21/compute/v2.1/servers/d428bf6d-ea41-423f-8a60-35483a9924cf 7.312s
2025-11-21 20:40:40.459 65812 INFO tempest.common.waiters [-] State transition "BUILD/spawning" ==> "ACTIVE/None" after 22 second wait
2025-11-21 20:40:40.475 65806 INFO tempest.lib.common.rest_client [req-4d7b65c1-a18b-41a1-a697-423084bb820c req-4d7b65c1-a18b-41a1-a697-423084bb820c ] Request (ServersAdmin275Test:test_rebuild_update_server_275): 200 GET http://10.180.1.21/compute/v2.1/servers/4b42c2cd-dd38-4821-862e-2b8eddc687ff 7.063s
2025-11-21 20:40:40.487 65806 INFO tempest.common.waiters [-] State transition "REBUILD/rebuilding" ==> "REBUILD/rebuild_spawning" after 8 second wait
2025-11-21 20:40:40.498 65802 INFO tempest.lib.common.rest_client [req-04266b7d-45e3-41be-99bf-840023e362be req-04266b7d-45e3-41be-99bf-840023e362be ] Request (KeyPairsV210TestJSON:test_admin_manage_keypairs_for_other_users): 201 POST http://10.180.1.21/compute/v2.1/os-keypairs 6.950s
2025-11-21 20:40:40.579 65800 INFO tempest.lib.common.rest_client [req-14d5e0e5-2074-4827-a195-e66b46e62f0e req-14d5e0e5-2074-4827-a195-e66b46e62f0e ] Request (QuotasSecurityGroupAdminNegativeTest:tearDownClass): 204 DELETE http://10.180.1.21/networking/v2.0/security-groups/7871126d-8642-4183-8a44-b20a7ebc948b 0.263s
2025-11-21 20:40:40.680 65790 INFO tempest.lib.common.rest_client [req-3f2d66a1-7391-497b-8506-d26117ac9b14 req-3f2d66a1-7391-497b-8506-d26117ac9b14 ] Request (QuotasAdminTestV236:test_get_updated_quotas): 200 PUT http://10.180.1.21/compute/v2.1/os-quota-sets/92151c1da8654862a4b7a1c2ecc15007 6.927s
2025-11-21 20:40:40.699 65800 INFO tempest.lib.common.rest_client [req-9c4e1e42-53f0-443e-81ed-446c46a54a47 req-9c4e1e42-53f0-443e-81ed-446c46a54a47 ] Request (QuotasSecurityGroupAdminNegativeTest:tearDownClass): 204 DELETE http://10.180.1.21/identity/v3/projects/34bc7d6142fb4599867a2a95e793ef02 0.120s
2025-11-21 20:40:40.781 65800 INFO tempest.lib.common.rest_client [req-9bdd6002-795a-480c-b8d3-a87ea7f1caa9 req-9bdd6002-795a-480c-b8d3-a87ea7f1caa9 ] Request (FlavorsV2TestJSON:setUpClass): 201 POST http://10.180.1.21/identity/v3/auth/tokens 0.080s
2025-11-21 20:40:40.816 65800 INFO tempest.lib.common.rest_client [req-ca38c990-2140-495a-aa32-cd6b51db05e9 req-ca38c990-2140-495a-aa32-cd6b51db05e9 ] Request (FlavorsV2TestJSON:setUpClass): 201 POST http://10.180.1.21/identity/v3/auth/tokens 0.032s
2025-11-21 20:40:40.843 65800 INFO tempest.lib.common.rest_client [req-5a60c99d-2331-4fab-aac6-1e3659d42295 req-5a60c99d-2331-4fab-aac6-1e3659d42295 ] Request (FlavorsV2TestJSON:setUpClass): 200 GET http://10.180.1.21/identity/v3/domains?name=Default 0.027s
2025-11-21 20:40:40.881 65800 INFO tempest.lib.common.rest_client [req-286420da-499e-4453-83a0-81a84e797b77 req-286420da-499e-4453-83a0-81a84e797b77 ] Request (FlavorsV2TestJSON:setUpClass): 201 POST http://10.180.1.21/identity/v3/projects 0.037s
2025-11-21 20:40:40.960 65800 INFO tempest.lib.common.rest_client [req-3d45e77c-15de-4a55-9431-ed2c6aa88dad req-3d45e77c-15de-4a55-9431-ed2c6aa88dad ] Request (FlavorsV2TestJSON:setUpClass): 201 POST http://10.180.1.21/identity/v3/users 0.079s
2025-11-21 20:40:40.984 65800 INFO tempest.lib.common.rest_client [req-94148ec8-586a-45a8-92ba-c3f35446b2f8 req-94148ec8-586a-45a8-92ba-c3f35446b2f8 ] Request (FlavorsV2TestJSON:setUpClass): 200 GET http://10.180.1.21/identity/v3/roles 0.023s
