2025-11-21 20:42:13.538 65792 INFO tempest.lib.common.rest_client [req-4aca5de2-13ec-44ba-828e-0dd282121c4b req-4aca5de2-13ec-44ba-828e-0dd282121c4b ] Request (ServersAaction247Test:test_create_backup): 200 GET http://10.180.1.21/compute/v2.1/servers/1c263b74-93d1-4244-8f08-d35373a3a946 2.563s
2025-11-21 20:42:13.666 65810 INFO tempest.lib.common.rest_client [req-96ee1443-b0b1-450a-9125-d9aa7c35717d req-96ee1443-b0b1-450a-9125-d9aa7c35717d ] Request (ImagesMetadataTestJSON:test_set_image_metadata_item): 200 PUT http://10.180.1.21/compute/v2.1/images/24dfceb1-2feb-4d5a-b733-bbba6d675a7e/metadata/os_version 2.926s
2025-11-21 20:42:13.670 65780 INFO tempest.lib.common.rest_client [req-0d2d0916-7a79-4513-b5d9-f8432fb494f3 req-0d2d0916-7a79-4513-b5d9-f8432fb494f3 ] Request (ListImageFiltersTestJSON:setUpClass): 200 GET http://10.180.1.21/compute/v2.1/images/79109d6e-4055-4d02-b5e0-b1bd81081a66 2.641s
2025-11-21 20:42:13.691 65774 INFO tempest.lib.common.rest_client [req-40be634d-20b7-4fc9-b2c4-ee60a231d157 req-40be634d-20b7-4fc9-b2c4-ee60a231d157 ] Request (ImagesNegativeTestJSON:test_create_image_from_deleted_server): 404 POST http://10.180.1.21/compute/v2.1/servers/47ed285c-fd2a-436a-a3a4-bc08f62c1bbc/action 2.601s
2025-11-21 20:42:13.699 65832 INFO tempest.lib.common.rest_client [req-59b4dbfa-0ec5-46e9-81a5-970bdb1bb669 req-59b4dbfa-0ec5-46e9-81a5-970bdb1bb669 ] Request (ServerExternalEventsTest:tearDownClass): 200 GET http://10.180.1.21/networking/v2.0/security-groups?tenant_id=8cfb3cccf29a4a17a2bab82ff5bd5c9a&name=default 0.197s
2025-11-21 20:42:13.861 65832 INFO tempest.lib.common.rest_client [req-715fc5f8-f65c-4758-9000-fbc9b16c0c68 req-715fc5f8-f65c-4758-9000-fbc9b16c0c68 ] Request (ServerExternalEventsTest:tearDownClass): 204 DELETE http://10.180.1.21/networking/v2.0/security-groups/1945c8c9-d5b5-4111-ba8b-cb310537a2d4 0.161s
2025-11-21 20:42:13.884 65776 INFO tempest.lib.common.rest_client [req-3e76338a-3506-40bf-a263-850ef93d98c4 req-3e76338a-3506-40bf-a263-850ef93d98c4 ] Request (ImagesTestJSON:test_create_image_from_stopped_server): 200 GET http://10.180.1.21/compute/v2.1/servers/f85e6ddc-3b20-45c9-9c6b-11d36e5e8aff 2.791s
2025-11-21 20:42:13.940 65832 INFO tempest.lib.common.rest_client [req-af3320dc-6545-4605-a8af-730928b140df req-af3320dc-6545-4605-a8af-730928b140df ] Request (ServerExternalEventsTest:tearDownClass): 204 DELETE http://10.180.1.21/identity/v3/projects/8cfb3cccf29a4a17a2bab82ff5bd5c9a 0.079s
2025-11-21 20:42:13.941 65832 INFO tempest.lib.common.dynamic_creds [-] Deleting project and security group for project: d52c6ecb3f9d487b8eaade8e3c87bdcd
2025-11-21 20:42:13.997 65816 INFO tempest.lib.common.rest_client [req-cb5f8d1d-97f2-4fb1-9d2d-d87f212849c7 req-cb5f8d1d-97f2-4fb1-9d2d-d87f212849c7 ] Request (AttachVolumeNegativeTest:test_attach_attached_volume_to_different_server): 200 GET http://10.180.1.21/compute/v2.1/servers/8fe24eee-92e6-4c17-bd9c-50d538e33739 2.640s
2025-11-21 20:42:14.006 65804 INFO tempest.lib.common.rest_client [req-c573026f-a503-46b5-94e4-7e2f5e66b86d req-c573026f-a503-46b5-94e4-7e2f5e66b86d ] Request (KeyPairsNegativeTestJSON:test_keypair_delete_nonexistent_key): 404 DELETE http://10.180.1.21/compute/v2.1/os-keypairs/tempest-keypair-non-existent-1919435958 2.386s
2025-11-21 20:42:14.107 65832 INFO tempest.lib.common.rest_client [req-c082f38f-3cc5-47b0-acd9-a25ef74efc2e req-c082f38f-3cc5-47b0-acd9-a25ef74efc2e ] Request (ServerExternalEventsTest:tearDownClass): 200 GET http://10.180.1.21/networking/v2.0/security-groups?tenant_id=d52c6ecb3f9d487b8eaade8e3c87bdcd&name=default 0.166s
2025-11-21 20:42:14.136 65804 INFO tempest.lib.common.rest_client [req-6de62383-3e88-45d1-90d2-e427862d26eb req-6de62383-3e88-45d1-90d2-e427862d26eb ] Request (KeyPairsNegativeTestJSON:tearDownClass): 204 DELETE http://10.180.1.21/identity/v3/users/3060787d2a5c47f79c3718f8449ecf96 0.127s
2025-11-21 20:42:14.137 65804 INFO tempest.lib.common.dynamic_creds [-] Deleting project and security group for project: 9c1c705706074f23ad77899da1932790
2025-11-21 20:42:14.156 65822 INFO tempest.lib.common.rest_client [req-e3d7692c-1cf7-402c-b5e2-4415bf95c012 req-e3d7692c-1cf7-402c-b5e2-4415bf95c012 ] Request (ServerGroupTestJSON:test_create_server_with_scheduler_hint_group): 200 GET http://10.180.1.21/compute/v2.1/servers/80fb72d3-6e2c-4118-9936-ba8ce2d59b93 2.940s
2025-11-21 20:42:14.163 65822 INFO tempest.common.waiters [-] State transition "BUILD/spawning" ==> "ACTIVE/None" after 37 second wait
2025-11-21 20:42:14.219 65804 INFO tempest.lib.common.rest_client [req-426eebeb-d8c3-41d3-a0c8-52146bbb12af req-426eebeb-d8c3-41d3-a0c8-52146bbb12af ] Request (KeyPairsNegativeTestJSON:tearDownClass): 201 POST http://10.180.1.21/identity/v3/auth/tokens 0.082s
2025-11-21 20:42:14.338 65832 INFO tempest.lib.common.rest_client [req-f49de225-3b5c-4d0a-bc42-e876fcb1318d req-f49de225-3b5c-4d0a-bc42-e876fcb1318d ] Request (ServerExternalEventsTest:tearDownClass): 204 DELETE http://10.180.1.21/networking/v2.0/security-groups/4383f5a6-f601-44be-adaa-ba1f987e4129 0.230s
2025-11-21 20:42:14.399 65832 INFO tempest.lib.common.rest_client [req-292068a3-831f-4ad2-a5fa-465a763a2cc0 req-292068a3-831f-4ad2-a5fa-465a763a2cc0 ] Request (ServerExternalEventsTest:tearDownClass): 204 DELETE http://10.180.1.21/identity/v3/projects/d52c6ecb3f9d487b8eaade8e3c87bdcd 0.060s
2025-11-21 20:42:14.399 65832 INFO tempest.lib.common.dynamic_creds [-] Deleting project and security group for project: 65ffe4228dd8497596c5bdeaf0e26490
2025-11-21 20:42:14.416 65814 INFO tempest.lib.common.rest_client [req-bf3db352-0eac-4dc6-a8a7-5b7bac5381c4 req-bf3db352-0eac-4dc6-a8a7-5b7bac5381c4 ] Request (ImagesOneServerTestJSON:tearDownClass): 200 GET http://10.180.1.21/compute/v2.1/servers/75bc118e-4b07-499a-88b0-ac22272e9dc7 2.092s
2025-11-21 20:42:14.634 65804 INFO tempest.lib.common.rest_client [req-fd3b147e-354e-47a6-a3f3-c56b9e85e3f7 req-fd3b147e-354e-47a6-a3f3-c56b9e85e3f7 ] Request (KeyPairsNegativeTestJSON:tearDownClass): 200 GET http://10.180.1.21/networking/v2.0/security-groups?tenant_id=9c1c705706074f23ad77899da1932790&name=default 0.414s
2025-11-21 20:42:14.670 65824 INFO tempest.lib.common.rest_client [req-78f52e80-ae95-4275-92b2-7a5af060790a req-78f52e80-ae95-4275-92b2-7a5af060790a ] Request (ServerRescueTestJSON:test_rescue_unrescue_instance): 200 GET http://10.180.1.21/compute/v2.1/servers/d49e04fe-3f84-4baf-8d60-c81d4372fc03 2.608s
2025-11-21 20:42:14.679 65824 INFO tempest.common.waiters [-] State transition "ACTIVE/rescuing" ==> "RESCUE/None" after 9 second wait
2025-11-21 20:42:14.687 65828 INFO tempest.lib.common.rest_client [req-3c569b91-5475-4e6d-a9db-61d50ce3e5a2 req-3c569b91-5475-4e6d-a9db-61d50ce3e5a2 ] Request (FlavorsAdminTestJSON:test_list_non_public_flavor): 200 POST http://10.180.1.21/compute/v2.1/flavors 2.183s
2025-11-21 20:42:14.832 65832 INFO tempest.lib.common.rest_client [req-40fe092c-45b5-4ec8-9482-2a1e0e9f2d09 req-40fe092c-45b5-4ec8-9482-2a1e0e9f2d09 ] Request (ServerExternalEventsTest:tearDownClass): 200 GET http://10.180.1.21/networking/v2.0/security-groups?tenant_id=65ffe4228dd8497596c5bdeaf0e26490&name=default 0.432s
2025-11-21 20:42:14.854 65782 INFO tempest.lib.common.rest_client [req-89ca7200-0403-46b6-a883-db557debee8b req-89ca7200-0403-46b6-a883-db557debee8b ] Request (ServersAdminNegativeTestJSON:test_migrate_server_invalid_state): 200 GET http://10.180.1.21/compute/v2.1/servers/49ebbc06-bfc6-4b0f-82dd-eedd572f8147 2.408s
2025-11-21 20:42:14.890 65802 WARNING tempest.lib.common.ssh [-] Failed to establish authenticated ssh connection to cirros@10.180.180.195 ([Errno None] Unable to connect to port 22 on 10.180.180.195). Number attempts: 2. Retry after 3 seconds.: paramiko.ssh_exception.NoValidConnectionsError: [Errno None] Unable to connect to port 22 on 10.180.180.195
2025-11-21 20:42:14.985 65804 INFO tempest.lib.common.rest_client [req-1726b89b-b7a0-4fcf-8e2a-defbdb4686a4 req-1726b89b-b7a0-4fcf-8e2a-defbdb4686a4 ] Request (KeyPairsNegativeTestJSON:tearDownClass): 204 DELETE http://10.180.1.21/networking/v2.0/security-groups/28c69c27-3733-4aca-b2f6-7055740d8b08 0.351s
2025-11-21 20:42:15.063 65794 INFO tempest.lib.common.rest_client [req-5b47bb60-0ed6-4a8a-8822-24f720b858e5 req-5b47bb60-0ed6-4a8a-8822-24f720b858e5 ] Request (MigrationsAdminTest:test_resize_server_revert_deleted_flavor): 200 GET http://10.180.1.21/compute/v2.1/servers/4b446122-8965-4d44-974c-bedbf73cf659 2.477s
2025-11-21 20:42:15.069 65804 INFO tempest.lib.common.rest_client [req-fe8f2ba8-4c24-4328-9d17-ad900f073d0d req-fe8f2ba8-4c24-4328-9d17-ad900f073d0d ] Request (KeyPairsNegativeTestJSON:tearDownClass): 204 DELETE http://10.180.1.21/identity/v3/projects/9c1c705706074f23ad77899da1932790 0.082s
2025-11-21 20:42:15.169 65832 INFO tempest.lib.common.rest_client [req-6fa9a950-64c8-4eec-9559-c20163abc7fd req-6fa9a950-64c8-4eec-9559-c20163abc7fd ] Request (ServerExternalEventsTest:tearDownClass): 204 DELETE http://10.180.1.21/networking/v2.0/security-groups/c03aa55b-7602-4a05-b459-ab3dac4d33f5 0.336s
2025-11-21 20:42:15.174 65804 INFO tempest.lib.common.rest_client [req-74bd3bd9-8ac9-4530-945f-4eed8ae0ccf8 req-74bd3bd9-8ac9-4530-945f-4eed8ae0ccf8 ] Request (ExtensionsTest:setUpClass): 201 POST http://10.180.1.21/identity/v3/auth/tokens 0.104s
2025-11-21 20:42:15.211 65804 INFO tempest.lib.common.rest_client [req-c19197d1-d7bc-4c78-8fb6-c3e2b73d63e3 req-c19197d1-d7bc-4c78-8fb6-c3e2b73d63e3 ] Request (ExtensionsTest:setUpClass): 201 POST http://10.180.1.21/identity/v3/auth/tokens 0.033s
2025-11-21 20:42:15.238 65820 INFO tempest.lib.common.rest_client [req-84c4423b-7a17-4654-bfaf-668a722796c2 req-84c4423b-7a17-4654-bfaf-668a722796c2 ] Request (ImagesOneServerNegativeTestJSON:_run_cleanups): 200 GET http://10.180.1.21/compute/v2.1/servers/bf4b716b-1514-4c79-a1fd-34846d330eda 2.523s
2025-11-21 20:42:15.240 65832 INFO tempest.lib.common.rest_client [req-6269c334-32d0-485e-809d-307a78127d86 req-6269c334-32d0-485e-809d-307a78127d86 ] Request (ServerExternalEventsTest:tearDownClass): 204 DELETE http://10.180.1.21/identity/v3/projects/65ffe4228dd8497596c5bdeaf0e26490 0.070s
2025-11-21 20:42:15.248 65820 INFO tempest.common.waiters [-] State transition "ACTIVE/deleting" ==> "DELETED/None" after 4 second wait
2025-11-21 20:42:15.270 65804 INFO tempest.lib.common.rest_client [req-47344432-d03d-4e89-9375-1e48c7f5260d req-47344432-d03d-4e89-9375-1e48c7f5260d ] Request (ExtensionsTest:setUpClass): 200 GET http://10.180.1.21/identity/v3/domains?name=Default 0.059s
2025-11-21 20:42:15.286 65832 INFO tempest.lib.common.rest_client [req-b3855660-3b7e-4c4a-bd85-d1371ffb9f12 req-b3855660-3b7e-4c4a-bd85-d1371ffb9f12 ] Request (SecurityGroupRulesTestJSON:setUpClass): 201 POST http://10.180.1.21/identity/v3/auth/tokens 0.044s
2025-11-21 20:42:15.335 65804 INFO tempest.lib.common.rest_client [req-1e3f4af4-e2bc-469c-8a2b-bc7deb7b2019 req-1e3f4af4-e2bc-469c-8a2b-bc7deb7b2019 ] Request (ExtensionsTest:setUpClass): 201 POST http://10.180.1.21/identity/v3/projects 0.064s
2025-11-21 20:42:15.399 65832 INFO tempest.lib.common.rest_client [req-7e2aaa95-7f07-4aa8-b119-7a3b49678805 req-7e2aaa95-7f07-4aa8-b119-7a3b49678805 ] Request (SecurityGroupRulesTestJSON:setUpClass): 201 POST http://10.180.1.21/identity/v3/auth/tokens 0.105s
2025-11-21 20:42:15.427 65804 INFO tempest.lib.common.rest_client [req-9024e0dc-c5dc-48b0-83ab-3fdafe5a034c req-9024e0dc-c5dc-48b0-83ab-3fdafe5a034c ] Request (ExtensionsTest:setUpClass): 201 POST http://10.180.1.21/identity/v3/users 0.090s
2025-11-21 20:42:15.444 65786 INFO tempest.lib.common.rest_client [req-916fc328-3891-4d53-8533-4e60cce9844d req-916fc328-3891-4d53-8533-4e60cce9844d ] Request (FlavorsExtraSpecsTestJSON:test_flavor_non_admin_get_all_keys): 200 GET http://10.180.1.21/compute/v2.1/flavors/485492208/os-extra_specs 2.478s
2025-11-21 20:42:15.452 65832 INFO tempest.lib.common.rest_client [req-34bc725a-a212-402b-b04a-6da0e09c250c req-34bc725a-a212-402b-b04a-6da0e09c250c ] Request (SecurityGroupRulesTestJSON:setUpClass): 200 GET http://10.180.1.21/identity/v3/domains?name=Default 0.052s
2025-11-21 20:42:15.453 65804 INFO tempest.lib.common.rest_client [req-17e4c5df-e9b4-46cc-944a-3d5caf835b31 req-17e4c5df-e9b4-46cc-944a-3d5caf835b31 ] Request (ExtensionsTest:setUpClass): 200 GET http://10.180.1.21/identity/v3/roles 0.026s
2025-11-21 20:42:15.483 65832 INFO tempest.lib.common.rest_client [req-44145cc3-1a92-409c-8e4e-3b04ad9e41bf req-44145cc3-1a92-409c-8e4e-3b04ad9e41bf ] Request (SecurityGroupRulesTestJSON:setUpClass): 201 POST http://10.180.1.21/identity/v3/projects 0.031s
2025-11-21 20:42:15.566 65804 INFO tempest.lib.common.rest_client [req-bfb9ba87-c55b-49b4-aa6d-4388ccb7f279 req-bfb9ba87-c55b-49b4-aa6d-4388ccb7f279 ] Request (ExtensionsTest:setUpClass): 204 PUT http://10.180.1.21/identity/v3/projects/9d9c21eab8e9471f9afd335e0a53e1e4/users/15ac9eaca5c04737a15966602c874439/roles/c8b760fdf82c444985153c07ff400fc9 0.112s
2025-11-21 20:42:15.567 65804 INFO tempest.lib.common.dynamic_creds [-] Dynamic test user 15ac9eaca5c04737a15966602c874439 is created with scope project and roles: ['member']
2025-11-21 20:42:15.567 65804 INFO tempest.lib.common.dynamic_creds [-] Acquired dynamic creds: credentials: Credentials: {'domain_id': 'default', 'domain_name': 'Default', 'username': 'tempest-ExtensionsTest-761330659-project-member', 'project_domain_id': 'default', 'project_domain_name': 'Default', 'project_id': '9d9c21eab8e9471f9afd335e0a53e1e4', 'project_name': 'tempest-ExtensionsTest-761330659', 'tenant_id': '9d9c21eab8e9471f9afd335e0a53e1e4', 'tenant_name': 'tempest-ExtensionsTest-761330659', 'user_domain_id': 'default', 'user_domain_name': 'Default', 'user_id': '15ac9eaca5c04737a15966602c874439', 'system': None}, Network: None, Subnet: None, Router: None
2025-11-21 20:42:15.567 65804 INFO tempest.lib.common.dynamic_creds [-] Created isolated network resources for: credentials: Credentials: {'domain_id': 'default', 'domain_name': 'Default', 'username': 'tempest-ExtensionsTest-761330659-project-member', 'project_domain_id': 'default', 'project_domain_name': 'Default', 'project_id': '9d9c21eab8e9471f9afd335e0a53e1e4', 'project_name': 'tempest-ExtensionsTest-761330659', 'tenant_id': '9d9c21eab8e9471f9afd335e0a53e1e4', 'tenant_name': 'tempest-ExtensionsTest-761330659', 'user_domain_id': 'default', 'user_domain_name': 'Default', 'user_id': '15ac9eaca5c04737a15966602c874439', 'system': None}, Network: None, Subnet: None, Router: None
2025-11-21 20:42:15.581 65800 INFO tempest.lib.common.rest_client [req-e17d9a6e-0b25-4e55-8db4-a7a55531e051 req-e17d9a6e-0b25-4e55-8db4-a7a55531e051 ] Request (QuotasTestJSON:test_get_quotas): 200 GET http://10.180.1.21/compute/v2.1/os-quota-sets/ba285151fbe947dfaa86e99abcc8fb23?user_id=7afa3b5ab7da4e51a3e03fca9977851c 2.514s
2025-11-21 20:42:15.591 65832 INFO tempest.lib.common.rest_client [req-574d96c3-deb6-4627-9318-97d2e342d77d req-574d96c3-deb6-4627-9318-97d2e342d77d ] Request (SecurityGroupRulesTestJSON:setUpClass): 201 POST http://10.180.1.21/identity/v3/users 0.107s
2025-11-21 20:42:15.666 65804 INFO tempest.lib.common.rest_client [req-dabf897b-6944-4281-b4c3-9fc0696cfcee req-dabf897b-6944-4281-b4c3-9fc0696cfcee ] Request (ExtensionsTest:setUpClass): 201 POST http://10.180.1.21/identity/v3/auth/tokens 0.094s
2025-11-21 20:42:15.697 65832 INFO tempest.lib.common.rest_client [req-0ec32909-ca1b-42b3-9d9d-2a728539fd7c req-0ec32909-ca1b-42b3-9d9d-2a728539fd7c ] Request (SecurityGroupRulesTestJSON:setUpClass): 200 GET http://10.180.1.21/identity/v3/roles 0.104s
2025-11-21 20:42:15.737 65832 INFO tempest.lib.common.rest_client [req-eb6ca2fe-2a23-4082-ba35-9ebcfdb3badf req-eb6ca2fe-2a23-4082-ba35-9ebcfdb3badf ] Request (SecurityGroupRulesTestJSON:setUpClass): 204 PUT http://10.180.1.21/identity/v3/projects/daed655e24ef4c0d890cfd6dbe568c69/users/161b036169fd48f7845f4f5a2cda7f5c/roles/c8b760fdf82c444985153c07ff400fc9 0.040s
2025-11-21 20:42:15.737 65832 INFO tempest.lib.common.dynamic_creds [-] Dynamic test user 161b036169fd48f7845f4f5a2cda7f5c is created with scope project and roles: ['member']
2025-11-21 20:42:15.737 65832 INFO tempest.lib.common.dynamic_creds [-] Acquired dynamic creds: credentials: Credentials: {'domain_id': 'default', 'domain_name': 'Default', 'username': 'tempest-SecurityGroupRulesTestJSON-1862792470-project-member', 'project_domain_id': 'default', 'project_domain_name': 'Default', 'project_id': 'daed655e24ef4c0d890cfd6dbe568c69', 'project_name': 'tempest-SecurityGroupRulesTestJSON-1862792470', 'tenant_id': 'daed655e24ef4c0d890cfd6dbe568c69', 'tenant_name': 'tempest-SecurityGroupRulesTestJSON-1862792470', 'user_domain_id': 'default', 'user_domain_name': 'Default', 'user_id': '161b036169fd48f7845f4f5a2cda7f5c', 'system': None}, Network: None, Subnet: None, Router: None
2025-11-21 20:42:15.781 65832 INFO tempest.lib.common.rest_client [req-5238006a-d1f5-4b3f-a32d-8c237ca769e1 req-5238006a-d1f5-4b3f-a32d-8c237ca769e1 ] Request (SecurityGroupRulesTestJSON:setUpClass): 201 POST http://10.180.1.21/identity/v3/auth/tokens 0.043s
2025-11-21 20:42:15.829 65778 INFO tempest.lib.common.rest_client [req-6ef10d9e-0eea-4dc7-84ce-856e7c653477 req-6ef10d9e-0eea-4dc7-84ce-856e7c653477 ] Request (DeleteServersTestJSON:test_delete_server_while_in_attached_volume): 200 GET http://10.180.1.21/compute/v2.1/servers/ff5e8ecd-f8bc-452f-82fd-f4feb7533452 2.731s
2025-11-21 20:42:15.837 65778 INFO tempest.common.waiters [-] State transition "BUILD/None" ==> "BUILD/spawning" after 35 second wait
2025-11-21 20:42:15.853 65800 INFO tempest.lib.common.rest_client [req-f85d13b6-92a1-4470-b41c-a3577e7db020 req-f85d13b6-92a1-4470-b41c-a3577e7db020 ] Request (QuotasTestJSON:tearDownClass): 204 DELETE http://10.180.1.21/identity/v3/users/7afa3b5ab7da4e51a3e03fca9977851c 0.260s
2025-11-21 20:42:15.853 65800 INFO tempest.lib.common.dynamic_creds [-] Deleting project and security group for project: ba285151fbe947dfaa86e99abcc8fb23
2025-11-21 20:42:15.875 65770 INFO tempest.lib.common.rest_client [req-78093897-bc29-4791-9984-b3c262f9f491 req-78093897-bc29-4791-9984-b3c262f9f491 ] Request (KeyPairsV2TestJSON:test_keypairs_create_list_delete): 200 POST http://10.180.1.21/compute/v2.1/os-keypairs 2.761s
2025-11-21 20:42:15.906 65788 INFO tempest.lib.common.rest_client [req-325a25a5-ed83-4587-82a8-76b89b93245c req-325a25a5-ed83-4587-82a8-76b89b93245c ] Request (FlavorsV255TestJSON:test_crud_flavor): 200 PUT http://10.180.1.21/compute/v2.1/flavors/317910798 2.709s
2025-11-21 20:42:15.939 65800 INFO tempest.lib.common.rest_client [req-65442612-dac0-4944-a350-692f3c335f90 req-65442612-dac0-4944-a350-692f3c335f90 ] Request (QuotasTestJSON:tearDownClass): 201 POST http://10.180.1.21/identity/v3/auth/tokens 0.086s
2025-11-21 20:42:16.194 65832 INFO tempest.lib.common.rest_client [req-b597e599-b2e7-4b61-8a53-34c54a0c9736 req-b597e599-b2e7-4b61-8a53-34c54a0c9736 ] Request (SecurityGroupRulesTestJSON:setUpClass): 201 POST http://10.180.1.21/networking/v2.0/networks 0.412s
2025-11-21 20:42:16.231 65831 INFO tempest.lib.common.rest_client [req-38f7af42-400e-464f-9ad8-590a753d5a24 req-38f7af42-400e-464f-9ad8-590a753d5a24 ] Request (ServerRescueTestJSONUnderV235:test_rescued_vm_associate_dissociate_floating_ip): 200 POST http://10.180.1.21/compute/v2.1/os-floating-ips 3.387s
2025-11-21 20:42:16.281 65806 INFO tempest.lib.common.rest_client [req-873af132-0ab9-4565-9673-cc19ec30af40 req-873af132-0ab9-4565-9673-cc19ec30af40 ] Request (InstanceActionsV221TestJSON:test_get_list_deleted_instance_actions): 200 GET http://10.180.1.21/compute/v2.1/servers/3870348a-33d6-43b2-9e7a-a4cd68a9e5f1 3.021s
2025-11-21 20:42:16.379 65800 INFO tempest.lib.common.rest_client [req-306ad1b9-65b7-456a-bc26-7202bc4caf91 req-306ad1b9-65b7-456a-bc26-7202bc4caf91 ] Request (QuotasTestJSON:tearDownClass): 200 GET http://10.180.1.21/networking/v2.0/security-groups?tenant_id=ba285151fbe947dfaa86e99abcc8fb23&name=default 0.440s
2025-11-21 20:42:16.427 65797 INFO tempest.lib.common.rest_client [req-2b15a03f-fcfe-4d05-a0d3-84cf934ff1be req-2b15a03f-fcfe-4d05-a0d3-84cf934ff1be ] Request (HypervisorAdminV228Test:test_get_list_hypervisor_details): 200 GET http://10.180.1.21/compute/v2.1/os-hypervisors 2.940s
2025-11-21 20:42:16.441 65832 INFO tempest.lib.common.rest_client [req-70aa4134-a829-488d-8a1b-effe304e2f87 req-70aa4134-a829-488d-8a1b-effe304e2f87 ] Request (SecurityGroupRulesTestJSON:setUpClass): 201 POST http://10.180.1.21/networking/v2.0/subnets 0.246s
2025-11-21 20:42:16.462 65810 INFO tempest.lib.common.rest_client [req-97879739-f1b9-471e-b8b2-6e2fd0a3a3fc req-97879739-f1b9-471e-b8b2-6e2fd0a3a3fc ] Request (ImagesMetadataTestJSON:test_set_image_metadata_item): 200 GET http://10.180.1.21/compute/v2.1/images/24dfceb1-2feb-4d5a-b733-bbba6d675a7e/metadata 2.794s
2025-11-21 20:42:16.467 65774 INFO tempest.lib.common.rest_client [req-ce052433-0cb0-4fa2-8a0b-72476da4a9d6 req-ce052433-0cb0-4fa2-8a0b-72476da4a9d6 ] Request (ImagesNegativeTestJSON:test_create_image_from_invalid_server): 404 POST http://10.180.1.21/compute/v2.1/servers/tempest-invalid-2097437615/action 2.775s
2025-11-21 20:42:16.605 65800 INFO tempest.lib.common.rest_client [req-f537c739-9e3f-49cb-ba98-5296a53d7d29 req-f537c739-9e3f-49cb-ba98-5296a53d7d29 ] Request (QuotasTestJSON:tearDownClass): 204 DELETE http://10.180.1.21/networking/v2.0/security-groups/4974460b-3900-420f-b247-4687c3392f71 0.224s
2025-11-21 20:42:16.737 65800 INFO tempest.lib.common.rest_client [req-c95bb82c-6919-4a7b-9c58-a8f0da3e5cc8 req-c95bb82c-6919-4a7b-9c58-a8f0da3e5cc8 ] Request (QuotasTestJSON:tearDownClass): 204 DELETE http://10.180.1.21/identity/v3/projects/ba285151fbe947dfaa86e99abcc8fb23 0.131s
2025-11-21 20:42:17.375 65832 INFO tempest.lib.common.rest_client [req-79d95f7c-a4ca-4a3d-845c-5989c3cbbde4 req-79d95f7c-a4ca-4a3d-845c-5989c3cbbde4 ] Request (SecurityGroupRulesTestJSON:setUpClass): 201 POST http://10.180.1.21/networking/v2.0/routers 0.934s
2025-11-21 20:42:17.420 65826 INFO tempest.lib.common.rest_client [req-b07aa2fe-6008-4695-a001-d6fba64954b2 req-b07aa2fe-6008-4695-a001-d6fba64954b2 ] Request (ServerActionsTestJSON:tearDown): 200 GET http://10.180.1.21/compute/v2.1/servers/cde5e247-0e3b-4dbd-b715-3cf5312465e2 4.023s
2025-11-21 20:42:18.034 65818 INFO tempest.lib.common.rest_client [req-2ac830f1-ef4c-422a-946d-17d48c9a089a req-2ac830f1-ef4c-422a-946d-17d48c9a089a ] Request (ServersAdminTestJSON:test_inject_network_info): 200 GET http://10.180.1.21/compute/v2.1/servers/625682a5-beee-49e9-bbb3-a188c3c41f0d 4.112s
2025-11-21 20:42:18.055 65798 INFO tempest.lib.common.rest_client [req-bce2002e-c786-4dc1-be2e-106ca3138c35 req-bce2002e-c786-4dc1-be2e-106ca3138c35 ] Request (MultipleCreateTestJSON:test_multiple_create_with_reservation_return): 200 GET http://10.180.1.21/compute/v2.1/servers/491c5ebd-c37f-40bc-b7dc-cffb75fbe7b1 4.166s
2025-11-21 20:42:18.074 65822 INFO tempest.lib.common.rest_client [req-560271fe-6081-48c8-be39-c234d849032e req-560271fe-6081-48c8-be39-c234d849032e ] Request (ServerGroupTestJSON:test_create_server_with_scheduler_hint_group): 200 GET http://10.180.1.21/compute/v2.1/os-server-groups/dcbe00bd-dc46-4bfa-9dec-9bf07c9ad12d 3.910s
2025-11-21 20:42:18.123 65812 INFO tempest.lib.common.rest_client [req-58ad96fa-b4ee-4a17-ac12-c965c830ab6c req-58ad96fa-b4ee-4a17-ac12-c965c830ab6c ] Request (VolumesAdminNegativeTest:tearDownClass): 200 GET http://10.180.1.21/compute/v2.1/servers/5ead0aad-8032-408f-ba51-a793bf0652c2 3.915s
2025-11-21 20:42:18.130 65812 INFO tempest.common.waiters [-] State transition "ACTIVE/deleting" ==> "DELETED/None" after 5 second wait
2025-11-21 20:42:18.173 65772 INFO tempest.lib.common.rest_client [req-13637342-1597-41a3-8772-7450b68aec10 req-13637342-1597-41a3-8772-7450b68aec10 ] Request (FloatingIPsAssociationNegativeTestJSON:tearDownClass): 200 GET http://10.180.1.21/compute/v2.1/servers/0d9b1d43-083c-4b85-bbdd-1f2ec722a3ba 3.816s
2025-11-21 20:42:18.290 65792 INFO tempest.lib.common.rest_client [req-d3faf436-f4df-4a12-900f-c008481c1088 req-d3faf436-f4df-4a12-900f-c008481c1088 ] Request (ServersAaction247Test:test_create_backup): 200 GET http://10.180.1.21/compute/v2.1/servers/1c263b74-93d1-4244-8f08-d35373a3a946 3.738s
2025-11-21 20:42:18.315 65790 INFO tempest.lib.common.rest_client [req-833f1cfe-f5e0-4279-9f41-12475fcdcf05 req-833f1cfe-f5e0-4279-9f41-12475fcdcf05 ] Request (FloatingIPsAssociationTestJSON:setUpClass): 200 GET http://10.180.1.21/compute/v2.1/servers/ac183b2c-d144-4e65-9ddf-12ffc4f4093c 3.883s
2025-11-21 20:42:18.324 65790 INFO tempest.common.waiters [-] State transition "BUILD/None" ==> "BUILD/spawning" after 24 second wait
2025-11-21 20:42:18.348 65780 INFO tempest.lib.common.rest_client [req-9e553922-70af-47d1-90ec-505028e32d2f req-9e553922-70af-47d1-90ec-505028e32d2f ] Request (ListImageFiltersTestJSON:setUpClass): 200 GET http://10.180.1.21/compute/v2.1/images/79109d6e-4055-4d02-b5e0-b1bd81081a66 3.670s
2025-11-21 20:42:18.386 65828 INFO tempest.lib.common.rest_client [req-916214c7-ba3d-4b6c-80d2-e4b2160db94a req-916214c7-ba3d-4b6c-80d2-e4b2160db94a ] Request (FlavorsAdminTestJSON:test_list_non_public_flavor): 200 GET http://10.180.1.21/compute/v2.1/flavors/detail 3.696s
2025-11-21 20:42:18.396 65824 INFO tempest.lib.common.rest_client [req-95b38a64-740a-4662-86eb-ddc0b67e2542 req-95b38a64-740a-4662-86eb-ddc0b67e2542 ] Request (ServerRescueTestJSON:test_rescue_unrescue_instance): 202 POST http://10.180.1.21/compute/v2.1/servers/d49e04fe-3f84-4baf-8d60-c81d4372fc03/action 3.716s
2025-11-21 20:42:18.397 65802 WARNING tempest.lib.common.ssh [-] Failed to establish authenticated ssh connection to cirros@10.180.180.195 ([Errno None] Unable to connect to port 22 on 10.180.180.195). Number attempts: 3. Retry after 4 seconds.: paramiko.ssh_exception.NoValidConnectionsError: [Errno None] Unable to connect to port 22 on 10.180.180.195
2025-11-21 20:42:18.506 65776 INFO tempest.lib.common.rest_client [req-6709de9a-46de-4e16-8344-89690714b7cb req-6709de9a-46de-4e16-8344-89690714b7cb ] Request (ImagesTestJSON:test_create_image_from_stopped_server): 200 GET http://10.180.1.21/compute/v2.1/servers/f85e6ddc-3b20-45c9-9c6b-11d36e5e8aff 3.612s
2025-11-21 20:42:18.529 65816 INFO tempest.lib.common.rest_client [req-81e2daec-b3c9-4f3d-a300-e1b75655ee43 req-81e2daec-b3c9-4f3d-a300-e1b75655ee43 ] Request (AttachVolumeNegativeTest:test_attach_attached_volume_to_different_server): 200 GET http://10.180.1.21/compute/v2.1/servers/8fe24eee-92e6-4c17-bd9c-50d538e33739 3.522s
2025-11-21 20:42:18.554 65786 INFO tempest.lib.common.rest_client [req-0287a251-5183-4bd1-9efb-dc8e50b40531 req-0287a251-5183-4bd1-9efb-dc8e50b40531 ] Request (FlavorsExtraSpecsTestJSON:test_flavor_non_admin_get_specific_key): 200 POST http://10.180.1.21/compute/v2.1/flavors/485492208/os-extra_specs 3.106s
2025-11-21 20:42:18.694 65804 INFO tempest.lib.common.rest_client [req-d0bdb398-84b7-4a3b-bd9b-31833af955d5 req-d0bdb398-84b7-4a3b-bd9b-31833af955d5 ] Request (ExtensionsTest:test_get_extension): 200 GET http://10.180.1.21/compute/v2.1/extensions/os-consoles 3.026s
2025-11-21 20:42:18.902 65814 INFO tempest.lib.common.rest_client [req-2c63e265-ca37-4219-8522-18f9789bf767 req-2c63e265-ca37-4219-8522-18f9789bf767 ] Request (ImagesOneServerTestJSON:tearDownClass): 200 GET http://10.180.1.21/compute/v2.1/servers/75bc118e-4b07-499a-88b0-ac22272e9dc7 3.477s
2025-11-21 20:42:18.921 65782 INFO tempest.lib.common.rest_client [req-3095c848-c57d-48bd-aad4-2189aef481b7 req-3095c848-c57d-48bd-aad4-2189aef481b7 ] Request (ServersAdminNegativeTestJSON:test_migrate_server_invalid_state): 200 GET http://10.180.1.21/compute/v2.1/servers/49ebbc06-bfc6-4b0f-82dd-eedd572f8147 3.058s
2025-11-21 20:42:18.935 65832 INFO tempest.lib.common.rest_client [req-2360a943-e689-4871-9a0a-e700b03dd74a req-2360a943-e689-4871-9a0a-e700b03dd74a ] Request (SecurityGroupRulesTestJSON:setUpClass): 200 PUT http://10.180.1.21/networking/v2.0/routers/519dda2f-6cf3-49f4-8bd1-1a837ae4f43f/add_router_interface 1.559s
2025-11-21 20:42:18.936 65832 INFO tempest.lib.common.dynamic_creds [-] Created isolated network resources for: credentials: Credentials: {'domain_id': 'default', 'domain_name': 'Default', 'username': 'tempest-SecurityGroupRulesTestJSON-1862792470-project-member', 'project_domain_id': 'default', 'project_domain_name': 'Default', 'project_id': 'daed655e24ef4c0d890cfd6dbe568c69', 'project_name': 'tempest-SecurityGroupRulesTestJSON-1862792470', 'tenant_id': 'daed655e24ef4c0d890cfd6dbe568c69', 'tenant_name': 'tempest-SecurityGroupRulesTestJSON-1862792470', 'user_domain_id': 'default', 'user_domain_name': 'Default', 'user_id': '161b036169fd48f7845f4f5a2cda7f5c', 'system': None}, Network: {'id': '52807820-5407-4ec3-938a-e7f63616c14d', 'name': 'tempest-SecurityGroupRulesTestJSON-1113575108-network', 'tenant_id': 'daed655e24ef4c0d890cfd6dbe568c69', 'project_id': 'daed655e24ef4c0d890cfd6dbe568c69', 'admin_state_up': True, 'mtu': 8950, 'status': 'ACTIVE', 'subnets': [], 'shared': False, 'port_security_enabled': True, 'router:external': False, 'provider:network_type': 'vlan', 'provider:physical_network': 'default', 'provider:segmentation_id': 614, 'availability_zone_hints': [], 'availability_zones': [], 'ipv4_address_scope': None, 'ipv6_address_scope': None, 'description': '', 'tags': [], 'created_at': '2025-11-21T20:42:16Z', 'updated_at': '2025-11-21T20:42:16Z', 'revision_number': 1}, Subnet: {'id': 'b2e927a5-d4a4-4adb-90fb-c92e48879ee0', 'name': 'tempest-SecurityGroupRulesTestJSON-1113575108-subnet', 'tenant_id': 'daed655e24ef4c0d890cfd6dbe568c69', 'network_id': '52807820-5407-4ec3-938a-e7f63616c14d', 'ip_version': 4, 'subnetpool_id': None, 'enable_dhcp': True, 'ipv6_ra_mode': None, 'ipv6_address_mode': None, 'gateway_ip': '192.168.128.1', 'cidr': '192.168.128.0/28', 'allocation_pools': [{'start': '192.168.128.2', 'end': '192.168.128.14'}], 'host_routes': [], 'dns_nameservers': [], 'description': '', 'router:external': False, 'service_types': [], 'tags': [], 'created_at': '2025-11-21T20:42:16Z', 'updated_at': '2025-11-21T20:42:16Z', 'revision_number': 0, 'project_id': 'daed655e24ef4c0d890cfd6dbe568c69'}, Router: {'id': '519dda2f-6cf3-49f4-8bd1-1a837ae4f43f', 'name': 'tempest-SecurityGroupRulesTestJSON-1113575108-router', 'tenant_id': 'daed655e24ef4c0d890cfd6dbe568c69', 'admin_state_up': True, 'status': 'ACTIVE', 'external_gateway_info': {'network_id': 'b9178ce3-16e3-4144-9e1d-aaaec1ca3730', 'external_fixed_ips': [{'subnet_id': '184ab2a6-545f-4548-9ee1-53ba5c342435', 'ip_address': '10.180.180.246'}], 'enable_snat': True}, 'description': '', 'availability_zones': [], 'distributed': False, 'ha': False, 'availability_zone_hints': [], 'routes': [], 'flavor_id': None, 'tags': [], 'created_at': '2025-11-21T20:42:16Z', 'updated_at': '2025-11-21T20:42:17Z', 'revision_number': 2, 'project_id': 'daed655e24ef4c0d890cfd6dbe568c69'}
2025-11-21 20:42:18.959 65788 INFO tempest.lib.common.rest_client [req-4f199815-e96b-4b97-9765-b9455e0f2344 req-4f199815-e96b-4b97-9765-b9455e0f2344 ] Request (FlavorsV255TestJSON:test_crud_flavor): 200 GET http://10.180.1.21/compute/v2.1/flavors/detail 3.050s
2025-11-21 20:42:18.966 65784 WARNING tempest.lib.common.ssh [-] Failed to establish authenticated ssh connection to cirros@10.180.180.227 ([Errno None] Unable to connect to port 22 on 10.180.180.227). Number attempts: 9. Retry after 10 seconds.: paramiko.ssh_exception.NoValidConnectionsError: [Errno None] Unable to connect to port 22 on 10.180.180.227
2025-11-21 20:42:18.967 65770 INFO tempest.lib.common.rest_client [req-631be2e6-4807-40bc-8be3-b4e0230ce7cd req-631be2e6-4807-40bc-8be3-b4e0230ce7cd ] Request (KeyPairsV2TestJSON:test_keypairs_create_list_delete): 200 POST http://10.180.1.21/compute/v2.1/os-keypairs 3.090s
2025-11-21 20:42:19.062 65832 INFO tempest.lib.common.rest_client [req-4dac060a-6248-481d-afcb-548fa975534d req-4dac060a-6248-481d-afcb-548fa975534d ] Request (SecurityGroupRulesTestJSON:setUpClass): 201 POST http://10.180.1.21/identity/v3/auth/tokens 0.119s
2025-11-21 20:42:19.084 65794 INFO tempest.lib.common.rest_client [req-3acb126c-1a18-41cd-a355-0e4ba491b0cc req-3acb126c-1a18-41cd-a355-0e4ba491b0cc ] Request (MigrationsAdminTest:test_resize_server_revert_deleted_flavor): 200 GET http://10.180.1.21/compute/v2.1/servers/4b446122-8965-4d44-974c-bedbf73cf659 3.007s
2025-11-21 20:42:19.297 65820 INFO tempest.lib.common.rest_client [req-d06cc956-c0d6-45a2-b2ce-3f4b7a41b59a req-d06cc956-c0d6-45a2-b2ce-3f4b7a41b59a ] Request (ImagesOneServerNegativeTestJSON:_run_cleanups): 200 GET http://10.180.1.21/compute/v2.1/servers/bf4b716b-1514-4c79-a1fd-34846d330eda 3.047s
2025-11-21 20:42:19.325 65797 INFO tempest.lib.common.rest_client [req-b03c309b-fa8f-419c-a606-0489a23de49c req-b03c309b-fa8f-419c-a606-0489a23de49c ] Request (HypervisorAdminV228Test:test_get_list_hypervisor_details): 200 GET http://10.180.1.21/compute/v2.1/os-hypervisors/1 2.896s
2025-11-21 20:42:19.488 65797 INFO tempest.lib.common.rest_client [req-687b6bdc-97c8-404b-92bb-d239a2b67164 req-687b6bdc-97c8-404b-92bb-d239a2b67164 ] Request (HypervisorAdminV228Test:tearDownClass): 204 DELETE http://10.180.1.21/identity/v3/users/4c30c3c5c01a4404a3669f084a3f0b5a 0.158s
2025-11-21 20:42:19.559 65810 INFO tempest.lib.common.rest_client [req-4128df54-bbea-473e-92f9-14723a86e717 req-4128df54-bbea-473e-92f9-14723a86e717 ] Request (ImagesMetadataTestJSON:setUp): 200 PUT http://10.180.1.21/compute/v2.1/images/24dfceb1-2feb-4d5a-b733-bbba6d675a7e/metadata 3.095s
2025-11-21 20:42:19.563 65774 INFO tempest.lib.common.rest_client [req-da824586-fff5-4596-b61b-e02057431df9 req-da824586-fff5-4596-b61b-e02057431df9 ] Request (ImagesNegativeTestJSON:test_create_image_specify_uuid_35_characters_or_less): 404 POST http://10.180.1.21/compute/v2.1/servers/aaaaaaaaaaaaaaaaaaaaaaaaaaaaaaaaaaa/action 3.094s
2025-11-21 20:42:19.634 65797 INFO tempest.lib.common.rest_client [req-9e20d189-919d-4df1-9b7e-f0a93b04db2c req-9e20d189-919d-4df1-9b7e-f0a93b04db2c ] Request (HypervisorAdminV228Test:tearDownClass): 204 DELETE http://10.180.1.21/identity/v3/users/64e829545f8e4c1d9ce7988cc75a6f2f 0.146s
2025-11-21 20:42:19.635 65797 INFO tempest.lib.common.dynamic_creds [-] Deleting project and security group for project: 78d683f7687e4d8b923e94efc146bcbe
2025-11-21 20:42:19.731 65797 INFO tempest.lib.common.rest_client [req-064fec63-0a88-4070-8675-f3ea873d0f1b req-064fec63-0a88-4070-8675-f3ea873d0f1b ] Request (HypervisorAdminV228Test:tearDownClass): 201 POST http://10.180.1.21/identity/v3/auth/tokens 0.096s
2025-11-21 20:42:20.207 65808 WARNING tempest.lib.common.ssh [-] Failed to establish authenticated ssh connection to cirros@10.180.180.142 ([Errno None] Unable to connect to port 22 on 10.180.180.142). Number attempts: 8. Retry after 9 seconds.: paramiko.ssh_exception.NoValidConnectionsError: [Errno None] Unable to connect to port 22 on 10.180.180.142
2025-11-21 20:42:20.450 65797 INFO tempest.lib.common.rest_client [req-6589f415-98a6-4237-937b-71ec9e47bdb2 req-6589f415-98a6-4237-937b-71ec9e47bdb2 ] Request (HypervisorAdminV228Test:tearDownClass): 200 GET http://10.180.1.21/networking/v2.0/security-groups?tenant_id=78d683f7687e4d8b923e94efc146bcbe&name=default 0.718s
2025-11-21 20:42:20.675 65778 INFO tempest.lib.common.rest_client [req-359e7fc2-9c1c-46d6-aa10-8e19d7e70e8a req-359e7fc2-9c1c-46d6-aa10-8e19d7e70e8a ] Request (DeleteServersTestJSON:test_delete_server_while_in_attached_volume): 200 GET http://10.180.1.21/compute/v2.1/servers/ff5e8ecd-f8bc-452f-82fd-f4feb7533452 3.837s
2025-11-21 20:42:20.787 65797 INFO tempest.lib.common.rest_client [req-16143e5a-b04f-4f3e-a521-2354f1009273 req-16143e5a-b04f-4f3e-a521-2354f1009273 ] Request (HypervisorAdminV228Test:tearDownClass): 204 DELETE http://10.180.1.21/networking/v2.0/security-groups/fd3bee36-f88e-40cf-9a25-e5110a0cf224 0.337s
2025-11-21 20:42:20.888 65797 INFO tempest.lib.common.rest_client [req-4b9b7834-0cdc-414e-8c7e-a5a027ce6490 req-4b9b7834-0cdc-414e-8c7e-a5a027ce6490 ] Request (HypervisorAdminV228Test:tearDownClass): 204 DELETE http://10.180.1.21/identity/v3/projects/78d683f7687e4d8b923e94efc146bcbe 0.100s
2025-11-21 20:42:20.888 65797 INFO tempest.lib.common.dynamic_creds [-] Deleting project and security group for project: fe4cbe53a4884ad8a50143632ccf3951
2025-11-21 20:42:20.982 65806 INFO tempest.lib.common.rest_client [req-b9ceb8a2-5044-4866-9764-c8ee765988a8 req-b9ceb8a2-5044-4866-9764-c8ee765988a8 ] Request (InstanceActionsV221TestJSON:test_get_list_deleted_instance_actions): 200 GET http://10.180.1.21/compute/v2.1/servers/3870348a-33d6-43b2-9e7a-a4cd68a9e5f1 3.682s
2025-11-21 20:42:20.990 65806 INFO tempest.common.waiters [-] State transition "BUILD/None" ==> "BUILD/spawning" after 25 second wait
2025-11-21 20:42:21.025 65797 INFO tempest.lib.common.rest_client [req-a84ff575-2000-457d-af21-6485d0361e14 req-a84ff575-2000-457d-af21-6485d0361e14 ] Request (HypervisorAdminV228Test:tearDownClass): 200 GET http://10.180.1.21/networking/v2.0/security-groups?tenant_id=fe4cbe53a4884ad8a50143632ccf3951&name=default 0.137s
2025-11-21 20:42:21.069 65826 INFO tempest.lib.common.rest_client [req-b58f8e13-1eca-4ae5-a786-eab0b63bb876 req-b58f8e13-1eca-4ae5-a786-eab0b63bb876 ] Request (ServerActionsTestJSON:_run_cleanups): 202 POST http://10.180.1.21/compute/v2.1/servers/cde5e247-0e3b-4dbd-b715-3cf5312465e2/action 3.639s
2025-11-21 20:42:21.150 65797 INFO tempest.lib.common.rest_client [req-6bb25fb5-b588-4119-945e-eda48bed0a9f req-6bb25fb5-b588-4119-945e-eda48bed0a9f ] Request (HypervisorAdminV228Test:tearDownClass): 204 DELETE http://10.180.1.21/networking/v2.0/security-groups/50a9baab-3eed-4c3f-b56e-92a74114ed85 0.124s
2025-11-21 20:42:21.166 65822 INFO tempest.lib.common.rest_client [req-fa0b6abd-d7ff-469d-ae57-b14070a32228 req-fa0b6abd-d7ff-469d-ae57-b14070a32228 ] Request (ServerGroupTestJSON:_run_cleanups): 204 DELETE http://10.180.1.21/compute/v2.1/servers/80fb72d3-6e2c-4118-9936-ba8ce2d59b93 3.090s
2025-11-21 20:42:21.193 65828 INFO tempest.lib.common.rest_client [req-3d527de2-ad17-4dab-b5f8-732930b395f8 req-3d527de2-ad17-4dab-b5f8-732930b395f8 ] Request (FlavorsAdminTestJSON:test_list_non_public_flavor): 200 GET http://10.180.1.21/compute/v2.1/flavors/detail 2.802s
2025-11-21 20:42:21.204 65831 INFO tempest.lib.common.rest_client [req-bb38e7fc-031f-45f1-98d4-230c09449d45 req-bb38e7fc-031f-45f1-98d4-230c09449d45 ] Request (ServerRescueTestJSONUnderV235:test_rescued_vm_associate_dissociate_floating_ip): 202 POST http://10.180.1.21/compute/v2.1/servers/45c2e0c5-9481-4e6d-b83d-545c7d2163a4/action 4.969s
2025-11-21 20:42:21.220 65786 INFO tempest.lib.common.rest_client [req-862deaad-0763-4acb-afcc-945d72c0710b req-862deaad-0763-4acb-afcc-945d72c0710b ] Request (FlavorsExtraSpecsTestJSON:test_flavor_non_admin_get_specific_key): 200 GET http://10.180.1.21/compute/v2.1/flavors/485492208/os-extra_specs/hw:numa_nodes 2.665s
2025-11-21 20:42:21.239 65804 INFO tempest.lib.common.rest_client [req-dc5b9521-f98f-499f-af08-c94973a55e56 req-dc5b9521-f98f-499f-af08-c94973a55e56 ] Request (ExtensionsTest:test_list_extensions): 200 GET http://10.180.1.21/compute/v2.1/extensions 2.543s
2025-11-21 20:42:21.266 65788 INFO tempest.lib.common.rest_client [req-b8cb8c59-8cec-4a86-ac4a-c5e992e0fdd7 req-b8cb8c59-8cec-4a86-ac4a-c5e992e0fdd7 ] Request (FlavorsV255TestJSON:test_crud_flavor): 200 GET http://10.180.1.21/compute/v2.1/flavors 2.300s
2025-11-21 20:42:21.277 65770 INFO tempest.lib.common.rest_client [req-3ed03d7c-94b5-4115-9894-e471d7a25434 req-3ed03d7c-94b5-4115-9894-e471d7a25434 ] Request (KeyPairsV2TestJSON:test_keypairs_create_list_delete): 200 GET http://10.180.1.21/compute/v2.1/os-keypairs 2.308s
2025-11-21 20:42:21.288 65797 INFO tempest.lib.common.rest_client [req-572d9732-55b3-405b-957b-e1e442aca571 req-572d9732-55b3-405b-957b-e1e442aca571 ] Request (HypervisorAdminV228Test:tearDownClass): 204 DELETE http://10.180.1.21/identity/v3/projects/fe4cbe53a4884ad8a50143632ccf3951 0.137s
2025-11-21 20:42:21.289 65797 INFO tempest.test [-] raised in LiveAutoBlockMigrationV225Test.setUpClass. Invoking tearDownClass.
2025-11-21 20:42:21.331 65797 INFO tempest.lib.common.rest_client [req-c6f7fc2e-6ba9-4212-bea6-58d11ad3ee1c req-c6f7fc2e-6ba9-4212-bea6-58d11ad3ee1c ] Request (SecurityGroupsNegativeTestJSON:setUpClass): 201 POST http://10.180.1.21/identity/v3/auth/tokens 0.039s
2025-11-21 20:42:21.350 65818 INFO tempest.lib.common.rest_client [req-e87b98d4-4a63-4458-8aa7-b2bcd27e7d4b req-e87b98d4-4a63-4458-8aa7-b2bcd27e7d4b ] Request (ServersAdminTestJSON:test_inject_network_info): 200 GET http://10.180.1.21/compute/v2.1/servers/625682a5-beee-49e9-bbb3-a188c3c41f0d 2.307s
2025-11-21 20:42:21.364 65818 INFO tempest.common.waiters [-] State transition "BUILD/None" ==> "BUILD/networking" after 25 second wait
2025-11-21 20:42:21.391 65824 INFO tempest.lib.common.rest_client [req-668c1dd5-6ba6-4c3d-8ce5-d4b29dbac4d3 req-668c1dd5-6ba6-4c3d-8ce5-d4b29dbac4d3 ] Request (ServerRescueTestJSON:test_rescue_unrescue_instance): 200 GET http://10.180.1.21/compute/v2.1/servers/d49e04fe-3f84-4baf-8d60-c81d4372fc03 2.994s
2025-11-21 20:42:21.394 65804 INFO tempest.lib.common.rest_client [req-013f4315-2930-4235-a568-d02dfc99cd3d req-013f4315-2930-4235-a568-d02dfc99cd3d ] Request (ExtensionsTest:tearDownClass): 204 DELETE http://10.180.1.21/identity/v3/users/15ac9eaca5c04737a15966602c874439 0.141s
2025-11-21 20:42:21.394 65804 INFO tempest.lib.common.dynamic_creds [-] Deleting project and security group for project: 9d9c21eab8e9471f9afd335e0a53e1e4
2025-11-21 20:42:21.419 65797 INFO tempest.lib.common.rest_client [req-cbc2636f-f0e1-4850-9a92-9812370e6447 req-cbc2636f-f0e1-4850-9a92-9812370e6447 ] Request (SecurityGroupsNegativeTestJSON:setUpClass): 201 POST http://10.180.1.21/identity/v3/auth/tokens 0.085s
2025-11-21 20:42:21.469 65804 INFO tempest.lib.common.rest_client [req-22aa80e4-c5fa-4b82-97b3-58dd08dec2ec req-22aa80e4-c5fa-4b82-97b3-58dd08dec2ec ] Request (ExtensionsTest:tearDownClass): 201 POST http://10.180.1.21/identity/v3/auth/tokens 0.074s
2025-11-21 20:42:21.476 65798 INFO tempest.lib.common.rest_client [req-b6e667a5-f425-4c11-b0b3-54414a8d3099 req-b6e667a5-f425-4c11-b0b3-54414a8d3099 ] Request (MultipleCreateTestJSON:test_multiple_create_with_reservation_return): 200 GET http://10.180.1.21/compute/v2.1/servers/491c5ebd-c37f-40bc-b7dc-cffb75fbe7b1 2.414s
2025-11-21 20:42:21.496 65797 INFO tempest.lib.common.rest_client [req-978b7b30-b3d3-4ede-8430-4e0c75daf36d req-978b7b30-b3d3-4ede-8430-4e0c75daf36d ] Request (SecurityGroupsNegativeTestJSON:setUpClass): 200 GET http://10.180.1.21/identity/v3/domains?name=Default 0.076s
2025-11-21 20:42:21.585 65797 INFO tempest.lib.common.rest_client [req-36174a34-4ec8-49a5-bf19-d9c7d3a02832 req-36174a34-4ec8-49a5-bf19-d9c7d3a02832 ] Request (SecurityGroupsNegativeTestJSON:setUpClass): 201 POST http://10.180.1.21/identity/v3/projects 0.088s
2025-11-21 20:42:21.711 65797 INFO tempest.lib.common.rest_client [req-2e4db096-427d-426b-b8a5-bb4f2360619e req-2e4db096-427d-426b-b8a5-bb4f2360619e ] Request (SecurityGroupsNegativeTestJSON:setUpClass): 201 POST http://10.180.1.21/identity/v3/users 0.126s
2025-11-21 20:42:21.757 65804 INFO tempest.lib.common.rest_client [req-46eabb9c-4d19-4d1c-be79-64d81e745a5f req-46eabb9c-4d19-4d1c-be79-64d81e745a5f ] Request (ExtensionsTest:tearDownClass): 200 GET http://10.180.1.21/networking/v2.0/security-groups?tenant_id=9d9c21eab8e9471f9afd335e0a53e1e4&name=default 0.287s
2025-11-21 20:42:21.773 65797 INFO tempest.lib.common.rest_client [req-32bd2aeb-5527-426e-b7cd-4d023311ad80 req-32bd2aeb-5527-426e-b7cd-4d023311ad80 ] Request (SecurityGroupsNegativeTestJSON:setUpClass): 200 GET http://10.180.1.21/identity/v3/roles 0.060s
2025-11-21 20:42:21.785 65812 INFO tempest.lib.common.rest_client [req-253868cc-6214-48c5-928b-5106a94681f3 req-253868cc-6214-48c5-928b-5106a94681f3 ] Request (VolumesAdminNegativeTest:tearDownClass): 200 GET http://10.180.1.21/compute/v2.1/servers/5ead0aad-8032-408f-ba51-a793bf0652c2 2.654s
2025-11-21 20:42:21.824 65797 INFO tempest.lib.common.rest_client [req-35d59750-2fc8-45e5-8934-768e71106358 req-35d59750-2fc8-45e5-8934-768e71106358 ] Request (SecurityGroupsNegativeTestJSON:setUpClass): 204 PUT http://10.180.1.21/identity/v3/projects/2333affc0f0540b6b88576193fe31a6f/users/21f4a37c7ef04d2aaba01034ed822154/roles/c8b760fdf82c444985153c07ff400fc9 0.050s
2025-11-21 20:42:21.824 65797 INFO tempest.lib.common.dynamic_creds [-] Dynamic test user 21f4a37c7ef04d2aaba01034ed822154 is created with scope project and roles: ['member']
2025-11-21 20:42:21.825 65797 INFO tempest.lib.common.dynamic_creds [-] Acquired dynamic creds: credentials: Credentials: {'domain_id': 'default', 'domain_name': 'Default', 'username': 'tempest-SecurityGroupsNegativeTestJSON-735478307-project-member', 'project_domain_id': 'default', 'project_domain_name': 'Default', 'project_id': '2333affc0f0540b6b88576193fe31a6f', 'project_name': 'tempest-SecurityGroupsNegativeTestJSON-735478307', 'tenant_id': '2333affc0f0540b6b88576193fe31a6f', 'tenant_name': 'tempest-SecurityGroupsNegativeTestJSON-735478307', 'user_domain_id': 'default', 'user_domain_name': 'Default', 'user_id': '21f4a37c7ef04d2aaba01034ed822154', 'system': None}, Network: None, Subnet: None, Router: None
2025-11-21 20:42:21.916 65797 INFO tempest.lib.common.rest_client [req-769c25e3-5189-4fcb-bb9b-45cdfde7979b req-769c25e3-5189-4fcb-bb9b-45cdfde7979b ] Request (SecurityGroupsNegativeTestJSON:setUpClass): 201 POST http://10.180.1.21/identity/v3/auth/tokens 0.091s
2025-11-21 20:42:21.927 65832 INFO tempest.lib.common.rest_client [req-841fb8b7-a9b6-4d00-8f4f-992fd9c30987 req-841fb8b7-a9b6-4d00-8f4f-992fd9c30987 ] Request (SecurityGroupRulesTestJSON:test_security_group_rules_create): 200 POST http://10.180.1.21/compute/v2.1/os-security-groups 2.863s
2025-11-21 20:42:21.982 65804 INFO tempest.lib.common.rest_client [req-5a6b3f17-33bf-4251-9d51-f9f57044474b req-5a6b3f17-33bf-4251-9d51-f9f57044474b ] Request (ExtensionsTest:tearDownClass): 204 DELETE http://10.180.1.21/networking/v2.0/security-groups/d9a56109-7103-4bad-bc5d-eeea8a0eab20 0.224s
2025-11-21 20:42:22.010 65772 INFO tempest.lib.common.rest_client [req-3afbc408-2120-4cb9-bd81-de305c0ebc68 req-3afbc408-2120-4cb9-bd81-de305c0ebc68 ] Request (FloatingIPsAssociationNegativeTestJSON:tearDownClass): 200 GET http://10.180.1.21/compute/v2.1/servers/0d9b1d43-083c-4b85-bbdd-1f2ec722a3ba 2.828s
2025-11-21 20:42:22.077 65804 INFO tempest.lib.common.rest_client [req-52fbabb1-4ba7-48e9-8538-1bbb915a2a4e req-52fbabb1-4ba7-48e9-8538-1bbb915a2a4e ] Request (ExtensionsTest:tearDownClass): 204 DELETE http://10.180.1.21/identity/v3/projects/9d9c21eab8e9471f9afd335e0a53e1e4 0.094s
2025-11-21 20:42:22.409 65797 INFO tempest.lib.common.rest_client [req-47752029-6412-45ac-8e47-f17e2bf7eb82 req-47752029-6412-45ac-8e47-f17e2bf7eb82 ] Request (SecurityGroupsNegativeTestJSON:setUpClass): 201 POST http://10.180.1.21/networking/v2.0/networks 0.492s
2025-11-21 20:42:22.439 65792 INFO tempest.lib.common.rest_client [req-f730d498-6087-44cb-999d-5e2d150cf872 req-f730d498-6087-44cb-999d-5e2d150cf872 ] Request (ServersAaction247Test:test_create_backup): 200 GET http://10.180.1.21/compute/v2.1/servers/1c263b74-93d1-4244-8f08-d35373a3a946 3.134s
2025-11-21 20:42:22.487 65780 INFO tempest.lib.common.rest_client [req-49d2d6f1-63a7-43ca-b4f5-767dd93153d1 req-49d2d6f1-63a7-43ca-b4f5-767dd93153d1 ] Request (ListImageFiltersTestJSON:setUpClass): 200 GET http://10.180.1.21/compute/v2.1/images/79109d6e-4055-4d02-b5e0-b1bd81081a66 3.134s
2025-11-21 20:42:22.697 65797 INFO tempest.lib.common.rest_client [req-c8b284eb-6dd1-47ad-b652-3615e9197ed0 req-c8b284eb-6dd1-47ad-b652-3615e9197ed0 ] Request (SecurityGroupsNegativeTestJSON:setUpClass): 201 POST http://10.180.1.21/networking/v2.0/subnets 0.287s
2025-11-21 20:42:22.771 65790 INFO tempest.lib.common.rest_client [req-2635d1af-d472-4b3c-bb02-cb3fc61e09d5 req-2635d1af-d472-4b3c-bb02-cb3fc61e09d5 ] Request (FloatingIPsAssociationTestJSON:setUpClass): 200 GET http://10.180.1.21/compute/v2.1/servers/ac183b2c-d144-4e65-9ddf-12ffc4f4093c 3.447s
2025-11-21 20:42:22.787 65776 INFO tempest.lib.common.rest_client [req-c624ee4e-04fc-4e3e-a71b-03fdeeef6aea req-c624ee4e-04fc-4e3e-a71b-03fdeeef6aea ] Request (ImagesTestJSON:test_create_image_from_stopped_server): 200 GET http://10.180.1.21/compute/v2.1/servers/f85e6ddc-3b20-45c9-9c6b-11d36e5e8aff 3.269s
2025-11-21 20:42:22.905 65802 WARNING tempest.lib.common.ssh [-] Failed to establish authenticated ssh connection to cirros@10.180.180.195 ([Errno None] Unable to connect to port 22 on 10.180.180.195). Number attempts: 4. Retry after 5 seconds.: paramiko.ssh_exception.NoValidConnectionsError: [Errno None] Unable to connect to port 22 on 10.180.180.195
2025-11-21 20:42:23.036 65810 INFO tempest.lib.common.rest_client [req-a2971ad8-45ec-458c-be5d-9d6a223f9858 req-a2971ad8-45ec-458c-be5d-9d6a223f9858 ] Request (ImagesMetadataTestJSON:test_update_image_metadata): 200 POST http://10.180.1.21/compute/v2.1/images/24dfceb1-2feb-4d5a-b733-bbba6d675a7e/metadata 3.476s
2025-11-21 20:42:23.042 65774 INFO tempest.lib.common.rest_client [req-9970cd74-a93f-45a4-9f58-fe8f84d8a830 req-9970cd74-a93f-45a4-9f58-fe8f84d8a830 ] Request (ImagesNegativeTestJSON:test_create_image_specify_uuid_37_characters_or_more): 404 POST http://10.180.1.21/compute/v2.1/servers/aaaaaaaaaaaaaaaaaaaaaaaaaaaaaaaaaaaaa/action 3.477s
2025-11-21 20:42:23.606 65797 INFO tempest.lib.common.rest_client [req-566b536a-bf10-4abc-b7ce-ff46eb4c2b7c req-566b536a-bf10-4abc-b7ce-ff46eb4c2b7c ] Request (SecurityGroupsNegativeTestJSON:setUpClass): 201 POST http://10.180.1.21/networking/v2.0/routers 0.909s
