2025-11-21 20:42:07.793 65812 INFO tempest.lib.common.rest_client [req-7ebf0313-2f21-4eb1-adca-43ca8371a124 req-7ebf0313-2f21-4eb1-adca-43ca8371a124 ] Request (VolumesAdminNegativeTest:test_update_attached_volume_with_nonexistent_volume_in_uri): 404 PUT http://10.180.1.21/compute/v2.1/servers/5ead0aad-8032-408f-ba51-a793bf0652c2/os-volume_attachments/d6a8757b-0476-43db-b5ac-198d10c744a2 1.743s
2025-11-21 20:42:07.817 65786 INFO tempest.lib.common.rest_client [req-198609c4-d86a-4a39-9dd4-df4ccd832d45 req-198609c4-d86a-4a39-9dd4-df4ccd832d45 ] Request (FlavorsExtraSpecsTestJSON:setUpClass): 200 GET http://10.180.1.21/identity/v3/domains?name=Default 0.029s
2025-11-21 20:42:07.827 65828 INFO tempest.lib.common.rest_client [req-2d873c4a-8d89-439e-a03d-edd83793bd67 req-2d873c4a-8d89-439e-a03d-edd83793bd67 ] Request (FlavorsAdminTestJSON:_run_cleanups): 200 GET http://10.180.1.21/compute/v2.1/flavors/detail 1.651s
2025-11-21 20:42:07.830 65816 INFO tempest.lib.common.rest_client [req-7c5d1f88-5b30-40c8-9c4e-3b3345ad015c req-7c5d1f88-5b30-40c8-9c4e-3b3345ad015c ] Request (ValidationResourcesFixture:setUp): 201 POST http://10.180.1.21/networking/v2.0/security-groups 0.108s
2025-11-21 20:42:07.839 65788 INFO tempest.lib.common.rest_client [req-db990816-01a2-4de2-848a-6d8dd9028055 req-db990816-01a2-4de2-848a-6d8dd9028055 ] Request (DeleteServersAdminTestJSON:tearDownClass): 204 DELETE http://10.180.1.21/identity/v3/projects/521e6db6c409477895a238d91bb21418 0.172s
2025-11-21 20:42:07.859 65797 INFO tempest.lib.common.rest_client [req-70ffcfdc-d9c4-43bb-9bd4-56c9dc1e4216 req-70ffcfdc-d9c4-43bb-9bd4-56c9dc1e4216 ] Request (FlavorsAccessNegativeTestJSON:_run_cleanups): 202 DELETE http://10.180.1.21/compute/v2.1/flavors/1730133044 1.605s
2025-11-21 20:42:07.884 65812 INFO tempest.lib.common.rest_client [req-0b0cc277-e210-49d4-a28b-546d9658010e req-0b0cc277-e210-49d4-a28b-546d9658010e ] Request (VolumesAdminNegativeTest:tearDownClass): 202 DELETE http://10.180.1.21/volume/v3/volumes/e20a9619-b98a-4082-9048-d610e18e0af6 0.089s
2025-11-21 20:42:07.920 65786 INFO tempest.lib.common.rest_client [req-63bc4241-cfa4-4f27-9835-443e409e53c7 req-63bc4241-cfa4-4f27-9835-443e409e53c7 ] Request (FlavorsExtraSpecsTestJSON:setUpClass): 201 POST http://10.180.1.21/identity/v3/projects 0.103s
2025-11-21 20:42:07.941 65812 INFO tempest.lib.common.rest_client [req-aee224d9-f77b-4c33-a5ae-de47c649620c req-aee224d9-f77b-4c33-a5ae-de47c649620c ] Request (VolumesAdminNegativeTest:tearDownClass): 200 GET http://10.180.1.21/volume/v3/volumes/e20a9619-b98a-4082-9048-d610e18e0af6 0.057s
2025-11-21 20:42:07.950 65788 INFO tempest.lib.common.rest_client [req-ce688f40-8878-4172-8af0-8f080106622f req-ce688f40-8878-4172-8af0-8f080106622f ] Request (FlavorsV255TestJSON:setUpClass): 201 POST http://10.180.1.21/identity/v3/auth/tokens 0.109s
2025-11-21 20:42:07.988 65788 INFO tempest.lib.common.rest_client [req-b556c765-e876-40bd-bfb6-d3e7b4cfa706 req-b556c765-e876-40bd-bfb6-d3e7b4cfa706 ] Request (FlavorsV255TestJSON:setUpClass): 201 POST http://10.180.1.21/identity/v3/auth/tokens 0.035s
2025-11-21 20:42:08.012 65786 INFO tempest.lib.common.rest_client [req-a1f94497-5e74-47fe-8dfa-b18ede368cdc req-a1f94497-5e74-47fe-8dfa-b18ede368cdc ] Request (FlavorsExtraSpecsTestJSON:setUpClass): 201 POST http://10.180.1.21/identity/v3/users 0.091s
2025-11-21 20:42:08.018 65788 INFO tempest.lib.common.rest_client [req-8b4fd4cc-f0e6-421b-b5a7-b55343da9dc3 req-8b4fd4cc-f0e6-421b-b5a7-b55343da9dc3 ] Request (FlavorsV255TestJSON:setUpClass): 200 GET http://10.180.1.21/identity/v3/domains?name=Default 0.030s
2025-11-21 20:42:08.031 65816 INFO tempest.lib.common.rest_client [req-1c2000e9-1ba4-4aab-b616-1fb473f30f62 req-1c2000e9-1ba4-4aab-b616-1fb473f30f62 ] Request (ValidationResourcesFixture:setUp): 201 POST http://10.180.1.21/networking/v2.0/security-group-rules 0.201s
2025-11-21 20:42:08.044 65786 INFO tempest.lib.common.rest_client [req-403547e1-9864-4454-95c1-62ee333f0db8 req-403547e1-9864-4454-95c1-62ee333f0db8 ] Request (FlavorsExtraSpecsTestJSON:setUpClass): 200 GET http://10.180.1.21/identity/v3/roles 0.031s
2025-11-21 20:42:08.053 65788 INFO tempest.lib.common.rest_client [req-8190e518-401a-41c6-aa1d-9311425b7100 req-8190e518-401a-41c6-aa1d-9311425b7100 ] Request (FlavorsV255TestJSON:setUpClass): 201 POST http://10.180.1.21/identity/v3/projects 0.035s
2025-11-21 20:42:08.075 65824 INFO tempest.lib.common.rest_client [req-4f697e64-cc20-4161-88ab-064557d38039 req-4f697e64-cc20-4161-88ab-064557d38039 ] Request (ServerRescueTestJSON:test_rescue_unrescue_instance): 200 GET http://10.180.1.21/compute/v2.1/servers/d49e04fe-3f84-4baf-8d60-c81d4372fc03 1.905s
2025-11-21 20:42:08.100 65774 INFO tempest.lib.common.rest_client [req-1dcf14ff-2cee-4ed8-b053-9c19e2fa9aa0 req-1dcf14ff-2cee-4ed8-b053-9c19e2fa9aa0 ] Request (ImagesNegativeTestJSON:test_create_image_from_deleted_server): 200 GET http://10.180.1.21/compute/v2.1/servers/47ed285c-fd2a-436a-a3a4-bc08f62c1bbc 1.498s
2025-11-21 20:42:08.169 65786 INFO tempest.lib.common.rest_client [req-5eed9475-640d-4e36-94bd-e248bd34b309 req-5eed9475-640d-4e36-94bd-e248bd34b309 ] Request (FlavorsExtraSpecsTestJSON:setUpClass): 204 PUT http://10.180.1.21/identity/v3/projects/32a895fed45f491c84100302e5967da8/users/24f7e7f79225450eb50288577e8ba5b2/roles/c8b760fdf82c444985153c07ff400fc9 0.125s
2025-11-21 20:42:08.170 65786 INFO tempest.lib.common.dynamic_creds [-] Dynamic test user 24f7e7f79225450eb50288577e8ba5b2 is created with scope project and roles: ['member']
2025-11-21 20:42:08.170 65786 INFO tempest.lib.common.dynamic_creds [-] Acquired dynamic creds: credentials: Credentials: {'domain_id': 'default', 'domain_name': 'Default', 'username': 'tempest-FlavorsExtraSpecsTestJSON-937570813-project-member', 'project_domain_id': 'default', 'project_domain_name': 'Default', 'project_id': '32a895fed45f491c84100302e5967da8', 'project_name': 'tempest-FlavorsExtraSpecsTestJSON-937570813', 'tenant_id': '32a895fed45f491c84100302e5967da8', 'tenant_name': 'tempest-FlavorsExtraSpecsTestJSON-937570813', 'user_domain_id': 'default', 'user_domain_name': 'Default', 'user_id': '24f7e7f79225450eb50288577e8ba5b2', 'system': None}, Network: None, Subnet: None, Router: None
2025-11-21 20:42:08.170 65786 INFO tempest.lib.common.dynamic_creds [-] Created isolated network resources for: credentials: Credentials: {'domain_id': 'default', 'domain_name': 'Default', 'username': 'tempest-FlavorsExtraSpecsTestJSON-937570813-project-member', 'project_domain_id': 'default', 'project_domain_name': 'Default', 'project_id': '32a895fed45f491c84100302e5967da8', 'project_name': 'tempest-FlavorsExtraSpecsTestJSON-937570813', 'tenant_id': '32a895fed45f491c84100302e5967da8', 'tenant_name': 'tempest-FlavorsExtraSpecsTestJSON-937570813', 'user_domain_id': 'default', 'user_domain_name': 'Default', 'user_id': '24f7e7f79225450eb50288577e8ba5b2', 'system': None}, Network: None, Subnet: None, Router: None
2025-11-21 20:42:08.246 65816 INFO tempest.lib.common.rest_client [req-79dd0005-5a4c-4ac9-9619-c11832da3def req-79dd0005-5a4c-4ac9-9619-c11832da3def ] Request (ValidationResourcesFixture:setUp): 201 POST http://10.180.1.21/networking/v2.0/security-group-rules 0.214s
2025-11-21 20:42:08.271 65788 INFO tempest.lib.common.rest_client [req-ae137327-6d3f-4d90-a639-55088ec00d7f req-ae137327-6d3f-4d90-a639-55088ec00d7f ] Request (FlavorsV255TestJSON:setUpClass): 201 POST http://10.180.1.21/identity/v3/users 0.217s
2025-11-21 20:42:08.283 65802 INFO tempest.lib.common.rest_client [req-783c57ad-a02a-4bb1-826e-8e595dd487b9 req-783c57ad-a02a-4bb1-826e-8e595dd487b9 ] Request (ServersTestManualDisk:setUpClass): 200 GET http://10.180.1.21/compute/v2.1/servers/9950c4dd-f19a-47e4-9196-f30f3c9e0ff8 1.533s
2025-11-21 20:42:08.296 65802 INFO tempest.lib.common.ssh [-] Creating ssh connection to '10.180.180.195:22' as 'cirros' with public key authentication
2025-11-21 20:42:08.301 65786 INFO tempest.lib.common.rest_client [req-183a70c0-4524-46e3-8cd8-416ae69c3b9e req-183a70c0-4524-46e3-8cd8-416ae69c3b9e ] Request (FlavorsExtraSpecsTestJSON:setUpClass): 201 POST http://10.180.1.21/identity/v3/auth/tokens 0.125s
2025-11-21 20:42:08.301 65814 INFO tempest.lib.common.rest_client [req-3f88e1bc-eeed-4606-ba1b-92c595d86606 req-3f88e1bc-eeed-4606-ba1b-92c595d86606 ] Request (ImagesOneServerTestJSON:tearDownClass): 200 GET http://10.180.1.21/compute/v2.1/servers/75bc118e-4b07-499a-88b0-ac22272e9dc7 1.369s
2025-11-21 20:42:08.311 65814 INFO tempest.common.waiters [-] State transition "ACTIVE/deleting" ==> "DELETED/None" after 3 second wait
2025-11-21 20:42:08.317 65788 INFO tempest.lib.common.rest_client [req-6ba5797d-51e9-4ed1-a160-99358b8a6efa req-6ba5797d-51e9-4ed1-a160-99358b8a6efa ] Request (FlavorsV255TestJSON:setUpClass): 200 GET http://10.180.1.21/identity/v3/roles 0.045s
2025-11-21 20:42:08.351 65786 INFO tempest.lib.common.rest_client [req-1086c814-d670-487a-901e-75466ab1c68e req-1086c814-d670-487a-901e-75466ab1c68e ] Request (FlavorsExtraSpecsTestJSON:setUpClass): 201 POST http://10.180.1.21/identity/v3/projects 0.046s
2025-11-21 20:42:08.415 65788 INFO tempest.lib.common.rest_client [req-951fe8b4-bd03-48b9-a350-70fddfb881e9 req-951fe8b4-bd03-48b9-a350-70fddfb881e9 ] Request (FlavorsV255TestJSON:setUpClass): 204 PUT http://10.180.1.21/identity/v3/projects/d5dac6cb6251407f80a4383479c660c5/users/0edb1e3c95ca420ca8ad8d5304da02e5/roles/c8b760fdf82c444985153c07ff400fc9 0.097s
2025-11-21 20:42:08.415 65788 INFO tempest.lib.common.dynamic_creds [-] Dynamic test user 0edb1e3c95ca420ca8ad8d5304da02e5 is created with scope project and roles: ['member']
2025-11-21 20:42:08.415 65788 INFO tempest.lib.common.dynamic_creds [-] Acquired dynamic creds: credentials: Credentials: {'domain_id': 'default', 'domain_name': 'Default', 'username': 'tempest-FlavorsV255TestJSON-129324856-project-member', 'project_domain_id': 'default', 'project_domain_name': 'Default', 'project_id': 'd5dac6cb6251407f80a4383479c660c5', 'project_name': 'tempest-FlavorsV255TestJSON-129324856', 'tenant_id': 'd5dac6cb6251407f80a4383479c660c5', 'tenant_name': 'tempest-FlavorsV255TestJSON-129324856', 'user_domain_id': 'default', 'user_domain_name': 'Default', 'user_id': '0edb1e3c95ca420ca8ad8d5304da02e5', 'system': None}, Network: None, Subnet: None, Router: None
2025-11-21 20:42:08.415 65788 INFO tempest.lib.common.dynamic_creds [-] Created isolated network resources for: credentials: Credentials: {'domain_id': 'default', 'domain_name': 'Default', 'username': 'tempest-FlavorsV255TestJSON-129324856-project-member', 'project_domain_id': 'default', 'project_domain_name': 'Default', 'project_id': 'd5dac6cb6251407f80a4383479c660c5', 'project_name': 'tempest-FlavorsV255TestJSON-129324856', 'tenant_id': 'd5dac6cb6251407f80a4383479c660c5', 'tenant_name': 'tempest-FlavorsV255TestJSON-129324856', 'user_domain_id': 'default', 'user_domain_name': 'Default', 'user_id': '0edb1e3c95ca420ca8ad8d5304da02e5', 'system': None}, Network: None, Subnet: None, Router: None
2025-11-21 20:42:08.478 65786 INFO tempest.lib.common.rest_client [req-926fbaf3-0f35-43ac-a1f3-55a412c9d9a6 req-926fbaf3-0f35-43ac-a1f3-55a412c9d9a6 ] Request (FlavorsExtraSpecsTestJSON:setUpClass): 201 POST http://10.180.1.21/identity/v3/users 0.126s
2025-11-21 20:42:08.567 65788 INFO tempest.lib.common.rest_client [req-f5a122dc-f15a-4e21-9fe3-5a1d6d920f99 req-f5a122dc-f15a-4e21-9fe3-5a1d6d920f99 ] Request (FlavorsV255TestJSON:setUpClass): 201 POST http://10.180.1.21/identity/v3/auth/tokens 0.147s
2025-11-21 20:42:08.569 65800 INFO tempest.lib.common.rest_client [req-9300683d-cf1f-4e40-a6b0-4256af90360a req-9300683d-cf1f-4e40-a6b0-4256af90360a ] Request (QuotasTestJSON:test_compare_tenant_quotas_with_default_quotas): 200 GET http://10.180.1.21/compute/v2.1/os-quota-sets/ba285151fbe947dfaa86e99abcc8fb23 1.617s
2025-11-21 20:42:08.574 65786 INFO tempest.lib.common.rest_client [req-8a6568e1-8a3a-44ae-8f9b-9b219444444f req-8a6568e1-8a3a-44ae-8f9b-9b219444444f ] Request (FlavorsExtraSpecsTestJSON:setUpClass): 200 GET http://10.180.1.21/identity/v3/roles 0.095s
2025-11-21 20:42:08.606 65788 INFO tempest.lib.common.rest_client [req-b6a364eb-d925-4646-8ad8-3b4bbff36a83 req-b6a364eb-d925-4646-8ad8-3b4bbff36a83 ] Request (FlavorsV255TestJSON:setUpClass): 201 POST http://10.180.1.21/identity/v3/projects 0.038s
2025-11-21 20:42:08.625 65786 INFO tempest.lib.common.rest_client [req-7f8bdc4f-d2de-4147-909f-42f9a3a7fbbc req-7f8bdc4f-d2de-4147-909f-42f9a3a7fbbc ] Request (FlavorsExtraSpecsTestJSON:setUpClass): 204 PUT http://10.180.1.21/identity/v3/projects/022c840498f144ef904b134728f8feb6/users/6cee13c14ff84d0aad1bc8452d03c547/roles/194113dd7aef44b1a7ff5d0c8379ac8f 0.051s
2025-11-21 20:42:08.683 65786 INFO tempest.lib.common.rest_client [req-67ac8845-50b8-4150-b40b-3329e047a271 req-67ac8845-50b8-4150-b40b-3329e047a271 ] Request (FlavorsExtraSpecsTestJSON:setUpClass): 200 GET http://10.180.1.21/identity/v3/roles 0.056s
2025-11-21 20:42:08.707 65788 INFO tempest.lib.common.rest_client [req-7e2b4bc2-403e-49fe-91cb-db4f6669ab58 req-7e2b4bc2-403e-49fe-91cb-db4f6669ab58 ] Request (FlavorsV255TestJSON:setUpClass): 201 POST http://10.180.1.21/identity/v3/users 0.101s
2025-11-21 20:42:08.713 65786 INFO tempest.lib.common.rest_client [req-ede7f861-12e7-401c-b8ce-2cb860d2c30e req-ede7f861-12e7-401c-b8ce-2cb860d2c30e ] Request (FlavorsExtraSpecsTestJSON:setUpClass): 204 PUT http://10.180.1.21/identity/v3/projects/022c840498f144ef904b134728f8feb6/users/6cee13c14ff84d0aad1bc8452d03c547/roles/194113dd7aef44b1a7ff5d0c8379ac8f 0.030s
2025-11-21 20:42:08.714 65786 INFO tempest.lib.common.dynamic_creds [-] Dynamic test user 6cee13c14ff84d0aad1bc8452d03c547 is created with scope project and roles: ['admin']
2025-11-21 20:42:08.714 65786 INFO tempest.lib.common.dynamic_creds [-] Acquired dynamic creds: credentials: Credentials: {'domain_id': 'default', 'domain_name': 'Default', 'username': 'tempest-FlavorsExtraSpecsTestJSON-1855928484-project-admin', 'project_domain_id': 'default', 'project_domain_name': 'Default', 'project_id': '022c840498f144ef904b134728f8feb6', 'project_name': 'tempest-FlavorsExtraSpecsTestJSON-1855928484', 'tenant_id': '022c840498f144ef904b134728f8feb6', 'tenant_name': 'tempest-FlavorsExtraSpecsTestJSON-1855928484', 'user_domain_id': 'default', 'user_domain_name': 'Default', 'user_id': '6cee13c14ff84d0aad1bc8452d03c547', 'system': None}, Network: None, Subnet: None, Router: None
2025-11-21 20:42:08.714 65786 INFO tempest.lib.common.dynamic_creds [-] Created isolated network resources for: credentials: Credentials: {'domain_id': 'default', 'domain_name': 'Default', 'username': 'tempest-FlavorsExtraSpecsTestJSON-1855928484-project-admin', 'project_domain_id': 'default', 'project_domain_name': 'Default', 'project_id': '022c840498f144ef904b134728f8feb6', 'project_name': 'tempest-FlavorsExtraSpecsTestJSON-1855928484', 'tenant_id': '022c840498f144ef904b134728f8feb6', 'tenant_name': 'tempest-FlavorsExtraSpecsTestJSON-1855928484', 'user_domain_id': 'default', 'user_domain_name': 'Default', 'user_id': '6cee13c14ff84d0aad1bc8452d03c547', 'system': None}, Network: None, Subnet: None, Router: None
2025-11-21 20:42:08.762 65788 INFO tempest.lib.common.rest_client [req-0ceda398-af26-4e75-be6d-1bf7672f6561 req-0ceda398-af26-4e75-be6d-1bf7672f6561 ] Request (FlavorsV255TestJSON:setUpClass): 200 GET http://10.180.1.21/identity/v3/roles 0.055s
2025-11-21 20:42:08.792 65788 INFO tempest.lib.common.rest_client [req-61f890e5-c9ed-4bf5-96d7-309e41d2af18 req-61f890e5-c9ed-4bf5-96d7-309e41d2af18 ] Request (FlavorsV255TestJSON:setUpClass): 204 PUT http://10.180.1.21/identity/v3/projects/f9d8505d76f947dfa1a363b218dc9fe9/users/9872bf0917a44101941ea7c699a67766/roles/194113dd7aef44b1a7ff5d0c8379ac8f 0.029s
2025-11-21 20:42:08.797 65786 INFO tempest.lib.common.rest_client [req-5026ab39-5153-4e10-948b-fbb0d440ae5f req-5026ab39-5153-4e10-948b-fbb0d440ae5f ] Request (FlavorsExtraSpecsTestJSON:setUpClass): 201 POST http://10.180.1.21/identity/v3/auth/tokens 0.079s
2025-11-21 20:42:08.842 65788 INFO tempest.lib.common.rest_client [req-e4b107af-bb59-4e51-a57d-447bda8063c0 req-e4b107af-bb59-4e51-a57d-447bda8063c0 ] Request (FlavorsV255TestJSON:setUpClass): 200 GET http://10.180.1.21/identity/v3/roles 0.050s
2025-11-21 20:42:08.860 65788 INFO tempest.lib.common.rest_client [req-0d937d95-3428-4376-a699-62a226454158 req-0d937d95-3428-4376-a699-62a226454158 ] Request (FlavorsV255TestJSON:setUpClass): 204 PUT http://10.180.1.21/identity/v3/projects/f9d8505d76f947dfa1a363b218dc9fe9/users/9872bf0917a44101941ea7c699a67766/roles/194113dd7aef44b1a7ff5d0c8379ac8f 0.017s
2025-11-21 20:42:08.860 65788 INFO tempest.lib.common.dynamic_creds [-] Dynamic test user 9872bf0917a44101941ea7c699a67766 is created with scope project and roles: ['admin']
2025-11-21 20:42:08.860 65788 INFO tempest.lib.common.dynamic_creds [-] Acquired dynamic creds: credentials: Credentials: {'domain_id': 'default', 'domain_name': 'Default', 'username': 'tempest-FlavorsV255TestJSON-1366653528-project-admin', 'project_domain_id': 'default', 'project_domain_name': 'Default', 'project_id': 'f9d8505d76f947dfa1a363b218dc9fe9', 'project_name': 'tempest-FlavorsV255TestJSON-1366653528', 'tenant_id': 'f9d8505d76f947dfa1a363b218dc9fe9', 'tenant_name': 'tempest-FlavorsV255TestJSON-1366653528', 'user_domain_id': 'default', 'user_domain_name': 'Default', 'user_id': '9872bf0917a44101941ea7c699a67766', 'system': None}, Network: None, Subnet: None, Router: None
2025-11-21 20:42:08.860 65788 INFO tempest.lib.common.dynamic_creds [-] Created isolated network resources for: credentials: Credentials: {'domain_id': 'default', 'domain_name': 'Default', 'username': 'tempest-FlavorsV255TestJSON-1366653528-project-admin', 'project_domain_id': 'default', 'project_domain_name': 'Default', 'project_id': 'f9d8505d76f947dfa1a363b218dc9fe9', 'project_name': 'tempest-FlavorsV255TestJSON-1366653528', 'tenant_id': 'f9d8505d76f947dfa1a363b218dc9fe9', 'tenant_name': 'tempest-FlavorsV255TestJSON-1366653528', 'user_domain_id': 'default', 'user_domain_name': 'Default', 'user_id': '9872bf0917a44101941ea7c699a67766', 'system': None}, Network: None, Subnet: None, Router: None
2025-11-21 20:42:08.900 65816 INFO tempest.lib.common.rest_client [req-4382eb98-f6d8-4c12-8154-336a308d2226 req-4382eb98-f6d8-4c12-8154-336a308d2226 ] Request (ValidationResourcesFixture:setUp): 201 POST http://10.180.1.21/networking/v2.0/floatingips 0.653s
2025-11-21 20:42:08.928 65778 INFO tempest.lib.common.rest_client [req-4640dcd0-5735-43cf-bdc4-8b717be23ccb req-4640dcd0-5735-43cf-bdc4-8b717be23ccb ] Request (DeleteServersTestJSON:test_delete_server_while_in_attached_volume): 200 GET http://10.180.1.21/compute/v2.1/servers/ff5e8ecd-f8bc-452f-82fd-f4feb7533452 1.922s
2025-11-21 20:42:08.940 65806 INFO tempest.lib.common.rest_client [req-64216f00-609e-4b22-94bb-4dd3c2f4c4b7 req-64216f00-609e-4b22-94bb-4dd3c2f4c4b7 ] Request (InstanceActionsV221TestJSON:test_get_list_deleted_instance_actions): 200 GET http://10.180.1.21/compute/v2.1/servers/3870348a-33d6-43b2-9e7a-a4cd68a9e5f1 1.869s
2025-11-21 20:42:08.941 65788 INFO tempest.lib.common.rest_client [req-8df96884-62d0-470a-b3ec-bdba4d9daea9 req-8df96884-62d0-470a-b3ec-bdba4d9daea9 ] Request (FlavorsV255TestJSON:setUpClass): 201 POST http://10.180.1.21/identity/v3/auth/tokens 0.078s
2025-11-21 20:42:08.968 65812 INFO tempest.lib.common.rest_client [req-33265f04-ab13-49a8-bc72-a0bd20fd9a02 req-33265f04-ab13-49a8-bc72-a0bd20fd9a02 ] Request (VolumesAdminNegativeTest:tearDownClass): 404 GET http://10.180.1.21/volume/v3/volumes/e20a9619-b98a-4082-9048-d610e18e0af6 0.020s
2025-11-21 20:42:08.978 65770 INFO tempest.lib.common.rest_client [req-09fc83c6-771f-4a6f-aac5-ed4856281fd9 req-09fc83c6-771f-4a6f-aac5-ed4856281fd9 ] Request (KeyPairsV2TestJSON:test_keypair_create_with_pub_key): 200 POST http://10.180.1.21/compute/v2.1/os-keypairs 1.844s
2025-11-21 20:42:09.012 65816 INFO tempest.lib.common.rest_client [req-4bfc55cb-f0b8-48fb-aa04-bad82bf9934a req-4bfc55cb-f0b8-48fb-aa04-bad82bf9934a ] Request (AttachVolumeNegativeTest:test_attach_attached_volume_to_different_server): 201 POST http://10.180.1.21/identity/v3/auth/tokens 0.108s
2025-11-21 20:42:09.013 65816 INFO tempest.lib.common.fixed_network [-] (AttachVolumeNegativeTest:test_attach_attached_volume_to_different_server) Found network {'id': '8300f26e-bb5f-4680-8e68-d1a25e45be92', 'name': 'tempest-AttachVolumeNegativeTest-401722129-network', 'tenant_id': 'bf990c4ef1ff4879ba4e5d9c0086dc0f', 'project_id': 'bf990c4ef1ff4879ba4e5d9c0086dc0f', 'admin_state_up': True, 'mtu': 8950, 'status': 'ACTIVE', 'subnets': [], 'shared': False, 'port_security_enabled': True, 'router:external': False, 'provider:network_type': 'vlan', 'provider:physical_network': 'default', 'provider:segmentation_id': 210, 'availability_zone_hints': [], 'availability_zones': [], 'ipv4_address_scope': None, 'ipv6_address_scope': None, 'description': '', 'tags': [], 'created_at': '2025-11-21T20:42:03Z', 'updated_at': '2025-11-21T20:42:03Z', 'revision_number': 1} available for tenant
2025-11-21 20:42:09.019 65810 INFO tempest.lib.common.rest_client [req-fb7a5760-7715-4c72-9f63-7859399f9483 req-fb7a5760-7715-4c72-9f63-7859399f9483 ] Request (ImagesMetadataTestJSON:test_set_image_metadata): 200 GET http://10.180.1.21/compute/v2.1/images/24dfceb1-2feb-4d5a-b733-bbba6d675a7e/metadata 1.852s
2025-11-21 20:42:09.084 65798 INFO tempest.lib.common.rest_client [req-b9a1545a-af87-4d24-bcd1-ec966079e7e3 req-b9a1545a-af87-4d24-bcd1-ec966079e7e3 ] Request (MultipleCreateTestJSON:test_multiple_create_with_reservation_return): 200 GET http://10.180.1.21/compute/v2.1/servers/491c5ebd-c37f-40bc-b7dc-cffb75fbe7b1 1.939s
2025-11-21 20:42:09.108 65818 INFO tempest.lib.common.rest_client [req-eed9f046-fb7b-402b-8ac4-46d05fe7fd27 req-eed9f046-fb7b-402b-8ac4-46d05fe7fd27 ] Request (ServersAdminTestJSON:test_inject_network_info): 200 GET http://10.180.1.21/compute/v2.1/servers/625682a5-beee-49e9-bbb3-a188c3c41f0d 1.940s
2025-11-21 20:42:09.226 65832 INFO tempest.lib.common.rest_client [req-ec7f7b6e-224a-4bd5-98a0-ae34d2ded32c req-ec7f7b6e-224a-4bd5-98a0-ae34d2ded32c ] Request (ServerExternalEventsTest:tearDownClass): 200 GET http://10.180.1.21/compute/v2.1/servers/59744ef5-6446-41c2-8780-3ac4c3288b44 1.894s
2025-11-21 20:42:09.325 65820 INFO tempest.lib.common.rest_client [req-6a1cd94c-251a-4cca-8341-367cd3ac93eb req-6a1cd94c-251a-4cca-8341-367cd3ac93eb ] Request (ImagesOneServerNegativeTestJSON:_run_cleanups): 204 DELETE http://10.180.1.21/compute/v2.1/servers/bf4b716b-1514-4c79-a1fd-34846d330eda 1.946s
2025-11-21 20:42:09.446 65794 INFO tempest.lib.common.rest_client [req-f9907117-d0c2-4704-b828-3f9534ed26dc req-f9907117-d0c2-4704-b828-3f9534ed26dc ] Request (MigrationsAdminTest:test_resize_server_revert_deleted_flavor): 202 POST http://10.180.1.21/compute/v2.1/servers 2.185s
2025-11-21 20:42:09.451 65784 WARNING tempest.lib.common.ssh [-] Failed to establish authenticated ssh connection to cirros@10.180.180.227 ([Errno None] Unable to connect to port 22 on 10.180.180.227). Number attempts: 8. Retry after 9 seconds.: paramiko.ssh_exception.NoValidConnectionsError: [Errno None] Unable to connect to port 22 on 10.180.180.227
2025-11-21 20:42:09.521 65826 INFO tempest.lib.common.rest_client [req-1826bd85-8c45-40ea-8b3c-bec815ea643c req-1826bd85-8c45-40ea-8b3c-bec815ea643c ] Request (ServerActionsTestJSON:test_lock_unlock_server): 200 GET http://10.180.1.21/compute/v2.1/servers/cde5e247-0e3b-4dbd-b715-3cf5312465e2 2.073s
2025-11-21 20:42:09.536 65772 INFO tempest.lib.common.rest_client [req-afbcbeb7-61c7-440b-b1c0-5665d45f8301 req-afbcbeb7-61c7-440b-b1c0-5665d45f8301 ] Request (FloatingIPsAssociationNegativeTestJSON:tearDownClass): 200 GET http://10.180.1.21/compute/v2.1/servers/0d9b1d43-083c-4b85-bbdd-1f2ec722a3ba 2.078s
2025-11-21 20:42:09.638 65790 INFO tempest.lib.common.rest_client [req-cc56515b-2eb3-4500-a322-932f35fd07cf req-cc56515b-2eb3-4500-a322-932f35fd07cf ] Request (FloatingIPsAssociationTestJSON:setUpClass): 200 GET http://10.180.1.21/compute/v2.1/servers/ac183b2c-d144-4e65-9ddf-12ffc4f4093c 2.056s
2025-11-21 20:42:09.769 65782 INFO tempest.lib.common.rest_client [req-8f588da8-3c8b-496e-9c76-b1ceb5d16e05 req-8f588da8-3c8b-496e-9c76-b1ceb5d16e05 ] Request (ServersAdminNegativeTestJSON:test_migrate_non_existent_server): 404 POST http://10.180.1.21/compute/v2.1/servers/d228851e-e229-45b4-888d-45e0e69ee90d/action 2.147s
2025-11-21 20:42:09.775 65804 INFO tempest.lib.common.rest_client [req-95097962-0460-4345-af4a-3949855c608c req-95097962-0460-4345-af4a-3949855c608c ] Request (KeyPairsNegativeTestJSON:test_create_keypair_with_long_keynames): 400 POST http://10.180.1.21/compute/v2.1/os-keypairs 2.030s
2025-11-21 20:42:09.842 65782 INFO tempest.lib.common.rest_client [req-c15b2237-8c1a-4400-8966-719fe3170fa6 req-c15b2237-8c1a-4400-8966-719fe3170fa6 ] Request (ServersAdminNegativeTestJSON:test_migrate_server_invalid_state): 201 POST http://10.180.1.21/identity/v3/auth/tokens 0.063s
2025-11-21 20:42:09.842 65782 INFO tempest.lib.common.fixed_network [-] (ServersAdminNegativeTestJSON:test_migrate_server_invalid_state) Found network None available for tenant
2025-11-21 20:42:09.961 65792 INFO tempest.lib.common.rest_client [req-04375893-ea11-4555-9d91-50bede88ec95 req-04375893-ea11-4555-9d91-50bede88ec95 ] Request (ServersAaction247Test:test_create_backup): 200 GET http://10.180.1.21/compute/v2.1/servers/1c263b74-93d1-4244-8f08-d35373a3a946 2.130s
2025-11-21 20:42:09.982 65831 INFO tempest.lib.common.rest_client [req-99ae0021-ea3f-47ac-8644-94990960b1fd req-99ae0021-ea3f-47ac-8644-94990960b1fd ] Request (ServerRescueTestJSONUnderV235:test_rescued_vm_add_remove_security_group): 202 POST http://10.180.1.21/compute/v2.1/servers/45c2e0c5-9481-4e6d-b83d-545c7d2163a4/action 2.455s
2025-11-21 20:42:09.985 65828 INFO tempest.lib.common.rest_client [req-98aa7e7a-eab1-4100-b9e6-02c1fb5e53ae req-98aa7e7a-eab1-4100-b9e6-02c1fb5e53ae ] Request (FlavorsAdminTestJSON:_run_cleanups): 202 DELETE http://10.180.1.21/compute/v2.1/flavors/1005661445 2.149s
2025-11-21 20:42:10.012 65797 INFO tempest.lib.common.rest_client [req-89ce4836-72c4-48dc-87f5-f97c9d096abf req-89ce4836-72c4-48dc-87f5-f97c9d096abf ] Request (FlavorsAccessNegativeTestJSON:_run_cleanups): 200 GET http://10.180.1.21/compute/v2.1/flavors/detail 2.153s
2025-11-21 20:42:10.026 65780 INFO tempest.lib.common.rest_client [req-7985c79e-661f-4ea4-a69d-880bdce631f3 req-7985c79e-661f-4ea4-a69d-880bdce631f3 ] Request (ListImageFiltersTestJSON:setUpClass): 200 GET http://10.180.1.21/compute/v2.1/images/79109d6e-4055-4d02-b5e0-b1bd81081a66 2.158s
2025-11-21 20:42:10.083 65776 INFO tempest.lib.common.rest_client [req-afde97f5-2ce5-48e7-81aa-1771f7a264ab req-afde97f5-2ce5-48e7-81aa-1771f7a264ab ] Request (ImagesTestJSON:test_create_image_from_stopped_server): 200 GET http://10.180.1.21/compute/v2.1/servers/f85e6ddc-3b20-45c9-9c6b-11d36e5e8aff 1.962s
2025-11-21 20:42:10.169 65797 INFO tempest.lib.common.rest_client [req-1c228642-889f-43f7-be7b-d27b9a08ca74 req-1c228642-889f-43f7-be7b-d27b9a08ca74 ] Request (FlavorsAccessNegativeTestJSON:tearDownClass): 204 DELETE http://10.180.1.21/identity/v3/users/4dc4fb8ad3ff4b628613b087ca0aa10c 0.150s
2025-11-21 20:42:10.193 65800 INFO tempest.lib.common.rest_client [req-dec79447-9032-41f1-b0fb-3ef8034c6454 req-dec79447-9032-41f1-b0fb-3ef8034c6454 ] Request (QuotasTestJSON:test_get_default_quotas): 200 GET http://10.180.1.21/compute/v2.1/os-quota-sets/ba285151fbe947dfaa86e99abcc8fb23/defaults 1.619s
2025-11-21 20:42:10.207 65822 INFO tempest.lib.common.rest_client [req-f18ff993-85bc-4968-b44f-d0897404e941 req-f18ff993-85bc-4968-b44f-d0897404e941 ] Request (ServerGroupTestJSON:test_create_server_with_scheduler_hint_group): 200 GET http://10.180.1.21/compute/v2.1/servers/80fb72d3-6e2c-4118-9936-ba8ce2d59b93 1.800s
2025-11-21 20:42:10.265 65797 INFO tempest.lib.common.rest_client [req-dbfbe60a-ead1-4c80-809d-93c882b2e71c req-dbfbe60a-ead1-4c80-809d-93c882b2e71c ] Request (FlavorsAccessNegativeTestJSON:tearDownClass): 204 DELETE http://10.180.1.21/identity/v3/users/41ef7c80d2ed45da9e361121a411ec47 0.096s
2025-11-21 20:42:10.352 65786 INFO tempest.lib.common.rest_client [req-42147ef4-0d69-441a-b1b8-96d17c45fe2b req-42147ef4-0d69-441a-b1b8-96d17c45fe2b ] Request (FlavorsExtraSpecsTestJSON:setUpClass): 200 POST http://10.180.1.21/compute/v2.1/flavors 1.553s
2025-11-21 20:42:10.401 65788 INFO tempest.lib.common.rest_client [req-0af3e7b2-233d-4f91-b419-248356ba5004 req-0af3e7b2-233d-4f91-b419-248356ba5004 ] Request (FlavorsV255TestJSON:test_crud_flavor): 200 POST http://10.180.1.21/compute/v2.1/flavors 1.458s
2025-11-21 20:42:10.432 65770 INFO tempest.lib.common.rest_client [req-7be87706-3579-4216-a3b8-edcce5dcc041 req-7be87706-3579-4216-a3b8-edcce5dcc041 ] Request (KeyPairsV2TestJSON:_run_cleanups): 202 DELETE http://10.180.1.21/compute/v2.1/os-keypairs/tempest-keypair-40158996 1.451s
2025-11-21 20:42:10.472 65812 INFO tempest.lib.common.rest_client [req-4099473f-ee96-4b49-a4db-ab9f84c19493 req-4099473f-ee96-4b49-a4db-ab9f84c19493 ] Request (VolumesAdminNegativeTest:tearDownClass): 204 DELETE http://10.180.1.21/compute/v2.1/servers/5ead0aad-8032-408f-ba51-a793bf0652c2 1.503s
2025-11-21 20:42:10.521 65797 INFO tempest.lib.common.rest_client [req-fca65420-7ec5-403a-ad9a-a4843585f02d req-fca65420-7ec5-403a-ad9a-a4843585f02d ] Request (FlavorsAccessNegativeTestJSON:tearDownClass): 204 DELETE http://10.180.1.21/identity/v3/users/ed72c2d5eb3e4c589f555cdd467477c7 0.255s
2025-11-21 20:42:10.522 65797 INFO tempest.lib.common.dynamic_creds [-] Deleting project and security group for project: bf864d4a9f99451ebb4e9ca4aed9f100
2025-11-21 20:42:10.636 65797 INFO tempest.lib.common.rest_client [req-62b01dde-d93e-4191-9dbb-75ebe8b0ddca req-62b01dde-d93e-4191-9dbb-75ebe8b0ddca ] Request (FlavorsAccessNegativeTestJSON:tearDownClass): 201 POST http://10.180.1.21/identity/v3/auth/tokens 0.113s
2025-11-21 20:42:10.738 65810 INFO tempest.lib.common.rest_client [req-ca0f971a-907c-4a26-86ac-ed16d51cc05b req-ca0f971a-907c-4a26-86ac-ed16d51cc05b ] Request (ImagesMetadataTestJSON:setUp): 200 PUT http://10.180.1.21/compute/v2.1/images/24dfceb1-2feb-4d5a-b733-bbba6d675a7e/metadata 1.717s
2025-11-21 20:42:10.885 65797 INFO tempest.lib.common.rest_client [req-283327e3-9365-4d45-9885-ffd36d8acbf3 req-283327e3-9365-4d45-9885-ffd36d8acbf3 ] Request (FlavorsAccessNegativeTestJSON:tearDownClass): 200 GET http://10.180.1.21/networking/v2.0/security-groups?tenant_id=bf864d4a9f99451ebb4e9ca4aed9f100&name=default 0.248s
2025-11-21 20:42:11.011 65797 INFO tempest.lib.common.rest_client [req-979b5848-de33-46de-8f13-0426ed230b8f req-979b5848-de33-46de-8f13-0426ed230b8f ] Request (FlavorsAccessNegativeTestJSON:tearDownClass): 204 DELETE http://10.180.1.21/networking/v2.0/security-groups/4e8ecd63-ab4d-4745-82cb-ea657a2f7648 0.125s
2025-11-21 20:42:11.052 65824 INFO tempest.lib.common.rest_client [req-0129e285-3313-4465-a54c-eb51d94735c7 req-0129e285-3313-4465-a54c-eb51d94735c7 ] Request (ServerRescueTestJSON:test_rescue_unrescue_instance): 200 GET http://10.180.1.21/compute/v2.1/servers/d49e04fe-3f84-4baf-8d60-c81d4372fc03 1.962s
2025-11-21 20:42:11.087 65774 INFO tempest.lib.common.rest_client [req-b04e312a-47ca-4f52-80a0-13ffce18f159 req-b04e312a-47ca-4f52-80a0-13ffce18f159 ] Request (ImagesNegativeTestJSON:test_create_image_from_deleted_server): 404 GET http://10.180.1.21/compute/v2.1/servers/47ed285c-fd2a-436a-a3a4-bc08f62c1bbc 1.972s
2025-11-21 20:42:11.091 65797 INFO tempest.lib.common.rest_client [req-369bd1f9-f996-4d5d-b682-f67080cb1535 req-369bd1f9-f996-4d5d-b682-f67080cb1535 ] Request (FlavorsAccessNegativeTestJSON:tearDownClass): 204 DELETE http://10.180.1.21/identity/v3/projects/bf864d4a9f99451ebb4e9ca4aed9f100 0.078s
2025-11-21 20:42:11.091 65797 INFO tempest.lib.common.dynamic_creds [-] Deleting project and security group for project: 02e55ee11dec418fa565b7275be7834f
2025-11-21 20:42:11.237 65797 INFO tempest.lib.common.rest_client [req-3cc470f6-b0de-4780-83fe-0c3581f5654e req-3cc470f6-b0de-4780-83fe-0c3581f5654e ] Request (FlavorsAccessNegativeTestJSON:tearDownClass): 200 GET http://10.180.1.21/networking/v2.0/security-groups?tenant_id=02e55ee11dec418fa565b7275be7834f&name=default 0.145s
2025-11-21 20:42:11.316 65814 INFO tempest.lib.common.rest_client [req-203e6ec2-6ad1-4784-9734-7370492fd58e req-203e6ec2-6ad1-4784-9734-7370492fd58e ] Request (ImagesOneServerTestJSON:tearDownClass): 200 GET http://10.180.1.21/compute/v2.1/servers/75bc118e-4b07-499a-88b0-ac22272e9dc7 2.003s
2025-11-21 20:42:11.355 65816 INFO tempest.lib.common.rest_client [req-9231dda6-a4ef-421d-9b0b-4b2afbc3ed2f req-9231dda6-a4ef-421d-9b0b-4b2afbc3ed2f ] Request (AttachVolumeNegativeTest:test_attach_attached_volume_to_different_server): 202 POST http://10.180.1.21/compute/v2.1/servers 2.341s
2025-11-21 20:42:11.379 65802 WARNING tempest.lib.common.ssh [-] Failed to establish authenticated ssh connection to cirros@10.180.180.195 ([Errno None] Unable to connect to port 22 on 10.180.180.195). Number attempts: 1. Retry after 2 seconds.: paramiko.ssh_exception.NoValidConnectionsError: [Errno None] Unable to connect to port 22 on 10.180.180.195
2025-11-21 20:42:11.402 65797 INFO tempest.lib.common.rest_client [req-b1998405-c83a-4249-b640-35dfaa362d44 req-b1998405-c83a-4249-b640-35dfaa362d44 ] Request (FlavorsAccessNegativeTestJSON:tearDownClass): 204 DELETE http://10.180.1.21/networking/v2.0/security-groups/1fbc575c-02fc-4029-8305-33595b91fc79 0.165s
2025-11-21 20:42:11.555 65797 INFO tempest.lib.common.rest_client [req-e8f05a6a-87b0-4667-a20e-036e322b63af req-e8f05a6a-87b0-4667-a20e-036e322b63af ] Request (FlavorsAccessNegativeTestJSON:tearDownClass): 204 DELETE http://10.180.1.21/identity/v3/projects/02e55ee11dec418fa565b7275be7834f 0.153s
2025-11-21 20:42:11.556 65797 INFO tempest.lib.common.dynamic_creds [-] Deleting project and security group for project: c16702216273433592f8de3edc343c7f
2025-11-21 20:42:11.573 65794 INFO tempest.lib.common.rest_client [req-7351317c-0184-4ab8-9de6-1c56cb5107be req-7351317c-0184-4ab8-9de6-1c56cb5107be ] Request (MigrationsAdminTest:test_resize_server_revert_deleted_flavor): 200 GET http://10.180.1.21/compute/v2.1/servers/4b446122-8965-4d44-974c-bedbf73cf659 2.125s
2025-11-21 20:42:11.618 65804 INFO tempest.lib.common.rest_client [req-eaa4f9b8-b9ec-4031-86b0-431ecf7b67b1 req-eaa4f9b8-b9ec-4031-86b0-431ecf7b67b1 ] Request (KeyPairsNegativeTestJSON:test_keypair_create_with_invalid_pub_key): 400 POST http://10.180.1.21/compute/v2.1/os-keypairs 1.841s
2025-11-21 20:42:11.696 65808 WARNING tempest.lib.common.ssh [-] Failed to establish authenticated ssh connection to cirros@10.180.180.142 ([Errno None] Unable to connect to port 22 on 10.180.180.142). Number attempts: 7. Retry after 8 seconds.: paramiko.ssh_exception.NoValidConnectionsError: [Errno None] Unable to connect to port 22 on 10.180.180.142
2025-11-21 20:42:11.705 65820 INFO tempest.lib.common.rest_client [req-9071a2b9-76f6-4032-a1a5-6a36a4903a56 req-9071a2b9-76f6-4032-a1a5-6a36a4903a56 ] Request (ImagesOneServerNegativeTestJSON:_run_cleanups): 200 GET http://10.180.1.21/compute/v2.1/servers/bf4b716b-1514-4c79-a1fd-34846d330eda 2.380s
2025-11-21 20:42:11.805 65797 INFO tempest.lib.common.rest_client [req-e89da984-3475-4c3c-b3e1-9a51488b8a2b req-e89da984-3475-4c3c-b3e1-9a51488b8a2b ] Request (FlavorsAccessNegativeTestJSON:tearDownClass): 200 GET http://10.180.1.21/networking/v2.0/security-groups?tenant_id=c16702216273433592f8de3edc343c7f&name=default 0.249s
2025-11-21 20:42:12.087 65778 INFO tempest.lib.common.rest_client [req-b25a3a34-c90d-429c-b319-db509fe3e9a2 req-b25a3a34-c90d-429c-b319-db509fe3e9a2 ] Request (DeleteServersTestJSON:test_delete_server_while_in_attached_volume): 200 GET http://10.180.1.21/compute/v2.1/servers/ff5e8ecd-f8bc-452f-82fd-f4feb7533452 2.146s
2025-11-21 20:42:12.173 65797 INFO tempest.lib.common.rest_client [req-6e15c5e2-e7fc-49a1-9a19-f6617d4ba81c req-6e15c5e2-e7fc-49a1-9a19-f6617d4ba81c ] Request (FlavorsAccessNegativeTestJSON:tearDownClass): 204 DELETE http://10.180.1.21/networking/v2.0/security-groups/74d6c303-dc8a-4c9e-966d-fd54968da5e5 0.367s
2025-11-21 20:42:12.251 65806 INFO tempest.lib.common.rest_client [req-1d0a6ec4-05c6-4e09-aafa-b51b4e522c37 req-1d0a6ec4-05c6-4e09-aafa-b51b4e522c37 ] Request (InstanceActionsV221TestJSON:test_get_list_deleted_instance_actions): 200 GET http://10.180.1.21/compute/v2.1/servers/3870348a-33d6-43b2-9e7a-a4cd68a9e5f1 2.299s
2025-11-21 20:42:12.330 65797 INFO tempest.lib.common.rest_client [req-356b7f7d-446b-4198-8023-9fb31c89d6a4 req-356b7f7d-446b-4198-8023-9fb31c89d6a4 ] Request (FlavorsAccessNegativeTestJSON:tearDownClass): 204 DELETE http://10.180.1.21/identity/v3/projects/c16702216273433592f8de3edc343c7f 0.157s
2025-11-21 20:42:12.405 65797 INFO tempest.lib.common.rest_client [req-6cabf319-b197-420b-9722-45695bc18eee req-6cabf319-b197-420b-9722-45695bc18eee ] Request (HypervisorAdminV228Test:setUpClass): 201 POST http://10.180.1.21/identity/v3/auth/tokens 0.072s
2025-11-21 20:42:12.442 65797 INFO tempest.lib.common.rest_client [req-68185cab-2d54-4380-98d4-ababa29b75a4 req-68185cab-2d54-4380-98d4-ababa29b75a4 ] Request (HypervisorAdminV228Test:setUpClass): 201 POST http://10.180.1.21/identity/v3/auth/tokens 0.035s
2025-11-21 20:42:12.444 65782 INFO tempest.lib.common.rest_client [req-eb1852fe-382f-4da2-a6d1-050e7f21e121 req-eb1852fe-382f-4da2-a6d1-050e7f21e121 ] Request (ServersAdminNegativeTestJSON:test_migrate_server_invalid_state): 202 POST http://10.180.1.21/compute/v2.1/servers 2.601s
2025-11-21 20:42:12.485 65797 INFO tempest.lib.common.rest_client [req-be30bc78-4808-4178-83bf-b5fbb1732d9d req-be30bc78-4808-4178-83bf-b5fbb1732d9d ] Request (HypervisorAdminV228Test:setUpClass): 200 GET http://10.180.1.21/identity/v3/domains?name=Default 0.042s
2025-11-21 20:42:12.490 65828 INFO tempest.lib.common.rest_client [req-a6e8ba23-ed71-4eaa-b899-92c600069241 req-a6e8ba23-ed71-4eaa-b899-92c600069241 ] Request (FlavorsAdminTestJSON:_run_cleanups): 200 GET http://10.180.1.21/compute/v2.1/flavors/detail 2.504s
2025-11-21 20:42:12.532 65797 INFO tempest.lib.common.rest_client [req-40c125b0-a763-4b69-afec-816002242cea req-40c125b0-a763-4b69-afec-816002242cea ] Request (HypervisorAdminV228Test:setUpClass): 201 POST http://10.180.1.21/identity/v3/projects 0.046s
2025-11-21 20:42:12.655 65797 INFO tempest.lib.common.rest_client [req-78322c48-c6ee-432a-b7c1-2ceb44f67e73 req-78322c48-c6ee-432a-b7c1-2ceb44f67e73 ] Request (HypervisorAdminV228Test:setUpClass): 201 POST http://10.180.1.21/identity/v3/users 0.121s
2025-11-21 20:42:12.706 65797 INFO tempest.lib.common.rest_client [req-9abd4d64-29ed-4551-9868-d01861ffbfcb req-9abd4d64-29ed-4551-9868-d01861ffbfcb ] Request (HypervisorAdminV228Test:setUpClass): 200 GET http://10.180.1.21/identity/v3/roles 0.050s
2025-11-21 20:42:12.744 65797 INFO tempest.lib.common.rest_client [req-3a457b5a-639f-4733-b416-56783cc8a5dd req-3a457b5a-639f-4733-b416-56783cc8a5dd ] Request (HypervisorAdminV228Test:setUpClass): 204 PUT http://10.180.1.21/identity/v3/projects/78d683f7687e4d8b923e94efc146bcbe/users/4c30c3c5c01a4404a3669f084a3f0b5a/roles/c8b760fdf82c444985153c07ff400fc9 0.037s
2025-11-21 20:42:12.744 65797 INFO tempest.lib.common.dynamic_creds [-] Dynamic test user 4c30c3c5c01a4404a3669f084a3f0b5a is created with scope project and roles: ['member']
2025-11-21 20:42:12.744 65797 INFO tempest.lib.common.dynamic_creds [-] Acquired dynamic creds: credentials: Credentials: {'domain_id': 'default', 'domain_name': 'Default', 'username': 'tempest-HypervisorAdminV228Test-355474139-project-member', 'project_domain_id': 'default', 'project_domain_name': 'Default', 'project_id': '78d683f7687e4d8b923e94efc146bcbe', 'project_name': 'tempest-HypervisorAdminV228Test-355474139', 'tenant_id': '78d683f7687e4d8b923e94efc146bcbe', 'tenant_name': 'tempest-HypervisorAdminV228Test-355474139', 'user_domain_id': 'default', 'user_domain_name': 'Default', 'user_id': '4c30c3c5c01a4404a3669f084a3f0b5a', 'system': None}, Network: None, Subnet: None, Router: None
2025-11-21 20:42:12.744 65797 INFO tempest.lib.common.dynamic_creds [-] Created isolated network resources for: credentials: Credentials: {'domain_id': 'default', 'domain_name': 'Default', 'username': 'tempest-HypervisorAdminV228Test-355474139-project-member', 'project_domain_id': 'default', 'project_domain_name': 'Default', 'project_id': '78d683f7687e4d8b923e94efc146bcbe', 'project_name': 'tempest-HypervisorAdminV228Test-355474139', 'tenant_id': '78d683f7687e4d8b923e94efc146bcbe', 'tenant_name': 'tempest-HypervisorAdminV228Test-355474139', 'user_domain_id': 'default', 'user_domain_name': 'Default', 'user_id': '4c30c3c5c01a4404a3669f084a3f0b5a', 'system': None}, Network: None, Subnet: None, Router: None
2025-11-21 20:42:12.830 65797 INFO tempest.lib.common.rest_client [req-1d752979-cd2a-4362-bbd3-175e24fa1b4a req-1d752979-cd2a-4362-bbd3-175e24fa1b4a ] Request (HypervisorAdminV228Test:setUpClass): 201 POST http://10.180.1.21/identity/v3/auth/tokens 0.081s
2025-11-21 20:42:12.842 65831 INFO tempest.lib.common.rest_client [req-5c9c0eac-5403-4d66-b492-f0944f036997 req-5c9c0eac-5403-4d66-b492-f0944f036997 ] Request (ServerRescueTestJSONUnderV235:test_rescued_vm_add_remove_security_group): 202 POST http://10.180.1.21/compute/v2.1/servers/45c2e0c5-9481-4e6d-b83d-545c7d2163a4/action 2.860s
2025-11-21 20:42:12.879 65798 INFO tempest.lib.common.rest_client [req-bb0701fd-9a79-4857-98ed-ccadfaf99005 req-bb0701fd-9a79-4857-98ed-ccadfaf99005 ] Request (MultipleCreateTestJSON:test_multiple_create_with_reservation_return): 200 GET http://10.180.1.21/compute/v2.1/servers/491c5ebd-c37f-40bc-b7dc-cffb75fbe7b1 2.787s
2025-11-21 20:42:12.887 65798 INFO tempest.common.waiters [-] State transition "BUILD/None" ==> "BUILD/spawning" after 31 second wait
2025-11-21 20:42:12.907 65818 INFO tempest.lib.common.rest_client [req-054cb5b1-eb4d-4a3a-8f2e-189f938bbbfa req-054cb5b1-eb4d-4a3a-8f2e-189f938bbbfa ] Request (ServersAdminTestJSON:test_inject_network_info): 200 GET http://10.180.1.21/compute/v2.1/servers/625682a5-beee-49e9-bbb3-a188c3c41f0d 2.786s
2025-11-21 20:42:12.916 65797 INFO tempest.lib.common.rest_client [req-81c96e30-2677-4a28-832d-8fa762c644a6 req-81c96e30-2677-4a28-832d-8fa762c644a6 ] Request (HypervisorAdminV228Test:setUpClass): 201 POST http://10.180.1.21/identity/v3/projects 0.085s
2025-11-21 20:42:12.936 65832 INFO tempest.lib.common.rest_client [req-fd4a81af-aaa3-49c0-9cf4-c87044577b2e req-fd4a81af-aaa3-49c0-9cf4-c87044577b2e ] Request (ServerExternalEventsTest:tearDownClass): 404 GET http://10.180.1.21/compute/v2.1/servers/59744ef5-6446-41c2-8780-3ac4c3288b44 2.701s
2025-11-21 20:42:12.964 65786 INFO tempest.lib.common.rest_client [req-f0f00bd5-97b8-47bb-8236-b30561b305fb req-f0f00bd5-97b8-47bb-8236-b30561b305fb ] Request (FlavorsExtraSpecsTestJSON:test_flavor_non_admin_get_all_keys): 200 POST http://10.180.1.21/compute/v2.1/flavors/485492208/os-extra_specs 2.608s
2025-11-21 20:42:12.981 65797 INFO tempest.lib.common.rest_client [req-e103592d-9159-4fd3-be9f-68d937f6bf06 req-e103592d-9159-4fd3-be9f-68d937f6bf06 ] Request (HypervisorAdminV228Test:setUpClass): 201 POST http://10.180.1.21/identity/v3/users 0.064s
2025-11-21 20:42:13.062 65800 INFO tempest.lib.common.rest_client [req-b39e5abd-155a-4b59-a49e-c5b44efef1ac req-b39e5abd-155a-4b59-a49e-c5b44efef1ac ] Request (QuotasTestJSON:test_get_quotas): 200 GET http://10.180.1.21/compute/v2.1/os-quota-sets/ba285151fbe947dfaa86e99abcc8fb23 2.865s
2025-11-21 20:42:13.096 65832 INFO tempest.lib.common.rest_client [req-d5a531ca-35ce-4193-8406-cb90aab2168b req-d5a531ca-35ce-4193-8406-cb90aab2168b ] Request (ServerExternalEventsTest:tearDownClass): 204 DELETE http://10.180.1.21/identity/v3/users/e677b987192d4980aabb019218dfa62c 0.159s
2025-11-21 20:42:13.110 65770 INFO tempest.lib.common.rest_client [req-20c33074-98ce-409b-9f24-a31f02f76b59 req-20c33074-98ce-409b-9f24-a31f02f76b59 ] Request (KeyPairsV2TestJSON:test_keypairs_create_list_delete): 200 POST http://10.180.1.21/compute/v2.1/os-keypairs 2.675s
2025-11-21 20:42:13.170 65797 INFO tempest.lib.common.rest_client [req-376e244c-7932-42cf-b364-f644106c8e69 req-376e244c-7932-42cf-b364-f644106c8e69 ] Request (HypervisorAdminV228Test:setUpClass): 200 GET http://10.180.1.21/identity/v3/roles 0.189s
2025-11-21 20:42:13.194 65788 INFO tempest.lib.common.rest_client [req-3c125230-7a3c-44c1-b1bf-ec414ec2f265 req-3c125230-7a3c-44c1-b1bf-ec414ec2f265 ] Request (FlavorsV255TestJSON:test_crud_flavor): 200 GET http://10.180.1.21/compute/v2.1/flavors/317910798 2.788s
2025-11-21 20:42:13.199 65812 INFO tempest.lib.common.rest_client [req-ce14ab73-ccd8-4329-ab04-e974f8beb602 req-ce14ab73-ccd8-4329-ab04-e974f8beb602 ] Request (VolumesAdminNegativeTest:tearDownClass): 200 GET http://10.180.1.21/compute/v2.1/servers/5ead0aad-8032-408f-ba51-a793bf0652c2 2.726s
2025-11-21 20:42:13.265 65832 INFO tempest.lib.common.rest_client [req-b7e0211a-5fd6-46b9-a2e3-3c67dea4d051 req-b7e0211a-5fd6-46b9-a2e3-3c67dea4d051 ] Request (ServerExternalEventsTest:tearDownClass): 204 DELETE http://10.180.1.21/identity/v3/users/0bda62a5a749449ab2da8a5c9b79493e 0.167s
2025-11-21 20:42:13.295 65797 INFO tempest.lib.common.rest_client [req-088a6da9-fcff-4751-8a76-19f70203b4e9 req-088a6da9-fcff-4751-8a76-19f70203b4e9 ] Request (HypervisorAdminV228Test:setUpClass): 204 PUT http://10.180.1.21/identity/v3/projects/fe4cbe53a4884ad8a50143632ccf3951/users/64e829545f8e4c1d9ce7988cc75a6f2f/roles/194113dd7aef44b1a7ff5d0c8379ac8f 0.124s
2025-11-21 20:42:13.345 65772 INFO tempest.lib.common.rest_client [req-759f4d63-135c-43c1-a78d-a3242754a469 req-759f4d63-135c-43c1-a78d-a3242754a469 ] Request (FloatingIPsAssociationNegativeTestJSON:tearDownClass): 200 GET http://10.180.1.21/compute/v2.1/servers/0d9b1d43-083c-4b85-bbdd-1f2ec722a3ba 2.794s
2025-11-21 20:42:13.356 65797 INFO tempest.lib.common.rest_client [req-207bde68-1997-41e8-a590-97c5d3b5200d req-207bde68-1997-41e8-a590-97c5d3b5200d ] Request (HypervisorAdminV228Test:setUpClass): 200 GET http://10.180.1.21/identity/v3/roles 0.061s
2025-11-21 20:42:13.385 65797 INFO tempest.lib.common.rest_client [req-e8748be0-60d2-4de8-95e2-ee9dac9d19dc req-e8748be0-60d2-4de8-95e2-ee9dac9d19dc ] Request (HypervisorAdminV228Test:setUpClass): 204 PUT http://10.180.1.21/identity/v3/projects/fe4cbe53a4884ad8a50143632ccf3951/users/64e829545f8e4c1d9ce7988cc75a6f2f/roles/194113dd7aef44b1a7ff5d0c8379ac8f 0.028s
2025-11-21 20:42:13.385 65826 INFO tempest.lib.common.rest_client [req-fc0f0f06-34f0-4037-9990-46a690fcee4f req-fc0f0f06-34f0-4037-9990-46a690fcee4f ] Request (ServerActionsTestJSON:test_lock_unlock_server): 200 GET http://10.180.1.21/compute/v2.1/servers/cde5e247-0e3b-4dbd-b715-3cf5312465e2 2.854s
2025-11-21 20:42:13.386 65797 INFO tempest.lib.common.dynamic_creds [-] Dynamic test user 64e829545f8e4c1d9ce7988cc75a6f2f is created with scope project and roles: ['admin']
2025-11-21 20:42:13.386 65797 INFO tempest.lib.common.dynamic_creds [-] Acquired dynamic creds: credentials: Credentials: {'domain_id': 'default', 'domain_name': 'Default', 'username': 'tempest-HypervisorAdminV228Test-732326549-project-admin', 'project_domain_id': 'default', 'project_domain_name': 'Default', 'project_id': 'fe4cbe53a4884ad8a50143632ccf3951', 'project_name': 'tempest-HypervisorAdminV228Test-732326549', 'tenant_id': 'fe4cbe53a4884ad8a50143632ccf3951', 'tenant_name': 'tempest-HypervisorAdminV228Test-732326549', 'user_domain_id': 'default', 'user_domain_name': 'Default', 'user_id': '64e829545f8e4c1d9ce7988cc75a6f2f', 'system': None}, Network: None, Subnet: None, Router: None
2025-11-21 20:42:13.386 65797 INFO tempest.lib.common.dynamic_creds [-] Created isolated network resources for: credentials: Credentials: {'domain_id': 'default', 'domain_name': 'Default', 'username': 'tempest-HypervisorAdminV228Test-732326549-project-admin', 'project_domain_id': 'default', 'project_domain_name': 'Default', 'project_id': 'fe4cbe53a4884ad8a50143632ccf3951', 'project_name': 'tempest-HypervisorAdminV228Test-732326549', 'tenant_id': 'fe4cbe53a4884ad8a50143632ccf3951', 'tenant_name': 'tempest-HypervisorAdminV228Test-732326549', 'user_domain_id': 'default', 'user_domain_name': 'Default', 'user_id': '64e829545f8e4c1d9ce7988cc75a6f2f', 'system': None}, Network: None, Subnet: None, Router: None
2025-11-21 20:42:13.397 65826 INFO tempest.common.waiters [-] State transition "SHUTOFF/powering-on" ==> "ACTIVE/None" after 7 second wait
2025-11-21 20:42:13.423 65790 INFO tempest.lib.common.rest_client [req-2fb3825c-de9f-46dc-998a-bc8f53c5679c req-2fb3825c-de9f-46dc-998a-bc8f53c5679c ] Request (FloatingIPsAssociationTestJSON:setUpClass): 200 GET http://10.180.1.21/compute/v2.1/servers/ac183b2c-d144-4e65-9ddf-12ffc4f4093c 2.775s
2025-11-21 20:42:13.437 65832 INFO tempest.lib.common.rest_client [req-edb2536c-ee1a-4b0e-b6cb-d6f61af1319c req-edb2536c-ee1a-4b0e-b6cb-d6f61af1319c ] Request (ServerExternalEventsTest:tearDownClass): 204 DELETE http://10.180.1.21/identity/v3/users/18d4d0fb280c445294dc6e30cc7596de 0.171s
2025-11-21 20:42:13.438 65832 INFO tempest.lib.common.dynamic_creds [-] Deleting project and security group for project: 8cfb3cccf29a4a17a2bab82ff5bd5c9a
2025-11-21 20:42:13.485 65797 INFO tempest.lib.common.rest_client [req-fb916852-6197-4b4c-b977-cc51e23352dc req-fb916852-6197-4b4c-b977-cc51e23352dc ] Request (HypervisorAdminV228Test:setUpClass): 201 POST http://10.180.1.21/identity/v3/auth/tokens 0.096s
2025-11-21 20:42:13.502 65832 INFO tempest.lib.common.rest_client [req-201ab0cb-d321-48e4-86af-a57c64af7400 req-201ab0cb-d321-48e4-86af-a57c64af7400 ] Request (ServerExternalEventsTest:tearDownClass): 201 POST http://10.180.1.21/identity/v3/auth/tokens 0.064s
