2025-11-21 20:44:36.996 65772 INFO tempest.lib.common.rest_client [req-9fb2f7a9-696c-4329-981f-6b7e480611e3 req-9fb2f7a9-696c-4329-981f-6b7e480611e3 ] Request (ServerRescueNegativeTestJSON:setUpClass): 200 GET http://10.180.1.21/compute/v2.1/servers/6d696804-7857-4d8b-b4bf-fa79c8615b5b 4.477s
2025-11-21 20:44:37.045 65828 INFO tempest.lib.common.rest_client [req-d98e9bd2-819e-4605-9f4e-48eaacdbf02f req-d98e9bd2-819e-4605-9f4e-48eaacdbf02f ] Request (ServersListShow2100Test:tearDownClass): 200 GET http://10.180.1.21/compute/v2.1/servers/16f597f1-7cc4-4b62-917a-5b4fb80a0126 4.410s
2025-11-21 20:44:37.072 65782 INFO tempest.lib.common.rest_client [req-49bbc11e-2d69-479c-ae28-422486862fc2 req-49bbc11e-2d69-479c-ae28-422486862fc2 ] Request (ServerActionsTestOtherA:setUpClass): 201 POST http://10.180.1.21/identity/v3/auth/tokens 0.100s
2025-11-21 20:44:37.210 65814 INFO tempest.lib.common.rest_client [req-0860e6df-2de6-48c3-b89f-05175dee7edf req-0860e6df-2de6-48c3-b89f-05175dee7edf ] Request (AttachInterfacesTestJSON:test_create_list_show_delete_interfaces_by_fixed_ip): 200 GET http://10.180.1.21/compute/v2.1/servers/950b12b3-0577-43ca-9a34-b13d5de40b68/os-interface 4.376s
2025-11-21 20:44:37.241 65794 INFO tempest.lib.common.rest_client [req-7b2799eb-ac1a-467e-90cb-09451d492f4f req-7b2799eb-ac1a-467e-90cb-09451d492f4f ] Request (MigrationsAdminTest:test_resize_server_revert_deleted_flavor): 200 GET http://10.180.1.21/compute/v2.1/servers/4b446122-8965-4d44-974c-bedbf73cf659 4.580s
2025-11-21 20:44:37.297 65820 INFO tempest.lib.common.rest_client [req-ad91962c-c8bf-4bd5-881d-5aed6da58ca6 req-ad91962c-c8bf-4bd5-881d-5aed6da58ca6 ] Request (ImagesOneServerNegativeTestJSON:_run_cleanups): 200 GET http://10.180.1.21/compute/v2.1/servers/21df3af5-d2d0-4af7-9491-c33792fbf14c 3.444s
2025-11-21 20:44:37.424 65792 INFO tempest.lib.common.rest_client [req-216dff43-b8a2-48dc-a0a6-cdb367a2ed4e req-216dff43-b8a2-48dc-a0a6-cdb367a2ed4e ] Request (ServersListShow298Test:tearDownClass): 200 GET http://10.180.1.21/compute/v2.1/servers/a766a802-734b-44b5-9db6-756db4fbed0c 3.068s
2025-11-21 20:44:37.462 65778 INFO tempest.lib.common.rest_client [req-3edd0b9d-12c5-4b16-9b97-f79bc1a6fce6 req-3edd0b9d-12c5-4b16-9b97-f79bc1a6fce6 ] Request (DeleteServersTestJSON:test_delete_server_while_in_shelved_state): 200 GET http://10.180.1.21/compute/v2.1/servers/d4425c87-23cf-4e4b-8940-4a0297594dd9 3.253s
2025-11-21 20:44:37.525 65776 INFO tempest.lib.common.rest_client [req-e9b3c6c2-b74d-45c1-a50d-28ca3e969113 req-e9b3c6c2-b74d-45c1-a50d-28ca3e969113 ] Request (ImagesTestJSON:test_create_image_from_suspended_server): 200 GET http://10.180.1.21/compute/v2.1/images/98760940-ca82-4dd9-97c7-0484f5954e8f 2.020s
2025-11-21 20:44:37.568 65776 INFO tempest.lib.common.rest_client [req-ecf6c77c-46f7-4f22-9ce8-3f9bf0a9f798 req-ecf6c77c-46f7-4f22-9ce8-3f9bf0a9f798 ] Request (ImagesTestJSON:test_create_image_from_suspended_server): 200 GET http://10.180.1.21/image/v2/images/98760940-ca82-4dd9-97c7-0484f5954e8f/tasks 0.036s
2025-11-21 20:44:37.596 65790 INFO tempest.lib.common.rest_client [req-982ebc05-9359-4453-9f36-e28fe02c8788 req-982ebc05-9359-4453-9f36-e28fe02c8788 ] Request (FloatingIPsAssociationTestJSON:tearDownClass): 200 PUT http://10.180.1.21/networking/v2.0/routers/e0992652-350a-4b29-89ce-c3a3ab39d7bb/remove_router_interface 0.927s
2025-11-21 20:44:37.648 65786 INFO tempest.lib.common.rest_client [req-23471a02-7af0-4575-8e88-059eaa2301d4 req-23471a02-7af0-4575-8e88-059eaa2301d4 ] Request (ComputeTenantNetworksTest:test_list_show_tenant_networks): 200 GET http://10.180.1.21/compute/v2.1/os-tenant-networks 2.765s
2025-11-21 20:44:37.682 65808 INFO paramiko.transport [-] Connected (version 2.0, client dropbear_2020.81)
2025-11-21 20:44:37.706 65774 INFO tempest.lib.common.rest_client [req-be95ffaa-2480-4e5a-b266-f25d47057d41 req-be95ffaa-2480-4e5a-b266-f25d47057d41 ] Request (AttachInterfacesUnderV243Test:test_add_remove_fixed_ip): 200 GET http://10.180.1.21/compute/v2.1/servers/71be4a03-3ca3-4314-9f48-60cb7aa3a58b 2.164s
2025-11-21 20:44:37.734 65831 INFO tempest.lib.common.rest_client [req-d8843644-4a51-42e1-a4f8-26c6d3b51db7 req-d8843644-4a51-42e1-a4f8-26c6d3b51db7 ] Request (ServersNegativeTestMultiTenantJSON:setUpClass): 200 GET http://10.180.1.21/compute/v2.1/servers/0836db0f-970d-4224-9b41-b11609d253f2 1.730s
2025-11-21 20:44:37.742 65788 INFO tempest.lib.common.rest_client [req-d1b84b50-1c32-4906-990f-f1bc49ce9187 req-d1b84b50-1c32-4906-990f-f1bc49ce9187 ] Request (ServersTestFqdnHostnames:tearDownClass): 202 DELETE http://10.180.1.21/compute/v2.1/os-keypairs/tempest-keypair-1793585905 1.295s
2025-11-21 20:44:37.796 65808 INFO paramiko.transport [-] Authentication (publickey) successful!
2025-11-21 20:44:37.796 65808 INFO tempest.lib.common.ssh [-] ssh connection to cirros@10.180.180.142 successfully created
2025-11-21 20:44:37.866 65782 INFO tempest.lib.common.rest_client [req-f627e8e3-11af-4ebb-b403-cb65f5866a92 req-f627e8e3-11af-4ebb-b403-cb65f5866a92 ] Request (ServerActionsTestOtherA:setUpClass): 200 POST http://10.180.1.21/compute/v2.1/os-keypairs 0.792s
2025-11-21 20:44:37.929 65788 INFO tempest.lib.common.rest_client [req-b41baf1f-cce1-43b4-9833-b29463a0b3ee req-b41baf1f-cce1-43b4-9833-b29463a0b3ee ] Request (ServersTestFqdnHostnames:tearDownClass): 204 DELETE http://10.180.1.21/networking/v2.0/security-groups/0022fbcd-322d-4db7-a1a1-6693d137e213 0.186s
2025-11-21 20:44:37.966 65784 INFO tempest.lib.common.rest_client [req-9e4b6189-a3a4-4426-ab04-4beb103f8b59 req-9e4b6189-a3a4-4426-ab04-4beb103f8b59 ] Request (ServerShowV247Test:test_update_rebuild_list_server): 200 GET http://10.180.1.21/compute/v2.1/servers/fc3b8204-ca18-4367-a4bb-fc38ebb5e42b 1.022s
2025-11-21 20:44:37.986 65794 INFO tempest.lib.common.rest_client [req-d49bd646-bec7-40eb-a9ad-2a876bed9fa3 req-d49bd646-bec7-40eb-a9ad-2a876bed9fa3 ] Request (MigrationsAdminTest:_run_cleanups): 404 DELETE http://10.180.1.21/compute/v2.1/flavors/59898279-5594-4c8a-87eb-f7be03177b08 0.729s
2025-11-21 20:44:38.085 65782 INFO tempest.lib.common.rest_client [req-538cccca-367d-460b-9f3e-1e7aa0774798 req-538cccca-367d-460b-9f3e-1e7aa0774798 ] Request (ServerActionsTestOtherA:setUpClass): 201 POST http://10.180.1.21/networking/v2.0/security-groups 0.217s
2025-11-21 20:44:38.161 65814 INFO tempest.lib.common.rest_client [req-a9d76dab-aec1-4bf9-9860-3edead7b4f9a req-a9d76dab-aec1-4bf9-9860-3edead7b4f9a ] Request (AttachInterfacesTestJSON:test_create_list_show_delete_interfaces_by_fixed_ip): 200 GET http://10.180.1.21/compute/v2.1/servers/950b12b3-0577-43ca-9a34-b13d5de40b68/os-interface/08d3fe0e-6873-4a48-b3a7-c5e5fc03263d 0.948s
2025-11-21 20:44:38.167 65788 INFO tempest.lib.common.rest_client [req-911dfccc-bf59-42d0-a6f5-6232761a1322 req-911dfccc-bf59-42d0-a6f5-6232761a1322 ] Request (ServersTestFqdnHostnames:tearDownClass): 404 GET http://10.180.1.21/networking/v2.0/security-groups/0022fbcd-322d-4db7-a1a1-6693d137e213 0.238s
2025-11-21 20:44:38.203 65780 INFO tempest.lib.common.rest_client [req-cb31c6ee-74bd-46eb-a792-9e57c20e15e7 req-cb31c6ee-74bd-46eb-a792-9e57c20e15e7 ] Request (ListImageFiltersTestJSON:tearDownClass): 200 GET http://10.180.1.21/compute/v2.1/servers/47f04002-277a-4881-a5cf-65b08f3ddd92 0.767s
2025-11-21 20:44:38.317 65782 INFO tempest.lib.common.rest_client [req-752354ac-fa8e-42f4-92fd-c8e9fc97038d req-752354ac-fa8e-42f4-92fd-c8e9fc97038d ] Request (ServerActionsTestOtherA:setUpClass): 201 POST http://10.180.1.21/networking/v2.0/security-group-rules 0.231s
2025-11-21 20:44:38.351 65776 INFO tempest.lib.common.rest_client [req-7ade93b6-981c-4524-8d94-94427e71a070 req-7ade93b6-981c-4524-8d94-94427e71a070 ] Request (ImagesTestJSON:_run_cleanups): 204 DELETE http://10.180.1.21/compute/v2.1/images/98760940-ca82-4dd9-97c7-0484f5954e8f 0.782s
2025-11-21 20:44:38.362 65806 WARNING tempest.lib.common.ssh [-] Failed to establish authenticated ssh connection to cirros@10.180.180.130 ([Errno None] Unable to connect to port 22 on 10.180.180.130). Number attempts: 6. Retry after 7 seconds.: paramiko.ssh_exception.NoValidConnectionsError: [Errno None] Unable to connect to port 22 on 10.180.180.130
2025-11-21 20:44:38.405 65814 INFO tempest.lib.common.rest_client [req-2933711e-377c-4489-b0fa-8aab2129f069 req-2933711e-377c-4489-b0fa-8aab2129f069 ] Request (AttachInterfacesTestJSON:test_create_list_show_delete_interfaces_by_fixed_ip): 200 GET http://10.180.1.21/networking/v2.0/ports?network_id=7eb8d990-6d3e-4b01-a203-6d2e2113297e 0.242s
2025-11-21 20:44:38.657 65790 INFO tempest.lib.common.rest_client [req-a447aca9-fd67-4498-afdf-da24b9c82dfa req-a447aca9-fd67-4498-afdf-da24b9c82dfa ] Request (FloatingIPsAssociationTestJSON:tearDownClass): 204 DELETE http://10.180.1.21/networking/v2.0/routers/e0992652-350a-4b29-89ce-c3a3ab39d7bb 1.061s
2025-11-21 20:44:38.677 65788 INFO tempest.lib.common.rest_client [req-6bd6da46-44cf-4606-9158-c39e262ab20f req-6bd6da46-44cf-4606-9158-c39e262ab20f ] Request (ServersTestFqdnHostnames:tearDownClass): 204 DELETE http://10.180.1.21/networking/v2.0/floatingips/a66a5364-831d-499a-ab56-317a6a65f950 0.509s
2025-11-21 20:44:38.780 65782 INFO tempest.lib.common.rest_client [req-30df8c14-9668-49e6-9e87-b748e2538a17 req-30df8c14-9668-49e6-9e87-b748e2538a17 ] Request (ServerActionsTestOtherA:setUpClass): 201 POST http://10.180.1.21/networking/v2.0/security-group-rules 0.463s
2025-11-21 20:44:38.781 65814 INFO tempest.lib.common.rest_client [req-c2f68f0e-c4e9-42b2-98c9-2a95f456fc54 req-c2f68f0e-c4e9-42b2-98c9-2a95f456fc54 ] Request (AttachInterfacesTestJSON:test_create_list_show_delete_interfaces_by_fixed_ip): 200 GET http://10.180.1.21/networking/v2.0/subnets/62ecd5ac-a393-4c1c-9b53-524c3b3e3291 0.376s
2025-11-21 20:44:38.819 65818 INFO tempest.lib.common.rest_client [req-906f4c73-dc3e-4406-a775-86cc90ea2275 req-906f4c73-dc3e-4406-a775-86cc90ea2275 ] Request (ServersAdminTestJSON:tearDownClass): 200 GET http://10.180.1.21/compute/v2.1/servers/6b31bd42-645b-4b9c-81b3-5f9c5b828d3b 1.177s
2025-11-21 20:44:38.931 65790 INFO tempest.lib.common.rest_client [req-d5504ee7-b511-4b61-85ba-b40e4a293912 req-d5504ee7-b511-4b61-85ba-b40e4a293912 ] Request (FloatingIPsAssociationTestJSON:tearDownClass): 204 DELETE http://10.180.1.21/networking/v2.0/subnets/73d7c28f-0a01-4e44-80c6-c32c97599b7d 0.273s
2025-11-21 20:44:38.976 65812 INFO tempest.lib.common.rest_client [req-6ea458c0-16a4-4b68-8227-89e5349241fe req-6ea458c0-16a4-4b68-8227-89e5349241fe ] Request (SecurityGroupsTestJSON:test_server_security_groups): 200 GET http://10.180.1.21/compute/v2.1/servers/35179ab7-f9c9-4c6d-8c6c-855a9a9738b4 1.450s
2025-11-21 20:44:39.361 65782 INFO tempest.lib.common.rest_client [req-57a8d467-85be-4371-ae45-a897d9c564ef req-57a8d467-85be-4371-ae45-a897d9c564ef ] Request (ServerActionsTestOtherA:setUpClass): 201 POST http://10.180.1.21/networking/v2.0/floatingips 0.580s
2025-11-21 20:44:39.397 65786 INFO tempest.lib.common.rest_client [req-371d2ef3-4ef8-449d-bf92-6083f027f4f1 req-371d2ef3-4ef8-449d-bf92-6083f027f4f1 ] Request (ComputeTenantNetworksTest:test_list_show_tenant_networks): 200 GET http://10.180.1.21/compute/v2.1/os-tenant-networks/316601b7-7d53-4a74-9d2a-e416e29927b1 1.747s
2025-11-21 20:44:39.414 65782 INFO tempest.lib.common.rest_client [req-e32dda24-8d6c-4903-9bfb-e4317b78a9f4 req-e32dda24-8d6c-4903-9bfb-e4317b78a9f4 ] Request (ServerActionsTestOtherA:setUpClass): 201 POST http://10.180.1.21/identity/v3/auth/tokens 0.048s
2025-11-21 20:44:39.414 65782 INFO tempest.lib.common.fixed_network [-] (ServerActionsTestOtherA:setUpClass) Found network {'id': 'c27d84e9-3c8c-494e-9a9a-60f6a70f7158', 'name': 'tempest-ServerActionsTestOtherA-1554886198-network', 'tenant_id': '4f0140731fab4ddebe63cfa14ec652ae', 'project_id': '4f0140731fab4ddebe63cfa14ec652ae', 'admin_state_up': True, 'mtu': 8950, 'status': 'ACTIVE', 'subnets': [], 'shared': False, 'port_security_enabled': True, 'router:external': False, 'provider:network_type': 'vlan', 'provider:physical_network': 'default', 'provider:segmentation_id': 598, 'availability_zone_hints': [], 'availability_zones': [], 'ipv4_address_scope': None, 'ipv6_address_scope': None, 'description': '', 'tags': [], 'created_at': '2025-11-21T20:44:34Z', 'updated_at': '2025-11-21T20:44:34Z', 'revision_number': 1} available for tenant
2025-11-21 20:44:39.445 65774 INFO tempest.lib.common.rest_client [req-55241457-6c94-4501-a974-1b403e7c773a req-55241457-6c94-4501-a974-1b403e7c773a ] Request (AttachInterfacesUnderV243Test:test_add_remove_fixed_ip): 202 POST http://10.180.1.21/compute/v2.1/servers/71be4a03-3ca3-4314-9f48-60cb7aa3a58b/action 1.726s
2025-11-21 20:44:39.558 65808 INFO tempest.lib.common.rest_client [req-1a2f73e8-bbcf-4676-bc08-deb9c5f870c9 req-1a2f73e8-bbcf-4676-bc08-deb9c5f870c9 ] Request (ServersWithSpecificFlavorTestJSON:_run_cleanups): 204 DELETE http://10.180.1.21/compute/v2.1/servers/fae0d838-d1d4-4efc-b7f1-8125d6e689c8 1.744s
2025-11-21 20:44:39.568 65788 INFO tempest.lib.common.rest_client [req-cd4f1cdc-5eb0-4196-ac3f-24680e08931c req-cd4f1cdc-5eb0-4196-ac3f-24680e08931c ] Request (ServersTestFqdnHostnames:tearDownClass): 200 PUT http://10.180.1.21/networking/v2.0/routers/e16602be-0ff7-478c-82ee-c43c1ea1684b/remove_router_interface 0.891s
2025-11-21 20:44:39.629 65822 INFO tempest.lib.common.rest_client [req-2f35d0ac-22de-42af-bbcd-a6b808b19b72 req-2f35d0ac-22de-42af-bbcd-a6b808b19b72 ] Request (ServersListShow296Test:tearDownClass): 200 GET http://10.180.1.21/compute/v2.1/servers/61ccd4dc-2122-4faa-bac3-1e8eded8a104 1.942s
2025-11-21 20:44:39.653 65794 INFO tempest.lib.common.rest_client [req-78b84f9c-aa7d-4609-8fab-13a07fe33fb3 req-78b84f9c-aa7d-4609-8fab-13a07fe33fb3 ] Request (MigrationsAdminTest:tearDownClass): 204 DELETE http://10.180.1.21/compute/v2.1/servers/4b446122-8965-4d44-974c-bedbf73cf659 1.660s
2025-11-21 20:44:39.682 65828 INFO tempest.lib.common.rest_client [req-944b32cc-768a-422d-b44b-c1bb5466d06e req-944b32cc-768a-422d-b44b-c1bb5466d06e ] Request (ServersListShow2100Test:tearDownClass): 404 GET http://10.180.1.21/compute/v2.1/servers/16f597f1-7cc4-4b62-917a-5b4fb80a0126 1.625s
2025-11-21 20:44:39.683 65790 INFO tempest.lib.common.rest_client [req-e1d0dd5e-de8c-4f64-94f6-73932dfdec75 req-e1d0dd5e-de8c-4f64-94f6-73932dfdec75 ] Request (FloatingIPsAssociationTestJSON:tearDownClass): 204 DELETE http://10.180.1.21/networking/v2.0/networks/2c92fd2b-dbd4-4ce3-b2af-d9a0000fb8b3 0.751s
2025-11-21 20:44:39.784 65786 INFO tempest.lib.common.rest_client [req-d7a487f0-1e54-4432-858e-db3d67967166 req-d7a487f0-1e54-4432-858e-db3d67967166 ] Request (ComputeTenantNetworksTest:tearDownClass): 204 DELETE http://10.180.1.21/networking/v2.0/networks/316601b7-7d53-4a74-9d2a-e416e29927b1 0.378s
2025-11-21 20:44:39.834 65790 INFO tempest.lib.common.rest_client [req-40af3bca-74cf-4fc2-a09d-0be73d4e3406 req-40af3bca-74cf-4fc2-a09d-0be73d4e3406 ] Request (FloatingIPsAssociationTestJSON:tearDownClass): 204 DELETE http://10.180.1.21/identity/v3/users/6916a38534ac4bfe8cad5e01d85fa42c 0.150s
2025-11-21 20:44:39.834 65790 INFO tempest.lib.common.dynamic_creds [-] Deleting project and security group for project: b42c815478e1453299d12fbf693348bf
2025-11-21 20:44:39.840 65828 INFO tempest.lib.common.rest_client [req-89f195fc-25c9-412d-a733-6ad275ce8c91 req-89f195fc-25c9-412d-a733-6ad275ce8c91 ] Request (ServersListShow2100Test:tearDownClass): 204 DELETE http://10.180.1.21/identity/v3/users/76f97977bae84ceda26ac01679c462a2 0.157s
2025-11-21 20:44:39.841 65828 INFO tempest.lib.common.dynamic_creds [-] Deleting project and security group for project: d4eb26fab79b498796ebfc52a957aef0
2025-11-21 20:44:39.873 65772 INFO tempest.lib.common.rest_client [req-d7cbb28d-23d7-460f-a82e-9bc41d67d0f6 req-d7cbb28d-23d7-460f-a82e-9bc41d67d0f6 ] Request (ServerRescueNegativeTestJSON:setUpClass): 200 GET http://10.180.1.21/compute/v2.1/servers/6d696804-7857-4d8b-b4bf-fa79c8615b5b 1.867s
2025-11-21 20:44:39.883 65820 INFO tempest.lib.common.rest_client [req-70e809bf-23b6-4f1f-ba87-e3e266d67674 req-70e809bf-23b6-4f1f-ba87-e3e266d67674 ] Request (ImagesOneServerNegativeTestJSON:_run_cleanups): 200 GET http://10.180.1.21/compute/v2.1/servers/21df3af5-d2d0-4af7-9491-c33792fbf14c 1.571s
2025-11-21 20:44:39.960 65828 INFO tempest.lib.common.rest_client [req-f23aba37-28d6-404a-8121-b303f5e86e52 req-f23aba37-28d6-404a-8121-b303f5e86e52 ] Request (ServersListShow2100Test:tearDownClass): 201 POST http://10.180.1.21/identity/v3/auth/tokens 0.119s
2025-11-21 20:44:40.002 65790 INFO tempest.lib.common.rest_client [req-a04b4056-da2e-4564-b446-f2cfa7565c2e req-a04b4056-da2e-4564-b446-f2cfa7565c2e ] Request (FloatingIPsAssociationTestJSON:tearDownClass): 200 GET http://10.180.1.21/networking/v2.0/security-groups?tenant_id=b42c815478e1453299d12fbf693348bf&name=default 0.167s
2025-11-21 20:44:40.042 65826 WARNING tempest.lib.common.ssh [-] Failed to establish authenticated ssh connection to cirros@10.180.180.191 ([Errno None] Unable to connect to port 22 on 10.180.180.191). Number attempts: 3. Retry after 4 seconds.: paramiko.ssh_exception.NoValidConnectionsError: [Errno None] Unable to connect to port 22 on 10.180.180.191
2025-11-21 20:44:40.043 65776 INFO tempest.lib.common.rest_client [req-d242bbfe-2b8d-4c62-b341-9c9fc065a480 req-d242bbfe-2b8d-4c62-b341-9c9fc065a480 ] Request (ImagesTestJSON:_run_cleanups): 204 DELETE http://10.180.1.21/compute/v2.1/servers/817e4e0a-81a3-4c91-9cf6-b8a606933331 1.691s
2025-11-21 20:44:40.078 65786 INFO tempest.lib.common.rest_client [req-b4b7523c-5f63-4e7a-8917-7340da7a4950 req-b4b7523c-5f63-4e7a-8917-7340da7a4950 ] Request (ComputeTenantNetworksTest:tearDownClass): 204 DELETE http://10.180.1.21/identity/v3/users/93c748a728b7449ba82ba6afea0aa116 0.293s
2025-11-21 20:44:40.078 65786 INFO tempest.lib.common.dynamic_creds [-] Deleting project and security group for project: f42e9ac4a1c942fa840548bdc24f0aab
2025-11-21 20:44:40.151 65776 INFO tempest.lib.common.rest_client [req-82cbe081-3dd5-454c-91c5-df8d87e4ea1b req-82cbe081-3dd5-454c-91c5-df8d87e4ea1b ] Request (ImagesTestJSON:test_create_server_from_snapshot): 201 POST http://10.180.1.21/identity/v3/auth/tokens 0.098s
2025-11-21 20:44:40.151 65776 INFO tempest.lib.common.fixed_network [-] (ImagesTestJSON:test_create_server_from_snapshot) Found network {'id': 'bbc60f98-d468-4e8d-9774-ea69eb2850f4', 'name': 'tempest-ImagesTestJSON-368158998-network', 'tenant_id': '600e90f5dfed49e99fb0332048dc45ca', 'project_id': '600e90f5dfed49e99fb0332048dc45ca', 'admin_state_up': True, 'mtu': 8950, 'status': 'ACTIVE', 'subnets': [], 'shared': False, 'port_security_enabled': True, 'router:external': False, 'provider:network_type': 'vlan', 'provider:physical_network': 'default', 'provider:segmentation_id': 954, 'availability_zone_hints': [], 'availability_zones': [], 'ipv4_address_scope': None, 'ipv6_address_scope': None, 'description': '', 'tags': [], 'created_at': '2025-11-21T20:41:59Z', 'updated_at': '2025-11-21T20:41:59Z', 'revision_number': 1} available for tenant
2025-11-21 20:44:40.237 65788 INFO tempest.lib.common.rest_client [req-860fb01c-7252-4c30-a8cc-fbc2badd3518 req-860fb01c-7252-4c30-a8cc-fbc2badd3518 ] Request (ServersTestFqdnHostnames:tearDownClass): 204 DELETE http://10.180.1.21/networking/v2.0/routers/e16602be-0ff7-478c-82ee-c43c1ea1684b 0.668s
2025-11-21 20:44:40.267 65792 INFO tempest.lib.common.rest_client [req-5fabd587-8beb-42f0-b872-bd6aeb9f0249 req-5fabd587-8beb-42f0-b872-bd6aeb9f0249 ] Request (ServersListShow298Test:tearDownClass): 200 GET http://10.180.1.21/compute/v2.1/servers/a766a802-734b-44b5-9db6-756db4fbed0c 1.831s
2025-11-21 20:44:40.365 65790 INFO tempest.lib.common.rest_client [req-e58bcdf3-b325-4db5-bfdb-f21ee72ed5cf req-e58bcdf3-b325-4db5-bfdb-f21ee72ed5cf ] Request (FloatingIPsAssociationTestJSON:tearDownClass): 204 DELETE http://10.180.1.21/networking/v2.0/security-groups/185b0179-79b1-4f7f-a796-e81c3eb7726c 0.362s
2025-11-21 20:44:40.416 65828 INFO tempest.lib.common.rest_client [req-eac7aa97-27f2-465f-b809-e3a699ea6b06 req-eac7aa97-27f2-465f-b809-e3a699ea6b06 ] Request (ServersListShow2100Test:tearDownClass): 200 GET http://10.180.1.21/networking/v2.0/security-groups?tenant_id=d4eb26fab79b498796ebfc52a957aef0&name=default 0.456s
2025-11-21 20:44:40.423 65786 INFO tempest.lib.common.rest_client [req-c23cb2c0-c839-4767-a690-c61e4f6829e7 req-c23cb2c0-c839-4767-a690-c61e4f6829e7 ] Request (ComputeTenantNetworksTest:tearDownClass): 200 GET http://10.180.1.21/networking/v2.0/security-groups?tenant_id=f42e9ac4a1c942fa840548bdc24f0aab&name=default 0.345s
2025-11-21 20:44:40.452 65790 INFO tempest.lib.common.rest_client [req-78ae139b-fee4-41a2-bf6b-4f31dc862b38 req-78ae139b-fee4-41a2-bf6b-4f31dc862b38 ] Request (FloatingIPsAssociationTestJSON:tearDownClass): 204 DELETE http://10.180.1.21/identity/v3/projects/b42c815478e1453299d12fbf693348bf 0.087s
2025-11-21 20:44:40.526 65790 INFO tempest.lib.common.rest_client [req-7a7cd600-5ab8-4d1f-84eb-b947dafb59e2 req-7a7cd600-5ab8-4d1f-84eb-b947dafb59e2 ] Request (ServersTestMultiNic:setUpClass): 201 POST http://10.180.1.21/identity/v3/auth/tokens 0.072s
2025-11-21 20:44:40.563 65790 INFO tempest.lib.common.rest_client [req-1aaf28a1-a6b1-48aa-b390-6bdaf605dd19 req-1aaf28a1-a6b1-48aa-b390-6bdaf605dd19 ] Request (ServersTestMultiNic:setUpClass): 201 POST http://10.180.1.21/identity/v3/auth/tokens 0.034s
2025-11-21 20:44:40.584 65788 INFO tempest.lib.common.rest_client [req-04641b5a-c5a3-46af-b061-0517388e1a9a req-04641b5a-c5a3-46af-b061-0517388e1a9a ] Request (ServersTestFqdnHostnames:tearDownClass): 204 DELETE http://10.180.1.21/networking/v2.0/subnets/2d629729-58c0-4e2c-8546-af1d5558906c 0.346s
2025-11-21 20:44:40.594 65790 INFO tempest.lib.common.rest_client [req-9df54b32-aac8-45ea-9bb8-be237c992de7 req-9df54b32-aac8-45ea-9bb8-be237c992de7 ] Request (ServersTestMultiNic:setUpClass): 200 GET http://10.180.1.21/identity/v3/domains?name=Default 0.030s
2025-11-21 20:44:40.615 65831 INFO tempest.lib.common.rest_client [req-2b97de49-6851-4456-9c84-5ab22bb94dc7 req-2b97de49-6851-4456-9c84-5ab22bb94dc7 ] Request (ServersNegativeTestMultiTenantJSON:setUpClass): 200 GET http://10.180.1.21/compute/v2.1/servers/0836db0f-970d-4224-9b41-b11609d253f2 1.868s
2025-11-21 20:44:40.644 65790 INFO tempest.lib.common.rest_client [req-9d9d5ccc-96ec-4c18-b5d5-91361844777a req-9d9d5ccc-96ec-4c18-b5d5-91361844777a ] Request (ServersTestMultiNic:setUpClass): 201 POST http://10.180.1.21/identity/v3/projects 0.049s
2025-11-21 20:44:40.810 65790 INFO tempest.lib.common.rest_client [req-99f00b2c-dbab-4c90-baa1-beed05930c60 req-99f00b2c-dbab-4c90-baa1-beed05930c60 ] Request (ServersTestMultiNic:setUpClass): 201 POST http://10.180.1.21/identity/v3/users 0.166s
2025-11-21 20:44:40.815 65828 INFO tempest.lib.common.rest_client [req-d298e1fa-8e6c-45c1-aa85-28a22a6f3c81 req-d298e1fa-8e6c-45c1-aa85-28a22a6f3c81 ] Request (ServersListShow2100Test:tearDownClass): 204 DELETE http://10.180.1.21/networking/v2.0/security-groups/d733920c-969c-4acd-85c9-7f8a27f9a0df 0.397s
2025-11-21 20:44:40.842 65790 INFO tempest.lib.common.rest_client [req-d8621f2d-85f7-403d-875e-12308f8b1eb0 req-d8621f2d-85f7-403d-875e-12308f8b1eb0 ] Request (ServersTestMultiNic:setUpClass): 200 GET http://10.180.1.21/identity/v3/roles 0.031s
2025-11-21 20:44:40.857 65778 INFO tempest.lib.common.rest_client [req-d90ebf13-d97e-4ca6-816e-093c64d73cc8 req-d90ebf13-d97e-4ca6-816e-093c64d73cc8 ] Request (DeleteServersTestJSON:test_delete_server_while_in_shelved_state): 200 GET http://10.180.1.21/compute/v2.1/servers/d4425c87-23cf-4e4b-8940-4a0297594dd9 2.383s
2025-11-21 20:44:40.867 65778 INFO tempest.common.waiters [-] State transition "ACTIVE/shelving_image_uploading" ==> "SHELVED/shelving_offloading" after 19 second wait
2025-11-21 20:44:40.880 65790 INFO tempest.lib.common.rest_client [req-0ec46892-a0a3-46d3-8642-a6211c7e2c52 req-0ec46892-a0a3-46d3-8642-a6211c7e2c52 ] Request (ServersTestMultiNic:setUpClass): 204 PUT http://10.180.1.21/identity/v3/projects/ae4cabe8f1154946a2ecfb1ff45d885b/users/2ac64b20763846a7b641627669d361a6/roles/c8b760fdf82c444985153c07ff400fc9 0.038s
2025-11-21 20:44:40.881 65790 INFO tempest.lib.common.dynamic_creds [-] Dynamic test user 2ac64b20763846a7b641627669d361a6 is created with scope project and roles: ['member']
2025-11-21 20:44:40.881 65790 INFO tempest.lib.common.dynamic_creds [-] Acquired dynamic creds: credentials: Credentials: {'domain_id': 'default', 'domain_name': 'Default', 'username': 'tempest-ServersTestMultiNic-1690690875-project-member', 'project_domain_id': 'default', 'project_domain_name': 'Default', 'project_id': 'ae4cabe8f1154946a2ecfb1ff45d885b', 'project_name': 'tempest-ServersTestMultiNic-1690690875', 'tenant_id': 'ae4cabe8f1154946a2ecfb1ff45d885b', 'tenant_name': 'tempest-ServersTestMultiNic-1690690875', 'user_domain_id': 'default', 'user_domain_name': 'Default', 'user_id': '2ac64b20763846a7b641627669d361a6', 'system': None}, Network: None, Subnet: None, Router: None
2025-11-21 20:44:40.926 65786 INFO tempest.lib.common.rest_client [req-3f281acf-3847-41b7-b61d-bffccde02130 req-3f281acf-3847-41b7-b61d-bffccde02130 ] Request (ComputeTenantNetworksTest:tearDownClass): 204 DELETE http://10.180.1.21/networking/v2.0/security-groups/84e7c168-64e0-4b0b-85c3-a79c338d9fc3 0.502s
2025-11-21 20:44:40.937 65828 INFO tempest.lib.common.rest_client [req-e87da3b5-1c28-4b2e-b728-337ad574389e req-e87da3b5-1c28-4b2e-b728-337ad574389e ] Request (ServersListShow2100Test:tearDownClass): 204 DELETE http://10.180.1.21/identity/v3/projects/d4eb26fab79b498796ebfc52a957aef0 0.122s
2025-11-21 20:44:40.973 65790 INFO tempest.lib.common.rest_client [req-d79f309f-1f68-4f9c-ae67-3687b4334368 req-d79f309f-1f68-4f9c-ae67-3687b4334368 ] Request (ServersTestMultiNic:setUpClass): 201 POST http://10.180.1.21/identity/v3/auth/tokens 0.092s
2025-11-21 20:44:41.071 65786 INFO tempest.lib.common.rest_client [req-b510965a-5b70-427b-9a77-19db970a9194 req-b510965a-5b70-427b-9a77-19db970a9194 ] Request (ComputeTenantNetworksTest:tearDownClass): 204 DELETE http://10.180.1.21/identity/v3/projects/f42e9ac4a1c942fa840548bdc24f0aab 0.143s
2025-11-21 20:44:41.092 65784 INFO tempest.lib.common.rest_client [req-501b203e-a403-40d6-8815-1b998e03b2d8 req-501b203e-a403-40d6-8815-1b998e03b2d8 ] Request (ServerShowV247Test:test_update_rebuild_list_server): 200 GET http://10.180.1.21/compute/v2.1/servers/fc3b8204-ca18-4367-a4bb-fc38ebb5e42b 2.108s
2025-11-21 20:44:41.206 65788 INFO tempest.lib.common.rest_client [req-6c5f0906-c56a-45b3-9372-821ec5c641b7 req-6c5f0906-c56a-45b3-9372-821ec5c641b7 ] Request (ServersTestFqdnHostnames:tearDownClass): 204 DELETE http://10.180.1.21/networking/v2.0/networks/47a038c3-4ceb-45cc-b554-8be75a29546b 0.622s
2025-11-21 20:44:41.338 65780 INFO tempest.lib.common.rest_client [req-166689a7-d307-4b52-9b2f-e7bd47bc4195 req-166689a7-d307-4b52-9b2f-e7bd47bc4195 ] Request (ListImageFiltersTestJSON:tearDownClass): 200 GET http://10.180.1.21/compute/v2.1/servers/47f04002-277a-4881-a5cf-65b08f3ddd92 2.118s
2025-11-21 20:44:41.384 65788 INFO tempest.lib.common.rest_client [req-b505829c-9f7d-42a5-beea-5cc3c3e6b26b req-b505829c-9f7d-42a5-beea-5cc3c3e6b26b ] Request (ServersTestFqdnHostnames:tearDownClass): 204 DELETE http://10.180.1.21/identity/v3/users/ece3b02fe02b480e97f14b65814bff8e 0.177s
2025-11-21 20:44:41.384 65788 INFO tempest.lib.common.dynamic_creds [-] Deleting project and security group for project: a9205a9952e84adf97a8afc344fed4a1
2025-11-21 20:44:41.449 65816 WARNING tempest.lib.common.ssh [-] Failed to establish authenticated ssh connection to cirros@10.180.180.152 ([Errno None] Unable to connect to port 22 on 10.180.180.152). Number attempts: 1. Retry after 2 seconds.: paramiko.ssh_exception.NoValidConnectionsError: [Errno None] Unable to connect to port 22 on 10.180.180.152
2025-11-21 20:44:41.488 65788 INFO tempest.lib.common.rest_client [req-e379cd20-6f59-4b22-af4f-faa79accb862 req-e379cd20-6f59-4b22-af4f-faa79accb862 ] Request (ServersTestFqdnHostnames:tearDownClass): 200 GET http://10.180.1.21/networking/v2.0/security-groups?tenant_id=a9205a9952e84adf97a8afc344fed4a1&name=default 0.104s
2025-11-21 20:44:41.509 65790 INFO tempest.lib.common.rest_client [req-c85b01ff-b665-48bd-8226-c68a9eb72d0a req-c85b01ff-b665-48bd-8226-c68a9eb72d0a ] Request (ServersTestMultiNic:setUpClass): 201 POST http://10.180.1.21/networking/v2.0/networks 0.535s
2025-11-21 20:44:41.668 65788 INFO tempest.lib.common.rest_client [req-496cb125-7e95-4303-bbd2-1e8499c41592 req-496cb125-7e95-4303-bbd2-1e8499c41592 ] Request (ServersTestFqdnHostnames:tearDownClass): 204 DELETE http://10.180.1.21/networking/v2.0/security-groups/4c1150bb-70a3-402f-b6b4-dc7307e31be7 0.179s
2025-11-21 20:44:41.769 65790 INFO tempest.lib.common.rest_client [req-6adfd04b-a1d9-49e9-a4ce-1a15245c48d4 req-6adfd04b-a1d9-49e9-a4ce-1a15245c48d4 ] Request (ServersTestMultiNic:setUpClass): 201 POST http://10.180.1.21/networking/v2.0/subnets 0.259s
2025-11-21 20:44:41.800 65788 INFO tempest.lib.common.rest_client [req-6b8f400d-ae53-463e-b311-f4c29a78f814 req-6b8f400d-ae53-463e-b311-f4c29a78f814 ] Request (ServersTestFqdnHostnames:tearDownClass): 204 DELETE http://10.180.1.21/identity/v3/projects/a9205a9952e84adf97a8afc344fed4a1 0.131s
2025-11-21 20:44:41.882 65788 INFO tempest.lib.common.rest_client [req-401012d3-bf84-4c5b-889c-d5c9c47045de req-401012d3-bf84-4c5b-889c-d5c9c47045de ] Request (ServersNegativeTestJSON:setUpClass): 201 POST http://10.180.1.21/identity/v3/auth/tokens 0.081s
2025-11-21 20:44:41.922 65788 INFO tempest.lib.common.rest_client [req-505fd5c0-f73f-4705-8351-5ea50c0913c9 req-505fd5c0-f73f-4705-8351-5ea50c0913c9 ] Request (ServersNegativeTestJSON:setUpClass): 201 POST http://10.180.1.21/identity/v3/auth/tokens 0.035s
2025-11-21 20:44:41.958 65788 INFO tempest.lib.common.rest_client [req-c3ff5236-37e2-4b8a-a61f-0c89525f79ac req-c3ff5236-37e2-4b8a-a61f-0c89525f79ac ] Request (ServersNegativeTestJSON:setUpClass): 200 GET http://10.180.1.21/identity/v3/domains?name=Default 0.036s
2025-11-21 20:44:41.990 65788 INFO tempest.lib.common.rest_client [req-e6a93673-a5e9-409d-8081-07bbf8d01dc3 req-e6a93673-a5e9-409d-8081-07bbf8d01dc3 ] Request (ServersNegativeTestJSON:setUpClass): 201 POST http://10.180.1.21/identity/v3/projects 0.031s
2025-11-21 20:44:42.072 65788 INFO tempest.lib.common.rest_client [req-1e229196-57e8-4fc4-865e-93f8d0e94e34 req-1e229196-57e8-4fc4-865e-93f8d0e94e34 ] Request (ServersNegativeTestJSON:setUpClass): 201 POST http://10.180.1.21/identity/v3/users 0.082s
2025-11-21 20:44:42.092 65788 INFO tempest.lib.common.rest_client [req-7b4531e1-1eb0-48b9-8344-98be0956934d req-7b4531e1-1eb0-48b9-8344-98be0956934d ] Request (ServersNegativeTestJSON:setUpClass): 200 GET http://10.180.1.21/identity/v3/roles 0.019s
2025-11-21 20:44:42.121 65788 INFO tempest.lib.common.rest_client [req-db086071-ad41-45b9-9a16-baaa9b8b6121 req-db086071-ad41-45b9-9a16-baaa9b8b6121 ] Request (ServersNegativeTestJSON:setUpClass): 204 PUT http://10.180.1.21/identity/v3/projects/13faa5c583ad4f9a935923e6635dc61e/users/8b08164887f34664a2f6576ee32d814d/roles/c8b760fdf82c444985153c07ff400fc9 0.028s
2025-11-21 20:44:42.121 65788 INFO tempest.lib.common.dynamic_creds [-] Dynamic test user 8b08164887f34664a2f6576ee32d814d is created with scope project and roles: ['member']
2025-11-21 20:44:42.121 65788 INFO tempest.lib.common.dynamic_creds [-] Acquired dynamic creds: credentials: Credentials: {'domain_id': 'default', 'domain_name': 'Default', 'username': 'tempest-ServersNegativeTestJSON-1140018984-project-member', 'project_domain_id': 'default', 'project_domain_name': 'Default', 'project_id': '13faa5c583ad4f9a935923e6635dc61e', 'project_name': 'tempest-ServersNegativeTestJSON-1140018984', 'tenant_id': '13faa5c583ad4f9a935923e6635dc61e', 'tenant_name': 'tempest-ServersNegativeTestJSON-1140018984', 'user_domain_id': 'default', 'user_domain_name': 'Default', 'user_id': '8b08164887f34664a2f6576ee32d814d', 'system': None}, Network: None, Subnet: None, Router: None
2025-11-21 20:44:42.188 65788 INFO tempest.lib.common.rest_client [req-5ec28d1b-c981-418b-bdae-31b45924b618 req-5ec28d1b-c981-418b-bdae-31b45924b618 ] Request (ServersNegativeTestJSON:setUpClass): 201 POST http://10.180.1.21/identity/v3/auth/tokens 0.066s
2025-11-21 20:44:42.236 65782 INFO tempest.lib.common.rest_client [req-3fe7f58c-74ee-4b18-a6e5-3d7cad84d3a2 req-3fe7f58c-74ee-4b18-a6e5-3d7cad84d3a2 ] Request (ServerActionsTestOtherA:setUpClass): 202 POST http://10.180.1.21/compute/v2.1/servers 2.822s
2025-11-21 20:44:42.269 65774 INFO tempest.lib.common.rest_client [req-9b318afa-ae85-45e8-bfbf-b27461d459c0 req-9b318afa-ae85-45e8-bfbf-b27461d459c0 ] Request (AttachInterfacesUnderV243Test:test_add_remove_fixed_ip): 200 GET http://10.180.1.21/compute/v2.1/servers/71be4a03-3ca3-4314-9f48-60cb7aa3a58b/ips 2.823s
2025-11-21 20:44:42.491 65788 INFO tempest.lib.common.rest_client [req-da2f6147-c844-401c-a145-ce123d8eab02 req-da2f6147-c844-401c-a145-ce123d8eab02 ] Request (ServersNegativeTestJSON:setUpClass): 201 POST http://10.180.1.21/networking/v2.0/networks 0.303s
2025-11-21 20:44:42.595 65790 INFO tempest.lib.common.rest_client [req-69dbe444-d226-45a6-9efc-6a44efa7e819 req-69dbe444-d226-45a6-9efc-6a44efa7e819 ] Request (ServersTestMultiNic:setUpClass): 201 POST http://10.180.1.21/networking/v2.0/routers 0.825s
2025-11-21 20:44:42.743 65808 INFO tempest.lib.common.rest_client [req-ea9aac29-e06b-4328-964e-979323604f1c req-ea9aac29-e06b-4328-964e-979323604f1c ] Request (ServersWithSpecificFlavorTestJSON:_run_cleanups): 200 GET http://10.180.1.21/compute/v2.1/servers/fae0d838-d1d4-4efc-b7f1-8125d6e689c8 3.184s
2025-11-21 20:44:42.852 65788 INFO tempest.lib.common.rest_client [req-4d1dd438-d235-449c-959f-e21b542a2e45 req-4d1dd438-d235-449c-959f-e21b542a2e45 ] Request (ServersNegativeTestJSON:setUpClass): 201 POST http://10.180.1.21/networking/v2.0/subnets 0.360s
2025-11-21 20:44:43.426 65794 INFO tempest.lib.common.rest_client [req-abc5a5af-a33a-4d46-ad46-abfa9948d4a5 req-abc5a5af-a33a-4d46-ad46-abfa9948d4a5 ] Request (MigrationsAdminTest:tearDownClass): 200 GET http://10.180.1.21/compute/v2.1/servers/4b446122-8965-4d44-974c-bedbf73cf659 3.773s
2025-11-21 20:44:43.548 65790 INFO tempest.lib.common.rest_client [req-6c8b0773-2cd5-4e2d-b597-e09c8434ad79 req-6c8b0773-2cd5-4e2d-b597-e09c8434ad79 ] Request (ServersTestMultiNic:setUpClass): 200 PUT http://10.180.1.21/networking/v2.0/routers/64f9c2cc-3515-4d51-906b-1dc0b0591729/add_router_interface 0.952s
2025-11-21 20:44:43.548 65790 INFO tempest.lib.common.dynamic_creds [-] Created isolated network resources for: credentials: Credentials: {'domain_id': 'default', 'domain_name': 'Default', 'username': 'tempest-ServersTestMultiNic-1690690875-project-member', 'project_domain_id': 'default', 'project_domain_name': 'Default', 'project_id': 'ae4cabe8f1154946a2ecfb1ff45d885b', 'project_name': 'tempest-ServersTestMultiNic-1690690875', 'tenant_id': 'ae4cabe8f1154946a2ecfb1ff45d885b', 'tenant_name': 'tempest-ServersTestMultiNic-1690690875', 'user_domain_id': 'default', 'user_domain_name': 'Default', 'user_id': '2ac64b20763846a7b641627669d361a6', 'system': None}, Network: {'id': 'b406d25c-77c9-4131-a230-35b4692980e8', 'name': 'tempest-ServersTestMultiNic-2082859899-network', 'tenant_id': 'ae4cabe8f1154946a2ecfb1ff45d885b', 'project_id': 'ae4cabe8f1154946a2ecfb1ff45d885b', 'admin_state_up': True, 'mtu': 8950, 'status': 'ACTIVE', 'subnets': [], 'shared': False, 'port_security_enabled': True, 'router:external': False, 'provider:network_type': 'vlan', 'provider:physical_network': 'default', 'provider:segmentation_id': 437, 'availability_zone_hints': [], 'availability_zones': [], 'ipv4_address_scope': None, 'ipv6_address_scope': None, 'description': '', 'tags': [], 'created_at': '2025-11-21T20:44:41Z', 'updated_at': '2025-11-21T20:44:41Z', 'revision_number': 1}, Subnet: {'id': 'eee29f62-fb28-4ebe-a53e-715fea7cd153', 'name': 'tempest-ServersTestMultiNic-2082859899-subnet', 'tenant_id': 'ae4cabe8f1154946a2ecfb1ff45d885b', 'network_id': 'b406d25c-77c9-4131-a230-35b4692980e8', 'ip_version': 4, 'subnetpool_id': None, 'enable_dhcp': True, 'ipv6_ra_mode': None, 'ipv6_address_mode': None, 'gateway_ip': '192.168.128.1', 'cidr': '192.168.128.0/28', 'allocation_pools': [{'start': '192.168.128.2', 'end': '192.168.128.14'}], 'host_routes': [], 'dns_nameservers': [], 'description': '', 'router:external': False, 'service_types': [], 'tags': [], 'created_at': '2025-11-21T20:44:41Z', 'updated_at': '2025-11-21T20:44:41Z', 'revision_number': 0, 'project_id': 'ae4cabe8f1154946a2ecfb1ff45d885b'}, Router: {'id': '64f9c2cc-3515-4d51-906b-1dc0b0591729', 'name': 'tempest-ServersTestMultiNic-2082859899-router', 'tenant_id': 'ae4cabe8f1154946a2ecfb1ff45d885b', 'admin_state_up': True, 'status': 'ACTIVE', 'external_gateway_info': {'network_id': 'b9178ce3-16e3-4144-9e1d-aaaec1ca3730', 'external_fixed_ips': [{'subnet_id': '184ab2a6-545f-4548-9ee1-53ba5c342435', 'ip_address': '10.180.180.136'}], 'enable_snat': True}, 'description': '', 'availability_zones': [], 'distributed': False, 'ha': False, 'availability_zone_hints': [], 'routes': [], 'flavor_id': None, 'tags': [], 'created_at': '2025-11-21T20:44:41Z', 'updated_at': '2025-11-21T20:44:42Z', 'revision_number': 2, 'project_id': 'ae4cabe8f1154946a2ecfb1ff45d885b'}
2025-11-21 20:44:43.634 65790 INFO tempest.lib.common.rest_client [req-a1d7f34e-a132-426a-91d4-31a7437db2d4 req-a1d7f34e-a132-426a-91d4-31a7437db2d4 ] Request (ServersTestMultiNic:setUpClass): 201 POST http://10.180.1.21/identity/v3/auth/tokens 0.083s
2025-11-21 20:44:43.953 65816 WARNING tempest.lib.common.ssh [-] Failed to establish authenticated ssh connection to cirros@10.180.180.152 ([Errno None] Unable to connect to port 22 on 10.180.180.152). Number attempts: 2. Retry after 3 seconds.: paramiko.ssh_exception.NoValidConnectionsError: [Errno None] Unable to connect to port 22 on 10.180.180.152
2025-11-21 20:44:44.154 65788 INFO tempest.lib.common.rest_client [req-9617d48b-6f82-474b-ba23-0a0d9e0fbe12 req-9617d48b-6f82-474b-ba23-0a0d9e0fbe12 ] Request (ServersNegativeTestJSON:setUpClass): 201 POST http://10.180.1.21/networking/v2.0/routers 1.302s
2025-11-21 20:44:44.551 65826 WARNING tempest.lib.common.ssh [-] Failed to establish authenticated ssh connection to cirros@10.180.180.191 ([Errno None] Unable to connect to port 22 on 10.180.180.191). Number attempts: 4. Retry after 5 seconds.: paramiko.ssh_exception.NoValidConnectionsError: [Errno None] Unable to connect to port 22 on 10.180.180.191
2025-11-21 20:44:44.652 65818 INFO tempest.lib.common.rest_client [req-57750a1c-3894-46c3-a9a6-bd09fceed0e4 req-57750a1c-3894-46c3-a9a6-bd09fceed0e4 ] Request (ServersAdminTestJSON:tearDownClass): 200 GET http://10.180.1.21/compute/v2.1/servers/6b31bd42-645b-4b9c-81b3-5f9c5b828d3b 4.821s
2025-11-21 20:44:44.840 65790 INFO tempest.lib.common.rest_client [req-ab20c93b-c2af-4638-93c3-8df02c6ee988 req-ab20c93b-c2af-4638-93c3-8df02c6ee988 ] Request (ServersTestMultiNic:test_verify_duplicate_network_nics): 201 POST http://10.180.1.21/networking/v2.0/networks 1.203s
2025-11-21 20:44:45.689 65790 INFO tempest.lib.common.rest_client [req-3c4ed6bf-9739-4bf4-a52b-e69821d2cb4a req-3c4ed6bf-9739-4bf4-a52b-e69821d2cb4a ] Request (ServersTestMultiNic:test_verify_duplicate_network_nics): 201 POST http://10.180.1.21/networking/v2.0/subnets 0.848s
2025-11-21 20:44:45.731 65812 INFO tempest.lib.common.rest_client [req-fea4c394-65e5-425c-a987-1c44217d4ac3 req-fea4c394-65e5-425c-a987-1c44217d4ac3 ] Request (SecurityGroupsTestJSON:test_server_security_groups): 200 GET http://10.180.1.21/compute/v2.1/servers/35179ab7-f9c9-4c6d-8c6c-855a9a9738b4 5.744s
2025-11-21 20:44:45.743 65812 INFO tempest.common.waiters [-] State transition "BUILD/spawning" ==> "ACTIVE/None" after 47 second wait
2025-11-21 20:44:45.871 65806 WARNING tempest.lib.common.ssh [-] Failed to establish authenticated ssh connection to cirros@10.180.180.130 ([Errno None] Unable to connect to port 22 on 10.180.180.130). Number attempts: 7. Retry after 8 seconds.: paramiko.ssh_exception.NoValidConnectionsError: [Errno None] Unable to connect to port 22 on 10.180.180.130
2025-11-21 20:44:45.934 65790 INFO tempest.lib.common.rest_client [req-57fd75c1-f78e-4bbf-85e4-4108c2647aa6 req-57fd75c1-f78e-4bbf-85e4-4108c2647aa6 ] Request (ServersTestMultiNic:test_verify_duplicate_network_nics): 201 POST http://10.180.1.21/networking/v2.0/networks 0.244s
2025-11-21 20:44:45.960 65788 INFO tempest.lib.common.rest_client [req-d8777e58-76a6-49c5-b53e-703fb076715a req-d8777e58-76a6-49c5-b53e-703fb076715a ] Request (ServersNegativeTestJSON:setUpClass): 200 PUT http://10.180.1.21/networking/v2.0/routers/b08cd384-f62b-440c-a084-f5eba613e4b2/add_router_interface 1.805s
2025-11-21 20:44:45.960 65788 INFO tempest.lib.common.dynamic_creds [-] Created isolated network resources for: credentials: Credentials: {'domain_id': 'default', 'domain_name': 'Default', 'username': 'tempest-ServersNegativeTestJSON-1140018984-project-member', 'project_domain_id': 'default', 'project_domain_name': 'Default', 'project_id': '13faa5c583ad4f9a935923e6635dc61e', 'project_name': 'tempest-ServersNegativeTestJSON-1140018984', 'tenant_id': '13faa5c583ad4f9a935923e6635dc61e', 'tenant_name': 'tempest-ServersNegativeTestJSON-1140018984', 'user_domain_id': 'default', 'user_domain_name': 'Default', 'user_id': '8b08164887f34664a2f6576ee32d814d', 'system': None}, Network: {'id': '06ea58af-38d9-465d-900e-da9d74af1c1e', 'name': 'tempest-ServersNegativeTestJSON-720438806-network', 'tenant_id': '13faa5c583ad4f9a935923e6635dc61e', 'project_id': '13faa5c583ad4f9a935923e6635dc61e', 'admin_state_up': True, 'mtu': 8950, 'status': 'ACTIVE', 'subnets': [], 'shared': False, 'port_security_enabled': True, 'router:external': False, 'provider:network_type': 'vlan', 'provider:physical_network': 'default', 'provider:segmentation_id': 508, 'availability_zone_hints': [], 'availability_zones': [], 'ipv4_address_scope': None, 'ipv6_address_scope': None, 'description': '', 'tags': [], 'created_at': '2025-11-21T20:44:42Z', 'updated_at': '2025-11-21T20:44:42Z', 'revision_number': 1}, Subnet: {'id': '8569b6fa-a997-4ee1-93d5-3a2b6cbf3f7d', 'name': 'tempest-ServersNegativeTestJSON-720438806-subnet', 'tenant_id': '13faa5c583ad4f9a935923e6635dc61e', 'network_id': '06ea58af-38d9-465d-900e-da9d74af1c1e', 'ip_version': 4, 'subnetpool_id': None, 'enable_dhcp': True, 'ipv6_ra_mode': None, 'ipv6_address_mode': None, 'gateway_ip': '192.168.128.1', 'cidr': '192.168.128.0/28', 'allocation_pools': [{'start': '192.168.128.2', 'end': '192.168.128.14'}], 'host_routes': [], 'dns_nameservers': [], 'description': '', 'router:external': False, 'service_types': [], 'tags': [], 'created_at': '2025-11-21T20:44:42Z', 'updated_at': '2025-11-21T20:44:42Z', 'revision_number': 0, 'project_id': '13faa5c583ad4f9a935923e6635dc61e'}, Router: {'id': 'b08cd384-f62b-440c-a084-f5eba613e4b2', 'name': 'tempest-ServersNegativeTestJSON-720438806-router', 'tenant_id': '13faa5c583ad4f9a935923e6635dc61e', 'admin_state_up': True, 'status': 'ACTIVE', 'external_gateway_info': {'network_id': 'b9178ce3-16e3-4144-9e1d-aaaec1ca3730', 'external_fixed_ips': [{'subnet_id': '184ab2a6-545f-4548-9ee1-53ba5c342435', 'ip_address': '10.180.180.157'}], 'enable_snat': True}, 'description': '', 'availability_zones': [], 'distributed': False, 'ha': False, 'availability_zone_hints': [], 'routes': [], 'flavor_id': None, 'tags': [], 'created_at': '2025-11-21T20:44:43Z', 'updated_at': '2025-11-21T20:44:43Z', 'revision_number': 2, 'project_id': '13faa5c583ad4f9a935923e6635dc61e'}
2025-11-21 20:44:46.082 65788 INFO tempest.lib.common.rest_client [req-ba0b8917-4016-4587-910e-545c96302bc7 req-ba0b8917-4016-4587-910e-545c96302bc7 ] Request (ServersNegativeTestJSON:setUpClass): 201 POST http://10.180.1.21/identity/v3/auth/tokens 0.117s
2025-11-21 20:44:46.143 65788 INFO tempest.lib.common.rest_client [req-15a09ec3-79fb-4cda-9ffb-ab3ee96a7192 req-15a09ec3-79fb-4cda-9ffb-ab3ee96a7192 ] Request (ServersNegativeTestJSON:setUpClass): 201 POST http://10.180.1.21/identity/v3/auth/tokens 0.054s
2025-11-21 20:44:46.143 65788 INFO tempest.lib.common.fixed_network [-] (ServersNegativeTestJSON:setUpClass) Found network {'id': '06ea58af-38d9-465d-900e-da9d74af1c1e', 'name': 'tempest-ServersNegativeTestJSON-720438806-network', 'tenant_id': '13faa5c583ad4f9a935923e6635dc61e', 'project_id': '13faa5c583ad4f9a935923e6635dc61e', 'admin_state_up': True, 'mtu': 8950, 'status': 'ACTIVE', 'subnets': [], 'shared': False, 'port_security_enabled': True, 'router:external': False, 'provider:network_type': 'vlan', 'provider:physical_network': 'default', 'provider:segmentation_id': 508, 'availability_zone_hints': [], 'availability_zones': [], 'ipv4_address_scope': None, 'ipv6_address_scope': None, 'description': '', 'tags': [], 'created_at': '2025-11-21T20:44:42Z', 'updated_at': '2025-11-21T20:44:42Z', 'revision_number': 1} available for tenant
2025-11-21 20:44:46.217 65790 INFO tempest.lib.common.rest_client [req-cafabfdf-58e6-4304-b876-50ead329a4d6 req-cafabfdf-58e6-4304-b876-50ead329a4d6 ] Request (ServersTestMultiNic:test_verify_duplicate_network_nics): 201 POST http://10.180.1.21/networking/v2.0/subnets 0.282s
2025-11-21 20:44:46.248 65790 INFO tempest.lib.common.rest_client [req-9ff33b9b-7ba9-427e-8ff5-6206bf0f532b req-9ff33b9b-7ba9-427e-8ff5-6206bf0f532b ] Request (ServersTestMultiNic:test_verify_duplicate_network_nics): 201 POST http://10.180.1.21/identity/v3/auth/tokens 0.028s
2025-11-21 20:44:46.248 65790 INFO tempest.lib.common.fixed_network [-] (ServersTestMultiNic:test_verify_duplicate_network_nics) Found network {'id': 'b406d25c-77c9-4131-a230-35b4692980e8', 'name': 'tempest-ServersTestMultiNic-2082859899-network', 'tenant_id': 'ae4cabe8f1154946a2ecfb1ff45d885b', 'project_id': 'ae4cabe8f1154946a2ecfb1ff45d885b', 'admin_state_up': True, 'mtu': 8950, 'status': 'ACTIVE', 'subnets': [], 'shared': False, 'port_security_enabled': True, 'router:external': False, 'provider:network_type': 'vlan', 'provider:physical_network': 'default', 'provider:segmentation_id': 437, 'availability_zone_hints': [], 'availability_zones': [], 'ipv4_address_scope': None, 'ipv6_address_scope': None, 'description': '', 'tags': [], 'created_at': '2025-11-21T20:44:41Z', 'updated_at': '2025-11-21T20:44:41Z', 'revision_number': 1} available for tenant
2025-11-21 20:44:46.414 65776 INFO tempest.lib.common.rest_client [req-9c355751-0571-4710-a942-48942f165de6 req-9c355751-0571-4710-a942-48942f165de6 ] Request (ImagesTestJSON:test_create_server_from_snapshot): 202 POST http://10.180.1.21/compute/v2.1/servers 6.262s
2025-11-21 20:44:46.453 65822 INFO tempest.lib.common.rest_client [req-a506d15a-3fee-49ed-8272-585e4530464a req-a506d15a-3fee-49ed-8272-585e4530464a ] Request (ServersListShow296Test:tearDownClass): 404 GET http://10.180.1.21/compute/v2.1/servers/61ccd4dc-2122-4faa-bac3-1e8eded8a104 5.803s
2025-11-21 20:44:46.567 65772 INFO tempest.lib.common.rest_client [req-a222923c-9be0-4a9a-bb91-d6924ca667a2 req-a222923c-9be0-4a9a-bb91-d6924ca667a2 ] Request (ServerRescueNegativeTestJSON:setUpClass): 200 GET http://10.180.1.21/compute/v2.1/servers/6d696804-7857-4d8b-b4bf-fa79c8615b5b 5.683s
2025-11-21 20:44:46.586 65822 INFO tempest.lib.common.rest_client [req-c1ba30e3-9deb-465d-ab9f-909ae67b49cf req-c1ba30e3-9deb-465d-ab9f-909ae67b49cf ] Request (ServersListShow296Test:tearDownClass): 204 DELETE http://10.180.1.21/identity/v3/users/ac792d5012b34177ab9bc35f4bc6a477 0.133s
2025-11-21 20:44:46.587 65822 INFO tempest.lib.common.dynamic_creds [-] Deleting project and security group for project: a68c4f20939e4a8faf288c93d0112d3a
2025-11-21 20:44:46.659 65822 INFO tempest.lib.common.rest_client [req-2b64ccb4-da55-4e4d-a5ea-d32610126a8f req-2b64ccb4-da55-4e4d-a5ea-d32610126a8f ] Request (ServersListShow296Test:tearDownClass): 201 POST http://10.180.1.21/identity/v3/auth/tokens 0.071s
2025-11-21 20:44:46.667 65820 INFO tempest.lib.common.rest_client [req-6b12e5cd-764e-49c6-8675-4e62b3938ff4 req-6b12e5cd-764e-49c6-8675-4e62b3938ff4 ] Request (ImagesOneServerNegativeTestJSON:_run_cleanups): 200 GET http://10.180.1.21/compute/v2.1/servers/21df3af5-d2d0-4af7-9491-c33792fbf14c 5.774s
2025-11-21 20:44:46.905 65822 INFO tempest.lib.common.rest_client [req-7e735ede-a8e7-4af6-8789-8e09dbbdb5b2 req-7e735ede-a8e7-4af6-8789-8e09dbbdb5b2 ] Request (ServersListShow296Test:tearDownClass): 200 GET http://10.180.1.21/networking/v2.0/security-groups?tenant_id=a68c4f20939e4a8faf288c93d0112d3a&name=default 0.246s
2025-11-21 20:44:46.958 65792 INFO tempest.lib.common.rest_client [req-70ba355f-3171-4d89-8ef2-9c043a041bf2 req-70ba355f-3171-4d89-8ef2-9c043a041bf2 ] Request (ServersListShow298Test:tearDownClass): 200 GET http://10.180.1.21/compute/v2.1/servers/a766a802-734b-44b5-9db6-756db4fbed0c 5.679s
2025-11-21 20:44:47.034 65822 INFO tempest.lib.common.rest_client [req-bfc42280-087c-4408-b29f-248585410f29 req-bfc42280-087c-4408-b29f-248585410f29 ] Request (ServersListShow296Test:tearDownClass): 204 DELETE http://10.180.1.21/networking/v2.0/security-groups/5d4e4a7f-56ff-4d1a-a9f3-883076d8a615 0.128s
2025-11-21 20:44:47.137 65822 INFO tempest.lib.common.rest_client [req-35ad3b25-4888-4e74-bd23-f778eac09794 req-35ad3b25-4888-4e74-bd23-f778eac09794 ] Request (ServersListShow296Test:tearDownClass): 204 DELETE http://10.180.1.21/identity/v3/projects/a68c4f20939e4a8faf288c93d0112d3a 0.102s
2025-11-21 20:44:47.140 65831 INFO tempest.lib.common.rest_client [req-fb89d6e8-1d9e-4965-b0e8-62aa01cb659b req-fb89d6e8-1d9e-4965-b0e8-62aa01cb659b ] Request (ServersNegativeTestMultiTenantJSON:setUpClass): 200 GET http://10.180.1.21/compute/v2.1/servers/0836db0f-970d-4224-9b41-b11609d253f2 5.514s
