2025-11-21 20:42:52.347 65828 INFO tempest.lib.common.rest_client [req-5febb454-886d-401f-bbb7-1642fafb7b8d req-5febb454-886d-401f-bbb7-1642fafb7b8d ] Request (ServicesAdminNegativeTestJSON:test_get_service_by_invalid_params): 200 GET http://10.180.1.21/compute/v2.1/os-services 5.878s
2025-11-21 20:42:52.361 65802 INFO tempest.lib.common.rest_client [req-1117f3ed-8adf-44ed-bd4d-62694a70bcda req-1117f3ed-8adf-44ed-bd4d-62694a70bcda ] Request (ServersTestManualDisk:test_verify_created_server_vcpus): 200 GET http://10.180.1.21/compute/v2.1/flavors/42 5.331s
2025-11-21 20:42:52.365 65802 INFO tempest.lib.common.ssh [-] Creating ssh connection to '10.180.180.195:22' as 'cirros' with public key authentication
2025-11-21 20:42:52.371 65802 INFO paramiko.transport [-] Connected (version 2.0, client dropbear_2020.81)
2025-11-21 20:42:52.474 65802 INFO paramiko.transport [-] Authentication (publickey) successful!
2025-11-21 20:42:52.474 65802 INFO tempest.lib.common.ssh [-] ssh connection to cirros@10.180.180.195 successfully created
2025-11-21 20:42:52.577 65797 INFO tempest.lib.common.rest_client [req-84138ae4-fa14-4cde-9e21-f32b8080fbfd req-84138ae4-fa14-4cde-9e21-f32b8080fbfd ] Request (SecurityGroupsNegativeTestJSON:tearDownClass): 204 DELETE http://10.180.1.21/networking/v2.0/networks/25ad4a95-89e0-4bc0-a2d1-ea2b20fb3c27 0.456s
2025-11-21 20:42:52.620 65784 INFO tempest.lib.common.rest_client [req-00993eed-83ae-4ddb-9090-6e224c233c9d req-00993eed-83ae-4ddb-9090-6e224c233c9d ] Request (VolumesAssistedSnapshotsTest:test_volume_assisted_snapshot_create_delete): 200 GET http://10.180.1.21/volume/v3/volumes/ea909c11-d047-462b-a404-bde406b6a5c6 0.047s
2025-11-21 20:42:52.645 65806 INFO tempest.lib.common.rest_client [req-2c9ac33a-6a27-4de1-8f22-f723b3c7f225 req-2c9ac33a-6a27-4de1-8f22-f723b3c7f225 ] Request (InstanceActionsV221TestJSON:test_get_list_deleted_instance_actions): 200 GET http://10.180.1.21/compute/v2.1/servers/3870348a-33d6-43b2-9e7a-a4cd68a9e5f1 4.953s
2025-11-21 20:42:52.744 65797 INFO tempest.lib.common.rest_client [req-7ebf1cce-2e5e-4ace-9978-4fd238d77c59 req-7ebf1cce-2e5e-4ace-9978-4fd238d77c59 ] Request (SecurityGroupsNegativeTestJSON:tearDownClass): 204 DELETE http://10.180.1.21/identity/v3/users/21f4a37c7ef04d2aaba01034ed822154 0.167s
2025-11-21 20:42:52.744 65797 INFO tempest.lib.common.dynamic_creds [-] Deleting project and security group for project: 2333affc0f0540b6b88576193fe31a6f
2025-11-21 20:42:52.877 65797 INFO tempest.lib.common.rest_client [req-0fb17144-89ec-4b01-8f41-86994da68af5 req-0fb17144-89ec-4b01-8f41-86994da68af5 ] Request (SecurityGroupsNegativeTestJSON:tearDownClass): 200 GET http://10.180.1.21/networking/v2.0/security-groups?tenant_id=2333affc0f0540b6b88576193fe31a6f&name=default 0.132s
2025-11-21 20:42:53.030 65797 INFO tempest.lib.common.rest_client [req-4670ee09-4991-4eb4-af3f-481df396e0ae req-4670ee09-4991-4eb4-af3f-481df396e0ae ] Request (SecurityGroupsNegativeTestJSON:tearDownClass): 204 DELETE http://10.180.1.21/networking/v2.0/security-groups/63edffe2-fa7d-43ff-b9ef-f908d4f44048 0.152s
2025-11-21 20:42:53.054 65812 INFO tempest.lib.common.rest_client [req-6e80e293-010c-49d6-b271-58592793b511 req-6e80e293-010c-49d6-b271-58592793b511 ] Request (SecurityGroupsTestJSON:setUpClass): 201 POST http://10.180.1.21/networking/v2.0/routers 0.992s
2025-11-21 20:42:53.171 65797 INFO tempest.lib.common.rest_client [req-59f25036-d171-46a1-90a9-5f05f83ba9d2 req-59f25036-d171-46a1-90a9-5f05f83ba9d2 ] Request (SecurityGroupsNegativeTestJSON:tearDownClass): 204 DELETE http://10.180.1.21/identity/v3/projects/2333affc0f0540b6b88576193fe31a6f 0.140s
2025-11-21 20:42:53.199 65808 INFO tempest.lib.common.rest_client [req-4671582e-3860-4de9-bb40-bf33ab3d896f req-4671582e-3860-4de9-bb40-bf33ab3d896f ] Request (ServersWithSpecificFlavorTestJSON:test_verify_created_server_ephemeral_disk): 202 POST http://10.180.1.21/compute/v2.1/servers 6.340s
2025-11-21 20:42:53.312 65820 INFO tempest.lib.common.rest_client [req-559e5174-2d4a-4fd3-a4e3-2d0beac767b6 req-559e5174-2d4a-4fd3-a4e3-2d0beac767b6 ] Request (ImagesOneServerNegativeTestJSON:_run_cleanups): 202 POST http://10.180.1.21/compute/v2.1/servers 4.718s
2025-11-21 20:42:53.383 65788 INFO tempest.lib.common.rest_client [req-7da48c75-2ec6-49ea-b27f-40dfd5c92322 req-7da48c75-2ec6-49ea-b27f-40dfd5c92322 ] Request (ServersTestFqdnHostnames:test_create_server_with_fqdn_name): 200 GET http://10.180.1.21/compute/v2.1/servers/30d0c975-942c-41ea-b666-b84a230cc4b7 4.532s
2025-11-21 20:42:53.522 65792 INFO tempest.lib.common.rest_client [req-e78bba28-b9ac-493a-b675-35596fd66f9a req-e78bba28-b9ac-493a-b675-35596fd66f9a ] Request (ServersAaction247Test:tearDownClass): 200 GET http://10.180.1.21/compute/v2.1/servers/1c263b74-93d1-4244-8f08-d35373a3a946 4.843s
2025-11-21 20:42:53.547 65822 INFO tempest.lib.common.rest_client [req-f926f97f-9a98-4050-a388-e26367b69f25 req-f926f97f-9a98-4050-a388-e26367b69f25 ] Request (ServerGroupTestJSON:test_list_server_groups): 200 GET http://10.180.1.21/compute/v2.1/os-server-groups 4.559s
2025-11-21 20:42:53.556 65794 INFO tempest.lib.common.rest_client [req-f4bc5c7f-b228-49d4-b8e9-c12451afd870 req-f4bc5c7f-b228-49d4-b8e9-c12451afd870 ] Request (MigrationsAdminTest:test_resize_server_revert_deleted_flavor): 200 GET http://10.180.1.21/compute/v2.1/servers/4b446122-8965-4d44-974c-bedbf73cf659 4.579s
2025-11-21 20:42:53.601 65780 INFO tempest.lib.common.rest_client [req-6a2e1cad-e900-490a-bdc8-28decaabf873 req-6a2e1cad-e900-490a-bdc8-28decaabf873 ] Request (ListImageFiltersTestJSON:setUpClass): 200 GET http://10.180.1.21/compute/v2.1/images/35d3d18c-e9e4-4378-b598-054684c36b8b 4.472s
2025-11-21 20:42:53.624 65770 INFO tempest.lib.common.rest_client [req-5bcb830e-8867-422f-b7e0-7551dca196e2 req-5bcb830e-8867-422f-b7e0-7551dca196e2 ] Request (VolumesTestJSON:test_volume_list): 200 GET http://10.180.1.21/compute/v2.1/os-volumes 4.563s
2025-11-21 20:42:53.629 65786 INFO tempest.lib.common.rest_client [req-5abdabd5-06f2-4004-a40b-816d2cdabab0 req-5abdabd5-06f2-4004-a40b-816d2cdabab0 ] Request (FlavorsExtraSpecsTestJSON:tearDownClass): 202 DELETE http://10.180.1.21/compute/v2.1/flavors/485492208 4.484s
2025-11-21 20:42:53.719 65784 INFO tempest.lib.common.rest_client [req-b785296c-3388-4800-a278-3ab6c3420df6 req-b785296c-3388-4800-a278-3ab6c3420df6 ] Request (VolumesAssistedSnapshotsTest:test_volume_assisted_snapshot_create_delete): 200 GET http://10.180.1.21/volume/v3/volumes/ea909c11-d047-462b-a404-bde406b6a5c6 0.089s
2025-11-21 20:42:53.756 65824 INFO tempest.lib.common.rest_client [req-c95c05aa-f363-4f9e-803f-60b0fac47e2f req-c95c05aa-f363-4f9e-803f-60b0fac47e2f ] Request (ServerRescueTestJSON:tearDownClass): 204 DELETE http://10.180.1.21/compute/v2.1/servers/2a8fab21-61e8-48f5-a5fa-1b7715eca707 4.587s
2025-11-21 20:42:54.096 65812 INFO tempest.lib.common.rest_client [req-cf52a132-46b6-4d2e-a0a0-f492961e1a91 req-cf52a132-46b6-4d2e-a0a0-f492961e1a91 ] Request (SecurityGroupsTestJSON:setUpClass): 200 PUT http://10.180.1.21/networking/v2.0/routers/9c45d859-589f-422c-8959-2e29bb778dd7/add_router_interface 1.041s
2025-11-21 20:42:54.097 65812 INFO tempest.lib.common.dynamic_creds [-] Created isolated network resources for: credentials: Credentials: {'domain_id': 'default', 'domain_name': 'Default', 'username': 'tempest-SecurityGroupsTestJSON-2145237333-project-member', 'project_domain_id': 'default', 'project_domain_name': 'Default', 'project_id': '2090de566fb84fa3bc932cdbdbb77b23', 'project_name': 'tempest-SecurityGroupsTestJSON-2145237333', 'tenant_id': '2090de566fb84fa3bc932cdbdbb77b23', 'tenant_name': 'tempest-SecurityGroupsTestJSON-2145237333', 'user_domain_id': 'default', 'user_domain_name': 'Default', 'user_id': '64b46100fd7243b984f259b26e3dedd1', 'system': None}, Network: {'id': 'ae212b7f-cff0-4a43-8158-e7ee056f9f67', 'name': 'tempest-SecurityGroupsTestJSON-1385778746-network', 'tenant_id': '2090de566fb84fa3bc932cdbdbb77b23', 'project_id': '2090de566fb84fa3bc932cdbdbb77b23', 'admin_state_up': True, 'mtu': 8950, 'status': 'ACTIVE', 'subnets': [], 'shared': False, 'port_security_enabled': True, 'router:external': False, 'provider:network_type': 'vlan', 'provider:physical_network': 'default', 'provider:segmentation_id': 187, 'availability_zone_hints': [], 'availability_zones': [], 'ipv4_address_scope': None, 'ipv6_address_scope': None, 'description': '', 'tags': [], 'created_at': '2025-11-21T20:42:51Z', 'updated_at': '2025-11-21T20:42:51Z', 'revision_number': 1}, Subnet: {'id': 'ff06441a-aad4-44b4-b76a-97247299d04a', 'name': 'tempest-SecurityGroupsTestJSON-1385778746-subnet', 'tenant_id': '2090de566fb84fa3bc932cdbdbb77b23', 'network_id': 'ae212b7f-cff0-4a43-8158-e7ee056f9f67', 'ip_version': 4, 'subnetpool_id': None, 'enable_dhcp': True, 'ipv6_ra_mode': None, 'ipv6_address_mode': None, 'gateway_ip': '192.168.128.1', 'cidr': '192.168.128.0/28', 'allocation_pools': [{'start': '192.168.128.2', 'end': '192.168.128.14'}], 'host_routes': [], 'dns_nameservers': [], 'description': '', 'router:external': False, 'service_types': [], 'tags': [], 'created_at': '2025-11-21T20:42:51Z', 'updated_at': '2025-11-21T20:42:51Z', 'revision_number': 0, 'project_id': '2090de566fb84fa3bc932cdbdbb77b23'}, Router: {'id': '9c45d859-589f-422c-8959-2e29bb778dd7', 'name': 'tempest-SecurityGroupsTestJSON-1385778746-router', 'tenant_id': '2090de566fb84fa3bc932cdbdbb77b23', 'admin_state_up': True, 'status': 'ACTIVE', 'external_gateway_info': {'network_id': 'b9178ce3-16e3-4144-9e1d-aaaec1ca3730', 'external_fixed_ips': [{'subnet_id': '184ab2a6-545f-4548-9ee1-53ba5c342435', 'ip_address': '10.180.180.215'}], 'enable_snat': True}, 'description': '', 'availability_zones': [], 'distributed': False, 'ha': False, 'availability_zone_hints': [], 'routes': [], 'flavor_id': None, 'tags': [], 'created_at': '2025-11-21T20:42:52Z', 'updated_at': '2025-11-21T20:42:52Z', 'revision_number': 2, 'project_id': '2090de566fb84fa3bc932cdbdbb77b23'}
2025-11-21 20:42:54.138 65826 INFO tempest.lib.common.rest_client [req-8d5289da-ff46-414d-82a2-5328642410d6 req-8d5289da-ff46-414d-82a2-5328642410d6 ] Request (ServerActionsTestJSON:test_reboot_server_hard): 200 GET http://10.180.1.21/compute/v2.1/servers/cde5e247-0e3b-4dbd-b715-3cf5312465e2 4.876s
2025-11-21 20:42:54.150 65782 INFO tempest.lib.common.rest_client [req-898962f3-2e12-49a9-a2e6-cd6edfb9eb38 req-898962f3-2e12-49a9-a2e6-cd6edfb9eb38 ] Request (ServersAdminNegativeTestJSON:test_migrate_server_invalid_state): 200 GET http://10.180.1.21/compute/v2.1/servers/49ebbc06-bfc6-4b0f-82dd-eedd572f8147 4.619s
2025-11-21 20:42:54.185 65798 INFO tempest.lib.common.rest_client [req-fc6ab4ac-6584-493d-b21e-134cd895f208 req-fc6ab4ac-6584-493d-b21e-134cd895f208 ] Request (MultipleCreateTestJSON:tearDownClass): 404 GET http://10.180.1.21/compute/v2.1/servers/491c5ebd-c37f-40bc-b7dc-cffb75fbe7b1 4.423s
2025-11-21 20:42:54.216 65776 INFO tempest.lib.common.rest_client [req-f8e37c0f-6a07-4b72-b1db-5a422d38fd66 req-f8e37c0f-6a07-4b72-b1db-5a422d38fd66 ] Request (ImagesTestJSON:test_create_image_from_stopped_server): 202 POST http://10.180.1.21/compute/v2.1/servers/f85e6ddc-3b20-45c9-9c6b-11d36e5e8aff/action 4.470s
2025-11-21 20:42:54.223 65812 INFO tempest.lib.common.rest_client [req-08e1ed70-aaab-404a-867f-24bfa500059c req-08e1ed70-aaab-404a-867f-24bfa500059c ] Request (SecurityGroupsTestJSON:setUpClass): 201 POST http://10.180.1.21/identity/v3/auth/tokens 0.123s
2025-11-21 20:42:54.246 65774 INFO tempest.lib.common.rest_client [req-fe25a864-bef6-462f-9580-fc539fa87eca req-fe25a864-bef6-462f-9580-fc539fa87eca ] Request (AttachInterfacesUnderV243Test:test_add_remove_fixed_ip): 200 GET http://10.180.1.21/compute/v2.1/servers/71be4a03-3ca3-4314-9f48-60cb7aa3a58b 4.109s
2025-11-21 20:42:54.272 65831 INFO tempest.lib.common.rest_client [req-05bc491f-b27d-4892-b363-eb33a9d67972 req-05bc491f-b27d-4892-b363-eb33a9d67972 ] Request (ServerRescueTestJSONUnderV235:tearDownClass): 404 GET http://10.180.1.21/compute/v2.1/servers/45c2e0c5-9481-4e6d-b83d-545c7d2163a4 3.784s
2025-11-21 20:42:54.306 65778 INFO tempest.lib.common.rest_client [req-286a6b8f-e8a4-4147-b89c-04aeb71c915a req-286a6b8f-e8a4-4147-b89c-04aeb71c915a ] Request (DeleteServersTestJSON:test_delete_server_while_in_attached_volume): 200 GET http://10.180.1.21/compute/v2.1/servers/ff5e8ecd-f8bc-452f-82fd-f4feb7533452 4.072s
2025-11-21 20:42:54.775 65784 INFO tempest.lib.common.rest_client [req-a0417b97-82ad-4bf3-bbc6-32e4a57c58d2 req-a0417b97-82ad-4bf3-bbc6-32e4a57c58d2 ] Request (VolumesAssistedSnapshotsTest:test_volume_assisted_snapshot_create_delete): 200 GET http://10.180.1.21/volume/v3/volumes/ea909c11-d047-462b-a404-bde406b6a5c6 0.046s
2025-11-21 20:42:55.068 65798 INFO tempest.lib.common.rest_client [req-cdc9de25-4a75-47e4-9b15-5730b404c2ae req-cdc9de25-4a75-47e4-9b15-5730b404c2ae ] Request (MultipleCreateTestJSON:tearDownClass): 200 PUT http://10.180.1.21/networking/v2.0/routers/7f7fbdaf-0946-42f9-8fe2-914482d1f16b/remove_router_interface 0.882s
2025-11-21 20:42:55.142 65831 INFO tempest.lib.common.rest_client [req-3e7fed55-4a14-460a-a7dd-7cbfd273423e req-3e7fed55-4a14-460a-a7dd-7cbfd273423e ] Request (ServerRescueTestJSONUnderV235:tearDownClass): 200 PUT http://10.180.1.21/networking/v2.0/routers/12ddb5ab-5377-443a-8989-fd0f2409230e/remove_router_interface 0.869s
2025-11-21 20:42:55.162 65816 INFO tempest.lib.common.rest_client [req-d94a49a8-00da-4b17-90a4-01aef5e51a10 req-d94a49a8-00da-4b17-90a4-01aef5e51a10 ] Request (AttachVolumeNegativeTest:test_attach_attached_volume_to_different_server): 200 GET http://10.180.1.21/compute/v2.1/servers/8fe24eee-92e6-4c17-bd9c-50d538e33739/os-interface 4.600s
2025-11-21 20:42:55.178 65772 INFO tempest.lib.common.rest_client [req-02898633-e0d9-49c9-ae80-d486262ceafa req-02898633-e0d9-49c9-ae80-d486262ceafa ] Request (InstanceActionsTestJSON:setUpClass): 200 GET http://10.180.1.21/compute/v2.1/servers/97ee846b-68d9-408b-9409-7e5a3aeb2dfb 3.887s
2025-11-21 20:42:55.295 65818 INFO tempest.lib.common.rest_client [req-5d4bd7d5-0f73-4b8c-b964-e0069df3a795 req-5d4bd7d5-0f73-4b8c-b964-e0069df3a795 ] Request (ServersAdminTestJSON:test_list_servers_by_admin_with_specified_tenant): 200 GET http://10.180.1.21/compute/v2.1/servers/detail?tenant_id=fe6158c9854d43ca9a507902c5e64bf8 3.091s
2025-11-21 20:42:55.556 65798 INFO tempest.lib.common.rest_client [req-d60f2845-e6de-4dc7-b153-5ec2fcab7dc7 req-d60f2845-e6de-4dc7-b153-5ec2fcab7dc7 ] Request (MultipleCreateTestJSON:tearDownClass): 204 DELETE http://10.180.1.21/networking/v2.0/routers/7f7fbdaf-0946-42f9-8fe2-914482d1f16b 0.488s
2025-11-21 20:42:55.830 65784 INFO tempest.lib.common.rest_client [req-d7271f64-96d5-4efd-97d9-30257d8c346c req-d7271f64-96d5-4efd-97d9-30257d8c346c ] Request (VolumesAssistedSnapshotsTest:test_volume_assisted_snapshot_create_delete): 200 GET http://10.180.1.21/volume/v3/volumes/ea909c11-d047-462b-a404-bde406b6a5c6 0.047s
2025-11-21 20:42:56.146 65831 INFO tempest.lib.common.rest_client [req-202dbb44-f997-43d2-8177-76b721180947 req-202dbb44-f997-43d2-8177-76b721180947 ] Request (ServerRescueTestJSONUnderV235:tearDownClass): 204 DELETE http://10.180.1.21/networking/v2.0/routers/12ddb5ab-5377-443a-8989-fd0f2409230e 1.003s
2025-11-21 20:42:56.204 65816 INFO tempest.lib.common.rest_client [req-bb5fc605-decc-4ad7-96e0-24205cd5f701 req-bb5fc605-decc-4ad7-96e0-24205cd5f701 ] Request (AttachVolumeNegativeTest:test_attach_attached_volume_to_different_server): 200 PUT http://10.180.1.21/networking/v2.0/floatingips/0549122e-820d-49ca-a6be-242aae39cf6e 1.039s
2025-11-21 20:42:56.205 65816 INFO tempest.lib.common.ssh [-] Creating ssh connection to '10.180.180.188:22' as 'cirros' with public key authentication
2025-11-21 20:42:56.233 65814 INFO tempest.lib.common.rest_client [req-dcf27d33-5fcd-425f-981b-1927c5a7cca2 req-dcf27d33-5fcd-425f-981b-1927c5a7cca2 ] Request (AttachInterfacesTestJSON:test_create_list_show_delete_interfaces_by_fixed_ip): 200 GET http://10.180.1.21/compute/v2.1/servers/950b12b3-0577-43ca-9a34-b13d5de40b68 4.872s
2025-11-21 20:42:56.261 65828 INFO tempest.lib.common.rest_client [req-718e22e3-dc9e-486d-aa19-ed58696a991a req-718e22e3-dc9e-486d-aa19-ed58696a991a ] Request (ServicesAdminNegativeTestJSON:test_get_service_by_invalid_params): 200 GET http://10.180.1.21/compute/v2.1/os-services?xxx=nova-compute 3.911s
2025-11-21 20:42:56.347 65832 INFO tempest.lib.common.rest_client [req-7b9fa4fe-f581-4c7c-a5a7-da6429020466 req-7b9fa4fe-f581-4c7c-a5a7-da6429020466 ] Request (SecurityGroupRulesTestJSON:test_security_group_rules_delete_when_peer_group_deleted): 200 POST http://10.180.1.21/compute/v2.1/os-security-groups 4.094s
2025-11-21 20:42:56.398 65798 INFO tempest.lib.common.rest_client [req-a28c8956-bf82-4dc6-a65e-a0e9ca777b5e req-a28c8956-bf82-4dc6-a65e-a0e9ca777b5e ] Request (MultipleCreateTestJSON:tearDownClass): 204 DELETE http://10.180.1.21/networking/v2.0/subnets/1538dadc-1a6f-475f-a9d0-ccf0e19fa2d3 0.842s
2025-11-21 20:42:56.403 65802 INFO tempest.lib.common.rest_client [req-a50d5a83-1138-4b25-b11c-0010e0a736db req-a50d5a83-1138-4b25-b11c-0010e0a736db ] Request (ServersTestManualDisk:tearDownClass): 204 DELETE http://10.180.1.21/compute/v2.1/servers/9950c4dd-f19a-47e4-9196-f30f3c9e0ff8 3.917s
2025-11-21 20:42:56.452 65790 INFO tempest.lib.common.rest_client [req-d9998656-4ebf-4c54-8624-89d767af1b70 req-d9998656-4ebf-4c54-8624-89d767af1b70 ] Request (FloatingIPsAssociationTestJSON:test_associate_already_associated_floating_ip): 200 GET http://10.180.1.21/compute/v2.1/servers/c5cd495b-987b-476c-974f-467a379c9db1 3.557s
2025-11-21 20:42:56.469 65831 INFO tempest.lib.common.rest_client [req-bf43dbf5-d491-48ef-b271-7129cca795b8 req-bf43dbf5-d491-48ef-b271-7129cca795b8 ] Request (ServerRescueTestJSONUnderV235:tearDownClass): 204 DELETE http://10.180.1.21/networking/v2.0/subnets/c3dbe131-3635-4781-a8ff-07959f5b4a44 0.322s
2025-11-21 20:42:56.513 65808 INFO tempest.lib.common.rest_client [req-8b891dbd-4a92-4182-9003-bd79d48eeff4 req-8b891dbd-4a92-4182-9003-bd79d48eeff4 ] Request (ServersWithSpecificFlavorTestJSON:test_verify_created_server_ephemeral_disk): 200 GET http://10.180.1.21/compute/v2.1/servers/fae0d838-d1d4-4efc-b7f1-8125d6e689c8 3.312s
2025-11-21 20:42:56.548 65822 INFO tempest.lib.common.rest_client [req-459e8a76-b1d0-4a03-9d28-dca8f014b93f req-459e8a76-b1d0-4a03-9d28-dca8f014b93f ] Request (ServerGroupTestJSON:test_show_server_group): 200 GET http://10.180.1.21/compute/v2.1/os-server-groups/dcbe00bd-dc46-4bfa-9dec-9bf07c9ad12d 2.997s
2025-11-21 20:42:56.566 65794 INFO tempest.lib.common.rest_client [req-207c0a14-f1ea-499f-b33b-11f9a8c635d7 req-207c0a14-f1ea-499f-b33b-11f9a8c635d7 ] Request (MigrationsAdminTest:test_resize_server_revert_deleted_flavor): 202 DELETE http://10.180.1.21/compute/v2.1/flavors/59898279-5594-4c8a-87eb-f7be03177b08 3.003s
2025-11-21 20:42:56.777 65831 INFO tempest.lib.common.rest_client [req-be607ead-1fcf-460e-b7e4-eb1806160ca2 req-be607ead-1fcf-460e-b7e4-eb1806160ca2 ] Request (ServerRescueTestJSONUnderV235:tearDownClass): 204 DELETE http://10.180.1.21/networking/v2.0/networks/b682c431-6990-4574-a38e-8722d7938cc9 0.308s
2025-11-21 20:42:56.781 65798 INFO tempest.lib.common.rest_client [req-e0840c14-5622-4b2d-9176-5389cc5464b7 req-e0840c14-5622-4b2d-9176-5389cc5464b7 ] Request (MultipleCreateTestJSON:tearDownClass): 204 DELETE http://10.180.1.21/networking/v2.0/networks/a4f68f65-c507-4daa-a19f-087d9b9b0756 0.380s
2025-11-21 20:42:56.815 65820 INFO tempest.lib.common.rest_client [req-9ce0491a-fe31-49ff-863c-983b0c5493cf req-9ce0491a-fe31-49ff-863c-983b0c5493cf ] Request (ImagesOneServerNegativeTestJSON:_run_cleanups): 200 GET http://10.180.1.21/compute/v2.1/servers/116dc19f-b3fa-4e95-bc31-e75ac6bd37ac 3.499s
2025-11-21 20:42:56.843 65786 INFO tempest.lib.common.rest_client [req-25d2214f-3f78-4527-a37d-cd32c25c89d5 req-25d2214f-3f78-4527-a37d-cd32c25c89d5 ] Request (FlavorsExtraSpecsTestJSON:tearDownClass): 200 GET http://10.180.1.21/compute/v2.1/flavors/detail 3.213s
2025-11-21 20:42:56.887 65784 INFO tempest.lib.common.rest_client [req-2e82a021-678c-4897-98b4-3266f37d82c5 req-2e82a021-678c-4897-98b4-3266f37d82c5 ] Request (VolumesAssistedSnapshotsTest:test_volume_assisted_snapshot_create_delete): 200 GET http://10.180.1.21/volume/v3/volumes/ea909c11-d047-462b-a404-bde406b6a5c6 0.048s
2025-11-21 20:42:56.923 65770 INFO tempest.lib.common.rest_client [req-3ac85387-c270-4015-8194-5adb2b5d1fbf req-3ac85387-c270-4015-8194-5adb2b5d1fbf ] Request (VolumesTestJSON:test_volume_list_param_limit): 200 GET http://10.180.1.21/compute/v2.1/os-volumes?limit=2 3.291s
2025-11-21 20:42:56.951 65806 INFO tempest.lib.common.rest_client [req-acc5e2c0-7acb-4d0c-84e1-df73fe445bc0 req-acc5e2c0-7acb-4d0c-84e1-df73fe445bc0 ] Request (InstanceActionsV221TestJSON:test_get_list_deleted_instance_actions): 404 GET http://10.180.1.21/compute/v2.1/servers/3870348a-33d6-43b2-9e7a-a4cd68a9e5f1 3.294s
2025-11-21 20:42:56.965 65831 INFO tempest.lib.common.rest_client [req-8bf71659-1b9b-4fbc-8eca-aae943ee46c8 req-8bf71659-1b9b-4fbc-8eca-aae943ee46c8 ] Request (ServerRescueTestJSONUnderV235:tearDownClass): 204 DELETE http://10.180.1.21/identity/v3/users/2186b52e2eff4d69946c79f75eaf22f2 0.188s
2025-11-21 20:42:56.966 65831 INFO tempest.lib.common.dynamic_creds [-] Deleting project and security group for project: 45816b24ab1b4ef78d0938dcec0b4cb7
2025-11-21 20:42:56.968 65798 INFO tempest.lib.common.rest_client [req-9a6d9d92-7e5c-417c-92bc-f102c0f2d5a3 req-9a6d9d92-7e5c-417c-92bc-f102c0f2d5a3 ] Request (MultipleCreateTestJSON:tearDownClass): 204 DELETE http://10.180.1.21/identity/v3/users/337c0dd04d2145c387cdec8ed392ee46 0.186s
2025-11-21 20:42:56.969 65798 INFO tempest.lib.common.dynamic_creds [-] Deleting project and security group for project: a8f59352c4f1488880320587e3162e12
2025-11-21 20:42:56.993 65780 INFO tempest.lib.common.rest_client [req-f4a41355-cfc5-493d-a85c-e44951f5e39b req-f4a41355-cfc5-493d-a85c-e44951f5e39b ] Request (ListImageFiltersTestJSON:setUpClass): 200 GET http://10.180.1.21/compute/v2.1/servers/47f04002-277a-4881-a5cf-65b08f3ddd92 3.387s
2025-11-21 20:42:57.066 65831 INFO tempest.lib.common.rest_client [req-b7eb9fc7-6933-42e1-9601-6d8d4f50eb3a req-b7eb9fc7-6933-42e1-9601-6d8d4f50eb3a ] Request (ServerRescueTestJSONUnderV235:tearDownClass): 200 GET http://10.180.1.21/networking/v2.0/security-groups?tenant_id=45816b24ab1b4ef78d0938dcec0b4cb7&name=default 0.100s
2025-11-21 20:42:57.090 65798 INFO tempest.lib.common.rest_client [req-463170ca-9e54-4cc6-a12f-b05001945fdc req-463170ca-9e54-4cc6-a12f-b05001945fdc ] Request (MultipleCreateTestJSON:tearDownClass): 200 GET http://10.180.1.21/networking/v2.0/security-groups?tenant_id=a8f59352c4f1488880320587e3162e12&name=default 0.121s
2025-11-21 20:42:57.092 65824 INFO tempest.lib.common.rest_client [req-a59ac9ab-986f-4798-a36d-2f7938d57376 req-a59ac9ab-986f-4798-a36d-2f7938d57376 ] Request (ServerRescueTestJSON:tearDownClass): 200 GET http://10.180.1.21/compute/v2.1/servers/2a8fab21-61e8-48f5-a5fa-1b7715eca707 3.335s
2025-11-21 20:42:57.149 65786 INFO tempest.lib.common.rest_client [req-7d1b83fc-df07-42f5-84c4-0a863900be6c req-7d1b83fc-df07-42f5-84c4-0a863900be6c ] Request (FlavorsExtraSpecsTestJSON:tearDownClass): 204 DELETE http://10.180.1.21/identity/v3/users/24f7e7f79225450eb50288577e8ba5b2 0.297s
2025-11-21 20:42:57.190 65831 INFO tempest.lib.common.rest_client [req-ddd3514d-4f08-4f63-8c52-f1ecc82d5fce req-ddd3514d-4f08-4f63-8c52-f1ecc82d5fce ] Request (ServerRescueTestJSONUnderV235:tearDownClass): 204 DELETE http://10.180.1.21/networking/v2.0/security-groups/7b3bad9e-4f10-4e75-bf3f-69836f779f28 0.123s
2025-11-21 20:42:57.225 65776 INFO tempest.lib.common.rest_client [req-1c59534b-1d73-4cf7-b0c2-2b140c525cbb req-1c59534b-1d73-4cf7-b0c2-2b140c525cbb ] Request (ImagesTestJSON:test_create_image_from_stopped_server): 200 GET http://10.180.1.21/compute/v2.1/servers/f85e6ddc-3b20-45c9-9c6b-11d36e5e8aff 3.008s
2025-11-21 20:42:57.238 65798 INFO tempest.lib.common.rest_client [req-e287e056-e567-4b7e-b035-ff89db990624 req-e287e056-e567-4b7e-b035-ff89db990624 ] Request (MultipleCreateTestJSON:tearDownClass): 204 DELETE http://10.180.1.21/networking/v2.0/security-groups/aa7226ef-74d4-482f-ac1d-bbefed534583 0.148s
2025-11-21 20:42:57.271 65786 INFO tempest.lib.common.rest_client [req-7bd57fcd-deb1-4228-81c7-782c46298dc6 req-7bd57fcd-deb1-4228-81c7-782c46298dc6 ] Request (FlavorsExtraSpecsTestJSON:tearDownClass): 204 DELETE http://10.180.1.21/identity/v3/users/6cee13c14ff84d0aad1bc8452d03c547 0.122s
2025-11-21 20:42:57.272 65786 INFO tempest.lib.common.dynamic_creds [-] Deleting project and security group for project: 32a895fed45f491c84100302e5967da8
2025-11-21 20:42:57.298 65788 INFO tempest.lib.common.rest_client [req-9dbaaa48-239d-4e9e-885b-9c58887fded1 req-9dbaaa48-239d-4e9e-885b-9c58887fded1 ] Request (ServersTestFqdnHostnames:test_create_server_with_fqdn_name): 200 GET http://10.180.1.21/compute/v2.1/servers/30d0c975-942c-41ea-b666-b84a230cc4b7 2.905s
2025-11-21 20:42:57.396 65792 INFO tempest.lib.common.rest_client [req-79c09381-a858-47f2-a706-41cb8b360d45 req-79c09381-a858-47f2-a706-41cb8b360d45 ] Request (ServersAaction247Test:tearDownClass): 200 GET http://10.180.1.21/compute/v2.1/servers/1c263b74-93d1-4244-8f08-d35373a3a946 2.864s
2025-11-21 20:42:57.397 65831 INFO tempest.lib.common.rest_client [req-850b839a-9320-4d62-9c6b-5edb9ee9a755 req-850b839a-9320-4d62-9c6b-5edb9ee9a755 ] Request (ServerRescueTestJSONUnderV235:tearDownClass): 204 DELETE http://10.180.1.21/identity/v3/projects/45816b24ab1b4ef78d0938dcec0b4cb7 0.206s
2025-11-21 20:42:57.418 65798 INFO tempest.lib.common.rest_client [req-c183dbb5-2824-467e-955f-4b3e83e95781 req-c183dbb5-2824-467e-955f-4b3e83e95781 ] Request (MultipleCreateTestJSON:tearDownClass): 204 DELETE http://10.180.1.21/identity/v3/projects/a8f59352c4f1488880320587e3162e12 0.180s
2025-11-21 20:42:57.476 65812 INFO tempest.lib.common.rest_client [req-721c45a8-a0bf-49b6-8d91-d0db7d8bde23 req-721c45a8-a0bf-49b6-8d91-d0db7d8bde23 ] Request (SecurityGroupsTestJSON:test_list_security_groups_by_server): 200 POST http://10.180.1.21/compute/v2.1/os-security-groups 3.252s
2025-11-21 20:42:57.482 65786 INFO tempest.lib.common.rest_client [req-6ea8e736-9e6b-4850-8e21-bac1ca3714f8 req-6ea8e736-9e6b-4850-8e21-bac1ca3714f8 ] Request (FlavorsExtraSpecsTestJSON:tearDownClass): 201 POST http://10.180.1.21/identity/v3/auth/tokens 0.210s
2025-11-21 20:42:57.489 65831 INFO tempest.lib.common.rest_client [req-1f4debbd-f4d7-4f21-b2d8-10dd216f9047 req-1f4debbd-f4d7-4f21-b2d8-10dd216f9047 ] Request (ServerShowV257Test:setUpClass): 201 POST http://10.180.1.21/identity/v3/auth/tokens 0.090s
2025-11-21 20:42:57.514 65798 INFO tempest.lib.common.rest_client [req-2a8ce540-7273-4e5d-983c-4272d3a916a2 req-2a8ce540-7273-4e5d-983c-4272d3a916a2 ] Request (ServerMetadataNegativeTestJSON:setUpClass): 201 POST http://10.180.1.21/identity/v3/auth/tokens 0.093s
2025-11-21 20:42:57.520 65826 INFO tempest.lib.common.rest_client [req-611fb5a3-866a-433c-bb58-632ba73fd4a7 req-611fb5a3-866a-433c-bb58-632ba73fd4a7 ] Request (ServerActionsTestJSON:test_reboot_server_hard): 200 GET http://10.180.1.21/compute/v2.1/servers/cde5e247-0e3b-4dbd-b715-3cf5312465e2 2.374s
2025-11-21 20:42:57.528 65826 INFO tempest.common.waiters [-] State transition "HARD_REBOOT/reboot_pending_hard" ==> "ACTIVE/None" after 3 second wait
2025-11-21 20:42:57.529 65826 INFO tempest.lib.common.ssh [-] Creating ssh connection to '10.180.180.220:22' as 'cirros' with public key authentication
2025-11-21 20:42:57.540 65831 INFO tempest.lib.common.rest_client [req-cf4d2796-874c-4740-843e-7d426064952e req-cf4d2796-874c-4740-843e-7d426064952e ] Request (ServerShowV257Test:setUpClass): 201 POST http://10.180.1.21/identity/v3/auth/tokens 0.047s
2025-11-21 20:42:57.570 65798 INFO tempest.lib.common.rest_client [req-2968e7de-45b3-4ba5-91c0-562319c1437d req-2968e7de-45b3-4ba5-91c0-562319c1437d ] Request (ServerMetadataNegativeTestJSON:setUpClass): 201 POST http://10.180.1.21/identity/v3/auth/tokens 0.054s
2025-11-21 20:42:57.570 65831 INFO tempest.lib.common.rest_client [req-b85dba25-e97b-4b25-8337-ea583880450e req-b85dba25-e97b-4b25-8337-ea583880450e ] Request (ServerShowV257Test:setUpClass): 200 GET http://10.180.1.21/identity/v3/domains?name=Default 0.029s
2025-11-21 20:42:57.589 65782 INFO tempest.lib.common.rest_client [req-1b75169b-ec37-4bfc-bcb2-8d767fe7406b req-1b75169b-ec37-4bfc-bcb2-8d767fe7406b ] Request (ServersAdminNegativeTestJSON:test_migrate_server_invalid_state): 200 GET http://10.180.1.21/compute/v2.1/servers/49ebbc06-bfc6-4b0f-82dd-eedd572f8147 2.421s
2025-11-21 20:42:57.599 65798 INFO tempest.lib.common.rest_client [req-cc335690-5893-425d-8c68-f0ce7ea1e458 req-cc335690-5893-425d-8c68-f0ce7ea1e458 ] Request (ServerMetadataNegativeTestJSON:setUpClass): 200 GET http://10.180.1.21/identity/v3/domains?name=Default 0.028s
2025-11-21 20:42:57.599 65782 INFO tempest.common.waiters [-] State transition "BUILD/spawning" ==> "ACTIVE/None" after 43 second wait
2025-11-21 20:42:57.606 65774 INFO tempest.lib.common.rest_client [req-2dbb3ccf-0a9f-406e-adc4-c2a6effdde56 req-2dbb3ccf-0a9f-406e-adc4-c2a6effdde56 ] Request (AttachInterfacesUnderV243Test:test_add_remove_fixed_ip): 200 GET http://10.180.1.21/compute/v2.1/servers/71be4a03-3ca3-4314-9f48-60cb7aa3a58b 2.348s
2025-11-21 20:42:57.612 65831 INFO tempest.lib.common.rest_client [req-48da4537-0dd4-4a6b-9dad-5d4c4ad0529b req-48da4537-0dd4-4a6b-9dad-5d4c4ad0529b ] Request (ServerShowV257Test:setUpClass): 201 POST http://10.180.1.21/identity/v3/projects 0.041s
2025-11-21 20:42:57.631 65798 INFO tempest.lib.common.rest_client [req-b7aef580-bfb4-4f3f-a9f2-bd0ea0d2b5d1 req-b7aef580-bfb4-4f3f-a9f2-bd0ea0d2b5d1 ] Request (ServerMetadataNegativeTestJSON:setUpClass): 201 POST http://10.180.1.21/identity/v3/projects 0.032s
2025-11-21 20:42:57.673 65786 INFO tempest.lib.common.rest_client [req-cb6fd135-1127-49bb-a006-c8a76802b179 req-cb6fd135-1127-49bb-a006-c8a76802b179 ] Request (FlavorsExtraSpecsTestJSON:tearDownClass): 200 GET http://10.180.1.21/networking/v2.0/security-groups?tenant_id=32a895fed45f491c84100302e5967da8&name=default 0.190s
2025-11-21 20:42:57.685 65778 INFO tempest.lib.common.rest_client [req-a4a2f2fa-5d3e-4ec2-a73b-468fd148050a req-a4a2f2fa-5d3e-4ec2-a73b-468fd148050a ] Request (DeleteServersTestJSON:test_delete_server_while_in_attached_volume): 200 GET http://10.180.1.21/compute/v2.1/servers/ff5e8ecd-f8bc-452f-82fd-f4feb7533452 2.366s
2025-11-21 20:42:57.692 65778 INFO tempest.common.waiters [-] State transition "ACTIVE/deleting" ==> "DELETED/None" after 3 second wait
2025-11-21 20:42:57.730 65798 INFO tempest.lib.common.rest_client [req-ba56dcf7-39b2-4a5f-af96-4eef06dd81f4 req-ba56dcf7-39b2-4a5f-af96-4eef06dd81f4 ] Request (ServerMetadataNegativeTestJSON:setUpClass): 201 POST http://10.180.1.21/identity/v3/users 0.098s
2025-11-21 20:42:57.761 65798 INFO tempest.lib.common.rest_client [req-db2cccd8-8ddf-4ef1-9440-a35bf162d361 req-db2cccd8-8ddf-4ef1-9440-a35bf162d361 ] Request (ServerMetadataNegativeTestJSON:setUpClass): 200 GET http://10.180.1.21/identity/v3/roles 0.031s
2025-11-21 20:42:57.776 65831 INFO tempest.lib.common.rest_client [req-bbbacd17-81bc-46e4-a577-e23e091d59f2 req-bbbacd17-81bc-46e4-a577-e23e091d59f2 ] Request (ServerShowV257Test:setUpClass): 201 POST http://10.180.1.21/identity/v3/users 0.163s
2025-11-21 20:42:57.799 65831 INFO tempest.lib.common.rest_client [req-28491fd6-0e77-484a-b202-2c18d983757d req-28491fd6-0e77-484a-b202-2c18d983757d ] Request (ServerShowV257Test:setUpClass): 200 GET http://10.180.1.21/identity/v3/roles 0.022s
2025-11-21 20:42:57.803 65798 INFO tempest.lib.common.rest_client [req-0b525b6c-60e2-4798-a2d3-261a49b7e526 req-0b525b6c-60e2-4798-a2d3-261a49b7e526 ] Request (ServerMetadataNegativeTestJSON:setUpClass): 204 PUT http://10.180.1.21/identity/v3/projects/57787bb9204b4fe192896cfe29318d63/users/e6dd6deed0844ebc9041ba4087c116eb/roles/c8b760fdf82c444985153c07ff400fc9 0.041s
2025-11-21 20:42:57.803 65798 INFO tempest.lib.common.dynamic_creds [-] Dynamic test user e6dd6deed0844ebc9041ba4087c116eb is created with scope project and roles: ['member']
2025-11-21 20:42:57.803 65798 INFO tempest.lib.common.dynamic_creds [-] Acquired dynamic creds: credentials: Credentials: {'domain_id': 'default', 'domain_name': 'Default', 'username': 'tempest-ServerMetadataNegativeTestJSON-1260870839-project-member', 'project_domain_id': 'default', 'project_domain_name': 'Default', 'project_id': '57787bb9204b4fe192896cfe29318d63', 'project_name': 'tempest-ServerMetadataNegativeTestJSON-1260870839', 'tenant_id': '57787bb9204b4fe192896cfe29318d63', 'tenant_name': 'tempest-ServerMetadataNegativeTestJSON-1260870839', 'user_domain_id': 'default', 'user_domain_name': 'Default', 'user_id': 'e6dd6deed0844ebc9041ba4087c116eb', 'system': None}, Network: None, Subnet: None, Router: None
2025-11-21 20:42:57.820 65772 INFO tempest.lib.common.rest_client [req-a3a594bf-7796-489c-918a-255282047168 req-a3a594bf-7796-489c-918a-255282047168 ] Request (InstanceActionsTestJSON:setUpClass): 200 GET http://10.180.1.21/compute/v2.1/servers/97ee846b-68d9-408b-9409-7e5a3aeb2dfb 1.631s
2025-11-21 20:42:57.828 65786 INFO tempest.lib.common.rest_client [req-0091e25c-9797-483c-955c-5d0cbd41d52d req-0091e25c-9797-483c-955c-5d0cbd41d52d ] Request (FlavorsExtraSpecsTestJSON:tearDownClass): 204 DELETE http://10.180.1.21/networking/v2.0/security-groups/73c56407-1e0c-423d-ae14-24a4c30fa2ad 0.154s
2025-11-21 20:42:57.853 65828 INFO tempest.lib.common.rest_client [req-b6f62735-5c4f-484a-81bf-ff9f1ed608e3 req-b6f62735-5c4f-484a-81bf-ff9f1ed608e3 ] Request (ServicesAdminNegativeTestJSON:test_get_service_by_invalid_service_and_valid_host): 200 GET http://10.180.1.21/compute/v2.1/os-services 1.586s
2025-11-21 20:42:57.856 65818 INFO tempest.lib.common.rest_client [req-9c384afa-6e5e-4287-b290-656f16400b95 req-9c384afa-6e5e-4287-b290-656f16400b95 ] Request (ServersAdminTestJSON:test_list_servers_by_admin_with_specified_tenant): 200 GET http://10.180.1.21/compute/v2.1/servers/detail?all_tenants=&tenant_id=fe6158c9854d43ca9a507902c5e64bf8 2.550s
2025-11-21 20:42:57.888 65798 INFO tempest.lib.common.rest_client [req-b9ed3a0b-3a80-489d-8395-77d7ff313351 req-b9ed3a0b-3a80-489d-8395-77d7ff313351 ] Request (ServerMetadataNegativeTestJSON:setUpClass): 201 POST http://10.180.1.21/identity/v3/auth/tokens 0.084s
2025-11-21 20:42:57.909 65831 INFO tempest.lib.common.rest_client [req-fd4f499c-4018-4c8f-a8e5-1ef4784d8dc0 req-fd4f499c-4018-4c8f-a8e5-1ef4784d8dc0 ] Request (ServerShowV257Test:setUpClass): 204 PUT http://10.180.1.21/identity/v3/projects/c6af003e383341a1841ea6124022fc30/users/a20d0c6468bd4773bab4713f37c93b09/roles/c8b760fdf82c444985153c07ff400fc9 0.109s
2025-11-21 20:42:57.910 65831 INFO tempest.lib.common.dynamic_creds [-] Dynamic test user a20d0c6468bd4773bab4713f37c93b09 is created with scope project and roles: ['member']
2025-11-21 20:42:57.910 65831 INFO tempest.lib.common.dynamic_creds [-] Acquired dynamic creds: credentials: Credentials: {'domain_id': 'default', 'domain_name': 'Default', 'username': 'tempest-ServerShowV257Test-1575647105-project-member', 'project_domain_id': 'default', 'project_domain_name': 'Default', 'project_id': 'c6af003e383341a1841ea6124022fc30', 'project_name': 'tempest-ServerShowV257Test-1575647105', 'tenant_id': 'c6af003e383341a1841ea6124022fc30', 'tenant_name': 'tempest-ServerShowV257Test-1575647105', 'user_domain_id': 'default', 'user_domain_name': 'Default', 'user_id': 'a20d0c6468bd4773bab4713f37c93b09', 'system': None}, Network: None, Subnet: None, Router: None
2025-11-21 20:42:57.910 65831 INFO tempest.lib.common.dynamic_creds [-] Created isolated network resources for: credentials: Credentials: {'domain_id': 'default', 'domain_name': 'Default', 'username': 'tempest-ServerShowV257Test-1575647105-project-member', 'project_domain_id': 'default', 'project_domain_name': 'Default', 'project_id': 'c6af003e383341a1841ea6124022fc30', 'project_name': 'tempest-ServerShowV257Test-1575647105', 'tenant_id': 'c6af003e383341a1841ea6124022fc30', 'tenant_name': 'tempest-ServerShowV257Test-1575647105', 'user_domain_id': 'default', 'user_domain_name': 'Default', 'user_id': 'a20d0c6468bd4773bab4713f37c93b09', 'system': None}, Network: None, Subnet: None, Router: None
2025-11-21 20:42:57.940 65784 INFO tempest.lib.common.rest_client [req-fb6cad55-f51c-4092-8989-ad26599f1512 req-fb6cad55-f51c-4092-8989-ad26599f1512 ] Request (VolumesAssistedSnapshotsTest:test_volume_assisted_snapshot_create_delete): 200 GET http://10.180.1.21/volume/v3/volumes/ea909c11-d047-462b-a404-bde406b6a5c6 0.045s
2025-11-21 20:42:57.948 65784 INFO tempest.common.waiters [-] Attachment 1a3e96df-4f3c-493a-9ccc-e15204c7fafc created for volume ea909c11-d047-462b-a404-bde406b6a5c6 to server c23c3312-47e5-42e4-9b3e-72d687b4656b after waiting for 7.948325 seconds
2025-11-21 20:42:57.973 65786 INFO tempest.lib.common.rest_client [req-150cffe1-5808-4671-8ad4-a85d59994c49 req-150cffe1-5808-4671-8ad4-a85d59994c49 ] Request (FlavorsExtraSpecsTestJSON:tearDownClass): 204 DELETE http://10.180.1.21/identity/v3/projects/32a895fed45f491c84100302e5967da8 0.142s
2025-11-21 20:42:57.973 65786 INFO tempest.lib.common.dynamic_creds [-] Deleting project and security group for project: 022c840498f144ef904b134728f8feb6
2025-11-21 20:42:57.981 65784 INFO tempest.lib.common.rest_client [req-cacbacd9-a1e6-4399-ba77-9eedaabab1a1 req-cacbacd9-a1e6-4399-ba77-9eedaabab1a1 ] Request (VolumesAssistedSnapshotsTest:test_volume_assisted_snapshot_create_delete): 200 GET http://10.180.1.21/volume/v3/volumes/ea909c11-d047-462b-a404-bde406b6a5c6 0.033s
2025-11-21 20:42:57.990 65784 INFO tempest.common.waiters [-] volume ea909c11-d047-462b-a404-bde406b6a5c6 reached in-use after waiting for 0.990035 seconds
2025-11-21 20:42:58.052 65831 INFO tempest.lib.common.rest_client [req-2e418cfd-5f86-4993-a687-a859f5714ea3 req-2e418cfd-5f86-4993-a687-a859f5714ea3 ] Request (ServerShowV257Test:setUpClass): 201 POST http://10.180.1.21/identity/v3/auth/tokens 0.135s
2025-11-21 20:42:58.089 65831 INFO tempest.lib.common.rest_client [req-76c152f1-1ca0-4a46-8be1-91ccde471b83 req-76c152f1-1ca0-4a46-8be1-91ccde471b83 ] Request (ServerShowV257Test:test_rebuild_server): 201 POST http://10.180.1.21/identity/v3/auth/tokens 0.032s
2025-11-21 20:42:58.089 65831 INFO tempest.lib.common.fixed_network [-] (ServerShowV257Test:test_rebuild_server) Found network None available for tenant
2025-11-21 20:42:58.127 65832 INFO tempest.lib.common.rest_client [req-9f087862-afa0-4e91-bb32-0dd8cb99022c req-9f087862-afa0-4e91-bb32-0dd8cb99022c ] Request (SecurityGroupRulesTestJSON:test_security_group_rules_delete_when_peer_group_deleted): 200 POST http://10.180.1.21/compute/v2.1/os-security-group-rules 1.776s
2025-11-21 20:42:58.146 65822 INFO tempest.lib.common.rest_client [req-5a81925c-cc0c-41f5-b39d-747afb5481a8 req-5a81925c-cc0c-41f5-b39d-747afb5481a8 ] Request (ServerGroupTestJSON:tearDownClass): 404 DELETE http://10.180.1.21/compute/v2.1/servers/80fb72d3-6e2c-4118-9936-ba8ce2d59b93 1.595s
2025-11-21 20:42:58.178 65794 INFO tempest.lib.common.rest_client [req-8e12b347-2d1a-4b38-bc2a-d054aad12766 req-8e12b347-2d1a-4b38-bc2a-d054aad12766 ] Request (MigrationsAdminTest:test_resize_server_revert_deleted_flavor): 200 GET http://10.180.1.21/compute/v2.1/flavors/detail 1.611s
2025-11-21 20:42:58.215 65770 INFO tempest.lib.common.rest_client [req-2f613d40-764d-44a2-9563-e8b7935f0328 req-2f613d40-764d-44a2-9563-e8b7935f0328 ] Request (VolumesTestJSON:test_volume_list_param_offset_and_limit): 200 GET http://10.180.1.21/compute/v2.1/os-volumes 1.285s
2025-11-21 20:42:58.228 65786 INFO tempest.lib.common.rest_client [req-c94badb9-2cb7-4d34-92c1-8d84c8966d29 req-c94badb9-2cb7-4d34-92c1-8d84c8966d29 ] Request (FlavorsExtraSpecsTestJSON:tearDownClass): 200 GET http://10.180.1.21/networking/v2.0/security-groups?tenant_id=022c840498f144ef904b134728f8feb6&name=default 0.254s
2025-11-21 20:42:58.248 65798 INFO tempest.lib.common.rest_client [req-ce7c4918-6c8e-4911-908e-ff2ade5487e4 req-ce7c4918-6c8e-4911-908e-ff2ade5487e4 ] Request (ServerMetadataNegativeTestJSON:setUpClass): 201 POST http://10.180.1.21/networking/v2.0/networks 0.360s
2025-11-21 20:42:58.271 65802 INFO tempest.lib.common.rest_client [req-90944cb4-1e26-44ad-890d-192cefae8012 req-90944cb4-1e26-44ad-890d-192cefae8012 ] Request (ServersTestManualDisk:tearDownClass): 200 GET http://10.180.1.21/compute/v2.1/servers/9950c4dd-f19a-47e4-9196-f30f3c9e0ff8 1.867s
2025-11-21 20:42:58.288 65806 INFO tempest.lib.common.rest_client [req-0272e3b9-cf48-43bd-8614-8c62ce4261de req-0272e3b9-cf48-43bd-8614-8c62ce4261de ] Request (InstanceActionsV221TestJSON:test_get_list_deleted_instance_actions): 200 GET http://10.180.1.21/compute/v2.1/servers/3870348a-33d6-43b2-9e7a-a4cd68a9e5f1/os-instance-actions 1.336s
2025-11-21 20:42:58.341 65786 INFO tempest.lib.common.rest_client [req-bf73772f-cbea-467c-a124-1fc6355b0e14 req-bf73772f-cbea-467c-a124-1fc6355b0e14 ] Request (FlavorsExtraSpecsTestJSON:tearDownClass): 204 DELETE http://10.180.1.21/networking/v2.0/security-groups/c08cf167-e2eb-4580-8e31-88a0d078b69f 0.113s
2025-11-21 20:42:58.363 65780 INFO tempest.lib.common.rest_client [req-b3495090-2811-4610-b2e1-5a13d36eba94 req-b3495090-2811-4610-b2e1-5a13d36eba94 ] Request (ListImageFiltersTestJSON:test_list_images_filter_by_changes_since): 200 GET http://10.180.1.21/compute/v2.1/images?changes-since=2025-11-21T20%3A40%3A30Z 1.362s
2025-11-21 20:42:58.419 65786 INFO tempest.lib.common.rest_client [req-03454393-fe96-43d8-a8d2-c624836450a7 req-03454393-fe96-43d8-a8d2-c624836450a7 ] Request (FlavorsExtraSpecsTestJSON:tearDownClass): 204 DELETE http://10.180.1.21/identity/v3/projects/022c840498f144ef904b134728f8feb6 0.077s
2025-11-21 20:42:58.421 65786 INFO tempest.test [-] raised in NoVNCConsoleTestJSON.setUpClass. Invoking tearDownClass.
2025-11-21 20:42:58.422 65814 INFO tempest.lib.common.rest_client [req-a23b69bd-a79d-4fb4-9539-b88c3f183d4e req-a23b69bd-a79d-4fb4-9539-b88c3f183d4e ] Request (AttachInterfacesTestJSON:test_create_list_show_delete_interfaces_by_fixed_ip): 200 GET http://10.180.1.21/compute/v2.1/servers/950b12b3-0577-43ca-9a34-b13d5de40b68 1.175s
2025-11-21 20:42:58.440 65798 INFO tempest.lib.common.rest_client [req-1333bf9a-9152-42cd-ab6d-c27dda00ec37 req-1333bf9a-9152-42cd-ab6d-c27dda00ec37 ] Request (ServerMetadataNegativeTestJSON:setUpClass): 201 POST http://10.180.1.21/networking/v2.0/subnets 0.191s
2025-11-21 20:42:58.497 65790 INFO tempest.lib.common.rest_client [req-af17859d-fb04-4f49-b539-a39388a75e8b req-af17859d-fb04-4f49-b539-a39388a75e8b ] Request (FloatingIPsAssociationTestJSON:test_associate_already_associated_floating_ip): 200 GET http://10.180.1.21/compute/v2.1/servers/c5cd495b-987b-476c-974f-467a379c9db1 1.035s
2025-11-21 20:42:58.498 65786 INFO tempest.lib.common.rest_client [req-fb8982a9-4dc1-49a0-99ca-9871ba9258d2 req-fb8982a9-4dc1-49a0-99ca-9871ba9258d2 ] Request (ServerTagsTestJSON:setUpClass): 201 POST http://10.180.1.21/identity/v3/auth/tokens 0.072s
2025-11-21 20:42:58.529 65786 INFO tempest.lib.common.rest_client [req-f70f6cf3-8ad0-48fc-8c68-10df3e85599f req-f70f6cf3-8ad0-48fc-8c68-10df3e85599f ] Request (ServerTagsTestJSON:setUpClass): 201 POST http://10.180.1.21/identity/v3/auth/tokens 0.029s
2025-11-21 20:42:58.559 65786 INFO tempest.lib.common.rest_client [req-f322ac94-8471-4a45-893c-7d0533801d3e req-f322ac94-8471-4a45-893c-7d0533801d3e ] Request (ServerTagsTestJSON:setUpClass): 200 GET http://10.180.1.21/identity/v3/domains?name=Default 0.029s
2025-11-21 20:42:58.590 65786 INFO tempest.lib.common.rest_client [req-976a590c-278c-460a-b36a-09f3188f82f1 req-976a590c-278c-460a-b36a-09f3188f82f1 ] Request (ServerTagsTestJSON:setUpClass): 201 POST http://10.180.1.21/identity/v3/projects 0.030s
2025-11-21 20:42:58.617 65812 INFO tempest.lib.common.rest_client [req-7d333e08-f858-402d-b696-a5ffa4a8ee45 req-7d333e08-f858-402d-b696-a5ffa4a8ee45 ] Request (SecurityGroupsTestJSON:test_list_security_groups_by_server): 200 POST http://10.180.1.21/compute/v2.1/os-security-groups 1.138s
2025-11-21 20:42:58.673 65786 INFO tempest.lib.common.rest_client [req-fdf0e803-d16c-4ac5-93e9-0bcd02447717 req-fdf0e803-d16c-4ac5-93e9-0bcd02447717 ] Request (ServerTagsTestJSON:setUpClass): 201 POST http://10.180.1.21/identity/v3/users 0.083s
2025-11-21 20:42:58.689 65808 INFO tempest.lib.common.rest_client [req-a868d913-5701-45cc-8300-b3d9dfe67e58 req-a868d913-5701-45cc-8300-b3d9dfe67e58 ] Request (ServersWithSpecificFlavorTestJSON:test_verify_created_server_ephemeral_disk): 200 GET http://10.180.1.21/compute/v2.1/servers/fae0d838-d1d4-4efc-b7f1-8125d6e689c8 1.163s
2025-11-21 20:42:58.726 65786 INFO tempest.lib.common.rest_client [req-cd6593e0-84b0-404e-b84e-33f5a25589ca req-cd6593e0-84b0-404e-b84e-33f5a25589ca ] Request (ServerTagsTestJSON:setUpClass): 200 GET http://10.180.1.21/identity/v3/roles 0.052s
2025-11-21 20:42:58.739 65812 INFO tempest.lib.common.rest_client [req-d8a2d1d3-ad64-4253-a4ef-6b8f89869d2d req-d8a2d1d3-ad64-4253-a4ef-6b8f89869d2d ] Request (SecurityGroupsTestJSON:test_list_security_groups_by_server): 201 POST http://10.180.1.21/identity/v3/auth/tokens 0.115s
2025-11-21 20:42:58.740 65812 INFO tempest.lib.common.fixed_network [-] (SecurityGroupsTestJSON:test_list_security_groups_by_server) Found network {'id': 'ae212b7f-cff0-4a43-8158-e7ee056f9f67', 'name': 'tempest-SecurityGroupsTestJSON-1385778746-network', 'tenant_id': '2090de566fb84fa3bc932cdbdbb77b23', 'project_id': '2090de566fb84fa3bc932cdbdbb77b23', 'admin_state_up': True, 'mtu': 8950, 'status': 'ACTIVE', 'subnets': [], 'shared': False, 'port_security_enabled': True, 'router:external': False, 'provider:network_type': 'vlan', 'provider:physical_network': 'default', 'provider:segmentation_id': 187, 'availability_zone_hints': [], 'availability_zones': [], 'ipv4_address_scope': None, 'ipv6_address_scope': None, 'description': '', 'tags': [], 'created_at': '2025-11-21T20:42:51Z', 'updated_at': '2025-11-21T20:42:51Z', 'revision_number': 1} available for tenant
2025-11-21 20:42:58.782 65786 INFO tempest.lib.common.rest_client [req-f903d6f3-73a8-4283-b258-08eb244e5213 req-f903d6f3-73a8-4283-b258-08eb244e5213 ] Request (ServerTagsTestJSON:setUpClass): 204 PUT http://10.180.1.21/identity/v3/projects/9a75762f38f349dabe72744e509f51bc/users/111c6cc9d28e4606965c7bf1cddabda2/roles/c8b760fdf82c444985153c07ff400fc9 0.055s
2025-11-21 20:42:58.782 65786 INFO tempest.lib.common.dynamic_creds [-] Dynamic test user 111c6cc9d28e4606965c7bf1cddabda2 is created with scope project and roles: ['member']
2025-11-21 20:42:58.783 65786 INFO tempest.lib.common.dynamic_creds [-] Acquired dynamic creds: credentials: Credentials: {'domain_id': 'default', 'domain_name': 'Default', 'username': 'tempest-ServerTagsTestJSON-298635232-project-member', 'project_domain_id': 'default', 'project_domain_name': 'Default', 'project_id': '9a75762f38f349dabe72744e509f51bc', 'project_name': 'tempest-ServerTagsTestJSON-298635232', 'tenant_id': '9a75762f38f349dabe72744e509f51bc', 'tenant_name': 'tempest-ServerTagsTestJSON-298635232', 'user_domain_id': 'default', 'user_domain_name': 'Default', 'user_id': '111c6cc9d28e4606965c7bf1cddabda2', 'system': None}, Network: None, Subnet: None, Router: None
2025-11-21 20:42:58.816 65782 INFO tempest.lib.common.rest_client [req-f125bba8-c219-461b-8c44-a0245fda04a7 req-f125bba8-c219-461b-8c44-a0245fda04a7 ] Request (ServersAdminNegativeTestJSON:test_migrate_server_invalid_state): 202 POST http://10.180.1.21/compute/v2.1/servers/49ebbc06-bfc6-4b0f-82dd-eedd572f8147/action 1.215s
2025-11-21 20:42:58.851 65786 INFO tempest.lib.common.rest_client [req-d941619e-4bd5-43dd-b498-a3335568fa49 req-d941619e-4bd5-43dd-b498-a3335568fa49 ] Request (ServerTagsTestJSON:setUpClass): 201 POST http://10.180.1.21/identity/v3/auth/tokens 0.068s
2025-11-21 20:42:58.894 65776 INFO tempest.lib.common.rest_client [req-585a216d-c74e-4b94-93f8-966f03634a40 req-585a216d-c74e-4b94-93f8-966f03634a40 ] Request (ImagesTestJSON:test_create_image_from_stopped_server): 202 POST http://10.180.1.21/compute/v2.1/servers/f85e6ddc-3b20-45c9-9c6b-11d36e5e8aff/action 1.660s
2025-11-21 20:42:58.912 65828 INFO tempest.lib.common.rest_client [req-7c0adc03-749d-4dc2-8f63-2e23b1ba0d4f req-7c0adc03-749d-4dc2-8f63-2e23b1ba0d4f ] Request (ServicesAdminNegativeTestJSON:test_get_service_by_invalid_service_and_valid_host): 200 GET http://10.180.1.21/compute/v2.1/os-services?host=devstack&binary=xxx 1.054s
2025-11-21 20:42:58.942 65818 INFO tempest.lib.common.rest_client [req-f4333d52-2283-4a3c-9816-a6c45fdb7f80 req-f4333d52-2283-4a3c-9816-a6c45fdb7f80 ] Request (ServersAdminTestJSON:test_list_servers_by_admin_with_specified_tenant): 200 GET http://10.180.1.21/compute/v2.1/servers/detail?all_tenants=&tenant_id=83a4b8a843de46bc969aa0efbdd1ea58 1.067s
2025-11-21 20:42:59.091 65784 INFO tempest.lib.common.rest_client [req-6eea90e1-a481-469b-906f-2eba8452b715 req-6eea90e1-a481-469b-906f-2eba8452b715 ] Request (VolumesAssistedSnapshotsTest:test_volume_assisted_snapshot_create_delete): 200 POST http://10.180.1.21/compute/v2.1/os-assisted-volume-snapshots 1.101s
2025-11-21 20:42:59.257 65798 INFO tempest.lib.common.rest_client [req-a9986c4a-5be9-417b-8b23-72d4818fa4cd req-a9986c4a-5be9-417b-8b23-72d4818fa4cd ] Request (ServerMetadataNegativeTestJSON:setUpClass): 201 POST http://10.180.1.21/networking/v2.0/routers 0.816s
2025-11-21 20:42:59.261 65831 INFO tempest.lib.common.rest_client [req-86e7f233-6169-469d-ad76-e88b92174724 req-86e7f233-6169-469d-ad76-e88b92174724 ] Request (ServerShowV257Test:test_rebuild_server): 202 POST http://10.180.1.21/compute/v2.1/servers 1.171s
