2025-11-25 21:38:10.292 66949 INFO tempest.lib.common.rest_client [req-dca3db1b-3779-4132-b687-7f970aae8dcb req-dca3db1b-3779-4132-b687-7f970aae8dcb ] Request (QuotaClassesAdmin257Test:test_update_default_quotas): 200 GET http://10.180.1.21/compute/v2.1/os-quota-class-sets/default 3.273s
2025-11-25 21:38:10.310 66935 INFO tempest.lib.common.rest_client [req-9e07af25-ba79-47a5-bcf1-54077a501666 req-9e07af25-ba79-47a5-bcf1-54077a501666 ] Request (NetworksTest:tearDownClass): 201 POST http://10.180.1.21/identity/v3/auth/tokens 0.126s
2025-11-25 21:38:10.313 66934 INFO tempest.lib.common.rest_client [req-026e4978-92f8-4f5c-a0cd-2fb55101e586 req-026e4978-92f8-4f5c-a0cd-2fb55101e586 ] Request (FlavorsExtraSpecsTestJSON:test_flavor_non_admin_get_specific_key): 200 POST http://10.180.1.21/compute/v2.1/flavors/895211002/os-extra_specs 3.020s
2025-11-25 21:38:10.346 66945 INFO tempest.lib.common.rest_client [req-3863b084-45f9-4de4-b72b-b11ae73d71ea req-3863b084-45f9-4de4-b72b-b11ae73d71ea ] Request (FlavorsAccessNegativeTestJSON:test_add_flavor_access_duplicate): 409 POST http://10.180.1.21/compute/v2.1/flavors/1775268706/action 3.239s
2025-11-25 21:38:10.366 66963 INFO tempest.lib.common.rest_client [req-f2889679-12b3-4dfc-b361-1c6233ec00c9 req-f2889679-12b3-4dfc-b361-1c6233ec00c9 ] Request (FlavorMetadataValidation:tearDownClass): 204 DELETE http://10.180.1.21/identity/v3/users/be60ddedba214c1fba02a90df5f55912 0.093s
2025-11-25 21:38:10.493 66963 INFO tempest.lib.common.rest_client [req-3283a974-741b-475c-adec-050376c93d13 req-3283a974-741b-475c-adec-050376c93d13 ] Request (FlavorMetadataValidation:tearDownClass): 204 DELETE http://10.180.1.21/identity/v3/users/edab2bc17ac24a52a1cbd8e9fb64c06f 0.126s
2025-11-25 21:38:10.493 66963 INFO tempest.lib.common.dynamic_creds [-] Deleting project and security group for project: f131165a7e65473690b82fe086857ba7
2025-11-25 21:38:10.515 66935 INFO tempest.lib.common.rest_client [req-2cfdd3a6-b670-4b55-8b43-20a98bd6162d req-2cfdd3a6-b670-4b55-8b43-20a98bd6162d ] Request (NetworksTest:tearDownClass): 200 GET http://10.180.1.21/networking/v2.0/security-groups?tenant_id=c864267623a940bfa9d6053340a398ec&name=default 0.205s
2025-11-25 21:38:10.552 66963 INFO tempest.lib.common.rest_client [req-85593ac4-6e65-4074-b612-c0eb61084168 req-85593ac4-6e65-4074-b612-c0eb61084168 ] Request (FlavorMetadataValidation:tearDownClass): 201 POST http://10.180.1.21/identity/v3/auth/tokens 0.059s
2025-11-25 21:38:10.585 66939 INFO tempest.lib.common.rest_client [req-1ad5eba6-8ffd-4874-829b-8de41c8ae359 req-1ad5eba6-8ffd-4874-829b-8de41c8ae359 ] Request (QuotasAdminNegativeTest:_run_cleanups): 200 PUT http://10.180.1.21/compute/v2.1/os-quota-sets/8ec74d21688b4275afe427a9fd15c796 3.065s
2025-11-25 21:38:10.606 66941 INFO tempest.lib.common.rest_client [req-43759c3a-3cc8-4a7c-bd6d-51d6ea7d7ad1 req-43759c3a-3cc8-4a7c-bd6d-51d6ea7d7ad1 ] Request (SecurityGroupRulesTestJSON:test_security_group_rules_create): 200 POST http://10.180.1.21/compute/v2.1/os-security-groups 3.057s
2025-11-25 21:38:10.625 66925 INFO tempest.lib.common.rest_client [req-c19a02c2-6896-4bb5-a717-7a0067f97bd4 req-c19a02c2-6896-4bb5-a717-7a0067f97bd4 ] Request (KeyPairsV2TestJSON:_run_cleanups): 202 DELETE http://10.180.1.21/compute/v2.1/os-keypairs/tempest-keypair-885797735 2.302s
2025-11-25 21:38:10.685 66935 INFO tempest.lib.common.rest_client [req-0012e0b9-8d30-4e0a-bdad-fa15bf4a3b41 req-0012e0b9-8d30-4e0a-bdad-fa15bf4a3b41 ] Request (NetworksTest:tearDownClass): 204 DELETE http://10.180.1.21/networking/v2.0/security-groups/f8783c0d-5821-4282-a88b-b7a0fb7267de 0.169s
2025-11-25 21:38:10.741 66935 INFO tempest.lib.common.rest_client [req-729d61a8-0cdf-49b9-a5af-98ade7a84aa0 req-729d61a8-0cdf-49b9-a5af-98ade7a84aa0 ] Request (NetworksTest:tearDownClass): 204 DELETE http://10.180.1.21/identity/v3/projects/c864267623a940bfa9d6053340a398ec 0.055s
2025-11-25 21:38:10.741 66935 INFO tempest.lib.common.dynamic_creds [-] Deleting project and security group for project: 0c84e58ae5d24b8e80bb151eb79f51c9
2025-11-25 21:38:10.894 66963 INFO tempest.lib.common.rest_client [req-4a090785-055e-45be-bf6a-c68ccee98501 req-4a090785-055e-45be-bf6a-c68ccee98501 ] Request (FlavorMetadataValidation:tearDownClass): 200 GET http://10.180.1.21/networking/v2.0/security-groups?tenant_id=f131165a7e65473690b82fe086857ba7&name=default 0.342s
2025-11-25 21:38:10.915 66955 INFO tempest.lib.common.rest_client [req-e963040c-feea-4c6c-87db-e0f9d8eec229 req-e963040c-feea-4c6c-87db-e0f9d8eec229 ] Request (ImagesOneServerNegativeTestJSON:setUpClass): 200 GET http://10.180.1.21/compute/v2.1/servers/09c3f5af-ee51-4777-8439-906517d9b95e 2.609s
2025-11-25 21:38:10.925 66921 INFO tempest.lib.common.rest_client [req-592943a7-f099-4c19-bdfe-52499c6f0e5e req-592943a7-f099-4c19-bdfe-52499c6f0e5e ] Request (InstanceActionsTestJSON:setUpClass): 200 GET http://10.180.1.21/compute/v2.1/servers/e29672a5-aa34-4014-92bf-23e98fae7c62 2.309s
2025-11-25 21:38:10.950 66909 INFO tempest.lib.common.rest_client [req-e4dce80d-b9ca-45b2-b62f-4831dc7b711b req-e4dce80d-b9ca-45b2-b62f-4831dc7b711b ] Request (ListImageFiltersTestJSON:setUpClass): 200 GET http://10.180.1.21/compute/v2.1/images/7b8804d6-8207-4655-9f9f-7ba052df35ea 2.275s
2025-11-25 21:38:11.009 66935 INFO tempest.lib.common.rest_client [req-a6bff6ae-9bf9-41f5-b2db-51911b04e6c6 req-a6bff6ae-9bf9-41f5-b2db-51911b04e6c6 ] Request (NetworksTest:tearDownClass): 200 GET http://10.180.1.21/networking/v2.0/security-groups?tenant_id=0c84e58ae5d24b8e80bb151eb79f51c9&name=default 0.267s
2025-11-25 21:38:11.052 66907 INFO tempest.lib.common.rest_client [req-0fbfb2e1-d94d-4b59-9aab-c0582dc4d67a req-0fbfb2e1-d94d-4b59-9aab-c0582dc4d67a ] Request (ServersWithSpecificFlavorTestJSON:test_verify_created_server_ephemeral_disk): 200 POST http://10.180.1.21/compute/v2.1/flavors 2.188s
2025-11-25 21:38:11.092 66963 INFO tempest.lib.common.rest_client [req-b6192f1a-8ba4-4a5f-9cc1-e0892599f6fc req-b6192f1a-8ba4-4a5f-9cc1-e0892599f6fc ] Request (FlavorMetadataValidation:tearDownClass): 204 DELETE http://10.180.1.21/networking/v2.0/security-groups/363dd577-ad31-41dc-97a9-8c647a9c8573 0.197s
2025-11-25 21:38:11.170 66963 INFO tempest.lib.common.rest_client [req-bcec534e-b33f-422a-af41-9a8c89ececea req-bcec534e-b33f-422a-af41-9a8c89ececea ] Request (FlavorMetadataValidation:tearDownClass): 204 DELETE http://10.180.1.21/identity/v3/projects/f131165a7e65473690b82fe086857ba7 0.077s
2025-11-25 21:38:11.170 66963 INFO tempest.lib.common.dynamic_creds [-] Deleting project and security group for project: b44c115b83ee4fd69e7b65723c559255
2025-11-25 21:38:11.229 66935 INFO tempest.lib.common.rest_client [req-d105f3c9-d742-4c26-88b1-f2b3be8c5cd1 req-d105f3c9-d742-4c26-88b1-f2b3be8c5cd1 ] Request (NetworksTest:tearDownClass): 204 DELETE http://10.180.1.21/networking/v2.0/security-groups/68b9aeef-774e-44e3-b526-c129e49f89a1 0.220s
2025-11-25 21:38:11.271 66959 INFO tempest.lib.common.rest_client [req-01e3dd46-98a0-464a-a5e6-6bcef566b074 req-01e3dd46-98a0-464a-a5e6-6bcef566b074 ] Request (ServerDiagnosticsV248Test:test_get_server_diagnostics): 200 GET http://10.180.1.21/compute/v2.1/servers/9e640f4b-2d28-40d2-83f7-f1de2641dcb8 2.330s
2025-11-25 21:38:11.291 66961 INFO tempest.lib.common.rest_client [req-7d7f51bf-8314-45fc-bf5c-4ee38f7bdc30 req-7d7f51bf-8314-45fc-bf5c-4ee38f7bdc30 ] Request (DeleteServersAdminTestJSON:test_admin_delete_servers_of_others): 200 GET http://10.180.1.21/compute/v2.1/servers/34219aee-3832-4bc1-a38c-7a521db25b72 2.354s
2025-11-25 21:38:11.299 66961 INFO tempest.common.waiters [-] State transition "BUILD/None" ==> "BUILD/spawning" after 4 second wait
2025-11-25 21:38:11.358 66909 INFO tempest.lib.common.rest_client [req-7073c7a5-1b28-4cfc-a943-3bc22d17275b req-7073c7a5-1b28-4cfc-a943-3bc22d17275b ] Request (ListImageFiltersTestJSON:setUpClass): 201 POST http://10.180.1.21/image/v2/images 0.404s
2025-11-25 21:38:11.377 66935 INFO tempest.lib.common.rest_client [req-36c8f624-3913-4bf7-bd5d-b5f85f76afe5 req-36c8f624-3913-4bf7-bd5d-b5f85f76afe5 ] Request (NetworksTest:tearDownClass): 204 DELETE http://10.180.1.21/identity/v3/projects/0c84e58ae5d24b8e80bb151eb79f51c9 0.148s
2025-11-25 21:38:11.378 66935 INFO tempest.test [-] raised in SpiceDirectConsoleTestJSON.setUpClass. Invoking tearDownClass.
2025-11-25 21:38:11.405 66963 INFO tempest.lib.common.rest_client [req-48ec16fc-fc74-4197-889b-40bdecce0204 req-48ec16fc-fc74-4197-889b-40bdecce0204 ] Request (FlavorMetadataValidation:tearDownClass): 200 GET http://10.180.1.21/networking/v2.0/security-groups?tenant_id=b44c115b83ee4fd69e7b65723c559255&name=default 0.235s
2025-11-25 21:38:11.434 66935 INFO tempest.lib.common.rest_client [req-66dfa773-079d-4961-b4c5-5403cbe8eb00 req-66dfa773-079d-4961-b4c5-5403cbe8eb00 ] Request (ServersListShow296Test:setUpClass): 201 POST http://10.180.1.21/identity/v3/auth/tokens 0.053s
2025-11-25 21:38:11.467 66935 INFO tempest.lib.common.rest_client [req-4e9e2ec3-f238-4e26-aa05-90495d48d570 req-4e9e2ec3-f238-4e26-aa05-90495d48d570 ] Request (ServersListShow296Test:setUpClass): 201 POST http://10.180.1.21/identity/v3/auth/tokens 0.028s
2025-11-25 21:38:11.474 66958 INFO tempest.lib.common.rest_client [req-3b125c9e-f7ec-458d-a1e1-c37cca776fcb req-3b125c9e-f7ec-458d-a1e1-c37cca776fcb ] Request (ImagesOneServerTestJSON:setUpClass): 200 GET http://10.180.1.21/compute/v2.1/servers/99238f65-3530-429b-8a64-3882a30d0e1d 1.835s
2025-11-25 21:38:11.482 66958 INFO tempest.common.waiters [-] State transition "BUILD/None" ==> "BUILD/networking" after 3 second wait
2025-11-25 21:38:11.492 66935 INFO tempest.lib.common.rest_client [req-0f27c7d7-ba22-44fc-8e4f-51443f57016e req-0f27c7d7-ba22-44fc-8e4f-51443f57016e ] Request (ServersListShow296Test:setUpClass): 200 GET http://10.180.1.21/identity/v3/domains?name=Default 0.025s
2025-11-25 21:38:11.517 66935 INFO tempest.lib.common.rest_client [req-95944131-947c-48eb-a84c-6864b067e460 req-95944131-947c-48eb-a84c-6864b067e460 ] Request (ServersListShow296Test:setUpClass): 201 POST http://10.180.1.21/identity/v3/projects 0.025s
2025-11-25 21:38:11.540 66963 INFO tempest.lib.common.rest_client [req-824eb957-eb89-4eba-a9ec-98539d77531f req-824eb957-eb89-4eba-a9ec-98539d77531f ] Request (FlavorMetadataValidation:tearDownClass): 204 DELETE http://10.180.1.21/networking/v2.0/security-groups/4798835c-0ca2-4e90-8482-57f34255038b 0.134s
2025-11-25 21:38:11.567 66935 INFO tempest.lib.common.rest_client [req-5cf899f7-3878-490b-ae01-6debb2f7a892 req-5cf899f7-3878-490b-ae01-6debb2f7a892 ] Request (ServersListShow296Test:setUpClass): 201 POST http://10.180.1.21/identity/v3/users 0.049s
2025-11-25 21:38:11.585 66935 INFO tempest.lib.common.rest_client [req-13483a53-bde3-48ee-8f28-624801ae04d9 req-13483a53-bde3-48ee-8f28-624801ae04d9 ] Request (ServersListShow296Test:setUpClass): 200 GET http://10.180.1.21/identity/v3/roles 0.017s
2025-11-25 21:38:11.613 66935 INFO tempest.lib.common.rest_client [req-bbba2d3c-a201-4f9a-a09f-cdba24b75c13 req-bbba2d3c-a201-4f9a-a09f-cdba24b75c13 ] Request (ServersListShow296Test:setUpClass): 204 PUT http://10.180.1.21/identity/v3/projects/088693c27a5147a68a67a0fcae8885d4/users/34729ac7cb354775867013a33d2d7426/roles/6f0716056b4948dc8e1e6997044e220f 0.027s
2025-11-25 21:38:11.613 66935 INFO tempest.lib.common.dynamic_creds [-] Dynamic test user 34729ac7cb354775867013a33d2d7426 is created with scope project and roles: ['member']
2025-11-25 21:38:11.614 66935 INFO tempest.lib.common.dynamic_creds [-] Acquired dynamic creds: credentials: Credentials: {'domain_id': 'default', 'domain_name': 'Default', 'username': 'tempest-ServersListShow296Test-1367348331-project-member', 'project_domain_id': 'default', 'project_domain_name': 'Default', 'project_id': '088693c27a5147a68a67a0fcae8885d4', 'project_name': 'tempest-ServersListShow296Test-1367348331', 'tenant_id': '088693c27a5147a68a67a0fcae8885d4', 'tenant_name': 'tempest-ServersListShow296Test-1367348331', 'user_domain_id': 'default', 'user_domain_name': 'Default', 'user_id': '34729ac7cb354775867013a33d2d7426', 'system': None}, Network: None, Subnet: None, Router: None
2025-11-25 21:38:11.614 66935 INFO tempest.lib.common.dynamic_creds [-] Created isolated network resources for: credentials: Credentials: {'domain_id': 'default', 'domain_name': 'Default', 'username': 'tempest-ServersListShow296Test-1367348331-project-member', 'project_domain_id': 'default', 'project_domain_name': 'Default', 'project_id': '088693c27a5147a68a67a0fcae8885d4', 'project_name': 'tempest-ServersListShow296Test-1367348331', 'tenant_id': '088693c27a5147a68a67a0fcae8885d4', 'tenant_name': 'tempest-ServersListShow296Test-1367348331', 'user_domain_id': 'default', 'user_domain_name': 'Default', 'user_id': '34729ac7cb354775867013a33d2d7426', 'system': None}, Network: None, Subnet: None, Router: None
2025-11-25 21:38:11.631 66963 INFO tempest.lib.common.rest_client [req-015dca58-90ae-490f-9b83-eb98b546d0e0 req-015dca58-90ae-490f-9b83-eb98b546d0e0 ] Request (FlavorMetadataValidation:tearDownClass): 204 DELETE http://10.180.1.21/identity/v3/projects/b44c115b83ee4fd69e7b65723c559255 0.091s
2025-11-25 21:38:11.681 66935 INFO tempest.lib.common.rest_client [req-a5f724c0-9b02-448e-918a-2c41890c678c req-a5f724c0-9b02-448e-918a-2c41890c678c ] Request (ServersListShow296Test:setUpClass): 201 POST http://10.180.1.21/identity/v3/auth/tokens 0.064s
2025-11-25 21:38:11.687 66963 INFO tempest.lib.common.rest_client [req-40eb30d3-69de-410d-a960-4b9c6fa6b01b req-40eb30d3-69de-410d-a960-4b9c6fa6b01b ] Request (HypervisorAdminNegativeUnderV252Test:setUpClass): 201 POST http://10.180.1.21/identity/v3/auth/tokens 0.054s
2025-11-25 21:38:11.712 66935 INFO tempest.lib.common.rest_client [req-aaa5ae19-14ff-4eb6-8752-a39e5d1b7d5d req-aaa5ae19-14ff-4eb6-8752-a39e5d1b7d5d ] Request (ServersListShow296Test:test_list_show_update_rebuild_server_296): 201 POST http://10.180.1.21/identity/v3/auth/tokens 0.027s
2025-11-25 21:38:11.712 66935 INFO tempest.lib.common.fixed_network [-] (ServersListShow296Test:test_list_show_update_rebuild_server_296) Found network None available for tenant
2025-11-25 21:38:11.717 66963 INFO tempest.lib.common.rest_client [req-1932d886-cf5f-4668-98ad-75af27dbdaf1 req-1932d886-cf5f-4668-98ad-75af27dbdaf1 ] Request (HypervisorAdminNegativeUnderV252Test:setUpClass): 201 POST http://10.180.1.21/identity/v3/auth/tokens 0.026s
2025-11-25 21:38:11.750 66963 INFO tempest.lib.common.rest_client [req-89bb6345-0fee-42c0-b020-d60cf2f153fb req-89bb6345-0fee-42c0-b020-d60cf2f153fb ] Request (HypervisorAdminNegativeUnderV252Test:setUpClass): 200 GET http://10.180.1.21/identity/v3/domains?name=Default 0.033s
2025-11-25 21:38:11.787 66963 INFO tempest.lib.common.rest_client [req-ad9a5ccb-3df2-46f6-a0cd-43c9a77d2853 req-ad9a5ccb-3df2-46f6-a0cd-43c9a77d2853 ] Request (HypervisorAdminNegativeUnderV252Test:setUpClass): 201 POST http://10.180.1.21/identity/v3/projects 0.035s
2025-11-25 21:38:11.865 66963 INFO tempest.lib.common.rest_client [req-bec6c50e-2112-4e27-a327-64dbca58c0d9 req-bec6c50e-2112-4e27-a327-64dbca58c0d9 ] Request (HypervisorAdminNegativeUnderV252Test:setUpClass): 201 POST http://10.180.1.21/identity/v3/users 0.077s
2025-11-25 21:38:11.887 66963 INFO tempest.lib.common.rest_client [req-f25c08dc-e0b6-48e8-bf4a-6fec69eb978a req-f25c08dc-e0b6-48e8-bf4a-6fec69eb978a ] Request (HypervisorAdminNegativeUnderV252Test:setUpClass): 200 GET http://10.180.1.21/identity/v3/roles 0.022s
2025-11-25 21:38:11.912 66963 INFO tempest.lib.common.rest_client [req-e7c77420-409e-4da8-ae5d-6a1976331226 req-e7c77420-409e-4da8-ae5d-6a1976331226 ] Request (HypervisorAdminNegativeUnderV252Test:setUpClass): 204 PUT http://10.180.1.21/identity/v3/projects/1fde6babc0484e3d8f07995113085a79/users/66f4bc8fba6b4b009699ca021f285b6d/roles/6f0716056b4948dc8e1e6997044e220f 0.024s
2025-11-25 21:38:11.913 66963 INFO tempest.lib.common.dynamic_creds [-] Dynamic test user 66f4bc8fba6b4b009699ca021f285b6d is created with scope project and roles: ['member']
2025-11-25 21:38:11.913 66963 INFO tempest.lib.common.dynamic_creds [-] Acquired dynamic creds: credentials: Credentials: {'domain_id': 'default', 'domain_name': 'Default', 'username': 'tempest-HypervisorAdminNegativeUnderV252Test-768475168-project-member', 'project_domain_id': 'default', 'project_domain_name': 'Default', 'project_id': '1fde6babc0484e3d8f07995113085a79', 'project_name': 'tempest-HypervisorAdminNegativeUnderV252Test-768475168', 'tenant_id': '1fde6babc0484e3d8f07995113085a79', 'tenant_name': 'tempest-HypervisorAdminNegativeUnderV252Test-768475168', 'user_domain_id': 'default', 'user_domain_name': 'Default', 'user_id': '66f4bc8fba6b4b009699ca021f285b6d', 'system': None}, Network: None, Subnet: None, Router: None
2025-11-25 21:38:11.913 66963 INFO tempest.lib.common.dynamic_creds [-] Created isolated network resources for: credentials: Credentials: {'domain_id': 'default', 'domain_name': 'Default', 'username': 'tempest-HypervisorAdminNegativeUnderV252Test-768475168-project-member', 'project_domain_id': 'default', 'project_domain_name': 'Default', 'project_id': '1fde6babc0484e3d8f07995113085a79', 'project_name': 'tempest-HypervisorAdminNegativeUnderV252Test-768475168', 'tenant_id': '1fde6babc0484e3d8f07995113085a79', 'tenant_name': 'tempest-HypervisorAdminNegativeUnderV252Test-768475168', 'user_domain_id': 'default', 'user_domain_name': 'Default', 'user_id': '66f4bc8fba6b4b009699ca021f285b6d', 'system': None}, Network: None, Subnet: None, Router: None
2025-11-25 21:38:11.958 66953 INFO tempest.lib.common.rest_client [req-7fca9be0-cb3a-4d69-a1c9-d555c2a7f9ff req-7fca9be0-cb3a-4d69-a1c9-d555c2a7f9ff ] Request (ComputeTenantNetworksTest:test_list_show_tenant_networks): 200 GET http://10.180.1.21/compute/v2.1/os-tenant-networks 2.385s
2025-11-25 21:38:11.988 66915 INFO tempest.lib.common.rest_client [req-dd591a2a-b468-417d-9bd2-298d88e2f437 req-dd591a2a-b468-417d-9bd2-298d88e2f437 ] Request (ServicesAdminTestJSON:test_list_services): 200 GET http://10.180.1.21/compute/v2.1/os-services 2.250s
2025-11-25 21:38:11.990 66963 INFO tempest.lib.common.rest_client [req-aee75e77-4bea-42bf-8f4d-18e45d618d42 req-aee75e77-4bea-42bf-8f4d-18e45d618d42 ] Request (HypervisorAdminNegativeUnderV252Test:setUpClass): 201 POST http://10.180.1.21/identity/v3/auth/tokens 0.073s
2025-11-25 21:38:12.050 66963 INFO tempest.lib.common.rest_client [req-98fbb865-aedd-41a6-9449-986804f6935a req-98fbb865-aedd-41a6-9449-986804f6935a ] Request (HypervisorAdminNegativeUnderV252Test:setUpClass): 201 POST http://10.180.1.21/identity/v3/projects 0.059s
2025-11-25 21:38:12.056 66947 INFO tempest.lib.common.rest_client [req-63772b9b-3617-4daa-9891-63c144dc0ecc req-63772b9b-3617-4daa-9891-63c144dc0ecc ] Request (SecurityGroupsTestAdminJSON:test_list_security_groups_list_all_tenants_filter): 200 POST http://10.180.1.21/compute/v2.1/os-security-groups 2.347s
2025-11-25 21:38:12.088 66927 INFO tempest.lib.common.rest_client [req-31b9b1b0-e5ee-49b4-92eb-496b0cc79fd1 req-31b9b1b0-e5ee-49b4-92eb-496b0cc79fd1 ] Request (FlavorsExtraSpecsNegativeTestJSON:test_flavor_non_admin_unset_keys): 200 POST http://10.180.1.21/compute/v2.1/flavors/1743229710/os-extra_specs 2.313s
2025-11-25 21:38:12.114 66905 INFO tempest.lib.common.rest_client [req-11d0a565-20d8-4178-859e-60aece2203ee req-11d0a565-20d8-4178-859e-60aece2203ee ] Request (FlavorsAdminTestJSON:test_create_flavor_verify_entry_in_list_details): 200 POST http://10.180.1.21/compute/v2.1/flavors 2.334s
2025-11-25 21:38:12.128 66915 INFO tempest.lib.common.rest_client [req-dbecb02e-b1e8-40d2-a0b3-65047e3cccb7 req-dbecb02e-b1e8-40d2-a0b3-65047e3cccb7 ] Request (ServicesAdminTestJSON:tearDownClass): 204 DELETE http://10.180.1.21/identity/v3/users/9e4de0010b6f4ad6a43b528ac3df11df 0.135s
2025-11-25 21:38:12.169 66963 INFO tempest.lib.common.rest_client [req-fb0e5ab3-d25b-408c-b4b4-65ea6bb0abfc req-fb0e5ab3-d25b-408c-b4b4-65ea6bb0abfc ] Request (HypervisorAdminNegativeUnderV252Test:setUpClass): 201 POST http://10.180.1.21/identity/v3/users 0.118s
2025-11-25 21:38:12.283 66915 INFO tempest.lib.common.rest_client [req-209efafb-f992-4248-bb3f-3a552b9d9abc req-209efafb-f992-4248-bb3f-3a552b9d9abc ] Request (ServicesAdminTestJSON:tearDownClass): 204 DELETE http://10.180.1.21/identity/v3/users/4ca44bda64324f8cacf0c89bfa6f1916 0.155s
2025-11-25 21:38:12.284 66915 INFO tempest.lib.common.dynamic_creds [-] Deleting project and security group for project: f5d7fbfb258b4aa0a3f2dffac6bfaa3e
2025-11-25 21:38:12.311 66963 INFO tempest.lib.common.rest_client [req-02cd7153-af98-4ad7-b191-952a6ba4c415 req-02cd7153-af98-4ad7-b191-952a6ba4c415 ] Request (HypervisorAdminNegativeUnderV252Test:setUpClass): 200 GET http://10.180.1.21/identity/v3/roles 0.141s
2025-11-25 21:38:12.370 66915 INFO tempest.lib.common.rest_client [req-5b05fb1c-3e05-421d-9775-6226c55b9a00 req-5b05fb1c-3e05-421d-9775-6226c55b9a00 ] Request (ServicesAdminTestJSON:tearDownClass): 201 POST http://10.180.1.21/identity/v3/auth/tokens 0.086s
2025-11-25 21:38:12.384 66963 INFO tempest.lib.common.rest_client [req-920b0b50-52db-4bad-b812-3df8a4923af9 req-920b0b50-52db-4bad-b812-3df8a4923af9 ] Request (HypervisorAdminNegativeUnderV252Test:setUpClass): 204 PUT http://10.180.1.21/identity/v3/projects/f90f205f4a6b4a66a47587de4bdd33d7/users/a7b2af2471054d3e814e0068c02664ce/roles/526fdef0ffb64a69a49b31ef1aff3062 0.073s
2025-11-25 21:38:12.429 66963 INFO tempest.lib.common.rest_client [req-80061203-0005-4d15-889a-f104a1049661 req-80061203-0005-4d15-889a-f104a1049661 ] Request (HypervisorAdminNegativeUnderV252Test:setUpClass): 200 GET http://10.180.1.21/identity/v3/roles 0.045s
2025-11-25 21:38:12.452 66963 INFO tempest.lib.common.rest_client [req-18bab070-2f39-4f16-8270-058aa7501ffd req-18bab070-2f39-4f16-8270-058aa7501ffd ] Request (HypervisorAdminNegativeUnderV252Test:setUpClass): 204 PUT http://10.180.1.21/identity/v3/projects/f90f205f4a6b4a66a47587de4bdd33d7/users/a7b2af2471054d3e814e0068c02664ce/roles/526fdef0ffb64a69a49b31ef1aff3062 0.021s
2025-11-25 21:38:12.452 66963 INFO tempest.lib.common.dynamic_creds [-] Dynamic test user a7b2af2471054d3e814e0068c02664ce is created with scope project and roles: ['admin']
2025-11-25 21:38:12.452 66963 INFO tempest.lib.common.dynamic_creds [-] Acquired dynamic creds: credentials: Credentials: {'domain_id': 'default', 'domain_name': 'Default', 'username': 'tempest-HypervisorAdminNegativeUnderV252Test-1403865620-project-admin', 'project_domain_id': 'default', 'project_domain_name': 'Default', 'project_id': 'f90f205f4a6b4a66a47587de4bdd33d7', 'project_name': 'tempest-HypervisorAdminNegativeUnderV252Test-1403865620', 'tenant_id': 'f90f205f4a6b4a66a47587de4bdd33d7', 'tenant_name': 'tempest-HypervisorAdminNegativeUnderV252Test-1403865620', 'user_domain_id': 'default', 'user_domain_name': 'Default', 'user_id': 'a7b2af2471054d3e814e0068c02664ce', 'system': None}, Network: None, Subnet: None, Router: None
2025-11-25 21:38:12.452 66963 INFO tempest.lib.common.dynamic_creds [-] Created isolated network resources for: credentials: Credentials: {'domain_id': 'default', 'domain_name': 'Default', 'username': 'tempest-HypervisorAdminNegativeUnderV252Test-1403865620-project-admin', 'project_domain_id': 'default', 'project_domain_name': 'Default', 'project_id': 'f90f205f4a6b4a66a47587de4bdd33d7', 'project_name': 'tempest-HypervisorAdminNegativeUnderV252Test-1403865620', 'tenant_id': 'f90f205f4a6b4a66a47587de4bdd33d7', 'tenant_name': 'tempest-HypervisorAdminNegativeUnderV252Test-1403865620', 'user_domain_id': 'default', 'user_domain_name': 'Default', 'user_id': 'a7b2af2471054d3e814e0068c02664ce', 'system': None}, Network: None, Subnet: None, Router: None
2025-11-25 21:38:12.540 66963 INFO tempest.lib.common.rest_client [req-eac92fd4-238b-4941-80cb-20f5a22f0494 req-eac92fd4-238b-4941-80cb-20f5a22f0494 ] Request (HypervisorAdminNegativeUnderV252Test:setUpClass): 201 POST http://10.180.1.21/identity/v3/auth/tokens 0.085s
2025-11-25 21:38:12.713 66915 INFO tempest.lib.common.rest_client [req-f5a2564e-90cb-4f81-89dd-f207c2783a15 req-f5a2564e-90cb-4f81-89dd-f207c2783a15 ] Request (ServicesAdminTestJSON:tearDownClass): 200 GET http://10.180.1.21/networking/v2.0/security-groups?tenant_id=f5d7fbfb258b4aa0a3f2dffac6bfaa3e&name=default 0.343s
2025-11-25 21:38:12.844 66915 INFO tempest.lib.common.rest_client [req-29bb54e3-9a03-490c-b03e-a70786f273ac req-29bb54e3-9a03-490c-b03e-a70786f273ac ] Request (ServicesAdminTestJSON:tearDownClass): 204 DELETE http://10.180.1.21/networking/v2.0/security-groups/fab59d1c-75f9-4f73-8d3b-883aa589bf15 0.130s
2025-11-25 21:38:12.881 66923 INFO tempest.lib.common.rest_client [req-722f8be5-45fb-491d-8609-f3509f135236 req-722f8be5-45fb-491d-8609-f3509f135236 ] Request (FloatingIPDetailsTestJSON:setUpClass): 200 POST http://10.180.1.21/compute/v2.1/os-floating-ips 3.121s
2025-11-25 21:38:12.907 66909 INFO tempest.lib.common.rest_client [req-84181ccd-9568-4e36-90b6-7bd42dbf280e req-84181ccd-9568-4e36-90b6-7bd42dbf280e ] Request (ListImageFiltersTestJSON:setUpClass): 204 PUT http://10.180.1.21/image/v2/images/83c38211-9920-4ec9-b543-c91cfe490dc8/file 0.548s
2025-11-25 21:38:12.916 66915 INFO tempest.lib.common.rest_client [req-46723b12-ad19-4b86-a421-f111a90bc14d req-46723b12-ad19-4b86-a421-f111a90bc14d ] Request (ServicesAdminTestJSON:tearDownClass): 204 DELETE http://10.180.1.21/identity/v3/projects/f5d7fbfb258b4aa0a3f2dffac6bfaa3e 0.071s
2025-11-25 21:38:12.916 66915 INFO tempest.lib.common.dynamic_creds [-] Deleting project and security group for project: 3693086494764974bdf60e9c3b082304
2025-11-25 21:38:12.966 66903 INFO tempest.lib.common.rest_client [req-010b19c4-36de-4d83-a34a-5e813acd7632 req-010b19c4-36de-4d83-a34a-5e813acd7632 ] Request (ServerDiagnosticsNegativeTest:test_get_server_diagnostics_by_non_admin): 202 POST http://10.180.1.21/compute/v2.1/servers 3.087s
2025-11-25 21:38:12.997 66951 INFO tempest.lib.common.rest_client [req-79ca0fea-1084-4950-8b7a-da9b099095b7 req-79ca0fea-1084-4950-8b7a-da9b099095b7 ] Request (FlavorsAccessTestJSON:test_flavor_access_add_remove): 200 POST http://10.180.1.21/compute/v2.1/flavors/1351249686/action 2.876s
2025-11-25 21:38:13.004 66911 INFO tempest.lib.common.rest_client [req-1f5b9548-2ce8-4a17-a952-d9ebe2e466eb req-1f5b9548-2ce8-4a17-a952-d9ebe2e466eb ] Request (HypervisorAdminNegativeTestJSON:test_get_hypervisor_uptime_with_non_admin_user): 403 GET http://10.180.1.21/compute/v2.1/os-hypervisors/1/uptime 2.811s
2025-11-25 21:38:13.025 66915 INFO tempest.lib.common.rest_client [req-d4072367-4b73-48ec-88c3-43380c11cf74 req-d4072367-4b73-48ec-88c3-43380c11cf74 ] Request (ServicesAdminTestJSON:tearDownClass): 200 GET http://10.180.1.21/networking/v2.0/security-groups?tenant_id=3693086494764974bdf60e9c3b082304&name=default 0.108s
2025-11-25 21:38:13.028 66943 INFO tempest.lib.common.rest_client [req-f6e11798-715e-4a7c-8762-00504a2c8374 req-f6e11798-715e-4a7c-8762-00504a2c8374 ] Request (AggregatesAdminNegativeTestJSON:test_aggregate_add_existent_host): 409 POST http://10.180.1.21/compute/v2.1/os-aggregates/1/action 2.885s
2025-11-25 21:38:13.040 66919 INFO tempest.lib.common.rest_client [req-680a16d0-7471-4e8f-86da-ece12ab29c63 req-680a16d0-7471-4e8f-86da-ece12ab29c63 ] Request (FlavorsV261TestJSON:test_crud_flavor): 200 GET http://10.180.1.21/compute/v2.1/flavors 2.819s
2025-11-25 21:38:13.048 66913 INFO tempest.lib.common.rest_client [req-aff707ac-de6c-42bf-9c21-c0700beb7fbf req-aff707ac-de6c-42bf-9c21-c0700beb7fbf ] Request (ServicesAdminNegativeTestJSON:test_get_service_with_valid_service_and_invalid_host): 200 GET http://10.180.1.21/compute/v2.1/os-services 2.805s
2025-11-25 21:38:13.142 66949 INFO tempest.lib.common.rest_client [req-dc703c27-448a-400b-beb3-bb481acead50 req-dc703c27-448a-400b-beb3-bb481acead50 ] Request (QuotaClassesAdmin257Test:test_update_default_quotas): 200 PUT http://10.180.1.21/compute/v2.1/os-quota-class-sets/default 2.847s
2025-11-25 21:38:13.155 66934 INFO tempest.lib.common.rest_client [req-a5d8460f-5522-4d6b-ac39-b709ecf5ca9e req-a5d8460f-5522-4d6b-ac39-b709ecf5ca9e ] Request (FlavorsExtraSpecsTestJSON:test_flavor_non_admin_get_specific_key): 200 GET http://10.180.1.21/compute/v2.1/flavors/895211002/os-extra_specs/hw:numa_nodes 2.841s
2025-11-25 21:38:13.171 66915 INFO tempest.lib.common.rest_client [req-6b7c7e38-cb4c-46a6-9344-5316a1610648 req-6b7c7e38-cb4c-46a6-9344-5316a1610648 ] Request (ServicesAdminTestJSON:tearDownClass): 204 DELETE http://10.180.1.21/networking/v2.0/security-groups/bc08c746-bdf1-4563-ba7a-e2f193f1cdb7 0.146s
2025-11-25 21:38:13.193 66937 INFO tempest.lib.common.rest_client [req-ce9473ff-69d4-4b34-9b47-0b3907bf6998 req-ce9473ff-69d4-4b34-9b47-0b3907bf6998 ] Request (FloatingIPsAssociationTestJSON:setUpClass): 200 GET http://10.180.1.21/compute/v2.1/servers/e06d1ff1-163c-411f-81fa-52f4a96acf58 2.918s
2025-11-25 21:38:13.200 66937 INFO tempest.common.waiters [-] State transition "BUILD/None" ==> "BUILD/networking" after 4 second wait
2025-11-25 21:38:13.261 66945 INFO tempest.lib.common.rest_client [req-82446b86-17f9-4743-9663-1734a117787e req-82446b86-17f9-4743-9663-1734a117787e ] Request (FlavorsAccessNegativeTestJSON:_run_cleanups): 200 POST http://10.180.1.21/compute/v2.1/flavors/1775268706/action 2.914s
2025-11-25 21:38:13.343 66915 INFO tempest.lib.common.rest_client [req-e4b82a3d-bc61-47f5-9a6e-3cddafea34bb req-e4b82a3d-bc61-47f5-9a6e-3cddafea34bb ] Request (ServicesAdminTestJSON:tearDownClass): 204 DELETE http://10.180.1.21/identity/v3/projects/3693086494764974bdf60e9c3b082304 0.171s
2025-11-25 21:38:13.393 66939 INFO tempest.lib.common.rest_client [req-f8531003-8a3c-40ee-b96d-984ef7dfd0fa req-f8531003-8a3c-40ee-b96d-984ef7dfd0fa ] Request (QuotasAdminNegativeTest:test_create_server_when_instances_quota_is_full): 200 GET http://10.180.1.21/compute/v2.1/os-quota-sets/8ec74d21688b4275afe427a9fd15c796 2.800s
2025-11-25 21:38:13.407 66915 INFO tempest.lib.common.rest_client [req-5027ab0d-e5be-48d9-9628-1c700049bc55 req-5027ab0d-e5be-48d9-9628-1c700049bc55 ] Request (ServicesAdminNegativeV253TestJSON:setUpClass): 201 POST http://10.180.1.21/identity/v3/auth/tokens 0.062s
2025-11-25 21:38:13.423 66925 INFO tempest.lib.common.rest_client [req-3bd6068c-6b71-4bed-a599-21b0baa90953 req-3bd6068c-6b71-4bed-a599-21b0baa90953 ] Request (KeyPairsV2TestJSON:test_keypair_create_delete): 200 POST http://10.180.1.21/compute/v2.1/os-keypairs 2.796s
2025-11-25 21:38:13.437 66915 INFO tempest.lib.common.rest_client [req-7496a53b-4d14-46bf-ac30-7e1438c76c2d req-7496a53b-4d14-46bf-ac30-7e1438c76c2d ] Request (ServicesAdminNegativeV253TestJSON:setUpClass): 201 POST http://10.180.1.21/identity/v3/auth/tokens 0.026s
2025-11-25 21:38:13.446 66941 INFO tempest.lib.common.rest_client [req-3cd54c15-7b3f-4e62-84c3-526dd1bb4188 req-3cd54c15-7b3f-4e62-84c3-526dd1bb4188 ] Request (SecurityGroupRulesTestJSON:test_security_group_rules_create): 200 POST http://10.180.1.21/compute/v2.1/os-security-group-rules 2.836s
2025-11-25 21:38:13.458 66907 INFO tempest.lib.common.rest_client [req-05092d5b-661e-4a46-a16b-bb7c351cf14b req-05092d5b-661e-4a46-a16b-bb7c351cf14b ] Request (ServersWithSpecificFlavorTestJSON:test_verify_created_server_ephemeral_disk): 200 GET http://10.180.1.21/compute/v2.1/flavors/42/os-extra_specs 2.404s
2025-11-25 21:38:13.465 66915 INFO tempest.lib.common.rest_client [req-e11e158d-8e86-4db3-a1eb-9d917611dad1 req-e11e158d-8e86-4db3-a1eb-9d917611dad1 ] Request (ServicesAdminNegativeV253TestJSON:setUpClass): 200 GET http://10.180.1.21/identity/v3/domains?name=Default 0.028s
2025-11-25 21:38:13.492 66915 INFO tempest.lib.common.rest_client [req-e2ea6454-f4c6-4b78-ab7d-dc839a62260c req-e2ea6454-f4c6-4b78-ab7d-dc839a62260c ] Request (ServicesAdminNegativeV253TestJSON:setUpClass): 201 POST http://10.180.1.21/identity/v3/projects 0.026s
2025-11-25 21:38:13.514 66931 INFO tempest.lib.common.rest_client [req-803ce1f9-ed49-404f-a30a-85689e3edd0b req-803ce1f9-ed49-404f-a30a-85689e3edd0b ] Request (ImagesTestJSON:test_create_image_from_stopped_server): 200 GET http://10.180.1.21/compute/v2.1/servers/a0a101d8-3f14-4382-8d15-fbf5a8d0969e 2.555s
2025-11-25 21:38:13.550 66915 INFO tempest.lib.common.rest_client [req-e8c16106-e2ef-4012-8eba-52e5006afdb7 req-e8c16106-e2ef-4012-8eba-52e5006afdb7 ] Request (ServicesAdminNegativeV253TestJSON:setUpClass): 201 POST http://10.180.1.21/identity/v3/users 0.058s
2025-11-25 21:38:13.574 66915 INFO tempest.lib.common.rest_client [req-06fdc106-9a8e-4675-97f5-00cc46efe621 req-06fdc106-9a8e-4675-97f5-00cc46efe621 ] Request (ServicesAdminNegativeV253TestJSON:setUpClass): 200 GET http://10.180.1.21/identity/v3/roles 0.023s
2025-11-25 21:38:13.602 66915 INFO tempest.lib.common.rest_client [req-690c925a-32c4-4d9d-b8f7-8b0b195983bb req-690c925a-32c4-4d9d-b8f7-8b0b195983bb ] Request (ServicesAdminNegativeV253TestJSON:setUpClass): 204 PUT http://10.180.1.21/identity/v3/projects/46b10cadf9a74d23abd3edb9b6e7ae25/users/76af95f12be74e4c9e647ab90c543fc6/roles/6f0716056b4948dc8e1e6997044e220f 0.028s
2025-11-25 21:38:13.603 66915 INFO tempest.lib.common.dynamic_creds [-] Dynamic test user 76af95f12be74e4c9e647ab90c543fc6 is created with scope project and roles: ['member']
2025-11-25 21:38:13.603 66915 INFO tempest.lib.common.dynamic_creds [-] Acquired dynamic creds: credentials: Credentials: {'domain_id': 'default', 'domain_name': 'Default', 'username': 'tempest-ServicesAdminNegativeV253TestJSON-1015080993-project-member', 'project_domain_id': 'default', 'project_domain_name': 'Default', 'project_id': '46b10cadf9a74d23abd3edb9b6e7ae25', 'project_name': 'tempest-ServicesAdminNegativeV253TestJSON-1015080993', 'tenant_id': '46b10cadf9a74d23abd3edb9b6e7ae25', 'tenant_name': 'tempest-ServicesAdminNegativeV253TestJSON-1015080993', 'user_domain_id': 'default', 'user_domain_name': 'Default', 'user_id': '76af95f12be74e4c9e647ab90c543fc6', 'system': None}, Network: None, Subnet: None, Router: None
2025-11-25 21:38:13.603 66915 INFO tempest.lib.common.dynamic_creds [-] Created isolated network resources for: credentials: Credentials: {'domain_id': 'default', 'domain_name': 'Default', 'username': 'tempest-ServicesAdminNegativeV253TestJSON-1015080993-project-member', 'project_domain_id': 'default', 'project_domain_name': 'Default', 'project_id': '46b10cadf9a74d23abd3edb9b6e7ae25', 'project_name': 'tempest-ServicesAdminNegativeV253TestJSON-1015080993', 'tenant_id': '46b10cadf9a74d23abd3edb9b6e7ae25', 'tenant_name': 'tempest-ServicesAdminNegativeV253TestJSON-1015080993', 'user_domain_id': 'default', 'user_domain_name': 'Default', 'user_id': '76af95f12be74e4c9e647ab90c543fc6', 'system': None}, Network: None, Subnet: None, Router: None
2025-11-25 21:38:13.605 66955 INFO tempest.lib.common.rest_client [req-f094909d-7efe-4563-97bf-189edec5c601 req-f094909d-7efe-4563-97bf-189edec5c601 ] Request (ImagesOneServerNegativeTestJSON:setUpClass): 200 GET http://10.180.1.21/compute/v2.1/servers/09c3f5af-ee51-4777-8439-906517d9b95e 1.681s
2025-11-25 21:38:13.675 66915 INFO tempest.lib.common.rest_client [req-6e095813-7ada-4cad-a92c-71a75357fbb2 req-6e095813-7ada-4cad-a92c-71a75357fbb2 ] Request (ServicesAdminNegativeV253TestJSON:setUpClass): 201 POST http://10.180.1.21/identity/v3/auth/tokens 0.065s
2025-11-25 21:38:13.727 66935 INFO tempest.lib.common.rest_client [req-4cb2299d-683c-45ce-971d-c2b969a3988f req-4cb2299d-683c-45ce-971d-c2b969a3988f ] Request (ServersListShow296Test:test_list_show_update_rebuild_server_296): 202 POST http://10.180.1.21/compute/v2.1/servers 2.014s
2025-11-25 21:38:13.735 66915 INFO tempest.lib.common.rest_client [req-129cd7d1-ab66-48cf-b637-b04c6160b4e9 req-129cd7d1-ab66-48cf-b637-b04c6160b4e9 ] Request (ServicesAdminNegativeV253TestJSON:setUpClass): 201 POST http://10.180.1.21/identity/v3/projects 0.060s
2025-11-25 21:38:13.809 66915 INFO tempest.lib.common.rest_client [req-a170ecdd-353a-4408-9775-04192f2e6f37 req-a170ecdd-353a-4408-9775-04192f2e6f37 ] Request (ServicesAdminNegativeV253TestJSON:setUpClass): 201 POST http://10.180.1.21/identity/v3/users 0.072s
2025-11-25 21:38:13.830 66915 INFO tempest.lib.common.rest_client [req-65762a5a-99f0-476f-8611-6574257607a2 req-65762a5a-99f0-476f-8611-6574257607a2 ] Request (ServicesAdminNegativeV253TestJSON:setUpClass): 200 GET http://10.180.1.21/identity/v3/roles 0.021s
2025-11-25 21:38:13.862 66915 INFO tempest.lib.common.rest_client [req-50a8351d-b284-4973-9419-ed4385e67e4c req-50a8351d-b284-4973-9419-ed4385e67e4c ] Request (ServicesAdminNegativeV253TestJSON:setUpClass): 204 PUT http://10.180.1.21/identity/v3/projects/a571eda4b57343b2bb1803bc6d2ee91d/users/e8f86c33f68446f2ad17c1fe6dc60c83/roles/526fdef0ffb64a69a49b31ef1aff3062 0.031s
2025-11-25 21:38:13.912 66915 INFO tempest.lib.common.rest_client [req-c8be1559-24e1-4da8-9abc-0de16fe879bd req-c8be1559-24e1-4da8-9abc-0de16fe879bd ] Request (ServicesAdminNegativeV253TestJSON:setUpClass): 200 GET http://10.180.1.21/identity/v3/roles 0.050s
2025-11-25 21:38:13.929 66915 INFO tempest.lib.common.rest_client [req-5cabc4a9-88c3-4bd9-9d9c-e5659ebc4700 req-5cabc4a9-88c3-4bd9-9d9c-e5659ebc4700 ] Request (ServicesAdminNegativeV253TestJSON:setUpClass): 204 PUT http://10.180.1.21/identity/v3/projects/a571eda4b57343b2bb1803bc6d2ee91d/users/e8f86c33f68446f2ad17c1fe6dc60c83/roles/526fdef0ffb64a69a49b31ef1aff3062 0.016s
2025-11-25 21:38:13.929 66915 INFO tempest.lib.common.dynamic_creds [-] Dynamic test user e8f86c33f68446f2ad17c1fe6dc60c83 is created with scope project and roles: ['admin']
2025-11-25 21:38:13.929 66915 INFO tempest.lib.common.dynamic_creds [-] Acquired dynamic creds: credentials: Credentials: {'domain_id': 'default', 'domain_name': 'Default', 'username': 'tempest-ServicesAdminNegativeV253TestJSON-1172531322-project-admin', 'project_domain_id': 'default', 'project_domain_name': 'Default', 'project_id': 'a571eda4b57343b2bb1803bc6d2ee91d', 'project_name': 'tempest-ServicesAdminNegativeV253TestJSON-1172531322', 'tenant_id': 'a571eda4b57343b2bb1803bc6d2ee91d', 'tenant_name': 'tempest-ServicesAdminNegativeV253TestJSON-1172531322', 'user_domain_id': 'default', 'user_domain_name': 'Default', 'user_id': 'e8f86c33f68446f2ad17c1fe6dc60c83', 'system': None}, Network: None, Subnet: None, Router: None
2025-11-25 21:38:13.929 66915 INFO tempest.lib.common.dynamic_creds [-] Created isolated network resources for: credentials: Credentials: {'domain_id': 'default', 'domain_name': 'Default', 'username': 'tempest-ServicesAdminNegativeV253TestJSON-1172531322-project-admin', 'project_domain_id': 'default', 'project_domain_name': 'Default', 'project_id': 'a571eda4b57343b2bb1803bc6d2ee91d', 'project_name': 'tempest-ServicesAdminNegativeV253TestJSON-1172531322', 'tenant_id': 'a571eda4b57343b2bb1803bc6d2ee91d', 'tenant_name': 'tempest-ServicesAdminNegativeV253TestJSON-1172531322', 'user_domain_id': 'default', 'user_domain_name': 'Default', 'user_id': 'e8f86c33f68446f2ad17c1fe6dc60c83', 'system': None}, Network: None, Subnet: None, Router: None
2025-11-25 21:38:13.941 66921 INFO tempest.lib.common.rest_client [req-958c0741-0466-43d1-a28c-7c9c39459fab req-958c0741-0466-43d1-a28c-7c9c39459fab ] Request (InstanceActionsTestJSON:setUpClass): 200 GET http://10.180.1.21/compute/v2.1/servers/e29672a5-aa34-4014-92bf-23e98fae7c62 2.007s
2025-11-25 21:38:13.963 66953 INFO tempest.lib.common.rest_client [req-15e474f6-b532-4164-9e26-02f91612789e req-15e474f6-b532-4164-9e26-02f91612789e ] Request (ComputeTenantNetworksTest:test_list_show_tenant_networks): 200 GET http://10.180.1.21/compute/v2.1/os-tenant-networks/be5e5f76-cc18-4b79-a294-449bfa636a59 2.003s
2025-11-25 21:38:14.023 66915 INFO tempest.lib.common.rest_client [req-94ffd335-8744-4921-b68b-57794cc6754b req-94ffd335-8744-4921-b68b-57794cc6754b ] Request (ServicesAdminNegativeV253TestJSON:setUpClass): 201 POST http://10.180.1.21/identity/v3/auth/tokens 0.091s
2025-11-25 21:38:14.072 66927 INFO tempest.lib.common.rest_client [req-1a440dc1-86fc-4776-b533-d3e9d472bf76 req-1a440dc1-86fc-4776-b533-d3e9d472bf76 ] Request (FlavorsExtraSpecsNegativeTestJSON:test_flavor_non_admin_unset_keys): 403 DELETE http://10.180.1.21/compute/v2.1/flavors/1743229710/os-extra_specs/hw:numa_nodes 1.983s
2025-11-25 21:38:14.103 66905 INFO tempest.lib.common.rest_client [req-33638ffa-898f-4e19-b78b-c4e48c4813c3 req-33638ffa-898f-4e19-b78b-c4e48c4813c3 ] Request (FlavorsAdminTestJSON:test_create_flavor_verify_entry_in_list_details): 200 GET http://10.180.1.21/compute/v2.1/flavors/detail 1.987s
2025-11-25 21:38:14.269 66953 INFO tempest.lib.common.rest_client [req-5ee2f782-13a5-4b71-afc0-592a83006373 req-5ee2f782-13a5-4b71-afc0-592a83006373 ] Request (ComputeTenantNetworksTest:tearDownClass): 204 DELETE http://10.180.1.21/networking/v2.0/networks/be5e5f76-cc18-4b79-a294-449bfa636a59 0.298s
2025-11-25 21:38:14.343 66959 INFO tempest.lib.common.rest_client [req-de00e2f6-bc88-426c-a099-b713c5d2ab64 req-de00e2f6-bc88-426c-a099-b713c5d2ab64 ] Request (ServerDiagnosticsV248Test:test_get_server_diagnostics): 200 GET http://10.180.1.21/compute/v2.1/servers/9e640f4b-2d28-40d2-83f7-f1de2641dcb8 2.058s
2025-11-25 21:38:14.409 66953 INFO tempest.lib.common.rest_client [req-dbb45307-0163-4e16-a99d-6b815c2998e3 req-dbb45307-0163-4e16-a99d-6b815c2998e3 ] Request (ComputeTenantNetworksTest:tearDownClass): 204 DELETE http://10.180.1.21/identity/v3/users/44290aafaeea4504ad94c34d31d2eee7 0.139s
2025-11-25 21:38:14.409 66953 INFO tempest.lib.common.dynamic_creds [-] Deleting project and security group for project: 0285634e691a454884800d4e07019cd2
2025-11-25 21:38:14.487 66953 INFO tempest.lib.common.rest_client [req-b396cb78-7074-48c6-84b3-d159f1b90193 req-b396cb78-7074-48c6-84b3-d159f1b90193 ] Request (ComputeTenantNetworksTest:tearDownClass): 200 GET http://10.180.1.21/networking/v2.0/security-groups?tenant_id=0285634e691a454884800d4e07019cd2&name=default 0.077s
2025-11-25 21:38:14.521 66961 INFO tempest.lib.common.rest_client [req-1b94a9fe-5e23-4c53-a17e-a516a4496b0c req-1b94a9fe-5e23-4c53-a17e-a516a4496b0c ] Request (DeleteServersAdminTestJSON:test_admin_delete_servers_of_others): 200 GET http://10.180.1.21/compute/v2.1/servers/34219aee-3832-4bc1-a38c-7a521db25b72 2.221s
2025-11-25 21:38:14.620 66953 INFO tempest.lib.common.rest_client [req-78ce9f96-9606-4778-8c49-76debe0aa738 req-78ce9f96-9606-4778-8c49-76debe0aa738 ] Request (ComputeTenantNetworksTest:tearDownClass): 204 DELETE http://10.180.1.21/networking/v2.0/security-groups/80037c54-d2fb-4653-a172-dae0b84389a2 0.133s
2025-11-25 21:38:14.711 66953 INFO tempest.lib.common.rest_client [req-d07a7616-2b59-4530-8527-9dfc031d97b0 req-d07a7616-2b59-4530-8527-9dfc031d97b0 ] Request (ComputeTenantNetworksTest:tearDownClass): 204 DELETE http://10.180.1.21/identity/v3/projects/0285634e691a454884800d4e07019cd2 0.091s
2025-11-25 21:38:14.733 66958 INFO tempest.lib.common.rest_client [req-22fee9eb-1083-4b4d-ae84-794c0c03e237 req-22fee9eb-1083-4b4d-ae84-794c0c03e237 ] Request (ImagesOneServerTestJSON:setUpClass): 200 GET http://10.180.1.21/compute/v2.1/servers/99238f65-3530-429b-8a64-3882a30d0e1d 2.250s
2025-11-25 21:38:14.743 66958 INFO tempest.common.waiters [-] State transition "BUILD/networking" ==> "BUILD/spawning" after 6 second wait
2025-11-25 21:38:14.888 66963 INFO tempest.lib.common.rest_client [req-bfee86dc-b3dc-469b-b8af-b155a1164cf7 req-bfee86dc-b3dc-469b-b8af-b155a1164cf7 ] Request (HypervisorAdminNegativeUnderV252Test:test_search_hypervisor_with_non_admin_user): 200 GET http://10.180.1.21/compute/v2.1/os-hypervisors 2.346s
2025-11-25 21:38:15.570 66923 INFO tempest.lib.common.rest_client [req-98b34a9a-38c6-472b-98e8-dcbe8330e682 req-98b34a9a-38c6-472b-98e8-dcbe8330e682 ] Request (FloatingIPDetailsTestJSON:test_get_floating_ip_details): 200 POST http://10.180.1.21/compute/v2.1/os-floating-ips 2.686s
2025-11-25 21:38:15.609 66909 INFO tempest.lib.common.rest_client [req-d9aec2f9-477f-4593-86cf-49f0e122f348 req-d9aec2f9-477f-4593-86cf-49f0e122f348 ] Request (ListImageFiltersTestJSON:setUpClass): 200 GET http://10.180.1.21/compute/v2.1/images/83c38211-9920-4ec9-b543-c91cfe490dc8 2.701s
2025-11-25 21:38:15.665 66903 INFO tempest.lib.common.rest_client [req-1e2e13d3-4dc2-4eb1-8834-bbf5f1111195 req-1e2e13d3-4dc2-4eb1-8834-bbf5f1111195 ] Request (ServerDiagnosticsNegativeTest:test_get_server_diagnostics_by_non_admin): 200 GET http://10.180.1.21/compute/v2.1/servers/d663ef07-5887-4171-913e-aea55779200e 2.696s
2025-11-25 21:38:15.690 66951 INFO tempest.lib.common.rest_client [req-7f96ad81-99b2-44a4-863a-a4bfd093a1fe req-7f96ad81-99b2-44a4-863a-a4bfd093a1fe ] Request (FlavorsAccessTestJSON:test_flavor_access_add_remove): 200 GET http://10.180.1.21/compute/v2.1/flavors/detail 2.691s
2025-11-25 21:38:15.696 66911 INFO tempest.lib.common.rest_client [req-bca4bb91-ccb8-4888-8a4b-0684511b07b3 req-bca4bb91-ccb8-4888-8a4b-0684511b07b3 ] Request (HypervisorAdminNegativeTestJSON:test_get_nonexistent_hypervisor_uptime): 404 GET http://10.180.1.21/compute/v2.1/os-hypervisors/6e680d8e-517d-4884-951f-d2a92bd51f9d/uptime 2.690s
2025-11-25 21:38:15.907 66947 INFO tempest.lib.common.rest_client [req-564bb42a-dd56-47d7-b1fd-45a584ddd476 req-564bb42a-dd56-47d7-b1fd-45a584ddd476 ] Request (SecurityGroupsTestAdminJSON:test_list_security_groups_list_all_tenants_filter): 200 GET http://10.180.1.21/compute/v2.1/os-security-groups?all_tenants=true 3.847s
2025-11-25 21:38:15.927 66919 INFO tempest.lib.common.rest_client [req-0796418d-e44f-4f33-851e-f24ee9839eca req-0796418d-e44f-4f33-851e-f24ee9839eca ] Request (FlavorsV261TestJSON:_run_cleanups): 202 DELETE http://10.180.1.21/compute/v2.1/flavors/1823551053 2.881s
2025-11-25 21:38:15.946 66913 INFO tempest.lib.common.rest_client [req-4937df5f-1b5f-4ef0-9fd6-bb6955b8ad04 req-4937df5f-1b5f-4ef0-9fd6-bb6955b8ad04 ] Request (ServicesAdminNegativeTestJSON:test_get_service_with_valid_service_and_invalid_host): 200 GET http://10.180.1.21/compute/v2.1/os-services?host=xxx&binary=nova-scheduler 2.895s
2025-11-25 21:38:15.957 66943 INFO tempest.lib.common.rest_client [req-cd7fc09c-01b9-46f7-a169-d3b808835984 req-cd7fc09c-01b9-46f7-a169-d3b808835984 ] Request (AggregatesAdminNegativeTestJSON:_run_cleanups): 200 POST http://10.180.1.21/compute/v2.1/os-aggregates/1/action 2.928s
2025-11-25 21:38:15.960 66949 INFO tempest.lib.common.rest_client [req-07d81204-d0ee-4fa2-a8bb-1b53eb0d8d18 req-07d81204-d0ee-4fa2-a8bb-1b53eb0d8d18 ] Request (QuotaClassesAdmin257Test:test_update_default_quotas): 200 GET http://10.180.1.21/compute/v2.1/os-quota-class-sets/default 2.815s
2025-11-25 21:38:15.974 66945 INFO tempest.lib.common.rest_client [req-f5504da6-f4e3-4f0c-a801-03d0daf54288 req-f5504da6-f4e3-4f0c-a801-03d0daf54288 ] Request (FlavorsAccessNegativeTestJSON:_run_cleanups): 202 DELETE http://10.180.1.21/compute/v2.1/flavors/1775268706 2.712s
2025-11-25 21:38:15.975 66934 INFO tempest.lib.common.rest_client [req-51a46d00-ddfa-420b-8c97-2be41aadd534 req-51a46d00-ddfa-420b-8c97-2be41aadd534 ] Request (FlavorsExtraSpecsTestJSON:test_flavor_set_get_update_show_unset_keys): 200 POST http://10.180.1.21/compute/v2.1/flavors/895211002/os-extra_specs 2.818s
2025-11-25 21:38:15.992 66925 INFO tempest.lib.common.rest_client [req-abfbf572-29c2-464f-b1f5-43f266d4acc6 req-abfbf572-29c2-464f-b1f5-43f266d4acc6 ] Request (KeyPairsV2TestJSON:_run_cleanups): 202 DELETE http://10.180.1.21/compute/v2.1/os-keypairs/tempest-keypair-670599586 2.568s
2025-11-25 21:38:16.092 66939 INFO tempest.lib.common.rest_client [req-e1a12101-5163-4682-8844-3a932dd4b80a req-e1a12101-5163-4682-8844-3a932dd4b80a ] Request (QuotasAdminNegativeTest:test_create_server_when_instances_quota_is_full): 200 PUT http://10.180.1.21/compute/v2.1/os-quota-sets/8ec74d21688b4275afe427a9fd15c796 2.697s
2025-11-25 21:38:16.111 66907 INFO tempest.lib.common.rest_client [req-c98dc61c-432d-499b-950d-abd4b355face req-c98dc61c-432d-499b-950d-abd4b355face ] Request (ServersWithSpecificFlavorTestJSON:test_verify_created_server_ephemeral_disk): 200 POST http://10.180.1.21/compute/v2.1/flavors/380953464/os-extra_specs 2.651s
2025-11-25 21:38:16.117 66941 INFO tempest.lib.common.rest_client [req-00e29e5e-24a8-470c-b0dd-f1fcb18e74c5 req-00e29e5e-24a8-470c-b0dd-f1fcb18e74c5 ] Request (SecurityGroupRulesTestJSON:test_security_group_rules_create_with_optional_cidr): 200 POST http://10.180.1.21/compute/v2.1/os-security-groups 2.666s
2025-11-25 21:38:16.165 66939 INFO tempest.lib.common.rest_client [req-659306c7-538c-4a56-8114-d03cee29938a req-659306c7-538c-4a56-8114-d03cee29938a ] Request (QuotasAdminNegativeTest:test_create_server_when_instances_quota_is_full): 201 POST http://10.180.1.21/identity/v3/auth/tokens 0.067s
2025-11-25 21:38:16.166 66939 INFO tempest.lib.common.fixed_network [-] (QuotasAdminNegativeTest:test_create_server_when_instances_quota_is_full) Found network None available for tenant
2025-11-25 21:38:16.206 66915 INFO tempest.lib.common.rest_client [req-95315232-cfd3-4307-94f6-db19bbb3db6d req-95315232-cfd3-4307-94f6-db19bbb3db6d ] Request (ServicesAdminNegativeV253TestJSON:test_disable_log_reason_with_invalid_service_id): 404 PUT http://10.180.1.21/compute/v2.1/os-services/63de29b2-82fe-43a1-9b99-0ab552ba0778 2.181s
2025-11-25 21:38:16.213 66935 INFO tempest.lib.common.rest_client [req-abd0b2a6-174d-4335-8691-0248df64483a req-abd0b2a6-174d-4335-8691-0248df64483a ] Request (ServersListShow296Test:test_list_show_update_rebuild_server_296): 200 GET http://10.180.1.21/compute/v2.1/servers/1aabc097-1cd5-4a2f-9075-ccd916d76790 2.484s
2025-11-25 21:38:16.225 66927 INFO tempest.lib.common.rest_client [req-cc202233-6da5-4063-95f7-2a78226dd8a8 req-cc202233-6da5-4063-95f7-2a78226dd8a8 ] Request (FlavorsExtraSpecsNegativeTestJSON:test_flavor_non_admin_update_specific_key): 200 POST http://10.180.1.21/compute/v2.1/flavors/1743229710/os-extra_specs 2.152s
2025-11-25 21:38:16.229 66905 INFO tempest.lib.common.rest_client [req-97dbcb45-4d4b-45b5-9058-d64916b0c131 req-97dbcb45-4d4b-45b5-9058-d64916b0c131 ] Request (FlavorsAdminTestJSON:_run_cleanups): 202 DELETE http://10.180.1.21/compute/v2.1/flavors/1602677237 2.119s
