2025-11-25 21:40:27.893 66917 INFO tempest.lib.common.rest_client [req-d272f93f-d409-4521-bfc9-3d64e8cdb7ec req-d272f93f-d409-4521-bfc9-3d64e8cdb7ec ] Request (KeyPairsNegativeTestJSON:test_create_keypair_with_long_keynames): 400 POST http://10.180.1.21/compute/v2.1/os-keypairs 4.450s
2025-11-25 21:40:28.230 66923 INFO tempest.lib.common.rest_client [req-6e550e28-62e1-43b1-862f-34821ec057ed req-6e550e28-62e1-43b1-862f-34821ec057ed ] Request (ServerActionsTestOtherB:test_create_backup): 200 GET http://10.180.1.21/image/v2/images/b9cf4ade-6208-40ea-a685-71d0787d9eb8 0.026s
2025-11-25 21:40:28.509 66958 INFO tempest.lib.common.rest_client [req-c3ef4fbb-cbc8-4dca-a375-f8aeb57361b7 req-c3ef4fbb-cbc8-4dca-a375-f8aeb57361b7 ] Request (ServersTestJSON:setUpClass): 201 POST http://10.180.1.21/networking/v2.0/routers 1.261s
2025-11-25 21:40:28.549 66961 INFO tempest.lib.common.rest_client [req-70d06079-200d-4dbb-9e14-22390b0b01e6 req-70d06079-200d-4dbb-9e14-22390b0b01e6 ] Request (VolumesAdminNegativeTest:test_update_attached_volume_with_nonexistent_volume_in_uri): 200 GET http://10.180.1.21/compute/v2.1/servers/e235fb78-d917-4f0d-b10c-0b2146a5219f 5.584s
2025-11-25 21:40:28.656 66911 INFO tempest.lib.common.rest_client [req-f0399f53-35e8-4910-b3e6-6b09e3031538 req-f0399f53-35e8-4910-b3e6-6b09e3031538 ] Request (FloatingIPsAssociationNegativeTestJSON:tearDownClass): 200 PUT http://10.180.1.21/networking/v2.0/routers/00e4f019-173e-47a0-8bbe-01fc54c4d95e/remove_router_interface 1.165s
2025-11-25 21:40:28.699 66927 INFO tempest.lib.common.rest_client [req-f02a20a9-dba6-4097-95b5-3f305d2f3362 req-f02a20a9-dba6-4097-95b5-3f305d2f3362 ] Request (ServersListShow2100Test:test_list_show_rebuild_update_server_2100): 200 GET http://10.180.1.21/compute/v2.1/servers/c9efa747-fb6b-4e92-ac7e-f895a0131ba7 5.220s
2025-11-25 21:40:28.780 66939 INFO tempest.lib.common.rest_client [req-50aca5e6-4e18-4e29-b6f4-6b70f8d071c8 req-50aca5e6-4e18-4e29-b6f4-6b70f8d071c8 ] Request (ListServerFiltersTestJSON:test_list_servers_filter_by_shutoff_status): 202 POST http://10.180.1.21/compute/v2.1/servers/3e93669a-18af-4340-8a5b-f8acad45e87d/action 3.890s
2025-11-25 21:40:28.815 66929 INFO tempest.lib.common.rest_client [req-e12ceea4-7faf-4e3b-8470-f585dce57249 req-e12ceea4-7faf-4e3b-8470-f585dce57249 ] Request (ServerActionsTestOtherA:setUpClass): 201 POST http://10.180.1.21/networking/v2.0/security-groups 1.012s
2025-11-25 21:40:29.269 66923 INFO tempest.lib.common.rest_client [req-2a93f0f6-733d-4cdc-a7f6-df263c89fb40 req-2a93f0f6-733d-4cdc-a7f6-df263c89fb40 ] Request (ServerActionsTestOtherB:test_create_backup): 200 GET http://10.180.1.21/image/v2/images/b9cf4ade-6208-40ea-a685-71d0787d9eb8 0.038s
2025-11-25 21:40:29.354 66911 INFO tempest.lib.common.rest_client [req-75fb490a-a4d3-4a58-99ce-86a67c8e62cf req-75fb490a-a4d3-4a58-99ce-86a67c8e62cf ] Request (FloatingIPsAssociationNegativeTestJSON:tearDownClass): 204 DELETE http://10.180.1.21/networking/v2.0/routers/00e4f019-173e-47a0-8bbe-01fc54c4d95e 0.697s
2025-11-25 21:40:29.754 66958 INFO tempest.lib.common.rest_client [req-ca2e45e9-2d0d-4762-a1e7-4a1673e68731 req-ca2e45e9-2d0d-4762-a1e7-4a1673e68731 ] Request (ServersTestJSON:setUpClass): 200 PUT http://10.180.1.21/networking/v2.0/routers/1bb794d5-138f-40f8-8239-4788910f2fe0/add_router_interface 1.245s
2025-11-25 21:40:29.755 66958 INFO tempest.lib.common.dynamic_creds [-] Created isolated network resources for: credentials: Credentials: {'domain_id': 'default', 'domain_name': 'Default', 'username': 'tempest-ServersTestJSON-1766758565-project-member', 'project_domain_id': 'default', 'project_domain_name': 'Default', 'project_id': '542d3fe1f35b4fae826b3900ee79128c', 'project_name': 'tempest-ServersTestJSON-1766758565', 'tenant_id': '542d3fe1f35b4fae826b3900ee79128c', 'tenant_name': 'tempest-ServersTestJSON-1766758565', 'user_domain_id': 'default', 'user_domain_name': 'Default', 'user_id': 'cad639d17dd240688310da9bc2761ace', 'system': None}, Network: {'id': 'f51469b8-699f-4dfe-916f-3bcad640d423', 'name': 'tempest-ServersTestJSON-739283215-network', 'tenant_id': '542d3fe1f35b4fae826b3900ee79128c', 'project_id': '542d3fe1f35b4fae826b3900ee79128c', 'admin_state_up': True, 'mtu': 8950, 'status': 'ACTIVE', 'subnets': [], 'shared': False, 'port_security_enabled': True, 'router:external': False, 'provider:network_type': 'vlan', 'provider:physical_network': 'default', 'provider:segmentation_id': 97, 'availability_zone_hints': [], 'availability_zones': [], 'ipv4_address_scope': None, 'ipv6_address_scope': None, 'description': '', 'tags': [], 'created_at': '2025-11-25T21:40:26Z', 'updated_at': '2025-11-25T21:40:26Z', 'revision_number': 1}, Subnet: {'id': 'a336db37-4136-4c13-ab06-5b57308d2ff0', 'name': 'tempest-ServersTestJSON-739283215-subnet', 'tenant_id': '542d3fe1f35b4fae826b3900ee79128c', 'network_id': 'f51469b8-699f-4dfe-916f-3bcad640d423', 'ip_version': 4, 'subnetpool_id': None, 'enable_dhcp': True, 'ipv6_ra_mode': None, 'ipv6_address_mode': None, 'gateway_ip': '192.168.128.1', 'cidr': '192.168.128.0/28', 'allocation_pools': [{'start': '192.168.128.2', 'end': '192.168.128.14'}], 'host_routes': [], 'dns_nameservers': [], 'description': '', 'router:external': False, 'service_types': [], 'tags': [], 'created_at': '2025-11-25T21:40:27Z', 'updated_at': '2025-11-25T21:40:27Z', 'revision_number': 0, 'project_id': '542d3fe1f35b4fae826b3900ee79128c'}, Router: {'id': '1bb794d5-138f-40f8-8239-4788910f2fe0', 'name': 'tempest-ServersTestJSON-739283215-router', 'tenant_id': '542d3fe1f35b4fae826b3900ee79128c', 'admin_state_up': True, 'status': 'ACTIVE', 'external_gateway_info': {'network_id': '9a77743a-49c6-41dd-aadb-c8ace2847254', 'external_fixed_ips': [{'subnet_id': '33cabf04-ecad-4bec-9dd8-96d38615e4cc', 'ip_address': '10.180.180.202'}], 'enable_snat': True}, 'description': '', 'availability_zones': [], 'distributed': False, 'ha': False, 'availability_zone_hints': [], 'routes': [], 'flavor_id': None, 'tags': [], 'created_at': '2025-11-25T21:40:27Z', 'updated_at': '2025-11-25T21:40:28Z', 'revision_number': 2, 'project_id': '542d3fe1f35b4fae826b3900ee79128c'}
2025-11-25 21:40:29.813 66937 INFO tempest.lib.common.rest_client [req-9514e6d2-f164-45c8-bd24-7aadf0b27e88 req-9514e6d2-f164-45c8-bd24-7aadf0b27e88 ] Request (FloatingIPsAssociationTestJSON:tearDownClass): 200 GET http://10.180.1.21/compute/v2.1/servers/e06d1ff1-163c-411f-81fa-52f4a96acf58 4.437s
2025-11-25 21:40:29.878 66929 INFO tempest.lib.common.rest_client [req-337d856e-8d0d-48c9-8b08-d8bea8c5e956 req-337d856e-8d0d-48c9-8b08-d8bea8c5e956 ] Request (ServerActionsTestOtherA:setUpClass): 201 POST http://10.180.1.21/networking/v2.0/security-group-rules 1.062s
2025-11-25 21:40:29.885 66958 INFO tempest.lib.common.rest_client [req-05b85828-4937-4689-b2d5-7ba11fabb2ae req-05b85828-4937-4689-b2d5-7ba11fabb2ae ] Request (ServersTestJSON:setUpClass): 201 POST http://10.180.1.21/identity/v3/auth/tokens 0.123s
2025-11-25 21:40:29.912 66958 INFO tempest.lib.common.rest_client [req-abcc76f5-13ae-469d-afe2-bf43a3382b12 req-abcc76f5-13ae-469d-afe2-bf43a3382b12 ] Request (ServersTestJSON:setUpClass): 200 GET http://10.180.1.21/identity/v3/projects/542d3fe1f35b4fae826b3900ee79128c 0.026s
2025-11-25 21:40:29.913 66958 INFO tempest.lib.common.dynamic_creds [-] Using the existing project 542d3fe1f35b4fae826b3900ee79128c for scope project and roles: ['reader']
2025-11-25 21:40:29.920 66965 INFO tempest.lib.common.rest_client [req-eb2725d9-17b2-4371-9b66-f03382ce930f req-eb2725d9-17b2-4371-9b66-f03382ce930f ] Request (ServersAdminTestJSON:setUpClass): 200 GET http://10.180.1.21/compute/v2.1/servers/ed47b0c0-0a1b-4f8a-bdd3-241aaaf506b5 5.564s
2025-11-25 21:40:29.932 66965 INFO tempest.common.waiters [-] State transition "BUILD/spawning" ==> "ACTIVE/None" after 28 second wait
2025-11-25 21:40:29.949 66958 INFO tempest.lib.common.rest_client [req-d463af43-d597-449e-8bd9-b4246a3e96e5 req-d463af43-d597-449e-8bd9-b4246a3e96e5 ] Request (ServersTestJSON:setUpClass): 201 POST http://10.180.1.21/identity/v3/users 0.036s
2025-11-25 21:40:29.951 66911 INFO tempest.lib.common.rest_client [req-0fd87288-bbce-44c4-951b-8ed2353fe20b req-0fd87288-bbce-44c4-951b-8ed2353fe20b ] Request (FloatingIPsAssociationNegativeTestJSON:tearDownClass): 204 DELETE http://10.180.1.21/networking/v2.0/subnets/15d61236-a456-43b9-82ce-3c99a7ac61b7 0.597s
2025-11-25 21:40:29.970 66958 INFO tempest.lib.common.rest_client [req-2a898e6d-2a76-4cf8-9a33-59a68c7285b3 req-2a898e6d-2a76-4cf8-9a33-59a68c7285b3 ] Request (ServersTestJSON:setUpClass): 200 GET http://10.180.1.21/identity/v3/roles 0.021s
2025-11-25 21:40:29.997 66958 INFO tempest.lib.common.rest_client [req-0a0584a3-396f-4f96-bd58-431b83b961d6 req-0a0584a3-396f-4f96-bd58-431b83b961d6 ] Request (ServersTestJSON:setUpClass): 204 PUT http://10.180.1.21/identity/v3/projects/542d3fe1f35b4fae826b3900ee79128c/users/8ec26163ba494704a8a894c8d3029c4e/roles/090516f6fce74d12838788c26cd820bd 0.026s
2025-11-25 21:40:29.997 66958 INFO tempest.lib.common.dynamic_creds [-] Dynamic test user 8ec26163ba494704a8a894c8d3029c4e is created with scope project and roles: ['reader']
2025-11-25 21:40:29.997 66958 INFO tempest.lib.common.dynamic_creds [-] Acquired dynamic creds: credentials: Credentials: {'domain_id': 'default', 'domain_name': 'Default', 'username': 'tempest-ServersTestJSON-1766758565-project-reader', 'project_domain_id': 'default', 'project_domain_name': 'Default', 'project_id': '542d3fe1f35b4fae826b3900ee79128c', 'project_name': 'tempest-ServersTestJSON-1766758565', 'tenant_id': '542d3fe1f35b4fae826b3900ee79128c', 'tenant_name': 'tempest-ServersTestJSON-1766758565', 'user_domain_id': 'default', 'user_domain_name': 'Default', 'user_id': '8ec26163ba494704a8a894c8d3029c4e', 'system': None}, Network: None, Subnet: None, Router: None
2025-11-25 21:40:29.998 66958 INFO tempest.lib.common.dynamic_creds [-] Network resources are not created for requested scope: project and credentials: Credentials: {'domain_id': 'default', 'domain_name': 'Default', 'username': 'tempest-ServersTestJSON-1766758565-project-reader', 'project_domain_id': 'default', 'project_domain_name': 'Default', 'project_id': '542d3fe1f35b4fae826b3900ee79128c', 'project_name': 'tempest-ServersTestJSON-1766758565', 'tenant_id': '542d3fe1f35b4fae826b3900ee79128c', 'tenant_name': 'tempest-ServersTestJSON-1766758565', 'user_domain_id': 'default', 'user_domain_name': 'Default', 'user_id': '8ec26163ba494704a8a894c8d3029c4e', 'system': None}, Network: None, Subnet: None, Router: None
2025-11-25 21:40:30.025 66903 INFO tempest.lib.common.rest_client [req-dd383ea2-a8ea-4175-9919-3d3f87baa0a8 req-dd383ea2-a8ea-4175-9919-3d3f87baa0a8 ] Request (ListImagesTestJSON:test_get_image): 200 GET http://10.180.1.21/compute/v2.1/images/90ba040e-6772-444d-8b83-042527b41fe2 3.954s
2025-11-25 21:40:30.091 66958 INFO tempest.lib.common.rest_client [req-163015d6-fcf5-4727-8a3c-2a7b2403e764 req-163015d6-fcf5-4727-8a3c-2a7b2403e764 ] Request (ServersTestJSON:setUpClass): 201 POST http://10.180.1.21/identity/v3/auth/tokens 0.091s
2025-11-25 21:40:30.123 66929 INFO tempest.lib.common.rest_client [req-35a4cb61-c060-4e45-af61-9e7ed49ac49a req-35a4cb61-c060-4e45-af61-9e7ed49ac49a ] Request (ServerActionsTestOtherA:setUpClass): 201 POST http://10.180.1.21/networking/v2.0/security-group-rules 0.245s
2025-11-25 21:40:30.162 66958 INFO tempest.lib.common.rest_client [req-425beff7-d29c-4e2a-82a4-68e8f4bff7d4 req-425beff7-d29c-4e2a-82a4-68e8f4bff7d4 ] Request (ServersTestJSON:test_create_server_specify_multibyte_character_name): 201 POST http://10.180.1.21/identity/v3/auth/tokens 0.065s
2025-11-25 21:40:30.163 66958 INFO tempest.lib.common.fixed_network [-] (ServersTestJSON:test_create_server_specify_multibyte_character_name) Found network {'id': 'f51469b8-699f-4dfe-916f-3bcad640d423', 'name': 'tempest-ServersTestJSON-739283215-network', 'tenant_id': '542d3fe1f35b4fae826b3900ee79128c', 'project_id': '542d3fe1f35b4fae826b3900ee79128c', 'admin_state_up': True, 'mtu': 8950, 'status': 'ACTIVE', 'subnets': [], 'shared': False, 'port_security_enabled': True, 'router:external': False, 'provider:network_type': 'vlan', 'provider:physical_network': 'default', 'provider:segmentation_id': 97, 'availability_zone_hints': [], 'availability_zones': [], 'ipv4_address_scope': None, 'ipv6_address_scope': None, 'description': '', 'tags': [], 'created_at': '2025-11-25T21:40:26Z', 'updated_at': '2025-11-25T21:40:26Z', 'revision_number': 1} available for tenant
2025-11-25 21:40:30.296 66923 INFO tempest.lib.common.rest_client [req-25227f6f-2919-4932-8d59-a9055a7b98ef req-25227f6f-2919-4932-8d59-a9055a7b98ef ] Request (ServerActionsTestOtherB:test_create_backup): 200 GET http://10.180.1.21/image/v2/images/b9cf4ade-6208-40ea-a685-71d0787d9eb8 0.025s
2025-11-25 21:40:30.415 66911 INFO tempest.lib.common.rest_client [req-76fc3939-fd97-4a91-9818-5b01dc898435 req-76fc3939-fd97-4a91-9818-5b01dc898435 ] Request (FloatingIPsAssociationNegativeTestJSON:tearDownClass): 204 DELETE http://10.180.1.21/networking/v2.0/networks/b3038177-c6ec-4e7d-99d1-025bede20f20 0.464s
2025-11-25 21:40:30.475 66941 INFO tempest.lib.common.rest_client [req-7ac28138-87f1-450c-a3ed-53b777e8c88a req-7ac28138-87f1-450c-a3ed-53b777e8c88a ] Request (ServersTestManualDisk:setUpClass): 200 GET http://10.180.1.21/compute/v2.1/servers/69777af8-aff4-420f-9239-7147fe813c0b 4.706s
2025-11-25 21:40:30.629 66911 INFO tempest.lib.common.rest_client [req-8829a641-ddfb-4897-b246-4c647c93a9db req-8829a641-ddfb-4897-b246-4c647c93a9db ] Request (FloatingIPsAssociationNegativeTestJSON:tearDownClass): 204 DELETE http://10.180.1.21/identity/v3/users/dbaeb876445a4319b5d573075f75c61a 0.213s
2025-11-25 21:40:30.630 66911 INFO tempest.lib.common.dynamic_creds [-] Deleting project and security group for project: 0b861fad46db4231b5afbbabbe30adbc
2025-11-25 21:40:31.038 66929 INFO tempest.lib.common.rest_client [req-70501054-4f87-43aa-a7f9-524814a61565 req-70501054-4f87-43aa-a7f9-524814a61565 ] Request (ServerActionsTestOtherA:setUpClass): 201 POST http://10.180.1.21/networking/v2.0/floatingips 0.914s
2025-11-25 21:40:31.113 66929 INFO tempest.lib.common.rest_client [req-fa8249af-750f-4713-98c7-503bc81756dd req-fa8249af-750f-4713-98c7-503bc81756dd ] Request (ServerActionsTestOtherA:setUpClass): 201 POST http://10.180.1.21/identity/v3/auth/tokens 0.070s
2025-11-25 21:40:31.113 66929 INFO tempest.lib.common.fixed_network [-] (ServerActionsTestOtherA:setUpClass) Found network {'id': '89c72180-47d3-4a1c-8381-084d5482d0f0', 'name': 'tempest-ServerActionsTestOtherA-1219949968-network', 'tenant_id': '1e2fdfb8d5064062912e73936bc1f491', 'project_id': '1e2fdfb8d5064062912e73936bc1f491', 'admin_state_up': True, 'mtu': 8950, 'status': 'ACTIVE', 'subnets': [], 'shared': False, 'port_security_enabled': True, 'router:external': False, 'provider:network_type': 'vlan', 'provider:physical_network': 'default', 'provider:segmentation_id': 994, 'availability_zone_hints': [], 'availability_zones': [], 'ipv4_address_scope': None, 'ipv6_address_scope': None, 'description': '', 'tags': [], 'created_at': '2025-11-25T21:40:20Z', 'updated_at': '2025-11-25T21:40:20Z', 'revision_number': 1} available for tenant
2025-11-25 21:40:31.206 66911 INFO tempest.lib.common.rest_client [req-97d2d49a-4a38-435d-b280-9acbb4aa2721 req-97d2d49a-4a38-435d-b280-9acbb4aa2721 ] Request (FloatingIPsAssociationNegativeTestJSON:tearDownClass): 200 GET http://10.180.1.21/networking/v2.0/security-groups?tenant_id=0b861fad46db4231b5afbbabbe30adbc&name=default 0.576s
2025-11-25 21:40:31.298 66934 INFO tempest.lib.common.rest_client [req-9233d226-698d-4fbd-81b8-f766f192a6e3 req-9233d226-698d-4fbd-81b8-f766f192a6e3 ] Request (SecurityGroupsTestJSON:test_security_groups_create_list_delete): 200 GET http://10.180.1.21/compute/v2.1/os-security-groups 5.086s
2025-11-25 21:40:31.340 66919 INFO tempest.lib.common.rest_client [req-038fd563-74dc-44e6-aa3e-42345d2bacb0 req-038fd563-74dc-44e6-aa3e-42345d2bacb0 ] Request (ServersAdminNegativeTestJSON:test_migrate_server_invalid_state): 200 GET http://10.180.1.21/compute/v2.1/servers/6bff76d6-a050-4f87-a9df-161ef36eea3e 4.818s
2025-11-25 21:40:31.350 66919 INFO tempest.common.waiters [-] State transition "BUILD/spawning" ==> "ACTIVE/None" after 30 second wait
2025-11-25 21:40:31.458 66911 INFO tempest.lib.common.rest_client [req-bc53eb1c-c8f5-42be-a71b-195b62e9be05 req-bc53eb1c-c8f5-42be-a71b-195b62e9be05 ] Request (FloatingIPsAssociationNegativeTestJSON:tearDownClass): 204 DELETE http://10.180.1.21/networking/v2.0/security-groups/3340a91d-579b-4793-ac7a-116d8d66991a 0.251s
2025-11-25 21:40:31.600 66911 INFO tempest.lib.common.rest_client [req-6466b0ea-606d-411b-8aef-6ed881faf783 req-6466b0ea-606d-411b-8aef-6ed881faf783 ] Request (FloatingIPsAssociationNegativeTestJSON:tearDownClass): 204 DELETE http://10.180.1.21/identity/v3/projects/0b861fad46db4231b5afbbabbe30adbc 0.141s
2025-11-25 21:40:31.614 66955 INFO tempest.lib.common.rest_client [req-15e9a0c8-f904-46e9-896a-8ab65a9968d4 req-15e9a0c8-f904-46e9-896a-8ab65a9968d4 ] Request (ImagesOneServerNegativeTestJSON:_run_cleanups): 200 GET http://10.180.1.21/compute/v2.1/servers/bd0568ea-773b-4587-98e4-f201778a0f5a 4.783s
2025-11-25 21:40:31.644 66907 INFO tempest.lib.common.rest_client [req-a372020f-64d7-4962-b393-cbe468ead761 req-a372020f-64d7-4962-b393-cbe468ead761 ] Request (ServersWithSpecificFlavorTestJSON:test_verify_created_server_ephemeral_disk): 200 GET http://10.180.1.21/compute/v2.1/servers/b48ff87f-44de-4796-aace-dbd3c2da64c1 4.837s
2025-11-25 21:40:31.657 66907 INFO tempest.common.waiters [-] State transition "BUILD/block_device_mapping" ==> "BUILD/spawning" after 25 second wait
2025-11-25 21:40:31.699 66911 INFO tempest.lib.common.rest_client [req-e63e8eda-5c51-4578-b865-5cf5a252ca70 req-e63e8eda-5c51-4578-b865-5cf5a252ca70 ] Request (ImagesDeleteNegativeTestJSON:setUpClass): 201 POST http://10.180.1.21/identity/v3/auth/tokens 0.097s
2025-11-25 21:40:31.740 66911 INFO tempest.lib.common.rest_client [req-b3a9c9e1-5646-4eaf-952a-3dc1fbb6a464 req-b3a9c9e1-5646-4eaf-952a-3dc1fbb6a464 ] Request (ImagesDeleteNegativeTestJSON:setUpClass): 201 POST http://10.180.1.21/identity/v3/auth/tokens 0.037s
2025-11-25 21:40:31.746 66913 INFO tempest.lib.common.rest_client [req-5d870885-2370-45c8-acaf-5f567615524a req-5d870885-2370-45c8-acaf-5f567615524a ] Request (ImagesNegativeTestJSON:test_create_image_from_deleted_server): 200 GET http://10.180.1.21/compute/v2.1/servers/41a1654c-9d5e-49d8-ab51-46a8af47f161 4.699s
2025-11-25 21:40:31.753 66959 INFO tempest.lib.common.rest_client [req-b3ba1a7c-ebdc-4661-bd8f-5540b64e88d3 req-b3ba1a7c-ebdc-4661-bd8f-5540b64e88d3 ] Request (DeleteServersTestJSON:test_delete_server_while_in_attached_volume): 200 GET http://10.180.1.21/compute/v2.1/servers/2405e73c-84a4-4611-b92c-d18d4a9e65ad 4.743s
2025-11-25 21:40:31.763 66959 INFO tempest.common.waiters [-] State transition "BUILD/None" ==> "BUILD/spawning" after 19 second wait
2025-11-25 21:40:31.783 66911 INFO tempest.lib.common.rest_client [req-cf47fd42-ffe7-4082-b37f-4e7926c698c0 req-cf47fd42-ffe7-4082-b37f-4e7926c698c0 ] Request (ImagesDeleteNegativeTestJSON:setUpClass): 200 GET http://10.180.1.21/identity/v3/domains?name=Default 0.043s
2025-11-25 21:40:31.823 66911 INFO tempest.lib.common.rest_client [req-ad169e11-6c86-4aa5-a35a-edcab39e46f9 req-ad169e11-6c86-4aa5-a35a-edcab39e46f9 ] Request (ImagesDeleteNegativeTestJSON:setUpClass): 201 POST http://10.180.1.21/identity/v3/projects 0.038s
2025-11-25 21:40:31.843 66925 INFO tempest.lib.common.rest_client [req-270b5ad7-f8e3-4bd2-9344-a59f96698b5c req-270b5ad7-f8e3-4bd2-9344-a59f96698b5c ] Request (ServersNegativeTestJSON:setUpClass): 200 GET http://10.180.1.21/compute/v2.1/servers/c24ad1c2-4e64-4f9e-93f1-5b03fe3eb97e 4.377s
2025-11-25 21:40:31.894 66911 INFO tempest.lib.common.rest_client [req-5088cce2-1bb5-4450-9720-e34a6bf6e46f req-5088cce2-1bb5-4450-9720-e34a6bf6e46f ] Request (ImagesDeleteNegativeTestJSON:setUpClass): 201 POST http://10.180.1.21/identity/v3/users 0.071s
2025-11-25 21:40:31.914 66943 INFO tempest.lib.common.rest_client [req-65fe1c4c-a53c-4fba-ad34-d553db8d466b req-65fe1c4c-a53c-4fba-ad34-d553db8d466b ] Request (VolumesAssistedSnapshotsTest:test_volume_assisted_snapshot_create_delete): 200 POST http://10.180.1.21/compute/v2.1/os-keypairs 4.648s
2025-11-25 21:40:31.915 66931 INFO tempest.lib.common.rest_client [req-ae6c0a73-3d1a-457f-a614-b64c7db1809b req-ae6c0a73-3d1a-457f-a614-b64c7db1809b ] Request (ImagesTestJSON:test_create_server_from_snapshot): 200 GET http://10.180.1.21/compute/v2.1/servers/2471e48b-4f10-4325-b931-c8571f203a5b 4.378s
2025-11-25 21:40:31.919 66911 INFO tempest.lib.common.rest_client [req-bfe97aae-6d47-433e-ab00-4328219f70e9 req-bfe97aae-6d47-433e-ab00-4328219f70e9 ] Request (ImagesDeleteNegativeTestJSON:setUpClass): 200 GET http://10.180.1.21/identity/v3/roles 0.024s
2025-11-25 21:40:31.951 66905 INFO tempest.lib.common.rest_client [req-6f4b558e-0d50-4b64-9395-96fd0c6f61cb req-6f4b558e-0d50-4b64-9395-96fd0c6f61cb ] Request (FlavorsAdminTestJSON:test_list_non_public_flavor): 200 GET http://10.180.1.21/compute/v2.1/flavors/detail 4.077s
2025-11-25 21:40:31.958 66945 INFO tempest.lib.common.rest_client [req-88b2824a-0709-44b7-94c7-24f0fbc0881d req-88b2824a-0709-44b7-94c7-24f0fbc0881d ] Request (HostsAdminNegativeTestJSON:test_startup_host_with_non_admin_user): 403 GET http://10.180.1.21/compute/v2.1/os-hosts/devstack/startup 4.077s
2025-11-25 21:40:31.971 66911 INFO tempest.lib.common.rest_client [req-15927ff2-d273-4699-954a-6010836b48ba req-15927ff2-d273-4699-954a-6010836b48ba ] Request (ImagesDeleteNegativeTestJSON:setUpClass): 204 PUT http://10.180.1.21/identity/v3/projects/c5a9b755bf8f4737a7ae4af5f24699c9/users/8d3cfe8d2bbe4860991fe5ca7fac27ac/roles/6f0716056b4948dc8e1e6997044e220f 0.052s
2025-11-25 21:40:31.972 66911 INFO tempest.lib.common.dynamic_creds [-] Dynamic test user 8d3cfe8d2bbe4860991fe5ca7fac27ac is created with scope project and roles: ['member']
2025-11-25 21:40:31.972 66911 INFO tempest.lib.common.dynamic_creds [-] Acquired dynamic creds: credentials: Credentials: {'domain_id': 'default', 'domain_name': 'Default', 'username': 'tempest-ImagesDeleteNegativeTestJSON-712384099-project-member', 'project_domain_id': 'default', 'project_domain_name': 'Default', 'project_id': 'c5a9b755bf8f4737a7ae4af5f24699c9', 'project_name': 'tempest-ImagesDeleteNegativeTestJSON-712384099', 'tenant_id': 'c5a9b755bf8f4737a7ae4af5f24699c9', 'tenant_name': 'tempest-ImagesDeleteNegativeTestJSON-712384099', 'user_domain_id': 'default', 'user_domain_name': 'Default', 'user_id': '8d3cfe8d2bbe4860991fe5ca7fac27ac', 'system': None}, Network: None, Subnet: None, Router: None
2025-11-25 21:40:31.972 66911 INFO tempest.lib.common.dynamic_creds [-] Created isolated network resources for: credentials: Credentials: {'domain_id': 'default', 'domain_name': 'Default', 'username': 'tempest-ImagesDeleteNegativeTestJSON-712384099-project-member', 'project_domain_id': 'default', 'project_domain_name': 'Default', 'project_id': 'c5a9b755bf8f4737a7ae4af5f24699c9', 'project_name': 'tempest-ImagesDeleteNegativeTestJSON-712384099', 'tenant_id': 'c5a9b755bf8f4737a7ae4af5f24699c9', 'tenant_name': 'tempest-ImagesDeleteNegativeTestJSON-712384099', 'user_domain_id': 'default', 'user_domain_name': 'Default', 'user_id': '8d3cfe8d2bbe4860991fe5ca7fac27ac', 'system': None}, Network: None, Subnet: None, Router: None
2025-11-25 21:40:32.013 66935 INFO tempest.lib.common.rest_client [req-ed06663e-35de-4762-913a-2a5d48b22804 req-ed06663e-35de-4762-913a-2a5d48b22804 ] Request (ServersNegativeTestMultiTenantJSON:tearDownClass): 204 DELETE http://10.180.1.21/compute/v2.1/servers/9122dd3b-7263-41f8-9a7f-8fc578cbf256 4.184s
2025-11-25 21:40:32.048 66943 INFO tempest.lib.common.rest_client [req-cbe44fb4-9a7a-4b8a-8cbf-0b553ab7f28b req-cbe44fb4-9a7a-4b8a-8cbf-0b553ab7f28b ] Request (VolumesAssistedSnapshotsTest:test_volume_assisted_snapshot_create_delete): 201 POST http://10.180.1.21/networking/v2.0/security-groups 0.132s
2025-11-25 21:40:32.071 66917 INFO tempest.lib.common.rest_client [req-04393913-c8c1-49a9-b550-bc33715081e5 req-04393913-c8c1-49a9-b550-bc33715081e5 ] Request (KeyPairsNegativeTestJSON:test_keypair_create_with_invalid_pub_key): 400 POST http://10.180.1.21/compute/v2.1/os-keypairs 4.177s
2025-11-25 21:40:32.106 66947 INFO tempest.lib.common.rest_client [req-d919f5d7-8c35-45ff-824c-6202883622f8 req-d919f5d7-8c35-45ff-824c-6202883622f8 ] Request (ServerMetadataNegativeTestJSON:tearDownClass): 204 DELETE http://10.180.1.21/compute/v2.1/servers/dbe578e3-89ee-41f6-a660-8444a69901b7 4.219s
2025-11-25 21:40:32.118 66911 INFO tempest.lib.common.rest_client [req-2a5bbad6-b1f3-4f4a-95de-4016600db569 req-2a5bbad6-b1f3-4f4a-95de-4016600db569 ] Request (ImagesDeleteNegativeTestJSON:setUpClass): 201 POST http://10.180.1.21/identity/v3/auth/tokens 0.138s
2025-11-25 21:40:32.169 66943 INFO tempest.lib.common.rest_client [req-aeba5466-8d0e-4380-b6c6-5ef283a9f0ea req-aeba5466-8d0e-4380-b6c6-5ef283a9f0ea ] Request (VolumesAssistedSnapshotsTest:test_volume_assisted_snapshot_create_delete): 201 POST http://10.180.1.21/networking/v2.0/security-group-rules 0.120s
2025-11-25 21:40:32.302 66943 INFO tempest.lib.common.rest_client [req-d7f1bdf8-a1ba-44f3-8a06-aeb9ab6a4e56 req-d7f1bdf8-a1ba-44f3-8a06-aeb9ab6a4e56 ] Request (VolumesAssistedSnapshotsTest:test_volume_assisted_snapshot_create_delete): 201 POST http://10.180.1.21/networking/v2.0/security-group-rules 0.132s
2025-11-25 21:40:32.316 66923 INFO tempest.lib.common.rest_client [req-3e53d825-ac05-451c-ad1f-8aac1754e786 req-3e53d825-ac05-451c-ad1f-8aac1754e786 ] Request (ServerActionsTestOtherB:test_create_backup): 200 GET http://10.180.1.21/image/v2/images/b9cf4ade-6208-40ea-a685-71d0787d9eb8 1.019s
2025-11-25 21:40:32.340 66939 INFO tempest.lib.common.rest_client [req-32a60713-3bbc-436f-88b4-4fd894e4bfd9 req-32a60713-3bbc-436f-88b4-4fd894e4bfd9 ] Request (ListServerFiltersTestJSON:test_list_servers_filter_by_shutoff_status): 200 GET http://10.180.1.21/compute/v2.1/servers/3e93669a-18af-4340-8a5b-f8acad45e87d 3.559s
2025-11-25 21:40:32.364 66909 INFO tempest.lib.common.rest_client [req-da6152b3-04d1-428d-bdbc-92f40c7e3be0 req-da6152b3-04d1-428d-bdbc-92f40c7e3be0 ] Request (ListImageFiltersTestJSON:setUpClass): 200 GET http://10.180.1.21/compute/v2.1/images/479d7521-b251-4ba8-962f-9dfd7acdbcfb 3.764s
2025-11-25 21:40:32.427 66961 INFO tempest.lib.common.rest_client [req-c35eea1e-0287-41e6-8094-41402c8c5ef4 req-c35eea1e-0287-41e6-8094-41402c8c5ef4 ] Request (VolumesAdminNegativeTest:test_update_attached_volume_with_nonexistent_volume_in_uri): 200 GET http://10.180.1.21/compute/v2.1/servers/e235fb78-d917-4f0d-b10c-0b2146a5219f 2.867s
2025-11-25 21:40:32.471 66927 INFO tempest.lib.common.rest_client [req-8550b6a0-344a-4ae3-8e15-7b8ae58cac56 req-8550b6a0-344a-4ae3-8e15-7b8ae58cac56 ] Request (ServersListShow2100Test:test_list_show_rebuild_update_server_2100): 200 GET http://10.180.1.21/compute/v2.1/servers/c9efa747-fb6b-4e92-ac7e-f895a0131ba7 2.754s
2025-11-25 21:40:32.489 66927 INFO tempest.common.waiters [-] State transition "BUILD/None" ==> "BUILD/spawning" after 19 second wait
2025-11-25 21:40:32.555 66903 INFO tempest.lib.common.rest_client [req-d3440793-44b5-4a37-8d53-0b63d7b3f7f6 req-d3440793-44b5-4a37-8d53-0b63d7b3f7f6 ] Request (ListImagesTestJSON:test_list_images): 200 GET http://10.180.1.21/compute/v2.1/images 2.523s
2025-11-25 21:40:32.644 66965 INFO tempest.lib.common.rest_client [req-45716e9d-e1f9-44e6-af39-ab5ca798e471 req-45716e9d-e1f9-44e6-af39-ab5ca798e471 ] Request (ServersAdminTestJSON:setUpClass): 200 GET http://10.180.1.21/compute/v2.1/servers/99499baa-18cf-44b1-ad87-1e673975583e 2.712s
2025-11-25 21:40:32.747 66937 INFO tempest.lib.common.rest_client [req-037833a1-d08e-4432-b863-6d1f0a8f7769 req-037833a1-d08e-4432-b863-6d1f0a8f7769 ] Request (FloatingIPsAssociationTestJSON:tearDownClass): 200 GET http://10.180.1.21/compute/v2.1/servers/e06d1ff1-163c-411f-81fa-52f4a96acf58 1.925s
2025-11-25 21:40:32.761 66965 INFO tempest.lib.common.rest_client [req-f470edfc-8c94-43c2-a636-32d4a472c25d req-f470edfc-8c94-43c2-a636-32d4a472c25d ] Request (ServersAdminTestJSON:test_create_server_with_scheduling_hint): 201 POST http://10.180.1.21/identity/v3/auth/tokens 0.104s
2025-11-25 21:40:32.762 66965 INFO tempest.lib.common.fixed_network [-] (ServersAdminTestJSON:test_create_server_with_scheduling_hint) Found network {'id': 'e4aead7a-9a38-4425-bfec-93937a255202', 'name': 'tempest-ServersAdminTestJSON-1760513752-network', 'tenant_id': '6c19ac9e508248f8bd2f908a5d971fa6', 'project_id': '6c19ac9e508248f8bd2f908a5d971fa6', 'admin_state_up': True, 'mtu': 8950, 'status': 'ACTIVE', 'subnets': [], 'shared': False, 'port_security_enabled': True, 'router:external': False, 'provider:network_type': 'vlan', 'provider:physical_network': 'default', 'provider:segmentation_id': 850, 'availability_zone_hints': [], 'availability_zones': [], 'ipv4_address_scope': None, 'ipv6_address_scope': None, 'description': '', 'tags': [], 'created_at': '2025-11-25T21:39:42Z', 'updated_at': '2025-11-25T21:39:42Z', 'revision_number': 1} available for tenant
2025-11-25 21:40:32.909 66943 INFO tempest.lib.common.rest_client [req-0081f0f4-2c6d-4f51-8717-34d342f2c5de req-0081f0f4-2c6d-4f51-8717-34d342f2c5de ] Request (VolumesAssistedSnapshotsTest:test_volume_assisted_snapshot_create_delete): 201 POST http://10.180.1.21/networking/v2.0/floatingips 0.607s
2025-11-25 21:40:32.989 66943 INFO tempest.lib.common.rest_client [req-552f5ed3-5cc8-4f6e-b7b3-0c0efb63b560 req-552f5ed3-5cc8-4f6e-b7b3-0c0efb63b560 ] Request (VolumesAssistedSnapshotsTest:test_volume_assisted_snapshot_create_delete): 201 POST http://10.180.1.21/identity/v3/auth/tokens 0.076s
2025-11-25 21:40:32.990 66943 INFO tempest.lib.common.fixed_network [-] (VolumesAssistedSnapshotsTest:test_volume_assisted_snapshot_create_delete) Found network {'id': 'd7c05a67-faaf-4cfc-b43c-474006add67e', 'name': 'tempest-VolumesAssistedSnapshotsTest-212703122-network', 'tenant_id': 'c8fa5e1693f04328bd501d789acf8756', 'project_id': 'c8fa5e1693f04328bd501d789acf8756', 'admin_state_up': True, 'mtu': 8950, 'status': 'ACTIVE', 'subnets': [], 'shared': False, 'port_security_enabled': True, 'router:external': False, 'provider:network_type': 'vlan', 'provider:physical_network': 'default', 'provider:segmentation_id': 914, 'availability_zone_hints': [], 'availability_zones': [], 'ipv4_address_scope': None, 'ipv6_address_scope': None, 'description': '', 'tags': [], 'created_at': '2025-11-25T21:40:14Z', 'updated_at': '2025-11-25T21:40:14Z', 'revision_number': 1} available for tenant
2025-11-25 21:40:33.208 66958 INFO tempest.lib.common.rest_client [req-57cbbfd1-1640-4b92-8af1-4f8ec5006cd6 req-57cbbfd1-1640-4b92-8af1-4f8ec5006cd6 ] Request (ServersTestJSON:test_create_server_specify_multibyte_character_name): 202 POST http://10.180.1.21/compute/v2.1/servers 3.045s
2025-11-25 21:40:33.244 66929 INFO tempest.lib.common.rest_client [req-0c956aed-a6f0-4bcb-be2d-e969bfd25015 req-0c956aed-a6f0-4bcb-be2d-e969bfd25015 ] Request (ServerActionsTestOtherA:setUpClass): 202 POST http://10.180.1.21/compute/v2.1/servers 2.130s
2025-11-25 21:40:33.355 66923 INFO tempest.lib.common.rest_client [req-666ae886-65d4-4c16-b57e-b0f87549566e req-666ae886-65d4-4c16-b57e-b0f87549566e ] Request (ServerActionsTestOtherB:test_create_backup): 200 GET http://10.180.1.21/image/v2/images/b9cf4ade-6208-40ea-a685-71d0787d9eb8 0.037s
2025-11-25 21:40:33.376 66934 INFO tempest.lib.common.rest_client [req-b0bab805-080c-48a7-b0ba-2cafd4901d17 req-b0bab805-080c-48a7-b0ba-2cafd4901d17 ] Request (SecurityGroupsTestJSON:test_security_groups_create_list_delete): 202 DELETE http://10.180.1.21/compute/v2.1/os-security-groups/40a5b353-97f4-4a8a-bf06-27287303a2b3 2.074s
2025-11-25 21:40:33.409 66919 INFO tempest.lib.common.rest_client [req-4e8f5774-c276-49b0-a0a0-c147cb23c7a8 req-4e8f5774-c276-49b0-a0a0-c147cb23c7a8 ] Request (ServersAdminNegativeTestJSON:test_migrate_server_invalid_state): 202 POST http://10.180.1.21/compute/v2.1/servers/6bff76d6-a050-4f87-a9df-161ef36eea3e/action 2.059s
2025-11-25 21:40:33.433 66905 INFO tempest.lib.common.rest_client [req-7d3aa10a-7ea3-421c-9b3f-462b8ce09f04 req-7d3aa10a-7ea3-421c-9b3f-462b8ce09f04 ] Request (FlavorsAdminTestJSON:_run_cleanups): 202 DELETE http://10.180.1.21/compute/v2.1/flavors/1100450474 1.474s
2025-11-25 21:40:33.455 66945 INFO tempest.lib.common.rest_client [req-ceedce57-9d28-49a9-aefe-f3a6262ca912 req-ceedce57-9d28-49a9-aefe-f3a6262ca912 ] Request (HostsAdminNegativeTestJSON:test_startup_nonexistent_host): 404 GET http://10.180.1.21/compute/v2.1/os-hosts/nonexistent_hostname/startup 1.495s
2025-11-25 21:40:33.568 66941 INFO tempest.lib.common.rest_client [req-0993b36c-c832-4841-b27c-b3b5e52b74fb req-0993b36c-c832-4841-b27c-b3b5e52b74fb ] Request (ServersTestManualDisk:setUpClass): 200 GET http://10.180.1.21/compute/v2.1/servers/69777af8-aff4-420f-9239-7147fe813c0b 2.078s
2025-11-25 21:40:33.583 66917 INFO tempest.lib.common.rest_client [req-81cf3d94-de50-406c-915e-d812d76a8cb2 req-81cf3d94-de50-406c-915e-d812d76a8cb2 ] Request (KeyPairsNegativeTestJSON:test_keypair_delete_nonexistent_key): 404 DELETE http://10.180.1.21/compute/v2.1/os-keypairs/tempest-keypair-non-existent-1714716237 1.507s
2025-11-25 21:40:33.685 66935 INFO tempest.lib.common.rest_client [req-e1fc7f68-0fee-4359-ab6d-508f11d14440 req-e1fc7f68-0fee-4359-ab6d-508f11d14440 ] Request (ServersNegativeTestMultiTenantJSON:tearDownClass): 200 GET http://10.180.1.21/compute/v2.1/servers/9122dd3b-7263-41f8-9a7f-8fc578cbf256 1.672s
2025-11-25 21:40:33.750 66917 INFO tempest.lib.common.rest_client [req-105077f4-50c5-4e2b-928c-eae9af904563 req-105077f4-50c5-4e2b-928c-eae9af904563 ] Request (KeyPairsNegativeTestJSON:tearDownClass): 204 DELETE http://10.180.1.21/identity/v3/users/2b0bcf80f3e84dc58e3b981bc7234ec3 0.165s
2025-11-25 21:40:33.750 66917 INFO tempest.lib.common.dynamic_creds [-] Deleting project and security group for project: 50c8d745fbc24b0197afde491411bc10
2025-11-25 21:40:33.819 66947 INFO tempest.lib.common.rest_client [req-619b71f6-0252-4219-854b-f3ee0968da0b req-619b71f6-0252-4219-854b-f3ee0968da0b ] Request (ServerMetadataNegativeTestJSON:tearDownClass): 200 GET http://10.180.1.21/compute/v2.1/servers/dbe578e3-89ee-41f6-a660-8444a69901b7 1.709s
2025-11-25 21:40:33.831 66917 INFO tempest.lib.common.rest_client [req-5f9d45c3-cac8-4fd6-a75b-48ed1c799487 req-5f9d45c3-cac8-4fd6-a75b-48ed1c799487 ] Request (KeyPairsNegativeTestJSON:tearDownClass): 201 POST http://10.180.1.21/identity/v3/auth/tokens 0.081s
2025-11-25 21:40:33.861 66911 INFO tempest.lib.common.rest_client [req-47190b5a-05b5-46f7-8f6d-de831c55f6b3 req-47190b5a-05b5-46f7-8f6d-de831c55f6b3 ] Request (ImagesDeleteNegativeTestJSON:test_delete_image_blank_id): 404 DELETE http://10.180.1.21/compute/v2.1/images/ 1.739s
2025-11-25 21:40:33.930 66909 INFO tempest.lib.common.rest_client [req-eda566a0-fa9c-4be3-859d-c5984ab43b33 req-eda566a0-fa9c-4be3-859d-c5984ab43b33 ] Request (ListImageFiltersTestJSON:setUpClass): 200 GET http://10.180.1.21/compute/v2.1/images/479d7521-b251-4ba8-962f-9dfd7acdbcfb 1.559s
2025-11-25 21:40:33.961 66921 WARNING tempest.lib.common.ssh [-] Failed to establish authenticated ssh connection to cirros@10.180.180.128 ([Errno None] Unable to connect to port 22 on 10.180.180.128). Number attempts: 5. Retry after 6 seconds.: paramiko.ssh_exception.NoValidConnectionsError: [Errno None] Unable to connect to port 22 on 10.180.180.128
2025-11-25 21:40:33.990 66903 INFO tempest.lib.common.rest_client [req-473588e4-41a9-4abb-91c9-f63f1a74f872 req-473588e4-41a9-4abb-91c9-f63f1a74f872 ] Request (ListImagesTestJSON:test_list_images_with_detail): 200 GET http://10.180.1.21/compute/v2.1/images/detail 1.430s
2025-11-25 21:40:34.171 66917 INFO tempest.lib.common.rest_client [req-9b0c328c-9c9f-41c8-8c98-0303c9aafee8 req-9b0c328c-9c9f-41c8-8c98-0303c9aafee8 ] Request (KeyPairsNegativeTestJSON:tearDownClass): 200 GET http://10.180.1.21/networking/v2.0/security-groups?tenant_id=50c8d745fbc24b0197afde491411bc10&name=default 0.340s
2025-11-25 21:40:34.221 66955 INFO tempest.lib.common.rest_client [req-5cd127df-b8fb-4fcc-b73e-0a0854fd3b53 req-5cd127df-b8fb-4fcc-b73e-0a0854fd3b53 ] Request (ImagesOneServerNegativeTestJSON:_run_cleanups): 200 GET http://10.180.1.21/compute/v2.1/servers/bd0568ea-773b-4587-98e4-f201778a0f5a 1.587s
2025-11-25 21:40:34.225 66903 INFO tempest.lib.common.rest_client [req-58c4c611-e300-4ea9-89bc-d1f795cd161e req-58c4c611-e300-4ea9-89bc-d1f795cd161e ] Request (ListImagesTestJSON:tearDownClass): 204 DELETE http://10.180.1.21/identity/v3/users/b3abb7a84a6b4e0eb5723421abbe18bb 0.230s
2025-11-25 21:40:34.226 66903 INFO tempest.lib.common.dynamic_creds [-] Deleting project and security group for project: f770513d44a04b6d97bfe3d146ae27e2
2025-11-25 21:40:34.244 66939 INFO tempest.lib.common.rest_client [req-557fffc4-eada-4e3f-a8fc-ce2d3ff0a469 req-557fffc4-eada-4e3f-a8fc-ce2d3ff0a469 ] Request (ListServerFiltersTestJSON:test_list_servers_filter_by_shutoff_status): 200 GET http://10.180.1.21/compute/v2.1/servers?status=shutoff 1.893s
2025-11-25 21:40:34.370 66917 INFO tempest.lib.common.rest_client [req-516f9d57-731d-4000-bfbf-6eb5c56e4dd6 req-516f9d57-731d-4000-bfbf-6eb5c56e4dd6 ] Request (KeyPairsNegativeTestJSON:tearDownClass): 204 DELETE http://10.180.1.21/networking/v2.0/security-groups/aad104e8-8992-4647-9057-5c662404f65c 0.198s
2025-11-25 21:40:34.372 66903 INFO tempest.lib.common.rest_client [req-f3fca5ce-7ead-4232-b7ba-aa2933f44c64 req-f3fca5ce-7ead-4232-b7ba-aa2933f44c64 ] Request (ListImagesTestJSON:tearDownClass): 201 POST http://10.180.1.21/identity/v3/auth/tokens 0.145s
2025-11-25 21:40:34.385 66923 INFO tempest.lib.common.rest_client [req-861f6fd5-74ed-4f0d-88a1-a778c9b88522 req-861f6fd5-74ed-4f0d-88a1-a778c9b88522 ] Request (ServerActionsTestOtherB:test_create_backup): 200 GET http://10.180.1.21/image/v2/images/b9cf4ade-6208-40ea-a685-71d0787d9eb8 0.029s
2025-11-25 21:40:34.488 66917 INFO tempest.lib.common.rest_client [req-00be62c9-4c01-4b00-bb60-3809642cae65 req-00be62c9-4c01-4b00-bb60-3809642cae65 ] Request (KeyPairsNegativeTestJSON:tearDownClass): 204 DELETE http://10.180.1.21/identity/v3/projects/50c8d745fbc24b0197afde491411bc10 0.117s
2025-11-25 21:40:34.580 66913 INFO tempest.lib.common.rest_client [req-38bcf8fb-a0a7-423e-8dd7-b7dce86e1581 req-38bcf8fb-a0a7-423e-8dd7-b7dce86e1581 ] Request (ImagesNegativeTestJSON:test_create_image_from_deleted_server): 200 GET http://10.180.1.21/compute/v2.1/servers/41a1654c-9d5e-49d8-ab51-46a8af47f161 1.822s
2025-11-25 21:40:34.609 66917 INFO tempest.lib.common.rest_client [req-dbbb022e-9736-4cc6-a5dc-7aede3a3c1e6 req-dbbb022e-9736-4cc6-a5dc-7aede3a3c1e6 ] Request (SecurityGroupRulesNegativeTestJSON:setUpClass): 201 POST http://10.180.1.21/identity/v3/auth/tokens 0.119s
2025-11-25 21:40:34.649 66907 INFO tempest.lib.common.rest_client [req-ac876dbc-875a-4b6a-859f-2aafdcd4ea0c req-ac876dbc-875a-4b6a-859f-2aafdcd4ea0c ] Request (ServersWithSpecificFlavorTestJSON:test_verify_created_server_ephemeral_disk): 200 GET http://10.180.1.21/compute/v2.1/servers/b48ff87f-44de-4796-aace-dbd3c2da64c1 1.991s
2025-11-25 21:40:34.663 66917 INFO tempest.lib.common.rest_client [req-005b273b-3f50-4e9a-b6f1-fc2918f9d596 req-005b273b-3f50-4e9a-b6f1-fc2918f9d596 ] Request (SecurityGroupRulesNegativeTestJSON:setUpClass): 201 POST http://10.180.1.21/identity/v3/auth/tokens 0.051s
2025-11-25 21:40:34.696 66917 INFO tempest.lib.common.rest_client [req-b8d22ed3-b34e-4c43-aeea-455e9b8ce973 req-b8d22ed3-b34e-4c43-aeea-455e9b8ce973 ] Request (SecurityGroupRulesNegativeTestJSON:setUpClass): 200 GET http://10.180.1.21/identity/v3/domains?name=Default 0.032s
2025-11-25 21:40:34.740 66917 INFO tempest.lib.common.rest_client [req-811afc2f-e75a-48c8-8568-a853856f177e req-811afc2f-e75a-48c8-8568-a853856f177e ] Request (SecurityGroupRulesNegativeTestJSON:setUpClass): 201 POST http://10.180.1.21/identity/v3/projects 0.042s
2025-11-25 21:40:34.820 66917 INFO tempest.lib.common.rest_client [req-adacfa6f-9a59-41b8-a40c-74cb2bda3b5e req-adacfa6f-9a59-41b8-a40c-74cb2bda3b5e ] Request (SecurityGroupRulesNegativeTestJSON:setUpClass): 201 POST http://10.180.1.21/identity/v3/users 0.080s
2025-11-25 21:40:34.836 66903 INFO tempest.lib.common.rest_client [req-58d7e18a-9d0e-4746-b82a-8051894a1d48 req-58d7e18a-9d0e-4746-b82a-8051894a1d48 ] Request (ListImagesTestJSON:tearDownClass): 200 GET http://10.180.1.21/networking/v2.0/security-groups?tenant_id=f770513d44a04b6d97bfe3d146ae27e2&name=default 0.464s
2025-11-25 21:40:34.850 66917 INFO tempest.lib.common.rest_client [req-73085eb7-7098-4b84-8bb2-864481bfbce1 req-73085eb7-7098-4b84-8bb2-864481bfbce1 ] Request (SecurityGroupRulesNegativeTestJSON:setUpClass): 200 GET http://10.180.1.21/identity/v3/roles 0.029s
2025-11-25 21:40:34.882 66917 INFO tempest.lib.common.rest_client [req-8f0d68b9-aa7f-417f-8472-2593acc18126 req-8f0d68b9-aa7f-417f-8472-2593acc18126 ] Request (SecurityGroupRulesNegativeTestJSON:setUpClass): 204 PUT http://10.180.1.21/identity/v3/projects/2d928c5cea544ab79ff2a22a7c94a913/users/68d8ea62e8e248ea933341e1e652ead7/roles/6f0716056b4948dc8e1e6997044e220f 0.031s
2025-11-25 21:40:34.882 66917 INFO tempest.lib.common.dynamic_creds [-] Dynamic test user 68d8ea62e8e248ea933341e1e652ead7 is created with scope project and roles: ['member']
2025-11-25 21:40:34.883 66917 INFO tempest.lib.common.dynamic_creds [-] Acquired dynamic creds: credentials: Credentials: {'domain_id': 'default', 'domain_name': 'Default', 'username': 'tempest-SecurityGroupRulesNegativeTestJSON-2026922451-project-member', 'project_domain_id': 'default', 'project_domain_name': 'Default', 'project_id': '2d928c5cea544ab79ff2a22a7c94a913', 'project_name': 'tempest-SecurityGroupRulesNegativeTestJSON-2026922451', 'tenant_id': '2d928c5cea544ab79ff2a22a7c94a913', 'tenant_name': 'tempest-SecurityGroupRulesNegativeTestJSON-2026922451', 'user_domain_id': 'default', 'user_domain_name': 'Default', 'user_id': '68d8ea62e8e248ea933341e1e652ead7', 'system': None}, Network: None, Subnet: None, Router: None
2025-11-25 21:40:34.968 66917 INFO tempest.lib.common.rest_client [req-28457892-c958-4984-9d2d-84537aa07443 req-28457892-c958-4984-9d2d-84537aa07443 ] Request (SecurityGroupRulesNegativeTestJSON:setUpClass): 201 POST http://10.180.1.21/identity/v3/auth/tokens 0.085s
2025-11-25 21:40:35.242 66903 INFO tempest.lib.common.rest_client [req-5504e064-f032-4c6f-a5eb-2bb8d2a35067 req-5504e064-f032-4c6f-a5eb-2bb8d2a35067 ] Request (ListImagesTestJSON:tearDownClass): 204 DELETE http://10.180.1.21/networking/v2.0/security-groups/ce52165d-c967-438b-9699-e4672a54f36d 0.405s
2025-11-25 21:40:35.338 66903 INFO tempest.lib.common.rest_client [req-d7bb4334-751f-4fec-aee3-0f56fa7882fc req-d7bb4334-751f-4fec-aee3-0f56fa7882fc ] Request (ListImagesTestJSON:tearDownClass): 204 DELETE http://10.180.1.21/identity/v3/projects/f770513d44a04b6d97bfe3d146ae27e2 0.096s
2025-11-25 21:40:35.403 66923 INFO tempest.lib.common.rest_client [req-22b16fec-c17e-4464-9433-83f61cac29de req-22b16fec-c17e-4464-9433-83f61cac29de ] Request (ServerActionsTestOtherB:test_create_backup): 200 GET http://10.180.1.21/image/v2/images/b9cf4ade-6208-40ea-a685-71d0787d9eb8 0.016s
2025-11-25 21:40:35.408 66903 INFO tempest.lib.common.rest_client [req-22711802-1ec9-4ab2-be15-c725e5be85aa req-22711802-1ec9-4ab2-be15-c725e5be85aa ] Request (InstanceActionsV221TestJSON:setUpClass): 201 POST http://10.180.1.21/identity/v3/auth/tokens 0.068s
2025-11-25 21:40:35.442 66903 INFO tempest.lib.common.rest_client [req-a990ee33-5e7a-48f8-b4cc-6808a01fb3a8 req-a990ee33-5e7a-48f8-b4cc-6808a01fb3a8 ] Request (InstanceActionsV221TestJSON:setUpClass): 201 POST http://10.180.1.21/identity/v3/auth/tokens 0.030s
2025-11-25 21:40:35.473 66903 INFO tempest.lib.common.rest_client [req-0e81def2-aef2-495c-a291-9e02a14008ff req-0e81def2-aef2-495c-a291-9e02a14008ff ] Request (InstanceActionsV221TestJSON:setUpClass): 200 GET http://10.180.1.21/identity/v3/domains?name=Default 0.030s
2025-11-25 21:40:35.515 66903 INFO tempest.lib.common.rest_client [req-3bbeb8ae-0e35-43de-b235-266a769a2351 req-3bbeb8ae-0e35-43de-b235-266a769a2351 ] Request (InstanceActionsV221TestJSON:setUpClass): 201 POST http://10.180.1.21/identity/v3/projects 0.042s
2025-11-25 21:40:35.605 66903 INFO tempest.lib.common.rest_client [req-e6f4535a-dc80-4d91-8783-e5cee29e5670 req-e6f4535a-dc80-4d91-8783-e5cee29e5670 ] Request (InstanceActionsV221TestJSON:setUpClass): 201 POST http://10.180.1.21/identity/v3/users 0.089s
2025-11-25 21:40:35.629 66903 INFO tempest.lib.common.rest_client [req-fa12d662-8d19-4ac9-b1da-682a05dce6a4 req-fa12d662-8d19-4ac9-b1da-682a05dce6a4 ] Request (InstanceActionsV221TestJSON:setUpClass): 200 GET http://10.180.1.21/identity/v3/roles 0.023s
2025-11-25 21:40:35.647 66917 INFO tempest.lib.common.rest_client [req-3b0e2547-aab8-41b4-95bf-9a4f379abfc4 req-3b0e2547-aab8-41b4-95bf-9a4f379abfc4 ] Request (SecurityGroupRulesNegativeTestJSON:setUpClass): 201 POST http://10.180.1.21/networking/v2.0/networks 0.678s
2025-11-25 21:40:35.665 66903 INFO tempest.lib.common.rest_client [req-8451647c-8b2d-4710-8101-fc0c54576be8 req-8451647c-8b2d-4710-8101-fc0c54576be8 ] Request (InstanceActionsV221TestJSON:setUpClass): 204 PUT http://10.180.1.21/identity/v3/projects/bd6f18525fdf4e39a3d3d3be8340eeb2/users/1fbee7cbc37d4857a29403651c891009/roles/6f0716056b4948dc8e1e6997044e220f 0.036s
2025-11-25 21:40:35.666 66903 INFO tempest.lib.common.dynamic_creds [-] Dynamic test user 1fbee7cbc37d4857a29403651c891009 is created with scope project and roles: ['member']
2025-11-25 21:40:35.666 66903 INFO tempest.lib.common.dynamic_creds [-] Acquired dynamic creds: credentials: Credentials: {'domain_id': 'default', 'domain_name': 'Default', 'username': 'tempest-InstanceActionsV221TestJSON-1083966613-project-member', 'project_domain_id': 'default', 'project_domain_name': 'Default', 'project_id': 'bd6f18525fdf4e39a3d3d3be8340eeb2', 'project_name': 'tempest-InstanceActionsV221TestJSON-1083966613', 'tenant_id': 'bd6f18525fdf4e39a3d3d3be8340eeb2', 'tenant_name': 'tempest-InstanceActionsV221TestJSON-1083966613', 'user_domain_id': 'default', 'user_domain_name': 'Default', 'user_id': '1fbee7cbc37d4857a29403651c891009', 'system': None}, Network: None, Subnet: None, Router: None
2025-11-25 21:40:35.705 66959 INFO tempest.lib.common.rest_client [req-a399fac2-533c-437e-8909-58e54b885b37 req-a399fac2-533c-437e-8909-58e54b885b37 ] Request (DeleteServersTestJSON:test_delete_server_while_in_attached_volume): 200 GET http://10.180.1.21/compute/v2.1/servers/2405e73c-84a4-4611-b92c-d18d4a9e65ad 2.941s
2025-11-25 21:40:35.736 66903 INFO tempest.lib.common.rest_client [req-54651181-f22f-4355-aa9b-9e0bf11f6f9a req-54651181-f22f-4355-aa9b-9e0bf11f6f9a ] Request (InstanceActionsV221TestJSON:setUpClass): 201 POST http://10.180.1.21/identity/v3/auth/tokens 0.069s
2025-11-25 21:40:36.147 66917 INFO tempest.lib.common.rest_client [req-28120b89-5466-4574-8b62-5ea95233a003 req-28120b89-5466-4574-8b62-5ea95233a003 ] Request (SecurityGroupRulesNegativeTestJSON:setUpClass): 201 POST http://10.180.1.21/networking/v2.0/subnets 0.499s
2025-11-25 21:40:36.441 66923 INFO tempest.lib.common.rest_client [req-e136f89e-48a3-4767-816f-651318471a99 req-e136f89e-48a3-4767-816f-651318471a99 ] Request (ServerActionsTestOtherB:test_create_backup): 200 GET http://10.180.1.21/image/v2/images/b9cf4ade-6208-40ea-a685-71d0787d9eb8 0.037s
2025-11-25 21:40:36.580 66903 INFO tempest.lib.common.rest_client [req-5bdc8f25-7ba6-4110-9ac3-63a1f8484ef5 req-5bdc8f25-7ba6-4110-9ac3-63a1f8484ef5 ] Request (InstanceActionsV221TestJSON:setUpClass): 201 POST http://10.180.1.21/networking/v2.0/networks 0.844s
2025-11-25 21:40:36.608 66925 INFO tempest.lib.common.rest_client [req-97f710e9-84f5-4fa8-ba7c-a0061078e9d4 req-97f710e9-84f5-4fa8-ba7c-a0061078e9d4 ] Request (ServersNegativeTestJSON:setUpClass): 200 GET http://10.180.1.21/compute/v2.1/servers/c24ad1c2-4e64-4f9e-93f1-5b03fe3eb97e 3.755s
2025-11-25 21:40:36.975 66903 INFO tempest.lib.common.rest_client [req-0cb0071a-3899-40c9-b355-27482a761786 req-0cb0071a-3899-40c9-b355-27482a761786 ] Request (InstanceActionsV221TestJSON:setUpClass): 201 POST http://10.180.1.21/networking/v2.0/subnets 0.394s
2025-11-25 21:40:36.997 66931 INFO tempest.lib.common.rest_client [req-38969bbe-8676-4cb2-8f91-c6f43bfed23b req-38969bbe-8676-4cb2-8f91-c6f43bfed23b ] Request (ImagesTestJSON:test_create_server_from_snapshot): 200 GET http://10.180.1.21/compute/v2.1/servers/2471e48b-4f10-4325-b931-c8571f203a5b 4.070s
2025-11-25 21:40:37.161 66965 INFO tempest.lib.common.rest_client [req-034268d7-df59-4745-815b-dd27c8787387 req-034268d7-df59-4745-815b-dd27c8787387 ] Request (ServersAdminTestJSON:test_create_server_with_scheduling_hint): 202 POST http://10.180.1.21/compute/v2.1/servers 4.398s
2025-11-25 21:40:37.416 66917 INFO tempest.lib.common.rest_client [req-cf8aff60-b0dc-417a-8ca4-a8a26756717f req-cf8aff60-b0dc-417a-8ca4-a8a26756717f ] Request (SecurityGroupRulesNegativeTestJSON:setUpClass): 201 POST http://10.180.1.21/networking/v2.0/routers 1.268s
2025-11-25 21:40:37.470 66923 INFO tempest.lib.common.rest_client [req-24613f88-b6da-4f71-be7b-053425d54749 req-24613f88-b6da-4f71-be7b-053425d54749 ] Request (ServerActionsTestOtherB:test_create_backup): 200 GET http://10.180.1.21/image/v2/images/b9cf4ade-6208-40ea-a685-71d0787d9eb8 0.027s
2025-11-25 21:40:37.529 66958 INFO tempest.lib.common.rest_client [req-1e502e28-b239-4950-b259-7637693fc828 req-1e502e28-b239-4950-b259-7637693fc828 ] Request (ServersTestJSON:test_create_server_specify_multibyte_character_name): 200 GET http://10.180.1.21/compute/v2.1/servers/5f6300c9-b1cb-4581-ad8d-9287a37b02b5 4.319s
