2025-11-25 21:39:46.718 66925 INFO tempest.lib.common.rest_client [req-de690d20-b515-4d9a-a1e7-0c578b811a64 req-de690d20-b515-4d9a-a1e7-0c578b811a64 ] Request (InstanceActionsNegativeTestJSON:tearDownClass): 404 GET http://10.180.1.21/compute/v2.1/servers/099c9eaa-fc50-4045-84ae-3eca3425a028 7.508s
2025-11-25 21:39:46.743 66961 INFO tempest.lib.common.rest_client [req-4f00ac4b-441b-45a6-90f0-77e9e0690980 req-4f00ac4b-441b-45a6-90f0-77e9e0690980 ] Request (DeleteServersAdminTestJSON:test_delete_server_while_in_error_state): 404 GET http://10.180.1.21/compute/v2.1/servers/78ea43d3-7de5-4c97-9726-1c2fae375b17 7.050s
2025-11-25 21:39:46.871 66965 INFO tempest.lib.common.rest_client [req-0771bca0-3a39-46e9-8f68-9ad8f3a1bf4f req-0771bca0-3a39-46e9-8f68-9ad8f3a1bf4f ] Request (ServersAdminTestJSON:setUpClass): 201 POST http://10.180.1.21/networking/v2.0/routers 1.047s
2025-11-25 21:39:46.933 66951 INFO tempest.lib.common.rest_client [req-937b34b8-f80a-4fc7-94a9-c53d2f0634f5 req-937b34b8-f80a-4fc7-94a9-c53d2f0634f5 ] Request (FloatingIPsTestJSON:tearDownClass): 204 DELETE http://10.180.1.21/networking/v2.0/subnets/e4ff45a4-808c-493f-aacf-43738430b8f6 0.349s
2025-11-25 21:39:47.017 66927 INFO tempest.lib.common.rest_client [req-f588176f-8364-4a07-ba9b-46907b583db6 req-f588176f-8364-4a07-ba9b-46907b583db6 ] Request (ServerExternalEventsTest:tearDownClass): 200 GET http://10.180.1.21/compute/v2.1/servers/c77dd7aa-8899-48f9-83f0-6d60ef184f42 6.755s
2025-11-25 21:39:47.636 66923 WARNING tempest.lib.common.ssh [-] Failed to establish authenticated ssh connection to cirros@10.180.180.142 ([Errno None] Unable to connect to port 22 on 10.180.180.142). Number attempts: 5. Retry after 6 seconds.: paramiko.ssh_exception.NoValidConnectionsError: [Errno None] Unable to connect to port 22 on 10.180.180.142
2025-11-25 21:39:47.722 66925 INFO tempest.lib.common.rest_client [req-5fb0db33-23f4-45e8-8a50-8dabd78c41fc req-5fb0db33-23f4-45e8-8a50-8dabd78c41fc ] Request (InstanceActionsNegativeTestJSON:tearDownClass): 200 PUT http://10.180.1.21/networking/v2.0/routers/8160d1f6-facc-4b5a-946c-d212f57d27a1/remove_router_interface 1.003s
2025-11-25 21:39:47.992 66965 INFO tempest.lib.common.rest_client [req-4bbe1a96-8b56-41ff-b2d0-da1ed67a3297 req-4bbe1a96-8b56-41ff-b2d0-da1ed67a3297 ] Request (ServersAdminTestJSON:setUpClass): 200 PUT http://10.180.1.21/networking/v2.0/routers/27f6ab98-2664-49db-8835-a49f716356ce/add_router_interface 1.119s
2025-11-25 21:39:47.992 66965 INFO tempest.lib.common.dynamic_creds [-] Created isolated network resources for: credentials: Credentials: {'domain_id': 'default', 'domain_name': 'Default', 'username': 'tempest-ServersAdminTestJSON-1765789878-project-admin', 'project_domain_id': 'default', 'project_domain_name': 'Default', 'project_id': '532ff400cb944cc7a90cb7aa5b7ea7e6', 'project_name': 'tempest-ServersAdminTestJSON-1765789878', 'tenant_id': '532ff400cb944cc7a90cb7aa5b7ea7e6', 'tenant_name': 'tempest-ServersAdminTestJSON-1765789878', 'user_domain_id': 'default', 'user_domain_name': 'Default', 'user_id': '1256fbaef9db4f79bbec86868ca13217', 'system': None}, Network: {'id': 'f9efdb63-1f34-4093-b201-3e7c85b7ed48', 'name': 'tempest-ServersAdminTestJSON-267694413-network', 'tenant_id': '532ff400cb944cc7a90cb7aa5b7ea7e6', 'project_id': '532ff400cb944cc7a90cb7aa5b7ea7e6', 'admin_state_up': True, 'mtu': 8950, 'status': 'ACTIVE', 'subnets': [], 'shared': False, 'port_security_enabled': True, 'router:external': False, 'provider:network_type': 'vlan', 'provider:physical_network': 'default', 'provider:segmentation_id': 219, 'availability_zone_hints': [], 'availability_zones': [], 'ipv4_address_scope': None, 'ipv6_address_scope': None, 'description': '', 'tags': [], 'created_at': '2025-11-25T21:39:45Z', 'updated_at': '2025-11-25T21:39:45Z', 'revision_number': 1}, Subnet: {'id': '1c2cedda-11e6-4c62-a980-e97952ee0df2', 'name': 'tempest-ServersAdminTestJSON-267694413-subnet', 'tenant_id': '532ff400cb944cc7a90cb7aa5b7ea7e6', 'network_id': 'f9efdb63-1f34-4093-b201-3e7c85b7ed48', 'ip_version': 4, 'subnetpool_id': None, 'enable_dhcp': True, 'ipv6_ra_mode': None, 'ipv6_address_mode': None, 'gateway_ip': '192.168.128.1', 'cidr': '192.168.128.0/28', 'allocation_pools': [{'start': '192.168.128.2', 'end': '192.168.128.14'}], 'host_routes': [], 'dns_nameservers': [], 'description': '', 'router:external': False, 'service_types': [], 'tags': [], 'created_at': '2025-11-25T21:39:45Z', 'updated_at': '2025-11-25T21:39:45Z', 'revision_number': 0, 'project_id': '532ff400cb944cc7a90cb7aa5b7ea7e6'}, Router: {'id': '27f6ab98-2664-49db-8835-a49f716356ce', 'name': 'tempest-ServersAdminTestJSON-267694413-router', 'tenant_id': '532ff400cb944cc7a90cb7aa5b7ea7e6', 'admin_state_up': True, 'status': 'ACTIVE', 'external_gateway_info': {'network_id': '9a77743a-49c6-41dd-aadb-c8ace2847254', 'external_fixed_ips': [{'subnet_id': '33cabf04-ecad-4bec-9dd8-96d38615e4cc', 'ip_address': '10.180.180.130'}], 'enable_snat': True}, 'description': '', 'availability_zones': [], 'distributed': False, 'ha': False, 'availability_zone_hints': [], 'routes': [], 'flavor_id': None, 'tags': [], 'created_at': '2025-11-25T21:39:45Z', 'updated_at': '2025-11-25T21:39:46Z', 'revision_number': 2, 'project_id': '532ff400cb944cc7a90cb7aa5b7ea7e6'}
2025-11-25 21:39:48.098 66951 INFO tempest.lib.common.rest_client [req-37ec31df-7de5-4022-937b-927cca81198a req-37ec31df-7de5-4022-937b-927cca81198a ] Request (FloatingIPsTestJSON:tearDownClass): 204 DELETE http://10.180.1.21/networking/v2.0/networks/ceb51d24-45bd-4f69-9fd1-84dab1be351d 1.164s
2025-11-25 21:39:48.104 66965 INFO tempest.lib.common.rest_client [req-0b2319d1-661c-46ca-b78c-86ed8b33f5dd req-0b2319d1-661c-46ca-b78c-86ed8b33f5dd ] Request (ServersAdminTestJSON:setUpClass): 201 POST http://10.180.1.21/identity/v3/auth/tokens 0.109s
2025-11-25 21:39:48.179 66965 INFO tempest.lib.common.rest_client [req-9ac08f9c-2f48-477a-91fa-662d8fdd0407 req-9ac08f9c-2f48-477a-91fa-662d8fdd0407 ] Request (ServersAdminTestJSON:setUpClass): 201 POST http://10.180.1.21/identity/v3/auth/tokens 0.069s
2025-11-25 21:39:48.179 66965 INFO tempest.lib.common.fixed_network [-] (ServersAdminTestJSON:setUpClass) Found network {'id': 'e4aead7a-9a38-4425-bfec-93937a255202', 'name': 'tempest-ServersAdminTestJSON-1760513752-network', 'tenant_id': '6c19ac9e508248f8bd2f908a5d971fa6', 'project_id': '6c19ac9e508248f8bd2f908a5d971fa6', 'admin_state_up': True, 'mtu': 8950, 'status': 'ACTIVE', 'subnets': [], 'shared': False, 'port_security_enabled': True, 'router:external': False, 'provider:network_type': 'vlan', 'provider:physical_network': 'default', 'provider:segmentation_id': 850, 'availability_zone_hints': [], 'availability_zones': [], 'ipv4_address_scope': None, 'ipv6_address_scope': None, 'description': '', 'tags': [], 'created_at': '2025-11-25T21:39:42Z', 'updated_at': '2025-11-25T21:39:42Z', 'revision_number': 1} available for tenant
2025-11-25 21:39:48.271 66951 INFO tempest.lib.common.rest_client [req-5501cdf8-467d-4a51-b9e7-3bd4d59328a8 req-5501cdf8-467d-4a51-b9e7-3bd4d59328a8 ] Request (FloatingIPsTestJSON:tearDownClass): 204 DELETE http://10.180.1.21/identity/v3/users/c6e125540d3a47ca9b7da4cf02b6d928 0.173s
2025-11-25 21:39:48.272 66951 INFO tempest.lib.common.dynamic_creds [-] Deleting project and security group for project: 41b9b9fc55034b93aa9dcedcca4e81bd
2025-11-25 21:39:48.644 66907 WARNING tempest.lib.common.ssh [-] Failed to establish authenticated ssh connection to cirros@10.180.180.180 ([Errno None] Unable to connect to port 22 on 10.180.180.180). Number attempts: 6. Retry after 7 seconds.: paramiko.ssh_exception.NoValidConnectionsError: [Errno None] Unable to connect to port 22 on 10.180.180.180
2025-11-25 21:39:48.778 66925 INFO tempest.lib.common.rest_client [req-53991c6f-2e1e-4fbc-885d-ded760cd0efd req-53991c6f-2e1e-4fbc-885d-ded760cd0efd ] Request (InstanceActionsNegativeTestJSON:tearDownClass): 204 DELETE http://10.180.1.21/networking/v2.0/routers/8160d1f6-facc-4b5a-946c-d212f57d27a1 1.055s
2025-11-25 21:39:48.860 66939 INFO tempest.lib.common.rest_client [req-1203bb6f-4d2a-4b82-8651-f7543af64a21 req-1203bb6f-4d2a-4b82-8651-f7543af64a21 ] Request (ListServerFiltersTestJSON:setUpClass): 200 GET http://10.180.1.21/compute/v2.1/servers/3e93669a-18af-4340-8a5b-f8acad45e87d 7.786s
2025-11-25 21:39:48.884 66951 INFO tempest.lib.common.rest_client [req-16f8f7ff-c8f1-4aff-bcf1-575aa6a4c355 req-16f8f7ff-c8f1-4aff-bcf1-575aa6a4c355 ] Request (FloatingIPsTestJSON:tearDownClass): 200 GET http://10.180.1.21/networking/v2.0/security-groups?tenant_id=41b9b9fc55034b93aa9dcedcca4e81bd&name=default 0.612s
2025-11-25 21:39:49.039 66903 INFO tempest.lib.common.rest_client [req-bde33866-95ab-41fa-8041-1f5e17745eec req-bde33866-95ab-41fa-8041-1f5e17745eec ] Request (ImagesMetadataTestJSON:setUp): 200 PUT http://10.180.1.21/compute/v2.1/images/815b3bbc-5df0-4d7f-8fc0-b0675de0a79e/metadata 7.918s
2025-11-25 21:39:49.095 66925 INFO tempest.lib.common.rest_client [req-5794e0a3-fac2-4413-a426-2d4f2f812129 req-5794e0a3-fac2-4413-a426-2d4f2f812129 ] Request (InstanceActionsNegativeTestJSON:tearDownClass): 204 DELETE http://10.180.1.21/networking/v2.0/subnets/4120d7f5-acd4-404f-879f-8df16e0d4e3b 0.316s
2025-11-25 21:39:49.148 66931 INFO tempest.lib.common.rest_client [req-4c6e7a2a-44ff-4fe2-a2f5-66763841abcf req-4c6e7a2a-44ff-4fe2-a2f5-66763841abcf ] Request (ImagesTestJSON:test_create_image_from_suspended_server): 202 POST http://10.180.1.21/compute/v2.1/servers/a49c3636-1565-4a01-9e55-7e5bf691778a/action 7.265s
2025-11-25 21:39:49.225 66951 INFO tempest.lib.common.rest_client [req-0097a99b-04d7-4cb8-9c55-98ad1d666bbf req-0097a99b-04d7-4cb8-9c55-98ad1d666bbf ] Request (FloatingIPsTestJSON:tearDownClass): 204 DELETE http://10.180.1.21/networking/v2.0/security-groups/aefd06fe-1381-455b-9b87-0256233d1825 0.341s
2025-11-25 21:39:49.411 66951 INFO tempest.lib.common.rest_client [req-dd7ced23-9a1e-4ce1-bfb2-1cdac500a828 req-dd7ced23-9a1e-4ce1-bfb2-1cdac500a828 ] Request (FloatingIPsTestJSON:tearDownClass): 204 DELETE http://10.180.1.21/identity/v3/projects/41b9b9fc55034b93aa9dcedcca4e81bd 0.185s
2025-11-25 21:39:49.616 66925 INFO tempest.lib.common.rest_client [req-c262f655-34d9-4c42-a516-13c76374ee36 req-c262f655-34d9-4c42-a516-13c76374ee36 ] Request (InstanceActionsNegativeTestJSON:tearDownClass): 204 DELETE http://10.180.1.21/networking/v2.0/networks/d1f7c615-c4d4-40e3-9665-c9ab3144d60d 0.520s
2025-11-25 21:39:49.651 66937 INFO tempest.lib.common.rest_client [req-7d434cd4-ade2-4c9f-a4aa-e6e466a8a2a2 req-7d434cd4-ade2-4c9f-a4aa-e6e466a8a2a2 ] Request (FloatingIPsAssociationTestJSON:test_associate_disassociate_floating_ip): 202 POST http://10.180.1.21/compute/v2.1/servers/e06d1ff1-163c-411f-81fa-52f4a96acf58/action 10.866s
2025-11-25 21:39:49.785 66925 INFO tempest.lib.common.rest_client [req-4aa794a8-b223-4662-9e93-396ef1db0312 req-4aa794a8-b223-4662-9e93-396ef1db0312 ] Request (InstanceActionsNegativeTestJSON:tearDownClass): 204 DELETE http://10.180.1.21/identity/v3/users/0c2ff8280fc5435d8eb6aade3f84a385 0.169s
2025-11-25 21:39:49.785 66925 INFO tempest.lib.common.dynamic_creds [-] Deleting project and security group for project: fb143eb2faf644e89ec84cd5436b65d9
2025-11-25 21:39:49.820 66941 INFO tempest.lib.common.rest_client [req-aacd7d71-5b5c-4eff-8f5c-37fa8552d961 req-aacd7d71-5b5c-4eff-8f5c-37fa8552d961 ] Request (AZV2TestJSON:test_get_availability_zone_list_with_non_admin_user): 200 GET http://10.180.1.21/compute/v2.1/os-availability-zone 6.923s
2025-11-25 21:39:49.841 66925 INFO tempest.lib.common.rest_client [req-3b308c4f-36ed-4658-9bff-a329cc4c894f req-3b308c4f-36ed-4658-9bff-a329cc4c894f ] Request (InstanceActionsNegativeTestJSON:tearDownClass): 200 GET http://10.180.1.21/networking/v2.0/security-groups?tenant_id=fb143eb2faf644e89ec84cd5436b65d9&name=default 0.055s
2025-11-25 21:39:49.937 66935 INFO tempest.lib.common.rest_client [req-343f5487-a493-4cb6-a745-3a31535be7ba req-343f5487-a493-4cb6-a745-3a31535be7ba ] Request (ServersNegativeTestMultiTenantJSON:setUpClass): 202 POST http://10.180.1.21/compute/v2.1/servers 7.598s
2025-11-25 21:39:49.962 66958 INFO tempest.lib.common.rest_client [req-5133d04a-41d4-4ae9-becd-f35135b0de85 req-5133d04a-41d4-4ae9-becd-f35135b0de85 ] Request (ImagesOneServerTestJSON:tearDownClass): 204 DELETE http://10.180.1.21/compute/v2.1/images/f591de8a-14e0-4369-a175-7e37b736a385 7.034s
2025-11-25 21:39:49.984 66941 INFO tempest.lib.common.rest_client [req-84c26ff4-dd52-4321-ac1c-222b5a2f484d req-84c26ff4-dd52-4321-ac1c-222b5a2f484d ] Request (AZV2TestJSON:tearDownClass): 204 DELETE http://10.180.1.21/identity/v3/users/383f6df0206c4e1ab483e0c797ff7d8d 0.159s
2025-11-25 21:39:49.985 66941 INFO tempest.lib.common.dynamic_creds [-] Deleting project and security group for project: c4f2a44e68ca405d917f2220bfbef8a4
2025-11-25 21:39:50.005 66925 INFO tempest.lib.common.rest_client [req-c1316c6e-74ac-46dd-8f8f-36bd93c040e2 req-c1316c6e-74ac-46dd-8f8f-36bd93c040e2 ] Request (InstanceActionsNegativeTestJSON:tearDownClass): 204 DELETE http://10.180.1.21/networking/v2.0/security-groups/15ffdc34-ccca-48e5-a524-330363daed5f 0.163s
2025-11-25 21:39:50.092 66941 INFO tempest.lib.common.rest_client [req-dd97011e-fe6b-4cb8-86aa-c4c01d7ae68b req-dd97011e-fe6b-4cb8-86aa-c4c01d7ae68b ] Request (AZV2TestJSON:tearDownClass): 201 POST http://10.180.1.21/identity/v3/auth/tokens 0.107s
2025-11-25 21:39:50.137 66943 INFO tempest.lib.common.rest_client [req-56e7fafc-3143-44b6-a37b-10027ab52c56 req-56e7fafc-3143-44b6-a37b-10027ab52c56 ] Request (AggregatesAdminNegativeTestJSON:test_aggregate_remove_host_as_user): 200 POST http://10.180.1.21/compute/v2.1/os-aggregates/7/action 7.202s
2025-11-25 21:39:50.157 66905 INFO tempest.lib.common.rest_client [req-d1edb6aa-d9f8-43ab-8476-f0ed971733b2 req-d1edb6aa-d9f8-43ab-8476-f0ed971733b2 ] Request (FlavorsAdminTestJSON:test_is_public_string_variations): 200 GET http://10.180.1.21/compute/v2.1/flavors/detail?is_public=no 7.185s
2025-11-25 21:39:50.195 66925 INFO tempest.lib.common.rest_client [req-8be7a69f-4e05-4751-917f-2b58e7830300 req-8be7a69f-4e05-4751-917f-2b58e7830300 ] Request (InstanceActionsNegativeTestJSON:tearDownClass): 204 DELETE http://10.180.1.21/identity/v3/projects/fb143eb2faf644e89ec84cd5436b65d9 0.190s
2025-11-25 21:39:50.196 66925 INFO tempest.test [-] raised in ServerStableDeviceRescueTest.setUpClass. Invoking tearDownClass.
2025-11-25 21:39:50.236 66925 INFO tempest.lib.common.rest_client [req-4d6eeb13-e85e-410c-b479-c99e43d3b75d req-4d6eeb13-e85e-410c-b479-c99e43d3b75d ] Request (ServersNegativeTestJSON:setUpClass): 201 POST http://10.180.1.21/identity/v3/auth/tokens 0.038s
2025-11-25 21:39:50.266 66925 INFO tempest.lib.common.rest_client [req-d9b99c3f-4ccf-44a0-b73f-29948dd4c723 req-d9b99c3f-4ccf-44a0-b73f-29948dd4c723 ] Request (ServersNegativeTestJSON:setUpClass): 201 POST http://10.180.1.21/identity/v3/auth/tokens 0.027s
2025-11-25 21:39:50.293 66925 INFO tempest.lib.common.rest_client [req-fff80c85-3439-41bb-9a90-c6443d754e47 req-fff80c85-3439-41bb-9a90-c6443d754e47 ] Request (ServersNegativeTestJSON:setUpClass): 200 GET http://10.180.1.21/identity/v3/domains?name=Default 0.027s
2025-11-25 21:39:50.322 66925 INFO tempest.lib.common.rest_client [req-28192d5e-6b09-4684-b1d9-c91b7f9b3e06 req-28192d5e-6b09-4684-b1d9-c91b7f9b3e06 ] Request (ServersNegativeTestJSON:setUpClass): 201 POST http://10.180.1.21/identity/v3/projects 0.028s
2025-11-25 21:39:50.351 66941 INFO tempest.lib.common.rest_client [req-2029289c-b8f9-46e1-9af3-6247a9d2486e req-2029289c-b8f9-46e1-9af3-6247a9d2486e ] Request (AZV2TestJSON:tearDownClass): 200 GET http://10.180.1.21/networking/v2.0/security-groups?tenant_id=c4f2a44e68ca405d917f2220bfbef8a4&name=default 0.259s
2025-11-25 21:39:50.414 66925 INFO tempest.lib.common.rest_client [req-59406a81-834f-410c-95ef-695ada836d1d req-59406a81-834f-410c-95ef-695ada836d1d ] Request (ServersNegativeTestJSON:setUpClass): 201 POST http://10.180.1.21/identity/v3/users 0.092s
2025-11-25 21:39:50.443 66921 INFO tempest.lib.common.rest_client [req-2510b558-81d0-4897-845e-836cc1595e4d req-2510b558-81d0-4897-845e-836cc1595e4d ] Request (ServerActionsTestJSON:setUpClass): 200 GET http://10.180.1.21/compute/v2.1/servers/f72b61c7-ef73-45da-9fac-99af338ba328 7.192s
2025-11-25 21:39:50.444 66925 INFO tempest.lib.common.rest_client [req-22a39e49-d8a7-4897-bbf4-95ea99f28502 req-22a39e49-d8a7-4897-bbf4-95ea99f28502 ] Request (ServersNegativeTestJSON:setUpClass): 200 GET http://10.180.1.21/identity/v3/roles 0.029s
2025-11-25 21:39:50.452 66921 INFO tempest.common.waiters [-] State transition "BUILD/networking" ==> "BUILD/spawning" after 8 second wait
2025-11-25 21:39:50.498 66909 INFO tempest.lib.common.rest_client [req-923b280d-8d7d-4bdc-acd6-89ec7c6559d2 req-923b280d-8d7d-4bdc-acd6-89ec7c6559d2 ] Request (ListImageFiltersTestJSON:setUpClass): 200 GET http://10.180.1.21/compute/v2.1/images/8ad61b53-6786-40c0-a37f-1c52e0d0ec11 6.999s
2025-11-25 21:39:50.503 66925 INFO tempest.lib.common.rest_client [req-40dacfd5-e36d-4cd2-ae84-7d0f8327df69 req-40dacfd5-e36d-4cd2-ae84-7d0f8327df69 ] Request (ServersNegativeTestJSON:setUpClass): 204 PUT http://10.180.1.21/identity/v3/projects/bdb555c427cb442c9baf510789accc2c/users/654abac53dc94f2eb0a86b5a05c7c1fa/roles/6f0716056b4948dc8e1e6997044e220f 0.058s
2025-11-25 21:39:50.503 66925 INFO tempest.lib.common.dynamic_creds [-] Dynamic test user 654abac53dc94f2eb0a86b5a05c7c1fa is created with scope project and roles: ['member']
2025-11-25 21:39:50.503 66925 INFO tempest.lib.common.dynamic_creds [-] Acquired dynamic creds: credentials: Credentials: {'domain_id': 'default', 'domain_name': 'Default', 'username': 'tempest-ServersNegativeTestJSON-1498734081-project-member', 'project_domain_id': 'default', 'project_domain_name': 'Default', 'project_id': 'bdb555c427cb442c9baf510789accc2c', 'project_name': 'tempest-ServersNegativeTestJSON-1498734081', 'tenant_id': 'bdb555c427cb442c9baf510789accc2c', 'tenant_name': 'tempest-ServersNegativeTestJSON-1498734081', 'user_domain_id': 'default', 'user_domain_name': 'Default', 'user_id': '654abac53dc94f2eb0a86b5a05c7c1fa', 'system': None}, Network: None, Subnet: None, Router: None
2025-11-25 21:39:50.565 66941 INFO tempest.lib.common.rest_client [req-afe5a038-0867-4ce8-87be-2825c9ccfb12 req-afe5a038-0867-4ce8-87be-2825c9ccfb12 ] Request (AZV2TestJSON:tearDownClass): 204 DELETE http://10.180.1.21/networking/v2.0/security-groups/46b6ff8a-dbcb-4532-a16d-fcf0abdf4480 0.213s
2025-11-25 21:39:50.602 66925 INFO tempest.lib.common.rest_client [req-50d1bcdf-423f-44c8-bd0b-c4f8e006734d req-50d1bcdf-423f-44c8-bd0b-c4f8e006734d ] Request (ServersNegativeTestJSON:setUpClass): 201 POST http://10.180.1.21/identity/v3/auth/tokens 0.098s
2025-11-25 21:39:50.611 66959 INFO tempest.lib.common.rest_client [req-e4262a17-92c3-47cf-9397-64580eb78cd0 req-e4262a17-92c3-47cf-9397-64580eb78cd0 ] Request (DeleteServersTestJSON:test_delete_active_server): 204 DELETE http://10.180.1.21/compute/v2.1/servers/d9585c3c-0edd-4d6a-836e-542bab8c144c 5.622s
2025-11-25 21:39:50.657 66911 INFO tempest.lib.common.rest_client [req-4de0116e-f3f5-40b1-9997-0ec003af98bf req-4de0116e-f3f5-40b1-9997-0ec003af98bf ] Request (FloatingIPsAssociationNegativeTestJSON:_run_cleanups): 202 DELETE http://10.180.1.21/compute/v2.1/os-floating-ips/e240a447-7a07-4f8c-a619-125742a5d6ef 7.706s
2025-11-25 21:39:50.730 66929 INFO tempest.lib.common.rest_client [req-9a63f32f-8b98-4979-b886-54738c0e5019 req-9a63f32f-8b98-4979-b886-54738c0e5019 ] Request (ServerDiagnosticsTest:tearDownClass): 200 GET http://10.180.1.21/compute/v2.1/servers/81ade194-9b74-4bca-ade8-93c08c093e0e 5.642s
2025-11-25 21:39:50.736 66941 INFO tempest.lib.common.rest_client [req-3b49cffa-b36c-4e10-be28-ff97708a3898 req-3b49cffa-b36c-4e10-be28-ff97708a3898 ] Request (AZV2TestJSON:tearDownClass): 204 DELETE http://10.180.1.21/identity/v3/projects/c4f2a44e68ca405d917f2220bfbef8a4 0.170s
2025-11-25 21:39:50.795 66913 INFO tempest.lib.common.rest_client [req-5fbfa454-1116-4601-9120-78b862107b9d req-5fbfa454-1116-4601-9120-78b862107b9d ] Request (ImagesNegativeTestJSON:test_create_image_from_deleted_server): 200 GET http://10.180.1.21/compute/v2.1/servers/41a1654c-9d5e-49d8-ab51-46a8af47f161 5.489s
2025-11-25 21:39:50.822 66941 INFO tempest.lib.common.rest_client [req-119c7c57-8907-4a6a-a084-ccc760ae5a86 req-119c7c57-8907-4a6a-a084-ccc760ae5a86 ] Request (ServersTestManualDisk:setUpClass): 201 POST http://10.180.1.21/identity/v3/auth/tokens 0.085s
2025-11-25 21:39:50.832 66955 INFO tempest.lib.common.rest_client [req-2ef23a09-d8a5-4f16-a688-f00ffef384a1 req-2ef23a09-d8a5-4f16-a688-f00ffef384a1 ] Request (ImagesOneServerNegativeTestJSON:_run_cleanups): 204 DELETE http://10.180.1.21/compute/v2.1/servers/09c3f5af-ee51-4777-8439-906517d9b95e 5.216s
2025-11-25 21:39:50.839 66945 INFO tempest.lib.common.rest_client [req-27b179a8-65f7-47cb-b013-691c0bec4c0d req-27b179a8-65f7-47cb-b013-691c0bec4c0d ] Request (FlavorsV255TestJSON:test_crud_flavor): 200 GET http://10.180.1.21/compute/v2.1/flavors 4.835s
2025-11-25 21:39:50.862 66941 INFO tempest.lib.common.rest_client [req-6f9662c9-a8ca-46a0-98e1-c076fd48802f req-6f9662c9-a8ca-46a0-98e1-c076fd48802f ] Request (ServersTestManualDisk:setUpClass): 201 POST http://10.180.1.21/identity/v3/auth/tokens 0.037s
2025-11-25 21:39:50.901 66941 INFO tempest.lib.common.rest_client [req-cd25beaf-d8bd-4f62-a7d9-72cfbdb76343 req-cd25beaf-d8bd-4f62-a7d9-72cfbdb76343 ] Request (ServersTestManualDisk:setUpClass): 200 GET http://10.180.1.21/identity/v3/domains?name=Default 0.035s
2025-11-25 21:39:50.908 66947 INFO tempest.lib.common.rest_client [req-096a57de-55c9-4295-9353-aaed1d22be41 req-096a57de-55c9-4295-9353-aaed1d22be41 ] Request (ServerMetadataNegativeTestJSON:test_metadata_items_limit): 403 POST http://10.180.1.21/compute/v2.1/servers/dbe578e3-89ee-41f6-a660-8444a69901b7/metadata 4.865s
2025-11-25 21:39:50.935 66915 INFO tempest.lib.common.rest_client [req-2986afc6-581a-4566-ba75-c0cbaa1951f4 req-2986afc6-581a-4566-ba75-c0cbaa1951f4 ] Request (VolumesSnapshotsTestJSON:_run_cleanups): 404 GET http://10.180.1.21/compute/v2.1/os-snapshots/05b7389b-dfdb-471e-ac08-ddd31e5628a1 4.558s
2025-11-25 21:39:50.937 66941 INFO tempest.lib.common.rest_client [req-2af10463-a975-4d3f-b84b-1582a912e073 req-2af10463-a975-4d3f-b84b-1582a912e073 ] Request (ServersTestManualDisk:setUpClass): 201 POST http://10.180.1.21/identity/v3/projects 0.035s
2025-11-25 21:39:50.962 66961 INFO tempest.lib.common.rest_client [req-ccb4ba6e-9dcc-4966-8f6c-ce53f366b7e2 req-ccb4ba6e-9dcc-4966-8f6c-ce53f366b7e2 ] Request (DeleteServersAdminTestJSON:tearDownClass): 404 DELETE http://10.180.1.21/compute/v2.1/servers/78ea43d3-7de5-4c97-9726-1c2fae375b17 4.217s
2025-11-25 21:39:51.000 66947 INFO tempest.lib.common.rest_client [req-83c336bf-7466-48a4-bce6-2cbcef148271 req-83c336bf-7466-48a4-bce6-2cbcef148271 ] Request (ServerMetadataNegativeTestJSON:test_server_create_metadata_key_too_long): 201 POST http://10.180.1.21/identity/v3/auth/tokens 0.088s
2025-11-25 21:39:51.001 66947 INFO tempest.lib.common.fixed_network [-] (ServerMetadataNegativeTestJSON:test_server_create_metadata_key_too_long) Found network {'id': 'd4c4751e-b6b3-4d57-a482-d609975481e0', 'name': 'tempest-ServerMetadataNegativeTestJSON-532562054-network', 'tenant_id': '9d48606048944d70b533e6c18d112f77', 'project_id': '9d48606048944d70b533e6c18d112f77', 'admin_state_up': True, 'mtu': 8950, 'status': 'ACTIVE', 'subnets': [], 'shared': False, 'port_security_enabled': True, 'router:external': False, 'provider:network_type': 'vlan', 'provider:physical_network': 'default', 'provider:segmentation_id': 295, 'availability_zone_hints': [], 'availability_zones': [], 'ipv4_address_scope': None, 'ipv6_address_scope': None, 'description': '', 'tags': [], 'created_at': '2025-11-25T21:38:30Z', 'updated_at': '2025-11-25T21:38:30Z', 'revision_number': 1} available for tenant
2025-11-25 21:39:51.054 66917 INFO tempest.lib.common.rest_client [req-3bf54c72-acd5-42ef-8650-92d62e530d50 req-3bf54c72-acd5-42ef-8650-92d62e530d50 ] Request (QuotasAdminTestV257:test_get_updated_quotas): 200 GET http://10.180.1.21/compute/v2.1/os-quota-sets/cca6a1c94a85472784b12ea842def4b1/detail 4.736s
2025-11-25 21:39:51.077 66925 INFO tempest.lib.common.rest_client [req-ab6eeea4-313e-4123-aaa1-8c3361b5ce71 req-ab6eeea4-313e-4123-aaa1-8c3361b5ce71 ] Request (ServersNegativeTestJSON:setUpClass): 201 POST http://10.180.1.21/networking/v2.0/networks 0.475s
2025-11-25 21:39:51.084 66941 INFO tempest.lib.common.rest_client [req-a4eb1c11-4b32-4e24-9170-89ad5a99b947 req-a4eb1c11-4b32-4e24-9170-89ad5a99b947 ] Request (ServersTestManualDisk:setUpClass): 201 POST http://10.180.1.21/identity/v3/users 0.147s
2025-11-25 21:39:51.108 66934 INFO tempest.lib.common.rest_client [req-a1438959-f131-4668-ad6d-3c8a6cc46ba2 req-a1438959-f131-4668-ad6d-3c8a6cc46ba2 ] Request (SecurityGroupsTestJSON:test_list_security_groups_by_server): 200 GET http://10.180.1.21/compute/v2.1/servers/e1f0e9f4-794f-4caa-bb3a-0482fbbc56c5 4.132s
2025-11-25 21:39:51.110 66917 INFO tempest.lib.common.rest_client [req-5de11788-5eab-4463-90f5-c20b93b33a6b req-5de11788-5eab-4463-90f5-c20b93b33a6b ] Request (QuotasAdminTestV257:test_get_updated_quotas): 200 GET http://10.180.1.21/identity/v3/domains?name=Default 0.050s
2025-11-25 21:39:51.121 66934 INFO tempest.common.waiters [-] State transition "BUILD/spawning" ==> "ACTIVE/None" after 16 second wait
2025-11-25 21:39:51.131 66941 INFO tempest.lib.common.rest_client [req-b82305bb-f1f2-439d-87e2-03126d98a35d req-b82305bb-f1f2-439d-87e2-03126d98a35d ] Request (ServersTestManualDisk:setUpClass): 200 GET http://10.180.1.21/identity/v3/roles 0.044s
2025-11-25 21:39:51.173 66927 INFO tempest.lib.common.rest_client [req-a5d63fa8-013f-4a49-a0ef-43704c23cca8 req-a5d63fa8-013f-4a49-a0ef-43704c23cca8 ] Request (ServerExternalEventsTest:tearDownClass): 404 GET http://10.180.1.21/compute/v2.1/servers/c77dd7aa-8899-48f9-83f0-6d60ef184f42 3.144s
2025-11-25 21:39:51.188 66941 INFO tempest.lib.common.rest_client [req-443b73ef-743e-43bf-b163-47d7fd1726f7 req-443b73ef-743e-43bf-b163-47d7fd1726f7 ] Request (ServersTestManualDisk:setUpClass): 204 PUT http://10.180.1.21/identity/v3/projects/c894f79277b24f00877721f684d5dd48/users/8c2402a91a814b6698e180889622ae6f/roles/6f0716056b4948dc8e1e6997044e220f 0.056s
2025-11-25 21:39:51.188 66941 INFO tempest.lib.common.dynamic_creds [-] Dynamic test user 8c2402a91a814b6698e180889622ae6f is created with scope project and roles: ['member']
2025-11-25 21:39:51.189 66941 INFO tempest.lib.common.dynamic_creds [-] Acquired dynamic creds: credentials: Credentials: {'domain_id': 'default', 'domain_name': 'Default', 'username': 'tempest-ServersTestManualDisk-236647849-project-member', 'project_domain_id': 'default', 'project_domain_name': 'Default', 'project_id': 'c894f79277b24f00877721f684d5dd48', 'project_name': 'tempest-ServersTestManualDisk-236647849', 'tenant_id': 'c894f79277b24f00877721f684d5dd48', 'tenant_name': 'tempest-ServersTestManualDisk-236647849', 'user_domain_id': 'default', 'user_domain_name': 'Default', 'user_id': '8c2402a91a814b6698e180889622ae6f', 'system': None}, Network: None, Subnet: None, Router: None
2025-11-25 21:39:51.190 66917 INFO tempest.lib.common.rest_client [req-eac439af-d99f-4778-896a-228c5db396e2 req-eac439af-d99f-4778-896a-228c5db396e2 ] Request (QuotasAdminTestV257:test_get_updated_quotas): 201 POST http://10.180.1.21/identity/v3/users 0.079s
2025-11-25 21:39:51.273 66919 INFO tempest.lib.common.rest_client [req-0e8caabf-5e11-4a66-8de9-9809dc54d7ea req-0e8caabf-5e11-4a66-8de9-9809dc54d7ea ] Request (ServersAdminNegativeTestJSON:setUpClass): 200 GET http://10.180.1.21/compute/v2.1/servers/34555e04-9377-46c4-b165-8bcf797898ee 3.568s
2025-11-25 21:39:51.284 66919 INFO tempest.common.waiters [-] State transition "BUILD/spawning" ==> "ACTIVE/None" after 21 second wait
2025-11-25 21:39:51.314 66925 INFO tempest.lib.common.rest_client [req-33a42b6e-e0a5-4b1b-9d78-60b454bdb30f req-33a42b6e-e0a5-4b1b-9d78-60b454bdb30f ] Request (ServersNegativeTestJSON:setUpClass): 201 POST http://10.180.1.21/networking/v2.0/subnets 0.236s
2025-11-25 21:39:51.323 66927 INFO tempest.lib.common.rest_client [req-da6f9a93-c98f-473d-9111-d0bba12b74b8 req-da6f9a93-c98f-473d-9111-d0bba12b74b8 ] Request (ServerExternalEventsTest:tearDownClass): 204 DELETE http://10.180.1.21/identity/v3/users/c4ead3005b904d4d84f42088036757c6 0.149s
2025-11-25 21:39:51.413 66941 INFO tempest.lib.common.rest_client [req-ff4c0890-99cb-4427-bb32-42e1ceb75ea3 req-ff4c0890-99cb-4427-bb32-42e1ceb75ea3 ] Request (ServersTestManualDisk:setUpClass): 201 POST http://10.180.1.21/identity/v3/auth/tokens 0.224s
2025-11-25 21:39:51.470 66939 INFO tempest.lib.common.rest_client [req-1c7f49a9-dcad-42eb-a753-f9907ca9da3e req-1c7f49a9-dcad-42eb-a753-f9907ca9da3e ] Request (ListServerFiltersTestJSON:setUpClass): 200 GET http://10.180.1.21/compute/v2.1/servers/de3b0375-ee2d-4f87-85dd-80869440776b 2.599s
2025-11-25 21:39:51.532 66903 INFO tempest.lib.common.rest_client [req-09ffb079-0cd1-4fd8-b489-8dc45a253764 req-09ffb079-0cd1-4fd8-b489-8dc45a253764 ] Request (ImagesMetadataTestJSON:test_list_image_metadata): 200 GET http://10.180.1.21/compute/v2.1/images/815b3bbc-5df0-4d7f-8fc0-b0675de0a79e/metadata 2.492s
2025-11-25 21:39:51.577 66917 INFO tempest.lib.common.rest_client [req-73ff1b64-ceb6-4571-92dd-5bb0ef6d2e5b req-73ff1b64-ceb6-4571-92dd-5bb0ef6d2e5b ] Request (QuotasAdminTestV257:test_get_updated_quotas): 200 GET http://10.180.1.21/identity/v3/domains?name=Default 0.386s
2025-11-25 21:39:51.668 66927 INFO tempest.lib.common.rest_client [req-be430ec0-8b88-4709-af69-c53b6af4621d req-be430ec0-8b88-4709-af69-c53b6af4621d ] Request (ServerExternalEventsTest:tearDownClass): 204 DELETE http://10.180.1.21/identity/v3/users/fef4d5ef8e564dadb1536e4df05bccf9 0.344s
2025-11-25 21:39:51.866 66927 INFO tempest.lib.common.rest_client [req-a4decef3-8b65-48b1-b7fe-26e8b22638e9 req-a4decef3-8b65-48b1-b7fe-26e8b22638e9 ] Request (ServerExternalEventsTest:tearDownClass): 204 DELETE http://10.180.1.21/identity/v3/users/a4c606c5657e4242ae30b6f6e22d615b 0.197s
2025-11-25 21:39:51.866 66927 INFO tempest.lib.common.dynamic_creds [-] Deleting project and security group for project: 0378e16abe36485ba0272676f4a05ef8
2025-11-25 21:39:51.964 66927 INFO tempest.lib.common.rest_client [req-69fd350f-e668-49de-8230-753a4508723c req-69fd350f-e668-49de-8230-753a4508723c ] Request (ServerExternalEventsTest:tearDownClass): 201 POST http://10.180.1.21/identity/v3/auth/tokens 0.097s
2025-11-25 21:39:51.995 66941 INFO tempest.lib.common.rest_client [req-eee0e881-7379-4cf1-9d13-e07f7d28c23a req-eee0e881-7379-4cf1-9d13-e07f7d28c23a ] Request (ServersTestManualDisk:setUpClass): 201 POST http://10.180.1.21/networking/v2.0/networks 0.582s
2025-11-25 21:39:52.207 66925 INFO tempest.lib.common.rest_client [req-791540f0-db7d-4232-b67b-3af446956db3 req-791540f0-db7d-4232-b67b-3af446956db3 ] Request (ServersNegativeTestJSON:setUpClass): 201 POST http://10.180.1.21/networking/v2.0/routers 0.892s
2025-11-25 21:39:52.262 66927 INFO tempest.lib.common.rest_client [req-07dfa140-3f9c-4378-a883-8c733c54336d req-07dfa140-3f9c-4378-a883-8c733c54336d ] Request (ServerExternalEventsTest:tearDownClass): 200 GET http://10.180.1.21/networking/v2.0/security-groups?tenant_id=0378e16abe36485ba0272676f4a05ef8&name=default 0.297s
2025-11-25 21:39:52.307 66931 INFO tempest.lib.common.rest_client [req-50ec31c4-039f-461d-8308-666e150e5456 req-50ec31c4-039f-461d-8308-666e150e5456 ] Request (ImagesTestJSON:test_create_image_from_suspended_server): 200 GET http://10.180.1.21/compute/v2.1/servers/a49c3636-1565-4a01-9e55-7e5bf691778a 3.159s
2025-11-25 21:39:52.418 66941 INFO tempest.lib.common.rest_client [req-1af2e9b7-5bf0-4725-ae9e-f20873c1cb63 req-1af2e9b7-5bf0-4725-ae9e-f20873c1cb63 ] Request (ServersTestManualDisk:setUpClass): 201 POST http://10.180.1.21/networking/v2.0/subnets 0.422s
2025-11-25 21:39:52.549 66927 INFO tempest.lib.common.rest_client [req-fe31569f-1cdb-4734-ada1-7de9a9f833f3 req-fe31569f-1cdb-4734-ada1-7de9a9f833f3 ] Request (ServerExternalEventsTest:tearDownClass): 204 DELETE http://10.180.1.21/networking/v2.0/security-groups/11b54f24-3d3c-4390-937c-5457e285d86b 0.287s
2025-11-25 21:39:52.634 66927 INFO tempest.lib.common.rest_client [req-4b0c7791-f9e4-41b8-8603-988b80f69211 req-4b0c7791-f9e4-41b8-8603-988b80f69211 ] Request (ServerExternalEventsTest:tearDownClass): 204 DELETE http://10.180.1.21/identity/v3/projects/0378e16abe36485ba0272676f4a05ef8 0.084s
2025-11-25 21:39:52.634 66927 INFO tempest.lib.common.dynamic_creds [-] Deleting project and security group for project: 7ad26f04d3874b629f11207b787679d8
2025-11-25 21:39:53.335 66925 INFO tempest.lib.common.rest_client [req-e6a6f84a-fe93-463c-b895-edd4f5e0ee5c req-e6a6f84a-fe93-463c-b895-edd4f5e0ee5c ] Request (ServersNegativeTestJSON:setUpClass): 200 PUT http://10.180.1.21/networking/v2.0/routers/e96667ce-936e-433e-9873-7ac6c87c0956/add_router_interface 1.127s
2025-11-25 21:39:53.335 66925 INFO tempest.lib.common.dynamic_creds [-] Created isolated network resources for: credentials: Credentials: {'domain_id': 'default', 'domain_name': 'Default', 'username': 'tempest-ServersNegativeTestJSON-1498734081-project-member', 'project_domain_id': 'default', 'project_domain_name': 'Default', 'project_id': 'bdb555c427cb442c9baf510789accc2c', 'project_name': 'tempest-ServersNegativeTestJSON-1498734081', 'tenant_id': 'bdb555c427cb442c9baf510789accc2c', 'tenant_name': 'tempest-ServersNegativeTestJSON-1498734081', 'user_domain_id': 'default', 'user_domain_name': 'Default', 'user_id': '654abac53dc94f2eb0a86b5a05c7c1fa', 'system': None}, Network: {'id': '3790f762-d3ff-4fa6-bb6c-a5726be2a1e5', 'name': 'tempest-ServersNegativeTestJSON-1525373149-network', 'tenant_id': 'bdb555c427cb442c9baf510789accc2c', 'project_id': 'bdb555c427cb442c9baf510789accc2c', 'admin_state_up': True, 'mtu': 8950, 'status': 'ACTIVE', 'subnets': [], 'shared': False, 'port_security_enabled': True, 'router:external': False, 'provider:network_type': 'vlan', 'provider:physical_network': 'default', 'provider:segmentation_id': 508, 'availability_zone_hints': [], 'availability_zones': [], 'ipv4_address_scope': None, 'ipv6_address_scope': None, 'description': '', 'tags': [], 'created_at': '2025-11-25T21:39:50Z', 'updated_at': '2025-11-25T21:39:50Z', 'revision_number': 1}, Subnet: {'id': '7e0eeeff-66bb-4714-930b-1bdcc45fa987', 'name': 'tempest-ServersNegativeTestJSON-1525373149-subnet', 'tenant_id': 'bdb555c427cb442c9baf510789accc2c', 'network_id': '3790f762-d3ff-4fa6-bb6c-a5726be2a1e5', 'ip_version': 4, 'subnetpool_id': None, 'enable_dhcp': True, 'ipv6_ra_mode': None, 'ipv6_address_mode': None, 'gateway_ip': '192.168.128.1', 'cidr': '192.168.128.0/28', 'allocation_pools': [{'start': '192.168.128.2', 'end': '192.168.128.14'}], 'host_routes': [], 'dns_nameservers': [], 'description': '', 'router:external': False, 'service_types': [], 'tags': [], 'created_at': '2025-11-25T21:39:51Z', 'updated_at': '2025-11-25T21:39:51Z', 'revision_number': 0, 'project_id': 'bdb555c427cb442c9baf510789accc2c'}, Router: {'id': 'e96667ce-936e-433e-9873-7ac6c87c0956', 'name': 'tempest-ServersNegativeTestJSON-1525373149-router', 'tenant_id': 'bdb555c427cb442c9baf510789accc2c', 'admin_state_up': True, 'status': 'ACTIVE', 'external_gateway_info': {'network_id': '9a77743a-49c6-41dd-aadb-c8ace2847254', 'external_fixed_ips': [{'subnet_id': '33cabf04-ecad-4bec-9dd8-96d38615e4cc', 'ip_address': '10.180.180.158'}], 'enable_snat': True}, 'description': '', 'availability_zones': [], 'distributed': False, 'ha': False, 'availability_zone_hints': [], 'routes': [], 'flavor_id': None, 'tags': [], 'created_at': '2025-11-25T21:39:51Z', 'updated_at': '2025-11-25T21:39:51Z', 'revision_number': 2, 'project_id': 'bdb555c427cb442c9baf510789accc2c'}
2025-11-25 21:39:53.447 66925 INFO tempest.lib.common.rest_client [req-502816ed-fb2e-4a69-9c16-b6d3d3a4864c req-502816ed-fb2e-4a69-9c16-b6d3d3a4864c ] Request (ServersNegativeTestJSON:setUpClass): 201 POST http://10.180.1.21/identity/v3/auth/tokens 0.109s
2025-11-25 21:39:53.454 66941 INFO tempest.lib.common.rest_client [req-5d8211a6-f82f-451a-9581-c0d54b64f125 req-5d8211a6-f82f-451a-9581-c0d54b64f125 ] Request (ServersTestManualDisk:setUpClass): 201 POST http://10.180.1.21/networking/v2.0/routers 1.035s
2025-11-25 21:39:53.465 66927 INFO tempest.lib.common.rest_client [req-b25a1bed-258b-459a-aa92-5dd7f5f51668 req-b25a1bed-258b-459a-aa92-5dd7f5f51668 ] Request (ServerExternalEventsTest:tearDownClass): 200 GET http://10.180.1.21/networking/v2.0/security-groups?tenant_id=7ad26f04d3874b629f11207b787679d8&name=default 0.830s
2025-11-25 21:39:53.489 66925 INFO tempest.lib.common.rest_client [req-10fc7045-d738-4cbc-93d9-340a530ec9f8 req-10fc7045-d738-4cbc-93d9-340a530ec9f8 ] Request (ServersNegativeTestJSON:setUpClass): 201 POST http://10.180.1.21/identity/v3/auth/tokens 0.037s
2025-11-25 21:39:53.490 66925 INFO tempest.lib.common.fixed_network [-] (ServersNegativeTestJSON:setUpClass) Found network {'id': '3790f762-d3ff-4fa6-bb6c-a5726be2a1e5', 'name': 'tempest-ServersNegativeTestJSON-1525373149-network', 'tenant_id': 'bdb555c427cb442c9baf510789accc2c', 'project_id': 'bdb555c427cb442c9baf510789accc2c', 'admin_state_up': True, 'mtu': 8950, 'status': 'ACTIVE', 'subnets': [], 'shared': False, 'port_security_enabled': True, 'router:external': False, 'provider:network_type': 'vlan', 'provider:physical_network': 'default', 'provider:segmentation_id': 508, 'availability_zone_hints': [], 'availability_zones': [], 'ipv4_address_scope': None, 'ipv6_address_scope': None, 'description': '', 'tags': [], 'created_at': '2025-11-25T21:39:50Z', 'updated_at': '2025-11-25T21:39:50Z', 'revision_number': 1} available for tenant
2025-11-25 21:39:53.516 66937 INFO tempest.lib.common.rest_client [req-216b1822-55e2-4446-9a3e-30098f11f36c req-216b1822-55e2-4446-9a3e-30098f11f36c ] Request (FloatingIPsAssociationTestJSON:test_associate_disassociate_floating_ip): 200 GET http://10.180.1.21/compute/v2.1/os-floating-ips/4640fa76-9d47-42d9-bfd2-f9b0114c6204 3.865s
2025-11-25 21:39:53.675 66927 INFO tempest.lib.common.rest_client [req-45afc4bb-5145-4cbe-9cbb-269f35a45dc0 req-45afc4bb-5145-4cbe-9cbb-269f35a45dc0 ] Request (ServerExternalEventsTest:tearDownClass): 204 DELETE http://10.180.1.21/networking/v2.0/security-groups/d224eef6-c50e-4e07-9dd8-4c87a7aa8aae 0.210s
2025-11-25 21:39:53.798 66965 INFO tempest.lib.common.rest_client [req-1e97c1e0-eb45-4894-8055-c38a8a60b206 req-1e97c1e0-eb45-4894-8055-c38a8a60b206 ] Request (ServersAdminTestJSON:setUpClass): 202 POST http://10.180.1.21/compute/v2.1/servers 5.618s
2025-11-25 21:39:53.828 66935 INFO tempest.lib.common.rest_client [req-c8d470a4-76bf-4f97-b5ef-30aaa2a7f822 req-c8d470a4-76bf-4f97-b5ef-30aaa2a7f822 ] Request (ServersNegativeTestMultiTenantJSON:setUpClass): 200 GET http://10.180.1.21/compute/v2.1/servers/9122dd3b-7263-41f8-9a7f-8fc578cbf256 3.889s
2025-11-25 21:39:53.833 66958 INFO tempest.lib.common.rest_client [req-35e10e8f-b198-4941-9ca9-66b755e3f31e req-35e10e8f-b198-4941-9ca9-66b755e3f31e ] Request (ImagesOneServerTestJSON:tearDownClass): 404 DELETE http://10.180.1.21/compute/v2.1/images/e37e76b2-793a-4aa3-bd62-a21fba5a2a49 3.869s
2025-11-25 21:39:53.838 66943 INFO tempest.lib.common.rest_client [req-106941d4-3e16-46c4-a07c-e623e49de70a req-106941d4-3e16-46c4-a07c-e623e49de70a ] Request (AggregatesAdminNegativeTestJSON:test_aggregate_remove_host_as_user): 403 POST http://10.180.1.21/compute/v2.1/os-aggregates/7/action 3.699s
2025-11-25 21:39:53.845 66905 INFO tempest.lib.common.rest_client [req-af6dd7f8-7852-4efe-ab43-6dc4db5766f7 req-af6dd7f8-7852-4efe-ab43-6dc4db5766f7 ] Request (FlavorsAdminTestJSON:test_is_public_string_variations): 200 GET http://10.180.1.21/compute/v2.1/flavors/detail?is_public=0 3.680s
2025-11-25 21:39:53.846 66927 INFO tempest.lib.common.rest_client [req-1ea4ec6f-0910-435f-abb4-50a83c9b8fdc req-1ea4ec6f-0910-435f-abb4-50a83c9b8fdc ] Request (ServerExternalEventsTest:tearDownClass): 204 DELETE http://10.180.1.21/identity/v3/projects/7ad26f04d3874b629f11207b787679d8 0.169s
2025-11-25 21:39:53.846 66927 INFO tempest.lib.common.dynamic_creds [-] Deleting project and security group for project: 8b54ef44bda144deac1fba520d4f5d0f
2025-11-25 21:39:53.852 66911 INFO tempest.lib.common.rest_client [req-6abaaf58-73f0-4c34-ba41-7cb3b2a4059d req-6abaaf58-73f0-4c34-ba41-7cb3b2a4059d ] Request (FloatingIPsAssociationNegativeTestJSON:test_associate_ip_to_server_without_passing_floating_ip): 400 POST http://10.180.1.21/compute/v2.1/servers/654f346b-b9e5-43cf-aaed-eaaf27de9b9b/action 3.194s
2025-11-25 21:39:53.924 66965 INFO tempest.lib.common.rest_client [req-70ea0909-3037-4cb5-9938-c5f1df63b72e req-70ea0909-3037-4cb5-9938-c5f1df63b72e ] Request (ServersAdminTestJSON:setUpClass): 201 POST http://10.180.1.21/identity/v3/auth/tokens 0.121s
2025-11-25 21:39:53.924 66965 INFO tempest.lib.common.fixed_network [-] (ServersAdminTestJSON:setUpClass) Found network {'id': 'e4aead7a-9a38-4425-bfec-93937a255202', 'name': 'tempest-ServersAdminTestJSON-1760513752-network', 'tenant_id': '6c19ac9e508248f8bd2f908a5d971fa6', 'project_id': '6c19ac9e508248f8bd2f908a5d971fa6', 'admin_state_up': True, 'mtu': 8950, 'status': 'ACTIVE', 'subnets': [], 'shared': False, 'port_security_enabled': True, 'router:external': False, 'provider:network_type': 'vlan', 'provider:physical_network': 'default', 'provider:segmentation_id': 850, 'availability_zone_hints': [], 'availability_zones': [], 'ipv4_address_scope': None, 'ipv6_address_scope': None, 'description': '', 'tags': [], 'created_at': '2025-11-25T21:39:42Z', 'updated_at': '2025-11-25T21:39:42Z', 'revision_number': 1} available for tenant
2025-11-25 21:39:54.145 66923 INFO paramiko.transport [-] Connected (version 2.0, client dropbear_2020.81)
2025-11-25 21:39:54.259 66923 INFO paramiko.transport [-] Authentication (publickey) successful!
2025-11-25 21:39:54.259 66923 INFO tempest.lib.common.ssh [-] ssh connection to cirros@10.180.180.142 successfully created
2025-11-25 21:39:54.559 66927 INFO tempest.lib.common.rest_client [req-2344fa2a-a614-4156-8131-a115ae931816 req-2344fa2a-a614-4156-8131-a115ae931816 ] Request (ServerExternalEventsTest:tearDownClass): 200 GET http://10.180.1.21/networking/v2.0/security-groups?tenant_id=8b54ef44bda144deac1fba520d4f5d0f&name=default 0.712s
2025-11-25 21:39:54.599 66959 INFO tempest.lib.common.rest_client [req-edc254fe-feb0-4d07-b8b6-78b1879e31d4 req-edc254fe-feb0-4d07-b8b6-78b1879e31d4 ] Request (DeleteServersTestJSON:test_delete_active_server): 200 GET http://10.180.1.21/compute/v2.1/servers/d9585c3c-0edd-4d6a-836e-542bab8c144c 3.985s
2025-11-25 21:39:54.631 66955 INFO tempest.lib.common.rest_client [req-bc2a0f63-d950-4d4e-9c3d-3db2d52905e9 req-bc2a0f63-d950-4d4e-9c3d-3db2d52905e9 ] Request (ImagesOneServerNegativeTestJSON:_run_cleanups): 200 GET http://10.180.1.21/compute/v2.1/servers/09c3f5af-ee51-4777-8439-906517d9b95e 3.797s
2025-11-25 21:39:54.638 66945 INFO tempest.lib.common.rest_client [req-8d5ccd3a-580a-4c76-ab95-83cd7290eaa8 req-8d5ccd3a-580a-4c76-ab95-83cd7290eaa8 ] Request (FlavorsV255TestJSON:_run_cleanups): 202 DELETE http://10.180.1.21/compute/v2.1/flavors/1860097678 3.795s
2025-11-25 21:39:54.681 66961 INFO tempest.lib.common.rest_client [req-d43abb05-0643-4e03-b9ed-459dc09c6443 req-d43abb05-0643-4e03-b9ed-459dc09c6443 ] Request (DeleteServersAdminTestJSON:tearDownClass): 404 GET http://10.180.1.21/compute/v2.1/servers/78ea43d3-7de5-4c97-9726-1c2fae375b17 3.718s
2025-11-25 21:39:54.687 66947 INFO tempest.lib.common.rest_client [req-fd9f79f8-998b-4e41-a769-3cb3c860362b req-fd9f79f8-998b-4e41-a769-3cb3c860362b ] Request (ServerMetadataNegativeTestJSON:test_server_create_metadata_key_too_long): 400 POST http://10.180.1.21/compute/v2.1/servers 3.686s
2025-11-25 21:39:54.735 66941 INFO tempest.lib.common.rest_client [req-602a4435-8dc9-43ce-b740-e6f0f9504631 req-602a4435-8dc9-43ce-b740-e6f0f9504631 ] Request (ServersTestManualDisk:setUpClass): 200 PUT http://10.180.1.21/networking/v2.0/routers/08763b66-3f6d-41b6-b323-7de72d3d2dd3/add_router_interface 1.280s
2025-11-25 21:39:54.736 66941 INFO tempest.lib.common.dynamic_creds [-] Created isolated network resources for: credentials: Credentials: {'domain_id': 'default', 'domain_name': 'Default', 'username': 'tempest-ServersTestManualDisk-236647849-project-member', 'project_domain_id': 'default', 'project_domain_name': 'Default', 'project_id': 'c894f79277b24f00877721f684d5dd48', 'project_name': 'tempest-ServersTestManualDisk-236647849', 'tenant_id': 'c894f79277b24f00877721f684d5dd48', 'tenant_name': 'tempest-ServersTestManualDisk-236647849', 'user_domain_id': 'default', 'user_domain_name': 'Default', 'user_id': '8c2402a91a814b6698e180889622ae6f', 'system': None}, Network: {'id': '0a998bd3-3007-40c2-a409-611dd2124da2', 'name': 'tempest-ServersTestManualDisk-32922083-network', 'tenant_id': 'c894f79277b24f00877721f684d5dd48', 'project_id': 'c894f79277b24f00877721f684d5dd48', 'admin_state_up': True, 'mtu': 8950, 'status': 'ACTIVE', 'subnets': [], 'shared': False, 'port_security_enabled': True, 'router:external': False, 'provider:network_type': 'vlan', 'provider:physical_network': 'default', 'provider:segmentation_id': 520, 'availability_zone_hints': [], 'availability_zones': [], 'ipv4_address_scope': None, 'ipv6_address_scope': None, 'description': '', 'tags': [], 'created_at': '2025-11-25T21:39:51Z', 'updated_at': '2025-11-25T21:39:51Z', 'revision_number': 1}, Subnet: {'id': '6606cc67-38a3-4ff8-a137-89c1ba538ca8', 'name': 'tempest-ServersTestManualDisk-32922083-subnet', 'tenant_id': 'c894f79277b24f00877721f684d5dd48', 'network_id': '0a998bd3-3007-40c2-a409-611dd2124da2', 'ip_version': 4, 'subnetpool_id': None, 'enable_dhcp': True, 'ipv6_ra_mode': None, 'ipv6_address_mode': None, 'gateway_ip': '192.168.128.1', 'cidr': '192.168.128.0/28', 'allocation_pools': [{'start': '192.168.128.2', 'end': '192.168.128.14'}], 'host_routes': [], 'dns_nameservers': [], 'description': '', 'router:external': False, 'service_types': [], 'tags': [], 'created_at': '2025-11-25T21:39:52Z', 'updated_at': '2025-11-25T21:39:52Z', 'revision_number': 0, 'project_id': 'c894f79277b24f00877721f684d5dd48'}, Router: {'id': '08763b66-3f6d-41b6-b323-7de72d3d2dd3', 'name': 'tempest-ServersTestManualDisk-32922083-router', 'tenant_id': 'c894f79277b24f00877721f684d5dd48', 'admin_state_up': True, 'status': 'ACTIVE', 'external_gateway_info': {'network_id': '9a77743a-49c6-41dd-aadb-c8ace2847254', 'external_fixed_ips': [{'subnet_id': '33cabf04-ecad-4bec-9dd8-96d38615e4cc', 'ip_address': '10.180.180.198'}], 'enable_snat': True}, 'description': '', 'availability_zones': [], 'distributed': False, 'ha': False, 'availability_zone_hints': [], 'routes': [], 'flavor_id': None, 'tags': [], 'created_at': '2025-11-25T21:39:52Z', 'updated_at': '2025-11-25T21:39:53Z', 'revision_number': 2, 'project_id': 'c894f79277b24f00877721f684d5dd48'}
2025-11-25 21:39:54.752 66915 INFO tempest.lib.common.rest_client [req-5da154ef-8f22-4ae5-9aad-3f92e41edf05 req-5da154ef-8f22-4ae5-9aad-3f92e41edf05 ] Request (VolumesSnapshotsTestJSON:_run_cleanups): 202 DELETE http://10.180.1.21/compute/v2.1/os-volumes/100c8988-a6e4-4026-b8b7-c034c135669a 3.817s
2025-11-25 21:39:54.806 66947 INFO tempest.lib.common.rest_client [req-53ce2a17-65a7-41ed-a7df-1bc046d801fc req-53ce2a17-65a7-41ed-a7df-1bc046d801fc ] Request (ServerMetadataNegativeTestJSON:test_server_create_metadata_key_too_long): 201 POST http://10.180.1.21/identity/v3/auth/tokens 0.111s
2025-11-25 21:39:54.806 66947 INFO tempest.lib.common.fixed_network [-] (ServerMetadataNegativeTestJSON:test_server_create_metadata_key_too_long) Found network {'id': 'd4c4751e-b6b3-4d57-a482-d609975481e0', 'name': 'tempest-ServerMetadataNegativeTestJSON-532562054-network', 'tenant_id': '9d48606048944d70b533e6c18d112f77', 'project_id': '9d48606048944d70b533e6c18d112f77', 'admin_state_up': True, 'mtu': 8950, 'status': 'ACTIVE', 'subnets': [], 'shared': False, 'port_security_enabled': True, 'router:external': False, 'provider:network_type': 'vlan', 'provider:physical_network': 'default', 'provider:segmentation_id': 295, 'availability_zone_hints': [], 'availability_zones': [], 'ipv4_address_scope': None, 'ipv6_address_scope': None, 'description': '', 'tags': [], 'created_at': '2025-11-25T21:38:30Z', 'updated_at': '2025-11-25T21:38:30Z', 'revision_number': 1} available for tenant
2025-11-25 21:39:54.889 66941 INFO tempest.lib.common.rest_client [req-280705c4-8c34-40d7-a803-412469271141 req-280705c4-8c34-40d7-a803-412469271141 ] Request (ServersTestManualDisk:setUpClass): 201 POST http://10.180.1.21/identity/v3/auth/tokens 0.147s
2025-11-25 21:39:54.897 66927 INFO tempest.lib.common.rest_client [req-ccf50c45-3d5d-4505-8c97-4179bf83490d req-ccf50c45-3d5d-4505-8c97-4179bf83490d ] Request (ServerExternalEventsTest:tearDownClass): 204 DELETE http://10.180.1.21/networking/v2.0/security-groups/6a826642-7961-48b2-8a46-554303874559 0.338s
2025-11-25 21:39:54.961 66919 INFO tempest.lib.common.rest_client [req-0b87f263-d7b0-4c57-add1-f8dba330c87e req-0b87f263-d7b0-4c57-add1-f8dba330c87e ] Request (ServersAdminNegativeTestJSON:test_migrate_non_existent_server): 404 POST http://10.180.1.21/compute/v2.1/servers/8e95ef78-7d9b-488e-95ff-86b3a3d3afb8/action 3.676s
2025-11-25 21:39:55.044 66927 INFO tempest.lib.common.rest_client [req-12815e05-bbd1-41b3-8eb5-ff2143b95c06 req-12815e05-bbd1-41b3-8eb5-ff2143b95c06 ] Request (ServerExternalEventsTest:tearDownClass): 204 DELETE http://10.180.1.21/identity/v3/projects/8b54ef44bda144deac1fba520d4f5d0f 0.146s
2025-11-25 21:39:55.072 66919 INFO tempest.lib.common.rest_client [req-0ab3e5eb-ad13-4966-8fb4-b14ba2810364 req-0ab3e5eb-ad13-4966-8fb4-b14ba2810364 ] Request (ServersAdminNegativeTestJSON:test_migrate_server_invalid_state): 201 POST http://10.180.1.21/identity/v3/auth/tokens 0.105s
