2025-11-25 21:41:03.733 66927 INFO tempest.lib.common.rest_client [req-70bfc64b-1e37-469b-a369-a95c80029b1b req-70bfc64b-1e37-469b-a369-a95c80029b1b ] Request (ServersListShow2100Test:test_list_show_rebuild_update_server_2100): 200 GET http://10.180.1.21/compute/v2.1/servers/c9efa747-fb6b-4e92-ac7e-f895a0131ba7 4.395s
2025-11-25 21:41:03.750 66927 INFO tempest.common.waiters [-] State transition "REBUILD/rebuild_spawning" ==> "ACTIVE/None" after 11 second wait
2025-11-25 21:41:03.780 66947 INFO tempest.lib.common.rest_client [req-2ec8ac7b-5a7e-4939-999a-175dfad3221d req-2ec8ac7b-5a7e-4939-999a-175dfad3221d ] Request (ServerShowV247Test:setUpClass): 201 POST http://10.180.1.21/identity/v3/auth/tokens 0.122s
2025-11-25 21:41:03.854 66947 INFO tempest.lib.common.rest_client [req-bfab3fdd-20f7-4b5e-a433-2c14eceaae9b req-bfab3fdd-20f7-4b5e-a433-2c14eceaae9b ] Request (ServerShowV247Test:setUpClass): 200 GET http://10.180.1.21/identity/v3/projects/d71df20276b140e387215f2339abb263 0.074s
2025-11-25 21:41:03.855 66947 INFO tempest.lib.common.dynamic_creds [-] Using the existing project d71df20276b140e387215f2339abb263 for scope project and roles: ['reader']
2025-11-25 21:41:03.901 66937 INFO tempest.lib.common.rest_client [req-03625e89-8be9-4393-ab91-4eb495542be8 req-03625e89-8be9-4393-ab91-4eb495542be8 ] Request (SecurityGroupsNegativeTestJSON:tearDownClass): 204 DELETE http://10.180.1.21/networking/v2.0/networks/33ad971e-3c68-4ad5-a2a5-15e888f8d7f0 0.194s
2025-11-25 21:41:03.910 66947 INFO tempest.lib.common.rest_client [req-3b7094d5-9830-4355-ba61-151ae41b170d req-3b7094d5-9830-4355-ba61-151ae41b170d ] Request (ServerShowV247Test:setUpClass): 201 POST http://10.180.1.21/identity/v3/users 0.055s
2025-11-25 21:41:03.936 66947 INFO tempest.lib.common.rest_client [req-8e864c75-4b24-4276-a07b-dd6fe208e23c req-8e864c75-4b24-4276-a07b-dd6fe208e23c ] Request (ServerShowV247Test:setUpClass): 200 GET http://10.180.1.21/identity/v3/roles 0.025s
2025-11-25 21:41:03.953 66929 INFO tempest.lib.common.rest_client [req-e662ed06-077e-4b6a-bd08-2e039a0ea507 req-e662ed06-077e-4b6a-bd08-2e039a0ea507 ] Request (ServerActionsTestOtherA:setUpClass): 200 GET http://10.180.1.21/compute/v2.1/servers/b7d9bfe0-2547-42b5-ae42-46056769180b 4.227s
2025-11-25 21:41:03.976 66947 INFO tempest.lib.common.rest_client [req-86776a44-af85-4e31-90f5-1b0073ac08ba req-86776a44-af85-4e31-90f5-1b0073ac08ba ] Request (ServerShowV247Test:setUpClass): 204 PUT http://10.180.1.21/identity/v3/projects/d71df20276b140e387215f2339abb263/users/9fef74d0247846268d2d4341a64ca81b/roles/090516f6fce74d12838788c26cd820bd 0.040s
2025-11-25 21:41:03.976 66947 INFO tempest.lib.common.dynamic_creds [-] Dynamic test user 9fef74d0247846268d2d4341a64ca81b is created with scope project and roles: ['reader']
2025-11-25 21:41:03.977 66947 INFO tempest.lib.common.dynamic_creds [-] Acquired dynamic creds: credentials: Credentials: {'domain_id': 'default', 'domain_name': 'Default', 'username': 'tempest-ServerShowV247Test-1409938111-project-reader', 'project_domain_id': 'default', 'project_domain_name': 'Default', 'project_id': 'd71df20276b140e387215f2339abb263', 'project_name': 'tempest-ServerShowV247Test-1409938111', 'tenant_id': 'd71df20276b140e387215f2339abb263', 'tenant_name': 'tempest-ServerShowV247Test-1409938111', 'user_domain_id': 'default', 'user_domain_name': 'Default', 'user_id': '9fef74d0247846268d2d4341a64ca81b', 'system': None}, Network: None, Subnet: None, Router: None
2025-11-25 21:41:03.977 66947 INFO tempest.lib.common.dynamic_creds [-] Network resources are not created for requested scope: project and credentials: Credentials: {'domain_id': 'default', 'domain_name': 'Default', 'username': 'tempest-ServerShowV247Test-1409938111-project-reader', 'project_domain_id': 'default', 'project_domain_name': 'Default', 'project_id': 'd71df20276b140e387215f2339abb263', 'project_name': 'tempest-ServerShowV247Test-1409938111', 'tenant_id': 'd71df20276b140e387215f2339abb263', 'tenant_name': 'tempest-ServerShowV247Test-1409938111', 'user_domain_id': 'default', 'user_domain_name': 'Default', 'user_id': '9fef74d0247846268d2d4341a64ca81b', 'system': None}, Network: None, Subnet: None, Router: None
2025-11-25 21:41:03.990 66923 INFO tempest.lib.common.rest_client [req-aad5e79c-1d74-4d5e-8347-bbaaef74b119 req-aad5e79c-1d74-4d5e-8347-bbaaef74b119 ] Request (ServerActionsTestOtherB:test_create_backup): 200 GET http://10.180.1.21/compute/v2.1/servers/0acafe01-6adb-4cbc-af3f-7655494bb71c 4.377s
2025-11-25 21:41:04.003 66923 INFO tempest.common.waiters [-] State transition "ACTIVE/image_uploading" ==> "ACTIVE/None" after 16 second wait
2025-11-25 21:41:04.025 66923 INFO tempest.lib.common.rest_client [req-2bc5ac24-3eed-4c67-a17c-0833bf966c06 req-2bc5ac24-3eed-4c67-a17c-0833bf966c06 ] Request (ServerActionsTestOtherB:test_create_backup): 404 GET http://10.180.1.21/image/v2/images/dde8f79b-21eb-4861-9516-e365c4503b76 0.021s
2025-11-25 21:41:04.029 66917 INFO tempest.lib.common.rest_client [req-7208d29f-6a15-4363-acfa-77102b271d75 req-7208d29f-6a15-4363-acfa-77102b271d75 ] Request (SecurityGroupRulesNegativeTestJSON:test_create_security_group_rule_with_invalid_ip_protocol): 400 POST http://10.180.1.21/compute/v2.1/os-security-group-rules 4.188s
2025-11-25 21:41:04.039 66937 INFO tempest.lib.common.rest_client [req-685d33ab-546a-4068-b17c-3d7d1385642f req-685d33ab-546a-4068-b17c-3d7d1385642f ] Request (SecurityGroupsNegativeTestJSON:tearDownClass): 204 DELETE http://10.180.1.21/identity/v3/users/687c8b49fb3148f1b683d21b93791522 0.137s
2025-11-25 21:41:04.039 66937 INFO tempest.lib.common.dynamic_creds [-] Deleting project and security group for project: 1c1f89933727431db1b7d85761e3a590
2025-11-25 21:41:04.074 66937 INFO tempest.lib.common.rest_client [req-577aca89-389a-4d84-ae13-fa4519610eeb req-577aca89-389a-4d84-ae13-fa4519610eeb ] Request (SecurityGroupsNegativeTestJSON:tearDownClass): 200 GET http://10.180.1.21/networking/v2.0/security-groups?tenant_id=1c1f89933727431db1b7d85761e3a590&name=default 0.034s
2025-11-25 21:41:04.078 66923 INFO tempest.lib.common.rest_client [req-8db08e3c-b75a-428f-82cd-41219f099e53 req-8db08e3c-b75a-428f-82cd-41219f099e53 ] Request (ServerActionsTestOtherB:test_create_backup): 200 GET http://10.180.1.21/image/v2/images?status=active&sort_key=created_at&sort_dir=asc&image_type=backup&backup_type=daily&instance_uuid=0acafe01-6adb-4cbc-af3f-7655494bb71c 0.052s
2025-11-25 21:41:04.082 66935 INFO tempest.lib.common.rest_client [req-5f6e3473-0072-4217-8dee-05295155d22c req-5f6e3473-0072-4217-8dee-05295155d22c ] Request (ServersNegativeTestMultiTenantJSON:tearDownClass): 200 GET http://10.180.1.21/compute/v2.1/servers/9122dd3b-7263-41f8-9a7f-8fc578cbf256 4.193s
2025-11-25 21:41:04.089 66935 INFO tempest.common.waiters [-] State transition "DELETED/None" ==> "ERROR/None" after 31 second wait
2025-11-25 21:41:04.089 66947 INFO tempest.lib.common.rest_client [req-ee579556-5506-4279-a473-66eeb9ab339d req-ee579556-5506-4279-a473-66eeb9ab339d ] Request (ServerShowV247Test:setUpClass): 201 POST http://10.180.1.21/identity/v3/auth/tokens 0.107s
2025-11-25 21:41:04.090 66935 ERROR tempest.test [-] teardown of resources failed: (, Resource %(resource_id)s failed to delete and is in ERROR status Details: Server 9122dd3b-7263-41f8-9a7f-8fc578cbf256 failed to delete and is in ERROR status. Fault: {'code': 500, 'created': '2025-11-25T21:41:02Z', 'message': 'A conflict was encountered attempting to update resource provider d4b70302-95fb-435f-b210-3807752fe3ec (generation 57): {"errors": [{"status": 409, "title": "Conflict", "detail": "There was a conflict when trying to complete your request.\\n\\n resource pro'}., ): testtools.runtest.MultipleExceptions: (, Resource %(resource_id)s failed to delete and is in ERROR status Details: Server 9122dd3b-7263-41f8-9a7f-8fc578cbf256 failed to delete and is in ERROR status. Fault: {'code': 500, 'created': '2025-11-25T21:41:02Z', 'message': 'A conflict was encountered attempting to update resource provider d4b70302-95fb-435f-b210-3807752fe3ec (generation 57): {"errors": [{"status": 409, "title": "Conflict", "detail": "There was a conflict when trying to complete your request.\\n\\n resource pro'}., )
2025-11-25 21:41:04.090 66935 ERROR tempest.test
Traceback (most recent call last):
2025-11-25 21:41:04.090 66935 ERROR tempest.test
File "/opt/stack/tempest/tempest/test.py", line 210, in tearDownClass
2025-11-25 21:41:04.090 66935 ERROR tempest.test teardown()
2025-11-25 21:41:04.090 66935 ERROR tempest.test
File "/opt/stack/tempest/tempest/test.py", line 628, in resource_cleanup
2025-11-25 21:41:04.090 66935 ERROR tempest.test raise testtools.MultipleExceptions(*cleanup_errors)
2025-11-25 21:41:04.090 66935 ERROR tempest.test testtools.runtest.MultipleExceptions: (, Resource %(resource_id)s failed to delete and is in ERROR status
2025-11-25 21:41:04.090 66935 ERROR tempest.test Details: Server 9122dd3b-7263-41f8-9a7f-8fc578cbf256 failed to delete and is in ERROR status. Fault: {'code': 500, 'created': '2025-11-25T21:41:02Z', 'message': 'A conflict was encountered attempting to update resource provider d4b70302-95fb-435f-b210-3807752fe3ec (generation 57): {"errors": [{"status": 409, "title": "Conflict", "detail": "There was a conflict when trying to complete your request.\\n\\n resource pro'}., )
2025-11-25 21:41:04.090 66935 ERROR tempest.test
2025-11-25 21:41:04.097 66965 INFO tempest.lib.common.rest_client [req-ecc1ee6f-cca9-4ff9-9e85-6c064a894134 req-ecc1ee6f-cca9-4ff9-9e85-6c064a894134 ] Request (ServersAdminTestJSON:test_create_server_with_scheduling_hint): 200 GET http://10.180.1.21/compute/v2.1/servers/12b18eda-aed2-4c30-bd1d-81df51637f29 3.939s
2025-11-25 21:41:04.156 66947 INFO tempest.lib.common.rest_client [req-5e3bb6d3-6be1-453f-9dcd-82d5e37daeb6 req-5e3bb6d3-6be1-453f-9dcd-82d5e37daeb6 ] Request (ServerShowV247Test:test_show_server): 201 POST http://10.180.1.21/identity/v3/auth/tokens 0.060s
2025-11-25 21:41:04.157 66947 INFO tempest.lib.common.fixed_network [-] (ServerShowV247Test:test_show_server) Found network None available for tenant
2025-11-25 21:41:04.168 66937 INFO tempest.lib.common.rest_client [req-6b6e943e-1d4a-4519-839d-6aa8cfa1f33c req-6b6e943e-1d4a-4519-839d-6aa8cfa1f33c ] Request (SecurityGroupsNegativeTestJSON:tearDownClass): 204 DELETE http://10.180.1.21/networking/v2.0/security-groups/39e9786f-ecf6-4c00-80af-45f7d59c6796 0.093s
2025-11-25 21:41:04.196 66911 INFO tempest.lib.common.rest_client [req-56f0292b-34c6-4b70-8a9b-cea849f865f5 req-56f0292b-34c6-4b70-8a9b-cea849f865f5 ] Request (ServerRescueTestJSONUnderV235:setUpClass): 200 GET http://10.180.1.21/compute/v2.1/servers/8fcbe9d2-78bd-4955-924d-994bf00a17aa 3.426s
2025-11-25 21:41:04.255 66909 INFO tempest.lib.common.rest_client [req-41556fa4-3278-4558-8fc7-840c6dd7c92d req-41556fa4-3278-4558-8fc7-840c6dd7c92d ] Request (ListImageFiltersTestJSON:test_list_images_with_detail_filter_by_changes_since): 200 GET http://10.180.1.21/compute/v2.1/images/detail?changes-since=2025-11-25T21%3A37%3A49Z 3.295s
2025-11-25 21:41:04.264 66913 INFO tempest.lib.common.rest_client [req-95e92737-193e-4d02-a614-d7811bfc6f24 req-95e92737-193e-4d02-a614-d7811bfc6f24 ] Request (KeyPairsV22TestJSON:test_get_keypair_detail): 200 GET http://10.180.1.21/compute/v2.1/os-keypairs/tempest-keypair-779095889 3.221s
2025-11-25 21:41:04.323 66937 INFO tempest.lib.common.rest_client [req-fe197e16-e1f3-4f7d-a825-5c091c0b1ee2 req-fe197e16-e1f3-4f7d-a825-5c091c0b1ee2 ] Request (SecurityGroupsNegativeTestJSON:tearDownClass): 204 DELETE http://10.180.1.21/identity/v3/projects/1c1f89933727431db1b7d85761e3a590 0.155s
2025-11-25 21:41:04.437 66937 INFO tempest.lib.common.rest_client [req-5ace98df-67af-4e5d-b350-6a48c9759b73 req-5ace98df-67af-4e5d-b350-6a48c9759b73 ] Request (ServerShowV254Test:setUpClass): 201 POST http://10.180.1.21/identity/v3/auth/tokens 0.111s
2025-11-25 21:41:04.484 66959 INFO tempest.lib.common.rest_client [req-aaab1dba-4df8-40f4-8a19-e8e8913b606c req-aaab1dba-4df8-40f4-8a19-e8e8913b606c ] Request (DeleteServersTestJSON:test_delete_server_while_in_attached_volume): 200 GET http://10.180.1.21/compute/v2.1/servers/2405e73c-84a4-4611-b92c-d18d4a9e65ad 3.391s
2025-11-25 21:41:04.515 66937 INFO tempest.lib.common.rest_client [req-f66f37cd-9b95-43bb-bffe-c21d9fe7b396 req-f66f37cd-9b95-43bb-bffe-c21d9fe7b396 ] Request (ServerShowV254Test:setUpClass): 201 POST http://10.180.1.21/identity/v3/auth/tokens 0.071s
2025-11-25 21:41:04.557 66937 INFO tempest.lib.common.rest_client [req-2d81c476-a039-4a97-9f9e-493640de491d req-2d81c476-a039-4a97-9f9e-493640de491d ] Request (ServerShowV254Test:setUpClass): 200 GET http://10.180.1.21/identity/v3/domains?name=Default 0.042s
2025-11-25 21:41:04.584 66937 INFO tempest.lib.common.rest_client [req-8d356874-03ba-4de2-8c2b-92ac96503cb8 req-8d356874-03ba-4de2-8c2b-92ac96503cb8 ] Request (ServerShowV254Test:setUpClass): 201 POST http://10.180.1.21/identity/v3/projects 0.026s
2025-11-25 21:41:04.669 66937 INFO tempest.lib.common.rest_client [req-a4f7aed9-f3f1-448a-bc64-410d591b4d88 req-a4f7aed9-f3f1-448a-bc64-410d591b4d88 ] Request (ServerShowV254Test:setUpClass): 201 POST http://10.180.1.21/identity/v3/users 0.083s
2025-11-25 21:41:04.699 66937 INFO tempest.lib.common.rest_client [req-eb9f7843-b7f9-45b1-b0fd-37101f5c4a00 req-eb9f7843-b7f9-45b1-b0fd-37101f5c4a00 ] Request (ServerShowV254Test:setUpClass): 200 GET http://10.180.1.21/identity/v3/roles 0.029s
2025-11-25 21:41:04.732 66955 INFO tempest.lib.common.rest_client [req-ea196cc6-8d99-4e3b-a02c-b6c81767859c req-ea196cc6-8d99-4e3b-a02c-b6c81767859c ] Request (ImagesOneServerNegativeTestJSON:test_delete_image_that_is_not_yet_active): 202 POST http://10.180.1.21/compute/v2.1/servers/bd0568ea-773b-4587-98e4-f201778a0f5a/action 4.119s
2025-11-25 21:41:04.734 66937 INFO tempest.lib.common.rest_client [req-23064fef-2050-40ff-8212-170d1ecb7460 req-23064fef-2050-40ff-8212-170d1ecb7460 ] Request (ServerShowV254Test:setUpClass): 204 PUT http://10.180.1.21/identity/v3/projects/bb9a10a9cfe14fb7a57f0c8b6bfd0b4d/users/661d93f235c64bbd824d608b3aec05e7/roles/6f0716056b4948dc8e1e6997044e220f 0.035s
2025-11-25 21:41:04.734 66937 INFO tempest.lib.common.dynamic_creds [-] Dynamic test user 661d93f235c64bbd824d608b3aec05e7 is created with scope project and roles: ['member']
2025-11-25 21:41:04.734 66937 INFO tempest.lib.common.dynamic_creds [-] Acquired dynamic creds: credentials: Credentials: {'domain_id': 'default', 'domain_name': 'Default', 'username': 'tempest-ServerShowV254Test-906735855-project-member', 'project_domain_id': 'default', 'project_domain_name': 'Default', 'project_id': 'bb9a10a9cfe14fb7a57f0c8b6bfd0b4d', 'project_name': 'tempest-ServerShowV254Test-906735855', 'tenant_id': 'bb9a10a9cfe14fb7a57f0c8b6bfd0b4d', 'tenant_name': 'tempest-ServerShowV254Test-906735855', 'user_domain_id': 'default', 'user_domain_name': 'Default', 'user_id': '661d93f235c64bbd824d608b3aec05e7', 'system': None}, Network: None, Subnet: None, Router: None
2025-11-25 21:41:04.735 66937 INFO tempest.lib.common.dynamic_creds [-] Created isolated network resources for: credentials: Credentials: {'domain_id': 'default', 'domain_name': 'Default', 'username': 'tempest-ServerShowV254Test-906735855-project-member', 'project_domain_id': 'default', 'project_domain_name': 'Default', 'project_id': 'bb9a10a9cfe14fb7a57f0c8b6bfd0b4d', 'project_name': 'tempest-ServerShowV254Test-906735855', 'tenant_id': 'bb9a10a9cfe14fb7a57f0c8b6bfd0b4d', 'tenant_name': 'tempest-ServerShowV254Test-906735855', 'user_domain_id': 'default', 'user_domain_name': 'Default', 'user_id': '661d93f235c64bbd824d608b3aec05e7', 'system': None}, Network: None, Subnet: None, Router: None
2025-11-25 21:41:04.831 66937 INFO tempest.lib.common.rest_client [req-d836ec3a-cc53-4200-a9be-f9c153bd6e7e req-d836ec3a-cc53-4200-a9be-f9c153bd6e7e ] Request (ServerShowV254Test:setUpClass): 201 POST http://10.180.1.21/identity/v3/auth/tokens 0.093s
2025-11-25 21:41:04.844 66905 INFO tempest.lib.common.rest_client [req-39e01853-fd83-46fb-bb15-26efdfff76cb req-39e01853-fd83-46fb-bb15-26efdfff76cb ] Request (ServerDiskConfigTestJSON:test_rebuild_server_with_auto_disk_config): 200 GET http://10.180.1.21/compute/v2.1/servers/de4e0327-5b9d-4813-a2f1-c1075cd631c6 2.972s
2025-11-25 21:41:04.869 66937 INFO tempest.lib.common.rest_client [req-88d31e7f-48be-4450-b07f-a010733700e7 req-88d31e7f-48be-4450-b07f-a010733700e7 ] Request (ServerShowV254Test:test_rebuild_server): 201 POST http://10.180.1.21/identity/v3/auth/tokens 0.034s
2025-11-25 21:41:04.870 66937 INFO tempest.lib.common.fixed_network [-] (ServerShowV254Test:test_rebuild_server) Found network None available for tenant
2025-11-25 21:41:04.951 66925 INFO tempest.lib.common.rest_client [req-f6b509b2-6b43-4e10-a346-ee044f0011f5 req-f6b509b2-6b43-4e10-a346-ee044f0011f5 ] Request (ServersNegativeTestJSON:setUpClass): 204 DELETE http://10.180.1.21/compute/v2.1/servers/c24ad1c2-4e64-4f9e-93f1-5b03fe3eb97e 2.007s
2025-11-25 21:41:04.969 66939 INFO tempest.lib.common.rest_client [req-ec8e5714-4491-4122-bc0f-b939e022f6c6 req-ec8e5714-4491-4122-bc0f-b939e022f6c6 ] Request (ListServerFiltersTestJSON:test_list_servers_filtered_by_ip_regex): 200 GET http://10.180.1.21/compute/v2.1/servers/de3b0375-ee2d-4f87-85dd-80869440776b 3.032s
2025-11-25 21:41:05.079 66935 INFO tempest.lib.common.rest_client [req-b2fa282f-d536-460f-94ee-fa2868786bee req-b2fa282f-d536-460f-94ee-fa2868786bee ] Request (ServersNegativeTestMultiTenantJSON:tearDownClass): 200 PUT http://10.180.1.21/networking/v2.0/routers/7f20808b-23c4-4e82-a175-15498c5fecea/remove_router_interface 0.989s
2025-11-25 21:41:05.126 66945 INFO tempest.lib.common.rest_client [req-ecbc72d1-c27a-4d2d-bdf2-0a747fce2a0c req-ecbc72d1-c27a-4d2d-bdf2-0a747fce2a0c ] Request (ValidationResourcesFixture:setUp): 200 POST http://10.180.1.21/compute/v2.1/os-keypairs 2.110s
2025-11-25 21:41:05.226 66919 INFO tempest.lib.common.rest_client [req-27fcec9c-12ab-45c9-a934-68cf4de13874 req-27fcec9c-12ab-45c9-a934-68cf4de13874 ] Request (ServersAdminNegativeTestJSON:test_resize_server_using_overlimit_vcpus): 200 GET http://10.180.1.21/compute/v2.1/os-quota-sets/ce49dab2df164fa9aaf668c4ac445744 1.864s
2025-11-25 21:41:05.267 66945 INFO tempest.lib.common.rest_client [req-1a4a4360-a31f-4c86-8a72-0d680e55c2e4 req-1a4a4360-a31f-4c86-8a72-0d680e55c2e4 ] Request (ValidationResourcesFixture:setUp): 201 POST http://10.180.1.21/networking/v2.0/security-groups 0.139s
2025-11-25 21:41:05.339 66927 INFO tempest.lib.common.rest_client [req-e30b8bdf-a4f8-42af-ba3c-84ce73d48ba5 req-e30b8bdf-a4f8-42af-ba3c-84ce73d48ba5 ] Request (ServersListShow2100Test:tearDownClass): 204 DELETE http://10.180.1.21/compute/v2.1/servers/c9efa747-fb6b-4e92-ac7e-f895a0131ba7 1.584s
2025-11-25 21:41:05.378 66945 INFO tempest.lib.common.rest_client [req-02d8bf99-66ee-4b4f-a4b2-f82f3b49c1a9 req-02d8bf99-66ee-4b4f-a4b2-f82f3b49c1a9 ] Request (ValidationResourcesFixture:setUp): 201 POST http://10.180.1.21/networking/v2.0/security-group-rules 0.110s
2025-11-25 21:41:05.608 66931 INFO tempest.lib.common.rest_client [req-1ef2b1ff-592e-4eaf-afd5-6fd90362d553 req-1ef2b1ff-592e-4eaf-afd5-6fd90362d553 ] Request (ImagesTestJSON:test_create_server_from_snapshot): 202 POST http://10.180.1.21/compute/v2.1/servers/2471e48b-4f10-4325-b931-c8571f203a5b/action 2.260s
2025-11-25 21:41:05.609 66945 INFO tempest.lib.common.rest_client [req-ee322eef-1787-4d41-b9f2-509fac0822d9 req-ee322eef-1787-4d41-b9f2-509fac0822d9 ] Request (ValidationResourcesFixture:setUp): 201 POST http://10.180.1.21/networking/v2.0/security-group-rules 0.230s
2025-11-25 21:41:05.628 66935 INFO tempest.lib.common.rest_client [req-25a4d093-b1a4-4489-855c-f56cc4a91882 req-25a4d093-b1a4-4489-855c-f56cc4a91882 ] Request (ServersNegativeTestMultiTenantJSON:tearDownClass): 204 DELETE http://10.180.1.21/networking/v2.0/routers/7f20808b-23c4-4e82-a175-15498c5fecea 0.548s
2025-11-25 21:41:05.630 66961 INFO tempest.lib.common.rest_client [req-a26b20af-27a2-45ba-8aee-0e321c645a4e req-a26b20af-27a2-45ba-8aee-0e321c645a4e ] Request (VolumesAdminNegativeTest:tearDownClass): 200 GET http://10.180.1.21/compute/v2.1/servers/e235fb78-d917-4f0d-b10c-0b2146a5219f 1.673s
2025-11-25 21:41:05.637 66961 INFO tempest.common.waiters [-] State transition "ACTIVE/deleting" ==> "DELETED/None" after 3 second wait
2025-11-25 21:41:05.708 66921 WARNING tempest.lib.common.ssh [-] Failed to establish authenticated ssh connection to cirros@10.180.180.128 ([Errno None] Unable to connect to port 22 on 10.180.180.128). Number attempts: 8. Retry after 9 seconds.: paramiko.ssh_exception.NoValidConnectionsError: [Errno None] Unable to connect to port 22 on 10.180.180.128
2025-11-25 21:41:05.808 66917 INFO tempest.lib.common.rest_client [req-27fdeb22-838e-4ceb-b783-6ab54122737f req-27fdeb22-838e-4ceb-b783-6ab54122737f ] Request (SecurityGroupRulesNegativeTestJSON:test_create_security_group_rule_with_invalid_port_range): 200 POST http://10.180.1.21/compute/v2.1/os-security-groups 1.778s
2025-11-25 21:41:05.960 66935 INFO tempest.lib.common.rest_client [req-2d108bf2-399b-4e6c-b5eb-4576bceeecbb req-2d108bf2-399b-4e6c-b5eb-4576bceeecbb ] Request (ServersNegativeTestMultiTenantJSON:tearDownClass): 204 DELETE http://10.180.1.21/networking/v2.0/subnets/713b02f5-bbc2-479d-a1a2-326edafe1d51 0.332s
2025-11-25 21:41:06.084 66945 INFO tempest.lib.common.rest_client [req-43383d8d-9a44-41bd-b8aa-8ec29af8fd1a req-43383d8d-9a44-41bd-b8aa-8ec29af8fd1a ] Request (ValidationResourcesFixture:setUp): 201 POST http://10.180.1.21/networking/v2.0/floatingips 0.475s
2025-11-25 21:41:06.102 66947 INFO tempest.lib.common.rest_client [req-bde39437-925c-43c2-94fd-1ae4c8d0550a req-bde39437-925c-43c2-94fd-1ae4c8d0550a ] Request (ServerShowV247Test:test_show_server): 202 POST http://10.180.1.21/compute/v2.1/servers 1.944s
2025-11-25 21:41:06.124 66913 INFO tempest.lib.common.rest_client [req-c6ebc75c-12dd-4e2f-bc14-85fa266dd070 req-c6ebc75c-12dd-4e2f-bc14-85fa266dd070 ] Request (KeyPairsV22TestJSON:_run_cleanups): 204 DELETE http://10.180.1.21/compute/v2.1/os-keypairs/tempest-keypair-779095889 1.858s
2025-11-25 21:41:06.126 66945 INFO tempest.lib.common.rest_client [req-635441a3-ecb4-4d72-bfed-14c968dacc6c req-635441a3-ecb4-4d72-bfed-14c968dacc6c ] Request (AttachInterfacesUnderV243Test:test_add_remove_fixed_ip): 201 POST http://10.180.1.21/identity/v3/auth/tokens 0.039s
2025-11-25 21:41:06.126 66945 INFO tempest.lib.common.fixed_network [-] (AttachInterfacesUnderV243Test:test_add_remove_fixed_ip) Found network {'id': '4f8f6d24-44a0-44da-a878-4ed080f4ad16', 'name': 'tempest-AttachInterfacesUnderV243Test-1806834580-network', 'tenant_id': 'afdbcaa72de444388f067bb765890051', 'project_id': 'afdbcaa72de444388f067bb765890051', 'admin_state_up': True, 'mtu': 8950, 'status': 'ACTIVE', 'subnets': [], 'shared': False, 'port_security_enabled': True, 'router:external': False, 'provider:network_type': 'vlan', 'provider:physical_network': 'default', 'provider:segmentation_id': 603, 'availability_zone_hints': [], 'availability_zones': [], 'ipv4_address_scope': None, 'ipv6_address_scope': None, 'description': '', 'tags': [], 'created_at': '2025-11-25T21:41:00Z', 'updated_at': '2025-11-25T21:41:00Z', 'revision_number': 1} available for tenant
2025-11-25 21:41:06.186 66909 INFO tempest.lib.common.rest_client [req-e7dbbb0b-05dc-4e99-be7d-f5a2f98fd611 req-e7dbbb0b-05dc-4e99-be7d-f5a2f98fd611 ] Request (ListImageFiltersTestJSON:test_list_images_with_detail_filter_by_name): 200 GET http://10.180.1.21/compute/v2.1/images/detail?name=tempest-ListImageFiltersTestJSON-image-148944260 1.919s
2025-11-25 21:41:06.382 66935 INFO tempest.lib.common.rest_client [req-7be1f641-b33c-4cee-b8a5-9a5aa7ed0e27 req-7be1f641-b33c-4cee-b8a5-9a5aa7ed0e27 ] Request (ServersNegativeTestMultiTenantJSON:tearDownClass): 204 DELETE http://10.180.1.21/networking/v2.0/networks/89ec56a9-e3a4-4201-8d8f-635821eb9c40 0.422s
2025-11-25 21:41:06.457 66923 INFO tempest.lib.common.rest_client [req-034fa60d-135a-47d7-9e66-0b085fb2dae0 req-034fa60d-135a-47d7-9e66-0b085fb2dae0 ] Request (ServerActionsTestOtherB:tearDown): 200 GET http://10.180.1.21/compute/v2.1/servers/0acafe01-6adb-4cbc-af3f-7655494bb71c 2.379s
2025-11-25 21:41:06.607 66958 INFO tempest.lib.common.rest_client [req-0de80e8b-538c-4e5e-82e4-67320470e39f req-0de80e8b-538c-4e5e-82e4-67320470e39f ] Request (ServersTestJSON:test_create_server_specify_multibyte_character_name): 200 GET http://10.180.1.21/compute/v2.1/servers/5f6300c9-b1cb-4581-ad8d-9287a37b02b5 2.289s
2025-11-25 21:41:06.615 66958 INFO tempest.common.waiters [-] State transition "BUILD/spawning" ==> "ACTIVE/None" after 29 second wait
2025-11-25 21:41:06.625 66903 INFO tempest.lib.common.rest_client [req-39b1433a-6fe4-4d70-9cd4-c5510effcc83 req-39b1433a-6fe4-4d70-9cd4-c5510effcc83 ] Request (InstanceActionsV221TestJSON:test_get_list_deleted_instance_actions): 200 GET http://10.180.1.21/compute/v2.1/servers/07c2db2e-41b9-40f3-bd05-18ada3bcdb3d 2.111s
2025-11-25 21:41:06.651 66923 INFO tempest.lib.common.rest_client [req-c24b36f0-7283-4451-93e2-9165dfcb0245 req-c24b36f0-7283-4451-93e2-9165dfcb0245 ] Request (ServerActionsTestOtherB:_run_cleanups): 204 DELETE http://10.180.1.21/image/v2/images/85a0644c-d8f2-4b65-b06f-ad26743e0b04 0.180s
2025-11-25 21:41:06.734 66958 INFO tempest.lib.common.rest_client [req-3939117a-e6c2-47c8-9991-1c63bf48fef2 req-3939117a-e6c2-47c8-9991-1c63bf48fef2 ] Request (ServersTestJSON:test_create_server_with_admin_password): 201 POST http://10.180.1.21/identity/v3/auth/tokens 0.113s
2025-11-25 21:41:06.735 66958 INFO tempest.lib.common.fixed_network [-] (ServersTestJSON:test_create_server_with_admin_password) Found network {'id': 'f51469b8-699f-4dfe-916f-3bcad640d423', 'name': 'tempest-ServersTestJSON-739283215-network', 'tenant_id': '542d3fe1f35b4fae826b3900ee79128c', 'project_id': '542d3fe1f35b4fae826b3900ee79128c', 'admin_state_up': True, 'mtu': 8950, 'status': 'ACTIVE', 'subnets': [], 'shared': False, 'port_security_enabled': True, 'router:external': False, 'provider:network_type': 'vlan', 'provider:physical_network': 'default', 'provider:segmentation_id': 97, 'availability_zone_hints': [], 'availability_zones': [], 'ipv4_address_scope': None, 'ipv6_address_scope': None, 'description': '', 'tags': [], 'created_at': '2025-11-25T21:40:26Z', 'updated_at': '2025-11-25T21:40:26Z', 'revision_number': 1} available for tenant
2025-11-25 21:41:06.787 66923 INFO tempest.lib.common.rest_client [req-161d7899-3420-4b56-9b21-d3f6ed5f794e req-161d7899-3420-4b56-9b21-d3f6ed5f794e ] Request (ServerActionsTestOtherB:_run_cleanups): 204 DELETE http://10.180.1.21/image/v2/images/b9cf4ade-6208-40ea-a685-71d0787d9eb8 0.135s
2025-11-25 21:41:06.983 66941 WARNING tempest.lib.common.ssh [-] Failed to establish authenticated ssh connection to cirros@10.180.180.205 ([Errno None] Unable to connect to port 22 on 10.180.180.205). Number attempts: 4. Retry after 5 seconds.: paramiko.ssh_exception.NoValidConnectionsError: [Errno None] Unable to connect to port 22 on 10.180.180.205
2025-11-25 21:41:07.769 66935 INFO tempest.lib.common.rest_client [req-cc62c776-aef4-448b-8dc5-80f77471803b req-cc62c776-aef4-448b-8dc5-80f77471803b ] Request (ServersNegativeTestMultiTenantJSON:tearDownClass): 200 PUT http://10.180.1.21/networking/v2.0/routers/2d48a83b-2700-47f3-bb32-72a98ee3e88f/remove_router_interface 1.386s
2025-11-25 21:41:07.792 66943 INFO tempest.lib.common.rest_client [req-09f7b2d9-ea10-4f71-bf6b-75e8f8011633 req-09f7b2d9-ea10-4f71-bf6b-75e8f8011633 ] Request (VolumesAssistedSnapshotsTest:test_volume_assisted_snapshot_create_delete): 200 GET http://10.180.1.21/compute/v2.1/servers/49dfec34-de82-415b-ab22-7e5a2d916f07 3.250s
2025-11-25 21:41:07.807 66934 INFO tempest.lib.common.rest_client [req-9cf0a0cd-5abd-4bde-9444-c2d9a083d365 req-9cf0a0cd-5abd-4bde-9444-c2d9a083d365 ] Request (SecurityGroupsTestJSON:test_server_security_groups): 200 GET http://10.180.1.21/compute/v2.1/servers/5f46f819-ecf3-471c-ba3a-4e8f0b4c62fd 3.087s
2025-11-25 21:41:07.896 66955 INFO tempest.lib.common.rest_client [req-f403f98a-669e-4ed3-baa5-b402fa177db2 req-f403f98a-669e-4ed3-baa5-b402fa177db2 ] Request (ImagesOneServerNegativeTestJSON:test_delete_image_that_is_not_yet_active): 204 DELETE http://10.180.1.21/compute/v2.1/images/ffa1510f-cfbc-498a-ac38-9267fef4dd7f 3.162s
2025-11-25 21:41:07.976 66937 INFO tempest.lib.common.rest_client [req-4743198e-c88c-47b0-84db-fa5dab097565 req-4743198e-c88c-47b0-84db-fa5dab097565 ] Request (ServerShowV254Test:test_rebuild_server): 202 POST http://10.180.1.21/compute/v2.1/servers 3.106s
2025-11-25 21:41:08.298 66935 INFO tempest.lib.common.rest_client [req-7dd1a0e5-5f54-4f84-a8fa-de40e2485515 req-7dd1a0e5-5f54-4f84-a8fa-de40e2485515 ] Request (ServersNegativeTestMultiTenantJSON:tearDownClass): 204 DELETE http://10.180.1.21/networking/v2.0/routers/2d48a83b-2700-47f3-bb32-72a98ee3e88f 0.528s
2025-11-25 21:41:08.607 66925 INFO tempest.lib.common.rest_client [req-cb792f31-ac53-4939-914c-28bc221fc5ea req-cb792f31-ac53-4939-914c-28bc221fc5ea ] Request (ServersNegativeTestJSON:setUpClass): 200 GET http://10.180.1.21/compute/v2.1/servers/c24ad1c2-4e64-4f9e-93f1-5b03fe3eb97e 3.656s
2025-11-25 21:41:08.631 66929 INFO tempest.lib.common.rest_client [req-4fb7e578-2cb7-467a-92ed-c045f8eda379 req-4fb7e578-2cb7-467a-92ed-c045f8eda379 ] Request (ServerActionsTestOtherA:setUpClass): 200 GET http://10.180.1.21/compute/v2.1/servers/b7d9bfe0-2547-42b5-ae42-46056769180b 3.661s
2025-11-25 21:41:08.639 66929 INFO tempest.common.waiters [-] State transition "BUILD/spawning" ==> "ACTIVE/None" after 30 second wait
2025-11-25 21:41:08.647 66935 INFO tempest.lib.common.rest_client [req-a6418bd4-0cb7-44ea-80b7-a4da5344b70f req-a6418bd4-0cb7-44ea-80b7-a4da5344b70f ] Request (ServersNegativeTestMultiTenantJSON:tearDownClass): 204 DELETE http://10.180.1.21/networking/v2.0/subnets/5501ec46-6394-4db7-b250-eab39f307ae6 0.349s
2025-11-25 21:41:08.650 66907 WARNING tempest.lib.common.ssh [-] Failed to establish authenticated ssh connection to cirros@10.180.180.180 ([Errno None] Unable to connect to port 22 on 10.180.180.180). Number attempts: 4. Retry after 5 seconds.: paramiko.ssh_exception.NoValidConnectionsError: [Errno None] Unable to connect to port 22 on 10.180.180.180
2025-11-25 21:41:08.773 66939 INFO tempest.lib.common.rest_client [req-878c23a6-ed10-48b0-8ee6-a13c2e3e831b req-878c23a6-ed10-48b0-8ee6-a13c2e3e831b ] Request (ListServerFiltersTestJSON:test_list_servers_filtered_by_ip_regex): 200 GET http://10.180.1.21/compute/v2.1/servers/1b781cee-93b0-43a9-a3da-72c23053d445 3.793s
2025-11-25 21:41:08.798 66965 INFO tempest.lib.common.rest_client [req-0ed751f1-f731-4287-ae98-95f2dc64fd3c req-0ed751f1-f731-4287-ae98-95f2dc64fd3c ] Request (ServersAdminTestJSON:test_create_server_with_scheduling_hint): 200 GET http://10.180.1.21/compute/v2.1/servers/12b18eda-aed2-4c30-bd1d-81df51637f29 3.691s
2025-11-25 21:41:08.805 66965 INFO tempest.common.waiters [-] State transition "BUILD/None" ==> "BUILD/spawning" after 28 second wait
2025-11-25 21:41:08.816 66919 INFO tempest.lib.common.rest_client [req-8a9afa0a-80df-4d33-aec1-f1e61a3e35da req-8a9afa0a-80df-4d33-aec1-f1e61a3e35da ] Request (ServersAdminNegativeTestJSON:test_resize_server_using_overlimit_vcpus): 200 POST http://10.180.1.21/compute/v2.1/flavors 3.588s
2025-11-25 21:41:08.824 66911 INFO tempest.lib.common.rest_client [req-128926d5-bd84-4efd-b3d8-e0917372cf1a req-128926d5-bd84-4efd-b3d8-e0917372cf1a ] Request (ServerRescueTestJSONUnderV235:setUpClass): 200 GET http://10.180.1.21/compute/v2.1/servers/8fcbe9d2-78bd-4955-924d-994bf00a17aa 3.618s
2025-11-25 21:41:08.885 66927 INFO tempest.lib.common.rest_client [req-9cb69baf-439a-4b0f-b5be-dd8623e7648a req-9cb69baf-439a-4b0f-b5be-dd8623e7648a ] Request (ServersListShow2100Test:tearDownClass): 200 GET http://10.180.1.21/compute/v2.1/servers/c9efa747-fb6b-4e92-ac7e-f895a0131ba7 3.545s
2025-11-25 21:41:08.891 66959 INFO tempest.lib.common.rest_client [req-8e68f919-515f-42b2-9b68-bcda1176d9fc req-8e68f919-515f-42b2-9b68-bcda1176d9fc ] Request (DeleteServersTestJSON:test_delete_server_while_in_attached_volume): 200 GET http://10.180.1.21/compute/v2.1/servers/2405e73c-84a4-4611-b92c-d18d4a9e65ad 3.391s
2025-11-25 21:41:08.899 66959 INFO tempest.common.waiters [-] State transition "ACTIVE/deleting" ==> "DELETED/None" after 4 second wait
2025-11-25 21:41:08.907 66935 INFO tempest.lib.common.rest_client [req-37989f44-987d-4843-90e2-4e28cccd32fb req-37989f44-987d-4843-90e2-4e28cccd32fb ] Request (ServersNegativeTestMultiTenantJSON:tearDownClass): 204 DELETE http://10.180.1.21/networking/v2.0/networks/75094d28-384f-493c-91a3-a9ecb49b6e6d 0.259s
2025-11-25 21:41:08.923 66931 INFO tempest.lib.common.rest_client [req-5988a344-7660-4973-b4a1-8a08c069dfce req-5988a344-7660-4973-b4a1-8a08c069dfce ] Request (ImagesTestJSON:test_create_server_from_snapshot): 200 GET http://10.180.1.21/compute/v2.1/images/74121972-e775-402e-91f4-cc7e43650993 3.313s
2025-11-25 21:41:08.926 66917 INFO tempest.lib.common.rest_client [req-87808f8b-e8e8-461f-b194-3dfe82097f79 req-87808f8b-e8e8-461f-b194-3dfe82097f79 ] Request (SecurityGroupRulesNegativeTestJSON:test_create_security_group_rule_with_invalid_port_range): 400 POST http://10.180.1.21/compute/v2.1/os-security-group-rules 3.114s
2025-11-25 21:41:08.988 66905 INFO tempest.lib.common.rest_client [req-176e545f-9bc3-40b5-a8e3-0145985f9151 req-176e545f-9bc3-40b5-a8e3-0145985f9151 ] Request (ServerDiskConfigTestJSON:test_rebuild_server_with_auto_disk_config): 200 GET http://10.180.1.21/compute/v2.1/servers/de4e0327-5b9d-4813-a2f1-c1075cd631c6 3.135s
2025-11-25 21:41:09.043 66935 INFO tempest.lib.common.rest_client [req-4a4f8b66-0080-49fa-8fbc-4c522e874e93 req-4a4f8b66-0080-49fa-8fbc-4c522e874e93 ] Request (ServersNegativeTestMultiTenantJSON:tearDownClass): 204 DELETE http://10.180.1.21/identity/v3/users/cf762bef7df54f789f97a4a6e4ca4497 0.135s
2025-11-25 21:41:09.047 66947 INFO tempest.lib.common.rest_client [req-c6ed68ec-3003-4865-be70-690049d0ed6e req-c6ed68ec-3003-4865-be70-690049d0ed6e ] Request (ServerShowV247Test:test_show_server): 200 GET http://10.180.1.21/compute/v2.1/servers/9fcbacbd-c2dd-4a7b-b15f-3fd087cb306a 2.943s
2025-11-25 21:41:09.095 66913 INFO tempest.lib.common.rest_client [req-51ac43b8-4418-41e1-8036-6690bca118d7 req-51ac43b8-4418-41e1-8036-6690bca118d7 ] Request (KeyPairsV22TestJSON:test_keypair_create_delete): 201 POST http://10.180.1.21/compute/v2.1/os-keypairs 2.965s
2025-11-25 21:41:09.155 66909 INFO tempest.lib.common.rest_client [req-acea8279-325f-4793-b40b-16d43cb05297 req-acea8279-325f-4793-b40b-16d43cb05297 ] Request (ListImageFiltersTestJSON:test_list_images_with_detail_filter_by_server_ref): 200 GET http://10.180.1.21/compute/v2.1/images/detail?server=http%3A%2F%2F10.180.1.21%2Fcompute%2Fv2.1%2Fservers%2F6adcf2c5-0ce0-4990-ae95-aa1a0dd5464f 2.961s
2025-11-25 21:41:09.156 66947 INFO tempest.lib.common.rest_client [req-48a0a3e6-73de-4202-8a6b-516087cf8a63 req-48a0a3e6-73de-4202-8a6b-516087cf8a63 ] Request (ServerShowV247Test:test_update_rebuild_list_server): 201 POST http://10.180.1.21/identity/v3/auth/tokens 0.095s
2025-11-25 21:41:09.156 66947 INFO tempest.lib.common.fixed_network [-] (ServerShowV247Test:test_update_rebuild_list_server) Found network None available for tenant
2025-11-25 21:41:09.182 66935 INFO tempest.lib.common.rest_client [req-7ecb008f-610b-48d8-9f26-1fe596e6a6d3 req-7ecb008f-610b-48d8-9f26-1fe596e6a6d3 ] Request (ServersNegativeTestMultiTenantJSON:tearDownClass): 204 DELETE http://10.180.1.21/identity/v3/users/7ad992271e684647919bd2df239232ac 0.138s
2025-11-25 21:41:09.182 66935 INFO tempest.lib.common.dynamic_creds [-] Deleting project and security group for project: a2801377758644dd9cb7c3e5c894e565
2025-11-25 21:41:09.218 66935 INFO tempest.lib.common.rest_client [req-5ac62ee7-13ff-433c-bf15-ab3d87a0bba3 req-5ac62ee7-13ff-433c-bf15-ab3d87a0bba3 ] Request (ServersNegativeTestMultiTenantJSON:tearDownClass): 200 GET http://10.180.1.21/networking/v2.0/security-groups?tenant_id=a2801377758644dd9cb7c3e5c894e565&name=default 0.035s
2025-11-25 21:41:09.294 66961 INFO tempest.lib.common.rest_client [req-7a6c51ac-0f09-4855-ae8e-6c8bd2fc9c09 req-7a6c51ac-0f09-4855-ae8e-6c8bd2fc9c09 ] Request (VolumesAdminNegativeTest:tearDownClass): 200 GET http://10.180.1.21/compute/v2.1/servers/e235fb78-d917-4f0d-b10c-0b2146a5219f 2.653s
2025-11-25 21:41:09.371 66935 INFO tempest.lib.common.rest_client [req-c4049a5f-27ed-4168-adc0-226a331b7ded req-c4049a5f-27ed-4168-adc0-226a331b7ded ] Request (ServersNegativeTestMultiTenantJSON:tearDownClass): 204 DELETE http://10.180.1.21/networking/v2.0/security-groups/dac0c562-dd7a-479f-b414-e26b94da2a88 0.152s
2025-11-25 21:41:09.537 66935 INFO tempest.lib.common.rest_client [req-773cc497-fa93-4969-89b8-7459638088e0 req-773cc497-fa93-4969-89b8-7459638088e0 ] Request (ServersNegativeTestMultiTenantJSON:tearDownClass): 204 DELETE http://10.180.1.21/identity/v3/projects/a2801377758644dd9cb7c3e5c894e565 0.165s
2025-11-25 21:41:09.537 66935 INFO tempest.lib.common.dynamic_creds [-] Deleting project and security group for project: 23921c47df5a45258331a848e235b180
2025-11-25 21:41:09.661 66935 INFO tempest.lib.common.rest_client [req-ecd72f54-b9d3-463b-be1c-f70403b899ae req-ecd72f54-b9d3-463b-be1c-f70403b899ae ] Request (ServersNegativeTestMultiTenantJSON:tearDownClass): 200 GET http://10.180.1.21/networking/v2.0/security-groups?tenant_id=23921c47df5a45258331a848e235b180&name=default 0.124s
2025-11-25 21:41:09.699 66945 INFO tempest.lib.common.rest_client [req-01b3eea8-ea40-4167-98ad-178f871cbda8 req-01b3eea8-ea40-4167-98ad-178f871cbda8 ] Request (AttachInterfacesUnderV243Test:test_add_remove_fixed_ip): 202 POST http://10.180.1.21/compute/v2.1/servers 3.572s
2025-11-25 21:41:09.803 66935 INFO tempest.lib.common.rest_client [req-5252a276-7c4f-4ddc-b39a-7b7c5c08ac7e req-5252a276-7c4f-4ddc-b39a-7b7c5c08ac7e ] Request (ServersNegativeTestMultiTenantJSON:tearDownClass): 204 DELETE http://10.180.1.21/networking/v2.0/security-groups/4644475e-6b1a-4e43-843c-2a3c4cccb15e 0.141s
2025-11-25 21:41:09.941 66935 INFO tempest.lib.common.rest_client [req-39237f19-57a9-4d60-8eb8-7a32ec4534bd req-39237f19-57a9-4d60-8eb8-7a32ec4534bd ] Request (ServersNegativeTestMultiTenantJSON:tearDownClass): 204 DELETE http://10.180.1.21/identity/v3/projects/23921c47df5a45258331a848e235b180 0.137s
2025-11-25 21:41:09.943 66935 INFO tempest.test [-] raised in AttachVolumeMultiAttachTest.setUpClass. Invoking tearDownClass.
2025-11-25 21:41:10.059 66923 INFO tempest.lib.common.rest_client [req-677fabf9-ee59-487c-a1ca-e377e9221e97 req-677fabf9-ee59-487c-a1ca-e377e9221e97 ] Request (ServerActionsTestOtherB:setUp): 200 GET http://10.180.1.21/compute/v2.1/servers/0acafe01-6adb-4cbc-af3f-7655494bb71c 3.270s
2025-11-25 21:41:10.148 66903 INFO tempest.lib.common.rest_client [req-6248b3db-f440-4f87-aebc-b56cc9e5ed09 req-6248b3db-f440-4f87-aebc-b56cc9e5ed09 ] Request (InstanceActionsV221TestJSON:test_get_list_deleted_instance_actions): 200 GET http://10.180.1.21/compute/v2.1/servers/07c2db2e-41b9-40f3-bd05-18ada3bcdb3d 2.512s
2025-11-25 21:41:10.171 66958 INFO tempest.lib.common.rest_client [req-f984c6d3-f3bd-41ff-9524-3c5bf2a04a35 req-f984c6d3-f3bd-41ff-9524-3c5bf2a04a35 ] Request (ServersTestJSON:test_create_server_with_admin_password): 202 POST http://10.180.1.21/compute/v2.1/servers 3.435s
2025-11-25 21:41:10.172 66955 INFO tempest.lib.common.rest_client [req-f0132586-7120-46fb-8a1c-c87d66bec897 req-f0132586-7120-46fb-8a1c-c87d66bec897 ] Request (ImagesOneServerNegativeTestJSON:test_delete_image_that_is_not_yet_active): 404 GET http://10.180.1.21/compute/v2.1/images/ffa1510f-cfbc-498a-ac38-9267fef4dd7f 2.275s
2025-11-25 21:41:10.247 66937 INFO tempest.lib.common.rest_client [req-b15e7e29-a457-4e4d-ada8-a837158cced2 req-b15e7e29-a457-4e4d-ada8-a837158cced2 ] Request (ServerShowV254Test:test_rebuild_server): 200 GET http://10.180.1.21/compute/v2.1/servers/5ebdfe68-2b1f-497b-8d12-b4805a993244 2.268s
2025-11-25 21:41:10.323 66929 INFO tempest.lib.common.rest_client [req-de30150b-cf9b-458b-9d9e-503c44bb20ab req-de30150b-cf9b-458b-9d9e-503c44bb20ab ] Request (ServerActionsTestOtherA:setUpClass): 200 GET http://10.180.1.21/compute/v2.1/servers/b7d9bfe0-2547-42b5-ae42-46056769180b/os-interface 1.684s
2025-11-25 21:41:10.906 66929 INFO tempest.lib.common.rest_client [req-a821795a-a9fa-4015-8782-d674d9a5c71a req-a821795a-a9fa-4015-8782-d674d9a5c71a ] Request (ServerActionsTestOtherA:setUpClass): 200 PUT http://10.180.1.21/networking/v2.0/floatingips/f3fd39f3-ba91-4265-95f9-a14d9bb105be 0.579s
2025-11-25 21:41:10.908 66929 INFO tempest.lib.common.ssh [-] Creating ssh connection to '10.180.180.218:22' as 'cirros' with public key authentication
2025-11-25 21:41:11.068 66939 INFO tempest.lib.common.rest_client [req-b4a15c12-0d1c-4afc-828a-376c43818f52 req-b4a15c12-0d1c-4afc-828a-376c43818f52 ] Request (ListServerFiltersTestJSON:test_list_servers_filtered_by_ip_regex): 200 GET http://10.180.1.21/compute/v2.1/servers/detail 2.288s
2025-11-25 21:41:11.098 66943 INFO tempest.lib.common.rest_client [req-94f883e7-ef12-4d64-918f-ad911c9e155e req-94f883e7-ef12-4d64-918f-ad911c9e155e ] Request (VolumesAssistedSnapshotsTest:test_volume_assisted_snapshot_create_delete): 200 GET http://10.180.1.21/compute/v2.1/servers/49dfec34-de82-415b-ab22-7e5a2d916f07 2.292s
2025-11-25 21:41:11.106 66943 INFO tempest.common.waiters [-] State transition "BUILD/None" ==> "BUILD/spawning" after 30 second wait
2025-11-25 21:41:11.121 66934 INFO tempest.lib.common.rest_client [req-31096161-8516-4a25-8a1b-306f40441dc4 req-31096161-8516-4a25-8a1b-306f40441dc4 ] Request (SecurityGroupsTestJSON:test_server_security_groups): 200 GET http://10.180.1.21/compute/v2.1/servers/5f46f819-ecf3-471c-ba3a-4e8f0b4c62fd 2.306s
2025-11-25 21:41:11.190 66919 INFO tempest.lib.common.rest_client [req-685269ec-d41c-459e-977a-8a34fabb85ec req-685269ec-d41c-459e-977a-8a34fabb85ec ] Request (ServersAdminNegativeTestJSON:test_resize_server_using_overlimit_vcpus): 403 POST http://10.180.1.21/compute/v2.1/servers/34555e04-9377-46c4-b165-8bcf797898ee/action 2.371s
2025-11-25 21:41:11.212 66913 INFO tempest.lib.common.rest_client [req-c48a8265-4a45-4be9-a02b-cbc239d1fcd2 req-c48a8265-4a45-4be9-a02b-cbc239d1fcd2 ] Request (KeyPairsV22TestJSON:_run_cleanups): 204 DELETE http://10.180.1.21/compute/v2.1/os-keypairs/tempest-keypair-1502434987 2.115s
2025-11-25 21:41:11.263 66917 INFO tempest.lib.common.rest_client [req-40ae46b8-1245-4b1c-9757-4057ef096b25 req-40ae46b8-1245-4b1c-9757-4057ef096b25 ] Request (SecurityGroupRulesNegativeTestJSON:test_create_security_group_rule_with_invalid_to_port): 200 POST http://10.180.1.21/compute/v2.1/os-security-groups 2.335s
2025-11-25 21:41:11.314 66909 INFO tempest.lib.common.rest_client [req-c4ea6e0f-64fc-4959-9bd6-b4158edcb676 req-c4ea6e0f-64fc-4959-9bd6-b4158edcb676 ] Request (ListImageFiltersTestJSON:test_list_images_with_detail_filter_by_server_ref): 200 GET http://10.180.1.21/compute/v2.1/images/detail?server=http%3A%2F%2F10.180.1.21%2Fcompute%2Fservers%2F6adcf2c5-0ce0-4990-ae95-aa1a0dd5464f 2.154s
2025-11-25 21:41:11.370 66947 INFO tempest.lib.common.rest_client [req-74d6316f-4a4f-4ea0-9a75-f10cd3f07c60 req-74d6316f-4a4f-4ea0-9a75-f10cd3f07c60 ] Request (ServerShowV247Test:test_update_rebuild_list_server): 202 POST http://10.180.1.21/compute/v2.1/servers 2.213s
2025-11-25 21:41:11.401 66925 INFO tempest.lib.common.rest_client [req-b06626f7-ec35-4e61-9834-7c1f647a805e req-b06626f7-ec35-4e61-9834-7c1f647a805e ] Request (ServersNegativeTestJSON:setUpClass): 200 GET http://10.180.1.21/compute/v2.1/servers/c24ad1c2-4e64-4f9e-93f1-5b03fe3eb97e 1.784s
2025-11-25 21:41:11.410 66925 INFO tempest.common.waiters [-] State transition "ACTIVE/deleting" ==> "DELETED/None" after 3 second wait
2025-11-25 21:41:11.449 66945 INFO tempest.lib.common.rest_client [req-4af94081-ec1d-46eb-81f3-c5891b9d7be5 req-4af94081-ec1d-46eb-81f3-c5891b9d7be5 ] Request (AttachInterfacesUnderV243Test:test_add_remove_fixed_ip): 200 GET http://10.180.1.21/compute/v2.1/servers/b5803a7e-ed81-4214-b4cf-e41bfad6ff2b 1.746s
2025-11-25 21:41:11.528 66911 INFO tempest.lib.common.rest_client [req-7ebbf974-966b-40d4-a9b1-6e0f9d5d53c0 req-7ebbf974-966b-40d4-a9b1-6e0f9d5d53c0 ] Request (ServerRescueTestJSONUnderV235:setUpClass): 200 GET http://10.180.1.21/compute/v2.1/servers/8fcbe9d2-78bd-4955-924d-994bf00a17aa 1.697s
2025-11-25 21:41:11.581 66965 INFO tempest.lib.common.rest_client [req-f73a256e-917c-4473-91c2-14a9cdf96142 req-f73a256e-917c-4473-91c2-14a9cdf96142 ] Request (ServersAdminTestJSON:test_create_server_with_scheduling_hint): 200 GET http://10.180.1.21/compute/v2.1/servers/12b18eda-aed2-4c30-bd1d-81df51637f29 1.773s
2025-11-25 21:41:11.623 66927 INFO tempest.lib.common.rest_client [req-343f35c6-f836-40af-8583-836d99440f93 req-343f35c6-f836-40af-8583-836d99440f93 ] Request (ServersListShow2100Test:tearDownClass): 200 GET http://10.180.1.21/compute/v2.1/servers/c9efa747-fb6b-4e92-ac7e-f895a0131ba7 1.724s
2025-11-25 21:41:11.635 66927 INFO tempest.common.waiters [-] State transition "ACTIVE/deleting" ==> "DELETED/None" after 3 second wait
2025-11-25 21:41:11.643 66959 INFO tempest.lib.common.rest_client [req-f149ed7b-55df-4ba9-8a32-ba0b021fbe00 req-f149ed7b-55df-4ba9-8a32-ba0b021fbe00 ] Request (DeleteServersTestJSON:test_delete_server_while_in_attached_volume): 200 GET http://10.180.1.21/compute/v2.1/servers/2405e73c-84a4-4611-b92c-d18d4a9e65ad 1.743s
2025-11-25 21:41:11.666 66931 INFO tempest.lib.common.rest_client [req-ade4927a-c371-4469-91d2-0f67ceeb0f2b req-ade4927a-c371-4469-91d2-0f67ceeb0f2b ] Request (ImagesTestJSON:test_create_server_from_snapshot): 200 GET http://10.180.1.21/compute/v2.1/images/74121972-e775-402e-91f4-cc7e43650993 1.739s
2025-11-25 21:41:11.704 66905 INFO tempest.lib.common.rest_client [req-f11dac62-9c4a-4f72-bc9c-8ab2187b6e53 req-f11dac62-9c4a-4f72-bc9c-8ab2187b6e53 ] Request (ServerDiskConfigTestJSON:test_rebuild_server_with_auto_disk_config): 200 GET http://10.180.1.21/compute/v2.1/servers/de4e0327-5b9d-4813-a2f1-c1075cd631c6 1.708s
2025-11-25 21:41:11.831 66923 INFO tempest.lib.common.rest_client [req-743487bd-f6ec-4033-bd6a-283fefc81fe0 req-743487bd-f6ec-4033-bd6a-283fefc81fe0 ] Request (ServerActionsTestOtherB:tearDown): 200 GET http://10.180.1.21/compute/v2.1/servers/0acafe01-6adb-4cbc-af3f-7655494bb71c 1.763s
2025-11-25 21:41:11.835 66955 INFO tempest.lib.common.rest_client [req-3565ebbb-5f62-422a-b959-3aeeb002b58f req-3565ebbb-5f62-422a-b959-3aeeb002b58f ] Request (ImagesOneServerNegativeTestJSON:tearDown): 200 GET http://10.180.1.21/compute/v2.1/servers/bd0568ea-773b-4587-98e4-f201778a0f5a 1.662s
2025-11-25 21:41:11.895 66961 INFO tempest.lib.common.rest_client [req-56d1cf47-291e-407a-99c5-7deb30756eeb req-56d1cf47-291e-407a-99c5-7deb30756eeb ] Request (VolumesAdminNegativeTest:tearDownClass): 200 GET http://10.180.1.21/compute/v2.1/servers/e235fb78-d917-4f0d-b10c-0b2146a5219f 1.593s
2025-11-25 21:41:11.980 66939 INFO tempest.lib.common.rest_client [req-e27968ea-d8a5-4427-9ec9-ecda8776b769 req-e27968ea-d8a5-4427-9ec9-ecda8776b769 ] Request (ListServerFiltersTestJSON:test_list_servers_filtered_by_ip_regex): 200 GET http://10.180.1.21/compute/v2.1/servers?ip=192.168.128. 0.902s
2025-11-25 21:41:12.033 66903 INFO tempest.lib.common.rest_client [req-f8f9d5de-a258-4293-a375-42da110f9809 req-f8f9d5de-a258-4293-a375-42da110f9809 ] Request (InstanceActionsV221TestJSON:test_get_list_deleted_instance_actions): 200 GET http://10.180.1.21/compute/v2.1/servers/07c2db2e-41b9-40f3-bd05-18ada3bcdb3d 0.875s
2025-11-25 21:41:12.035 66958 INFO tempest.lib.common.rest_client [req-df5d4e9d-1204-4584-a6bc-1d55c1318d26 req-df5d4e9d-1204-4584-a6bc-1d55c1318d26 ] Request (ServersTestJSON:_run_cleanups): 204 DELETE http://10.180.1.21/compute/v2.1/servers/5a491024-8dc8-4580-9d8d-ed63bbc99f41 1.859s
2025-11-25 21:41:12.050 66919 INFO tempest.lib.common.rest_client [req-2761c8a6-7195-430d-b164-7f04aef1db55 req-2761c8a6-7195-430d-b164-7f04aef1db55 ] Request (ServersAdminNegativeTestJSON:_run_cleanups): 202 DELETE http://10.180.1.21/compute/v2.1/flavors/297393048 0.859s
2025-11-25 21:41:12.064 66913 INFO tempest.lib.common.rest_client [req-50987243-04e3-4e25-b831-be55c1abc8e5 req-50987243-04e3-4e25-b831-be55c1abc8e5 ] Request (KeyPairsV22TestJSON:test_keypair_create_with_pub_key): 201 POST http://10.180.1.21/compute/v2.1/os-keypairs 0.849s
2025-11-25 21:41:12.108 66917 INFO tempest.lib.common.rest_client [req-f01d53f9-3392-42bc-9008-8d97dddeda09 req-f01d53f9-3392-42bc-9008-8d97dddeda09 ] Request (SecurityGroupRulesNegativeTestJSON:test_create_security_group_rule_with_invalid_to_port): 400 POST http://10.180.1.21/compute/v2.1/os-security-group-rules 0.842s
2025-11-25 21:41:12.121 66937 INFO tempest.lib.common.rest_client [req-369c0f65-efb6-45a3-a168-69f0e2e1dc36 req-369c0f65-efb6-45a3-a168-69f0e2e1dc36 ] Request (ServerShowV254Test:test_rebuild_server): 200 GET http://10.180.1.21/compute/v2.1/servers/5ebdfe68-2b1f-497b-8d12-b4805a993244 0.864s
2025-11-25 21:41:12.186 66947 INFO tempest.lib.common.rest_client [req-d20fee37-ee40-4e3f-a22d-3b7f1772769b req-d20fee37-ee40-4e3f-a22d-3b7f1772769b ] Request (ServerShowV247Test:test_update_rebuild_list_server): 200 PUT http://10.180.1.21/compute/v2.1/servers/b96d657c-7bf1-422d-94c4-9c61878d781b 0.812s
2025-11-25 21:41:12.195 66909 INFO tempest.lib.common.rest_client [req-bc502894-8eaf-43a0-91d9-6e29135d91e6 req-bc502894-8eaf-43a0-91d9-6e29135d91e6 ] Request (ListImageFiltersTestJSON:test_list_images_with_detail_filter_by_status): 200 GET http://10.180.1.21/compute/v2.1/images/detail?status=ACTIVE 0.876s
