2025-11-25 21:41:20.261 66943 INFO tempest.common.waiters [-] State transition "BUILD/spawning" ==> "ACTIVE/None" after 39 second wait
2025-11-25 21:41:20.262 66913 INFO tempest.lib.common.rest_client [req-a835861b-2657-4d93-9109-9f39dbaf5a89 req-a835861b-2657-4d93-9109-9f39dbaf5a89 ] Request (KeyPairsV22TestJSON:test_keypairsv22_create_list_show_with_type): 200 GET http://10.180.1.21/compute/v2.1/os-keypairs/tempest-keypair-982787852 0.235s
2025-11-25 21:41:20.283 66911 INFO tempest.lib.common.rest_client [req-09584341-f721-4ab2-a86b-f64e2d29d71d req-09584341-f721-4ab2-a86b-f64e2d29d71d ] Request (ServerRescueTestJSONUnderV235:setUpClass): 200 GET http://10.180.1.21/compute/v2.1/servers/8fcbe9d2-78bd-4955-924d-994bf00a17aa 0.259s
2025-11-25 21:41:20.319 66955 INFO tempest.lib.common.rest_client [req-63466386-3010-4cb3-a10d-4c2bd72e16d9 req-63466386-3010-4cb3-a10d-4c2bd72e16d9 ] Request (ImagesOneServerNegativeTestJSON:_run_cleanups): 200 GET http://10.180.1.21/compute/v2.1/servers/bd0568ea-773b-4587-98e4-f201778a0f5a 0.216s
2025-11-25 21:41:20.385 66943 INFO tempest.lib.common.rest_client [req-50a3a8cb-abd1-4d77-9bcc-b0b0b68b8a60 req-50a3a8cb-abd1-4d77-9bcc-b0b0b68b8a60 ] Request (VolumesAssistedSnapshotsTest:test_volume_assisted_snapshot_create_delete): 200 GET http://10.180.1.21/compute/v2.1/servers/49dfec34-de82-415b-ab22-7e5a2d916f07/os-interface 0.123s
2025-11-25 21:41:20.399 66913 INFO tempest.lib.common.rest_client [req-7d1cab7b-87eb-4ea2-9d7b-6802f67a58f7 req-7d1cab7b-87eb-4ea2-9d7b-6802f67a58f7 ] Request (KeyPairsV22TestJSON:test_keypairsv22_create_list_show_with_type): 200 GET http://10.180.1.21/compute/v2.1/os-keypairs 0.135s
2025-11-25 21:41:20.430 66923 INFO tempest.lib.common.rest_client [req-3550503c-0f0a-41c7-9899-98f473be422c req-3550503c-0f0a-41c7-9899-98f473be422c ] Request (ServerActionsTestOtherB:test_resize_server_confirm_from_stopped): 200 GET http://10.180.1.21/compute/v2.1/servers/0acafe01-6adb-4cbc-af3f-7655494bb71c 0.211s
2025-11-25 21:41:20.460 66909 INFO tempest.lib.common.rest_client [req-09edfc88-7618-48ef-bb9c-6b67e0b805a9 req-09edfc88-7618-48ef-bb9c-6b67e0b805a9 ] Request (ListImageFiltersTestJSON:tearDownClass): 200 GET http://10.180.1.21/compute/v2.1/servers/6adcf2c5-0ce0-4990-ae95-aa1a0dd5464f 0.187s
2025-11-25 21:41:20.470 66909 INFO tempest.common.waiters [-] State transition "ACTIVE/deleting" ==> "DELETED/None" after 3 second wait
2025-11-25 21:41:20.494 66913 INFO tempest.lib.common.rest_client [req-308dcf77-5f76-4086-9ac5-a7cbe96052ba req-308dcf77-5f76-4086-9ac5-a7cbe96052ba ] Request (KeyPairsV22TestJSON:_run_cleanups): 204 DELETE http://10.180.1.21/compute/v2.1/os-keypairs/tempest-keypair-982787852 0.093s
2025-11-25 21:41:20.496 66917 INFO tempest.lib.common.rest_client [req-1c44d1f7-ca3a-4938-8b0f-2bd96111d59d req-1c44d1f7-ca3a-4938-8b0f-2bd96111d59d ] Request (VolumesTestJSON:setUpClass): 200 GET http://10.180.1.21/volume/v3/volumes/8a3fa7bd-1f0f-44ff-be0c-8b674dbf7a52 0.047s
2025-11-25 21:41:20.503 66917 INFO tempest.common.waiters [-] volume 8a3fa7bd-1f0f-44ff-be0c-8b674dbf7a52 reached available after waiting for 1.503546 seconds
2025-11-25 21:41:20.514 66959 INFO tempest.lib.common.rest_client [req-e44fa2d8-4bcf-4e6d-9cbd-4f288d3344f4 req-e44fa2d8-4bcf-4e6d-9cbd-4f288d3344f4 ] Request (DeleteServersTestJSON:test_delete_server_while_in_attached_volume): 200 GET http://10.180.1.21/compute/v2.1/servers/2405e73c-84a4-4611-b92c-d18d4a9e65ad 0.119s
2025-11-25 21:41:20.555 66931 INFO tempest.lib.common.rest_client [req-f2e5908d-0f0b-4400-9f81-a5104a0a1553 req-f2e5908d-0f0b-4400-9f81-a5104a0a1553 ] Request (ImagesTestJSON:test_create_server_from_snapshot): 200 GET http://10.180.1.21/compute/v2.1/images/74121972-e775-402e-91f4-cc7e43650993 0.115s
2025-11-25 21:41:20.561 66917 INFO tempest.lib.common.rest_client [req-9fcf3904-4b19-4e36-9be3-95c2ece2975d req-9fcf3904-4b19-4e36-9be3-95c2ece2975d ] Request (VolumesTestJSON:setUpClass): 200 GET http://10.180.1.21/compute/v2.1/os-volumes/8a3fa7bd-1f0f-44ff-be0c-8b674dbf7a52 0.057s
2025-11-25 21:41:20.647 66913 INFO tempest.lib.common.rest_client [req-6ab5ab69-90bd-442f-98a2-014f925a80f0 req-6ab5ab69-90bd-442f-98a2-014f925a80f0 ] Request (KeyPairsV22TestJSON:tearDownClass): 204 DELETE http://10.180.1.21/identity/v3/users/4327ffc43b8448bfb798a74c79d3b065 0.150s
2025-11-25 21:41:20.647 66913 INFO tempest.lib.common.dynamic_creds [-] Deleting project and security group for project: ba2f66eadfeb4dabad35d1242c721ad2
2025-11-25 21:41:20.680 66905 INFO tempest.lib.common.rest_client [req-4fb923e9-7b4b-45ab-b7a4-766fab9e5512 req-4fb923e9-7b4b-45ab-b7a4-766fab9e5512 ] Request (ServerDiskConfigTestJSON:test_rebuild_server_with_auto_disk_config): 200 GET http://10.180.1.21/compute/v2.1/servers/de4e0327-5b9d-4813-a2f1-c1075cd631c6 0.092s
2025-11-25 21:41:20.728 66913 INFO tempest.lib.common.rest_client [req-6d8eac24-16ea-4bb4-90fe-ef3946daa34d req-6d8eac24-16ea-4bb4-90fe-ef3946daa34d ] Request (KeyPairsV22TestJSON:tearDownClass): 201 POST http://10.180.1.21/identity/v3/auth/tokens 0.080s
2025-11-25 21:41:20.729 66927 INFO tempest.lib.common.rest_client [req-535da10e-39cb-41b4-858b-6b3629abc2aa req-535da10e-39cb-41b4-858b-6b3629abc2aa ] Request (ServersListShow2100Test:tearDownClass): 200 GET http://10.180.1.21/compute/v2.1/servers/c9efa747-fb6b-4e92-ac7e-f895a0131ba7 0.102s
2025-11-25 21:41:20.739 66917 INFO tempest.lib.common.rest_client [req-579575c0-516f-4cc3-afb6-e77c85d32d5c req-579575c0-516f-4cc3-afb6-e77c85d32d5c ] Request (VolumesTestJSON:setUpClass): 202 POST http://10.180.1.21/volume/v3/volumes 0.175s
2025-11-25 21:41:20.761 66965 INFO tempest.lib.common.rest_client [req-7614e16c-a190-4003-8e24-d390ea131ade req-7614e16c-a190-4003-8e24-d390ea131ade ] Request (ServersAdminTestJSON:test_inject_network_info): 200 GET http://10.180.1.21/compute/v2.1/servers/f633c529-d581-4649-9d2c-4d4363c90977 0.083s
2025-11-25 21:41:20.795 66917 INFO tempest.lib.common.rest_client [req-36d7afdc-fa44-4004-8561-182004252f6a req-36d7afdc-fa44-4004-8561-182004252f6a ] Request (VolumesTestJSON:setUpClass): 200 GET http://10.180.1.21/volume/v3/volumes/b354fa68-b7b1-403d-98b3-b432a5cd4ed3 0.047s
2025-11-25 21:41:20.937 66913 INFO tempest.lib.common.rest_client [req-7cfbe91e-6dbe-415e-af20-16f52ccae1a3 req-7cfbe91e-6dbe-415e-af20-16f52ccae1a3 ] Request (KeyPairsV22TestJSON:tearDownClass): 200 GET http://10.180.1.21/networking/v2.0/security-groups?tenant_id=ba2f66eadfeb4dabad35d1242c721ad2&name=default 0.209s
2025-11-25 21:41:20.961 66961 INFO tempest.lib.common.rest_client [req-f08134d3-e4e1-457d-8524-078b6733696a req-f08134d3-e4e1-457d-8524-078b6733696a ] Request (VolumesAdminNegativeTest:tearDownClass): 200 GET http://10.180.1.21/compute/v2.1/servers/e235fb78-d917-4f0d-b10c-0b2146a5219f 0.280s
2025-11-25 21:41:20.978 66937 INFO tempest.lib.common.rest_client [req-6dd9e735-6cdb-473e-bc47-55aa45a73d30 req-6dd9e735-6cdb-473e-bc47-55aa45a73d30 ] Request (ServerShowV254Test:test_rebuild_server): 200 GET http://10.180.1.21/compute/v2.1/servers/5ebdfe68-2b1f-497b-8d12-b4805a993244 0.225s
2025-11-25 21:41:21.016 66943 INFO tempest.lib.common.rest_client [req-7ad9eb31-9150-4685-91f0-9ab1fbd11ad3 req-7ad9eb31-9150-4685-91f0-9ab1fbd11ad3 ] Request (VolumesAssistedSnapshotsTest:test_volume_assisted_snapshot_create_delete): 200 PUT http://10.180.1.21/networking/v2.0/floatingips/57310c9a-1171-477f-9ffb-aa4c48c08018 0.629s
2025-11-25 21:41:21.018 66943 INFO tempest.lib.common.ssh [-] Creating ssh connection to '10.180.180.206:22' as 'cirros' with public key authentication
2025-11-25 21:41:21.065 66913 INFO tempest.lib.common.rest_client [req-2dab252c-63d7-4c10-8bee-8c65e9882d77 req-2dab252c-63d7-4c10-8bee-8c65e9882d77 ] Request (KeyPairsV22TestJSON:tearDownClass): 204 DELETE http://10.180.1.21/networking/v2.0/security-groups/1660605d-056a-4178-8857-c5c0ff3977c0 0.127s
2025-11-25 21:41:21.074 66958 INFO tempest.lib.common.rest_client [req-f46fa31c-fa41-4089-bb93-38fdb0c553e7 req-f46fa31c-fa41-4089-bb93-38fdb0c553e7 ] Request (ServersTestJSON:test_create_server_with_ipv6_addr_only): 200 GET http://10.180.1.21/compute/v2.1/servers/87e89c10-20f2-4007-82be-81dbc0046f23 0.125s
2025-11-25 21:41:21.082 66958 INFO tempest.common.waiters [-] State transition "BUILD/scheduling" ==> "BUILD/None" after 8 second wait
2025-11-25 21:41:21.105 66903 INFO tempest.lib.common.rest_client [req-fd05a97d-7398-4120-9449-b7250e8c80e5 req-fd05a97d-7398-4120-9449-b7250e8c80e5 ] Request (InstanceActionsV221TestJSON:test_get_list_deleted_instance_actions): 200 GET http://10.180.1.21/compute/v2.1/servers/07c2db2e-41b9-40f3-bd05-18ada3bcdb3d 0.222s
2025-11-25 21:41:21.129 66934 INFO tempest.lib.common.rest_client [req-133ad6e7-d0a5-4928-911c-cd5fdb16acae req-133ad6e7-d0a5-4928-911c-cd5fdb16acae ] Request (SecurityGroupsTestJSON:test_server_security_groups): 200 GET http://10.180.1.21/compute/v2.1/servers/5f46f819-ecf3-471c-ba3a-4e8f0b4c62fd 0.123s
2025-11-25 21:41:21.147 66913 INFO tempest.lib.common.rest_client [req-a0b303e4-1d75-4af3-a3bb-5dff60c524df req-a0b303e4-1d75-4af3-a3bb-5dff60c524df ] Request (KeyPairsV22TestJSON:tearDownClass): 204 DELETE http://10.180.1.21/identity/v3/projects/ba2f66eadfeb4dabad35d1242c721ad2 0.081s
2025-11-25 21:41:21.148 66913 INFO tempest.test [-] raised in ComputeNetworksTest.setUpClass. Invoking tearDownClass.
2025-11-25 21:41:21.201 66947 INFO tempest.lib.common.rest_client [req-6824bd36-f147-4b06-bf4d-88ffb14fb2b6 req-6824bd36-f147-4b06-bf4d-88ffb14fb2b6 ] Request (ServerShowV247Test:test_update_rebuild_list_server): 200 GET http://10.180.1.21/compute/v2.1/servers/b96d657c-7bf1-422d-94c4-9c61878d781b 0.123s
2025-11-25 21:41:21.248 66939 INFO tempest.lib.common.rest_client [req-308d50a9-34f4-4b0a-aa16-65f64c2bab6c req-308d50a9-34f4-4b0a-aa16-65f64c2bab6c ] Request (ListServerFiltersTestJSON:tearDownClass): 200 GET http://10.180.1.21/compute/v2.1/servers/1b781cee-93b0-43a9-a3da-72c23053d445 0.139s
2025-11-25 21:41:21.280 66919 INFO tempest.lib.common.rest_client [req-9b83166b-5038-4457-8fda-4fa98f89cb4b req-9b83166b-5038-4457-8fda-4fa98f89cb4b ] Request (ServersAdminNegativeTestJSON:tearDownClass): 200 GET http://10.180.1.21/compute/v2.1/servers/6bff76d6-a050-4f87-a9df-161ef36eea3e 0.129s
2025-11-25 21:41:21.316 66925 INFO tempest.lib.common.rest_client [req-5039107b-01ac-474c-af50-815663bbb5f1 req-5039107b-01ac-474c-af50-815663bbb5f1 ] Request (ServersNegativeTestJSON:setUpClass): 200 GET http://10.180.1.21/compute/v2.1/servers/c24ad1c2-4e64-4f9e-93f1-5b03fe3eb97e 0.141s
2025-11-25 21:41:21.342 66945 INFO tempest.lib.common.rest_client [req-8a7a60da-7030-4d97-bf3e-738f7106d9ac req-8a7a60da-7030-4d97-bf3e-738f7106d9ac ] Request (AttachInterfacesUnderV243Test:test_add_remove_fixed_ip): 200 GET http://10.180.1.21/compute/v2.1/servers/b5803a7e-ed81-4214-b4cf-e41bfad6ff2b 0.112s
2025-11-25 21:41:21.375 66911 INFO tempest.lib.common.rest_client [req-f2c22a6c-e9c6-468f-a675-71756e133062 req-f2c22a6c-e9c6-468f-a675-71756e133062 ] Request (ServerRescueTestJSONUnderV235:setUpClass): 200 GET http://10.180.1.21/compute/v2.1/servers/8fcbe9d2-78bd-4955-924d-994bf00a17aa 0.080s
2025-11-25 21:41:21.409 66955 INFO tempest.lib.common.rest_client [req-7865529c-8f33-4b62-8ea7-a02094ca53e2 req-7865529c-8f33-4b62-8ea7-a02094ca53e2 ] Request (ImagesOneServerNegativeTestJSON:_run_cleanups): 200 GET http://10.180.1.21/compute/v2.1/servers/bd0568ea-773b-4587-98e4-f201778a0f5a 0.081s
2025-11-25 21:41:21.561 66929 WARNING tempest.lib.common.ssh [-] Failed to establish authenticated ssh connection to cirros@10.180.180.218 ([Errno None] Unable to connect to port 22 on 10.180.180.218). Number attempts: 3. Retry after 4 seconds.: paramiko.ssh_exception.NoValidConnectionsError: [Errno None] Unable to connect to port 22 on 10.180.180.218
2025-11-25 21:41:21.572 66909 INFO tempest.lib.common.rest_client [req-c5aa673f-e7a6-4d8c-9d3a-ebb683635f3d req-c5aa673f-e7a6-4d8c-9d3a-ebb683635f3d ] Request (ListImageFiltersTestJSON:tearDownClass): 200 GET http://10.180.1.21/compute/v2.1/servers/6adcf2c5-0ce0-4990-ae95-aa1a0dd5464f 0.101s
2025-11-25 21:41:21.607 66923 INFO tempest.lib.common.rest_client [req-06ee4f47-7322-4d53-b39c-0930d25ee715 req-06ee4f47-7322-4d53-b39c-0930d25ee715 ] Request (ServerActionsTestOtherB:test_resize_server_confirm_from_stopped): 200 GET http://10.180.1.21/compute/v2.1/servers/0acafe01-6adb-4cbc-af3f-7655494bb71c 0.166s
2025-11-25 21:41:21.644 66959 INFO tempest.lib.common.rest_client [req-587f0c1c-e2db-40bb-a120-b4afb7d5057d req-587f0c1c-e2db-40bb-a120-b4afb7d5057d ] Request (DeleteServersTestJSON:test_delete_server_while_in_attached_volume): 200 GET http://10.180.1.21/compute/v2.1/servers/2405e73c-84a4-4611-b92c-d18d4a9e65ad 0.121s
2025-11-25 21:41:21.646 66931 INFO tempest.lib.common.rest_client [req-6df4eea8-34d9-4396-8ded-b169cffd074c req-6df4eea8-34d9-4396-8ded-b169cffd074c ] Request (ImagesTestJSON:test_create_server_from_snapshot): 200 GET http://10.180.1.21/compute/v2.1/images/74121972-e775-402e-91f4-cc7e43650993 0.083s
2025-11-25 21:41:21.753 66905 INFO tempest.lib.common.rest_client [req-44912166-3a80-45ab-9d54-02a660e6db47 req-44912166-3a80-45ab-9d54-02a660e6db47 ] Request (ServerDiskConfigTestJSON:test_rebuild_server_with_auto_disk_config): 200 GET http://10.180.1.21/compute/v2.1/servers/de4e0327-5b9d-4813-a2f1-c1075cd631c6 0.065s
2025-11-25 21:41:21.833 66927 INFO tempest.lib.common.rest_client [req-a6ffa429-9175-4d64-9ee6-af47ab02e3a2 req-a6ffa429-9175-4d64-9ee6-af47ab02e3a2 ] Request (ServersListShow2100Test:tearDownClass): 200 GET http://10.180.1.21/compute/v2.1/servers/c9efa747-fb6b-4e92-ac7e-f895a0131ba7 0.090s
2025-11-25 21:41:21.843 66917 INFO tempest.lib.common.rest_client [req-ead482d8-95c7-4d38-95d4-6f6b51f605dc req-ead482d8-95c7-4d38-95d4-6f6b51f605dc ] Request (VolumesTestJSON:setUpClass): 200 GET http://10.180.1.21/volume/v3/volumes/b354fa68-b7b1-403d-98b3-b432a5cd4ed3 0.039s
2025-11-25 21:41:21.852 66917 INFO tempest.common.waiters [-] volume b354fa68-b7b1-403d-98b3-b432a5cd4ed3 reached available after waiting for 1.852386 seconds
2025-11-25 21:41:21.869 66965 INFO tempest.lib.common.rest_client [req-a478ba8e-dcb7-4206-8e77-d52f659a2e2d req-a478ba8e-dcb7-4206-8e77-d52f659a2e2d ] Request (ServersAdminTestJSON:test_inject_network_info): 200 GET http://10.180.1.21/compute/v2.1/servers/f633c529-d581-4649-9d2c-4d4363c90977 0.089s
2025-11-25 21:41:21.906 66917 INFO tempest.lib.common.rest_client [req-6eaa3a93-827b-4767-a6c1-df3acd4bb937 req-6eaa3a93-827b-4767-a6c1-df3acd4bb937 ] Request (VolumesTestJSON:setUpClass): 200 GET http://10.180.1.21/compute/v2.1/os-volumes/b354fa68-b7b1-403d-98b3-b432a5cd4ed3 0.053s
2025-11-25 21:41:22.064 66937 INFO tempest.lib.common.rest_client [req-d67f0e65-4592-4f25-8743-7a499a6b00ae req-d67f0e65-4592-4f25-8743-7a499a6b00ae ] Request (ServerShowV254Test:test_rebuild_server): 200 GET http://10.180.1.21/compute/v2.1/servers/5ebdfe68-2b1f-497b-8d12-b4805a993244 0.074s
2025-11-25 21:41:22.065 66961 INFO tempest.lib.common.rest_client [req-c971a06b-3fb3-40ca-b6b8-3c0f1d43cc0e req-c971a06b-3fb3-40ca-b6b8-3c0f1d43cc0e ] Request (VolumesAdminNegativeTest:tearDownClass): 200 GET http://10.180.1.21/compute/v2.1/servers/e235fb78-d917-4f0d-b10c-0b2146a5219f 0.095s
2025-11-25 21:41:22.094 66917 INFO tempest.lib.common.rest_client [req-313b1514-a638-4660-9160-7b3f2daccd92 req-313b1514-a638-4660-9160-7b3f2daccd92 ] Request (VolumesTestJSON:setUpClass): 202 POST http://10.180.1.21/volume/v3/volumes 0.185s
2025-11-25 21:41:22.125 66917 INFO tempest.lib.common.rest_client [req-5b7d10bc-d889-4272-9722-07119b568cf3 req-5b7d10bc-d889-4272-9722-07119b568cf3 ] Request (VolumesTestJSON:setUpClass): 200 GET http://10.180.1.21/volume/v3/volumes/00b0d711-f742-4e23-bc5f-552fabd94877 0.025s
2025-11-25 21:41:22.137 66958 INFO tempest.lib.common.rest_client [req-9fb8cd8f-ac0b-4bb8-ad07-6a229e0a410b req-9fb8cd8f-ac0b-4bb8-ad07-6a229e0a410b ] Request (ServersTestJSON:test_create_server_with_ipv6_addr_only): 200 GET http://10.180.1.21/compute/v2.1/servers/87e89c10-20f2-4007-82be-81dbc0046f23 0.054s
2025-11-25 21:41:22.195 66934 INFO tempest.lib.common.rest_client [req-26c2edb6-6a00-4919-a9f9-6f68f784ac19 req-26c2edb6-6a00-4919-a9f9-6f68f784ac19 ] Request (SecurityGroupsTestJSON:test_server_security_groups): 200 GET http://10.180.1.21/compute/v2.1/servers/5f46f819-ecf3-471c-ba3a-4e8f0b4c62fd 0.057s
2025-11-25 21:41:22.264 66947 INFO tempest.lib.common.rest_client [req-bb68ea37-fcac-4d90-b702-2d6271f54ae0 req-bb68ea37-fcac-4d90-b702-2d6271f54ae0 ] Request (ServerShowV247Test:test_update_rebuild_list_server): 200 GET http://10.180.1.21/compute/v2.1/servers/b96d657c-7bf1-422d-94c4-9c61878d781b 0.053s
2025-11-25 21:41:22.269 66903 INFO tempest.lib.common.rest_client [req-107218df-79ff-4c7c-882d-be0697eee1ad req-107218df-79ff-4c7c-882d-be0697eee1ad ] Request (InstanceActionsV221TestJSON:test_get_list_deleted_instance_actions): 200 GET http://10.180.1.21/compute/v2.1/servers/07c2db2e-41b9-40f3-bd05-18ada3bcdb3d 0.155s
2025-11-25 21:41:22.324 66939 INFO tempest.lib.common.rest_client [req-dabedc5a-8fbc-471c-9285-6a56a8c94a83 req-dabedc5a-8fbc-471c-9285-6a56a8c94a83 ] Request (ListServerFiltersTestJSON:tearDownClass): 200 GET http://10.180.1.21/compute/v2.1/servers/1b781cee-93b0-43a9-a3da-72c23053d445 0.066s
2025-11-25 21:41:22.367 66919 INFO tempest.lib.common.rest_client [req-3ae1af76-8fca-4076-a55c-f62f6d37fa38 req-3ae1af76-8fca-4076-a55c-f62f6d37fa38 ] Request (ServersAdminNegativeTestJSON:tearDownClass): 200 GET http://10.180.1.21/compute/v2.1/servers/6bff76d6-a050-4f87-a9df-161ef36eea3e 0.069s
2025-11-25 21:41:22.385 66925 INFO tempest.lib.common.rest_client [req-5148332d-5c65-4d42-a383-a6818794d610 req-5148332d-5c65-4d42-a383-a6818794d610 ] Request (ServersNegativeTestJSON:setUpClass): 200 GET http://10.180.1.21/compute/v2.1/servers/c24ad1c2-4e64-4f9e-93f1-5b03fe3eb97e 0.060s
2025-11-25 21:41:22.413 66945 INFO tempest.lib.common.rest_client [req-7cf76b88-fe72-45ed-8857-49cb249adeae req-7cf76b88-fe72-45ed-8857-49cb249adeae ] Request (AttachInterfacesUnderV243Test:test_add_remove_fixed_ip): 200 GET http://10.180.1.21/compute/v2.1/servers/b5803a7e-ed81-4214-b4cf-e41bfad6ff2b 0.064s
2025-11-25 21:41:22.434 66911 INFO tempest.lib.common.rest_client [req-dcd2043b-e2da-4d33-ae35-9b7b6f5ecf7f req-dcd2043b-e2da-4d33-ae35-9b7b6f5ecf7f ] Request (ServerRescueTestJSONUnderV235:setUpClass): 200 GET http://10.180.1.21/compute/v2.1/servers/8fcbe9d2-78bd-4955-924d-994bf00a17aa 0.051s
2025-11-25 21:41:22.474 66955 INFO tempest.lib.common.rest_client [req-75621411-6b1b-4063-9b04-1fc49666a60a req-75621411-6b1b-4063-9b04-1fc49666a60a ] Request (ImagesOneServerNegativeTestJSON:_run_cleanups): 200 GET http://10.180.1.21/compute/v2.1/servers/bd0568ea-773b-4587-98e4-f201778a0f5a 0.057s
2025-11-25 21:41:22.672 66909 INFO tempest.lib.common.rest_client [req-42fc22a6-75ba-4a52-885b-cfe1f3f4f44e req-42fc22a6-75ba-4a52-885b-cfe1f3f4f44e ] Request (ListImageFiltersTestJSON:tearDownClass): 200 GET http://10.180.1.21/compute/v2.1/servers/6adcf2c5-0ce0-4990-ae95-aa1a0dd5464f 0.090s
2025-11-25 21:41:22.715 66931 INFO tempest.lib.common.rest_client [req-2085ed30-a113-4ac4-b807-dc9fbe59806c req-2085ed30-a113-4ac4-b807-dc9fbe59806c ] Request (ImagesTestJSON:test_create_server_from_snapshot): 200 GET http://10.180.1.21/compute/v2.1/images/74121972-e775-402e-91f4-cc7e43650993 0.065s
2025-11-25 21:41:22.752 66923 INFO tempest.lib.common.rest_client [req-8faf0215-ae24-445a-ab86-993d20d4264f req-8faf0215-ae24-445a-ab86-993d20d4264f ] Request (ServerActionsTestOtherB:test_resize_server_confirm_from_stopped): 200 GET http://10.180.1.21/compute/v2.1/servers/0acafe01-6adb-4cbc-af3f-7655494bb71c 0.135s
2025-11-25 21:41:22.790 66931 INFO tempest.lib.common.rest_client [req-5fbd2951-814d-4368-9983-e8e0447851ef req-5fbd2951-814d-4368-9983-e8e0447851ef ] Request (ImagesTestJSON:test_create_server_from_snapshot): 200 GET http://10.180.1.21/compute/v2.1/images/74121972-e775-402e-91f4-cc7e43650993 0.071s
2025-11-25 21:41:22.799 66959 INFO tempest.lib.common.rest_client [req-181a852d-ddc1-4db1-b4f2-145a40b391d6 req-181a852d-ddc1-4db1-b4f2-145a40b391d6 ] Request (DeleteServersTestJSON:test_delete_server_while_in_attached_volume): 200 GET http://10.180.1.21/compute/v2.1/servers/2405e73c-84a4-4611-b92c-d18d4a9e65ad 0.147s
2025-11-25 21:41:22.872 66931 INFO tempest.lib.common.rest_client [req-275b2be0-e006-4df2-a725-6e2e91157f00 req-275b2be0-e006-4df2-a725-6e2e91157f00 ] Request (ImagesTestJSON:test_create_server_from_snapshot): 201 POST http://10.180.1.21/identity/v3/auth/tokens 0.075s
2025-11-25 21:41:22.872 66931 INFO tempest.lib.common.fixed_network [-] (ImagesTestJSON:test_create_server_from_snapshot) Found network {'id': '19f79f93-af4a-4174-a84b-ddfaf9df24c8', 'name': 'tempest-ImagesTestJSON-479430519-network', 'tenant_id': 'd8ca963b5684442790e160113f459907', 'project_id': 'd8ca963b5684442790e160113f459907', 'admin_state_up': True, 'mtu': 8950, 'status': 'ACTIVE', 'subnets': [], 'shared': False, 'port_security_enabled': True, 'router:external': False, 'provider:network_type': 'vlan', 'provider:physical_network': 'default', 'provider:segmentation_id': 240, 'availability_zone_hints': [], 'availability_zones': [], 'ipv4_address_scope': None, 'ipv6_address_scope': None, 'description': '', 'tags': [], 'created_at': '2025-11-25T21:37:54Z', 'updated_at': '2025-11-25T21:37:54Z', 'revision_number': 1} available for tenant
2025-11-25 21:41:22.934 66927 INFO tempest.lib.common.rest_client [req-b1adeea1-1d79-45f4-8d55-e23143d66b04 req-b1adeea1-1d79-45f4-8d55-e23143d66b04 ] Request (ServersListShow2100Test:tearDownClass): 200 GET http://10.180.1.21/compute/v2.1/servers/c9efa747-fb6b-4e92-ac7e-f895a0131ba7 0.083s
2025-11-25 21:41:22.961 66905 INFO tempest.lib.common.rest_client [req-6cc6f13a-2aad-4db9-b839-21b2797a3cf5 req-6cc6f13a-2aad-4db9-b839-21b2797a3cf5 ] Request (ServerDiskConfigTestJSON:test_rebuild_server_with_auto_disk_config): 200 GET http://10.180.1.21/compute/v2.1/servers/de4e0327-5b9d-4813-a2f1-c1075cd631c6 0.198s
2025-11-25 21:41:22.969 66905 INFO tempest.common.waiters [-] State transition "BUILD/None" ==> "BUILD/networking" after 22 second wait
2025-11-25 21:41:23.059 66965 INFO tempest.lib.common.rest_client [req-186f7f80-d09e-40c6-b654-def7c9b8c05e req-186f7f80-d09e-40c6-b654-def7c9b8c05e ] Request (ServersAdminTestJSON:test_inject_network_info): 200 GET http://10.180.1.21/compute/v2.1/servers/f633c529-d581-4649-9d2c-4d4363c90977 0.181s
2025-11-25 21:41:23.152 66961 INFO tempest.lib.common.rest_client [req-1426eb4b-cc6c-43e7-9a3d-3712bdf3ffa7 req-1426eb4b-cc6c-43e7-9a3d-3712bdf3ffa7 ] Request (VolumesAdminNegativeTest:tearDownClass): 200 GET http://10.180.1.21/compute/v2.1/servers/e235fb78-d917-4f0d-b10c-0b2146a5219f 0.079s
2025-11-25 21:41:23.168 66917 INFO tempest.lib.common.rest_client [req-c0da81ea-7afa-487a-a62f-788f7a335630 req-c0da81ea-7afa-487a-a62f-788f7a335630 ] Request (VolumesTestJSON:setUpClass): 200 GET http://10.180.1.21/volume/v3/volumes/00b0d711-f742-4e23-bc5f-552fabd94877 0.032s
2025-11-25 21:41:23.175 66917 INFO tempest.common.waiters [-] volume 00b0d711-f742-4e23-bc5f-552fabd94877 reached available after waiting for 1.175802 seconds
2025-11-25 21:41:23.243 66937 INFO tempest.lib.common.rest_client [req-aea4c16a-c964-4bde-bf95-a3d43bc2dd57 req-aea4c16a-c964-4bde-bf95-a3d43bc2dd57 ] Request (ServerShowV254Test:test_rebuild_server): 200 GET http://10.180.1.21/compute/v2.1/servers/5ebdfe68-2b1f-497b-8d12-b4805a993244 0.168s
2025-11-25 21:41:23.297 66958 INFO tempest.lib.common.rest_client [req-b7380933-841c-46a7-868d-1040aa615137 req-b7380933-841c-46a7-868d-1040aa615137 ] Request (ServersTestJSON:test_create_server_with_ipv6_addr_only): 200 GET http://10.180.1.21/compute/v2.1/servers/87e89c10-20f2-4007-82be-81dbc0046f23 0.151s
2025-11-25 21:41:23.300 66931 INFO tempest.lib.common.rest_client [req-5f402869-8ce1-4c52-a310-3f73f53c11b4 req-5f402869-8ce1-4c52-a310-3f73f53c11b4 ] Request (ImagesTestJSON:test_create_server_from_snapshot): 202 POST http://10.180.1.21/compute/v2.1/servers 0.427s
2025-11-25 21:41:23.340 66917 INFO tempest.lib.common.rest_client [req-f659d833-2a94-49e3-bf3c-0d3123a925e2 req-f659d833-2a94-49e3-bf3c-0d3123a925e2 ] Request (VolumesTestJSON:setUpClass): 200 GET http://10.180.1.21/compute/v2.1/os-volumes/00b0d711-f742-4e23-bc5f-552fabd94877 0.164s
2025-11-25 21:41:23.372 66934 INFO tempest.lib.common.rest_client [req-32bc064c-06ad-4fc1-803b-8b58d54b5653 req-32bc064c-06ad-4fc1-803b-8b58d54b5653 ] Request (SecurityGroupsTestJSON:test_server_security_groups): 200 GET http://10.180.1.21/compute/v2.1/servers/5f46f819-ecf3-471c-ba3a-4e8f0b4c62fd 0.166s
2025-11-25 21:41:23.421 66947 INFO tempest.lib.common.rest_client [req-3c9ce4e0-6f04-4440-b7ae-05edcda2b29c req-3c9ce4e0-6f04-4440-b7ae-05edcda2b29c ] Request (ServerShowV247Test:test_update_rebuild_list_server): 200 GET http://10.180.1.21/compute/v2.1/servers/b96d657c-7bf1-422d-94c4-9c61878d781b 0.147s
2025-11-25 21:41:23.475 66931 INFO tempest.lib.common.rest_client [req-5e58e88d-4f2e-4d6e-a186-129646b3d949 req-5e58e88d-4f2e-4d6e-a186-129646b3d949 ] Request (ImagesTestJSON:test_create_server_from_snapshot): 200 GET http://10.180.1.21/compute/v2.1/servers/06a9ad8e-dd69-4018-b914-ae2a69e52592 0.173s
2025-11-25 21:41:23.509 66903 INFO tempest.lib.common.rest_client [req-b5a8ff91-43e4-48b4-b1e4-71e5fd875e27 req-b5a8ff91-43e4-48b4-b1e4-71e5fd875e27 ] Request (InstanceActionsV221TestJSON:test_get_list_deleted_instance_actions): 200 GET http://10.180.1.21/compute/v2.1/servers/07c2db2e-41b9-40f3-bd05-18ada3bcdb3d 0.230s
2025-11-25 21:41:23.558 66939 INFO tempest.lib.common.rest_client [req-93067b7d-d26a-4f9f-a558-946f13c9e27c req-93067b7d-d26a-4f9f-a558-946f13c9e27c ] Request (ListServerFiltersTestJSON:tearDownClass): 200 GET http://10.180.1.21/compute/v2.1/servers/1b781cee-93b0-43a9-a3da-72c23053d445 0.225s
2025-11-25 21:41:23.567 66917 INFO tempest.lib.common.rest_client [req-ab182dbf-3f69-4d42-b619-5b3258da0050 req-ab182dbf-3f69-4d42-b619-5b3258da0050 ] Request (VolumesTestJSON:test_volume_list): 200 GET http://10.180.1.21/compute/v2.1/os-volumes 0.225s
2025-11-25 21:41:23.615 66919 INFO tempest.lib.common.rest_client [req-e2979fbe-e38b-449f-ac7a-69b1a07783cc req-e2979fbe-e38b-449f-ac7a-69b1a07783cc ] Request (ServersAdminNegativeTestJSON:tearDownClass): 200 GET http://10.180.1.21/compute/v2.1/servers/6bff76d6-a050-4f87-a9df-161ef36eea3e 0.240s
2025-11-25 21:41:23.628 66925 INFO tempest.lib.common.rest_client [req-9fdb4b18-cee0-4e72-aa01-cdb5c43f4fe0 req-9fdb4b18-cee0-4e72-aa01-cdb5c43f4fe0 ] Request (ServersNegativeTestJSON:setUpClass): 200 GET http://10.180.1.21/compute/v2.1/servers/c24ad1c2-4e64-4f9e-93f1-5b03fe3eb97e 0.234s
2025-11-25 21:41:23.662 66945 INFO tempest.lib.common.rest_client [req-155f9052-99f6-4e75-8970-165903a2f9b0 req-155f9052-99f6-4e75-8970-165903a2f9b0 ] Request (AttachInterfacesUnderV243Test:test_add_remove_fixed_ip): 200 GET http://10.180.1.21/compute/v2.1/servers/b5803a7e-ed81-4214-b4cf-e41bfad6ff2b 0.241s
2025-11-25 21:41:23.677 66911 INFO tempest.lib.common.rest_client [req-b945208f-b089-400a-978f-2282c04ee8c2 req-b945208f-b089-400a-978f-2282c04ee8c2 ] Request (ServerRescueTestJSONUnderV235:setUpClass): 200 GET http://10.180.1.21/compute/v2.1/servers/8fcbe9d2-78bd-4955-924d-994bf00a17aa 0.236s
2025-11-25 21:41:23.714 66955 INFO tempest.lib.common.rest_client [req-7ddbf1aa-c5cb-4844-97b4-c75c0118ef77 req-7ddbf1aa-c5cb-4844-97b4-c75c0118ef77 ] Request (ImagesOneServerNegativeTestJSON:_run_cleanups): 200 GET http://10.180.1.21/compute/v2.1/servers/bd0568ea-773b-4587-98e4-f201778a0f5a 0.232s
2025-11-25 21:41:23.731 66917 INFO tempest.lib.common.rest_client [req-b06b076b-53a4-455d-ae2b-325331046bc6 req-b06b076b-53a4-455d-ae2b-325331046bc6 ] Request (VolumesTestJSON:test_volume_list_param_limit): 200 GET http://10.180.1.21/compute/v2.1/os-volumes?limit=2 0.160s
2025-11-25 21:41:23.770 66909 INFO tempest.lib.common.rest_client [req-51b73279-e6c3-4b49-bd54-2e4c85c5d853 req-51b73279-e6c3-4b49-bd54-2e4c85c5d853 ] Request (ListImageFiltersTestJSON:tearDownClass): 200 GET http://10.180.1.21/compute/v2.1/servers/6adcf2c5-0ce0-4990-ae95-aa1a0dd5464f 0.087s
2025-11-25 21:41:23.773 66917 INFO tempest.lib.common.rest_client [req-e4e8c76b-0197-4406-b86b-a292f8659378 req-e4e8c76b-0197-4406-b86b-a292f8659378 ] Request (VolumesTestJSON:test_volume_list_param_offset_and_limit): 200 GET http://10.180.1.21/compute/v2.1/os-volumes 0.039s
2025-11-25 21:41:23.819 66917 INFO tempest.lib.common.rest_client [req-8f55f7b7-ff78-41f9-b13d-7e9200f79631 req-8f55f7b7-ff78-41f9-b13d-7e9200f79631 ] Request (VolumesTestJSON:test_volume_list_param_offset_and_limit): 200 GET http://10.180.1.21/compute/v2.1/os-volumes?offset=1&limit=1 0.042s
2025-11-25 21:41:23.894 66923 INFO tempest.lib.common.rest_client [req-eb152e47-987d-4fa8-8598-f6004cbf23a9 req-eb152e47-987d-4fa8-8598-f6004cbf23a9 ] Request (ServerActionsTestOtherB:test_resize_server_confirm_from_stopped): 200 GET http://10.180.1.21/compute/v2.1/servers/0acafe01-6adb-4cbc-af3f-7655494bb71c 0.132s
2025-11-25 21:41:23.910 66959 INFO tempest.lib.common.rest_client [req-b26255c1-ccb9-4cd6-b73a-44f2897ded4d req-b26255c1-ccb9-4cd6-b73a-44f2897ded4d ] Request (DeleteServersTestJSON:test_delete_server_while_in_attached_volume): 200 GET http://10.180.1.21/compute/v2.1/servers/2405e73c-84a4-4611-b92c-d18d4a9e65ad 0.102s
2025-11-25 21:41:23.935 66917 INFO tempest.lib.common.rest_client [req-9af076d8-fcaa-4d9b-b2f9-0aa8fc0d8916 req-9af076d8-fcaa-4d9b-b2f9-0aa8fc0d8916 ] Request (VolumesTestJSON:test_volume_list_with_detail_param_limit): 200 GET http://10.180.1.21/compute/v2.1/os-volumes/detail?limit=2 0.111s
2025-11-25 21:41:23.978 66917 INFO tempest.lib.common.rest_client [req-8d37a7a3-7b8e-467c-bc62-1d94605d7c0c req-8d37a7a3-7b8e-467c-bc62-1d94605d7c0c ] Request (VolumesTestJSON:test_volume_list_with_detail_param_offset_and_limit): 200 GET http://10.180.1.21/compute/v2.1/os-volumes/detail 0.039s
2025-11-25 21:41:24.031 66927 INFO tempest.lib.common.rest_client [req-9b14d4db-fd3a-4eed-9c15-032fee34b85a req-9b14d4db-fd3a-4eed-9c15-032fee34b85a ] Request (ServersListShow2100Test:tearDownClass): 200 GET http://10.180.1.21/compute/v2.1/servers/c9efa747-fb6b-4e92-ac7e-f895a0131ba7 0.085s
2025-11-25 21:41:24.067 66917 INFO tempest.lib.common.rest_client [req-76ffade0-8aef-4882-abbf-9bda5841ea5a req-76ffade0-8aef-4882-abbf-9bda5841ea5a ] Request (VolumesTestJSON:test_volume_list_with_detail_param_offset_and_limit): 200 GET http://10.180.1.21/compute/v2.1/os-volumes/detail?offset=1&limit=1 0.086s
2025-11-25 21:41:24.086 66905 INFO tempest.lib.common.rest_client [req-cb804660-d519-4bd0-ac59-3c6245dd9ba2 req-cb804660-d519-4bd0-ac59-3c6245dd9ba2 ] Request (ServerDiskConfigTestJSON:test_rebuild_server_with_auto_disk_config): 200 GET http://10.180.1.21/compute/v2.1/servers/de4e0327-5b9d-4813-a2f1-c1075cd631c6 0.116s
2025-11-25 21:41:24.095 66905 INFO tempest.common.waiters [-] State transition "BUILD/networking" ==> "BUILD/spawning" after 24 second wait
2025-11-25 21:41:24.119 66917 INFO tempest.lib.common.rest_client [req-35731cc4-92d2-4507-8c88-e0d07fd5df22 req-35731cc4-92d2-4507-8c88-e0d07fd5df22 ] Request (VolumesTestJSON:test_volume_list_with_details): 200 GET http://10.180.1.21/compute/v2.1/os-volumes/detail 0.049s
2025-11-25 21:41:24.123 66965 INFO tempest.lib.common.rest_client [req-8b1f5401-a6f5-4ded-ba21-3a6dbcd29cb4 req-8b1f5401-a6f5-4ded-ba21-3a6dbcd29cb4 ] Request (ServersAdminTestJSON:test_inject_network_info): 200 GET http://10.180.1.21/compute/v2.1/servers/f633c529-d581-4649-9d2c-4d4363c90977 0.054s
2025-11-25 21:41:24.165 66917 INFO tempest.lib.common.rest_client [req-93d3a9c1-3185-437b-9448-80dfc4e449d6 req-93d3a9c1-3185-437b-9448-80dfc4e449d6 ] Request (VolumesTestJSON:tearDownClass): 202 DELETE http://10.180.1.21/volume/v3/volumes/00b0d711-f742-4e23-bc5f-552fabd94877 0.038s
2025-11-25 21:41:24.209 66917 INFO tempest.lib.common.rest_client [req-9b69ac71-0a97-49a7-b469-6b4cd530565f req-9b69ac71-0a97-49a7-b469-6b4cd530565f ] Request (VolumesTestJSON:tearDownClass): 200 GET http://10.180.1.21/volume/v3/volumes/00b0d711-f742-4e23-bc5f-552fabd94877 0.044s
2025-11-25 21:41:24.237 66961 INFO tempest.lib.common.rest_client [req-628e470d-4a65-49cd-bb8a-165fcd97e1c5 req-628e470d-4a65-49cd-bb8a-165fcd97e1c5 ] Request (VolumesAdminNegativeTest:tearDownClass): 200 GET http://10.180.1.21/compute/v2.1/servers/e235fb78-d917-4f0d-b10c-0b2146a5219f 0.072s
2025-11-25 21:41:24.316 66937 INFO tempest.lib.common.rest_client [req-5b35bc56-f2ac-4a1b-b386-0671ba36a9a1 req-5b35bc56-f2ac-4a1b-b386-0671ba36a9a1 ] Request (ServerShowV254Test:test_rebuild_server): 200 GET http://10.180.1.21/compute/v2.1/servers/5ebdfe68-2b1f-497b-8d12-b4805a993244 0.061s
2025-11-25 21:41:24.366 66958 INFO tempest.lib.common.rest_client [req-4e8fc5b3-3507-4e2f-8368-1cd6fe66f2e3 req-4e8fc5b3-3507-4e2f-8368-1cd6fe66f2e3 ] Request (ServersTestJSON:test_create_server_with_ipv6_addr_only): 200 GET http://10.180.1.21/compute/v2.1/servers/87e89c10-20f2-4007-82be-81dbc0046f23 0.054s
2025-11-25 21:41:24.439 66934 INFO tempest.lib.common.rest_client [req-87133b88-9373-4007-8686-033361399162 req-87133b88-9373-4007-8686-033361399162 ] Request (SecurityGroupsTestJSON:test_server_security_groups): 200 GET http://10.180.1.21/compute/v2.1/servers/5f46f819-ecf3-471c-ba3a-4e8f0b4c62fd 0.058s
2025-11-25 21:41:24.503 66947 INFO tempest.lib.common.rest_client [req-523d9e0b-2008-4a8d-8f40-95bfb705d1a9 req-523d9e0b-2008-4a8d-8f40-95bfb705d1a9 ] Request (ServerShowV247Test:test_update_rebuild_list_server): 200 GET http://10.180.1.21/compute/v2.1/servers/b96d657c-7bf1-422d-94c4-9c61878d781b 0.071s
2025-11-25 21:41:24.554 66931 INFO tempest.lib.common.rest_client [req-a3e86831-4661-44a5-90b1-765ca757b666 req-a3e86831-4661-44a5-90b1-765ca757b666 ] Request (ImagesTestJSON:test_create_server_from_snapshot): 200 GET http://10.180.1.21/compute/v2.1/servers/06a9ad8e-dd69-4018-b914-ae2a69e52592 0.067s
2025-11-25 21:41:24.633 66903 INFO tempest.lib.common.rest_client [req-b05d7d76-785c-43b1-b6bc-3613aa7cf89a req-b05d7d76-785c-43b1-b6bc-3613aa7cf89a ] Request (InstanceActionsV221TestJSON:test_get_list_deleted_instance_actions): 200 GET http://10.180.1.21/compute/v2.1/servers/07c2db2e-41b9-40f3-bd05-18ada3bcdb3d 0.115s
2025-11-25 21:41:24.639 66939 INFO tempest.lib.common.rest_client [req-f962b7cd-6985-4286-89ae-124b5cfb25f9 req-f962b7cd-6985-4286-89ae-124b5cfb25f9 ] Request (ListServerFiltersTestJSON:tearDownClass): 200 GET http://10.180.1.21/compute/v2.1/servers/1b781cee-93b0-43a9-a3da-72c23053d445 0.074s
2025-11-25 21:41:24.693 66919 INFO tempest.lib.common.rest_client [req-825463d1-44eb-4b58-8c6b-bff9135401ff req-825463d1-44eb-4b58-8c6b-bff9135401ff ] Request (ServersAdminNegativeTestJSON:tearDownClass): 200 GET http://10.180.1.21/compute/v2.1/servers/6bff76d6-a050-4f87-a9df-161ef36eea3e 0.070s
2025-11-25 21:41:24.700 66925 INFO tempest.lib.common.rest_client [req-58b21fcd-9b8f-4529-a71d-0847af37044a req-58b21fcd-9b8f-4529-a71d-0847af37044a ] Request (ServersNegativeTestJSON:setUpClass): 200 GET http://10.180.1.21/compute/v2.1/servers/c24ad1c2-4e64-4f9e-93f1-5b03fe3eb97e 0.063s
2025-11-25 21:41:24.741 66945 INFO tempest.lib.common.rest_client [req-d1e47122-d340-492d-a246-4f25000c4133 req-d1e47122-d340-492d-a246-4f25000c4133 ] Request (AttachInterfacesUnderV243Test:test_add_remove_fixed_ip): 200 GET http://10.180.1.21/compute/v2.1/servers/b5803a7e-ed81-4214-b4cf-e41bfad6ff2b 0.071s
2025-11-25 21:41:24.746 66911 INFO tempest.lib.common.rest_client [req-b0689cef-7ac4-40aa-9e28-a28453083ca3 req-b0689cef-7ac4-40aa-9e28-a28453083ca3 ] Request (ServerRescueTestJSONUnderV235:setUpClass): 200 GET http://10.180.1.21/compute/v2.1/servers/8fcbe9d2-78bd-4955-924d-994bf00a17aa 0.061s
2025-11-25 21:41:24.792 66955 INFO tempest.lib.common.rest_client [req-16ee748d-cb51-4859-a8b5-1d15686ae4a3 req-16ee748d-cb51-4859-a8b5-1d15686ae4a3 ] Request (ImagesOneServerNegativeTestJSON:_run_cleanups): 200 GET http://10.180.1.21/compute/v2.1/servers/bd0568ea-773b-4587-98e4-f201778a0f5a 0.068s
2025-11-25 21:41:24.836 66909 INFO tempest.lib.common.rest_client [req-5e7d1679-4d5a-43ec-b779-24323d004603 req-5e7d1679-4d5a-43ec-b779-24323d004603 ] Request (ListImageFiltersTestJSON:tearDownClass): 200 GET http://10.180.1.21/compute/v2.1/servers/6adcf2c5-0ce0-4990-ae95-aa1a0dd5464f 0.057s
2025-11-25 21:41:24.975 66959 INFO tempest.lib.common.rest_client [req-4e2e41b3-806a-4560-9e0c-752d3aacb54b req-4e2e41b3-806a-4560-9e0c-752d3aacb54b ] Request (DeleteServersTestJSON:test_delete_server_while_in_attached_volume): 200 GET http://10.180.1.21/compute/v2.1/servers/2405e73c-84a4-4611-b92c-d18d4a9e65ad 0.058s
2025-11-25 21:41:24.996 66923 INFO tempest.lib.common.rest_client [req-37ba2ac7-0ac6-4171-b69f-9f3df6ae8c09 req-37ba2ac7-0ac6-4171-b69f-9f3df6ae8c09 ] Request (ServerActionsTestOtherB:test_resize_server_confirm_from_stopped): 200 GET http://10.180.1.21/compute/v2.1/servers/0acafe01-6adb-4cbc-af3f-7655494bb71c 0.088s
2025-11-25 21:41:25.119 66927 INFO tempest.lib.common.rest_client [req-96a4a5fa-96b5-4c24-a654-4095a5f49f5f req-96a4a5fa-96b5-4c24-a654-4095a5f49f5f ] Request (ServersListShow2100Test:tearDownClass): 200 GET http://10.180.1.21/compute/v2.1/servers/c9efa747-fb6b-4e92-ac7e-f895a0131ba7 0.074s
2025-11-25 21:41:25.159 66941 WARNING tempest.lib.common.ssh [-] Failed to establish authenticated ssh connection to cirros@10.180.180.205 ([Errno None] Unable to connect to port 22 on 10.180.180.205). Number attempts: 6. Retry after 7 seconds.: paramiko.ssh_exception.NoValidConnectionsError: [Errno None] Unable to connect to port 22 on 10.180.180.205
2025-11-25 21:41:25.180 66965 INFO tempest.lib.common.rest_client [req-621c8f61-120f-4f76-a1a9-638b4d434721 req-621c8f61-120f-4f76-a1a9-638b4d434721 ] Request (ServersAdminTestJSON:test_inject_network_info): 200 GET http://10.180.1.21/compute/v2.1/servers/f633c529-d581-4649-9d2c-4d4363c90977 0.049s
2025-11-25 21:41:25.190 66905 INFO tempest.lib.common.rest_client [req-95d7e1fe-70fd-4c81-afc8-277f0df4cad9 req-95d7e1fe-70fd-4c81-afc8-277f0df4cad9 ] Request (ServerDiskConfigTestJSON:test_rebuild_server_with_auto_disk_config): 200 GET http://10.180.1.21/compute/v2.1/servers/de4e0327-5b9d-4813-a2f1-c1075cd631c6 0.093s
2025-11-25 21:41:25.231 66917 INFO tempest.lib.common.rest_client [req-380aeb63-55a4-4d4f-bfca-e436b041aff0 req-380aeb63-55a4-4d4f-bfca-e436b041aff0 ] Request (VolumesTestJSON:tearDownClass): 404 GET http://10.180.1.21/volume/v3/volumes/00b0d711-f742-4e23-bc5f-552fabd94877 0.013s
2025-11-25 21:41:25.277 66917 INFO tempest.lib.common.rest_client [req-ca1a9b7f-e96d-4c55-b118-9b771c184604 req-ca1a9b7f-e96d-4c55-b118-9b771c184604 ] Request (VolumesTestJSON:tearDownClass): 202 DELETE http://10.180.1.21/volume/v3/volumes/b354fa68-b7b1-403d-98b3-b432a5cd4ed3 0.045s
2025-11-25 21:41:25.303 66917 INFO tempest.lib.common.rest_client [req-e981f945-fde9-4bc8-9e04-c915eaa94f0e req-e981f945-fde9-4bc8-9e04-c915eaa94f0e ] Request (VolumesTestJSON:tearDownClass): 200 GET http://10.180.1.21/volume/v3/volumes/b354fa68-b7b1-403d-98b3-b432a5cd4ed3 0.026s
2025-11-25 21:41:25.307 66961 INFO tempest.lib.common.rest_client [req-69efe970-7a8b-4699-8022-858dd7c089ad req-69efe970-7a8b-4699-8022-858dd7c089ad ] Request (VolumesAdminNegativeTest:tearDownClass): 200 GET http://10.180.1.21/compute/v2.1/servers/e235fb78-d917-4f0d-b10c-0b2146a5219f 0.063s
2025-11-25 21:41:25.378 66937 INFO tempest.lib.common.rest_client [req-130a3d82-e6e7-4359-8793-40137f990509 req-130a3d82-e6e7-4359-8793-40137f990509 ] Request (ServerShowV254Test:test_rebuild_server): 200 GET http://10.180.1.21/compute/v2.1/servers/5ebdfe68-2b1f-497b-8d12-b4805a993244 0.051s
2025-11-25 21:41:25.426 66958 INFO tempest.lib.common.rest_client [req-4fb697c9-5a2a-4c3a-9710-5151adb87b12 req-4fb697c9-5a2a-4c3a-9710-5151adb87b12 ] Request (ServersTestJSON:test_create_server_with_ipv6_addr_only): 200 GET http://10.180.1.21/compute/v2.1/servers/87e89c10-20f2-4007-82be-81dbc0046f23 0.051s
2025-11-25 21:41:25.618 66947 INFO tempest.lib.common.rest_client [req-131177fc-330b-4a52-ae06-8affb3a1df3d req-131177fc-330b-4a52-ae06-8affb3a1df3d ] Request (ServerShowV247Test:test_update_rebuild_list_server): 200 GET http://10.180.1.21/compute/v2.1/servers/b96d657c-7bf1-422d-94c4-9c61878d781b 0.106s
2025-11-25 21:41:25.650 66934 INFO tempest.lib.common.rest_client [req-89edc7c1-af56-43a9-8940-5df0cf22adf9 req-89edc7c1-af56-43a9-8940-5df0cf22adf9 ] Request (SecurityGroupsTestJSON:test_server_security_groups): 200 GET http://10.180.1.21/compute/v2.1/servers/5f46f819-ecf3-471c-ba3a-4e8f0b4c62fd 0.204s
2025-11-25 21:41:25.658 66934 INFO tempest.common.waiters [-] State transition "BUILD/None" ==> "BUILD/networking" after 22 second wait
2025-11-25 21:41:25.691 66931 INFO tempest.lib.common.rest_client [req-9b3e425f-d244-4091-97b4-0d1698ae6145 req-9b3e425f-d244-4091-97b4-0d1698ae6145 ] Request (ImagesTestJSON:test_create_server_from_snapshot): 200 GET http://10.180.1.21/compute/v2.1/servers/06a9ad8e-dd69-4018-b914-ae2a69e52592 0.130s
2025-11-25 21:41:25.786 66939 INFO tempest.lib.common.rest_client [req-61c888a8-5af0-42e5-b847-25f676c4bb4b req-61c888a8-5af0-42e5-b847-25f676c4bb4b ] Request (ListServerFiltersTestJSON:tearDownClass): 200 GET http://10.180.1.21/compute/v2.1/servers/1b781cee-93b0-43a9-a3da-72c23053d445 0.138s
2025-11-25 21:41:25.814 66903 INFO tempest.lib.common.rest_client [req-11fa9908-2ee3-4994-af34-5d6a2d91cc0c req-11fa9908-2ee3-4994-af34-5d6a2d91cc0c ] Request (InstanceActionsV221TestJSON:test_get_list_deleted_instance_actions): 200 GET http://10.180.1.21/compute/v2.1/servers/07c2db2e-41b9-40f3-bd05-18ada3bcdb3d 0.172s
2025-11-25 21:41:25.842 66919 INFO tempest.lib.common.rest_client [req-6321b044-8365-4d16-9974-996fde3fc725 req-6321b044-8365-4d16-9974-996fde3fc725 ] Request (ServersAdminNegativeTestJSON:tearDownClass): 200 GET http://10.180.1.21/compute/v2.1/servers/6bff76d6-a050-4f87-a9df-161ef36eea3e 0.139s
2025-11-25 21:41:25.870 66925 INFO tempest.lib.common.rest_client [req-eee31698-cfcd-44cb-81ce-dcbf66fdad1d req-eee31698-cfcd-44cb-81ce-dcbf66fdad1d ] Request (ServersNegativeTestJSON:setUpClass): 200 GET http://10.180.1.21/compute/v2.1/servers/c24ad1c2-4e64-4f9e-93f1-5b03fe3eb97e 0.162s
2025-11-25 21:41:25.899 66945 INFO tempest.lib.common.rest_client [req-ba95138c-168f-4358-87d7-59ba3fa3e15f req-ba95138c-168f-4358-87d7-59ba3fa3e15f ] Request (AttachInterfacesUnderV243Test:test_add_remove_fixed_ip): 200 GET http://10.180.1.21/compute/v2.1/servers/b5803a7e-ed81-4214-b4cf-e41bfad6ff2b 0.150s
2025-11-25 21:41:25.921 66911 INFO tempest.lib.common.rest_client [req-57fb2b2b-95bc-41ef-b2bf-0ceaffbe6893 req-57fb2b2b-95bc-41ef-b2bf-0ceaffbe6893 ] Request (ServerRescueTestJSONUnderV235:setUpClass): 200 GET http://10.180.1.21/compute/v2.1/servers/8fcbe9d2-78bd-4955-924d-994bf00a17aa 0.166s
2025-11-25 21:41:25.959 66955 INFO tempest.lib.common.rest_client [req-3ef64944-0fa4-4a77-9882-ae6f44a94cbf req-3ef64944-0fa4-4a77-9882-ae6f44a94cbf ] Request (ImagesOneServerNegativeTestJSON:_run_cleanups): 200 GET http://10.180.1.21/compute/v2.1/servers/bd0568ea-773b-4587-98e4-f201778a0f5a 0.158s
2025-11-25 21:41:25.975 66909 INFO tempest.lib.common.rest_client [req-877619dc-535d-4579-997f-e33d5adba922 req-877619dc-535d-4579-997f-e33d5adba922 ] Request (ListImageFiltersTestJSON:tearDownClass): 200 GET http://10.180.1.21/compute/v2.1/servers/6adcf2c5-0ce0-4990-ae95-aa1a0dd5464f 0.130s
2025-11-25 21:41:26.039 66959 INFO tempest.lib.common.rest_client [req-f9fb4487-fdeb-4eb5-a5d7-94260f130833 req-f9fb4487-fdeb-4eb5-a5d7-94260f130833 ] Request (DeleteServersTestJSON:test_delete_server_while_in_attached_volume): 200 GET http://10.180.1.21/compute/v2.1/servers/2405e73c-84a4-4611-b92c-d18d4a9e65ad 0.057s
2025-11-25 21:41:26.064 66929 WARNING tempest.lib.common.ssh [-] Failed to establish authenticated ssh connection to cirros@10.180.180.218 ([Errno None] Unable to connect to port 22 on 10.180.180.218). Number attempts: 4. Retry after 5 seconds.: paramiko.ssh_exception.NoValidConnectionsError: [Errno None] Unable to connect to port 22 on 10.180.180.218
2025-11-25 21:41:26.120 66943 WARNING tempest.lib.common.ssh [-] Failed to establish authenticated ssh connection to cirros@10.180.180.206 ([Errno None] Unable to connect to port 22 on 10.180.180.206). Number attempts: 1. Retry after 2 seconds.: paramiko.ssh_exception.NoValidConnectionsError: [Errno None] Unable to connect to port 22 on 10.180.180.206
2025-11-25 21:41:26.126 66923 INFO tempest.lib.common.rest_client [req-ccdb37e1-740d-4a31-9eeb-5335942fc36e req-ccdb37e1-740d-4a31-9eeb-5335942fc36e ] Request (ServerActionsTestOtherB:test_resize_server_confirm_from_stopped): 200 GET http://10.180.1.21/compute/v2.1/servers/0acafe01-6adb-4cbc-af3f-7655494bb71c 0.123s
2025-11-25 21:41:26.200 66927 INFO tempest.lib.common.rest_client [req-bea9ad37-bc9a-4926-bf7c-6262af993498 req-bea9ad37-bc9a-4926-bf7c-6262af993498 ] Request (ServersListShow2100Test:tearDownClass): 200 GET http://10.180.1.21/compute/v2.1/servers/c9efa747-fb6b-4e92-ac7e-f895a0131ba7 0.068s
2025-11-25 21:41:26.239 66965 INFO tempest.lib.common.rest_client [req-c5602713-673a-4f98-ba9c-c42792f5a7de req-c5602713-673a-4f98-ba9c-c42792f5a7de ] Request (ServersAdminTestJSON:test_inject_network_info): 200 GET http://10.180.1.21/compute/v2.1/servers/f633c529-d581-4649-9d2c-4d4363c90977 0.049s
2025-11-25 21:41:26.290 66905 INFO tempest.lib.common.rest_client [req-23fc031f-344f-4e25-9027-d93f91a96c1b req-23fc031f-344f-4e25-9027-d93f91a96c1b ] Request (ServerDiskConfigTestJSON:test_rebuild_server_with_auto_disk_config): 200 GET http://10.180.1.21/compute/v2.1/servers/de4e0327-5b9d-4813-a2f1-c1075cd631c6 0.092s
2025-11-25 21:41:26.326 66917 INFO tempest.lib.common.rest_client [req-df0daa33-f389-4d53-9801-66ec48e1dae3 req-df0daa33-f389-4d53-9801-66ec48e1dae3 ] Request (VolumesTestJSON:tearDownClass): 404 GET http://10.180.1.21/volume/v3/volumes/b354fa68-b7b1-403d-98b3-b432a5cd4ed3 0.015s
2025-11-25 21:41:26.370 66917 INFO tempest.lib.common.rest_client [req-0910cd75-0063-4d66-bf03-01b8b71ffcb4 req-0910cd75-0063-4d66-bf03-01b8b71ffcb4 ] Request (VolumesTestJSON:tearDownClass): 202 DELETE http://10.180.1.21/volume/v3/volumes/8a3fa7bd-1f0f-44ff-be0c-8b674dbf7a52 0.043s
2025-11-25 21:41:26.382 66961 INFO tempest.lib.common.rest_client [req-dc101e3d-5f0f-49e5-860c-a81d137bac60 req-dc101e3d-5f0f-49e5-860c-a81d137bac60 ] Request (VolumesAdminNegativeTest:tearDownClass): 200 GET http://10.180.1.21/compute/v2.1/servers/e235fb78-d917-4f0d-b10c-0b2146a5219f 0.067s
2025-11-25 21:41:26.402 66917 INFO tempest.lib.common.rest_client [req-ec0ca563-d67c-474c-9f5f-7fb221578408 req-ec0ca563-d67c-474c-9f5f-7fb221578408 ] Request (VolumesTestJSON:tearDownClass): 200 GET http://10.180.1.21/volume/v3/volumes/8a3fa7bd-1f0f-44ff-be0c-8b674dbf7a52 0.031s
2025-11-25 21:41:26.461 66937 INFO tempest.lib.common.rest_client [req-879768c6-ca01-4829-afb5-f5cd2718fb70 req-879768c6-ca01-4829-afb5-f5cd2718fb70 ] Request (ServerShowV254Test:test_rebuild_server): 200 GET http://10.180.1.21/compute/v2.1/servers/5ebdfe68-2b1f-497b-8d12-b4805a993244 0.072s
2025-11-25 21:41:26.510 66958 INFO tempest.lib.common.rest_client [req-ab4e164f-8152-41a7-be0d-c57f57db7826 req-ab4e164f-8152-41a7-be0d-c57f57db7826 ] Request (ServersTestJSON:test_create_server_with_ipv6_addr_only): 200 GET http://10.180.1.21/compute/v2.1/servers/87e89c10-20f2-4007-82be-81dbc0046f23 0.076s
2025-11-25 21:41:26.715 66947 INFO tempest.lib.common.rest_client [req-15ba6340-9a89-4cf8-aaf3-161aac815950 req-15ba6340-9a89-4cf8-aaf3-161aac815950 ] Request (ServerShowV247Test:test_update_rebuild_list_server): 200 GET http://10.180.1.21/compute/v2.1/servers/b96d657c-7bf1-422d-94c4-9c61878d781b 0.083s
2025-11-25 21:41:26.776 66934 INFO tempest.lib.common.rest_client [req-ef61f51a-33b4-42e5-aac9-56c2cfc47361 req-ef61f51a-33b4-42e5-aac9-56c2cfc47361 ] Request (SecurityGroupsTestJSON:test_server_security_groups): 200 GET http://10.180.1.21/compute/v2.1/servers/5f46f819-ecf3-471c-ba3a-4e8f0b4c62fd 0.116s
2025-11-25 21:41:26.783 66934 INFO tempest.common.waiters [-] State transition "BUILD/networking" ==> "BUILD/spawning" after 23 second wait
2025-11-25 21:41:26.794 66931 INFO tempest.lib.common.rest_client [req-120c886b-02ce-4adf-9c83-ca5fc9cc136e req-120c886b-02ce-4adf-9c83-ca5fc9cc136e ] Request (ImagesTestJSON:test_create_server_from_snapshot): 200 GET http://10.180.1.21/compute/v2.1/servers/06a9ad8e-dd69-4018-b914-ae2a69e52592 0.093s
2025-11-25 21:41:26.823 66907 WARNING tempest.lib.common.ssh [-] Failed to establish authenticated ssh connection to cirros@10.180.180.180 ([Errno None] Unable to connect to port 22 on 10.180.180.180). Number attempts: 6. Retry after 7 seconds.: paramiko.ssh_exception.NoValidConnectionsError: [Errno None] Unable to connect to port 22 on 10.180.180.180
2025-11-25 21:41:26.865 66939 INFO tempest.lib.common.rest_client [req-6485223e-707e-462d-a8e4-97cba940c7cd req-6485223e-707e-462d-a8e4-97cba940c7cd ] Request (ListServerFiltersTestJSON:tearDownClass): 200 GET http://10.180.1.21/compute/v2.1/servers/1b781cee-93b0-43a9-a3da-72c23053d445 0.070s
2025-11-25 21:41:27.023 66919 INFO tempest.lib.common.rest_client [req-6840e041-647d-4875-9095-8c13e54a2ad9 req-6840e041-647d-4875-9095-8c13e54a2ad9 ] Request (ServersAdminNegativeTestJSON:tearDownClass): 200 GET http://10.180.1.21/compute/v2.1/servers/6bff76d6-a050-4f87-a9df-161ef36eea3e 0.173s
2025-11-25 21:41:27.056 66903 INFO tempest.lib.common.rest_client [req-253dcb10-7fe7-46b8-8d61-d0e1fb401c5b req-253dcb10-7fe7-46b8-8d61-d0e1fb401c5b ] Request (InstanceActionsV221TestJSON:test_get_list_deleted_instance_actions): 200 GET http://10.180.1.21/compute/v2.1/servers/07c2db2e-41b9-40f3-bd05-18ada3bcdb3d 0.233s
