2025-11-25 21:38:16.461 66937 INFO tempest.lib.common.rest_client [req-65ca35c8-16c9-4d87-9e79-5d3406de530b req-65ca35c8-16c9-4d87-9e79-5d3406de530b ] Request (FloatingIPsAssociationTestJSON:setUpClass): 200 GET http://10.180.1.21/compute/v2.1/servers/e06d1ff1-163c-411f-81fa-52f4a96acf58 2.259s
2025-11-25 21:38:16.469 66937 INFO tempest.common.waiters [-] State transition "BUILD/networking" ==> "BUILD/spawning" after 7 second wait
2025-11-25 21:38:16.481 66931 INFO tempest.lib.common.rest_client [req-8303edcb-9b10-40a1-b253-65f88afcdc96 req-8303edcb-9b10-40a1-b253-65f88afcdc96 ] Request (ImagesTestJSON:test_create_image_from_stopped_server): 200 GET http://10.180.1.21/compute/v2.1/servers/a0a101d8-3f14-4382-8d15-fbf5a8d0969e 1.953s
2025-11-25 21:38:16.488 66931 INFO tempest.common.waiters [-] State transition "BUILD/None" ==> "BUILD/networking" after 7 second wait
2025-11-25 21:38:16.518 66955 INFO tempest.lib.common.rest_client [req-df504f2f-3b37-40e7-aef8-7ed89e9fc27a req-df504f2f-3b37-40e7-aef8-7ed89e9fc27a ] Request (ImagesOneServerNegativeTestJSON:setUpClass): 200 GET http://10.180.1.21/compute/v2.1/servers/09c3f5af-ee51-4777-8439-906517d9b95e 1.905s
2025-11-25 21:38:16.550 66963 INFO tempest.lib.common.rest_client [req-5b14a549-e44b-4fab-9a1b-e9783b1c6388 req-5b14a549-e44b-4fab-9a1b-e9783b1c6388 ] Request (HypervisorAdminNegativeUnderV252Test:test_search_hypervisor_with_non_admin_user): 403 GET http://10.180.1.21/compute/v2.1/os-hypervisors/domain-c8.fc996f14-c53b-4953-92e3-bdfa48f5cc28/search 1.661s
2025-11-25 21:38:16.579 66921 INFO tempest.lib.common.rest_client [req-f9ad51d1-46e6-42fb-be6b-31f0c96a1a6c req-f9ad51d1-46e6-42fb-be6b-31f0c96a1a6c ] Request (InstanceActionsTestJSON:setUpClass): 200 GET http://10.180.1.21/compute/v2.1/servers/e29672a5-aa34-4014-92bf-23e98fae7c62 1.626s
2025-11-25 21:38:16.613 66959 INFO tempest.lib.common.rest_client [req-9a7157e1-d3d0-45ed-ac94-b6a33623a279 req-9a7157e1-d3d0-45ed-ac94-b6a33623a279 ] Request (ServerDiagnosticsV248Test:test_get_server_diagnostics): 200 GET http://10.180.1.21/compute/v2.1/servers/9e640f4b-2d28-40d2-83f7-f1de2641dcb8 1.258s
2025-11-25 21:38:16.834 66961 INFO tempest.lib.common.rest_client [req-1549d1ef-6405-4234-9e8a-2634bdbfcd37 req-1549d1ef-6405-4234-9e8a-2634bdbfcd37 ] Request (DeleteServersAdminTestJSON:test_admin_delete_servers_of_others): 200 GET http://10.180.1.21/compute/v2.1/servers/34219aee-3832-4bc1-a38c-7a521db25b72 1.305s
2025-11-25 21:38:16.874 66909 INFO tempest.lib.common.rest_client [req-952b4a3d-0fdb-4822-9fa1-9c00c9f7e6b5 req-952b4a3d-0fdb-4822-9fa1-9c00c9f7e6b5 ] Request (ListImageFiltersTestJSON:setUpClass): 200 GET http://10.180.1.21/compute/v2.1/images/83c38211-9920-4ec9-b543-c91cfe490dc8 1.262s
2025-11-25 21:38:16.890 66951 INFO tempest.lib.common.rest_client [req-fbd20a16-1a98-4bc3-adb3-00e67345f77a req-fbd20a16-1a98-4bc3-adb3-00e67345f77a ] Request (FlavorsAccessTestJSON:_run_cleanups): 202 DELETE http://10.180.1.21/compute/v2.1/flavors/1351249686 1.194s
2025-11-25 21:38:16.910 66911 INFO tempest.lib.common.rest_client [req-066139e6-5abd-41b7-bd28-5b3476c33a74 req-066139e6-5abd-41b7-bd28-5b3476c33a74 ] Request (HypervisorAdminNegativeTestJSON:test_show_hypervisor_with_non_admin_user): 200 GET http://10.180.1.21/compute/v2.1/os-hypervisors 1.212s
2025-11-25 21:38:16.914 66923 INFO tempest.lib.common.rest_client [req-6b6a150d-0b49-4b73-afb4-7413ec4610e9 req-6b6a150d-0b49-4b73-afb4-7413ec4610e9 ] Request (FloatingIPDetailsTestJSON:test_get_floating_ip_details): 200 GET http://10.180.1.21/compute/v2.1/os-floating-ips/9a0d507c-5b6b-4399-b023-a6e088f5ae94 1.341s
2025-11-25 21:38:16.957 66909 INFO tempest.lib.common.rest_client [req-2dfca21d-f7cf-4a49-9477-bfd15b3eb319 req-2dfca21d-f7cf-4a49-9477-bfd15b3eb319 ] Request (ListImageFiltersTestJSON:setUpClass): 201 POST http://10.180.1.21/identity/v3/auth/tokens 0.076s
2025-11-25 21:38:16.957 66909 INFO tempest.lib.common.fixed_network [-] (ListImageFiltersTestJSON:setUpClass) Found network None available for tenant
2025-11-25 21:38:17.112 66958 INFO tempest.lib.common.rest_client [req-205684eb-8a16-419c-9172-fc6a7a85a9a9 req-205684eb-8a16-419c-9172-fc6a7a85a9a9 ] Request (ImagesOneServerTestJSON:setUpClass): 200 GET http://10.180.1.21/compute/v2.1/servers/99238f65-3530-429b-8a64-3882a30d0e1d 1.368s
2025-11-25 21:38:17.136 66947 INFO tempest.lib.common.rest_client [req-c9f7a8d6-cfeb-4188-b42f-1a126281cc12 req-c9f7a8d6-cfeb-4188-b42f-1a126281cc12 ] Request (SecurityGroupsTestAdminJSON:test_list_security_groups_list_all_tenants_filter): 200 GET http://10.180.1.21/compute/v2.1/os-security-groups?all_tenants=true 1.220s
2025-11-25 21:38:17.140 66919 INFO tempest.lib.common.rest_client [req-ac4456ad-b7bb-49a8-8beb-6e9a1fe3b9bd req-ac4456ad-b7bb-49a8-8beb-6e9a1fe3b9bd ] Request (FlavorsV261TestJSON:_run_cleanups): 200 GET http://10.180.1.21/compute/v2.1/flavors/detail 1.213s
2025-11-25 21:38:17.165 66943 INFO tempest.lib.common.rest_client [req-b2410886-d55d-4cf8-81e7-be4ff915a626 req-b2410886-d55d-4cf8-81e7-be4ff915a626 ] Request (AggregatesAdminNegativeTestJSON:_run_cleanups): 200 DELETE http://10.180.1.21/compute/v2.1/os-aggregates/1 1.206s
2025-11-25 21:38:17.198 66949 INFO tempest.lib.common.rest_client [req-6bb55adc-29f3-421a-a570-079a1d4197b3 req-6bb55adc-29f3-421a-a570-079a1d4197b3 ] Request (QuotaClassesAdmin257Test:_run_cleanups): 200 PUT http://10.180.1.21/compute/v2.1/os-quota-class-sets/default 1.236s
2025-11-25 21:38:17.205 66913 INFO tempest.lib.common.rest_client [req-6cad2cfb-3ccc-4b9d-a0ee-af7016dc56d6 req-6cad2cfb-3ccc-4b9d-a0ee-af7016dc56d6 ] Request (ServicesAdminNegativeTestJSON:test_list_services_with_non_admin_user): 403 GET http://10.180.1.21/compute/v2.1/os-services 1.256s
2025-11-25 21:38:17.217 66934 INFO tempest.lib.common.rest_client [req-eaee6acf-5e07-49bb-86a4-aaab46b56ced req-eaee6acf-5e07-49bb-86a4-aaab46b56ced ] Request (FlavorsExtraSpecsTestJSON:test_flavor_set_get_update_show_unset_keys): 200 GET http://10.180.1.21/compute/v2.1/flavors/895211002/os-extra_specs 1.240s
2025-11-25 21:38:17.221 66945 INFO tempest.lib.common.rest_client [req-5fc6f0ca-51a9-43b4-8919-355bcba33257 req-5fc6f0ca-51a9-43b4-8919-355bcba33257 ] Request (FlavorsAccessNegativeTestJSON:_run_cleanups): 200 GET http://10.180.1.21/compute/v2.1/flavors/detail 1.246s
2025-11-25 21:38:17.253 66925 INFO tempest.lib.common.rest_client [req-32d8c285-5ca8-4848-99ff-5158ca29c127 req-32d8c285-5ca8-4848-99ff-5158ca29c127 ] Request (KeyPairsV2TestJSON:test_keypair_create_with_pub_key): 200 POST http://10.180.1.21/compute/v2.1/os-keypairs 1.259s
2025-11-25 21:38:17.273 66907 INFO tempest.lib.common.rest_client [req-25411142-ed33-4c20-bf09-ec6ae12f485c req-25411142-ed33-4c20-bf09-ec6ae12f485c ] Request (ServersWithSpecificFlavorTestJSON:test_verify_created_server_ephemeral_disk): 200 POST http://10.180.1.21/compute/v2.1/flavors 1.161s
2025-11-25 21:38:17.283 66949 INFO tempest.lib.common.rest_client [req-e8b3d7d4-abe9-40a6-9fe6-2e81d002f244 req-e8b3d7d4-abe9-40a6-9fe6-2e81d002f244 ] Request (QuotaClassesAdmin257Test:tearDownClass): 204 DELETE http://10.180.1.21/identity/v3/users/3da0273059bb40d8a22011423fa1d1b6 0.081s
2025-11-25 21:38:17.294 66919 INFO tempest.lib.common.rest_client [req-9bd03b3c-7df3-4a08-904b-1504d1b74178 req-9bd03b3c-7df3-4a08-904b-1504d1b74178 ] Request (FlavorsV261TestJSON:tearDownClass): 204 DELETE http://10.180.1.21/identity/v3/users/34e30ab1d6b34de7bbe6b3b65d7f625b 0.140s
2025-11-25 21:38:17.352 66929 INFO tempest.lib.common.rest_client [req-e6258923-d1f8-4fdd-8a16-306e525a4287 req-e6258923-d1f8-4fdd-8a16-306e525a4287 ] Request (QuotasAdminTestJSON:test_delete_quota): 200 GET http://10.180.1.21/identity/v3/domains?name=Default 0.144s
2025-11-25 21:38:17.408 66941 INFO tempest.lib.common.rest_client [req-67252ee1-9446-48ab-985b-991ab897e7dc req-67252ee1-9446-48ab-985b-991ab897e7dc ] Request (SecurityGroupRulesTestJSON:test_security_group_rules_create_with_optional_cidr): 200 POST http://10.180.1.21/compute/v2.1/os-security-group-rules 1.288s
2025-11-25 21:38:17.423 66913 INFO tempest.lib.common.rest_client [req-35c2635f-87d0-4d69-8ce8-c29dc9a6981f req-35c2635f-87d0-4d69-8ce8-c29dc9a6981f ] Request (ServicesAdminNegativeTestJSON:tearDownClass): 204 DELETE http://10.180.1.21/identity/v3/users/9f826e6a347c40479ec20080c90cda48 0.216s
2025-11-25 21:38:17.425 66915 INFO tempest.lib.common.rest_client [req-fe7228a5-24ec-492e-b246-fc403c97c1a7 req-fe7228a5-24ec-492e-b246-fc403c97c1a7 ] Request (ServicesAdminNegativeV253TestJSON:test_disable_service_with_invalid_service_id): 404 PUT http://10.180.1.21/compute/v2.1/os-services/63de29b2-82fe-43a1-9b99-0ab552ba0778 1.217s
2025-11-25 21:38:17.431 66927 INFO tempest.lib.common.rest_client [req-2b130aed-0727-4540-a1a0-9665e2f46848 req-2b130aed-0727-4540-a1a0-9665e2f46848 ] Request (FlavorsExtraSpecsNegativeTestJSON:test_flavor_non_admin_update_specific_key): 403 PUT http://10.180.1.21/compute/v2.1/flavors/1743229710/os-extra_specs/hw:numa_nodes 1.205s
2025-11-25 21:38:17.454 66949 INFO tempest.lib.common.rest_client [req-06ee4dd3-0cbd-4404-83b2-6fffe3ecbc86 req-06ee4dd3-0cbd-4404-83b2-6fffe3ecbc86 ] Request (QuotaClassesAdmin257Test:tearDownClass): 204 DELETE http://10.180.1.21/identity/v3/users/624f2b4152b84a86b1cc1b596a30f5d7 0.171s
2025-11-25 21:38:17.455 66949 INFO tempest.lib.common.dynamic_creds [-] Deleting project and security group for project: 77295b1003d841639dbed336338e4e51
2025-11-25 21:38:17.457 66905 INFO tempest.lib.common.rest_client [req-067b0609-165f-41e9-ac59-2e109c0d7373 req-067b0609-165f-41e9-ac59-2e109c0d7373 ] Request (FlavorsAdminTestJSON:_run_cleanups): 200 GET http://10.180.1.21/compute/v2.1/flavors/detail 1.227s
2025-11-25 21:38:17.477 66963 INFO tempest.lib.common.rest_client [req-3c45d2f1-9248-469a-9ed7-c3dbc297d26b req-3c45d2f1-9248-469a-9ed7-c3dbc297d26b ] Request (HypervisorAdminNegativeUnderV252Test:test_search_nonexistent_hypervisor): 404 GET http://10.180.1.21/compute/v2.1/os-hypervisors/nonexistent_hypervisor_name/search 0.925s
2025-11-25 21:38:17.525 66929 INFO tempest.lib.common.rest_client [req-b95c99a4-d3c8-4c98-ba23-60d8bc983670 req-b95c99a4-d3c8-4c98-ba23-60d8bc983670 ] Request (QuotasAdminTestJSON:test_delete_quota): 201 POST http://10.180.1.21/identity/v3/projects 0.173s
2025-11-25 21:38:17.550 66903 INFO tempest.lib.common.rest_client [req-dd655387-df3a-4c21-b9bd-545113a251b4 req-dd655387-df3a-4c21-b9bd-545113a251b4 ] Request (ServerDiagnosticsNegativeTest:test_get_server_diagnostics_by_non_admin): 200 GET http://10.180.1.21/compute/v2.1/servers/d663ef07-5887-4171-913e-aea55779200e 0.876s
2025-11-25 21:38:17.554 66919 INFO tempest.lib.common.rest_client [req-4a728fd1-9a30-4362-8650-6163c5830f6f req-4a728fd1-9a30-4362-8650-6163c5830f6f ] Request (FlavorsV261TestJSON:tearDownClass): 204 DELETE http://10.180.1.21/identity/v3/users/4c5afc14297b4193825433d793ab7acd 0.259s
2025-11-25 21:38:17.554 66919 INFO tempest.lib.common.dynamic_creds [-] Deleting project and security group for project: 0f762573e12542dda9a5b5cfe58c285f
2025-11-25 21:38:17.577 66939 INFO tempest.lib.common.rest_client [req-b9d99fa7-9207-49b0-b23f-0157b0cfcd42 req-b9d99fa7-9207-49b0-b23f-0157b0cfcd42 ] Request (QuotasAdminNegativeTest:test_create_server_when_instances_quota_is_full): 403 POST http://10.180.1.21/compute/v2.1/servers 1.410s
2025-11-25 21:38:17.582 66911 INFO tempest.lib.common.rest_client [req-49f80add-9ec8-46c3-b825-687bdb318938 req-49f80add-9ec8-46c3-b825-687bdb318938 ] Request (HypervisorAdminNegativeTestJSON:test_show_hypervisor_with_non_admin_user): 403 GET http://10.180.1.21/compute/v2.1/os-hypervisors/1 0.671s
2025-11-25 21:38:17.583 66951 INFO tempest.lib.common.rest_client [req-a3ff3e79-8759-49d6-9150-a6bc2019ef8f req-a3ff3e79-8759-49d6-9150-a6bc2019ef8f ] Request (FlavorsAccessTestJSON:_run_cleanups): 200 GET http://10.180.1.21/compute/v2.1/flavors/detail 0.692s
2025-11-25 21:38:17.626 66949 INFO tempest.lib.common.rest_client [req-133f5134-d3a1-406b-84eb-29779433105d req-133f5134-d3a1-406b-84eb-29779433105d ] Request (QuotaClassesAdmin257Test:tearDownClass): 201 POST http://10.180.1.21/identity/v3/auth/tokens 0.171s
2025-11-25 21:38:17.689 66913 INFO tempest.lib.common.rest_client [req-19de56e9-03f6-4421-9b04-0a50cbc461e2 req-19de56e9-03f6-4421-9b04-0a50cbc461e2 ] Request (ServicesAdminNegativeTestJSON:tearDownClass): 204 DELETE http://10.180.1.21/identity/v3/users/3a81feac3c3c4660950a61e902e40336 0.265s
2025-11-25 21:38:17.689 66913 INFO tempest.lib.common.dynamic_creds [-] Deleting project and security group for project: 63fc7943956e4417aefd6d09bd3bcac2
2025-11-25 21:38:17.711 66929 INFO tempest.lib.common.rest_client [req-f2a034a0-6258-460d-8286-b00efdf196f6 req-f2a034a0-6258-460d-8286-b00efdf196f6 ] Request (QuotasAdminTestJSON:test_delete_quota): 200 GET http://10.180.1.21/identity/v3/domains?name=Default 0.184s
2025-11-25 21:38:17.751 66919 INFO tempest.lib.common.rest_client [req-3af87bf9-2252-4608-92e9-11948409dac5 req-3af87bf9-2252-4608-92e9-11948409dac5 ] Request (FlavorsV261TestJSON:tearDownClass): 201 POST http://10.180.1.21/identity/v3/auth/tokens 0.196s
2025-11-25 21:38:17.775 66913 INFO tempest.lib.common.rest_client [req-e5b56c7f-09f9-44a3-a5e8-4e41ee017c57 req-e5b56c7f-09f9-44a3-a5e8-4e41ee017c57 ] Request (ServicesAdminNegativeTestJSON:tearDownClass): 201 POST http://10.180.1.21/identity/v3/auth/tokens 0.086s
2025-11-25 21:38:17.916 66949 INFO tempest.lib.common.rest_client [req-f9b71daf-18dc-4ddb-8515-a72c8ddb00ab req-f9b71daf-18dc-4ddb-8515-a72c8ddb00ab ] Request (QuotaClassesAdmin257Test:tearDownClass): 200 GET http://10.180.1.21/networking/v2.0/security-groups?tenant_id=77295b1003d841639dbed336338e4e51&name=default 0.290s
2025-11-25 21:38:17.926 66919 INFO tempest.lib.common.rest_client [req-6449492a-6fd6-4827-97d8-4a699ec94d33 req-6449492a-6fd6-4827-97d8-4a699ec94d33 ] Request (FlavorsV261TestJSON:tearDownClass): 200 GET http://10.180.1.21/networking/v2.0/security-groups?tenant_id=0f762573e12542dda9a5b5cfe58c285f&name=default 0.175s
2025-11-25 21:38:18.061 66913 INFO tempest.lib.common.rest_client [req-a6c26f96-420c-48a7-95f1-6902b4b78567 req-a6c26f96-420c-48a7-95f1-6902b4b78567 ] Request (ServicesAdminNegativeTestJSON:tearDownClass): 200 GET http://10.180.1.21/networking/v2.0/security-groups?tenant_id=63fc7943956e4417aefd6d09bd3bcac2&name=default 0.285s
2025-11-25 21:38:18.138 66949 INFO tempest.lib.common.rest_client [req-70364259-65c5-40d7-95cb-a335456f0933 req-70364259-65c5-40d7-95cb-a335456f0933 ] Request (QuotaClassesAdmin257Test:tearDownClass): 204 DELETE http://10.180.1.21/networking/v2.0/security-groups/0b96e359-882d-4d87-a747-fcf13f4882d3 0.221s
2025-11-25 21:38:18.161 66909 INFO tempest.lib.common.rest_client [req-ac5f6332-57bc-4ca5-844b-ee6d3a47e7b7 req-ac5f6332-57bc-4ca5-844b-ee6d3a47e7b7 ] Request (ListImageFiltersTestJSON:setUpClass): 202 POST http://10.180.1.21/compute/v2.1/servers 1.203s
2025-11-25 21:38:18.162 66919 INFO tempest.lib.common.rest_client [req-378e3e3c-63f8-4d62-8dd6-79ab9c32b102 req-378e3e3c-63f8-4d62-8dd6-79ab9c32b102 ] Request (FlavorsV261TestJSON:tearDownClass): 204 DELETE http://10.180.1.21/networking/v2.0/security-groups/38024a93-e4e2-44e1-8067-88dd5b1ac308 0.235s
2025-11-25 21:38:18.231 66949 INFO tempest.lib.common.rest_client [req-3f8ceab6-d7a7-4f01-81d8-e71319787d51 req-3f8ceab6-d7a7-4f01-81d8-e71319787d51 ] Request (QuotaClassesAdmin257Test:tearDownClass): 204 DELETE http://10.180.1.21/identity/v3/projects/77295b1003d841639dbed336338e4e51 0.093s
2025-11-25 21:38:18.231 66949 INFO tempest.lib.common.dynamic_creds [-] Deleting project and security group for project: 36eac8e17ff54d03adf4cbb906f6d2fd
2025-11-25 21:38:18.235 66919 INFO tempest.lib.common.rest_client [req-f50e906a-32da-4ef2-ae88-b7a64a3dd98a req-f50e906a-32da-4ef2-ae88-b7a64a3dd98a ] Request (FlavorsV261TestJSON:tearDownClass): 204 DELETE http://10.180.1.21/identity/v3/projects/0f762573e12542dda9a5b5cfe58c285f 0.072s
2025-11-25 21:38:18.235 66919 INFO tempest.lib.common.dynamic_creds [-] Deleting project and security group for project: bfcb8512577243c7becb85d036ae9502
2025-11-25 21:38:18.325 66909 INFO tempest.lib.common.rest_client [req-94215552-4090-4c79-81c5-d7d3db8c51c3 req-94215552-4090-4c79-81c5-d7d3db8c51c3 ] Request (ListImageFiltersTestJSON:setUpClass): 201 POST http://10.180.1.21/identity/v3/auth/tokens 0.156s
2025-11-25 21:38:18.325 66909 INFO tempest.lib.common.fixed_network [-] (ListImageFiltersTestJSON:setUpClass) Found network None available for tenant
2025-11-25 21:38:18.332 66913 INFO tempest.lib.common.rest_client [req-d503cc5d-87d3-43bc-a142-c938a7ed5602 req-d503cc5d-87d3-43bc-a142-c938a7ed5602 ] Request (ServicesAdminNegativeTestJSON:tearDownClass): 204 DELETE http://10.180.1.21/networking/v2.0/security-groups/adc8d2b9-ba9c-4977-980a-32e56a3cae61 0.270s
2025-11-25 21:38:18.467 66913 INFO tempest.lib.common.rest_client [req-40d08f2b-d0d5-47bc-b688-8403c68a0a42 req-40d08f2b-d0d5-47bc-b688-8403c68a0a42 ] Request (ServicesAdminNegativeTestJSON:tearDownClass): 204 DELETE http://10.180.1.21/identity/v3/projects/63fc7943956e4417aefd6d09bd3bcac2 0.135s
2025-11-25 21:38:18.467 66913 INFO tempest.lib.common.dynamic_creds [-] Deleting project and security group for project: 881ddd55ca7a45f7836fce583dd030f6
2025-11-25 21:38:18.505 66923 INFO tempest.lib.common.rest_client [req-a7d0cbc6-4400-45b4-a912-868d0011b775 req-a7d0cbc6-4400-45b4-a912-868d0011b775 ] Request (FloatingIPDetailsTestJSON:_run_cleanups): 202 DELETE http://10.180.1.21/compute/v2.1/os-floating-ips/9a0d507c-5b6b-4399-b023-a6e088f5ae94 1.589s
2025-11-25 21:38:18.528 66943 INFO tempest.lib.common.rest_client [req-c2b4e7f6-8da2-4dab-a375-ba0af769d334 req-c2b4e7f6-8da2-4dab-a375-ba0af769d334 ] Request (AggregatesAdminNegativeTestJSON:test_aggregate_add_host_as_user): 200 POST http://10.180.1.21/compute/v2.1/os-aggregates 1.354s
2025-11-25 21:38:18.537 66949 INFO tempest.lib.common.rest_client [req-a9a65211-5c5b-439e-8482-b3dae71094c4 req-a9a65211-5c5b-439e-8482-b3dae71094c4 ] Request (QuotaClassesAdmin257Test:tearDownClass): 200 GET http://10.180.1.21/networking/v2.0/security-groups?tenant_id=36eac8e17ff54d03adf4cbb906f6d2fd&name=default 0.305s
2025-11-25 21:38:18.554 66934 INFO tempest.lib.common.rest_client [req-99d95532-9cda-49b0-8672-f6bde9572368 req-99d95532-9cda-49b0-8672-f6bde9572368 ] Request (FlavorsExtraSpecsTestJSON:test_flavor_set_get_update_show_unset_keys): 200 PUT http://10.180.1.21/compute/v2.1/flavors/895211002/os-extra_specs/hw:numa_nodes 1.336s
2025-11-25 21:38:18.603 66919 INFO tempest.lib.common.rest_client [req-0fabd1ea-8c48-49eb-9d7e-276a4e9aaac8 req-0fabd1ea-8c48-49eb-9d7e-276a4e9aaac8 ] Request (FlavorsV261TestJSON:tearDownClass): 200 GET http://10.180.1.21/networking/v2.0/security-groups?tenant_id=bfcb8512577243c7becb85d036ae9502&name=default 0.367s
2025-11-25 21:38:18.668 66947 INFO tempest.lib.common.rest_client [req-d4fd892f-510e-48cf-9558-d7edf52ebb43 req-d4fd892f-510e-48cf-9558-d7edf52ebb43 ] Request (SecurityGroupsTestAdminJSON:_run_cleanups): 202 DELETE http://10.180.1.21/compute/v2.1/os-security-groups/c802be6c-3494-460c-8804-7ac9a2ecef73 1.528s
2025-11-25 21:38:18.691 66945 INFO tempest.lib.common.rest_client [req-766ef4bd-d4b0-427a-8ec1-380ca7941074 req-766ef4bd-d4b0-427a-8ec1-380ca7941074 ] Request (FlavorsAccessNegativeTestJSON:test_flavor_access_list_with_public_flavor): 200 POST http://10.180.1.21/compute/v2.1/flavors 1.460s
2025-11-25 21:38:18.712 66925 INFO tempest.lib.common.rest_client [req-9450b4d3-7062-462a-b102-79cdf3e94970 req-9450b4d3-7062-462a-b102-79cdf3e94970 ] Request (KeyPairsV2TestJSON:_run_cleanups): 202 DELETE http://10.180.1.21/compute/v2.1/os-keypairs/tempest-keypair-2000497972 1.457s
2025-11-25 21:38:18.736 66907 INFO tempest.lib.common.rest_client [req-15483c03-4af2-4977-8cb2-d6ca649fcc9c req-15483c03-4af2-4977-8cb2-d6ca649fcc9c ] Request (ServersWithSpecificFlavorTestJSON:test_verify_created_server_ephemeral_disk): 200 GET http://10.180.1.21/compute/v2.1/flavors/42/os-extra_specs 1.460s
2025-11-25 21:38:18.822 66913 INFO tempest.lib.common.rest_client [req-c1b9aa00-7cf1-4b66-9ed9-2f75e645d0bb req-c1b9aa00-7cf1-4b66-9ed9-2f75e645d0bb ] Request (ServicesAdminNegativeTestJSON:tearDownClass): 200 GET http://10.180.1.21/networking/v2.0/security-groups?tenant_id=881ddd55ca7a45f7836fce583dd030f6&name=default 0.354s
2025-11-25 21:38:18.888 66935 INFO tempest.lib.common.rest_client [req-b93f36bb-4f56-4d71-b468-a41859c723c0 req-b93f36bb-4f56-4d71-b468-a41859c723c0 ] Request (ServersListShow296Test:test_list_show_update_rebuild_server_296): 200 GET http://10.180.1.21/compute/v2.1/servers/1aabc097-1cd5-4a2f-9075-ccd916d76790 1.664s
2025-11-25 21:38:18.904 66915 INFO tempest.lib.common.rest_client [req-d1df9634-a90a-440c-8995-333f388cd2db req-d1df9634-a90a-440c-8995-333f388cd2db ] Request (ServicesAdminNegativeV253TestJSON:test_enable_service_with_invalid_service_id): 404 PUT http://10.180.1.21/compute/v2.1/os-services/63de29b2-82fe-43a1-9b99-0ab552ba0778 1.477s
2025-11-25 21:38:18.906 66949 INFO tempest.lib.common.rest_client [req-91dcb9bd-efec-4887-af5e-c5a90e7392a2 req-91dcb9bd-efec-4887-af5e-c5a90e7392a2 ] Request (QuotaClassesAdmin257Test:tearDownClass): 204 DELETE http://10.180.1.21/networking/v2.0/security-groups/7f3d4d7d-8ea4-4469-97bc-ec1ca6a7c69b 0.369s
2025-11-25 21:38:18.911 66927 INFO tempest.lib.common.rest_client [req-d8a358e1-d781-4c2b-8cc6-49630dc9ec83 req-d8a358e1-d781-4c2b-8cc6-49630dc9ec83 ] Request (FlavorsExtraSpecsNegativeTestJSON:test_flavor_unset_nonexistent_key): 404 DELETE http://10.180.1.21/compute/v2.1/flavors/1743229710/os-extra_specs/hw:cpu_thread_policy 1.479s
2025-11-25 21:38:18.932 66905 INFO tempest.lib.common.rest_client [req-595d2884-2a53-48a2-8244-0a5ce2670bb3 req-595d2884-2a53-48a2-8244-0a5ce2670bb3 ] Request (FlavorsAdminTestJSON:test_create_flavor_with_int_id): 200 POST http://10.180.1.21/compute/v2.1/flavors 1.464s
2025-11-25 21:38:18.969 66919 INFO tempest.lib.common.rest_client [req-84956d37-a55d-4929-a94f-854ee86a3879 req-84956d37-a55d-4929-a94f-854ee86a3879 ] Request (FlavorsV261TestJSON:tearDownClass): 204 DELETE http://10.180.1.21/networking/v2.0/security-groups/f1cb6f59-a47b-488b-98aa-f6ffd8f7f59f 0.366s
2025-11-25 21:38:19.015 66949 INFO tempest.lib.common.rest_client [req-630c630d-ce34-405b-af59-0714fe215304 req-630c630d-ce34-405b-af59-0714fe215304 ] Request (QuotaClassesAdmin257Test:tearDownClass): 204 DELETE http://10.180.1.21/identity/v3/projects/36eac8e17ff54d03adf4cbb906f6d2fd 0.109s
2025-11-25 21:38:19.034 66919 INFO tempest.lib.common.rest_client [req-0c8810c4-85bc-45e3-8eee-086ec3bf77d8 req-0c8810c4-85bc-45e3-8eee-086ec3bf77d8 ] Request (FlavorsV261TestJSON:tearDownClass): 204 DELETE http://10.180.1.21/identity/v3/projects/bfcb8512577243c7becb85d036ae9502 0.064s
2025-11-25 21:38:19.057 66913 INFO tempest.lib.common.rest_client [req-2c40b25a-ffba-4c98-8097-eddc15140dee req-2c40b25a-ffba-4c98-8097-eddc15140dee ] Request (ServicesAdminNegativeTestJSON:tearDownClass): 204 DELETE http://10.180.1.21/networking/v2.0/security-groups/6c8d5d87-5ff6-4424-b679-5fe440d66d2a 0.235s
2025-11-25 21:38:19.060 66941 INFO tempest.lib.common.rest_client [req-c08c4e3b-6817-4516-b5e4-1922874deb56 req-c08c4e3b-6817-4516-b5e4-1922874deb56 ] Request (SecurityGroupRulesTestJSON:test_security_group_rules_create_with_optional_group_id): 200 POST http://10.180.1.21/compute/v2.1/os-security-groups 1.647s
2025-11-25 21:38:19.084 66949 INFO tempest.lib.common.rest_client [req-27cb9795-a5be-4a07-b142-d4a51f963fc3 req-27cb9795-a5be-4a07-b142-d4a51f963fc3 ] Request (AttachInterfacesV270Test:setUpClass): 201 POST http://10.180.1.21/identity/v3/auth/tokens 0.067s
2025-11-25 21:38:19.091 66963 INFO tempest.lib.common.rest_client [req-79a1367d-0237-4231-ba6b-bc04eb005d8e req-79a1367d-0237-4231-ba6b-bc04eb005d8e ] Request (HypervisorAdminNegativeUnderV252Test:test_show_servers_with_non_admin_user): 200 GET http://10.180.1.21/compute/v2.1/os-hypervisors 1.612s
2025-11-25 21:38:19.115 66919 INFO tempest.lib.common.rest_client [req-5c34894f-bfab-4425-a906-b716f4b09524 req-5c34894f-bfab-4425-a906-b716f4b09524 ] Request (QuotaClassesAdminTestJSON:setUpClass): 201 POST http://10.180.1.21/identity/v3/auth/tokens 0.079s
2025-11-25 21:38:19.166 66913 INFO tempest.lib.common.rest_client [req-30749fcd-eb73-4494-8e9f-e567f72a113d req-30749fcd-eb73-4494-8e9f-e567f72a113d ] Request (ServicesAdminNegativeTestJSON:tearDownClass): 204 DELETE http://10.180.1.21/identity/v3/projects/881ddd55ca7a45f7836fce583dd030f6 0.107s
2025-11-25 21:38:19.186 66949 INFO tempest.lib.common.rest_client [req-aa61fcac-a502-4f0c-b434-40cd1274fb28 req-aa61fcac-a502-4f0c-b434-40cd1274fb28 ] Request (AttachInterfacesV270Test:setUpClass): 201 POST http://10.180.1.21/identity/v3/auth/tokens 0.098s
2025-11-25 21:38:19.194 66919 INFO tempest.lib.common.rest_client [req-008053f2-4509-449d-98f5-5dbb5bcceccf req-008053f2-4509-449d-98f5-5dbb5bcceccf ] Request (QuotaClassesAdminTestJSON:setUpClass): 201 POST http://10.180.1.21/identity/v3/auth/tokens 0.075s
2025-11-25 21:38:19.211 66913 INFO tempest.lib.common.rest_client [req-4cfced80-31b2-4531-88a3-d150be4eef54 req-4cfced80-31b2-4531-88a3-d150be4eef54 ] Request (FlavorsV2TestJSON:setUpClass): 201 POST http://10.180.1.21/identity/v3/auth/tokens 0.044s
2025-11-25 21:38:19.225 66949 INFO tempest.lib.common.rest_client [req-87c3da5f-eec9-4c40-ab85-0a8537ed8ec3 req-87c3da5f-eec9-4c40-ab85-0a8537ed8ec3 ] Request (AttachInterfacesV270Test:setUpClass): 200 GET http://10.180.1.21/identity/v3/domains?name=Default 0.038s
2025-11-25 21:38:19.235 66919 INFO tempest.lib.common.rest_client [req-e3a8d73f-fa16-4c2b-a442-8d7d905570e2 req-e3a8d73f-fa16-4c2b-a442-8d7d905570e2 ] Request (QuotaClassesAdminTestJSON:setUpClass): 200 GET http://10.180.1.21/identity/v3/domains?name=Default 0.040s
2025-11-25 21:38:19.256 66913 INFO tempest.lib.common.rest_client [req-814f39fa-e254-4d8f-96dd-4c9748a2ee6e req-814f39fa-e254-4d8f-96dd-4c9748a2ee6e ] Request (FlavorsV2TestJSON:setUpClass): 201 POST http://10.180.1.21/identity/v3/auth/tokens 0.037s
2025-11-25 21:38:19.262 66949 INFO tempest.lib.common.rest_client [req-c12bfc1d-3252-40c1-9060-fb670bbce9bd req-c12bfc1d-3252-40c1-9060-fb670bbce9bd ] Request (AttachInterfacesV270Test:setUpClass): 201 POST http://10.180.1.21/identity/v3/projects 0.035s
2025-11-25 21:38:19.295 66937 INFO tempest.lib.common.rest_client [req-3bcaa5bf-123b-4b9a-b8f3-2f9bb6851946 req-3bcaa5bf-123b-4b9a-b8f3-2f9bb6851946 ] Request (FloatingIPsAssociationTestJSON:setUpClass): 200 GET http://10.180.1.21/compute/v2.1/servers/e06d1ff1-163c-411f-81fa-52f4a96acf58 1.825s
2025-11-25 21:38:19.339 66913 INFO tempest.lib.common.rest_client [req-ec3365a8-24e4-458c-9fa9-fdfabae23688 req-ec3365a8-24e4-458c-9fa9-fdfabae23688 ] Request (FlavorsV2TestJSON:setUpClass): 200 GET http://10.180.1.21/identity/v3/domains?name=Default 0.083s
2025-11-25 21:38:19.357 66919 INFO tempest.lib.common.rest_client [req-6eb948b8-0879-4f34-92c2-3dad5baa50b6 req-6eb948b8-0879-4f34-92c2-3dad5baa50b6 ] Request (QuotaClassesAdminTestJSON:setUpClass): 201 POST http://10.180.1.21/identity/v3/projects 0.121s
2025-11-25 21:38:19.377 66949 INFO tempest.lib.common.rest_client [req-055219e9-16c5-47dd-b5d6-3e4d7c1a56ca req-055219e9-16c5-47dd-b5d6-3e4d7c1a56ca ] Request (AttachInterfacesV270Test:setUpClass): 201 POST http://10.180.1.21/identity/v3/users 0.115s
2025-11-25 21:38:19.441 66919 INFO tempest.lib.common.rest_client [req-cccf9c41-152c-4bb4-ae87-e86244736597 req-cccf9c41-152c-4bb4-ae87-e86244736597 ] Request (QuotaClassesAdminTestJSON:setUpClass): 201 POST http://10.180.1.21/identity/v3/users 0.084s
2025-11-25 21:38:19.443 66913 INFO tempest.lib.common.rest_client [req-c5f1ed3f-64ff-4a8d-9d2a-1455e29a2d25 req-c5f1ed3f-64ff-4a8d-9d2a-1455e29a2d25 ] Request (FlavorsV2TestJSON:setUpClass): 201 POST http://10.180.1.21/identity/v3/projects 0.103s
2025-11-25 21:38:19.492 66949 INFO tempest.lib.common.rest_client [req-a218277d-7218-46be-a5f1-cc25b4488ebb req-a218277d-7218-46be-a5f1-cc25b4488ebb ] Request (AttachInterfacesV270Test:setUpClass): 200 GET http://10.180.1.21/identity/v3/roles 0.114s
2025-11-25 21:38:19.506 66919 INFO tempest.lib.common.rest_client [req-ab20c685-6261-48a7-b666-99574194dd47 req-ab20c685-6261-48a7-b666-99574194dd47 ] Request (QuotaClassesAdminTestJSON:setUpClass): 200 GET http://10.180.1.21/identity/v3/roles 0.064s
2025-11-25 21:38:19.516 66913 INFO tempest.lib.common.rest_client [req-69418e25-44f4-4f7b-87e3-af1356732d83 req-69418e25-44f4-4f7b-87e3-af1356732d83 ] Request (FlavorsV2TestJSON:setUpClass): 201 POST http://10.180.1.21/identity/v3/users 0.072s
2025-11-25 21:38:19.531 66949 INFO tempest.lib.common.rest_client [req-58a50843-13fe-4edc-9fd2-09069135db32 req-58a50843-13fe-4edc-9fd2-09069135db32 ] Request (AttachInterfacesV270Test:setUpClass): 204 PUT http://10.180.1.21/identity/v3/projects/5210adaa179f442687c33131ecd1c335/users/a6e54f8095fe4948b33c07f5bd983003/roles/6f0716056b4948dc8e1e6997044e220f 0.038s
2025-11-25 21:38:19.531 66949 INFO tempest.lib.common.dynamic_creds [-] Dynamic test user a6e54f8095fe4948b33c07f5bd983003 is created with scope project and roles: ['member']
2025-11-25 21:38:19.531 66949 INFO tempest.lib.common.dynamic_creds [-] Acquired dynamic creds: credentials: Credentials: {'domain_id': 'default', 'domain_name': 'Default', 'username': 'tempest-AttachInterfacesV270Test-828023519-project-member', 'project_domain_id': 'default', 'project_domain_name': 'Default', 'project_id': '5210adaa179f442687c33131ecd1c335', 'project_name': 'tempest-AttachInterfacesV270Test-828023519', 'tenant_id': '5210adaa179f442687c33131ecd1c335', 'tenant_name': 'tempest-AttachInterfacesV270Test-828023519', 'user_domain_id': 'default', 'user_domain_name': 'Default', 'user_id': 'a6e54f8095fe4948b33c07f5bd983003', 'system': None}, Network: None, Subnet: None, Router: None
2025-11-25 21:38:19.544 66919 INFO tempest.lib.common.rest_client [req-e45d2ed4-f61d-435e-950f-191bd129cb79 req-e45d2ed4-f61d-435e-950f-191bd129cb79 ] Request (QuotaClassesAdminTestJSON:setUpClass): 204 PUT http://10.180.1.21/identity/v3/projects/4e03690176274357ae4a33bb20680420/users/640f5c015ef740799c6e08e8167fa134/roles/6f0716056b4948dc8e1e6997044e220f 0.037s
2025-11-25 21:38:19.544 66919 INFO tempest.lib.common.dynamic_creds [-] Dynamic test user 640f5c015ef740799c6e08e8167fa134 is created with scope project and roles: ['member']
2025-11-25 21:38:19.544 66919 INFO tempest.lib.common.dynamic_creds [-] Acquired dynamic creds: credentials: Credentials: {'domain_id': 'default', 'domain_name': 'Default', 'username': 'tempest-QuotaClassesAdminTestJSON-1351736513-project-member', 'project_domain_id': 'default', 'project_domain_name': 'Default', 'project_id': '4e03690176274357ae4a33bb20680420', 'project_name': 'tempest-QuotaClassesAdminTestJSON-1351736513', 'tenant_id': '4e03690176274357ae4a33bb20680420', 'tenant_name': 'tempest-QuotaClassesAdminTestJSON-1351736513', 'user_domain_id': 'default', 'user_domain_name': 'Default', 'user_id': '640f5c015ef740799c6e08e8167fa134', 'system': None}, Network: None, Subnet: None, Router: None
2025-11-25 21:38:19.545 66919 INFO tempest.lib.common.dynamic_creds [-] Created isolated network resources for: credentials: Credentials: {'domain_id': 'default', 'domain_name': 'Default', 'username': 'tempest-QuotaClassesAdminTestJSON-1351736513-project-member', 'project_domain_id': 'default', 'project_domain_name': 'Default', 'project_id': '4e03690176274357ae4a33bb20680420', 'project_name': 'tempest-QuotaClassesAdminTestJSON-1351736513', 'tenant_id': '4e03690176274357ae4a33bb20680420', 'tenant_name': 'tempest-QuotaClassesAdminTestJSON-1351736513', 'user_domain_id': 'default', 'user_domain_name': 'Default', 'user_id': '640f5c015ef740799c6e08e8167fa134', 'system': None}, Network: None, Subnet: None, Router: None
2025-11-25 21:38:19.610 66949 INFO tempest.lib.common.rest_client [req-a7e0ef31-7ac5-4fb1-af35-bd2e030fcb2b req-a7e0ef31-7ac5-4fb1-af35-bd2e030fcb2b ] Request (AttachInterfacesV270Test:setUpClass): 201 POST http://10.180.1.21/identity/v3/auth/tokens 0.078s
2025-11-25 21:38:19.631 66913 INFO tempest.lib.common.rest_client [req-d5e88918-d368-4534-a4ac-fd802026c557 req-d5e88918-d368-4534-a4ac-fd802026c557 ] Request (FlavorsV2TestJSON:setUpClass): 200 GET http://10.180.1.21/identity/v3/roles 0.114s
2025-11-25 21:38:19.666 66913 INFO tempest.lib.common.rest_client [req-936f7cca-a3c1-4828-9fec-0580be393215 req-936f7cca-a3c1-4828-9fec-0580be393215 ] Request (FlavorsV2TestJSON:setUpClass): 204 PUT http://10.180.1.21/identity/v3/projects/4af0cd8166cd4f8dadae032e692c4592/users/70a51d2e632043f292624c1817e5d3e8/roles/6f0716056b4948dc8e1e6997044e220f 0.034s
2025-11-25 21:38:19.666 66913 INFO tempest.lib.common.dynamic_creds [-] Dynamic test user 70a51d2e632043f292624c1817e5d3e8 is created with scope project and roles: ['member']
2025-11-25 21:38:19.666 66913 INFO tempest.lib.common.dynamic_creds [-] Acquired dynamic creds: credentials: Credentials: {'domain_id': 'default', 'domain_name': 'Default', 'username': 'tempest-FlavorsV2TestJSON-1202056942-project-member', 'project_domain_id': 'default', 'project_domain_name': 'Default', 'project_id': '4af0cd8166cd4f8dadae032e692c4592', 'project_name': 'tempest-FlavorsV2TestJSON-1202056942', 'tenant_id': '4af0cd8166cd4f8dadae032e692c4592', 'tenant_name': 'tempest-FlavorsV2TestJSON-1202056942', 'user_domain_id': 'default', 'user_domain_name': 'Default', 'user_id': '70a51d2e632043f292624c1817e5d3e8', 'system': None}, Network: None, Subnet: None, Router: None
2025-11-25 21:38:19.666 66913 INFO tempest.lib.common.dynamic_creds [-] Created isolated network resources for: credentials: Credentials: {'domain_id': 'default', 'domain_name': 'Default', 'username': 'tempest-FlavorsV2TestJSON-1202056942-project-member', 'project_domain_id': 'default', 'project_domain_name': 'Default', 'project_id': '4af0cd8166cd4f8dadae032e692c4592', 'project_name': 'tempest-FlavorsV2TestJSON-1202056942', 'tenant_id': '4af0cd8166cd4f8dadae032e692c4592', 'tenant_name': 'tempest-FlavorsV2TestJSON-1202056942', 'user_domain_id': 'default', 'user_domain_name': 'Default', 'user_id': '70a51d2e632043f292624c1817e5d3e8', 'system': None}, Network: None, Subnet: None, Router: None
2025-11-25 21:38:19.670 66931 INFO tempest.lib.common.rest_client [req-3717eea8-a7c4-4c1d-a602-3077562c2316 req-3717eea8-a7c4-4c1d-a602-3077562c2316 ] Request (ImagesTestJSON:test_create_image_from_stopped_server): 200 GET http://10.180.1.21/compute/v2.1/servers/a0a101d8-3f14-4382-8d15-fbf5a8d0969e 2.181s
2025-11-25 21:38:19.681 66931 INFO tempest.common.waiters [-] State transition "BUILD/networking" ==> "BUILD/spawning" after 10 second wait
2025-11-25 21:38:19.684 66919 INFO tempest.lib.common.rest_client [req-8b73c46d-ee0e-4492-8d59-6e686f43a270 req-8b73c46d-ee0e-4492-8d59-6e686f43a270 ] Request (QuotaClassesAdminTestJSON:setUpClass): 201 POST http://10.180.1.21/identity/v3/auth/tokens 0.132s
2025-11-25 21:38:19.745 66913 INFO tempest.lib.common.rest_client [req-1b5b3530-43f1-4523-9001-1d4ab2db331c req-1b5b3530-43f1-4523-9001-1d4ab2db331c ] Request (FlavorsV2TestJSON:setUpClass): 201 POST http://10.180.1.21/identity/v3/auth/tokens 0.075s
2025-11-25 21:38:19.799 66919 INFO tempest.lib.common.rest_client [req-f623648d-1a16-4cd7-970f-d0800f3a271f req-f623648d-1a16-4cd7-970f-d0800f3a271f ] Request (QuotaClassesAdminTestJSON:setUpClass): 201 POST http://10.180.1.21/identity/v3/projects 0.115s
2025-11-25 21:38:19.861 66919 INFO tempest.lib.common.rest_client [req-7008a2b3-08f6-43f2-a259-f712dfac536e req-7008a2b3-08f6-43f2-a259-f712dfac536e ] Request (QuotaClassesAdminTestJSON:setUpClass): 201 POST http://10.180.1.21/identity/v3/users 0.061s
2025-11-25 21:38:19.875 66939 INFO tempest.lib.common.rest_client [req-0ba28621-eb89-4d3a-b517-4143588cc316 req-0ba28621-eb89-4d3a-b517-4143588cc316 ] Request (QuotasAdminNegativeTest:_run_cleanups): 200 PUT http://10.180.1.21/compute/v2.1/os-quota-sets/8ec74d21688b4275afe427a9fd15c796 2.297s
2025-11-25 21:38:19.885 66911 INFO tempest.lib.common.rest_client [req-2fba52f6-ead6-4a63-9b68-0f8326516197 req-2fba52f6-ead6-4a63-9b68-0f8326516197 ] Request (HypervisorAdminNegativeTestJSON:test_show_nonexistent_hypervisor): 404 GET http://10.180.1.21/compute/v2.1/os-hypervisors/b2d76e84-5c70-47ae-9c2d-fc85ed468eca 2.300s
2025-11-25 21:38:19.890 66919 INFO tempest.lib.common.rest_client [req-a1faefaf-91b8-4ce8-95ef-0d6d5ab16777 req-a1faefaf-91b8-4ce8-95ef-0d6d5ab16777 ] Request (QuotaClassesAdminTestJSON:setUpClass): 200 GET http://10.180.1.21/identity/v3/roles 0.027s
2025-11-25 21:38:19.923 66919 INFO tempest.lib.common.rest_client [req-b36fd3c3-17df-41bc-9836-f33ec3083c07 req-b36fd3c3-17df-41bc-9836-f33ec3083c07 ] Request (QuotaClassesAdminTestJSON:setUpClass): 204 PUT http://10.180.1.21/identity/v3/projects/41e2c6ec95bd41fb9427eb48ff4746ff/users/b2a79f5849ce40f4bcb635e6b5104d9d/roles/526fdef0ffb64a69a49b31ef1aff3062 0.031s
2025-11-25 21:38:19.973 66911 INFO tempest.lib.common.rest_client [req-b5372e27-f6e3-49ec-ad11-bcd5a0a5f9db req-b5372e27-f6e3-49ec-ad11-bcd5a0a5f9db ] Request (HypervisorAdminNegativeTestJSON:tearDownClass): 204 DELETE http://10.180.1.21/identity/v3/users/ce39159ab6e5436094ac24546a522671 0.086s
2025-11-25 21:38:20.014 66919 INFO tempest.lib.common.rest_client [req-a02eb1de-3a6d-4473-82a0-44cde55d12c0 req-a02eb1de-3a6d-4473-82a0-44cde55d12c0 ] Request (QuotaClassesAdminTestJSON:setUpClass): 200 GET http://10.180.1.21/identity/v3/roles 0.091s
2025-11-25 21:38:20.041 66919 INFO tempest.lib.common.rest_client [req-7880d29e-4047-4b0c-9cea-08d81d573f09 req-7880d29e-4047-4b0c-9cea-08d81d573f09 ] Request (QuotaClassesAdminTestJSON:setUpClass): 204 PUT http://10.180.1.21/identity/v3/projects/41e2c6ec95bd41fb9427eb48ff4746ff/users/b2a79f5849ce40f4bcb635e6b5104d9d/roles/526fdef0ffb64a69a49b31ef1aff3062 0.026s
2025-11-25 21:38:20.041 66919 INFO tempest.lib.common.dynamic_creds [-] Dynamic test user b2a79f5849ce40f4bcb635e6b5104d9d is created with scope project and roles: ['admin']
2025-11-25 21:38:20.041 66919 INFO tempest.lib.common.dynamic_creds [-] Acquired dynamic creds: credentials: Credentials: {'domain_id': 'default', 'domain_name': 'Default', 'username': 'tempest-QuotaClassesAdminTestJSON-1592935389-project-admin', 'project_domain_id': 'default', 'project_domain_name': 'Default', 'project_id': '41e2c6ec95bd41fb9427eb48ff4746ff', 'project_name': 'tempest-QuotaClassesAdminTestJSON-1592935389', 'tenant_id': '41e2c6ec95bd41fb9427eb48ff4746ff', 'tenant_name': 'tempest-QuotaClassesAdminTestJSON-1592935389', 'user_domain_id': 'default', 'user_domain_name': 'Default', 'user_id': 'b2a79f5849ce40f4bcb635e6b5104d9d', 'system': None}, Network: None, Subnet: None, Router: None
2025-11-25 21:38:20.041 66919 INFO tempest.lib.common.dynamic_creds [-] Created isolated network resources for: credentials: Credentials: {'domain_id': 'default', 'domain_name': 'Default', 'username': 'tempest-QuotaClassesAdminTestJSON-1592935389-project-admin', 'project_domain_id': 'default', 'project_domain_name': 'Default', 'project_id': '41e2c6ec95bd41fb9427eb48ff4746ff', 'project_name': 'tempest-QuotaClassesAdminTestJSON-1592935389', 'tenant_id': '41e2c6ec95bd41fb9427eb48ff4746ff', 'tenant_name': 'tempest-QuotaClassesAdminTestJSON-1592935389', 'user_domain_id': 'default', 'user_domain_name': 'Default', 'user_id': 'b2a79f5849ce40f4bcb635e6b5104d9d', 'system': None}, Network: None, Subnet: None, Router: None
2025-11-25 21:38:20.083 66911 INFO tempest.lib.common.rest_client [req-ab022104-d05a-46d0-9319-3cc9aa4367cd req-ab022104-d05a-46d0-9319-3cc9aa4367cd ] Request (HypervisorAdminNegativeTestJSON:tearDownClass): 204 DELETE http://10.180.1.21/identity/v3/users/2522662acf0a406ba812ba3a6d3c5cd2 0.110s
2025-11-25 21:38:20.084 66911 INFO tempest.lib.common.dynamic_creds [-] Deleting project and security group for project: 49fd5c71f30643dd85086ce1096732a4
2025-11-25 21:38:20.098 66949 INFO tempest.lib.common.rest_client [req-97f9549f-abef-41b0-910e-e25e4e7a063e req-97f9549f-abef-41b0-910e-e25e4e7a063e ] Request (AttachInterfacesV270Test:setUpClass): 201 POST http://10.180.1.21/networking/v2.0/networks 0.488s
2025-11-25 21:38:20.132 66919 INFO tempest.lib.common.rest_client [req-5c096c21-da6a-4094-8db0-ecb2a1f002a6 req-5c096c21-da6a-4094-8db0-ecb2a1f002a6 ] Request (QuotaClassesAdminTestJSON:setUpClass): 201 POST http://10.180.1.21/identity/v3/auth/tokens 0.087s
2025-11-25 21:38:20.148 66955 INFO tempest.lib.common.rest_client [req-1d78cf5f-b016-4676-ae81-c13d23cef674 req-1d78cf5f-b016-4676-ae81-c13d23cef674 ] Request (ImagesOneServerNegativeTestJSON:setUpClass): 200 GET http://10.180.1.21/compute/v2.1/servers/09c3f5af-ee51-4777-8439-906517d9b95e 2.621s
2025-11-25 21:38:20.155 66911 INFO tempest.lib.common.rest_client [req-9eaf4dc7-0790-474d-b271-b1a11cb8511d req-9eaf4dc7-0790-474d-b271-b1a11cb8511d ] Request (HypervisorAdminNegativeTestJSON:tearDownClass): 201 POST http://10.180.1.21/identity/v3/auth/tokens 0.071s
2025-11-25 21:38:20.161 66955 INFO tempest.common.waiters [-] State transition "BUILD/None" ==> "BUILD/spawning" after 10 second wait
2025-11-25 21:38:20.165 66921 INFO tempest.lib.common.rest_client [req-18fcb2cc-e920-4421-a98f-29bd2f72adbf req-18fcb2cc-e920-4421-a98f-29bd2f72adbf ] Request (InstanceActionsTestJSON:setUpClass): 200 GET http://10.180.1.21/compute/v2.1/servers/e29672a5-aa34-4014-92bf-23e98fae7c62 2.578s
2025-11-25 21:38:20.165 66951 INFO tempest.lib.common.rest_client [req-917aa7b6-6434-49ea-83bf-f3805a532bfb req-917aa7b6-6434-49ea-83bf-f3805a532bfb ] Request (FlavorsAccessTestJSON:test_flavor_access_list_with_private_flavor): 200 POST http://10.180.1.21/compute/v2.1/flavors 2.570s
2025-11-25 21:38:20.173 66921 INFO tempest.common.waiters [-] State transition "BUILD/None" ==> "BUILD/networking" after 10 second wait
2025-11-25 21:38:20.342 66949 INFO tempest.lib.common.rest_client [req-984207a8-36f4-4900-acd9-60eedf039b3a req-984207a8-36f4-4900-acd9-60eedf039b3a ] Request (AttachInterfacesV270Test:setUpClass): 201 POST http://10.180.1.21/networking/v2.0/subnets 0.243s
2025-11-25 21:38:20.356 66929 INFO tempest.lib.common.rest_client [req-751ac286-a3f9-4eab-919b-fbc8495fa621 req-751ac286-a3f9-4eab-919b-fbc8495fa621 ] Request (QuotasAdminTestJSON:test_delete_quota): 200 GET http://10.180.1.21/compute/v2.1/os-quota-sets/ffe59a3cc22e497d8c79276145f7d530 2.645s
2025-11-25 21:38:20.558 66911 INFO tempest.lib.common.rest_client [req-fe0a3f02-ac98-4c27-8f47-b92b1391937e req-fe0a3f02-ac98-4c27-8f47-b92b1391937e ] Request (HypervisorAdminNegativeTestJSON:tearDownClass): 200 GET http://10.180.1.21/networking/v2.0/security-groups?tenant_id=49fd5c71f30643dd85086ce1096732a4&name=default 0.402s
2025-11-25 21:38:20.585 66959 INFO tempest.lib.common.rest_client [req-55e94af4-9c2d-49b8-a88d-3b018534221e req-55e94af4-9c2d-49b8-a88d-3b018534221e ] Request (ServerDiagnosticsV248Test:test_get_server_diagnostics): 200 GET http://10.180.1.21/compute/v2.1/servers/9e640f4b-2d28-40d2-83f7-f1de2641dcb8 2.959s
2025-11-25 21:38:20.929 66911 INFO tempest.lib.common.rest_client [req-f305af7f-70d4-4628-be55-ac4ed2ad006d req-f305af7f-70d4-4628-be55-ac4ed2ad006d ] Request (HypervisorAdminNegativeTestJSON:tearDownClass): 204 DELETE http://10.180.1.21/networking/v2.0/security-groups/69976794-b477-49c4-b210-6ab7cc654b7c 0.371s
2025-11-25 21:38:21.012 66911 INFO tempest.lib.common.rest_client [req-8508f748-e819-4e17-b3ee-f618fd5fd6a5 req-8508f748-e819-4e17-b3ee-f618fd5fd6a5 ] Request (HypervisorAdminNegativeTestJSON:tearDownClass): 204 DELETE http://10.180.1.21/identity/v3/projects/49fd5c71f30643dd85086ce1096732a4 0.082s
2025-11-25 21:38:21.012 66911 INFO tempest.lib.common.dynamic_creds [-] Deleting project and security group for project: f067e68de6244907906388638139140c
2025-11-25 21:38:21.272 66949 INFO tempest.lib.common.rest_client [req-8548826c-d2ab-44eb-ae05-ae4c19fd39ed req-8548826c-d2ab-44eb-ae05-ae4c19fd39ed ] Request (AttachInterfacesV270Test:setUpClass): 201 POST http://10.180.1.21/networking/v2.0/routers 0.929s
2025-11-25 21:38:21.321 66961 INFO tempest.lib.common.rest_client [req-47529828-2337-4acd-ace7-ae45ce3db1ef req-47529828-2337-4acd-ace7-ae45ce3db1ef ] Request (DeleteServersAdminTestJSON:test_admin_delete_servers_of_others): 200 GET http://10.180.1.21/compute/v2.1/servers/34219aee-3832-4bc1-a38c-7a521db25b72 3.478s
2025-11-25 21:38:21.389 66958 INFO tempest.lib.common.rest_client [req-804342c9-e6eb-43da-8600-fc37e464b0f4 req-804342c9-e6eb-43da-8600-fc37e464b0f4 ] Request (ImagesOneServerTestJSON:setUpClass): 200 GET http://10.180.1.21/compute/v2.1/servers/99238f65-3530-429b-8a64-3882a30d0e1d 3.269s
2025-11-25 21:38:21.459 66911 INFO tempest.lib.common.rest_client [req-ed4ae12b-166f-4cf7-b392-baf9d40e442b req-ed4ae12b-166f-4cf7-b392-baf9d40e442b ] Request (HypervisorAdminNegativeTestJSON:tearDownClass): 200 GET http://10.180.1.21/networking/v2.0/security-groups?tenant_id=f067e68de6244907906388638139140c&name=default 0.446s
2025-11-25 21:38:22.174 66949 INFO tempest.lib.common.rest_client [req-bbc18276-d8f5-470a-b672-ed0a1d0825a7 req-bbc18276-d8f5-470a-b672-ed0a1d0825a7 ] Request (AttachInterfacesV270Test:setUpClass): 200 PUT http://10.180.1.21/networking/v2.0/routers/b86a3345-1e7f-4ac1-8252-160be0dd0d22/add_router_interface 0.902s
2025-11-25 21:38:22.175 66949 INFO tempest.lib.common.dynamic_creds [-] Created isolated network resources for: credentials: Credentials: {'domain_id': 'default', 'domain_name': 'Default', 'username': 'tempest-AttachInterfacesV270Test-828023519-project-member', 'project_domain_id': 'default', 'project_domain_name': 'Default', 'project_id': '5210adaa179f442687c33131ecd1c335', 'project_name': 'tempest-AttachInterfacesV270Test-828023519', 'tenant_id': '5210adaa179f442687c33131ecd1c335', 'tenant_name': 'tempest-AttachInterfacesV270Test-828023519', 'user_domain_id': 'default', 'user_domain_name': 'Default', 'user_id': 'a6e54f8095fe4948b33c07f5bd983003', 'system': None}, Network: {'id': '912f7647-aea0-466c-a3ef-ee9c8ff49d40', 'name': 'tempest-AttachInterfacesV270Test-1608190062-network', 'tenant_id': '5210adaa179f442687c33131ecd1c335', 'project_id': '5210adaa179f442687c33131ecd1c335', 'admin_state_up': True, 'mtu': 8950, 'status': 'ACTIVE', 'subnets': [], 'shared': False, 'port_security_enabled': True, 'router:external': False, 'provider:network_type': 'vlan', 'provider:physical_network': 'default', 'provider:segmentation_id': 721, 'availability_zone_hints': [], 'availability_zones': [], 'ipv4_address_scope': None, 'ipv6_address_scope': None, 'description': '', 'tags': [], 'created_at': '2025-11-25T21:38:20Z', 'updated_at': '2025-11-25T21:38:20Z', 'revision_number': 1}, Subnet: {'id': 'd3d22260-588f-4086-a1b3-ea4af1507007', 'name': 'tempest-AttachInterfacesV270Test-1608190062-subnet', 'tenant_id': '5210adaa179f442687c33131ecd1c335', 'network_id': '912f7647-aea0-466c-a3ef-ee9c8ff49d40', 'ip_version': 4, 'subnetpool_id': None, 'enable_dhcp': True, 'ipv6_ra_mode': None, 'ipv6_address_mode': None, 'gateway_ip': '192.168.128.1', 'cidr': '192.168.128.0/28', 'allocation_pools': [{'start': '192.168.128.2', 'end': '192.168.128.14'}], 'host_routes': [], 'dns_nameservers': [], 'description': '', 'router:external': False, 'service_types': [], 'tags': [], 'created_at': '2025-11-25T21:38:20Z', 'updated_at': '2025-11-25T21:38:20Z', 'revision_number': 0, 'project_id': '5210adaa179f442687c33131ecd1c335'}, Router: {'id': 'b86a3345-1e7f-4ac1-8252-160be0dd0d22', 'name': 'tempest-AttachInterfacesV270Test-1608190062-router', 'tenant_id': '5210adaa179f442687c33131ecd1c335', 'admin_state_up': True, 'status': 'ACTIVE', 'external_gateway_info': {'network_id': '9a77743a-49c6-41dd-aadb-c8ace2847254', 'external_fixed_ips': [{'subnet_id': '33cabf04-ecad-4bec-9dd8-96d38615e4cc', 'ip_address': '10.180.180.201'}], 'enable_snat': True}, 'description': '', 'availability_zones': [], 'distributed': False, 'ha': False, 'availability_zone_hints': [], 'routes': [], 'flavor_id': None, 'tags': [], 'created_at': '2025-11-25T21:38:20Z', 'updated_at': '2025-11-25T21:38:21Z', 'revision_number': 2, 'project_id': '5210adaa179f442687c33131ecd1c335'}
2025-11-25 21:38:22.274 66949 INFO tempest.lib.common.rest_client [req-9d2110ad-4b1d-4611-84d2-f22f882d4cde req-9d2110ad-4b1d-4611-84d2-f22f882d4cde ] Request (AttachInterfacesV270Test:setUpClass): 201 POST http://10.180.1.21/identity/v3/auth/tokens 0.096s
2025-11-25 21:38:22.318 66949 INFO tempest.lib.common.rest_client [req-34e4b669-a438-4bbb-950f-67ddf8b638e5 req-34e4b669-a438-4bbb-950f-67ddf8b638e5 ] Request (AttachInterfacesV270Test:test_create_get_list_interfaces): 201 POST http://10.180.1.21/identity/v3/auth/tokens 0.039s
2025-11-25 21:38:22.318 66949 INFO tempest.lib.common.fixed_network [-] (AttachInterfacesV270Test:test_create_get_list_interfaces) Found network {'id': '912f7647-aea0-466c-a3ef-ee9c8ff49d40', 'name': 'tempest-AttachInterfacesV270Test-1608190062-network', 'tenant_id': '5210adaa179f442687c33131ecd1c335', 'project_id': '5210adaa179f442687c33131ecd1c335', 'admin_state_up': True, 'mtu': 8950, 'status': 'ACTIVE', 'subnets': [], 'shared': False, 'port_security_enabled': True, 'router:external': False, 'provider:network_type': 'vlan', 'provider:physical_network': 'default', 'provider:segmentation_id': 721, 'availability_zone_hints': [], 'availability_zones': [], 'ipv4_address_scope': None, 'ipv6_address_scope': None, 'description': '', 'tags': [], 'created_at': '2025-11-25T21:38:20Z', 'updated_at': '2025-11-25T21:38:20Z', 'revision_number': 1} available for tenant
2025-11-25 21:38:22.330 66911 INFO tempest.lib.common.rest_client [req-2b0b26ff-eba5-4344-9fe1-00003ea618fa req-2b0b26ff-eba5-4344-9fe1-00003ea618fa ] Request (HypervisorAdminNegativeTestJSON:tearDownClass): 204 DELETE http://10.180.1.21/networking/v2.0/security-groups/d18e33c9-67ba-4ea8-aa33-4973aa094498 0.871s
