2025-11-25 21:38:29.914 66947 INFO tempest.lib.common.dynamic_creds [-] Acquired dynamic creds: credentials: Credentials: {'domain_id': 'default', 'domain_name': 'Default', 'username': 'tempest-ServerMetadataNegativeTestJSON-2013698452-project-member', 'project_domain_id': 'default', 'project_domain_name': 'Default', 'project_id': '9d48606048944d70b533e6c18d112f77', 'project_name': 'tempest-ServerMetadataNegativeTestJSON-2013698452', 'tenant_id': '9d48606048944d70b533e6c18d112f77', 'tenant_name': 'tempest-ServerMetadataNegativeTestJSON-2013698452', 'user_domain_id': 'default', 'user_domain_name': 'Default', 'user_id': '11dff45dcff441459b9626b4699359c8', 'system': None}, Network: None, Subnet: None, Router: None
2025-11-25 21:38:29.916 66927 INFO tempest.lib.common.rest_client [req-894f3535-2ce6-474a-ba39-1e52ba5dcf58 req-894f3535-2ce6-474a-ba39-1e52ba5dcf58 ] Request (FlavorsExtraSpecsNegativeTestJSON:tearDownClass): 200 GET http://10.180.1.21/compute/v2.1/flavors/detail 2.150s
2025-11-25 21:38:29.935 66951 INFO tempest.lib.common.rest_client [req-1e86b9ae-8138-49ba-8572-020c6a2a7f1e req-1e86b9ae-8138-49ba-8572-020c6a2a7f1e ] Request (HostsAdminTestJSON:setUpClass): 201 POST http://10.180.1.21/identity/v3/projects 0.037s
2025-11-25 21:38:29.952 66915 INFO tempest.lib.common.rest_client [req-2cfa47a0-d466-4e8c-84ad-e887547715a7 req-2cfa47a0-d466-4e8c-84ad-e887547715a7 ] Request (ServicesAdminNegativeV253TestJSON:test_get_service_by_invalid_service_and_valid_host): 200 GET http://10.180.1.21/compute/v2.1/os-services?host=devstack&binary=xxx 2.159s
2025-11-25 21:38:29.981 66905 INFO tempest.lib.common.rest_client [req-371114bd-8b29-441a-a8ff-f07b9c178709 req-371114bd-8b29-441a-a8ff-f07b9c178709 ] Request (FlavorsAdminTestJSON:_run_cleanups): 202 DELETE http://10.180.1.21/compute/v2.1/flavors/7a9f33cf-01ec-4067-a044-1475bb5b125b 2.172s
2025-11-25 21:38:29.989 66947 INFO tempest.lib.common.rest_client [req-1a1e0205-f7e7-450c-b106-05e0b4475577 req-1a1e0205-f7e7-450c-b106-05e0b4475577 ] Request (ServerMetadataNegativeTestJSON:setUpClass): 201 POST http://10.180.1.21/identity/v3/auth/tokens 0.075s
2025-11-25 21:38:29.992 66903 INFO tempest.lib.common.rest_client [req-53a0478a-ae89-4eb5-9f21-e4b188b2cc96 req-53a0478a-ae89-4eb5-9f21-e4b188b2cc96 ] Request (ServerDiagnosticsNegativeTest:test_get_server_diagnostics_by_non_admin): 200 GET http://10.180.1.21/compute/v2.1/servers/d663ef07-5887-4171-913e-aea55779200e 2.475s
2025-11-25 21:38:30.006 66903 INFO tempest.common.waiters [-] State transition "BUILD/block_device_mapping" ==> "BUILD/spawning" after 15 second wait
2025-11-25 21:38:30.013 66951 INFO tempest.lib.common.rest_client [req-d4c4c5b3-4c3d-4f43-bc0c-9fe1a097fe76 req-d4c4c5b3-4c3d-4f43-bc0c-9fe1a097fe76 ] Request (HostsAdminTestJSON:setUpClass): 201 POST http://10.180.1.21/identity/v3/users 0.077s
2025-11-25 21:38:30.085 66927 INFO tempest.lib.common.rest_client [req-fa8e095e-d889-430f-8f95-c48d1c4666b2 req-fa8e095e-d889-430f-8f95-c48d1c4666b2 ] Request (FlavorsExtraSpecsNegativeTestJSON:tearDownClass): 204 DELETE http://10.180.1.21/identity/v3/users/ff069e86876d4172b741b777c52067cf 0.160s
2025-11-25 21:38:30.107 66949 INFO tempest.lib.common.rest_client [req-ab40421e-6137-4b52-9815-0601e762fa12 req-ab40421e-6137-4b52-9815-0601e762fa12 ] Request (AttachInterfacesV270Test:test_create_get_list_interfaces): 200 GET http://10.180.1.21/compute/v2.1/servers/bfbdc5c4-4ab8-409c-95f3-838cd0addf65 2.059s
2025-11-25 21:38:30.125 66913 INFO tempest.lib.common.rest_client [req-72a5d017-2bda-456f-95c8-ffe15b82e52d req-72a5d017-2bda-456f-95c8-ffe15b82e52d ] Request (FlavorsV2TestJSON:test_list_flavors_detailed_filter_by_min_disk): 200 GET http://10.180.1.21/compute/v2.1/flavors/42 2.047s
2025-11-25 21:38:30.152 66951 INFO tempest.lib.common.rest_client [req-08fcb672-0198-4829-b7ef-fa3fcd01ca64 req-08fcb672-0198-4829-b7ef-fa3fcd01ca64 ] Request (HostsAdminTestJSON:setUpClass): 200 GET http://10.180.1.21/identity/v3/roles 0.138s
2025-11-25 21:38:30.190 66951 INFO tempest.lib.common.rest_client [req-910e2569-4fe5-4929-9c8b-8519e7aa596e req-910e2569-4fe5-4929-9c8b-8519e7aa596e ] Request (HostsAdminTestJSON:setUpClass): 204 PUT http://10.180.1.21/identity/v3/projects/e007c2e85bef43a99324790472ff177d/users/8d26527041e84481b86e2a6628006b67/roles/6f0716056b4948dc8e1e6997044e220f 0.036s
2025-11-25 21:38:30.191 66951 INFO tempest.lib.common.dynamic_creds [-] Dynamic test user 8d26527041e84481b86e2a6628006b67 is created with scope project and roles: ['member']
2025-11-25 21:38:30.191 66951 INFO tempest.lib.common.dynamic_creds [-] Acquired dynamic creds: credentials: Credentials: {'domain_id': 'default', 'domain_name': 'Default', 'username': 'tempest-HostsAdminTestJSON-1194255459-project-member', 'project_domain_id': 'default', 'project_domain_name': 'Default', 'project_id': 'e007c2e85bef43a99324790472ff177d', 'project_name': 'tempest-HostsAdminTestJSON-1194255459', 'tenant_id': 'e007c2e85bef43a99324790472ff177d', 'tenant_name': 'tempest-HostsAdminTestJSON-1194255459', 'user_domain_id': 'default', 'user_domain_name': 'Default', 'user_id': '8d26527041e84481b86e2a6628006b67', 'system': None}, Network: None, Subnet: None, Router: None
2025-11-25 21:38:30.191 66951 INFO tempest.lib.common.dynamic_creds [-] Created isolated network resources for: credentials: Credentials: {'domain_id': 'default', 'domain_name': 'Default', 'username': 'tempest-HostsAdminTestJSON-1194255459-project-member', 'project_domain_id': 'default', 'project_domain_name': 'Default', 'project_id': 'e007c2e85bef43a99324790472ff177d', 'project_name': 'tempest-HostsAdminTestJSON-1194255459', 'tenant_id': 'e007c2e85bef43a99324790472ff177d', 'tenant_name': 'tempest-HostsAdminTestJSON-1194255459', 'user_domain_id': 'default', 'user_domain_name': 'Default', 'user_id': '8d26527041e84481b86e2a6628006b67', 'system': None}, Network: None, Subnet: None, Router: None
2025-11-25 21:38:30.224 66927 INFO tempest.lib.common.rest_client [req-78a34a2c-2013-4783-b2ea-41992ddd7653 req-78a34a2c-2013-4783-b2ea-41992ddd7653 ] Request (FlavorsExtraSpecsNegativeTestJSON:tearDownClass): 204 DELETE http://10.180.1.21/identity/v3/users/f7af095569e3425284b1f2015ef50e51 0.139s
2025-11-25 21:38:30.225 66927 INFO tempest.lib.common.dynamic_creds [-] Deleting project and security group for project: 724e364ca82444b98958b4b2e3dd3a43
2025-11-25 21:38:30.292 66951 INFO tempest.lib.common.rest_client [req-2831a728-8e9f-4ea3-aac0-d442ffac2f49 req-2831a728-8e9f-4ea3-aac0-d442ffac2f49 ] Request (HostsAdminTestJSON:setUpClass): 201 POST http://10.180.1.21/identity/v3/auth/tokens 0.095s
2025-11-25 21:38:30.301 66927 INFO tempest.lib.common.rest_client [req-a2d75eeb-d7db-48ae-b981-301032fd349a req-a2d75eeb-d7db-48ae-b981-301032fd349a ] Request (FlavorsExtraSpecsNegativeTestJSON:tearDownClass): 201 POST http://10.180.1.21/identity/v3/auth/tokens 0.076s
2025-11-25 21:38:30.396 66951 INFO tempest.lib.common.rest_client [req-5b24309f-09ad-4b69-8f88-a5d0e20f8348 req-5b24309f-09ad-4b69-8f88-a5d0e20f8348 ] Request (HostsAdminTestJSON:setUpClass): 201 POST http://10.180.1.21/identity/v3/projects 0.103s
2025-11-25 21:38:30.474 66951 INFO tempest.lib.common.rest_client [req-757ea2dd-8f11-4cae-81ca-e67767b6c5e1 req-757ea2dd-8f11-4cae-81ca-e67767b6c5e1 ] Request (HostsAdminTestJSON:setUpClass): 201 POST http://10.180.1.21/identity/v3/users 0.077s
2025-11-25 21:38:30.489 66947 INFO tempest.lib.common.rest_client [req-54e6df0b-6cd8-4687-9412-cd61af126684 req-54e6df0b-6cd8-4687-9412-cd61af126684 ] Request (ServerMetadataNegativeTestJSON:setUpClass): 201 POST http://10.180.1.21/networking/v2.0/networks 0.499s
2025-11-25 21:38:30.498 66951 INFO tempest.lib.common.rest_client [req-aa3aeeef-f03b-4643-9b79-595139ef819c req-aa3aeeef-f03b-4643-9b79-595139ef819c ] Request (HostsAdminTestJSON:setUpClass): 200 GET http://10.180.1.21/identity/v3/roles 0.024s
2025-11-25 21:38:30.516 66923 INFO tempest.lib.common.rest_client [req-bd9fa012-3969-42b5-b313-b9d713c097f5 req-bd9fa012-3969-42b5-b313-b9d713c097f5 ] Request (FloatingIPDetailsTestJSON:tearDownClass): 202 DELETE http://10.180.1.21/compute/v2.1/os-floating-ips/2ca4fc2d-4ae4-420b-b132-dafa21722f69 2.596s
2025-11-25 21:38:30.532 66951 INFO tempest.lib.common.rest_client [req-541eac14-7e73-4ad0-9d77-08ba339a3a98 req-541eac14-7e73-4ad0-9d77-08ba339a3a98 ] Request (HostsAdminTestJSON:setUpClass): 204 PUT http://10.180.1.21/identity/v3/projects/63f2d25f4e2c4a55a216decaef958c2f/users/89099f071c77439f81f68fb0d1346d74/roles/526fdef0ffb64a69a49b31ef1aff3062 0.033s
2025-11-25 21:38:30.579 66951 INFO tempest.lib.common.rest_client [req-8d5fe6c3-9606-4d26-85a7-f1bea0dbd228 req-8d5fe6c3-9606-4d26-85a7-f1bea0dbd228 ] Request (HostsAdminTestJSON:setUpClass): 200 GET http://10.180.1.21/identity/v3/roles 0.047s
2025-11-25 21:38:30.598 66951 INFO tempest.lib.common.rest_client [req-7e1cd61c-2ffc-4f11-8795-a5d8a5eef2ab req-7e1cd61c-2ffc-4f11-8795-a5d8a5eef2ab ] Request (HostsAdminTestJSON:setUpClass): 204 PUT http://10.180.1.21/identity/v3/projects/63f2d25f4e2c4a55a216decaef958c2f/users/89099f071c77439f81f68fb0d1346d74/roles/526fdef0ffb64a69a49b31ef1aff3062 0.018s
2025-11-25 21:38:30.599 66951 INFO tempest.lib.common.dynamic_creds [-] Dynamic test user 89099f071c77439f81f68fb0d1346d74 is created with scope project and roles: ['admin']
2025-11-25 21:38:30.599 66951 INFO tempest.lib.common.dynamic_creds [-] Acquired dynamic creds: credentials: Credentials: {'domain_id': 'default', 'domain_name': 'Default', 'username': 'tempest-HostsAdminTestJSON-2017749863-project-admin', 'project_domain_id': 'default', 'project_domain_name': 'Default', 'project_id': '63f2d25f4e2c4a55a216decaef958c2f', 'project_name': 'tempest-HostsAdminTestJSON-2017749863', 'tenant_id': '63f2d25f4e2c4a55a216decaef958c2f', 'tenant_name': 'tempest-HostsAdminTestJSON-2017749863', 'user_domain_id': 'default', 'user_domain_name': 'Default', 'user_id': '89099f071c77439f81f68fb0d1346d74', 'system': None}, Network: None, Subnet: None, Router: None
2025-11-25 21:38:30.599 66951 INFO tempest.lib.common.dynamic_creds [-] Created isolated network resources for: credentials: Credentials: {'domain_id': 'default', 'domain_name': 'Default', 'username': 'tempest-HostsAdminTestJSON-2017749863-project-admin', 'project_domain_id': 'default', 'project_domain_name': 'Default', 'project_id': '63f2d25f4e2c4a55a216decaef958c2f', 'project_name': 'tempest-HostsAdminTestJSON-2017749863', 'tenant_id': '63f2d25f4e2c4a55a216decaef958c2f', 'tenant_name': 'tempest-HostsAdminTestJSON-2017749863', 'user_domain_id': 'default', 'user_domain_name': 'Default', 'user_id': '89099f071c77439f81f68fb0d1346d74', 'system': None}, Network: None, Subnet: None, Router: None
2025-11-25 21:38:30.668 66947 INFO tempest.lib.common.rest_client [req-656562fc-a670-4fe1-b608-951a48e006e6 req-656562fc-a670-4fe1-b608-951a48e006e6 ] Request (ServerMetadataNegativeTestJSON:setUpClass): 201 POST http://10.180.1.21/networking/v2.0/subnets 0.179s
2025-11-25 21:38:30.675 66951 INFO tempest.lib.common.rest_client [req-2e831f5a-7730-466f-8568-8b2af6d5bdd5 req-2e831f5a-7730-466f-8568-8b2af6d5bdd5 ] Request (HostsAdminTestJSON:setUpClass): 201 POST http://10.180.1.21/identity/v3/auth/tokens 0.073s
2025-11-25 21:38:30.708 66927 INFO tempest.lib.common.rest_client [req-8ccbbc00-ced6-42e4-bbe4-dbb192ad4fa9 req-8ccbbc00-ced6-42e4-bbe4-dbb192ad4fa9 ] Request (FlavorsExtraSpecsNegativeTestJSON:tearDownClass): 200 GET http://10.180.1.21/networking/v2.0/security-groups?tenant_id=724e364ca82444b98958b4b2e3dd3a43&name=default 0.407s
2025-11-25 21:38:30.738 66955 INFO tempest.lib.common.rest_client [req-ef311d2d-206d-45f0-ab89-b4ed7f743031 req-ef311d2d-206d-45f0-ab89-b4ed7f743031 ] Request (ImagesOneServerNegativeTestJSON:setUpClass): 200 GET http://10.180.1.21/compute/v2.1/servers/09c3f5af-ee51-4777-8439-906517d9b95e 2.411s
2025-11-25 21:38:31.600 66923 INFO tempest.lib.common.rest_client [req-1be1b201-842f-451a-bda0-36e3d70b739d req-1be1b201-842f-451a-bda0-36e3d70b739d ] Request (FloatingIPDetailsTestJSON:tearDownClass): 200 PUT http://10.180.1.21/networking/v2.0/routers/696ae76e-bb3e-45c3-8f12-4b0a638d8bf5/remove_router_interface 1.084s
2025-11-25 21:38:31.617 66947 INFO tempest.lib.common.rest_client [req-27d37d4b-ca0a-409e-91f9-150c18de47f1 req-27d37d4b-ca0a-409e-91f9-150c18de47f1 ] Request (ServerMetadataNegativeTestJSON:setUpClass): 201 POST http://10.180.1.21/networking/v2.0/routers 0.947s
2025-11-25 21:38:31.644 66911 INFO tempest.lib.common.rest_client [req-0f9f90ef-1c58-4866-bff6-61de1a1b8874 req-0f9f90ef-1c58-4866-bff6-61de1a1b8874 ] Request (FloatingIPsAssociationNegativeTestJSON:setUpClass): 200 GET http://10.180.1.21/compute/v2.1/servers/654f346b-b9e5-43cf-aaed-eaaf27de9b9b 3.272s
2025-11-25 21:38:31.677 66931 INFO tempest.lib.common.rest_client [req-b737d250-8f13-47e1-8ba1-bb680ccf19b9 req-b737d250-8f13-47e1-8ba1-bb680ccf19b9 ] Request (ImagesTestJSON:test_create_image_from_stopped_server): 200 GET http://10.180.1.21/compute/v2.1/servers/a0a101d8-3f14-4382-8d15-fbf5a8d0969e 3.312s
2025-11-25 21:38:31.690 66931 INFO tempest.common.waiters [-] State transition "BUILD/spawning" ==> "ACTIVE/None" after 22 second wait
2025-11-25 21:38:31.725 66927 INFO tempest.lib.common.rest_client [req-e874354a-ee02-4f4c-9830-8eff25b499f0 req-e874354a-ee02-4f4c-9830-8eff25b499f0 ] Request (FlavorsExtraSpecsNegativeTestJSON:tearDownClass): 204 DELETE http://10.180.1.21/networking/v2.0/security-groups/40277497-2010-441f-ab62-41b4bb7d595d 1.016s
2025-11-25 21:38:31.799 66929 INFO tempest.lib.common.rest_client [req-e590edeb-8e03-4661-a14e-3a32f1d2ee94 req-e590edeb-8e03-4661-a14e-3a32f1d2ee94 ] Request (QuotasAdminTestJSON:test_get_default_quotas): 200 GET http://10.180.1.21/compute/v2.1/os-quota-sets/7df1409cd41541c999dc4ca994c19c84/defaults 3.214s
2025-11-25 21:38:31.833 66929 INFO tempest.lib.common.rest_client [req-0c87bfaa-6b02-43b8-8fc4-d58a81fe4976 req-0c87bfaa-6b02-43b8-8fc4-d58a81fe4976 ] Request (QuotasAdminTestJSON:test_get_updated_quotas): 200 GET http://10.180.1.21/identity/v3/domains?name=Default 0.028s
2025-11-25 21:38:31.860 66927 INFO tempest.lib.common.rest_client [req-970ec52c-e215-4ff5-a1f2-cdae0ed5f214 req-970ec52c-e215-4ff5-a1f2-cdae0ed5f214 ] Request (FlavorsExtraSpecsNegativeTestJSON:tearDownClass): 204 DELETE http://10.180.1.21/identity/v3/projects/724e364ca82444b98958b4b2e3dd3a43 0.133s
2025-11-25 21:38:31.861 66927 INFO tempest.lib.common.dynamic_creds [-] Deleting project and security group for project: d6ca6b26b7f4475d8f7f34220a3b897c
2025-11-25 21:38:31.902 66929 INFO tempest.lib.common.rest_client [req-fe613fec-5b3b-40b8-9496-f5b3ac4dd507 req-fe613fec-5b3b-40b8-9496-f5b3ac4dd507 ] Request (QuotasAdminTestJSON:test_get_updated_quotas): 201 POST http://10.180.1.21/identity/v3/projects 0.068s
2025-11-25 21:38:31.978 66929 INFO tempest.lib.common.rest_client [req-08fd9a9b-8be1-465b-866a-3070bc0a21f7 req-08fd9a9b-8be1-465b-866a-3070bc0a21f7 ] Request (QuotasAdminTestJSON:test_get_updated_quotas): 200 GET http://10.180.1.21/identity/v3/domains?name=Default 0.075s
2025-11-25 21:38:32.498 66923 INFO tempest.lib.common.rest_client [req-ea071c24-e2bd-4435-aff0-f98d6f195831 req-ea071c24-e2bd-4435-aff0-f98d6f195831 ] Request (FloatingIPDetailsTestJSON:tearDownClass): 204 DELETE http://10.180.1.21/networking/v2.0/routers/696ae76e-bb3e-45c3-8f12-4b0a638d8bf5 0.897s
2025-11-25 21:38:32.637 66947 INFO tempest.lib.common.rest_client [req-8e7aabc8-50e4-4842-9e29-835053b920c9 req-8e7aabc8-50e4-4842-9e29-835053b920c9 ] Request (ServerMetadataNegativeTestJSON:setUpClass): 200 PUT http://10.180.1.21/networking/v2.0/routers/d992d7da-7b82-450c-b7ca-38a4e2278b38/add_router_interface 1.020s
2025-11-25 21:38:32.637 66947 INFO tempest.lib.common.dynamic_creds [-] Created isolated network resources for: credentials: Credentials: {'domain_id': 'default', 'domain_name': 'Default', 'username': 'tempest-ServerMetadataNegativeTestJSON-2013698452-project-member', 'project_domain_id': 'default', 'project_domain_name': 'Default', 'project_id': '9d48606048944d70b533e6c18d112f77', 'project_name': 'tempest-ServerMetadataNegativeTestJSON-2013698452', 'tenant_id': '9d48606048944d70b533e6c18d112f77', 'tenant_name': 'tempest-ServerMetadataNegativeTestJSON-2013698452', 'user_domain_id': 'default', 'user_domain_name': 'Default', 'user_id': '11dff45dcff441459b9626b4699359c8', 'system': None}, Network: {'id': 'd4c4751e-b6b3-4d57-a482-d609975481e0', 'name': 'tempest-ServerMetadataNegativeTestJSON-532562054-network', 'tenant_id': '9d48606048944d70b533e6c18d112f77', 'project_id': '9d48606048944d70b533e6c18d112f77', 'admin_state_up': True, 'mtu': 8950, 'status': 'ACTIVE', 'subnets': [], 'shared': False, 'port_security_enabled': True, 'router:external': False, 'provider:network_type': 'vlan', 'provider:physical_network': 'default', 'provider:segmentation_id': 295, 'availability_zone_hints': [], 'availability_zones': [], 'ipv4_address_scope': None, 'ipv6_address_scope': None, 'description': '', 'tags': [], 'created_at': '2025-11-25T21:38:30Z', 'updated_at': '2025-11-25T21:38:30Z', 'revision_number': 1}, Subnet: {'id': '7f7648d9-18fb-4c9f-b9ad-b3701fc01731', 'name': 'tempest-ServerMetadataNegativeTestJSON-532562054-subnet', 'tenant_id': '9d48606048944d70b533e6c18d112f77', 'network_id': 'd4c4751e-b6b3-4d57-a482-d609975481e0', 'ip_version': 4, 'subnetpool_id': None, 'enable_dhcp': True, 'ipv6_ra_mode': None, 'ipv6_address_mode': None, 'gateway_ip': '192.168.128.1', 'cidr': '192.168.128.0/28', 'allocation_pools': [{'start': '192.168.128.2', 'end': '192.168.128.14'}], 'host_routes': [], 'dns_nameservers': [], 'description': '', 'router:external': False, 'service_types': [], 'tags': [], 'created_at': '2025-11-25T21:38:30Z', 'updated_at': '2025-11-25T21:38:30Z', 'revision_number': 0, 'project_id': '9d48606048944d70b533e6c18d112f77'}, Router: {'id': 'd992d7da-7b82-450c-b7ca-38a4e2278b38', 'name': 'tempest-ServerMetadataNegativeTestJSON-532562054-router', 'tenant_id': '9d48606048944d70b533e6c18d112f77', 'admin_state_up': True, 'status': 'ACTIVE', 'external_gateway_info': {'network_id': '9a77743a-49c6-41dd-aadb-c8ace2847254', 'external_fixed_ips': [{'subnet_id': '33cabf04-ecad-4bec-9dd8-96d38615e4cc', 'ip_address': '10.180.180.164'}], 'enable_snat': True}, 'description': '', 'availability_zones': [], 'distributed': False, 'ha': False, 'availability_zone_hints': [], 'routes': [], 'flavor_id': None, 'tags': [], 'created_at': '2025-11-25T21:38:30Z', 'updated_at': '2025-11-25T21:38:31Z', 'revision_number': 2, 'project_id': '9d48606048944d70b533e6c18d112f77'}
2025-11-25 21:38:32.682 66941 INFO tempest.lib.common.rest_client [req-2f8672df-4c30-45bc-8fa2-12df9094e601 req-2f8672df-4c30-45bc-8fa2-12df9094e601 ] Request (SecurityGroupRulesTestJSON:test_security_group_rules_delete_when_peer_group_deleted): 200 POST http://10.180.1.21/compute/v2.1/os-security-groups 4.066s
2025-11-25 21:38:32.761 66947 INFO tempest.lib.common.rest_client [req-9878f1a3-7975-4b29-8e06-0a27fc63ae92 req-9878f1a3-7975-4b29-8e06-0a27fc63ae92 ] Request (ServerMetadataNegativeTestJSON:setUpClass): 201 POST http://10.180.1.21/identity/v3/auth/tokens 0.120s
2025-11-25 21:38:32.762 66947 WARNING tempest.lib.common.rest_client [-] Deprecated: "tenant_id" property is deprecated for removal, use "project_id" instead
2025-11-25 21:38:32.769 66927 INFO tempest.lib.common.rest_client [req-837e54ed-1130-4980-8087-28763808b5c4 req-837e54ed-1130-4980-8087-28763808b5c4 ] Request (FlavorsExtraSpecsNegativeTestJSON:tearDownClass): 200 GET http://10.180.1.21/networking/v2.0/security-groups?tenant_id=d6ca6b26b7f4475d8f7f34220a3b897c&name=default 0.908s
2025-11-25 21:38:32.798 66947 INFO tempest.lib.common.rest_client [req-84e153f2-b89a-42ae-852c-5beea1d8913d req-84e153f2-b89a-42ae-852c-5beea1d8913d ] Request (ServerMetadataNegativeTestJSON:setUpClass): 201 POST http://10.180.1.21/identity/v3/auth/tokens 0.033s
2025-11-25 21:38:32.798 66947 INFO tempest.lib.common.fixed_network [-] (ServerMetadataNegativeTestJSON:setUpClass) Found network {'id': 'd4c4751e-b6b3-4d57-a482-d609975481e0', 'name': 'tempest-ServerMetadataNegativeTestJSON-532562054-network', 'tenant_id': '9d48606048944d70b533e6c18d112f77', 'project_id': '9d48606048944d70b533e6c18d112f77', 'admin_state_up': True, 'mtu': 8950, 'status': 'ACTIVE', 'subnets': [], 'shared': False, 'port_security_enabled': True, 'router:external': False, 'provider:network_type': 'vlan', 'provider:physical_network': 'default', 'provider:segmentation_id': 295, 'availability_zone_hints': [], 'availability_zones': [], 'ipv4_address_scope': None, 'ipv6_address_scope': None, 'description': '', 'tags': [], 'created_at': '2025-11-25T21:38:30Z', 'updated_at': '2025-11-25T21:38:30Z', 'revision_number': 1} available for tenant
2025-11-25 21:38:32.813 66921 INFO tempest.lib.common.rest_client [req-101c0856-a13c-4c95-a4ca-3d7f440da15d req-101c0856-a13c-4c95-a4ca-3d7f440da15d ] Request (InstanceActionsTestJSON:setUpClass): 200 GET http://10.180.1.21/compute/v2.1/servers/e29672a5-aa34-4014-92bf-23e98fae7c62 4.221s
2025-11-25 21:38:32.828 66959 INFO tempest.lib.common.rest_client [req-4ccf0330-78f4-48d1-a076-414858db5112 req-4ccf0330-78f4-48d1-a076-414858db5112 ] Request (ServerDiagnosticsV248Test:test_get_server_diagnostics): 200 GET http://10.180.1.21/compute/v2.1/servers/9e640f4b-2d28-40d2-83f7-f1de2641dcb8 4.113s
2025-11-25 21:38:32.837 66959 INFO tempest.common.waiters [-] State transition "BUILD/spawning" ==> "ACTIVE/None" after 21 second wait
2025-11-25 21:38:32.865 66923 INFO tempest.lib.common.rest_client [req-650147f8-5611-48e1-9e3d-994f2a9cd90c req-650147f8-5611-48e1-9e3d-994f2a9cd90c ] Request (FloatingIPDetailsTestJSON:tearDownClass): 204 DELETE http://10.180.1.21/networking/v2.0/subnets/2e4c7fdb-bd21-42a6-8fc5-fcde2c6b1074 0.367s
2025-11-25 21:38:32.892 66907 INFO tempest.lib.common.rest_client [req-ea14ae2a-031c-4424-bb9d-b2d904fc8bbb req-ea14ae2a-031c-4424-bb9d-b2d904fc8bbb ] Request (ServersWithSpecificFlavorTestJSON:test_verify_created_server_ephemeral_disk): 200 GET http://10.180.1.21/compute/v2.1/servers/b9104aad-2a9f-48c9-a000-10e98ac7c09e 3.155s
2025-11-25 21:38:32.907 66927 INFO tempest.lib.common.rest_client [req-4bc1ab1f-1a30-4fa0-8ea9-37b3601e5877 req-4bc1ab1f-1a30-4fa0-8ea9-37b3601e5877 ] Request (FlavorsExtraSpecsNegativeTestJSON:tearDownClass): 204 DELETE http://10.180.1.21/networking/v2.0/security-groups/28c5a794-2a82-4ec8-ab77-71255754b7c2 0.138s
2025-11-25 21:38:32.922 66934 INFO tempest.lib.common.rest_client [req-c4921730-da33-4958-895d-e876c6f8373c req-c4921730-da33-4958-895d-e876c6f8373c ] Request (FlavorsExtraSpecsTestJSON:tearDownClass): 202 DELETE http://10.180.1.21/compute/v2.1/flavors/895211002 3.175s
2025-11-25 21:38:33.016 66939 INFO tempest.lib.common.rest_client [req-2124adfe-efe2-4a3d-bbbf-a5c6be17a0d5 req-2124adfe-efe2-4a3d-bbbf-a5c6be17a0d5 ] Request (QuotasAdminNegativeTest:_run_cleanups): 200 PUT http://10.180.1.21/compute/v2.1/os-quota-sets/8ec74d21688b4275afe427a9fd15c796 4.172s
2025-11-25 21:38:33.061 66943 INFO tempest.lib.common.rest_client [req-285f04b4-aa34-48d7-932a-f1299df55229 req-285f04b4-aa34-48d7-932a-f1299df55229 ] Request (AggregatesAdminNegativeTestJSON:_run_cleanups): 200 DELETE http://10.180.1.21/compute/v2.1/os-aggregates/3 3.296s
2025-11-25 21:38:33.065 66927 INFO tempest.lib.common.rest_client [req-3433055c-515d-4a76-9759-ed84de9dd28b req-3433055c-515d-4a76-9759-ed84de9dd28b ] Request (FlavorsExtraSpecsNegativeTestJSON:tearDownClass): 204 DELETE http://10.180.1.21/identity/v3/projects/d6ca6b26b7f4475d8f7f34220a3b897c 0.157s
2025-11-25 21:38:33.159 66927 INFO tempest.lib.common.rest_client [req-9f096e9c-f123-4b20-b0e5-f670167b7c8c req-9f096e9c-f123-4b20-b0e5-f670167b7c8c ] Request (HypervisorAdminUnderV252Test:setUpClass): 201 POST http://10.180.1.21/identity/v3/auth/tokens 0.092s
2025-11-25 21:38:33.161 66961 INFO tempest.lib.common.rest_client [req-25e990c3-51f6-4f9c-9495-6a2651a2cd8c req-25e990c3-51f6-4f9c-9495-6a2651a2cd8c ] Request (DeleteServersAdminTestJSON:test_admin_delete_servers_of_others): 200 GET http://10.180.1.21/compute/v2.1/servers/34219aee-3832-4bc1-a38c-7a521db25b72 3.359s
2025-11-25 21:38:33.169 66961 INFO tempest.common.waiters [-] State transition "ACTIVE/deleting" ==> "DELETED/None" after 5 second wait
2025-11-25 21:38:33.216 66927 INFO tempest.lib.common.rest_client [req-a7356dca-8ac1-43ca-96a5-5fe5dd9cd214 req-a7356dca-8ac1-43ca-96a5-5fe5dd9cd214 ] Request (HypervisorAdminUnderV252Test:setUpClass): 201 POST http://10.180.1.21/identity/v3/auth/tokens 0.053s
2025-11-25 21:38:33.225 66923 INFO tempest.lib.common.rest_client [req-5b8b6ff5-e2c3-4e03-a149-81a99ed94714 req-5b8b6ff5-e2c3-4e03-a149-81a99ed94714 ] Request (FloatingIPDetailsTestJSON:tearDownClass): 204 DELETE http://10.180.1.21/networking/v2.0/networks/8912dda1-bc91-4d7d-a91f-0e4ea4317410 0.359s
2025-11-25 21:38:33.253 66927 INFO tempest.lib.common.rest_client [req-bd3403e0-dfeb-45d1-95b1-f7cb248371b7 req-bd3403e0-dfeb-45d1-95b1-f7cb248371b7 ] Request (HypervisorAdminUnderV252Test:setUpClass): 200 GET http://10.180.1.21/identity/v3/domains?name=Default 0.037s
2025-11-25 21:38:33.354 66945 INFO tempest.lib.common.rest_client [req-4666d1b7-73af-4940-96cc-a119f337cd0d req-4666d1b7-73af-4940-96cc-a119f337cd0d ] Request (FlavorsAccessNegativeTestJSON:test_flavor_non_admin_add): 403 POST http://10.180.1.21/compute/v2.1/flavors/477967060/action 3.479s
2025-11-25 21:38:33.383 66925 INFO tempest.lib.common.rest_client [req-ffa5cf78-eba8-41d0-81d3-71846eba451c req-ffa5cf78-eba8-41d0-81d3-71846eba451c ] Request (KeyPairsV2TestJSON:_run_cleanups): 202 DELETE http://10.180.1.21/compute/v2.1/os-keypairs/tempest-KeyPairsV2TestJSON-keypair-1813962795 3.491s
2025-11-25 21:38:33.407 66923 INFO tempest.lib.common.rest_client [req-4272487d-6384-433c-833b-cb9d252a222d req-4272487d-6384-433c-833b-cb9d252a222d ] Request (FloatingIPDetailsTestJSON:tearDownClass): 204 DELETE http://10.180.1.21/identity/v3/users/80882428200b4355a7afc65ec97eda58 0.180s
2025-11-25 21:38:33.408 66923 INFO tempest.lib.common.dynamic_creds [-] Deleting project and security group for project: 9667a021df6f4c7d9dfed693c9ae1cdb
2025-11-25 21:38:33.415 66937 INFO tempest.lib.common.rest_client [req-d010c87b-a64a-4822-ae35-7cfce2118246 req-d010c87b-a64a-4822-ae35-7cfce2118246 ] Request (FloatingIPsAssociationTestJSON:test_associate_already_associated_floating_ip): 202 POST http://10.180.1.21/compute/v2.1/servers 3.658s
2025-11-25 21:38:33.443 66927 INFO tempest.lib.common.rest_client [req-2e1932f9-f3f8-41a5-8ab8-9a66081f55e7 req-2e1932f9-f3f8-41a5-8ab8-9a66081f55e7 ] Request (HypervisorAdminUnderV252Test:setUpClass): 201 POST http://10.180.1.21/identity/v3/projects 0.190s
2025-11-25 21:38:33.452 66915 INFO tempest.lib.common.rest_client [req-27f2ea99-d356-4520-b697-9f7de053ac2f req-27f2ea99-d356-4520-b697-9f7de053ac2f ] Request (ServicesAdminNegativeV253TestJSON:test_get_service_with_valid_service_and_invalid_host): 200 GET http://10.180.1.21/compute/v2.1/os-services 3.492s
2025-11-25 21:38:33.454 66923 INFO tempest.lib.common.rest_client [req-66b66c92-1673-491c-bc48-298dd111eb1c req-66b66c92-1673-491c-bc48-298dd111eb1c ] Request (FloatingIPDetailsTestJSON:tearDownClass): 200 GET http://10.180.1.21/networking/v2.0/security-groups?tenant_id=9667a021df6f4c7d9dfed693c9ae1cdb&name=default 0.046s
2025-11-25 21:38:33.485 66905 INFO tempest.lib.common.rest_client [req-142f49d4-ead1-4efc-9c50-726c2cdf5949 req-142f49d4-ead1-4efc-9c50-726c2cdf5949 ] Request (FlavorsAdminTestJSON:_run_cleanups): 200 GET http://10.180.1.21/compute/v2.1/flavors/detail 3.503s
2025-11-25 21:38:33.493 66909 INFO tempest.lib.common.rest_client [req-90aa01df-5dfb-4bea-a1a4-57437b5a8f7e req-90aa01df-5dfb-4bea-a1a4-57437b5a8f7e ] Request (ListImageFiltersTestJSON:setUpClass): 200 GET http://10.180.1.21/compute/v2.1/servers/6adcf2c5-0ce0-4990-ae95-aa1a0dd5464f 3.592s
2025-11-25 21:38:33.510 66913 INFO tempest.lib.common.rest_client [req-24990c3c-3cbf-4bbd-b69e-f226c347020a req-24990c3c-3cbf-4bbd-b69e-f226c347020a ] Request (FlavorsV2TestJSON:test_list_flavors_detailed_filter_by_min_disk): 200 GET http://10.180.1.21/compute/v2.1/flavors/detail?minDisk=2 3.382s
2025-11-25 21:38:33.564 66958 INFO tempest.lib.common.rest_client [req-69b5bad6-3b08-4627-9ba5-99ac9582f607 req-69b5bad6-3b08-4627-9ba5-99ac9582f607 ] Request (ImagesOneServerTestJSON:test_create_delete_image): 200 GET http://10.180.1.21/compute/v2.1/images/e37e76b2-793a-4aa3-bd62-a21fba5a2a49 2.829s
2025-11-25 21:38:33.600 66923 INFO tempest.lib.common.rest_client [req-28468f33-4d5d-4808-b0a8-8928f8f4e9e0 req-28468f33-4d5d-4808-b0a8-8928f8f4e9e0 ] Request (FloatingIPDetailsTestJSON:tearDownClass): 204 DELETE http://10.180.1.21/networking/v2.0/security-groups/ebffa98f-6c31-4cb9-83b6-6e6eded381b7 0.145s
2025-11-25 21:38:33.605 66927 INFO tempest.lib.common.rest_client [req-f7ce6f87-cc75-4d0d-9228-f945de5d1258 req-f7ce6f87-cc75-4d0d-9228-f945de5d1258 ] Request (HypervisorAdminUnderV252Test:setUpClass): 201 POST http://10.180.1.21/identity/v3/users 0.160s
2025-11-25 21:38:33.654 66927 INFO tempest.lib.common.rest_client [req-066d89a2-5a24-4ba0-85a3-aa15dc3f0438 req-066d89a2-5a24-4ba0-85a3-aa15dc3f0438 ] Request (HypervisorAdminUnderV252Test:setUpClass): 200 GET http://10.180.1.21/identity/v3/roles 0.048s
2025-11-25 21:38:33.661 66935 INFO tempest.lib.common.rest_client [req-537f9aec-620e-45cf-8bf8-6f8e838902a2 req-537f9aec-620e-45cf-8bf8-6f8e838902a2 ] Request (ServersListShow296Test:test_list_show_update_rebuild_server_296): 200 GET http://10.180.1.21/compute/v2.1/servers/1aabc097-1cd5-4a2f-9075-ccd916d76790 2.795s
2025-11-25 21:38:33.668 66951 INFO tempest.lib.common.rest_client [req-12575594-adbb-4957-b44c-3e3d5ec75949 req-12575594-adbb-4957-b44c-3e3d5ec75949 ] Request (HostsAdminTestJSON:test_list_hosts): 200 GET http://10.180.1.21/compute/v2.1/os-hosts 2.992s
2025-11-25 21:38:33.672 66935 INFO tempest.common.waiters [-] State transition "BUILD/None" ==> "BUILD/spawning" after 17 second wait
2025-11-25 21:38:33.701 66923 INFO tempest.lib.common.rest_client [req-2d2a7df9-53c0-4514-84b7-9b1da2e71fe6 req-2d2a7df9-53c0-4514-84b7-9b1da2e71fe6 ] Request (FloatingIPDetailsTestJSON:tearDownClass): 204 DELETE http://10.180.1.21/identity/v3/projects/9667a021df6f4c7d9dfed693c9ae1cdb 0.101s
2025-11-25 21:38:33.729 66927 INFO tempest.lib.common.rest_client [req-8e1e8c7f-e41d-4a6a-859b-4c157e48397f req-8e1e8c7f-e41d-4a6a-859b-4c157e48397f ] Request (HypervisorAdminUnderV252Test:setUpClass): 204 PUT http://10.180.1.21/identity/v3/projects/190f70ca3c764bdaa11fc28d81d53a62/users/a810f96160c14fc3a430661447859d80/roles/6f0716056b4948dc8e1e6997044e220f 0.074s
2025-11-25 21:38:33.729 66927 INFO tempest.lib.common.dynamic_creds [-] Dynamic test user a810f96160c14fc3a430661447859d80 is created with scope project and roles: ['member']
2025-11-25 21:38:33.729 66927 INFO tempest.lib.common.dynamic_creds [-] Acquired dynamic creds: credentials: Credentials: {'domain_id': 'default', 'domain_name': 'Default', 'username': 'tempest-HypervisorAdminUnderV252Test-1236054434-project-member', 'project_domain_id': 'default', 'project_domain_name': 'Default', 'project_id': '190f70ca3c764bdaa11fc28d81d53a62', 'project_name': 'tempest-HypervisorAdminUnderV252Test-1236054434', 'tenant_id': '190f70ca3c764bdaa11fc28d81d53a62', 'tenant_name': 'tempest-HypervisorAdminUnderV252Test-1236054434', 'user_domain_id': 'default', 'user_domain_name': 'Default', 'user_id': 'a810f96160c14fc3a430661447859d80', 'system': None}, Network: None, Subnet: None, Router: None
2025-11-25 21:38:33.729 66927 INFO tempest.lib.common.dynamic_creds [-] Created isolated network resources for: credentials: Credentials: {'domain_id': 'default', 'domain_name': 'Default', 'username': 'tempest-HypervisorAdminUnderV252Test-1236054434-project-member', 'project_domain_id': 'default', 'project_domain_name': 'Default', 'project_id': '190f70ca3c764bdaa11fc28d81d53a62', 'project_name': 'tempest-HypervisorAdminUnderV252Test-1236054434', 'tenant_id': '190f70ca3c764bdaa11fc28d81d53a62', 'tenant_name': 'tempest-HypervisorAdminUnderV252Test-1236054434', 'user_domain_id': 'default', 'user_domain_name': 'Default', 'user_id': 'a810f96160c14fc3a430661447859d80', 'system': None}, Network: None, Subnet: None, Router: None
2025-11-25 21:38:33.740 66949 INFO tempest.lib.common.rest_client [req-556249c1-8822-4a40-9475-50155d298f10 req-556249c1-8822-4a40-9475-50155d298f10 ] Request (AttachInterfacesV270Test:test_create_get_list_interfaces): 200 GET http://10.180.1.21/compute/v2.1/servers/bfbdc5c4-4ab8-409c-95f3-838cd0addf65 2.618s
2025-11-25 21:38:33.774 66923 INFO tempest.lib.common.rest_client [req-43f7099c-c302-4e97-8eba-d44b2190c5b4 req-43f7099c-c302-4e97-8eba-d44b2190c5b4 ] Request (FloatingIPDetailsNegativeTestJSON:setUpClass): 201 POST http://10.180.1.21/identity/v3/auth/tokens 0.070s
2025-11-25 21:38:33.815 66923 INFO tempest.lib.common.rest_client [req-dac501eb-2bd0-418b-a4a8-5de63e977115 req-dac501eb-2bd0-418b-a4a8-5de63e977115 ] Request (FloatingIPDetailsNegativeTestJSON:setUpClass): 201 POST http://10.180.1.21/identity/v3/auth/tokens 0.038s
2025-11-25 21:38:33.826 66927 INFO tempest.lib.common.rest_client [req-9bbe2e38-b29e-4de2-9257-3cd7f9e0c78c req-9bbe2e38-b29e-4de2-9257-3cd7f9e0c78c ] Request (HypervisorAdminUnderV252Test:setUpClass): 201 POST http://10.180.1.21/identity/v3/auth/tokens 0.092s
2025-11-25 21:38:33.831 66931 INFO tempest.lib.common.rest_client [req-f25bf274-fe98-4a33-b511-2928639ece15 req-f25bf274-fe98-4a33-b511-2928639ece15 ] Request (ImagesTestJSON:test_create_image_from_stopped_server): 202 POST http://10.180.1.21/compute/v2.1/servers/a0a101d8-3f14-4382-8d15-fbf5a8d0969e/action 2.141s
2025-11-25 21:38:33.848 66923 INFO tempest.lib.common.rest_client [req-233e5597-a923-4642-aba9-acfc09d40dec req-233e5597-a923-4642-aba9-acfc09d40dec ] Request (FloatingIPDetailsNegativeTestJSON:setUpClass): 200 GET http://10.180.1.21/identity/v3/domains?name=Default 0.033s
2025-11-25 21:38:33.866 66903 INFO tempest.lib.common.rest_client [req-35444c1d-2650-4603-824f-6d7828334432 req-35444c1d-2650-4603-824f-6d7828334432 ] Request (ServerDiagnosticsNegativeTest:test_get_server_diagnostics_by_non_admin): 200 GET http://10.180.1.21/compute/v2.1/servers/d663ef07-5887-4171-913e-aea55779200e 2.858s
2025-11-25 21:38:33.874 66927 INFO tempest.lib.common.rest_client [req-def94080-0449-48b1-af4d-5a856a78a77c req-def94080-0449-48b1-af4d-5a856a78a77c ] Request (HypervisorAdminUnderV252Test:setUpClass): 201 POST http://10.180.1.21/identity/v3/projects 0.048s
2025-11-25 21:38:33.880 66923 INFO tempest.lib.common.rest_client [req-71a3c77c-0d08-47c1-9b1f-032cdb0aeacb req-71a3c77c-0d08-47c1-9b1f-032cdb0aeacb ] Request (FloatingIPDetailsNegativeTestJSON:setUpClass): 201 POST http://10.180.1.21/identity/v3/projects 0.031s
2025-11-25 21:38:33.966 66923 INFO tempest.lib.common.rest_client [req-fd1b4060-995d-40de-bf9a-ac14a1d5e1e9 req-fd1b4060-995d-40de-bf9a-ac14a1d5e1e9 ] Request (FloatingIPDetailsNegativeTestJSON:setUpClass): 201 POST http://10.180.1.21/identity/v3/users 0.085s
2025-11-25 21:38:33.992 66927 INFO tempest.lib.common.rest_client [req-1cfe9f77-d843-4109-97b4-8a889052373a req-1cfe9f77-d843-4109-97b4-8a889052373a ] Request (HypervisorAdminUnderV252Test:setUpClass): 201 POST http://10.180.1.21/identity/v3/users 0.117s
2025-11-25 21:38:33.999 66923 INFO tempest.lib.common.rest_client [req-3962ec1f-f819-4b2f-b3f6-d00c1c282755 req-3962ec1f-f819-4b2f-b3f6-d00c1c282755 ] Request (FloatingIPDetailsNegativeTestJSON:setUpClass): 200 GET http://10.180.1.21/identity/v3/roles 0.033s
2025-11-25 21:38:34.002 66955 INFO tempest.lib.common.rest_client [req-e2d7cca4-9ab5-44fe-8351-b5a9fdaa4f65 req-e2d7cca4-9ab5-44fe-8351-b5a9fdaa4f65 ] Request (ImagesOneServerNegativeTestJSON:setUpClass): 200 GET http://10.180.1.21/compute/v2.1/servers/09c3f5af-ee51-4777-8439-906517d9b95e 2.256s
2025-11-25 21:38:34.013 66955 INFO tempest.common.waiters [-] State transition "BUILD/spawning" ==> "ACTIVE/None" after 24 second wait
2025-11-25 21:38:34.023 66927 INFO tempest.lib.common.rest_client [req-82c41dcd-4336-4f8f-919f-278ed32e8a80 req-82c41dcd-4336-4f8f-919f-278ed32e8a80 ] Request (HypervisorAdminUnderV252Test:setUpClass): 200 GET http://10.180.1.21/identity/v3/roles 0.030s
2025-11-25 21:38:34.048 66923 INFO tempest.lib.common.rest_client [req-51ff133c-7902-4ac0-8ccd-6940425d7d46 req-51ff133c-7902-4ac0-8ccd-6940425d7d46 ] Request (FloatingIPDetailsNegativeTestJSON:setUpClass): 204 PUT http://10.180.1.21/identity/v3/projects/900662d75a2d4f82a93674218d2ce510/users/fdbd23527ca94efea2c9676e2007817f/roles/6f0716056b4948dc8e1e6997044e220f 0.049s
2025-11-25 21:38:34.049 66923 INFO tempest.lib.common.dynamic_creds [-] Dynamic test user fdbd23527ca94efea2c9676e2007817f is created with scope project and roles: ['member']
2025-11-25 21:38:34.049 66923 INFO tempest.lib.common.dynamic_creds [-] Acquired dynamic creds: credentials: Credentials: {'domain_id': 'default', 'domain_name': 'Default', 'username': 'tempest-FloatingIPDetailsNegativeTestJSON-334843630-project-member', 'project_domain_id': 'default', 'project_domain_name': 'Default', 'project_id': '900662d75a2d4f82a93674218d2ce510', 'project_name': 'tempest-FloatingIPDetailsNegativeTestJSON-334843630', 'tenant_id': '900662d75a2d4f82a93674218d2ce510', 'tenant_name': 'tempest-FloatingIPDetailsNegativeTestJSON-334843630', 'user_domain_id': 'default', 'user_domain_name': 'Default', 'user_id': 'fdbd23527ca94efea2c9676e2007817f', 'system': None}, Network: None, Subnet: None, Router: None
2025-11-25 21:38:34.060 66911 INFO tempest.lib.common.rest_client [req-4ff05ee2-dfe8-4198-9f96-e830fec3aedb req-4ff05ee2-dfe8-4198-9f96-e830fec3aedb ] Request (FloatingIPsAssociationNegativeTestJSON:setUpClass): 200 GET http://10.180.1.21/compute/v2.1/servers/654f346b-b9e5-43cf-aaed-eaaf27de9b9b 1.404s
2025-11-25 21:38:34.126 66927 INFO tempest.lib.common.rest_client [req-0ba8f591-dd91-48a9-a6ae-a0abdb06757b req-0ba8f591-dd91-48a9-a6ae-a0abdb06757b ] Request (HypervisorAdminUnderV252Test:setUpClass): 204 PUT http://10.180.1.21/identity/v3/projects/adddf7e947f246d4b80fd84c674b8319/users/c0e71a068268427380e2dc6f90f84506/roles/526fdef0ffb64a69a49b31ef1aff3062 0.101s
2025-11-25 21:38:34.185 66923 INFO tempest.lib.common.rest_client [req-c0b736ae-3dc2-41fc-800d-ebcfcabd6838 req-c0b736ae-3dc2-41fc-800d-ebcfcabd6838 ] Request (FloatingIPDetailsNegativeTestJSON:setUpClass): 201 POST http://10.180.1.21/identity/v3/auth/tokens 0.135s
2025-11-25 21:38:34.213 66929 INFO tempest.lib.common.rest_client [req-9d1b3d16-6099-42f4-88c3-40d7549b79c7 req-9d1b3d16-6099-42f4-88c3-40d7549b79c7 ] Request (QuotasAdminTestJSON:test_get_updated_quotas): 200 PUT http://10.180.1.21/compute/v2.1/os-quota-sets/35e0ce41bcd14bcebf602c5289878fbb 2.234s
2025-11-25 21:38:34.218 66927 INFO tempest.lib.common.rest_client [req-f41b5636-43a6-4604-8e2a-793e384219b2 req-f41b5636-43a6-4604-8e2a-793e384219b2 ] Request (HypervisorAdminUnderV252Test:setUpClass): 200 GET http://10.180.1.21/identity/v3/roles 0.092s
2025-11-25 21:38:34.244 66941 INFO tempest.lib.common.rest_client [req-c8f526cd-6a23-4e0f-95d0-a52c3632982b req-c8f526cd-6a23-4e0f-95d0-a52c3632982b ] Request (SecurityGroupRulesTestJSON:test_security_group_rules_delete_when_peer_group_deleted): 200 POST http://10.180.1.21/compute/v2.1/os-security-group-rules 1.557s
2025-11-25 21:38:34.268 66927 INFO tempest.lib.common.rest_client [req-63b6f28b-d743-428e-9aab-04e6e28c6ffc req-63b6f28b-d743-428e-9aab-04e6e28c6ffc ] Request (HypervisorAdminUnderV252Test:setUpClass): 204 PUT http://10.180.1.21/identity/v3/projects/adddf7e947f246d4b80fd84c674b8319/users/c0e71a068268427380e2dc6f90f84506/roles/526fdef0ffb64a69a49b31ef1aff3062 0.049s
2025-11-25 21:38:34.269 66927 INFO tempest.lib.common.dynamic_creds [-] Dynamic test user c0e71a068268427380e2dc6f90f84506 is created with scope project and roles: ['admin']
2025-11-25 21:38:34.269 66927 INFO tempest.lib.common.dynamic_creds [-] Acquired dynamic creds: credentials: Credentials: {'domain_id': 'default', 'domain_name': 'Default', 'username': 'tempest-HypervisorAdminUnderV252Test-1655701948-project-admin', 'project_domain_id': 'default', 'project_domain_name': 'Default', 'project_id': 'adddf7e947f246d4b80fd84c674b8319', 'project_name': 'tempest-HypervisorAdminUnderV252Test-1655701948', 'tenant_id': 'adddf7e947f246d4b80fd84c674b8319', 'tenant_name': 'tempest-HypervisorAdminUnderV252Test-1655701948', 'user_domain_id': 'default', 'user_domain_name': 'Default', 'user_id': 'c0e71a068268427380e2dc6f90f84506', 'system': None}, Network: None, Subnet: None, Router: None
2025-11-25 21:38:34.269 66927 INFO tempest.lib.common.dynamic_creds [-] Created isolated network resources for: credentials: Credentials: {'domain_id': 'default', 'domain_name': 'Default', 'username': 'tempest-HypervisorAdminUnderV252Test-1655701948-project-admin', 'project_domain_id': 'default', 'project_domain_name': 'Default', 'project_id': 'adddf7e947f246d4b80fd84c674b8319', 'project_name': 'tempest-HypervisorAdminUnderV252Test-1655701948', 'tenant_id': 'adddf7e947f246d4b80fd84c674b8319', 'tenant_name': 'tempest-HypervisorAdminUnderV252Test-1655701948', 'user_domain_id': 'default', 'user_domain_name': 'Default', 'user_id': 'c0e71a068268427380e2dc6f90f84506', 'system': None}, Network: None, Subnet: None, Router: None
2025-11-25 21:38:34.480 66927 INFO tempest.lib.common.rest_client [req-cec2997c-019f-4a12-b9c7-0231c3e7dd02 req-cec2997c-019f-4a12-b9c7-0231c3e7dd02 ] Request (HypervisorAdminUnderV252Test:setUpClass): 201 POST http://10.180.1.21/identity/v3/auth/tokens 0.206s
2025-11-25 21:38:34.501 66923 INFO tempest.lib.common.rest_client [req-722d57bf-f3e1-4d01-bfcf-a8f60fb9b617 req-722d57bf-f3e1-4d01-bfcf-a8f60fb9b617 ] Request (FloatingIPDetailsNegativeTestJSON:setUpClass): 201 POST http://10.180.1.21/networking/v2.0/networks 0.315s
2025-11-25 21:38:34.729 66923 INFO tempest.lib.common.rest_client [req-c19e886a-fcc5-417b-90cb-06223086795d req-c19e886a-fcc5-417b-90cb-06223086795d ] Request (FloatingIPDetailsNegativeTestJSON:setUpClass): 201 POST http://10.180.1.21/networking/v2.0/subnets 0.227s
2025-11-25 21:38:34.976 66959 INFO tempest.lib.common.rest_client [req-42481dee-5642-46f1-9739-402397f07020 req-42481dee-5642-46f1-9739-402397f07020 ] Request (ServerDiagnosticsV248Test:test_get_server_diagnostics): 200 GET http://10.180.1.21/compute/v2.1/servers/9e640f4b-2d28-40d2-83f7-f1de2641dcb8/diagnostics 2.139s
2025-11-25 21:38:35.004 66934 INFO tempest.lib.common.rest_client [req-8257b20d-f571-46a4-9b4d-8f397b128553 req-8257b20d-f571-46a4-9b4d-8f397b128553 ] Request (FlavorsExtraSpecsTestJSON:tearDownClass): 200 GET http://10.180.1.21/compute/v2.1/flavors/detail 2.082s
2025-11-25 21:38:35.014 66939 INFO tempest.lib.common.rest_client [req-f2f65c2a-c170-4a72-a9f5-42cef973a938 req-f2f65c2a-c170-4a72-a9f5-42cef973a938 ] Request (QuotasAdminNegativeTest:test_update_quota_normal_user): 403 PUT http://10.180.1.21/compute/v2.1/os-quota-sets/8ec74d21688b4275afe427a9fd15c796 1.995s
2025-11-25 21:38:35.019 66943 INFO tempest.lib.common.rest_client [req-a74f7313-a6f0-435e-8252-649cd3e423c7 req-a74f7313-a6f0-435e-8252-649cd3e423c7 ] Request (AggregatesAdminNegativeTestJSON:test_aggregate_create_aggregate_name_length_exceeds_255): 400 POST http://10.180.1.21/compute/v2.1/os-aggregates 1.957s
2025-11-25 21:38:35.039 66945 INFO tempest.lib.common.rest_client [req-66ff3c8b-b43e-4453-ab6f-91608b23bd7a req-66ff3c8b-b43e-4453-ab6f-91608b23bd7a ] Request (FlavorsAccessNegativeTestJSON:_run_cleanups): 202 DELETE http://10.180.1.21/compute/v2.1/flavors/477967060 1.684s
2025-11-25 21:38:35.058 66925 INFO tempest.lib.common.rest_client [req-d83281ba-3177-4b53-bbee-c0e81363475b req-d83281ba-3177-4b53-bbee-c0e81363475b ] Request (KeyPairsV2TestJSON:_run_cleanups): 202 DELETE http://10.180.1.21/compute/v2.1/os-keypairs/tempest-KeyPairsV2TestJSON-keypair-1166965857 1.675s
2025-11-25 21:38:35.156 66939 INFO tempest.lib.common.rest_client [req-d3aba290-87f6-4dcb-a6ca-7c6c7319fff8 req-d3aba290-87f6-4dcb-a6ca-7c6c7319fff8 ] Request (QuotasAdminNegativeTest:tearDownClass): 204 DELETE http://10.180.1.21/identity/v3/users/d5a070c0fe4046f5ae6854e3c542a656 0.140s
2025-11-25 21:38:35.165 66934 INFO tempest.lib.common.rest_client [req-b6e647a0-bf51-4f73-8329-c0393184a484 req-b6e647a0-bf51-4f73-8329-c0393184a484 ] Request (FlavorsExtraSpecsTestJSON:tearDownClass): 204 DELETE http://10.180.1.21/identity/v3/users/b412aee88e8e46e380cf6be7c413efa6 0.155s
2025-11-25 21:38:35.324 66939 INFO tempest.lib.common.rest_client [req-d47c66e3-d704-426d-b4a8-b42c17411523 req-d47c66e3-d704-426d-b4a8-b42c17411523 ] Request (QuotasAdminNegativeTest:tearDownClass): 204 DELETE http://10.180.1.21/identity/v3/users/f206aa410df14b589ba60be4b4d68f16 0.167s
2025-11-25 21:38:35.324 66939 INFO tempest.lib.common.dynamic_creds [-] Deleting project and security group for project: 9c470b6466684fef9caabc44d3136410
2025-11-25 21:38:35.324 66934 INFO tempest.lib.common.rest_client [req-55b8790f-91c0-486f-a8ad-8e412af9d1c9 req-55b8790f-91c0-486f-a8ad-8e412af9d1c9 ] Request (FlavorsExtraSpecsTestJSON:tearDownClass): 204 DELETE http://10.180.1.21/identity/v3/users/3b3acbc874ac4ef19796f5a2391eda62 0.159s
2025-11-25 21:38:35.325 66934 INFO tempest.lib.common.dynamic_creds [-] Deleting project and security group for project: e72f1c01f74c4a2e96b2d59d1afdd08f
2025-11-25 21:38:35.404 66934 INFO tempest.lib.common.rest_client [req-d9ffc0dc-316e-4d97-a948-d72957f99c8e req-d9ffc0dc-316e-4d97-a948-d72957f99c8e ] Request (FlavorsExtraSpecsTestJSON:tearDownClass): 201 POST http://10.180.1.21/identity/v3/auth/tokens 0.079s
2025-11-25 21:38:35.410 66939 INFO tempest.lib.common.rest_client [req-5813bb9d-eb77-40cc-b282-88b99a4f22c5 req-5813bb9d-eb77-40cc-b282-88b99a4f22c5 ] Request (QuotasAdminNegativeTest:tearDownClass): 201 POST http://10.180.1.21/identity/v3/auth/tokens 0.085s
2025-11-25 21:38:35.550 66923 INFO tempest.lib.common.rest_client [req-b8f9aa1a-edf0-4913-b219-927cc8f7e2f0 req-b8f9aa1a-edf0-4913-b219-927cc8f7e2f0 ] Request (FloatingIPDetailsNegativeTestJSON:setUpClass): 201 POST http://10.180.1.21/networking/v2.0/routers 0.820s
2025-11-25 21:38:35.644 66937 INFO tempest.lib.common.rest_client [req-75a3985e-4912-4a17-aa44-a61d55f2bad9 req-75a3985e-4912-4a17-aa44-a61d55f2bad9 ] Request (FloatingIPsAssociationTestJSON:test_associate_already_associated_floating_ip): 200 GET http://10.180.1.21/compute/v2.1/servers/eea4cb8a-cf06-44c5-b92b-0bdcc1af6c24 2.227s
2025-11-25 21:38:35.665 66915 INFO tempest.lib.common.rest_client [req-db5e3408-c10f-4fb3-9ce5-59f561ca91cd req-db5e3408-c10f-4fb3-9ce5-59f561ca91cd ] Request (ServicesAdminNegativeV253TestJSON:test_get_service_with_valid_service_and_invalid_host): 200 GET http://10.180.1.21/compute/v2.1/os-services?host=xxx&binary=nova-scheduler 2.210s
2025-11-25 21:38:35.683 66905 INFO tempest.lib.common.rest_client [req-720291c6-8482-4dff-9c71-e942c09fe19c req-720291c6-8482-4dff-9c71-e942c09fe19c ] Request (FlavorsAdminTestJSON:test_create_flavor_with_uuid_id): 200 POST http://10.180.1.21/compute/v2.1/flavors 2.186s
2025-11-25 21:38:35.698 66913 INFO tempest.lib.common.rest_client [req-bb3fce08-3863-4262-a12e-198e0956eeed req-bb3fce08-3863-4262-a12e-198e0956eeed ] Request (FlavorsV2TestJSON:test_list_flavors_detailed_filter_by_min_ram): 200 GET http://10.180.1.21/compute/v2.1/flavors/42 2.180s
2025-11-25 21:38:35.719 66951 INFO tempest.lib.common.rest_client [req-75047281-069b-4068-8cc4-84369dcd30d4 req-75047281-069b-4068-8cc4-84369dcd30d4 ] Request (HostsAdminTestJSON:test_list_hosts_with_a_blank_zone): 200 GET http://10.180.1.21/compute/v2.1/os-hosts?zone= 2.045s
2025-11-25 21:38:35.814 66934 INFO tempest.lib.common.rest_client [req-53b528b6-23dc-401b-a15e-fa792d273a70 req-53b528b6-23dc-401b-a15e-fa792d273a70 ] Request (FlavorsExtraSpecsTestJSON:tearDownClass): 200 GET http://10.180.1.21/networking/v2.0/security-groups?tenant_id=e72f1c01f74c4a2e96b2d59d1afdd08f&name=default 0.409s
2025-11-25 21:38:35.934 66939 INFO tempest.lib.common.rest_client [req-b575d08e-c56a-4a1f-a010-18f27dcd5e48 req-b575d08e-c56a-4a1f-a010-18f27dcd5e48 ] Request (QuotasAdminNegativeTest:tearDownClass): 200 GET http://10.180.1.21/networking/v2.0/security-groups?tenant_id=9c470b6466684fef9caabc44d3136410&name=default 0.523s
2025-11-25 21:38:36.773 66947 INFO tempest.lib.common.rest_client [req-16b4e882-7bda-4dd6-be34-c9a4044e6968 req-16b4e882-7bda-4dd6-be34-c9a4044e6968 ] Request (ServerMetadataNegativeTestJSON:setUpClass): 202 POST http://10.180.1.21/compute/v2.1/servers 3.974s
2025-11-25 21:38:36.861 66934 INFO tempest.lib.common.rest_client [req-77b18da7-6bd6-48dc-9d30-a2de5e0ef281 req-77b18da7-6bd6-48dc-9d30-a2de5e0ef281 ] Request (FlavorsExtraSpecsTestJSON:tearDownClass): 204 DELETE http://10.180.1.21/networking/v2.0/security-groups/fe635c04-8393-438e-97a6-05144f02c38c 1.047s
2025-11-25 21:38:36.983 66939 INFO tempest.lib.common.rest_client [req-2bfbedc8-b961-417e-b4f0-4c91cf181256 req-2bfbedc8-b961-417e-b4f0-4c91cf181256 ] Request (QuotasAdminNegativeTest:tearDownClass): 204 DELETE http://10.180.1.21/networking/v2.0/security-groups/b164d0b5-2df9-4879-8ff7-03662f56cfe4 1.049s
2025-11-25 21:38:36.994 66934 INFO tempest.lib.common.rest_client [req-5c1e9d76-b7d9-4193-9c4e-c5ffeb684a1d req-5c1e9d76-b7d9-4193-9c4e-c5ffeb684a1d ] Request (FlavorsExtraSpecsTestJSON:tearDownClass): 204 DELETE http://10.180.1.21/identity/v3/projects/e72f1c01f74c4a2e96b2d59d1afdd08f 0.132s
2025-11-25 21:38:36.995 66934 INFO tempest.lib.common.dynamic_creds [-] Deleting project and security group for project: e5124df10c224c48961cf820b09700e3
2025-11-25 21:38:37.096 66921 INFO tempest.lib.common.rest_client [req-8cd09cc0-2c8e-4428-a72b-706807aff776 req-8cd09cc0-2c8e-4428-a72b-706807aff776 ] Request (InstanceActionsTestJSON:setUpClass): 200 GET http://10.180.1.21/compute/v2.1/servers/e29672a5-aa34-4014-92bf-23e98fae7c62 3.271s
