2025-11-26 08:23:24.916 61808 INFO tempest.lib.common.rest_client [req-407e4149-ba35-44b6-983f-67fb8ddca7ec req-407e4149-ba35-44b6-983f-67fb8ddca7ec ] Request (ServersWithSpecificFlavorTestJSON:test_verify_created_server_ephemeral_disk): 200 GET http://10.180.1.21/compute/v2.1/servers/91def60e-ad74-435f-a006-eb5672928010 1.336s
2025-11-26 08:23:24.940 61846 INFO tempest.lib.common.rest_client [req-fbeb75b7-ced4-4e0c-9bd4-a20ce96a050d req-fbeb75b7-ced4-4e0c-9bd4-a20ce96a050d ] Request (ServerDiagnosticsV248Test:test_get_server_diagnostics): 202 POST http://10.180.1.21/compute/v2.1/servers 1.562s
2025-11-26 08:23:24.969 61830 INFO tempest.lib.common.rest_client [req-cc5d86e8-bc12-4405-a2c7-26f77626372d req-cc5d86e8-bc12-4405-a2c7-26f77626372d ] Request (KeyPairsV22TestJSON:_run_cleanups): 204 DELETE http://10.180.1.21/compute/v2.1/os-keypairs/tempest-keypair-2056638088 0.937s
2025-11-26 08:23:25.011 61806 INFO tempest.lib.common.rest_client [req-45217f68-a81a-46b4-b6b5-fac1a05cc794 req-45217f68-a81a-46b4-b6b5-fac1a05cc794 ] Request (VolumesAdminNegativeTest:test_update_attached_volume_with_nonexistent_volume_in_uri): 200 GET http://10.180.1.21/compute/v2.1/servers/f63a7f37-09ac-4fe8-a1a3-7e13eb158526 1.051s
2025-11-26 08:23:25.105 61812 INFO tempest.lib.common.rest_client [req-27401be2-cb46-412e-8d4e-29dd62b58832 req-27401be2-cb46-412e-8d4e-29dd62b58832 ] Request (MigrationsAdminTest:test_list_migrations_in_flavor_resize_situation): 200 GET http://10.180.1.21/compute/v2.1/servers/8c57d493-12c4-47fe-a355-c9ade98b7158 0.962s
2025-11-26 08:23:25.177 61856 INFO tempest.lib.common.rest_client [req-196d0f8e-3704-490a-9416-62ba4d6152c2 req-196d0f8e-3704-490a-9416-62ba4d6152c2 ] Request (ServerMetadataNegativeTestJSON:setUpClass): 200 GET http://10.180.1.21/compute/v2.1/servers/4c70f154-7d65-4cea-ad90-8626f58b70f5 1.122s
2025-11-26 08:23:25.231 61852 INFO tempest.lib.common.rest_client [req-87970909-086c-4c71-a445-07230ad78f10 req-87970909-086c-4c71-a445-07230ad78f10 ] Request (ServersAdmin275Test:test_rebuild_update_server_275): 200 PUT http://10.180.1.21/compute/v2.1/servers/f42d10b1-6733-4c39-9230-fd41dd82bb20 0.958s
2025-11-26 08:23:25.631 61816 INFO tempest.lib.common.rest_client [req-dfd44404-1fb4-4204-8529-81d6be9893d5 req-dfd44404-1fb4-4204-8529-81d6be9893d5 ] Request (ServersAdminTestJSON:setUpClass): 200 GET http://10.180.1.21/compute/v2.1/servers/a9cca36b-ee0e-42b3-9c26-61c9b0715312 1.301s
2025-11-26 08:23:25.868 61818 INFO tempest.lib.common.rest_client [req-ac8fef3c-12f6-4322-aecf-13203df8ac0c req-ac8fef3c-12f6-4322-aecf-13203df8ac0c ] Request (ServersTestFqdnHostnames:test_create_server_with_fqdn_name): 201 POST http://10.180.1.21:9696/networking/v2.0/floatingips 1.065s
2025-11-26 08:23:25.925 61818 INFO tempest.lib.common.rest_client [req-025f8696-cfe1-4c22-a1a6-c1b6d33a9318 req-025f8696-cfe1-4c22-a1a6-c1b6d33a9318 ] Request (ServersTestFqdnHostnames:test_create_server_with_fqdn_name): 201 POST http://10.180.1.21/identity/v3/auth/tokens 0.049s
2025-11-26 08:23:25.925 61818 INFO tempest.lib.common.fixed_network [-] (ServersTestFqdnHostnames:test_create_server_with_fqdn_name) Found network {'id': 'e90c2350-a808-43ff-a0eb-cb4bf44a6f3d', 'name': 'tempest-ServersTestFqdnHostnames-313586934-network', 'tenant_id': 'f4a8d9448f1841e094467067ccd37220', 'admin_state_up': True, 'mtu': 8950, 'status': 'ACTIVE', 'subnets': [], 'shared': False, 'project_id': 'f4a8d9448f1841e094467067ccd37220', 'port_security_enabled': True, 'router:external': False, 'provider:network_type': 'vlan', 'provider:physical_network': 'default', 'provider:segmentation_id': 165, 'is_default': False, 'availability_zone_hints': [], 'availability_zones': [], 'ipv4_address_scope': None, 'ipv6_address_scope': None, 'description': '', 'tags': [], 'created_at': '2025-11-26T08:23:16Z', 'updated_at': '2025-11-26T08:23:16Z', 'revision_number': 1} available for tenant
2025-11-26 08:23:25.984 61848 INFO tempest.lib.common.rest_client [req-1e9c79b5-0651-4ca7-a7fe-02f52d99afe6 req-1e9c79b5-0651-4ca7-a7fe-02f52d99afe6 ] Request (InstanceActionsNegativeTestJSON:setUpClass): 202 POST http://10.180.1.21/compute/v2.1/servers 1.673s
2025-11-26 08:23:25.998 61862 INFO tempest.lib.common.rest_client [req-03d97247-b91a-45ec-b64c-354764eb41f4 req-03d97247-b91a-45ec-b64c-354764eb41f4 ] Request (AggregatesAdminNegativeTestJSON:test_aggregate_create_as_user): 403 POST http://10.180.1.21/compute/v2.1/os-aggregates 1.569s
2025-11-26 08:23:26.006 61840 INFO tempest.lib.common.rest_client [req-e104d32b-9005-4b9e-b80f-309ac6b10ba9 req-e104d32b-9005-4b9e-b80f-309ac6b10ba9 ] Request (QuotasAdminNegativeTest:test_update_quota_normal_user): 403 PUT http://10.180.1.21/compute/v2.1/os-quota-sets/c4a7ba5e37ca4592a44194f164cf7502 1.525s
2025-11-26 08:23:26.093 61854 INFO tempest.lib.common.rest_client [req-57f55ec7-9579-4763-ab27-887e39836edc req-57f55ec7-9579-4763-ab27-887e39836edc ] Request (ServicesAdminNegativeV253TestJSON:test_list_services_with_non_admin_user): 403 GET http://10.180.1.21/compute/v2.1/os-services 1.585s
2025-11-26 08:23:26.160 61840 INFO tempest.lib.common.rest_client [req-8ead7cb4-4910-484b-95b4-baf064c459ce req-8ead7cb4-4910-484b-95b4-baf064c459ce ] Request (QuotasAdminNegativeTest:tearDownClass): 204 DELETE http://10.180.1.21/identity/v3/users/9cdf41ab1e9746119398d112034400cf 0.153s
2025-11-26 08:23:26.184 61836 INFO tempest.lib.common.rest_client [req-39e776d4-cef2-44d5-8f75-55a047ef9c6f req-39e776d4-cef2-44d5-8f75-55a047ef9c6f ] Request (AttachInterfacesV270Test:test_create_get_list_interfaces): 200 GET http://10.180.1.21/compute/v2.1/servers/9cb4ec1b-e422-491d-8ee9-0103c740ea5b 1.782s
2025-11-26 08:23:26.245 61854 INFO tempest.lib.common.rest_client [req-fd78a9ca-fbc6-4a2d-9475-8c880fb6629f req-fd78a9ca-fbc6-4a2d-9475-8c880fb6629f ] Request (ServicesAdminNegativeV253TestJSON:tearDownClass): 204 DELETE http://10.180.1.21/identity/v3/users/c546ae69114a49088fbcb032883e7a4b 0.151s
2025-11-26 08:23:26.253 61804 INFO tempest.lib.common.rest_client [req-54c44a7a-ac34-484f-8a66-581c5bcfb8af req-54c44a7a-ac34-484f-8a66-581c5bcfb8af ] Request (ServerDiagnosticsTest:test_get_server_diagnostics): 200 GET http://10.180.1.21/compute/v2.1/servers/72dd6ff6-43bb-4b4e-9d3d-7d89ad4d54af 1.586s
2025-11-26 08:23:26.265 61824 INFO tempest.lib.common.rest_client [req-f09650e0-927f-4186-a6a7-8578f654f303 req-f09650e0-927f-4186-a6a7-8578f654f303 ] Request (ListServerFiltersTestJSON:setUpClass): 200 GET http://10.180.1.21/compute/v2.1/servers/549dbec8-1008-4930-8e2d-97cd11cfa45f 1.517s
2025-11-26 08:23:26.287 61866 INFO tempest.lib.common.rest_client [req-8b811b51-8885-481b-adca-cd70ef0f7da1 req-8b811b51-8885-481b-adca-cd70ef0f7da1 ] Request (ImagesMetadataNegativeTestJSON:test_set_nonexistent_image_metadata_item): 404 PUT http://10.180.1.21/compute/v2.1/images/f8220be4-bae5-4152-b23f-2de9ae1f18f1/metadata/os_distro 1.510s
2025-11-26 08:23:26.291 61838 INFO tempest.lib.common.rest_client [req-45afdca8-ea9f-489e-96aa-a6b5d5c720ff req-45afdca8-ea9f-489e-96aa-a6b5d5c720ff ] Request (SecurityGroupsNegativeTestJSON:setUpClass): 200 PUT http://10.180.1.21:9696/networking/v2.0/routers/a033d49d-8337-4d3d-bb17-8e656a0316da/add_router_interface 3.027s
2025-11-26 08:23:26.292 61838 INFO tempest.lib.common.dynamic_creds [-] Created isolated network resources for: credentials: Credentials: {'domain_id': 'default', 'domain_name': 'Default', 'username': 'tempest-SecurityGroupsNegativeTestJSON-1811013101-project-member', 'project_domain_id': 'default', 'project_domain_name': 'Default', 'project_id': '0c47961c55614101afbf80d534bed1e0', 'project_name': 'tempest-SecurityGroupsNegativeTestJSON-1811013101', 'tenant_id': '0c47961c55614101afbf80d534bed1e0', 'tenant_name': 'tempest-SecurityGroupsNegativeTestJSON-1811013101', 'user_domain_id': 'default', 'user_domain_name': 'Default', 'user_id': 'f646f3fe7a9c468cb864fc714ce26858', 'system': None}, Network: {'id': '2f2fcfd5-2ce2-416c-b11c-656e0757b6b9', 'name': 'tempest-SecurityGroupsNegativeTestJSON-435927584-network', 'tenant_id': '0c47961c55614101afbf80d534bed1e0', 'admin_state_up': True, 'mtu': 8950, 'status': 'ACTIVE', 'subnets': [], 'shared': False, 'project_id': '0c47961c55614101afbf80d534bed1e0', 'port_security_enabled': True, 'router:external': False, 'provider:network_type': 'vlan', 'provider:physical_network': 'default', 'provider:segmentation_id': 240, 'is_default': False, 'availability_zone_hints': [], 'availability_zones': [], 'ipv4_address_scope': None, 'ipv6_address_scope': None, 'description': '', 'tags': [], 'created_at': '2025-11-26T08:23:19Z', 'updated_at': '2025-11-26T08:23:19Z', 'revision_number': 1}, Subnet: {'id': 'c234e67b-a915-4f85-bf95-2890c3d7e5f4', 'name': 'tempest-SecurityGroupsNegativeTestJSON-435927584-subnet', 'tenant_id': '0c47961c55614101afbf80d534bed1e0', 'network_id': '2f2fcfd5-2ce2-416c-b11c-656e0757b6b9', 'ip_version': 4, 'subnetpool_id': None, 'enable_dhcp': True, 'ipv6_ra_mode': None, 'ipv6_address_mode': None, 'gateway_ip': '192.168.128.1', 'cidr': '192.168.128.0/28', 'allocation_pools': [{'start': '192.168.128.2', 'end': '192.168.128.14'}], 'host_routes': [], 'dns_nameservers': [], 'description': '', 'service_types': [], 'tags': [], 'created_at': '2025-11-26T08:23:20Z', 'updated_at': '2025-11-26T08:23:20Z', 'revision_number': 0, 'project_id': '0c47961c55614101afbf80d534bed1e0'}, Router: {'id': 'a033d49d-8337-4d3d-bb17-8e656a0316da', 'name': 'tempest-SecurityGroupsNegativeTestJSON-435927584-router', 'tenant_id': '0c47961c55614101afbf80d534bed1e0', 'admin_state_up': True, 'status': 'ACTIVE', 'external_gateway_info': {'network_id': 'edcd5b0a-76e1-4c2e-9486-d341d63d2b1a', 'external_fixed_ips': [{'subnet_id': '919bda5e-7f45-4699-8a9d-b14269324aa3', 'ip_address': '10.180.180.187'}], 'enable_snat': True}, 'description': '', 'availability_zones': [], 'distributed': False, 'ha': False, 'availability_zone_hints': [], 'routes': [], 'flavor_id': None, 'tags': [], 'created_at': '2025-11-26T08:23:20Z', 'updated_at': '2025-11-26T08:23:22Z', 'revision_number': 2, 'project_id': '0c47961c55614101afbf80d534bed1e0'}
2025-11-26 08:23:26.307 61832 INFO tempest.lib.common.rest_client [req-95d1f7c3-ae1b-4474-9a44-2d089c50bca0 req-95d1f7c3-ae1b-4474-9a44-2d089c50bca0 ] Request (FlavorsExtraSpecsTestJSON:tearDownClass): 200 GET http://10.180.1.21/compute/v2.1/flavors/detail 1.505s
2025-11-26 08:23:26.341 61840 INFO tempest.lib.common.rest_client [req-6b2a6977-6435-4d25-9ded-2ce550ac1979 req-6b2a6977-6435-4d25-9ded-2ce550ac1979 ] Request (QuotasAdminNegativeTest:tearDownClass): 204 DELETE http://10.180.1.21/identity/v3/users/c7475e2723eb40b5976321b47ed1b61a 0.180s
2025-11-26 08:23:26.341 61840 INFO tempest.lib.common.dynamic_creds [-] Deleting project and security group for project: a149d792cdb94d32b901499df351bf76
2025-11-26 08:23:26.419 61854 INFO tempest.lib.common.rest_client [req-175be845-3bb9-41f4-9ad3-7f2236a046c7 req-175be845-3bb9-41f4-9ad3-7f2236a046c7 ] Request (ServicesAdminNegativeV253TestJSON:tearDownClass): 204 DELETE http://10.180.1.21/identity/v3/users/56de4a34df1444ce84ec7cb45ba22de6 0.174s
2025-11-26 08:23:26.420 61854 INFO tempest.lib.common.dynamic_creds [-] Deleting project and security group for project: de29f87b19a546c48caa99887ef4cb4e
2025-11-26 08:23:26.433 61838 INFO tempest.lib.common.rest_client [req-7d628092-7be0-4c5b-adc9-4cd34882d866 req-7d628092-7be0-4c5b-adc9-4cd34882d866 ] Request (SecurityGroupsNegativeTestJSON:setUpClass): 201 POST http://10.180.1.21/identity/v3/auth/tokens 0.134s
2025-11-26 08:23:26.458 61858 INFO tempest.lib.common.rest_client [req-35dcaa97-cc53-4cc1-8730-1dbe8fda0f97 req-35dcaa97-cc53-4cc1-8730-1dbe8fda0f97 ] Request (ImagesTestJSON:test_create_image_from_stopped_server): 200 GET http://10.180.1.21/compute/v2.1/servers/da95334f-ebbf-4a7f-8492-ca310028c4dd 1.690s
2025-11-26 08:23:26.471 61828 INFO tempest.lib.common.rest_client [req-ce110679-5c05-4085-b152-1a95457f9b8c req-ce110679-5c05-4085-b152-1a95457f9b8c ] Request (HostsAdminNegativeTestJSON:test_reboot_nonexistent_host): 404 GET http://10.180.1.21/compute/v2.1/os-hosts/nonexistent_hostname/reboot 1.638s
2025-11-26 08:23:26.504 61840 INFO tempest.lib.common.rest_client [req-13b59054-e7b7-4aa6-abf0-98d66155dcbb req-13b59054-e7b7-4aa6-abf0-98d66155dcbb ] Request (QuotasAdminNegativeTest:tearDownClass): 201 POST http://10.180.1.21/identity/v3/auth/tokens 0.163s
2025-11-26 08:23:26.535 61832 INFO tempest.lib.common.rest_client [req-6acd6413-1361-422f-b492-2e8ac0bb81b3 req-6acd6413-1361-422f-b492-2e8ac0bb81b3 ] Request (FlavorsExtraSpecsTestJSON:tearDownClass): 204 DELETE http://10.180.1.21/identity/v3/users/aedf994c034f42d29a375b200e25b7cc 0.215s
2025-11-26 08:23:26.560 61846 INFO tempest.lib.common.rest_client [req-9db4cc6e-4ce1-495c-a3d2-e5b06e72c9a4 req-9db4cc6e-4ce1-495c-a3d2-e5b06e72c9a4 ] Request (ServerDiagnosticsV248Test:test_get_server_diagnostics): 200 GET http://10.180.1.21/compute/v2.1/servers/fbd512f6-5c22-4a40-846c-0fece5ee7bcb 1.618s
2025-11-26 08:23:26.567 61854 INFO tempest.lib.common.rest_client [req-888d41e4-4967-429c-8fd4-cbd7a92afd41 req-888d41e4-4967-429c-8fd4-cbd7a92afd41 ] Request (ServicesAdminNegativeV253TestJSON:tearDownClass): 201 POST http://10.180.1.21/identity/v3/auth/tokens 0.146s
2025-11-26 08:23:26.617 61830 INFO tempest.lib.common.rest_client [req-84fdef3c-556b-4e81-b63a-c350b3889ce9 req-84fdef3c-556b-4e81-b63a-c350b3889ce9 ] Request (KeyPairsV22TestJSON:test_keypair_create_with_pub_key): 201 POST http://10.180.1.21/compute/v2.1/os-keypairs 1.647s
2025-11-26 08:23:26.668 61860 INFO tempest.lib.common.rest_client [req-452ad621-1385-4cf3-a811-2f490f3caf76 req-452ad621-1385-4cf3-a811-2f490f3caf76 ] Request (QuotasAdminTestJSON:test_delete_quota): 200 GET http://10.180.1.21/compute/v2.1/os-quota-sets/cec1005deafa45b4ac7cc79892320554 1.846s
2025-11-26 08:23:26.745 61834 INFO tempest.lib.common.rest_client [req-ec744cac-2c41-45f4-96f1-f7d5eb49d1b6 req-ec744cac-2c41-45f4-96f1-f7d5eb49d1b6 ] Request (DeleteServersTestJSON:setUpClass): 200 PUT http://10.180.1.21:9696/networking/v2.0/routers/f8c95d7b-7320-4428-aeed-cb732e46afa3/add_router_interface 2.811s
2025-11-26 08:23:26.745 61834 INFO tempest.lib.common.dynamic_creds [-] Created isolated network resources for: credentials: Credentials: {'domain_id': 'default', 'domain_name': 'Default', 'username': 'tempest-DeleteServersTestJSON-1067357275-project-member', 'project_domain_id': 'default', 'project_domain_name': 'Default', 'project_id': 'd8caf6003840413c8eff7d84d9b185cb', 'project_name': 'tempest-DeleteServersTestJSON-1067357275', 'tenant_id': 'd8caf6003840413c8eff7d84d9b185cb', 'tenant_name': 'tempest-DeleteServersTestJSON-1067357275', 'user_domain_id': 'default', 'user_domain_name': 'Default', 'user_id': '31cd6718df1c44f3ba30eb71f36cdb69', 'system': None}, Network: {'id': '78bbca97-89ba-4b32-a8e8-f83e40d94593', 'name': 'tempest-DeleteServersTestJSON-851977150-network', 'tenant_id': 'd8caf6003840413c8eff7d84d9b185cb', 'admin_state_up': True, 'mtu': 8950, 'status': 'ACTIVE', 'subnets': [], 'shared': False, 'project_id': 'd8caf6003840413c8eff7d84d9b185cb', 'port_security_enabled': True, 'router:external': False, 'provider:network_type': 'vlan', 'provider:physical_network': 'default', 'provider:segmentation_id': 103, 'is_default': False, 'availability_zone_hints': [], 'availability_zones': [], 'ipv4_address_scope': None, 'ipv6_address_scope': None, 'description': '', 'tags': [], 'created_at': '2025-11-26T08:23:21Z', 'updated_at': '2025-11-26T08:23:21Z', 'revision_number': 1}, Subnet: {'id': '75097d72-c4af-4a7c-a850-6062de319523', 'name': 'tempest-DeleteServersTestJSON-851977150-subnet', 'tenant_id': 'd8caf6003840413c8eff7d84d9b185cb', 'network_id': '78bbca97-89ba-4b32-a8e8-f83e40d94593', 'ip_version': 4, 'subnetpool_id': None, 'enable_dhcp': True, 'ipv6_ra_mode': None, 'ipv6_address_mode': None, 'gateway_ip': '192.168.128.1', 'cidr': '192.168.128.0/28', 'allocation_pools': [{'start': '192.168.128.2', 'end': '192.168.128.14'}], 'host_routes': [], 'dns_nameservers': [], 'description': '', 'service_types': [], 'tags': [], 'created_at': '2025-11-26T08:23:21Z', 'updated_at': '2025-11-26T08:23:21Z', 'revision_number': 0, 'project_id': 'd8caf6003840413c8eff7d84d9b185cb'}, Router: {'id': 'f8c95d7b-7320-4428-aeed-cb732e46afa3', 'name': 'tempest-DeleteServersTestJSON-851977150-router', 'tenant_id': 'd8caf6003840413c8eff7d84d9b185cb', 'admin_state_up': True, 'status': 'ACTIVE', 'external_gateway_info': {'network_id': 'edcd5b0a-76e1-4c2e-9486-d341d63d2b1a', 'external_fixed_ips': [{'subnet_id': '919bda5e-7f45-4699-8a9d-b14269324aa3', 'ip_address': '10.180.180.234'}], 'enable_snat': True}, 'description': '', 'availability_zones': [], 'distributed': False, 'ha': False, 'availability_zone_hints': [], 'routes': [], 'flavor_id': None, 'tags': [], 'created_at': '2025-11-26T08:23:22Z', 'updated_at': '2025-11-26T08:23:23Z', 'revision_number': 2, 'project_id': 'd8caf6003840413c8eff7d84d9b185cb'}
2025-11-26 08:23:26.787 61832 INFO tempest.lib.common.rest_client [req-f2e9a923-75db-4df7-9368-2ec87241d21f req-f2e9a923-75db-4df7-9368-2ec87241d21f ] Request (FlavorsExtraSpecsTestJSON:tearDownClass): 204 DELETE http://10.180.1.21/identity/v3/users/8d537e8c66bb40cdb567429939a5d3e2 0.252s
2025-11-26 08:23:26.788 61832 INFO tempest.lib.common.dynamic_creds [-] Deleting project and security group for project: 6471efe160934b4a8e6e932036fcfd81
2025-11-26 08:23:26.801 61842 INFO tempest.lib.common.rest_client [req-f81e883c-a48c-4e37-9376-082b2d6c6098 req-f81e883c-a48c-4e37-9376-082b2d6c6098 ] Request (FloatingIPsAssociationNegativeTestJSON:setUpClass): 200 GET http://10.180.1.21/compute/v2.1/servers/933ffe74-6883-4676-9be8-f12e45be35e0 1.804s
2025-11-26 08:23:26.822 61850 INFO tempest.lib.common.rest_client [req-d5e981bd-2224-4ab9-adc2-8aae99068e57 req-d5e981bd-2224-4ab9-adc2-8aae99068e57 ] Request (ServersAdminNegativeTestJSON:setUpClass): 200 GET http://10.180.1.21/compute/v2.1/servers/8725d6e7-57cc-4d55-b21a-4aee65d5228b 1.775s
2025-11-26 08:23:26.886 61820 INFO tempest.lib.common.rest_client [req-5a1dcdab-78d6-4c88-bca5-d78216f4e054 req-5a1dcdab-78d6-4c88-bca5-d78216f4e054 ] Request (ServerAddressesNegativeTestJSON:setUpClass): 200 GET http://10.180.1.21/compute/v2.1/servers/643dbc96-7e32-4442-ab44-cbd74b0ffd72 1.759s
2025-11-26 08:23:26.912 61852 INFO tempest.lib.common.rest_client [req-1e734d13-5da6-4a71-aded-149a4da28447 req-1e734d13-5da6-4a71-aded-149a4da28447 ] Request (ServersAdmin275Test:test_rebuild_update_server_275): 200 GET http://10.180.1.21/compute/v2.1/servers/f42d10b1-6733-4c39-9230-fd41dd82bb20 1.661s
2025-11-26 08:23:26.914 61860 INFO tempest.lib.common.rest_client [req-6d5b0668-f164-406d-a5ca-c44df19f0d73 req-6d5b0668-f164-406d-a5ca-c44df19f0d73 ] Request (QuotasAdminTestJSON:_run_cleanups): 204 DELETE http://10.180.1.21/identity/v3/projects/cec1005deafa45b4ac7cc79892320554 0.243s
2025-11-26 08:23:26.914 61834 INFO tempest.lib.common.rest_client [req-9d681922-abf7-49f7-b024-e1653fd48f91 req-9d681922-abf7-49f7-b024-e1653fd48f91 ] Request (DeleteServersTestJSON:setUpClass): 201 POST http://10.180.1.21/identity/v3/auth/tokens 0.162s
2025-11-26 08:23:26.938 61840 INFO tempest.lib.common.rest_client [req-07426bed-a5f2-4946-b610-bdbe6c388159 req-07426bed-a5f2-4946-b610-bdbe6c388159 ] Request (QuotasAdminNegativeTest:tearDownClass): 200 GET http://10.180.1.21:9696/networking/v2.0/security-groups?tenant_id=a149d792cdb94d32b901499df351bf76&name=default 0.433s
2025-11-26 08:23:26.944 61844 INFO tempest.lib.common.rest_client [req-338876cd-0790-483c-9807-11655ec4a30a req-338876cd-0790-483c-9807-11655ec4a30a ] Request (VolumesAssistedSnapshotsTest:test_volume_assisted_snapshot_create_delete): 200 GET http://10.180.1.21/compute/v2.1/servers/fe988112-9ee6-4fa7-8914-87119aaa2549 1.517s
2025-11-26 08:23:26.946 61834 INFO tempest.lib.common.rest_client [req-3d4eb632-ef03-4d4c-a7de-949b45c033ae req-3d4eb632-ef03-4d4c-a7de-949b45c033ae ] Request (DeleteServersTestJSON:test_delete_active_server): 201 POST http://10.180.1.21/identity/v3/auth/tokens 0.026s
2025-11-26 08:23:26.947 61834 INFO tempest.lib.common.fixed_network [-] (DeleteServersTestJSON:test_delete_active_server) Found network {'id': '78bbca97-89ba-4b32-a8e8-f83e40d94593', 'name': 'tempest-DeleteServersTestJSON-851977150-network', 'tenant_id': 'd8caf6003840413c8eff7d84d9b185cb', 'admin_state_up': True, 'mtu': 8950, 'status': 'ACTIVE', 'subnets': [], 'shared': False, 'project_id': 'd8caf6003840413c8eff7d84d9b185cb', 'port_security_enabled': True, 'router:external': False, 'provider:network_type': 'vlan', 'provider:physical_network': 'default', 'provider:segmentation_id': 103, 'is_default': False, 'availability_zone_hints': [], 'availability_zones': [], 'ipv4_address_scope': None, 'ipv6_address_scope': None, 'description': '', 'tags': [], 'created_at': '2025-11-26T08:23:21Z', 'updated_at': '2025-11-26T08:23:21Z', 'revision_number': 1} available for tenant
2025-11-26 08:23:26.988 61854 INFO tempest.lib.common.rest_client [req-644e4277-76cf-4acb-9c28-1cd695b7a1dc req-644e4277-76cf-4acb-9c28-1cd695b7a1dc ] Request (ServicesAdminNegativeV253TestJSON:tearDownClass): 200 GET http://10.180.1.21:9696/networking/v2.0/security-groups?tenant_id=de29f87b19a546c48caa99887ef4cb4e&name=default 0.420s
2025-11-26 08:23:26.994 61832 INFO tempest.lib.common.rest_client [req-e78720e0-ab97-4594-aef7-111664ea887f req-e78720e0-ab97-4594-aef7-111664ea887f ] Request (FlavorsExtraSpecsTestJSON:tearDownClass): 201 POST http://10.180.1.21/identity/v3/auth/tokens 0.206s
2025-11-26 08:23:27.056 61810 INFO tempest.lib.common.rest_client [req-5f1ffea3-3b61-48e8-9547-65becc5685fc req-5f1ffea3-3b61-48e8-9547-65becc5685fc ] Request (DeleteServersAdminTestJSON:test_admin_delete_servers_of_others): 200 GET http://10.180.1.21/compute/v2.1/servers/1da85728-bbee-4605-bf03-d49a650c4d1e 1.324s
2025-11-26 08:23:27.114 61808 INFO tempest.lib.common.rest_client [req-a6e7f2ca-8fd3-4ae7-be1d-f5caf460df02 req-a6e7f2ca-8fd3-4ae7-be1d-f5caf460df02 ] Request (ServersWithSpecificFlavorTestJSON:test_verify_created_server_ephemeral_disk): 200 GET http://10.180.1.21/compute/v2.1/servers/91def60e-ad74-435f-a006-eb5672928010 1.189s
2025-11-26 08:23:27.123 61840 INFO tempest.lib.common.rest_client [req-1752d8ce-d1a4-4bab-8fbf-445cd92864a9 req-1752d8ce-d1a4-4bab-8fbf-445cd92864a9 ] Request (QuotasAdminNegativeTest:tearDownClass): 204 DELETE http://10.180.1.21:9696/networking/v2.0/security-groups/f5c4595d-8a9b-4f4f-a237-8b1908fe6c13 0.185s
2025-11-26 08:23:27.157 61854 INFO tempest.lib.common.rest_client [req-6ccc6aca-27a2-4542-8f05-652743b40f7d req-6ccc6aca-27a2-4542-8f05-652743b40f7d ] Request (ServicesAdminNegativeV253TestJSON:tearDownClass): 204 DELETE http://10.180.1.21:9696/networking/v2.0/security-groups/3826a71a-eb55-4f67-ae63-460a6239699d 0.168s
2025-11-26 08:23:27.173 61864 INFO tempest.lib.common.rest_client [req-625e25d2-a1d7-4772-945f-ea25c5f1bd1c req-625e25d2-a1d7-4772-945f-ea25c5f1bd1c ] Request (ImagesOneServerTestJSON:setUpClass): 200 GET http://10.180.1.21/compute/v2.1/servers/c445065e-68e5-4dda-ba5d-314dc2da12cf 1.412s
2025-11-26 08:23:27.193 61832 INFO tempest.lib.common.rest_client [req-c75f6d64-7ebb-4ea5-8d5a-9a4a9c714719 req-c75f6d64-7ebb-4ea5-8d5a-9a4a9c714719 ] Request (FlavorsExtraSpecsTestJSON:tearDownClass): 200 GET http://10.180.1.21:9696/networking/v2.0/security-groups?tenant_id=6471efe160934b4a8e6e932036fcfd81&name=default 0.199s
2025-11-26 08:23:27.207 61840 INFO tempest.lib.common.rest_client [req-59ce74a5-4de8-470a-bd4b-a3887179589f req-59ce74a5-4de8-470a-bd4b-a3887179589f ] Request (QuotasAdminNegativeTest:tearDownClass): 204 DELETE http://10.180.1.21/identity/v3/projects/a149d792cdb94d32b901499df351bf76 0.083s
2025-11-26 08:23:27.207 61840 INFO tempest.lib.common.dynamic_creds [-] Deleting project and security group for project: c4a7ba5e37ca4592a44194f164cf7502
2025-11-26 08:23:27.251 61848 INFO tempest.lib.common.rest_client [req-ae2db766-5baf-447b-8a16-2a3e586b33e5 req-ae2db766-5baf-447b-8a16-2a3e586b33e5 ] Request (InstanceActionsNegativeTestJSON:setUpClass): 200 GET http://10.180.1.21/compute/v2.1/servers/37256e1b-8191-4bee-a3c3-dd31c99d9301 1.265s
2025-11-26 08:23:27.276 61854 INFO tempest.lib.common.rest_client [req-4ac4e93c-e66b-4a7c-9708-12aa9b135805 req-4ac4e93c-e66b-4a7c-9708-12aa9b135805 ] Request (ServicesAdminNegativeV253TestJSON:tearDownClass): 204 DELETE http://10.180.1.21/identity/v3/projects/de29f87b19a546c48caa99887ef4cb4e 0.119s
2025-11-26 08:23:27.276 61854 INFO tempest.lib.common.dynamic_creds [-] Deleting project and security group for project: 2fe3633f76ab45bc814343604e1ca9a9
2025-11-26 08:23:27.281 61862 INFO tempest.lib.common.rest_client [req-583e1c27-ea0d-4a95-84a2-f16fa2d30eca req-583e1c27-ea0d-4a95-84a2-f16fa2d30eca ] Request (AggregatesAdminNegativeTestJSON:test_aggregate_create_with_existent_aggregate_name): 200 POST http://10.180.1.21/compute/v2.1/os-aggregates 1.282s
2025-11-26 08:23:27.305 61832 INFO tempest.lib.common.rest_client [req-183d2883-2b2c-4984-a6d9-642462e4f038 req-183d2883-2b2c-4984-a6d9-642462e4f038 ] Request (FlavorsExtraSpecsTestJSON:tearDownClass): 204 DELETE http://10.180.1.21:9696/networking/v2.0/security-groups/d4478658-3c67-4cc0-964b-d8fd526067fc 0.111s
2025-11-26 08:23:27.350 61806 INFO tempest.lib.common.rest_client [req-4a44b526-3b1a-4543-a064-e5f57002fdab req-4a44b526-3b1a-4543-a064-e5f57002fdab ] Request (VolumesAdminNegativeTest:test_update_attached_volume_with_nonexistent_volume_in_uri): 200 GET http://10.180.1.21/compute/v2.1/servers/f63a7f37-09ac-4fe8-a1a3-7e13eb158526 1.329s
2025-11-26 08:23:27.427 61812 INFO tempest.lib.common.rest_client [req-e549390e-ef50-4c57-acce-289bf93a3cbc req-e549390e-ef50-4c57-acce-289bf93a3cbc ] Request (MigrationsAdminTest:test_list_migrations_in_flavor_resize_situation): 200 GET http://10.180.1.21/compute/v2.1/servers/8c57d493-12c4-47fe-a355-c9ade98b7158 1.314s
2025-11-26 08:23:27.472 61840 INFO tempest.lib.common.rest_client [req-30d8b67a-cac0-402f-8196-d01a722717cd req-30d8b67a-cac0-402f-8196-d01a722717cd ] Request (QuotasAdminNegativeTest:tearDownClass): 200 GET http://10.180.1.21:9696/networking/v2.0/security-groups?tenant_id=c4a7ba5e37ca4592a44194f164cf7502&name=default 0.265s
2025-11-26 08:23:27.478 61832 INFO tempest.lib.common.rest_client [req-bf9583b9-639a-4108-99db-81b1313ed2fa req-bf9583b9-639a-4108-99db-81b1313ed2fa ] Request (FlavorsExtraSpecsTestJSON:tearDownClass): 204 DELETE http://10.180.1.21/identity/v3/projects/6471efe160934b4a8e6e932036fcfd81 0.173s
2025-11-26 08:23:27.479 61832 INFO tempest.lib.common.dynamic_creds [-] Deleting project and security group for project: d1c7f2ca88b74438ac3c9077a87328cd
2025-11-26 08:23:27.596 61854 INFO tempest.lib.common.rest_client [req-e1c0dae4-3ee9-4d51-94c8-d89f94296266 req-e1c0dae4-3ee9-4d51-94c8-d89f94296266 ] Request (ServicesAdminNegativeV253TestJSON:tearDownClass): 200 GET http://10.180.1.21:9696/networking/v2.0/security-groups?tenant_id=2fe3633f76ab45bc814343604e1ca9a9&name=default 0.319s
2025-11-26 08:23:27.611 61856 INFO tempest.lib.common.rest_client [req-d2e749b1-67a1-4b77-87fd-9b59194865ca req-d2e749b1-67a1-4b77-87fd-9b59194865ca ] Request (ServerMetadataNegativeTestJSON:setUpClass): 200 GET http://10.180.1.21/compute/v2.1/servers/4c70f154-7d65-4cea-ad90-8626f58b70f5 1.426s
2025-11-26 08:23:27.635 61866 INFO tempest.lib.common.rest_client [req-b08110ae-cab9-49be-b757-65e51396a2df req-b08110ae-cab9-49be-b757-65e51396a2df ] Request (ImagesMetadataNegativeTestJSON:test_update_nonexistent_image_metadata): 404 POST http://10.180.1.21/compute/v2.1/images/1265c80d-3b94-42d7-8a88-95f4fea6372a/metadata 1.344s
2025-11-26 08:23:27.636 61840 INFO tempest.lib.common.rest_client [req-931597f5-21db-4e83-99e9-e4a136faf6e1 req-931597f5-21db-4e83-99e9-e4a136faf6e1 ] Request (QuotasAdminNegativeTest:tearDownClass): 204 DELETE http://10.180.1.21:9696/networking/v2.0/security-groups/06756986-9da0-4343-9035-f21c1502f59e 0.163s
2025-11-26 08:23:27.759 61854 INFO tempest.lib.common.rest_client [req-acf52f93-fbcb-4f11-b46b-27c1eee63d31 req-acf52f93-fbcb-4f11-b46b-27c1eee63d31 ] Request (ServicesAdminNegativeV253TestJSON:tearDownClass): 204 DELETE http://10.180.1.21:9696/networking/v2.0/security-groups/e65ab37b-ddc7-4ce2-a0b9-678703002bc1 0.163s
2025-11-26 08:23:27.766 61832 INFO tempest.lib.common.rest_client [req-aa39a3f8-0294-4fc4-a798-7093e914f0cb req-aa39a3f8-0294-4fc4-a798-7093e914f0cb ] Request (FlavorsExtraSpecsTestJSON:tearDownClass): 200 GET http://10.180.1.21:9696/networking/v2.0/security-groups?tenant_id=d1c7f2ca88b74438ac3c9077a87328cd&name=default 0.287s
2025-11-26 08:23:27.803 61840 INFO tempest.lib.common.rest_client [req-afa2c8f0-4bb8-4b91-ac75-2bef1912a921 req-afa2c8f0-4bb8-4b91-ac75-2bef1912a921 ] Request (QuotasAdminNegativeTest:tearDownClass): 204 DELETE http://10.180.1.21/identity/v3/projects/c4a7ba5e37ca4592a44194f164cf7502 0.166s
2025-11-26 08:23:27.804 61840 INFO tempest.test [-] raised in UpdateMultiattachVolumeNegativeTest.setUpClass. Invoking tearDownClass.
2025-11-26 08:23:27.842 61838 INFO tempest.lib.common.rest_client [req-ffceb42e-4e62-4e6e-8cc7-48075d286805 req-ffceb42e-4e62-4e6e-8cc7-48075d286805 ] Request (SecurityGroupsNegativeTestJSON:test_delete_nonexistent_security_group): 404 DELETE http://10.180.1.21/compute/v2.1/os-security-groups/a9465031-cc91-4440-81bc-8939a17ac2c9 1.406s
2025-11-26 08:23:27.848 61828 INFO tempest.lib.common.rest_client [req-ffac2e9d-011b-4897-a27f-5a8f83762fa8 req-ffac2e9d-011b-4897-a27f-5a8f83762fa8 ] Request (HostsAdminNegativeTestJSON:test_show_host_detail_with_non_admin_user): 403 GET http://10.180.1.21/compute/v2.1/os-hosts/devstack 1.376s
2025-11-26 08:23:27.874 61830 INFO tempest.lib.common.rest_client [req-43b6b659-b88b-4be9-9f2b-40661928cf47 req-43b6b659-b88b-4be9-9f2b-40661928cf47 ] Request (KeyPairsV22TestJSON:_run_cleanups): 204 DELETE http://10.180.1.21/compute/v2.1/os-keypairs/tempest-keypair-1826677080 1.253s
2025-11-26 08:23:27.926 61832 INFO tempest.lib.common.rest_client [req-e26fa42f-767a-47bc-8362-88c2f23857d6 req-e26fa42f-767a-47bc-8362-88c2f23857d6 ] Request (FlavorsExtraSpecsTestJSON:tearDownClass): 204 DELETE http://10.180.1.21:9696/networking/v2.0/security-groups/75ebb52f-23fa-4b50-8038-711cbc623318 0.159s
2025-11-26 08:23:27.957 61854 INFO tempest.lib.common.rest_client [req-3155ddf6-3c65-4f6a-bf11-8988993594c1 req-3155ddf6-3c65-4f6a-bf11-8988993594c1 ] Request (ServicesAdminNegativeV253TestJSON:tearDownClass): 204 DELETE http://10.180.1.21/identity/v3/projects/2fe3633f76ab45bc814343604e1ca9a9 0.197s
2025-11-26 08:23:27.968 61866 INFO tempest.lib.common.rest_client [req-295addc4-fa1d-4ee4-8384-529d1097d003 req-295addc4-fa1d-4ee4-8384-529d1097d003 ] Request (ImagesMetadataNegativeTestJSON:tearDownClass): 204 DELETE http://10.180.1.21/identity/v3/users/ea18b0e5f5714d2dbe52940f0fd12198 0.331s
2025-11-26 08:23:27.968 61866 INFO tempest.lib.common.dynamic_creds [-] Deleting project and security group for project: 8f960f59637a4bd0a751a8c7173a7f0e
2025-11-26 08:23:27.975 61818 INFO tempest.lib.common.rest_client [req-244ff0f2-ebc7-430a-8f38-7f56f8e2fb66 req-244ff0f2-ebc7-430a-8f38-7f56f8e2fb66 ] Request (ServersTestFqdnHostnames:test_create_server_with_fqdn_name): 202 POST http://10.180.1.21/compute/v2.1/servers 2.049s
2025-11-26 08:23:28.021 61840 INFO tempest.lib.common.rest_client [req-1598244b-9494-4d44-bb94-c9229e26673d req-1598244b-9494-4d44-bb94-c9229e26673d ] Request (ServerGroup264TestJSON:setUpClass): 201 POST http://10.180.1.21/identity/v3/auth/tokens 0.211s
2025-11-26 08:23:28.049 61854 INFO tempest.lib.common.rest_client [req-602db095-8da3-4b8f-bfb3-dc5d69fec829 req-602db095-8da3-4b8f-bfb3-dc5d69fec829 ] Request (ListImageFiltersNegativeTestJSON:setUpClass): 201 POST http://10.180.1.21/identity/v3/auth/tokens 0.089s
2025-11-26 08:23:28.088 61816 INFO tempest.lib.common.rest_client [req-f79acd99-7d7c-476b-8ead-1976238adcc9 req-f79acd99-7d7c-476b-8ead-1976238adcc9 ] Request (ServersAdminTestJSON:setUpClass): 200 GET http://10.180.1.21/compute/v2.1/servers/a9cca36b-ee0e-42b3-9c26-61c9b0715312 1.449s
2025-11-26 08:23:28.091 61832 INFO tempest.lib.common.rest_client [req-1475ad89-a89e-4955-9376-504a020b2749 req-1475ad89-a89e-4955-9376-504a020b2749 ] Request (FlavorsExtraSpecsTestJSON:tearDownClass): 204 DELETE http://10.180.1.21/identity/v3/projects/d1c7f2ca88b74438ac3c9077a87328cd 0.165s
2025-11-26 08:23:28.116 61866 INFO tempest.lib.common.rest_client [req-4a30fe28-0e38-42b2-b259-a95023e8bdbb req-4a30fe28-0e38-42b2-b259-a95023e8bdbb ] Request (ImagesMetadataNegativeTestJSON:tearDownClass): 201 POST http://10.180.1.21/identity/v3/auth/tokens 0.147s
2025-11-26 08:23:28.121 61840 INFO tempest.lib.common.rest_client [req-c869d0bd-44a0-468b-a906-e01433791b4c req-c869d0bd-44a0-468b-a906-e01433791b4c ] Request (ServerGroup264TestJSON:setUpClass): 201 POST http://10.180.1.21/identity/v3/auth/tokens 0.096s
2025-11-26 08:23:28.141 61854 INFO tempest.lib.common.rest_client [req-344deb07-2de6-47d8-835d-0856b04ba00e req-344deb07-2de6-47d8-835d-0856b04ba00e ] Request (ListImageFiltersNegativeTestJSON:setUpClass): 201 POST http://10.180.1.21/identity/v3/auth/tokens 0.087s
2025-11-26 08:23:28.264 61860 INFO tempest.lib.common.rest_client [req-67f551e6-b58b-409f-8d87-f96d017ad3b9 req-67f551e6-b58b-409f-8d87-f96d017ad3b9 ] Request (QuotasAdminTestJSON:test_get_default_quotas): 200 GET http://10.180.1.21/compute/v2.1/os-quota-sets/6b4e0b6a570d49e6b096a5bcdb1d1c79/defaults 1.348s
2025-11-26 08:23:28.278 61832 INFO tempest.lib.common.rest_client [req-75593d26-fa5e-4c2d-ba07-c02c09c44295 req-75593d26-fa5e-4c2d-ba07-c02c09c44295 ] Request (KeyPairsNegativeTestJSON:setUpClass): 201 POST http://10.180.1.21/identity/v3/auth/tokens 0.184s
2025-11-26 08:23:28.291 61840 INFO tempest.lib.common.rest_client [req-eb3b3f28-0ab3-4ae7-b543-7f1988284cb2 req-eb3b3f28-0ab3-4ae7-b543-7f1988284cb2 ] Request (ServerGroup264TestJSON:setUpClass): 200 GET http://10.180.1.21/identity/v3/domains?name=Default 0.170s
2025-11-26 08:23:28.318 61854 INFO tempest.lib.common.rest_client [req-81c62c09-c68b-482f-80ab-12fa906ce51c req-81c62c09-c68b-482f-80ab-12fa906ce51c ] Request (ListImageFiltersNegativeTestJSON:setUpClass): 200 GET http://10.180.1.21/identity/v3/domains?name=Default 0.176s
2025-11-26 08:23:28.341 61860 INFO tempest.lib.common.rest_client [req-5dd0f58e-444e-4be1-bbf9-c6a3fbeec14a req-5dd0f58e-444e-4be1-bbf9-c6a3fbeec14a ] Request (QuotasAdminTestJSON:test_get_updated_quotas): 200 GET http://10.180.1.21/identity/v3/domains?name=Default 0.072s
2025-11-26 08:23:28.378 61832 INFO tempest.lib.common.rest_client [req-ca746d7e-1e08-4f00-814b-05fe0637bb93 req-ca746d7e-1e08-4f00-814b-05fe0637bb93 ] Request (KeyPairsNegativeTestJSON:setUpClass): 201 POST http://10.180.1.21/identity/v3/auth/tokens 0.098s
2025-11-26 08:23:28.391 61840 INFO tempest.lib.common.rest_client [req-b453ae90-96e1-4be6-9e07-4c50cc2a99bf req-b453ae90-96e1-4be6-9e07-4c50cc2a99bf ] Request (ServerGroup264TestJSON:setUpClass): 201 POST http://10.180.1.21/identity/v3/projects 0.099s
2025-11-26 08:23:28.409 61836 INFO tempest.lib.common.rest_client [req-78dd8316-3134-4d91-9826-a59f1bfde06d req-78dd8316-3134-4d91-9826-a59f1bfde06d ] Request (AttachInterfacesV270Test:test_create_get_list_interfaces): 200 GET http://10.180.1.21/compute/v2.1/servers/9cb4ec1b-e422-491d-8ee9-0103c740ea5b 1.211s
2025-11-26 08:23:28.437 61854 INFO tempest.lib.common.rest_client [req-7e2ed8bd-a944-4ed1-bbd6-f59abc543dc3 req-7e2ed8bd-a944-4ed1-bbd6-f59abc543dc3 ] Request (ListImageFiltersNegativeTestJSON:setUpClass): 201 POST http://10.180.1.21/identity/v3/projects 0.118s
2025-11-26 08:23:28.503 61832 INFO tempest.lib.common.rest_client [req-d63a3d73-4811-4c9f-8fe3-a6bfd158021a req-d63a3d73-4811-4c9f-8fe3-a6bfd158021a ] Request (KeyPairsNegativeTestJSON:setUpClass): 200 GET http://10.180.1.21/identity/v3/domains?name=Default 0.124s
2025-11-26 08:23:28.533 61860 INFO tempest.lib.common.rest_client [req-771c5ea5-21f3-414c-962d-34fc843be401 req-771c5ea5-21f3-414c-962d-34fc843be401 ] Request (QuotasAdminTestJSON:test_get_updated_quotas): 201 POST http://10.180.1.21/identity/v3/projects 0.190s
2025-11-26 08:23:28.536 61840 INFO tempest.lib.common.rest_client [req-2a4a6149-3d2c-43c0-b196-87f61138874e req-2a4a6149-3d2c-43c0-b196-87f61138874e ] Request (ServerGroup264TestJSON:setUpClass): 201 POST http://10.180.1.21/identity/v3/users 0.145s
2025-11-26 08:23:28.561 61866 INFO tempest.lib.common.rest_client [req-1a188592-b2cd-4b68-b006-fbf59c14c75b req-1a188592-b2cd-4b68-b006-fbf59c14c75b ] Request (ImagesMetadataNegativeTestJSON:tearDownClass): 200 GET http://10.180.1.21:9696/networking/v2.0/security-groups?tenant_id=8f960f59637a4bd0a751a8c7173a7f0e&name=default 0.445s
2025-11-26 08:23:28.599 61854 INFO tempest.lib.common.rest_client [req-53b67dbe-92e0-48da-9474-ddda929fbf67 req-53b67dbe-92e0-48da-9474-ddda929fbf67 ] Request (ListImageFiltersNegativeTestJSON:setUpClass): 201 POST http://10.180.1.21/identity/v3/users 0.161s
2025-11-26 08:23:28.600 61804 INFO tempest.lib.common.rest_client [req-8e0124e6-fbbd-47d5-9c97-21c8991368c3 req-8e0124e6-fbbd-47d5-9c97-21c8991368c3 ] Request (ServerDiagnosticsTest:test_get_server_diagnostics): 200 GET http://10.180.1.21/compute/v2.1/servers/72dd6ff6-43bb-4b4e-9d3d-7d89ad4d54af 1.340s
2025-11-26 08:23:28.618 61832 INFO tempest.lib.common.rest_client [req-f701af6c-d4db-4b0e-9e87-c5f60b0342b0 req-f701af6c-d4db-4b0e-9e87-c5f60b0342b0 ] Request (KeyPairsNegativeTestJSON:setUpClass): 201 POST http://10.180.1.21/identity/v3/projects 0.114s
2025-11-26 08:23:28.668 61824 INFO tempest.lib.common.rest_client [req-163157ab-bf5a-4f88-8b93-7a6df3878297 req-163157ab-bf5a-4f88-8b93-7a6df3878297 ] Request (ListServerFiltersTestJSON:setUpClass): 200 GET http://10.180.1.21/compute/v2.1/servers/549dbec8-1008-4930-8e2d-97cd11cfa45f 1.392s
2025-11-26 08:23:28.679 61840 INFO tempest.lib.common.rest_client [req-0c0d974d-dcf1-465e-9ade-cdb7c618eda5 req-0c0d974d-dcf1-465e-9ade-cdb7c618eda5 ] Request (ServerGroup264TestJSON:setUpClass): 200 GET http://10.180.1.21/identity/v3/roles 0.142s
2025-11-26 08:23:28.694 61862 INFO tempest.lib.common.rest_client [req-60a5304c-e583-4810-b233-43cfce14b3f5 req-60a5304c-e583-4810-b233-43cfce14b3f5 ] Request (AggregatesAdminNegativeTestJSON:test_aggregate_create_with_existent_aggregate_name): 409 POST http://10.180.1.21/compute/v2.1/os-aggregates 1.410s
2025-11-26 08:23:28.697 61854 INFO tempest.lib.common.rest_client [req-d8f1cc29-cf36-48ea-8453-d24459ba5221 req-d8f1cc29-cf36-48ea-8453-d24459ba5221 ] Request (ListImageFiltersNegativeTestJSON:setUpClass): 200 GET http://10.180.1.21/identity/v3/roles 0.097s
2025-11-26 08:23:28.719 61860 INFO tempest.lib.common.rest_client [req-b070142b-a443-45c8-9306-43f1aa524d1a req-b070142b-a443-45c8-9306-43f1aa524d1a ] Request (QuotasAdminTestJSON:test_get_updated_quotas): 200 GET http://10.180.1.21/identity/v3/domains?name=Default 0.186s
2025-11-26 08:23:28.793 61832 INFO tempest.lib.common.rest_client [req-018e2dc6-0fa5-42b1-840f-f40dbf3c4e78 req-018e2dc6-0fa5-42b1-840f-f40dbf3c4e78 ] Request (KeyPairsNegativeTestJSON:setUpClass): 201 POST http://10.180.1.21/identity/v3/users 0.175s
2025-11-26 08:23:28.820 61840 INFO tempest.lib.common.rest_client [req-d7accd25-95c1-4cfe-9571-154b6579aae4 req-d7accd25-95c1-4cfe-9571-154b6579aae4 ] Request (ServerGroup264TestJSON:setUpClass): 204 PUT http://10.180.1.21/identity/v3/projects/bebe5c4a46f04bf69a3fc5067adc52e9/users/25d13f28c10542878a92e94a7fd6e4e8/roles/aa220314307b4cd1b9e13163a378241c 0.140s
2025-11-26 08:23:28.820 61840 INFO tempest.lib.common.dynamic_creds [-] Dynamic test user 25d13f28c10542878a92e94a7fd6e4e8 is created with scope project and roles: ['member']
2025-11-26 08:23:28.820 61840 INFO tempest.lib.common.dynamic_creds [-] Acquired dynamic creds: credentials: Credentials: {'domain_id': 'default', 'domain_name': 'Default', 'username': 'tempest-ServerGroup264TestJSON-884662613-project-member', 'project_domain_id': 'default', 'project_domain_name': 'Default', 'project_id': 'bebe5c4a46f04bf69a3fc5067adc52e9', 'project_name': 'tempest-ServerGroup264TestJSON-884662613', 'tenant_id': 'bebe5c4a46f04bf69a3fc5067adc52e9', 'tenant_name': 'tempest-ServerGroup264TestJSON-884662613', 'user_domain_id': 'default', 'user_domain_name': 'Default', 'user_id': '25d13f28c10542878a92e94a7fd6e4e8', 'system': None}, Network: None, Subnet: None, Router: None
2025-11-26 08:23:28.826 61854 INFO tempest.lib.common.rest_client [req-d5fb1d5c-3ca6-4d51-aa58-78b32938573e req-d5fb1d5c-3ca6-4d51-aa58-78b32938573e ] Request (ListImageFiltersNegativeTestJSON:setUpClass): 204 PUT http://10.180.1.21/identity/v3/projects/2dcd8632ffea4bf3892d441690a78dca/users/f0d00e41264d4bc28ea0790accd22f88/roles/aa220314307b4cd1b9e13163a378241c 0.128s
2025-11-26 08:23:28.826 61854 INFO tempest.lib.common.dynamic_creds [-] Dynamic test user f0d00e41264d4bc28ea0790accd22f88 is created with scope project and roles: ['member']
2025-11-26 08:23:28.826 61854 INFO tempest.lib.common.dynamic_creds [-] Acquired dynamic creds: credentials: Credentials: {'domain_id': 'default', 'domain_name': 'Default', 'username': 'tempest-ListImageFiltersNegativeTestJSON-965666136-project-member', 'project_domain_id': 'default', 'project_domain_name': 'Default', 'project_id': '2dcd8632ffea4bf3892d441690a78dca', 'project_name': 'tempest-ListImageFiltersNegativeTestJSON-965666136', 'tenant_id': '2dcd8632ffea4bf3892d441690a78dca', 'tenant_name': 'tempest-ListImageFiltersNegativeTestJSON-965666136', 'user_domain_id': 'default', 'user_domain_name': 'Default', 'user_id': 'f0d00e41264d4bc28ea0790accd22f88', 'system': None}, Network: None, Subnet: None, Router: None
2025-11-26 08:23:28.826 61854 INFO tempest.lib.common.dynamic_creds [-] Created isolated network resources for: credentials: Credentials: {'domain_id': 'default', 'domain_name': 'Default', 'username': 'tempest-ListImageFiltersNegativeTestJSON-965666136-project-member', 'project_domain_id': 'default', 'project_domain_name': 'Default', 'project_id': '2dcd8632ffea4bf3892d441690a78dca', 'project_name': 'tempest-ListImageFiltersNegativeTestJSON-965666136', 'tenant_id': '2dcd8632ffea4bf3892d441690a78dca', 'tenant_name': 'tempest-ListImageFiltersNegativeTestJSON-965666136', 'user_domain_id': 'default', 'user_domain_name': 'Default', 'user_id': 'f0d00e41264d4bc28ea0790accd22f88', 'system': None}, Network: None, Subnet: None, Router: None
2025-11-26 08:23:28.836 61866 INFO tempest.lib.common.rest_client [req-452de353-e6f6-4493-a80f-b4430f8bb6a3 req-452de353-e6f6-4493-a80f-b4430f8bb6a3 ] Request (ImagesMetadataNegativeTestJSON:tearDownClass): 204 DELETE http://10.180.1.21:9696/networking/v2.0/security-groups/9466d193-ad35-4edd-ad0e-ef07f28289ad 0.274s
2025-11-26 08:23:28.865 61834 INFO tempest.lib.common.rest_client [req-a8c903a3-f440-48fb-8c3c-85e5459c1e36 req-a8c903a3-f440-48fb-8c3c-85e5459c1e36 ] Request (DeleteServersTestJSON:test_delete_active_server): 202 POST http://10.180.1.21/compute/v2.1/servers 1.918s
2025-11-26 08:23:28.888 61840 INFO tempest.lib.common.rest_client [req-d522b5d1-75fc-4b91-96ed-59ce3099ef57 req-d522b5d1-75fc-4b91-96ed-59ce3099ef57 ] Request (ServerGroup264TestJSON:setUpClass): 201 POST http://10.180.1.21/identity/v3/auth/tokens 0.067s
2025-11-26 08:23:28.917 61832 INFO tempest.lib.common.rest_client [req-dbb1aaf4-d16e-49a6-aabb-4e8d12512e4c req-dbb1aaf4-d16e-49a6-aabb-4e8d12512e4c ] Request (KeyPairsNegativeTestJSON:setUpClass): 200 GET http://10.180.1.21/identity/v3/roles 0.123s
2025-11-26 08:23:28.920 61858 INFO tempest.lib.common.rest_client [req-5dd49618-55b3-47bd-8608-24da137c6132 req-5dd49618-55b3-47bd-8608-24da137c6132 ] Request (ImagesTestJSON:test_create_image_from_stopped_server): 200 GET http://10.180.1.21/compute/v2.1/servers/da95334f-ebbf-4a7f-8492-ca310028c4dd 1.452s
2025-11-26 08:23:28.960 61846 INFO tempest.lib.common.rest_client [req-3c2f20d4-3cbb-46c0-9533-47d37e7cb673 req-3c2f20d4-3cbb-46c0-9533-47d37e7cb673 ] Request (ServerDiagnosticsV248Test:test_get_server_diagnostics): 200 GET http://10.180.1.21/compute/v2.1/servers/fbd512f6-5c22-4a40-846c-0fece5ee7bcb 1.389s
2025-11-26 08:23:28.983 61854 INFO tempest.lib.common.rest_client [req-555db0ab-f092-4e28-80b9-438d23074089 req-555db0ab-f092-4e28-80b9-438d23074089 ] Request (ListImageFiltersNegativeTestJSON:setUpClass): 201 POST http://10.180.1.21/identity/v3/auth/tokens 0.153s
2025-11-26 08:23:28.987 61866 INFO tempest.lib.common.rest_client [req-256467b5-f7f9-4042-a2f0-713c47c56615 req-256467b5-f7f9-4042-a2f0-713c47c56615 ] Request (ImagesMetadataNegativeTestJSON:tearDownClass): 204 DELETE http://10.180.1.21/identity/v3/projects/8f960f59637a4bd0a751a8c7173a7f0e 0.151s
2025-11-26 08:23:29.052 61832 INFO tempest.lib.common.rest_client [req-d2ac21d2-cb2a-4161-b8fd-bf5bf4db60ae req-d2ac21d2-cb2a-4161-b8fd-bf5bf4db60ae ] Request (KeyPairsNegativeTestJSON:setUpClass): 204 PUT http://10.180.1.21/identity/v3/projects/ff6de5373ff243a690fa4c65170ee9e9/users/59c30c44d9fd4683a1f85346b5cf0ba2/roles/aa220314307b4cd1b9e13163a378241c 0.133s
2025-11-26 08:23:29.052 61832 INFO tempest.lib.common.dynamic_creds [-] Dynamic test user 59c30c44d9fd4683a1f85346b5cf0ba2 is created with scope project and roles: ['member']
2025-11-26 08:23:29.052 61832 INFO tempest.lib.common.dynamic_creds [-] Acquired dynamic creds: credentials: Credentials: {'domain_id': 'default', 'domain_name': 'Default', 'username': 'tempest-KeyPairsNegativeTestJSON-529991464-project-member', 'project_domain_id': 'default', 'project_domain_name': 'Default', 'project_id': 'ff6de5373ff243a690fa4c65170ee9e9', 'project_name': 'tempest-KeyPairsNegativeTestJSON-529991464', 'tenant_id': 'ff6de5373ff243a690fa4c65170ee9e9', 'tenant_name': 'tempest-KeyPairsNegativeTestJSON-529991464', 'user_domain_id': 'default', 'user_domain_name': 'Default', 'user_id': '59c30c44d9fd4683a1f85346b5cf0ba2', 'system': None}, Network: None, Subnet: None, Router: None
2025-11-26 08:23:29.052 61832 INFO tempest.lib.common.dynamic_creds [-] Created isolated network resources for: credentials: Credentials: {'domain_id': 'default', 'domain_name': 'Default', 'username': 'tempest-KeyPairsNegativeTestJSON-529991464-project-member', 'project_domain_id': 'default', 'project_domain_name': 'Default', 'project_id': 'ff6de5373ff243a690fa4c65170ee9e9', 'project_name': 'tempest-KeyPairsNegativeTestJSON-529991464', 'tenant_id': 'ff6de5373ff243a690fa4c65170ee9e9', 'tenant_name': 'tempest-KeyPairsNegativeTestJSON-529991464', 'user_domain_id': 'default', 'user_domain_name': 'Default', 'user_id': '59c30c44d9fd4683a1f85346b5cf0ba2', 'system': None}, Network: None, Subnet: None, Router: None
2025-11-26 08:23:29.112 61866 INFO tempest.lib.common.rest_client [req-c4abceb1-576d-42b3-9518-e61ad5c4c19d req-c4abceb1-576d-42b3-9518-e61ad5c4c19d ] Request (ServerMetadataTestJSON:setUpClass): 201 POST http://10.180.1.21/identity/v3/auth/tokens 0.123s
2025-11-26 08:23:29.114 61850 INFO tempest.lib.common.rest_client [req-7b52ec28-1402-4146-bf23-df03b3719dfa req-7b52ec28-1402-4146-bf23-df03b3719dfa ] Request (ServersAdminNegativeTestJSON:setUpClass): 200 GET http://10.180.1.21/compute/v2.1/servers/8725d6e7-57cc-4d55-b21a-4aee65d5228b 1.278s
2025-11-26 08:23:29.118 61838 INFO tempest.lib.common.rest_client [req-3426dfaa-cd15-4c08-9eaa-86f50549f57a req-3426dfaa-cd15-4c08-9eaa-86f50549f57a ] Request (SecurityGroupsNegativeTestJSON:test_delete_security_group_without_passing_id): 404 DELETE http://10.180.1.21/compute/v2.1/os-security-groups/ 1.274s
2025-11-26 08:23:29.129 61828 INFO tempest.lib.common.rest_client [req-7b656cf0-549f-4f9b-a32a-f0f20e392ea6 req-7b656cf0-549f-4f9b-a32a-f0f20e392ea6 ] Request (HostsAdminNegativeTestJSON:test_show_host_detail_with_nonexistent_hostname): 404 GET http://10.180.1.21/compute/v2.1/os-hosts/nonexistent_hostname 1.279s
2025-11-26 08:23:29.132 61842 INFO tempest.lib.common.rest_client [req-157d125e-b512-49ae-af3a-50a485b26eb1 req-157d125e-b512-49ae-af3a-50a485b26eb1 ] Request (FloatingIPsAssociationNegativeTestJSON:setUpClass): 200 GET http://10.180.1.21/compute/v2.1/servers/933ffe74-6883-4676-9be8-f12e45be35e0 1.318s
2025-11-26 08:23:29.133 61832 INFO tempest.lib.common.rest_client [req-29abb6c6-2bdd-458a-8ee2-dd9f5de204b3 req-29abb6c6-2bdd-458a-8ee2-dd9f5de204b3 ] Request (KeyPairsNegativeTestJSON:setUpClass): 201 POST http://10.180.1.21/identity/v3/auth/tokens 0.076s
2025-11-26 08:23:29.146 61866 INFO tempest.lib.common.rest_client [req-0ad0b61d-4adf-485d-9b94-fb030c50ab88 req-0ad0b61d-4adf-485d-9b94-fb030c50ab88 ] Request (ServerMetadataTestJSON:setUpClass): 201 POST http://10.180.1.21/identity/v3/auth/tokens 0.030s
2025-11-26 08:23:29.158 61830 INFO tempest.lib.common.rest_client [req-e69b96d5-0953-499c-bed8-eb4e9030cffd req-e69b96d5-0953-499c-bed8-eb4e9030cffd ] Request (KeyPairsV22TestJSON:test_keypairs_create_list_delete): 201 POST http://10.180.1.21/compute/v2.1/os-keypairs 1.279s
2025-11-26 08:23:29.176 61866 INFO tempest.lib.common.rest_client [req-2c895122-e73b-4387-a549-b4d585942db0 req-2c895122-e73b-4387-a549-b4d585942db0 ] Request (ServerMetadataTestJSON:setUpClass): 200 GET http://10.180.1.21/identity/v3/domains?name=Default 0.030s
2025-11-26 08:23:29.188 61820 INFO tempest.lib.common.rest_client [req-80c73c07-f4ed-49c3-9a62-f976d07691d1 req-80c73c07-f4ed-49c3-9a62-f976d07691d1 ] Request (ServerAddressesNegativeTestJSON:setUpClass): 200 GET http://10.180.1.21/compute/v2.1/servers/643dbc96-7e32-4442-ab44-cbd74b0ffd72 1.291s
2025-11-26 08:23:29.204 61866 INFO tempest.lib.common.rest_client [req-7df375dd-b31c-4e48-92b7-0816754b00dd req-7df375dd-b31c-4e48-92b7-0816754b00dd ] Request (ServerMetadataTestJSON:setUpClass): 201 POST http://10.180.1.21/identity/v3/projects 0.027s
