2025-11-26 08:24:14.556 61848 INFO tempest.lib.common.rest_client [req-2b0a3b9e-5363-4dec-a9a5-849375152bba req-2b0a3b9e-5363-4dec-a9a5-849375152bba ] Request (InstanceActionsNegativeTestJSON:setUpClass): 200 GET http://10.180.1.21/compute/v2.1/servers/37256e1b-8191-4bee-a3c3-dd31c99d9301 0.083s
2025-11-26 08:24:14.632 61842 INFO tempest.lib.common.rest_client [req-e5b11efe-61b0-4da7-b8b4-d3ef0aad95cc req-e5b11efe-61b0-4da7-b8b4-d3ef0aad95cc ] Request (FloatingIPsAssociationNegativeTestJSON:setUpClass): 200 GET http://10.180.1.21/compute/v2.1/servers/933ffe74-6883-4676-9be8-f12e45be35e0 0.115s
2025-11-26 08:24:14.694 61858 INFO tempest.lib.common.rest_client [req-9238c005-a1d6-41a4-8966-16fc59abfb42 req-9238c005-a1d6-41a4-8966-16fc59abfb42 ] Request (ImagesTestJSON:test_create_image_from_stopped_server): 200 GET http://10.180.1.21/compute/v2.1/servers/da95334f-ebbf-4a7f-8492-ca310028c4dd 0.093s
2025-11-26 08:24:14.785 61824 INFO tempest.lib.common.rest_client [req-58bda37c-f2c9-4a32-b89f-90c26ed52970 req-58bda37c-f2c9-4a32-b89f-90c26ed52970 ] Request (ListServerFiltersTestJSON:setUpClass): 200 GET http://10.180.1.21/compute/v2.1/servers/549dbec8-1008-4930-8e2d-97cd11cfa45f 0.048s
2025-11-26 08:24:14.788 61816 INFO tempest.lib.common.rest_client [req-4cb58768-5c1f-4e44-9611-cf970dc45559 req-4cb58768-5c1f-4e44-9611-cf970dc45559 ] Request (ServersAdminTestJSON:setUpClass): 200 GET http://10.180.1.21/compute/v2.1/servers/a9cca36b-ee0e-42b3-9c26-61c9b0715312 0.096s
2025-11-26 08:24:14.835 61812 INFO tempest.lib.common.rest_client [req-fa3c3dca-d02a-4fd3-8c20-ae7f19c6913e req-fa3c3dca-d02a-4fd3-8c20-ae7f19c6913e ] Request (MigrationsAdminTest:test_list_migrations_in_flavor_resize_situation): 200 GET http://10.180.1.21/compute/v2.1/servers/8c57d493-12c4-47fe-a355-c9ade98b7158 0.052s
2025-11-26 08:24:14.880 61834 INFO tempest.lib.common.rest_client [req-cc4009a0-8040-494a-a9c5-fdd1a88edde2 req-cc4009a0-8040-494a-a9c5-fdd1a88edde2 ] Request (DeleteServersTestJSON:test_delete_active_server): 200 GET http://10.180.1.21/compute/v2.1/servers/a8b2d4b2-731f-489a-8b11-c816e6827189 0.096s
2025-11-26 08:24:14.880 61850 INFO tempest.lib.common.rest_client [req-14e4cd90-abda-4c67-ae0d-f6e24bb8ec55 req-14e4cd90-abda-4c67-ae0d-f6e24bb8ec55 ] Request (ServersAdminNegativeTestJSON:setUpClass): 200 GET http://10.180.1.21/compute/v2.1/servers/8725d6e7-57cc-4d55-b21a-4aee65d5228b 0.142s
2025-11-26 08:24:14.926 61832 INFO tempest.lib.common.rest_client [req-8c95fb06-82a1-4047-82df-8131390a6f96 req-8c95fb06-82a1-4047-82df-8131390a6f96 ] Request (SecurityGroupsTestJSON:test_list_security_groups_by_server): 200 GET http://10.180.1.21/compute/v2.1/servers/3fb9b32d-193f-4968-8783-54d25253f94f 0.096s
2025-11-26 08:24:14.927 61846 INFO tempest.lib.common.rest_client [req-37542d1d-fabd-49ca-a0df-e7d11cae2e88 req-37542d1d-fabd-49ca-a0df-e7d11cae2e88 ] Request (ServerDiagnosticsV248Test:test_get_server_diagnostics): 200 GET http://10.180.1.21/compute/v2.1/servers/fbd512f6-5c22-4a40-846c-0fece5ee7bcb 0.094s
2025-11-26 08:24:14.972 61866 INFO tempest.lib.common.rest_client [req-70b3446d-1210-4df2-b5e0-51eeced86fa8 req-70b3446d-1210-4df2-b5e0-51eeced86fa8 ] Request (ServerMetadataTestJSON:setUpClass): 200 GET http://10.180.1.21/compute/v2.1/servers/65a29af2-4c3b-4556-ae95-adab1fa7aad4 0.097s
2025-11-26 08:24:14.975 61830 INFO tempest.lib.common.rest_client [req-f2f7322f-b8db-435f-befc-beffaad7866d req-f2f7322f-b8db-435f-befc-beffaad7866d ] Request (ListServersNegativeTestJSON:setUpClass): 200 GET http://10.180.1.21/compute/v2.1/servers/02a2cbdf-c522-4ba5-9914-ccf1c51e0130 0.099s
2025-11-26 08:24:15.020 61838 INFO tempest.lib.common.rest_client [req-f515f4fa-7b4f-4329-a737-27df45e006f6 req-f515f4fa-7b4f-4329-a737-27df45e006f6 ] Request (ServerActionsV293TestJSON:setUpClass): 200 GET http://10.180.1.21/compute/v2.1/servers/12cd88c0-09c1-42de-8fdd-03139718ca17 0.095s
2025-11-26 08:24:15.110 61864 INFO tempest.lib.common.rest_client [req-d198d44c-7c23-49a4-9ab5-25a2df52060e req-d198d44c-7c23-49a4-9ab5-25a2df52060e ] Request (ImagesOneServerTestJSON:setUpClass): 200 GET http://10.180.1.21/compute/v2.1/servers/c445065e-68e5-4dda-ba5d-314dc2da12cf 0.095s
2025-11-26 08:24:15.238 61804 INFO tempest.lib.common.rest_client [req-a55559be-fa5f-483b-bff0-de3f293dd518 req-a55559be-fa5f-483b-bff0-de3f293dd518 ] Request (ServerDiagnosticsTest:test_get_server_diagnostics): 200 GET http://10.180.1.21/compute/v2.1/servers/72dd6ff6-43bb-4b4e-9d3d-7d89ad4d54af 0.092s
2025-11-26 08:24:15.238 61810 INFO tempest.lib.common.rest_client [req-d8e69d77-954e-4cb5-910c-48e55ebba918 req-d8e69d77-954e-4cb5-910c-48e55ebba918 ] Request (DeleteServersAdminTestJSON:test_delete_server_while_in_error_state): 200 GET http://10.180.1.21/compute/v2.1/servers/338e2879-7dbe-4334-80da-4bbc1a071aa8 0.048s
2025-11-26 08:24:15.284 61860 INFO tempest.lib.common.rest_client [req-abbb891d-261b-48ec-9b77-6c2e8035987a req-abbb891d-261b-48ec-9b77-6c2e8035987a ] Request (ServerActionsTestOtherA:setUpClass): 200 GET http://10.180.1.21/compute/v2.1/servers/79b5dc73-2168-46b5-8045-13e92666a69a 0.050s
2025-11-26 08:24:15.328 61862 INFO tempest.lib.common.rest_client [req-17df1013-efe7-47a3-a370-4296347c2cdb req-17df1013-efe7-47a3-a370-4296347c2cdb ] Request (ServerExternalEventsTest:test_create_server_external_events): 200 GET http://10.180.1.21/compute/v2.1/servers/413e21a0-5b33-44d1-9964-82e3da294808 0.081s
2025-11-26 08:24:15.329 61836 INFO tempest.lib.common.rest_client [req-b8ccdcfa-07b3-4c56-afef-30535411cb46 req-b8ccdcfa-07b3-4c56-afef-30535411cb46 ] Request (AttachInterfacesV270Test:test_create_get_list_interfaces): 200 GET http://10.180.1.21/compute/v2.1/servers/9cb4ec1b-e422-491d-8ee9-0103c740ea5b 0.127s
2025-11-26 08:24:15.373 61820 INFO tempest.lib.common.rest_client [req-c3820344-ab17-41d8-8609-261ee59986b0 req-c3820344-ab17-41d8-8609-261ee59986b0 ] Request (ServerAddressesNegativeTestJSON:setUpClass): 200 GET http://10.180.1.21/compute/v2.1/servers/643dbc96-7e32-4442-ab44-cbd74b0ffd72 0.083s
2025-11-26 08:24:15.382 61844 INFO tempest.lib.common.rest_client [req-a82f4577-fcca-40d5-ac9e-fbd8fe5751c7 req-a82f4577-fcca-40d5-ac9e-fbd8fe5751c7 ] Request (VolumesAssistedSnapshotsTest:test_volume_assisted_snapshot_create_delete): 200 GET http://10.180.1.21/compute/v2.1/servers/fe988112-9ee6-4fa7-8914-87119aaa2549 0.048s
2025-11-26 08:24:15.465 61852 INFO tempest.lib.common.rest_client [req-c1062727-40a5-4ea3-8bfb-b6f4deca9e33 req-c1062727-40a5-4ea3-8bfb-b6f4deca9e33 ] Request (ServersAdmin275Test:test_rebuild_update_server_275): 200 GET http://10.180.1.21/compute/v2.1/servers/f42d10b1-6733-4c39-9230-fd41dd82bb20 0.052s
2025-11-26 08:24:15.508 61806 INFO tempest.lib.common.rest_client [req-b3aab141-0df9-4c8e-938e-622f9eadf76b req-b3aab141-0df9-4c8e-938e-622f9eadf76b ] Request (VolumesAdminNegativeTest:test_update_attached_volume_with_nonexistent_volume_in_uri): 200 GET http://10.180.1.21/compute/v2.1/servers/f63a7f37-09ac-4fe8-a1a3-7e13eb158526 0.146s
2025-11-26 08:24:15.516 61814 INFO tempest.lib.common.rest_client [req-d26cecff-f48b-40c3-bfd4-6d9ce98d43ae req-d26cecff-f48b-40c3-bfd4-6d9ce98d43ae ] Request (ServersV294TestFqdnHostnames:setUpClass): 200 GET http://10.180.1.21/compute/v2.1/servers/12a02fd4-ae5d-4e7f-96e1-27d50d54bc24 0.056s
2025-11-26 08:24:15.560 61854 INFO tempest.lib.common.rest_client [req-dc728fa8-a9ce-4f86-82b9-fadbd1d8b617 req-dc728fa8-a9ce-4f86-82b9-fadbd1d8b617 ] Request (ServersNegativeTestJSON:setUpClass): 200 GET http://10.180.1.21/compute/v2.1/servers/0d55fe3b-3a7e-493d-b705-10241a2ac392 0.057s
2025-11-26 08:24:15.599 61856 INFO tempest.lib.common.rest_client [req-2a46e023-eb26-4605-9d16-707d07d8bb08 req-2a46e023-eb26-4605-9d16-707d07d8bb08 ] Request (ServerMetadataNegativeTestJSON:setUpClass): 200 GET http://10.180.1.21/compute/v2.1/servers/4c70f154-7d65-4cea-ad90-8626f58b70f5 0.137s
2025-11-26 08:24:15.604 61818 INFO tempest.lib.common.rest_client [req-63d64744-68da-4b0f-bfdd-ef3e2c747a30 req-63d64744-68da-4b0f-bfdd-ef3e2c747a30 ] Request (ServersTestFqdnHostnames:test_create_server_with_fqdn_name): 200 GET http://10.180.1.21/compute/v2.1/servers/3d0bfbba-2fec-4063-91f3-3152b3ea537e 0.095s
2025-11-26 08:24:15.647 61808 INFO tempest.lib.common.rest_client [req-f4feb08a-cba2-4fd0-8d0e-b90b156dfdb1 req-f4feb08a-cba2-4fd0-8d0e-b90b156dfdb1 ] Request (ServersWithSpecificFlavorTestJSON:test_verify_created_server_ephemeral_disk): 200 GET http://10.180.1.21/compute/v2.1/servers/91def60e-ad74-435f-a006-eb5672928010 0.097s
2025-11-26 08:24:15.651 61848 INFO tempest.lib.common.rest_client [req-e064617b-1ff8-431c-85a1-fc11706a3948 req-e064617b-1ff8-431c-85a1-fc11706a3948 ] Request (InstanceActionsNegativeTestJSON:setUpClass): 200 GET http://10.180.1.21/compute/v2.1/servers/37256e1b-8191-4bee-a3c3-dd31c99d9301 0.088s
2025-11-26 08:24:15.774 61842 INFO tempest.lib.common.rest_client [req-d8d2b9b0-3403-4327-aad1-51be020d9f94 req-d8d2b9b0-3403-4327-aad1-51be020d9f94 ] Request (FloatingIPsAssociationNegativeTestJSON:setUpClass): 200 GET http://10.180.1.21/compute/v2.1/servers/933ffe74-6883-4676-9be8-f12e45be35e0 0.135s
2025-11-26 08:24:15.798 61858 INFO tempest.lib.common.rest_client [req-cfa53065-9c3c-4879-97c3-bbc7116356c8 req-cfa53065-9c3c-4879-97c3-bbc7116356c8 ] Request (ImagesTestJSON:test_create_image_from_stopped_server): 200 GET http://10.180.1.21/compute/v2.1/servers/da95334f-ebbf-4a7f-8492-ca310028c4dd 0.097s
2025-11-26 08:24:15.842 61824 INFO tempest.lib.common.rest_client [req-e038d51d-a51a-42ba-874e-45c6b9ee58e3 req-e038d51d-a51a-42ba-874e-45c6b9ee58e3 ] Request (ListServerFiltersTestJSON:setUpClass): 200 GET http://10.180.1.21/compute/v2.1/servers/549dbec8-1008-4930-8e2d-97cd11cfa45f 0.050s
2025-11-26 08:24:15.888 61812 INFO tempest.lib.common.rest_client [req-7faef340-6549-45a1-ade8-97c7a13ae692 req-7faef340-6549-45a1-ade8-97c7a13ae692 ] Request (MigrationsAdminTest:test_list_migrations_in_flavor_resize_situation): 200 GET http://10.180.1.21/compute/v2.1/servers/8c57d493-12c4-47fe-a355-c9ade98b7158 0.046s
2025-11-26 08:24:15.925 61816 INFO tempest.lib.common.rest_client [req-a3c79d3e-07a7-4b6f-8e23-0f8e45c10742 req-a3c79d3e-07a7-4b6f-8e23-0f8e45c10742 ] Request (ServersAdminTestJSON:setUpClass): 200 GET http://10.180.1.21/compute/v2.1/servers/a9cca36b-ee0e-42b3-9c26-61c9b0715312 0.130s
2025-11-26 08:24:15.935 61834 INFO tempest.lib.common.rest_client [req-7b8a2c96-d907-4b9e-94b5-360890647da2 req-7b8a2c96-d907-4b9e-94b5-360890647da2 ] Request (DeleteServersTestJSON:test_delete_active_server): 200 GET http://10.180.1.21/compute/v2.1/servers/a8b2d4b2-731f-489a-8b11-c816e6827189 0.048s
2025-11-26 08:24:16.018 61850 INFO tempest.lib.common.rest_client [req-2268f709-f1d3-490d-825c-1883f3dbb149 req-2268f709-f1d3-490d-825c-1883f3dbb149 ] Request (ServersAdminNegativeTestJSON:setUpClass): 200 GET http://10.180.1.21/compute/v2.1/servers/8725d6e7-57cc-4d55-b21a-4aee65d5228b 0.130s
2025-11-26 08:24:16.068 61846 INFO tempest.lib.common.rest_client [req-03e2e0f7-0ac4-4593-b8d5-43b759d5a48e req-03e2e0f7-0ac4-4593-b8d5-43b759d5a48e ] Request (ServerDiagnosticsV248Test:test_get_server_diagnostics): 200 GET http://10.180.1.21/compute/v2.1/servers/fbd512f6-5c22-4a40-846c-0fece5ee7bcb 0.132s
2025-11-26 08:24:16.113 61866 INFO tempest.lib.common.rest_client [req-da90aa97-a5be-4c8b-9c29-7fd409dde87d req-da90aa97-a5be-4c8b-9c29-7fd409dde87d ] Request (ServerMetadataTestJSON:setUpClass): 200 GET http://10.180.1.21/compute/v2.1/servers/65a29af2-4c3b-4556-ae95-adab1fa7aad4 0.134s
2025-11-26 08:24:16.144 61832 INFO tempest.lib.common.rest_client [req-393af8a2-8a90-46e3-93aa-f6a57f2a016b req-393af8a2-8a90-46e3-93aa-f6a57f2a016b ] Request (SecurityGroupsTestJSON:test_list_security_groups_by_server): 200 GET http://10.180.1.21/compute/v2.1/servers/3fb9b32d-193f-4968-8783-54d25253f94f 0.211s
2025-11-26 08:24:16.156 61830 INFO tempest.lib.common.rest_client [req-1de15f66-0d4b-4cd8-88bb-15ca24f02b2d req-1de15f66-0d4b-4cd8-88bb-15ca24f02b2d ] Request (ListServersNegativeTestJSON:setUpClass): 200 GET http://10.180.1.21/compute/v2.1/servers/02a2cbdf-c522-4ba5-9914-ccf1c51e0130 0.174s
2025-11-26 08:24:16.193 61838 INFO tempest.lib.common.rest_client [req-c5ea4bec-4dfa-4bcf-863e-d9ea5c9629c5 req-c5ea4bec-4dfa-4bcf-863e-d9ea5c9629c5 ] Request (ServerActionsV293TestJSON:setUpClass): 200 GET http://10.180.1.21/compute/v2.1/servers/12cd88c0-09c1-42de-8fdd-03139718ca17 0.164s
2025-11-26 08:24:16.286 61864 INFO tempest.lib.common.rest_client [req-cc8504c0-0053-4186-8458-6f51f0c88b53 req-cc8504c0-0053-4186-8458-6f51f0c88b53 ] Request (ImagesOneServerTestJSON:setUpClass): 200 GET http://10.180.1.21/compute/v2.1/servers/c445065e-68e5-4dda-ba5d-314dc2da12cf 0.170s
2025-11-26 08:24:16.292 61810 INFO tempest.lib.common.rest_client [req-b0f09e06-2bc4-469b-ae63-20e958a1b2aa req-b0f09e06-2bc4-469b-ae63-20e958a1b2aa ] Request (DeleteServersAdminTestJSON:test_delete_server_while_in_error_state): 200 GET http://10.180.1.21/compute/v2.1/servers/338e2879-7dbe-4334-80da-4bbc1a071aa8 0.047s
2025-11-26 08:24:16.337 61860 INFO tempest.lib.common.rest_client [req-9184a175-c9b0-473b-8e7a-01099dd63a2d req-9184a175-c9b0-473b-8e7a-01099dd63a2d ] Request (ServerActionsTestOtherA:setUpClass): 200 GET http://10.180.1.21/compute/v2.1/servers/79b5dc73-2168-46b5-8045-13e92666a69a 0.045s
2025-11-26 08:24:16.376 61804 INFO tempest.lib.common.rest_client [req-39705201-c24a-410b-82e3-5bef50ca61cd req-39705201-c24a-410b-82e3-5bef50ca61cd ] Request (ServerDiagnosticsTest:test_get_server_diagnostics): 200 GET http://10.180.1.21/compute/v2.1/servers/72dd6ff6-43bb-4b4e-9d3d-7d89ad4d54af 0.131s
2025-11-26 08:24:16.381 61862 INFO tempest.lib.common.rest_client [req-b850db32-fe9f-4170-b876-399ffa567270 req-b850db32-fe9f-4170-b876-399ffa567270 ] Request (ServerExternalEventsTest:test_create_server_external_events): 200 GET http://10.180.1.21/compute/v2.1/servers/413e21a0-5b33-44d1-9964-82e3da294808 0.046s
2025-11-26 08:24:16.427 61820 INFO tempest.lib.common.rest_client [req-95d401af-0a7a-412d-b70d-54d4f0f288a1 req-95d401af-0a7a-412d-b70d-54d4f0f288a1 ] Request (ServerAddressesNegativeTestJSON:setUpClass): 200 GET http://10.180.1.21/compute/v2.1/servers/643dbc96-7e32-4442-ab44-cbd74b0ffd72 0.047s
2025-11-26 08:24:16.470 61836 INFO tempest.lib.common.rest_client [req-aab86b50-f1ee-46de-91e8-bff5d131fad2 req-aab86b50-f1ee-46de-91e8-bff5d131fad2 ] Request (AttachInterfacesV270Test:test_create_get_list_interfaces): 200 GET http://10.180.1.21/compute/v2.1/servers/9cb4ec1b-e422-491d-8ee9-0103c740ea5b 0.132s
2025-11-26 08:24:16.473 61844 INFO tempest.lib.common.rest_client [req-485c07ce-dea3-466c-9b47-f7da1840670f req-485c07ce-dea3-466c-9b47-f7da1840670f ] Request (VolumesAssistedSnapshotsTest:test_volume_assisted_snapshot_create_delete): 200 GET http://10.180.1.21/compute/v2.1/servers/fe988112-9ee6-4fa7-8914-87119aaa2549 0.082s
2025-11-26 08:24:16.530 61852 INFO tempest.lib.common.rest_client [req-d5ca0951-e2e9-4439-9e90-0b6fe0dd74ed req-d5ca0951-e2e9-4439-9e90-0b6fe0dd74ed ] Request (ServersAdmin275Test:test_rebuild_update_server_275): 200 GET http://10.180.1.21/compute/v2.1/servers/f42d10b1-6733-4c39-9230-fd41dd82bb20 0.055s
2025-11-26 08:24:16.582 61814 INFO tempest.lib.common.rest_client [req-95a4406f-a30c-44d3-8918-1da845184913 req-95a4406f-a30c-44d3-8918-1da845184913 ] Request (ServersV294TestFqdnHostnames:setUpClass): 200 GET http://10.180.1.21/compute/v2.1/servers/12a02fd4-ae5d-4e7f-96e1-27d50d54bc24 0.057s
2025-11-26 08:24:16.610 61806 INFO tempest.lib.common.rest_client [req-3747fc9f-5584-4187-b6cd-23a4e595d292 req-3747fc9f-5584-4187-b6cd-23a4e595d292 ] Request (VolumesAdminNegativeTest:test_update_attached_volume_with_nonexistent_volume_in_uri): 200 GET http://10.180.1.21/compute/v2.1/servers/f63a7f37-09ac-4fe8-a1a3-7e13eb158526 0.095s
2025-11-26 08:24:16.627 61854 INFO tempest.lib.common.rest_client [req-dac8ebb4-924c-4fd3-9969-2bafcff5a9d5 req-dac8ebb4-924c-4fd3-9969-2bafcff5a9d5 ] Request (ServersNegativeTestJSON:setUpClass): 200 GET http://10.180.1.21/compute/v2.1/servers/0d55fe3b-3a7e-493d-b705-10241a2ac392 0.060s
2025-11-26 08:24:16.671 61818 INFO tempest.lib.common.rest_client [req-9588cf5f-4856-400c-ba21-902b277e4da1 req-9588cf5f-4856-400c-ba21-902b277e4da1 ] Request (ServersTestFqdnHostnames:test_create_server_with_fqdn_name): 200 GET http://10.180.1.21/compute/v2.1/servers/3d0bfbba-2fec-4063-91f3-3152b3ea537e 0.060s
2025-11-26 08:24:16.705 61856 INFO tempest.lib.common.rest_client [req-cbb03297-3a9f-457d-b318-9ff3d58911b1 req-cbb03297-3a9f-457d-b318-9ff3d58911b1 ] Request (ServerMetadataNegativeTestJSON:setUpClass): 200 GET http://10.180.1.21/compute/v2.1/servers/4c70f154-7d65-4cea-ad90-8626f58b70f5 0.098s
2025-11-26 08:24:16.716 61808 INFO tempest.lib.common.rest_client [req-8c225450-8dc0-4f2a-b0d0-74f65ae4f772 req-8c225450-8dc0-4f2a-b0d0-74f65ae4f772 ] Request (ServersWithSpecificFlavorTestJSON:test_verify_created_server_ephemeral_disk): 200 GET http://10.180.1.21/compute/v2.1/servers/91def60e-ad74-435f-a006-eb5672928010 0.061s
2025-11-26 08:24:16.750 61848 INFO tempest.lib.common.rest_client [req-21931460-68c0-49b9-8eb4-a82066ff69d7 req-21931460-68c0-49b9-8eb4-a82066ff69d7 ] Request (InstanceActionsNegativeTestJSON:setUpClass): 200 GET http://10.180.1.21/compute/v2.1/servers/37256e1b-8191-4bee-a3c3-dd31c99d9301 0.092s
2025-11-26 08:24:16.877 61842 INFO tempest.lib.common.rest_client [req-41ca169b-f00d-4643-b272-cc651642e1bc req-41ca169b-f00d-4643-b272-cc651642e1bc ] Request (FloatingIPsAssociationNegativeTestJSON:setUpClass): 200 GET http://10.180.1.21/compute/v2.1/servers/933ffe74-6883-4676-9be8-f12e45be35e0 0.095s
2025-11-26 08:24:16.919 61824 INFO tempest.lib.common.rest_client [req-98d8ea58-2ad2-4244-bac2-961e64fe5b31 req-98d8ea58-2ad2-4244-bac2-961e64fe5b31 ] Request (ListServerFiltersTestJSON:setUpClass): 200 GET http://10.180.1.21/compute/v2.1/servers/549dbec8-1008-4930-8e2d-97cd11cfa45f 0.071s
2025-11-26 08:24:16.938 61858 INFO tempest.lib.common.rest_client [req-e26ea571-7a98-4ce4-b819-c5302e579196 req-e26ea571-7a98-4ce4-b819-c5302e579196 ] Request (ImagesTestJSON:test_create_image_from_stopped_server): 200 GET http://10.180.1.21/compute/v2.1/servers/da95334f-ebbf-4a7f-8492-ca310028c4dd 0.131s
2025-11-26 08:24:16.964 61812 INFO tempest.lib.common.rest_client [req-9c901566-4ad4-4aa3-8ff4-c21d664c1d28 req-9c901566-4ad4-4aa3-8ff4-c21d664c1d28 ] Request (MigrationsAdminTest:test_list_migrations_in_flavor_resize_situation): 200 GET http://10.180.1.21/compute/v2.1/servers/8c57d493-12c4-47fe-a355-c9ade98b7158 0.068s
2025-11-26 08:24:17.008 61834 INFO tempest.lib.common.rest_client [req-d1fea1be-29e1-4dbb-9b18-b1dbd8145d49 req-d1fea1be-29e1-4dbb-9b18-b1dbd8145d49 ] Request (DeleteServersTestJSON:test_delete_active_server): 200 GET http://10.180.1.21/compute/v2.1/servers/a8b2d4b2-731f-489a-8b11-c816e6827189 0.066s
2025-11-26 08:24:17.067 61816 INFO tempest.lib.common.rest_client [req-9450f4e3-d92c-4a82-83f4-557cc804efcc req-9450f4e3-d92c-4a82-83f4-557cc804efcc ] Request (ServersAdminTestJSON:setUpClass): 200 GET http://10.180.1.21/compute/v2.1/servers/a9cca36b-ee0e-42b3-9c26-61c9b0715312 0.135s
2025-11-26 08:24:17.118 61850 INFO tempest.lib.common.rest_client [req-13dd2798-b845-4428-92ac-0b2a02b01190 req-13dd2798-b845-4428-92ac-0b2a02b01190 ] Request (ServersAdminNegativeTestJSON:setUpClass): 200 GET http://10.180.1.21/compute/v2.1/servers/8725d6e7-57cc-4d55-b21a-4aee65d5228b 0.093s
2025-11-26 08:24:17.128 61846 INFO tempest.lib.common.rest_client [req-2c884c54-069d-4625-8271-410a17625e2c req-2c884c54-069d-4625-8271-410a17625e2c ] Request (ServerDiagnosticsV248Test:test_get_server_diagnostics): 200 GET http://10.180.1.21/compute/v2.1/servers/fbd512f6-5c22-4a40-846c-0fece5ee7bcb 0.051s
2025-11-26 08:24:17.168 61866 INFO tempest.lib.common.rest_client [req-9c622ebf-dcf5-4bc3-9a4b-b084d89dca34 req-9c622ebf-dcf5-4bc3-9a4b-b084d89dca34 ] Request (ServerMetadataTestJSON:setUpClass): 200 GET http://10.180.1.21/compute/v2.1/servers/65a29af2-4c3b-4556-ae95-adab1fa7aad4 0.048s
2025-11-26 08:24:17.202 61832 INFO tempest.lib.common.rest_client [req-964e8074-bc4f-43de-997f-d4b2861f5a3c req-964e8074-bc4f-43de-997f-d4b2861f5a3c ] Request (SecurityGroupsTestJSON:test_list_security_groups_by_server): 200 GET http://10.180.1.21/compute/v2.1/servers/3fb9b32d-193f-4968-8783-54d25253f94f 0.049s
2025-11-26 08:24:17.214 61830 INFO tempest.lib.common.rest_client [req-afc9d0ce-c9aa-4b61-8d65-f779a151df29 req-afc9d0ce-c9aa-4b61-8d65-f779a151df29 ] Request (ListServersNegativeTestJSON:setUpClass): 200 GET http://10.180.1.21/compute/v2.1/servers/02a2cbdf-c522-4ba5-9914-ccf1c51e0130 0.050s
2025-11-26 08:24:17.253 61838 INFO tempest.lib.common.rest_client [req-d4dee5e4-3f38-42b9-9a2b-15b37b7ac9b1 req-d4dee5e4-3f38-42b9-9a2b-15b37b7ac9b1 ] Request (ServerActionsV293TestJSON:setUpClass): 200 GET http://10.180.1.21/compute/v2.1/servers/12cd88c0-09c1-42de-8fdd-03139718ca17 0.051s
2025-11-26 08:24:17.346 61810 INFO tempest.lib.common.rest_client [req-6c3ea30b-0693-4d60-8b07-7defde7c6298 req-6c3ea30b-0693-4d60-8b07-7defde7c6298 ] Request (DeleteServersAdminTestJSON:test_delete_server_while_in_error_state): 200 GET http://10.180.1.21/compute/v2.1/servers/338e2879-7dbe-4334-80da-4bbc1a071aa8 0.048s
2025-11-26 08:24:17.390 61864 INFO tempest.lib.common.rest_client [req-a5b3bd8c-7115-474a-bf5a-993eedb1baa9 req-a5b3bd8c-7115-474a-bf5a-993eedb1baa9 ] Request (ImagesOneServerTestJSON:setUpClass): 200 GET http://10.180.1.21/compute/v2.1/servers/c445065e-68e5-4dda-ba5d-314dc2da12cf 0.097s
2025-11-26 08:24:17.390 61860 INFO tempest.lib.common.rest_client [req-e9d305aa-47f9-4bd0-86e3-e936c056bced req-e9d305aa-47f9-4bd0-86e3-e936c056bced ] Request (ServerActionsTestOtherA:setUpClass): 200 GET http://10.180.1.21/compute/v2.1/servers/79b5dc73-2168-46b5-8045-13e92666a69a 0.047s
2025-11-26 08:24:17.437 61862 INFO tempest.lib.common.rest_client [req-6f2ee482-02c2-4b82-85ad-e0ae483d3791 req-6f2ee482-02c2-4b82-85ad-e0ae483d3791 ] Request (ServerExternalEventsTest:test_create_server_external_events): 200 GET http://10.180.1.21/compute/v2.1/servers/413e21a0-5b33-44d1-9964-82e3da294808 0.049s
2025-11-26 08:24:17.480 61804 INFO tempest.lib.common.rest_client [req-d71a5990-61d4-428a-9d6b-669573f42a82 req-d71a5990-61d4-428a-9d6b-669573f42a82 ] Request (ServerDiagnosticsTest:test_get_server_diagnostics): 200 GET http://10.180.1.21/compute/v2.1/servers/72dd6ff6-43bb-4b4e-9d3d-7d89ad4d54af 0.097s
2025-11-26 08:24:17.482 61820 INFO tempest.lib.common.rest_client [req-7dda140f-4121-47ec-91f0-2a324fd89714 req-7dda140f-4121-47ec-91f0-2a324fd89714 ] Request (ServerAddressesNegativeTestJSON:setUpClass): 200 GET http://10.180.1.21/compute/v2.1/servers/643dbc96-7e32-4442-ab44-cbd74b0ffd72 0.046s
2025-11-26 08:24:17.525 61844 INFO tempest.lib.common.rest_client [req-09957d0f-9064-46df-bbb6-f4c778e61b7c req-09957d0f-9064-46df-bbb6-f4c778e61b7c ] Request (VolumesAssistedSnapshotsTest:test_volume_assisted_snapshot_create_delete): 200 GET http://10.180.1.21/compute/v2.1/servers/fe988112-9ee6-4fa7-8914-87119aaa2549 0.046s
2025-11-26 08:24:17.579 61836 INFO tempest.lib.common.rest_client [req-dd8eaf1c-5039-46e3-a843-774137481e29 req-dd8eaf1c-5039-46e3-a843-774137481e29 ] Request (AttachInterfacesV270Test:test_create_get_list_interfaces): 200 GET http://10.180.1.21/compute/v2.1/servers/9cb4ec1b-e422-491d-8ee9-0103c740ea5b 0.100s
2025-11-26 08:24:17.594 61852 INFO tempest.lib.common.rest_client [req-43c5c8b2-c992-4a42-8012-15b1a2da6665 req-43c5c8b2-c992-4a42-8012-15b1a2da6665 ] Request (ServersAdmin275Test:test_rebuild_update_server_275): 200 GET http://10.180.1.21/compute/v2.1/servers/f42d10b1-6733-4c39-9230-fd41dd82bb20 0.055s
2025-11-26 08:24:17.646 61814 INFO tempest.lib.common.rest_client [req-9ab49217-30d1-4b57-94be-6a77cb3487a8 req-9ab49217-30d1-4b57-94be-6a77cb3487a8 ] Request (ServersV294TestFqdnHostnames:setUpClass): 200 GET http://10.180.1.21/compute/v2.1/servers/12a02fd4-ae5d-4e7f-96e1-27d50d54bc24 0.054s
2025-11-26 08:24:17.693 61854 INFO tempest.lib.common.rest_client [req-2a495413-947b-4a75-84f2-e7a85b45dc84 req-2a495413-947b-4a75-84f2-e7a85b45dc84 ] Request (ServersNegativeTestJSON:setUpClass): 200 GET http://10.180.1.21/compute/v2.1/servers/0d55fe3b-3a7e-493d-b705-10241a2ac392 0.059s
2025-11-26 08:24:17.710 61806 INFO tempest.lib.common.rest_client [req-b3687f57-7e52-4d6b-aae0-35ee5ca2eee8 req-b3687f57-7e52-4d6b-aae0-35ee5ca2eee8 ] Request (VolumesAdminNegativeTest:test_update_attached_volume_with_nonexistent_volume_in_uri): 200 GET http://10.180.1.21/compute/v2.1/servers/f63a7f37-09ac-4fe8-a1a3-7e13eb158526 0.092s
2025-11-26 08:24:17.737 61818 INFO tempest.lib.common.rest_client [req-9183b2e1-885e-40fa-8c99-a7654075de4c req-9183b2e1-885e-40fa-8c99-a7654075de4c ] Request (ServersTestFqdnHostnames:test_create_server_with_fqdn_name): 200 GET http://10.180.1.21/compute/v2.1/servers/3d0bfbba-2fec-4063-91f3-3152b3ea537e 0.059s
2025-11-26 08:24:17.783 61808 INFO tempest.lib.common.rest_client [req-1732e09d-3ced-4df7-9f5c-67249a714729 req-1732e09d-3ced-4df7-9f5c-67249a714729 ] Request (ServersWithSpecificFlavorTestJSON:test_verify_created_server_ephemeral_disk): 200 GET http://10.180.1.21/compute/v2.1/servers/91def60e-ad74-435f-a006-eb5672928010 0.060s
2025-11-26 08:24:17.829 61848 INFO tempest.lib.common.rest_client [req-7f131357-e0b4-4501-93ad-9a5bf4e15c05 req-7f131357-e0b4-4501-93ad-9a5bf4e15c05 ] Request (InstanceActionsNegativeTestJSON:setUpClass): 200 GET http://10.180.1.21/compute/v2.1/servers/37256e1b-8191-4bee-a3c3-dd31c99d9301 0.072s
2025-11-26 08:24:17.846 61856 INFO tempest.lib.common.rest_client [req-3c919db5-7279-4049-841a-473fcc396dff req-3c919db5-7279-4049-841a-473fcc396dff ] Request (ServerMetadataNegativeTestJSON:setUpClass): 200 GET http://10.180.1.21/compute/v2.1/servers/4c70f154-7d65-4cea-ad90-8626f58b70f5 0.134s
2025-11-26 08:24:17.974 61824 INFO tempest.lib.common.rest_client [req-c9867a6e-dd89-4a16-bc37-c8c8377f6c6c req-c9867a6e-dd89-4a16-bc37-c8c8377f6c6c ] Request (ListServerFiltersTestJSON:setUpClass): 200 GET http://10.180.1.21/compute/v2.1/servers/549dbec8-1008-4930-8e2d-97cd11cfa45f 0.047s
2025-11-26 08:24:17.980 61842 INFO tempest.lib.common.rest_client [req-cf6b0f18-a201-451e-9ea4-249b980e83c0 req-cf6b0f18-a201-451e-9ea4-249b980e83c0 ] Request (FloatingIPsAssociationNegativeTestJSON:setUpClass): 200 GET http://10.180.1.21/compute/v2.1/servers/933ffe74-6883-4676-9be8-f12e45be35e0 0.096s
2025-11-26 08:24:18.024 61812 INFO tempest.lib.common.rest_client [req-37099466-f455-4ec3-9733-0a24707793d0 req-37099466-f455-4ec3-9733-0a24707793d0 ] Request (MigrationsAdminTest:test_list_migrations_in_flavor_resize_situation): 200 GET http://10.180.1.21/compute/v2.1/servers/8c57d493-12c4-47fe-a355-c9ade98b7158 0.053s
2025-11-26 08:24:18.068 61834 INFO tempest.lib.common.rest_client [req-ab40b7af-96fe-48dc-b43e-ba13767da534 req-ab40b7af-96fe-48dc-b43e-ba13767da534 ] Request (DeleteServersTestJSON:test_delete_active_server): 200 GET http://10.180.1.21/compute/v2.1/servers/a8b2d4b2-731f-489a-8b11-c816e6827189 0.053s
2025-11-26 08:24:18.104 61858 INFO tempest.lib.common.rest_client [req-c0d2a052-5106-4f6f-bc3e-ad3f8199bdbe req-c0d2a052-5106-4f6f-bc3e-ad3f8199bdbe ] Request (ImagesTestJSON:test_create_image_from_stopped_server): 200 GET http://10.180.1.21/compute/v2.1/servers/da95334f-ebbf-4a7f-8492-ca310028c4dd 0.160s
2025-11-26 08:24:18.166 61816 INFO tempest.lib.common.rest_client [req-975fad85-710e-44b0-a74a-8d842645e4fd req-975fad85-710e-44b0-a74a-8d842645e4fd ] Request (ServersAdminTestJSON:setUpClass): 200 GET http://10.180.1.21/compute/v2.1/servers/a9cca36b-ee0e-42b3-9c26-61c9b0715312 0.092s
2025-11-26 08:24:18.215 61846 INFO tempest.lib.common.rest_client [req-2d2491ca-e692-4d41-a9b1-e219f3d4bff3 req-2d2491ca-e692-4d41-a9b1-e219f3d4bff3 ] Request (ServerDiagnosticsV248Test:test_get_server_diagnostics): 200 GET http://10.180.1.21/compute/v2.1/servers/fbd512f6-5c22-4a40-846c-0fece5ee7bcb 0.079s
2025-11-26 08:24:18.226 61850 INFO tempest.lib.common.rest_client [req-5b857ade-aa90-43ff-91a0-ffeebef9317e req-5b857ade-aa90-43ff-91a0-ffeebef9317e ] Request (ServersAdminNegativeTestJSON:setUpClass): 200 GET http://10.180.1.21/compute/v2.1/servers/8725d6e7-57cc-4d55-b21a-4aee65d5228b 0.098s
2025-11-26 08:24:18.260 61866 INFO tempest.lib.common.rest_client [req-a0d2d13c-87c2-49ef-9eac-0437d9a1637b req-a0d2d13c-87c2-49ef-9eac-0437d9a1637b ] Request (ServerMetadataTestJSON:setUpClass): 200 GET http://10.180.1.21/compute/v2.1/servers/65a29af2-4c3b-4556-ae95-adab1fa7aad4 0.086s
2025-11-26 08:24:18.271 61832 INFO tempest.lib.common.rest_client [req-73a376c9-66f6-4882-b313-f491c7b4ab3d req-73a376c9-66f6-4882-b313-f491c7b4ab3d ] Request (SecurityGroupsTestJSON:test_list_security_groups_by_server): 200 GET http://10.180.1.21/compute/v2.1/servers/3fb9b32d-193f-4968-8783-54d25253f94f 0.061s
2025-11-26 08:24:18.303 61830 INFO tempest.lib.common.rest_client [req-19101541-b77b-4968-8584-8d413f86b9ea req-19101541-b77b-4968-8584-8d413f86b9ea ] Request (ListServersNegativeTestJSON:setUpClass): 200 GET http://10.180.1.21/compute/v2.1/servers/02a2cbdf-c522-4ba5-9914-ccf1c51e0130 0.083s
2025-11-26 08:24:18.320 61838 INFO tempest.lib.common.rest_client [req-a6dcac15-6f25-4eac-971c-8e55098f7755 req-a6dcac15-6f25-4eac-971c-8e55098f7755 ] Request (ServerActionsV293TestJSON:setUpClass): 200 GET http://10.180.1.21/compute/v2.1/servers/12cd88c0-09c1-42de-8fdd-03139718ca17 0.059s
2025-11-26 08:24:18.400 61810 INFO tempest.lib.common.rest_client [req-91b14865-efa0-4c2e-9350-58b455220e8c req-91b14865-efa0-4c2e-9350-58b455220e8c ] Request (DeleteServersAdminTestJSON:test_delete_server_while_in_error_state): 200 GET http://10.180.1.21/compute/v2.1/servers/338e2879-7dbe-4334-80da-4bbc1a071aa8 0.047s
2025-11-26 08:24:18.446 61860 INFO tempest.lib.common.rest_client [req-93292e4f-8568-4b17-a3c4-4273f4b1c30d req-93292e4f-8568-4b17-a3c4-4273f4b1c30d ] Request (ServerActionsTestOtherA:setUpClass): 200 GET http://10.180.1.21/compute/v2.1/servers/79b5dc73-2168-46b5-8045-13e92666a69a 0.048s
2025-11-26 08:24:18.490 61864 INFO tempest.lib.common.rest_client [req-18c4aec2-6910-4805-b0d2-4be1b76dcbb2 req-18c4aec2-6910-4805-b0d2-4be1b76dcbb2 ] Request (ImagesOneServerTestJSON:setUpClass): 200 GET http://10.180.1.21/compute/v2.1/servers/c445065e-68e5-4dda-ba5d-314dc2da12cf 0.093s
2025-11-26 08:24:18.493 61862 INFO tempest.lib.common.rest_client [req-059e8600-3fd6-43e7-91fa-ffb86f668ba7 req-059e8600-3fd6-43e7-91fa-ffb86f668ba7 ] Request (ServerExternalEventsTest:test_create_server_external_events): 200 GET http://10.180.1.21/compute/v2.1/servers/413e21a0-5b33-44d1-9964-82e3da294808 0.049s
2025-11-26 08:24:18.628 61804 INFO tempest.lib.common.rest_client [req-e8116b1b-9084-486d-be7d-a649e01cd69c req-e8116b1b-9084-486d-be7d-a649e01cd69c ] Request (ServerDiagnosticsTest:test_get_server_diagnostics): 200 GET http://10.180.1.21/compute/v2.1/servers/72dd6ff6-43bb-4b4e-9d3d-7d89ad4d54af 0.139s
2025-11-26 08:24:18.672 61844 INFO tempest.lib.common.rest_client [req-f2f27663-4299-41b1-8405-8fb4669760e0 req-f2f27663-4299-41b1-8405-8fb4669760e0 ] Request (VolumesAssistedSnapshotsTest:test_volume_assisted_snapshot_create_delete): 200 GET http://10.180.1.21/compute/v2.1/servers/fe988112-9ee6-4fa7-8914-87119aaa2549 0.140s
2025-11-26 08:24:18.693 61820 INFO tempest.lib.common.rest_client [req-e324b793-2938-4789-b6fd-4cd5a4b01dfc req-e324b793-2938-4789-b6fd-4cd5a4b01dfc ] Request (ServerAddressesNegativeTestJSON:setUpClass): 200 GET http://10.180.1.21/compute/v2.1/servers/643dbc96-7e32-4442-ab44-cbd74b0ffd72 0.204s
2025-11-26 08:24:18.747 61852 INFO tempest.lib.common.rest_client [req-5dc0ce26-d9d6-43f0-b895-10947dff7e9b req-5dc0ce26-d9d6-43f0-b895-10947dff7e9b ] Request (ServersAdmin275Test:test_rebuild_update_server_275): 200 GET http://10.180.1.21/compute/v2.1/servers/f42d10b1-6733-4c39-9230-fd41dd82bb20 0.144s
2025-11-26 08:24:18.780 61836 INFO tempest.lib.common.rest_client [req-7c0e8429-8bf8-415e-8c85-fd5858937aaa req-7c0e8429-8bf8-415e-8c85-fd5858937aaa ] Request (AttachInterfacesV270Test:test_create_get_list_interfaces): 200 GET http://10.180.1.21/compute/v2.1/servers/9cb4ec1b-e422-491d-8ee9-0103c740ea5b 0.192s
2025-11-26 08:24:18.804 61814 INFO tempest.lib.common.rest_client [req-d8f101a5-957c-44ab-addd-9e69b680a8de req-d8f101a5-957c-44ab-addd-9e69b680a8de ] Request (ServersV294TestFqdnHostnames:setUpClass): 200 GET http://10.180.1.21/compute/v2.1/servers/12a02fd4-ae5d-4e7f-96e1-27d50d54bc24 0.148s
2025-11-26 08:24:18.830 61854 INFO tempest.lib.common.rest_client [req-8167abd2-6232-4373-99ea-7f394a422d90 req-8167abd2-6232-4373-99ea-7f394a422d90 ] Request (ServersNegativeTestJSON:setUpClass): 200 GET http://10.180.1.21/compute/v2.1/servers/0d55fe3b-3a7e-493d-b705-10241a2ac392 0.129s
2025-11-26 08:24:18.875 61818 INFO tempest.lib.common.rest_client [req-fc921382-3305-47a5-9134-702a577de773 req-fc921382-3305-47a5-9134-702a577de773 ] Request (ServersTestFqdnHostnames:test_create_server_with_fqdn_name): 200 GET http://10.180.1.21/compute/v2.1/servers/3d0bfbba-2fec-4063-91f3-3152b3ea537e 0.131s
2025-11-26 08:24:18.902 61806 INFO tempest.lib.common.rest_client [req-37bf5a78-167d-4eda-a0f0-b5cd503e38c1 req-37bf5a78-167d-4eda-a0f0-b5cd503e38c1 ] Request (VolumesAdminNegativeTest:test_update_attached_volume_with_nonexistent_volume_in_uri): 200 GET http://10.180.1.21/compute/v2.1/servers/f63a7f37-09ac-4fe8-a1a3-7e13eb158526 0.185s
2025-11-26 08:24:18.920 61808 INFO tempest.lib.common.rest_client [req-5bd75960-10e3-4e1a-acbc-4e13507c79f8 req-5bd75960-10e3-4e1a-acbc-4e13507c79f8 ] Request (ServersWithSpecificFlavorTestJSON:test_verify_created_server_ephemeral_disk): 200 GET http://10.180.1.21/compute/v2.1/servers/91def60e-ad74-435f-a006-eb5672928010 0.130s
2025-11-26 08:24:18.947 61848 INFO tempest.lib.common.rest_client [req-d161f94b-eed3-48fb-8984-cf287b8f60cc req-d161f94b-eed3-48fb-8984-cf287b8f60cc ] Request (InstanceActionsNegativeTestJSON:setUpClass): 200 GET http://10.180.1.21/compute/v2.1/servers/37256e1b-8191-4bee-a3c3-dd31c99d9301 0.111s
2025-11-26 08:24:19.014 61856 INFO tempest.lib.common.rest_client [req-67b11cd5-5150-4056-a64b-e7e6ba676728 req-67b11cd5-5150-4056-a64b-e7e6ba676728 ] Request (ServerMetadataNegativeTestJSON:setUpClass): 200 GET http://10.180.1.21/compute/v2.1/servers/4c70f154-7d65-4cea-ad90-8626f58b70f5 0.161s
2025-11-26 08:24:19.028 61824 INFO tempest.lib.common.rest_client [req-4188f267-791a-4994-b77d-85a9959e3a07 req-4188f267-791a-4994-b77d-85a9959e3a07 ] Request (ListServerFiltersTestJSON:setUpClass): 200 GET http://10.180.1.21/compute/v2.1/servers/549dbec8-1008-4930-8e2d-97cd11cfa45f 0.048s
2025-11-26 08:24:19.076 61812 INFO tempest.lib.common.rest_client [req-2748b84f-d9bd-46b7-b492-88fed46d39cb req-2748b84f-d9bd-46b7-b492-88fed46d39cb ] Request (MigrationsAdminTest:test_list_migrations_in_flavor_resize_situation): 200 GET http://10.180.1.21/compute/v2.1/servers/8c57d493-12c4-47fe-a355-c9ade98b7158 0.046s
2025-11-26 08:24:19.104 61842 INFO tempest.lib.common.rest_client [req-71fa1408-fd56-4082-8743-bf2116095342 req-71fa1408-fd56-4082-8743-bf2116095342 ] Request (FloatingIPsAssociationNegativeTestJSON:setUpClass): 200 GET http://10.180.1.21/compute/v2.1/servers/933ffe74-6883-4676-9be8-f12e45be35e0 0.117s
2025-11-26 08:24:19.121 61834 INFO tempest.lib.common.rest_client [req-7f60a90d-8ce5-4404-a088-899b57ab548c req-7f60a90d-8ce5-4404-a088-899b57ab548c ] Request (DeleteServersTestJSON:test_delete_active_server): 200 GET http://10.180.1.21/compute/v2.1/servers/a8b2d4b2-731f-489a-8b11-c816e6827189 0.045s
2025-11-26 08:24:19.271 61816 INFO tempest.lib.common.rest_client [req-4cf8623e-c8f8-4b56-964b-3dfd1d33ef36 req-4cf8623e-c8f8-4b56-964b-3dfd1d33ef36 ] Request (ServersAdminTestJSON:setUpClass): 200 GET http://10.180.1.21/compute/v2.1/servers/a9cca36b-ee0e-42b3-9c26-61c9b0715312 0.098s
2025-11-26 08:24:19.325 61846 INFO tempest.lib.common.rest_client [req-f877aa5f-206f-4a3e-aac2-78533e7be634 req-f877aa5f-206f-4a3e-aac2-78533e7be634 ] Request (ServerDiagnosticsV248Test:test_get_server_diagnostics): 200 GET http://10.180.1.21/compute/v2.1/servers/fbd512f6-5c22-4a40-846c-0fece5ee7bcb 0.102s
2025-11-26 08:24:19.363 61858 INFO tempest.lib.common.rest_client [req-285d8411-f490-4fbd-9e2b-79ec518224ff req-285d8411-f490-4fbd-9e2b-79ec518224ff ] Request (ImagesTestJSON:test_create_image_from_stopped_server): 200 GET http://10.180.1.21/compute/v2.1/servers/da95334f-ebbf-4a7f-8492-ca310028c4dd 0.252s
2025-11-26 08:24:19.407 61866 INFO tempest.lib.common.rest_client [req-36631147-c0e3-4eb2-b842-ec32ae106fa8 req-36631147-c0e3-4eb2-b842-ec32ae106fa8 ] Request (ServerMetadataTestJSON:setUpClass): 200 GET http://10.180.1.21/compute/v2.1/servers/65a29af2-4c3b-4556-ae95-adab1fa7aad4 0.139s
2025-11-26 08:24:19.455 61832 INFO tempest.lib.common.rest_client [req-b45a0aa2-e79f-4579-9839-84d1b68a4e60 req-b45a0aa2-e79f-4579-9839-84d1b68a4e60 ] Request (SecurityGroupsTestJSON:test_list_security_groups_by_server): 200 GET http://10.180.1.21/compute/v2.1/servers/3fb9b32d-193f-4968-8783-54d25253f94f 0.178s
2025-11-26 08:24:19.477 61850 INFO tempest.lib.common.rest_client [req-7fa917f0-0e7f-47fc-80a1-6770562e8558 req-7fa917f0-0e7f-47fc-80a1-6770562e8558 ] Request (ServersAdminNegativeTestJSON:setUpClass): 200 GET http://10.180.1.21/compute/v2.1/servers/8725d6e7-57cc-4d55-b21a-4aee65d5228b 0.244s
2025-11-26 08:24:19.503 61830 INFO tempest.lib.common.rest_client [req-8585a643-84c7-44d0-8e10-a562667fdd6b req-8585a643-84c7-44d0-8e10-a562667fdd6b ] Request (ListServersNegativeTestJSON:setUpClass): 200 GET http://10.180.1.21/compute/v2.1/servers/02a2cbdf-c522-4ba5-9914-ccf1c51e0130 0.193s
2025-11-26 08:24:19.528 61838 INFO tempest.lib.common.rest_client [req-bd28041e-ad0e-4ca2-b470-f0c782d98011 req-bd28041e-ad0e-4ca2-b470-f0c782d98011 ] Request (ServerActionsV293TestJSON:setUpClass): 200 GET http://10.180.1.21/compute/v2.1/servers/12cd88c0-09c1-42de-8fdd-03139718ca17 0.196s
2025-11-26 08:24:19.552 61810 INFO tempest.lib.common.rest_client [req-a7745f5e-135f-4de6-8706-6be3880877cb req-a7745f5e-135f-4de6-8706-6be3880877cb ] Request (DeleteServersAdminTestJSON:test_delete_server_while_in_error_state): 200 GET http://10.180.1.21/compute/v2.1/servers/338e2879-7dbe-4334-80da-4bbc1a071aa8 0.146s
2025-11-26 08:24:19.690 61864 INFO tempest.lib.common.rest_client [req-7b33b6d3-e252-4d50-b6f1-ff955e923fad req-7b33b6d3-e252-4d50-b6f1-ff955e923fad ] Request (ImagesOneServerTestJSON:setUpClass): 200 GET http://10.180.1.21/compute/v2.1/servers/c445065e-68e5-4dda-ba5d-314dc2da12cf 0.191s
2025-11-26 08:24:19.733 61862 INFO tempest.lib.common.rest_client [req-044a2ab9-7cc3-4e0d-a932-9739ca67ce69 req-044a2ab9-7cc3-4e0d-a932-9739ca67ce69 ] Request (ServerExternalEventsTest:test_create_server_external_events): 200 GET http://10.180.1.21/compute/v2.1/servers/413e21a0-5b33-44d1-9964-82e3da294808 0.233s
2025-11-26 08:24:19.758 61860 INFO tempest.lib.common.rest_client [req-9113704e-d636-448b-b3b3-4f5f2dfcecb1 req-9113704e-d636-448b-b3b3-4f5f2dfcecb1 ] Request (ServerActionsTestOtherA:setUpClass): 200 GET http://10.180.1.21/compute/v2.1/servers/79b5dc73-2168-46b5-8045-13e92666a69a 0.305s
2025-11-26 08:24:19.804 61844 INFO tempest.lib.common.rest_client [req-abbd869f-3e9e-4f0b-b1cc-7e11446cc1fc req-abbd869f-3e9e-4f0b-b1cc-7e11446cc1fc ] Request (VolumesAssistedSnapshotsTest:test_volume_assisted_snapshot_create_delete): 200 GET http://10.180.1.21/compute/v2.1/servers/fe988112-9ee6-4fa7-8914-87119aaa2549 0.124s
2025-11-26 08:24:19.824 61804 INFO tempest.lib.common.rest_client [req-b08fa7a9-d9f3-4a6c-82bd-f937212f8cad req-b08fa7a9-d9f3-4a6c-82bd-f937212f8cad ] Request (ServerDiagnosticsTest:test_get_server_diagnostics): 200 GET http://10.180.1.21/compute/v2.1/servers/72dd6ff6-43bb-4b4e-9d3d-7d89ad4d54af 0.188s
2025-11-26 08:24:19.851 61820 INFO tempest.lib.common.rest_client [req-97202f51-47de-4640-ae3d-bf711681fa05 req-97202f51-47de-4640-ae3d-bf711681fa05 ] Request (ServerAddressesNegativeTestJSON:setUpClass): 200 GET http://10.180.1.21/compute/v2.1/servers/643dbc96-7e32-4442-ab44-cbd74b0ffd72 0.148s
2025-11-26 08:24:19.881 61852 INFO tempest.lib.common.rest_client [req-f5c11c74-ada5-4b0c-b623-4851a99fce59 req-f5c11c74-ada5-4b0c-b623-4851a99fce59 ] Request (ServersAdmin275Test:test_rebuild_update_server_275): 200 GET http://10.180.1.21/compute/v2.1/servers/f42d10b1-6733-4c39-9230-fd41dd82bb20 0.123s
2025-11-26 08:24:19.933 61814 INFO tempest.lib.common.rest_client [req-f09f04b9-90e8-475a-9239-76e79ec9a28b req-f09f04b9-90e8-475a-9239-76e79ec9a28b ] Request (ServersV294TestFqdnHostnames:setUpClass): 200 GET http://10.180.1.21/compute/v2.1/servers/12a02fd4-ae5d-4e7f-96e1-27d50d54bc24 0.116s
2025-11-26 08:24:19.978 61854 INFO tempest.lib.common.rest_client [req-e6a40d49-7745-487e-b2b7-6e61f6c1c3ac req-e6a40d49-7745-487e-b2b7-6e61f6c1c3ac ] Request (ServersNegativeTestJSON:setUpClass): 200 GET http://10.180.1.21/compute/v2.1/servers/0d55fe3b-3a7e-493d-b705-10241a2ac392 0.142s
2025-11-26 08:24:19.989 61836 INFO tempest.lib.common.rest_client [req-308b7aaa-d9ac-49b7-8f2e-e8b0ab95f69c req-308b7aaa-d9ac-49b7-8f2e-e8b0ab95f69c ] Request (AttachInterfacesV270Test:test_create_get_list_interfaces): 200 GET http://10.180.1.21/compute/v2.1/servers/9cb4ec1b-e422-491d-8ee9-0103c740ea5b 0.200s
2025-11-26 08:24:20.023 61818 INFO tempest.lib.common.rest_client [req-e1b0826a-4acd-4f32-9c7d-5b0bb7810971 req-e1b0826a-4acd-4f32-9c7d-5b0bb7810971 ] Request (ServersTestFqdnHostnames:test_create_server_with_fqdn_name): 200 GET http://10.180.1.21/compute/v2.1/servers/3d0bfbba-2fec-4063-91f3-3152b3ea537e 0.139s
2025-11-26 08:24:20.074 61808 INFO tempest.lib.common.rest_client [req-606b6843-17bd-4c0a-8d8d-06f44eeaadf2 req-606b6843-17bd-4c0a-8d8d-06f44eeaadf2 ] Request (ServersWithSpecificFlavorTestJSON:test_verify_created_server_ephemeral_disk): 200 GET http://10.180.1.21/compute/v2.1/servers/91def60e-ad74-435f-a006-eb5672928010 0.146s
2025-11-26 08:24:20.119 61848 INFO tempest.lib.common.rest_client [req-0a9a430a-ad59-4a7f-b5c7-5f200243bca8 req-0a9a430a-ad59-4a7f-b5c7-5f200243bca8 ] Request (InstanceActionsNegativeTestJSON:setUpClass): 200 GET http://10.180.1.21/compute/v2.1/servers/37256e1b-8191-4bee-a3c3-dd31c99d9301 0.165s
2025-11-26 08:24:20.120 61806 INFO tempest.lib.common.rest_client [req-e22a254b-f4ae-45e0-a091-635cf3ee4213 req-e22a254b-f4ae-45e0-a091-635cf3ee4213 ] Request (VolumesAdminNegativeTest:test_update_attached_volume_with_nonexistent_volume_in_uri): 200 GET http://10.180.1.21/compute/v2.1/servers/f63a7f37-09ac-4fe8-a1a3-7e13eb158526 0.211s
2025-11-26 08:24:20.167 61824 INFO tempest.lib.common.rest_client [req-115c558d-9cb4-4b96-9e79-d1c9327e3b16 req-115c558d-9cb4-4b96-9e79-d1c9327e3b16 ] Request (ListServerFiltersTestJSON:setUpClass): 200 GET http://10.180.1.21/compute/v2.1/servers/549dbec8-1008-4930-8e2d-97cd11cfa45f 0.132s
2025-11-26 08:24:20.211 61812 INFO tempest.lib.common.rest_client [req-12ef400a-5ceb-4ce9-8a75-fe291388f95b req-12ef400a-5ceb-4ce9-8a75-fe291388f95b ] Request (MigrationsAdminTest:test_list_migrations_in_flavor_resize_situation): 200 GET http://10.180.1.21/compute/v2.1/servers/8c57d493-12c4-47fe-a355-c9ade98b7158 0.127s
2025-11-26 08:24:20.248 61856 INFO tempest.lib.common.rest_client [req-396e0655-bd96-48b9-8567-20e831544e47 req-396e0655-bd96-48b9-8567-20e831544e47 ] Request (ServerMetadataNegativeTestJSON:setUpClass): 200 GET http://10.180.1.21/compute/v2.1/servers/4c70f154-7d65-4cea-ad90-8626f58b70f5 0.228s
2025-11-26 08:24:20.292 61834 INFO tempest.lib.common.rest_client [req-b39e092f-0a5a-4911-8586-345beedfc856 req-b39e092f-0a5a-4911-8586-345beedfc856 ] Request (DeleteServersTestJSON:test_delete_active_server): 200 GET http://10.180.1.21/compute/v2.1/servers/a8b2d4b2-731f-489a-8b11-c816e6827189 0.163s
2025-11-26 08:24:20.337 61842 INFO tempest.lib.common.rest_client [req-aac7c4a6-e665-4cc3-a6fe-6a46cc6f8133 req-aac7c4a6-e665-4cc3-a6fe-6a46cc6f8133 ] Request (FloatingIPsAssociationNegativeTestJSON:setUpClass): 200 GET http://10.180.1.21/compute/v2.1/servers/933ffe74-6883-4676-9be8-f12e45be35e0 0.226s
2025-11-26 08:24:20.385 61846 INFO tempest.lib.common.rest_client [req-568e8086-7b91-4ec7-aa5f-6413ca9ae5f4 req-568e8086-7b91-4ec7-aa5f-6413ca9ae5f4 ] Request (ServerDiagnosticsV248Test:test_get_server_diagnostics): 200 GET http://10.180.1.21/compute/v2.1/servers/fbd512f6-5c22-4a40-846c-0fece5ee7bcb 0.049s
2025-11-26 08:24:20.386 61816 INFO tempest.lib.common.rest_client [req-556d582c-c1e0-4401-8227-b32d3bb484cf req-556d582c-c1e0-4401-8227-b32d3bb484cf ] Request (ServersAdminTestJSON:setUpClass): 200 GET http://10.180.1.21/compute/v2.1/servers/a9cca36b-ee0e-42b3-9c26-61c9b0715312 0.105s
2025-11-26 08:24:20.463 61866 INFO tempest.lib.common.rest_client [req-ba2e100b-7c36-41df-9484-09376f40fe20 req-ba2e100b-7c36-41df-9484-09376f40fe20 ] Request (ServerMetadataTestJSON:setUpClass): 200 GET http://10.180.1.21/compute/v2.1/servers/65a29af2-4c3b-4556-ae95-adab1fa7aad4 0.048s
2025-11-26 08:24:20.470 61858 INFO tempest.lib.common.rest_client [req-5041fd8a-56ef-4e74-8c6e-b3ecc5fa28a2 req-5041fd8a-56ef-4e74-8c6e-b3ecc5fa28a2 ] Request (ImagesTestJSON:test_create_image_from_stopped_server): 200 GET http://10.180.1.21/compute/v2.1/servers/da95334f-ebbf-4a7f-8492-ca310028c4dd 0.100s
2025-11-26 08:24:20.508 61832 INFO tempest.lib.common.rest_client [req-0d533846-235e-4807-8fbc-58d1a45d9bac req-0d533846-235e-4807-8fbc-58d1a45d9bac ] Request (SecurityGroupsTestJSON:test_list_security_groups_by_server): 200 GET http://10.180.1.21/compute/v2.1/servers/3fb9b32d-193f-4968-8783-54d25253f94f 0.046s
2025-11-26 08:24:20.557 61830 INFO tempest.lib.common.rest_client [req-a0733ad1-0766-43f1-a87d-ae6176b87f3a req-a0733ad1-0766-43f1-a87d-ae6176b87f3a ] Request (ListServersNegativeTestJSON:setUpClass): 200 GET http://10.180.1.21/compute/v2.1/servers/02a2cbdf-c522-4ba5-9914-ccf1c51e0130 0.046s
2025-11-26 08:24:20.575 61850 INFO tempest.lib.common.rest_client [req-1838981e-a1d1-40b4-a9a9-fa569c345e5b req-1838981e-a1d1-40b4-a9a9-fa569c345e5b ] Request (ServersAdminNegativeTestJSON:setUpClass): 200 GET http://10.180.1.21/compute/v2.1/servers/8725d6e7-57cc-4d55-b21a-4aee65d5228b 0.091s
2025-11-26 08:24:20.606 61838 INFO tempest.lib.common.rest_client [req-34e31c7e-7781-4b88-bb9d-0dac1185f31c req-34e31c7e-7781-4b88-bb9d-0dac1185f31c ] Request (ServerActionsV293TestJSON:setUpClass): 200 GET http://10.180.1.21/compute/v2.1/servers/12cd88c0-09c1-42de-8fdd-03139718ca17 0.069s
2025-11-26 08:24:20.623 61810 INFO tempest.lib.common.rest_client [req-536776d8-b5f4-4037-a7a7-a890a96886bd req-536776d8-b5f4-4037-a7a7-a890a96886bd ] Request (DeleteServersAdminTestJSON:test_delete_server_while_in_error_state): 200 GET http://10.180.1.21/compute/v2.1/servers/338e2879-7dbe-4334-80da-4bbc1a071aa8 0.064s
2025-11-26 08:24:20.793 61862 INFO tempest.lib.common.rest_client [req-c5a526de-bb87-49a7-bbc2-edc43df48231 req-c5a526de-bb87-49a7-bbc2-edc43df48231 ] Request (ServerExternalEventsTest:test_create_server_external_events): 200 GET http://10.180.1.21/compute/v2.1/servers/413e21a0-5b33-44d1-9964-82e3da294808 0.052s
2025-11-26 08:24:20.794 61864 INFO tempest.lib.common.rest_client [req-c2ffff30-fff8-4715-ac23-15b0f2119721 req-c2ffff30-fff8-4715-ac23-15b0f2119721 ] Request (ImagesOneServerTestJSON:setUpClass): 200 GET http://10.180.1.21/compute/v2.1/servers/c445065e-68e5-4dda-ba5d-314dc2da12cf 0.098s
2025-11-26 08:24:20.838 61860 INFO tempest.lib.common.rest_client [req-900bff94-05e5-4451-8686-2ab58453353a req-900bff94-05e5-4451-8686-2ab58453353a ] Request (ServerActionsTestOtherA:setUpClass): 200 GET http://10.180.1.21/compute/v2.1/servers/79b5dc73-2168-46b5-8045-13e92666a69a 0.072s
2025-11-26 08:24:20.859 61844 INFO tempest.lib.common.rest_client [req-eb136175-0d4e-41a5-8865-bb30178e5839 req-eb136175-0d4e-41a5-8865-bb30178e5839 ] Request (VolumesAssistedSnapshotsTest:test_volume_assisted_snapshot_create_delete): 200 GET http://10.180.1.21/compute/v2.1/servers/fe988112-9ee6-4fa7-8914-87119aaa2549 0.048s
2025-11-26 08:24:20.904 61820 INFO tempest.lib.common.rest_client [req-74c56e12-9dff-4b8e-9243-f1707b95af64 req-74c56e12-9dff-4b8e-9243-f1707b95af64 ] Request (ServerAddressesNegativeTestJSON:setUpClass): 200 GET http://10.180.1.21/compute/v2.1/servers/643dbc96-7e32-4442-ab44-cbd74b0ffd72 0.046s
2025-11-26 08:24:20.927 61804 INFO tempest.lib.common.rest_client [req-34bf3edd-67e7-4e1a-912b-e67bb4409484 req-34bf3edd-67e7-4e1a-912b-e67bb4409484 ] Request (ServerDiagnosticsTest:test_get_server_diagnostics): 200 GET http://10.180.1.21/compute/v2.1/servers/72dd6ff6-43bb-4b4e-9d3d-7d89ad4d54af 0.096s
2025-11-26 08:24:20.955 61852 INFO tempest.lib.common.rest_client [req-f5795e0a-b063-4a05-b4b4-fb575b510f18 req-f5795e0a-b063-4a05-b4b4-fb575b510f18 ] Request (ServersAdmin275Test:test_rebuild_update_server_275): 200 GET http://10.180.1.21/compute/v2.1/servers/f42d10b1-6733-4c39-9230-fd41dd82bb20 0.064s
2025-11-26 08:24:20.994 61814 INFO tempest.lib.common.rest_client [req-73035991-44ef-4075-b7a9-f2b2aa2de478 req-73035991-44ef-4075-b7a9-f2b2aa2de478 ] Request (ServersV294TestFqdnHostnames:setUpClass): 200 GET http://10.180.1.21/compute/v2.1/servers/12a02fd4-ae5d-4e7f-96e1-27d50d54bc24 0.052s
2025-11-26 08:24:21.036 61854 INFO tempest.lib.common.rest_client [req-2070876f-13e3-4a9f-a06d-b1097c0d265a req-2070876f-13e3-4a9f-a06d-b1097c0d265a ] Request (ServersNegativeTestJSON:setUpClass): 200 GET http://10.180.1.21/compute/v2.1/servers/0d55fe3b-3a7e-493d-b705-10241a2ac392 0.050s
2025-11-26 08:24:21.084 61818 INFO tempest.lib.common.rest_client [req-0a0571bc-6b33-41e9-beef-3f3629882c68 req-0a0571bc-6b33-41e9-beef-3f3629882c68 ] Request (ServersTestFqdnHostnames:test_create_server_with_fqdn_name): 200 GET http://10.180.1.21/compute/v2.1/servers/3d0bfbba-2fec-4063-91f3-3152b3ea537e 0.055s
