2025-11-26 08:24:33.867 61850 INFO tempest.lib.common.rest_client [req-cf02a2de-d7e8-433b-ad59-d6d7f6e922f5 req-cf02a2de-d7e8-433b-ad59-d6d7f6e922f5 ] Request (ServersAdminNegativeTestJSON:tearDownClass): 200 GET http://10.180.1.21:9696/networking/v2.0/security-groups?tenant_id=7c855c7022aa40149d27f95c51a84a18&name=default 0.226s
2025-11-26 08:24:33.900 61860 INFO tempest.lib.common.rest_client [req-0eb6ae8b-d327-4040-a234-67d84c12d61c req-0eb6ae8b-d327-4040-a234-67d84c12d61c ] Request (ServerActionsTestOtherA:setUpClass): 200 GET http://10.180.1.21/compute/v2.1/servers/79b5dc73-2168-46b5-8045-13e92666a69a 0.224s
2025-11-26 08:24:33.921 61856 INFO tempest.lib.common.rest_client [req-a6c84f20-c56e-4bd6-8efb-c3e2497c2fd3 req-a6c84f20-c56e-4bd6-8efb-c3e2497c2fd3 ] Request (ServerMetadataNegativeTestJSON:setUpClass): 200 GET http://10.180.1.21/compute/v2.1/servers/4c70f154-7d65-4cea-ad90-8626f58b70f5 0.291s
2025-11-26 08:24:33.964 61844 INFO tempest.lib.common.rest_client [req-f4bdc9d9-f9c2-4eda-910e-f69c4786bc41 req-f4bdc9d9-f9c2-4eda-910e-f69c4786bc41 ] Request (VolumesAssistedSnapshotsTest:test_volume_assisted_snapshot_create_delete): 200 GET http://10.180.1.21/compute/v2.1/servers/fe988112-9ee6-4fa7-8914-87119aaa2549 0.272s
2025-11-26 08:24:33.971 61820 INFO tempest.lib.common.rest_client [req-e6ad510a-14c5-4c82-a954-b645aed611bd req-e6ad510a-14c5-4c82-a954-b645aed611bd ] Request (ServerAddressesNegativeTestJSON:setUpClass): 200 GET http://10.180.1.21/compute/v2.1/servers/643dbc96-7e32-4442-ab44-cbd74b0ffd72 0.209s
2025-11-26 08:24:34.066 61816 INFO tempest.lib.common.rest_client [req-0dc8e3ba-88a3-44cc-bc2e-505368846d55 req-0dc8e3ba-88a3-44cc-bc2e-505368846d55 ] Request (ServersAdminTestJSON:setUpClass): 200 GET http://10.180.1.21/compute/v2.1/servers/a9cca36b-ee0e-42b3-9c26-61c9b0715312 0.156s
2025-11-26 08:24:34.087 61850 INFO tempest.lib.common.rest_client [req-7780b749-678e-49a0-ab09-a7adfee73808 req-7780b749-678e-49a0-ab09-a7adfee73808 ] Request (ServersAdminNegativeTestJSON:tearDownClass): 204 DELETE http://10.180.1.21:9696/networking/v2.0/security-groups/75b80f9d-778e-4a9b-ba9f-927b284d7226 0.220s
2025-11-26 08:24:34.119 61842 INFO tempest.lib.common.rest_client [req-e36d3a2c-aeb4-4650-96d9-57ba332d64f9 req-e36d3a2c-aeb4-4650-96d9-57ba332d64f9 ] Request (FloatingIPsAssociationNegativeTestJSON:setUpClass): 200 GET http://10.180.1.21/compute/v2.1/servers/933ffe74-6883-4676-9be8-f12e45be35e0 0.249s
2025-11-26 08:24:34.120 61852 INFO tempest.lib.common.rest_client [req-16d01a97-c64e-44db-9586-3e967fe1fc71 req-16d01a97-c64e-44db-9586-3e967fe1fc71 ] Request (ServersAdmin275Test:test_rebuild_update_server_275): 200 GET http://10.180.1.21/compute/v2.1/servers/f42d10b1-6733-4c39-9230-fd41dd82bb20 0.186s
2025-11-26 08:24:34.161 61850 INFO tempest.lib.common.rest_client [req-cf9a141f-f29e-4772-b87a-cf86805a0add req-cf9a141f-f29e-4772-b87a-cf86805a0add ] Request (ServersAdminNegativeTestJSON:tearDownClass): 204 DELETE http://10.180.1.21/identity/v3/projects/7c855c7022aa40149d27f95c51a84a18 0.074s
2025-11-26 08:24:34.162 61850 INFO tempest.lib.common.dynamic_creds [-] Deleting project and security group for project: fde71aa69dbe431bb75848f76999b7d2
2025-11-26 08:24:34.169 61854 INFO tempest.lib.common.rest_client [req-f4d6d0a2-23c5-4a4d-883f-7f4c68c1a937 req-f4d6d0a2-23c5-4a4d-883f-7f4c68c1a937 ] Request (ServersNegativeTestJSON:setUpClass): 200 GET http://10.180.1.21/compute/v2.1/servers/0d55fe3b-3a7e-493d-b705-10241a2ac392 0.188s
2025-11-26 08:24:34.191 61814 INFO tempest.lib.common.rest_client [req-4e702670-3324-43ba-aff8-e39f77021bc2 req-4e702670-3324-43ba-aff8-e39f77021bc2 ] Request (ServersV294TestFqdnHostnames:setUpClass): 200 GET http://10.180.1.21/compute/v2.1/servers/12a02fd4-ae5d-4e7f-96e1-27d50d54bc24 0.219s
2025-11-26 08:24:34.196 61850 INFO tempest.lib.common.rest_client [req-e28053f0-be85-452d-b84a-77fc56af2fb0 req-e28053f0-be85-452d-b84a-77fc56af2fb0 ] Request (ServersAdminNegativeTestJSON:tearDownClass): 200 GET http://10.180.1.21:9696/networking/v2.0/security-groups?tenant_id=fde71aa69dbe431bb75848f76999b7d2&name=default 0.034s
2025-11-26 08:24:34.219 61818 INFO tempest.lib.common.rest_client [req-fb8a05f3-f697-4e5c-adf9-c70367424904 req-fb8a05f3-f697-4e5c-adf9-c70367424904 ] Request (ServersTestFqdnHostnames:test_create_server_with_fqdn_name): 200 GET http://10.180.1.21/compute/v2.1/servers/3d0bfbba-2fec-4063-91f3-3152b3ea537e 0.201s
2025-11-26 08:24:34.269 61808 INFO tempest.lib.common.rest_client [req-4176e786-603c-4212-bf7a-23df187cf9a2 req-4176e786-603c-4212-bf7a-23df187cf9a2 ] Request (ServersWithSpecificFlavorTestJSON:test_verify_created_server_ephemeral_disk): 200 GET http://10.180.1.21/compute/v2.1/servers/91def60e-ad74-435f-a006-eb5672928010 0.133s
2025-11-26 08:24:34.377 61858 INFO tempest.lib.common.rest_client [req-73621feb-7f1b-484c-9750-5509a04eae7c req-73621feb-7f1b-484c-9750-5509a04eae7c ] Request (ImagesTestJSON:test_create_image_from_stopped_server): 200 GET http://10.180.1.21/compute/v2.1/servers/da95334f-ebbf-4a7f-8492-ca310028c4dd 0.301s
2025-11-26 08:24:34.382 61850 INFO tempest.lib.common.rest_client [req-523ec6ef-f9d5-4c4d-837b-aa4a06ce3eb7 req-523ec6ef-f9d5-4c4d-837b-aa4a06ce3eb7 ] Request (ServersAdminNegativeTestJSON:tearDownClass): 204 DELETE http://10.180.1.21:9696/networking/v2.0/security-groups/217e37e2-b423-4134-8d7f-7bccd3e8d9f1 0.186s
2025-11-26 08:24:34.419 61864 INFO tempest.lib.common.rest_client [req-cd64dfd7-025d-416c-8baf-f7fee6da4ca4 req-cd64dfd7-025d-416c-8baf-f7fee6da4ca4 ] Request (ImagesOneServerTestJSON:setUpClass): 200 GET http://10.180.1.21/compute/v2.1/servers/c445065e-68e5-4dda-ba5d-314dc2da12cf 0.245s
2025-11-26 08:24:34.431 61848 INFO tempest.lib.common.rest_client [req-81e4200f-2ac5-48a9-8d63-c79b75d6397f req-81e4200f-2ac5-48a9-8d63-c79b75d6397f ] Request (InstanceActionsNegativeTestJSON:setUpClass): 200 GET http://10.180.1.21/compute/v2.1/servers/37256e1b-8191-4bee-a3c3-dd31c99d9301 0.209s
2025-11-26 08:24:34.471 61850 INFO tempest.lib.common.rest_client [req-5af34067-44dc-484f-802d-4f077d860357 req-5af34067-44dc-484f-802d-4f077d860357 ] Request (ServersAdminNegativeTestJSON:tearDownClass): 204 DELETE http://10.180.1.21/identity/v3/projects/fde71aa69dbe431bb75848f76999b7d2 0.088s
2025-11-26 08:24:34.475 61824 INFO tempest.lib.common.rest_client [req-af9fac29-93fe-4ac9-876e-e359299a9863 req-af9fac29-93fe-4ac9-876e-e359299a9863 ] Request (ListServerFiltersTestJSON:setUpClass): 200 GET http://10.180.1.21/compute/v2.1/servers/549dbec8-1008-4930-8e2d-97cd11cfa45f 0.204s
2025-11-26 08:24:34.486 61812 INFO tempest.lib.common.rest_client [req-83e3e37e-b326-4db2-8f23-3d2e5c2d7773 req-83e3e37e-b326-4db2-8f23-3d2e5c2d7773 ] Request (MigrationsAdminTest:test_list_migrations_in_flavor_resize_situation): 200 GET http://10.180.1.21/compute/v2.1/servers/8c57d493-12c4-47fe-a355-c9ade98b7158 0.165s
2025-11-26 08:24:34.524 61834 INFO tempest.lib.common.rest_client [req-780c1c15-efc2-4ddb-9e0f-8a764a8e02cd req-780c1c15-efc2-4ddb-9e0f-8a764a8e02cd ] Request (DeleteServersTestJSON:test_delete_active_server): 200 GET http://10.180.1.21/compute/v2.1/servers/a8b2d4b2-731f-489a-8b11-c816e6827189 0.149s
2025-11-26 08:24:34.545 61846 INFO tempest.lib.common.rest_client [req-e9c07667-62d7-40f1-bcaa-d06ff17fd2c8 req-e9c07667-62d7-40f1-bcaa-d06ff17fd2c8 ] Request (ServerDiagnosticsV248Test:test_get_server_diagnostics): 200 GET http://10.180.1.21/compute/v2.1/servers/fbd512f6-5c22-4a40-846c-0fece5ee7bcb 0.164s
2025-11-26 08:24:34.546 61850 INFO tempest.lib.common.rest_client [req-bab29106-6228-4c8b-83b4-db3411cb3b59 req-bab29106-6228-4c8b-83b4-db3411cb3b59 ] Request (ServicesAdminTestJSON:setUpClass): 201 POST http://10.180.1.21/identity/v3/auth/tokens 0.061s
2025-11-26 08:24:34.572 61866 INFO tempest.lib.common.rest_client [req-ab09dba9-b444-48f5-9506-a5493fdd877f req-ab09dba9-b444-48f5-9506-a5493fdd877f ] Request (ServerMetadataTestJSON:setUpClass): 200 GET http://10.180.1.21/compute/v2.1/servers/65a29af2-4c3b-4556-ae95-adab1fa7aad4 0.143s
2025-11-26 08:24:34.580 61850 INFO tempest.lib.common.rest_client [req-d840bb68-3208-4967-ad68-80a335c8135b req-d840bb68-3208-4967-ad68-80a335c8135b ] Request (ServicesAdminTestJSON:setUpClass): 201 POST http://10.180.1.21/identity/v3/auth/tokens 0.032s
2025-11-26 08:24:34.602 61850 INFO tempest.lib.common.rest_client [req-1b3e38e7-018d-40f5-8b78-dd99b2110aab req-1b3e38e7-018d-40f5-8b78-dd99b2110aab ] Request (ServicesAdminTestJSON:setUpClass): 200 GET http://10.180.1.21/identity/v3/domains?name=Default 0.022s
2025-11-26 08:24:34.609 61832 INFO tempest.lib.common.rest_client [req-8734c9f8-f0ee-497a-ba55-af81142ad20a req-8734c9f8-f0ee-497a-ba55-af81142ad20a ] Request (SecurityGroupsTestJSON:test_list_security_groups_by_server): 200 GET http://10.180.1.21/compute/v2.1/servers/3fb9b32d-193f-4968-8783-54d25253f94f 0.164s
2025-11-26 08:24:34.631 61850 INFO tempest.lib.common.rest_client [req-1340c6d8-296a-4c42-935c-e3ac087f6609 req-1340c6d8-296a-4c42-935c-e3ac087f6609 ] Request (ServicesAdminTestJSON:setUpClass): 201 POST http://10.180.1.21/identity/v3/projects 0.028s
2025-11-26 08:24:34.714 61850 INFO tempest.lib.common.rest_client [req-6b2d2f97-a539-4aea-8e6f-a8157a8d80c0 req-6b2d2f97-a539-4aea-8e6f-a8157a8d80c0 ] Request (ServicesAdminTestJSON:setUpClass): 201 POST http://10.180.1.21/identity/v3/users 0.082s
2025-11-26 08:24:34.730 61804 INFO tempest.lib.common.rest_client [req-8c0a4a07-75f4-48f0-8240-dc33b6689ae2 req-8c0a4a07-75f4-48f0-8240-dc33b6689ae2 ] Request (ServerDiagnosticsTest:test_get_server_diagnostics): 200 GET http://10.180.1.21/compute/v2.1/servers/72dd6ff6-43bb-4b4e-9d3d-7d89ad4d54af 0.196s
2025-11-26 08:24:34.738 61850 INFO tempest.lib.common.rest_client [req-8142df17-986c-4650-bbfa-1cfbe327940a req-8142df17-986c-4650-bbfa-1cfbe327940a ] Request (ServicesAdminTestJSON:setUpClass): 200 GET http://10.180.1.21/identity/v3/roles 0.023s
2025-11-26 08:24:34.777 61850 INFO tempest.lib.common.rest_client [req-6700eff3-3b78-4080-b60c-00c4bcf75ba1 req-6700eff3-3b78-4080-b60c-00c4bcf75ba1 ] Request (ServicesAdminTestJSON:setUpClass): 204 PUT http://10.180.1.21/identity/v3/projects/c8e98ff617e74c988ac1c6cd4e84027b/users/c76c230945274aef992182018d1d4b17/roles/aa220314307b4cd1b9e13163a378241c 0.038s
2025-11-26 08:24:34.777 61850 INFO tempest.lib.common.dynamic_creds [-] Dynamic test user c76c230945274aef992182018d1d4b17 is created with scope project and roles: ['member']
2025-11-26 08:24:34.778 61850 INFO tempest.lib.common.dynamic_creds [-] Acquired dynamic creds: credentials: Credentials: {'domain_id': 'default', 'domain_name': 'Default', 'username': 'tempest-ServicesAdminTestJSON-68329555-project-member', 'project_domain_id': 'default', 'project_domain_name': 'Default', 'project_id': 'c8e98ff617e74c988ac1c6cd4e84027b', 'project_name': 'tempest-ServicesAdminTestJSON-68329555', 'tenant_id': 'c8e98ff617e74c988ac1c6cd4e84027b', 'tenant_name': 'tempest-ServicesAdminTestJSON-68329555', 'user_domain_id': 'default', 'user_domain_name': 'Default', 'user_id': 'c76c230945274aef992182018d1d4b17', 'system': None}, Network: None, Subnet: None, Router: None
2025-11-26 08:24:34.778 61850 INFO tempest.lib.common.dynamic_creds [-] Created isolated network resources for: credentials: Credentials: {'domain_id': 'default', 'domain_name': 'Default', 'username': 'tempest-ServicesAdminTestJSON-68329555-project-member', 'project_domain_id': 'default', 'project_domain_name': 'Default', 'project_id': 'c8e98ff617e74c988ac1c6cd4e84027b', 'project_name': 'tempest-ServicesAdminTestJSON-68329555', 'tenant_id': 'c8e98ff617e74c988ac1c6cd4e84027b', 'tenant_name': 'tempest-ServicesAdminTestJSON-68329555', 'user_domain_id': 'default', 'user_domain_name': 'Default', 'user_id': 'c76c230945274aef992182018d1d4b17', 'system': None}, Network: None, Subnet: None, Router: None
2025-11-26 08:24:34.800 61830 INFO tempest.lib.common.rest_client [req-8f051c1a-ba01-4a65-8ff1-a698da392794 req-8f051c1a-ba01-4a65-8ff1-a698da392794 ] Request (ListServersNegativeTestJSON:setUpClass): 200 GET http://10.180.1.21/compute/v2.1/servers/02a2cbdf-c522-4ba5-9914-ccf1c51e0130 0.184s
2025-11-26 08:24:34.802 61836 INFO tempest.lib.common.rest_client [req-7a2fd13d-39f5-442a-ad41-c384cd03dda2 req-7a2fd13d-39f5-442a-ad41-c384cd03dda2 ] Request (AttachInterfacesV270Test:test_create_get_list_interfaces): 200 GET http://10.180.1.21/compute/v2.1/servers/9cb4ec1b-e422-491d-8ee9-0103c740ea5b 0.254s
2025-11-26 08:24:34.855 61810 INFO tempest.lib.common.rest_client [req-cd54e863-7b24-45fd-8576-e909d48a41ec req-cd54e863-7b24-45fd-8576-e909d48a41ec ] Request (DeleteServersAdminTestJSON:test_delete_server_while_in_error_state): 200 GET http://10.180.1.21/compute/v2.1/servers/338e2879-7dbe-4334-80da-4bbc1a071aa8 0.184s
2025-11-26 08:24:34.859 61838 INFO tempest.lib.common.rest_client [req-27741a66-0e98-41af-bd76-d878677ed460 req-27741a66-0e98-41af-bd76-d878677ed460 ] Request (ServerActionsV293TestJSON:setUpClass): 200 GET http://10.180.1.21/compute/v2.1/servers/12cd88c0-09c1-42de-8fdd-03139718ca17 0.235s
2025-11-26 08:24:34.865 61850 INFO tempest.lib.common.rest_client [req-6bc4f68a-8fdd-43c4-98cf-e9c9401d056b req-6bc4f68a-8fdd-43c4-98cf-e9c9401d056b ] Request (ServicesAdminTestJSON:setUpClass): 201 POST http://10.180.1.21/identity/v3/auth/tokens 0.084s
2025-11-26 08:24:34.915 61862 INFO tempest.lib.common.rest_client [req-382fa046-a7c9-4117-900d-9f72ae796108 req-382fa046-a7c9-4117-900d-9f72ae796108 ] Request (ServerExternalEventsTest:test_create_server_external_events): 200 GET http://10.180.1.21/compute/v2.1/servers/413e21a0-5b33-44d1-9964-82e3da294808 0.176s
2025-11-26 08:24:34.933 61850 INFO tempest.lib.common.rest_client [req-103ed190-1105-4f16-807e-67bdb6e3f89b req-103ed190-1105-4f16-807e-67bdb6e3f89b ] Request (ServicesAdminTestJSON:setUpClass): 201 POST http://10.180.1.21/identity/v3/projects 0.067s
2025-11-26 08:24:34.980 61860 INFO tempest.lib.common.rest_client [req-be1c2459-8e50-4712-a386-a457ba786e38 req-be1c2459-8e50-4712-a386-a457ba786e38 ] Request (ServerActionsTestOtherA:setUpClass): 200 GET http://10.180.1.21/compute/v2.1/servers/79b5dc73-2168-46b5-8045-13e92666a69a 0.070s
2025-11-26 08:24:35.011 61850 INFO tempest.lib.common.rest_client [req-f841e54d-eb20-4823-aa0a-d0b42298bc73 req-f841e54d-eb20-4823-aa0a-d0b42298bc73 ] Request (ServicesAdminTestJSON:setUpClass): 201 POST http://10.180.1.21/identity/v3/users 0.077s
2025-11-26 08:24:35.025 61806 INFO tempest.lib.common.rest_client [req-68a2d017-51f7-4341-80d0-9f0fc9bb5ddc req-68a2d017-51f7-4341-80d0-9f0fc9bb5ddc ] Request (VolumesAdminNegativeTest:test_update_attached_volume_with_nonexistent_volume_in_uri): 200 GET http://10.180.1.21/compute/v2.1/servers/f63a7f37-09ac-4fe8-a1a3-7e13eb158526 0.185s
2025-11-26 08:24:35.040 61850 INFO tempest.lib.common.rest_client [req-f67c7c89-7d16-478f-ba07-dc5680f72dc4 req-f67c7c89-7d16-478f-ba07-dc5680f72dc4 ] Request (ServicesAdminTestJSON:setUpClass): 200 GET http://10.180.1.21/identity/v3/roles 0.029s
2025-11-26 08:24:35.071 61850 INFO tempest.lib.common.rest_client [req-99aa9430-58d2-4c91-842a-a2de5168233b req-99aa9430-58d2-4c91-842a-a2de5168233b ] Request (ServicesAdminTestJSON:setUpClass): 204 PUT http://10.180.1.21/identity/v3/projects/5983806ec26e45ff9f276161f4b6be08/users/869a5ce75106487b8ab192cee6f0368c/roles/2e330381627842c885d346d86427192f 0.030s
2025-11-26 08:24:35.089 61844 INFO tempest.lib.common.rest_client [req-a0b0a31e-a25e-40cb-abc8-d07a1ad79467 req-a0b0a31e-a25e-40cb-abc8-d07a1ad79467 ] Request (VolumesAssistedSnapshotsTest:test_volume_assisted_snapshot_create_delete): 200 GET http://10.180.1.21/compute/v2.1/servers/fe988112-9ee6-4fa7-8914-87119aaa2549 0.118s
2025-11-26 08:24:35.127 61850 INFO tempest.lib.common.rest_client [req-41b029f8-7681-441e-9441-8db9c9751307 req-41b029f8-7681-441e-9441-8db9c9751307 ] Request (ServicesAdminTestJSON:setUpClass): 200 GET http://10.180.1.21/identity/v3/roles 0.056s
2025-11-26 08:24:35.144 61820 INFO tempest.lib.common.rest_client [req-b334f8fe-afeb-4769-b595-9ef416e588ef req-b334f8fe-afeb-4769-b595-9ef416e588ef ] Request (ServerAddressesNegativeTestJSON:setUpClass): 200 GET http://10.180.1.21/compute/v2.1/servers/643dbc96-7e32-4442-ab44-cbd74b0ffd72 0.167s
2025-11-26 08:24:35.149 61850 INFO tempest.lib.common.rest_client [req-77cda6c1-c387-47b5-9cd8-b5c617c235c9 req-77cda6c1-c387-47b5-9cd8-b5c617c235c9 ] Request (ServicesAdminTestJSON:setUpClass): 204 PUT http://10.180.1.21/identity/v3/projects/5983806ec26e45ff9f276161f4b6be08/users/869a5ce75106487b8ab192cee6f0368c/roles/2e330381627842c885d346d86427192f 0.021s
2025-11-26 08:24:35.149 61850 INFO tempest.lib.common.dynamic_creds [-] Dynamic test user 869a5ce75106487b8ab192cee6f0368c is created with scope project and roles: ['admin']
2025-11-26 08:24:35.149 61850 INFO tempest.lib.common.dynamic_creds [-] Acquired dynamic creds: credentials: Credentials: {'domain_id': 'default', 'domain_name': 'Default', 'username': 'tempest-ServicesAdminTestJSON-1128700765-project-admin', 'project_domain_id': 'default', 'project_domain_name': 'Default', 'project_id': '5983806ec26e45ff9f276161f4b6be08', 'project_name': 'tempest-ServicesAdminTestJSON-1128700765', 'tenant_id': '5983806ec26e45ff9f276161f4b6be08', 'tenant_name': 'tempest-ServicesAdminTestJSON-1128700765', 'user_domain_id': 'default', 'user_domain_name': 'Default', 'user_id': '869a5ce75106487b8ab192cee6f0368c', 'system': None}, Network: None, Subnet: None, Router: None
2025-11-26 08:24:35.149 61850 INFO tempest.lib.common.dynamic_creds [-] Created isolated network resources for: credentials: Credentials: {'domain_id': 'default', 'domain_name': 'Default', 'username': 'tempest-ServicesAdminTestJSON-1128700765-project-admin', 'project_domain_id': 'default', 'project_domain_name': 'Default', 'project_id': '5983806ec26e45ff9f276161f4b6be08', 'project_name': 'tempest-ServicesAdminTestJSON-1128700765', 'tenant_id': '5983806ec26e45ff9f276161f4b6be08', 'tenant_name': 'tempest-ServicesAdminTestJSON-1128700765', 'user_domain_id': 'default', 'user_domain_name': 'Default', 'user_id': '869a5ce75106487b8ab192cee6f0368c', 'system': None}, Network: None, Subnet: None, Router: None
2025-11-26 08:24:35.218 61850 INFO tempest.lib.common.rest_client [req-6f00f33c-8c50-443d-8a80-96a7ad245bc2 req-6f00f33c-8c50-443d-8a80-96a7ad245bc2 ] Request (ServicesAdminTestJSON:setUpClass): 201 POST http://10.180.1.21/identity/v3/auth/tokens 0.065s
2025-11-26 08:24:35.254 61816 INFO tempest.lib.common.rest_client [req-af7a9fc3-4521-4f17-b9f6-d0dc726c4b23 req-af7a9fc3-4521-4f17-b9f6-d0dc726c4b23 ] Request (ServersAdminTestJSON:setUpClass): 200 GET http://10.180.1.21/compute/v2.1/servers/a9cca36b-ee0e-42b3-9c26-61c9b0715312 0.180s
2025-11-26 08:24:35.386 61856 INFO tempest.lib.common.rest_client [req-efe78e6e-7ef4-4fb5-914d-f980011dd57d req-efe78e6e-7ef4-4fb5-914d-f980011dd57d ] Request (ServerMetadataNegativeTestJSON:setUpClass): 200 GET http://10.180.1.21/compute/v2.1/servers/4c70f154-7d65-4cea-ad90-8626f58b70f5 0.458s
2025-11-26 08:24:35.388 61842 INFO tempest.lib.common.rest_client [req-bbc85c5e-0a7c-4d72-9c34-4e6397aa5cd9 req-bbc85c5e-0a7c-4d72-9c34-4e6397aa5cd9 ] Request (FloatingIPsAssociationNegativeTestJSON:setUpClass): 200 GET http://10.180.1.21/compute/v2.1/servers/933ffe74-6883-4676-9be8-f12e45be35e0 0.261s
2025-11-26 08:24:35.442 61852 INFO tempest.lib.common.rest_client [req-788972f5-8c2f-42ab-8707-7e05f5ef20bd req-788972f5-8c2f-42ab-8707-7e05f5ef20bd ] Request (ServersAdmin275Test:test_rebuild_update_server_275): 200 GET http://10.180.1.21/compute/v2.1/servers/f42d10b1-6733-4c39-9230-fd41dd82bb20 0.311s
2025-11-26 08:24:35.454 61854 INFO tempest.lib.common.rest_client [req-9f89a90a-e696-4971-bc81-66762056f19d req-9f89a90a-e696-4971-bc81-66762056f19d ] Request (ServersNegativeTestJSON:setUpClass): 200 GET http://10.180.1.21/compute/v2.1/servers/0d55fe3b-3a7e-493d-b705-10241a2ac392 0.273s
2025-11-26 08:24:35.502 61814 INFO tempest.lib.common.rest_client [req-962ced6a-0cc9-471d-9534-9c809df89468 req-962ced6a-0cc9-471d-9534-9c809df89468 ] Request (ServersV294TestFqdnHostnames:setUpClass): 200 GET http://10.180.1.21/compute/v2.1/servers/12a02fd4-ae5d-4e7f-96e1-27d50d54bc24 0.302s
2025-11-26 08:24:35.552 61850 INFO tempest.lib.common.rest_client [req-5f1b5a86-b4de-4547-a458-74fa431a4d40 req-5f1b5a86-b4de-4547-a458-74fa431a4d40 ] Request (ServicesAdminTestJSON:test_get_service_by_host_name): 200 GET http://10.180.1.21/compute/v2.1/os-services 0.332s
2025-11-26 08:24:35.561 61818 INFO tempest.lib.common.rest_client [req-118ec683-8537-44dc-b70c-1ea6d24ebc0b req-118ec683-8537-44dc-b70c-1ea6d24ebc0b ] Request (ServersTestFqdnHostnames:test_create_server_with_fqdn_name): 200 GET http://10.180.1.21/compute/v2.1/servers/3d0bfbba-2fec-4063-91f3-3152b3ea537e 0.335s
2025-11-26 08:24:35.602 61808 INFO tempest.lib.common.rest_client [req-a52085fe-89c1-49c3-8704-4870a11fb471 req-a52085fe-89c1-49c3-8704-4870a11fb471 ] Request (ServersWithSpecificFlavorTestJSON:test_verify_created_server_ephemeral_disk): 200 GET http://10.180.1.21/compute/v2.1/servers/91def60e-ad74-435f-a006-eb5672928010 0.322s
2025-11-26 08:24:35.700 61864 INFO tempest.lib.common.rest_client [req-4aada14b-db57-47c8-86c7-ff3f50b66165 req-4aada14b-db57-47c8-86c7-ff3f50b66165 ] Request (ImagesOneServerTestJSON:setUpClass): 200 GET http://10.180.1.21/compute/v2.1/servers/c445065e-68e5-4dda-ba5d-314dc2da12cf 0.273s
2025-11-26 08:24:35.760 61848 INFO tempest.lib.common.rest_client [req-bf2bcbb1-a73d-45a3-ad00-b4ac033326e4 req-bf2bcbb1-a73d-45a3-ad00-b4ac033326e4 ] Request (InstanceActionsNegativeTestJSON:setUpClass): 200 GET http://10.180.1.21/compute/v2.1/servers/37256e1b-8191-4bee-a3c3-dd31c99d9301 0.321s
2025-11-26 08:24:35.790 61858 INFO tempest.lib.common.rest_client [req-f99551ae-544b-4b6e-a568-113304a94296 req-f99551ae-544b-4b6e-a568-113304a94296 ] Request (ImagesTestJSON:test_create_image_from_stopped_server): 200 GET http://10.180.1.21/compute/v2.1/servers/da95334f-ebbf-4a7f-8492-ca310028c4dd 0.404s
2025-11-26 08:24:35.811 61824 INFO tempest.lib.common.rest_client [req-c59db8a0-8d4e-435c-aec3-40c3b42ef7e4 req-c59db8a0-8d4e-435c-aec3-40c3b42ef7e4 ] Request (ListServerFiltersTestJSON:setUpClass): 200 GET http://10.180.1.21/compute/v2.1/servers/549dbec8-1008-4930-8e2d-97cd11cfa45f 0.326s
2025-11-26 08:24:35.848 61812 INFO tempest.lib.common.rest_client [req-b9f275cf-fb69-456e-8ce2-2eac0067c496 req-b9f275cf-fb69-456e-8ce2-2eac0067c496 ] Request (MigrationsAdminTest:test_list_migrations_in_flavor_resize_situation): 200 GET http://10.180.1.21/compute/v2.1/servers/8c57d493-12c4-47fe-a355-c9ade98b7158 0.354s
2025-11-26 08:24:35.856 61834 INFO tempest.lib.common.rest_client [req-1b9046d2-5a9d-4ece-ac89-e2a6e91c1395 req-1b9046d2-5a9d-4ece-ac89-e2a6e91c1395 ] Request (DeleteServersTestJSON:test_delete_active_server): 200 GET http://10.180.1.21/compute/v2.1/servers/a8b2d4b2-731f-489a-8b11-c816e6827189 0.325s
2025-11-26 08:24:35.870 61850 INFO tempest.lib.common.rest_client [req-2ddb22ee-8957-42a5-9ab4-a42c7118d778 req-2ddb22ee-8957-42a5-9ab4-a42c7118d778 ] Request (ServicesAdminTestJSON:test_get_service_by_host_name): 200 GET http://10.180.1.21/compute/v2.1/os-services?host=devstack 0.315s
2025-11-26 08:24:35.908 61846 INFO tempest.lib.common.rest_client [req-9ba44cb3-23ef-4024-93c7-97468fd977f0 req-9ba44cb3-23ef-4024-93c7-97468fd977f0 ] Request (ServerDiagnosticsV248Test:test_get_server_diagnostics): 200 GET http://10.180.1.21/compute/v2.1/servers/fbd512f6-5c22-4a40-846c-0fece5ee7bcb 0.350s
2025-11-26 08:24:35.920 61866 INFO tempest.lib.common.rest_client [req-edc5fc5f-0bd7-48d2-af53-e85ead258e62 req-edc5fc5f-0bd7-48d2-af53-e85ead258e62 ] Request (ServerMetadataTestJSON:setUpClass): 200 GET http://10.180.1.21/compute/v2.1/servers/65a29af2-4c3b-4556-ae95-adab1fa7aad4 0.341s
2025-11-26 08:24:35.975 61832 INFO tempest.lib.common.rest_client [req-f3c2170d-e7d2-458e-b725-f001f78eafb4 req-f3c2170d-e7d2-458e-b725-f001f78eafb4 ] Request (SecurityGroupsTestJSON:test_list_security_groups_by_server): 200 GET http://10.180.1.21/compute/v2.1/servers/3fb9b32d-193f-4968-8783-54d25253f94f 0.357s
2025-11-26 08:24:36.030 61830 INFO tempest.lib.common.rest_client [req-732f7a95-f805-438e-808d-77819bc00b38 req-732f7a95-f805-438e-808d-77819bc00b38 ] Request (ListServersNegativeTestJSON:setUpClass): 200 GET http://10.180.1.21/compute/v2.1/servers/02a2cbdf-c522-4ba5-9914-ccf1c51e0130 0.223s
2025-11-26 08:24:36.044 61804 INFO tempest.lib.common.rest_client [req-6d6711b9-0b6c-452c-9836-e05cc9448729 req-6d6711b9-0b6c-452c-9836-e05cc9448729 ] Request (ServerDiagnosticsTest:test_get_server_diagnostics): 200 GET http://10.180.1.21/compute/v2.1/servers/72dd6ff6-43bb-4b4e-9d3d-7d89ad4d54af 0.305s
2025-11-26 08:24:36.101 61810 INFO tempest.lib.common.rest_client [req-32f6c38c-23a4-4500-8b84-1f87f92cd1af req-32f6c38c-23a4-4500-8b84-1f87f92cd1af ] Request (DeleteServersAdminTestJSON:test_delete_server_while_in_error_state): 200 GET http://10.180.1.21/compute/v2.1/servers/338e2879-7dbe-4334-80da-4bbc1a071aa8 0.239s
2025-11-26 08:24:36.138 61836 INFO tempest.lib.common.rest_client [req-1c1570b3-2e8a-42f6-aeae-7578bd692ae3 req-1c1570b3-2e8a-42f6-aeae-7578bd692ae3 ] Request (AttachInterfacesV270Test:test_create_get_list_interfaces): 200 GET http://10.180.1.21/compute/v2.1/servers/9cb4ec1b-e422-491d-8ee9-0103c740ea5b 0.327s
2025-11-26 08:24:36.158 61850 INFO tempest.lib.common.rest_client [req-efc5f64c-e78c-4d98-940c-b610f517c09f req-efc5f64c-e78c-4d98-940c-b610f517c09f ] Request (ServicesAdminTestJSON:test_get_service_by_service_binary_name): 200 GET http://10.180.1.21/compute/v2.1/os-services?binary=nova-compute 0.284s
2025-11-26 08:24:36.160 61838 INFO tempest.lib.common.rest_client [req-45949487-dd47-4015-8047-8f3e67fdb147 req-45949487-dd47-4015-8047-8f3e67fdb147 ] Request (ServerActionsV293TestJSON:setUpClass): 200 GET http://10.180.1.21/compute/v2.1/servers/12cd88c0-09c1-42de-8fdd-03139718ca17 0.289s
2025-11-26 08:24:36.210 61860 INFO tempest.lib.common.rest_client [req-6f371733-cf2a-478a-9edd-b5a5c8e2f7fb req-6f371733-cf2a-478a-9edd-b5a5c8e2f7fb ] Request (ServerActionsTestOtherA:setUpClass): 200 GET http://10.180.1.21/compute/v2.1/servers/79b5dc73-2168-46b5-8045-13e92666a69a 0.223s
2025-11-26 08:24:36.212 61862 INFO tempest.lib.common.rest_client [req-20bd1edd-2fa6-4eb3-ac65-a4876e56d6c9 req-20bd1edd-2fa6-4eb3-ac65-a4876e56d6c9 ] Request (ServerExternalEventsTest:test_create_server_external_events): 200 GET http://10.180.1.21/compute/v2.1/servers/413e21a0-5b33-44d1-9964-82e3da294808 0.290s
2025-11-26 08:24:36.256 61844 INFO tempest.lib.common.rest_client [req-316cd1e1-7c58-45c3-938c-aa9edf8b4f23 req-316cd1e1-7c58-45c3-938c-aa9edf8b4f23 ] Request (VolumesAssistedSnapshotsTest:test_volume_assisted_snapshot_create_delete): 200 GET http://10.180.1.21/compute/v2.1/servers/fe988112-9ee6-4fa7-8914-87119aaa2549 0.161s
2025-11-26 08:24:36.303 61820 INFO tempest.lib.common.rest_client [req-6e409ad9-e0c5-4dba-81c7-9b4c14d17d47 req-6e409ad9-e0c5-4dba-81c7-9b4c14d17d47 ] Request (ServerAddressesNegativeTestJSON:setUpClass): 200 GET http://10.180.1.21/compute/v2.1/servers/643dbc96-7e32-4442-ab44-cbd74b0ffd72 0.150s
2025-11-26 08:24:36.309 61806 INFO tempest.lib.common.rest_client [req-dd1de66c-b51e-4da4-9363-cd102aec88c6 req-dd1de66c-b51e-4da4-9363-cd102aec88c6 ] Request (VolumesAdminNegativeTest:test_update_attached_volume_with_nonexistent_volume_in_uri): 200 GET http://10.180.1.21/compute/v2.1/servers/f63a7f37-09ac-4fe8-a1a3-7e13eb158526 0.277s
2025-11-26 08:24:36.322 61850 INFO tempest.lib.common.rest_client [req-e5578b31-260a-4287-99fc-72e12e58cb0a req-e5578b31-260a-4287-99fc-72e12e58cb0a ] Request (ServicesAdminTestJSON:test_list_services): 200 GET http://10.180.1.21/compute/v2.1/os-services 0.160s
2025-11-26 08:24:36.436 61850 INFO tempest.lib.common.rest_client [req-d9d1a6ed-f99f-4924-9233-7aa226dbfe04 req-d9d1a6ed-f99f-4924-9233-7aa226dbfe04 ] Request (ServicesAdminTestJSON:tearDownClass): 204 DELETE http://10.180.1.21/identity/v3/users/c76c230945274aef992182018d1d4b17 0.110s
2025-11-26 08:24:36.456 61816 INFO tempest.lib.common.rest_client [req-d0e753f1-f8ab-407f-88ca-fd9fff97b3b0 req-d0e753f1-f8ab-407f-88ca-fd9fff97b3b0 ] Request (ServersAdminTestJSON:setUpClass): 200 GET http://10.180.1.21/compute/v2.1/servers/a9cca36b-ee0e-42b3-9c26-61c9b0715312 0.194s
2025-11-26 08:24:36.495 61856 INFO tempest.lib.common.rest_client [req-ca14f4d3-a27c-4f1e-83d6-4ff04e1dcf5d req-ca14f4d3-a27c-4f1e-83d6-4ff04e1dcf5d ] Request (ServerMetadataNegativeTestJSON:setUpClass): 200 GET http://10.180.1.21/compute/v2.1/servers/4c70f154-7d65-4cea-ad90-8626f58b70f5 0.102s
2025-11-26 08:24:36.528 61850 INFO tempest.lib.common.rest_client [req-e00ae5aa-c955-4136-88f0-a2fdc3988024 req-e00ae5aa-c955-4136-88f0-a2fdc3988024 ] Request (ServicesAdminTestJSON:tearDownClass): 204 DELETE http://10.180.1.21/identity/v3/users/869a5ce75106487b8ab192cee6f0368c 0.091s
2025-11-26 08:24:36.528 61850 INFO tempest.lib.common.dynamic_creds [-] Deleting project and security group for project: 5983806ec26e45ff9f276161f4b6be08
2025-11-26 08:24:36.548 61852 INFO tempest.lib.common.rest_client [req-fc514ef1-8924-4539-9600-91d686de945f req-fc514ef1-8924-4539-9600-91d686de945f ] Request (ServersAdmin275Test:test_rebuild_update_server_275): 200 GET http://10.180.1.21/compute/v2.1/servers/f42d10b1-6733-4c39-9230-fd41dd82bb20 0.093s
2025-11-26 08:24:36.548 61842 INFO tempest.lib.common.rest_client [req-dbd8b38d-7898-446d-8d5a-4c91fdc4bbec req-dbd8b38d-7898-446d-8d5a-4c91fdc4bbec ] Request (FloatingIPsAssociationNegativeTestJSON:setUpClass): 200 GET http://10.180.1.21/compute/v2.1/servers/933ffe74-6883-4676-9be8-f12e45be35e0 0.151s
2025-11-26 08:24:36.586 61850 INFO tempest.lib.common.rest_client [req-88ff2ca6-2b81-4379-8ad6-b6555b4b2781 req-88ff2ca6-2b81-4379-8ad6-b6555b4b2781 ] Request (ServicesAdminTestJSON:tearDownClass): 201 POST http://10.180.1.21/identity/v3/auth/tokens 0.058s
2025-11-26 08:24:36.595 61854 INFO tempest.lib.common.rest_client [req-fe103d98-8fd1-4506-bc65-a8b25b9d2967 req-fe103d98-8fd1-4506-bc65-a8b25b9d2967 ] Request (ServersNegativeTestJSON:setUpClass): 200 GET http://10.180.1.21/compute/v2.1/servers/0d55fe3b-3a7e-493d-b705-10241a2ac392 0.130s
2025-11-26 08:24:36.599 61814 INFO tempest.lib.common.rest_client [req-4a6e4bcb-4c51-4bca-a7e2-6b083a9a7cf1 req-4a6e4bcb-4c51-4bca-a7e2-6b083a9a7cf1 ] Request (ServersV294TestFqdnHostnames:setUpClass): 200 GET http://10.180.1.21/compute/v2.1/servers/12a02fd4-ae5d-4e7f-96e1-27d50d54bc24 0.084s
2025-11-26 08:24:36.641 61818 INFO tempest.lib.common.rest_client [req-e3b2415b-ae50-492b-9df7-9b8396ec7ce8 req-e3b2415b-ae50-492b-9df7-9b8396ec7ce8 ] Request (ServersTestFqdnHostnames:test_create_server_with_fqdn_name): 200 GET http://10.180.1.21/compute/v2.1/servers/3d0bfbba-2fec-4063-91f3-3152b3ea537e 0.073s
2025-11-26 08:24:36.659 61808 INFO tempest.lib.common.rest_client [req-2811bcfb-f8ad-4a4f-842d-10e4871dc258 req-2811bcfb-f8ad-4a4f-842d-10e4871dc258 ] Request (ServersWithSpecificFlavorTestJSON:test_verify_created_server_ephemeral_disk): 200 GET http://10.180.1.21/compute/v2.1/servers/91def60e-ad74-435f-a006-eb5672928010 0.050s
2025-11-26 08:24:36.730 61850 INFO tempest.lib.common.rest_client [req-52d1f17a-b1f0-4834-aff3-27ec6c7d307f req-52d1f17a-b1f0-4834-aff3-27ec6c7d307f ] Request (ServicesAdminTestJSON:tearDownClass): 200 GET http://10.180.1.21:9696/networking/v2.0/security-groups?tenant_id=5983806ec26e45ff9f276161f4b6be08&name=default 0.143s
2025-11-26 08:24:36.825 61850 INFO tempest.lib.common.rest_client [req-c6443ab2-5d0c-442f-92bc-0803ff986bf3 req-c6443ab2-5d0c-442f-92bc-0803ff986bf3 ] Request (ServicesAdminTestJSON:tearDownClass): 204 DELETE http://10.180.1.21:9696/networking/v2.0/security-groups/d491d9c6-4e00-48af-bfbf-23bc68e7b2e5 0.095s
2025-11-26 08:24:36.826 61848 INFO tempest.lib.common.rest_client [req-a43b3f7d-d3ab-4125-8c54-0190a6d6c4a0 req-a43b3f7d-d3ab-4125-8c54-0190a6d6c4a0 ] Request (InstanceActionsNegativeTestJSON:setUpClass): 200 GET http://10.180.1.21/compute/v2.1/servers/37256e1b-8191-4bee-a3c3-dd31c99d9301 0.058s
2025-11-26 08:24:36.895 61864 INFO tempest.lib.common.rest_client [req-dd1e9996-e2a8-4a77-9f87-b734e2d72592 req-dd1e9996-e2a8-4a77-9f87-b734e2d72592 ] Request (ImagesOneServerTestJSON:setUpClass): 200 GET http://10.180.1.21/compute/v2.1/servers/c445065e-68e5-4dda-ba5d-314dc2da12cf 0.185s
2025-11-26 08:24:36.895 61850 INFO tempest.lib.common.rest_client [req-2072e9ee-5a34-4b57-81b0-1faa61c1e99d req-2072e9ee-5a34-4b57-81b0-1faa61c1e99d ] Request (ServicesAdminTestJSON:tearDownClass): 204 DELETE http://10.180.1.21/identity/v3/projects/5983806ec26e45ff9f276161f4b6be08 0.070s
2025-11-26 08:24:36.896 61850 INFO tempest.lib.common.dynamic_creds [-] Deleting project and security group for project: c8e98ff617e74c988ac1c6cd4e84027b
2025-11-26 08:24:36.950 61824 INFO tempest.lib.common.rest_client [req-0a1d12c4-6c37-45f6-98d9-932c2bb736d3 req-0a1d12c4-6c37-45f6-98d9-932c2bb736d3 ] Request (ListServerFiltersTestJSON:setUpClass): 200 GET http://10.180.1.21/compute/v2.1/servers/549dbec8-1008-4930-8e2d-97cd11cfa45f 0.131s
2025-11-26 08:24:36.989 61858 INFO tempest.lib.common.rest_client [req-35fb7eb4-9c35-4e9d-9847-bc9b4ac8af9f req-35fb7eb4-9c35-4e9d-9847-bc9b4ac8af9f ] Request (ImagesTestJSON:test_create_image_from_stopped_server): 200 GET http://10.180.1.21/compute/v2.1/servers/da95334f-ebbf-4a7f-8492-ca310028c4dd 0.191s
2025-11-26 08:24:37.004 61850 INFO tempest.lib.common.rest_client [req-f5e57137-e378-4e67-8897-586dbe871bd8 req-f5e57137-e378-4e67-8897-586dbe871bd8 ] Request (ServicesAdminTestJSON:tearDownClass): 200 GET http://10.180.1.21:9696/networking/v2.0/security-groups?tenant_id=c8e98ff617e74c988ac1c6cd4e84027b&name=default 0.108s
2025-11-26 08:24:37.006 61812 INFO tempest.lib.common.rest_client [req-009f3471-15be-4026-b2d9-f53ecddd0db5 req-009f3471-15be-4026-b2d9-f53ecddd0db5 ] Request (MigrationsAdminTest:test_list_migrations_in_flavor_resize_situation): 200 GET http://10.180.1.21/compute/v2.1/servers/8c57d493-12c4-47fe-a355-c9ade98b7158 0.152s
2025-11-26 08:24:37.052 61834 INFO tempest.lib.common.rest_client [req-cd093b8e-1753-417c-8de1-ca09e6458edf req-cd093b8e-1753-417c-8de1-ca09e6458edf ] Request (DeleteServersTestJSON:test_delete_active_server): 200 GET http://10.180.1.21/compute/v2.1/servers/a8b2d4b2-731f-489a-8b11-c816e6827189 0.188s
2025-11-26 08:24:37.061 61846 INFO tempest.lib.common.rest_client [req-0a59025d-6674-4c93-89ae-6f1caa69407e req-0a59025d-6674-4c93-89ae-6f1caa69407e ] Request (ServerDiagnosticsV248Test:test_get_server_diagnostics): 200 GET http://10.180.1.21/compute/v2.1/servers/fbd512f6-5c22-4a40-846c-0fece5ee7bcb 0.143s
2025-11-26 08:24:37.105 61850 INFO tempest.lib.common.rest_client [req-b9bf5258-9313-40b6-a107-11429ec59977 req-b9bf5258-9313-40b6-a107-11429ec59977 ] Request (ServicesAdminTestJSON:tearDownClass): 204 DELETE http://10.180.1.21:9696/networking/v2.0/security-groups/9a968ce3-ab0c-4d6c-a4c3-5edc1ba468df 0.100s
2025-11-26 08:24:37.106 61866 INFO tempest.lib.common.rest_client [req-51ac793d-974e-44d2-b4a4-de646ba12aeb req-51ac793d-974e-44d2-b4a4-de646ba12aeb ] Request (ServerMetadataTestJSON:setUpClass): 200 GET http://10.180.1.21/compute/v2.1/servers/65a29af2-4c3b-4556-ae95-adab1fa7aad4 0.178s
2025-11-26 08:24:37.112 61832 INFO tempest.lib.common.rest_client [req-9f0eece4-d514-4291-81ac-2c559c302d9e req-9f0eece4-d514-4291-81ac-2c559c302d9e ] Request (SecurityGroupsTestJSON:test_list_security_groups_by_server): 200 GET http://10.180.1.21/compute/v2.1/servers/3fb9b32d-193f-4968-8783-54d25253f94f 0.130s
2025-11-26 08:24:37.155 61830 INFO tempest.lib.common.rest_client [req-5af3bd3d-da29-459b-a576-2234d6d4302c req-5af3bd3d-da29-459b-a576-2234d6d4302c ] Request (ListServersNegativeTestJSON:setUpClass): 200 GET http://10.180.1.21/compute/v2.1/servers/02a2cbdf-c522-4ba5-9914-ccf1c51e0130 0.117s
2025-11-26 08:24:37.201 61850 INFO tempest.lib.common.rest_client [req-1daae1d4-ed01-48ef-aa44-be00f76eacd9 req-1daae1d4-ed01-48ef-aa44-be00f76eacd9 ] Request (ServicesAdminTestJSON:tearDownClass): 204 DELETE http://10.180.1.21/identity/v3/projects/c8e98ff617e74c988ac1c6cd4e84027b 0.095s
2025-11-26 08:24:37.201 61810 INFO tempest.lib.common.rest_client [req-028b6d50-c051-413d-b420-73455b681931 req-028b6d50-c051-413d-b420-73455b681931 ] Request (DeleteServersAdminTestJSON:test_delete_server_while_in_error_state): 200 GET http://10.180.1.21/compute/v2.1/servers/338e2879-7dbe-4334-80da-4bbc1a071aa8 0.093s
2025-11-26 08:24:37.209 61804 INFO tempest.lib.common.rest_client [req-84799c92-e9e2-404a-a2aa-9644f63dbed2 req-84799c92-e9e2-404a-a2aa-9644f63dbed2 ] Request (ServerDiagnosticsTest:test_get_server_diagnostics): 200 GET http://10.180.1.21/compute/v2.1/servers/72dd6ff6-43bb-4b4e-9d3d-7d89ad4d54af 0.157s
2025-11-26 08:24:37.265 61838 INFO tempest.lib.common.rest_client [req-86339777-f6e1-47c9-a082-092f733d06f7 req-86339777-f6e1-47c9-a082-092f733d06f7 ] Request (ServerActionsV293TestJSON:setUpClass): 200 GET http://10.180.1.21/compute/v2.1/servers/12cd88c0-09c1-42de-8fdd-03139718ca17 0.094s
2025-11-26 08:24:37.279 61850 INFO tempest.lib.common.rest_client [req-2edf7ba4-edf6-4d9e-95bd-fa9b332537c2 req-2edf7ba4-edf6-4d9e-95bd-fa9b332537c2 ] Request (MultipleCreateNegativeTestJSON:setUpClass): 201 POST http://10.180.1.21/identity/v3/auth/tokens 0.076s
2025-11-26 08:24:37.309 61850 INFO tempest.lib.common.rest_client [req-e02bccbc-4309-4faa-876f-7bd2e0bbb359 req-e02bccbc-4309-4faa-876f-7bd2e0bbb359 ] Request (MultipleCreateNegativeTestJSON:setUpClass): 201 POST http://10.180.1.21/identity/v3/auth/tokens 0.028s
2025-11-26 08:24:37.312 61862 INFO tempest.lib.common.rest_client [req-b5673124-4b3b-4db0-a9be-57372193cc58 req-b5673124-4b3b-4db0-a9be-57372193cc58 ] Request (ServerExternalEventsTest:test_create_server_external_events): 200 GET http://10.180.1.21/compute/v2.1/servers/413e21a0-5b33-44d1-9964-82e3da294808 0.093s
2025-11-26 08:24:37.335 61850 INFO tempest.lib.common.rest_client [req-18c86299-860d-4dd9-92ba-a83a32baa5a8 req-18c86299-860d-4dd9-92ba-a83a32baa5a8 ] Request (MultipleCreateNegativeTestJSON:setUpClass): 200 GET http://10.180.1.21/identity/v3/domains?name=Default 0.025s
2025-11-26 08:24:37.358 61836 INFO tempest.lib.common.rest_client [req-fedc0a76-7e15-41fa-b189-c37e2276ee1f req-fedc0a76-7e15-41fa-b189-c37e2276ee1f ] Request (AttachInterfacesV270Test:test_create_get_list_interfaces): 200 GET http://10.180.1.21/compute/v2.1/servers/9cb4ec1b-e422-491d-8ee9-0103c740ea5b 0.210s
2025-11-26 08:24:37.360 61850 INFO tempest.lib.common.rest_client [req-8adc52ce-5516-4dbc-b60b-02072ef3b7d2 req-8adc52ce-5516-4dbc-b60b-02072ef3b7d2 ] Request (MultipleCreateNegativeTestJSON:setUpClass): 201 POST http://10.180.1.21/identity/v3/projects 0.024s
2025-11-26 08:24:37.372 61860 INFO tempest.lib.common.rest_client [req-e8907bdf-fd6f-48bc-83b6-8326a4190558 req-e8907bdf-fd6f-48bc-83b6-8326a4190558 ] Request (ServerActionsTestOtherA:setUpClass): 200 GET http://10.180.1.21/compute/v2.1/servers/79b5dc73-2168-46b5-8045-13e92666a69a 0.154s
2025-11-26 08:24:37.418 61850 INFO tempest.lib.common.rest_client [req-32a67728-c94c-4f03-b292-183d94e0dfd8 req-32a67728-c94c-4f03-b292-183d94e0dfd8 ] Request (MultipleCreateNegativeTestJSON:setUpClass): 201 POST http://10.180.1.21/identity/v3/users 0.058s
2025-11-26 08:24:37.424 61820 INFO tempest.lib.common.rest_client [req-f75262c0-79c3-40dc-acc5-88204456b8a8 req-f75262c0-79c3-40dc-acc5-88204456b8a8 ] Request (ServerAddressesNegativeTestJSON:setUpClass): 200 GET http://10.180.1.21/compute/v2.1/servers/643dbc96-7e32-4442-ab44-cbd74b0ffd72 0.109s
2025-11-26 08:24:37.427 61844 INFO tempest.lib.common.rest_client [req-aef85b55-9ac9-470b-9661-c2c391efd105 req-aef85b55-9ac9-470b-9661-c2c391efd105 ] Request (VolumesAssistedSnapshotsTest:test_volume_assisted_snapshot_create_delete): 200 GET http://10.180.1.21/compute/v2.1/servers/fe988112-9ee6-4fa7-8914-87119aaa2549 0.163s
2025-11-26 08:24:37.437 61850 INFO tempest.lib.common.rest_client [req-8a0b2d66-84f8-470e-a25f-bb6efaf5ddd1 req-8a0b2d66-84f8-470e-a25f-bb6efaf5ddd1 ] Request (MultipleCreateNegativeTestJSON:setUpClass): 200 GET http://10.180.1.21/identity/v3/roles 0.017s
2025-11-26 08:24:37.462 61850 INFO tempest.lib.common.rest_client [req-8ff95fa1-ed64-49d4-a4b3-ac2bfa1b61b9 req-8ff95fa1-ed64-49d4-a4b3-ac2bfa1b61b9 ] Request (MultipleCreateNegativeTestJSON:setUpClass): 204 PUT http://10.180.1.21/identity/v3/projects/57d6ec084db44fa59beed307d59ba63f/users/7150e362dee84e90b09914d942487e20/roles/aa220314307b4cd1b9e13163a378241c 0.024s
2025-11-26 08:24:37.462 61850 INFO tempest.lib.common.dynamic_creds [-] Dynamic test user 7150e362dee84e90b09914d942487e20 is created with scope project and roles: ['member']
2025-11-26 08:24:37.462 61850 INFO tempest.lib.common.dynamic_creds [-] Acquired dynamic creds: credentials: Credentials: {'domain_id': 'default', 'domain_name': 'Default', 'username': 'tempest-MultipleCreateNegativeTestJSON-1395716987-project-member', 'project_domain_id': 'default', 'project_domain_name': 'Default', 'project_id': '57d6ec084db44fa59beed307d59ba63f', 'project_name': 'tempest-MultipleCreateNegativeTestJSON-1395716987', 'tenant_id': '57d6ec084db44fa59beed307d59ba63f', 'tenant_name': 'tempest-MultipleCreateNegativeTestJSON-1395716987', 'user_domain_id': 'default', 'user_domain_name': 'Default', 'user_id': '7150e362dee84e90b09914d942487e20', 'system': None}, Network: None, Subnet: None, Router: None
2025-11-26 08:24:37.462 61850 INFO tempest.lib.common.dynamic_creds [-] Created isolated network resources for: credentials: Credentials: {'domain_id': 'default', 'domain_name': 'Default', 'username': 'tempest-MultipleCreateNegativeTestJSON-1395716987-project-member', 'project_domain_id': 'default', 'project_domain_name': 'Default', 'project_id': '57d6ec084db44fa59beed307d59ba63f', 'project_name': 'tempest-MultipleCreateNegativeTestJSON-1395716987', 'tenant_id': '57d6ec084db44fa59beed307d59ba63f', 'tenant_name': 'tempest-MultipleCreateNegativeTestJSON-1395716987', 'user_domain_id': 'default', 'user_domain_name': 'Default', 'user_id': '7150e362dee84e90b09914d942487e20', 'system': None}, Network: None, Subnet: None, Router: None
2025-11-26 08:24:37.521 61806 INFO tempest.lib.common.rest_client [req-8bd47777-d674-4ce7-8f1c-4ff922c24267 req-8bd47777-d674-4ce7-8f1c-4ff922c24267 ] Request (VolumesAdminNegativeTest:test_update_attached_volume_with_nonexistent_volume_in_uri): 200 GET http://10.180.1.21/compute/v2.1/servers/f63a7f37-09ac-4fe8-a1a3-7e13eb158526 0.205s
2025-11-26 08:24:37.537 61850 INFO tempest.lib.common.rest_client [req-5968b0e7-a33d-42cf-912e-16ec8a517c22 req-5968b0e7-a33d-42cf-912e-16ec8a517c22 ] Request (MultipleCreateNegativeTestJSON:setUpClass): 201 POST http://10.180.1.21/identity/v3/auth/tokens 0.072s
2025-11-26 08:24:37.589 61850 INFO tempest.lib.common.rest_client [req-2eef0566-cf49-4a9c-8c75-5b743c9eac0c req-2eef0566-cf49-4a9c-8c75-5b743c9eac0c ] Request (MultipleCreateNegativeTestJSON:test_max_count_less_than_min_count): 201 POST http://10.180.1.21/identity/v3/auth/tokens 0.046s
2025-11-26 08:24:37.589 61850 INFO tempest.lib.common.fixed_network [-] (MultipleCreateNegativeTestJSON:test_max_count_less_than_min_count) Found network None available for tenant
2025-11-26 08:24:37.621 61856 INFO tempest.lib.common.rest_client [req-9623bc2d-de47-4ebd-98d6-d2e74184ebac req-9623bc2d-de47-4ebd-98d6-d2e74184ebac ] Request (ServerMetadataNegativeTestJSON:setUpClass): 200 GET http://10.180.1.21/compute/v2.1/servers/4c70f154-7d65-4cea-ad90-8626f58b70f5 0.118s
2025-11-26 08:24:37.677 61852 INFO tempest.lib.common.rest_client [req-99802d5b-68fe-405c-beac-02dd94d9d367 req-99802d5b-68fe-405c-beac-02dd94d9d367 ] Request (ServersAdmin275Test:test_rebuild_update_server_275): 200 GET http://10.180.1.21/compute/v2.1/servers/f42d10b1-6733-4c39-9230-fd41dd82bb20 0.121s
2025-11-26 08:24:37.721 61816 INFO tempest.lib.common.rest_client [req-7f00688d-623f-40d9-82af-7f9489ed39d7 req-7f00688d-623f-40d9-82af-7f9489ed39d7 ] Request (ServersAdminTestJSON:setUpClass): 200 GET http://10.180.1.21/compute/v2.1/servers/a9cca36b-ee0e-42b3-9c26-61c9b0715312 0.255s
2025-11-26 08:24:37.794 61850 INFO tempest.lib.common.rest_client [req-9c0e68ed-53ef-44e5-860e-853bcb45ff1c req-9c0e68ed-53ef-44e5-860e-853bcb45ff1c ] Request (MultipleCreateNegativeTestJSON:test_max_count_less_than_min_count): 400 POST http://10.180.1.21/compute/v2.1/servers 0.204s
2025-11-26 08:24:37.824 61850 INFO tempest.lib.common.rest_client [req-20abf33d-f5b7-40a6-ba06-fdc33618cd1d req-20abf33d-f5b7-40a6-ba06-fdc33618cd1d ] Request (MultipleCreateNegativeTestJSON:test_max_count_less_than_one): 201 POST http://10.180.1.21/identity/v3/auth/tokens 0.026s
2025-11-26 08:24:37.825 61850 INFO tempest.lib.common.fixed_network [-] (MultipleCreateNegativeTestJSON:test_max_count_less_than_one) Found network None available for tenant
2025-11-26 08:24:37.832 61842 INFO tempest.lib.common.rest_client [req-99cdb363-fcf2-465b-b9e9-4a0fa958ecf8 req-99cdb363-fcf2-465b-b9e9-4a0fa958ecf8 ] Request (FloatingIPsAssociationNegativeTestJSON:setUpClass): 200 GET http://10.180.1.21/compute/v2.1/servers/933ffe74-6883-4676-9be8-f12e45be35e0 0.274s
2025-11-26 08:24:37.847 61854 INFO tempest.lib.common.rest_client [req-7127a073-0f45-417f-977c-bb9f15bc2a34 req-7127a073-0f45-417f-977c-bb9f15bc2a34 ] Request (ServersNegativeTestJSON:setUpClass): 200 GET http://10.180.1.21/compute/v2.1/servers/0d55fe3b-3a7e-493d-b705-10241a2ac392 0.246s
2025-11-26 08:24:37.890 61814 INFO tempest.lib.common.rest_client [req-d2faa96f-50b3-4cd3-8a20-d65b5b4796fb req-d2faa96f-50b3-4cd3-8a20-d65b5b4796fb ] Request (ServersV294TestFqdnHostnames:setUpClass): 200 GET http://10.180.1.21/compute/v2.1/servers/12a02fd4-ae5d-4e7f-96e1-27d50d54bc24 0.283s
2025-11-26 08:24:37.893 61818 INFO tempest.lib.common.rest_client [req-d625d3db-10ba-41be-a823-afc6efb05f0d req-d625d3db-10ba-41be-a823-afc6efb05f0d ] Request (ServersTestFqdnHostnames:test_create_server_with_fqdn_name): 200 GET http://10.180.1.21/compute/v2.1/servers/3d0bfbba-2fec-4063-91f3-3152b3ea537e 0.245s
2025-11-26 08:24:37.899 61850 INFO tempest.lib.common.rest_client [req-a5bf0c5b-2668-4299-990e-42b9f97e0c28 req-a5bf0c5b-2668-4299-990e-42b9f97e0c28 ] Request (MultipleCreateNegativeTestJSON:test_max_count_less_than_one): 400 POST http://10.180.1.21/compute/v2.1/servers 0.073s
2025-11-26 08:24:37.927 61850 INFO tempest.lib.common.rest_client [req-4c887817-8ceb-4817-8924-0bee10579a0e req-4c887817-8ceb-4817-8924-0bee10579a0e ] Request (MultipleCreateNegativeTestJSON:test_max_count_non_integer): 201 POST http://10.180.1.21/identity/v3/auth/tokens 0.024s
2025-11-26 08:24:37.928 61850 INFO tempest.lib.common.fixed_network [-] (MultipleCreateNegativeTestJSON:test_max_count_non_integer) Found network None available for tenant
2025-11-26 08:24:37.940 61808 INFO tempest.lib.common.rest_client [req-647e3c94-f477-4140-8c95-a63e1081906c req-647e3c94-f477-4140-8c95-a63e1081906c ] Request (ServersWithSpecificFlavorTestJSON:test_verify_created_server_ephemeral_disk): 200 GET http://10.180.1.21/compute/v2.1/servers/91def60e-ad74-435f-a006-eb5672928010 0.273s
2025-11-26 08:24:37.946 61848 INFO tempest.lib.common.rest_client [req-9c84e4e2-32f4-4b0f-91ff-22417a7ca8cb req-9c84e4e2-32f4-4b0f-91ff-22417a7ca8cb ] Request (InstanceActionsNegativeTestJSON:setUpClass): 200 GET http://10.180.1.21/compute/v2.1/servers/37256e1b-8191-4bee-a3c3-dd31c99d9301 0.113s
2025-11-26 08:24:37.952 61850 INFO tempest.lib.common.rest_client [req-0287aa26-8ff4-4e47-83d1-f97c76b9ae15 req-0287aa26-8ff4-4e47-83d1-f97c76b9ae15 ] Request (MultipleCreateNegativeTestJSON:test_max_count_non_integer): 400 POST http://10.180.1.21/compute/v2.1/servers 0.023s
2025-11-26 08:24:37.981 61850 INFO tempest.lib.common.rest_client [req-f2ecfffd-0b65-4ea8-9631-d3ab0c768468 req-f2ecfffd-0b65-4ea8-9631-d3ab0c768468 ] Request (MultipleCreateNegativeTestJSON:test_min_count_less_than_one): 201 POST http://10.180.1.21/identity/v3/auth/tokens 0.025s
2025-11-26 08:24:37.981 61850 INFO tempest.lib.common.fixed_network [-] (MultipleCreateNegativeTestJSON:test_min_count_less_than_one) Found network None available for tenant
2025-11-26 08:24:38.006 61824 INFO tempest.lib.common.rest_client [req-e6c80b74-2c7b-46c4-9f96-66553af1ad85 req-e6c80b74-2c7b-46c4-9f96-66553af1ad85 ] Request (ListServerFiltersTestJSON:setUpClass): 200 GET http://10.180.1.21/compute/v2.1/servers/549dbec8-1008-4930-8e2d-97cd11cfa45f 0.049s
2025-11-26 08:24:38.011 61850 INFO tempest.lib.common.rest_client [req-cdc63d4c-1260-46ae-a284-76d6917f83cb req-cdc63d4c-1260-46ae-a284-76d6917f83cb ] Request (MultipleCreateNegativeTestJSON:test_min_count_less_than_one): 400 POST http://10.180.1.21/compute/v2.1/servers 0.029s
2025-11-26 08:24:38.040 61850 INFO tempest.lib.common.rest_client [req-3eeeae33-75d9-439b-aed8-c3844aae4953 req-3eeeae33-75d9-439b-aed8-c3844aae4953 ] Request (MultipleCreateNegativeTestJSON:test_min_count_non_integer): 201 POST http://10.180.1.21/identity/v3/auth/tokens 0.025s
2025-11-26 08:24:38.040 61850 INFO tempest.lib.common.fixed_network [-] (MultipleCreateNegativeTestJSON:test_min_count_non_integer) Found network None available for tenant
2025-11-26 08:24:38.044 61864 INFO tempest.lib.common.rest_client [req-1d4013e2-1076-4ed8-bd40-8af5c1859eeb req-1d4013e2-1076-4ed8-bd40-8af5c1859eeb ] Request (ImagesOneServerTestJSON:setUpClass): 200 GET http://10.180.1.21/compute/v2.1/servers/c445065e-68e5-4dda-ba5d-314dc2da12cf 0.142s
2025-11-26 08:24:38.091 61812 INFO tempest.lib.common.rest_client [req-3cf6d270-2bb9-4f0f-8100-9aad01927055 req-3cf6d270-2bb9-4f0f-8100-9aad01927055 ] Request (MigrationsAdminTest:test_list_migrations_in_flavor_resize_situation): 200 GET http://10.180.1.21/compute/v2.1/servers/8c57d493-12c4-47fe-a355-c9ade98b7158 0.078s
