2025-11-26 08:24:27.456 61854 INFO tempest.lib.common.rest_client [req-74d6fd9c-0d0c-4046-ac11-419cb6bf122b req-74d6fd9c-0d0c-4046-ac11-419cb6bf122b ] Request (ServersNegativeTestJSON:setUpClass): 200 GET http://10.180.1.21/compute/v2.1/servers/0d55fe3b-3a7e-493d-b705-10241a2ac392 0.060s
2025-11-26 08:24:27.487 61864 INFO tempest.lib.common.rest_client [req-f3d2a960-a590-4947-823b-c40a981d52cb req-f3d2a960-a590-4947-823b-c40a981d52cb ] Request (ImagesOneServerTestJSON:setUpClass): 200 GET http://10.180.1.21/compute/v2.1/servers/c445065e-68e5-4dda-ba5d-314dc2da12cf 0.104s
2025-11-26 08:24:27.506 61818 INFO tempest.lib.common.rest_client [req-5ad4bb97-715c-4c58-80e1-eb5f5d653ddc req-5ad4bb97-715c-4c58-80e1-eb5f5d653ddc ] Request (ServersTestFqdnHostnames:test_create_server_with_fqdn_name): 200 GET http://10.180.1.21/compute/v2.1/servers/3d0bfbba-2fec-4063-91f3-3152b3ea537e 0.080s
2025-11-26 08:24:27.535 61808 INFO tempest.lib.common.rest_client [req-2e4e27e0-dd33-4245-983e-a0d4033b556c req-2e4e27e0-dd33-4245-983e-a0d4033b556c ] Request (ServersWithSpecificFlavorTestJSON:test_verify_created_server_ephemeral_disk): 200 GET http://10.180.1.21/compute/v2.1/servers/91def60e-ad74-435f-a006-eb5672928010 0.062s
2025-11-26 08:24:27.584 61848 INFO tempest.lib.common.rest_client [req-c89f2b59-28a5-4183-aa20-d04b64197589 req-c89f2b59-28a5-4183-aa20-d04b64197589 ] Request (InstanceActionsNegativeTestJSON:setUpClass): 200 GET http://10.180.1.21/compute/v2.1/servers/37256e1b-8191-4bee-a3c3-dd31c99d9301 0.068s
2025-11-26 08:24:27.603 61804 INFO tempest.lib.common.rest_client [req-4c50f990-58b7-4037-a3f6-293f76cbff84 req-4c50f990-58b7-4037-a3f6-293f76cbff84 ] Request (ServerDiagnosticsTest:test_get_server_diagnostics): 200 GET http://10.180.1.21/compute/v2.1/servers/72dd6ff6-43bb-4b4e-9d3d-7d89ad4d54af 0.119s
2025-11-26 08:24:27.634 61824 INFO tempest.lib.common.rest_client [req-46941278-d5f3-49b0-97f5-77edae488a50 req-46941278-d5f3-49b0-97f5-77edae488a50 ] Request (ListServerFiltersTestJSON:setUpClass): 200 GET http://10.180.1.21/compute/v2.1/servers/549dbec8-1008-4930-8e2d-97cd11cfa45f 0.108s
2025-11-26 08:24:27.662 61812 INFO tempest.lib.common.rest_client [req-177ecf28-22c6-430a-8ef7-e4dabf3cb2b0 req-177ecf28-22c6-430a-8ef7-e4dabf3cb2b0 ] Request (MigrationsAdminTest:test_list_migrations_in_flavor_resize_situation): 200 GET http://10.180.1.21/compute/v2.1/servers/8c57d493-12c4-47fe-a355-c9ade98b7158 0.101s
2025-11-26 08:24:27.690 61834 INFO tempest.lib.common.rest_client [req-1d9d2273-190f-465d-acb7-38e6400e639a req-1d9d2273-190f-465d-acb7-38e6400e639a ] Request (DeleteServersTestJSON:test_delete_active_server): 200 GET http://10.180.1.21/compute/v2.1/servers/a8b2d4b2-731f-489a-8b11-c816e6827189 0.062s
2025-11-26 08:24:27.826 61836 INFO tempest.lib.common.rest_client [req-903f6e1f-45a8-4dc2-9a8f-f01b1ed2def1 req-903f6e1f-45a8-4dc2-9a8f-f01b1ed2def1 ] Request (AttachInterfacesV270Test:test_create_get_list_interfaces): 200 GET http://10.180.1.21/compute/v2.1/servers/9cb4ec1b-e422-491d-8ee9-0103c740ea5b 0.109s
2025-11-26 08:24:27.896 61846 INFO tempest.lib.common.rest_client [req-1170c84c-ed9a-464d-8095-7811c4b24330 req-1170c84c-ed9a-464d-8095-7811c4b24330 ] Request (ServerDiagnosticsV248Test:test_get_server_diagnostics): 200 GET http://10.180.1.21/compute/v2.1/servers/fbd512f6-5c22-4a40-846c-0fece5ee7bcb 0.054s
2025-11-26 08:24:27.936 61806 INFO tempest.lib.common.rest_client [req-5a5b154e-4a45-4063-af18-2ba26af161f4 req-5a5b154e-4a45-4063-af18-2ba26af161f4 ] Request (VolumesAdminNegativeTest:test_update_attached_volume_with_nonexistent_volume_in_uri): 200 GET http://10.180.1.21/compute/v2.1/servers/f63a7f37-09ac-4fe8-a1a3-7e13eb158526 0.144s
2025-11-26 08:24:27.950 61866 INFO tempest.lib.common.rest_client [req-4c71582d-1aa4-46af-b63c-f72d8617a069 req-4c71582d-1aa4-46af-b63c-f72d8617a069 ] Request (ServerMetadataTestJSON:setUpClass): 200 GET http://10.180.1.21/compute/v2.1/servers/65a29af2-4c3b-4556-ae95-adab1fa7aad4 0.050s
2025-11-26 08:24:28.000 61832 INFO tempest.lib.common.rest_client [req-ded0c3ff-a474-4964-8ca5-b3c339dfbde7 req-ded0c3ff-a474-4964-8ca5-b3c339dfbde7 ] Request (SecurityGroupsTestJSON:test_list_security_groups_by_server): 200 GET http://10.180.1.21/compute/v2.1/servers/3fb9b32d-193f-4968-8783-54d25253f94f 0.057s
2025-11-26 08:24:28.053 61830 INFO tempest.lib.common.rest_client [req-5976af51-301b-4aaa-b963-f873b37ef6a4 req-5976af51-301b-4aaa-b963-f873b37ef6a4 ] Request (ListServersNegativeTestJSON:setUpClass): 200 GET http://10.180.1.21/compute/v2.1/servers/02a2cbdf-c522-4ba5-9914-ccf1c51e0130 0.067s
2025-11-26 08:24:28.076 61856 INFO tempest.lib.common.rest_client [req-125987cc-568d-4a8f-a2d5-4e49a94dbd0a req-125987cc-568d-4a8f-a2d5-4e49a94dbd0a ] Request (ServerMetadataNegativeTestJSON:setUpClass): 200 GET http://10.180.1.21/compute/v2.1/servers/4c70f154-7d65-4cea-ad90-8626f58b70f5 0.169s
2025-11-26 08:24:28.133 61838 INFO tempest.lib.common.rest_client [req-79d7bfd4-dd86-4080-9815-2ca741952a5f req-79d7bfd4-dd86-4080-9815-2ca741952a5f ] Request (ServerActionsV293TestJSON:setUpClass): 200 GET http://10.180.1.21/compute/v2.1/servers/12cd88c0-09c1-42de-8fdd-03139718ca17 0.081s
2025-11-26 08:24:28.148 61842 INFO tempest.lib.common.rest_client [req-6acac8a1-fb7d-40b9-9214-f203cfbecb9c req-6acac8a1-fb7d-40b9-9214-f203cfbecb9c ] Request (FloatingIPsAssociationNegativeTestJSON:setUpClass): 200 GET http://10.180.1.21/compute/v2.1/servers/933ffe74-6883-4676-9be8-f12e45be35e0 0.115s
2025-11-26 08:24:28.185 61810 INFO tempest.lib.common.rest_client [req-8d1c7b83-45d0-4968-9d4b-0f2811e61215 req-8d1c7b83-45d0-4968-9d4b-0f2811e61215 ] Request (DeleteServersAdminTestJSON:test_delete_server_while_in_error_state): 200 GET http://10.180.1.21/compute/v2.1/servers/338e2879-7dbe-4334-80da-4bbc1a071aa8 0.092s
2025-11-26 08:24:28.232 61862 INFO tempest.lib.common.rest_client [req-552fb3fd-48e6-41d8-bf4a-e23ef343d7e5 req-552fb3fd-48e6-41d8-bf4a-e23ef343d7e5 ] Request (ServerExternalEventsTest:test_create_server_external_events): 200 GET http://10.180.1.21/compute/v2.1/servers/413e21a0-5b33-44d1-9964-82e3da294808 0.091s
2025-11-26 08:24:28.247 61816 INFO tempest.lib.common.rest_client [req-febebb55-aeb2-4a40-bb3e-ba71ec8a1482 req-febebb55-aeb2-4a40-bb3e-ba71ec8a1482 ] Request (ServersAdminTestJSON:setUpClass): 200 GET http://10.180.1.21/compute/v2.1/servers/a9cca36b-ee0e-42b3-9c26-61c9b0715312 0.126s
2025-11-26 08:24:28.280 61860 INFO tempest.lib.common.rest_client [req-0675a1c0-8abc-4718-b3ab-9a7862f92e72 req-0675a1c0-8abc-4718-b3ab-9a7862f92e72 ] Request (ServerActionsTestOtherA:setUpClass): 200 GET http://10.180.1.21/compute/v2.1/servers/79b5dc73-2168-46b5-8045-13e92666a69a 0.070s
2025-11-26 08:24:28.331 61844 INFO tempest.lib.common.rest_client [req-10a3f144-a95e-47e9-ba3c-720a20a19f53 req-10a3f144-a95e-47e9-ba3c-720a20a19f53 ] Request (VolumesAssistedSnapshotsTest:test_volume_assisted_snapshot_create_delete): 200 GET http://10.180.1.21/compute/v2.1/servers/fe988112-9ee6-4fa7-8914-87119aaa2549 0.073s
2025-11-26 08:24:28.362 61858 INFO tempest.lib.common.rest_client [req-748514dc-7fdd-493d-a684-9c247a488437 req-748514dc-7fdd-493d-a684-9c247a488437 ] Request (ImagesTestJSON:test_create_image_from_stopped_server): 200 GET http://10.180.1.21/compute/v2.1/servers/da95334f-ebbf-4a7f-8492-ca310028c4dd 0.110s
2025-11-26 08:24:28.390 61820 INFO tempest.lib.common.rest_client [req-3544363b-18c0-43c8-bb20-79094ccd1106 req-3544363b-18c0-43c8-bb20-79094ccd1106 ] Request (ServerAddressesNegativeTestJSON:setUpClass): 200 GET http://10.180.1.21/compute/v2.1/servers/643dbc96-7e32-4442-ab44-cbd74b0ffd72 0.085s
2025-11-26 08:24:28.442 61852 INFO tempest.lib.common.rest_client [req-a7c15c96-2ada-456e-8bbb-d53f5e299317 req-a7c15c96-2ada-456e-8bbb-d53f5e299317 ] Request (ServersAdmin275Test:test_rebuild_update_server_275): 200 GET http://10.180.1.21/compute/v2.1/servers/f42d10b1-6733-4c39-9230-fd41dd82bb20 0.065s
2025-11-26 08:24:28.457 61850 INFO tempest.lib.common.rest_client [req-8fdce65b-721f-4b97-849a-4f682b1f04ae req-8fdce65b-721f-4b97-849a-4f682b1f04ae ] Request (ServersAdminNegativeTestJSON:setUpClass): 200 GET http://10.180.1.21/compute/v2.1/servers/8725d6e7-57cc-4d55-b21a-4aee65d5228b 0.099s
2025-11-26 08:24:28.490 61814 INFO tempest.lib.common.rest_client [req-0a14705e-441a-427e-a79c-1bcea2f185fe req-0a14705e-441a-427e-a79c-1bcea2f185fe ] Request (ServersV294TestFqdnHostnames:setUpClass): 200 GET http://10.180.1.21/compute/v2.1/servers/12a02fd4-ae5d-4e7f-96e1-27d50d54bc24 0.072s
2025-11-26 08:24:28.518 61854 INFO tempest.lib.common.rest_client [req-bae57a9c-e165-411c-a0bf-88ae9dd3bd97 req-bae57a9c-e165-411c-a0bf-88ae9dd3bd97 ] Request (ServersNegativeTestJSON:setUpClass): 200 GET http://10.180.1.21/compute/v2.1/servers/0d55fe3b-3a7e-493d-b705-10241a2ac392 0.051s
2025-11-26 08:24:28.570 61818 INFO tempest.lib.common.rest_client [req-78e7e862-c695-465a-b3ab-ad375fe2f828 req-78e7e862-c695-465a-b3ab-ad375fe2f828 ] Request (ServersTestFqdnHostnames:test_create_server_with_fqdn_name): 200 GET http://10.180.1.21/compute/v2.1/servers/3d0bfbba-2fec-4063-91f3-3152b3ea537e 0.056s
2025-11-26 08:24:28.593 61864 INFO tempest.lib.common.rest_client [req-c0acae2c-0fd8-4868-af23-af6039ef3287 req-c0acae2c-0fd8-4868-af23-af6039ef3287 ] Request (ImagesOneServerTestJSON:setUpClass): 200 GET http://10.180.1.21/compute/v2.1/servers/c445065e-68e5-4dda-ba5d-314dc2da12cf 0.099s
2025-11-26 08:24:28.618 61808 INFO tempest.lib.common.rest_client [req-0e3daec6-f88a-4cf9-99f2-37bbd9d42a53 req-0e3daec6-f88a-4cf9-99f2-37bbd9d42a53 ] Request (ServersWithSpecificFlavorTestJSON:test_verify_created_server_ephemeral_disk): 200 GET http://10.180.1.21/compute/v2.1/servers/91def60e-ad74-435f-a006-eb5672928010 0.075s
2025-11-26 08:24:28.642 61848 INFO tempest.lib.common.rest_client [req-d4d63a8c-00d9-49e4-8f15-3580d9c386ac req-d4d63a8c-00d9-49e4-8f15-3580d9c386ac ] Request (InstanceActionsNegativeTestJSON:setUpClass): 200 GET http://10.180.1.21/compute/v2.1/servers/37256e1b-8191-4bee-a3c3-dd31c99d9301 0.050s
2025-11-26 08:24:28.692 61824 INFO tempest.lib.common.rest_client [req-825765a4-49ee-4c86-a62f-57f99f634d32 req-825765a4-49ee-4c86-a62f-57f99f634d32 ] Request (ListServerFiltersTestJSON:setUpClass): 200 GET http://10.180.1.21/compute/v2.1/servers/549dbec8-1008-4930-8e2d-97cd11cfa45f 0.049s
2025-11-26 08:24:28.712 61804 INFO tempest.lib.common.rest_client [req-6cf56d53-2936-4269-a3e2-1b47ec391c9c req-6cf56d53-2936-4269-a3e2-1b47ec391c9c ] Request (ServerDiagnosticsTest:test_get_server_diagnostics): 200 GET http://10.180.1.21/compute/v2.1/servers/72dd6ff6-43bb-4b4e-9d3d-7d89ad4d54af 0.102s
2025-11-26 08:24:28.739 61812 INFO tempest.lib.common.rest_client [req-091d8b39-feba-47ef-8542-90533a0f1b2a req-091d8b39-feba-47ef-8542-90533a0f1b2a ] Request (MigrationsAdminTest:test_list_migrations_in_flavor_resize_situation): 200 GET http://10.180.1.21/compute/v2.1/servers/8c57d493-12c4-47fe-a355-c9ade98b7158 0.069s
2025-11-26 08:24:28.759 61834 INFO tempest.lib.common.rest_client [req-0bf9b343-93ed-4bd1-afe1-553814dd92a7 req-0bf9b343-93ed-4bd1-afe1-553814dd92a7 ] Request (DeleteServersTestJSON:test_delete_active_server): 200 GET http://10.180.1.21/compute/v2.1/servers/a8b2d4b2-731f-489a-8b11-c816e6827189 0.062s
2025-11-26 08:24:28.930 61836 INFO tempest.lib.common.rest_client [req-2b8ea45b-1741-4380-b53b-db278ee35859 req-2b8ea45b-1741-4380-b53b-db278ee35859 ] Request (AttachInterfacesV270Test:test_create_get_list_interfaces): 200 GET http://10.180.1.21/compute/v2.1/servers/9cb4ec1b-e422-491d-8ee9-0103c740ea5b 0.094s
2025-11-26 08:24:28.956 61846 INFO tempest.lib.common.rest_client [req-f29e066d-a8c7-4be0-b5b5-b001e9fdb51f req-f29e066d-a8c7-4be0-b5b5-b001e9fdb51f ] Request (ServerDiagnosticsV248Test:test_get_server_diagnostics): 200 GET http://10.180.1.21/compute/v2.1/servers/fbd512f6-5c22-4a40-846c-0fece5ee7bcb 0.051s
2025-11-26 08:24:29.005 61866 INFO tempest.lib.common.rest_client [req-d94cea15-be34-4f9a-8352-614bb362ab56 req-d94cea15-be34-4f9a-8352-614bb362ab56 ] Request (ServerMetadataTestJSON:setUpClass): 200 GET http://10.180.1.21/compute/v2.1/servers/65a29af2-4c3b-4556-ae95-adab1fa7aad4 0.048s
2025-11-26 08:24:29.037 61806 INFO tempest.lib.common.rest_client [req-44d6f4f8-4edb-4b70-ae1c-566a652e616e req-44d6f4f8-4edb-4b70-ae1c-566a652e616e ] Request (VolumesAdminNegativeTest:test_update_attached_volume_with_nonexistent_volume_in_uri): 200 GET http://10.180.1.21/compute/v2.1/servers/f63a7f37-09ac-4fe8-a1a3-7e13eb158526 0.093s
2025-11-26 08:24:29.053 61832 INFO tempest.lib.common.rest_client [req-1c1d3ecf-eab2-40c5-9751-2e126b1c3c25 req-1c1d3ecf-eab2-40c5-9751-2e126b1c3c25 ] Request (SecurityGroupsTestJSON:test_list_security_groups_by_server): 200 GET http://10.180.1.21/compute/v2.1/servers/3fb9b32d-193f-4968-8783-54d25253f94f 0.045s
2025-11-26 08:24:29.107 61830 INFO tempest.lib.common.rest_client [req-d738bbcd-5503-41bd-ac8c-312c24fc5790 req-d738bbcd-5503-41bd-ac8c-312c24fc5790 ] Request (ListServersNegativeTestJSON:setUpClass): 200 GET http://10.180.1.21/compute/v2.1/servers/02a2cbdf-c522-4ba5-9914-ccf1c51e0130 0.046s
2025-11-26 08:24:29.198 61838 INFO tempest.lib.common.rest_client [req-d262e134-63b1-4ecb-9f41-27984030599d req-d262e134-63b1-4ecb-9f41-27984030599d ] Request (ServerActionsV293TestJSON:setUpClass): 200 GET http://10.180.1.21/compute/v2.1/servers/12cd88c0-09c1-42de-8fdd-03139718ca17 0.053s
2025-11-26 08:24:29.213 61856 INFO tempest.lib.common.rest_client [req-d67b0ee0-7cb5-48c5-8807-b2617b9845e9 req-d67b0ee0-7cb5-48c5-8807-b2617b9845e9 ] Request (ServerMetadataNegativeTestJSON:setUpClass): 200 GET http://10.180.1.21/compute/v2.1/servers/4c70f154-7d65-4cea-ad90-8626f58b70f5 0.129s
2025-11-26 08:24:29.259 61810 INFO tempest.lib.common.rest_client [req-b9ed2fea-b0f9-47af-8947-53dd4c4b2406 req-b9ed2fea-b0f9-47af-8947-53dd4c4b2406 ] Request (DeleteServersAdminTestJSON:test_delete_server_while_in_error_state): 200 GET http://10.180.1.21/compute/v2.1/servers/338e2879-7dbe-4334-80da-4bbc1a071aa8 0.063s
2025-11-26 08:24:29.304 61862 INFO tempest.lib.common.rest_client [req-117eb72f-555b-484f-bebb-b425afc91bf2 req-117eb72f-555b-484f-bebb-b425afc91bf2 ] Request (ServerExternalEventsTest:test_create_server_external_events): 200 GET http://10.180.1.21/compute/v2.1/servers/413e21a0-5b33-44d1-9964-82e3da294808 0.065s
2025-11-26 08:24:29.327 61842 INFO tempest.lib.common.rest_client [req-380f5fd2-e5cb-46c4-bb1f-e9a0b922fbf2 req-380f5fd2-e5cb-46c4-bb1f-e9a0b922fbf2 ] Request (FloatingIPsAssociationNegativeTestJSON:setUpClass): 200 GET http://10.180.1.21/compute/v2.1/servers/933ffe74-6883-4676-9be8-f12e45be35e0 0.171s
2025-11-26 08:24:29.371 61860 INFO tempest.lib.common.rest_client [req-440ccb46-7229-4da2-9a5a-90723f3b5415 req-440ccb46-7229-4da2-9a5a-90723f3b5415 ] Request (ServerActionsTestOtherA:setUpClass): 200 GET http://10.180.1.21/compute/v2.1/servers/79b5dc73-2168-46b5-8045-13e92666a69a 0.081s
2025-11-26 08:24:29.419 61844 INFO tempest.lib.common.rest_client [req-8f7a64a0-b442-4fce-b682-7d640dd8cbcd req-8f7a64a0-b442-4fce-b682-7d640dd8cbcd ] Request (VolumesAssistedSnapshotsTest:test_volume_assisted_snapshot_create_delete): 200 GET http://10.180.1.21/compute/v2.1/servers/fe988112-9ee6-4fa7-8914-87119aaa2549 0.081s
2025-11-26 08:24:29.430 61816 INFO tempest.lib.common.rest_client [req-73e7ba22-ec34-4f03-9f52-607a5ad60df4 req-73e7ba22-ec34-4f03-9f52-607a5ad60df4 ] Request (ServersAdminTestJSON:setUpClass): 200 GET http://10.180.1.21/compute/v2.1/servers/a9cca36b-ee0e-42b3-9c26-61c9b0715312 0.176s
2025-11-26 08:24:29.486 61820 INFO tempest.lib.common.rest_client [req-3140e4eb-13c4-4a21-b61e-1f6acf06b739 req-3140e4eb-13c4-4a21-b61e-1f6acf06b739 ] Request (ServerAddressesNegativeTestJSON:setUpClass): 200 GET http://10.180.1.21/compute/v2.1/servers/643dbc96-7e32-4442-ab44-cbd74b0ffd72 0.088s
2025-11-26 08:24:29.515 61858 INFO tempest.lib.common.rest_client [req-da2e61af-ece4-42d2-abf0-bb86ebbbf523 req-da2e61af-ece4-42d2-abf0-bb86ebbbf523 ] Request (ImagesTestJSON:test_create_image_from_stopped_server): 200 GET http://10.180.1.21/compute/v2.1/servers/da95334f-ebbf-4a7f-8492-ca310028c4dd 0.146s
2025-11-26 08:24:29.538 61852 INFO tempest.lib.common.rest_client [req-aed697ce-bb85-4be1-a140-b45be5526420 req-aed697ce-bb85-4be1-a140-b45be5526420 ] Request (ServersAdmin275Test:test_rebuild_update_server_275): 200 GET http://10.180.1.21/compute/v2.1/servers/f42d10b1-6733-4c39-9230-fd41dd82bb20 0.088s
2025-11-26 08:24:29.587 61814 INFO tempest.lib.common.rest_client [req-f0a6e190-2364-43c9-adc5-eec7f3d77ae9 req-f0a6e190-2364-43c9-adc5-eec7f3d77ae9 ] Request (ServersV294TestFqdnHostnames:setUpClass): 200 GET http://10.180.1.21/compute/v2.1/servers/12a02fd4-ae5d-4e7f-96e1-27d50d54bc24 0.087s
2025-11-26 08:24:29.631 61854 INFO tempest.lib.common.rest_client [req-1e0a2ee2-7683-40f5-91b3-e11fd3cb3164 req-1e0a2ee2-7683-40f5-91b3-e11fd3cb3164 ] Request (ServersNegativeTestJSON:setUpClass): 200 GET http://10.180.1.21/compute/v2.1/servers/0d55fe3b-3a7e-493d-b705-10241a2ac392 0.106s
2025-11-26 08:24:29.683 61818 INFO tempest.lib.common.rest_client [req-9091c77f-26b5-488f-8576-377722326b22 req-9091c77f-26b5-488f-8576-377722326b22 ] Request (ServersTestFqdnHostnames:test_create_server_with_fqdn_name): 200 GET http://10.180.1.21/compute/v2.1/servers/3d0bfbba-2fec-4063-91f3-3152b3ea537e 0.106s
2025-11-26 08:24:29.804 61850 INFO tempest.lib.common.rest_client [req-9a7d7f90-6b4f-495b-acfa-80e03ff41a6d req-9a7d7f90-6b4f-495b-acfa-80e03ff41a6d ] Request (ServersAdminNegativeTestJSON:setUpClass): 200 GET http://10.180.1.21/compute/v2.1/servers/8725d6e7-57cc-4d55-b21a-4aee65d5228b 0.340s
2025-11-26 08:24:29.812 61864 INFO tempest.lib.common.rest_client [req-0b48611a-af2e-4ebe-8d4d-6b3bf9cebd46 req-0b48611a-af2e-4ebe-8d4d-6b3bf9cebd46 ] Request (ImagesOneServerTestJSON:setUpClass): 200 GET http://10.180.1.21/compute/v2.1/servers/c445065e-68e5-4dda-ba5d-314dc2da12cf 0.212s
2025-11-26 08:24:29.848 61808 INFO tempest.lib.common.rest_client [req-7653fa38-6f49-44aa-8f4c-4154b7917313 req-7653fa38-6f49-44aa-8f4c-4154b7917313 ] Request (ServersWithSpecificFlavorTestJSON:test_verify_created_server_ephemeral_disk): 200 GET http://10.180.1.21/compute/v2.1/servers/91def60e-ad74-435f-a006-eb5672928010 0.222s
2025-11-26 08:24:29.858 61848 INFO tempest.lib.common.rest_client [req-ecb7f214-9c6c-4d6e-892c-a5d53c24054d req-ecb7f214-9c6c-4d6e-892c-a5d53c24054d ] Request (InstanceActionsNegativeTestJSON:setUpClass): 200 GET http://10.180.1.21/compute/v2.1/servers/37256e1b-8191-4bee-a3c3-dd31c99d9301 0.209s
2025-11-26 08:24:29.891 61824 INFO tempest.lib.common.rest_client [req-ef36b9b4-34fa-413e-a256-5b8065149efd req-ef36b9b4-34fa-413e-a256-5b8065149efd ] Request (ListServerFiltersTestJSON:setUpClass): 200 GET http://10.180.1.21/compute/v2.1/servers/549dbec8-1008-4930-8e2d-97cd11cfa45f 0.193s
2025-11-26 08:24:29.934 61812 INFO tempest.lib.common.rest_client [req-e04a17fa-63ea-41c2-894d-ac1458bf611c req-e04a17fa-63ea-41c2-894d-ac1458bf611c ] Request (MigrationsAdminTest:test_list_migrations_in_flavor_resize_situation): 200 GET http://10.180.1.21/compute/v2.1/servers/8c57d493-12c4-47fe-a355-c9ade98b7158 0.188s
2025-11-26 08:24:29.949 61804 INFO tempest.lib.common.rest_client [req-044dc8b6-8465-46ed-af0f-dfa329fdb54f req-044dc8b6-8465-46ed-af0f-dfa329fdb54f ] Request (ServerDiagnosticsTest:test_get_server_diagnostics): 200 GET http://10.180.1.21/compute/v2.1/servers/72dd6ff6-43bb-4b4e-9d3d-7d89ad4d54af 0.229s
2025-11-26 08:24:29.982 61834 INFO tempest.lib.common.rest_client [req-e8a17804-84f6-4854-973e-c9343ba754b8 req-e8a17804-84f6-4854-973e-c9343ba754b8 ] Request (DeleteServersTestJSON:test_delete_active_server): 200 GET http://10.180.1.21/compute/v2.1/servers/a8b2d4b2-731f-489a-8b11-c816e6827189 0.215s
2025-11-26 08:24:30.030 61846 INFO tempest.lib.common.rest_client [req-971737ca-9be4-4ba3-b869-c24ce9b80bd3 req-971737ca-9be4-4ba3-b869-c24ce9b80bd3 ] Request (ServerDiagnosticsV248Test:test_get_server_diagnostics): 200 GET http://10.180.1.21/compute/v2.1/servers/fbd512f6-5c22-4a40-846c-0fece5ee7bcb 0.065s
2025-11-26 08:24:30.042 61836 INFO tempest.lib.common.rest_client [req-255fd4b4-c50f-4e99-a2f4-dd268082e66e req-255fd4b4-c50f-4e99-a2f4-dd268082e66e ] Request (AttachInterfacesV270Test:test_create_get_list_interfaces): 200 GET http://10.180.1.21/compute/v2.1/servers/9cb4ec1b-e422-491d-8ee9-0103c740ea5b 0.103s
2025-11-26 08:24:30.075 61866 INFO tempest.lib.common.rest_client [req-370ad941-8043-4f56-bfbc-37d22360eabd req-370ad941-8043-4f56-bfbc-37d22360eabd ] Request (ServerMetadataTestJSON:setUpClass): 200 GET http://10.180.1.21/compute/v2.1/servers/65a29af2-4c3b-4556-ae95-adab1fa7aad4 0.062s
2025-11-26 08:24:30.119 61832 INFO tempest.lib.common.rest_client [req-e2ad6c4b-9bc4-48e6-9ca5-98bfde5921c0 req-e2ad6c4b-9bc4-48e6-9ca5-98bfde5921c0 ] Request (SecurityGroupsTestJSON:test_list_security_groups_by_server): 200 GET http://10.180.1.21/compute/v2.1/servers/3fb9b32d-193f-4968-8783-54d25253f94f 0.060s
2025-11-26 08:24:30.139 61806 INFO tempest.lib.common.rest_client [req-b4022f8c-def3-4bf9-8944-e0c5151efcb3 req-b4022f8c-def3-4bf9-8944-e0c5151efcb3 ] Request (VolumesAdminNegativeTest:test_update_attached_volume_with_nonexistent_volume_in_uri): 200 GET http://10.180.1.21/compute/v2.1/servers/f63a7f37-09ac-4fe8-a1a3-7e13eb158526 0.095s
2025-11-26 08:24:30.164 61830 INFO tempest.lib.common.rest_client [req-80d5e7c6-5a6b-4d4c-b241-daaf2db8dfda req-80d5e7c6-5a6b-4d4c-b241-daaf2db8dfda ] Request (ListServersNegativeTestJSON:setUpClass): 200 GET http://10.180.1.21/compute/v2.1/servers/02a2cbdf-c522-4ba5-9914-ccf1c51e0130 0.049s
2025-11-26 08:24:30.259 61838 INFO tempest.lib.common.rest_client [req-4cd29d27-f497-4ebf-9806-7359aecf9f3e req-4cd29d27-f497-4ebf-9806-7359aecf9f3e ] Request (ServerActionsV293TestJSON:setUpClass): 200 GET http://10.180.1.21/compute/v2.1/servers/12cd88c0-09c1-42de-8fdd-03139718ca17 0.052s
2025-11-26 08:24:30.311 61810 INFO tempest.lib.common.rest_client [req-b389b032-d900-4b4d-9ffa-60aa937323de req-b389b032-d900-4b4d-9ffa-60aa937323de ] Request (DeleteServersAdminTestJSON:test_delete_server_while_in_error_state): 200 GET http://10.180.1.21/compute/v2.1/servers/338e2879-7dbe-4334-80da-4bbc1a071aa8 0.045s
2025-11-26 08:24:30.313 61856 INFO tempest.lib.common.rest_client [req-6653657f-aaf2-44f6-adbe-c09b2d44146b req-6653657f-aaf2-44f6-adbe-c09b2d44146b ] Request (ServerMetadataNegativeTestJSON:setUpClass): 200 GET http://10.180.1.21/compute/v2.1/servers/4c70f154-7d65-4cea-ad90-8626f58b70f5 0.093s
2025-11-26 08:24:30.359 61862 INFO tempest.lib.common.rest_client [req-7f6c1786-bb49-4461-8853-1f01b9149ec2 req-7f6c1786-bb49-4461-8853-1f01b9149ec2 ] Request (ServerExternalEventsTest:test_create_server_external_events): 200 GET http://10.180.1.21/compute/v2.1/servers/413e21a0-5b33-44d1-9964-82e3da294808 0.046s
2025-11-26 08:24:30.428 61860 INFO tempest.lib.common.rest_client [req-a8a778c6-1a77-4d16-92f8-92b51de9afa4 req-a8a778c6-1a77-4d16-92f8-92b51de9afa4 ] Request (ServerActionsTestOtherA:setUpClass): 200 GET http://10.180.1.21/compute/v2.1/servers/79b5dc73-2168-46b5-8045-13e92666a69a 0.050s
2025-11-26 08:24:30.430 61842 INFO tempest.lib.common.rest_client [req-37086ad9-8170-4c1d-a7e9-183caf553fba req-37086ad9-8170-4c1d-a7e9-183caf553fba ] Request (FloatingIPsAssociationNegativeTestJSON:setUpClass): 200 GET http://10.180.1.21/compute/v2.1/servers/933ffe74-6883-4676-9be8-f12e45be35e0 0.096s
2025-11-26 08:24:30.477 61844 INFO tempest.lib.common.rest_client [req-44f02f89-e75a-4a93-b058-5be4392690d4 req-44f02f89-e75a-4a93-b058-5be4392690d4 ] Request (VolumesAssistedSnapshotsTest:test_volume_assisted_snapshot_create_delete): 200 GET http://10.180.1.21/compute/v2.1/servers/fe988112-9ee6-4fa7-8914-87119aaa2549 0.052s
2025-11-26 08:24:30.540 61820 INFO tempest.lib.common.rest_client [req-3428bf18-f84a-47e7-a579-14898c2c22a3 req-3428bf18-f84a-47e7-a579-14898c2c22a3 ] Request (ServerAddressesNegativeTestJSON:setUpClass): 200 GET http://10.180.1.21/compute/v2.1/servers/643dbc96-7e32-4442-ab44-cbd74b0ffd72 0.047s
2025-11-26 08:24:30.574 61816 INFO tempest.lib.common.rest_client [req-bf91a1c3-5faf-4a4f-850f-725b2a534648 req-bf91a1c3-5faf-4a4f-850f-725b2a534648 ] Request (ServersAdminTestJSON:setUpClass): 200 GET http://10.180.1.21/compute/v2.1/servers/a9cca36b-ee0e-42b3-9c26-61c9b0715312 0.136s
2025-11-26 08:24:30.623 61852 INFO tempest.lib.common.rest_client [req-c0eaaee4-c89a-49b2-b299-88f741ef498e req-c0eaaee4-c89a-49b2-b299-88f741ef498e ] Request (ServersAdmin275Test:test_rebuild_update_server_275): 200 GET http://10.180.1.21/compute/v2.1/servers/f42d10b1-6733-4c39-9230-fd41dd82bb20 0.076s
2025-11-26 08:24:30.672 61814 INFO tempest.lib.common.rest_client [req-5a5f5287-71f8-4d86-b066-66bc9a8bf3db req-5a5f5287-71f8-4d86-b066-66bc9a8bf3db ] Request (ServersV294TestFqdnHostnames:setUpClass): 200 GET http://10.180.1.21/compute/v2.1/servers/12a02fd4-ae5d-4e7f-96e1-27d50d54bc24 0.076s
2025-11-26 08:24:30.719 61854 INFO tempest.lib.common.rest_client [req-38c7cb65-3f10-4dc1-9684-373b58f87976 req-38c7cb65-3f10-4dc1-9684-373b58f87976 ] Request (ServersNegativeTestJSON:setUpClass): 200 GET http://10.180.1.21/compute/v2.1/servers/0d55fe3b-3a7e-493d-b705-10241a2ac392 0.076s
2025-11-26 08:24:30.768 61818 INFO tempest.lib.common.rest_client [req-c0dae702-0ec5-47fe-ac16-291d4ba3a316 req-c0dae702-0ec5-47fe-ac16-291d4ba3a316 ] Request (ServersTestFqdnHostnames:test_create_server_with_fqdn_name): 200 GET http://10.180.1.21/compute/v2.1/servers/3d0bfbba-2fec-4063-91f3-3152b3ea537e 0.079s
2025-11-26 08:24:30.848 61858 INFO tempest.lib.common.rest_client [req-97e4458b-24d9-49fa-9b4e-ba4e42d92095 req-97e4458b-24d9-49fa-9b4e-ba4e42d92095 ] Request (ImagesTestJSON:test_create_image_from_stopped_server): 200 GET http://10.180.1.21/compute/v2.1/servers/da95334f-ebbf-4a7f-8492-ca310028c4dd 0.325s
2025-11-26 08:24:30.904 61850 INFO tempest.lib.common.rest_client [req-de1102fe-95f8-42bb-a72a-5051adb85d22 req-de1102fe-95f8-42bb-a72a-5051adb85d22 ] Request (ServersAdminNegativeTestJSON:setUpClass): 200 GET http://10.180.1.21/compute/v2.1/servers/8725d6e7-57cc-4d55-b21a-4aee65d5228b 0.092s
2025-11-26 08:24:30.939 61864 INFO tempest.lib.common.rest_client [req-123dedcf-e0ea-486e-8df0-524604913b1b req-123dedcf-e0ea-486e-8df0-524604913b1b ] Request (ImagesOneServerTestJSON:setUpClass): 200 GET http://10.180.1.21/compute/v2.1/servers/c445065e-68e5-4dda-ba5d-314dc2da12cf 0.121s
2025-11-26 08:24:30.954 61808 INFO tempest.lib.common.rest_client [req-342f6b35-d1b9-45b3-b165-fb2658ea6c84 req-342f6b35-d1b9-45b3-b165-fb2658ea6c84 ] Request (ServersWithSpecificFlavorTestJSON:test_verify_created_server_ephemeral_disk): 200 GET http://10.180.1.21/compute/v2.1/servers/91def60e-ad74-435f-a006-eb5672928010 0.098s
2025-11-26 08:24:30.989 61848 INFO tempest.lib.common.rest_client [req-c84c2769-5fe6-486d-ba8c-863a9fe357c9 req-c84c2769-5fe6-486d-ba8c-863a9fe357c9 ] Request (InstanceActionsNegativeTestJSON:setUpClass): 200 GET http://10.180.1.21/compute/v2.1/servers/37256e1b-8191-4bee-a3c3-dd31c99d9301 0.124s
2025-11-26 08:24:31.002 61824 INFO tempest.lib.common.rest_client [req-8ed6d75d-2483-498d-9e05-1f1922d245ee req-8ed6d75d-2483-498d-9e05-1f1922d245ee ] Request (ListServerFiltersTestJSON:setUpClass): 200 GET http://10.180.1.21/compute/v2.1/servers/549dbec8-1008-4930-8e2d-97cd11cfa45f 0.100s
2025-11-26 08:24:31.040 61812 INFO tempest.lib.common.rest_client [req-afb27445-55bd-4394-8b2e-6cd5fa89df97 req-afb27445-55bd-4394-8b2e-6cd5fa89df97 ] Request (MigrationsAdminTest:test_list_migrations_in_flavor_resize_situation): 200 GET http://10.180.1.21/compute/v2.1/servers/8c57d493-12c4-47fe-a355-c9ade98b7158 0.098s
2025-11-26 08:24:31.090 61834 INFO tempest.lib.common.rest_client [req-005478f7-1639-4f37-ac4b-2541a3770688 req-005478f7-1639-4f37-ac4b-2541a3770688 ] Request (DeleteServersTestJSON:test_delete_active_server): 200 GET http://10.180.1.21/compute/v2.1/servers/a8b2d4b2-731f-489a-8b11-c816e6827189 0.101s
2025-11-26 08:24:31.096 61804 INFO tempest.lib.common.rest_client [req-6ec4779c-4631-41db-ac4b-2ee5eb836689 req-6ec4779c-4631-41db-ac4b-2ee5eb836689 ] Request (ServerDiagnosticsTest:test_get_server_diagnostics): 200 GET http://10.180.1.21/compute/v2.1/servers/72dd6ff6-43bb-4b4e-9d3d-7d89ad4d54af 0.140s
2025-11-26 08:24:31.140 61846 INFO tempest.lib.common.rest_client [req-ce246c44-348d-45d0-b359-be40c8d92d3e req-ce246c44-348d-45d0-b359-be40c8d92d3e ] Request (ServerDiagnosticsV248Test:test_get_server_diagnostics): 200 GET http://10.180.1.21/compute/v2.1/servers/fbd512f6-5c22-4a40-846c-0fece5ee7bcb 0.102s
2025-11-26 08:24:31.184 61866 INFO tempest.lib.common.rest_client [req-5e31250e-19a1-4630-aa37-83d678592997 req-5e31250e-19a1-4630-aa37-83d678592997 ] Request (ServerMetadataTestJSON:setUpClass): 200 GET http://10.180.1.21/compute/v2.1/servers/65a29af2-4c3b-4556-ae95-adab1fa7aad4 0.102s
2025-11-26 08:24:31.229 61832 INFO tempest.lib.common.rest_client [req-acbc8cbd-74d8-4192-8872-3659ef0daae3 req-acbc8cbd-74d8-4192-8872-3659ef0daae3 ] Request (SecurityGroupsTestJSON:test_list_security_groups_by_server): 200 GET http://10.180.1.21/compute/v2.1/servers/3fb9b32d-193f-4968-8783-54d25253f94f 0.103s
2025-11-26 08:24:31.230 61836 INFO tempest.lib.common.rest_client [req-ea48dd7c-4dab-46d8-888b-d7c3daa5f1d1 req-ea48dd7c-4dab-46d8-888b-d7c3daa5f1d1 ] Request (AttachInterfacesV270Test:test_create_get_list_interfaces): 200 GET http://10.180.1.21/compute/v2.1/servers/9cb4ec1b-e422-491d-8ee9-0103c740ea5b 0.180s
2025-11-26 08:24:31.278 61830 INFO tempest.lib.common.rest_client [req-d2d2bf39-922f-4682-ae50-2e5460eaab02 req-d2d2bf39-922f-4682-ae50-2e5460eaab02 ] Request (ListServersNegativeTestJSON:setUpClass): 200 GET http://10.180.1.21/compute/v2.1/servers/02a2cbdf-c522-4ba5-9914-ccf1c51e0130 0.106s
2025-11-26 08:24:31.325 61806 INFO tempest.lib.common.rest_client [req-8e8ff9bf-8353-4171-9fe8-1eac718963ca req-8e8ff9bf-8353-4171-9fe8-1eac718963ca ] Request (VolumesAdminNegativeTest:test_update_attached_volume_with_nonexistent_volume_in_uri): 200 GET http://10.180.1.21/compute/v2.1/servers/f63a7f37-09ac-4fe8-a1a3-7e13eb158526 0.180s
2025-11-26 08:24:31.329 61838 INFO tempest.lib.common.rest_client [req-e5748cff-898e-482a-b4ea-60a19d259808 req-e5748cff-898e-482a-b4ea-60a19d259808 ] Request (ServerActionsV293TestJSON:setUpClass): 200 GET http://10.180.1.21/compute/v2.1/servers/12cd88c0-09c1-42de-8fdd-03139718ca17 0.060s
2025-11-26 08:24:31.372 61810 INFO tempest.lib.common.rest_client [req-da0360de-67db-43ea-8535-15d65fc5cbe8 req-da0360de-67db-43ea-8535-15d65fc5cbe8 ] Request (DeleteServersAdminTestJSON:test_delete_server_while_in_error_state): 200 GET http://10.180.1.21/compute/v2.1/servers/338e2879-7dbe-4334-80da-4bbc1a071aa8 0.055s
2025-11-26 08:24:31.418 61862 INFO tempest.lib.common.rest_client [req-34c0003d-d4c7-434e-ace0-4fcabc31c402 req-34c0003d-d4c7-434e-ace0-4fcabc31c402 ] Request (ServerExternalEventsTest:test_create_server_external_events): 200 GET http://10.180.1.21/compute/v2.1/servers/413e21a0-5b33-44d1-9964-82e3da294808 0.051s
2025-11-26 08:24:31.418 61856 INFO tempest.lib.common.rest_client [req-1abf30f2-c861-4d82-b940-b1181f642ea2 req-1abf30f2-c861-4d82-b940-b1181f642ea2 ] Request (ServerMetadataNegativeTestJSON:setUpClass): 200 GET http://10.180.1.21/compute/v2.1/servers/4c70f154-7d65-4cea-ad90-8626f58b70f5 0.098s
2025-11-26 08:24:31.483 61860 INFO tempest.lib.common.rest_client [req-cb3931cf-c223-4004-a4b9-aed8b4e22187 req-cb3931cf-c223-4004-a4b9-aed8b4e22187 ] Request (ServerActionsTestOtherA:setUpClass): 200 GET http://10.180.1.21/compute/v2.1/servers/79b5dc73-2168-46b5-8045-13e92666a69a 0.049s
2025-11-26 08:24:31.532 61844 INFO tempest.lib.common.rest_client [req-b3796d6d-9704-460c-aeac-7419e7140463 req-b3796d6d-9704-460c-aeac-7419e7140463 ] Request (VolumesAssistedSnapshotsTest:test_volume_assisted_snapshot_create_delete): 200 GET http://10.180.1.21/compute/v2.1/servers/fe988112-9ee6-4fa7-8914-87119aaa2549 0.048s
2025-11-26 08:24:31.536 61842 INFO tempest.lib.common.rest_client [req-7099002b-2b3e-4b04-add5-426bf0b3d700 req-7099002b-2b3e-4b04-add5-426bf0b3d700 ] Request (FloatingIPsAssociationNegativeTestJSON:setUpClass): 200 GET http://10.180.1.21/compute/v2.1/servers/933ffe74-6883-4676-9be8-f12e45be35e0 0.098s
2025-11-26 08:24:31.600 61820 INFO tempest.lib.common.rest_client [req-7fd08ac6-eedb-4ad3-bcce-cf25cd8dfdc5 req-7fd08ac6-eedb-4ad3-bcce-cf25cd8dfdc5 ] Request (ServerAddressesNegativeTestJSON:setUpClass): 200 GET http://10.180.1.21/compute/v2.1/servers/643dbc96-7e32-4442-ab44-cbd74b0ffd72 0.053s
2025-11-26 08:24:31.693 61816 INFO tempest.lib.common.rest_client [req-63783e40-64d7-4d35-a68b-7bc048579cf0 req-63783e40-64d7-4d35-a68b-7bc048579cf0 ] Request (ServersAdminTestJSON:setUpClass): 200 GET http://10.180.1.21/compute/v2.1/servers/a9cca36b-ee0e-42b3-9c26-61c9b0715312 0.111s
2025-11-26 08:24:31.699 61852 INFO tempest.lib.common.rest_client [req-1b61677d-1bf1-4f59-ab5b-e47a48084384 req-1b61677d-1bf1-4f59-ab5b-e47a48084384 ] Request (ServersAdmin275Test:test_rebuild_update_server_275): 200 GET http://10.180.1.21/compute/v2.1/servers/f42d10b1-6733-4c39-9230-fd41dd82bb20 0.067s
2025-11-26 08:24:31.747 61814 INFO tempest.lib.common.rest_client [req-e060ec23-aee6-455b-99e8-3cf19dacb6d4 req-e060ec23-aee6-455b-99e8-3cf19dacb6d4 ] Request (ServersV294TestFqdnHostnames:setUpClass): 200 GET http://10.180.1.21/compute/v2.1/servers/12a02fd4-ae5d-4e7f-96e1-27d50d54bc24 0.066s
2025-11-26 08:24:31.780 61854 INFO tempest.lib.common.rest_client [req-6018eb25-640e-414f-93ad-66e0188c8786 req-6018eb25-640e-414f-93ad-66e0188c8786 ] Request (ServersNegativeTestJSON:setUpClass): 200 GET http://10.180.1.21/compute/v2.1/servers/0d55fe3b-3a7e-493d-b705-10241a2ac392 0.050s
2025-11-26 08:24:31.827 61818 INFO tempest.lib.common.rest_client [req-d982a9ae-d766-42a0-af29-9bbfb83db7b5 req-d982a9ae-d766-42a0-af29-9bbfb83db7b5 ] Request (ServersTestFqdnHostnames:test_create_server_with_fqdn_name): 200 GET http://10.180.1.21/compute/v2.1/servers/3d0bfbba-2fec-4063-91f3-3152b3ea537e 0.052s
2025-11-26 08:24:31.958 61858 INFO tempest.lib.common.rest_client [req-747e9aba-2501-45d4-80b2-4a7fef525a12 req-747e9aba-2501-45d4-80b2-4a7fef525a12 ] Request (ImagesTestJSON:test_create_image_from_stopped_server): 200 GET http://10.180.1.21/compute/v2.1/servers/da95334f-ebbf-4a7f-8492-ca310028c4dd 0.103s
2025-11-26 08:24:32.012 61850 INFO tempest.lib.common.rest_client [req-d79b497a-1efc-445d-81b4-3f3fa2e2401a req-d79b497a-1efc-445d-81b4-3f3fa2e2401a ] Request (ServersAdminNegativeTestJSON:setUpClass): 200 GET http://10.180.1.21/compute/v2.1/servers/8725d6e7-57cc-4d55-b21a-4aee65d5228b 0.100s
2025-11-26 08:24:32.048 61864 INFO tempest.lib.common.rest_client [req-87488fcd-98d0-4738-84e4-9020c0d639cd req-87488fcd-98d0-4738-84e4-9020c0d639cd ] Request (ImagesOneServerTestJSON:setUpClass): 200 GET http://10.180.1.21/compute/v2.1/servers/c445065e-68e5-4dda-ba5d-314dc2da12cf 0.101s
2025-11-26 08:24:32.061 61808 INFO tempest.lib.common.rest_client [req-c4ef367b-b1ea-4863-905e-9e57b4644b83 req-c4ef367b-b1ea-4863-905e-9e57b4644b83 ] Request (ServersWithSpecificFlavorTestJSON:test_verify_created_server_ephemeral_disk): 200 GET http://10.180.1.21/compute/v2.1/servers/91def60e-ad74-435f-a006-eb5672928010 0.098s
2025-11-26 08:24:32.098 61848 INFO tempest.lib.common.rest_client [req-98041cb7-24aa-4b6b-9ad2-9f20ccd3c4e1 req-98041cb7-24aa-4b6b-9ad2-9f20ccd3c4e1 ] Request (InstanceActionsNegativeTestJSON:setUpClass): 200 GET http://10.180.1.21/compute/v2.1/servers/37256e1b-8191-4bee-a3c3-dd31c99d9301 0.102s
2025-11-26 08:24:32.106 61824 INFO tempest.lib.common.rest_client [req-f2015aee-76bc-45b7-b459-54e7d124be15 req-f2015aee-76bc-45b7-b459-54e7d124be15 ] Request (ListServerFiltersTestJSON:setUpClass): 200 GET http://10.180.1.21/compute/v2.1/servers/549dbec8-1008-4930-8e2d-97cd11cfa45f 0.097s
2025-11-26 08:24:32.148 61812 INFO tempest.lib.common.rest_client [req-2a693b73-8a9f-4465-b13f-151c87d69593 req-2a693b73-8a9f-4465-b13f-151c87d69593 ] Request (MigrationsAdminTest:test_list_migrations_in_flavor_resize_situation): 200 GET http://10.180.1.21/compute/v2.1/servers/8c57d493-12c4-47fe-a355-c9ade98b7158 0.101s
2025-11-26 08:24:32.153 61834 INFO tempest.lib.common.rest_client [req-4a8cfb38-3600-499a-959b-76959985fb53 req-4a8cfb38-3600-499a-959b-76959985fb53 ] Request (DeleteServersTestJSON:test_delete_active_server): 200 GET http://10.180.1.21/compute/v2.1/servers/a8b2d4b2-731f-489a-8b11-c816e6827189 0.056s
2025-11-26 08:24:32.201 61846 INFO tempest.lib.common.rest_client [req-1a4dace2-1a5d-4fd6-90fc-fba205d97cc4 req-1a4dace2-1a5d-4fd6-90fc-fba205d97cc4 ] Request (ServerDiagnosticsV248Test:test_get_server_diagnostics): 200 GET http://10.180.1.21/compute/v2.1/servers/fbd512f6-5c22-4a40-846c-0fece5ee7bcb 0.052s
2025-11-26 08:24:32.250 61866 INFO tempest.lib.common.rest_client [req-da5d7d90-3ed9-4578-bf60-a6492517f586 req-da5d7d90-3ed9-4578-bf60-a6492517f586 ] Request (ServerMetadataTestJSON:setUpClass): 200 GET http://10.180.1.21/compute/v2.1/servers/65a29af2-4c3b-4556-ae95-adab1fa7aad4 0.056s
2025-11-26 08:24:32.308 61832 INFO tempest.lib.common.rest_client [req-e47ce8e0-aa6c-4be6-9fd8-02d8f752afaa req-e47ce8e0-aa6c-4be6-9fd8-02d8f752afaa ] Request (SecurityGroupsTestJSON:test_list_security_groups_by_server): 200 GET http://10.180.1.21/compute/v2.1/servers/3fb9b32d-193f-4968-8783-54d25253f94f 0.072s
2025-11-26 08:24:32.373 61804 INFO tempest.lib.common.rest_client [req-e6966fec-9fbb-4fde-8561-0e67570453aa req-e6966fec-9fbb-4fde-8561-0e67570453aa ] Request (ServerDiagnosticsTest:test_get_server_diagnostics): 200 GET http://10.180.1.21/compute/v2.1/servers/72dd6ff6-43bb-4b4e-9d3d-7d89ad4d54af 0.270s
2025-11-26 08:24:32.419 61836 INFO tempest.lib.common.rest_client [req-678a7fa2-4f37-4bea-a8bd-8907b7cb93d7 req-678a7fa2-4f37-4bea-a8bd-8907b7cb93d7 ] Request (AttachInterfacesV270Test:test_create_get_list_interfaces): 200 GET http://10.180.1.21/compute/v2.1/servers/9cb4ec1b-e422-491d-8ee9-0103c740ea5b 0.180s
2025-11-26 08:24:32.424 61830 INFO tempest.lib.common.rest_client [req-730715ac-4271-4451-8a13-c8dcdee2f6f0 req-730715ac-4271-4451-8a13-c8dcdee2f6f0 ] Request (ListServersNegativeTestJSON:setUpClass): 200 GET http://10.180.1.21/compute/v2.1/servers/02a2cbdf-c522-4ba5-9914-ccf1c51e0130 0.139s
2025-11-26 08:24:32.495 61838 INFO tempest.lib.common.rest_client [req-1d35b758-2811-4da0-ab22-4fd840486200 req-1d35b758-2811-4da0-ab22-4fd840486200 ] Request (ServerActionsV293TestJSON:setUpClass): 200 GET http://10.180.1.21/compute/v2.1/servers/12cd88c0-09c1-42de-8fdd-03139718ca17 0.155s
2025-11-26 08:24:32.514 61806 INFO tempest.lib.common.rest_client [req-fd1b39bf-ab54-4ce0-9fbe-a64c78d89072 req-fd1b39bf-ab54-4ce0-9fbe-a64c78d89072 ] Request (VolumesAdminNegativeTest:test_update_attached_volume_with_nonexistent_volume_in_uri): 200 GET http://10.180.1.21/compute/v2.1/servers/f63a7f37-09ac-4fe8-a1a3-7e13eb158526 0.178s
2025-11-26 08:24:32.553 61810 INFO tempest.lib.common.rest_client [req-23475df1-d673-4a97-9376-f870a424564a req-23475df1-d673-4a97-9376-f870a424564a ] Request (DeleteServersAdminTestJSON:test_delete_server_while_in_error_state): 200 GET http://10.180.1.21/compute/v2.1/servers/338e2879-7dbe-4334-80da-4bbc1a071aa8 0.174s
2025-11-26 08:24:32.613 61862 INFO tempest.lib.common.rest_client [req-aa8ed78c-44a5-4329-b1f8-ac9dffa79e3a req-aa8ed78c-44a5-4329-b1f8-ac9dffa79e3a ] Request (ServerExternalEventsTest:test_create_server_external_events): 200 GET http://10.180.1.21/compute/v2.1/servers/413e21a0-5b33-44d1-9964-82e3da294808 0.187s
2025-11-26 08:24:32.623 61856 INFO tempest.lib.common.rest_client [req-57194635-091e-4f72-9912-1d27cd2e8c13 req-57194635-091e-4f72-9912-1d27cd2e8c13 ] Request (ServerMetadataNegativeTestJSON:setUpClass): 200 GET http://10.180.1.21/compute/v2.1/servers/4c70f154-7d65-4cea-ad90-8626f58b70f5 0.198s
2025-11-26 08:24:32.666 61860 INFO tempest.lib.common.rest_client [req-b7ffdead-ce0e-4081-9ce9-463e03edd13d req-b7ffdead-ce0e-4081-9ce9-463e03edd13d ] Request (ServerActionsTestOtherA:setUpClass): 200 GET http://10.180.1.21/compute/v2.1/servers/79b5dc73-2168-46b5-8045-13e92666a69a 0.176s
2025-11-26 08:24:32.683 61844 INFO tempest.lib.common.rest_client [req-0a7c81a9-a053-4892-8bb8-25779595f436 req-0a7c81a9-a053-4892-8bb8-25779595f436 ] Request (VolumesAssistedSnapshotsTest:test_volume_assisted_snapshot_create_delete): 200 GET http://10.180.1.21/compute/v2.1/servers/fe988112-9ee6-4fa7-8914-87119aaa2549 0.142s
2025-11-26 08:24:32.753 61820 INFO tempest.lib.common.rest_client [req-cc024151-5547-4630-b441-93a53cef1c6d req-cc024151-5547-4630-b441-93a53cef1c6d ] Request (ServerAddressesNegativeTestJSON:setUpClass): 200 GET http://10.180.1.21/compute/v2.1/servers/643dbc96-7e32-4442-ab44-cbd74b0ffd72 0.146s
2025-11-26 08:24:32.864 61842 INFO tempest.lib.common.rest_client [req-862f2e2f-917f-4327-9c4e-0ca56a826b86 req-862f2e2f-917f-4327-9c4e-0ca56a826b86 ] Request (FloatingIPsAssociationNegativeTestJSON:setUpClass): 200 GET http://10.180.1.21/compute/v2.1/servers/933ffe74-6883-4676-9be8-f12e45be35e0 0.321s
2025-11-26 08:24:32.904 61816 INFO tempest.lib.common.rest_client [req-9b0dba76-e837-4718-8c12-196a41d48d8f req-9b0dba76-e837-4718-8c12-196a41d48d8f ] Request (ServersAdminTestJSON:setUpClass): 200 GET http://10.180.1.21/compute/v2.1/servers/a9cca36b-ee0e-42b3-9c26-61c9b0715312 0.204s
2025-11-26 08:24:32.924 61852 INFO tempest.lib.common.rest_client [req-6522cc16-4136-47d5-b093-9b72c8d933c9 req-6522cc16-4136-47d5-b093-9b72c8d933c9 ] Request (ServersAdmin275Test:test_rebuild_update_server_275): 200 GET http://10.180.1.21/compute/v2.1/servers/f42d10b1-6733-4c39-9230-fd41dd82bb20 0.216s
2025-11-26 08:24:32.963 61814 INFO tempest.lib.common.rest_client [req-9e1551ff-199d-4b1e-9d22-99268a3ccea6 req-9e1551ff-199d-4b1e-9d22-99268a3ccea6 ] Request (ServersV294TestFqdnHostnames:setUpClass): 200 GET http://10.180.1.21/compute/v2.1/servers/12a02fd4-ae5d-4e7f-96e1-27d50d54bc24 0.206s
2025-11-26 08:24:32.973 61854 INFO tempest.lib.common.rest_client [req-fa98a631-5c08-48a4-9f50-9330bb8be8f1 req-fa98a631-5c08-48a4-9f50-9330bb8be8f1 ] Request (ServersNegativeTestJSON:setUpClass): 200 GET http://10.180.1.21/compute/v2.1/servers/0d55fe3b-3a7e-493d-b705-10241a2ac392 0.184s
2025-11-26 08:24:33.010 61818 INFO tempest.lib.common.rest_client [req-e3cbfed7-d92d-4a30-b58e-4d4f5f4cf032 req-e3cbfed7-d92d-4a30-b58e-4d4f5f4cf032 ] Request (ServersTestFqdnHostnames:test_create_server_with_fqdn_name): 200 GET http://10.180.1.21/compute/v2.1/servers/3d0bfbba-2fec-4063-91f3-3152b3ea537e 0.175s
2025-11-26 08:24:33.069 61858 INFO tempest.lib.common.rest_client [req-01582316-7fbd-4e37-928c-0ead7c47bb4f req-01582316-7fbd-4e37-928c-0ead7c47bb4f ] Request (ImagesTestJSON:test_create_image_from_stopped_server): 200 GET http://10.180.1.21/compute/v2.1/servers/da95334f-ebbf-4a7f-8492-ca310028c4dd 0.104s
2025-11-26 08:24:33.080 61850 INFO tempest.lib.common.rest_client [req-63af22e7-5126-4c84-b7c4-61dc51a387d7 req-63af22e7-5126-4c84-b7c4-61dc51a387d7 ] Request (ServersAdminNegativeTestJSON:setUpClass): 200 GET http://10.180.1.21/compute/v2.1/servers/8725d6e7-57cc-4d55-b21a-4aee65d5228b 0.062s
2025-11-26 08:24:33.086 61850 INFO tempest.common.waiters [-] State transition "BUILD/spawning" ==> "ERROR/None" after 105 second wait
2025-11-26 08:24:33.129 61808 INFO tempest.lib.common.rest_client [req-22d4cd11-e942-48c1-aef8-75b7583c5658 req-22d4cd11-e942-48c1-aef8-75b7583c5658 ] Request (ServersWithSpecificFlavorTestJSON:test_verify_created_server_ephemeral_disk): 200 GET http://10.180.1.21/compute/v2.1/servers/91def60e-ad74-435f-a006-eb5672928010 0.060s
2025-11-26 08:24:33.166 61864 INFO tempest.lib.common.rest_client [req-c3b52389-da59-4607-b30b-8253cf9cc57a req-c3b52389-da59-4607-b30b-8253cf9cc57a ] Request (ImagesOneServerTestJSON:setUpClass): 200 GET http://10.180.1.21/compute/v2.1/servers/c445065e-68e5-4dda-ba5d-314dc2da12cf 0.111s
2025-11-26 08:24:33.215 61848 INFO tempest.lib.common.rest_client [req-26883f72-ec16-4db4-b38e-dfd18db9284f req-26883f72-ec16-4db4-b38e-dfd18db9284f ] Request (InstanceActionsNegativeTestJSON:setUpClass): 200 GET http://10.180.1.21/compute/v2.1/servers/37256e1b-8191-4bee-a3c3-dd31c99d9301 0.110s
2025-11-26 08:24:33.263 61824 INFO tempest.lib.common.rest_client [req-b8f6313f-22a5-42d8-b501-f86c2c2cfd22 req-b8f6313f-22a5-42d8-b501-f86c2c2cfd22 ] Request (ListServerFiltersTestJSON:setUpClass): 200 GET http://10.180.1.21/compute/v2.1/servers/549dbec8-1008-4930-8e2d-97cd11cfa45f 0.149s
2025-11-26 08:24:33.310 61812 INFO tempest.lib.common.rest_client [req-e18133da-3ecd-4e6e-973c-f96442d42ce0 req-e18133da-3ecd-4e6e-973c-f96442d42ce0 ] Request (MigrationsAdminTest:test_list_migrations_in_flavor_resize_situation): 200 GET http://10.180.1.21/compute/v2.1/servers/8c57d493-12c4-47fe-a355-c9ade98b7158 0.154s
2025-11-26 08:24:33.316 61850 INFO tempest.lib.common.rest_client [req-92ee4b2c-dfcf-491d-9870-8c1af1f8c170 req-92ee4b2c-dfcf-491d-9870-8c1af1f8c170 ] Request (ServersAdminNegativeTestJSON:setUpClass): 204 DELETE http://10.180.1.21/compute/v2.1/servers/8725d6e7-57cc-4d55-b21a-4aee65d5228b 0.229s
2025-11-26 08:24:33.367 61834 INFO tempest.lib.common.rest_client [req-36f7a0c4-af29-4125-8360-fdee7350bbbe req-36f7a0c4-af29-4125-8360-fdee7350bbbe ] Request (DeleteServersTestJSON:test_delete_active_server): 200 GET http://10.180.1.21/compute/v2.1/servers/a8b2d4b2-731f-489a-8b11-c816e6827189 0.207s
2025-11-26 08:24:33.368 61846 INFO tempest.lib.common.rest_client [req-e0b1c7ab-c290-43e9-a43d-dd68cb8dd98a req-e0b1c7ab-c290-43e9-a43d-dd68cb8dd98a ] Request (ServerDiagnosticsV248Test:test_get_server_diagnostics): 200 GET http://10.180.1.21/compute/v2.1/servers/fbd512f6-5c22-4a40-846c-0fece5ee7bcb 0.159s
2025-11-26 08:24:33.386 61850 INFO tempest.lib.common.rest_client [req-440c9219-c329-4f3a-9f39-16a101473287 req-440c9219-c329-4f3a-9f39-16a101473287 ] Request (ServersAdminNegativeTestJSON:setUpClass): 404 GET http://10.180.1.21/compute/v2.1/servers/8725d6e7-57cc-4d55-b21a-4aee65d5228b 0.068s
2025-11-26 08:24:33.386 61850 INFO tempest.test [-] raised in ServersAdminNegativeTestJSON.setUpClass. Invoking tearDownClass.
2025-11-26 08:24:33.422 61866 INFO tempest.lib.common.rest_client [req-a85a2b03-f018-4aea-b793-9923fbc44add req-a85a2b03-f018-4aea-b793-9923fbc44add ] Request (ServerMetadataTestJSON:setUpClass): 200 GET http://10.180.1.21/compute/v2.1/servers/65a29af2-4c3b-4556-ae95-adab1fa7aad4 0.164s
2025-11-26 08:24:33.434 61832 INFO tempest.lib.common.rest_client [req-62ceb728-e7bf-4a9d-87b4-274bf3a46656 req-62ceb728-e7bf-4a9d-87b4-274bf3a46656 ] Request (SecurityGroupsTestJSON:test_list_security_groups_by_server): 200 GET http://10.180.1.21/compute/v2.1/servers/3fb9b32d-193f-4968-8783-54d25253f94f 0.114s
2025-11-26 08:24:33.462 61850 INFO tempest.lib.common.rest_client [req-eff3f862-8d17-4329-8405-954ece02dcac req-eff3f862-8d17-4329-8405-954ece02dcac ] Request (ServersAdminNegativeTestJSON:tearDownClass): 204 DELETE http://10.180.1.21/identity/v3/users/f2a47eb8dbb14bf699ded0e0b2dbe157 0.075s
2025-11-26 08:24:33.526 61804 INFO tempest.lib.common.rest_client [req-31a1caea-e954-4068-94af-36865be429e6 req-31a1caea-e954-4068-94af-36865be429e6 ] Request (ServerDiagnosticsTest:test_get_server_diagnostics): 200 GET http://10.180.1.21/compute/v2.1/servers/72dd6ff6-43bb-4b4e-9d3d-7d89ad4d54af 0.146s
2025-11-26 08:24:33.539 61836 INFO tempest.lib.common.rest_client [req-c86cb92b-4e38-49ee-a2d7-1c056888e46d req-c86cb92b-4e38-49ee-a2d7-1c056888e46d ] Request (AttachInterfacesV270Test:test_create_get_list_interfaces): 200 GET http://10.180.1.21/compute/v2.1/servers/9cb4ec1b-e422-491d-8ee9-0103c740ea5b 0.110s
2025-11-26 08:24:33.568 61850 INFO tempest.lib.common.rest_client [req-3af99569-2cd1-4125-9961-e753ab5fbbce req-3af99569-2cd1-4125-9961-e753ab5fbbce ] Request (ServersAdminNegativeTestJSON:tearDownClass): 204 DELETE http://10.180.1.21/identity/v3/users/bd2cd0b243ee403cb5f8a7616810d33c 0.106s
2025-11-26 08:24:33.569 61850 INFO tempest.lib.common.dynamic_creds [-] Deleting project and security group for project: 7c855c7022aa40149d27f95c51a84a18
2025-11-26 08:24:33.608 61830 INFO tempest.lib.common.rest_client [req-2edbf8b1-672a-47e3-95b3-1ec32b1b181a req-2edbf8b1-672a-47e3-95b3-1ec32b1b181a ] Request (ListServersNegativeTestJSON:setUpClass): 200 GET http://10.180.1.21/compute/v2.1/servers/02a2cbdf-c522-4ba5-9914-ccf1c51e0130 0.177s
2025-11-26 08:24:33.613 61838 INFO tempest.lib.common.rest_client [req-23279b67-82e1-4c84-9095-3a58137f8aec req-23279b67-82e1-4c84-9095-3a58137f8aec ] Request (ServerActionsV293TestJSON:setUpClass): 200 GET http://10.180.1.21/compute/v2.1/servers/12cd88c0-09c1-42de-8fdd-03139718ca17 0.109s
2025-11-26 08:24:33.641 61850 INFO tempest.lib.common.rest_client [req-32b176f3-aa02-4d48-80e5-601911ef7b53 req-32b176f3-aa02-4d48-80e5-601911ef7b53 ] Request (ServersAdminNegativeTestJSON:tearDownClass): 201 POST http://10.180.1.21/identity/v3/auth/tokens 0.072s
2025-11-26 08:24:33.664 61810 INFO tempest.lib.common.rest_client [req-c1227ae3-2b08-4bdc-8314-5b8d76b6b80e req-c1227ae3-2b08-4bdc-8314-5b8d76b6b80e ] Request (DeleteServersAdminTestJSON:test_delete_server_while_in_error_state): 200 GET http://10.180.1.21/compute/v2.1/servers/338e2879-7dbe-4334-80da-4bbc1a071aa8 0.104s
2025-11-26 08:24:33.729 61862 INFO tempest.lib.common.rest_client [req-6e481a3b-3ef3-477e-9bde-838200bfc247 req-6e481a3b-3ef3-477e-9bde-838200bfc247 ] Request (ServerExternalEventsTest:test_create_server_external_events): 200 GET http://10.180.1.21/compute/v2.1/servers/413e21a0-5b33-44d1-9964-82e3da294808 0.106s
2025-11-26 08:24:33.831 61806 INFO tempest.lib.common.rest_client [req-882cae21-21e1-4cdb-bddc-4eac4c4b2440 req-882cae21-21e1-4cdb-bddc-4eac4c4b2440 ] Request (VolumesAdminNegativeTest:test_update_attached_volume_with_nonexistent_volume_in_uri): 200 GET http://10.180.1.21/compute/v2.1/servers/f63a7f37-09ac-4fe8-a1a3-7e13eb158526 0.310s
