2025-11-26 08:24:38.097 61850 INFO tempest.lib.common.rest_client [req-1c22bbac-eb5a-4b50-a07d-3a30ca07dab3 req-1c22bbac-eb5a-4b50-a07d-3a30ca07dab3 ] Request (MultipleCreateNegativeTestJSON:test_min_count_non_integer): 400 POST http://10.180.1.21/compute/v2.1/servers 0.056s
2025-11-26 08:24:38.104 61858 INFO tempest.lib.common.rest_client [req-844f7890-b8b2-44d8-9c86-c0832f0ea38f req-844f7890-b8b2-44d8-9c86-c0832f0ea38f ] Request (ImagesTestJSON:test_create_image_from_stopped_server): 200 GET http://10.180.1.21/compute/v2.1/servers/da95334f-ebbf-4a7f-8492-ca310028c4dd 0.108s
2025-11-26 08:24:38.143 61834 INFO tempest.lib.common.rest_client [req-4179e658-5549-4f9d-aae8-fd86a1872350 req-4179e658-5549-4f9d-aae8-fd86a1872350 ] Request (DeleteServersTestJSON:test_delete_active_server): 200 GET http://10.180.1.21/compute/v2.1/servers/a8b2d4b2-731f-489a-8b11-c816e6827189 0.083s
2025-11-26 08:24:38.152 61846 INFO tempest.lib.common.rest_client [req-95d8cf5e-a20c-48ad-b55d-98162d7b04f2 req-95d8cf5e-a20c-48ad-b55d-98162d7b04f2 ] Request (ServerDiagnosticsV248Test:test_get_server_diagnostics): 200 GET http://10.180.1.21/compute/v2.1/servers/fbd512f6-5c22-4a40-846c-0fece5ee7bcb 0.083s
2025-11-26 08:24:38.192 61866 INFO tempest.lib.common.rest_client [req-2a8cdd10-3a19-4eca-a879-f92979b5017a req-2a8cdd10-3a19-4eca-a879-f92979b5017a ] Request (ServerMetadataTestJSON:setUpClass): 200 GET http://10.180.1.21/compute/v2.1/servers/65a29af2-4c3b-4556-ae95-adab1fa7aad4 0.079s
2025-11-26 08:24:38.193 61850 INFO tempest.lib.common.rest_client [req-efc2bbf2-6ded-43ed-9c7e-c1a745b9ac9f req-efc2bbf2-6ded-43ed-9c7e-c1a745b9ac9f ] Request (MultipleCreateNegativeTestJSON:tearDownClass): 204 DELETE http://10.180.1.21/identity/v3/users/7150e362dee84e90b09914d942487e20 0.094s
2025-11-26 08:24:38.193 61850 INFO tempest.lib.common.dynamic_creds [-] Deleting project and security group for project: 57d6ec084db44fa59beed307d59ba63f
2025-11-26 08:24:38.200 61832 INFO tempest.lib.common.rest_client [req-9f9f8253-a63f-463f-82e5-1e6897d4bf26 req-9f9f8253-a63f-463f-82e5-1e6897d4bf26 ] Request (SecurityGroupsTestJSON:test_list_security_groups_by_server): 200 GET http://10.180.1.21/compute/v2.1/servers/3fb9b32d-193f-4968-8783-54d25253f94f 0.081s
2025-11-26 08:24:38.237 61830 INFO tempest.lib.common.rest_client [req-f97573d2-df05-4f55-afaf-1ff2cd4e760a req-f97573d2-df05-4f55-afaf-1ff2cd4e760a ] Request (ListServersNegativeTestJSON:setUpClass): 200 GET http://10.180.1.21/compute/v2.1/servers/02a2cbdf-c522-4ba5-9914-ccf1c51e0130 0.075s
2025-11-26 08:24:38.248 61850 INFO tempest.lib.common.rest_client [req-52948ede-9fbb-4d1c-a1ef-2c8c65c7bae5 req-52948ede-9fbb-4d1c-a1ef-2c8c65c7bae5 ] Request (MultipleCreateNegativeTestJSON:tearDownClass): 201 POST http://10.180.1.21/identity/v3/auth/tokens 0.054s
2025-11-26 08:24:38.256 61810 INFO tempest.lib.common.rest_client [req-edc11e51-5395-47c7-8dbe-dc2ea524dcf9 req-edc11e51-5395-47c7-8dbe-dc2ea524dcf9 ] Request (DeleteServersAdminTestJSON:test_delete_server_while_in_error_state): 200 GET http://10.180.1.21/compute/v2.1/servers/338e2879-7dbe-4334-80da-4bbc1a071aa8 0.048s
2025-11-26 08:24:38.331 61838 INFO tempest.lib.common.rest_client [req-bfb7562e-6f75-4d8d-a1fa-1a32a7cf572d req-bfb7562e-6f75-4d8d-a1fa-1a32a7cf572d ] Request (ServerActionsV293TestJSON:setUpClass): 200 GET http://10.180.1.21/compute/v2.1/servers/12cd88c0-09c1-42de-8fdd-03139718ca17 0.052s
2025-11-26 08:24:38.343 61804 INFO tempest.lib.common.rest_client [req-1844208d-ff86-4584-aa97-c047ea7c3e4c req-1844208d-ff86-4584-aa97-c047ea7c3e4c ] Request (ServerDiagnosticsTest:test_get_server_diagnostics): 200 GET http://10.180.1.21/compute/v2.1/servers/72dd6ff6-43bb-4b4e-9d3d-7d89ad4d54af 0.127s
2025-11-26 08:24:38.377 61862 INFO tempest.lib.common.rest_client [req-af9788d0-354c-4507-8003-d028e98f6145 req-af9788d0-354c-4507-8003-d028e98f6145 ] Request (ServerExternalEventsTest:test_create_server_external_events): 200 GET http://10.180.1.21/compute/v2.1/servers/413e21a0-5b33-44d1-9964-82e3da294808 0.054s
2025-11-26 08:24:38.397 61850 INFO tempest.lib.common.rest_client [req-1a4274c9-57bf-43e2-a78b-48c061f9eae4 req-1a4274c9-57bf-43e2-a78b-48c061f9eae4 ] Request (MultipleCreateNegativeTestJSON:tearDownClass): 200 GET http://10.180.1.21:9696/networking/v2.0/security-groups?tenant_id=57d6ec084db44fa59beed307d59ba63f&name=default 0.148s
2025-11-26 08:24:38.439 61860 INFO tempest.lib.common.rest_client [req-cda4b6ca-0a2e-4755-b04c-a489dafd435c req-cda4b6ca-0a2e-4755-b04c-a489dafd435c ] Request (ServerActionsTestOtherA:setUpClass): 200 GET http://10.180.1.21/compute/v2.1/servers/79b5dc73-2168-46b5-8045-13e92666a69a 0.056s
2025-11-26 08:24:38.473 61836 INFO tempest.lib.common.rest_client [req-d46205fc-bff7-479a-8f44-21e8f741fee3 req-d46205fc-bff7-479a-8f44-21e8f741fee3 ] Request (AttachInterfacesV270Test:test_create_get_list_interfaces): 200 GET http://10.180.1.21/compute/v2.1/servers/9cb4ec1b-e422-491d-8ee9-0103c740ea5b 0.102s
2025-11-26 08:24:38.490 61820 INFO tempest.lib.common.rest_client [req-fdcc597a-d76e-4884-9e72-bf8e7329c55a req-fdcc597a-d76e-4884-9e72-bf8e7329c55a ] Request (ServerAddressesNegativeTestJSON:setUpClass): 200 GET http://10.180.1.21/compute/v2.1/servers/643dbc96-7e32-4442-ab44-cbd74b0ffd72 0.058s
2025-11-26 08:24:38.508 61850 INFO tempest.lib.common.rest_client [req-fd7cc3f3-8167-446f-86a6-65d8287de92d req-fd7cc3f3-8167-446f-86a6-65d8287de92d ] Request (MultipleCreateNegativeTestJSON:tearDownClass): 204 DELETE http://10.180.1.21:9696/networking/v2.0/security-groups/887845e8-e10d-4bcc-a7b2-c3e0518c0bc4 0.110s
2025-11-26 08:24:38.517 61844 INFO tempest.lib.common.rest_client [req-9a936921-2a48-415c-8cd4-7d52f418364a req-9a936921-2a48-415c-8cd4-7d52f418364a ] Request (VolumesAssistedSnapshotsTest:test_volume_assisted_snapshot_create_delete): 200 GET http://10.180.1.21/compute/v2.1/servers/fe988112-9ee6-4fa7-8914-87119aaa2549 0.083s
2025-11-26 08:24:38.562 61850 INFO tempest.lib.common.rest_client [req-a86f8d6a-a8d6-4dcd-866b-b48a07731b8e req-a86f8d6a-a8d6-4dcd-866b-b48a07731b8e ] Request (MultipleCreateNegativeTestJSON:tearDownClass): 204 DELETE http://10.180.1.21/identity/v3/projects/57d6ec084db44fa59beed307d59ba63f 0.053s
2025-11-26 08:24:38.616 61850 INFO tempest.lib.common.rest_client [req-824916b0-326f-4809-8528-fd46ac64abf6 req-824916b0-326f-4809-8528-fd46ac64abf6 ] Request (AttachVolumeShelveTestJSON:setUpClass): 201 POST http://10.180.1.21/identity/v3/auth/tokens 0.052s
2025-11-26 08:24:38.620 61806 INFO tempest.lib.common.rest_client [req-2bc3b91d-4658-44f0-85fe-b561b3ac325f req-2bc3b91d-4658-44f0-85fe-b561b3ac325f ] Request (VolumesAdminNegativeTest:test_update_attached_volume_with_nonexistent_volume_in_uri): 200 GET http://10.180.1.21/compute/v2.1/servers/f63a7f37-09ac-4fe8-a1a3-7e13eb158526 0.091s
2025-11-26 08:24:38.642 61850 INFO tempest.lib.common.rest_client [req-848b3ee2-d59b-424c-b434-251939a6065e req-848b3ee2-d59b-424c-b434-251939a6065e ] Request (AttachVolumeShelveTestJSON:setUpClass): 201 POST http://10.180.1.21/identity/v3/auth/tokens 0.024s
2025-11-26 08:24:38.661 61850 INFO tempest.lib.common.rest_client [req-c927c1fc-78f5-4e31-8e88-5fac67473089 req-c927c1fc-78f5-4e31-8e88-5fac67473089 ] Request (AttachVolumeShelveTestJSON:setUpClass): 200 GET http://10.180.1.21/identity/v3/domains?name=Default 0.019s
2025-11-26 08:24:38.687 61850 INFO tempest.lib.common.rest_client [req-49c87c5c-fe42-4983-8eb4-08eab9da4d6d req-49c87c5c-fe42-4983-8eb4-08eab9da4d6d ] Request (AttachVolumeShelveTestJSON:setUpClass): 201 POST http://10.180.1.21/identity/v3/projects 0.026s
2025-11-26 08:24:38.735 61856 INFO tempest.lib.common.rest_client [req-3777d849-99df-448b-82ee-d2ab6177a80d req-3777d849-99df-448b-82ee-d2ab6177a80d ] Request (ServerMetadataNegativeTestJSON:setUpClass): 200 GET http://10.180.1.21/compute/v2.1/servers/4c70f154-7d65-4cea-ad90-8626f58b70f5 0.106s
2025-11-26 08:24:38.749 61850 INFO tempest.lib.common.rest_client [req-3d99990a-c636-4729-bd5e-78d9f4799130 req-3d99990a-c636-4729-bd5e-78d9f4799130 ] Request (AttachVolumeShelveTestJSON:setUpClass): 201 POST http://10.180.1.21/identity/v3/users 0.061s
2025-11-26 08:24:38.754 61852 INFO tempest.lib.common.rest_client [req-2fcb92d5-f2a6-4ad5-b7e4-08765a8a2fe7 req-2fcb92d5-f2a6-4ad5-b7e4-08765a8a2fe7 ] Request (ServersAdmin275Test:test_rebuild_update_server_275): 200 GET http://10.180.1.21/compute/v2.1/servers/f42d10b1-6733-4c39-9230-fd41dd82bb20 0.062s
2025-11-26 08:24:38.765 61850 INFO tempest.lib.common.rest_client [req-52713acc-f29c-4337-9626-0e3a96fe9ace req-52713acc-f29c-4337-9626-0e3a96fe9ace ] Request (AttachVolumeShelveTestJSON:setUpClass): 200 GET http://10.180.1.21/identity/v3/roles 0.015s
2025-11-26 08:24:38.789 61850 INFO tempest.lib.common.rest_client [req-aa0e14ec-3e5f-4cfe-bccc-ee442ba62a9d req-aa0e14ec-3e5f-4cfe-bccc-ee442ba62a9d ] Request (AttachVolumeShelveTestJSON:setUpClass): 204 PUT http://10.180.1.21/identity/v3/projects/de5ad5b083124bcab1da2e5a2ae152c9/users/47f43ce2fa4a4c8190358ef608c7e52a/roles/aa220314307b4cd1b9e13163a378241c 0.023s
2025-11-26 08:24:38.789 61850 INFO tempest.lib.common.dynamic_creds [-] Dynamic test user 47f43ce2fa4a4c8190358ef608c7e52a is created with scope project and roles: ['member']
2025-11-26 08:24:38.789 61850 INFO tempest.lib.common.dynamic_creds [-] Acquired dynamic creds: credentials: Credentials: {'domain_id': 'default', 'domain_name': 'Default', 'username': 'tempest-AttachVolumeShelveTestJSON-1839295289-project-member', 'project_domain_id': 'default', 'project_domain_name': 'Default', 'project_id': 'de5ad5b083124bcab1da2e5a2ae152c9', 'project_name': 'tempest-AttachVolumeShelveTestJSON-1839295289', 'tenant_id': 'de5ad5b083124bcab1da2e5a2ae152c9', 'tenant_name': 'tempest-AttachVolumeShelveTestJSON-1839295289', 'user_domain_id': 'default', 'user_domain_name': 'Default', 'user_id': '47f43ce2fa4a4c8190358ef608c7e52a', 'system': None}, Network: None, Subnet: None, Router: None
2025-11-26 08:24:38.844 61850 INFO tempest.lib.common.rest_client [req-fbe15688-3969-4ac9-a709-195f9877ce51 req-fbe15688-3969-4ac9-a709-195f9877ce51 ] Request (AttachVolumeShelveTestJSON:setUpClass): 201 POST http://10.180.1.21/identity/v3/auth/tokens 0.054s
2025-11-26 08:24:39.013 61816 INFO tempest.lib.common.rest_client [req-b1e0eb3f-b2ba-4308-b1ef-c482dfe657cf req-b1e0eb3f-b2ba-4308-b1ef-c482dfe657cf ] Request (ServersAdminTestJSON:setUpClass): 200 GET http://10.180.1.21/compute/v2.1/servers/a9cca36b-ee0e-42b3-9c26-61c9b0715312 0.283s
2025-11-26 08:24:39.017 61842 INFO tempest.lib.common.rest_client [req-d05c88c3-f294-4626-bfc1-225625510af7 req-d05c88c3-f294-4626-bfc1-225625510af7 ] Request (FloatingIPsAssociationNegativeTestJSON:setUpClass): 200 GET http://10.180.1.21/compute/v2.1/servers/933ffe74-6883-4676-9be8-f12e45be35e0 0.178s
2025-11-26 08:24:39.075 61854 INFO tempest.lib.common.rest_client [req-5cd92663-58c2-40a0-bf86-fa1a10d71ee8 req-5cd92663-58c2-40a0-bf86-fa1a10d71ee8 ] Request (ServersNegativeTestJSON:setUpClass): 200 GET http://10.180.1.21/compute/v2.1/servers/0d55fe3b-3a7e-493d-b705-10241a2ac392 0.221s
2025-11-26 08:24:39.088 61818 INFO tempest.lib.common.rest_client [req-dc881094-e351-4bdd-a725-0e1c888e74d5 req-dc881094-e351-4bdd-a725-0e1c888e74d5 ] Request (ServersTestFqdnHostnames:test_create_server_with_fqdn_name): 200 GET http://10.180.1.21/compute/v2.1/servers/3d0bfbba-2fec-4063-91f3-3152b3ea537e 0.187s
2025-11-26 08:24:39.134 61808 INFO tempest.lib.common.rest_client [req-ccd165d1-3c66-429c-a354-35e729960ce1 req-ccd165d1-3c66-429c-a354-35e729960ce1 ] Request (ServersWithSpecificFlavorTestJSON:test_verify_created_server_ephemeral_disk): 200 GET http://10.180.1.21/compute/v2.1/servers/91def60e-ad74-435f-a006-eb5672928010 0.187s
2025-11-26 08:24:39.140 61814 INFO tempest.lib.common.rest_client [req-17e30d04-8fad-43d2-8db1-d87661d56674 req-17e30d04-8fad-43d2-8db1-d87661d56674 ] Request (ServersV294TestFqdnHostnames:setUpClass): 200 GET http://10.180.1.21/compute/v2.1/servers/12a02fd4-ae5d-4e7f-96e1-27d50d54bc24 0.238s
2025-11-26 08:24:39.159 61850 INFO tempest.lib.common.rest_client [req-e84eae23-fa8a-41c0-8e65-5d49c9297858 req-e84eae23-fa8a-41c0-8e65-5d49c9297858 ] Request (AttachVolumeShelveTestJSON:setUpClass): 201 POST http://10.180.1.21:9696/networking/v2.0/networks 0.315s
2025-11-26 08:24:39.191 61848 INFO tempest.lib.common.rest_client [req-4dafd746-592b-41d6-9e31-64e7eeb289d3 req-4dafd746-592b-41d6-9e31-64e7eeb289d3 ] Request (InstanceActionsNegativeTestJSON:setUpClass): 200 GET http://10.180.1.21/compute/v2.1/servers/37256e1b-8191-4bee-a3c3-dd31c99d9301 0.237s
2025-11-26 08:24:39.191 61824 INFO tempest.lib.common.rest_client [req-e4cecc5d-f913-4d93-add8-b6c786ca774e req-e4cecc5d-f913-4d93-add8-b6c786ca774e ] Request (ListServerFiltersTestJSON:setUpClass): 200 GET http://10.180.1.21/compute/v2.1/servers/549dbec8-1008-4930-8e2d-97cd11cfa45f 0.176s
2025-11-26 08:24:39.238 61812 INFO tempest.lib.common.rest_client [req-1e352c77-7e44-4012-b5ea-9dee3ae58941 req-1e352c77-7e44-4012-b5ea-9dee3ae58941 ] Request (MigrationsAdminTest:test_list_migrations_in_flavor_resize_situation): 200 GET http://10.180.1.21/compute/v2.1/servers/8c57d493-12c4-47fe-a355-c9ade98b7158 0.139s
2025-11-26 08:24:39.326 61858 INFO tempest.lib.common.rest_client [req-a5bf651e-6ac1-43f4-91b0-b48d0ac0b828 req-a5bf651e-6ac1-43f4-91b0-b48d0ac0b828 ] Request (ImagesTestJSON:test_create_image_from_stopped_server): 200 GET http://10.180.1.21/compute/v2.1/servers/da95334f-ebbf-4a7f-8492-ca310028c4dd 0.214s
2025-11-26 08:24:39.330 61864 INFO tempest.lib.common.rest_client [req-31430aa1-d188-42d3-9fde-4445a5ec1954 req-31430aa1-d188-42d3-9fde-4445a5ec1954 ] Request (ImagesOneServerTestJSON:setUpClass): 200 GET http://10.180.1.21/compute/v2.1/servers/c445065e-68e5-4dda-ba5d-314dc2da12cf 0.278s
2025-11-26 08:24:39.374 61834 INFO tempest.lib.common.rest_client [req-a81b50d9-b70d-4aa7-8d72-ebc270f9fc2b req-a81b50d9-b70d-4aa7-8d72-ebc270f9fc2b ] Request (DeleteServersTestJSON:test_delete_active_server): 200 GET http://10.180.1.21/compute/v2.1/servers/a8b2d4b2-731f-489a-8b11-c816e6827189 0.224s
2025-11-26 08:24:39.381 61846 INFO tempest.lib.common.rest_client [req-23b9383f-1e54-4f08-a399-9957bf80cbd8 req-23b9383f-1e54-4f08-a399-9957bf80cbd8 ] Request (ServerDiagnosticsV248Test:test_get_server_diagnostics): 200 GET http://10.180.1.21/compute/v2.1/servers/fbd512f6-5c22-4a40-846c-0fece5ee7bcb 0.219s
2025-11-26 08:24:39.416 61850 INFO tempest.lib.common.rest_client [req-6a967e2e-565f-4cba-a2fa-2babe45aff47 req-6a967e2e-565f-4cba-a2fa-2babe45aff47 ] Request (AttachVolumeShelveTestJSON:setUpClass): 201 POST http://10.180.1.21:9696/networking/v2.0/subnets 0.256s
2025-11-26 08:24:39.424 61866 INFO tempest.lib.common.rest_client [req-8ddb3cd6-34b2-4cb2-89f5-6f760473818d req-8ddb3cd6-34b2-4cb2-89f5-6f760473818d ] Request (ServerMetadataTestJSON:setUpClass): 200 GET http://10.180.1.21/compute/v2.1/servers/65a29af2-4c3b-4556-ae95-adab1fa7aad4 0.226s
2025-11-26 08:24:39.434 61832 INFO tempest.lib.common.rest_client [req-a61eb6b4-7a52-43d5-971e-83409942cf62 req-a61eb6b4-7a52-43d5-971e-83409942cf62 ] Request (SecurityGroupsTestJSON:test_list_security_groups_by_server): 200 GET http://10.180.1.21/compute/v2.1/servers/3fb9b32d-193f-4968-8783-54d25253f94f 0.228s
2025-11-26 08:24:39.481 61830 INFO tempest.lib.common.rest_client [req-8dc54108-7511-423b-9dd5-4039396029f1 req-8dc54108-7511-423b-9dd5-4039396029f1 ] Request (ListServersNegativeTestJSON:setUpClass): 200 GET http://10.180.1.21/compute/v2.1/servers/02a2cbdf-c522-4ba5-9914-ccf1c51e0130 0.236s
2025-11-26 08:24:39.484 61810 INFO tempest.lib.common.rest_client [req-0a344814-db7f-4b5b-9a86-31249a04626d req-0a344814-db7f-4b5b-9a86-31249a04626d ] Request (DeleteServersAdminTestJSON:test_delete_server_while_in_error_state): 200 GET http://10.180.1.21/compute/v2.1/servers/338e2879-7dbe-4334-80da-4bbc1a071aa8 0.221s
2025-11-26 08:24:39.552 61838 INFO tempest.lib.common.rest_client [req-cc8581cd-eac5-496e-9ce0-bce028271213 req-cc8581cd-eac5-496e-9ce0-bce028271213 ] Request (ServerActionsV293TestJSON:setUpClass): 200 GET http://10.180.1.21/compute/v2.1/servers/12cd88c0-09c1-42de-8fdd-03139718ca17 0.212s
2025-11-26 08:24:39.590 61804 INFO tempest.lib.common.rest_client [req-1e888a28-7153-4d8a-99a4-3ebdc40f8b0b req-1e888a28-7153-4d8a-99a4-3ebdc40f8b0b ] Request (ServerDiagnosticsTest:test_get_server_diagnostics): 200 GET http://10.180.1.21/compute/v2.1/servers/72dd6ff6-43bb-4b4e-9d3d-7d89ad4d54af 0.240s
2025-11-26 08:24:39.606 61862 INFO tempest.lib.common.rest_client [req-4494fa28-7ae4-47f3-bc57-ae67ddf3283d req-4494fa28-7ae4-47f3-bc57-ae67ddf3283d ] Request (ServerExternalEventsTest:test_create_server_external_events): 200 GET http://10.180.1.21/compute/v2.1/servers/413e21a0-5b33-44d1-9964-82e3da294808 0.220s
2025-11-26 08:24:39.653 61860 INFO tempest.lib.common.rest_client [req-f2b347d1-0bea-4ef8-850c-21e5d5329255 req-f2b347d1-0bea-4ef8-850c-21e5d5329255 ] Request (ServerActionsTestOtherA:setUpClass): 200 GET http://10.180.1.21/compute/v2.1/servers/79b5dc73-2168-46b5-8045-13e92666a69a 0.206s
2025-11-26 08:24:39.716 61820 INFO tempest.lib.common.rest_client [req-0cadd25f-86b0-441c-9eb8-0108eeacda6e req-0cadd25f-86b0-441c-9eb8-0108eeacda6e ] Request (ServerAddressesNegativeTestJSON:setUpClass): 200 GET http://10.180.1.21/compute/v2.1/servers/643dbc96-7e32-4442-ab44-cbd74b0ffd72 0.218s
2025-11-26 08:24:39.776 61836 INFO tempest.lib.common.rest_client [req-47ec77a5-355c-47e5-bc91-45ede107afdf req-47ec77a5-355c-47e5-bc91-45ede107afdf ] Request (AttachInterfacesV270Test:test_create_get_list_interfaces): 200 GET http://10.180.1.21/compute/v2.1/servers/9cb4ec1b-e422-491d-8ee9-0103c740ea5b 0.294s
2025-11-26 08:24:39.790 61844 INFO tempest.lib.common.rest_client [req-63a320f0-f546-4826-87e0-74b4c34c48a6 req-63a320f0-f546-4826-87e0-74b4c34c48a6 ] Request (VolumesAssistedSnapshotsTest:test_volume_assisted_snapshot_create_delete): 200 GET http://10.180.1.21/compute/v2.1/servers/fe988112-9ee6-4fa7-8914-87119aaa2549 0.265s
2025-11-26 08:24:39.927 61856 INFO tempest.lib.common.rest_client [req-95bb3805-e388-4386-9cb4-469f40b3b2cf req-95bb3805-e388-4386-9cb4-469f40b3b2cf ] Request (ServerMetadataNegativeTestJSON:setUpClass): 200 GET http://10.180.1.21/compute/v2.1/servers/4c70f154-7d65-4cea-ad90-8626f58b70f5 0.184s
2025-11-26 08:24:39.977 61852 INFO tempest.lib.common.rest_client [req-7afb853b-6bbb-4f10-9d65-ca5f425a12b3 req-7afb853b-6bbb-4f10-9d65-ca5f425a12b3 ] Request (ServersAdmin275Test:test_rebuild_update_server_275): 200 GET http://10.180.1.21/compute/v2.1/servers/f42d10b1-6733-4c39-9230-fd41dd82bb20 0.213s
2025-11-26 08:24:39.978 61806 INFO tempest.lib.common.rest_client [req-8002b641-ba00-4066-a988-2e5b6fc26887 req-8002b641-ba00-4066-a988-2e5b6fc26887 ] Request (VolumesAdminNegativeTest:test_update_attached_volume_with_nonexistent_volume_in_uri): 200 GET http://10.180.1.21/compute/v2.1/servers/f63a7f37-09ac-4fe8-a1a3-7e13eb158526 0.349s
2025-11-26 08:24:40.135 61816 INFO tempest.lib.common.rest_client [req-cd364d40-0a87-4ecc-9a50-6f135d4d53ec req-cd364d40-0a87-4ecc-9a50-6f135d4d53ec ] Request (ServersAdminTestJSON:setUpClass): 200 GET http://10.180.1.21/compute/v2.1/servers/a9cca36b-ee0e-42b3-9c26-61c9b0715312 0.116s
2025-11-26 08:24:40.186 61854 INFO tempest.lib.common.rest_client [req-ed31f73b-c2a2-4c9c-b9ad-f98841f3f258 req-ed31f73b-c2a2-4c9c-b9ad-f98841f3f258 ] Request (ServersNegativeTestJSON:setUpClass): 200 GET http://10.180.1.21/compute/v2.1/servers/0d55fe3b-3a7e-493d-b705-10241a2ac392 0.104s
2025-11-26 08:24:40.237 61818 INFO tempest.lib.common.rest_client [req-1e2b6c3f-39ef-4500-b59f-dd5608b2dc62 req-1e2b6c3f-39ef-4500-b59f-dd5608b2dc62 ] Request (ServersTestFqdnHostnames:test_create_server_with_fqdn_name): 200 GET http://10.180.1.21/compute/v2.1/servers/3d0bfbba-2fec-4063-91f3-3152b3ea537e 0.140s
2025-11-26 08:24:40.290 61808 INFO tempest.lib.common.rest_client [req-8d6b5460-f681-4f34-b2e4-a494c68eb8cc req-8d6b5460-f681-4f34-b2e4-a494c68eb8cc ] Request (ServersWithSpecificFlavorTestJSON:test_verify_created_server_ephemeral_disk): 200 GET http://10.180.1.21/compute/v2.1/servers/91def60e-ad74-435f-a006-eb5672928010 0.149s
2025-11-26 08:24:40.345 61814 INFO tempest.lib.common.rest_client [req-fdac48b2-e724-4a2a-8d1a-7ec7f4cf1670 req-fdac48b2-e724-4a2a-8d1a-7ec7f4cf1670 ] Request (ServersV294TestFqdnHostnames:setUpClass): 200 GET http://10.180.1.21/compute/v2.1/servers/12a02fd4-ae5d-4e7f-96e1-27d50d54bc24 0.192s
2025-11-26 08:24:40.360 61842 INFO tempest.lib.common.rest_client [req-b9e6d97c-5498-4936-8cec-51de75afbed2 req-b9e6d97c-5498-4936-8cec-51de75afbed2 ] Request (FloatingIPsAssociationNegativeTestJSON:setUpClass): 200 GET http://10.180.1.21/compute/v2.1/servers/933ffe74-6883-4676-9be8-f12e45be35e0 0.336s
2025-11-26 08:24:40.395 61848 INFO tempest.lib.common.rest_client [req-bd10caa5-5f61-4123-a366-6a8da2af95d4 req-bd10caa5-5f61-4123-a366-6a8da2af95d4 ] Request (InstanceActionsNegativeTestJSON:setUpClass): 200 GET http://10.180.1.21/compute/v2.1/servers/37256e1b-8191-4bee-a3c3-dd31c99d9301 0.198s
2025-11-26 08:24:40.420 61824 INFO tempest.lib.common.rest_client [req-8594302e-d12a-46a5-a300-6b67b2964387 req-8594302e-d12a-46a5-a300-6b67b2964387 ] Request (ListServerFiltersTestJSON:setUpClass): 200 GET http://10.180.1.21/compute/v2.1/servers/549dbec8-1008-4930-8e2d-97cd11cfa45f 0.221s
2025-11-26 08:24:40.454 61812 INFO tempest.lib.common.rest_client [req-54c89687-4faa-4c56-8e54-c94a217c9da8 req-54c89687-4faa-4c56-8e54-c94a217c9da8 ] Request (MigrationsAdminTest:test_list_migrations_in_flavor_resize_situation): 200 GET http://10.180.1.21/compute/v2.1/servers/8c57d493-12c4-47fe-a355-c9ade98b7158 0.210s
2025-11-26 08:24:40.588 61864 INFO tempest.lib.common.rest_client [req-825fcddd-327a-46d0-b742-858c450db33c req-825fcddd-327a-46d0-b742-858c450db33c ] Request (ImagesOneServerTestJSON:setUpClass): 200 GET http://10.180.1.21/compute/v2.1/servers/c445065e-68e5-4dda-ba5d-314dc2da12cf 0.244s
2025-11-26 08:24:40.589 61858 INFO tempest.lib.common.rest_client [req-d90c8c92-41e8-4305-8ff2-a14b65470e0c req-d90c8c92-41e8-4305-8ff2-a14b65470e0c ] Request (ImagesTestJSON:test_create_image_from_stopped_server): 200 GET http://10.180.1.21/compute/v2.1/servers/da95334f-ebbf-4a7f-8492-ca310028c4dd 0.248s
2025-11-26 08:24:40.642 61846 INFO tempest.lib.common.rest_client [req-06b2c575-99ff-4102-afe9-5fafccb63228 req-06b2c575-99ff-4102-afe9-5fafccb63228 ] Request (ServerDiagnosticsV248Test:test_get_server_diagnostics): 200 GET http://10.180.1.21/compute/v2.1/servers/fbd512f6-5c22-4a40-846c-0fece5ee7bcb 0.253s
2025-11-26 08:24:40.644 61834 INFO tempest.lib.common.rest_client [req-69086d84-3f3a-4d13-a506-22dbfe4a96d7 req-69086d84-3f3a-4d13-a506-22dbfe4a96d7 ] Request (DeleteServersTestJSON:test_delete_active_server): 200 GET http://10.180.1.21/compute/v2.1/servers/a8b2d4b2-731f-489a-8b11-c816e6827189 0.263s
2025-11-26 08:24:40.693 61866 INFO tempest.lib.common.rest_client [req-887f8593-e603-4800-bf52-10870da4e6e7 req-887f8593-e603-4800-bf52-10870da4e6e7 ] Request (ServerMetadataTestJSON:setUpClass): 200 GET http://10.180.1.21/compute/v2.1/servers/65a29af2-4c3b-4556-ae95-adab1fa7aad4 0.262s
2025-11-26 08:24:40.714 61832 INFO tempest.lib.common.rest_client [req-dcbd80c7-3a59-4942-add4-9a9d2b3114f7 req-dcbd80c7-3a59-4942-add4-9a9d2b3114f7 ] Request (SecurityGroupsTestJSON:test_list_security_groups_by_server): 200 GET http://10.180.1.21/compute/v2.1/servers/3fb9b32d-193f-4968-8783-54d25253f94f 0.272s
2025-11-26 08:24:40.750 61830 INFO tempest.lib.common.rest_client [req-8f5d625d-92e1-48de-b980-8e2931eb4629 req-8f5d625d-92e1-48de-b980-8e2931eb4629 ] Request (ListServersNegativeTestJSON:setUpClass): 200 GET http://10.180.1.21/compute/v2.1/servers/02a2cbdf-c522-4ba5-9914-ccf1c51e0130 0.262s
2025-11-26 08:24:40.781 61850 INFO tempest.lib.common.rest_client [req-27005c45-18fb-4589-9027-85549484ec84 req-27005c45-18fb-4589-9027-85549484ec84 ] Request (AttachVolumeShelveTestJSON:setUpClass): 201 POST http://10.180.1.21:9696/networking/v2.0/routers 1.364s
2025-11-26 08:24:40.781 61810 INFO tempest.lib.common.rest_client [req-b141b479-0167-47af-91cb-e90636e92694 req-b141b479-0167-47af-91cb-e90636e92694 ] Request (DeleteServersAdminTestJSON:test_delete_server_while_in_error_state): 200 GET http://10.180.1.21/compute/v2.1/servers/338e2879-7dbe-4334-80da-4bbc1a071aa8 0.289s
2025-11-26 08:24:40.831 61838 INFO tempest.lib.common.rest_client [req-f96e2644-6028-481f-90fd-13d8a3c089bd req-f96e2644-6028-481f-90fd-13d8a3c089bd ] Request (ServerActionsV293TestJSON:setUpClass): 200 GET http://10.180.1.21/compute/v2.1/servers/12cd88c0-09c1-42de-8fdd-03139718ca17 0.266s
2025-11-26 08:24:40.886 61862 INFO tempest.lib.common.rest_client [req-6d7c4cf9-682d-4f54-84eb-2cec4f7f8a68 req-6d7c4cf9-682d-4f54-84eb-2cec4f7f8a68 ] Request (ServerExternalEventsTest:test_create_server_external_events): 200 GET http://10.180.1.21/compute/v2.1/servers/413e21a0-5b33-44d1-9964-82e3da294808 0.269s
2025-11-26 08:24:40.941 61860 INFO tempest.lib.common.rest_client [req-beb3cbda-84a5-4986-a25c-a342af8d4eeb req-beb3cbda-84a5-4986-a25c-a342af8d4eeb ] Request (ServerActionsTestOtherA:setUpClass): 200 GET http://10.180.1.21/compute/v2.1/servers/79b5dc73-2168-46b5-8045-13e92666a69a 0.281s
2025-11-26 08:24:40.992 61820 INFO tempest.lib.common.rest_client [req-9a831edc-e48e-43b3-a451-d6b50b83de4f req-9a831edc-e48e-43b3-a451-d6b50b83de4f ] Request (ServerAddressesNegativeTestJSON:setUpClass): 200 GET http://10.180.1.21/compute/v2.1/servers/643dbc96-7e32-4442-ab44-cbd74b0ffd72 0.269s
2025-11-26 08:24:41.043 61804 INFO tempest.lib.common.rest_client [req-47e6e8b6-f58f-4895-8da4-d3b5651ff5d5 req-47e6e8b6-f58f-4895-8da4-d3b5651ff5d5 ] Request (ServerDiagnosticsTest:test_get_server_diagnostics): 200 GET http://10.180.1.21/compute/v2.1/servers/72dd6ff6-43bb-4b4e-9d3d-7d89ad4d54af 0.442s
2025-11-26 08:24:41.104 61844 INFO tempest.lib.common.rest_client [req-a9e647ef-40f2-4150-9bee-2473d416a446 req-a9e647ef-40f2-4150-9bee-2473d416a446 ] Request (VolumesAssistedSnapshotsTest:test_volume_assisted_snapshot_create_delete): 200 GET http://10.180.1.21/compute/v2.1/servers/fe988112-9ee6-4fa7-8914-87119aaa2549 0.306s
2025-11-26 08:24:41.107 61836 INFO tempest.lib.common.rest_client [req-37f23cbb-a69e-4f7c-9517-2ee52eef2ce5 req-37f23cbb-a69e-4f7c-9517-2ee52eef2ce5 ] Request (AttachInterfacesV270Test:test_create_get_list_interfaces): 200 GET http://10.180.1.21/compute/v2.1/servers/9cb4ec1b-e422-491d-8ee9-0103c740ea5b 0.320s
2025-11-26 08:24:41.260 61806 INFO tempest.lib.common.rest_client [req-986ce9a2-e079-465e-b5d5-761fef1d97a2 req-986ce9a2-e079-465e-b5d5-761fef1d97a2 ] Request (VolumesAdminNegativeTest:test_update_attached_volume_with_nonexistent_volume_in_uri): 200 GET http://10.180.1.21/compute/v2.1/servers/f63a7f37-09ac-4fe8-a1a3-7e13eb158526 0.274s
2025-11-26 08:24:41.317 61852 INFO tempest.lib.common.rest_client [req-ffad970d-2838-4533-a671-f1a988c00623 req-ffad970d-2838-4533-a671-f1a988c00623 ] Request (ServersAdmin275Test:test_rebuild_update_server_275): 200 GET http://10.180.1.21/compute/v2.1/servers/f42d10b1-6733-4c39-9230-fd41dd82bb20 0.330s
2025-11-26 08:24:41.324 61856 INFO tempest.lib.common.rest_client [req-36eb5645-1f31-4158-96c8-5daac5ecf4ca req-36eb5645-1f31-4158-96c8-5daac5ecf4ca ] Request (ServerMetadataNegativeTestJSON:setUpClass): 200 GET http://10.180.1.21/compute/v2.1/servers/4c70f154-7d65-4cea-ad90-8626f58b70f5 0.389s
2025-11-26 08:24:41.388 61854 INFO tempest.lib.common.rest_client [req-344ac196-71f5-4664-a3ef-133ed9abef99 req-344ac196-71f5-4664-a3ef-133ed9abef99 ] Request (ServersNegativeTestJSON:setUpClass): 200 GET http://10.180.1.21/compute/v2.1/servers/0d55fe3b-3a7e-493d-b705-10241a2ac392 0.194s
2025-11-26 08:24:41.437 61816 INFO tempest.lib.common.rest_client [req-a1f24143-6e0a-4d19-bbc2-194a2e0bc8fe req-a1f24143-6e0a-4d19-bbc2-194a2e0bc8fe ] Request (ServersAdminTestJSON:setUpClass): 200 GET http://10.180.1.21/compute/v2.1/servers/a9cca36b-ee0e-42b3-9c26-61c9b0715312 0.295s
2025-11-26 08:24:41.458 61818 INFO tempest.lib.common.rest_client [req-7715c2e2-ccac-4b30-b492-93fa8b55dfb0 req-7715c2e2-ccac-4b30-b492-93fa8b55dfb0 ] Request (ServersTestFqdnHostnames:test_create_server_with_fqdn_name): 200 GET http://10.180.1.21/compute/v2.1/servers/3d0bfbba-2fec-4063-91f3-3152b3ea537e 0.213s
2025-11-26 08:24:41.486 61808 INFO tempest.lib.common.rest_client [req-8ddb4553-7b7d-455d-afea-95ca4e8ac48f req-8ddb4553-7b7d-455d-afea-95ca4e8ac48f ] Request (ServersWithSpecificFlavorTestJSON:test_verify_created_server_ephemeral_disk): 200 GET http://10.180.1.21/compute/v2.1/servers/91def60e-ad74-435f-a006-eb5672928010 0.186s
2025-11-26 08:24:41.521 61814 INFO tempest.lib.common.rest_client [req-c1025dce-40e0-4a81-a424-c53f752c7965 req-c1025dce-40e0-4a81-a424-c53f752c7965 ] Request (ServersV294TestFqdnHostnames:setUpClass): 200 GET http://10.180.1.21/compute/v2.1/servers/12a02fd4-ae5d-4e7f-96e1-27d50d54bc24 0.160s
2025-11-26 08:24:41.579 61848 INFO tempest.lib.common.rest_client [req-85c604e8-8495-4921-8f5c-be472326c6fe req-85c604e8-8495-4921-8f5c-be472326c6fe ] Request (InstanceActionsNegativeTestJSON:setUpClass): 200 GET http://10.180.1.21/compute/v2.1/servers/37256e1b-8191-4bee-a3c3-dd31c99d9301 0.177s
2025-11-26 08:24:41.629 61842 INFO tempest.lib.common.rest_client [req-920c3c0c-1429-455b-a10f-001fbfb72f20 req-920c3c0c-1429-455b-a10f-001fbfb72f20 ] Request (FloatingIPsAssociationNegativeTestJSON:setUpClass): 200 GET http://10.180.1.21/compute/v2.1/servers/933ffe74-6883-4676-9be8-f12e45be35e0 0.262s
2025-11-26 08:24:41.679 61812 INFO tempest.lib.common.rest_client [req-318d50c0-28a5-4495-9c5b-0bdd3b5bc402 req-318d50c0-28a5-4495-9c5b-0bdd3b5bc402 ] Request (MigrationsAdminTest:test_list_migrations_in_flavor_resize_situation): 200 GET http://10.180.1.21/compute/v2.1/servers/8c57d493-12c4-47fe-a355-c9ade98b7158 0.217s
2025-11-26 08:24:41.802 61864 INFO tempest.lib.common.rest_client [req-5a3472ba-0ae2-4a6d-bc8f-01efb5ca3832 req-5a3472ba-0ae2-4a6d-bc8f-01efb5ca3832 ] Request (ImagesOneServerTestJSON:setUpClass): 200 GET http://10.180.1.21/compute/v2.1/servers/c445065e-68e5-4dda-ba5d-314dc2da12cf 0.206s
2025-11-26 08:24:41.823 61824 INFO tempest.lib.common.rest_client [req-de2f4cd5-2b60-428b-9a5d-04f2f596c70f req-de2f4cd5-2b60-428b-9a5d-04f2f596c70f ] Request (ListServerFiltersTestJSON:setUpClass): 200 GET http://10.180.1.21/compute/v2.1/servers/549dbec8-1008-4930-8e2d-97cd11cfa45f 0.396s
2025-11-26 08:24:41.901 61846 INFO tempest.lib.common.rest_client [req-4c8aab59-bf5d-411f-bb72-ea8ffbe89751 req-4c8aab59-bf5d-411f-bb72-ea8ffbe89751 ] Request (ServerDiagnosticsV248Test:test_get_server_diagnostics): 200 GET http://10.180.1.21/compute/v2.1/servers/fbd512f6-5c22-4a40-846c-0fece5ee7bcb 0.250s
2025-11-26 08:24:41.931 61858 INFO tempest.lib.common.rest_client [req-8a3796c9-c9a7-4a15-8f47-3e3c4fa2fc0d req-8a3796c9-c9a7-4a15-8f47-3e3c4fa2fc0d ] Request (ImagesTestJSON:test_create_image_from_stopped_server): 200 GET http://10.180.1.21/compute/v2.1/servers/da95334f-ebbf-4a7f-8492-ca310028c4dd 0.336s
2025-11-26 08:24:41.960 61834 INFO tempest.lib.common.rest_client [req-6f0c7665-7ca0-405c-8b6c-d5bbd5e53a27 req-6f0c7665-7ca0-405c-8b6c-d5bbd5e53a27 ] Request (DeleteServersTestJSON:test_delete_active_server): 200 GET http://10.180.1.21/compute/v2.1/servers/a8b2d4b2-731f-489a-8b11-c816e6827189 0.308s
2025-11-26 08:24:41.987 61866 INFO tempest.lib.common.rest_client [req-7d67c37c-0ef7-4dec-aef6-ba7d93539bfb req-7d67c37c-0ef7-4dec-aef6-ba7d93539bfb ] Request (ServerMetadataTestJSON:setUpClass): 200 GET http://10.180.1.21/compute/v2.1/servers/65a29af2-4c3b-4556-ae95-adab1fa7aad4 0.285s
2025-11-26 08:24:42.032 61832 INFO tempest.lib.common.rest_client [req-0d3a78c2-a871-4428-bc80-532a3a87baeb req-0d3a78c2-a871-4428-bc80-532a3a87baeb ] Request (SecurityGroupsTestJSON:test_list_security_groups_by_server): 200 GET http://10.180.1.21/compute/v2.1/servers/3fb9b32d-193f-4968-8783-54d25253f94f 0.310s
2025-11-26 08:24:42.094 61810 INFO tempest.lib.common.rest_client [req-a43c67ac-5885-4be6-bdd4-eaddc2a00f14 req-a43c67ac-5885-4be6-bdd4-eaddc2a00f14 ] Request (DeleteServersAdminTestJSON:test_delete_server_while_in_error_state): 200 GET http://10.180.1.21/compute/v2.1/servers/338e2879-7dbe-4334-80da-4bbc1a071aa8 0.304s
2025-11-26 08:24:42.165 61838 INFO tempest.lib.common.rest_client [req-4fc48986-6b08-4725-a686-3586bcb5b8c4 req-4fc48986-6b08-4725-a686-3586bcb5b8c4 ] Request (ServerActionsV293TestJSON:setUpClass): 200 GET http://10.180.1.21/compute/v2.1/servers/12cd88c0-09c1-42de-8fdd-03139718ca17 0.325s
2025-11-26 08:24:42.215 61830 INFO tempest.lib.common.rest_client [req-c82e47b0-987a-4a1a-bd2e-cd7a6a444c23 req-c82e47b0-987a-4a1a-bd2e-cd7a6a444c23 ] Request (ListServersNegativeTestJSON:setUpClass): 200 GET http://10.180.1.21/compute/v2.1/servers/02a2cbdf-c522-4ba5-9914-ccf1c51e0130 0.449s
2025-11-26 08:24:42.229 61862 INFO tempest.lib.common.rest_client [req-e3eb4c9d-6ef1-4a08-a44f-a47f1925f45f req-e3eb4c9d-6ef1-4a08-a44f-a47f1925f45f ] Request (ServerExternalEventsTest:test_create_server_external_events): 200 GET http://10.180.1.21/compute/v2.1/servers/413e21a0-5b33-44d1-9964-82e3da294808 0.332s
2025-11-26 08:24:42.272 61860 INFO tempest.lib.common.rest_client [req-b15ce627-f546-403c-925e-35fac3ce75df req-b15ce627-f546-403c-925e-35fac3ce75df ] Request (ServerActionsTestOtherA:setUpClass): 200 GET http://10.180.1.21/compute/v2.1/servers/79b5dc73-2168-46b5-8045-13e92666a69a 0.323s
2025-11-26 08:24:42.297 61820 INFO tempest.lib.common.rest_client [req-9ca7a8f2-86ad-4016-8574-ee73b18a63f7 req-9ca7a8f2-86ad-4016-8574-ee73b18a63f7 ] Request (ServerAddressesNegativeTestJSON:setUpClass): 200 GET http://10.180.1.21/compute/v2.1/servers/643dbc96-7e32-4442-ab44-cbd74b0ffd72 0.297s
2025-11-26 08:24:42.341 61850 INFO tempest.lib.common.rest_client [req-bbf0be98-775e-4304-b459-bdb34d8ddf3a req-bbf0be98-775e-4304-b459-bdb34d8ddf3a ] Request (AttachVolumeShelveTestJSON:setUpClass): 200 PUT http://10.180.1.21:9696/networking/v2.0/routers/685103ed-fc00-4133-a16b-0d0046a4938e/add_router_interface 1.560s
2025-11-26 08:24:42.343 61850 INFO tempest.lib.common.dynamic_creds [-] Created isolated network resources for: credentials: Credentials: {'domain_id': 'default', 'domain_name': 'Default', 'username': 'tempest-AttachVolumeShelveTestJSON-1839295289-project-member', 'project_domain_id': 'default', 'project_domain_name': 'Default', 'project_id': 'de5ad5b083124bcab1da2e5a2ae152c9', 'project_name': 'tempest-AttachVolumeShelveTestJSON-1839295289', 'tenant_id': 'de5ad5b083124bcab1da2e5a2ae152c9', 'tenant_name': 'tempest-AttachVolumeShelveTestJSON-1839295289', 'user_domain_id': 'default', 'user_domain_name': 'Default', 'user_id': '47f43ce2fa4a4c8190358ef608c7e52a', 'system': None}, Network: {'id': '4884c726-4c32-4eb5-8f19-7ce926c511ad', 'name': 'tempest-AttachVolumeShelveTestJSON-1948393391-network', 'tenant_id': 'de5ad5b083124bcab1da2e5a2ae152c9', 'admin_state_up': True, 'mtu': 8950, 'status': 'ACTIVE', 'subnets': [], 'shared': False, 'project_id': 'de5ad5b083124bcab1da2e5a2ae152c9', 'port_security_enabled': True, 'router:external': False, 'provider:network_type': 'vlan', 'provider:physical_network': 'default', 'provider:segmentation_id': 48, 'is_default': False, 'availability_zone_hints': [], 'availability_zones': [], 'ipv4_address_scope': None, 'ipv6_address_scope': None, 'description': '', 'tags': [], 'created_at': '2025-11-26T08:24:39Z', 'updated_at': '2025-11-26T08:24:39Z', 'revision_number': 1}, Subnet: {'id': '46b36ecd-1071-43c6-8517-8875357a72e6', 'name': 'tempest-AttachVolumeShelveTestJSON-1948393391-subnet', 'tenant_id': 'de5ad5b083124bcab1da2e5a2ae152c9', 'network_id': '4884c726-4c32-4eb5-8f19-7ce926c511ad', 'ip_version': 4, 'subnetpool_id': None, 'enable_dhcp': True, 'ipv6_ra_mode': None, 'ipv6_address_mode': None, 'gateway_ip': '192.168.128.1', 'cidr': '192.168.128.0/28', 'allocation_pools': [{'start': '192.168.128.2', 'end': '192.168.128.14'}], 'host_routes': [], 'dns_nameservers': [], 'description': '', 'service_types': [], 'tags': [], 'created_at': '2025-11-26T08:24:39Z', 'updated_at': '2025-11-26T08:24:39Z', 'revision_number': 0, 'project_id': 'de5ad5b083124bcab1da2e5a2ae152c9'}, Router: {'id': '685103ed-fc00-4133-a16b-0d0046a4938e', 'name': 'tempest-AttachVolumeShelveTestJSON-1948393391-router', 'tenant_id': 'de5ad5b083124bcab1da2e5a2ae152c9', 'admin_state_up': True, 'status': 'ACTIVE', 'external_gateway_info': {'network_id': 'edcd5b0a-76e1-4c2e-9486-d341d63d2b1a', 'external_fixed_ips': [{'subnet_id': '919bda5e-7f45-4699-8a9d-b14269324aa3', 'ip_address': '10.180.180.134'}], 'enable_snat': True}, 'description': '', 'availability_zones': [], 'distributed': False, 'ha': False, 'availability_zone_hints': [], 'routes': [], 'flavor_id': None, 'tags': [], 'created_at': '2025-11-26T08:24:39Z', 'updated_at': '2025-11-26T08:24:40Z', 'revision_number': 2, 'project_id': 'de5ad5b083124bcab1da2e5a2ae152c9'}
2025-11-26 08:24:42.363 61844 INFO tempest.lib.common.rest_client [req-2c4c22de-3caa-4f56-8b18-484659de687a req-2c4c22de-3caa-4f56-8b18-484659de687a ] Request (VolumesAssistedSnapshotsTest:test_volume_assisted_snapshot_create_delete): 200 GET http://10.180.1.21/compute/v2.1/servers/fe988112-9ee6-4fa7-8914-87119aaa2549 0.251s
2025-11-26 08:24:42.440 61804 INFO tempest.lib.common.rest_client [req-af90148b-289e-4710-b781-26b2372201ef req-af90148b-289e-4710-b781-26b2372201ef ] Request (ServerDiagnosticsTest:test_get_server_diagnostics): 200 GET http://10.180.1.21/compute/v2.1/servers/72dd6ff6-43bb-4b4e-9d3d-7d89ad4d54af 0.388s
2025-11-26 08:24:42.461 61850 INFO tempest.lib.common.rest_client [req-4f049752-e01c-40a9-93a9-bd42befab2ab req-4f049752-e01c-40a9-93a9-bd42befab2ab ] Request (AttachVolumeShelveTestJSON:setUpClass): 201 POST http://10.180.1.21/identity/v3/auth/tokens 0.114s
2025-11-26 08:24:42.540 61836 INFO tempest.lib.common.rest_client [req-f7480cb4-fb52-4db0-b981-cf346137638a req-f7480cb4-fb52-4db0-b981-cf346137638a ] Request (AttachInterfacesV270Test:test_create_get_list_interfaces): 200 GET http://10.180.1.21/compute/v2.1/servers/9cb4ec1b-e422-491d-8ee9-0103c740ea5b 0.425s
2025-11-26 08:24:42.542 61806 INFO tempest.lib.common.rest_client [req-33083288-6e91-4d04-b2e5-bd14f2c62ed7 req-33083288-6e91-4d04-b2e5-bd14f2c62ed7 ] Request (VolumesAdminNegativeTest:test_update_attached_volume_with_nonexistent_volume_in_uri): 200 GET http://10.180.1.21/compute/v2.1/servers/f63a7f37-09ac-4fe8-a1a3-7e13eb158526 0.276s
2025-11-26 08:24:42.596 61852 INFO tempest.lib.common.rest_client [req-2d5d991f-404f-4608-baac-26cf4fa92871 req-2d5d991f-404f-4608-baac-26cf4fa92871 ] Request (ServersAdmin275Test:test_rebuild_update_server_275): 200 GET http://10.180.1.21/compute/v2.1/servers/f42d10b1-6733-4c39-9230-fd41dd82bb20 0.258s
2025-11-26 08:24:42.638 61856 INFO tempest.lib.common.rest_client [req-38dd5b01-4bfc-47f4-b2d9-97f6fccba278 req-38dd5b01-4bfc-47f4-b2d9-97f6fccba278 ] Request (ServerMetadataNegativeTestJSON:setUpClass): 200 GET http://10.180.1.21/compute/v2.1/servers/4c70f154-7d65-4cea-ad90-8626f58b70f5 0.305s
2025-11-26 08:24:42.644 61854 INFO tempest.lib.common.rest_client [req-d6d557ab-6226-4f9b-ba05-07383588ae61 req-d6d557ab-6226-4f9b-ba05-07383588ae61 ] Request (ServersNegativeTestJSON:setUpClass): 200 GET http://10.180.1.21/compute/v2.1/servers/0d55fe3b-3a7e-493d-b705-10241a2ac392 0.247s
2025-11-26 08:24:42.748 61850 INFO tempest.lib.common.rest_client [req-7350fe17-9d1a-43c9-a506-c2e089517a80 req-7350fe17-9d1a-43c9-a506-c2e089517a80 ] Request (ValidationResourcesFixture:setUp): 201 POST http://10.180.1.21/compute/v2.1/os-keypairs 0.285s
2025-11-26 08:24:42.798 61816 INFO tempest.lib.common.rest_client [req-47dd3779-278f-4f13-8a22-8e79f7be24ee req-47dd3779-278f-4f13-8a22-8e79f7be24ee ] Request (ServersAdminTestJSON:setUpClass): 200 GET http://10.180.1.21/compute/v2.1/servers/a9cca36b-ee0e-42b3-9c26-61c9b0715312 0.354s
2025-11-26 08:24:42.813 61818 INFO tempest.lib.common.rest_client [req-4efec1db-cb8e-4695-b6e2-be6a2f0d376d req-4efec1db-cb8e-4695-b6e2-be6a2f0d376d ] Request (ServersTestFqdnHostnames:test_create_server_with_fqdn_name): 200 GET http://10.180.1.21/compute/v2.1/servers/3d0bfbba-2fec-4063-91f3-3152b3ea537e 0.346s
2025-11-26 08:24:42.845 61808 INFO tempest.lib.common.rest_client [req-3ab7ec94-b2e9-4568-af1e-3570c65383b9 req-3ab7ec94-b2e9-4568-af1e-3570c65383b9 ] Request (ServersWithSpecificFlavorTestJSON:test_verify_created_server_ephemeral_disk): 200 GET http://10.180.1.21/compute/v2.1/servers/91def60e-ad74-435f-a006-eb5672928010 0.350s
2025-11-26 08:24:42.873 61850 INFO tempest.lib.common.rest_client [req-839037af-a700-487f-b157-ed193be572ca req-839037af-a700-487f-b157-ed193be572ca ] Request (ValidationResourcesFixture:setUp): 201 POST http://10.180.1.21:9696/networking/v2.0/security-groups 0.123s
2025-11-26 08:24:42.878 61814 INFO tempest.lib.common.rest_client [req-ce9a91cf-dac8-4c8b-aad5-fa2884c05b9d req-ce9a91cf-dac8-4c8b-aad5-fa2884c05b9d ] Request (ServersV294TestFqdnHostnames:setUpClass): 200 GET http://10.180.1.21/compute/v2.1/servers/12a02fd4-ae5d-4e7f-96e1-27d50d54bc24 0.341s
2025-11-26 08:24:42.892 61848 INFO tempest.lib.common.rest_client [req-2e151443-9ac3-4442-b739-a1779cc5ed93 req-2e151443-9ac3-4442-b739-a1779cc5ed93 ] Request (InstanceActionsNegativeTestJSON:setUpClass): 200 GET http://10.180.1.21/compute/v2.1/servers/37256e1b-8191-4bee-a3c3-dd31c99d9301 0.305s
2025-11-26 08:24:42.944 61812 INFO tempest.lib.common.rest_client [req-6b5efb3d-9264-47e0-923f-d0a1fcb42b25 req-6b5efb3d-9264-47e0-923f-d0a1fcb42b25 ] Request (MigrationsAdminTest:test_list_migrations_in_flavor_resize_situation): 200 GET http://10.180.1.21/compute/v2.1/servers/8c57d493-12c4-47fe-a355-c9ade98b7158 0.255s
2025-11-26 08:24:43.017 61842 INFO tempest.lib.common.rest_client [req-496c8101-5192-46bd-82ff-1680f5ac690d req-496c8101-5192-46bd-82ff-1680f5ac690d ] Request (FloatingIPsAssociationNegativeTestJSON:setUpClass): 200 GET http://10.180.1.21/compute/v2.1/servers/933ffe74-6883-4676-9be8-f12e45be35e0 0.378s
2025-11-26 08:24:43.024 61850 INFO tempest.lib.common.rest_client [req-b88f5549-7d6e-4dfb-90d1-1a943b482c85 req-b88f5549-7d6e-4dfb-90d1-1a943b482c85 ] Request (ValidationResourcesFixture:setUp): 201 POST http://10.180.1.21:9696/networking/v2.0/security-group-rules 0.150s
2025-11-26 08:24:43.081 61824 INFO tempest.lib.common.rest_client [req-4933b430-4500-4c94-b0e8-b8507b1bf010 req-4933b430-4500-4c94-b0e8-b8507b1bf010 ] Request (ListServerFiltersTestJSON:setUpClass): 200 GET http://10.180.1.21/compute/v2.1/servers/549dbec8-1008-4930-8e2d-97cd11cfa45f 0.245s
2025-11-26 08:24:43.093 61864 INFO tempest.lib.common.rest_client [req-399b80da-a951-4ac0-959f-8cda6b65b5d4 req-399b80da-a951-4ac0-959f-8cda6b65b5d4 ] Request (ImagesOneServerTestJSON:setUpClass): 200 GET http://10.180.1.21/compute/v2.1/servers/c445065e-68e5-4dda-ba5d-314dc2da12cf 0.283s
2025-11-26 08:24:43.134 61850 INFO tempest.lib.common.rest_client [req-6bf3955c-f087-48ec-99e3-7e66401b1254 req-6bf3955c-f087-48ec-99e3-7e66401b1254 ] Request (ValidationResourcesFixture:setUp): 201 POST http://10.180.1.21:9696/networking/v2.0/security-group-rules 0.110s
2025-11-26 08:24:43.140 61846 INFO tempest.lib.common.rest_client [req-46a0ece4-5cde-4220-88bc-2af93824e3d2 req-46a0ece4-5cde-4220-88bc-2af93824e3d2 ] Request (ServerDiagnosticsV248Test:test_get_server_diagnostics): 200 GET http://10.180.1.21/compute/v2.1/servers/fbd512f6-5c22-4a40-846c-0fece5ee7bcb 0.227s
2025-11-26 08:24:43.201 61834 INFO tempest.lib.common.rest_client [req-e7b720c8-8f7f-47a7-8a29-42ccebc1d504 req-e7b720c8-8f7f-47a7-8a29-42ccebc1d504 ] Request (DeleteServersTestJSON:test_delete_active_server): 200 GET http://10.180.1.21/compute/v2.1/servers/a8b2d4b2-731f-489a-8b11-c816e6827189 0.230s
2025-11-26 08:24:43.241 61858 INFO tempest.lib.common.rest_client [req-dec1b1c2-2569-4ba3-a8c7-3ef332c7b561 req-dec1b1c2-2569-4ba3-a8c7-3ef332c7b561 ] Request (ImagesTestJSON:test_create_image_from_stopped_server): 200 GET http://10.180.1.21/compute/v2.1/servers/da95334f-ebbf-4a7f-8492-ca310028c4dd 0.298s
2025-11-26 08:24:43.254 61866 INFO tempest.lib.common.rest_client [req-63cca787-3b8a-4127-969e-d2112d5355aa req-63cca787-3b8a-4127-969e-d2112d5355aa ] Request (ServerMetadataTestJSON:setUpClass): 200 GET http://10.180.1.21/compute/v2.1/servers/65a29af2-4c3b-4556-ae95-adab1fa7aad4 0.254s
2025-11-26 08:24:43.295 61832 INFO tempest.lib.common.rest_client [req-e4353ba8-ffd4-4234-8eca-cc8194b07e57 req-e4353ba8-ffd4-4234-8eca-cc8194b07e57 ] Request (SecurityGroupsTestJSON:test_list_security_groups_by_server): 200 GET http://10.180.1.21/compute/v2.1/servers/3fb9b32d-193f-4968-8783-54d25253f94f 0.256s
2025-11-26 08:24:43.313 61810 INFO tempest.lib.common.rest_client [req-582eca9e-5e0e-443d-a0d7-56c489830616 req-582eca9e-5e0e-443d-a0d7-56c489830616 ] Request (DeleteServersAdminTestJSON:test_delete_server_while_in_error_state): 200 GET http://10.180.1.21/compute/v2.1/servers/338e2879-7dbe-4334-80da-4bbc1a071aa8 0.212s
2025-11-26 08:24:43.360 61838 INFO tempest.lib.common.rest_client [req-4b7320a7-22c8-40d7-9025-7249e2998086 req-4b7320a7-22c8-40d7-9025-7249e2998086 ] Request (ServerActionsV293TestJSON:setUpClass): 200 GET http://10.180.1.21/compute/v2.1/servers/12cd88c0-09c1-42de-8fdd-03139718ca17 0.185s
2025-11-26 08:24:43.364 61830 INFO tempest.lib.common.rest_client [req-c202b23a-f77e-4d35-94b5-dcf55751f3d4 req-c202b23a-f77e-4d35-94b5-dcf55751f3d4 ] Request (ListServersNegativeTestJSON:setUpClass): 200 GET http://10.180.1.21/compute/v2.1/servers/02a2cbdf-c522-4ba5-9914-ccf1c51e0130 0.137s
2025-11-26 08:24:43.412 61862 INFO tempest.lib.common.rest_client [req-41a9128d-2eca-4c5a-bdb9-0a2f511f2b55 req-41a9128d-2eca-4c5a-bdb9-0a2f511f2b55 ] Request (ServerExternalEventsTest:test_create_server_external_events): 200 GET http://10.180.1.21/compute/v2.1/servers/413e21a0-5b33-44d1-9964-82e3da294808 0.174s
2025-11-26 08:24:43.421 61860 INFO tempest.lib.common.rest_client [req-9b8fe80f-cacb-4d51-9ba0-d9227030f808 req-9b8fe80f-cacb-4d51-9ba0-d9227030f808 ] Request (ServerActionsTestOtherA:setUpClass): 200 GET http://10.180.1.21/compute/v2.1/servers/79b5dc73-2168-46b5-8045-13e92666a69a 0.138s
2025-11-26 08:24:43.461 61820 INFO tempest.lib.common.rest_client [req-b377a923-d013-4b45-9e55-02596aa3e05b req-b377a923-d013-4b45-9e55-02596aa3e05b ] Request (ServerAddressesNegativeTestJSON:setUpClass): 200 GET http://10.180.1.21/compute/v2.1/servers/643dbc96-7e32-4442-ab44-cbd74b0ffd72 0.156s
2025-11-26 08:24:43.478 61844 INFO tempest.lib.common.rest_client [req-4071ec53-9160-4e23-bc5c-9e7c16620ece req-4071ec53-9160-4e23-bc5c-9e7c16620ece ] Request (VolumesAssistedSnapshotsTest:test_volume_assisted_snapshot_create_delete): 200 GET http://10.180.1.21/compute/v2.1/servers/fe988112-9ee6-4fa7-8914-87119aaa2549 0.106s
2025-11-26 08:24:43.557 61804 INFO tempest.lib.common.rest_client [req-df348033-1d9a-4fc3-8e60-3f1b9317e1d0 req-df348033-1d9a-4fc3-8e60-3f1b9317e1d0 ] Request (ServerDiagnosticsTest:test_get_server_diagnostics): 200 GET http://10.180.1.21/compute/v2.1/servers/72dd6ff6-43bb-4b4e-9d3d-7d89ad4d54af 0.110s
2025-11-26 08:24:43.655 61806 INFO tempest.lib.common.rest_client [req-c6be9ff7-531e-4d52-8930-e3aea15bfb32 req-c6be9ff7-531e-4d52-8930-e3aea15bfb32 ] Request (VolumesAdminNegativeTest:test_update_attached_volume_with_nonexistent_volume_in_uri): 200 GET http://10.180.1.21/compute/v2.1/servers/f63a7f37-09ac-4fe8-a1a3-7e13eb158526 0.103s
2025-11-26 08:24:43.708 61852 INFO tempest.lib.common.rest_client [req-0c373710-bbe6-42ad-ae18-02d9c9c912b9 req-0c373710-bbe6-42ad-ae18-02d9c9c912b9 ] Request (ServersAdmin275Test:test_rebuild_update_server_275): 200 GET http://10.180.1.21/compute/v2.1/servers/f42d10b1-6733-4c39-9230-fd41dd82bb20 0.103s
2025-11-26 08:24:43.738 61850 INFO tempest.lib.common.rest_client [req-95fa4b0e-653c-4ac1-a6ca-5d6af9cd93f8 req-95fa4b0e-653c-4ac1-a6ca-5d6af9cd93f8 ] Request (ValidationResourcesFixture:setUp): 201 POST http://10.180.1.21:9696/networking/v2.0/floatingips 0.604s
2025-11-26 08:24:43.777 61850 INFO tempest.lib.common.rest_client [req-82e0c810-c127-416f-aab7-70fcee50bf83 req-82e0c810-c127-416f-aab7-70fcee50bf83 ] Request (AttachVolumeShelveTestJSON:test_attach_volume_shelved_or_offload_server): 201 POST http://10.180.1.21/identity/v3/auth/tokens 0.034s
2025-11-26 08:24:43.777 61850 INFO tempest.lib.common.fixed_network [-] (AttachVolumeShelveTestJSON:test_attach_volume_shelved_or_offload_server) Found network {'id': '4884c726-4c32-4eb5-8f19-7ce926c511ad', 'name': 'tempest-AttachVolumeShelveTestJSON-1948393391-network', 'tenant_id': 'de5ad5b083124bcab1da2e5a2ae152c9', 'admin_state_up': True, 'mtu': 8950, 'status': 'ACTIVE', 'subnets': [], 'shared': False, 'project_id': 'de5ad5b083124bcab1da2e5a2ae152c9', 'port_security_enabled': True, 'router:external': False, 'provider:network_type': 'vlan', 'provider:physical_network': 'default', 'provider:segmentation_id': 48, 'is_default': False, 'availability_zone_hints': [], 'availability_zones': [], 'ipv4_address_scope': None, 'ipv6_address_scope': None, 'description': '', 'tags': [], 'created_at': '2025-11-26T08:24:39Z', 'updated_at': '2025-11-26T08:24:39Z', 'revision_number': 1} available for tenant
2025-11-26 08:24:43.781 61836 INFO tempest.lib.common.rest_client [req-702085ca-2522-4b27-b18b-aaf47a036ef4 req-702085ca-2522-4b27-b18b-aaf47a036ef4 ] Request (AttachInterfacesV270Test:test_create_get_list_interfaces): 200 GET http://10.180.1.21/compute/v2.1/servers/9cb4ec1b-e422-491d-8ee9-0103c740ea5b 0.231s
2025-11-26 08:24:43.837 61854 INFO tempest.lib.common.rest_client [req-b28b3234-3543-470b-9245-dfa084526860 req-b28b3234-3543-470b-9245-dfa084526860 ] Request (ServersNegativeTestJSON:setUpClass): 200 GET http://10.180.1.21/compute/v2.1/servers/0d55fe3b-3a7e-493d-b705-10241a2ac392 0.185s
