2025-11-26 09:09:47.490 63014 INFO tempest.lib.common.rest_client [req-5a932e0b-1ead-470e-8e99-21fdfc7928b5 req-5a932e0b-1ead-470e-8e99-21fdfc7928b5 ] Request (ImagesNegativeTestJSON:setUpClass): 204 PUT http://10.180.1.21/identity/v3/projects/e090f6e3fd264211b21d6d8407d12cc7/users/c450a138dff9420583e79af30b0cfeee/roles/158df4edcbef4754b1f42013283b0de3 0.029s
2025-11-26 09:09:47.490 63014 INFO tempest.lib.common.dynamic_creds [-] Dynamic test user c450a138dff9420583e79af30b0cfeee is created with scope project and roles: ['member']
2025-11-26 09:09:47.490 63014 INFO tempest.lib.common.dynamic_creds [-] Acquired dynamic creds: credentials: Credentials: {'domain_id': 'default', 'domain_name': 'Default', 'username': 'tempest-ImagesNegativeTestJSON-1262021261-project-member', 'project_domain_id': 'default', 'project_domain_name': 'Default', 'project_id': 'e090f6e3fd264211b21d6d8407d12cc7', 'project_name': 'tempest-ImagesNegativeTestJSON-1262021261', 'tenant_id': 'e090f6e3fd264211b21d6d8407d12cc7', 'tenant_name': 'tempest-ImagesNegativeTestJSON-1262021261', 'user_domain_id': 'default', 'user_domain_name': 'Default', 'user_id': 'c450a138dff9420583e79af30b0cfeee', 'system': None}, Network: None, Subnet: None, Router: None
2025-11-26 09:09:47.545 63048 INFO tempest.lib.common.rest_client [req-c2b80093-fea7-47c8-8579-09c52d2e5044 req-c2b80093-fea7-47c8-8579-09c52d2e5044 ] Request (TenantUsagesNegativeTestJSON:setUpClass): 200 GET http://10.180.1.21/identity/v3/domains?name=Default 0.076s
2025-11-26 09:09:47.560 63014 INFO tempest.lib.common.rest_client [req-ff465355-d536-4bcc-b277-ea4e68441c24 req-ff465355-d536-4bcc-b277-ea4e68441c24 ] Request (ImagesNegativeTestJSON:setUpClass): 201 POST http://10.180.1.21/identity/v3/auth/tokens 0.069s
2025-11-26 09:09:47.581 63048 INFO tempest.lib.common.rest_client [req-61a83484-dc20-48d5-b8aa-1498dc38cc31 req-61a83484-dc20-48d5-b8aa-1498dc38cc31 ] Request (TenantUsagesNegativeTestJSON:setUpClass): 201 POST http://10.180.1.21/identity/v3/projects 0.035s
2025-11-26 09:09:47.652 63048 INFO tempest.lib.common.rest_client [req-c8959d60-c1a6-4f10-8bd1-0c1ecd6d32cd req-c8959d60-c1a6-4f10-8bd1-0c1ecd6d32cd ] Request (TenantUsagesNegativeTestJSON:setUpClass): 201 POST http://10.180.1.21/identity/v3/users 0.070s
2025-11-26 09:09:47.674 63048 INFO tempest.lib.common.rest_client [req-965bcc41-9076-4e9c-82b3-316c9ffd03a9 req-965bcc41-9076-4e9c-82b3-316c9ffd03a9 ] Request (TenantUsagesNegativeTestJSON:setUpClass): 200 GET http://10.180.1.21/identity/v3/roles 0.022s
2025-11-26 09:09:47.714 63048 INFO tempest.lib.common.rest_client [req-231cca66-b9ff-43b2-a39f-19bd521159d5 req-231cca66-b9ff-43b2-a39f-19bd521159d5 ] Request (TenantUsagesNegativeTestJSON:setUpClass): 204 PUT http://10.180.1.21/identity/v3/projects/78491a1468e340919ec20ead05fd5062/users/e6d13c3be01b4f1fb46975b67653d8ac/roles/158df4edcbef4754b1f42013283b0de3 0.039s
2025-11-26 09:09:47.714 63048 INFO tempest.lib.common.dynamic_creds [-] Dynamic test user e6d13c3be01b4f1fb46975b67653d8ac is created with scope project and roles: ['member']
2025-11-26 09:09:47.714 63048 INFO tempest.lib.common.dynamic_creds [-] Acquired dynamic creds: credentials: Credentials: {'domain_id': 'default', 'domain_name': 'Default', 'username': 'tempest-TenantUsagesNegativeTestJSON-1372902921-project-member', 'project_domain_id': 'default', 'project_domain_name': 'Default', 'project_id': '78491a1468e340919ec20ead05fd5062', 'project_name': 'tempest-TenantUsagesNegativeTestJSON-1372902921', 'tenant_id': '78491a1468e340919ec20ead05fd5062', 'tenant_name': 'tempest-TenantUsagesNegativeTestJSON-1372902921', 'user_domain_id': 'default', 'user_domain_name': 'Default', 'user_id': 'e6d13c3be01b4f1fb46975b67653d8ac', 'system': None}, Network: None, Subnet: None, Router: None
2025-11-26 09:09:47.715 63048 INFO tempest.lib.common.dynamic_creds [-] Created isolated network resources for: credentials: Credentials: {'domain_id': 'default', 'domain_name': 'Default', 'username': 'tempest-TenantUsagesNegativeTestJSON-1372902921-project-member', 'project_domain_id': 'default', 'project_domain_name': 'Default', 'project_id': '78491a1468e340919ec20ead05fd5062', 'project_name': 'tempest-TenantUsagesNegativeTestJSON-1372902921', 'tenant_id': '78491a1468e340919ec20ead05fd5062', 'tenant_name': 'tempest-TenantUsagesNegativeTestJSON-1372902921', 'user_domain_id': 'default', 'user_domain_name': 'Default', 'user_id': 'e6d13c3be01b4f1fb46975b67653d8ac', 'system': None}, Network: None, Subnet: None, Router: None
2025-11-26 09:09:47.750 63012 INFO tempest.lib.common.rest_client [req-1ec4c0c0-44cd-47fd-9690-e8d3fa113d62 req-1ec4c0c0-44cd-47fd-9690-e8d3fa113d62 ] Request (ServerDiagnosticsNegativeTest:test_get_server_diagnostics_by_non_admin): 200 GET http://10.180.1.21/compute/v2.1/servers/1ffe728f-e01d-4fbc-9e67-1c4868bae8e5 2.384s
2025-11-26 09:09:47.788 63060 INFO tempest.lib.common.rest_client [req-c39bfa3a-7acc-42ba-ad13-2ac6f6d78641 req-c39bfa3a-7acc-42ba-ad13-2ac6f6d78641 ] Request (ServersWithSpecificFlavorTestJSON:test_verify_created_server_ephemeral_disk): 200 POST http://10.180.1.21/compute/v2.1/flavors/1014551081/os-extra_specs 2.349s
2025-11-26 09:09:47.820 63056 INFO tempest.lib.common.rest_client [req-4440d1b5-84ba-4b29-8bb1-155aee12475c req-4440d1b5-84ba-4b29-8bb1-155aee12475c ] Request (ServersTestManualDisk:setUpClass): 201 POST http://10.180.1.21:9696/networking/v2.0/networks 1.324s
2025-11-26 09:09:47.832 63048 INFO tempest.lib.common.rest_client [req-641e7788-214a-4ba6-bc25-e5c80596b71c req-641e7788-214a-4ba6-bc25-e5c80596b71c ] Request (TenantUsagesNegativeTestJSON:setUpClass): 201 POST http://10.180.1.21/identity/v3/auth/tokens 0.113s
2025-11-26 09:09:47.843 63030 INFO tempest.lib.common.rest_client [req-332766ff-92a3-45e2-8acf-611c17e83774 req-332766ff-92a3-45e2-8acf-611c17e83774 ] Request (HypervisorAdminTestJSON:tearDownClass): 200 GET http://10.180.1.21:9696/networking/v2.0/security-groups?tenant_id=a5cf2a0909bb4e2e94ddf7ab3785bcfd&name=default 0.807s
2025-11-26 09:09:47.938 63048 INFO tempest.lib.common.rest_client [req-a70996c6-f2a9-42d7-bbaa-b858e4c7c75b req-a70996c6-f2a9-42d7-bbaa-b858e4c7c75b ] Request (TenantUsagesNegativeTestJSON:setUpClass): 201 POST http://10.180.1.21/identity/v3/projects 0.106s
2025-11-26 09:09:47.965 63006 INFO tempest.lib.common.rest_client [req-f06eb264-f37f-4e3a-8987-ea1825a186dd req-f06eb264-f37f-4e3a-8987-ea1825a186dd ] Request (FlavorsExtraSpecsTestJSON:test_flavor_set_get_update_show_unset_keys): 200 PUT http://10.180.1.21/compute/v2.1/flavors/440644994/os-extra_specs/hw:numa_nodes 1.974s
2025-11-26 09:09:48.038 63048 INFO tempest.lib.common.rest_client [req-8a16eb73-d16c-4877-b010-6eed29799b43 req-8a16eb73-d16c-4877-b010-6eed29799b43 ] Request (TenantUsagesNegativeTestJSON:setUpClass): 201 POST http://10.180.1.21/identity/v3/users 0.099s
2025-11-26 09:09:48.075 63048 INFO tempest.lib.common.rest_client [req-a8efbcdd-b9ae-4c60-aad2-df05ee742b5b req-a8efbcdd-b9ae-4c60-aad2-df05ee742b5b ] Request (TenantUsagesNegativeTestJSON:setUpClass): 200 GET http://10.180.1.21/identity/v3/roles 0.036s
2025-11-26 09:09:48.107 63038 INFO tempest.lib.common.rest_client [req-29a65f6e-acd0-41a8-a9be-520d6db552b0 req-29a65f6e-acd0-41a8-a9be-520d6db552b0 ] Request (VolumesAssistedSnapshotsTest:setUpClass): 201 POST http://10.180.1.21:9696/networking/v2.0/networks 1.111s
2025-11-26 09:09:48.136 63048 INFO tempest.lib.common.rest_client [req-429e020f-8e93-4544-a73e-48ddc568099f req-429e020f-8e93-4544-a73e-48ddc568099f ] Request (TenantUsagesNegativeTestJSON:setUpClass): 204 PUT http://10.180.1.21/identity/v3/projects/3f2db70b1cee4d06a820251cdae36ee6/users/5148c183207b45c586dc7bc32ebdc5c0/roles/2f148c2f5909471b85ae18f10aec54ce 0.061s
2025-11-26 09:09:48.205 63058 INFO tempest.lib.common.rest_client [req-781938f8-0db5-4309-aab1-90f1d11758e4 req-781938f8-0db5-4309-aab1-90f1d11758e4 ] Request (SecurityGroupRulesTestJSON:setUpClass): 201 POST http://10.180.1.21:9696/networking/v2.0/routers 4.498s
2025-11-26 09:09:48.213 63048 INFO tempest.lib.common.rest_client [req-1615ae5c-862a-4f0c-b960-cb401645a916 req-1615ae5c-862a-4f0c-b960-cb401645a916 ] Request (TenantUsagesNegativeTestJSON:setUpClass): 200 GET http://10.180.1.21/identity/v3/roles 0.076s
2025-11-26 09:09:48.235 63048 INFO tempest.lib.common.rest_client [req-fb4746dc-4803-4794-8681-99a0d5c4f7e2 req-fb4746dc-4803-4794-8681-99a0d5c4f7e2 ] Request (TenantUsagesNegativeTestJSON:setUpClass): 204 PUT http://10.180.1.21/identity/v3/projects/3f2db70b1cee4d06a820251cdae36ee6/users/5148c183207b45c586dc7bc32ebdc5c0/roles/2f148c2f5909471b85ae18f10aec54ce 0.021s
2025-11-26 09:09:48.235 63048 INFO tempest.lib.common.dynamic_creds [-] Dynamic test user 5148c183207b45c586dc7bc32ebdc5c0 is created with scope project and roles: ['admin']
2025-11-26 09:09:48.235 63048 INFO tempest.lib.common.dynamic_creds [-] Acquired dynamic creds: credentials: Credentials: {'domain_id': 'default', 'domain_name': 'Default', 'username': 'tempest-TenantUsagesNegativeTestJSON-1054650147-project-admin', 'project_domain_id': 'default', 'project_domain_name': 'Default', 'project_id': '3f2db70b1cee4d06a820251cdae36ee6', 'project_name': 'tempest-TenantUsagesNegativeTestJSON-1054650147', 'tenant_id': '3f2db70b1cee4d06a820251cdae36ee6', 'tenant_name': 'tempest-TenantUsagesNegativeTestJSON-1054650147', 'user_domain_id': 'default', 'user_domain_name': 'Default', 'user_id': '5148c183207b45c586dc7bc32ebdc5c0', 'system': None}, Network: None, Subnet: None, Router: None
2025-11-26 09:09:48.236 63048 INFO tempest.lib.common.dynamic_creds [-] Created isolated network resources for: credentials: Credentials: {'domain_id': 'default', 'domain_name': 'Default', 'username': 'tempest-TenantUsagesNegativeTestJSON-1054650147-project-admin', 'project_domain_id': 'default', 'project_domain_name': 'Default', 'project_id': '3f2db70b1cee4d06a820251cdae36ee6', 'project_name': 'tempest-TenantUsagesNegativeTestJSON-1054650147', 'tenant_id': '3f2db70b1cee4d06a820251cdae36ee6', 'tenant_name': 'tempest-TenantUsagesNegativeTestJSON-1054650147', 'user_domain_id': 'default', 'user_domain_name': 'Default', 'user_id': '5148c183207b45c586dc7bc32ebdc5c0', 'system': None}, Network: None, Subnet: None, Router: None
2025-11-26 09:09:48.245 63020 INFO tempest.lib.common.rest_client [req-97036a29-1790-42c1-bdcd-dbb6ff737559 req-97036a29-1790-42c1-bdcd-dbb6ff737559 ] Request (ServersAdminTestJSON:setUpClass): 202 POST http://10.180.1.21/compute/v2.1/servers 3.728s
2025-11-26 09:09:48.269 63000 INFO tempest.lib.common.rest_client [req-0c4b4085-b78e-4feb-8d8a-0d503a47cd41 req-0c4b4085-b78e-4feb-8d8a-0d503a47cd41 ] Request (FlavorsV255TestJSON:_run_cleanups): 202 DELETE http://10.180.1.21/compute/v2.1/flavors/1865387147 2.237s
2025-11-26 09:09:48.285 63030 INFO tempest.lib.common.rest_client [req-2bd6e0ee-c382-4284-ac5b-8fdb839c5085 req-2bd6e0ee-c382-4284-ac5b-8fdb839c5085 ] Request (HypervisorAdminTestJSON:tearDownClass): 204 DELETE http://10.180.1.21:9696/networking/v2.0/security-groups/ad81a2c7-aad7-4518-8576-cecc66dfe8cf 0.442s
2025-11-26 09:09:48.309 63027 INFO tempest.lib.common.rest_client [req-6e63a53b-5b05-40ef-8017-c60af79853e8 req-6e63a53b-5b05-40ef-8017-c60af79853e8 ] Request (KeyPairsV210TestJSON:test_admin_manage_keypairs_for_other_users): 201 POST http://10.180.1.21/compute/v2.1/os-keypairs 2.261s
2025-11-26 09:09:48.335 63022 INFO tempest.lib.common.rest_client [req-35d9df31-65b4-44ea-a06a-9dbc1286f00f req-35d9df31-65b4-44ea-a06a-9dbc1286f00f ] Request (HostsAdminTestJSON:test_show_host_detail): 200 GET http://10.180.1.21/compute/v2.1/os-hosts 2.084s
2025-11-26 09:09:48.351 63032 INFO tempest.lib.common.rest_client [req-b98af0f5-7e69-4207-b31b-cfd81ee64716 req-b98af0f5-7e69-4207-b31b-cfd81ee64716 ] Request (QuotasAdminNegativeTest:test_create_server_when_cpu_quota_is_full): 200 GET http://10.180.1.21/compute/v2.1/os-quota-sets/24acee67cd004d63904f1dfc504b048e 2.336s
2025-11-26 09:09:48.351 63048 INFO tempest.lib.common.rest_client [req-1df7f75c-83f6-499c-99d4-7c6856a62113 req-1df7f75c-83f6-499c-99d4-7c6856a62113 ] Request (TenantUsagesNegativeTestJSON:setUpClass): 201 POST http://10.180.1.21/identity/v3/auth/tokens 0.113s
2025-11-26 09:09:48.385 63002 INFO tempest.lib.common.rest_client [req-a79380b4-3b61-4dd2-9634-07923656cc6c req-a79380b4-3b61-4dd2-9634-07923656cc6c ] Request (AggregatesAdminNegativeTestJSON:_run_cleanups): 200 DELETE http://10.180.1.21/compute/v2.1/os-aggregates/2 1.944s
2025-11-26 09:09:48.417 63052 INFO tempest.lib.common.rest_client [req-43fda808-c031-4a5b-9642-cb7b62715e70 req-43fda808-c031-4a5b-9642-cb7b62715e70 ] Request (FlavorsAccessTestJSON:_run_cleanups): 202 DELETE http://10.180.1.21/compute/v2.1/flavors/1183734228 1.960s
2025-11-26 09:09:48.456 63020 INFO tempest.lib.common.rest_client [req-94d33b5d-229a-45a4-abb1-397b21d7921a req-94d33b5d-229a-45a4-abb1-397b21d7921a ] Request (ServersAdminTestJSON:setUpClass): 201 POST http://10.180.1.21/identity/v3/auth/tokens 0.202s
2025-11-26 09:09:48.457 63020 INFO tempest.lib.common.fixed_network [-] (ServersAdminTestJSON:setUpClass) Found network {'id': 'c89e14b4-fff7-48e0-8a8c-29a838c3b6aa', 'name': 'tempest-ServersAdminTestJSON-1735078311-network', 'tenant_id': 'cf705f506bcc4409881416d80a745afc', 'admin_state_up': True, 'mtu': 8950, 'status': 'ACTIVE', 'subnets': [], 'shared': False, 'project_id': 'cf705f506bcc4409881416d80a745afc', 'port_security_enabled': True, 'router:external': False, 'provider:network_type': 'vlan', 'provider:physical_network': 'default', 'provider:segmentation_id': 203, 'is_default': False, 'availability_zone_hints': [], 'availability_zones': [], 'ipv4_address_scope': None, 'ipv6_address_scope': None, 'description': '', 'tags': [], 'created_at': '2025-11-26T09:09:28Z', 'updated_at': '2025-11-26T09:09:29Z', 'revision_number': 1} available for tenant
2025-11-26 09:09:48.461 63010 INFO tempest.lib.common.rest_client [req-326237fb-2acd-472d-b064-54ef4969d3a7 req-326237fb-2acd-472d-b064-54ef4969d3a7 ] Request (ListImageFiltersTestJSON:setUpClass): 200 GET http://10.180.1.21/compute/v2.1/images/23c2dc6f-31ab-4813-8d52-1ea1ccc6d872 1.960s
2025-11-26 09:09:48.538 63030 INFO tempest.lib.common.rest_client [req-465e4c72-b53d-4e4c-8fc0-3b2eaee13627 req-465e4c72-b53d-4e4c-8fc0-3b2eaee13627 ] Request (HypervisorAdminTestJSON:tearDownClass): 204 DELETE http://10.180.1.21/identity/v3/projects/a5cf2a0909bb4e2e94ddf7ab3785bcfd 0.252s
2025-11-26 09:09:48.538 63030 INFO tempest.lib.common.dynamic_creds [-] Deleting project and security group for project: dd43c80d34274bbbb7020aba0c45d170
2025-11-26 09:09:48.658 63042 INFO tempest.lib.common.rest_client [req-fefa35b0-5240-4135-808a-9242d6bbebc9 req-fefa35b0-5240-4135-808a-9242d6bbebc9 ] Request (FloatingIPsNegativeTestJSON:tearDownClass): 200 PUT http://10.180.1.21:9696/networking/v2.0/routers/7800f915-4238-4953-b0b0-debe50a3237d/remove_router_interface 3.900s
2025-11-26 09:09:48.692 63054 INFO tempest.lib.common.rest_client [req-cb5cbdfc-5f1a-46ae-afcc-c9ca7a767363 req-cb5cbdfc-5f1a-46ae-afcc-c9ca7a767363 ] Request (DeleteServersAdminTestJSON:test_admin_delete_servers_of_others): 200 GET http://10.180.1.21/compute/v2.1/servers/ac0c40c2-2577-4eae-b3af-96d2ceeeb4ce 2.258s
2025-11-26 09:09:48.742 63050 INFO tempest.lib.common.rest_client [req-e0354124-641b-4e1c-aa19-80267ce0ad02 req-e0354124-641b-4e1c-aa19-80267ce0ad02 ] Request (MigrationsAdminTest:test_list_migrations_in_flavor_resize_situation): 200 GET http://10.180.1.21/compute/v2.1/servers/0a718440-a0f8-4614-a9f3-553b2ff2e156 2.225s
2025-11-26 09:09:48.806 63044 INFO tempest.lib.common.rest_client [req-fa96046b-176f-4b6c-9369-a5b136f272b9 req-fa96046b-176f-4b6c-9369-a5b136f272b9 ] Request (FlavorsAdminTestJSON:_run_cleanups): 202 DELETE http://10.180.1.21/compute/v2.1/flavors/108428814 2.108s
2025-11-26 09:09:48.808 63038 INFO tempest.lib.common.rest_client [req-b7ec737c-2915-46d1-bbd4-b7f52a9f3ecc req-b7ec737c-2915-46d1-bbd4-b7f52a9f3ecc ] Request (VolumesAssistedSnapshotsTest:setUpClass): 201 POST http://10.180.1.21:9696/networking/v2.0/subnets 0.700s
2025-11-26 09:09:48.890 63040 INFO tempest.lib.common.rest_client [req-16130e83-c4ef-4180-b7a3-248f1882f208 req-16130e83-c4ef-4180-b7a3-248f1882f208 ] Request (QuotasAdminTestJSON:test_get_default_quotas): 200 GET http://10.180.1.21/compute/v2.1/os-quota-sets/9ff566092c714963a9c009785128d70d/defaults 2.256s
2025-11-26 09:09:48.915 63040 INFO tempest.lib.common.rest_client [req-2edb5d65-65a8-4e09-b5f5-0802eba74e54 req-2edb5d65-65a8-4e09-b5f5-0802eba74e54 ] Request (QuotasAdminTestJSON:test_get_updated_quotas): 200 GET http://10.180.1.21/identity/v3/domains?name=Default 0.022s
2025-11-26 09:09:48.925 63008 INFO tempest.lib.common.rest_client [req-bb72257b-dd58-4e75-98b6-021c47681d6b req-bb72257b-dd58-4e75-98b6-021c47681d6b ] Request (FlavorsAccessNegativeTestJSON:_run_cleanups): 202 DELETE http://10.180.1.21/compute/v2.1/flavors/1129072648 1.928s
2025-11-26 09:09:48.955 63040 INFO tempest.lib.common.rest_client [req-b0226769-2f6d-4995-a2b4-d9fdc51c02df req-b0226769-2f6d-4995-a2b4-d9fdc51c02df ] Request (QuotasAdminTestJSON:test_get_updated_quotas): 201 POST http://10.180.1.21/identity/v3/projects 0.039s
2025-11-26 09:09:48.961 63030 INFO tempest.lib.common.rest_client [req-1c173fc5-977e-4bf3-9ea6-500798bd4fdd req-1c173fc5-977e-4bf3-9ea6-500798bd4fdd ] Request (HypervisorAdminTestJSON:tearDownClass): 200 GET http://10.180.1.21:9696/networking/v2.0/security-groups?tenant_id=dd43c80d34274bbbb7020aba0c45d170&name=default 0.422s
2025-11-26 09:09:48.964 63056 INFO tempest.lib.common.rest_client [req-d70c2cb5-5fb1-4801-9c65-f261cc256b44 req-d70c2cb5-5fb1-4801-9c65-f261cc256b44 ] Request (ServersTestManualDisk:setUpClass): 201 POST http://10.180.1.21:9696/networking/v2.0/subnets 1.141s
2025-11-26 09:09:49.042 63034 INFO tempest.lib.common.rest_client [req-b52bbf68-54b6-4a8f-8ec0-79d833679f4f req-b52bbf68-54b6-4a8f-8ec0-79d833679f4f ] Request (HypervisorAdminV228Test:test_get_list_hypervisor_details): 200 GET http://10.180.1.21/compute/v2.1/os-hypervisors 1.795s
2025-11-26 09:09:49.048 63004 INFO tempest.lib.common.rest_client [req-b31b1f20-64bb-44a5-832c-790cfbeee143 req-b31b1f20-64bb-44a5-832c-790cfbeee143 ] Request (HypervisorAdminNegativeTestJSON:test_show_hypervisor_with_non_admin_user): 403 GET http://10.180.1.21/compute/v2.1/os-hypervisors/1 1.795s
2025-11-26 09:09:49.074 63040 INFO tempest.lib.common.rest_client [req-5d961962-9559-42f6-a320-22173d42aa01 req-5d961962-9559-42f6-a320-22173d42aa01 ] Request (QuotasAdminTestJSON:test_get_updated_quotas): 200 GET http://10.180.1.21/identity/v3/domains?name=Default 0.118s
2025-11-26 09:09:49.077 63014 INFO tempest.lib.common.rest_client [req-a83598e2-5e83-4f1a-9225-07e930443fcf req-a83598e2-5e83-4f1a-9225-07e930443fcf ] Request (ImagesNegativeTestJSON:setUpClass): 201 POST http://10.180.1.21:9696/networking/v2.0/networks 1.516s
2025-11-26 09:09:49.109 63010 INFO tempest.lib.common.rest_client [req-7a97d993-0109-4968-86b0-d078db7de7f3 req-7a97d993-0109-4968-86b0-d078db7de7f3 ] Request (ListImageFiltersTestJSON:setUpClass): 201 POST http://10.180.1.21/image/v2/images 0.643s
2025-11-26 09:09:49.285 63028 INFO tempest.lib.common.rest_client [req-ac06ad21-7d9f-445c-bd74-3a73f27ac29d req-ac06ad21-7d9f-445c-bd74-3a73f27ac29d ] Request (ServerDiagnosticsV248Test:test_get_server_diagnostics): 200 GET http://10.180.1.21/compute/v2.1/servers/4b189162-95ca-4480-82a1-2025371f235a 1.851s
2025-11-26 09:09:49.362 63018 INFO tempest.lib.common.rest_client [req-86a9efd9-a28f-4d66-8e88-bb20cb2d0932 req-86a9efd9-a28f-4d66-8e88-bb20cb2d0932 ] Request (FloatingIPsAssociationNegativeTestJSON:setUpClass): 200 GET http://10.180.1.21/compute/v2.1/servers/736075f4-302b-4b1a-9358-7fe2fb73a36f 2.383s
2025-11-26 09:09:49.425 63060 INFO tempest.lib.common.rest_client [req-39dfff79-128d-4d7e-8e6a-bb553f7e8852 req-39dfff79-128d-4d7e-8e6a-bb553f7e8852 ] Request (ServersWithSpecificFlavorTestJSON:test_verify_created_server_ephemeral_disk): 200 POST http://10.180.1.21/compute/v2.1/flavors 1.635s
2025-11-26 09:09:49.434 63006 INFO tempest.lib.common.rest_client [req-f3537b57-61c4-43ec-b6de-794bda85098c req-f3537b57-61c4-43ec-b6de-794bda85098c ] Request (FlavorsExtraSpecsTestJSON:test_flavor_set_get_update_show_unset_keys): 200 GET http://10.180.1.21/compute/v2.1/flavors/440644994/os-extra_specs 1.468s
2025-11-26 09:09:49.448 63000 INFO tempest.lib.common.rest_client [req-eda075e4-fb47-4ef2-b579-994bc43bce66 req-eda075e4-fb47-4ef2-b579-994bc43bce66 ] Request (FlavorsV255TestJSON:_run_cleanups): 200 GET http://10.180.1.21/compute/v2.1/flavors/detail 1.177s
2025-11-26 09:09:49.459 63027 INFO tempest.lib.common.rest_client [req-92ebdac6-24c9-4f9f-ba64-afccda32bf08 req-92ebdac6-24c9-4f9f-ba64-afccda32bf08 ] Request (KeyPairsV210TestJSON:test_admin_manage_keypairs_for_other_users): 200 GET http://10.180.1.21/compute/v2.1/os-keypairs?user_id=6d8ea07c550b46de987a245d6b9aa1d3 1.148s
2025-11-26 09:09:49.506 63022 INFO tempest.lib.common.rest_client [req-ac115161-1eb1-4033-b4f3-c04e88e34692 req-ac115161-1eb1-4033-b4f3-c04e88e34692 ] Request (HostsAdminTestJSON:test_show_host_detail): 200 GET http://10.180.1.21/compute/v2.1/os-hosts/cpu-1 1.169s
2025-11-26 09:09:49.579 63030 INFO tempest.lib.common.rest_client [req-8ccf9e51-36d4-4bfc-893b-a28df20105d0 req-8ccf9e51-36d4-4bfc-893b-a28df20105d0 ] Request (HypervisorAdminTestJSON:tearDownClass): 204 DELETE http://10.180.1.21:9696/networking/v2.0/security-groups/56b7420e-4fe6-4e15-be80-f529bfc5b5df 0.617s
2025-11-26 09:09:49.622 63000 INFO tempest.lib.common.rest_client [req-e86fa4e1-f6ba-4b35-9277-e6fec32e1b71 req-e86fa4e1-f6ba-4b35-9277-e6fec32e1b71 ] Request (FlavorsV255TestJSON:tearDownClass): 204 DELETE http://10.180.1.21/identity/v3/users/dcc83a43f71545e88f56a3db4647384c 0.157s
2025-11-26 09:09:49.622 63022 INFO tempest.lib.common.rest_client [req-931068d2-0ebb-40c9-ae20-58a2759e6ea9 req-931068d2-0ebb-40c9-ae20-58a2759e6ea9 ] Request (HostsAdminTestJSON:tearDownClass): 204 DELETE http://10.180.1.21/identity/v3/users/bce744cee77343acb0e6f9bf9af1fb8d 0.114s
2025-11-26 09:09:49.744 63000 INFO tempest.lib.common.rest_client [req-e27752b7-4cb3-427b-af6e-d96b324d65cf req-e27752b7-4cb3-427b-af6e-d96b324d65cf ] Request (FlavorsV255TestJSON:tearDownClass): 204 DELETE http://10.180.1.21/identity/v3/users/e426879c7b074d0e8088d1c0d002edb0 0.122s
2025-11-26 09:09:49.744 63000 INFO tempest.lib.common.dynamic_creds [-] Deleting project and security group for project: 8243bc19defa485ebd8694e9f883c440
2025-11-26 09:09:49.744 63030 INFO tempest.lib.common.rest_client [req-9c169e21-2ca9-4b7f-8898-dd68e9938e12 req-9c169e21-2ca9-4b7f-8898-dd68e9938e12 ] Request (HypervisorAdminTestJSON:tearDownClass): 204 DELETE http://10.180.1.21/identity/v3/projects/dd43c80d34274bbbb7020aba0c45d170 0.165s
2025-11-26 09:09:49.759 63016 INFO tempest.lib.common.rest_client [req-e51b1e07-2ace-4dd3-9053-510dd77685c0 req-e51b1e07-2ace-4dd3-9053-510dd77685c0 ] Request (AttachInterfacesUnderV243Test:test_add_remove_fixed_ip): 200 GET http://10.180.1.21/compute/v2.1/servers/318f7880-c500-40b8-9ca1-d8a857b36a88 2.074s
2025-11-26 09:09:49.842 63022 INFO tempest.lib.common.rest_client [req-fd3bc17f-3f5e-40c4-bbde-dc3006dd0e2b req-fd3bc17f-3f5e-40c4-bbde-dc3006dd0e2b ] Request (HostsAdminTestJSON:tearDownClass): 204 DELETE http://10.180.1.21/identity/v3/users/27663353fbbc4883b01c6fcb3de33666 0.220s
2025-11-26 09:09:49.843 63022 INFO tempest.lib.common.dynamic_creds [-] Deleting project and security group for project: 03b6138758b9407e8f313183ca279a30
2025-11-26 09:09:49.900 63000 INFO tempest.lib.common.rest_client [req-4f97c6fe-aa7c-44de-b39f-30aa51e926b4 req-4f97c6fe-aa7c-44de-b39f-30aa51e926b4 ] Request (FlavorsV255TestJSON:tearDownClass): 201 POST http://10.180.1.21/identity/v3/auth/tokens 0.155s
2025-11-26 09:09:49.916 63032 INFO tempest.lib.common.rest_client [req-b40a365c-4e51-4f65-83ba-d5282dbeee1a req-b40a365c-4e51-4f65-83ba-d5282dbeee1a ] Request (QuotasAdminNegativeTest:test_create_server_when_cpu_quota_is_full): 200 PUT http://10.180.1.21/compute/v2.1/os-quota-sets/24acee67cd004d63904f1dfc504b048e 1.562s
2025-11-26 09:09:49.924 63030 INFO tempest.lib.common.rest_client [req-be6cc86f-7a77-4edd-800c-cc7a7bc5fcbf req-be6cc86f-7a77-4edd-800c-cc7a7bc5fcbf ] Request (FloatingIPDetailsTestJSON:setUpClass): 201 POST http://10.180.1.21/identity/v3/auth/tokens 0.177s
2025-11-26 09:09:49.943 63002 INFO tempest.lib.common.rest_client [req-97940c58-e5ea-4b20-b8d1-62c400d068eb req-97940c58-e5ea-4b20-b8d1-62c400d068eb ] Request (AggregatesAdminNegativeTestJSON:test_aggregate_add_non_exist_host): 200 POST http://10.180.1.21/compute/v2.1/os-aggregates 1.554s
2025-11-26 09:09:49.949 63022 INFO tempest.lib.common.rest_client [req-93252069-8151-49af-a0f0-2933d8e6eca4 req-93252069-8151-49af-a0f0-2933d8e6eca4 ] Request (HostsAdminTestJSON:tearDownClass): 201 POST http://10.180.1.21/identity/v3/auth/tokens 0.106s
2025-11-26 09:09:49.960 63052 INFO tempest.lib.common.rest_client [req-65273b66-19ac-4074-a3fb-307656363cfe req-65273b66-19ac-4074-a3fb-307656363cfe ] Request (FlavorsAccessTestJSON:_run_cleanups): 200 GET http://10.180.1.21/compute/v2.1/flavors/detail 1.542s
2025-11-26 09:09:50.029 63048 INFO tempest.lib.common.rest_client [req-c94a1cda-e457-4271-9338-303d28401a7c req-c94a1cda-e457-4271-9338-303d28401a7c ] Request (TenantUsagesNegativeTestJSON:test_get_usage_tenant_with_empty_tenant_id): 404 GET http://10.180.1.21/compute/v2.1/os-simple-tenant-usage/?start=2025-11-25T09%3A09%3A48.352839&end=2025-11-27T09%3A09%3A48.352839 1.675s
2025-11-26 09:09:50.031 63048 WARNING tempest.lib.common.rest_client [-] Deprecated: "tenant_id" property is deprecated for removal, use "project_id" instead
2025-11-26 09:09:50.060 63030 INFO tempest.lib.common.rest_client [req-67ce4549-cb08-475d-8b68-aecff9c637e9 req-67ce4549-cb08-475d-8b68-aecff9c637e9 ] Request (FloatingIPDetailsTestJSON:setUpClass): 201 POST http://10.180.1.21/identity/v3/auth/tokens 0.133s
2025-11-26 09:09:50.097 63032 INFO tempest.lib.common.rest_client [req-769ab1cb-2b9a-4eda-85d5-ca13d4ff777b req-769ab1cb-2b9a-4eda-85d5-ca13d4ff777b ] Request (QuotasAdminNegativeTest:test_create_server_when_cpu_quota_is_full): 201 POST http://10.180.1.21/identity/v3/auth/tokens 0.174s
2025-11-26 09:09:50.098 63032 INFO tempest.lib.common.fixed_network [-] (QuotasAdminNegativeTest:test_create_server_when_cpu_quota_is_full) Found network None available for tenant
2025-11-26 09:09:50.099 63030 INFO tempest.lib.common.rest_client [req-a7d430a3-e127-4f1d-a642-94ad8e31167b req-a7d430a3-e127-4f1d-a642-94ad8e31167b ] Request (FloatingIPDetailsTestJSON:setUpClass): 200 GET http://10.180.1.21/identity/v3/domains?name=Default 0.038s
2025-11-26 09:09:50.130 63030 INFO tempest.lib.common.rest_client [req-ba8708cf-2882-4ab8-8fc7-9e651aab2c14 req-ba8708cf-2882-4ab8-8fc7-9e651aab2c14 ] Request (FloatingIPDetailsTestJSON:setUpClass): 201 POST http://10.180.1.21/identity/v3/projects 0.030s
2025-11-26 09:09:50.208 63030 INFO tempest.lib.common.rest_client [req-18a57b0e-1a64-4c0a-b6bd-f0b736899dc4 req-18a57b0e-1a64-4c0a-b6bd-f0b736899dc4 ] Request (FloatingIPDetailsTestJSON:setUpClass): 201 POST http://10.180.1.21/identity/v3/users 0.077s
2025-11-26 09:09:50.224 63030 INFO tempest.lib.common.rest_client [req-1693ff83-f624-4aa1-bcb3-776b92bce676 req-1693ff83-f624-4aa1-bcb3-776b92bce676 ] Request (FloatingIPDetailsTestJSON:setUpClass): 200 GET http://10.180.1.21/identity/v3/roles 0.016s
2025-11-26 09:09:50.260 63030 INFO tempest.lib.common.rest_client [req-085564fa-1ddd-4230-9eab-b30c9426006c req-085564fa-1ddd-4230-9eab-b30c9426006c ] Request (FloatingIPDetailsTestJSON:setUpClass): 204 PUT http://10.180.1.21/identity/v3/projects/1dc061131aa6400ab281cb0c48164bfe/users/c1c11439c3ed4b0c8396c723f427a598/roles/158df4edcbef4754b1f42013283b0de3 0.036s
2025-11-26 09:09:50.260 63030 INFO tempest.lib.common.dynamic_creds [-] Dynamic test user c1c11439c3ed4b0c8396c723f427a598 is created with scope project and roles: ['member']
2025-11-26 09:09:50.261 63030 INFO tempest.lib.common.dynamic_creds [-] Acquired dynamic creds: credentials: Credentials: {'domain_id': 'default', 'domain_name': 'Default', 'username': 'tempest-FloatingIPDetailsTestJSON-615648429-project-member', 'project_domain_id': 'default', 'project_domain_name': 'Default', 'project_id': '1dc061131aa6400ab281cb0c48164bfe', 'project_name': 'tempest-FloatingIPDetailsTestJSON-615648429', 'tenant_id': '1dc061131aa6400ab281cb0c48164bfe', 'tenant_name': 'tempest-FloatingIPDetailsTestJSON-615648429', 'user_domain_id': 'default', 'user_domain_name': 'Default', 'user_id': 'c1c11439c3ed4b0c8396c723f427a598', 'system': None}, Network: None, Subnet: None, Router: None
2025-11-26 09:09:50.354 63030 INFO tempest.lib.common.rest_client [req-82093adf-4c70-43c5-b205-a54d2b9499a8 req-82093adf-4c70-43c5-b205-a54d2b9499a8 ] Request (FloatingIPDetailsTestJSON:setUpClass): 201 POST http://10.180.1.21/identity/v3/auth/tokens 0.093s
2025-11-26 09:09:50.361 63014 INFO tempest.lib.common.rest_client [req-d272c9ad-c63e-4895-b390-87866432078e req-d272c9ad-c63e-4895-b390-87866432078e ] Request (ImagesNegativeTestJSON:setUpClass): 201 POST http://10.180.1.21:9696/networking/v2.0/subnets 1.284s
2025-11-26 09:09:50.710 63012 INFO tempest.lib.common.rest_client [req-c3092566-4344-42f9-84d3-e9d9f79f5461 req-c3092566-4344-42f9-84d3-e9d9f79f5461 ] Request (ServerDiagnosticsNegativeTest:test_get_server_diagnostics_by_non_admin): 200 GET http://10.180.1.21/compute/v2.1/servers/1ffe728f-e01d-4fbc-9e67-1c4868bae8e5 1.946s
2025-11-26 09:09:50.729 63044 INFO tempest.lib.common.rest_client [req-24a112d2-ccb8-4e26-a920-1aea0560448d req-24a112d2-ccb8-4e26-a920-1aea0560448d ] Request (FlavorsAdminTestJSON:_run_cleanups): 200 GET http://10.180.1.21/compute/v2.1/flavors/detail 1.922s
2025-11-26 09:09:50.745 63008 INFO tempest.lib.common.rest_client [req-fe2f485f-3f5b-43ef-8514-615e02eca17f req-fe2f485f-3f5b-43ef-8514-615e02eca17f ] Request (FlavorsAccessNegativeTestJSON:_run_cleanups): 200 GET http://10.180.1.21/compute/v2.1/flavors/detail 1.819s
2025-11-26 09:09:50.766 63034 INFO tempest.lib.common.rest_client [req-81c1103b-0d15-4a52-91d3-45faee0a4bb0 req-81c1103b-0d15-4a52-91d3-45faee0a4bb0 ] Request (HypervisorAdminV228Test:test_get_list_hypervisor_details): 200 GET http://10.180.1.21/compute/v2.1/os-hypervisors/1 1.722s
2025-11-26 09:09:50.775 63004 INFO tempest.lib.common.rest_client [req-10bc9b7c-fedc-417c-954b-2aca3588795b req-10bc9b7c-fedc-417c-954b-2aca3588795b ] Request (HypervisorAdminNegativeTestJSON:test_show_nonexistent_hypervisor): 404 GET http://10.180.1.21/compute/v2.1/os-hypervisors/e131b541-4852-446b-8133-86f685e676c2 1.725s
2025-11-26 09:09:50.811 63010 INFO tempest.lib.common.rest_client [req-4b7c4f16-13d5-4cbb-b219-9988544394ab req-4b7c4f16-13d5-4cbb-b219-9988544394ab ] Request (ListImageFiltersTestJSON:setUpClass): 204 PUT http://10.180.1.21/image/v2/images/4bd27750-bc18-44e6-ba33-e071d16c39cc/file 0.701s
2025-11-26 09:09:50.850 63042 INFO tempest.lib.common.rest_client [req-02bf249a-6a5f-4c81-8a92-4cd4d2eb47d2 req-02bf249a-6a5f-4c81-8a92-4cd4d2eb47d2 ] Request (FloatingIPsNegativeTestJSON:tearDownClass): 204 DELETE http://10.180.1.21:9696/networking/v2.0/routers/7800f915-4238-4953-b0b0-debe50a3237d 2.191s
2025-11-26 09:09:50.870 63000 INFO tempest.lib.common.rest_client [req-2b1f2a79-2897-4aff-9fd3-27a135a3daa1 req-2b1f2a79-2897-4aff-9fd3-27a135a3daa1 ] Request (FlavorsV255TestJSON:tearDownClass): 200 GET http://10.180.1.21:9696/networking/v2.0/security-groups?tenant_id=8243bc19defa485ebd8694e9f883c440&name=default 0.969s
2025-11-26 09:09:50.886 63004 INFO tempest.lib.common.rest_client [req-f058da76-1164-4f1a-9130-1e516337e5e0 req-f058da76-1164-4f1a-9130-1e516337e5e0 ] Request (HypervisorAdminNegativeTestJSON:tearDownClass): 204 DELETE http://10.180.1.21/identity/v3/users/e092272948a944d9bb8ebd97d75fdfae 0.109s
2025-11-26 09:09:50.893 63034 INFO tempest.lib.common.rest_client [req-dba41638-3ae5-4067-bd45-434b07cc4ad0 req-dba41638-3ae5-4067-bd45-434b07cc4ad0 ] Request (HypervisorAdminV228Test:tearDownClass): 204 DELETE http://10.180.1.21/identity/v3/users/095b9b0e5d734568ba829cb23e24e41d 0.119s
2025-11-26 09:09:50.899 63022 INFO tempest.lib.common.rest_client [req-0c7094d0-a708-4d59-b041-fa312c78c148 req-0c7094d0-a708-4d59-b041-fa312c78c148 ] Request (HostsAdminTestJSON:tearDownClass): 200 GET http://10.180.1.21:9696/networking/v2.0/security-groups?tenant_id=03b6138758b9407e8f313183ca279a30&name=default 0.948s
2025-11-26 09:09:51.055 63004 INFO tempest.lib.common.rest_client [req-23ba8655-18d3-48cd-a463-5ba9d738a7c3 req-23ba8655-18d3-48cd-a463-5ba9d738a7c3 ] Request (HypervisorAdminNegativeTestJSON:tearDownClass): 204 DELETE http://10.180.1.21/identity/v3/users/8608638cfea847b88e60e9a353733359 0.168s
2025-11-26 09:09:51.055 63004 INFO tempest.lib.common.dynamic_creds [-] Deleting project and security group for project: 3f07cc9e3ab54df093823598448c3a59
2025-11-26 09:09:51.101 63004 INFO tempest.lib.common.rest_client [req-f1ddcfc4-f07a-4324-89dd-a5ce6d80b38c req-f1ddcfc4-f07a-4324-89dd-a5ce6d80b38c ] Request (HypervisorAdminNegativeTestJSON:tearDownClass): 201 POST http://10.180.1.21/identity/v3/auth/tokens 0.046s
2025-11-26 09:09:51.131 63040 INFO tempest.lib.common.rest_client [req-775e53c9-de23-40d4-a55b-935c86cf1d52 req-775e53c9-de23-40d4-a55b-935c86cf1d52 ] Request (QuotasAdminTestJSON:test_get_updated_quotas): 200 PUT http://10.180.1.21/compute/v2.1/os-quota-sets/70b60d25c2f242cfa551f424f35fd225 2.056s
2025-11-26 09:09:51.144 63060 INFO tempest.lib.common.rest_client [req-d5fe3c19-8297-4916-87e2-9ad70ffa917a req-d5fe3c19-8297-4916-87e2-9ad70ffa917a ] Request (ServersWithSpecificFlavorTestJSON:test_verify_created_server_ephemeral_disk): 200 GET http://10.180.1.21/compute/v2.1/flavors/42/os-extra_specs 1.717s
2025-11-26 09:09:51.165 63006 INFO tempest.lib.common.rest_client [req-b1c0b6d7-b6f3-4ea6-922d-ad388cb0773d req-b1c0b6d7-b6f3-4ea6-922d-ad388cb0773d ] Request (FlavorsExtraSpecsTestJSON:test_flavor_set_get_update_show_unset_keys): 200 DELETE http://10.180.1.21/compute/v2.1/flavors/440644994/os-extra_specs/hw:numa_nodes 1.728s
2025-11-26 09:09:51.188 63027 INFO tempest.lib.common.rest_client [req-462744ff-1103-4ff2-b3c8-fc4e10c6aa27 req-462744ff-1103-4ff2-b3c8-fc4e10c6aa27 ] Request (KeyPairsV210TestJSON:_run_cleanups): 204 DELETE http://10.180.1.21/compute/v2.1/os-keypairs/tempest-KeyPairsV210TestJSON-keypair-244913041 1.727s
2025-11-26 09:09:51.204 63034 INFO tempest.lib.common.rest_client [req-9103f730-6d93-404a-b054-94b1ec6eb4a2 req-9103f730-6d93-404a-b054-94b1ec6eb4a2 ] Request (HypervisorAdminV228Test:tearDownClass): 204 DELETE http://10.180.1.21/identity/v3/users/947de28a84534d92bc056f6837cdc4cc 0.310s
2025-11-26 09:09:51.204 63034 INFO tempest.lib.common.dynamic_creds [-] Deleting project and security group for project: 7b3488881a9d4ce3baef34e769e618a8
2025-11-26 09:09:51.283 63034 INFO tempest.lib.common.rest_client [req-216c93fd-6dbe-4adf-9fda-4719f83d2d79 req-216c93fd-6dbe-4adf-9fda-4719f83d2d79 ] Request (HypervisorAdminV228Test:tearDownClass): 201 POST http://10.180.1.21/identity/v3/auth/tokens 0.079s
2025-11-26 09:09:51.365 63020 INFO tempest.lib.common.rest_client [req-c0d12200-89d1-42a2-b47d-0a72d590b89a req-c0d12200-89d1-42a2-b47d-0a72d590b89a ] Request (ServersAdminTestJSON:setUpClass): 202 POST http://10.180.1.21/compute/v2.1/servers 2.906s
2025-11-26 09:09:51.691 63000 INFO tempest.lib.common.rest_client [req-75590fdb-3284-40fe-b42b-9ff5f9510482 req-75590fdb-3284-40fe-b42b-9ff5f9510482 ] Request (FlavorsV255TestJSON:tearDownClass): 204 DELETE http://10.180.1.21:9696/networking/v2.0/security-groups/db226f2d-e286-4090-b84a-182ff607dc42 0.820s
2025-11-26 09:09:51.702 63030 INFO tempest.lib.common.rest_client [req-68909558-dc25-41c8-b712-88c8d4e46b4e req-68909558-dc25-41c8-b712-88c8d4e46b4e ] Request (FloatingIPDetailsTestJSON:setUpClass): 201 POST http://10.180.1.21:9696/networking/v2.0/networks 1.347s
2025-11-26 09:09:51.743 63022 INFO tempest.lib.common.rest_client [req-9c1ae613-0a0b-4d29-aca9-ef58a13d561f req-9c1ae613-0a0b-4d29-aca9-ef58a13d561f ] Request (HostsAdminTestJSON:tearDownClass): 204 DELETE http://10.180.1.21:9696/networking/v2.0/security-groups/eafa24df-d975-4491-bdf8-3e2d0ef1815d 0.844s
2025-11-26 09:09:51.775 63042 INFO tempest.lib.common.rest_client [req-c8e2ce42-b766-4ac4-8579-5227de178119 req-c8e2ce42-b766-4ac4-8579-5227de178119 ] Request (FloatingIPsNegativeTestJSON:tearDownClass): 204 DELETE http://10.180.1.21:9696/networking/v2.0/subnets/f460a70e-514b-411a-b6d4-d66163ba105c 0.924s
2025-11-26 09:09:51.816 63000 INFO tempest.lib.common.rest_client [req-42b8612e-fcbb-4dc3-8fcf-b8c78c8af0e1 req-42b8612e-fcbb-4dc3-8fcf-b8c78c8af0e1 ] Request (FlavorsV255TestJSON:tearDownClass): 204 DELETE http://10.180.1.21/identity/v3/projects/8243bc19defa485ebd8694e9f883c440 0.125s
2025-11-26 09:09:51.816 63000 INFO tempest.lib.common.dynamic_creds [-] Deleting project and security group for project: 5f303b0aba7944e2b02b6d6e9a971e8f
2025-11-26 09:09:51.831 63022 INFO tempest.lib.common.rest_client [req-132e6e6a-edaf-4267-83ea-ec167a2a6719 req-132e6e6a-edaf-4267-83ea-ec167a2a6719 ] Request (HostsAdminTestJSON:tearDownClass): 204 DELETE http://10.180.1.21/identity/v3/projects/03b6138758b9407e8f313183ca279a30 0.087s
2025-11-26 09:09:51.831 63022 INFO tempest.lib.common.dynamic_creds [-] Deleting project and security group for project: 61b2d8a0da15420e965f57a6c80cd319
2025-11-26 09:09:52.065 63034 INFO tempest.lib.common.rest_client [req-ca72672e-97c3-4736-aa2e-23d97852c57b req-ca72672e-97c3-4736-aa2e-23d97852c57b ] Request (HypervisorAdminV228Test:tearDownClass): 200 GET http://10.180.1.21:9696/networking/v2.0/security-groups?tenant_id=7b3488881a9d4ce3baef34e769e618a8&name=default 0.782s
2025-11-26 09:09:52.124 63004 INFO tempest.lib.common.rest_client [req-41858e3a-637f-4eb2-b08f-57124b58d701 req-41858e3a-637f-4eb2-b08f-57124b58d701 ] Request (HypervisorAdminNegativeTestJSON:tearDownClass): 200 GET http://10.180.1.21:9696/networking/v2.0/security-groups?tenant_id=3f07cc9e3ab54df093823598448c3a59&name=default 1.022s
2025-11-26 09:09:52.196 63054 INFO tempest.lib.common.rest_client [req-942aa081-a0f1-49c5-bcb0-0f9bdb46b650 req-942aa081-a0f1-49c5-bcb0-0f9bdb46b650 ] Request (DeleteServersAdminTestJSON:test_admin_delete_servers_of_others): 200 GET http://10.180.1.21/compute/v2.1/servers/ac0c40c2-2577-4eae-b3af-96d2ceeeb4ce 2.494s
2025-11-26 09:09:52.226 63002 INFO tempest.lib.common.rest_client [req-e3a658bc-f7fd-4ee0-81fd-2a6328dd9767 req-e3a658bc-f7fd-4ee0-81fd-2a6328dd9767 ] Request (AggregatesAdminNegativeTestJSON:test_aggregate_add_non_exist_host): 404 POST http://10.180.1.21/compute/v2.1/os-aggregates/3/action 2.280s
2025-11-26 09:09:52.251 63052 INFO tempest.lib.common.rest_client [req-e8d1b0f9-bd80-48dd-9065-ae27866b3e1c req-e8d1b0f9-bd80-48dd-9065-ae27866b3e1c ] Request (FlavorsAccessTestJSON:test_flavor_access_list_with_private_flavor): 200 POST http://10.180.1.21/compute/v2.1/flavors 2.278s
2025-11-26 09:09:52.317 63048 INFO tempest.lib.common.rest_client [req-570f5415-38ff-4d3d-9ff5-787cb80f495d req-570f5415-38ff-4d3d-9ff5-787cb80f495d ] Request (TenantUsagesNegativeTestJSON:test_get_usage_tenant_with_invalid_date): 400 GET http://10.180.1.21/compute/v2.1/os-simple-tenant-usage/78491a1468e340919ec20ead05fd5062?start=2025-11-27T09%3A09%3A48.352839&end=2025-11-25T09%3A09%3A48.352839 2.285s
2025-11-26 09:09:52.481 63050 INFO tempest.lib.common.rest_client [req-6e151243-d699-4bbc-922a-098d8ec6af89 req-6e151243-d699-4bbc-922a-098d8ec6af89 ] Request (MigrationsAdminTest:test_list_migrations_in_flavor_resize_situation): 200 GET http://10.180.1.21/compute/v2.1/servers/0a718440-a0f8-4614-a9f3-553b2ff2e156 2.724s
2025-11-26 09:09:52.610 63000 INFO tempest.lib.common.rest_client [req-7c8e9409-055d-4441-b731-be717dd7b6e5 req-7c8e9409-055d-4441-b731-be717dd7b6e5 ] Request (FlavorsV255TestJSON:tearDownClass): 200 GET http://10.180.1.21:9696/networking/v2.0/security-groups?tenant_id=5f303b0aba7944e2b02b6d6e9a971e8f&name=default 0.793s
2025-11-26 09:09:52.641 63022 INFO tempest.lib.common.rest_client [req-f6ab2bff-78b6-4cd3-8aa4-81aa4ede7f3d req-f6ab2bff-78b6-4cd3-8aa4-81aa4ede7f3d ] Request (HostsAdminTestJSON:tearDownClass): 200 GET http://10.180.1.21:9696/networking/v2.0/security-groups?tenant_id=61b2d8a0da15420e965f57a6c80cd319&name=default 0.810s
2025-11-26 09:09:52.658 63028 INFO tempest.lib.common.rest_client [req-48d73aa1-6ecb-4d1e-9531-510e04b82c34 req-48d73aa1-6ecb-4d1e-9531-510e04b82c34 ] Request (ServerDiagnosticsV248Test:test_get_server_diagnostics): 200 GET http://10.180.1.21/compute/v2.1/servers/4b189162-95ca-4480-82a1-2025371f235a 2.356s
2025-11-26 09:09:52.856 63004 INFO tempest.lib.common.rest_client [req-e5290c0a-a67f-428a-bb8e-930647268712 req-e5290c0a-a67f-428a-bb8e-930647268712 ] Request (HypervisorAdminNegativeTestJSON:tearDownClass): 204 DELETE http://10.180.1.21:9696/networking/v2.0/security-groups/baacda07-847a-4bb0-91fd-a8cff1a14d14 0.731s
2025-11-26 09:09:53.031 63004 INFO tempest.lib.common.rest_client [req-61966cb2-07d8-45eb-b318-86984c991430 req-61966cb2-07d8-45eb-b318-86984c991430 ] Request (HypervisorAdminNegativeTestJSON:tearDownClass): 204 DELETE http://10.180.1.21/identity/v3/projects/3f07cc9e3ab54df093823598448c3a59 0.174s
2025-11-26 09:09:53.031 63004 INFO tempest.lib.common.dynamic_creds [-] Deleting project and security group for project: e2307deff5374f9b9eab23c3d320bd3f
2025-11-26 09:09:53.068 63000 INFO tempest.lib.common.rest_client [req-46d4ae3f-bb34-4a1f-80b1-2c25c39b0675 req-46d4ae3f-bb34-4a1f-80b1-2c25c39b0675 ] Request (FlavorsV255TestJSON:tearDownClass): 204 DELETE http://10.180.1.21:9696/networking/v2.0/security-groups/7a0954a1-8d95-4734-b81b-d15f54c0d816 0.457s
2025-11-26 09:09:53.160 63034 INFO tempest.lib.common.rest_client [req-b3e85f96-ff50-49a5-a473-de7c1c39f6d5 req-b3e85f96-ff50-49a5-a473-de7c1c39f6d5 ] Request (HypervisorAdminV228Test:tearDownClass): 204 DELETE http://10.180.1.21:9696/networking/v2.0/security-groups/1cbbda4f-7a6f-4624-a7cc-9381f64aafd3 1.094s
2025-11-26 09:09:53.226 63056 INFO tempest.lib.common.rest_client [req-2748327c-f775-4c11-aa17-c16ae3f14697 req-2748327c-f775-4c11-aa17-c16ae3f14697 ] Request (ServersTestManualDisk:setUpClass): 201 POST http://10.180.1.21:9696/networking/v2.0/routers 4.260s
2025-11-26 09:09:53.255 63034 INFO tempest.lib.common.rest_client [req-93e6bf69-2abc-46ce-a513-e1b0fbcc0ffa req-93e6bf69-2abc-46ce-a513-e1b0fbcc0ffa ] Request (HypervisorAdminV228Test:tearDownClass): 204 DELETE http://10.180.1.21/identity/v3/projects/7b3488881a9d4ce3baef34e769e618a8 0.095s
2025-11-26 09:09:53.256 63034 INFO tempest.lib.common.dynamic_creds [-] Deleting project and security group for project: 8444a3a83970413abe1f935afd6eef6a
2025-11-26 09:09:53.258 63000 INFO tempest.lib.common.rest_client [req-95d444a2-f85c-448d-8b74-518483e3beee req-95d444a2-f85c-448d-8b74-518483e3beee ] Request (FlavorsV255TestJSON:tearDownClass): 204 DELETE http://10.180.1.21/identity/v3/projects/5f303b0aba7944e2b02b6d6e9a971e8f 0.190s
2025-11-26 09:09:53.338 63004 INFO tempest.lib.common.rest_client [req-c9bb2922-7855-4317-9baa-d387dd9d0933 req-c9bb2922-7855-4317-9baa-d387dd9d0933 ] Request (HypervisorAdminNegativeTestJSON:tearDownClass): 200 GET http://10.180.1.21:9696/networking/v2.0/security-groups?tenant_id=e2307deff5374f9b9eab23c3d320bd3f&name=default 0.306s
2025-11-26 09:09:53.358 63000 INFO tempest.lib.common.rest_client [req-12bc8a59-c1cf-473d-adec-ccc013a4a0ab req-12bc8a59-c1cf-473d-adec-ccc013a4a0ab ] Request (VolumesAdminNegativeTest:setUpClass): 201 POST http://10.180.1.21/identity/v3/auth/tokens 0.095s
2025-11-26 09:09:53.414 63000 INFO tempest.lib.common.rest_client [req-ff5d00ac-8350-4967-aa3a-b899eec543ab req-ff5d00ac-8350-4967-aa3a-b899eec543ab ] Request (VolumesAdminNegativeTest:setUpClass): 201 POST http://10.180.1.21/identity/v3/auth/tokens 0.053s
2025-11-26 09:09:53.448 63000 INFO tempest.lib.common.rest_client [req-79ab8742-1737-4563-b50b-4a8bf6538509 req-79ab8742-1737-4563-b50b-4a8bf6538509 ] Request (VolumesAdminNegativeTest:setUpClass): 200 GET http://10.180.1.21/identity/v3/domains?name=Default 0.032s
2025-11-26 09:09:53.464 63038 INFO tempest.lib.common.rest_client [req-6ab4589b-28a5-4053-a1dd-40f52df5aa74 req-6ab4589b-28a5-4053-a1dd-40f52df5aa74 ] Request (VolumesAssistedSnapshotsTest:setUpClass): 201 POST http://10.180.1.21:9696/networking/v2.0/routers 4.656s
2025-11-26 09:09:53.506 63000 INFO tempest.lib.common.rest_client [req-23342f4a-635c-4b0d-816a-9c191cf2c2f1 req-23342f4a-635c-4b0d-816a-9c191cf2c2f1 ] Request (VolumesAdminNegativeTest:setUpClass): 201 POST http://10.180.1.21/identity/v3/projects 0.057s
2025-11-26 09:09:53.598 63000 INFO tempest.lib.common.rest_client [req-5d9b5192-0693-4ebd-a7f5-490ae24b8bd1 req-5d9b5192-0693-4ebd-a7f5-490ae24b8bd1 ] Request (VolumesAdminNegativeTest:setUpClass): 201 POST http://10.180.1.21/identity/v3/users 0.092s
2025-11-26 09:09:53.624 63000 INFO tempest.lib.common.rest_client [req-7a591241-3de4-4d9a-b5de-8268adf286d4 req-7a591241-3de4-4d9a-b5de-8268adf286d4 ] Request (VolumesAdminNegativeTest:setUpClass): 200 GET http://10.180.1.21/identity/v3/roles 0.025s
2025-11-26 09:09:53.674 63000 INFO tempest.lib.common.rest_client [req-c26f5225-a3a3-4f93-9f49-fa7c275db282 req-c26f5225-a3a3-4f93-9f49-fa7c275db282 ] Request (VolumesAdminNegativeTest:setUpClass): 204 PUT http://10.180.1.21/identity/v3/projects/acd5e2923ad44751a78b26f035d748cb/users/a2903f4cdc8c455bbfa1e0b9b870053e/roles/158df4edcbef4754b1f42013283b0de3 0.050s
2025-11-26 09:09:53.674 63000 INFO tempest.lib.common.dynamic_creds [-] Dynamic test user a2903f4cdc8c455bbfa1e0b9b870053e is created with scope project and roles: ['member']
2025-11-26 09:09:53.675 63000 INFO tempest.lib.common.dynamic_creds [-] Acquired dynamic creds: credentials: Credentials: {'domain_id': 'default', 'domain_name': 'Default', 'username': 'tempest-VolumesAdminNegativeTest-322510555-project-member', 'project_domain_id': 'default', 'project_domain_name': 'Default', 'project_id': 'acd5e2923ad44751a78b26f035d748cb', 'project_name': 'tempest-VolumesAdminNegativeTest-322510555', 'tenant_id': 'acd5e2923ad44751a78b26f035d748cb', 'tenant_name': 'tempest-VolumesAdminNegativeTest-322510555', 'user_domain_id': 'default', 'user_domain_name': 'Default', 'user_id': 'a2903f4cdc8c455bbfa1e0b9b870053e', 'system': None}, Network: None, Subnet: None, Router: None
2025-11-26 09:09:53.794 63000 INFO tempest.lib.common.rest_client [req-6e57c2dc-bf1e-4b59-b649-3708e0a1969c req-6e57c2dc-bf1e-4b59-b649-3708e0a1969c ] Request (VolumesAdminNegativeTest:setUpClass): 201 POST http://10.180.1.21/identity/v3/auth/tokens 0.120s
2025-11-26 09:09:53.832 63032 INFO tempest.lib.common.rest_client [req-5edb0339-d2d3-453c-98d9-e8f56a63fc62 req-5edb0339-d2d3-453c-98d9-e8f56a63fc62 ] Request (QuotasAdminNegativeTest:test_create_server_when_cpu_quota_is_full): 403 POST http://10.180.1.21/compute/v2.1/servers 3.733s
2025-11-26 09:09:53.858 63044 INFO tempest.lib.common.rest_client [req-05971724-a573-4c0a-8951-312701346f38 req-05971724-a573-4c0a-8951-312701346f38 ] Request (FlavorsAdminTestJSON:test_create_flavor_with_int_id): 200 POST http://10.180.1.21/compute/v2.1/flavors 3.123s
2025-11-26 09:09:53.880 63008 INFO tempest.lib.common.rest_client [req-2b17ea5f-0533-4aef-b268-0e56d9a51cba req-2b17ea5f-0533-4aef-b268-0e56d9a51cba ] Request (FlavorsAccessNegativeTestJSON:test_flavor_access_list_with_public_flavor): 200 POST http://10.180.1.21/compute/v2.1/flavors 3.122s
2025-11-26 09:09:53.987 63022 INFO tempest.lib.common.rest_client [req-2813e41f-441d-4caf-bfaf-6547689bd5e6 req-2813e41f-441d-4caf-bfaf-6547689bd5e6 ] Request (HostsAdminTestJSON:tearDownClass): 204 DELETE http://10.180.1.21:9696/networking/v2.0/security-groups/2bb5898f-ef58-43b0-a0da-c22e0b540bbd 1.345s
2025-11-26 09:09:53.990 63018 INFO tempest.lib.common.rest_client [req-045f9437-0532-423f-b652-2a1314de2869 req-045f9437-0532-423f-b652-2a1314de2869 ] Request (FloatingIPsAssociationNegativeTestJSON:setUpClass): 200 GET http://10.180.1.21/compute/v2.1/servers/736075f4-302b-4b1a-9358-7fe2fb73a36f 3.618s
2025-11-26 09:09:54.060 63034 INFO tempest.lib.common.rest_client [req-db4b2b72-41f1-491e-ad8a-fb00afdb9a72 req-db4b2b72-41f1-491e-ad8a-fb00afdb9a72 ] Request (HypervisorAdminV228Test:tearDownClass): 200 GET http://10.180.1.21:9696/networking/v2.0/security-groups?tenant_id=8444a3a83970413abe1f935afd6eef6a&name=default 0.804s
2025-11-26 09:09:54.075 63010 INFO tempest.lib.common.rest_client [req-e756f9c8-86c5-4c89-9c28-a4bfd08bc4e5 req-e756f9c8-86c5-4c89-9c28-a4bfd08bc4e5 ] Request (ListImageFiltersTestJSON:setUpClass): 200 GET http://10.180.1.21/compute/v2.1/images/4bd27750-bc18-44e6-ba33-e071d16c39cc 3.263s
2025-11-26 09:09:54.075 63030 INFO tempest.lib.common.rest_client [req-75ba545c-4e54-4dd4-bd71-d132c27f1180 req-75ba545c-4e54-4dd4-bd71-d132c27f1180 ] Request (FloatingIPDetailsTestJSON:setUpClass): 201 POST http://10.180.1.21:9696/networking/v2.0/subnets 2.373s
2025-11-26 09:09:54.124 63022 INFO tempest.lib.common.rest_client [req-7acd030e-edad-44d4-8cd9-47b23fce3612 req-7acd030e-edad-44d4-8cd9-47b23fce3612 ] Request (HostsAdminTestJSON:tearDownClass): 204 DELETE http://10.180.1.21/identity/v3/projects/61b2d8a0da15420e965f57a6c80cd319 0.136s
2025-11-26 09:09:54.198 63022 INFO tempest.lib.common.rest_client [req-f43115be-6386-43e8-8971-223dcc194c40 req-f43115be-6386-43e8-8971-223dcc194c40 ] Request (HypervisorAdminUnderV252Test:setUpClass): 201 POST http://10.180.1.21/identity/v3/auth/tokens 0.072s
2025-11-26 09:09:54.206 63004 INFO tempest.lib.common.rest_client [req-e56c0b2b-dd19-4293-a80e-7ea132a9d1bc req-e56c0b2b-dd19-4293-a80e-7ea132a9d1bc ] Request (HypervisorAdminNegativeTestJSON:tearDownClass): 204 DELETE http://10.180.1.21:9696/networking/v2.0/security-groups/c236caf8-5c1e-477e-9da6-7c70e2815e2b 0.868s
