2025-11-26 09:12:47.986 63048 INFO tempest.lib.common.rest_client [req-371168f4-2a6f-4827-90fd-9fe9728fe48f req-371168f4-2a6f-4827-90fd-9fe9728fe48f ] Request (ServersNegativeTestMultiTenantJSON:setUpClass): 200 GET http://10.180.1.21/compute/v2.1/servers/d8656d64-907d-4524-905a-aa67a4ad1f63 0.320s
2025-11-26 09:12:48.040 63024 INFO tempest.lib.common.rest_client [req-54055f66-d5e8-435d-b704-79e7138320a2 req-54055f66-d5e8-435d-b704-79e7138320a2 ] Request (ServersTestJSON:test_create_server_specify_multibyte_character_name): 200 GET http://10.180.1.21/compute/v2.1/servers/9d39c196-4ab4-4a97-9c82-44b4a4b107a8 0.364s
2025-11-26 09:12:48.041 63054 INFO tempest.lib.common.rest_client [req-9c38d60b-717f-4cdd-b60e-85dbf8454731 req-9c38d60b-717f-4cdd-b60e-85dbf8454731 ] Request (DeleteServersAdminTestJSON:test_delete_server_while_in_error_state): 200 GET http://10.180.1.21/compute/v2.1/servers/b6c2b9a0-44a3-43ae-a2db-5d9dc3acf856 0.328s
2025-11-26 09:12:48.091 63030 INFO tempest.lib.common.rest_client [req-1a39a868-ba63-4ab6-b103-1a43a5e03e50 req-1a39a868-ba63-4ab6-b103-1a43a5e03e50 ] Request (ServersTestMultiNic:test_verify_duplicate_network_nics): 200 GET http://10.180.1.21/compute/v2.1/servers/91907341-29ff-42b3-a25f-a9e990af4de1 0.336s
2025-11-26 09:12:48.100 63044 INFO tempest.lib.common.rest_client [req-a669b94b-de3f-4b96-b858-263f95e6e5b0 req-a669b94b-de3f-4b96-b858-263f95e6e5b0 ] Request (ServerTagsTestJSON:setUpClass): 200 GET http://10.180.1.21/compute/v2.1/servers/7b8518d4-6d0a-4ba1-b95b-86e8e6774dfc 0.370s
2025-11-26 09:12:48.141 63042 INFO tempest.lib.common.rest_client [req-c411c2c6-1449-47a4-a6b2-b8f25e909c02 req-c411c2c6-1449-47a4-a6b2-b8f25e909c02 ] Request (ServersTestFqdnHostnames:test_create_server_with_fqdn_name): 200 GET http://10.180.1.21/compute/v2.1/servers/c62428f6-0693-4ae7-81ae-eacb56821c3b 0.371s
2025-11-26 09:12:48.150 63032 INFO tempest.lib.common.rest_client [req-2c6ff2dc-f392-47b4-a8c5-28850beb62ad req-2c6ff2dc-f392-47b4-a8c5-28850beb62ad ] Request (ServerAddressesTestJSON:setUpClass): 200 GET http://10.180.1.21/compute/v2.1/servers/6d8cad34-699c-4dcc-8f83-e21490f82b8d 0.330s
2025-11-26 09:12:48.189 63006 INFO tempest.lib.common.rest_client [req-edf51cdb-5a67-4a40-bebd-82d518a86bd3 req-edf51cdb-5a67-4a40-bebd-82d518a86bd3 ] Request (ListServersNegativeTestJSON:setUpClass): 200 GET http://10.180.1.21/compute/v2.1/servers/2a5014e6-835c-45fd-b723-a968782dda58 0.325s
2025-11-26 09:12:48.245 63036 INFO tempest.lib.common.rest_client [req-677747df-958c-4259-a3e9-2bf961001877 req-677747df-958c-4259-a3e9-2bf961001877 ] Request (ServerExternalEventsTest:test_create_server_external_events): 200 GET http://10.180.1.21/compute/v2.1/servers/1dc56d8a-02e3-4441-9bb5-f091ecac835a 0.321s
2025-11-26 09:12:48.296 63058 INFO tempest.lib.common.rest_client [req-4909ef16-58d6-4d70-8860-8a938f6c0d29 req-4909ef16-58d6-4d70-8860-8a938f6c0d29 ] Request (ServerDiskConfigTestJSON:test_rebuild_server_with_auto_disk_config): 200 GET http://10.180.1.21/compute/v2.1/servers/cb5b5e10-41e5-497e-b409-0a83fa00896c 0.323s
2025-11-26 09:12:48.306 63016 INFO tempest.lib.common.rest_client [req-f74d206f-b083-48d5-8b3c-ecba25deae4d req-f74d206f-b083-48d5-8b3c-ecba25deae4d ] Request (AttachInterfacesUnderV243Test:test_add_remove_fixed_ip): 200 GET http://10.180.1.21/compute/v2.1/servers/318f7880-c500-40b8-9ca1-d8a857b36a88 0.437s
2025-11-26 09:12:48.359 63034 INFO tempest.lib.common.rest_client [req-8dd5a0d0-ac99-4097-abd2-4ca974f96805 req-8dd5a0d0-ac99-4097-abd2-4ca974f96805 ] Request (ServerGroupTestJSON:test_create_server_with_scheduler_hint_group): 200 GET http://10.180.1.21/compute/v2.1/servers/c1658258-9147-431c-9e6d-5f8360523c23 0.326s
2025-11-26 09:12:48.407 63002 INFO tempest.lib.common.rest_client [req-acc351bd-7318-4b91-99ab-638f3d17a984 req-acc351bd-7318-4b91-99ab-638f3d17a984 ] Request (ServersNegativeTestJSON:setUpClass): 200 GET http://10.180.1.21/compute/v2.1/servers/45bb8da2-c544-4935-a3a8-62305e599c06 0.327s
2025-11-26 09:12:48.412 63060 INFO tempest.lib.common.rest_client [req-1566006c-73b4-42a5-84f7-e98711f9ba70 req-1566006c-73b4-42a5-84f7-e98711f9ba70 ] Request (ServersWithSpecificFlavorTestJSON:test_verify_created_server_ephemeral_disk): 200 GET http://10.180.1.21/compute/v2.1/servers/cbdca8b1-7929-4d2c-860c-2b74826d1d11 0.434s
2025-11-26 09:12:48.466 63027 INFO tempest.lib.common.rest_client [req-fecc2a28-cd15-41d5-bedb-ee9ec5d69134 req-fecc2a28-cd15-41d5-bedb-ee9ec5d69134 ] Request (ServerMetadataTestJSON:setUpClass): 200 GET http://10.180.1.21/compute/v2.1/servers/b7273f62-c330-4b6a-a6e3-39d76c46aac9 0.334s
2025-11-26 09:12:48.512 63000 INFO tempest.lib.common.rest_client [req-ad7a1205-ffa3-42e1-b3e9-88bf4f98f6f9 req-ad7a1205-ffa3-42e1-b3e9-88bf4f98f6f9 ] Request (VolumesAdminNegativeTest:test_update_attached_volume_with_nonexistent_volume_in_uri): 200 GET http://10.180.1.21/compute/v2.1/servers/6eab5473-6c72-4bdb-8f84-56de17441f3a 0.372s
2025-11-26 09:12:48.524 63050 INFO tempest.lib.common.rest_client [req-2ae1b7f5-2c7f-4d7d-8c1d-3a665480de2f req-2ae1b7f5-2c7f-4d7d-8c1d-3a665480de2f ] Request (MigrationsAdminTest:test_list_migrations_in_flavor_resize_situation): 200 GET http://10.180.1.21/compute/v2.1/servers/0a718440-a0f8-4614-a9f3-553b2ff2e156 0.438s
2025-11-26 09:12:48.556 63038 INFO tempest.lib.common.rest_client [req-fe723d99-e478-4f2d-8633-9f4e7d49d37d req-fe723d99-e478-4f2d-8633-9f4e7d49d37d ] Request (VolumesAssistedSnapshotsTest:test_volume_assisted_snapshot_create_delete): 200 GET http://10.180.1.21/compute/v2.1/servers/986e37d4-d3ae-42a0-8caa-39b92636b973 0.375s
2025-11-26 09:12:48.570 63004 INFO tempest.lib.common.rest_client [req-382c2c2b-d1b1-4b08-a567-4de816d5f513 req-382c2c2b-d1b1-4b08-a567-4de816d5f513 ] Request (AttachInterfacesV270Test:test_create_get_list_interfaces): 200 GET http://10.180.1.21/compute/v2.1/servers/1ac41735-b0b9-428e-8644-13490403d53e 0.377s
2025-11-26 09:12:48.600 63046 INFO tempest.lib.common.rest_client [req-7036c975-fbb5-49f6-99b5-84149913f552 req-7036c975-fbb5-49f6-99b5-84149913f552 ] Request (ImagesTestJSON:test_create_image_from_stopped_server): 200 GET http://10.180.1.21/compute/v2.1/servers/2f233d8c-7e64-433e-82aa-ca4b1b2a1798 0.370s
2025-11-26 09:12:48.615 63063 INFO tempest.lib.common.rest_client [req-3a5808d8-a4c6-42de-aa09-df1b9b64a7cc req-3a5808d8-a4c6-42de-aa09-df1b9b64a7cc ] Request (ListServerFiltersTestJSON:setUpClass): 200 GET http://10.180.1.21/compute/v2.1/servers/0e7106c5-fca6-4d97-a6dd-f0670ca42202 0.373s
2025-11-26 09:12:48.647 63040 INFO tempest.lib.common.rest_client [req-c56272b0-52ba-4c72-880e-0705dd988ab9 req-c56272b0-52ba-4c72-880e-0705dd988ab9 ] Request (ServersAdmin275Test:test_rebuild_update_server_275): 200 GET http://10.180.1.21/compute/v2.1/servers/2074f279-f5f2-4048-abf5-ee61bd9f5002 0.367s
2025-11-26 09:12:48.657 63052 INFO tempest.lib.common.rest_client [req-8f3d9c69-7190-4e6c-89ef-3624f1eb535e req-8f3d9c69-7190-4e6c-89ef-3624f1eb535e ] Request (SecurityGroupsTestJSON:test_list_security_groups_by_server): 200 GET http://10.180.1.21/compute/v2.1/servers/91052772-87d4-4fb3-b590-f071c0419196 0.346s
2025-11-26 09:12:48.691 63012 INFO tempest.lib.common.rest_client [req-956861ce-3da4-45a5-bf58-e75268c569f4 req-956861ce-3da4-45a5-bf58-e75268c569f4 ] Request (TenantUsagesTestJSON:setUpClass): 200 GET http://10.180.1.21/compute/v2.1/servers/3d3b40de-1123-44ed-b241-746731c3097c 0.324s
2025-11-26 09:12:48.744 63022 INFO tempest.lib.common.rest_client [req-84e70c0a-20fe-4f2a-8c2d-e9a5d38052cb req-84e70c0a-20fe-4f2a-8c2d-e9a5d38052cb ] Request (ServerActionsTestJSON:setUpClass): 200 GET http://10.180.1.21/compute/v2.1/servers/fbfc5a14-9a1f-4d76-a1a4-8afc5833eaba 0.326s
2025-11-26 09:12:48.760 63056 INFO tempest.lib.common.rest_client [req-bc408bce-9ba5-4f98-9491-1006c4f1462a req-bc408bce-9ba5-4f98-9491-1006c4f1462a ] Request (ServersTestManualDisk:setUpClass): 200 GET http://10.180.1.21/compute/v2.1/servers/540af840-eba5-4cee-a37c-6d6809a24f95 0.383s
2025-11-26 09:12:48.878 63010 INFO tempest.lib.common.rest_client [req-2b09f09e-d222-41f0-bbcb-4dd51221f5a2 req-2b09f09e-d222-41f0-bbcb-4dd51221f5a2 ] Request (ListImageFiltersTestJSON:setUpClass): 200 GET http://10.180.1.21/compute/v2.1/servers/d90fd82e-a469-41c7-b414-c7eb5554e72a 0.405s
2025-11-26 09:12:48.882 63020 INFO tempest.lib.common.rest_client [req-aa5cf2f0-7f0b-4731-a9c5-1dfb17946600 req-aa5cf2f0-7f0b-4731-a9c5-1dfb17946600 ] Request (ServersAdminTestJSON:setUpClass): 200 GET http://10.180.1.21/compute/v2.1/servers/d8ac549d-b27c-4d4a-a58b-de65bb5586f3 0.294s
2025-11-26 09:12:49.006 63014 INFO tempest.lib.common.rest_client [req-dc13bcf3-ec92-4c72-8730-fa25248ae994 req-dc13bcf3-ec92-4c72-8730-fa25248ae994 ] Request (ImagesNegativeTestJSON:test_create_image_from_deleted_server): 200 GET http://10.180.1.21/compute/v2.1/servers/1e4cc6b4-5726-4bf5-b7ac-0640ba255ce5 0.238s
2025-11-26 09:12:49.059 63048 INFO tempest.lib.common.rest_client [req-92ac8f69-8e82-41cb-a166-dc9cc5d56808 req-92ac8f69-8e82-41cb-a166-dc9cc5d56808 ] Request (ServersNegativeTestMultiTenantJSON:setUpClass): 200 GET http://10.180.1.21/compute/v2.1/servers/d8656d64-907d-4524-905a-aa67a4ad1f63 0.066s
2025-11-26 09:12:49.112 63018 INFO tempest.lib.common.rest_client [req-1d0d9c33-9b01-4635-b354-b383e9cacfd3 req-1d0d9c33-9b01-4635-b354-b383e9cacfd3 ] Request (FloatingIPsAssociationNegativeTestJSON:setUpClass): 200 GET http://10.180.1.21/compute/v2.1/servers/736075f4-302b-4b1a-9358-7fe2fb73a36f 0.121s
2025-11-26 09:12:49.113 63054 INFO tempest.lib.common.rest_client [req-432648a3-ee3e-47d2-a358-cb996f67b8ff req-432648a3-ee3e-47d2-a358-cb996f67b8ff ] Request (DeleteServersAdminTestJSON:test_delete_server_while_in_error_state): 200 GET http://10.180.1.21/compute/v2.1/servers/b6c2b9a0-44a3-43ae-a2db-5d9dc3acf856 0.064s
2025-11-26 09:12:49.166 63030 INFO tempest.lib.common.rest_client [req-d6de919e-a2af-4fec-b5a5-929dd0965a2d req-d6de919e-a2af-4fec-b5a5-929dd0965a2d ] Request (ServersTestMultiNic:test_verify_duplicate_network_nics): 200 GET http://10.180.1.21/compute/v2.1/servers/91907341-29ff-42b3-a25f-a9e990af4de1 0.068s
2025-11-26 09:12:49.168 63024 INFO tempest.lib.common.rest_client [req-de39c602-3879-4a2f-9cf9-cb43de910357 req-de39c602-3879-4a2f-9cf9-cb43de910357 ] Request (ServersTestJSON:test_create_server_specify_multibyte_character_name): 200 GET http://10.180.1.21/compute/v2.1/servers/9d39c196-4ab4-4a97-9c82-44b4a4b107a8 0.118s
2025-11-26 09:12:49.218 63044 INFO tempest.lib.common.rest_client [req-c9977b12-af2f-4b9f-8547-f87167305615 req-c9977b12-af2f-4b9f-8547-f87167305615 ] Request (ServerTagsTestJSON:setUpClass): 200 GET http://10.180.1.21/compute/v2.1/servers/7b8518d4-6d0a-4ba1-b95b-86e8e6774dfc 0.110s
2025-11-26 09:12:49.224 63042 INFO tempest.lib.common.rest_client [req-a4ceb3b8-efaa-47aa-a843-807d7c2ad830 req-a4ceb3b8-efaa-47aa-a843-807d7c2ad830 ] Request (ServersTestFqdnHostnames:test_create_server_with_fqdn_name): 200 GET http://10.180.1.21/compute/v2.1/servers/c62428f6-0693-4ae7-81ae-eacb56821c3b 0.075s
2025-11-26 09:12:49.268 63032 INFO tempest.lib.common.rest_client [req-c289dedd-b2b1-4dd1-8000-b0be84ac7872 req-c289dedd-b2b1-4dd1-8000-b0be84ac7872 ] Request (ServerAddressesTestJSON:setUpClass): 200 GET http://10.180.1.21/compute/v2.1/servers/6d8cad34-699c-4dcc-8f83-e21490f82b8d 0.111s
2025-11-26 09:12:49.278 63006 INFO tempest.lib.common.rest_client [req-d7c0e62c-829d-43cd-8f4b-99ffaf0b2a87 req-d7c0e62c-829d-43cd-8f4b-99ffaf0b2a87 ] Request (ListServersNegativeTestJSON:setUpClass): 200 GET http://10.180.1.21/compute/v2.1/servers/2a5014e6-835c-45fd-b723-a968782dda58 0.080s
2025-11-26 09:12:49.313 63036 INFO tempest.lib.common.rest_client [req-f3836853-1a8e-45c8-857e-1bfad7035429 req-f3836853-1a8e-45c8-857e-1bfad7035429 ] Request (ServerExternalEventsTest:test_create_server_external_events): 200 GET http://10.180.1.21/compute/v2.1/servers/1dc56d8a-02e3-4441-9bb5-f091ecac835a 0.061s
2025-11-26 09:12:49.358 63058 INFO tempest.lib.common.rest_client [req-373c9bd4-2a3d-4ec6-bad7-8694827742b6 req-373c9bd4-2a3d-4ec6-bad7-8694827742b6 ] Request (ServerDiskConfigTestJSON:test_rebuild_server_with_auto_disk_config): 200 GET http://10.180.1.21/compute/v2.1/servers/cb5b5e10-41e5-497e-b409-0a83fa00896c 0.054s
2025-11-26 09:12:49.413 63034 INFO tempest.lib.common.rest_client [req-c3026ae4-44fc-46e2-9cb2-6dfdcdb01e49 req-c3026ae4-44fc-46e2-9cb2-6dfdcdb01e49 ] Request (ServerGroupTestJSON:test_create_server_with_scheduler_hint_group): 200 GET http://10.180.1.21/compute/v2.1/servers/c1658258-9147-431c-9e6d-5f8360523c23 0.048s
2025-11-26 09:12:49.424 63016 INFO tempest.lib.common.rest_client [req-c9c74361-148b-4496-b5fe-2c39007cf303 req-c9c74361-148b-4496-b5fe-2c39007cf303 ] Request (AttachInterfacesUnderV243Test:test_add_remove_fixed_ip): 200 GET http://10.180.1.21/compute/v2.1/servers/318f7880-c500-40b8-9ca1-d8a857b36a88 0.112s
2025-11-26 09:12:49.468 63002 INFO tempest.lib.common.rest_client [req-799195ed-4069-4558-8fcd-347cce77cee2 req-799195ed-4069-4558-8fcd-347cce77cee2 ] Request (ServersNegativeTestJSON:setUpClass): 200 GET http://10.180.1.21/compute/v2.1/servers/45bb8da2-c544-4935-a3a8-62305e599c06 0.053s
2025-11-26 09:12:49.524 63027 INFO tempest.lib.common.rest_client [req-a008e4d5-284e-4941-b69d-def8944907f9 req-a008e4d5-284e-4941-b69d-def8944907f9 ] Request (ServerMetadataTestJSON:setUpClass): 200 GET http://10.180.1.21/compute/v2.1/servers/b7273f62-c330-4b6a-a6e3-39d76c46aac9 0.051s
2025-11-26 09:12:49.574 63000 INFO tempest.lib.common.rest_client [req-228a3693-15d9-4ac9-a890-feb152310366 req-228a3693-15d9-4ac9-a890-feb152310366 ] Request (VolumesAdminNegativeTest:test_update_attached_volume_with_nonexistent_volume_in_uri): 200 GET http://10.180.1.21/compute/v2.1/servers/6eab5473-6c72-4bdb-8f84-56de17441f3a 0.053s
2025-11-26 09:12:49.587 63060 INFO tempest.lib.common.rest_client [req-24a8b606-b88b-45a8-b142-0f8ad3168b6f req-24a8b606-b88b-45a8-b142-0f8ad3168b6f ] Request (ServersWithSpecificFlavorTestJSON:test_verify_created_server_ephemeral_disk): 200 GET http://10.180.1.21/compute/v2.1/servers/cbdca8b1-7929-4d2c-860c-2b74826d1d11 0.165s
2025-11-26 09:12:49.652 63038 INFO tempest.lib.common.rest_client [req-ad9ab961-eda5-49e2-99f4-742b6e3f2b12 req-ad9ab961-eda5-49e2-99f4-742b6e3f2b12 ] Request (VolumesAssistedSnapshotsTest:test_volume_assisted_snapshot_create_delete): 200 GET http://10.180.1.21/compute/v2.1/servers/986e37d4-d3ae-42a0-8caa-39b92636b973 0.089s
2025-11-26 09:12:49.718 63004 INFO tempest.lib.common.rest_client [req-b95dd097-8244-4ef1-903e-3ef9d60a3b97 req-b95dd097-8244-4ef1-903e-3ef9d60a3b97 ] Request (AttachInterfacesV270Test:test_create_get_list_interfaces): 200 GET http://10.180.1.21/compute/v2.1/servers/1ac41735-b0b9-428e-8644-13490403d53e 0.138s
2025-11-26 09:12:49.780 63046 INFO tempest.lib.common.rest_client [req-24756147-88be-4505-ad73-96602b87b04f req-24756147-88be-4505-ad73-96602b87b04f ] Request (ImagesTestJSON:test_create_image_from_stopped_server): 200 GET http://10.180.1.21/compute/v2.1/servers/2f233d8c-7e64-433e-82aa-ca4b1b2a1798 0.173s
2025-11-26 09:12:49.800 63050 INFO tempest.lib.common.rest_client [req-de3928cb-dcb7-4d75-a6d8-1e80ab445e8a req-de3928cb-dcb7-4d75-a6d8-1e80ab445e8a ] Request (MigrationsAdminTest:test_list_migrations_in_flavor_resize_situation): 200 GET http://10.180.1.21/compute/v2.1/servers/0a718440-a0f8-4614-a9f3-553b2ff2e156 0.270s
2025-11-26 09:12:49.831 63063 INFO tempest.lib.common.rest_client [req-9dbdce30-78b9-4205-99d6-10eb090b3273 req-9dbdce30-78b9-4205-99d6-10eb090b3273 ] Request (ListServerFiltersTestJSON:setUpClass): 200 GET http://10.180.1.21/compute/v2.1/servers/0e7106c5-fca6-4d97-a6dd-f0670ca42202 0.210s
2025-11-26 09:12:49.852 63040 INFO tempest.lib.common.rest_client [req-b162d0e1-1aaa-4551-a2c2-3aa5912e7655 req-b162d0e1-1aaa-4551-a2c2-3aa5912e7655 ] Request (ServersAdmin275Test:test_rebuild_update_server_275): 200 GET http://10.180.1.21/compute/v2.1/servers/2074f279-f5f2-4048-abf5-ee61bd9f5002 0.195s
2025-11-26 09:12:49.875 63052 INFO tempest.lib.common.rest_client [req-c73a8ec7-e7e4-4c86-bac3-44372e46326f req-c73a8ec7-e7e4-4c86-bac3-44372e46326f ] Request (SecurityGroupsTestJSON:test_list_security_groups_by_server): 200 GET http://10.180.1.21/compute/v2.1/servers/91052772-87d4-4fb3-b590-f071c0419196 0.211s
2025-11-26 09:12:49.896 63012 INFO tempest.lib.common.rest_client [req-42b5cd91-63d5-457a-9fbb-85f332d1ddba req-42b5cd91-63d5-457a-9fbb-85f332d1ddba ] Request (TenantUsagesTestJSON:setUpClass): 200 GET http://10.180.1.21/compute/v2.1/servers/3d3b40de-1123-44ed-b241-746731c3097c 0.199s
2025-11-26 09:12:49.923 63022 INFO tempest.lib.common.rest_client [req-ec901b3a-b062-4446-9add-ad67d7e80f86 req-ec901b3a-b062-4446-9add-ad67d7e80f86 ] Request (ServerActionsTestJSON:setUpClass): 200 GET http://10.180.1.21/compute/v2.1/servers/fbfc5a14-9a1f-4d76-a1a4-8afc5833eaba 0.172s
2025-11-26 09:12:50.013 63056 INFO tempest.lib.common.rest_client [req-609cfb48-5205-45d0-a53a-3003fa230d0e req-609cfb48-5205-45d0-a53a-3003fa230d0e ] Request (ServersTestManualDisk:setUpClass): 200 GET http://10.180.1.21/compute/v2.1/servers/540af840-eba5-4cee-a37c-6d6809a24f95 0.246s
2025-11-26 09:12:50.032 63010 INFO tempest.lib.common.rest_client [req-2119d846-dd2e-44af-9fce-26223e7f9ab8 req-2119d846-dd2e-44af-9fce-26223e7f9ab8 ] Request (ListImageFiltersTestJSON:setUpClass): 200 GET http://10.180.1.21/compute/v2.1/servers/d90fd82e-a469-41c7-b414-c7eb5554e72a 0.143s
2025-11-26 09:12:50.149 63020 INFO tempest.lib.common.rest_client [req-36d8e62f-abaf-4cf3-bc22-3b2f1642d51a req-36d8e62f-abaf-4cf3-bc22-3b2f1642d51a ] Request (ServersAdminTestJSON:setUpClass): 200 GET http://10.180.1.21/compute/v2.1/servers/d8ac549d-b27c-4d4a-a58b-de65bb5586f3 0.260s
2025-11-26 09:12:50.152 63014 INFO tempest.lib.common.rest_client [req-20b66c7a-71d8-42ea-8b5f-14353cf8cf5e req-20b66c7a-71d8-42ea-8b5f-14353cf8cf5e ] Request (ImagesNegativeTestJSON:test_create_image_from_deleted_server): 200 GET http://10.180.1.21/compute/v2.1/servers/1e4cc6b4-5726-4bf5-b7ac-0640ba255ce5 0.138s
2025-11-26 09:12:50.206 63048 INFO tempest.lib.common.rest_client [req-a5d7b32a-e339-446d-9009-237895cfd25c req-a5d7b32a-e339-446d-9009-237895cfd25c ] Request (ServersNegativeTestMultiTenantJSON:setUpClass): 200 GET http://10.180.1.21/compute/v2.1/servers/d8656d64-907d-4524-905a-aa67a4ad1f63 0.140s
2025-11-26 09:12:50.262 63054 INFO tempest.lib.common.rest_client [req-8e47d4a0-232e-4458-8f17-934cf4b06ffe req-8e47d4a0-232e-4458-8f17-934cf4b06ffe ] Request (DeleteServersAdminTestJSON:test_delete_server_while_in_error_state): 200 GET http://10.180.1.21/compute/v2.1/servers/b6c2b9a0-44a3-43ae-a2db-5d9dc3acf856 0.143s
2025-11-26 09:12:50.266 63018 INFO tempest.lib.common.rest_client [req-0cb1bb68-1527-4462-9440-9bb6682a68d1 req-0cb1bb68-1527-4462-9440-9bb6682a68d1 ] Request (FloatingIPsAssociationNegativeTestJSON:setUpClass): 200 GET http://10.180.1.21/compute/v2.1/servers/736075f4-302b-4b1a-9358-7fe2fb73a36f 0.147s
2025-11-26 09:12:50.318 63030 INFO tempest.lib.common.rest_client [req-92242969-1b40-45c1-a6c8-d80160b33404 req-92242969-1b40-45c1-a6c8-d80160b33404 ] Request (ServersTestMultiNic:test_verify_duplicate_network_nics): 200 GET http://10.180.1.21/compute/v2.1/servers/91907341-29ff-42b3-a25f-a9e990af4de1 0.144s
2025-11-26 09:12:50.319 63024 INFO tempest.lib.common.rest_client [req-fd739035-c826-4017-949e-30a3abe10a24 req-fd739035-c826-4017-949e-30a3abe10a24 ] Request (ServersTestJSON:test_create_server_specify_multibyte_character_name): 200 GET http://10.180.1.21/compute/v2.1/servers/9d39c196-4ab4-4a97-9c82-44b4a4b107a8 0.144s
2025-11-26 09:12:50.376 63042 INFO tempest.lib.common.rest_client [req-5542c137-8afd-45d9-b06f-03bad7a82838 req-5542c137-8afd-45d9-b06f-03bad7a82838 ] Request (ServersTestFqdnHostnames:test_create_server_with_fqdn_name): 200 GET http://10.180.1.21/compute/v2.1/servers/c62428f6-0693-4ae7-81ae-eacb56821c3b 0.144s
2025-11-26 09:12:50.378 63044 INFO tempest.lib.common.rest_client [req-d5f195fc-4d66-4002-b563-569080d9b42d req-d5f195fc-4d66-4002-b563-569080d9b42d ] Request (ServerTagsTestJSON:setUpClass): 200 GET http://10.180.1.21/compute/v2.1/servers/7b8518d4-6d0a-4ba1-b95b-86e8e6774dfc 0.153s
2025-11-26 09:12:50.433 63006 INFO tempest.lib.common.rest_client [req-5d115043-b4c1-4a06-86c3-6c3ecb4e3ea5 req-5d115043-b4c1-4a06-86c3-6c3ecb4e3ea5 ] Request (ListServersNegativeTestJSON:setUpClass): 200 GET http://10.180.1.21/compute/v2.1/servers/2a5014e6-835c-45fd-b723-a968782dda58 0.148s
2025-11-26 09:12:50.434 63032 INFO tempest.lib.common.rest_client [req-24aca8ba-79df-41c7-8d33-bff655fcb234 req-24aca8ba-79df-41c7-8d33-bff655fcb234 ] Request (ServerAddressesTestJSON:setUpClass): 200 GET http://10.180.1.21/compute/v2.1/servers/6d8cad34-699c-4dcc-8f83-e21490f82b8d 0.159s
2025-11-26 09:12:50.482 63036 INFO tempest.lib.common.rest_client [req-f883c6df-3778-4a40-bb6d-71e1735e3006 req-f883c6df-3778-4a40-bb6d-71e1735e3006 ] Request (ServerExternalEventsTest:test_create_server_external_events): 200 GET http://10.180.1.21/compute/v2.1/servers/1dc56d8a-02e3-4441-9bb5-f091ecac835a 0.162s
2025-11-26 09:12:50.490 63058 INFO tempest.lib.common.rest_client [req-977eb1bf-e8ff-4ed5-8184-599bf88f2fff req-977eb1bf-e8ff-4ed5-8184-599bf88f2fff ] Request (ServerDiskConfigTestJSON:test_rebuild_server_with_auto_disk_config): 200 GET http://10.180.1.21/compute/v2.1/servers/cb5b5e10-41e5-497e-b409-0a83fa00896c 0.125s
2025-11-26 09:12:50.535 63034 INFO tempest.lib.common.rest_client [req-12ac36fc-cd41-42c9-90a6-8923c3516ebb req-12ac36fc-cd41-42c9-90a6-8923c3516ebb ] Request (ServerGroupTestJSON:test_create_server_with_scheduler_hint_group): 200 GET http://10.180.1.21/compute/v2.1/servers/c1658258-9147-431c-9e6d-5f8360523c23 0.115s
2025-11-26 09:12:50.586 63002 INFO tempest.lib.common.rest_client [req-8506e83f-1a41-4233-bd3d-8235583e5701 req-8506e83f-1a41-4233-bd3d-8235583e5701 ] Request (ServersNegativeTestJSON:setUpClass): 200 GET http://10.180.1.21/compute/v2.1/servers/45bb8da2-c544-4935-a3a8-62305e599c06 0.110s
2025-11-26 09:12:50.600 63016 INFO tempest.lib.common.rest_client [req-b9c9a26b-2459-4c0e-89d8-014eab219c20 req-b9c9a26b-2459-4c0e-89d8-014eab219c20 ] Request (AttachInterfacesUnderV243Test:test_add_remove_fixed_ip): 200 GET http://10.180.1.21/compute/v2.1/servers/318f7880-c500-40b8-9ca1-d8a857b36a88 0.169s
2025-11-26 09:12:50.633 63027 INFO tempest.lib.common.rest_client [req-06b78f61-5bed-4347-a371-b494ba8efc57 req-06b78f61-5bed-4347-a371-b494ba8efc57 ] Request (ServerMetadataTestJSON:setUpClass): 200 GET http://10.180.1.21/compute/v2.1/servers/b7273f62-c330-4b6a-a6e3-39d76c46aac9 0.102s
2025-11-26 09:12:50.648 63000 INFO tempest.lib.common.rest_client [req-26b8fcff-bdf8-4a62-9937-abfe6460dae6 req-26b8fcff-bdf8-4a62-9937-abfe6460dae6 ] Request (VolumesAdminNegativeTest:test_update_attached_volume_with_nonexistent_volume_in_uri): 200 GET http://10.180.1.21/compute/v2.1/servers/6eab5473-6c72-4bdb-8f84-56de17441f3a 0.067s
2025-11-26 09:12:50.712 63038 INFO tempest.lib.common.rest_client [req-daf5fe44-20b9-48cd-bd40-fde0440f8fb7 req-daf5fe44-20b9-48cd-bd40-fde0440f8fb7 ] Request (VolumesAssistedSnapshotsTest:test_volume_assisted_snapshot_create_delete): 200 GET http://10.180.1.21/compute/v2.1/servers/986e37d4-d3ae-42a0-8caa-39b92636b973 0.053s
2025-11-26 09:12:50.732 63060 INFO tempest.lib.common.rest_client [req-2baecb1f-de24-4b62-bf54-f8251dc0b32b req-2baecb1f-de24-4b62-bf54-f8251dc0b32b ] Request (ServersWithSpecificFlavorTestJSON:test_verify_created_server_ephemeral_disk): 200 GET http://10.180.1.21/compute/v2.1/servers/cbdca8b1-7929-4d2c-860c-2b74826d1d11 0.138s
2025-11-26 09:12:50.777 63004 INFO tempest.lib.common.rest_client [req-f3bd9e4c-9187-4c89-aca1-671313ccd0f5 req-f3bd9e4c-9187-4c89-aca1-671313ccd0f5 ] Request (AttachInterfacesV270Test:test_create_get_list_interfaces): 200 GET http://10.180.1.21/compute/v2.1/servers/1ac41735-b0b9-428e-8644-13490403d53e 0.050s
2025-11-26 09:12:50.838 63046 INFO tempest.lib.common.rest_client [req-f0a0302d-21d6-4ca6-8fbe-5af6f9047b66 req-f0a0302d-21d6-4ca6-8fbe-5af6f9047b66 ] Request (ImagesTestJSON:test_create_image_from_stopped_server): 200 GET http://10.180.1.21/compute/v2.1/servers/2f233d8c-7e64-433e-82aa-ca4b1b2a1798 0.050s
2025-11-26 09:12:50.888 63063 INFO tempest.lib.common.rest_client [req-dc6b737f-aacf-424c-8ac8-a7aa757714fb req-dc6b737f-aacf-424c-8ac8-a7aa757714fb ] Request (ListServerFiltersTestJSON:setUpClass): 200 GET http://10.180.1.21/compute/v2.1/servers/0e7106c5-fca6-4d97-a6dd-f0670ca42202 0.050s
2025-11-26 09:12:50.908 63050 INFO tempest.lib.common.rest_client [req-e58a4bed-5323-4148-b28a-7e4637447b6e req-e58a4bed-5323-4148-b28a-7e4637447b6e ] Request (MigrationsAdminTest:test_list_migrations_in_flavor_resize_situation): 200 GET http://10.180.1.21/compute/v2.1/servers/0a718440-a0f8-4614-a9f3-553b2ff2e156 0.100s
2025-11-26 09:12:50.937 63040 INFO tempest.lib.common.rest_client [req-6634e96c-ceb3-4adc-b749-8b88cad8f055 req-6634e96c-ceb3-4adc-b749-8b88cad8f055 ] Request (ServersAdmin275Test:test_rebuild_update_server_275): 200 GET http://10.180.1.21/compute/v2.1/servers/2074f279-f5f2-4048-abf5-ee61bd9f5002 0.074s
2025-11-26 09:12:50.954 63052 INFO tempest.lib.common.rest_client [req-08a61d33-b0a1-4196-a5b9-600e291ea40a req-08a61d33-b0a1-4196-a5b9-600e291ea40a ] Request (SecurityGroupsTestJSON:test_list_security_groups_by_server): 200 GET http://10.180.1.21/compute/v2.1/servers/91052772-87d4-4fb3-b590-f071c0419196 0.065s
2025-11-26 09:12:50.983 63012 INFO tempest.lib.common.rest_client [req-3905bd23-da9b-4c87-a2ea-8471f15791d7 req-3905bd23-da9b-4c87-a2ea-8471f15791d7 ] Request (TenantUsagesTestJSON:setUpClass): 200 GET http://10.180.1.21/compute/v2.1/servers/3d3b40de-1123-44ed-b241-746731c3097c 0.079s
2025-11-26 09:12:50.997 63022 INFO tempest.lib.common.rest_client [req-5faa91cf-920d-4e1a-84f9-411a4ac17668 req-5faa91cf-920d-4e1a-84f9-411a4ac17668 ] Request (ServerActionsTestJSON:setUpClass): 200 GET http://10.180.1.21/compute/v2.1/servers/fbfc5a14-9a1f-4d76-a1a4-8afc5833eaba 0.067s
2025-11-26 09:12:51.171 63010 INFO tempest.lib.common.rest_client [req-ad09b046-650a-438b-982f-5cf3e9bc839d req-ad09b046-650a-438b-982f-5cf3e9bc839d ] Request (ListImageFiltersTestJSON:setUpClass): 200 GET http://10.180.1.21/compute/v2.1/servers/d90fd82e-a469-41c7-b414-c7eb5554e72a 0.132s
2025-11-26 09:12:51.196 63056 INFO tempest.lib.common.rest_client [req-f8d2bb6e-10b7-4ce0-a103-3b390c708ad4 req-f8d2bb6e-10b7-4ce0-a103-3b390c708ad4 ] Request (ServersTestManualDisk:setUpClass): 200 GET http://10.180.1.21/compute/v2.1/servers/540af840-eba5-4cee-a37c-6d6809a24f95 0.175s
2025-11-26 09:12:51.295 63020 INFO tempest.lib.common.rest_client [req-21f15552-a9bc-40ec-83dd-314f0c7f6529 req-21f15552-a9bc-40ec-83dd-314f0c7f6529 ] Request (ServersAdminTestJSON:setUpClass): 200 GET http://10.180.1.21/compute/v2.1/servers/d8ac549d-b27c-4d4a-a58b-de65bb5586f3 0.139s
2025-11-26 09:12:51.308 63014 INFO tempest.lib.common.rest_client [req-7000c8fd-d025-4559-97af-eaa282ce2690 req-7000c8fd-d025-4559-97af-eaa282ce2690 ] Request (ImagesNegativeTestJSON:test_create_image_from_deleted_server): 200 GET http://10.180.1.21/compute/v2.1/servers/1e4cc6b4-5726-4bf5-b7ac-0640ba255ce5 0.150s
2025-11-26 09:12:51.348 63048 INFO tempest.lib.common.rest_client [req-398fe1c5-d4f2-45a7-8844-99d9a2c99b33 req-398fe1c5-d4f2-45a7-8844-99d9a2c99b33 ] Request (ServersNegativeTestMultiTenantJSON:setUpClass): 200 GET http://10.180.1.21/compute/v2.1/servers/d8656d64-907d-4524-905a-aa67a4ad1f63 0.135s
2025-11-26 09:12:51.355 63054 INFO tempest.lib.common.rest_client [req-0fe60738-3eed-42bc-934d-3b5d36b2bd13 req-0fe60738-3eed-42bc-934d-3b5d36b2bd13 ] Request (DeleteServersAdminTestJSON:test_delete_server_while_in_error_state): 200 GET http://10.180.1.21/compute/v2.1/servers/b6c2b9a0-44a3-43ae-a2db-5d9dc3acf856 0.085s
2025-11-26 09:12:51.405 63030 INFO tempest.lib.common.rest_client [req-81464a31-3b3b-479b-9ad7-fbbdaebaf490 req-81464a31-3b3b-479b-9ad7-fbbdaebaf490 ] Request (ServersTestMultiNic:test_verify_duplicate_network_nics): 200 GET http://10.180.1.21/compute/v2.1/servers/91907341-29ff-42b3-a25f-a9e990af4de1 0.079s
2025-11-26 09:12:51.453 63024 INFO tempest.lib.common.rest_client [req-946ab358-08c1-4fda-a9e6-61b04066d991 req-946ab358-08c1-4fda-a9e6-61b04066d991 ] Request (ServersTestJSON:test_create_server_specify_multibyte_character_name): 200 GET http://10.180.1.21/compute/v2.1/servers/9d39c196-4ab4-4a97-9c82-44b4a4b107a8 0.127s
2025-11-26 09:12:51.465 63018 INFO tempest.lib.common.rest_client [req-695cf87d-3a3a-4da5-857b-639653ddf46f req-695cf87d-3a3a-4da5-857b-639653ddf46f ] Request (FloatingIPsAssociationNegativeTestJSON:setUpClass): 200 GET http://10.180.1.21/compute/v2.1/servers/736075f4-302b-4b1a-9358-7fe2fb73a36f 0.192s
2025-11-26 09:12:51.511 63042 INFO tempest.lib.common.rest_client [req-c9b404e7-e7bb-4721-a6cb-167bd99a3c50 req-c9b404e7-e7bb-4721-a6cb-167bd99a3c50 ] Request (ServersTestFqdnHostnames:test_create_server_with_fqdn_name): 200 GET http://10.180.1.21/compute/v2.1/servers/c62428f6-0693-4ae7-81ae-eacb56821c3b 0.128s
2025-11-26 09:12:51.523 63044 INFO tempest.lib.common.rest_client [req-5bca50b5-6a5f-4106-84fe-f0faa5e9dc9e req-5bca50b5-6a5f-4106-84fe-f0faa5e9dc9e ] Request (ServerTagsTestJSON:setUpClass): 200 GET http://10.180.1.21/compute/v2.1/servers/7b8518d4-6d0a-4ba1-b95b-86e8e6774dfc 0.136s
2025-11-26 09:12:51.560 63006 INFO tempest.lib.common.rest_client [req-18d312ad-ea43-4424-a6da-7a9412e803ce req-18d312ad-ea43-4424-a6da-7a9412e803ce ] Request (ListServersNegativeTestJSON:setUpClass): 200 GET http://10.180.1.21/compute/v2.1/servers/2a5014e6-835c-45fd-b723-a968782dda58 0.119s
2025-11-26 09:12:51.573 63032 INFO tempest.lib.common.rest_client [req-c1ae91cc-3130-43d4-96e1-4179ea61ec8e req-c1ae91cc-3130-43d4-96e1-4179ea61ec8e ] Request (ServerAddressesTestJSON:setUpClass): 200 GET http://10.180.1.21/compute/v2.1/servers/6d8cad34-699c-4dcc-8f83-e21490f82b8d 0.131s
2025-11-26 09:12:51.605 63036 INFO tempest.lib.common.rest_client [req-e15d532d-832a-4f17-8823-c543ec58c233 req-e15d532d-832a-4f17-8823-c543ec58c233 ] Request (ServerExternalEventsTest:test_create_server_external_events): 200 GET http://10.180.1.21/compute/v2.1/servers/1dc56d8a-02e3-4441-9bb5-f091ecac835a 0.116s
2025-11-26 09:12:51.624 63058 INFO tempest.lib.common.rest_client [req-0df647f6-340a-4d5d-8d78-1c4f149daff8 req-0df647f6-340a-4d5d-8d78-1c4f149daff8 ] Request (ServerDiskConfigTestJSON:test_rebuild_server_with_auto_disk_config): 200 GET http://10.180.1.21/compute/v2.1/servers/cb5b5e10-41e5-497e-b409-0a83fa00896c 0.126s
2025-11-26 09:12:51.656 63034 INFO tempest.lib.common.rest_client [req-a0847b90-03a8-4dc2-9093-faef31ed351d req-a0847b90-03a8-4dc2-9093-faef31ed351d ] Request (ServerGroupTestJSON:test_create_server_with_scheduler_hint_group): 200 GET http://10.180.1.21/compute/v2.1/servers/c1658258-9147-431c-9e6d-5f8360523c23 0.114s
2025-11-26 09:12:51.672 63002 INFO tempest.lib.common.rest_client [req-67f92dc3-ab4d-4227-80dc-db58783be2fb req-67f92dc3-ab4d-4227-80dc-db58783be2fb ] Request (ServersNegativeTestJSON:setUpClass): 200 GET http://10.180.1.21/compute/v2.1/servers/45bb8da2-c544-4935-a3a8-62305e599c06 0.080s
2025-11-26 09:12:51.727 63027 INFO tempest.lib.common.rest_client [req-331ef841-f597-47f4-9e7b-d37357158a5a req-331ef841-f597-47f4-9e7b-d37357158a5a ] Request (ServerMetadataTestJSON:setUpClass): 200 GET http://10.180.1.21/compute/v2.1/servers/b7273f62-c330-4b6a-a6e3-39d76c46aac9 0.087s
2025-11-26 09:12:51.778 63000 INFO tempest.lib.common.rest_client [req-25b2dfb1-9db3-493f-b0d6-b06cef08095f req-25b2dfb1-9db3-493f-b0d6-b06cef08095f ] Request (VolumesAdminNegativeTest:test_update_attached_volume_with_nonexistent_volume_in_uri): 200 GET http://10.180.1.21/compute/v2.1/servers/6eab5473-6c72-4bdb-8f84-56de17441f3a 0.123s
2025-11-26 09:12:51.783 63016 INFO tempest.lib.common.rest_client [req-8edb3813-cb33-4b85-9311-b97ac10e17e6 req-8edb3813-cb33-4b85-9311-b97ac10e17e6 ] Request (AttachInterfacesUnderV243Test:test_add_remove_fixed_ip): 200 GET http://10.180.1.21/compute/v2.1/servers/318f7880-c500-40b8-9ca1-d8a857b36a88 0.176s
2025-11-26 09:12:51.832 63038 INFO tempest.lib.common.rest_client [req-1ccb8530-fa25-428a-b5f2-5b6088aa877e req-1ccb8530-fa25-428a-b5f2-5b6088aa877e ] Request (VolumesAssistedSnapshotsTest:test_volume_assisted_snapshot_create_delete): 200 GET http://10.180.1.21/compute/v2.1/servers/986e37d4-d3ae-42a0-8caa-39b92636b973 0.112s
2025-11-26 09:12:51.889 63004 INFO tempest.lib.common.rest_client [req-29d6a98b-81dd-4982-a470-27c48333e9f5 req-29d6a98b-81dd-4982-a470-27c48333e9f5 ] Request (AttachInterfacesV270Test:test_create_get_list_interfaces): 200 GET http://10.180.1.21/compute/v2.1/servers/1ac41735-b0b9-428e-8644-13490403d53e 0.104s
2025-11-26 09:12:51.900 63060 INFO tempest.lib.common.rest_client [req-18f8c5c6-50f3-42f6-ad9f-9cc258b3f195 req-18f8c5c6-50f3-42f6-ad9f-9cc258b3f195 ] Request (ServersWithSpecificFlavorTestJSON:test_verify_created_server_ephemeral_disk): 200 GET http://10.180.1.21/compute/v2.1/servers/cbdca8b1-7929-4d2c-860c-2b74826d1d11 0.160s
2025-11-26 09:12:51.942 63046 INFO tempest.lib.common.rest_client [req-b1c4dffb-b4e8-4e79-83c2-bca564f23a40 req-b1c4dffb-b4e8-4e79-83c2-bca564f23a40 ] Request (ImagesTestJSON:test_create_image_from_stopped_server): 200 GET http://10.180.1.21/compute/v2.1/servers/2f233d8c-7e64-433e-82aa-ca4b1b2a1798 0.097s
2025-11-26 09:12:51.948 63063 INFO tempest.lib.common.rest_client [req-6db16dd3-82bf-4a03-bf84-2689d2384361 req-6db16dd3-82bf-4a03-bf84-2689d2384361 ] Request (ListServerFiltersTestJSON:setUpClass): 200 GET http://10.180.1.21/compute/v2.1/servers/0e7106c5-fca6-4d97-a6dd-f0670ca42202 0.053s
2025-11-26 09:12:52.006 63040 INFO tempest.lib.common.rest_client [req-33c42202-36a4-493c-97a1-01629a0f2779 req-33c42202-36a4-493c-97a1-01629a0f2779 ] Request (ServersAdmin275Test:test_rebuild_update_server_275): 200 GET http://10.180.1.21/compute/v2.1/servers/2074f279-f5f2-4048-abf5-ee61bd9f5002 0.060s
2025-11-26 09:12:52.057 63052 INFO tempest.lib.common.rest_client [req-734f524e-37d2-4da6-86b3-f149ed18da54 req-734f524e-37d2-4da6-86b3-f149ed18da54 ] Request (SecurityGroupsTestJSON:test_list_security_groups_by_server): 200 GET http://10.180.1.21/compute/v2.1/servers/91052772-87d4-4fb3-b590-f071c0419196 0.095s
2025-11-26 09:12:52.061 63050 INFO tempest.lib.common.rest_client [req-7b788372-c5c8-42af-b439-9d0ed2d5d78f req-7b788372-c5c8-42af-b439-9d0ed2d5d78f ] Request (MigrationsAdminTest:test_list_migrations_in_flavor_resize_situation): 200 GET http://10.180.1.21/compute/v2.1/servers/0a718440-a0f8-4614-a9f3-553b2ff2e156 0.146s
2025-11-26 09:12:52.106 63012 INFO tempest.lib.common.rest_client [req-6c2f8035-de54-4129-87db-49113a8a7dd8 req-6c2f8035-de54-4129-87db-49113a8a7dd8 ] Request (TenantUsagesTestJSON:setUpClass): 200 GET http://10.180.1.21/compute/v2.1/servers/3d3b40de-1123-44ed-b241-746731c3097c 0.116s
2025-11-26 09:12:52.114 63022 INFO tempest.lib.common.rest_client [req-6ab357c6-2989-49b2-8bf1-8238fbd6da76 req-6ab357c6-2989-49b2-8bf1-8238fbd6da76 ] Request (ServerActionsTestJSON:setUpClass): 200 GET http://10.180.1.21/compute/v2.1/servers/fbfc5a14-9a1f-4d76-a1a4-8afc5833eaba 0.110s
2025-11-26 09:12:52.305 63010 INFO tempest.lib.common.rest_client [req-2d74ca5b-edec-403a-964f-3ba90c6807f4 req-2d74ca5b-edec-403a-964f-3ba90c6807f4 ] Request (ListImageFiltersTestJSON:setUpClass): 200 GET http://10.180.1.21/compute/v2.1/servers/d90fd82e-a469-41c7-b414-c7eb5554e72a 0.127s
2025-11-26 09:12:52.323 63056 INFO tempest.lib.common.rest_client [req-e2e81e81-32d4-4e89-af4b-b68079e9d86b req-e2e81e81-32d4-4e89-af4b-b68079e9d86b ] Request (ServersTestManualDisk:setUpClass): 200 GET http://10.180.1.21/compute/v2.1/servers/540af840-eba5-4cee-a37c-6d6809a24f95 0.120s
2025-11-26 09:12:52.431 63020 INFO tempest.lib.common.rest_client [req-580823ff-35ab-478b-bdf7-334e555a98cf req-580823ff-35ab-478b-bdf7-334e555a98cf ] Request (ServersAdminTestJSON:setUpClass): 200 GET http://10.180.1.21/compute/v2.1/servers/d8ac549d-b27c-4d4a-a58b-de65bb5586f3 0.129s
2025-11-26 09:12:52.444 63014 INFO tempest.lib.common.rest_client [req-71203615-2c98-4ebb-b3e2-0ef0e54e0ee5 req-71203615-2c98-4ebb-b3e2-0ef0e54e0ee5 ] Request (ImagesNegativeTestJSON:test_create_image_from_deleted_server): 200 GET http://10.180.1.21/compute/v2.1/servers/1e4cc6b4-5726-4bf5-b7ac-0640ba255ce5 0.128s
2025-11-26 09:12:52.480 63048 INFO tempest.lib.common.rest_client [req-2c93321a-696b-438a-b333-e60d949ba21a req-2c93321a-696b-438a-b333-e60d949ba21a ] Request (ServersNegativeTestMultiTenantJSON:setUpClass): 200 GET http://10.180.1.21/compute/v2.1/servers/d8656d64-907d-4524-905a-aa67a4ad1f63 0.124s
2025-11-26 09:12:52.494 63054 INFO tempest.lib.common.rest_client [req-334aba72-9e3d-4a25-aa82-0e33bd6d0bf3 req-334aba72-9e3d-4a25-aa82-0e33bd6d0bf3 ] Request (DeleteServersAdminTestJSON:test_delete_server_while_in_error_state): 200 GET http://10.180.1.21/compute/v2.1/servers/b6c2b9a0-44a3-43ae-a2db-5d9dc3acf856 0.132s
2025-11-26 09:12:52.529 63030 INFO tempest.lib.common.rest_client [req-f571c095-af52-4881-8998-719eb59701e7 req-f571c095-af52-4881-8998-719eb59701e7 ] Request (ServersTestMultiNic:test_verify_duplicate_network_nics): 200 GET http://10.180.1.21/compute/v2.1/servers/91907341-29ff-42b3-a25f-a9e990af4de1 0.114s
2025-11-26 09:12:52.542 63024 INFO tempest.lib.common.rest_client [req-4bea3f89-ef37-457d-8b9b-be946e2c8c5c req-4bea3f89-ef37-457d-8b9b-be946e2c8c5c ] Request (ServersTestJSON:test_create_server_specify_multibyte_character_name): 200 GET http://10.180.1.21/compute/v2.1/servers/9d39c196-4ab4-4a97-9c82-44b4a4b107a8 0.080s
2025-11-26 09:12:52.592 63042 INFO tempest.lib.common.rest_client [req-a0c6396c-d051-4641-918b-316a5e4e6694 req-a0c6396c-d051-4641-918b-316a5e4e6694 ] Request (ServersTestFqdnHostnames:test_create_server_with_fqdn_name): 200 GET http://10.180.1.21/compute/v2.1/servers/c62428f6-0693-4ae7-81ae-eacb56821c3b 0.074s
2025-11-26 09:12:52.643 63018 INFO tempest.lib.common.rest_client [req-12d53dd9-1b0b-42d2-9b4b-53aaaf4956fd req-12d53dd9-1b0b-42d2-9b4b-53aaaf4956fd ] Request (FloatingIPsAssociationNegativeTestJSON:setUpClass): 200 GET http://10.180.1.21/compute/v2.1/servers/736075f4-302b-4b1a-9358-7fe2fb73a36f 0.170s
2025-11-26 09:12:52.645 63044 INFO tempest.lib.common.rest_client [req-3d94e072-6bdc-4ff2-8170-d8801ed1d74e req-3d94e072-6bdc-4ff2-8170-d8801ed1d74e ] Request (ServerTagsTestJSON:setUpClass): 200 GET http://10.180.1.21/compute/v2.1/servers/7b8518d4-6d0a-4ba1-b95b-86e8e6774dfc 0.114s
2025-11-26 09:12:52.693 63006 INFO tempest.lib.common.rest_client [req-de14bc7e-f26b-447d-b2b7-98ea2c38109f req-de14bc7e-f26b-447d-b2b7-98ea2c38109f ] Request (ListServersNegativeTestJSON:setUpClass): 200 GET http://10.180.1.21/compute/v2.1/servers/2a5014e6-835c-45fd-b723-a968782dda58 0.126s
2025-11-26 09:12:52.701 63032 INFO tempest.lib.common.rest_client [req-967603b4-c908-478f-8f33-444048057482 req-967603b4-c908-478f-8f33-444048057482 ] Request (ServerAddressesTestJSON:setUpClass): 200 GET http://10.180.1.21/compute/v2.1/servers/6d8cad34-699c-4dcc-8f83-e21490f82b8d 0.120s
2025-11-26 09:12:52.744 63036 INFO tempest.lib.common.rest_client [req-986e3600-be19-4f3a-b0a5-a02b285abc69 req-986e3600-be19-4f3a-b0a5-a02b285abc69 ] Request (ServerExternalEventsTest:test_create_server_external_events): 200 GET http://10.180.1.21/compute/v2.1/servers/1dc56d8a-02e3-4441-9bb5-f091ecac835a 0.132s
2025-11-26 09:12:52.753 63058 INFO tempest.lib.common.rest_client [req-eaedc6d9-5fa7-4c18-ab65-23115c1d77d0 req-eaedc6d9-5fa7-4c18-ab65-23115c1d77d0 ] Request (ServerDiskConfigTestJSON:test_rebuild_server_with_auto_disk_config): 200 GET http://10.180.1.21/compute/v2.1/servers/cb5b5e10-41e5-497e-b409-0a83fa00896c 0.122s
2025-11-26 09:12:52.796 63034 INFO tempest.lib.common.rest_client [req-c218b614-e9b4-46e8-a6f4-f4df6107de7a req-c218b614-e9b4-46e8-a6f4-f4df6107de7a ] Request (ServerGroupTestJSON:test_create_server_with_scheduler_hint_group): 200 GET http://10.180.1.21/compute/v2.1/servers/c1658258-9147-431c-9e6d-5f8360523c23 0.133s
2025-11-26 09:12:52.805 63002 INFO tempest.lib.common.rest_client [req-0adf443f-da6c-4b14-931b-e61fcfed97db req-0adf443f-da6c-4b14-931b-e61fcfed97db ] Request (ServersNegativeTestJSON:setUpClass): 200 GET http://10.180.1.21/compute/v2.1/servers/45bb8da2-c544-4935-a3a8-62305e599c06 0.125s
2025-11-26 09:12:52.841 63027 INFO tempest.lib.common.rest_client [req-26a07d21-31b5-47f4-a906-992e27d0d499 req-26a07d21-31b5-47f4-a906-992e27d0d499 ] Request (ServerMetadataTestJSON:setUpClass): 200 GET http://10.180.1.21/compute/v2.1/servers/b7273f62-c330-4b6a-a6e3-39d76c46aac9 0.106s
2025-11-26 09:12:52.855 63000 INFO tempest.lib.common.rest_client [req-b797e005-badb-44af-b741-2465e0cd4f13 req-b797e005-badb-44af-b741-2465e0cd4f13 ] Request (VolumesAdminNegativeTest:test_update_attached_volume_with_nonexistent_volume_in_uri): 200 GET http://10.180.1.21/compute/v2.1/servers/6eab5473-6c72-4bdb-8f84-56de17441f3a 0.069s
2025-11-26 09:12:52.903 63038 INFO tempest.lib.common.rest_client [req-d5c7ad5a-df05-426b-8143-23ace5f4f32f req-d5c7ad5a-df05-426b-8143-23ace5f4f32f ] Request (VolumesAssistedSnapshotsTest:test_volume_assisted_snapshot_create_delete): 200 GET http://10.180.1.21/compute/v2.1/servers/986e37d4-d3ae-42a0-8caa-39b92636b973 0.064s
2025-11-26 09:12:52.953 63016 INFO tempest.lib.common.rest_client [req-8ddb3690-940b-40aa-b49c-f4d95776b00b req-8ddb3690-940b-40aa-b49c-f4d95776b00b ] Request (AttachInterfacesUnderV243Test:test_add_remove_fixed_ip): 200 GET http://10.180.1.21/compute/v2.1/servers/318f7880-c500-40b8-9ca1-d8a857b36a88 0.162s
2025-11-26 09:12:52.955 63004 INFO tempest.lib.common.rest_client [req-70131e6a-1f54-400d-aa16-af6368017d5c req-70131e6a-1f54-400d-aa16-af6368017d5c ] Request (AttachInterfacesV270Test:test_create_get_list_interfaces): 200 GET http://10.180.1.21/compute/v2.1/servers/1ac41735-b0b9-428e-8644-13490403d53e 0.054s
2025-11-26 09:12:53.003 63046 INFO tempest.lib.common.rest_client [req-b9916a0e-0ba8-4a3f-9f0f-a065871b5d52 req-b9916a0e-0ba8-4a3f-9f0f-a065871b5d52 ] Request (ImagesTestJSON:test_create_image_from_stopped_server): 200 GET http://10.180.1.21/compute/v2.1/servers/2f233d8c-7e64-433e-82aa-ca4b1b2a1798 0.054s
2025-11-26 09:12:53.234 63063 INFO tempest.lib.common.rest_client [req-b1a67eb8-75e5-43ea-a6d2-5d2fa399e5b3 req-b1a67eb8-75e5-43ea-a6d2-5d2fa399e5b3 ] Request (ListServerFiltersTestJSON:setUpClass): 200 GET http://10.180.1.21/compute/v2.1/servers/0e7106c5-fca6-4d97-a6dd-f0670ca42202 0.279s
2025-11-26 09:12:53.248 63060 INFO tempest.lib.common.rest_client [req-b5228676-64d1-40d0-b303-2dc94ab5d84e req-b5228676-64d1-40d0-b303-2dc94ab5d84e ] Request (ServersWithSpecificFlavorTestJSON:test_verify_created_server_ephemeral_disk): 200 GET http://10.180.1.21/compute/v2.1/servers/cbdca8b1-7929-4d2c-860c-2b74826d1d11 0.342s
2025-11-26 09:12:53.282 63040 INFO tempest.lib.common.rest_client [req-65feb08f-85c9-419b-93af-35ea43a03f9e req-65feb08f-85c9-419b-93af-35ea43a03f9e ] Request (ServersAdmin275Test:test_rebuild_update_server_275): 200 GET http://10.180.1.21/compute/v2.1/servers/2074f279-f5f2-4048-abf5-ee61bd9f5002 0.267s
2025-11-26 09:12:53.293 63052 INFO tempest.lib.common.rest_client [req-27d3121d-9402-4659-b462-046156c5f11e req-27d3121d-9402-4659-b462-046156c5f11e ] Request (SecurityGroupsTestJSON:test_list_security_groups_by_server): 200 GET http://10.180.1.21/compute/v2.1/servers/91052772-87d4-4fb3-b590-f071c0419196 0.229s
2025-11-26 09:12:53.344 63012 INFO tempest.lib.common.rest_client [req-1d15ee42-6e1d-4db4-b93f-c39441b79722 req-1d15ee42-6e1d-4db4-b93f-c39441b79722 ] Request (TenantUsagesTestJSON:setUpClass): 200 GET http://10.180.1.21/compute/v2.1/servers/3d3b40de-1123-44ed-b241-746731c3097c 0.230s
2025-11-26 09:12:53.389 63022 INFO tempest.lib.common.rest_client [req-c8cf2485-2b02-497d-92fa-0c1f9f884683 req-c8cf2485-2b02-497d-92fa-0c1f9f884683 ] Request (ServerActionsTestJSON:setUpClass): 200 GET http://10.180.1.21/compute/v2.1/servers/fbfc5a14-9a1f-4d76-a1a4-8afc5833eaba 0.267s
2025-11-26 09:12:53.399 63050 INFO tempest.lib.common.rest_client [req-8493e550-dfe5-4dd5-a284-d30f569d1373 req-8493e550-dfe5-4dd5-a284-d30f569d1373 ] Request (MigrationsAdminTest:test_list_migrations_in_flavor_resize_situation): 200 GET http://10.180.1.21/compute/v2.1/servers/0a718440-a0f8-4614-a9f3-553b2ff2e156 0.331s
2025-11-26 09:12:53.519 63010 INFO tempest.lib.common.rest_client [req-40baeb8f-5eae-476a-9b7f-f47d605a2042 req-40baeb8f-5eae-476a-9b7f-f47d605a2042 ] Request (ListImageFiltersTestJSON:setUpClass): 200 GET http://10.180.1.21/compute/v2.1/servers/d90fd82e-a469-41c7-b414-c7eb5554e72a 0.205s
2025-11-26 09:12:53.521 63056 INFO tempest.lib.common.rest_client [req-e10ab370-18ac-4b2f-8b05-540507866088 req-e10ab370-18ac-4b2f-8b05-540507866088 ] Request (ServersTestManualDisk:setUpClass): 200 GET http://10.180.1.21/compute/v2.1/servers/540af840-eba5-4cee-a37c-6d6809a24f95 0.191s
2025-11-26 09:12:53.657 63014 INFO tempest.lib.common.rest_client [req-0ef2db58-fab5-4200-8fc6-226a3d371dc9 req-0ef2db58-fab5-4200-8fc6-226a3d371dc9 ] Request (ImagesNegativeTestJSON:test_create_image_from_deleted_server): 200 GET http://10.180.1.21/compute/v2.1/servers/1e4cc6b4-5726-4bf5-b7ac-0640ba255ce5 0.205s
2025-11-26 09:12:53.699 63020 INFO tempest.lib.common.rest_client [req-8ed0a072-fff2-4230-9d38-f8acde8aeba6 req-8ed0a072-fff2-4230-9d38-f8acde8aeba6 ] Request (ServersAdminTestJSON:setUpClass): 200 GET http://10.180.1.21/compute/v2.1/servers/d8ac549d-b27c-4d4a-a58b-de65bb5586f3 0.261s
2025-11-26 09:12:53.706 63048 INFO tempest.lib.common.rest_client [req-0da7df53-9c6c-4199-9b02-92e0bbc78b97 req-0da7df53-9c6c-4199-9b02-92e0bbc78b97 ] Request (ServersNegativeTestMultiTenantJSON:setUpClass): 200 GET http://10.180.1.21/compute/v2.1/servers/d8656d64-907d-4524-905a-aa67a4ad1f63 0.219s
2025-11-26 09:12:53.748 63054 INFO tempest.lib.common.rest_client [req-8bc1229d-5514-4c63-97f1-c2c762f61f66 req-8bc1229d-5514-4c63-97f1-c2c762f61f66 ] Request (DeleteServersAdminTestJSON:test_delete_server_while_in_error_state): 200 GET http://10.180.1.21/compute/v2.1/servers/b6c2b9a0-44a3-43ae-a2db-5d9dc3acf856 0.246s
2025-11-26 09:12:53.757 63030 INFO tempest.lib.common.rest_client [req-f999627c-7531-4bed-af07-3cdb43bd8036 req-f999627c-7531-4bed-af07-3cdb43bd8036 ] Request (ServersTestMultiNic:test_verify_duplicate_network_nics): 200 GET http://10.180.1.21/compute/v2.1/servers/91907341-29ff-42b3-a25f-a9e990af4de1 0.221s
2025-11-26 09:12:53.793 63024 INFO tempest.lib.common.rest_client [req-0dfcda06-c9a4-4eab-b7e7-cc6b24a22d85 req-0dfcda06-c9a4-4eab-b7e7-cc6b24a22d85 ] Request (ServersTestJSON:test_create_server_specify_multibyte_character_name): 200 GET http://10.180.1.21/compute/v2.1/servers/9d39c196-4ab4-4a97-9c82-44b4a4b107a8 0.245s
2025-11-26 09:12:53.807 63042 INFO tempest.lib.common.rest_client [req-a70f94c1-8881-45ba-9226-442f7e30bf01 req-a70f94c1-8881-45ba-9226-442f7e30bf01 ] Request (ServersTestFqdnHostnames:test_create_server_with_fqdn_name): 200 GET http://10.180.1.21/compute/v2.1/servers/c62428f6-0693-4ae7-81ae-eacb56821c3b 0.208s
2025-11-26 09:12:53.857 63044 INFO tempest.lib.common.rest_client [req-b2636821-e5e3-4d1d-bfb5-33197dfa0ce6 req-b2636821-e5e3-4d1d-bfb5-33197dfa0ce6 ] Request (ServerTagsTestJSON:setUpClass): 200 GET http://10.180.1.21/compute/v2.1/servers/7b8518d4-6d0a-4ba1-b95b-86e8e6774dfc 0.204s
2025-11-26 09:12:53.908 63006 INFO tempest.lib.common.rest_client [req-09b0a49c-9c89-4f7f-846f-6375ad1e1a99 req-09b0a49c-9c89-4f7f-846f-6375ad1e1a99 ] Request (ListServersNegativeTestJSON:setUpClass): 200 GET http://10.180.1.21/compute/v2.1/servers/2a5014e6-835c-45fd-b723-a968782dda58 0.204s
2025-11-26 09:12:53.952 63032 INFO tempest.lib.common.rest_client [req-98d04d55-6a80-468f-81a7-a81544ad124e req-98d04d55-6a80-468f-81a7-a81544ad124e ] Request (ServerAddressesTestJSON:setUpClass): 200 GET http://10.180.1.21/compute/v2.1/servers/6d8cad34-699c-4dcc-8f83-e21490f82b8d 0.237s
2025-11-26 09:12:53.962 63018 INFO tempest.lib.common.rest_client [req-55a95ae6-7a6a-4974-ae78-cb7b29be560a req-55a95ae6-7a6a-4974-ae78-cb7b29be560a ] Request (FloatingIPsAssociationNegativeTestJSON:setUpClass): 200 GET http://10.180.1.21/compute/v2.1/servers/736075f4-302b-4b1a-9358-7fe2fb73a36f 0.312s
2025-11-26 09:12:54.001 63036 INFO tempest.lib.common.rest_client [req-737a1d68-c093-4e28-af9f-97264cc1838e req-737a1d68-c093-4e28-af9f-97264cc1838e ] Request (ServerExternalEventsTest:test_create_server_external_events): 200 GET http://10.180.1.21/compute/v2.1/servers/1dc56d8a-02e3-4441-9bb5-f091ecac835a 0.250s
2025-11-26 09:12:54.014 63058 INFO tempest.lib.common.rest_client [req-2151a2ef-2aea-49d6-a05e-736ce0968128 req-2151a2ef-2aea-49d6-a05e-736ce0968128 ] Request (ServerDiskConfigTestJSON:test_rebuild_server_with_auto_disk_config): 200 GET http://10.180.1.21/compute/v2.1/servers/cb5b5e10-41e5-497e-b409-0a83fa00896c 0.254s
2025-11-26 09:12:54.047 63034 INFO tempest.lib.common.rest_client [req-5a2c8401-2ceb-4b79-af04-c60649ef3dd7 req-5a2c8401-2ceb-4b79-af04-c60649ef3dd7 ] Request (ServerGroupTestJSON:test_create_server_with_scheduler_hint_group): 200 GET http://10.180.1.21/compute/v2.1/servers/c1658258-9147-431c-9e6d-5f8360523c23 0.243s
2025-11-26 09:12:54.061 63002 INFO tempest.lib.common.rest_client [req-609f9b12-c3cf-4b1d-8589-303447c9b2c7 req-609f9b12-c3cf-4b1d-8589-303447c9b2c7 ] Request (ServersNegativeTestJSON:setUpClass): 200 GET http://10.180.1.21/compute/v2.1/servers/45bb8da2-c544-4935-a3a8-62305e599c06 0.248s
2025-11-26 09:12:54.095 63027 INFO tempest.lib.common.rest_client [req-af058f73-b72a-47e2-bfbd-5412fa304c58 req-af058f73-b72a-47e2-bfbd-5412fa304c58 ] Request (ServerMetadataTestJSON:setUpClass): 200 GET http://10.180.1.21/compute/v2.1/servers/b7273f62-c330-4b6a-a6e3-39d76c46aac9 0.247s
