2025-11-26 09:11:17.643 63030 INFO tempest.lib.common.rest_client [req-7203b524-b925-4462-959d-1be34c14814d req-7203b524-b925-4462-959d-1be34c14814d ] Request (ServersTestMultiNic:test_verify_duplicate_network_nics): 200 GET http://10.180.1.21/compute/v2.1/servers/91907341-29ff-42b3-a25f-a9e990af4de1 0.419s
2025-11-26 09:11:17.661 63032 INFO tempest.lib.common.rest_client [req-7b6b4c1f-5a29-46c5-827e-e5b28b1b51fb req-7b6b4c1f-5a29-46c5-827e-e5b28b1b51fb ] Request (ServerAddressesTestJSON:setUpClass): 200 GET http://10.180.1.21/compute/v2.1/servers/6d8cad34-699c-4dcc-8f83-e21490f82b8d 0.422s
2025-11-26 09:11:17.683 63044 INFO tempest.lib.common.rest_client [req-db078f49-1769-4bcd-9af0-d2cdb726b986 req-db078f49-1769-4bcd-9af0-d2cdb726b986 ] Request (FlavorsAdminTestJSON:tearDownClass): 200 GET http://10.180.1.21:9696/networking/v2.0/security-groups?tenant_id=fee0aec121844cb287897371d7fbc240&name=default 0.141s
2025-11-26 09:11:17.726 63006 INFO tempest.lib.common.rest_client [req-23dad060-5c13-4ed0-9bd7-8f0edcf216bf req-23dad060-5c13-4ed0-9bd7-8f0edcf216bf ] Request (ListServersNegativeTestJSON:setUpClass): 200 GET http://10.180.1.21/compute/v2.1/servers/2a5014e6-835c-45fd-b723-a968782dda58 0.449s
2025-11-26 09:11:17.730 63063 INFO tempest.lib.common.rest_client [req-47592254-fe61-4ad2-a1d3-29ebaa30035c req-47592254-fe61-4ad2-a1d3-29ebaa30035c ] Request (ServicesAdminNegativeV253TestJSON:tearDownClass): 204 DELETE http://10.180.1.21/identity/v3/users/527f69900b464a2b9a3d96ba04956d20 0.142s
2025-11-26 09:11:17.796 63036 INFO tempest.lib.common.rest_client [req-3b376e38-6dcb-4983-babf-a271c27d9b41 req-3b376e38-6dcb-4983-babf-a271c27d9b41 ] Request (ServerExternalEventsTest:test_create_server_external_events): 200 GET http://10.180.1.21/compute/v2.1/servers/1dc56d8a-02e3-4441-9bb5-f091ecac835a 0.449s
2025-11-26 09:11:17.816 63008 INFO tempest.lib.common.rest_client [req-b1641d9d-cc19-4eee-a9de-c809b733003e req-b1641d9d-cc19-4eee-a9de-c809b733003e ] Request (SecurityGroupRulesNegativeTestJSON:tearDownClass): 202 DELETE http://10.180.1.21/compute/v2.1/os-security-groups/dcfcb335-84fd-43a6-86ba-d29360c12a6d 0.523s
2025-11-26 09:11:17.832 63002 INFO tempest.lib.common.rest_client [req-f9821da0-18de-489d-99e3-ec90b5190b87 req-f9821da0-18de-489d-99e3-ec90b5190b87 ] Request (ServerGroup264TestJSON:tearDownClass): 204 DELETE http://10.180.1.21:9696/networking/v2.0/routers/1a628e75-dd41-4e94-8a85-922efc19f3dd 0.662s
2025-11-26 09:11:17.859 63044 INFO tempest.lib.common.rest_client [req-08f13238-95f4-4b25-9554-04845bf503df req-08f13238-95f4-4b25-9554-04845bf503df ] Request (FlavorsAdminTestJSON:tearDownClass): 204 DELETE http://10.180.1.21:9696/networking/v2.0/security-groups/02cc4161-bcf6-4cf4-a508-b5cfabfcf1e3 0.175s
2025-11-26 09:11:17.859 63063 INFO tempest.lib.common.rest_client [req-5d434924-be24-4bf8-a935-258525f34046 req-5d434924-be24-4bf8-a935-258525f34046 ] Request (ServicesAdminNegativeV253TestJSON:tearDownClass): 204 DELETE http://10.180.1.21/identity/v3/users/9696d14ea161479c864da41f74b23644 0.128s
2025-11-26 09:11:17.859 63063 INFO tempest.lib.common.dynamic_creds [-] Deleting project and security group for project: 400a9bff2ca44b03bb1ad9c55ab3ea8f
2025-11-26 09:11:17.888 63058 INFO tempest.lib.common.rest_client [req-572d88e0-58ce-494d-8c54-c3a2e53fe371 req-572d88e0-58ce-494d-8c54-c3a2e53fe371 ] Request (ServerDiskConfigTestJSON:test_rebuild_server_with_auto_disk_config): 200 GET http://10.180.1.21/compute/v2.1/servers/cb5b5e10-41e5-497e-b409-0a83fa00896c 0.447s
2025-11-26 09:11:17.927 63063 INFO tempest.lib.common.rest_client [req-b7ceb554-8f5a-4866-abcf-9f795a2e5a34 req-b7ceb554-8f5a-4866-abcf-9f795a2e5a34 ] Request (ServicesAdminNegativeV253TestJSON:tearDownClass): 201 POST http://10.180.1.21/identity/v3/auth/tokens 0.067s
2025-11-26 09:11:17.943 63034 INFO tempest.lib.common.rest_client [req-06b01fbb-d1bd-44c1-aabe-167299c3b9fc req-06b01fbb-d1bd-44c1-aabe-167299c3b9fc ] Request (ServerGroupTestJSON:test_create_server_with_scheduler_hint_group): 200 GET http://10.180.1.21/compute/v2.1/servers/c1658258-9147-431c-9e6d-5f8360523c23 0.448s
2025-11-26 09:11:17.974 63044 INFO tempest.lib.common.rest_client [req-730ab56b-a79a-4dfd-87ff-32bcd1b84f04 req-730ab56b-a79a-4dfd-87ff-32bcd1b84f04 ] Request (FlavorsAdminTestJSON:tearDownClass): 204 DELETE http://10.180.1.21/identity/v3/projects/fee0aec121844cb287897371d7fbc240 0.115s
2025-11-26 09:11:18.013 63014 INFO tempest.lib.common.rest_client [req-b08d1ff5-0cb9-49e7-a417-48fdad892b60 req-b08d1ff5-0cb9-49e7-a417-48fdad892b60 ] Request (ImagesNegativeTestJSON:test_create_image_from_deleted_server): 200 GET http://10.180.1.21/compute/v2.1/servers/1e4cc6b4-5726-4bf5-b7ac-0640ba255ce5 0.623s
2025-11-26 09:11:18.013 63002 INFO tempest.lib.common.rest_client [req-ebd06c68-ac86-4d1e-ad33-7f66dc2d5023 req-ebd06c68-ac86-4d1e-ad33-7f66dc2d5023 ] Request (ServerGroup264TestJSON:tearDownClass): 204 DELETE http://10.180.1.21:9696/networking/v2.0/subnets/6107fe71-c8d1-4133-999f-e5fdecb10622 0.181s
2025-11-26 09:11:18.041 63044 INFO tempest.lib.common.rest_client [req-3a891b26-df23-4295-b33b-75ee695f700a req-3a891b26-df23-4295-b33b-75ee695f700a ] Request (FlavorsExtraSpecsNegativeTestJSON:setUpClass): 201 POST http://10.180.1.21/identity/v3/auth/tokens 0.065s
2025-11-26 09:11:18.072 63044 INFO tempest.lib.common.rest_client [req-3117cc4f-cb18-46a7-a02d-8d4a8a404668 req-3117cc4f-cb18-46a7-a02d-8d4a8a404668 ] Request (FlavorsExtraSpecsNegativeTestJSON:setUpClass): 201 POST http://10.180.1.21/identity/v3/auth/tokens 0.028s
2025-11-26 09:11:18.085 63027 INFO tempest.lib.common.rest_client [req-288cfb0b-81a4-43d9-9c62-465fd754efda req-288cfb0b-81a4-43d9-9c62-465fd754efda ] Request (ServerMetadataTestJSON:setUpClass): 200 GET http://10.180.1.21/compute/v2.1/servers/b7273f62-c330-4b6a-a6e3-39d76c46aac9 0.510s
2025-11-26 09:11:18.101 63044 INFO tempest.lib.common.rest_client [req-ead944d5-478f-419c-b7a0-2e140d09d889 req-ead944d5-478f-419c-b7a0-2e140d09d889 ] Request (FlavorsExtraSpecsNegativeTestJSON:setUpClass): 200 GET http://10.180.1.21/identity/v3/domains?name=Default 0.029s
2025-11-26 09:11:18.133 63018 INFO tempest.lib.common.rest_client [req-262bcb6b-a13f-4bd9-858f-afe0491a714d req-262bcb6b-a13f-4bd9-858f-afe0491a714d ] Request (FloatingIPsAssociationNegativeTestJSON:setUpClass): 200 GET http://10.180.1.21/compute/v2.1/servers/736075f4-302b-4b1a-9358-7fe2fb73a36f 0.604s
2025-11-26 09:11:18.145 63044 INFO tempest.lib.common.rest_client [req-e87882ef-fc7c-4c23-a913-d13875cba837 req-e87882ef-fc7c-4c23-a913-d13875cba837 ] Request (FlavorsExtraSpecsNegativeTestJSON:setUpClass): 201 POST http://10.180.1.21/identity/v3/projects 0.043s
2025-11-26 09:11:18.160 63000 INFO tempest.lib.common.rest_client [req-7a29164c-bdf9-43ff-9a53-62b18442b812 req-7a29164c-bdf9-43ff-9a53-62b18442b812 ] Request (VolumesAdminNegativeTest:test_update_attached_volume_with_nonexistent_volume_in_uri): 200 GET http://10.180.1.21/compute/v2.1/servers/6eab5473-6c72-4bdb-8f84-56de17441f3a 0.530s
2025-11-26 09:11:18.173 63063 INFO tempest.lib.common.rest_client [req-e237faf0-f1fd-4085-ab95-cc8c2c0d9a20 req-e237faf0-f1fd-4085-ab95-cc8c2c0d9a20 ] Request (ServicesAdminNegativeV253TestJSON:tearDownClass): 200 GET http://10.180.1.21:9696/networking/v2.0/security-groups?tenant_id=400a9bff2ca44b03bb1ad9c55ab3ea8f&name=default 0.246s
2025-11-26 09:11:18.218 63044 INFO tempest.lib.common.rest_client [req-0563c941-9d3b-4e7b-94c9-e05a23500ba9 req-0563c941-9d3b-4e7b-94c9-e05a23500ba9 ] Request (FlavorsExtraSpecsNegativeTestJSON:setUpClass): 201 POST http://10.180.1.21/identity/v3/users 0.072s
2025-11-26 09:11:18.231 63004 INFO tempest.lib.common.rest_client [req-031b7614-6c1f-4298-8121-39edc247e35b req-031b7614-6c1f-4298-8121-39edc247e35b ] Request (AttachInterfacesV270Test:test_create_get_list_interfaces): 200 GET http://10.180.1.21/compute/v2.1/servers/1ac41735-b0b9-428e-8644-13490403d53e 0.545s
2025-11-26 09:11:18.239 63044 INFO tempest.lib.common.rest_client [req-78815bbf-94cf-47ae-b4ad-6d5e7bb8eb3f req-78815bbf-94cf-47ae-b4ad-6d5e7bb8eb3f ] Request (FlavorsExtraSpecsNegativeTestJSON:setUpClass): 200 GET http://10.180.1.21/identity/v3/roles 0.020s
2025-11-26 09:11:18.277 63044 INFO tempest.lib.common.rest_client [req-f7a39f1e-1492-4517-b26a-1d4d3e65039b req-f7a39f1e-1492-4517-b26a-1d4d3e65039b ] Request (FlavorsExtraSpecsNegativeTestJSON:setUpClass): 204 PUT http://10.180.1.21/identity/v3/projects/fcfad9a3b0f74a05b78db70e4c8dedc3/users/3a404aa53b3f457aa810789ce0c150f6/roles/158df4edcbef4754b1f42013283b0de3 0.037s
2025-11-26 09:11:18.277 63044 INFO tempest.lib.common.dynamic_creds [-] Dynamic test user 3a404aa53b3f457aa810789ce0c150f6 is created with scope project and roles: ['member']
2025-11-26 09:11:18.277 63044 INFO tempest.lib.common.dynamic_creds [-] Acquired dynamic creds: credentials: Credentials: {'domain_id': 'default', 'domain_name': 'Default', 'username': 'tempest-FlavorsExtraSpecsNegativeTestJSON-1231733354-project-member', 'project_domain_id': 'default', 'project_domain_name': 'Default', 'project_id': 'fcfad9a3b0f74a05b78db70e4c8dedc3', 'project_name': 'tempest-FlavorsExtraSpecsNegativeTestJSON-1231733354', 'tenant_id': 'fcfad9a3b0f74a05b78db70e4c8dedc3', 'tenant_name': 'tempest-FlavorsExtraSpecsNegativeTestJSON-1231733354', 'user_domain_id': 'default', 'user_domain_name': 'Default', 'user_id': '3a404aa53b3f457aa810789ce0c150f6', 'system': None}, Network: None, Subnet: None, Router: None
2025-11-26 09:11:18.278 63044 INFO tempest.lib.common.dynamic_creds [-] Created isolated network resources for: credentials: Credentials: {'domain_id': 'default', 'domain_name': 'Default', 'username': 'tempest-FlavorsExtraSpecsNegativeTestJSON-1231733354-project-member', 'project_domain_id': 'default', 'project_domain_name': 'Default', 'project_id': 'fcfad9a3b0f74a05b78db70e4c8dedc3', 'project_name': 'tempest-FlavorsExtraSpecsNegativeTestJSON-1231733354', 'tenant_id': 'fcfad9a3b0f74a05b78db70e4c8dedc3', 'tenant_name': 'tempest-FlavorsExtraSpecsNegativeTestJSON-1231733354', 'user_domain_id': 'default', 'user_domain_name': 'Default', 'user_id': '3a404aa53b3f457aa810789ce0c150f6', 'system': None}, Network: None, Subnet: None, Router: None
2025-11-26 09:11:18.278 63063 INFO tempest.lib.common.rest_client [req-2e392392-8efc-480b-bbc1-6620b7166f2f req-2e392392-8efc-480b-bbc1-6620b7166f2f ] Request (ServicesAdminNegativeV253TestJSON:tearDownClass): 204 DELETE http://10.180.1.21:9696/networking/v2.0/security-groups/21428994-55f7-4314-860c-cbfd49d60432 0.103s
2025-11-26 09:11:18.312 63040 INFO tempest.lib.common.rest_client [req-f6c67cb1-5baa-4ff2-aa60-c0215b2ab7c1 req-f6c67cb1-5baa-4ff2-aa60-c0215b2ab7c1 ] Request (ServersAdmin275Test:test_rebuild_update_server_275): 200 GET http://10.180.1.21/compute/v2.1/servers/2074f279-f5f2-4048-abf5-ee61bd9f5002 0.515s
2025-11-26 09:11:18.348 63044 INFO tempest.lib.common.rest_client [req-e19f4e88-4f38-4b96-b3bc-4be4a71944f4 req-e19f4e88-4f38-4b96-b3bc-4be4a71944f4 ] Request (FlavorsExtraSpecsNegativeTestJSON:setUpClass): 201 POST http://10.180.1.21/identity/v3/auth/tokens 0.067s
2025-11-26 09:11:18.363 63020 INFO tempest.lib.common.rest_client [req-93dd0d64-7457-43a1-aa39-3e96a7e9a8fd req-93dd0d64-7457-43a1-aa39-3e96a7e9a8fd ] Request (ServersAdminTestJSON:setUpClass): 200 GET http://10.180.1.21/compute/v2.1/servers/d8ac549d-b27c-4d4a-a58b-de65bb5586f3 0.658s
2025-11-26 09:11:18.383 63063 INFO tempest.lib.common.rest_client [req-28ce981c-3129-42ae-8ac2-a5c718dc1007 req-28ce981c-3129-42ae-8ac2-a5c718dc1007 ] Request (ServicesAdminNegativeV253TestJSON:tearDownClass): 204 DELETE http://10.180.1.21/identity/v3/projects/400a9bff2ca44b03bb1ad9c55ab3ea8f 0.105s
2025-11-26 09:11:18.384 63063 INFO tempest.lib.common.dynamic_creds [-] Deleting project and security group for project: b5518ae29ddc4b31bb747b8caedb83c4
2025-11-26 09:11:18.407 63044 INFO tempest.lib.common.rest_client [req-7897b0d7-f7c7-4e9f-aa30-fce54f70accc req-7897b0d7-f7c7-4e9f-aa30-fce54f70accc ] Request (FlavorsExtraSpecsNegativeTestJSON:setUpClass): 201 POST http://10.180.1.21/identity/v3/projects 0.058s
2025-11-26 09:11:18.475 63063 INFO tempest.lib.common.rest_client [req-0ac82a59-fc35-4e73-8b07-d368b799adff req-0ac82a59-fc35-4e73-8b07-d368b799adff ] Request (ServicesAdminNegativeV253TestJSON:tearDownClass): 200 GET http://10.180.1.21:9696/networking/v2.0/security-groups?tenant_id=b5518ae29ddc4b31bb747b8caedb83c4&name=default 0.091s
2025-11-26 09:11:18.475 63044 INFO tempest.lib.common.rest_client [req-c8a20038-4178-4c21-8507-cb6b330abcd6 req-c8a20038-4178-4c21-8507-cb6b330abcd6 ] Request (FlavorsExtraSpecsNegativeTestJSON:setUpClass): 201 POST http://10.180.1.21/identity/v3/users 0.068s
2025-11-26 09:11:18.486 63008 INFO tempest.lib.common.rest_client [req-01595925-2fc5-414a-aa39-7a30e8a1cb14 req-01595925-2fc5-414a-aa39-7a30e8a1cb14 ] Request (SecurityGroupRulesNegativeTestJSON:tearDownClass): 202 DELETE http://10.180.1.21/compute/v2.1/os-security-groups/470c6a5d-389d-4bd8-9f75-d7dcf05fec12 0.669s
2025-11-26 09:11:18.496 63044 INFO tempest.lib.common.rest_client [req-6e28cb01-cee7-4ac6-8836-2564da9fb206 req-6e28cb01-cee7-4ac6-8836-2564da9fb206 ] Request (FlavorsExtraSpecsNegativeTestJSON:setUpClass): 200 GET http://10.180.1.21/identity/v3/roles 0.019s
2025-11-26 09:11:18.524 63044 INFO tempest.lib.common.rest_client [req-171b5c49-cc74-458f-b098-1cccd72f122b req-171b5c49-cc74-458f-b098-1cccd72f122b ] Request (FlavorsExtraSpecsNegativeTestJSON:setUpClass): 204 PUT http://10.180.1.21/identity/v3/projects/f9c28790aa314ed18e474e8312b68349/users/3194d36a3621485f8683480c9ef7c696/roles/2f148c2f5909471b85ae18f10aec54ce 0.028s
2025-11-26 09:11:18.565 63063 INFO tempest.lib.common.rest_client [req-a1959de4-4a3d-491d-8ee2-2447f445e826 req-a1959de4-4a3d-491d-8ee2-2447f445e826 ] Request (ServicesAdminNegativeV253TestJSON:tearDownClass): 204 DELETE http://10.180.1.21:9696/networking/v2.0/security-groups/05420904-c920-45f2-b45e-457e3d170184 0.089s
2025-11-26 09:11:18.567 63016 INFO tempest.lib.common.rest_client [req-caa7d8e2-3e42-4e6c-b82f-ba3f429e9d23 req-caa7d8e2-3e42-4e6c-b82f-ba3f429e9d23 ] Request (AttachInterfacesUnderV243Test:test_add_remove_fixed_ip): 200 GET http://10.180.1.21/compute/v2.1/servers/318f7880-c500-40b8-9ca1-d8a857b36a88 0.671s
2025-11-26 09:11:18.579 63044 INFO tempest.lib.common.rest_client [req-73bd994f-bf39-4f04-934e-d2487bf4ee23 req-73bd994f-bf39-4f04-934e-d2487bf4ee23 ] Request (FlavorsExtraSpecsNegativeTestJSON:setUpClass): 200 GET http://10.180.1.21/identity/v3/roles 0.055s
2025-11-26 09:11:18.601 63044 INFO tempest.lib.common.rest_client [req-80c66ad6-cc9f-4051-bec1-54a65d3a0082 req-80c66ad6-cc9f-4051-bec1-54a65d3a0082 ] Request (FlavorsExtraSpecsNegativeTestJSON:setUpClass): 204 PUT http://10.180.1.21/identity/v3/projects/f9c28790aa314ed18e474e8312b68349/users/3194d36a3621485f8683480c9ef7c696/roles/2f148c2f5909471b85ae18f10aec54ce 0.021s
2025-11-26 09:11:18.601 63044 INFO tempest.lib.common.dynamic_creds [-] Dynamic test user 3194d36a3621485f8683480c9ef7c696 is created with scope project and roles: ['admin']
2025-11-26 09:11:18.601 63044 INFO tempest.lib.common.dynamic_creds [-] Acquired dynamic creds: credentials: Credentials: {'domain_id': 'default', 'domain_name': 'Default', 'username': 'tempest-FlavorsExtraSpecsNegativeTestJSON-1591002158-project-admin', 'project_domain_id': 'default', 'project_domain_name': 'Default', 'project_id': 'f9c28790aa314ed18e474e8312b68349', 'project_name': 'tempest-FlavorsExtraSpecsNegativeTestJSON-1591002158', 'tenant_id': 'f9c28790aa314ed18e474e8312b68349', 'tenant_name': 'tempest-FlavorsExtraSpecsNegativeTestJSON-1591002158', 'user_domain_id': 'default', 'user_domain_name': 'Default', 'user_id': '3194d36a3621485f8683480c9ef7c696', 'system': None}, Network: None, Subnet: None, Router: None
2025-11-26 09:11:18.601 63044 INFO tempest.lib.common.dynamic_creds [-] Created isolated network resources for: credentials: Credentials: {'domain_id': 'default', 'domain_name': 'Default', 'username': 'tempest-FlavorsExtraSpecsNegativeTestJSON-1591002158-project-admin', 'project_domain_id': 'default', 'project_domain_name': 'Default', 'project_id': 'f9c28790aa314ed18e474e8312b68349', 'project_name': 'tempest-FlavorsExtraSpecsNegativeTestJSON-1591002158', 'tenant_id': 'f9c28790aa314ed18e474e8312b68349', 'tenant_name': 'tempest-FlavorsExtraSpecsNegativeTestJSON-1591002158', 'user_domain_id': 'default', 'user_domain_name': 'Default', 'user_id': '3194d36a3621485f8683480c9ef7c696', 'system': None}, Network: None, Subnet: None, Router: None
2025-11-26 09:11:18.625 63063 INFO tempest.lib.common.rest_client [req-e426c809-f476-43be-b8ea-68a199942536 req-e426c809-f476-43be-b8ea-68a199942536 ] Request (ServicesAdminNegativeV253TestJSON:tearDownClass): 204 DELETE http://10.180.1.21/identity/v3/projects/b5518ae29ddc4b31bb747b8caedb83c4 0.059s
2025-11-26 09:11:18.639 63052 INFO tempest.lib.common.rest_client [req-00e10459-664e-4866-9bf8-1a0c6a410527 req-00e10459-664e-4866-9bf8-1a0c6a410527 ] Request (SecurityGroupsTestJSON:test_list_security_groups_by_server): 200 GET http://10.180.1.21/compute/v2.1/servers/91052772-87d4-4fb3-b590-f071c0419196 0.699s
2025-11-26 09:11:18.646 63002 INFO tempest.lib.common.rest_client [req-a49df455-625a-4b35-8c10-dd6168801820 req-a49df455-625a-4b35-8c10-dd6168801820 ] Request (ServerGroup264TestJSON:tearDownClass): 204 DELETE http://10.180.1.21:9696/networking/v2.0/networks/87daa36e-53d0-4af5-bd1f-63032ac024c3 0.632s
2025-11-26 09:11:18.665 63054 INFO tempest.lib.common.rest_client [req-28c5453c-964e-4090-8f56-77f87f9d5c78 req-28c5453c-964e-4090-8f56-77f87f9d5c78 ] Request (DeleteServersAdminTestJSON:test_admin_delete_servers_of_others): 200 GET http://10.180.1.21/compute/v2.1/servers/ac0c40c2-2577-4eae-b3af-96d2ceeeb4ce 0.749s
2025-11-26 09:11:18.671 63044 INFO tempest.lib.common.rest_client [req-3a710254-48fe-49d5-a251-d5eb27524300 req-3a710254-48fe-49d5-a251-d5eb27524300 ] Request (FlavorsExtraSpecsNegativeTestJSON:setUpClass): 201 POST http://10.180.1.21/identity/v3/auth/tokens 0.068s
2025-11-26 09:11:18.679 63063 INFO tempest.lib.common.rest_client [req-f9d27187-82b1-4217-a0fd-68a881f7527b req-f9d27187-82b1-4217-a0fd-68a881f7527b ] Request (ListServerFiltersTestJSON:setUpClass): 201 POST http://10.180.1.21/identity/v3/auth/tokens 0.053s
2025-11-26 09:11:18.690 63038 INFO tempest.lib.common.rest_client [req-444d968d-0998-44aa-9515-5c5550a213ec req-444d968d-0998-44aa-9515-5c5550a213ec ] Request (VolumesAssistedSnapshotsTest:test_volume_assisted_snapshot_create_delete): 200 GET http://10.180.1.21/compute/v2.1/servers/986e37d4-d3ae-42a0-8caa-39b92636b973 0.692s
2025-11-26 09:11:18.707 63063 INFO tempest.lib.common.rest_client [req-41f88e65-ba75-4459-b8fc-54d74f9803da req-41f88e65-ba75-4459-b8fc-54d74f9803da ] Request (ListServerFiltersTestJSON:setUpClass): 201 POST http://10.180.1.21/identity/v3/auth/tokens 0.025s
2025-11-26 09:11:18.711 63046 INFO tempest.lib.common.rest_client [req-2af33970-a42b-465c-83bf-5c3add96d69b req-2af33970-a42b-465c-83bf-5c3add96d69b ] Request (ImagesTestJSON:test_create_image_from_stopped_server): 200 GET http://10.180.1.21/compute/v2.1/servers/2f233d8c-7e64-433e-82aa-ca4b1b2a1798 0.701s
2025-11-26 09:11:18.725 63063 INFO tempest.lib.common.rest_client [req-c4294fcf-647a-4028-a2b1-b0554cbfd958 req-c4294fcf-647a-4028-a2b1-b0554cbfd958 ] Request (ListServerFiltersTestJSON:setUpClass): 200 GET http://10.180.1.21/identity/v3/domains?name=Default 0.018s
2025-11-26 09:11:18.736 63060 INFO tempest.lib.common.rest_client [req-7dabd3f0-a9b9-4bc4-a756-de8cfd80dfc4 req-7dabd3f0-a9b9-4bc4-a756-de8cfd80dfc4 ] Request (ServersWithSpecificFlavorTestJSON:test_verify_created_server_ephemeral_disk): 200 GET http://10.180.1.21/compute/v2.1/servers/cbdca8b1-7929-4d2c-860c-2b74826d1d11 0.682s
2025-11-26 09:11:18.752 63063 INFO tempest.lib.common.rest_client [req-0e020704-6342-4ffe-b42a-8f131021141e req-0e020704-6342-4ffe-b42a-8f131021141e ] Request (ListServerFiltersTestJSON:setUpClass): 201 POST http://10.180.1.21/identity/v3/projects 0.026s
2025-11-26 09:11:18.759 63056 INFO tempest.lib.common.rest_client [req-621b092d-f160-4234-af48-066fcdbd2ff2 req-621b092d-f160-4234-af48-066fcdbd2ff2 ] Request (ServersTestManualDisk:setUpClass): 200 GET http://10.180.1.21/compute/v2.1/servers/540af840-eba5-4cee-a37c-6d6809a24f95 0.695s
2025-11-26 09:11:18.763 63002 INFO tempest.lib.common.rest_client [req-42b76553-c727-4b33-9730-615082f16014 req-42b76553-c727-4b33-9730-615082f16014 ] Request (ServerGroup264TestJSON:tearDownClass): 204 DELETE http://10.180.1.21/identity/v3/users/7cbb6735b91044b0a4643a9ea71482f9 0.116s
2025-11-26 09:11:18.763 63002 INFO tempest.lib.common.dynamic_creds [-] Deleting project and security group for project: 89d84506e61b4b9184f73491766e821f
2025-11-26 09:11:18.799 63002 INFO tempest.lib.common.rest_client [req-e845537a-3b55-42d1-9786-9900ccf93d96 req-e845537a-3b55-42d1-9786-9900ccf93d96 ] Request (ServerGroup264TestJSON:tearDownClass): 200 GET http://10.180.1.21:9696/networking/v2.0/security-groups?tenant_id=89d84506e61b4b9184f73491766e821f&name=default 0.035s
2025-11-26 09:11:18.833 63063 INFO tempest.lib.common.rest_client [req-cba7c821-08f5-473f-96bb-224fea1684e5 req-cba7c821-08f5-473f-96bb-224fea1684e5 ] Request (ListServerFiltersTestJSON:setUpClass): 201 POST http://10.180.1.21/identity/v3/users 0.080s
2025-11-26 09:11:18.854 63063 INFO tempest.lib.common.rest_client [req-e54fccdf-015b-4bef-92b4-d4550f5faafe req-e54fccdf-015b-4bef-92b4-d4550f5faafe ] Request (ListServerFiltersTestJSON:setUpClass): 200 GET http://10.180.1.21/identity/v3/roles 0.021s
2025-11-26 09:11:18.858 63012 INFO tempest.lib.common.rest_client [req-d764837f-6e17-4203-8f5b-b3223aad37a2 req-d764837f-6e17-4203-8f5b-b3223aad37a2 ] Request (ServerDiagnosticsNegativeTest:test_get_server_diagnostics_by_non_admin): 200 GET http://10.180.1.21/compute/v2.1/servers/1ffe728f-e01d-4fbc-9e67-1c4868bae8e5 0.632s
2025-11-26 09:11:18.875 63002 INFO tempest.lib.common.rest_client [req-4c34b3c8-8ba4-469e-ae3b-e14ce2adb0cd req-4c34b3c8-8ba4-469e-ae3b-e14ce2adb0cd ] Request (ServerGroup264TestJSON:tearDownClass): 204 DELETE http://10.180.1.21:9696/networking/v2.0/security-groups/3c51b7b6-a06e-4ffa-8be6-75dcbb3fdf12 0.076s
2025-11-26 09:11:18.876 63050 INFO tempest.lib.common.rest_client [req-8ebae821-5817-4b57-89a9-09e78c255b70 req-8ebae821-5817-4b57-89a9-09e78c255b70 ] Request (MigrationsAdminTest:test_list_migrations_in_flavor_resize_situation): 200 GET http://10.180.1.21/compute/v2.1/servers/0a718440-a0f8-4614-a9f3-553b2ff2e156 0.502s
2025-11-26 09:11:18.888 63063 INFO tempest.lib.common.rest_client [req-4107bbb1-f3bd-4063-bc78-32496f2ec8c3 req-4107bbb1-f3bd-4063-bc78-32496f2ec8c3 ] Request (ListServerFiltersTestJSON:setUpClass): 204 PUT http://10.180.1.21/identity/v3/projects/0dc4f70a095944708ebe176443cc2134/users/686db289143541d1a4aced35036b4cd9/roles/158df4edcbef4754b1f42013283b0de3 0.033s
2025-11-26 09:11:18.889 63063 INFO tempest.lib.common.dynamic_creds [-] Dynamic test user 686db289143541d1a4aced35036b4cd9 is created with scope project and roles: ['member']
2025-11-26 09:11:18.889 63063 INFO tempest.lib.common.dynamic_creds [-] Acquired dynamic creds: credentials: Credentials: {'domain_id': 'default', 'domain_name': 'Default', 'username': 'tempest-ListServerFiltersTestJSON-1817198581-project-member', 'project_domain_id': 'default', 'project_domain_name': 'Default', 'project_id': '0dc4f70a095944708ebe176443cc2134', 'project_name': 'tempest-ListServerFiltersTestJSON-1817198581', 'tenant_id': '0dc4f70a095944708ebe176443cc2134', 'tenant_name': 'tempest-ListServerFiltersTestJSON-1817198581', 'user_domain_id': 'default', 'user_domain_name': 'Default', 'user_id': '686db289143541d1a4aced35036b4cd9', 'system': None}, Network: None, Subnet: None, Router: None
2025-11-26 09:11:18.907 63022 INFO tempest.lib.common.rest_client [req-dfd4e39d-de84-4277-a3ab-2f93061b07c6 req-dfd4e39d-de84-4277-a3ab-2f93061b07c6 ] Request (ServerActionsTestJSON:setUpClass): 200 GET http://10.180.1.21/compute/v2.1/servers/fbfc5a14-9a1f-4d76-a1a4-8afc5833eaba 0.475s
2025-11-26 09:11:18.941 63063 INFO tempest.lib.common.rest_client [req-acff65b4-20bf-4a3d-a040-3a34bf18398f req-acff65b4-20bf-4a3d-a040-3a34bf18398f ] Request (ListServerFiltersTestJSON:setUpClass): 201 POST http://10.180.1.21/identity/v3/auth/tokens 0.052s
2025-11-26 09:11:18.973 63002 INFO tempest.lib.common.rest_client [req-a5b2749b-db17-4cf6-a7ab-079b5acb0380 req-a5b2749b-db17-4cf6-a7ab-079b5acb0380 ] Request (ServerGroup264TestJSON:tearDownClass): 204 DELETE http://10.180.1.21/identity/v3/projects/89d84506e61b4b9184f73491766e821f 0.097s
2025-11-26 09:11:18.974 63002 INFO tempest.test [-] raised in ServerPersonalityTestJSON.setUpClass. Invoking tearDownClass.
2025-11-26 09:11:19.002 63010 INFO tempest.lib.common.rest_client [req-5107cdc4-d4e1-49d8-9310-09edf7d02ed4 req-5107cdc4-d4e1-49d8-9310-09edf7d02ed4 ] Request (ListImageFiltersTestJSON:setUpClass): 200 GET http://10.180.1.21/compute/v2.1/servers/d90fd82e-a469-41c7-b414-c7eb5554e72a 0.567s
2025-11-26 09:11:19.029 63002 INFO tempest.lib.common.rest_client [req-1b0b3016-2330-438d-9346-7de795964cc8 req-1b0b3016-2330-438d-9346-7de795964cc8 ] Request (ServersNegativeTestJSON:setUpClass): 201 POST http://10.180.1.21/identity/v3/auth/tokens 0.052s
2025-11-26 09:11:19.035 63008 INFO tempest.lib.common.rest_client [req-a5d069ad-2253-4ad8-9ffb-18a329cb396d req-a5d069ad-2253-4ad8-9ffb-18a329cb396d ] Request (SecurityGroupRulesNegativeTestJSON:tearDownClass): 202 DELETE http://10.180.1.21/compute/v2.1/os-security-groups/a05d4ac1-7df6-4a79-81fd-2620337448b4 0.548s
2025-11-26 09:11:19.051 63048 INFO tempest.lib.common.rest_client [req-d81f84e0-ddd1-4ffd-9262-d085444cba37 req-d81f84e0-ddd1-4ffd-9262-d085444cba37 ] Request (ServersNegativeTestMultiTenantJSON:setUpClass): 200 GET http://10.180.1.21/compute/v2.1/servers/d8656d64-907d-4524-905a-aa67a4ad1f63 0.560s
2025-11-26 09:11:19.056 63002 INFO tempest.lib.common.rest_client [req-b3b9897d-f417-401f-99e2-f1163a3f5801 req-b3b9897d-f417-401f-99e2-f1163a3f5801 ] Request (ServersNegativeTestJSON:setUpClass): 201 POST http://10.180.1.21/identity/v3/auth/tokens 0.025s
2025-11-26 09:11:19.081 63002 INFO tempest.lib.common.rest_client [req-039167e1-60fa-4067-971a-19c9a45c82ce req-039167e1-60fa-4067-971a-19c9a45c82ce ] Request (ServersNegativeTestJSON:setUpClass): 200 GET http://10.180.1.21/identity/v3/domains?name=Default 0.024s
2025-11-26 09:11:19.099 63042 INFO tempest.lib.common.rest_client [req-b4856df0-0697-4b1c-b42f-de77620f873e req-b4856df0-0697-4b1c-b42f-de77620f873e ] Request (ServersTestFqdnHostnames:test_create_server_with_fqdn_name): 200 GET http://10.180.1.21/compute/v2.1/servers/c62428f6-0693-4ae7-81ae-eacb56821c3b 0.556s
2025-11-26 09:11:19.114 63002 INFO tempest.lib.common.rest_client [req-e5d56e5c-c53f-40d0-aa5f-95d514747984 req-e5d56e5c-c53f-40d0-aa5f-95d514747984 ] Request (ServersNegativeTestJSON:setUpClass): 201 POST http://10.180.1.21/identity/v3/projects 0.032s
2025-11-26 09:11:19.116 63024 INFO tempest.lib.common.rest_client [req-1b1322f5-019e-4b93-a5fb-76fdba554ca2 req-1b1322f5-019e-4b93-a5fb-76fdba554ca2 ] Request (ServersTestJSON:test_create_server_specify_multibyte_character_name): 200 GET http://10.180.1.21/compute/v2.1/servers/9d39c196-4ab4-4a97-9c82-44b4a4b107a8 0.504s
2025-11-26 09:11:19.173 63002 INFO tempest.lib.common.rest_client [req-2198ad58-6468-4a17-9c6c-4711905e89e4 req-2198ad58-6468-4a17-9c6c-4711905e89e4 ] Request (ServersNegativeTestJSON:setUpClass): 201 POST http://10.180.1.21/identity/v3/users 0.058s
2025-11-26 09:11:19.178 63030 INFO tempest.lib.common.rest_client [req-32b76c8a-4d5d-4bc4-ab25-6e08d7b77724 req-32b76c8a-4d5d-4bc4-ab25-6e08d7b77724 ] Request (ServersTestMultiNic:test_verify_duplicate_network_nics): 200 GET http://10.180.1.21/compute/v2.1/servers/91907341-29ff-42b3-a25f-a9e990af4de1 0.524s
2025-11-26 09:11:19.181 63032 INFO tempest.lib.common.rest_client [req-374e27f7-1c18-496a-9b09-ddf87406d20c req-374e27f7-1c18-496a-9b09-ddf87406d20c ] Request (ServerAddressesTestJSON:setUpClass): 200 GET http://10.180.1.21/compute/v2.1/servers/6d8cad34-699c-4dcc-8f83-e21490f82b8d 0.508s
2025-11-26 09:11:19.192 63002 INFO tempest.lib.common.rest_client [req-f3b27bc8-8e9d-4b59-a388-119cc67b9a6d req-f3b27bc8-8e9d-4b59-a388-119cc67b9a6d ] Request (ServersNegativeTestJSON:setUpClass): 200 GET http://10.180.1.21/identity/v3/roles 0.018s
2025-11-26 09:11:19.219 63002 INFO tempest.lib.common.rest_client [req-7c73c6db-e5b1-48dc-a2c1-9fccaae54e8d req-7c73c6db-e5b1-48dc-a2c1-9fccaae54e8d ] Request (ServersNegativeTestJSON:setUpClass): 204 PUT http://10.180.1.21/identity/v3/projects/ff76aa57ae434a748691c59de7a56da2/users/e72a508ffd6b488eba7a28bd3f930d68/roles/158df4edcbef4754b1f42013283b0de3 0.027s
2025-11-26 09:11:19.219 63002 INFO tempest.lib.common.dynamic_creds [-] Dynamic test user e72a508ffd6b488eba7a28bd3f930d68 is created with scope project and roles: ['member']
2025-11-26 09:11:19.219 63002 INFO tempest.lib.common.dynamic_creds [-] Acquired dynamic creds: credentials: Credentials: {'domain_id': 'default', 'domain_name': 'Default', 'username': 'tempest-ServersNegativeTestJSON-202746956-project-member', 'project_domain_id': 'default', 'project_domain_name': 'Default', 'project_id': 'ff76aa57ae434a748691c59de7a56da2', 'project_name': 'tempest-ServersNegativeTestJSON-202746956', 'tenant_id': 'ff76aa57ae434a748691c59de7a56da2', 'tenant_name': 'tempest-ServersNegativeTestJSON-202746956', 'user_domain_id': 'default', 'user_domain_name': 'Default', 'user_id': 'e72a508ffd6b488eba7a28bd3f930d68', 'system': None}, Network: None, Subnet: None, Router: None
2025-11-26 09:11:19.239 63006 INFO tempest.lib.common.rest_client [req-06a724cc-12ce-41ce-8ee0-330e49567d2f req-06a724cc-12ce-41ce-8ee0-330e49567d2f ] Request (ListServersNegativeTestJSON:setUpClass): 200 GET http://10.180.1.21/compute/v2.1/servers/2a5014e6-835c-45fd-b723-a968782dda58 0.505s
2025-11-26 09:11:19.259 63063 INFO tempest.lib.common.rest_client [req-e56e113e-8f93-465e-8478-16aee2b92c4b req-e56e113e-8f93-465e-8478-16aee2b92c4b ] Request (ListServerFiltersTestJSON:setUpClass): 201 POST http://10.180.1.21:9696/networking/v2.0/networks 0.317s
2025-11-26 09:11:19.278 63002 INFO tempest.lib.common.rest_client [req-6ac593a8-e450-44fd-9656-bfdf528b177e req-6ac593a8-e450-44fd-9656-bfdf528b177e ] Request (ServersNegativeTestJSON:setUpClass): 201 POST http://10.180.1.21/identity/v3/auth/tokens 0.058s
2025-11-26 09:11:19.309 63036 INFO tempest.lib.common.rest_client [req-70708e97-ac74-4a2f-9d56-76d8b7e4c692 req-70708e97-ac74-4a2f-9d56-76d8b7e4c692 ] Request (ServerExternalEventsTest:test_create_server_external_events): 200 GET http://10.180.1.21/compute/v2.1/servers/1dc56d8a-02e3-4441-9bb5-f091ecac835a 0.501s
2025-11-26 09:11:19.329 63044 INFO tempest.lib.common.rest_client [req-2c2c627e-c699-4a7a-96d4-d89efaa6e0e3 req-2c2c627e-c699-4a7a-96d4-d89efaa6e0e3 ] Request (FlavorsExtraSpecsNegativeTestJSON:setUpClass): 200 POST http://10.180.1.21/compute/v2.1/flavors 0.655s
2025-11-26 09:11:19.360 63058 INFO tempest.lib.common.rest_client [req-7392d234-fb79-4572-b3a0-affea8bf7bc0 req-7392d234-fb79-4572-b3a0-affea8bf7bc0 ] Request (ServerDiskConfigTestJSON:test_rebuild_server_with_auto_disk_config): 200 GET http://10.180.1.21/compute/v2.1/servers/cb5b5e10-41e5-497e-b409-0a83fa00896c 0.460s
2025-11-26 09:11:19.381 63034 INFO tempest.lib.common.rest_client [req-5f46eeaf-663b-4bb3-8368-444628719d02 req-5f46eeaf-663b-4bb3-8368-444628719d02 ] Request (ServerGroupTestJSON:test_create_server_with_scheduler_hint_group): 200 GET http://10.180.1.21/compute/v2.1/servers/c1658258-9147-431c-9e6d-5f8360523c23 0.429s
2025-11-26 09:11:19.492 63002 INFO tempest.lib.common.rest_client [req-d4fdf13a-7c21-4709-843d-f35170ab6a25 req-d4fdf13a-7c21-4709-843d-f35170ab6a25 ] Request (ServersNegativeTestJSON:setUpClass): 201 POST http://10.180.1.21:9696/networking/v2.0/networks 0.214s
2025-11-26 09:11:19.671 63002 INFO tempest.lib.common.rest_client [req-2c752a55-223f-467e-a0ca-0eec6d3e24ba req-2c752a55-223f-467e-a0ca-0eec6d3e24ba ] Request (ServersNegativeTestJSON:setUpClass): 201 POST http://10.180.1.21:9696/networking/v2.0/subnets 0.178s
2025-11-26 09:11:19.756 63014 INFO tempest.lib.common.rest_client [req-1a5eb679-981c-4cc3-b231-68aaad23884c req-1a5eb679-981c-4cc3-b231-68aaad23884c ] Request (ImagesNegativeTestJSON:test_create_image_from_deleted_server): 200 GET http://10.180.1.21/compute/v2.1/servers/1e4cc6b4-5726-4bf5-b7ac-0640ba255ce5 0.736s
2025-11-26 09:11:19.802 63008 INFO tempest.lib.common.rest_client [req-daa55657-d525-47f3-b026-bddf3c08c9b4 req-daa55657-d525-47f3-b026-bddf3c08c9b4 ] Request (SecurityGroupRulesNegativeTestJSON:tearDownClass): 202 DELETE http://10.180.1.21/compute/v2.1/os-security-groups/511bb0e7-ee59-454e-b5ee-e871fcd5f00a 0.767s
2025-11-26 09:11:19.830 63063 INFO tempest.lib.common.rest_client [req-487be5a3-8d40-42c3-a4f4-7202bf5cfad2 req-487be5a3-8d40-42c3-a4f4-7202bf5cfad2 ] Request (ListServerFiltersTestJSON:setUpClass): 201 POST http://10.180.1.21:9696/networking/v2.0/subnets 0.569s
2025-11-26 09:11:19.831 63063 INFO tempest.lib.common.dynamic_creds [-] Created isolated network resources for: credentials: Credentials: {'domain_id': 'default', 'domain_name': 'Default', 'username': 'tempest-ListServerFiltersTestJSON-1817198581-project-member', 'project_domain_id': 'default', 'project_domain_name': 'Default', 'project_id': '0dc4f70a095944708ebe176443cc2134', 'project_name': 'tempest-ListServerFiltersTestJSON-1817198581', 'tenant_id': '0dc4f70a095944708ebe176443cc2134', 'tenant_name': 'tempest-ListServerFiltersTestJSON-1817198581', 'user_domain_id': 'default', 'user_domain_name': 'Default', 'user_id': '686db289143541d1a4aced35036b4cd9', 'system': None}, Network: {'id': 'ae7e843f-2c2d-43e1-84c4-42951db959d6', 'name': 'tempest-ListServerFiltersTestJSON-217164123-network', 'tenant_id': '0dc4f70a095944708ebe176443cc2134', 'admin_state_up': True, 'mtu': 8950, 'status': 'ACTIVE', 'subnets': [], 'shared': False, 'project_id': '0dc4f70a095944708ebe176443cc2134', 'port_security_enabled': True, 'router:external': False, 'provider:network_type': 'vlan', 'provider:physical_network': 'default', 'provider:segmentation_id': 274, 'is_default': False, 'availability_zone_hints': [], 'availability_zones': [], 'ipv4_address_scope': None, 'ipv6_address_scope': None, 'description': '', 'tags': [], 'created_at': '2025-11-26T09:11:19Z', 'updated_at': '2025-11-26T09:11:19Z', 'revision_number': 1}, Subnet: {'id': 'dbc4cb09-1d40-46ba-beaf-8a9385a98c07', 'name': 'tempest-ListServerFiltersTestJSON-217164123-subnet', 'tenant_id': '0dc4f70a095944708ebe176443cc2134', 'network_id': 'ae7e843f-2c2d-43e1-84c4-42951db959d6', 'ip_version': 4, 'subnetpool_id': None, 'enable_dhcp': True, 'ipv6_ra_mode': None, 'ipv6_address_mode': None, 'gateway_ip': '192.168.128.1', 'cidr': '192.168.128.0/28', 'allocation_pools': [{'start': '192.168.128.2', 'end': '192.168.128.14'}], 'host_routes': [], 'dns_nameservers': [], 'description': '', 'service_types': [], 'tags': [], 'created_at': '2025-11-26T09:11:19Z', 'updated_at': '2025-11-26T09:11:19Z', 'revision_number': 0, 'project_id': '0dc4f70a095944708ebe176443cc2134'}, Router: None
2025-11-26 09:11:19.842 63027 INFO tempest.lib.common.rest_client [req-66d468d4-a442-4c06-af87-40b1f963c0e4 req-66d468d4-a442-4c06-af87-40b1f963c0e4 ] Request (ServerMetadataTestJSON:setUpClass): 200 GET http://10.180.1.21/compute/v2.1/servers/b7273f62-c330-4b6a-a6e3-39d76c46aac9 0.747s
2025-11-26 09:11:19.918 63000 INFO tempest.lib.common.rest_client [req-4d7a731d-877f-480e-b240-5c625e0b23c7 req-4d7a731d-877f-480e-b240-5c625e0b23c7 ] Request (VolumesAdminNegativeTest:test_update_attached_volume_with_nonexistent_volume_in_uri): 200 GET http://10.180.1.21/compute/v2.1/servers/6eab5473-6c72-4bdb-8f84-56de17441f3a 0.749s
2025-11-26 09:11:19.943 63063 INFO tempest.lib.common.rest_client [req-1cff7644-6fbc-419b-a064-d773680401f2 req-1cff7644-6fbc-419b-a064-d773680401f2 ] Request (ListServerFiltersTestJSON:setUpClass): 201 POST http://10.180.1.21/identity/v3/auth/tokens 0.105s
2025-11-26 09:11:19.972 63063 INFO tempest.lib.common.rest_client [req-7ff5eb49-ab30-4c4a-907a-4b88bc7f4d4c req-7ff5eb49-ab30-4c4a-907a-4b88bc7f4d4c ] Request (ListServerFiltersTestJSON:setUpClass): 201 POST http://10.180.1.21/identity/v3/auth/tokens 0.025s
2025-11-26 09:11:19.972 63063 INFO tempest.lib.common.fixed_network [-] (ListServerFiltersTestJSON:setUpClass) Found network {'id': 'ae7e843f-2c2d-43e1-84c4-42951db959d6', 'name': 'tempest-ListServerFiltersTestJSON-217164123-network', 'tenant_id': '0dc4f70a095944708ebe176443cc2134', 'admin_state_up': True, 'mtu': 8950, 'status': 'ACTIVE', 'subnets': [], 'shared': False, 'project_id': '0dc4f70a095944708ebe176443cc2134', 'port_security_enabled': True, 'router:external': False, 'provider:network_type': 'vlan', 'provider:physical_network': 'default', 'provider:segmentation_id': 274, 'is_default': False, 'availability_zone_hints': [], 'availability_zones': [], 'ipv4_address_scope': None, 'ipv6_address_scope': None, 'description': '', 'tags': [], 'created_at': '2025-11-26T09:11:19Z', 'updated_at': '2025-11-26T09:11:19Z', 'revision_number': 1} available for tenant
2025-11-26 09:11:19.995 63004 INFO tempest.lib.common.rest_client [req-6fc402c3-0946-416a-9325-b9bdf9e85404 req-6fc402c3-0946-416a-9325-b9bdf9e85404 ] Request (AttachInterfacesV270Test:test_create_get_list_interfaces): 200 GET http://10.180.1.21/compute/v2.1/servers/1ac41735-b0b9-428e-8644-13490403d53e 0.751s
2025-11-26 09:11:20.009 63063 INFO tempest.lib.common.rest_client [req-c5920731-ab1d-4c34-a459-3be91066212c req-c5920731-ab1d-4c34-a459-3be91066212c ] Request (ListServerFiltersTestJSON:setUpClass): 201 POST http://10.180.1.21/identity/v3/auth/tokens 0.034s
2025-11-26 09:11:20.010 63063 INFO tempest.lib.common.fixed_network [-] (ListServerFiltersTestJSON:setUpClass) Found network {'id': 'ae7e843f-2c2d-43e1-84c4-42951db959d6', 'name': 'tempest-ListServerFiltersTestJSON-217164123-network', 'tenant_id': '0dc4f70a095944708ebe176443cc2134', 'admin_state_up': True, 'mtu': 8950, 'status': 'ACTIVE', 'subnets': [], 'shared': False, 'project_id': '0dc4f70a095944708ebe176443cc2134', 'port_security_enabled': True, 'router:external': False, 'provider:network_type': 'vlan', 'provider:physical_network': 'default', 'provider:segmentation_id': 274, 'is_default': False, 'availability_zone_hints': [], 'availability_zones': [], 'ipv4_address_scope': None, 'ipv6_address_scope': None, 'description': '', 'tags': [], 'created_at': '2025-11-26T09:11:19Z', 'updated_at': '2025-11-26T09:11:19Z', 'revision_number': 1} available for tenant
2025-11-26 09:11:20.027 63018 INFO tempest.lib.common.rest_client [req-7f5bed53-49e3-4050-8a21-c2c529380795 req-7f5bed53-49e3-4050-8a21-c2c529380795 ] Request (FloatingIPsAssociationNegativeTestJSON:setUpClass): 200 GET http://10.180.1.21/compute/v2.1/servers/736075f4-302b-4b1a-9358-7fe2fb73a36f 0.884s
2025-11-26 09:11:20.076 63040 INFO tempest.lib.common.rest_client [req-b75c7e83-af08-42c7-9016-ad8256be2c07 req-b75c7e83-af08-42c7-9016-ad8256be2c07 ] Request (ServersAdmin275Test:test_rebuild_update_server_275): 200 GET http://10.180.1.21/compute/v2.1/servers/2074f279-f5f2-4048-abf5-ee61bd9f5002 0.753s
2025-11-26 09:11:20.114 63044 INFO tempest.lib.common.rest_client [req-615ac14f-aac6-4529-9c5b-c33e39201418 req-615ac14f-aac6-4529-9c5b-c33e39201418 ] Request (FlavorsExtraSpecsNegativeTestJSON:test_flavor_get_nonexistent_key): 404 GET http://10.180.1.21/compute/v2.1/flavors/1141236070/os-extra_specs/hw:cpu_thread_policy 0.782s
2025-11-26 09:11:20.310 63020 INFO tempest.lib.common.rest_client [req-20c12afe-0d23-4cf1-b75b-992bb2b6f065 req-20c12afe-0d23-4cf1-b75b-992bb2b6f065 ] Request (ServersAdminTestJSON:setUpClass): 200 GET http://10.180.1.21/compute/v2.1/servers/d8ac549d-b27c-4d4a-a58b-de65bb5586f3 0.936s
2025-11-26 09:11:20.327 63016 INFO tempest.lib.common.rest_client [req-a94c2d08-0099-4222-b581-3fa68d9af2c8 req-a94c2d08-0099-4222-b581-3fa68d9af2c8 ] Request (AttachInterfacesUnderV243Test:test_add_remove_fixed_ip): 200 GET http://10.180.1.21/compute/v2.1/servers/318f7880-c500-40b8-9ca1-d8a857b36a88 0.751s
2025-11-26 09:11:20.379 63052 INFO tempest.lib.common.rest_client [req-6d5e3f99-e5d9-4709-822f-154d2f9fcc73 req-6d5e3f99-e5d9-4709-822f-154d2f9fcc73 ] Request (SecurityGroupsTestJSON:test_list_security_groups_by_server): 200 GET http://10.180.1.21/compute/v2.1/servers/91052772-87d4-4fb3-b590-f071c0419196 0.730s
2025-11-26 09:11:20.456 63038 INFO tempest.lib.common.rest_client [req-3109793b-d57a-448b-8bdf-96ffb0e81834 req-3109793b-d57a-448b-8bdf-96ffb0e81834 ] Request (VolumesAssistedSnapshotsTest:test_volume_assisted_snapshot_create_delete): 200 GET http://10.180.1.21/compute/v2.1/servers/986e37d4-d3ae-42a0-8caa-39b92636b973 0.759s
2025-11-26 09:11:20.496 63054 INFO tempest.lib.common.rest_client [req-3fbb6397-5ace-4aa0-b9c7-b617eb14ba6e req-3fbb6397-5ace-4aa0-b9c7-b617eb14ba6e ] Request (DeleteServersAdminTestJSON:test_admin_delete_servers_of_others): 200 GET http://10.180.1.21/compute/v2.1/servers/ac0c40c2-2577-4eae-b3af-96d2ceeeb4ce 0.822s
2025-11-26 09:11:20.544 63046 INFO tempest.lib.common.rest_client [req-57a96122-8335-4a59-8463-6e62bbc3c753 req-57a96122-8335-4a59-8463-6e62bbc3c753 ] Request (ImagesTestJSON:test_create_image_from_stopped_server): 200 GET http://10.180.1.21/compute/v2.1/servers/2f233d8c-7e64-433e-82aa-ca4b1b2a1798 0.825s
2025-11-26 09:11:20.563 63060 INFO tempest.lib.common.rest_client [req-857020b2-cae1-4771-b135-d668ade56574 req-857020b2-cae1-4771-b135-d668ade56574 ] Request (ServersWithSpecificFlavorTestJSON:test_verify_created_server_ephemeral_disk): 200 GET http://10.180.1.21/compute/v2.1/servers/cbdca8b1-7929-4d2c-860c-2b74826d1d11 0.820s
2025-11-26 09:11:20.575 63002 INFO tempest.lib.common.rest_client [req-c289029f-e50d-4f17-bd86-c63a88a1f44f req-c289029f-e50d-4f17-bd86-c63a88a1f44f ] Request (ServersNegativeTestJSON:setUpClass): 201 POST http://10.180.1.21:9696/networking/v2.0/routers 0.903s
2025-11-26 09:11:20.652 63056 INFO tempest.lib.common.rest_client [req-519a748f-31dd-4fb3-b6b6-e858d8f8cf1d req-519a748f-31dd-4fb3-b6b6-e858d8f8cf1d ] Request (ServersTestManualDisk:setUpClass): 200 GET http://10.180.1.21/compute/v2.1/servers/540af840-eba5-4cee-a37c-6d6809a24f95 0.887s
2025-11-26 09:11:20.954 63012 INFO tempest.lib.common.rest_client [req-c4b427f6-8ee7-4d51-bd1e-32ebedb1858a req-c4b427f6-8ee7-4d51-bd1e-32ebedb1858a ] Request (ServerDiagnosticsNegativeTest:test_get_server_diagnostics_by_non_admin): 200 GET http://10.180.1.21/compute/v2.1/servers/1ffe728f-e01d-4fbc-9e67-1c4868bae8e5 1.088s
2025-11-26 09:11:21.266 63022 INFO tempest.lib.common.rest_client [req-96e2c05a-387e-4d57-a6a1-d28453c22446 req-96e2c05a-387e-4d57-a6a1-d28453c22446 ] Request (ServerActionsTestJSON:setUpClass): 200 GET http://10.180.1.21/compute/v2.1/servers/fbfc5a14-9a1f-4d76-a1a4-8afc5833eaba 1.350s
2025-11-26 09:11:21.297 63050 INFO tempest.lib.common.rest_client [req-86eaafd4-1c60-40df-ad4b-ce36c5d1335a req-86eaafd4-1c60-40df-ad4b-ce36c5d1335a ] Request (MigrationsAdminTest:test_list_migrations_in_flavor_resize_situation): 200 GET http://10.180.1.21/compute/v2.1/servers/0a718440-a0f8-4614-a9f3-553b2ff2e156 1.414s
2025-11-26 09:11:21.699 63010 INFO tempest.lib.common.rest_client [req-97a053a3-3300-4c17-928d-3d04ca11f6e6 req-97a053a3-3300-4c17-928d-3d04ca11f6e6 ] Request (ListImageFiltersTestJSON:setUpClass): 200 GET http://10.180.1.21/compute/v2.1/servers/d90fd82e-a469-41c7-b414-c7eb5554e72a 1.688s
2025-11-26 09:11:21.795 63048 INFO tempest.lib.common.rest_client [req-df563a34-a8bd-40c7-89c6-df804304bbc0 req-df563a34-a8bd-40c7-89c6-df804304bbc0 ] Request (ServersNegativeTestMultiTenantJSON:setUpClass): 200 GET http://10.180.1.21/compute/v2.1/servers/d8656d64-907d-4524-905a-aa67a4ad1f63 1.736s
2025-11-26 09:11:21.887 63042 INFO tempest.lib.common.rest_client [req-65d3345c-b294-4d87-9b0f-6ae0dec22e59 req-65d3345c-b294-4d87-9b0f-6ae0dec22e59 ] Request (ServersTestFqdnHostnames:test_create_server_with_fqdn_name): 200 GET http://10.180.1.21/compute/v2.1/servers/c62428f6-0693-4ae7-81ae-eacb56821c3b 1.781s
2025-11-26 09:11:21.900 63044 INFO tempest.lib.common.rest_client [req-42c3bbd8-c082-4d05-a9f3-ef32863d9974 req-42c3bbd8-c082-4d05-a9f3-ef32863d9974 ] Request (FlavorsExtraSpecsNegativeTestJSON:test_flavor_non_admin_set_keys): 403 POST http://10.180.1.21/compute/v2.1/flavors/1141236070/os-extra_specs 1.783s
2025-11-26 09:11:21.983 63024 INFO tempest.lib.common.rest_client [req-7dcc7702-240c-460c-99f6-b1a82770cbd5 req-7dcc7702-240c-460c-99f6-b1a82770cbd5 ] Request (ServersTestJSON:test_create_server_specify_multibyte_character_name): 200 GET http://10.180.1.21/compute/v2.1/servers/9d39c196-4ab4-4a97-9c82-44b4a4b107a8 1.857s
2025-11-26 09:11:22.056 63030 INFO tempest.lib.common.rest_client [req-cd849fb8-a161-463b-aee5-392da3277b5d req-cd849fb8-a161-463b-aee5-392da3277b5d ] Request (ServersTestMultiNic:test_verify_duplicate_network_nics): 200 GET http://10.180.1.21/compute/v2.1/servers/91907341-29ff-42b3-a25f-a9e990af4de1 1.870s
2025-11-26 09:11:22.175 63032 INFO tempest.lib.common.rest_client [req-8ccc04ce-3ae2-43c3-b272-3dc1cc7203aa req-8ccc04ce-3ae2-43c3-b272-3dc1cc7203aa ] Request (ServerAddressesTestJSON:setUpClass): 200 GET http://10.180.1.21/compute/v2.1/servers/6d8cad34-699c-4dcc-8f83-e21490f82b8d 1.986s
2025-11-26 09:11:22.486 63006 INFO tempest.lib.common.rest_client [req-71e61efa-a8b8-40f6-af29-575d28899520 req-71e61efa-a8b8-40f6-af29-575d28899520 ] Request (ListServersNegativeTestJSON:setUpClass): 200 GET http://10.180.1.21/compute/v2.1/servers/2a5014e6-835c-45fd-b723-a968782dda58 2.236s
2025-11-26 09:11:22.577 63036 INFO tempest.lib.common.rest_client [req-70d7e330-5a0f-4e0e-87b6-51698c824bf1 req-70d7e330-5a0f-4e0e-87b6-51698c824bf1 ] Request (ServerExternalEventsTest:test_create_server_external_events): 200 GET http://10.180.1.21/compute/v2.1/servers/1dc56d8a-02e3-4441-9bb5-f091ecac835a 2.258s
2025-11-26 09:11:22.593 63008 INFO tempest.lib.common.rest_client [req-a697c19b-1a2b-4c0e-b7eb-82b03d62c776 req-a697c19b-1a2b-4c0e-b7eb-82b03d62c776 ] Request (SecurityGroupRulesNegativeTestJSON:tearDownClass): 200 PUT http://10.180.1.21:9696/networking/v2.0/routers/1654879b-e2b6-49a8-803b-932bfb38c6de/remove_router_interface 2.790s
2025-11-26 09:11:22.674 63058 INFO tempest.lib.common.rest_client [req-a259f194-a70a-4524-bfa5-8a84fedc0bb1 req-a259f194-a70a-4524-bfa5-8a84fedc0bb1 ] Request (ServerDiskConfigTestJSON:test_rebuild_server_with_auto_disk_config): 200 GET http://10.180.1.21/compute/v2.1/servers/cb5b5e10-41e5-497e-b409-0a83fa00896c 2.307s
2025-11-26 09:11:22.706 63063 INFO tempest.lib.common.rest_client [req-c61f4649-bc59-4599-b1fc-3e91b9975a85 req-c61f4649-bc59-4599-b1fc-3e91b9975a85 ] Request (ListServerFiltersTestJSON:setUpClass): 202 POST http://10.180.1.21/compute/v2.1/servers 2.696s
2025-11-26 09:11:22.769 63063 INFO tempest.lib.common.rest_client [req-95fe523b-b628-4c27-83bf-77df53b601a8 req-95fe523b-b628-4c27-83bf-77df53b601a8 ] Request (ListServerFiltersTestJSON:setUpClass): 201 POST http://10.180.1.21/identity/v3/auth/tokens 0.054s
2025-11-26 09:11:22.770 63063 INFO tempest.lib.common.fixed_network [-] (ListServerFiltersTestJSON:setUpClass) Found network {'id': 'ae7e843f-2c2d-43e1-84c4-42951db959d6', 'name': 'tempest-ListServerFiltersTestJSON-217164123-network', 'tenant_id': '0dc4f70a095944708ebe176443cc2134', 'admin_state_up': True, 'mtu': 8950, 'status': 'ACTIVE', 'subnets': [], 'shared': False, 'project_id': '0dc4f70a095944708ebe176443cc2134', 'port_security_enabled': True, 'router:external': False, 'provider:network_type': 'vlan', 'provider:physical_network': 'default', 'provider:segmentation_id': 274, 'is_default': False, 'availability_zone_hints': [], 'availability_zones': [], 'ipv4_address_scope': None, 'ipv6_address_scope': None, 'description': '', 'tags': [], 'created_at': '2025-11-26T09:11:19Z', 'updated_at': '2025-11-26T09:11:19Z', 'revision_number': 1} available for tenant
2025-11-26 09:11:22.781 63034 INFO tempest.lib.common.rest_client [req-77198e7e-5834-4256-a3f8-43dba174935f req-77198e7e-5834-4256-a3f8-43dba174935f ] Request (ServerGroupTestJSON:test_create_server_with_scheduler_hint_group): 200 GET http://10.180.1.21/compute/v2.1/servers/c1658258-9147-431c-9e6d-5f8360523c23 2.393s
2025-11-26 09:11:22.879 63027 INFO tempest.lib.common.rest_client [req-2ce4b702-90f8-4bad-8bbd-f18a18757b93 req-2ce4b702-90f8-4bad-8bbd-f18a18757b93 ] Request (ServerMetadataTestJSON:setUpClass): 200 GET http://10.180.1.21/compute/v2.1/servers/b7273f62-c330-4b6a-a6e3-39d76c46aac9 2.029s
2025-11-26 09:11:22.920 63014 INFO tempest.lib.common.rest_client [req-ec5e63fb-a738-4174-9798-b08be11bf30e req-ec5e63fb-a738-4174-9798-b08be11bf30e ] Request (ImagesNegativeTestJSON:test_create_image_from_deleted_server): 200 GET http://10.180.1.21/compute/v2.1/servers/1e4cc6b4-5726-4bf5-b7ac-0640ba255ce5 2.156s
2025-11-26 09:11:22.945 63000 INFO tempest.lib.common.rest_client [req-e33359e0-f8a4-4626-aeec-9836758a8629 req-e33359e0-f8a4-4626-aeec-9836758a8629 ] Request (VolumesAdminNegativeTest:test_update_attached_volume_with_nonexistent_volume_in_uri): 200 GET http://10.180.1.21/compute/v2.1/servers/6eab5473-6c72-4bdb-8f84-56de17441f3a 2.016s
2025-11-26 09:11:22.996 63004 INFO tempest.lib.common.rest_client [req-ff6eb0ff-af4f-4f3f-bc7e-6976a6e38a43 req-ff6eb0ff-af4f-4f3f-bc7e-6976a6e38a43 ] Request (AttachInterfacesV270Test:test_create_get_list_interfaces): 200 GET http://10.180.1.21/compute/v2.1/servers/1ac41735-b0b9-428e-8644-13490403d53e 1.982s
2025-11-26 09:11:23.089 63040 INFO tempest.lib.common.rest_client [req-6c831829-88e3-41e9-ba1c-0f1227c5a556 req-6c831829-88e3-41e9-ba1c-0f1227c5a556 ] Request (ServersAdmin275Test:test_rebuild_update_server_275): 200 GET http://10.180.1.21/compute/v2.1/servers/2074f279-f5f2-4048-abf5-ee61bd9f5002 2.001s
