2025-12-09 23:45:39.402 65826 INFO tempest.lib.common.rest_client [req-92a5c724-0f73-4fbc-8419-4af71095a346 req-92a5c724-0f73-4fbc-8419-4af71095a346 ] Request (ImagesTestJSON:test_create_server_from_snapshot): 200 GET http://10.180.1.21/compute/v2.1/servers/5406197f-1e12-47f9-a732-cd10329eb113 0.058s
2025-12-09 23:45:39.461 65820 INFO tempest.lib.common.rest_client [req-1b93c5a8-0d84-4efa-99c5-f5e8fc17b653 req-1b93c5a8-0d84-4efa-99c5-f5e8fc17b653 ] Request (ServerExternalEventsTest:tearDownClass): 200 GET http://10.180.1.21/compute/v2.1/servers/aa5d3405-a1a7-4b62-b1f3-672b087f50c4 0.068s
2025-12-09 23:45:39.485 65794 INFO tempest.lib.common.rest_client [req-8803d84d-6722-4374-a649-ddf4d22dedbc req-8803d84d-6722-4374-a649-ddf4d22dedbc ] Request (ServersNegativeTestJSON:setUp): 200 GET http://10.180.1.21/compute/v2.1/servers/52041000-a362-4894-9262-bc6bd60f802a 0.135s
2025-12-09 23:45:39.504 65794 INFO tempest.lib.common.rest_client [req-a79fd94a-22a3-4277-a105-9460544c4709 req-a79fd94a-22a3-4277-a105-9460544c4709 ] Request (ServersNegativeTestJSON:test_shelve_non_existent_server): 404 POST http://10.180.1.21/compute/v2.1/servers/5ff5ecec-9ae6-46e4-8e91-6ca8cb426d3c/action 0.011s
2025-12-09 23:45:39.541 65829 INFO tempest.lib.common.rest_client [req-9652a01b-3997-4721-946b-e426d56fe29e req-9652a01b-3997-4721-946b-e426d56fe29e ] Request (VolumesAssistedSnapshotsTest:tearDownClass): 200 GET http://10.180.1.21/compute/v2.1/servers/4d4c9afa-cab3-46d1-ae00-a87f31566439 0.065s
2025-12-09 23:45:39.624 65824 INFO tempest.lib.common.rest_client [req-b17b1df9-4c99-4eb8-8b8b-fd9da400f605 req-b17b1df9-4c99-4eb8-8b8b-fd9da400f605 ] Request (InstanceActionsNegativeTestJSON:setUpClass): 200 GET http://10.180.1.21/compute/v2.1/servers/7b1bcd3d-7766-49e0-aa93-9b89ba6db100 0.081s
2025-12-09 23:45:39.644 65794 INFO tempest.lib.common.rest_client [req-75494de3-efd7-4bff-9bae-fe94ae6e2aeb req-75494de3-efd7-4bff-9bae-fe94ae6e2aeb ] Request (ServersNegativeTestJSON:tearDown): 200 GET http://10.180.1.21/compute/v2.1/servers/52041000-a362-4894-9262-bc6bd60f802a 0.139s
2025-12-09 23:45:39.692 65848 INFO tempest.lib.common.rest_client [req-76189673-a43a-44f8-ad40-75269017c817 req-76189673-a43a-44f8-ad40-75269017c817 ] Request (ServersTestFqdnHostnames:tearDownClass): 200 GET http://10.180.1.21/compute/v2.1/servers/407fcf59-1314-44ab-8b93-e69df21938fd 0.114s
2025-12-09 23:45:39.713 65834 INFO tempest.lib.common.rest_client [req-6e9fc15a-0c05-414b-b08e-de5a8bcbcef9 req-6e9fc15a-0c05-414b-b08e-de5a8bcbcef9 ] Request (ServerShowV257Test:test_rebuild_server): 200 GET http://10.180.1.21/compute/v2.1/servers/74404b0b-60c8-4092-baa9-09cf3a5a70a8 0.064s
2025-12-09 23:45:39.795 65794 INFO tempest.lib.common.rest_client [req-8a5d0a35-b669-4d3d-8a62-e07557f2bbd5 req-8a5d0a35-b669-4d3d-8a62-e07557f2bbd5 ] Request (ServersNegativeTestJSON:setUp): 200 GET http://10.180.1.21/compute/v2.1/servers/52041000-a362-4894-9262-bc6bd60f802a 0.144s
2025-12-09 23:45:39.855 65802 INFO tempest.lib.common.rest_client [req-adebc21b-fc02-440d-ac92-56ad5336a492 req-adebc21b-fc02-440d-ac92-56ad5336a492 ] Request (ServersTestMultiNic:_run_cleanups): 200 GET http://10.180.1.21/compute/v2.1/servers/be50a5d2-e84f-4b28-9d04-66c4a82813f6 0.120s
2025-12-09 23:45:39.873 65800 INFO tempest.lib.common.rest_client [req-e03d8f21-43fa-4e10-be90-a57d7ee3727c req-e03d8f21-43fa-4e10-be90-a57d7ee3727c ] Request (ServerDiagnosticsNegativeTest:tearDownClass): 200 GET http://10.180.1.21/compute/v2.1/servers/fb8d4822-386a-4cfc-b77d-ef16db5c84dc 0.112s
2025-12-09 23:45:39.914 65806 INFO tempest.lib.common.rest_client [req-e17686d9-1099-40e5-8de6-56bec7dfea93 req-e17686d9-1099-40e5-8de6-56bec7dfea93 ] Request (ServerRescueTestJSONUnderV235:tearDownClass): 200 GET http://10.180.1.21/compute/v2.1/servers/c36270c7-e51d-41b2-8d11-ba5077bfcb49 0.109s
2025-12-09 23:45:39.963 65804 INFO tempest.lib.common.rest_client [req-fe3b786a-2b4c-4801-93a8-be1cbdf0d3b8 req-fe3b786a-2b4c-4801-93a8-be1cbdf0d3b8 ] Request (AttachVolumeTestJSON:test_attach_detach_volume): 200 GET http://10.180.1.21/compute/v2.1/servers/997c7cfa-6a5d-4b40-8d29-69435f8c1766 0.132s
2025-12-09 23:45:40.040 65812 INFO tempest.lib.common.rest_client [req-5dffec76-6697-4be7-a395-f85e1bb2fd09 req-5dffec76-6697-4be7-a395-f85e1bb2fd09 ] Request (ImagesOneServerNegativeTestJSON:_run_cleanups): 200 GET http://10.180.1.21/compute/v2.1/servers/53f76d6f-70c8-4b3e-bfb4-e7a95261007f 0.147s
2025-12-09 23:45:40.097 65832 INFO tempest.lib.common.rest_client [req-908357ec-36b4-405f-b67e-7ab2d1a49eb5 req-908357ec-36b4-405f-b67e-7ab2d1a49eb5 ] Request (ServersAdminTestJSON:tearDownClass): 200 GET http://10.180.1.21/compute/v2.1/servers/f81bdcfe-b68d-45ee-b014-9492eefc3c55 0.131s
2025-12-09 23:45:40.148 65790 INFO tempest.lib.common.rest_client [req-f0ce0dfe-f8b7-41b4-b64f-5d1556607a2b req-f0ce0dfe-f8b7-41b4-b64f-5d1556607a2b ] Request (AttachInterfacesUnderV243Test:test_add_remove_fixed_ip): 200 GET http://10.180.1.21/compute/v2.1/servers/e26cceec-b50b-480e-a822-61084c3b9d92 0.170s
2025-12-09 23:45:40.299 65794 INFO tempest.lib.common.rest_client [req-74519ec4-1793-4704-8d09-68c254fc48ed req-74519ec4-1793-4704-8d09-68c254fc48ed ] Request (ServersNegativeTestJSON:test_shelve_shelved_server): 202 POST http://10.180.1.21/compute/v2.1/servers/52041000-a362-4894-9262-bc6bd60f802a/action 0.493s
2025-12-09 23:45:40.300 65788 INFO tempest.lib.common.rest_client [req-603f80b8-4839-412c-83cf-9699d9c96c51 req-603f80b8-4839-412c-83cf-9699d9c96c51 ] Request (ServerActionsTestOtherB:test_create_backup): 200 GET http://10.180.1.21/image/v2/images/4ab8e588-cb2b-4740-9b35-bbcb7b3d31b9 0.297s
2025-12-09 23:45:40.339 65816 INFO tempest.lib.common.rest_client [req-3d54cc52-b82e-4b97-be1d-06cea381bd4d req-3d54cc52-b82e-4b97-be1d-06cea381bd4d ] Request (FloatingIPsAssociationTestJSON:test_associate_already_associated_floating_ip): 200 GET http://10.180.1.21/compute/v2.1/servers/250bf9d5-3584-44be-85c5-92c5f8fd7b7f 0.269s
2025-12-09 23:45:40.346 65816 INFO tempest.common.waiters [-] State transition "BUILD/spawning" ==> "ACTIVE/None" after 58 second wait
2025-12-09 23:45:40.357 65808 INFO tempest.lib.common.rest_client [req-d0150e9e-0a44-41ca-9e70-5b4addd0570e req-d0150e9e-0a44-41ca-9e70-5b4addd0570e ] Request (ServerRescueNegativeTestJSON:test_rescued_vm_detach_volume): 200 GET http://10.180.1.21/compute/v2.1/servers/a890aa57-4cc5-4588-8b6a-c8d62c9d72e8 0.234s
2025-12-09 23:45:40.390 65846 INFO tempest.lib.common.rest_client [req-15f866fa-8c74-4837-89ee-fb2de7c17648 req-15f866fa-8c74-4837-89ee-fb2de7c17648 ] Request (ServerShowV254Test:test_rebuild_server): 200 GET http://10.180.1.21/compute/v2.1/servers/261d0b0d-8c3a-4af0-80f2-57d128f1852d 0.254s
2025-12-09 23:45:40.400 65846 INFO tempest.common.waiters [-] State transition "BUILD/spawning" ==> "ACTIVE/None" after 57 second wait
2025-12-09 23:45:40.403 65845 INFO tempest.lib.common.rest_client [req-d343d495-d053-4d60-94bd-19c51121f27a req-d343d495-d053-4d60-94bd-19c51121f27a ] Request (ServerRescueTestJSON:test_rescue_unrescue_instance): 200 GET http://10.180.1.21/compute/v2.1/servers/bd09bfd2-a920-4049-9e6b-e96faf44b06b 0.198s
2025-12-09 23:45:40.409 65796 INFO tempest.lib.common.rest_client [req-2fd63f76-e96f-471a-baa4-3237b99053f8 req-2fd63f76-e96f-471a-baa4-3237b99053f8 ] Request (ListServerFiltersTestJSON:tearDownClass): 404 GET http://10.180.1.21/compute/v2.1/servers/964929fc-d9d8-4faa-981b-27f9e516ddd3 0.201s
2025-12-09 23:45:40.459 65840 INFO tempest.lib.common.rest_client [req-8521dd56-4fe1-4853-83e4-4775264e1350 req-8521dd56-4fe1-4853-83e4-4775264e1350 ] Request (SecurityGroupsTestJSON:test_server_security_groups): 200 GET http://10.180.1.21/compute/v2.1/servers/5bec10ed-4738-4d28-b95d-37334ea33452 0.164s
2025-12-09 23:45:40.503 65794 INFO tempest.lib.common.rest_client [req-8d4dba03-2663-4c42-b3ec-f210fa8bc00b req-8d4dba03-2663-4c42-b3ec-f210fa8bc00b ] Request (ServersNegativeTestJSON:test_shelve_shelved_server): 200 GET http://10.180.1.21/compute/v2.1/servers/52041000-a362-4894-9262-bc6bd60f802a 0.204s
2025-12-09 23:45:40.556 65818 INFO tempest.lib.common.rest_client [req-424adf28-4bef-497b-ad1c-2fa1238fb1e5 req-424adf28-4bef-497b-ad1c-2fa1238fb1e5 ] Request (ListImageFiltersTestJSON:tearDownClass): 200 GET http://10.180.1.21/compute/v2.1/servers/a3a6e975-ede3-4061-81b5-820509ca8071 0.183s
2025-12-09 23:45:40.584 65846 INFO tempest.lib.common.rest_client [req-1eca596a-efa1-4b7c-a4fa-e65e2ea22d7b req-1eca596a-efa1-4b7c-a4fa-e65e2ea22d7b ] Request (ServerShowV254Test:test_rebuild_server): 201 POST http://10.180.1.21/compute/v2.1/os-keypairs 0.183s
2025-12-09 23:45:40.665 65796 INFO tempest.lib.common.rest_client [req-74ad328a-876d-41c5-a923-63f9616dbe1c req-74ad328a-876d-41c5-a923-63f9616dbe1c ] Request (ListServerFiltersTestJSON:tearDownClass): 204 DELETE http://10.180.1.21/compute/v2.1/servers/d4d42b7c-a0eb-4cd5-a5f8-e059e007533f 0.255s
2025-12-09 23:45:40.723 65826 INFO tempest.lib.common.rest_client [req-52c76db5-fc95-4acb-95f0-d8dfa46df8ee req-52c76db5-fc95-4acb-95f0-d8dfa46df8ee ] Request (ImagesTestJSON:test_create_server_from_snapshot): 200 GET http://10.180.1.21/compute/v2.1/servers/5406197f-1e12-47f9-a732-cd10329eb113 0.310s
2025-12-09 23:45:40.741 65820 INFO tempest.lib.common.rest_client [req-64fc4927-5604-4840-910e-2becbc9bd6f8 req-64fc4927-5604-4840-910e-2becbc9bd6f8 ] Request (ServerExternalEventsTest:tearDownClass): 404 GET http://10.180.1.21/compute/v2.1/servers/aa5d3405-a1a7-4b62-b1f3-672b087f50c4 0.271s
2025-12-09 23:45:40.759 65829 INFO tempest.lib.common.rest_client [req-40491815-9b0b-4b2a-92f8-d39aa671f191 req-40491815-9b0b-4b2a-92f8-d39aa671f191 ] Request (VolumesAssistedSnapshotsTest:tearDownClass): 404 GET http://10.180.1.21/compute/v2.1/servers/4d4c9afa-cab3-46d1-ae00-a87f31566439 0.209s
2025-12-09 23:45:40.827 65820 INFO tempest.lib.common.rest_client [req-34266843-a1e2-40cb-a061-7b6e88a8ac1d req-34266843-a1e2-40cb-a061-7b6e88a8ac1d ] Request (ServerExternalEventsTest:tearDownClass): 204 DELETE http://10.180.1.21/identity/v3/users/5f7a8bc83db2438eac704403ba77923c 0.085s
2025-12-09 23:45:40.942 65820 INFO tempest.lib.common.rest_client [req-6a1d9025-1d0c-4f56-934f-22c66ef23c76 req-6a1d9025-1d0c-4f56-934f-22c66ef23c76 ] Request (ServerExternalEventsTest:tearDownClass): 204 DELETE http://10.180.1.21/identity/v3/users/21dc770c9cf3419abc2e6f7a6374cdaa 0.114s
2025-12-09 23:45:40.953 65846 INFO tempest.lib.common.rest_client [req-61e8753c-bb3f-4d44-b438-3ad1a4b0d078 req-61e8753c-bb3f-4d44-b438-3ad1a4b0d078 ] Request (ServerShowV254Test:test_rebuild_server): 202 POST http://10.180.1.21/compute/v2.1/servers/261d0b0d-8c3a-4af0-80f2-57d128f1852d/action 0.368s
2025-12-09 23:45:41.012 65824 INFO tempest.lib.common.rest_client [req-fdb5fcfa-f59f-4f1c-955a-4773eb2204fd req-fdb5fcfa-f59f-4f1c-955a-4773eb2204fd ] Request (InstanceActionsNegativeTestJSON:setUpClass): 200 GET http://10.180.1.21/compute/v2.1/servers/7b1bcd3d-7766-49e0-aa93-9b89ba6db100 0.379s
2025-12-09 23:45:41.036 65820 INFO tempest.lib.common.rest_client [req-d78e8a48-2c2d-42d2-aa3e-7fdbfb205260 req-d78e8a48-2c2d-42d2-aa3e-7fdbfb205260 ] Request (ServerExternalEventsTest:tearDownClass): 204 DELETE http://10.180.1.21/identity/v3/users/2069481091d04a5896424aff7a43023f 0.094s
2025-12-09 23:45:41.036 65820 INFO tempest.lib.common.dynamic_creds [-] Deleting project and security group for project: 1eb20de5fa284065a1e247f5acfc406a
2025-12-09 23:45:41.090 65820 INFO tempest.lib.common.rest_client [req-cd330673-8016-483d-9a61-ee3664fd2a74 req-cd330673-8016-483d-9a61-ee3664fd2a74 ] Request (ServerExternalEventsTest:tearDownClass): 201 POST http://10.180.1.21/identity/v3/auth/tokens 0.054s
2025-12-09 23:45:41.151 65796 INFO tempest.lib.common.rest_client [req-5370a973-6179-43aa-8078-94fad3889456 req-5370a973-6179-43aa-8078-94fad3889456 ] Request (ListServerFiltersTestJSON:tearDownClass): 200 GET http://10.180.1.21/compute/v2.1/servers/d4d42b7c-a0eb-4cd5-a5f8-e059e007533f 0.485s
2025-12-09 23:45:41.249 65848 INFO tempest.lib.common.rest_client [req-08d9f93c-5ac7-48c9-942f-b5591486a694 req-08d9f93c-5ac7-48c9-942f-b5591486a694 ] Request (ServersTestFqdnHostnames:tearDownClass): 200 GET http://10.180.1.21/compute/v2.1/servers/407fcf59-1314-44ab-8b93-e69df21938fd 0.548s
2025-12-09 23:45:41.321 65820 INFO tempest.lib.common.rest_client [req-9515c785-5072-425b-86d3-d3b8df1d3661 req-9515c785-5072-425b-86d3-d3b8df1d3661 ] Request (ServerExternalEventsTest:tearDownClass): 200 GET http://10.180.1.21/networking/v2.0/security-groups?tenant_id=1eb20de5fa284065a1e247f5acfc406a&name=default 0.230s
2025-12-09 23:45:41.325 65788 INFO tempest.lib.common.rest_client [req-9766dcf0-4e71-4887-835e-b6675bfd6d16 req-9766dcf0-4e71-4887-835e-b6675bfd6d16 ] Request (ServerActionsTestOtherB:test_create_backup): 200 GET http://10.180.1.21/image/v2/images/4ab8e588-cb2b-4740-9b35-bbcb7b3d31b9 0.023s
2025-12-09 23:45:41.347 65834 INFO tempest.lib.common.rest_client [req-36c9ac0e-7c4d-422d-b7a9-23669bdd4b8c req-36c9ac0e-7c4d-422d-b7a9-23669bdd4b8c ] Request (ServerShowV257Test:test_rebuild_server): 200 GET http://10.180.1.21/compute/v2.1/servers/74404b0b-60c8-4092-baa9-09cf3a5a70a8 0.625s
2025-12-09 23:45:41.364 65829 INFO tempest.lib.common.rest_client [req-973ba102-6462-4a39-a055-7c40707415f3 req-973ba102-6462-4a39-a055-7c40707415f3 ] Request (VolumesAssistedSnapshotsTest:tearDownClass): 202 DELETE http://10.180.1.21/compute/v2.1/os-keypairs/tempest-keypair-1937868983 0.604s
2025-12-09 23:45:41.397 65816 INFO tempest.lib.common.rest_client [req-a8c102a7-aaf6-422f-a255-bff35a7ee4ac req-a8c102a7-aaf6-422f-a255-bff35a7ee4ac ] Request (FloatingIPsAssociationTestJSON:test_associate_already_associated_floating_ip): 202 POST http://10.180.1.21/compute/v2.1/servers/4870929d-ccc6-44ff-a295-5bd70dc1fbc0/action 1.051s
2025-12-09 23:45:41.434 65820 INFO tempest.lib.common.rest_client [req-6668dd88-c76b-42eb-8811-f7c45085a2bb req-6668dd88-c76b-42eb-8811-f7c45085a2bb ] Request (ServerExternalEventsTest:tearDownClass): 204 DELETE http://10.180.1.21/networking/v2.0/security-groups/601bd7e8-6a1f-4878-b0c6-176c143ad638 0.112s
2025-12-09 23:45:41.459 65802 INFO tempest.lib.common.rest_client [req-c0dc061b-8c62-493a-8eb6-1af3bce71c48 req-c0dc061b-8c62-493a-8eb6-1af3bce71c48 ] Request (ServersTestMultiNic:_run_cleanups): 200 GET http://10.180.1.21/compute/v2.1/servers/be50a5d2-e84f-4b28-9d04-66c4a82813f6 0.594s
2025-12-09 23:45:41.467 65829 INFO tempest.lib.common.rest_client [req-7cce7e69-8dc6-4a4f-907f-8791d452138c req-7cce7e69-8dc6-4a4f-907f-8791d452138c ] Request (VolumesAssistedSnapshotsTest:tearDownClass): 204 DELETE http://10.180.1.21/networking/v2.0/security-groups/c42e0f06-cc93-48cd-8537-afbff61c0002 0.102s
2025-12-09 23:45:41.474 65802 INFO tempest.common.waiters [-] State transition "ACTIVE/deleting" ==> "DELETED/None" after 4 second wait
2025-12-09 23:45:41.478 65800 INFO tempest.lib.common.rest_client [req-1351e712-9650-4f15-953e-eebb4133af88 req-1351e712-9650-4f15-953e-eebb4133af88 ] Request (ServerDiagnosticsNegativeTest:tearDownClass): 200 GET http://10.180.1.21/compute/v2.1/servers/fb8d4822-386a-4cfc-b77d-ef16db5c84dc 0.593s
2025-12-09 23:45:41.480 65829 INFO tempest.lib.common.rest_client [req-89c7ad7c-7965-44a9-bbeb-28cbe8fd92f8 req-89c7ad7c-7965-44a9-bbeb-28cbe8fd92f8 ] Request (VolumesAssistedSnapshotsTest:tearDownClass): 404 GET http://10.180.1.21/networking/v2.0/security-groups/c42e0f06-cc93-48cd-8537-afbff61c0002 0.012s
2025-12-09 23:45:41.528 65806 INFO tempest.lib.common.rest_client [req-46b05f88-6410-47bb-b2e1-9065f76d7666 req-46b05f88-6410-47bb-b2e1-9065f76d7666 ] Request (ServerRescueTestJSONUnderV235:tearDownClass): 200 GET http://10.180.1.21/compute/v2.1/servers/c36270c7-e51d-41b2-8d11-ba5077bfcb49 0.606s
2025-12-09 23:45:41.532 65820 INFO tempest.lib.common.rest_client [req-7c9757ce-4e54-4516-9835-3768771951b6 req-7c9757ce-4e54-4516-9835-3768771951b6 ] Request (ServerExternalEventsTest:tearDownClass): 204 DELETE http://10.180.1.21/identity/v3/projects/1eb20de5fa284065a1e247f5acfc406a 0.096s
2025-12-09 23:45:41.532 65820 INFO tempest.lib.common.dynamic_creds [-] Deleting project and security group for project: cfd7368a64e34e7687d33b4c43c590ab
2025-12-09 23:45:41.560 65846 INFO tempest.lib.common.rest_client [req-49c9886f-ccc9-489b-bd38-b738a279bb81 req-49c9886f-ccc9-489b-bd38-b738a279bb81 ] Request (ServerShowV254Test:test_rebuild_server): 200 GET http://10.180.1.21/compute/v2.1/servers/261d0b0d-8c3a-4af0-80f2-57d128f1852d 0.599s
2025-12-09 23:45:41.580 65820 INFO tempest.lib.common.rest_client [req-229588b5-2d98-4e71-97eb-b3a800064efe req-229588b5-2d98-4e71-97eb-b3a800064efe ] Request (ServerExternalEventsTest:tearDownClass): 200 GET http://10.180.1.21/networking/v2.0/security-groups?tenant_id=cfd7368a64e34e7687d33b4c43c590ab&name=default 0.047s
2025-12-09 23:45:41.601 65804 INFO tempest.lib.common.rest_client [req-1aadbfc9-84d4-4366-98f5-792fc64e09af req-1aadbfc9-84d4-4366-98f5-792fc64e09af ] Request (AttachVolumeTestJSON:test_attach_detach_volume): 200 GET http://10.180.1.21/compute/v2.1/servers/997c7cfa-6a5d-4b40-8d29-69435f8c1766 0.630s
2025-12-09 23:45:41.677 65820 INFO tempest.lib.common.rest_client [req-b5e7706d-b8f8-4435-86c2-e7add06201d8 req-b5e7706d-b8f8-4435-86c2-e7add06201d8 ] Request (ServerExternalEventsTest:tearDownClass): 204 DELETE http://10.180.1.21/networking/v2.0/security-groups/8dc9f855-533a-4433-a61a-1b82bd71ea7f 0.097s
2025-12-09 23:45:41.701 65812 INFO tempest.lib.common.rest_client [req-4715b685-4dae-4a76-873c-75ae04e7b3ee req-4715b685-4dae-4a76-873c-75ae04e7b3ee ] Request (ImagesOneServerNegativeTestJSON:_run_cleanups): 200 GET http://10.180.1.21/compute/v2.1/servers/53f76d6f-70c8-4b3e-bfb4-e7a95261007f 0.652s
2025-12-09 23:45:41.721 65832 INFO tempest.lib.common.rest_client [req-07a7907d-6d80-46fa-982d-a16db2350345 req-07a7907d-6d80-46fa-982d-a16db2350345 ] Request (ServersAdminTestJSON:tearDownClass): 200 GET http://10.180.1.21/compute/v2.1/servers/f81bdcfe-b68d-45ee-b014-9492eefc3c55 0.617s
2025-12-09 23:45:41.756 65829 INFO tempest.lib.common.rest_client [req-3239e77e-98df-4782-920a-ebcdb89433ad req-3239e77e-98df-4782-920a-ebcdb89433ad ] Request (VolumesAssistedSnapshotsTest:tearDownClass): 204 DELETE http://10.180.1.21/networking/v2.0/floatingips/1249cac2-e32a-4305-8f08-40d9c333053e 0.275s
2025-12-09 23:45:41.763 65790 INFO tempest.lib.common.rest_client [req-f9947171-c0f7-49bc-848c-f1f6693b4a57 req-f9947171-c0f7-49bc-848c-f1f6693b4a57 ] Request (AttachInterfacesUnderV243Test:test_add_remove_fixed_ip): 200 GET http://10.180.1.21/compute/v2.1/servers/e26cceec-b50b-480e-a822-61084c3b9d92 0.607s
2025-12-09 23:45:41.777 65808 INFO tempest.lib.common.rest_client [req-abe85876-255f-4449-a016-3cab1d41fa13 req-abe85876-255f-4449-a016-3cab1d41fa13 ] Request (ServerRescueNegativeTestJSON:test_rescued_vm_detach_volume): 200 GET http://10.180.1.21/compute/v2.1/servers/a890aa57-4cc5-4588-8b6a-c8d62c9d72e8 0.412s
2025-12-09 23:45:41.784 65829 INFO tempest.lib.common.rest_client [req-b375ef45-bf36-45fb-92cb-a0bc709ee68e req-b375ef45-bf36-45fb-92cb-a0bc709ee68e ] Request (VolumesAssistedSnapshotsTest:tearDownClass): 404 DELETE http://10.180.1.21/volume/v3/volumes/db9e3dbc-4725-4ec7-b1f4-dea7c498a96c 0.026s
2025-12-09 23:45:41.808 65820 INFO tempest.lib.common.rest_client [req-5af2a59c-d443-4033-94b4-d2be14935673 req-5af2a59c-d443-4033-94b4-d2be14935673 ] Request (ServerExternalEventsTest:tearDownClass): 204 DELETE http://10.180.1.21/identity/v3/projects/cfd7368a64e34e7687d33b4c43c590ab 0.131s
2025-12-09 23:45:41.809 65820 INFO tempest.lib.common.dynamic_creds [-] Deleting project and security group for project: 837519270b95437ca4e78bc160b42470
2025-12-09 23:45:41.811 65829 INFO tempest.lib.common.rest_client [req-6eff4b39-406a-465c-b154-a01456c5b0e7 req-6eff4b39-406a-465c-b154-a01456c5b0e7 ] Request (VolumesAssistedSnapshotsTest:tearDownClass): 404 GET http://10.180.1.21/volume/v3/volumes/db9e3dbc-4725-4ec7-b1f4-dea7c498a96c 0.025s
2025-12-09 23:45:41.948 65820 INFO tempest.lib.common.rest_client [req-dc978119-1054-4dbb-bb81-64dbc847dd92 req-dc978119-1054-4dbb-bb81-64dbc847dd92 ] Request (ServerExternalEventsTest:tearDownClass): 200 GET http://10.180.1.21/networking/v2.0/security-groups?tenant_id=837519270b95437ca4e78bc160b42470&name=default 0.138s
2025-12-09 23:45:41.978 65845 INFO tempest.lib.common.rest_client [req-0a945cbb-0e10-44d5-9e47-f512f796d658 req-0a945cbb-0e10-44d5-9e47-f512f796d658 ] Request (ServerRescueTestJSON:test_rescue_unrescue_instance): 200 GET http://10.180.1.21/compute/v2.1/servers/bd09bfd2-a920-4049-9e6b-e96faf44b06b 0.567s
2025-12-09 23:45:42.107 65820 INFO tempest.lib.common.rest_client [req-1f1c540c-224d-433d-9dee-3f40854f71d0 req-1f1c540c-224d-433d-9dee-3f40854f71d0 ] Request (ServerExternalEventsTest:tearDownClass): 204 DELETE http://10.180.1.21/networking/v2.0/security-groups/b4cfc96f-2fdc-4dc0-a975-ee396499cf6b 0.158s
2025-12-09 23:45:42.206 65786 INFO paramiko.transport [-] Connected (version 2.0, client dropbear_2020.81)
2025-12-09 23:45:42.229 65820 INFO tempest.lib.common.rest_client [req-a9802557-f6c9-4f44-a132-e70a31ff0d21 req-a9802557-f6c9-4f44-a132-e70a31ff0d21 ] Request (ServerExternalEventsTest:tearDownClass): 204 DELETE http://10.180.1.21/identity/v3/projects/837519270b95437ca4e78bc160b42470 0.122s
2025-12-09 23:45:42.230 65820 INFO tempest.test [-] raised in TestVolumeSwap.setUpClass. Invoking tearDownClass.
2025-12-09 23:45:42.307 65786 INFO paramiko.transport [-] Authentication (publickey) failed.
2025-12-09 23:45:42.329 65820 INFO tempest.lib.common.rest_client [req-8a3fcc52-cf54-40e6-8323-fddb3507f197 req-8a3fcc52-cf54-40e6-8323-fddb3507f197 ] Request (MultipleCreateTestJSON:setUpClass): 201 POST http://10.180.1.21/identity/v3/auth/tokens 0.096s
2025-12-09 23:45:42.351 65788 INFO tempest.lib.common.rest_client [req-e94be910-c6b6-4701-ab81-be247687f8b8 req-e94be910-c6b6-4701-ab81-be247687f8b8 ] Request (ServerActionsTestOtherB:test_create_backup): 200 GET http://10.180.1.21/image/v2/images/4ab8e588-cb2b-4740-9b35-bbcb7b3d31b9 0.025s
2025-12-09 23:45:42.378 65820 INFO tempest.lib.common.rest_client [req-cbe7c344-0107-4cac-9669-18e7629aefaa req-cbe7c344-0107-4cac-9669-18e7629aefaa ] Request (MultipleCreateTestJSON:setUpClass): 201 POST http://10.180.1.21/identity/v3/auth/tokens 0.045s
2025-12-09 23:45:42.414 65820 INFO tempest.lib.common.rest_client [req-2e0458b3-3e05-4061-beb0-c3afb61eb40b req-2e0458b3-3e05-4061-beb0-c3afb61eb40b ] Request (MultipleCreateTestJSON:setUpClass): 200 GET http://10.180.1.21/identity/v3/domains?name=Default 0.035s
2025-12-09 23:45:42.467 65820 INFO tempest.lib.common.rest_client [req-d4d6669e-efe5-4738-8934-b8ffe7f49f10 req-d4d6669e-efe5-4738-8934-b8ffe7f49f10 ] Request (MultipleCreateTestJSON:setUpClass): 201 POST http://10.180.1.21/identity/v3/projects 0.052s
2025-12-09 23:45:42.549 65820 INFO tempest.lib.common.rest_client [req-8b061e48-c0b0-459f-a0e3-f5c8405e59c1 req-8b061e48-c0b0-459f-a0e3-f5c8405e59c1 ] Request (MultipleCreateTestJSON:setUpClass): 201 POST http://10.180.1.21/identity/v3/users 0.081s
2025-12-09 23:45:42.571 65820 INFO tempest.lib.common.rest_client [req-8b06d777-04b1-495b-82ba-7532c04524c5 req-8b06d777-04b1-495b-82ba-7532c04524c5 ] Request (MultipleCreateTestJSON:setUpClass): 200 GET http://10.180.1.21/identity/v3/roles 0.021s
2025-12-09 23:45:42.593 65786 INFO paramiko.transport [-] Authentication (password) failed.
2025-12-09 23:45:42.594 65786 WARNING tempest.lib.common.ssh [-] Failed to establish authenticated ssh connection to cirros@10.180.180.227 (Authentication failed.). Number attempts: 13. Retry after 14 seconds.: paramiko.ssh_exception.AuthenticationException: Authentication failed.
2025-12-09 23:45:42.598 65820 INFO tempest.lib.common.rest_client [req-0ac96f6b-aff5-4a70-bc47-b02a384a5891 req-0ac96f6b-aff5-4a70-bc47-b02a384a5891 ] Request (MultipleCreateTestJSON:setUpClass): 204 PUT http://10.180.1.21/identity/v3/projects/1a8906428a4b48dca95263c01022fcad/users/8f920f3d9a7f4f51a6cd18a20312ffc8/roles/388376b7cbc6448b83564c81a4341189 0.026s
2025-12-09 23:45:42.598 65820 INFO tempest.lib.common.dynamic_creds [-] Dynamic test user 8f920f3d9a7f4f51a6cd18a20312ffc8 is created with scope project and roles: ['member']
2025-12-09 23:45:42.598 65820 INFO tempest.lib.common.dynamic_creds [-] Acquired dynamic creds: credentials: Credentials: {'domain_id': 'default', 'domain_name': 'Default', 'username': 'tempest-MultipleCreateTestJSON-1759962976-project-member', 'project_domain_id': 'default', 'project_domain_name': 'Default', 'project_id': '1a8906428a4b48dca95263c01022fcad', 'project_name': 'tempest-MultipleCreateTestJSON-1759962976', 'tenant_id': '1a8906428a4b48dca95263c01022fcad', 'tenant_name': 'tempest-MultipleCreateTestJSON-1759962976', 'user_domain_id': 'default', 'user_domain_name': 'Default', 'user_id': '8f920f3d9a7f4f51a6cd18a20312ffc8', 'system': None}, Network: None, Subnet: None, Router: None
2025-12-09 23:45:42.664 65820 INFO tempest.lib.common.rest_client [req-56408762-caf8-4735-8305-d71a84d74a03 req-56408762-caf8-4735-8305-d71a84d74a03 ] Request (MultipleCreateTestJSON:setUpClass): 201 POST http://10.180.1.21/identity/v3/auth/tokens 0.065s
2025-12-09 23:45:42.711 65829 INFO tempest.lib.common.rest_client [req-fcc87804-198e-459f-9d12-11e7145754c2 req-fcc87804-198e-459f-9d12-11e7145754c2 ] Request (VolumesAssistedSnapshotsTest:tearDownClass): 200 PUT http://10.180.1.21/networking/v2.0/routers/e4e7e8c2-d32b-4cc3-9ee2-b36c44f6b02f/remove_router_interface 0.900s
2025-12-09 23:45:42.740 65840 INFO tempest.lib.common.rest_client [req-8f7018f4-efa4-48ac-a0b1-9e353b7b5c05 req-8f7018f4-efa4-48ac-a0b1-9e353b7b5c05 ] Request (SecurityGroupsTestJSON:test_server_security_groups): 200 GET http://10.180.1.21/compute/v2.1/servers/5bec10ed-4738-4d28-b95d-37334ea33452 1.274s
2025-12-09 23:45:43.049 65820 INFO tempest.lib.common.rest_client [req-be6acd9e-2cf3-48fe-8219-40e05f658cc1 req-be6acd9e-2cf3-48fe-8219-40e05f658cc1 ] Request (MultipleCreateTestJSON:setUpClass): 201 POST http://10.180.1.21/networking/v2.0/networks 0.384s
2025-12-09 23:45:43.380 65788 INFO tempest.lib.common.rest_client [req-bce3a06f-0ce3-4237-b63b-8074fee53e2c req-bce3a06f-0ce3-4237-b63b-8074fee53e2c ] Request (ServerActionsTestOtherB:test_create_backup): 200 GET http://10.180.1.21/image/v2/images/4ab8e588-cb2b-4740-9b35-bbcb7b3d31b9 0.027s
2025-12-09 23:45:43.460 65820 INFO tempest.lib.common.rest_client [req-017eb24f-6d02-4b81-9cc5-25d8a4011fda req-017eb24f-6d02-4b81-9cc5-25d8a4011fda ] Request (MultipleCreateTestJSON:setUpClass): 201 POST http://10.180.1.21/networking/v2.0/subnets 0.411s
2025-12-09 23:45:43.469 65829 INFO tempest.lib.common.rest_client [req-1da36ff5-ef58-456f-bae0-1425529ba0af req-1da36ff5-ef58-456f-bae0-1425529ba0af ] Request (VolumesAssistedSnapshotsTest:tearDownClass): 204 DELETE http://10.180.1.21/networking/v2.0/routers/e4e7e8c2-d32b-4cc3-9ee2-b36c44f6b02f 0.757s
2025-12-09 23:45:43.521 65794 INFO tempest.lib.common.rest_client [req-79597f63-2945-4c0c-bce3-8e7e6df3448e req-79597f63-2945-4c0c-bce3-8e7e6df3448e ] Request (ServersNegativeTestJSON:test_shelve_shelved_server): 200 GET http://10.180.1.21/compute/v2.1/servers/52041000-a362-4894-9262-bc6bd60f802a 2.008s
2025-12-09 23:45:43.542 65794 INFO tempest.common.waiters [-] State transition "ACTIVE/shelving" ==> "ACTIVE/shelving_image_pending_upload" after 3 second wait
2025-12-09 23:45:43.907 65838 WARNING tempest.lib.common.ssh [-] Failed to establish authenticated ssh connection to cirros@10.180.180.152 ([Errno None] Unable to connect to port 22 on 10.180.180.152). Number attempts: 2. Retry after 3 seconds.: paramiko.ssh_exception.NoValidConnectionsError: [Errno None] Unable to connect to port 22 on 10.180.180.152
2025-12-09 23:45:44.022 65829 INFO tempest.lib.common.rest_client [req-5505c0d0-7ef9-4d3c-96ed-356fc03c96b5 req-5505c0d0-7ef9-4d3c-96ed-356fc03c96b5 ] Request (VolumesAssistedSnapshotsTest:tearDownClass): 204 DELETE http://10.180.1.21/networking/v2.0/subnets/1b8c6b73-f148-4ba7-ab12-00d0b103d4e2 0.553s
2025-12-09 23:45:44.048 65818 INFO tempest.lib.common.rest_client [req-c481313b-8f3b-4b66-85fd-8f22ecb06bdf req-c481313b-8f3b-4b66-85fd-8f22ecb06bdf ] Request (ListImageFiltersTestJSON:tearDownClass): 200 GET http://10.180.1.21/compute/v2.1/servers/a3a6e975-ede3-4061-81b5-820509ca8071 2.483s
2025-12-09 23:45:44.405 65788 INFO tempest.lib.common.rest_client [req-b235721b-88b7-42b2-9fb6-e4174fd66fa3 req-b235721b-88b7-42b2-9fb6-e4174fd66fa3 ] Request (ServerActionsTestOtherB:test_create_backup): 200 GET http://10.180.1.21/image/v2/images/4ab8e588-cb2b-4740-9b35-bbcb7b3d31b9 0.024s
2025-12-09 23:45:44.613 65820 INFO tempest.lib.common.rest_client [req-596fdc31-af9b-40fa-9705-fa8e9f800e72 req-596fdc31-af9b-40fa-9705-fa8e9f800e72 ] Request (MultipleCreateTestJSON:setUpClass): 201 POST http://10.180.1.21/networking/v2.0/routers 1.152s
2025-12-09 23:45:44.906 65829 INFO tempest.lib.common.rest_client [req-830be739-a0cd-40c5-a20f-88b119e6d2ae req-830be739-a0cd-40c5-a20f-88b119e6d2ae ] Request (VolumesAssistedSnapshotsTest:tearDownClass): 204 DELETE http://10.180.1.21/networking/v2.0/networks/69c15ae2-84c9-4b4c-80ce-40191fb54c78 0.883s
2025-12-09 23:45:44.935 65826 INFO tempest.lib.common.rest_client [req-4a028c10-8911-4f4f-a8e2-dbe55f193939 req-4a028c10-8911-4f4f-a8e2-dbe55f193939 ] Request (ImagesTestJSON:test_create_server_from_snapshot): 200 GET http://10.180.1.21/compute/v2.1/servers/5406197f-1e12-47f9-a732-cd10329eb113 3.203s
2025-12-09 23:45:45.424 65788 INFO tempest.lib.common.rest_client [req-288b5ccd-08ad-499b-86f2-334637fb5c5c req-288b5ccd-08ad-499b-86f2-334637fb5c5c ] Request (ServerActionsTestOtherB:test_create_backup): 200 GET http://10.180.1.21/image/v2/images/4ab8e588-cb2b-4740-9b35-bbcb7b3d31b9 0.017s
2025-12-09 23:45:45.820 65820 INFO tempest.lib.common.rest_client [req-25aae759-6858-4bf3-830d-9de6fe4eb150 req-25aae759-6858-4bf3-830d-9de6fe4eb150 ] Request (MultipleCreateTestJSON:setUpClass): 200 PUT http://10.180.1.21/networking/v2.0/routers/c307fe49-7e1d-44f2-b9c1-e1026953369d/add_router_interface 1.206s
2025-12-09 23:45:45.821 65820 INFO tempest.lib.common.dynamic_creds [-] Created isolated network resources for: credentials: Credentials: {'domain_id': 'default', 'domain_name': 'Default', 'username': 'tempest-MultipleCreateTestJSON-1759962976-project-member', 'project_domain_id': 'default', 'project_domain_name': 'Default', 'project_id': '1a8906428a4b48dca95263c01022fcad', 'project_name': 'tempest-MultipleCreateTestJSON-1759962976', 'tenant_id': '1a8906428a4b48dca95263c01022fcad', 'tenant_name': 'tempest-MultipleCreateTestJSON-1759962976', 'user_domain_id': 'default', 'user_domain_name': 'Default', 'user_id': '8f920f3d9a7f4f51a6cd18a20312ffc8', 'system': None}, Network: {'id': '19799575-4d7b-4894-badd-ebf11377b01f', 'name': 'tempest-MultipleCreateTestJSON-1121157050-network', 'tenant_id': '1a8906428a4b48dca95263c01022fcad', 'project_id': '1a8906428a4b48dca95263c01022fcad', 'admin_state_up': True, 'mtu': 8950, 'status': 'ACTIVE', 'subnets': [], 'shared': False, 'port_security_enabled': True, 'router:external': False, 'provider:network_type': 'vlan', 'provider:physical_network': 'default', 'provider:segmentation_id': 80, 'availability_zone_hints': [], 'availability_zones': [], 'ipv4_address_scope': None, 'ipv6_address_scope': None, 'description': '', 'tags': [], 'created_at': '2025-12-09T23:45:42Z', 'updated_at': '2025-12-09T23:45:42Z', 'revision_number': 1}, Subnet: {'id': 'f38478f3-1dcd-4ec3-a5dc-00ea18e5cf97', 'name': 'tempest-MultipleCreateTestJSON-1121157050-subnet', 'tenant_id': '1a8906428a4b48dca95263c01022fcad', 'network_id': '19799575-4d7b-4894-badd-ebf11377b01f', 'ip_version': 4, 'subnetpool_id': None, 'enable_dhcp': True, 'ipv6_ra_mode': None, 'ipv6_address_mode': None, 'gateway_ip': '192.168.128.1', 'cidr': '192.168.128.0/28', 'allocation_pools': [{'start': '192.168.128.2', 'end': '192.168.128.14'}], 'host_routes': [], 'dns_nameservers': [], 'description': '', 'router:external': False, 'service_types': [], 'tags': [], 'created_at': '2025-12-09T23:45:43Z', 'updated_at': '2025-12-09T23:45:43Z', 'revision_number': 0, 'project_id': '1a8906428a4b48dca95263c01022fcad'}, Router: {'id': 'c307fe49-7e1d-44f2-b9c1-e1026953369d', 'name': 'tempest-MultipleCreateTestJSON-1121157050-router', 'tenant_id': '1a8906428a4b48dca95263c01022fcad', 'admin_state_up': True, 'status': 'ACTIVE', 'external_gateway_info': {'network_id': '25d019b7-8313-4fef-9960-2d78bac96a0a', 'external_fixed_ips': [{'subnet_id': 'f5b781f9-0734-4a82-8a83-e26ff200b654', 'ip_address': '10.180.180.164'}], 'enable_snat': True}, 'description': '', 'availability_zones': [], 'distributed': False, 'ha': False, 'availability_zone_hints': [], 'routes': [], 'flavor_id': None, 'tags': [], 'created_at': '2025-12-09T23:45:43Z', 'updated_at': '2025-12-09T23:45:44Z', 'revision_number': 2, 'project_id': '1a8906428a4b48dca95263c01022fcad'}
2025-12-09 23:45:45.869 65824 INFO tempest.lib.common.rest_client [req-4646e480-2c41-4fb6-8ece-34360bba99d3 req-4646e480-2c41-4fb6-8ece-34360bba99d3 ] Request (InstanceActionsNegativeTestJSON:setUpClass): 200 GET http://10.180.1.21/compute/v2.1/servers/7b1bcd3d-7766-49e0-aa93-9b89ba6db100 3.848s
2025-12-09 23:45:45.914 65820 INFO tempest.lib.common.rest_client [req-350e958f-f98e-4b8d-9d08-3d3cb00f50c9 req-350e958f-f98e-4b8d-9d08-3d3cb00f50c9 ] Request (MultipleCreateTestJSON:setUpClass): 201 POST http://10.180.1.21/identity/v3/auth/tokens 0.088s
2025-12-09 23:45:45.949 65820 INFO tempest.lib.common.rest_client [req-9d3d5998-0e78-46af-b585-3de37cd02138 req-9d3d5998-0e78-46af-b585-3de37cd02138 ] Request (MultipleCreateTestJSON:test_multiple_create): 201 POST http://10.180.1.21/identity/v3/auth/tokens 0.030s
2025-12-09 23:45:45.949 65820 INFO tempest.lib.common.fixed_network [-] (MultipleCreateTestJSON:test_multiple_create) Found network {'id': '19799575-4d7b-4894-badd-ebf11377b01f', 'name': 'tempest-MultipleCreateTestJSON-1121157050-network', 'tenant_id': '1a8906428a4b48dca95263c01022fcad', 'project_id': '1a8906428a4b48dca95263c01022fcad', 'admin_state_up': True, 'mtu': 8950, 'status': 'ACTIVE', 'subnets': [], 'shared': False, 'port_security_enabled': True, 'router:external': False, 'provider:network_type': 'vlan', 'provider:physical_network': 'default', 'provider:segmentation_id': 80, 'availability_zone_hints': [], 'availability_zones': [], 'ipv4_address_scope': None, 'ipv6_address_scope': None, 'description': '', 'tags': [], 'created_at': '2025-12-09T23:45:42Z', 'updated_at': '2025-12-09T23:45:42Z', 'revision_number': 1} available for tenant
2025-12-09 23:45:46.023 65796 INFO tempest.lib.common.rest_client [req-8fb2e9de-b02c-4ea0-acf1-972cb9dd7838 req-8fb2e9de-b02c-4ea0-acf1-972cb9dd7838 ] Request (ListServerFiltersTestJSON:tearDownClass): 200 GET http://10.180.1.21/compute/v2.1/servers/d4d42b7c-a0eb-4cd5-a5f8-e059e007533f 3.864s
2025-12-09 23:45:46.032 65796 INFO tempest.common.waiters [-] State transition "ACTIVE/deleting" ==> "DELETED/None" after 5 second wait
2025-12-09 23:45:46.446 65829 INFO tempest.lib.common.rest_client [req-7614b080-1953-407a-b654-7fc87b1eeba9 req-7614b080-1953-407a-b654-7fc87b1eeba9 ] Request (VolumesAssistedSnapshotsTest:tearDownClass): 200 PUT http://10.180.1.21/networking/v2.0/routers/b8964c7e-d4bd-43aa-ac9e-5b487b1b10a0/remove_router_interface 1.540s
2025-12-09 23:45:46.447 65788 INFO tempest.lib.common.rest_client [req-0105c0ac-6ec0-4951-82b2-88468ead3bf2 req-0105c0ac-6ec0-4951-82b2-88468ead3bf2 ] Request (ServerActionsTestOtherB:test_create_backup): 200 GET http://10.180.1.21/image/v2/images/4ab8e588-cb2b-4740-9b35-bbcb7b3d31b9 0.022s
2025-12-09 23:45:46.476 65788 INFO tempest.lib.common.rest_client [req-018949ee-7eed-4978-b787-df21b2f712d6 req-018949ee-7eed-4978-b787-df21b2f712d6 ] Request (ServerActionsTestOtherB:test_create_backup): 200 GET http://10.180.1.21/image/v2/images/4ab8e588-cb2b-4740-9b35-bbcb7b3d31b9/tasks 0.027s
2025-12-09 23:45:46.477 65848 INFO tempest.lib.common.rest_client [req-cf44f9ee-0815-48d4-a088-77feef9afb3f req-cf44f9ee-0815-48d4-a088-77feef9afb3f ] Request (ServersTestFqdnHostnames:tearDownClass): 200 GET http://10.180.1.21/compute/v2.1/servers/407fcf59-1314-44ab-8b93-e69df21938fd 4.218s
2025-12-09 23:45:46.953 65829 INFO tempest.lib.common.rest_client [req-7545cda2-fadd-45c2-8be3-2b9e6bd2d62c req-7545cda2-fadd-45c2-8be3-2b9e6bd2d62c ] Request (VolumesAssistedSnapshotsTest:tearDownClass): 204 DELETE http://10.180.1.21/networking/v2.0/routers/b8964c7e-d4bd-43aa-ac9e-5b487b1b10a0 0.505s
2025-12-09 23:45:46.999 65834 INFO tempest.lib.common.rest_client [req-795ede98-6993-4804-af74-55073eb6fb1a req-795ede98-6993-4804-af74-55073eb6fb1a ] Request (ServerShowV257Test:test_rebuild_server): 200 GET http://10.180.1.21/compute/v2.1/servers/74404b0b-60c8-4092-baa9-09cf3a5a70a8 4.638s
2025-12-09 23:45:47.164 65829 INFO tempest.lib.common.rest_client [req-8f4df6c1-5a50-4eba-b4fd-5973ccf12c96 req-8f4df6c1-5a50-4eba-b4fd-5973ccf12c96 ] Request (VolumesAssistedSnapshotsTest:tearDownClass): 204 DELETE http://10.180.1.21/networking/v2.0/subnets/0de197d7-78d9-4201-b339-d3f036955524 0.210s
2025-12-09 23:45:47.273 65802 INFO tempest.lib.common.rest_client [req-44bd38aa-fb6b-4e9f-a117-f5d0b093a07b req-44bd38aa-fb6b-4e9f-a117-f5d0b093a07b ] Request (ServersTestMultiNic:_run_cleanups): 200 GET http://10.180.1.21/compute/v2.1/servers/be50a5d2-e84f-4b28-9d04-66c4a82813f6 4.796s
2025-12-09 23:45:47.311 65800 INFO tempest.lib.common.rest_client [req-3836dc7a-b0c0-4025-afca-a0a67355cf05 req-3836dc7a-b0c0-4025-afca-a0a67355cf05 ] Request (ServerDiagnosticsNegativeTest:tearDownClass): 404 GET http://10.180.1.21/compute/v2.1/servers/fb8d4822-386a-4cfc-b77d-ef16db5c84dc 4.822s
2025-12-09 23:45:47.452 65800 INFO tempest.lib.common.rest_client [req-baaa7670-b928-44eb-ad03-00896b0b5654 req-baaa7670-b928-44eb-ad03-00896b0b5654 ] Request (ServerDiagnosticsNegativeTest:tearDownClass): 204 DELETE http://10.180.1.21/identity/v3/users/1e55f65f251d42bc89cbc1ff5dbb5dc2 0.141s
2025-12-09 23:45:47.560 65800 INFO tempest.lib.common.rest_client [req-1bbd7a91-1cbe-42f5-b0a5-9fe8a36c14d1 req-1bbd7a91-1cbe-42f5-b0a5-9fe8a36c14d1 ] Request (ServerDiagnosticsNegativeTest:tearDownClass): 204 DELETE http://10.180.1.21/identity/v3/users/720447f9b1dd41c2a710351aa76a1b91 0.108s
2025-12-09 23:45:47.561 65800 INFO tempest.lib.common.dynamic_creds [-] Deleting project and security group for project: 57b87f59b54f41728de65279a7840499
2025-12-09 23:45:47.576 65829 INFO tempest.lib.common.rest_client [req-19e22f4b-2341-4bc8-8799-a8cd9d98858a req-19e22f4b-2341-4bc8-8799-a8cd9d98858a ] Request (VolumesAssistedSnapshotsTest:tearDownClass): 204 DELETE http://10.180.1.21/networking/v2.0/networks/a17e6f2c-dcce-4ea7-bcf2-93ba1c881c9d 0.412s
2025-12-09 23:45:47.633 65800 INFO tempest.lib.common.rest_client [req-615d08ca-7a9e-42e2-9095-437ac6591adc req-615d08ca-7a9e-42e2-9095-437ac6591adc ] Request (ServerDiagnosticsNegativeTest:tearDownClass): 201 POST http://10.180.1.21/identity/v3/auth/tokens 0.071s
2025-12-09 23:45:47.708 65806 INFO tempest.lib.common.rest_client [req-f35e887d-42d6-4809-aab5-5ab95a61cdd1 req-f35e887d-42d6-4809-aab5-5ab95a61cdd1 ] Request (ServerRescueTestJSONUnderV235:tearDownClass): 200 GET http://10.180.1.21/compute/v2.1/servers/c36270c7-e51d-41b2-8d11-ba5077bfcb49 5.170s
2025-12-09 23:45:48.297 65800 INFO tempest.lib.common.rest_client [req-f6044ebd-8b09-4f43-87a6-d26171e359a6 req-f6044ebd-8b09-4f43-87a6-d26171e359a6 ] Request (ServerDiagnosticsNegativeTest:tearDownClass): 200 GET http://10.180.1.21/networking/v2.0/security-groups?tenant_id=57b87f59b54f41728de65279a7840499&name=default 0.663s
2025-12-09 23:45:48.372 65846 INFO tempest.lib.common.rest_client [req-1c52cfd8-13f4-4e23-9596-bf655761bf7d req-1c52cfd8-13f4-4e23-9596-bf655761bf7d ] Request (ServerShowV254Test:test_rebuild_server): 200 GET http://10.180.1.21/compute/v2.1/servers/261d0b0d-8c3a-4af0-80f2-57d128f1852d 5.800s
2025-12-09 23:45:48.386 65846 INFO tempest.common.waiters [-] State transition "REBUILD/rebuilding" ==> "REBUILD/rebuild_spawning" after 7 second wait
2025-12-09 23:45:48.474 65800 INFO tempest.lib.common.rest_client [req-a26b8c4b-6fc9-45e9-8b1b-f8257041a98b req-a26b8c4b-6fc9-45e9-8b1b-f8257041a98b ] Request (ServerDiagnosticsNegativeTest:tearDownClass): 204 DELETE http://10.180.1.21/networking/v2.0/security-groups/36c9948d-9805-4ae9-a6f6-148f94f5c6fc 0.176s
2025-12-09 23:45:48.549 65800 INFO tempest.lib.common.rest_client [req-725dc20e-1e61-4d61-a932-c0ea2ed555e7 req-725dc20e-1e61-4d61-a932-c0ea2ed555e7 ] Request (ServerDiagnosticsNegativeTest:tearDownClass): 204 DELETE http://10.180.1.21/identity/v3/projects/57b87f59b54f41728de65279a7840499 0.075s
2025-12-09 23:45:48.550 65800 INFO tempest.lib.common.dynamic_creds [-] Deleting project and security group for project: 14e4914d37b94161bdf85df588758a6c
2025-12-09 23:45:48.574 65829 INFO tempest.lib.common.rest_client [req-7572fd45-ed76-4a80-8719-c17243af182f req-7572fd45-ed76-4a80-8719-c17243af182f ] Request (VolumesAssistedSnapshotsTest:tearDownClass): 200 PUT http://10.180.1.21/networking/v2.0/routers/57f7da44-c276-4631-83c5-e074f6bdbeb4/remove_router_interface 0.997s
2025-12-09 23:45:48.586 65804 INFO tempest.lib.common.rest_client [req-899df2e7-6860-4f7b-b631-6558629b639c req-899df2e7-6860-4f7b-b631-6558629b639c ] Request (AttachVolumeTestJSON:test_attach_detach_volume): 200 GET http://10.180.1.21/compute/v2.1/servers/997c7cfa-6a5d-4b40-8d29-69435f8c1766 5.976s
2025-12-09 23:45:48.683 65800 INFO tempest.lib.common.rest_client [req-fdc3cb38-93f3-4a68-aafc-45f1b31ee217 req-fdc3cb38-93f3-4a68-aafc-45f1b31ee217 ] Request (ServerDiagnosticsNegativeTest:tearDownClass): 200 GET http://10.180.1.21/networking/v2.0/security-groups?tenant_id=14e4914d37b94161bdf85df588758a6c&name=default 0.133s
2025-12-09 23:45:48.732 65816 INFO tempest.lib.common.rest_client [req-766602f1-9626-48c5-90a6-127242d9cdd8 req-766602f1-9626-48c5-90a6-127242d9cdd8 ] Request (FloatingIPsAssociationTestJSON:test_associate_already_associated_floating_ip): 202 POST http://10.180.1.21/compute/v2.1/servers/250bf9d5-3584-44be-85c5-92c5f8fd7b7f/action 7.334s
2025-12-09 23:45:48.754 65812 INFO tempest.lib.common.rest_client [req-bd28a38a-9483-4401-81f6-99ea8db2ff42 req-bd28a38a-9483-4401-81f6-99ea8db2ff42 ] Request (ImagesOneServerNegativeTestJSON:_run_cleanups): 200 GET http://10.180.1.21/compute/v2.1/servers/53f76d6f-70c8-4b3e-bfb4-e7a95261007f 6.042s
2025-12-09 23:45:48.830 65800 INFO tempest.lib.common.rest_client [req-507a470c-6343-4f1f-a58a-3dc52eb52a00 req-507a470c-6343-4f1f-a58a-3dc52eb52a00 ] Request (ServerDiagnosticsNegativeTest:tearDownClass): 204 DELETE http://10.180.1.21/networking/v2.0/security-groups/ba5c9a3f-a978-41e9-9a38-4577477a61aa 0.146s
2025-12-09 23:45:48.851 65832 INFO tempest.lib.common.rest_client [req-ac5fcad3-48f7-46b2-a999-6ef22ffc3bbf req-ac5fcad3-48f7-46b2-a999-6ef22ffc3bbf ] Request (ServersAdminTestJSON:tearDownClass): 200 GET http://10.180.1.21/compute/v2.1/servers/f81bdcfe-b68d-45ee-b014-9492eefc3c55 6.119s
2025-12-09 23:45:48.876 65790 INFO tempest.lib.common.rest_client [req-76646b42-764d-4faa-9ad0-d66f95565194 req-76646b42-764d-4faa-9ad0-d66f95565194 ] Request (AttachInterfacesUnderV243Test:test_add_remove_fixed_ip): 200 GET http://10.180.1.21/compute/v2.1/servers/e26cceec-b50b-480e-a822-61084c3b9d92 6.099s
2025-12-09 23:45:48.927 65808 INFO tempest.lib.common.rest_client [req-280f9ba9-b9ab-4a31-bb9c-51d03114adf5 req-280f9ba9-b9ab-4a31-bb9c-51d03114adf5 ] Request (ServerRescueNegativeTestJSON:test_rescued_vm_detach_volume): 200 GET http://10.180.1.21/compute/v2.1/servers/a890aa57-4cc5-4588-8b6a-c8d62c9d72e8 6.139s
2025-12-09 23:45:48.994 65800 INFO tempest.lib.common.rest_client [req-35cf8117-e06e-46f2-93aa-d5a8872184d4 req-35cf8117-e06e-46f2-93aa-d5a8872184d4 ] Request (ServerDiagnosticsNegativeTest:tearDownClass): 204 DELETE http://10.180.1.21/identity/v3/projects/14e4914d37b94161bdf85df588758a6c 0.163s
2025-12-09 23:45:49.048 65840 INFO tempest.lib.common.rest_client [req-0b46dba3-3337-4f24-82f6-71f50eda726c req-0b46dba3-3337-4f24-82f6-71f50eda726c ] Request (SecurityGroupsTestJSON:test_server_security_groups): 200 GET http://10.180.1.21/compute/v2.1/servers/5bec10ed-4738-4d28-b95d-37334ea33452 5.292s
2025-12-09 23:45:49.082 65800 INFO tempest.lib.common.rest_client [req-e9b6954f-70b2-404f-8066-570d64ff14db req-e9b6954f-70b2-404f-8066-570d64ff14db ] Request (ServersTestBootFromVolume:setUpClass): 201 POST http://10.180.1.21/identity/v3/auth/tokens 0.087s
2025-12-09 23:45:49.090 65845 INFO tempest.lib.common.rest_client [req-4b292c74-d5d0-45f6-bc36-2302884648ca req-4b292c74-d5d0-45f6-bc36-2302884648ca ] Request (ServerRescueTestJSON:test_rescue_unrescue_instance): 200 GET http://10.180.1.21/compute/v2.1/servers/bd09bfd2-a920-4049-9e6b-e96faf44b06b 6.100s
2025-12-09 23:45:49.099 65845 INFO tempest.common.waiters [-] State transition "BUILD/None" ==> "BUILD/spawning" after 59 second wait
2025-12-09 23:45:49.108 65829 INFO tempest.lib.common.rest_client [req-f65b6543-706e-4fa8-8830-e0b487991771 req-f65b6543-706e-4fa8-8830-e0b487991771 ] Request (VolumesAssistedSnapshotsTest:tearDownClass): 204 DELETE http://10.180.1.21/networking/v2.0/routers/57f7da44-c276-4631-83c5-e074f6bdbeb4 0.533s
2025-12-09 23:45:49.119 65800 INFO tempest.lib.common.rest_client [req-ee16bb36-83ac-4894-88a5-7d22a97862c2 req-ee16bb36-83ac-4894-88a5-7d22a97862c2 ] Request (ServersTestBootFromVolume:setUpClass): 201 POST http://10.180.1.21/identity/v3/auth/tokens 0.035s
2025-12-09 23:45:49.120 65818 INFO tempest.lib.common.rest_client [req-96e2db09-872e-4c2c-87d3-d05327213969 req-96e2db09-872e-4c2c-87d3-d05327213969 ] Request (ListImageFiltersTestJSON:tearDownClass): 404 GET http://10.180.1.21/compute/v2.1/servers/a3a6e975-ede3-4061-81b5-820509ca8071 4.061s
2025-12-09 23:45:49.157 65800 INFO tempest.lib.common.rest_client [req-81807b51-f795-4d68-b4d6-6462c277f648 req-81807b51-f795-4d68-b4d6-6462c277f648 ] Request (ServersTestBootFromVolume:setUpClass): 200 GET http://10.180.1.21/identity/v3/domains?name=Default 0.038s
2025-12-09 23:45:49.220 65800 INFO tempest.lib.common.rest_client [req-6de8b9ce-c0ec-4b36-9a2a-440ce792b75d req-6de8b9ce-c0ec-4b36-9a2a-440ce792b75d ] Request (ServersTestBootFromVolume:setUpClass): 201 POST http://10.180.1.21/identity/v3/projects 0.062s
2025-12-09 23:45:49.255 65826 INFO tempest.lib.common.rest_client [req-a5395a66-cbe8-440c-a1b3-056c04b82cb1 req-a5395a66-cbe8-440c-a1b3-056c04b82cb1 ] Request (ImagesTestJSON:test_create_server_from_snapshot): 200 GET http://10.180.1.21/compute/v2.1/servers/5406197f-1e12-47f9-a732-cd10329eb113 3.310s
2025-12-09 23:45:49.294 65794 INFO tempest.lib.common.rest_client [req-a3e699eb-ef4f-4a7e-8729-9c86f6512c05 req-a3e699eb-ef4f-4a7e-8729-9c86f6512c05 ] Request (ServersNegativeTestJSON:test_shelve_shelved_server): 200 GET http://10.180.1.21/compute/v2.1/servers/52041000-a362-4894-9262-bc6bd60f802a 4.751s
2025-12-09 23:45:49.304 65794 INFO tempest.common.waiters [-] State transition "ACTIVE/shelving_image_pending_upload" ==> "ACTIVE/shelving_image_uploading" after 9 second wait
2025-12-09 23:45:49.316 65800 INFO tempest.lib.common.rest_client [req-5a23bf00-24c6-489a-88c3-cfc108c1c4a2 req-5a23bf00-24c6-489a-88c3-cfc108c1c4a2 ] Request (ServersTestBootFromVolume:setUpClass): 201 POST http://10.180.1.21/identity/v3/users 0.095s
2025-12-09 23:45:49.319 65829 INFO tempest.lib.common.rest_client [req-7a1d8523-5fb7-417c-9574-5c0ac6d79e79 req-7a1d8523-5fb7-417c-9574-5c0ac6d79e79 ] Request (VolumesAssistedSnapshotsTest:tearDownClass): 204 DELETE http://10.180.1.21/networking/v2.0/subnets/2577e715-76a6-47d9-b6b2-a0a378a0fbe4 0.210s
2025-12-09 23:45:49.340 65800 INFO tempest.lib.common.rest_client [req-61b58037-dcc2-4d44-8155-f558cab9713e req-61b58037-dcc2-4d44-8155-f558cab9713e ] Request (ServersTestBootFromVolume:setUpClass): 200 GET http://10.180.1.21/identity/v3/roles 0.024s
2025-12-09 23:45:49.374 65800 INFO tempest.lib.common.rest_client [req-02b9b786-0ebf-4c34-919c-f50c50dbe033 req-02b9b786-0ebf-4c34-919c-f50c50dbe033 ] Request (ServersTestBootFromVolume:setUpClass): 204 PUT http://10.180.1.21/identity/v3/projects/6747c69533434cd690f40484cee0fd40/users/bb93d889113a4b6a95ca7894d8162d70/roles/388376b7cbc6448b83564c81a4341189 0.033s
2025-12-09 23:45:49.375 65800 INFO tempest.lib.common.dynamic_creds [-] Dynamic test user bb93d889113a4b6a95ca7894d8162d70 is created with scope project and roles: ['member']
2025-12-09 23:45:49.375 65800 INFO tempest.lib.common.dynamic_creds [-] Acquired dynamic creds: credentials: Credentials: {'domain_id': 'default', 'domain_name': 'Default', 'username': 'tempest-ServersTestBootFromVolume-1345066712-project-member', 'project_domain_id': 'default', 'project_domain_name': 'Default', 'project_id': '6747c69533434cd690f40484cee0fd40', 'project_name': 'tempest-ServersTestBootFromVolume-1345066712', 'tenant_id': '6747c69533434cd690f40484cee0fd40', 'tenant_name': 'tempest-ServersTestBootFromVolume-1345066712', 'user_domain_id': 'default', 'user_domain_name': 'Default', 'user_id': 'bb93d889113a4b6a95ca7894d8162d70', 'system': None}, Network: None, Subnet: None, Router: None
2025-12-09 23:45:49.439 65800 INFO tempest.lib.common.rest_client [req-58c56917-f43a-4f2e-af64-c1af807f72f8 req-58c56917-f43a-4f2e-af64-c1af807f72f8 ] Request (ServersTestBootFromVolume:setUpClass): 201 POST http://10.180.1.21/identity/v3/auth/tokens 0.064s
2025-12-09 23:45:49.609 65829 INFO tempest.lib.common.rest_client [req-59d4cad7-a2a0-4767-9f0f-1335a0fc99b8 req-59d4cad7-a2a0-4767-9f0f-1335a0fc99b8 ] Request (VolumesAssistedSnapshotsTest:tearDownClass): 204 DELETE http://10.180.1.21/networking/v2.0/networks/36c8e1b8-4e1f-4aa9-a76b-b5aa92e3a41b 0.290s
