2025-12-09 23:43:40.159 65840 INFO tempest.lib.common.rest_client [req-eb9d890d-f631-405c-b8b9-44c49424bb9f req-eb9d890d-f631-405c-b8b9-44c49424bb9f ] Request (SecurityGroupsTestJSON:test_list_security_groups_by_server): 200 POST http://10.180.1.21/compute/v2.1/os-security-groups 1.465s
2025-12-09 23:43:40.250 65840 INFO tempest.lib.common.rest_client [req-175e5c42-1d09-42e0-b273-6bb7e4360ef9 req-175e5c42-1d09-42e0-b273-6bb7e4360ef9 ] Request (SecurityGroupsTestJSON:test_list_security_groups_by_server): 201 POST http://10.180.1.21/identity/v3/auth/tokens 0.081s
2025-12-09 23:43:40.251 65840 INFO tempest.lib.common.fixed_network [-] (SecurityGroupsTestJSON:test_list_security_groups_by_server) Found network {'id': 'a3465ec4-dcc6-48c0-83e0-6ddc0e87f57f', 'name': 'tempest-SecurityGroupsTestJSON-389280989-network', 'tenant_id': '4dc1bfa261c74004bcee859844a75a76', 'project_id': '4dc1bfa261c74004bcee859844a75a76', 'admin_state_up': True, 'mtu': 8950, 'status': 'ACTIVE', 'subnets': [], 'shared': False, 'port_security_enabled': True, 'router:external': False, 'provider:network_type': 'vlan', 'provider:physical_network': 'default', 'provider:segmentation_id': 963, 'availability_zone_hints': [], 'availability_zones': [], 'ipv4_address_scope': None, 'ipv6_address_scope': None, 'description': '', 'tags': [], 'created_at': '2025-12-09T23:43:32Z', 'updated_at': '2025-12-09T23:43:32Z', 'revision_number': 1} available for tenant
2025-12-09 23:43:40.290 65820 INFO tempest.lib.common.rest_client [req-63ee2ff7-b105-4ab9-afee-d5fad7c7ea69 req-63ee2ff7-b105-4ab9-afee-d5fad7c7ea69 ] Request (FlavorsAccessTestJSON:test_flavor_access_add_remove): 200 POST http://10.180.1.21/compute/v2.1/flavors/1931950696/action 1.504s
2025-12-09 23:43:40.395 65808 INFO tempest.lib.common.rest_client [req-8203faef-27dc-49f7-9bb6-a1b9ba40305f req-8203faef-27dc-49f7-9bb6-a1b9ba40305f ] Request (ImagesNegativeTestJSON:tearDownClass): 200 PUT http://10.180.1.21/networking/v2.0/routers/84a974c1-8d48-4033-8de4-a912c25d00b0/remove_router_interface 1.259s
2025-12-09 23:43:40.414 65824 WARNING tempest.lib.common.ssh [-] Failed to establish authenticated ssh connection to cirros@10.180.180.128 ([Errno None] Unable to connect to port 22 on 10.180.180.128). Number attempts: 1. Retry after 2 seconds.: paramiko.ssh_exception.NoValidConnectionsError: [Errno None] Unable to connect to port 22 on 10.180.180.128
2025-12-09 23:43:40.427 65836 INFO tempest.lib.common.rest_client [req-79b2ddcd-c8ce-484f-a108-e21989e2091a req-79b2ddcd-c8ce-484f-a108-e21989e2091a ] Request (ExtensionsTest:tearDownClass): 200 GET http://10.180.1.21/networking/v2.0/security-groups?tenant_id=bdc23e8402914b248808578a326d3dbd&name=default 0.888s
2025-12-09 23:43:40.429 65845 INFO tempest.lib.common.rest_client [req-f7dbe14d-f968-487f-ae33-ad148a128cd4 req-f7dbe14d-f968-487f-ae33-ad148a128cd4 ] Request (InstanceActionsTestJSON:tearDownClass): 200 GET http://10.180.1.21/compute/v2.1/servers/be60a0a3-a569-47e4-8799-edde3b766782 1.658s
2025-12-09 23:43:40.578 65829 WARNING tempest.lib.common.ssh [-] Failed to establish authenticated ssh connection to cirros@10.180.180.208 ([Errno None] Unable to connect to port 22 on 10.180.180.208). Number attempts: 8. Retry after 9 seconds.: paramiko.ssh_exception.NoValidConnectionsError: [Errno None] Unable to connect to port 22 on 10.180.180.208
2025-12-09 23:43:40.649 65836 INFO tempest.lib.common.rest_client [req-8b0a550a-4c6e-446d-8c4a-e29c2f8d5096 req-8b0a550a-4c6e-446d-8c4a-e29c2f8d5096 ] Request (ExtensionsTest:tearDownClass): 204 DELETE http://10.180.1.21/networking/v2.0/security-groups/b08c9e61-b8ca-43c9-aaff-e63a9925be61 0.222s
2025-12-09 23:43:40.752 65836 INFO tempest.lib.common.rest_client [req-b8dfc7d8-9017-4cfd-9e61-c28c2e56e139 req-b8dfc7d8-9017-4cfd-9e61-c28c2e56e139 ] Request (ExtensionsTest:tearDownClass): 204 DELETE http://10.180.1.21/identity/v3/projects/bdc23e8402914b248808578a326d3dbd 0.102s
2025-12-09 23:43:40.986 65808 INFO tempest.lib.common.rest_client [req-c5801405-38c2-4366-8edd-73d8f514376f req-c5801405-38c2-4366-8edd-73d8f514376f ] Request (ImagesNegativeTestJSON:tearDownClass): 204 DELETE http://10.180.1.21/networking/v2.0/routers/84a974c1-8d48-4033-8de4-a912c25d00b0 0.591s
2025-12-09 23:43:41.020 65842 INFO tempest.lib.common.rest_client [req-e72270a7-fca6-434a-81c1-1bad0723cdbd req-e72270a7-fca6-434a-81c1-1bad0723cdbd ] Request (ListServersNegativeTestJSON:tearDownClass): 200 GET http://10.180.1.21/compute/v2.1/servers/63087b3c-4829-4878-bafb-d864dd59f170 1.912s
2025-12-09 23:43:41.037 65804 INFO tempest.lib.common.rest_client [req-27e258b0-57b9-48d0-a7a3-3a31c1ab9b0a req-27e258b0-57b9-48d0-a7a3-3a31c1ab9b0a ] Request (ServersTestManualDisk:setUpClass): 200 GET http://10.180.1.21/compute/v2.1/servers/3d7bdc80-efeb-4c84-8441-115cfd966c49 1.997s
2025-12-09 23:43:41.085 65832 INFO tempest.lib.common.rest_client [req-8466307f-2f97-42d5-bc14-8c69e7ca1e91 req-8466307f-2f97-42d5-bc14-8c69e7ca1e91 ] Request (ServersAdminTestJSON:test_list_servers_by_admin): 200 GET http://10.180.1.21/compute/v2.1/servers/detail 1.826s
2025-12-09 23:43:41.247 65808 INFO tempest.lib.common.rest_client [req-1bcc040f-b471-4672-981a-9efa649be650 req-1bcc040f-b471-4672-981a-9efa649be650 ] Request (ImagesNegativeTestJSON:tearDownClass): 204 DELETE http://10.180.1.21/networking/v2.0/subnets/e550e762-51a0-404f-9c7f-3adaf1dfe7f4 0.260s
2025-12-09 23:43:41.284 65848 WARNING tempest.lib.common.ssh [-] Failed to establish authenticated ssh connection to cirros@10.180.180.195 ([Errno None] Unable to connect to port 22 on 10.180.180.195). Number attempts: 10. Retry after 11 seconds.: paramiko.ssh_exception.NoValidConnectionsError: [Errno None] Unable to connect to port 22 on 10.180.180.195
2025-12-09 23:43:41.662 65808 INFO tempest.lib.common.rest_client [req-c01a6715-7b0b-40af-af89-5fe2547c1a17 req-c01a6715-7b0b-40af-af89-5fe2547c1a17 ] Request (ImagesNegativeTestJSON:tearDownClass): 204 DELETE http://10.180.1.21/networking/v2.0/networks/30eb0bfb-e9c8-4a86-a5f2-a3a810ecc6c8 0.415s
2025-12-09 23:43:41.682 65810 INFO tempest.lib.common.rest_client [req-2c970153-f8b6-4951-be0b-64faf85b48ce req-2c970153-f8b6-4951-be0b-64faf85b48ce ] Request (ServersNegativeTestMultiTenantJSON:setUpClass): 200 GET http://10.180.1.21/compute/v2.1/servers/5fd2a9ad-6cd2-45ec-b01f-336ebc0e5369 2.380s
2025-12-09 23:43:41.718 65834 INFO tempest.lib.common.rest_client [req-9b9bef95-0c85-4359-bb0f-213ac604ffb1 req-9b9bef95-0c85-4359-bb0f-213ac604ffb1 ] Request (ImagesOneServerTestJSON:test_create_delete_image): 200 GET http://10.180.1.21/compute/v2.1/servers/59b92cda-ff4a-4297-b635-25674b37f3ef 2.410s
2025-12-09 23:43:41.755 65816 INFO tempest.lib.common.rest_client [req-fcd5fd6d-8578-4d2b-b953-dc95c2cfc182 req-fcd5fd6d-8578-4d2b-b953-dc95c2cfc182 ] Request (FlavorsAdminTestJSON:test_list_non_public_flavor): 200 GET http://10.180.1.21/compute/v2.1/flavors/detail 2.420s
2025-12-09 23:43:41.774 65814 INFO tempest.lib.common.rest_client [req-1c50f331-fbee-47a1-94a9-eb469bdb96f8 req-1c50f331-fbee-47a1-94a9-eb469bdb96f8 ] Request (ServerTagsTestJSON:test_delete_all_tags): 200 GET http://10.180.1.21/compute/v2.1/servers/7aeeead1-49c1-47f4-86ca-ab9a4e43c677/tags 2.386s
2025-12-09 23:43:41.803 65808 INFO tempest.lib.common.rest_client [req-605dcc47-8719-4ebf-bb6e-a7f9539bb4f1 req-605dcc47-8719-4ebf-bb6e-a7f9539bb4f1 ] Request (ImagesNegativeTestJSON:tearDownClass): 204 DELETE http://10.180.1.21/identity/v3/users/b59b1b8e0f2b4a79a71584104f0f5442 0.140s
2025-12-09 23:43:41.803 65808 INFO tempest.lib.common.dynamic_creds [-] Deleting project and security group for project: 28a2ea5572a948eeaff6c2bc2ae7623e
2025-12-09 23:43:41.937 65808 INFO tempest.lib.common.rest_client [req-f4d23a85-84cb-4b83-a19b-318f0d5db412 req-f4d23a85-84cb-4b83-a19b-318f0d5db412 ] Request (ImagesNegativeTestJSON:tearDownClass): 200 GET http://10.180.1.21/networking/v2.0/security-groups?tenant_id=28a2ea5572a948eeaff6c2bc2ae7623e&name=default 0.134s
2025-12-09 23:43:41.967 65806 INFO tempest.lib.common.rest_client [req-c8818a90-e6c6-49df-8c8c-344447a51b48 req-c8818a90-e6c6-49df-8c8c-344447a51b48 ] Request (ServersAdmin275Test:tearDownClass): 200 GET http://10.180.1.21/compute/v2.1/servers/57d81884-c92d-4214-ba0b-af754ba7b281 2.541s
2025-12-09 23:43:41.986 65794 INFO tempest.lib.common.rest_client [req-a56fbb92-046d-4668-9d12-55689aae35d1 req-a56fbb92-046d-4668-9d12-55689aae35d1 ] Request (ServersNegativeTestJSON:setUpClass): 200 GET http://10.180.1.21/compute/v2.1/servers/52041000-a362-4894-9262-bc6bd60f802a 2.653s
2025-12-09 23:43:41.993 65790 INFO tempest.lib.common.rest_client [req-47b1e643-106a-4b1e-8da7-cc06a4efb513 req-47b1e643-106a-4b1e-8da7-cc06a4efb513 ] Request (ServersAdminNegativeTestJSON:test_resize_server_using_overlimit_ram): 200 POST http://10.180.1.21/compute/v2.1/flavors 2.446s
2025-12-09 23:43:42.011 65800 INFO tempest.lib.common.rest_client [req-d2485deb-8aa0-45c1-92fe-d380f184677b req-d2485deb-8aa0-45c1-92fe-d380f184677b ] Request (FlavorsExtraSpecsTestJSON:test_flavor_non_admin_get_specific_key): 200 POST http://10.180.1.21/compute/v2.1/flavors/1002060451/os-extra_specs 2.324s
2025-12-09 23:43:42.121 65788 INFO tempest.lib.common.rest_client [req-35571ee5-d588-485f-971b-cba3834b86ac req-35571ee5-d588-485f-971b-cba3834b86ac ] Request (ServerActionsTestOtherB:setUpClass): 200 GET http://10.180.1.21/compute/v2.1/servers/2ddb62c7-87d1-4e00-aee5-71cd48acec60 2.541s
2025-12-09 23:43:42.134 65812 INFO tempest.lib.common.rest_client [req-3371db56-0da1-4b6c-9629-021bb90ebf7e req-3371db56-0da1-4b6c-9629-021bb90ebf7e ] Request (ImagesOneServerNegativeTestJSON:_run_cleanups): 200 GET http://10.180.1.21/compute/v2.1/servers/eae424aa-5204-4766-b405-da20630bcdb5 2.268s
2025-12-09 23:43:42.147 65808 INFO tempest.lib.common.rest_client [req-0e985f85-720c-4f69-b07d-6a4967f66de4 req-0e985f85-720c-4f69-b07d-6a4967f66de4 ] Request (ImagesNegativeTestJSON:tearDownClass): 204 DELETE http://10.180.1.21/networking/v2.0/security-groups/6c18f870-f5d3-418a-9cf0-aca5b950175c 0.209s
2025-12-09 23:43:42.271 65846 INFO tempest.lib.common.rest_client [req-2aad0a91-8b36-40a6-a0ea-1a6262dccbde req-2aad0a91-8b36-40a6-a0ea-1a6262dccbde ] Request (ServersListShow2100Test:test_list_show_rebuild_update_server_2100): 200 GET http://10.180.1.21/compute/v2.1/servers/efed727e-dfce-43cf-88f6-55fe04d40d74 2.321s
2025-12-09 23:43:42.318 65808 INFO tempest.lib.common.rest_client [req-e0132580-5af7-4a76-b89e-fd02e64c2b10 req-e0132580-5af7-4a76-b89e-fd02e64c2b10 ] Request (ImagesNegativeTestJSON:tearDownClass): 204 DELETE http://10.180.1.21/identity/v3/projects/28a2ea5572a948eeaff6c2bc2ae7623e 0.170s
2025-12-09 23:43:42.328 65786 INFO tempest.lib.common.rest_client [req-82aea8da-1b3a-4946-920c-8b30830b6206 req-82aea8da-1b3a-4946-920c-8b30830b6206 ] Request (ServersTestJSON:setUpClass): 200 GET http://10.180.1.21/compute/v2.1/servers/217ebaa6-6dba-4e77-9213-ad1135cf0078 2.405s
2025-12-09 23:43:42.339 65786 INFO tempest.lib.common.ssh [-] Creating ssh connection to '10.180.180.227:22' as 'cirros' with public key authentication
2025-12-09 23:43:42.396 65808 INFO tempest.lib.common.rest_client [req-2e58edfb-b62f-4bea-a785-af6b2501d095 req-2e58edfb-b62f-4bea-a785-af6b2501d095 ] Request (ServerRescueNegativeTestJSON:setUpClass): 201 POST http://10.180.1.21/identity/v3/auth/tokens 0.075s
2025-12-09 23:43:42.445 65808 INFO tempest.lib.common.rest_client [req-b9293be7-b7bd-4b43-b095-7cd03b727556 req-b9293be7-b7bd-4b43-b095-7cd03b727556 ] Request (ServerRescueNegativeTestJSON:setUpClass): 201 POST http://10.180.1.21/identity/v3/auth/tokens 0.043s
2025-12-09 23:43:42.474 65808 INFO tempest.lib.common.rest_client [req-cf26f83f-7010-43e9-b7da-ae77a78156d9 req-cf26f83f-7010-43e9-b7da-ae77a78156d9 ] Request (ServerRescueNegativeTestJSON:setUpClass): 200 GET http://10.180.1.21/identity/v3/domains?name=Default 0.029s
2025-12-09 23:43:42.518 65808 INFO tempest.lib.common.rest_client [req-e184840d-771c-4056-b59a-98de15cd757d req-e184840d-771c-4056-b59a-98de15cd757d ] Request (ServerRescueNegativeTestJSON:setUpClass): 201 POST http://10.180.1.21/identity/v3/projects 0.043s
2025-12-09 23:43:42.605 65802 INFO tempest.lib.common.rest_client [req-bc73097a-40ba-49da-849e-bc478e9b582d req-bc73097a-40ba-49da-849e-bc478e9b582d ] Request (ServersTestMultiNic:test_verify_duplicate_network_nics): 200 GET http://10.180.1.21/compute/v2.1/servers/b09c405c-1053-444e-ace8-ca3ab4e163c7 2.607s
2025-12-09 23:43:42.607 65808 INFO tempest.lib.common.rest_client [req-4655736e-2d84-4562-a833-23e79a149665 req-4655736e-2d84-4562-a833-23e79a149665 ] Request (ServerRescueNegativeTestJSON:setUpClass): 201 POST http://10.180.1.21/identity/v3/users 0.088s
2025-12-09 23:43:42.613 65802 INFO tempest.common.waiters [-] State transition "BUILD/None" ==> "BUILD/spawning" after 12 second wait
2025-12-09 23:43:42.635 65796 INFO tempest.lib.common.rest_client [req-4c1ae690-2e30-4e9c-b9b1-ca1fe07fa444 req-4c1ae690-2e30-4e9c-b9b1-ca1fe07fa444 ] Request (ListServerFiltersTestJSON:test_list_servers_filter_by_shutoff_status): 200 GET http://10.180.1.21/compute/v2.1/servers/d4d42b7c-a0eb-4cd5-a5f8-e059e007533f 2.565s
2025-12-09 23:43:42.635 65808 INFO tempest.lib.common.rest_client [req-3bb78b4b-d54b-40a5-abc8-4cd4b40ed56e req-3bb78b4b-d54b-40a5-abc8-4cd4b40ed56e ] Request (ServerRescueNegativeTestJSON:setUpClass): 200 GET http://10.180.1.21/identity/v3/roles 0.027s
2025-12-09 23:43:42.642 65796 INFO tempest.common.waiters [-] State transition "SHUTOFF/powering-on" ==> "ACTIVE/None" after 7 second wait
2025-12-09 23:43:42.675 65818 INFO tempest.lib.common.rest_client [req-7ea30df5-4ebf-47e7-b08f-d0cb04035b28 req-7ea30df5-4ebf-47e7-b08f-d0cb04035b28 ] Request (ListImageFiltersTestJSON:setUpClass): 200 GET http://10.180.1.21/compute/v2.1/images/f2e1d089-f64b-4a0d-b6c9-a143ae3a5d01 2.561s
2025-12-09 23:43:42.678 65808 INFO tempest.lib.common.rest_client [req-35c82d1d-c301-4e09-8deb-e88f1bade64d req-35c82d1d-c301-4e09-8deb-e88f1bade64d ] Request (ServerRescueNegativeTestJSON:setUpClass): 204 PUT http://10.180.1.21/identity/v3/projects/5c8068098ee34de6b7e32ade403c62d9/users/79ab250b5fcf45349e5c6c37d64e2941/roles/388376b7cbc6448b83564c81a4341189 0.042s
2025-12-09 23:43:42.678 65808 INFO tempest.lib.common.dynamic_creds [-] Dynamic test user 79ab250b5fcf45349e5c6c37d64e2941 is created with scope project and roles: ['member']
2025-12-09 23:43:42.678 65808 INFO tempest.lib.common.dynamic_creds [-] Acquired dynamic creds: credentials: Credentials: {'domain_id': 'default', 'domain_name': 'Default', 'username': 'tempest-ServerRescueNegativeTestJSON-640849074-project-member', 'project_domain_id': 'default', 'project_domain_name': 'Default', 'project_id': '5c8068098ee34de6b7e32ade403c62d9', 'project_name': 'tempest-ServerRescueNegativeTestJSON-640849074', 'tenant_id': '5c8068098ee34de6b7e32ade403c62d9', 'tenant_name': 'tempest-ServerRescueNegativeTestJSON-640849074', 'user_domain_id': 'default', 'user_domain_name': 'Default', 'user_id': '79ab250b5fcf45349e5c6c37d64e2941', 'system': None}, Network: None, Subnet: None, Router: None
2025-12-09 23:43:42.679 65826 INFO tempest.lib.common.rest_client [req-47f00b6d-3c1f-40eb-802c-ba56a8acc38a req-47f00b6d-3c1f-40eb-802c-ba56a8acc38a ] Request (ImagesTestJSON:test_create_image_from_suspended_server): 200 GET http://10.180.1.21/compute/v2.1/servers/8a53ec5a-d01c-4c60-995e-70ca2e72716e 2.594s
2025-12-09 23:43:42.690 65838 WARNING tempest.lib.common.ssh [-] Failed to establish authenticated ssh connection to cirros@10.180.180.152 ([Errno None] Unable to connect to port 22 on 10.180.180.152). Number attempts: 7. Retry after 8 seconds.: paramiko.ssh_exception.NoValidConnectionsError: [Errno None] Unable to connect to port 22 on 10.180.180.152
2025-12-09 23:43:42.749 65808 INFO tempest.lib.common.rest_client [req-ecc67b2e-e9ab-48df-b18a-57f3f7321a67 req-ecc67b2e-e9ab-48df-b18a-57f3f7321a67 ] Request (ServerRescueNegativeTestJSON:setUpClass): 201 POST http://10.180.1.21/identity/v3/auth/tokens 0.070s
2025-12-09 23:43:42.822 65820 INFO tempest.lib.common.rest_client [req-da25b1c2-d679-488c-8769-9bb0252b5797 req-da25b1c2-d679-488c-8769-9bb0252b5797 ] Request (FlavorsAccessTestJSON:test_flavor_access_add_remove): 200 GET http://10.180.1.21/compute/v2.1/flavors/detail 2.529s
2025-12-09 23:43:42.918 65824 WARNING tempest.lib.common.ssh [-] Failed to establish authenticated ssh connection to cirros@10.180.180.128 ([Errno None] Unable to connect to port 22 on 10.180.180.128). Number attempts: 2. Retry after 3 seconds.: paramiko.ssh_exception.NoValidConnectionsError: [Errno None] Unable to connect to port 22 on 10.180.180.128
2025-12-09 23:43:43.080 65808 INFO tempest.lib.common.rest_client [req-2984ed8f-a45b-465d-a3ff-ff205cb832ac req-2984ed8f-a45b-465d-a3ff-ff205cb832ac ] Request (ServerRescueNegativeTestJSON:setUpClass): 201 POST http://10.180.1.21/networking/v2.0/networks 0.331s
2025-12-09 23:43:43.283 65808 INFO tempest.lib.common.rest_client [req-2d986f20-a67b-4583-ac34-025a3f11406c req-2d986f20-a67b-4583-ac34-025a3f11406c ] Request (ServerRescueNegativeTestJSON:setUpClass): 201 POST http://10.180.1.21/networking/v2.0/subnets 0.203s
2025-12-09 23:43:44.239 65832 INFO tempest.lib.common.rest_client [req-a6b12ec0-0a39-4c4c-85b4-86c07fff4c53 req-a6b12ec0-0a39-4c4c-85b4-86c07fff4c53 ] Request (ServersAdminTestJSON:test_list_servers_by_admin_with_all_tenants): 200 GET http://10.180.1.21/compute/v2.1/servers/detail?all_tenants= 3.140s
2025-12-09 23:43:44.268 65832 WARNING tempest.lib.common.rest_client [-] Deprecated: "tenant_id" property is deprecated for removal, use "project_id" instead
2025-12-09 23:43:44.339 65808 INFO tempest.lib.common.rest_client [req-a85a499b-81ba-4443-a694-ed48c584c0b7 req-a85a499b-81ba-4443-a694-ed48c584c0b7 ] Request (ServerRescueNegativeTestJSON:setUpClass): 201 POST http://10.180.1.21/networking/v2.0/routers 1.054s
2025-12-09 23:43:44.369 65845 INFO tempest.lib.common.rest_client [req-1666d2c3-ce9a-48a1-9a07-95ad4aa6d0da req-1666d2c3-ce9a-48a1-9a07-95ad4aa6d0da ] Request (InstanceActionsTestJSON:tearDownClass): 200 GET http://10.180.1.21/compute/v2.1/servers/be60a0a3-a569-47e4-8799-edde3b766782 2.929s
2025-12-09 23:43:44.420 65834 INFO tempest.lib.common.rest_client [req-ac2803be-9e15-4521-b4d3-ea18f58a7563 req-ac2803be-9e15-4521-b4d3-ea18f58a7563 ] Request (ImagesOneServerTestJSON:test_create_delete_image): 200 GET http://10.180.1.21/compute/v2.1/images/7bfff607-f4ab-4b4a-96df-259c7daa69c0 2.687s
2025-12-09 23:43:44.449 65816 INFO tempest.lib.common.rest_client [req-f50bbdd6-4620-4e34-83c7-247fe4ee7eb5 req-f50bbdd6-4620-4e34-83c7-247fe4ee7eb5 ] Request (FlavorsAdminTestJSON:_run_cleanups): 202 DELETE http://10.180.1.21/compute/v2.1/flavors/1996175708 2.680s
2025-12-09 23:43:44.470 65840 INFO tempest.lib.common.rest_client [req-99afebd8-5a78-437e-be43-e0fdaa3a553e req-99afebd8-5a78-437e-be43-e0fdaa3a553e ] Request (SecurityGroupsTestJSON:test_list_security_groups_by_server): 202 POST http://10.180.1.21/compute/v2.1/servers 4.219s
2025-12-09 23:43:44.527 65814 INFO tempest.lib.common.rest_client [req-b092e1e6-bc18-4dec-9828-d0a486117b6f req-b092e1e6-bc18-4dec-9828-d0a486117b6f ] Request (ServerTagsTestJSON:_run_cleanups): 204 DELETE http://10.180.1.21/compute/v2.1/servers/7aeeead1-49c1-47f4-86ca-ab9a4e43c677/tags 2.751s
2025-12-09 23:43:44.544 65800 INFO tempest.lib.common.rest_client [req-0152d2c0-5e8d-484e-ae7a-5c7ab677183d req-0152d2c0-5e8d-484e-ae7a-5c7ab677183d ] Request (FlavorsExtraSpecsTestJSON:test_flavor_non_admin_get_specific_key): 200 GET http://10.180.1.21/compute/v2.1/flavors/1002060451/os-extra_specs/hw:numa_nodes 2.532s
2025-12-09 23:43:44.547 65798 WARNING tempest.lib.common.ssh [-] Failed to establish authenticated ssh connection to cirros@10.180.180.225 ([Errno None] Unable to connect to port 22 on 10.180.180.225). Number attempts: 7. Retry after 8 seconds.: paramiko.ssh_exception.NoValidConnectionsError: [Errno None] Unable to connect to port 22 on 10.180.180.225
2025-12-09 23:43:44.640 65842 INFO tempest.lib.common.rest_client [req-d8a54754-a546-4f4f-885b-737a6393e082 req-d8a54754-a546-4f4f-885b-737a6393e082 ] Request (ListServersNegativeTestJSON:tearDownClass): 200 GET http://10.180.1.21/compute/v2.1/servers/63087b3c-4829-4878-bafb-d864dd59f170 2.610s
2025-12-09 23:43:44.649 65790 INFO tempest.lib.common.rest_client [req-1566665d-4d7b-412d-aa30-1c7289ffbcba req-1566665d-4d7b-412d-aa30-1c7289ffbcba ] Request (ServersAdminNegativeTestJSON:test_resize_server_using_overlimit_ram): 403 POST http://10.180.1.21/compute/v2.1/servers/80994f4a-8ffa-48bf-8ab7-8fac5b069e00/action 2.651s
2025-12-09 23:43:44.658 65796 INFO tempest.lib.common.rest_client [req-6a904765-8979-4ba5-a5f6-ba1a9ed604b0 req-6a904765-8979-4ba5-a5f6-ba1a9ed604b0 ] Request (ListServerFiltersTestJSON:test_list_servers_filter_by_zero_limit): 200 GET http://10.180.1.21/compute/v2.1/servers?limit=0 2.015s
2025-12-09 23:43:45.445 65786 WARNING tempest.lib.common.ssh [-] Failed to establish authenticated ssh connection to cirros@10.180.180.227 ([Errno None] Unable to connect to port 22 on 10.180.180.227). Number attempts: 1. Retry after 2 seconds.: paramiko.ssh_exception.NoValidConnectionsError: [Errno None] Unable to connect to port 22 on 10.180.180.227
2025-12-09 23:43:45.868 65808 INFO tempest.lib.common.rest_client [req-bcfeda4d-c508-4b43-881d-37881eb7bb7f req-bcfeda4d-c508-4b43-881d-37881eb7bb7f ] Request (ServerRescueNegativeTestJSON:setUpClass): 200 PUT http://10.180.1.21/networking/v2.0/routers/b9542ae0-10a7-4481-a77a-7593d3ab5f33/add_router_interface 1.528s
2025-12-09 23:43:45.868 65808 INFO tempest.lib.common.dynamic_creds [-] Created isolated network resources for: credentials: Credentials: {'domain_id': 'default', 'domain_name': 'Default', 'username': 'tempest-ServerRescueNegativeTestJSON-640849074-project-member', 'project_domain_id': 'default', 'project_domain_name': 'Default', 'project_id': '5c8068098ee34de6b7e32ade403c62d9', 'project_name': 'tempest-ServerRescueNegativeTestJSON-640849074', 'tenant_id': '5c8068098ee34de6b7e32ade403c62d9', 'tenant_name': 'tempest-ServerRescueNegativeTestJSON-640849074', 'user_domain_id': 'default', 'user_domain_name': 'Default', 'user_id': '79ab250b5fcf45349e5c6c37d64e2941', 'system': None}, Network: {'id': '726978f9-a8ee-40f0-9d90-a5f9614d2ff0', 'name': 'tempest-ServerRescueNegativeTestJSON-1004122462-network', 'tenant_id': '5c8068098ee34de6b7e32ade403c62d9', 'project_id': '5c8068098ee34de6b7e32ade403c62d9', 'admin_state_up': True, 'mtu': 8950, 'status': 'ACTIVE', 'subnets': [], 'shared': False, 'port_security_enabled': True, 'router:external': False, 'provider:network_type': 'vlan', 'provider:physical_network': 'default', 'provider:segmentation_id': 30, 'availability_zone_hints': [], 'availability_zones': [], 'ipv4_address_scope': None, 'ipv6_address_scope': None, 'description': '', 'tags': [], 'created_at': '2025-12-09T23:43:42Z', 'updated_at': '2025-12-09T23:43:43Z', 'revision_number': 1}, Subnet: {'id': '3e61a970-efe1-44a0-b8d2-2cc1c23be0bb', 'name': 'tempest-ServerRescueNegativeTestJSON-1004122462-subnet', 'tenant_id': '5c8068098ee34de6b7e32ade403c62d9', 'network_id': '726978f9-a8ee-40f0-9d90-a5f9614d2ff0', 'ip_version': 4, 'subnetpool_id': None, 'enable_dhcp': True, 'ipv6_ra_mode': None, 'ipv6_address_mode': None, 'gateway_ip': '192.168.128.1', 'cidr': '192.168.128.0/28', 'allocation_pools': [{'start': '192.168.128.2', 'end': '192.168.128.14'}], 'host_routes': [], 'dns_nameservers': [], 'description': '', 'router:external': False, 'service_types': [], 'tags': [], 'created_at': '2025-12-09T23:43:43Z', 'updated_at': '2025-12-09T23:43:43Z', 'revision_number': 0, 'project_id': '5c8068098ee34de6b7e32ade403c62d9'}, Router: {'id': 'b9542ae0-10a7-4481-a77a-7593d3ab5f33', 'name': 'tempest-ServerRescueNegativeTestJSON-1004122462-router', 'tenant_id': '5c8068098ee34de6b7e32ade403c62d9', 'admin_state_up': True, 'status': 'ACTIVE', 'external_gateway_info': {'network_id': '25d019b7-8313-4fef-9960-2d78bac96a0a', 'external_fixed_ips': [{'subnet_id': 'f5b781f9-0734-4a82-8a83-e26ff200b654', 'ip_address': '10.180.180.241'}], 'enable_snat': True}, 'description': '', 'availability_zones': [], 'distributed': False, 'ha': False, 'availability_zone_hints': [], 'routes': [], 'flavor_id': None, 'tags': [], 'created_at': '2025-12-09T23:43:43Z', 'updated_at': '2025-12-09T23:43:43Z', 'revision_number': 2, 'project_id': '5c8068098ee34de6b7e32ade403c62d9'}
2025-12-09 23:43:45.957 65808 INFO tempest.lib.common.rest_client [req-8eda0c76-30f2-4817-87ae-c49f28680fd4 req-8eda0c76-30f2-4817-87ae-c49f28680fd4 ] Request (ServerRescueNegativeTestJSON:setUpClass): 201 POST http://10.180.1.21/identity/v3/auth/tokens 0.086s
2025-12-09 23:43:45.988 65808 INFO tempest.lib.common.rest_client [req-1b2aaaa8-d648-4e79-a00c-a6e0dbb3e71c req-1b2aaaa8-d648-4e79-a00c-a6e0dbb3e71c ] Request (ServerRescueNegativeTestJSON:setUpClass): 201 POST http://10.180.1.21/identity/v3/auth/tokens 0.028s
2025-12-09 23:43:45.989 65808 INFO tempest.lib.common.fixed_network [-] (ServerRescueNegativeTestJSON:setUpClass) Found network {'id': '726978f9-a8ee-40f0-9d90-a5f9614d2ff0', 'name': 'tempest-ServerRescueNegativeTestJSON-1004122462-network', 'tenant_id': '5c8068098ee34de6b7e32ade403c62d9', 'project_id': '5c8068098ee34de6b7e32ade403c62d9', 'admin_state_up': True, 'mtu': 8950, 'status': 'ACTIVE', 'subnets': [], 'shared': False, 'port_security_enabled': True, 'router:external': False, 'provider:network_type': 'vlan', 'provider:physical_network': 'default', 'provider:segmentation_id': 30, 'availability_zone_hints': [], 'availability_zones': [], 'ipv4_address_scope': None, 'ipv6_address_scope': None, 'description': '', 'tags': [], 'created_at': '2025-12-09T23:43:42Z', 'updated_at': '2025-12-09T23:43:43Z', 'revision_number': 1} available for tenant
2025-12-09 23:43:46.038 65810 INFO tempest.lib.common.rest_client [req-c3d0a0d6-d822-4177-8cc3-61f4a9e4fcc4 req-c3d0a0d6-d822-4177-8cc3-61f4a9e4fcc4 ] Request (ServersNegativeTestMultiTenantJSON:setUpClass): 200 GET http://10.180.1.21/compute/v2.1/servers/5fd2a9ad-6cd2-45ec-b01f-336ebc0e5369 3.346s
2025-12-09 23:43:46.061 65804 INFO tempest.lib.common.rest_client [req-aea8add0-752c-48ca-825e-970a8006269e req-aea8add0-752c-48ca-825e-970a8006269e ] Request (ServersTestManualDisk:setUpClass): 200 GET http://10.180.1.21/compute/v2.1/servers/3d7bdc80-efeb-4c84-8441-115cfd966c49 4.013s
2025-12-09 23:43:46.071 65804 INFO tempest.common.waiters [-] State transition "BUILD/spawning" ==> "ACTIVE/None" after 18 second wait
2025-12-09 23:43:46.210 65806 INFO tempest.lib.common.rest_client [req-03a441e1-dd49-4e68-b1d3-c3d17dc9309e req-03a441e1-dd49-4e68-b1d3-c3d17dc9309e ] Request (ServersAdmin275Test:tearDownClass): 200 GET http://10.180.1.21/compute/v2.1/servers/57d81884-c92d-4214-ba0b-af754ba7b281 3.229s
2025-12-09 23:43:46.221 65806 INFO tempest.common.waiters [-] State transition "ACTIVE/deleting" ==> "DELETED/None" after 5 second wait
2025-12-09 23:43:46.300 65820 INFO tempest.lib.common.rest_client [req-959fec98-d63a-4010-a07f-c7a776f42149 req-959fec98-d63a-4010-a07f-c7a776f42149 ] Request (FlavorsAccessTestJSON:test_flavor_access_add_remove): 200 POST http://10.180.1.21/compute/v2.1/flavors/1931950696/action 3.471s
2025-12-09 23:43:46.423 65824 WARNING tempest.lib.common.ssh [-] Failed to establish authenticated ssh connection to cirros@10.180.180.128 ([Errno None] Unable to connect to port 22 on 10.180.180.128). Number attempts: 3. Retry after 4 seconds.: paramiko.ssh_exception.NoValidConnectionsError: [Errno None] Unable to connect to port 22 on 10.180.180.128
2025-12-09 23:43:46.451 65788 INFO tempest.lib.common.rest_client [req-e80cad7b-d66c-4973-a327-23001b27fa31 req-e80cad7b-d66c-4973-a327-23001b27fa31 ] Request (ServerActionsTestOtherB:setUpClass): 200 GET http://10.180.1.21/compute/v2.1/servers/2ddb62c7-87d1-4e00-aee5-71cd48acec60 3.321s
2025-12-09 23:43:46.492 65794 INFO tempest.lib.common.rest_client [req-fc86746f-8825-49a6-a114-4116bee9e2f0 req-fc86746f-8825-49a6-a114-4116bee9e2f0 ] Request (ServersNegativeTestJSON:setUpClass): 200 GET http://10.180.1.21/compute/v2.1/servers/52041000-a362-4894-9262-bc6bd60f802a 3.486s
2025-12-09 23:43:46.500 65794 INFO tempest.common.waiters [-] State transition "BUILD/spawning" ==> "ACTIVE/None" after 17 second wait
2025-12-09 23:43:46.515 65812 INFO tempest.lib.common.rest_client [req-417d4e94-002b-452b-a815-f2c7f2df721f req-417d4e94-002b-452b-a815-f2c7f2df721f ] Request (ImagesOneServerNegativeTestJSON:_run_cleanups): 200 GET http://10.180.1.21/compute/v2.1/servers/eae424aa-5204-4766-b405-da20630bcdb5 3.364s
2025-12-09 23:43:46.579 65846 INFO tempest.lib.common.rest_client [req-d74624df-c30a-4d9d-9956-f520724472bd req-d74624df-c30a-4d9d-9956-f520724472bd ] Request (ServersListShow2100Test:test_list_show_rebuild_update_server_2100): 200 GET http://10.180.1.21/compute/v2.1/servers/efed727e-dfce-43cf-88f6-55fe04d40d74 3.287s
2025-12-09 23:43:46.586 65794 INFO tempest.lib.common.rest_client [req-94ec0e97-3e5d-47fb-ad74-51819df5aeb2 req-94ec0e97-3e5d-47fb-ad74-51819df5aeb2 ] Request (ServersNegativeTestJSON:setUpClass): 201 POST http://10.180.1.21/identity/v3/auth/tokens 0.081s
2025-12-09 23:43:46.587 65794 INFO tempest.lib.common.fixed_network [-] (ServersNegativeTestJSON:setUpClass) Found network {'id': '0c980092-9023-4e3f-a983-d3790244cd38', 'name': 'tempest-ServersNegativeTestJSON-802722615-network', 'tenant_id': 'e98a101c001c4b5bb7e4f6507ade31ea', 'project_id': 'e98a101c001c4b5bb7e4f6507ade31ea', 'admin_state_up': True, 'mtu': 8950, 'status': 'ACTIVE', 'subnets': [], 'shared': False, 'port_security_enabled': True, 'router:external': False, 'provider:network_type': 'vlan', 'provider:physical_network': 'default', 'provider:segmentation_id': 486, 'availability_zone_hints': [], 'availability_zones': [], 'ipv4_address_scope': None, 'ipv6_address_scope': None, 'description': '', 'tags': [], 'created_at': '2025-12-09T23:43:14Z', 'updated_at': '2025-12-09T23:43:14Z', 'revision_number': 1} available for tenant
2025-12-09 23:43:46.597 65846 INFO tempest.common.waiters [-] State transition "BUILD/spawning" ==> "ACTIVE/None" after 16 second wait
2025-12-09 23:43:46.621 65818 INFO tempest.lib.common.rest_client [req-0befafc2-54b2-43e2-8c2c-555c9ac6755c req-0befafc2-54b2-43e2-8c2c-555c9ac6755c ] Request (ListImageFiltersTestJSON:setUpClass): 200 GET http://10.180.1.21/compute/v2.1/images/f2e1d089-f64b-4a0d-b6c9-a143ae3a5d01 2.941s
2025-12-09 23:43:46.654 65802 INFO tempest.lib.common.rest_client [req-2152493d-e129-417b-b73a-6d57885daf8c req-2152493d-e129-417b-b73a-6d57885daf8c ] Request (ServersTestMultiNic:test_verify_duplicate_network_nics): 200 GET http://10.180.1.21/compute/v2.1/servers/b09c405c-1053-444e-ace8-ca3ab4e163c7 3.039s
2025-12-09 23:43:46.682 65826 INFO tempest.lib.common.rest_client [req-0bc0a504-44a2-40fb-b4ae-095248a531fb req-0bc0a504-44a2-40fb-b4ae-095248a531fb ] Request (ImagesTestJSON:test_create_image_from_suspended_server): 200 GET http://10.180.1.21/compute/v2.1/servers/8a53ec5a-d01c-4c60-995e-70ca2e72716e 2.995s
2025-12-09 23:43:46.688 65832 INFO tempest.lib.common.rest_client [req-5a16461f-95e9-47cb-8140-a62af06c9383 req-5a16461f-95e9-47cb-8140-a62af06c9383 ] Request (ServersAdminTestJSON:test_list_servers_by_admin_with_specified_tenant): 200 GET http://10.180.1.21/compute/v2.1/servers/detail?tenant_id=5e2b30d95a4544b690eefe53f4a4fdbc 2.419s
2025-12-09 23:43:46.698 65834 INFO tempest.lib.common.rest_client [req-d3da98c4-41ea-44ef-8c74-71b0ecd3771e req-d3da98c4-41ea-44ef-8c74-71b0ecd3771e ] Request (ImagesOneServerTestJSON:test_create_delete_image): 200 GET http://10.180.1.21/compute/v2.1/flavors/42 2.272s
2025-12-09 23:43:46.713 65816 INFO tempest.lib.common.rest_client [req-5c20b446-4abc-4f06-a1d1-ac85d39b14eb req-5c20b446-4abc-4f06-a1d1-ac85d39b14eb ] Request (FlavorsAdminTestJSON:_run_cleanups): 200 GET http://10.180.1.21/compute/v2.1/flavors/detail 2.263s
2025-12-09 23:43:46.757 65840 INFO tempest.lib.common.rest_client [req-5a41b5e6-d036-4ca5-bfef-08186371e126 req-5a41b5e6-d036-4ca5-bfef-08186371e126 ] Request (SecurityGroupsTestJSON:test_list_security_groups_by_server): 200 GET http://10.180.1.21/compute/v2.1/servers/512121ae-0d9f-4bfb-8f3b-9aa57bf05d92 2.284s
2025-12-09 23:43:46.777 65814 INFO tempest.lib.common.rest_client [req-a17b359a-57e2-4038-968c-3506d9f6dc39 req-a17b359a-57e2-4038-968c-3506d9f6dc39 ] Request (ServerTagsTestJSON:test_update_all_tags): 201 PUT http://10.180.1.21/compute/v2.1/servers/7aeeead1-49c1-47f4-86ca-ab9a4e43c677/tags/tempest-tag-865274051 2.249s
2025-12-09 23:43:46.779 65800 INFO tempest.lib.common.rest_client [req-db0bf14f-db2c-45ae-8c17-43af1fc618d0 req-db0bf14f-db2c-45ae-8c17-43af1fc618d0 ] Request (FlavorsExtraSpecsTestJSON:test_flavor_set_get_update_show_unset_keys): 200 POST http://10.180.1.21/compute/v2.1/flavors/1002060451/os-extra_specs 2.233s
2025-12-09 23:43:46.790 65790 INFO tempest.lib.common.rest_client [req-e0352ad2-9dcd-4a6d-94d6-4f2ecad6d6a1 req-e0352ad2-9dcd-4a6d-94d6-4f2ecad6d6a1 ] Request (ServersAdminNegativeTestJSON:_run_cleanups): 202 DELETE http://10.180.1.21/compute/v2.1/flavors/291683850 2.141s
2025-12-09 23:43:46.896 65796 INFO tempest.lib.common.rest_client [req-59a04183-c22c-49bb-8cac-13f8cc7aa924 req-59a04183-c22c-49bb-8cac-13f8cc7aa924 ] Request (ListServerFiltersTestJSON:test_list_servers_filtered_by_ip): 200 GET http://10.180.1.21/compute/v2.1/servers/d4d42b7c-a0eb-4cd5-a5f8-e059e007533f 2.234s
2025-12-09 23:43:46.897 65845 INFO tempest.lib.common.rest_client [req-e008ac32-a621-481e-a814-8162949af757 req-e008ac32-a621-481e-a814-8162949af757 ] Request (InstanceActionsTestJSON:tearDownClass): 200 GET http://10.180.1.21/compute/v2.1/servers/be60a0a3-a569-47e4-8799-edde3b766782 1.515s
2025-12-09 23:43:46.918 65842 INFO tempest.lib.common.rest_client [req-6fc45104-2dc2-4a9a-9810-5bf923cc83a3 req-6fc45104-2dc2-4a9a-9810-5bf923cc83a3 ] Request (ListServersNegativeTestJSON:tearDownClass): 404 GET http://10.180.1.21/compute/v2.1/servers/63087b3c-4829-4878-bafb-d864dd59f170 1.262s
2025-12-09 23:43:47.002 65804 INFO tempest.lib.common.rest_client [req-55357ba5-435f-42de-b818-ce955d6cef75 req-55357ba5-435f-42de-b818-ce955d6cef75 ] Request (ServersTestManualDisk:setUpClass): 200 GET http://10.180.1.21/compute/v2.1/servers/3d7bdc80-efeb-4c84-8441-115cfd966c49/os-interface 0.930s
2025-12-09 23:43:47.043 65820 INFO tempest.lib.common.rest_client [req-c35311b7-8051-4cae-a166-30a102db74ce req-c35311b7-8051-4cae-a166-30a102db74ce ] Request (FlavorsAccessTestJSON:test_flavor_access_add_remove): 200 GET http://10.180.1.21/compute/v2.1/flavors/detail 0.742s
2025-12-09 23:43:47.614 65804 INFO tempest.lib.common.rest_client [req-e5109654-6486-4115-b62d-699523c337fb req-e5109654-6486-4115-b62d-699523c337fb ] Request (ServersTestManualDisk:setUpClass): 200 PUT http://10.180.1.21/networking/v2.0/floatingips/4e927640-d22e-4fda-b35e-b9012f4ecf77 0.609s
2025-12-09 23:43:48.045 65808 INFO tempest.lib.common.rest_client [req-73d7b7a9-11d0-4474-9b4d-12867efb0254 req-73d7b7a9-11d0-4474-9b4d-12867efb0254 ] Request (ServerRescueNegativeTestJSON:setUpClass): 202 POST http://10.180.1.21/compute/v2.1/servers 2.055s
2025-12-09 23:43:48.152 65794 INFO tempest.lib.common.rest_client [req-e8f1675b-4fdf-4d6f-b47e-370a0737f407 req-e8f1675b-4fdf-4d6f-b47e-370a0737f407 ] Request (ServersNegativeTestJSON:setUpClass): 202 POST http://10.180.1.21/compute/v2.1/servers 1.564s
2025-12-09 23:43:48.242 65846 INFO tempest.lib.common.rest_client [req-2b18c5db-d1b7-4df1-ac50-d67d9f399ff5 req-2b18c5db-d1b7-4df1-ac50-d67d9f399ff5 ] Request (ServersListShow2100Test:test_list_show_rebuild_update_server_2100): 200 GET http://10.180.1.21/compute/v2.1/servers/detail 1.643s
2025-12-09 23:43:48.368 65834 INFO tempest.lib.common.rest_client [req-241e3974-8008-46fc-8a00-9b3010082d7c req-241e3974-8008-46fc-8a00-9b3010082d7c ] Request (ImagesOneServerTestJSON:test_create_delete_image): 204 DELETE http://10.180.1.21/compute/v2.1/images/df76fe1f-d3f9-47c5-9d4c-133aabf2ffbc 1.667s
2025-12-09 23:43:48.386 65832 INFO tempest.lib.common.rest_client [req-114a9b55-3506-49a3-a188-83e18fc9ea87 req-114a9b55-3506-49a3-a188-83e18fc9ea87 ] Request (ServersAdminTestJSON:test_list_servers_by_admin_with_specified_tenant): 200 GET http://10.180.1.21/compute/v2.1/servers/detail?all_tenants=&tenant_id=5e2b30d95a4544b690eefe53f4a4fdbc 1.691s
2025-12-09 23:43:48.390 65816 INFO tempest.lib.common.rest_client [req-3b5329d0-7259-47de-829b-dd6f144ea8e0 req-3b5329d0-7259-47de-829b-dd6f144ea8e0 ] Request (FlavorsAdminTestJSON:test_list_public_flavor_with_other_user): 200 POST http://10.180.1.21/compute/v2.1/flavors 1.669s
2025-12-09 23:43:48.408 65800 INFO tempest.lib.common.rest_client [req-1cb77891-946c-4684-80ba-d8fc35c75f82 req-1cb77891-946c-4684-80ba-d8fc35c75f82 ] Request (FlavorsExtraSpecsTestJSON:test_flavor_set_get_update_show_unset_keys): 200 GET http://10.180.1.21/compute/v2.1/flavors/1002060451/os-extra_specs 1.628s
2025-12-09 23:43:48.440 65790 INFO tempest.lib.common.rest_client [req-7cbea6f5-bf5c-4e22-8df0-4c8b0ecdc5df req-7cbea6f5-bf5c-4e22-8df0-4c8b0ecdc5df ] Request (ServersAdminNegativeTestJSON:_run_cleanups): 200 GET http://10.180.1.21/compute/v2.1/flavors/detail 1.649s
2025-12-09 23:43:48.455 65814 INFO tempest.lib.common.rest_client [req-d99c4f76-4f7a-4347-9573-ce100c8a5bf7 req-d99c4f76-4f7a-4347-9573-ce100c8a5bf7 ] Request (ServerTagsTestJSON:test_update_all_tags): 201 PUT http://10.180.1.21/compute/v2.1/servers/7aeeead1-49c1-47f4-86ca-ab9a4e43c677/tags/tempest-tag-157892465 1.677s
2025-12-09 23:43:48.514 65786 WARNING tempest.lib.common.ssh [-] Failed to establish authenticated ssh connection to cirros@10.180.180.227 ([Errno None] Unable to connect to port 22 on 10.180.180.227). Number attempts: 2. Retry after 3 seconds.: paramiko.ssh_exception.NoValidConnectionsError: [Errno None] Unable to connect to port 22 on 10.180.180.227
2025-12-09 23:43:48.569 65842 INFO tempest.lib.common.rest_client [req-00831b07-d99e-44ad-bb9c-eff71cbd8865 req-00831b07-d99e-44ad-bb9c-eff71cbd8865 ] Request (ListServersNegativeTestJSON:tearDownClass): 200 GET http://10.180.1.21/compute/v2.1/servers/5c1529ed-b4d9-451d-a40d-b38c468fe41b 1.650s
2025-12-09 23:43:48.591 65796 INFO tempest.lib.common.rest_client [req-9bc25c65-7f81-4c74-ae99-f1ff840525fd req-9bc25c65-7f81-4c74-ae99-f1ff840525fd ] Request (ListServerFiltersTestJSON:test_list_servers_filtered_by_ip): 200 GET http://10.180.1.21/compute/v2.1/servers/964929fc-d9d8-4faa-981b-27f9e516ddd3 1.686s
2025-12-09 23:43:48.607 65820 INFO tempest.lib.common.rest_client [req-a53084b4-1446-470f-98f3-d7ac2d22b8b9 req-a53084b4-1446-470f-98f3-d7ac2d22b8b9 ] Request (FlavorsAccessTestJSON:_run_cleanups): 202 DELETE http://10.180.1.21/compute/v2.1/flavors/1931950696 1.556s
2025-12-09 23:43:48.680 65806 INFO tempest.lib.common.rest_client [req-33d17a1a-cf2f-43f5-85a0-e82434d01ed7 req-33d17a1a-cf2f-43f5-85a0-e82434d01ed7 ] Request (ServersAdmin275Test:tearDownClass): 200 GET http://10.180.1.21/compute/v2.1/servers/57d81884-c92d-4214-ba0b-af754ba7b281 1.458s
2025-12-09 23:43:48.720 65810 INFO tempest.lib.common.rest_client [req-1e506bc9-49bd-4c79-a2ec-a018da163be5 req-1e506bc9-49bd-4c79-a2ec-a018da163be5 ] Request (ServersNegativeTestMultiTenantJSON:setUpClass): 200 GET http://10.180.1.21/compute/v2.1/servers/5fd2a9ad-6cd2-45ec-b01f-336ebc0e5369 1.674s
2025-12-09 23:43:48.729 65810 INFO tempest.common.waiters [-] State transition "BUILD/spawning" ==> "ACTIVE/None" after 19 second wait
2025-12-09 23:43:48.746 65788 INFO tempest.lib.common.rest_client [req-1f3f36f2-fb5a-4dc8-bab1-2d83a77ed1b5 req-1f3f36f2-fb5a-4dc8-bab1-2d83a77ed1b5 ] Request (ServerActionsTestOtherB:setUpClass): 200 GET http://10.180.1.21/compute/v2.1/servers/2ddb62c7-87d1-4e00-aee5-71cd48acec60 1.284s
2025-12-09 23:43:48.780 65812 INFO tempest.lib.common.rest_client [req-7cf6aef7-9e17-4377-8443-a8fa181b12be req-7cf6aef7-9e17-4377-8443-a8fa181b12be ] Request (ImagesOneServerNegativeTestJSON:_run_cleanups): 200 GET http://10.180.1.21/compute/v2.1/servers/eae424aa-5204-4766-b405-da20630bcdb5 1.257s
2025-12-09 23:43:48.820 65818 INFO tempest.lib.common.rest_client [req-0ebd5394-5e3a-40c1-9921-920eaf0367a2 req-0ebd5394-5e3a-40c1-9921-920eaf0367a2 ] Request (ListImageFiltersTestJSON:setUpClass): 200 GET http://10.180.1.21/compute/v2.1/images/f2e1d089-f64b-4a0d-b6c9-a143ae3a5d01 1.194s
2025-12-09 23:43:48.894 65804 INFO tempest.lib.common.rest_client [req-52fe45ec-9bfc-4edf-af19-10e5b760d072 req-52fe45ec-9bfc-4edf-af19-10e5b760d072 ] Request (ServersTestManualDisk:setUpClass): 200 GET http://10.180.1.21/compute/v2.1/servers/3d7bdc80-efeb-4c84-8441-115cfd966c49 1.279s
2025-12-09 23:43:48.903 65804 INFO tempest.lib.common.ssh [-] Creating ssh connection to '10.180.180.224:22' as 'cirros' with public key authentication
2025-12-09 23:43:48.947 65826 INFO tempest.lib.common.rest_client [req-5ee09dc4-c6b5-48a2-bd51-e280d93f6c09 req-5ee09dc4-c6b5-48a2-bd51-e280d93f6c09 ] Request (ImagesTestJSON:test_create_image_from_suspended_server): 200 GET http://10.180.1.21/compute/v2.1/servers/8a53ec5a-d01c-4c60-995e-70ca2e72716e 1.256s
2025-12-09 23:43:48.997 65802 INFO tempest.lib.common.rest_client [req-337ab6df-8d10-46bd-8673-a21577a6027c req-337ab6df-8d10-46bd-8673-a21577a6027c ] Request (ServersTestMultiNic:test_verify_duplicate_network_nics): 200 GET http://10.180.1.21/compute/v2.1/servers/b09c405c-1053-444e-ace8-ca3ab4e163c7 1.333s
2025-12-09 23:43:49.002 65840 INFO tempest.lib.common.rest_client [req-6089f75f-06e3-4642-a090-9bb2513512ca req-6089f75f-06e3-4642-a090-9bb2513512ca ] Request (SecurityGroupsTestJSON:test_list_security_groups_by_server): 200 GET http://10.180.1.21/compute/v2.1/servers/512121ae-0d9f-4bfb-8f3b-9aa57bf05d92 1.235s
2025-12-09 23:43:49.020 65845 INFO tempest.lib.common.rest_client [req-44d78dbd-09af-43c7-bfe1-76596e130675 req-44d78dbd-09af-43c7-bfe1-76596e130675 ] Request (InstanceActionsTestJSON:tearDownClass): 404 GET http://10.180.1.21/compute/v2.1/servers/be60a0a3-a569-47e4-8799-edde3b766782 1.114s
2025-12-09 23:43:49.053 65808 INFO tempest.lib.common.rest_client [req-b893451d-f3f9-4b0c-926d-9c3193ab9f57 req-b893451d-f3f9-4b0c-926d-9c3193ab9f57 ] Request (ServerRescueNegativeTestJSON:setUpClass): 200 GET http://10.180.1.21/compute/v2.1/servers/23303a01-3af2-4c5c-8092-770a3917e562 1.006s
2025-12-09 23:43:49.070 65794 INFO tempest.lib.common.rest_client [req-efcae794-83cc-4e03-a205-dbb7dbff10bd req-efcae794-83cc-4e03-a205-dbb7dbff10bd ] Request (ServersNegativeTestJSON:setUpClass): 200 GET http://10.180.1.21/compute/v2.1/servers/9eb209a7-f541-4c81-b1a5-14e6bb804613 0.916s
2025-12-09 23:43:49.091 65834 INFO tempest.lib.common.rest_client [req-241731ec-c116-4f6c-9e81-faf7317309a0 req-241731ec-c116-4f6c-9e81-faf7317309a0 ] Request (ImagesOneServerTestJSON:test_create_delete_image): 404 GET http://10.180.1.21/compute/v2.1/images/df76fe1f-d3f9-47c5-9d4c-133aabf2ffbc 0.723s
2025-12-09 23:43:49.107 65808 INFO tempest.lib.common.rest_client [req-f4de08ed-1445-44ac-99b1-f02bde56a7cc req-f4de08ed-1445-44ac-99b1-f02bde56a7cc ] Request (ServerRescueNegativeTestJSON:setUpClass): 201 POST http://10.180.1.21/identity/v3/auth/tokens 0.041s
2025-12-09 23:43:49.111 65808 INFO tempest.lib.common.fixed_network [-] (ServerRescueNegativeTestJSON:setUpClass) Found network {'id': '726978f9-a8ee-40f0-9d90-a5f9614d2ff0', 'name': 'tempest-ServerRescueNegativeTestJSON-1004122462-network', 'tenant_id': '5c8068098ee34de6b7e32ade403c62d9', 'project_id': '5c8068098ee34de6b7e32ade403c62d9', 'admin_state_up': True, 'mtu': 8950, 'status': 'ACTIVE', 'subnets': [], 'shared': False, 'port_security_enabled': True, 'router:external': False, 'provider:network_type': 'vlan', 'provider:physical_network': 'default', 'provider:segmentation_id': 30, 'availability_zone_hints': [], 'availability_zones': [], 'ipv4_address_scope': None, 'ipv6_address_scope': None, 'description': '', 'tags': [], 'created_at': '2025-12-09T23:43:42Z', 'updated_at': '2025-12-09T23:43:43Z', 'revision_number': 1} available for tenant
2025-12-09 23:43:49.119 65816 INFO tempest.lib.common.rest_client [req-ab1bd599-76ac-43a8-b9ce-21e2d8de16c3 req-ab1bd599-76ac-43a8-b9ce-21e2d8de16c3 ] Request (FlavorsAdminTestJSON:test_list_public_flavor_with_other_user): 200 GET http://10.180.1.21/compute/v2.1/flavors/detail 0.727s
2025-12-09 23:43:49.138 65846 INFO tempest.lib.common.rest_client [req-a1074520-73b5-4c8f-8332-9a12c1be3daa req-a1074520-73b5-4c8f-8332-9a12c1be3daa ] Request (ServersListShow2100Test:test_list_show_rebuild_update_server_2100): 200 GET http://10.180.1.21/compute/v2.1/servers/efed727e-dfce-43cf-88f6-55fe04d40d74 0.870s
2025-12-09 23:43:49.168 65832 INFO tempest.lib.common.rest_client [req-6b587995-18e9-469a-bef1-3f42688ab8bb req-6b587995-18e9-469a-bef1-3f42688ab8bb ] Request (ServersAdminTestJSON:test_list_servers_by_admin_with_specified_tenant): 200 GET http://10.180.1.21/compute/v2.1/servers/detail?all_tenants=&tenant_id=940266776b584881b681433ec23dc7e9 0.772s
2025-12-09 23:43:49.174 65800 INFO tempest.lib.common.rest_client [req-732f9ed3-71b9-40a7-b9a1-daf4b2a659a6 req-732f9ed3-71b9-40a7-b9a1-daf4b2a659a6 ] Request (FlavorsExtraSpecsTestJSON:test_flavor_set_get_update_show_unset_keys): 200 PUT http://10.180.1.21/compute/v2.1/flavors/1002060451/os-extra_specs/hw:numa_nodes 0.765s
2025-12-09 23:43:49.260 65814 INFO tempest.lib.common.rest_client [req-a96f7cb0-6eb6-46d6-8c7b-8e2c380118c3 req-a96f7cb0-6eb6-46d6-8c7b-8e2c380118c3 ] Request (ServerTagsTestJSON:test_update_all_tags): 200 PUT http://10.180.1.21/compute/v2.1/servers/7aeeead1-49c1-47f4-86ca-ab9a4e43c677/tags 0.804s
2025-12-09 23:43:49.288 65790 INFO tempest.lib.common.rest_client [req-c42144f4-7069-4781-8a55-518659634f75 req-c42144f4-7069-4781-8a55-518659634f75 ] Request (ServersAdminNegativeTestJSON:test_resize_server_using_overlimit_vcpus): 200 GET http://10.180.1.21/compute/v2.1/os-quota-sets/75d2ece5472246d9a14932b0fe47833a 0.839s
2025-12-09 23:43:49.322 65820 INFO tempest.lib.common.rest_client [req-42bec216-49b7-4c2d-a553-d88587ee3db7 req-42bec216-49b7-4c2d-a553-d88587ee3db7 ] Request (FlavorsAccessTestJSON:_run_cleanups): 200 GET http://10.180.1.21/compute/v2.1/flavors/detail 0.715s
2025-12-09 23:43:49.401 65796 INFO tempest.lib.common.rest_client [req-98f461ae-1996-4b7a-9ed6-7721556b4f3c req-98f461ae-1996-4b7a-9ed6-7721556b4f3c ] Request (ListServerFiltersTestJSON:test_list_servers_filtered_by_ip): 200 GET http://10.180.1.21/compute/v2.1/servers/2114b1d6-73c4-4cc4-898b-5d70601fb655 0.801s
2025-12-09 23:43:49.462 65810 INFO tempest.lib.common.rest_client [req-554233ee-ffc0-45a8-94f1-7963ca421d86 req-554233ee-ffc0-45a8-94f1-7963ca421d86 ] Request (ServersNegativeTestMultiTenantJSON:setUp): 200 GET http://10.180.1.21/compute/v2.1/servers/5fd2a9ad-6cd2-45ec-b01f-336ebc0e5369 0.733s
2025-12-09 23:43:49.789 65808 INFO tempest.lib.common.rest_client [req-e46338ab-f7d3-4dde-ae49-6dc160d93fcb req-e46338ab-f7d3-4dde-ae49-6dc160d93fcb ] Request (ServerRescueNegativeTestJSON:setUpClass): 202 POST http://10.180.1.21/compute/v2.1/servers 0.675s
2025-12-09 23:43:49.809 65816 INFO tempest.lib.common.rest_client [req-afe34edd-6cd1-4f2b-a214-20e3c6d1c4ba req-afe34edd-6cd1-4f2b-a214-20e3c6d1c4ba ] Request (FlavorsAdminTestJSON:_run_cleanups): 202 DELETE http://10.180.1.21/compute/v2.1/flavors/954810915 0.679s
2025-12-09 23:43:49.907 65846 INFO tempest.lib.common.rest_client [req-e36c5f89-bff0-43b1-8dc2-bcd1eaa25f03 req-e36c5f89-bff0-43b1-8dc2-bcd1eaa25f03 ] Request (ServersListShow2100Test:test_list_show_rebuild_update_server_2100): 200 PUT http://10.180.1.21/compute/v2.1/servers/efed727e-dfce-43cf-88f6-55fe04d40d74 0.753s
2025-12-09 23:43:49.919 65800 INFO tempest.lib.common.rest_client [req-26a1b2fc-adf3-4950-a1fa-12731dc533a2 req-26a1b2fc-adf3-4950-a1fa-12731dc533a2 ] Request (FlavorsExtraSpecsTestJSON:test_flavor_set_get_update_show_unset_keys): 200 GET http://10.180.1.21/compute/v2.1/flavors/1002060451/os-extra_specs 0.743s
2025-12-09 23:43:49.925 65832 INFO tempest.lib.common.rest_client [req-680d02c4-de9f-4c17-9ac3-6423221291dc req-680d02c4-de9f-4c17-9ac3-6423221291dc ] Request (ServersAdminTestJSON:test_list_servers_detailed_filter_by_invalid_status): 200 GET http://10.180.1.21/compute/v2.1/servers/detail?status=invalid_status 0.740s
2025-12-09 23:43:49.935 65845 INFO tempest.lib.common.rest_client [req-8c49248d-fe14-4bdb-aea5-db817c549720 req-8c49248d-fe14-4bdb-aea5-db817c549720 ] Request (InstanceActionsTestJSON:tearDownClass): 200 PUT http://10.180.1.21/networking/v2.0/routers/3703bb8c-7557-4a8b-adb1-84102721d1d8/remove_router_interface 0.915s
2025-12-09 23:43:49.940 65814 INFO tempest.lib.common.rest_client [req-8bed138f-2ab7-4131-90bf-a49ed003141c req-8bed138f-2ab7-4131-90bf-a49ed003141c ] Request (ServerTagsTestJSON:test_update_all_tags): 200 GET http://10.180.1.21/compute/v2.1/servers/7aeeead1-49c1-47f4-86ca-ab9a4e43c677/tags 0.679s
2025-12-09 23:43:49.960 65790 INFO tempest.lib.common.rest_client [req-7035b399-ad7f-4885-ba69-f0ea9cc48a70 req-7035b399-ad7f-4885-ba69-f0ea9cc48a70 ] Request (ServersAdminNegativeTestJSON:test_resize_server_using_overlimit_vcpus): 200 POST http://10.180.1.21/compute/v2.1/flavors 0.666s
2025-12-09 23:43:49.962 65834 INFO tempest.lib.common.rest_client [req-11415dd9-39a5-4cd4-9c15-8f1ecf958c3c req-11415dd9-39a5-4cd4-9c15-8f1ecf958c3c ] Request (ImagesOneServerTestJSON:test_create_image_specify_multibyte_character_image_name): 202 POST http://10.180.1.21/compute/v2.1/servers/59b92cda-ff4a-4297-b635-25674b37f3ef/action 0.869s
2025-12-09 23:43:49.976 65820 INFO tempest.lib.common.rest_client [req-c4d18dd4-cd64-4b7d-96e5-c4621649a2c6 req-c4d18dd4-cd64-4b7d-96e5-c4621649a2c6 ] Request (FlavorsAccessTestJSON:test_flavor_access_list_with_private_flavor): 200 POST http://10.180.1.21/compute/v2.1/flavors 0.646s
