2025-12-09 23:44:27.566 65790 INFO tempest.lib.common.rest_client [req-1ff59676-8b44-46de-8c3f-72774ba44f05 req-1ff59676-8b44-46de-8c3f-72774ba44f05 ] Request (ServersAdminNegativeTestJSON:tearDownClass): 200 GET http://10.180.1.21/compute/v2.1/servers/138be0fe-1201-4cf7-9011-709465a8081f 0.355s
2025-12-09 23:44:27.572 65840 INFO tempest.lib.common.rest_client [req-a0c20b0c-1918-41b9-adf3-fbe1b6a2be86 req-a0c20b0c-1918-41b9-adf3-fbe1b6a2be86 ] Request (SecurityGroupsTestJSON:test_server_security_groups): 200 GET http://10.180.1.21/compute/v2.1/servers/5bec10ed-4738-4d28-b95d-37334ea33452 0.283s
2025-12-09 23:44:27.616 65829 INFO tempest.lib.common.rest_client [req-f9aced27-f097-42c1-ab0b-3a682bbe7982 req-f9aced27-f097-42c1-ab0b-3a682bbe7982 ] Request (VolumesAssistedSnapshotsTest:test_volume_assisted_snapshot_create_delete): 200 GET http://10.180.1.21/volume/v3/volumes/db9e3dbc-4725-4ec7-b1f4-dea7c498a96c 0.032s
2025-12-09 23:44:27.620 65788 WARNING tempest.lib.common.ssh [-] Failed to establish authenticated ssh connection to cirros@10.180.180.135 ([Errno None] Unable to connect to port 22 on 10.180.180.135). Number attempts: 4. Retry after 5 seconds.: paramiko.ssh_exception.NoValidConnectionsError: [Errno None] Unable to connect to port 22 on 10.180.180.135
2025-12-09 23:44:27.656 65812 INFO tempest.lib.common.rest_client [req-8ba97f3f-9dc3-4873-9029-7a1959b79afe req-8ba97f3f-9dc3-4873-9029-7a1959b79afe ] Request (ImagesOneServerNegativeTestJSON:_run_cleanups): 200 GET http://10.180.1.21/compute/v2.1/servers/eae424aa-5204-4766-b405-da20630bcdb5 0.306s
2025-12-09 23:44:27.691 65832 INFO tempest.lib.common.rest_client [req-4b121576-a303-422d-afc7-2363621137e4 req-4b121576-a303-422d-afc7-2363621137e4 ] Request (ServersAdminTestJSON:tearDownClass): 200 GET http://10.180.1.21/compute/v2.1/servers/609cdf1f-1aaf-409a-801c-2db685dde135 0.293s
2025-12-09 23:44:27.716 65794 INFO tempest.lib.common.rest_client [req-ef50ac7c-6ac6-492e-bce1-1103b4724196 req-ef50ac7c-6ac6-492e-bce1-1103b4724196 ] Request (ServersNegativeTestJSON:setUpClass): 200 GET http://10.180.1.21/compute/v2.1/servers/9eb209a7-f541-4c81-b1a5-14e6bb804613 0.248s
2025-12-09 23:44:27.808 65834 INFO tempest.lib.common.rest_client [req-0cca8e8c-a49f-4edb-858c-1a2e56f1545f req-0cca8e8c-a49f-4edb-858c-1a2e56f1545f ] Request (ImagesOneServerTestJSON:tearDownClass): 200 GET http://10.180.1.21/compute/v2.1/servers/59b92cda-ff4a-4297-b635-25674b37f3ef 0.193s
2025-12-09 23:44:27.831 65808 INFO tempest.lib.common.rest_client [req-5ae883ea-1e5f-4e1d-9876-093d8e00768e req-5ae883ea-1e5f-4e1d-9876-093d8e00768e ] Request (ServerRescueNegativeTestJSON:setUpClass): 200 GET http://10.180.1.21/compute/v2.1/servers/4dc35f07-3de1-4dc9-868a-3c4f3c74a286 0.253s
2025-12-09 23:44:27.876 65824 INFO tempest.lib.common.rest_client [req-8f197acf-98c8-42e7-a362-7256c3f21b5a req-8f197acf-98c8-42e7-a362-7256c3f21b5a ] Request (ServersV294TestFqdnHostnames:tearDownClass): 200 GET http://10.180.1.21/compute/v2.1/servers/ebb34170-ce81-4edf-b2e5-76fa95f3436a 0.218s
2025-12-09 23:44:27.886 65820 INFO tempest.lib.common.rest_client [req-0de6e382-2c8e-4f1f-b280-d46684c0dc2b req-0de6e382-2c8e-4f1f-b280-d46684c0dc2b ] Request (ServerExternalEventsTest:test_create_server_external_events): 200 GET http://10.180.1.21/compute/v2.1/servers/aa5d3405-a1a7-4b62-b1f3-672b087f50c4 0.217s
2025-12-09 23:44:27.937 65796 INFO tempest.lib.common.rest_client [req-f64ffb12-d5a2-46a9-8723-a581bb2dd93d req-f64ffb12-d5a2-46a9-8723-a581bb2dd93d ] Request (ListServerFiltersTestJSON:tearDownClass): 200 GET http://10.180.1.21/compute/v2.1/servers/2114b1d6-73c4-4cc4-898b-5d70601fb655 0.222s
2025-12-09 23:44:27.951 65806 INFO tempest.lib.common.rest_client [req-9e0f4808-38bc-4f25-961e-3b88f5ef0300 req-9e0f4808-38bc-4f25-961e-3b88f5ef0300 ] Request (ServerRescueTestJSONUnderV235:setUpClass): 200 GET http://10.180.1.21/compute/v2.1/servers/c36270c7-e51d-41b2-8d11-ba5077bfcb49 0.187s
2025-12-09 23:44:28.023 65800 INFO tempest.lib.common.rest_client [req-a7016098-6af4-4b49-9cc0-f6164fd10592 req-a7016098-6af4-4b49-9cc0-f6164fd10592 ] Request (ServerDiagnosticsNegativeTest:test_get_server_diagnostics_by_non_admin): 200 GET http://10.180.1.21/compute/v2.1/servers/fb8d4822-386a-4cfc-b77d-ef16db5c84dc 0.144s
2025-12-09 23:44:28.047 65845 INFO tempest.lib.common.rest_client [req-6ffd7da2-3f87-4af7-a9e0-e6e10089d38e req-6ffd7da2-3f87-4af7-a9e0-e6e10089d38e ] Request (ServerRescueTestJSON:setUpClass): 200 GET http://10.180.1.21/compute/v2.1/servers/dbcbdeef-2276-4913-be13-16392d09915a 0.226s
2025-12-09 23:44:28.054 65845 INFO tempest.common.waiters [-] State transition "BUILD/networking" ==> "BUILD/spawning" after 28 second wait
2025-12-09 23:44:28.070 65826 INFO tempest.lib.common.rest_client [req-a72e6ef5-8b9a-47eb-a88c-49898c2830e4 req-a72e6ef5-8b9a-47eb-a88c-49898c2830e4 ] Request (ImagesTestJSON:test_create_image_from_suspended_server): 200 GET http://10.180.1.21/compute/v2.1/images/1e042a7a-bddb-4bc1-a82e-9c1c4ac057f8 0.159s
2025-12-09 23:44:28.106 65802 INFO tempest.lib.common.rest_client [req-3f1e89f7-414b-46d1-baa0-74c014839eea req-3f1e89f7-414b-46d1-baa0-74c014839eea ] Request (ServersTestMultiNic:_run_cleanups): 200 GET http://10.180.1.21/compute/v2.1/servers/b09c405c-1053-444e-ace8-ca3ab4e163c7 0.105s
2025-12-09 23:44:28.126 65816 INFO tempest.lib.common.rest_client [req-9956bb74-7f1a-4294-91ad-09ba382d5d14 req-9956bb74-7f1a-4294-91ad-09ba382d5d14 ] Request (FloatingIPsAssociationTestJSON:setUpClass): 200 GET http://10.180.1.21/compute/v2.1/servers/4870929d-ccc6-44ff-a295-5bd70dc1fbc0 0.072s
2025-12-09 23:44:28.208 65818 INFO tempest.lib.common.rest_client [req-594fe12b-66d1-4c37-975c-d4d0b9179b29 req-594fe12b-66d1-4c37-975c-d4d0b9179b29 ] Request (ListImageFiltersTestJSON:tearDownClass): 200 GET http://10.180.1.21/compute/v2.1/servers/d607f48d-e1f5-4295-99b9-f709ce0c945f 0.078s
2025-12-09 23:44:28.390 65846 INFO tempest.lib.common.rest_client [req-069aeccb-18af-4452-b8dd-bb783b40d8fc req-069aeccb-18af-4452-b8dd-bb783b40d8fc ] Request (ServersListShow2100Test:tearDownClass): 200 GET http://10.180.1.21/compute/v2.1/servers/efed727e-dfce-43cf-88f6-55fe04d40d74 0.089s
2025-12-09 23:44:28.643 65840 INFO tempest.lib.common.rest_client [req-3755aed1-fc62-4147-a6f0-856f1b43e413 req-3755aed1-fc62-4147-a6f0-856f1b43e413 ] Request (SecurityGroupsTestJSON:test_server_security_groups): 200 GET http://10.180.1.21/compute/v2.1/servers/5bec10ed-4738-4d28-b95d-37334ea33452 0.062s
2025-12-09 23:44:28.647 65790 INFO tempest.lib.common.rest_client [req-aa35971a-c827-41e1-893d-c152fb5ee8c6 req-aa35971a-c827-41e1-893d-c152fb5ee8c6 ] Request (ServersAdminNegativeTestJSON:tearDownClass): 200 GET http://10.180.1.21/compute/v2.1/servers/138be0fe-1201-4cf7-9011-709465a8081f 0.073s
2025-12-09 23:44:28.660 65829 INFO tempest.lib.common.rest_client [req-eb04c451-db64-4b94-8655-22f1896dfb8d req-eb04c451-db64-4b94-8655-22f1896dfb8d ] Request (VolumesAssistedSnapshotsTest:test_volume_assisted_snapshot_create_delete): 200 GET http://10.180.1.21/volume/v3/volumes/db9e3dbc-4725-4ec7-b1f4-dea7c498a96c 0.033s
2025-12-09 23:44:28.732 65812 INFO tempest.lib.common.rest_client [req-46d63829-03e3-458a-8eda-809dfb172804 req-46d63829-03e3-458a-8eda-809dfb172804 ] Request (ImagesOneServerNegativeTestJSON:_run_cleanups): 200 GET http://10.180.1.21/compute/v2.1/servers/eae424aa-5204-4766-b405-da20630bcdb5 0.065s
2025-12-09 23:44:28.788 65794 INFO tempest.lib.common.rest_client [req-cb3655a4-4454-47df-ac38-74049f67aaaa req-cb3655a4-4454-47df-ac38-74049f67aaaa ] Request (ServersNegativeTestJSON:setUpClass): 200 GET http://10.180.1.21/compute/v2.1/servers/9eb209a7-f541-4c81-b1a5-14e6bb804613 0.060s
2025-12-09 23:44:28.800 65794 INFO tempest.common.waiters [-] State transition "ACTIVE/deleting" ==> "DELETED/None" after 3 second wait
2025-12-09 23:44:28.811 65832 INFO tempest.lib.common.rest_client [req-9d2bdd9e-b8a8-4825-94d0-b5a56f28a51e req-9d2bdd9e-b8a8-4825-94d0-b5a56f28a51e ] Request (ServersAdminTestJSON:tearDownClass): 200 GET http://10.180.1.21/compute/v2.1/servers/609cdf1f-1aaf-409a-801c-2db685dde135 0.111s
2025-12-09 23:44:28.883 65834 INFO tempest.lib.common.rest_client [req-a7c9d104-65c4-4bb9-a4c1-61a2dfcbd3f3 req-a7c9d104-65c4-4bb9-a4c1-61a2dfcbd3f3 ] Request (ImagesOneServerTestJSON:tearDownClass): 200 GET http://10.180.1.21/compute/v2.1/servers/59b92cda-ff4a-4297-b635-25674b37f3ef 0.067s
2025-12-09 23:44:28.940 65808 INFO tempest.lib.common.rest_client [req-40a11809-92c9-4e2d-9ee7-dc29550cf10a req-40a11809-92c9-4e2d-9ee7-dc29550cf10a ] Request (ServerRescueNegativeTestJSON:setUpClass): 200 GET http://10.180.1.21/compute/v2.1/servers/4dc35f07-3de1-4dc9-868a-3c4f3c74a286 0.101s
2025-12-09 23:44:28.947 65808 INFO tempest.common.waiters [-] State transition "BUILD/spawning" ==> "ACTIVE/None" after 38 second wait
2025-12-09 23:44:28.954 65824 INFO tempest.lib.common.rest_client [req-e3debccf-750e-4ac9-bd73-13b1cfc7834b req-e3debccf-750e-4ac9-bd73-13b1cfc7834b ] Request (ServersV294TestFqdnHostnames:tearDownClass): 200 GET http://10.180.1.21/compute/v2.1/servers/ebb34170-ce81-4edf-b2e5-76fa95f3436a 0.067s
2025-12-09 23:44:28.990 65820 INFO tempest.lib.common.rest_client [req-3b0d260b-17b2-4624-bc08-6751923d384a req-3b0d260b-17b2-4624-bc08-6751923d384a ] Request (ServerExternalEventsTest:test_create_server_external_events): 200 GET http://10.180.1.21/compute/v2.1/servers/aa5d3405-a1a7-4b62-b1f3-672b087f50c4 0.096s
2025-12-09 23:44:29.011 65796 INFO tempest.lib.common.rest_client [req-310c201f-4659-45e3-9276-0c85de1ae799 req-310c201f-4659-45e3-9276-0c85de1ae799 ] Request (ListServerFiltersTestJSON:tearDownClass): 200 GET http://10.180.1.21/compute/v2.1/servers/2114b1d6-73c4-4cc4-898b-5d70601fb655 0.067s
2025-12-09 23:44:29.057 65808 INFO tempest.lib.common.rest_client [req-d6a66dd8-7177-4bb8-b1c7-7c238ff48927 req-d6a66dd8-7177-4bb8-b1c7-7c238ff48927 ] Request (ServerRescueNegativeTestJSON:setUpClass): 200 POST http://10.180.1.21/compute/v2.1/servers/4dc35f07-3de1-4dc9-868a-3c4f3c74a286/action 0.110s
2025-12-09 23:44:29.061 65806 INFO tempest.lib.common.rest_client [req-ce3f1132-9e3b-44d7-9f16-096c191309f2 req-ce3f1132-9e3b-44d7-9f16-096c191309f2 ] Request (ServerRescueTestJSONUnderV235:setUpClass): 200 GET http://10.180.1.21/compute/v2.1/servers/c36270c7-e51d-41b2-8d11-ba5077bfcb49 0.102s
2025-12-09 23:44:29.110 65800 INFO tempest.lib.common.rest_client [req-b48a483f-6661-4f0d-b96b-6249a9022efb req-b48a483f-6661-4f0d-b96b-6249a9022efb ] Request (ServerDiagnosticsNegativeTest:test_get_server_diagnostics_by_non_admin): 200 GET http://10.180.1.21/compute/v2.1/servers/fb8d4822-386a-4cfc-b77d-ef16db5c84dc 0.078s
2025-12-09 23:44:29.172 65845 INFO tempest.lib.common.rest_client [req-cd0a5bec-4d12-4f45-97b5-ef2fc7fed427 req-cd0a5bec-4d12-4f45-97b5-ef2fc7fed427 ] Request (ServerRescueTestJSON:setUpClass): 200 GET http://10.180.1.21/compute/v2.1/servers/dbcbdeef-2276-4913-be13-16392d09915a 0.116s
2025-12-09 23:44:29.211 65826 INFO tempest.lib.common.rest_client [req-5f3cecf9-30a8-4892-b170-02057e6cc8b6 req-5f3cecf9-30a8-4892-b170-02057e6cc8b6 ] Request (ImagesTestJSON:test_create_image_from_suspended_server): 200 GET http://10.180.1.21/compute/v2.1/images/1e042a7a-bddb-4bc1-a82e-9c1c4ac057f8 0.137s
2025-12-09 23:44:29.263 65808 INFO tempest.lib.common.rest_client [req-804279a2-19c0-42bd-b890-da6a210320ae req-804279a2-19c0-42bd-b890-da6a210320ae ] Request (ServerRescueNegativeTestJSON:setUpClass): 200 GET http://10.180.1.21/compute/v2.1/servers/4dc35f07-3de1-4dc9-868a-3c4f3c74a286 0.205s
2025-12-09 23:44:29.291 65802 INFO tempest.lib.common.rest_client [req-a44c2cb5-e370-4164-957b-42ac21ce98d4 req-a44c2cb5-e370-4164-957b-42ac21ce98d4 ] Request (ServersTestMultiNic:_run_cleanups): 200 GET http://10.180.1.21/compute/v2.1/servers/b09c405c-1053-444e-ace8-ca3ab4e163c7 0.174s
2025-12-09 23:44:29.329 65816 INFO tempest.lib.common.rest_client [req-fabab944-17f6-43f3-8093-8138c7f6cbb9 req-fabab944-17f6-43f3-8093-8138c7f6cbb9 ] Request (FloatingIPsAssociationTestJSON:setUpClass): 200 GET http://10.180.1.21/compute/v2.1/servers/4870929d-ccc6-44ff-a295-5bd70dc1fbc0 0.196s
2025-12-09 23:44:29.336 65816 INFO tempest.common.waiters [-] State transition "BUILD/None" ==> "BUILD/networking" after 29 second wait
2025-12-09 23:44:29.362 65818 INFO tempest.lib.common.rest_client [req-b3c35f8b-fac1-4f48-a8af-acfbae653bc4 req-b3c35f8b-fac1-4f48-a8af-acfbae653bc4 ] Request (ListImageFiltersTestJSON:tearDownClass): 200 GET http://10.180.1.21/compute/v2.1/servers/d607f48d-e1f5-4295-99b9-f709ce0c945f 0.145s
2025-12-09 23:44:29.482 65846 INFO tempest.lib.common.rest_client [req-0d8da37a-2456-4289-985c-4a7a0e3cf6dd req-0d8da37a-2456-4289-985c-4a7a0e3cf6dd ] Request (ServersListShow2100Test:tearDownClass): 200 GET http://10.180.1.21/compute/v2.1/servers/efed727e-dfce-43cf-88f6-55fe04d40d74 0.079s
2025-12-09 23:44:29.757 65829 INFO tempest.lib.common.rest_client [req-dba4f274-bb6d-4419-a3ee-a58c3da89662 req-dba4f274-bb6d-4419-a3ee-a58c3da89662 ] Request (VolumesAssistedSnapshotsTest:test_volume_assisted_snapshot_create_delete): 200 GET http://10.180.1.21/volume/v3/volumes/db9e3dbc-4725-4ec7-b1f4-dea7c498a96c 0.089s
2025-12-09 23:44:29.949 65840 INFO tempest.lib.common.rest_client [req-999f3795-6573-4dab-8e5c-76d17dfd7eab req-999f3795-6573-4dab-8e5c-76d17dfd7eab ] Request (SecurityGroupsTestJSON:test_server_security_groups): 200 GET http://10.180.1.21/compute/v2.1/servers/5bec10ed-4738-4d28-b95d-37334ea33452 0.298s
2025-12-09 23:44:29.960 65790 INFO tempest.lib.common.rest_client [req-8b574018-006c-4f95-9f27-7f42f9b31534 req-8b574018-006c-4f95-9f27-7f42f9b31534 ] Request (ServersAdminNegativeTestJSON:tearDownClass): 200 GET http://10.180.1.21/compute/v2.1/servers/138be0fe-1201-4cf7-9011-709465a8081f 0.304s
2025-12-09 23:44:30.028 65812 INFO tempest.lib.common.rest_client [req-6f9b78c8-d665-42f6-8a03-882b2587175a req-6f9b78c8-d665-42f6-8a03-882b2587175a ] Request (ImagesOneServerNegativeTestJSON:_run_cleanups): 200 GET http://10.180.1.21/compute/v2.1/servers/eae424aa-5204-4766-b405-da20630bcdb5 0.287s
2025-12-09 23:44:30.049 65794 INFO tempest.lib.common.rest_client [req-65704446-aca9-43b1-8c10-ae62be082652 req-65704446-aca9-43b1-8c10-ae62be082652 ] Request (ServersNegativeTestJSON:setUpClass): 200 GET http://10.180.1.21/compute/v2.1/servers/9eb209a7-f541-4c81-b1a5-14e6bb804613 0.247s
2025-12-09 23:44:30.099 65832 INFO tempest.lib.common.rest_client [req-63384b0d-10f5-4812-a572-5d00f7af1dfa req-63384b0d-10f5-4812-a572-5d00f7af1dfa ] Request (ServersAdminTestJSON:tearDownClass): 200 GET http://10.180.1.21/compute/v2.1/servers/609cdf1f-1aaf-409a-801c-2db685dde135 0.278s
2025-12-09 23:44:30.153 65834 INFO tempest.lib.common.rest_client [req-a44c2599-bc52-4d15-8a19-8521161fc492 req-a44c2599-bc52-4d15-8a19-8521161fc492 ] Request (ImagesOneServerTestJSON:tearDownClass): 200 GET http://10.180.1.21/compute/v2.1/servers/59b92cda-ff4a-4297-b635-25674b37f3ef 0.262s
2025-12-09 23:44:30.222 65820 INFO tempest.lib.common.rest_client [req-209f2532-9302-4e19-9132-ba92209d335d req-209f2532-9302-4e19-9132-ba92209d335d ] Request (ServerExternalEventsTest:test_create_server_external_events): 200 GET http://10.180.1.21/compute/v2.1/servers/aa5d3405-a1a7-4b62-b1f3-672b087f50c4 0.225s
2025-12-09 23:44:30.242 65824 INFO tempest.lib.common.rest_client [req-aa00acc0-d4de-4c44-bc63-91b3f96ddb3f req-aa00acc0-d4de-4c44-bc63-91b3f96ddb3f ] Request (ServersV294TestFqdnHostnames:tearDownClass): 200 GET http://10.180.1.21/compute/v2.1/servers/ebb34170-ce81-4edf-b2e5-76fa95f3436a 0.277s
2025-12-09 23:44:30.294 65796 INFO tempest.lib.common.rest_client [req-c59f79db-5194-409d-b638-a857b3f0f98f req-c59f79db-5194-409d-b638-a857b3f0f98f ] Request (ListServerFiltersTestJSON:tearDownClass): 200 GET http://10.180.1.21/compute/v2.1/servers/2114b1d6-73c4-4cc4-898b-5d70601fb655 0.275s
2025-12-09 23:44:30.314 65806 INFO tempest.lib.common.rest_client [req-41fbd875-db5f-44fd-b462-5ae76e503e84 req-41fbd875-db5f-44fd-b462-5ae76e503e84 ] Request (ServerRescueTestJSONUnderV235:setUpClass): 200 GET http://10.180.1.21/compute/v2.1/servers/c36270c7-e51d-41b2-8d11-ba5077bfcb49 0.243s
2025-12-09 23:44:30.362 65800 INFO tempest.lib.common.rest_client [req-f8365ba2-c70f-43b6-aa51-41a851e03714 req-f8365ba2-c70f-43b6-aa51-41a851e03714 ] Request (ServerDiagnosticsNegativeTest:test_get_server_diagnostics_by_non_admin): 200 GET http://10.180.1.21/compute/v2.1/servers/fb8d4822-386a-4cfc-b77d-ef16db5c84dc 0.243s
2025-12-09 23:44:30.413 65826 INFO tempest.lib.common.rest_client [req-29e974d0-ed79-4b0f-b2ec-6193a327e534 req-29e974d0-ed79-4b0f-b2ec-6193a327e534 ] Request (ImagesTestJSON:test_create_image_from_suspended_server): 200 GET http://10.180.1.21/compute/v2.1/images/1e042a7a-bddb-4bc1-a82e-9c1c4ac057f8 0.198s
2025-12-09 23:44:30.470 65845 INFO tempest.lib.common.rest_client [req-2040214b-bb71-45ed-8987-165ab25490e5 req-2040214b-bb71-45ed-8987-165ab25490e5 ] Request (ServerRescueTestJSON:setUpClass): 200 GET http://10.180.1.21/compute/v2.1/servers/dbcbdeef-2276-4913-be13-16392d09915a 0.289s
2025-12-09 23:44:30.532 65804 INFO paramiko.transport [-] Connected (version 2.0, client dropbear_2020.81)
2025-12-09 23:44:30.564 65802 INFO tempest.lib.common.rest_client [req-3dbb4164-83b8-4078-9ffb-d6984e9c03c0 req-3dbb4164-83b8-4078-9ffb-d6984e9c03c0 ] Request (ServersTestMultiNic:_run_cleanups): 200 GET http://10.180.1.21/compute/v2.1/servers/b09c405c-1053-444e-ace8-ca3ab4e163c7 0.263s
2025-12-09 23:44:30.604 65808 INFO tempest.lib.common.rest_client [req-a755caef-b0c0-4b1c-af68-96a69b60a447 req-a755caef-b0c0-4b1c-af68-96a69b60a447 ] Request (ServerRescueNegativeTestJSON:setUpClass): 200 GET http://10.180.1.21/compute/v2.1/servers/4dc35f07-3de1-4dc9-868a-3c4f3c74a286 0.331s
2025-12-09 23:44:30.636 65804 INFO paramiko.transport [-] Authentication (publickey) successful!
2025-12-09 23:44:30.636 65804 INFO tempest.lib.common.ssh [-] ssh connection to cirros@10.180.180.224 successfully created
2025-12-09 23:44:30.689 65818 INFO tempest.lib.common.rest_client [req-e1bda56b-8ff9-4421-998e-ada8620cebc9 req-e1bda56b-8ff9-4421-998e-ada8620cebc9 ] Request (ListImageFiltersTestJSON:tearDownClass): 200 GET http://10.180.1.21/compute/v2.1/servers/d607f48d-e1f5-4295-99b9-f709ce0c945f 0.318s
2025-12-09 23:44:30.715 65816 INFO tempest.lib.common.rest_client [req-0c3b7067-ff38-4fd5-be6f-c956c81161dc req-0c3b7067-ff38-4fd5-be6f-c956c81161dc ] Request (FloatingIPsAssociationTestJSON:setUpClass): 200 GET http://10.180.1.21/compute/v2.1/servers/4870929d-ccc6-44ff-a295-5bd70dc1fbc0 0.378s
2025-12-09 23:44:30.722 65816 INFO tempest.common.waiters [-] State transition "BUILD/networking" ==> "BUILD/spawning" after 30 second wait
2025-12-09 23:44:30.773 65804 INFO tempest.lib.common.rest_client [req-d5667a4f-ce89-4275-a628-837080f3a10d req-d5667a4f-ce89-4275-a628-837080f3a10d ] Request (ServersTestManualDisk:test_list_servers): 200 GET http://10.180.1.21/compute/v2.1/servers 0.129s
2025-12-09 23:44:30.789 65846 INFO tempest.lib.common.rest_client [req-d530ce15-8279-43e0-900c-6f96c0c6b21d req-d530ce15-8279-43e0-900c-6f96c0c6b21d ] Request (ServersListShow2100Test:tearDownClass): 200 GET http://10.180.1.21/compute/v2.1/servers/efed727e-dfce-43cf-88f6-55fe04d40d74 0.294s
2025-12-09 23:44:30.800 65829 INFO tempest.lib.common.rest_client [req-e16f400e-2282-46b9-b913-99c7ff5ebf76 req-e16f400e-2282-46b9-b913-99c7ff5ebf76 ] Request (VolumesAssistedSnapshotsTest:test_volume_assisted_snapshot_create_delete): 200 GET http://10.180.1.21/volume/v3/volumes/db9e3dbc-4725-4ec7-b1f4-dea7c498a96c 0.036s
2025-12-09 23:44:30.930 65804 INFO tempest.lib.common.rest_client [req-121e2648-a8b7-4d16-800f-b4fc596a5d09 req-121e2648-a8b7-4d16-800f-b4fc596a5d09 ] Request (ServersTestManualDisk:test_list_servers_with_detail): 200 GET http://10.180.1.21/compute/v2.1/servers/detail 0.154s
2025-12-09 23:44:30.957 65804 INFO tempest.lib.common.rest_client [req-4cc4c32b-ec78-4c71-8658-279aa235564e req-4cc4c32b-ec78-4c71-8658-279aa235564e ] Request (ServersTestManualDisk:test_verify_created_server_vcpus): 200 GET http://10.180.1.21/compute/v2.1/flavors/42 0.019s
2025-12-09 23:44:30.960 65804 INFO tempest.lib.common.ssh [-] Creating ssh connection to '10.180.180.224:22' as 'cirros' with public key authentication
2025-12-09 23:44:30.963 65804 INFO paramiko.transport [-] Connected (version 2.0, client dropbear_2020.81)
2025-12-09 23:44:31.012 65840 INFO tempest.lib.common.rest_client [req-65f5d996-6e31-4380-b904-7801586e2d5e req-65f5d996-6e31-4380-b904-7801586e2d5e ] Request (SecurityGroupsTestJSON:test_server_security_groups): 200 GET http://10.180.1.21/compute/v2.1/servers/5bec10ed-4738-4d28-b95d-37334ea33452 0.054s
2025-12-09 23:44:31.028 65790 INFO tempest.lib.common.rest_client [req-e2d7a001-e190-4ea8-85b4-226a63f2d67f req-e2d7a001-e190-4ea8-85b4-226a63f2d67f ] Request (ServersAdminNegativeTestJSON:tearDownClass): 200 GET http://10.180.1.21/compute/v2.1/servers/138be0fe-1201-4cf7-9011-709465a8081f 0.061s
2025-12-09 23:44:31.067 65804 INFO paramiko.transport [-] Authentication (publickey) successful!
2025-12-09 23:44:31.067 65804 INFO tempest.lib.common.ssh [-] ssh connection to cirros@10.180.180.224 successfully created
2025-12-09 23:44:31.099 65812 INFO tempest.lib.common.rest_client [req-064fc36d-0209-448e-b7a6-28fe1f3f4837 req-064fc36d-0209-448e-b7a6-28fe1f3f4837 ] Request (ImagesOneServerNegativeTestJSON:_run_cleanups): 200 GET http://10.180.1.21/compute/v2.1/servers/eae424aa-5204-4766-b405-da20630bcdb5 0.063s
2025-12-09 23:44:31.125 65794 INFO tempest.lib.common.rest_client [req-5e3e8e20-f39a-4080-97b6-eb0f829193f6 req-5e3e8e20-f39a-4080-97b6-eb0f829193f6 ] Request (ServersNegativeTestJSON:setUpClass): 200 GET http://10.180.1.21/compute/v2.1/servers/9eb209a7-f541-4c81-b1a5-14e6bb804613 0.067s
2025-12-09 23:44:31.184 65804 INFO tempest.lib.common.rest_client [req-226e7c09-d5b5-4e15-9603-173b5d2754cf req-226e7c09-d5b5-4e15-9603-173b5d2754cf ] Request (ServersTestManualDisk:tearDownClass): 204 DELETE http://10.180.1.21/compute/v2.1/servers/3d7bdc80-efeb-4c84-8441-115cfd966c49 0.109s
2025-12-09 23:44:31.196 65832 INFO tempest.lib.common.rest_client [req-b9769fc0-e163-4095-b58e-854bd92fb045 req-b9769fc0-e163-4095-b58e-854bd92fb045 ] Request (ServersAdminTestJSON:tearDownClass): 200 GET http://10.180.1.21/compute/v2.1/servers/609cdf1f-1aaf-409a-801c-2db685dde135 0.088s
2025-12-09 23:44:31.204 65832 INFO tempest.common.waiters [-] State transition "ACTIVE/deleting" ==> "DELETED/None" after 4 second wait
2025-12-09 23:44:31.256 65834 INFO tempest.lib.common.rest_client [req-bfe7aaf8-8c7b-4c69-9704-6ff0315395b7 req-bfe7aaf8-8c7b-4c69-9704-6ff0315395b7 ] Request (ImagesOneServerTestJSON:tearDownClass): 200 GET http://10.180.1.21/compute/v2.1/servers/59b92cda-ff4a-4297-b635-25674b37f3ef 0.090s
2025-12-09 23:44:31.337 65820 INFO tempest.lib.common.rest_client [req-c1b57482-5639-41b3-93bb-951ec5053016 req-c1b57482-5639-41b3-93bb-951ec5053016 ] Request (ServerExternalEventsTest:test_create_server_external_events): 200 GET http://10.180.1.21/compute/v2.1/servers/aa5d3405-a1a7-4b62-b1f3-672b087f50c4 0.105s
2025-12-09 23:44:31.352 65804 INFO tempest.lib.common.rest_client [req-8b4ed488-fefa-4193-9a74-56e300aff5c3 req-8b4ed488-fefa-4193-9a74-56e300aff5c3 ] Request (ServersTestManualDisk:tearDownClass): 200 GET http://10.180.1.21/compute/v2.1/servers/3d7bdc80-efeb-4c84-8441-115cfd966c49 0.168s
2025-12-09 23:44:31.402 65824 INFO tempest.lib.common.rest_client [req-7953eabe-dc81-479b-81eb-bc1fb6c806f9 req-7953eabe-dc81-479b-81eb-bc1fb6c806f9 ] Request (ServersV294TestFqdnHostnames:tearDownClass): 200 GET http://10.180.1.21/compute/v2.1/servers/ebb34170-ce81-4edf-b2e5-76fa95f3436a 0.148s
2025-12-09 23:44:31.425 65796 INFO tempest.lib.common.rest_client [req-57bca735-fe07-4862-9f4b-4eaf22d2760f req-57bca735-fe07-4862-9f4b-4eaf22d2760f ] Request (ListServerFiltersTestJSON:tearDownClass): 200 GET http://10.180.1.21/compute/v2.1/servers/2114b1d6-73c4-4cc4-898b-5d70601fb655 0.120s
2025-12-09 23:44:31.458 65786 WARNING tempest.lib.common.ssh [-] Failed to establish authenticated ssh connection to cirros@10.180.180.227 ([Errno None] Unable to connect to port 22 on 10.180.180.227). Number attempts: 7. Retry after 8 seconds.: paramiko.ssh_exception.NoValidConnectionsError: [Errno None] Unable to connect to port 22 on 10.180.180.227
2025-12-09 23:44:31.491 65806 INFO tempest.lib.common.rest_client [req-1509b30a-aa0c-4055-96ba-71b7eafa803e req-1509b30a-aa0c-4055-96ba-71b7eafa803e ] Request (ServerRescueTestJSONUnderV235:setUpClass): 200 GET http://10.180.1.21/compute/v2.1/servers/c36270c7-e51d-41b2-8d11-ba5077bfcb49 0.168s
2025-12-09 23:44:31.503 65800 INFO tempest.lib.common.rest_client [req-883225f6-e3fd-4995-a87b-df38f74bdf4d req-883225f6-e3fd-4995-a87b-df38f74bdf4d ] Request (ServerDiagnosticsNegativeTest:test_get_server_diagnostics_by_non_admin): 200 GET http://10.180.1.21/compute/v2.1/servers/fb8d4822-386a-4cfc-b77d-ef16db5c84dc 0.132s
2025-12-09 23:44:31.531 65826 INFO tempest.lib.common.rest_client [req-cb33f6e3-379a-4933-9cb3-37c37d0c93a6 req-cb33f6e3-379a-4933-9cb3-37c37d0c93a6 ] Request (ImagesTestJSON:test_create_image_from_suspended_server): 200 GET http://10.180.1.21/compute/v2.1/images/1e042a7a-bddb-4bc1-a82e-9c1c4ac057f8 0.112s
2025-12-09 23:44:31.646 65802 INFO tempest.lib.common.rest_client [req-b39ea7db-e1f5-4fea-902e-badc7fc599e8 req-b39ea7db-e1f5-4fea-902e-badc7fc599e8 ] Request (ServersTestMultiNic:_run_cleanups): 200 GET http://10.180.1.21/compute/v2.1/servers/b09c405c-1053-444e-ace8-ca3ab4e163c7 0.074s
2025-12-09 23:44:31.648 65845 INFO tempest.lib.common.rest_client [req-7db06ad0-d12a-4cc7-ab92-50789c28707c req-7db06ad0-d12a-4cc7-ab92-50789c28707c ] Request (ServerRescueTestJSON:setUpClass): 200 GET http://10.180.1.21/compute/v2.1/servers/dbcbdeef-2276-4913-be13-16392d09915a 0.168s
2025-12-09 23:44:31.762 65818 INFO tempest.lib.common.rest_client [req-2b9d3309-bf9e-4da4-99f8-db897d6dad45 req-2b9d3309-bf9e-4da4-99f8-db897d6dad45 ] Request (ListImageFiltersTestJSON:tearDownClass): 200 GET http://10.180.1.21/compute/v2.1/servers/d607f48d-e1f5-4295-99b9-f709ce0c945f 0.064s
2025-12-09 23:44:31.768 65808 INFO tempest.lib.common.rest_client [req-db8bfa01-828c-4f1d-a3fc-47787c7315ca req-db8bfa01-828c-4f1d-a3fc-47787c7315ca ] Request (ServerRescueNegativeTestJSON:setUpClass): 200 GET http://10.180.1.21/compute/v2.1/servers/4dc35f07-3de1-4dc9-868a-3c4f3c74a286 0.152s
2025-12-09 23:44:31.842 65829 INFO tempest.lib.common.rest_client [req-aa2f8178-475a-4507-b3f7-c4ddc2b481d3 req-aa2f8178-475a-4507-b3f7-c4ddc2b481d3 ] Request (VolumesAssistedSnapshotsTest:test_volume_assisted_snapshot_create_delete): 200 GET http://10.180.1.21/volume/v3/volumes/db9e3dbc-4725-4ec7-b1f4-dea7c498a96c 0.034s
2025-12-09 23:44:31.860 65816 INFO tempest.lib.common.rest_client [req-9d1d0517-353a-4da1-b7eb-5cb06490ae05 req-9d1d0517-353a-4da1-b7eb-5cb06490ae05 ] Request (FloatingIPsAssociationTestJSON:setUpClass): 200 GET http://10.180.1.21/compute/v2.1/servers/4870929d-ccc6-44ff-a295-5bd70dc1fbc0 0.137s
2025-12-09 23:44:31.885 65846 INFO tempest.lib.common.rest_client [req-33249406-74d5-4a4d-bf59-34cb8dc295c0 req-33249406-74d5-4a4d-bf59-34cb8dc295c0 ] Request (ServersListShow2100Test:tearDownClass): 200 GET http://10.180.1.21/compute/v2.1/servers/efed727e-dfce-43cf-88f6-55fe04d40d74 0.080s
2025-12-09 23:44:32.077 65840 INFO tempest.lib.common.rest_client [req-c7b95fb8-6159-45ed-a056-3044a20b9670 req-c7b95fb8-6159-45ed-a056-3044a20b9670 ] Request (SecurityGroupsTestJSON:test_server_security_groups): 200 GET http://10.180.1.21/compute/v2.1/servers/5bec10ed-4738-4d28-b95d-37334ea33452 0.057s
2025-12-09 23:44:32.101 65790 INFO tempest.lib.common.rest_client [req-0a30fcee-05cd-4e25-8de2-a425926b8cc2 req-0a30fcee-05cd-4e25-8de2-a425926b8cc2 ] Request (ServersAdminNegativeTestJSON:tearDownClass): 200 GET http://10.180.1.21/compute/v2.1/servers/138be0fe-1201-4cf7-9011-709465a8081f 0.065s
2025-12-09 23:44:32.180 65812 INFO tempest.lib.common.rest_client [req-36e20c87-dcea-4c56-a838-343e1b76858a req-36e20c87-dcea-4c56-a838-343e1b76858a ] Request (ImagesOneServerNegativeTestJSON:_run_cleanups): 200 GET http://10.180.1.21/compute/v2.1/servers/eae424aa-5204-4766-b405-da20630bcdb5 0.072s
2025-12-09 23:44:32.231 65794 INFO tempest.lib.common.rest_client [req-a731a8ae-308e-430e-abf2-0cd57b7e04ed req-a731a8ae-308e-430e-abf2-0cd57b7e04ed ] Request (ServersNegativeTestJSON:setUpClass): 200 GET http://10.180.1.21/compute/v2.1/servers/9eb209a7-f541-4c81-b1a5-14e6bb804613 0.097s
2025-12-09 23:44:32.310 65832 INFO tempest.lib.common.rest_client [req-d4628b83-30b0-4562-8e22-a0d245c902e2 req-d4628b83-30b0-4562-8e22-a0d245c902e2 ] Request (ServersAdminTestJSON:tearDownClass): 200 GET http://10.180.1.21/compute/v2.1/servers/609cdf1f-1aaf-409a-801c-2db685dde135 0.105s
2025-12-09 23:44:32.352 65834 INFO tempest.lib.common.rest_client [req-66313640-9ea5-4023-a215-0ecbe35be4b4 req-66313640-9ea5-4023-a215-0ecbe35be4b4 ] Request (ImagesOneServerTestJSON:tearDownClass): 200 GET http://10.180.1.21/compute/v2.1/servers/59b92cda-ff4a-4297-b635-25674b37f3ef 0.086s
2025-12-09 23:44:32.620 65820 INFO tempest.lib.common.rest_client [req-f03b97c3-573a-4e80-85ac-874027bc983e req-f03b97c3-573a-4e80-85ac-874027bc983e ] Request (ServerExternalEventsTest:test_create_server_external_events): 200 GET http://10.180.1.21/compute/v2.1/servers/aa5d3405-a1a7-4b62-b1f3-672b087f50c4 0.276s
2025-12-09 23:44:32.627 65820 INFO tempest.common.waiters [-] State transition "BUILD/None" ==> "BUILD/networking" after 31 second wait
2025-12-09 23:44:32.645 65804 INFO tempest.lib.common.rest_client [req-af5603fc-3d36-49a6-a7ab-5cef4080553f req-af5603fc-3d36-49a6-a7ab-5cef4080553f ] Request (ServersTestManualDisk:tearDownClass): 200 GET http://10.180.1.21/compute/v2.1/servers/3d7bdc80-efeb-4c84-8441-115cfd966c49 0.280s
2025-12-09 23:44:32.702 65824 INFO tempest.lib.common.rest_client [req-761fccb0-ad15-4466-a361-e8170a8b3f8f req-761fccb0-ad15-4466-a361-e8170a8b3f8f ] Request (ServersV294TestFqdnHostnames:tearDownClass): 200 GET http://10.180.1.21/compute/v2.1/servers/ebb34170-ce81-4edf-b2e5-76fa95f3436a 0.290s
2025-12-09 23:44:32.712 65796 INFO tempest.lib.common.rest_client [req-21d1dc4e-c878-4d79-a416-393ca214acff req-21d1dc4e-c878-4d79-a416-393ca214acff ] Request (ListServerFiltersTestJSON:tearDownClass): 200 GET http://10.180.1.21/compute/v2.1/servers/2114b1d6-73c4-4cc4-898b-5d70601fb655 0.274s
2025-12-09 23:44:32.756 65806 INFO tempest.lib.common.rest_client [req-3bdf32de-e1b4-4c35-9e3a-aeb3892475d5 req-3bdf32de-e1b4-4c35-9e3a-aeb3892475d5 ] Request (ServerRescueTestJSONUnderV235:setUpClass): 200 GET http://10.180.1.21/compute/v2.1/servers/c36270c7-e51d-41b2-8d11-ba5077bfcb49 0.257s
2025-12-09 23:44:32.777 65800 INFO tempest.lib.common.rest_client [req-7202c0fa-d9f3-46a5-b8db-c08421f32790 req-7202c0fa-d9f3-46a5-b8db-c08421f32790 ] Request (ServerDiagnosticsNegativeTest:test_get_server_diagnostics_by_non_admin): 200 GET http://10.180.1.21/compute/v2.1/servers/fb8d4822-386a-4cfc-b77d-ef16db5c84dc 0.259s
2025-12-09 23:44:32.806 65826 INFO tempest.lib.common.rest_client [req-9b812d31-e33b-4262-82da-b99696b2a560 req-9b812d31-e33b-4262-82da-b99696b2a560 ] Request (ImagesTestJSON:test_create_image_from_suspended_server): 200 GET http://10.180.1.21/compute/v2.1/images/1e042a7a-bddb-4bc1-a82e-9c1c4ac057f8 0.271s
2025-12-09 23:44:32.862 65802 INFO tempest.lib.common.rest_client [req-0e500f3a-acd2-454b-8ad6-7dc762b40db4 req-0e500f3a-acd2-454b-8ad6-7dc762b40db4 ] Request (ServersTestMultiNic:_run_cleanups): 200 GET http://10.180.1.21/compute/v2.1/servers/b09c405c-1053-444e-ace8-ca3ab4e163c7 0.207s
2025-12-09 23:44:32.892 65829 INFO tempest.lib.common.rest_client [req-c56ec203-3462-43ed-94a0-9bf202f8a7cb req-c56ec203-3462-43ed-94a0-9bf202f8a7cb ] Request (VolumesAssistedSnapshotsTest:test_volume_assisted_snapshot_create_delete): 200 GET http://10.180.1.21/volume/v3/volumes/db9e3dbc-4725-4ec7-b1f4-dea7c498a96c 0.042s
2025-12-09 23:44:32.959 65845 INFO tempest.lib.common.rest_client [req-e5f6631c-a766-4406-8c6c-76064c0abadb req-e5f6631c-a766-4406-8c6c-76064c0abadb ] Request (ServerRescueTestJSON:setUpClass): 200 GET http://10.180.1.21/compute/v2.1/servers/dbcbdeef-2276-4913-be13-16392d09915a 0.304s
2025-12-09 23:44:32.994 65818 INFO tempest.lib.common.rest_client [req-30541774-5a8d-4e21-877e-43520e2c814a req-30541774-5a8d-4e21-877e-43520e2c814a ] Request (ListImageFiltersTestJSON:tearDownClass): 200 GET http://10.180.1.21/compute/v2.1/servers/d607f48d-e1f5-4295-99b9-f709ce0c945f 0.222s
2025-12-09 23:44:33.036 65826 INFO tempest.lib.common.rest_client [req-92cd3d9c-71f1-4072-b87d-052395e07d6c req-92cd3d9c-71f1-4072-b87d-052395e07d6c ] Request (ImagesTestJSON:test_create_image_from_suspended_server): 200 GET http://10.180.1.21/compute/v2.1/images/1e042a7a-bddb-4bc1-a82e-9c1c4ac057f8 0.225s
2025-12-09 23:44:33.059 65808 INFO tempest.lib.common.rest_client [req-b02f1cd1-975e-4b21-95c0-dbda7dc0dc70 req-b02f1cd1-975e-4b21-95c0-dbda7dc0dc70 ] Request (ServerRescueNegativeTestJSON:setUpClass): 200 GET http://10.180.1.21/compute/v2.1/servers/4dc35f07-3de1-4dc9-868a-3c4f3c74a286 0.279s
2025-12-09 23:44:33.065 65826 INFO tempest.lib.common.rest_client [req-f203d62f-9a19-4310-a7aa-1b8bf94a82e3 req-f203d62f-9a19-4310-a7aa-1b8bf94a82e3 ] Request (ImagesTestJSON:test_create_image_from_suspended_server): 200 GET http://10.180.1.21/image/v2/images/1e042a7a-bddb-4bc1-a82e-9c1c4ac057f8/tasks 0.026s
2025-12-09 23:44:33.127 65788 WARNING tempest.lib.common.ssh [-] Failed to establish authenticated ssh connection to cirros@10.180.180.135 ([Errno None] Unable to connect to port 22 on 10.180.180.135). Number attempts: 5. Retry after 6 seconds.: paramiko.ssh_exception.NoValidConnectionsError: [Errno None] Unable to connect to port 22 on 10.180.180.135
2025-12-09 23:44:33.143 65816 INFO tempest.lib.common.rest_client [req-a52971a3-c62b-4e5d-8f45-d42ef0381844 req-a52971a3-c62b-4e5d-8f45-d42ef0381844 ] Request (FloatingIPsAssociationTestJSON:setUpClass): 200 GET http://10.180.1.21/compute/v2.1/servers/4870929d-ccc6-44ff-a295-5bd70dc1fbc0 0.275s
2025-12-09 23:44:33.169 65846 INFO tempest.lib.common.rest_client [req-b37afb3e-0865-4b91-8216-d808233d4283 req-b37afb3e-0865-4b91-8216-d808233d4283 ] Request (ServersListShow2100Test:tearDownClass): 200 GET http://10.180.1.21/compute/v2.1/servers/efed727e-dfce-43cf-88f6-55fe04d40d74 0.271s
2025-12-09 23:44:33.286 65826 INFO tempest.lib.common.rest_client [req-a6228bfe-040e-456f-b8ed-185ecaa382e7 req-a6228bfe-040e-456f-b8ed-185ecaa382e7 ] Request (ImagesTestJSON:_run_cleanups): 204 DELETE http://10.180.1.21/compute/v2.1/images/1e042a7a-bddb-4bc1-a82e-9c1c4ac057f8 0.220s
2025-12-09 23:44:33.287 65840 INFO tempest.lib.common.rest_client [req-21dc9722-4309-4282-b40b-d6b7fb9fdd65 req-21dc9722-4309-4282-b40b-d6b7fb9fdd65 ] Request (SecurityGroupsTestJSON:test_server_security_groups): 200 GET http://10.180.1.21/compute/v2.1/servers/5bec10ed-4738-4d28-b95d-37334ea33452 0.201s
2025-12-09 23:44:33.398 65812 INFO tempest.lib.common.rest_client [req-753cc45b-a31c-4b93-b74e-3e6e71331add req-753cc45b-a31c-4b93-b74e-3e6e71331add ] Request (ImagesOneServerNegativeTestJSON:_run_cleanups): 200 GET http://10.180.1.21/compute/v2.1/servers/eae424aa-5204-4766-b405-da20630bcdb5 0.206s
2025-12-09 23:44:33.410 65790 INFO tempest.lib.common.rest_client [req-4ef02a67-d19b-47de-8570-8d6a26ff31de req-4ef02a67-d19b-47de-8570-8d6a26ff31de ] Request (ServersAdminNegativeTestJSON:tearDownClass): 200 GET http://10.180.1.21/compute/v2.1/servers/138be0fe-1201-4cf7-9011-709465a8081f 0.300s
2025-12-09 23:44:33.490 65826 INFO tempest.lib.common.rest_client [req-fbfde3bf-9981-4544-a45f-e7c1e38283c5 req-fbfde3bf-9981-4544-a45f-e7c1e38283c5 ] Request (ImagesTestJSON:_run_cleanups): 204 DELETE http://10.180.1.21/compute/v2.1/servers/8a53ec5a-d01c-4c60-995e-70ca2e72716e 0.203s
2025-12-09 23:44:33.512 65794 INFO tempest.lib.common.rest_client [req-daf34d33-8746-4807-a8ac-7d93ba35d14f req-daf34d33-8746-4807-a8ac-7d93ba35d14f ] Request (ServersNegativeTestJSON:setUpClass): 200 GET http://10.180.1.21/compute/v2.1/servers/9eb209a7-f541-4c81-b1a5-14e6bb804613 0.270s
2025-12-09 23:44:33.570 65826 INFO tempest.lib.common.rest_client [req-ffc0d24c-4b83-450d-963d-dc5902723de5 req-ffc0d24c-4b83-450d-963d-dc5902723de5 ] Request (ImagesTestJSON:test_create_server_from_snapshot): 201 POST http://10.180.1.21/identity/v3/auth/tokens 0.076s
2025-12-09 23:44:33.570 65826 INFO tempest.lib.common.fixed_network [-] (ImagesTestJSON:test_create_server_from_snapshot) Found network {'id': '084cac25-c4e0-4a3c-8b85-7a569c529845', 'name': 'tempest-ImagesTestJSON-1569214118-network', 'tenant_id': 'f524243827694536b0fd1669e5472723', 'project_id': 'f524243827694536b0fd1669e5472723', 'admin_state_up': True, 'mtu': 8950, 'status': 'ACTIVE', 'subnets': [], 'shared': False, 'port_security_enabled': True, 'router:external': False, 'provider:network_type': 'vlan', 'provider:physical_network': 'default', 'provider:segmentation_id': 730, 'availability_zone_hints': [], 'availability_zones': [], 'ipv4_address_scope': None, 'ipv6_address_scope': None, 'description': '', 'tags': [], 'created_at': '2025-12-09T23:42:08Z', 'updated_at': '2025-12-09T23:42:08Z', 'revision_number': 1} available for tenant
2025-12-09 23:44:33.935 65829 INFO tempest.lib.common.rest_client [req-a7dd0748-b239-464e-87f2-1d5a821503ef req-a7dd0748-b239-464e-87f2-1d5a821503ef ] Request (VolumesAssistedSnapshotsTest:test_volume_assisted_snapshot_create_delete): 200 GET http://10.180.1.21/volume/v3/volumes/db9e3dbc-4725-4ec7-b1f4-dea7c498a96c 0.032s
2025-12-09 23:44:33.988 65832 INFO tempest.lib.common.rest_client [req-bfd84b30-7216-4668-bda1-af028997c8ca req-bfd84b30-7216-4668-bda1-af028997c8ca ] Request (ServersAdminTestJSON:tearDownClass): 200 GET http://10.180.1.21/compute/v2.1/servers/609cdf1f-1aaf-409a-801c-2db685dde135 0.662s
2025-12-09 23:44:34.010 65834 INFO tempest.lib.common.rest_client [req-e56995cb-84b5-4c47-8aac-e029f3e379be req-e56995cb-84b5-4c47-8aac-e029f3e379be ] Request (ImagesOneServerTestJSON:tearDownClass): 200 GET http://10.180.1.21/compute/v2.1/servers/59b92cda-ff4a-4297-b635-25674b37f3ef 0.646s
2025-12-09 23:44:34.165 65820 INFO tempest.lib.common.rest_client [req-331d165e-a7ef-463d-8e84-4949a6027d86 req-331d165e-a7ef-463d-8e84-4949a6027d86 ] Request (ServerExternalEventsTest:test_create_server_external_events): 200 GET http://10.180.1.21/compute/v2.1/servers/aa5d3405-a1a7-4b62-b1f3-672b087f50c4 0.536s
2025-12-09 23:44:34.175 65820 INFO tempest.common.waiters [-] State transition "BUILD/networking" ==> "BUILD/spawning" after 33 second wait
2025-12-09 23:44:34.245 65804 INFO tempest.lib.common.rest_client [req-cb6b00ab-6701-472d-b4ea-ae0fd13e5d3c req-cb6b00ab-6701-472d-b4ea-ae0fd13e5d3c ] Request (ServersTestManualDisk:tearDownClass): 200 GET http://10.180.1.21/compute/v2.1/servers/3d7bdc80-efeb-4c84-8441-115cfd966c49 0.593s
2025-12-09 23:44:34.318 65824 INFO tempest.lib.common.rest_client [req-59678d3b-e4e6-4437-afad-d89dee4dd376 req-59678d3b-e4e6-4437-afad-d89dee4dd376 ] Request (ServersV294TestFqdnHostnames:tearDownClass): 200 GET http://10.180.1.21/compute/v2.1/servers/ebb34170-ce81-4edf-b2e5-76fa95f3436a 0.606s
2025-12-09 23:44:34.389 65796 INFO tempest.lib.common.rest_client [req-d355b7c0-96d2-45ed-b018-839d31210f60 req-d355b7c0-96d2-45ed-b018-839d31210f60 ] Request (ListServerFiltersTestJSON:tearDownClass): 200 GET http://10.180.1.21/compute/v2.1/servers/2114b1d6-73c4-4cc4-898b-5d70601fb655 0.670s
2025-12-09 23:44:34.407 65826 INFO tempest.lib.common.rest_client [req-0ed537a5-66dd-4565-b75e-2d9e2db56276 req-0ed537a5-66dd-4565-b75e-2d9e2db56276 ] Request (ImagesTestJSON:test_create_server_from_snapshot): 202 POST http://10.180.1.21/compute/v2.1/servers 0.835s
2025-12-09 23:44:34.446 65806 INFO tempest.lib.common.rest_client [req-818fe985-f755-4dd3-8485-29e4ed7304a0 req-818fe985-f755-4dd3-8485-29e4ed7304a0 ] Request (ServerRescueTestJSONUnderV235:setUpClass): 200 GET http://10.180.1.21/compute/v2.1/servers/c36270c7-e51d-41b2-8d11-ba5077bfcb49 0.680s
2025-12-09 23:44:34.460 65800 INFO tempest.lib.common.rest_client [req-3e5e8f71-c100-4fdc-b594-a46214935883 req-3e5e8f71-c100-4fdc-b594-a46214935883 ] Request (ServerDiagnosticsNegativeTest:test_get_server_diagnostics_by_non_admin): 200 GET http://10.180.1.21/compute/v2.1/servers/fb8d4822-386a-4cfc-b77d-ef16db5c84dc 0.674s
2025-12-09 23:44:34.514 65802 INFO tempest.lib.common.rest_client [req-b42cc029-821e-4922-872a-30fce1962d27 req-b42cc029-821e-4922-872a-30fce1962d27 ] Request (ServersTestMultiNic:_run_cleanups): 200 GET http://10.180.1.21/compute/v2.1/servers/b09c405c-1053-444e-ace8-ca3ab4e163c7 0.638s
2025-12-09 23:44:34.578 65845 INFO tempest.lib.common.rest_client [req-eabbb825-0c81-4413-896a-9b7b02116a88 req-eabbb825-0c81-4413-896a-9b7b02116a88 ] Request (ServerRescueTestJSON:setUpClass): 200 GET http://10.180.1.21/compute/v2.1/servers/dbcbdeef-2276-4913-be13-16392d09915a 0.610s
2025-12-09 23:44:34.580 65818 INFO tempest.lib.common.rest_client [req-18254db4-f6f7-48f6-a2f5-479d889ea183 req-18254db4-f6f7-48f6-a2f5-479d889ea183 ] Request (ListImageFiltersTestJSON:tearDownClass): 200 GET http://10.180.1.21/compute/v2.1/servers/d607f48d-e1f5-4295-99b9-f709ce0c945f 0.577s
2025-12-09 23:44:34.723 65808 INFO tempest.lib.common.rest_client [req-e8c5e216-8ef3-4176-b21d-e5e5e12e8edb req-e8c5e216-8ef3-4176-b21d-e5e5e12e8edb ] Request (ServerRescueNegativeTestJSON:setUpClass): 200 GET http://10.180.1.21/compute/v2.1/servers/4dc35f07-3de1-4dc9-868a-3c4f3c74a286 0.655s
2025-12-09 23:44:34.759 65816 INFO tempest.lib.common.rest_client [req-46dc2579-f34d-4882-8852-a7c15c923669 req-46dc2579-f34d-4882-8852-a7c15c923669 ] Request (FloatingIPsAssociationTestJSON:setUpClass): 200 GET http://10.180.1.21/compute/v2.1/servers/4870929d-ccc6-44ff-a295-5bd70dc1fbc0 0.606s
2025-12-09 23:44:34.810 65846 INFO tempest.lib.common.rest_client [req-4d4330ad-8d1a-4ff7-803c-2c21ceebf789 req-4d4330ad-8d1a-4ff7-803c-2c21ceebf789 ] Request (ServersListShow2100Test:tearDownClass): 200 GET http://10.180.1.21/compute/v2.1/servers/efed727e-dfce-43cf-88f6-55fe04d40d74 0.624s
2025-12-09 23:44:34.822 65840 INFO tempest.lib.common.rest_client [req-21cd1c8c-8885-4f09-ab7c-6bb58f812a52 req-21cd1c8c-8885-4f09-ab7c-6bb58f812a52 ] Request (SecurityGroupsTestJSON:test_server_security_groups): 200 GET http://10.180.1.21/compute/v2.1/servers/5bec10ed-4738-4d28-b95d-37334ea33452 0.524s
2025-12-09 23:44:34.863 65826 INFO tempest.lib.common.rest_client [req-e36ca084-0e0d-4453-b585-429f737fb179 req-e36ca084-0e0d-4453-b585-429f737fb179 ] Request (ImagesTestJSON:test_create_server_from_snapshot): 200 GET http://10.180.1.21/compute/v2.1/servers/f650df19-09b9-4a04-82d0-88b857d56e91 0.454s
2025-12-09 23:44:34.877 65812 INFO tempest.lib.common.rest_client [req-ae0adad6-072d-44b3-8b51-c26646c54c5b req-ae0adad6-072d-44b3-8b51-c26646c54c5b ] Request (ImagesOneServerNegativeTestJSON:_run_cleanups): 200 GET http://10.180.1.21/compute/v2.1/servers/eae424aa-5204-4766-b405-da20630bcdb5 0.471s
2025-12-09 23:44:34.883 65790 INFO tempest.lib.common.rest_client [req-cbb10282-060b-4e4e-a521-ba734ec08464 req-cbb10282-060b-4e4e-a521-ba734ec08464 ] Request (ServersAdminNegativeTestJSON:tearDownClass): 404 GET http://10.180.1.21/compute/v2.1/servers/138be0fe-1201-4cf7-9011-709465a8081f 0.465s
2025-12-09 23:44:34.935 65794 INFO tempest.lib.common.rest_client [req-e69624fc-66ba-4a1e-b137-b9cc7f2fba4f req-e69624fc-66ba-4a1e-b137-b9cc7f2fba4f ] Request (ServersNegativeTestJSON:setUpClass): 200 GET http://10.180.1.21/compute/v2.1/servers/9eb209a7-f541-4c81-b1a5-14e6bb804613 0.413s
2025-12-09 23:44:34.985 65790 INFO tempest.lib.common.rest_client [req-49e5900b-9e0c-4ccd-a4e7-f36b6cf1d62c req-49e5900b-9e0c-4ccd-a4e7-f36b6cf1d62c ] Request (ServersAdminNegativeTestJSON:tearDownClass): 204 DELETE http://10.180.1.21/compute/v2.1/servers/80994f4a-8ffa-48bf-8ab7-8fac5b069e00 0.102s
2025-12-09 23:44:34.994 65829 INFO tempest.lib.common.rest_client [req-00e15eca-5d0c-4f75-9d76-816435485f10 req-00e15eca-5d0c-4f75-9d76-816435485f10 ] Request (VolumesAssistedSnapshotsTest:test_volume_assisted_snapshot_create_delete): 200 GET http://10.180.1.21/volume/v3/volumes/db9e3dbc-4725-4ec7-b1f4-dea7c498a96c 0.046s
2025-12-09 23:44:35.004 65829 INFO tempest.common.waiters [-] Attachment 85b7a2b6-e228-4040-88da-a16df50ca151 created for volume db9e3dbc-4725-4ec7-b1f4-dea7c498a96c to server 4d4c9afa-cab3-46d1-ae00-a87f31566439 after waiting for 9.004030 seconds
2025-12-09 23:44:35.035 65829 INFO tempest.lib.common.rest_client [req-1f5af047-31d2-43c8-962f-7074442b848b req-1f5af047-31d2-43c8-962f-7074442b848b ] Request (VolumesAssistedSnapshotsTest:test_volume_assisted_snapshot_create_delete): 200 GET http://10.180.1.21/volume/v3/volumes/db9e3dbc-4725-4ec7-b1f4-dea7c498a96c 0.030s
2025-12-09 23:44:35.045 65829 INFO tempest.common.waiters [-] volume db9e3dbc-4725-4ec7-b1f4-dea7c498a96c reached in-use after waiting for 0.045107 seconds
2025-12-09 23:44:35.082 65832 INFO tempest.lib.common.rest_client [req-eb8f466f-d919-438f-828e-d237b81fbfe5 req-eb8f466f-d919-438f-828e-d237b81fbfe5 ] Request (ServersAdminTestJSON:tearDownClass): 200 GET http://10.180.1.21/compute/v2.1/servers/609cdf1f-1aaf-409a-801c-2db685dde135 0.085s
2025-12-09 23:44:35.101 65790 INFO tempest.lib.common.rest_client [req-d87111de-8e9d-4d28-a90c-bf275adb1bf8 req-d87111de-8e9d-4d28-a90c-bf275adb1bf8 ] Request (ServersAdminNegativeTestJSON:tearDownClass): 200 GET http://10.180.1.21/compute/v2.1/servers/80994f4a-8ffa-48bf-8ab7-8fac5b069e00 0.115s
2025-12-09 23:44:35.143 65834 INFO tempest.lib.common.rest_client [req-eae5c44a-b07f-44ac-9a9f-d977dd31bd92 req-eae5c44a-b07f-44ac-9a9f-d977dd31bd92 ] Request (ImagesOneServerTestJSON:tearDownClass): 200 GET http://10.180.1.21/compute/v2.1/servers/59b92cda-ff4a-4297-b635-25674b37f3ef 0.121s
2025-12-09 23:44:35.296 65829 INFO tempest.lib.common.rest_client [req-aa952f11-e2bf-4ade-b665-90aca39d1fe3 req-aa952f11-e2bf-4ade-b665-90aca39d1fe3 ] Request (VolumesAssistedSnapshotsTest:test_volume_assisted_snapshot_create_delete): 200 POST http://10.180.1.21/compute/v2.1/os-assisted-volume-snapshots 0.251s
2025-12-09 23:44:35.371 65820 INFO tempest.lib.common.rest_client [req-65dccf55-16aa-476d-be10-fd10d4d11517 req-65dccf55-16aa-476d-be10-fd10d4d11517 ] Request (ServerExternalEventsTest:test_create_server_external_events): 200 GET http://10.180.1.21/compute/v2.1/servers/aa5d3405-a1a7-4b62-b1f3-672b087f50c4 0.195s
2025-12-09 23:44:35.415 65829 INFO tempest.lib.common.rest_client [req-53246b8a-dff0-47d3-bd72-8121544fbb1a req-53246b8a-dff0-47d3-bd72-8121544fbb1a ] Request (VolumesAssistedSnapshotsTest:test_volume_assisted_snapshot_create_delete): 204 DELETE http://10.180.1.21/compute/v2.1/os-assisted-volume-snapshots/None?delete_info=%7B%22volume_id%22%3A+%22db9e3dbc-4725-4ec7-b1f4-dea7c498a96c%22%7D 0.118s
2025-12-09 23:44:35.426 65804 INFO tempest.lib.common.rest_client [req-8b67f9bf-cac7-46ea-837a-fefd46b56403 req-8b67f9bf-cac7-46ea-837a-fefd46b56403 ] Request (ServersTestManualDisk:tearDownClass): 200 GET http://10.180.1.21/compute/v2.1/servers/3d7bdc80-efeb-4c84-8441-115cfd966c49 0.172s
2025-12-09 23:44:35.433 65804 INFO tempest.common.waiters [-] State transition "ACTIVE/deleting" ==> "DELETED/None" after 4 second wait
2025-12-09 23:44:35.454 65829 INFO tempest.lib.common.rest_client [req-30616a89-63db-4475-89b5-8af59e706fe5 req-30616a89-63db-4475-89b5-8af59e706fe5 ] Request (VolumesAssistedSnapshotsTest:_run_cleanups): 200 GET http://10.180.1.21/volume/v3/volumes/db9e3dbc-4725-4ec7-b1f4-dea7c498a96c 0.038s
2025-12-09 23:44:35.533 65824 INFO tempest.lib.common.rest_client [req-288d9c3d-19d8-4281-97f8-dd23dce72e6c req-288d9c3d-19d8-4281-97f8-dd23dce72e6c ] Request (ServersV294TestFqdnHostnames:tearDownClass): 200 GET http://10.180.1.21/compute/v2.1/servers/ebb34170-ce81-4edf-b2e5-76fa95f3436a 0.201s
2025-12-09 23:44:35.541 65796 INFO tempest.lib.common.rest_client [req-fccb9507-16c3-4ed5-bc2d-566603710b3f req-fccb9507-16c3-4ed5-bc2d-566603710b3f ] Request (ListServerFiltersTestJSON:tearDownClass): 200 GET http://10.180.1.21/compute/v2.1/servers/2114b1d6-73c4-4cc4-898b-5d70601fb655 0.144s
2025-12-09 23:44:35.595 65806 INFO tempest.lib.common.rest_client [req-da0320fc-1aa8-44e5-b190-1f6a5239ac36 req-da0320fc-1aa8-44e5-b190-1f6a5239ac36 ] Request (ServerRescueTestJSONUnderV235:setUpClass): 200 GET http://10.180.1.21/compute/v2.1/servers/c36270c7-e51d-41b2-8d11-ba5077bfcb49 0.138s
2025-12-09 23:44:35.668 65800 INFO tempest.lib.common.rest_client [req-9f461cc5-b638-4857-8552-9f0d9726465c req-9f461cc5-b638-4857-8552-9f0d9726465c ] Request (ServerDiagnosticsNegativeTest:test_get_server_diagnostics_by_non_admin): 200 GET http://10.180.1.21/compute/v2.1/servers/fb8d4822-386a-4cfc-b77d-ef16db5c84dc 0.196s
2025-12-09 23:44:35.702 65829 INFO tempest.lib.common.rest_client [req-e4823cd2-7708-4c1c-ba11-47619682d2df req-e4823cd2-7708-4c1c-ba11-47619682d2df ] Request (VolumesAssistedSnapshotsTest:_run_cleanups): 202 DELETE http://10.180.1.21/compute/v2.1/servers/4d4c9afa-cab3-46d1-ae00-a87f31566439/os-volume_attachments/db9e3dbc-4725-4ec7-b1f4-dea7c498a96c 0.237s
2025-12-09 23:44:35.738 65802 INFO tempest.lib.common.rest_client [req-351aac1f-e37e-44ec-9107-5cf911eefecf req-351aac1f-e37e-44ec-9107-5cf911eefecf ] Request (ServersTestMultiNic:_run_cleanups): 200 GET http://10.180.1.21/compute/v2.1/servers/b09c405c-1053-444e-ace8-ca3ab4e163c7 0.212s
2025-12-09 23:44:35.801 65818 INFO tempest.lib.common.rest_client [req-6a529b66-187e-4bed-bb27-07860382878c req-6a529b66-187e-4bed-bb27-07860382878c ] Request (ListImageFiltersTestJSON:tearDownClass): 200 GET http://10.180.1.21/compute/v2.1/servers/d607f48d-e1f5-4295-99b9-f709ce0c945f 0.211s
