2025-12-09 23:41:33.467 65826 INFO tempest.lib.common.dynamic_creds [-] Created isolated network resources for: credentials: Credentials: {'domain_id': 'default', 'domain_name': 'Default', 'username': 'tempest-QuotasAdminTestV257-878415475-project-member', 'project_domain_id': 'default', 'project_domain_name': 'Default', 'project_id': 'fff166ac15544310b05f33cfa83b8342', 'project_name': 'tempest-QuotasAdminTestV257-878415475', 'tenant_id': 'fff166ac15544310b05f33cfa83b8342', 'tenant_name': 'tempest-QuotasAdminTestV257-878415475', 'user_domain_id': 'default', 'user_domain_name': 'Default', 'user_id': '28f0e2c55c8949a6b8d0408e433d52d1', 'system': None}, Network: None, Subnet: None, Router: None
2025-12-09 23:41:33.506 65798 INFO tempest.lib.common.rest_client [req-89ad4776-21aa-4f71-9b54-e0789124c868 req-89ad4776-21aa-4f71-9b54-e0789124c868 ] Request (InstanceUsageAuditLogNegativeTestJSON:tearDownClass): 204 DELETE http://10.180.1.21/identity/v3/projects/207941cc63eb4675885a5af069668cfa 0.071s
2025-12-09 23:41:33.520 65836 INFO tempest.lib.common.rest_client [req-18a295da-5796-4e9b-af77-3de8188f3395 req-18a295da-5796-4e9b-af77-3de8188f3395 ] Request (TenantUsagesNegativeTestJSON:tearDownClass): 204 DELETE http://10.180.1.21/networking/v2.0/security-groups/c826249e-c2ed-4d02-83fe-c513760e4744 0.191s
2025-12-09 23:41:33.545 65826 INFO tempest.lib.common.rest_client [req-40d8be15-3305-417a-82b6-228dce905e06 req-40d8be15-3305-417a-82b6-228dce905e06 ] Request (QuotasAdminTestV257:setUpClass): 201 POST http://10.180.1.21/identity/v3/auth/tokens 0.071s
2025-12-09 23:41:33.568 65798 INFO tempest.lib.common.rest_client [req-5bf58496-7223-4be5-9121-0ee1d48bebcd req-5bf58496-7223-4be5-9121-0ee1d48bebcd ] Request (ImagesDeleteNegativeTestJSON:setUpClass): 201 POST http://10.180.1.21/identity/v3/auth/tokens 0.060s
2025-12-09 23:41:33.628 65826 INFO tempest.lib.common.rest_client [req-e1e4e356-49da-4d82-8e6e-a2736ce82ec5 req-e1e4e356-49da-4d82-8e6e-a2736ce82ec5 ] Request (QuotasAdminTestV257:setUpClass): 201 POST http://10.180.1.21/identity/v3/projects 0.083s
2025-12-09 23:41:33.652 65836 INFO tempest.lib.common.rest_client [req-0f27670f-6bcb-4173-b399-328f886a0d96 req-0f27670f-6bcb-4173-b399-328f886a0d96 ] Request (TenantUsagesNegativeTestJSON:tearDownClass): 204 DELETE http://10.180.1.21/identity/v3/projects/467ddff492f44c55b85b9a46610e4ecd 0.130s
2025-12-09 23:41:33.658 65794 INFO tempest.lib.common.rest_client [req-4c134674-aa5b-4914-a98d-c013219da906 req-4c134674-aa5b-4914-a98d-c013219da906 ] Request (ServerDiagnosticsTest:test_get_server_diagnostics): 202 POST http://10.180.1.21/compute/v2.1/servers 3.603s
2025-12-09 23:41:33.701 65798 INFO tempest.lib.common.rest_client [req-91bc9941-818a-4980-aafd-b667afb730d4 req-91bc9941-818a-4980-aafd-b667afb730d4 ] Request (ImagesDeleteNegativeTestJSON:setUpClass): 201 POST http://10.180.1.21/identity/v3/auth/tokens 0.128s
2025-12-09 23:41:33.715 65826 INFO tempest.lib.common.rest_client [req-aa84c3e7-3b8b-4c35-8e8a-f89c946a424d req-aa84c3e7-3b8b-4c35-8e8a-f89c946a424d ] Request (QuotasAdminTestV257:setUpClass): 201 POST http://10.180.1.21/identity/v3/users 0.086s
2025-12-09 23:41:33.727 65836 INFO tempest.lib.common.rest_client [req-332c6277-2cc8-4836-8fc0-3226f30647e5 req-332c6277-2cc8-4836-8fc0-3226f30647e5 ] Request (FloatingIPsAssociationNegativeTestJSON:setUpClass): 201 POST http://10.180.1.21/identity/v3/auth/tokens 0.073s
2025-12-09 23:41:33.751 65798 INFO tempest.lib.common.rest_client [req-d75350a0-af8d-411e-980d-e2fd4a96eee6 req-d75350a0-af8d-411e-980d-e2fd4a96eee6 ] Request (ImagesDeleteNegativeTestJSON:setUpClass): 200 GET http://10.180.1.21/identity/v3/domains?name=Default 0.049s
2025-12-09 23:41:33.770 65826 INFO tempest.lib.common.rest_client [req-91bd0e63-236d-49b6-9462-575675eedc7f req-91bd0e63-236d-49b6-9462-575675eedc7f ] Request (QuotasAdminTestV257:setUpClass): 200 GET http://10.180.1.21/identity/v3/roles 0.054s
2025-12-09 23:41:33.798 65836 INFO tempest.lib.common.rest_client [req-c3fbe7e1-b931-4faa-8eb9-ab64e9f85eac req-c3fbe7e1-b931-4faa-8eb9-ab64e9f85eac ] Request (FloatingIPsAssociationNegativeTestJSON:setUpClass): 201 POST http://10.180.1.21/identity/v3/auth/tokens 0.067s
2025-12-09 23:41:33.825 65798 INFO tempest.lib.common.rest_client [req-f9a7e6e1-bbfd-4d7b-930b-815b0c8f0eef req-f9a7e6e1-bbfd-4d7b-930b-815b0c8f0eef ] Request (ImagesDeleteNegativeTestJSON:setUpClass): 201 POST http://10.180.1.21/identity/v3/projects 0.073s
2025-12-09 23:41:33.853 65830 INFO tempest.lib.common.rest_client [req-967432a4-df7c-41a3-9f5b-adba36c82367 req-967432a4-df7c-41a3-9f5b-adba36c82367 ] Request (HypervisorAdminNegativeTestJSON:test_get_hypervisor_uptime_with_non_admin_user): 200 GET http://10.180.1.21/compute/v2.1/os-hypervisors 3.072s
2025-12-09 23:41:33.867 65796 INFO tempest.lib.common.rest_client [req-2172ec2f-5dab-4b37-87ce-f53304154f5d req-2172ec2f-5dab-4b37-87ce-f53304154f5d ] Request (ListServerFiltersTestJSON:setUpClass): 202 POST http://10.180.1.21/compute/v2.1/servers 6.853s
2025-12-09 23:41:33.889 65836 INFO tempest.lib.common.rest_client [req-691ed2a1-205e-4f72-b2a0-fcd5a29b8aab req-691ed2a1-205e-4f72-b2a0-fcd5a29b8aab ] Request (FloatingIPsAssociationNegativeTestJSON:setUpClass): 200 GET http://10.180.1.21/identity/v3/domains?name=Default 0.091s
2025-12-09 23:41:33.913 65826 INFO tempest.lib.common.rest_client [req-569af380-0f6e-480a-a815-9192a8e96c95 req-569af380-0f6e-480a-a815-9192a8e96c95 ] Request (QuotasAdminTestV257:setUpClass): 204 PUT http://10.180.1.21/identity/v3/projects/6eac884a1933416d8e69f32ca89b7bc2/users/fcdb50d7c7a7428dbd3d2ced12c45204/roles/322e961e84254105a46828d49fe3811f 0.143s
2025-12-09 23:41:33.917 65798 INFO tempest.lib.common.rest_client [req-a4ac642a-8c11-4193-83a5-4ed68eb4f3ec req-a4ac642a-8c11-4193-83a5-4ed68eb4f3ec ] Request (ImagesDeleteNegativeTestJSON:setUpClass): 201 POST http://10.180.1.21/identity/v3/users 0.091s
2025-12-09 23:41:33.989 65796 INFO tempest.lib.common.rest_client [req-befb109a-390f-401e-8809-3cb7a471ab09 req-befb109a-390f-401e-8809-3cb7a471ab09 ] Request (ListServerFiltersTestJSON:setUpClass): 201 POST http://10.180.1.21/identity/v3/auth/tokens 0.116s
2025-12-09 23:41:33.989 65796 INFO tempest.lib.common.fixed_network [-] (ListServerFiltersTestJSON:setUpClass) Found network {'id': '8dbadd37-5338-400a-b397-59e090ad2254', 'name': 'tempest-ListServerFiltersTestJSON-759704807-network', 'tenant_id': 'ba2cbdceaaa549a1940943c9eb2de159', 'project_id': 'ba2cbdceaaa549a1940943c9eb2de159', 'admin_state_up': True, 'mtu': 8950, 'status': 'ACTIVE', 'subnets': [], 'shared': False, 'port_security_enabled': True, 'router:external': False, 'provider:network_type': 'vlan', 'provider:physical_network': 'default', 'provider:segmentation_id': 604, 'availability_zone_hints': [], 'availability_zones': [], 'ipv4_address_scope': None, 'ipv6_address_scope': None, 'description': '', 'tags': [], 'created_at': '2025-12-09T23:41:24Z', 'updated_at': '2025-12-09T23:41:24Z', 'revision_number': 1} available for tenant
2025-12-09 23:41:34.006 65788 INFO tempest.lib.common.rest_client [req-527357ae-fa48-49d4-b584-ead90fb824af req-527357ae-fa48-49d4-b584-ead90fb824af ] Request (NetworksTest:test_list_all_networks): 200 GET http://10.180.1.21/compute/v2.1/os-networks 3.225s
2025-12-09 23:41:34.006 65836 INFO tempest.lib.common.rest_client [req-20ac4eb4-ae70-4b23-b9fd-c6f1a18f218f req-20ac4eb4-ae70-4b23-b9fd-c6f1a18f218f ] Request (FloatingIPsAssociationNegativeTestJSON:setUpClass): 201 POST http://10.180.1.21/identity/v3/projects 0.116s
2025-12-09 23:41:34.011 65826 INFO tempest.lib.common.rest_client [req-974e1300-e0c7-4215-b5d3-bffab9fbcadf req-974e1300-e0c7-4215-b5d3-bffab9fbcadf ] Request (QuotasAdminTestV257:setUpClass): 200 GET http://10.180.1.21/identity/v3/roles 0.097s
2025-12-09 23:41:34.032 65846 INFO tempest.lib.common.rest_client [req-17dfa07c-dc03-4f2e-9e04-ceaba057759c req-17dfa07c-dc03-4f2e-9e04-ceaba057759c ] Request (ServicesAdminNegativeV253TestJSON:test_get_service_by_invalid_params): 200 GET http://10.180.1.21/compute/v2.1/os-services 3.030s
2025-12-09 23:41:34.066 65816 INFO tempest.lib.common.rest_client [req-16ca7fc8-200e-4e2f-b5e8-b3d970c241db req-16ca7fc8-200e-4e2f-b5e8-b3d970c241db ] Request (FlavorsAdminTestJSON:_run_cleanups): 202 DELETE http://10.180.1.21/compute/v2.1/flavors/304010501 3.026s
2025-12-09 23:41:34.087 65798 INFO tempest.lib.common.rest_client [req-e7c144ca-5391-4cbe-ade2-277ef758b2df req-e7c144ca-5391-4cbe-ade2-277ef758b2df ] Request (ImagesDeleteNegativeTestJSON:setUpClass): 200 GET http://10.180.1.21/identity/v3/roles 0.169s
2025-12-09 23:41:34.098 65836 INFO tempest.lib.common.rest_client [req-489ff0ab-68a7-4cd4-9310-abf1e8f2621f req-489ff0ab-68a7-4cd4-9310-abf1e8f2621f ] Request (FloatingIPsAssociationNegativeTestJSON:setUpClass): 201 POST http://10.180.1.21/identity/v3/users 0.091s
2025-12-09 23:41:34.105 65826 INFO tempest.lib.common.rest_client [req-6f8be7f4-666c-4f94-bb2a-2a0283122146 req-6f8be7f4-666c-4f94-bb2a-2a0283122146 ] Request (QuotasAdminTestV257:setUpClass): 204 PUT http://10.180.1.21/identity/v3/projects/6eac884a1933416d8e69f32ca89b7bc2/users/fcdb50d7c7a7428dbd3d2ced12c45204/roles/322e961e84254105a46828d49fe3811f 0.092s
2025-12-09 23:41:34.105 65826 INFO tempest.lib.common.dynamic_creds [-] Dynamic test user fcdb50d7c7a7428dbd3d2ced12c45204 is created with scope project and roles: ['admin']
2025-12-09 23:41:34.105 65826 INFO tempest.lib.common.dynamic_creds [-] Acquired dynamic creds: credentials: Credentials: {'domain_id': 'default', 'domain_name': 'Default', 'username': 'tempest-QuotasAdminTestV257-1361804084-project-admin', 'project_domain_id': 'default', 'project_domain_name': 'Default', 'project_id': '6eac884a1933416d8e69f32ca89b7bc2', 'project_name': 'tempest-QuotasAdminTestV257-1361804084', 'tenant_id': '6eac884a1933416d8e69f32ca89b7bc2', 'tenant_name': 'tempest-QuotasAdminTestV257-1361804084', 'user_domain_id': 'default', 'user_domain_name': 'Default', 'user_id': 'fcdb50d7c7a7428dbd3d2ced12c45204', 'system': None}, Network: None, Subnet: None, Router: None
2025-12-09 23:41:34.106 65826 INFO tempest.lib.common.dynamic_creds [-] Created isolated network resources for: credentials: Credentials: {'domain_id': 'default', 'domain_name': 'Default', 'username': 'tempest-QuotasAdminTestV257-1361804084-project-admin', 'project_domain_id': 'default', 'project_domain_name': 'Default', 'project_id': '6eac884a1933416d8e69f32ca89b7bc2', 'project_name': 'tempest-QuotasAdminTestV257-1361804084', 'tenant_id': '6eac884a1933416d8e69f32ca89b7bc2', 'tenant_name': 'tempest-QuotasAdminTestV257-1361804084', 'user_domain_id': 'default', 'user_domain_name': 'Default', 'user_id': 'fcdb50d7c7a7428dbd3d2ced12c45204', 'system': None}, Network: None, Subnet: None, Router: None
2025-12-09 23:41:34.114 65829 INFO tempest.lib.common.rest_client [req-53bdeb50-10bf-4447-978c-8d2c0a5621ff req-53bdeb50-10bf-4447-978c-8d2c0a5621ff ] Request (VolumesAssistedSnapshotsTest:setUpClass): 201 POST http://10.180.1.21/networking/v2.0/routers 0.938s
2025-12-09 23:41:34.249 65788 INFO tempest.lib.common.rest_client [req-ca3641af-2488-4ddb-abed-3ac0130649e3 req-ca3641af-2488-4ddb-abed-3ac0130649e3 ] Request (NetworksTest:tearDownClass): 204 DELETE http://10.180.1.21/identity/v3/users/5512fd33a66346808b677fa3fe2b8538 0.237s
2025-12-09 23:41:34.281 65798 INFO tempest.lib.common.rest_client [req-9aa0a7f4-bba6-41f1-9428-a54876aa2f9d req-9aa0a7f4-bba6-41f1-9428-a54876aa2f9d ] Request (ImagesDeleteNegativeTestJSON:setUpClass): 204 PUT http://10.180.1.21/identity/v3/projects/244cc5d76cd04207846dcbc4bf9b68bc/users/8ea8319d6fd548e8a93317c3138553b7/roles/388376b7cbc6448b83564c81a4341189 0.193s
2025-12-09 23:41:34.281 65798 INFO tempest.lib.common.dynamic_creds [-] Dynamic test user 8ea8319d6fd548e8a93317c3138553b7 is created with scope project and roles: ['member']
2025-12-09 23:41:34.281 65798 INFO tempest.lib.common.dynamic_creds [-] Acquired dynamic creds: credentials: Credentials: {'domain_id': 'default', 'domain_name': 'Default', 'username': 'tempest-ImagesDeleteNegativeTestJSON-1559589381-project-member', 'project_domain_id': 'default', 'project_domain_name': 'Default', 'project_id': '244cc5d76cd04207846dcbc4bf9b68bc', 'project_name': 'tempest-ImagesDeleteNegativeTestJSON-1559589381', 'tenant_id': '244cc5d76cd04207846dcbc4bf9b68bc', 'tenant_name': 'tempest-ImagesDeleteNegativeTestJSON-1559589381', 'user_domain_id': 'default', 'user_domain_name': 'Default', 'user_id': '8ea8319d6fd548e8a93317c3138553b7', 'system': None}, Network: None, Subnet: None, Router: None
2025-12-09 23:41:34.282 65798 INFO tempest.lib.common.dynamic_creds [-] Created isolated network resources for: credentials: Credentials: {'domain_id': 'default', 'domain_name': 'Default', 'username': 'tempest-ImagesDeleteNegativeTestJSON-1559589381-project-member', 'project_domain_id': 'default', 'project_domain_name': 'Default', 'project_id': '244cc5d76cd04207846dcbc4bf9b68bc', 'project_name': 'tempest-ImagesDeleteNegativeTestJSON-1559589381', 'tenant_id': '244cc5d76cd04207846dcbc4bf9b68bc', 'tenant_name': 'tempest-ImagesDeleteNegativeTestJSON-1559589381', 'user_domain_id': 'default', 'user_domain_name': 'Default', 'user_id': '8ea8319d6fd548e8a93317c3138553b7', 'system': None}, Network: None, Subnet: None, Router: None
2025-12-09 23:41:34.382 65826 INFO tempest.lib.common.rest_client [req-7fe6467c-9d1b-4e45-b5b7-6fea8b2edfd4 req-7fe6467c-9d1b-4e45-b5b7-6fea8b2edfd4 ] Request (QuotasAdminTestV257:setUpClass): 201 POST http://10.180.1.21/identity/v3/auth/tokens 0.272s
2025-12-09 23:41:34.382 65826 WARNING tempest.lib.common.rest_client [-] Deprecated: "tenant_id" property is deprecated for removal, use "project_id" instead
2025-12-09 23:41:34.393 65836 INFO tempest.lib.common.rest_client [req-6a7ab1e6-ea36-46ee-a449-67971834c308 req-6a7ab1e6-ea36-46ee-a449-67971834c308 ] Request (FloatingIPsAssociationNegativeTestJSON:setUpClass): 200 GET http://10.180.1.21/identity/v3/roles 0.294s
2025-12-09 23:41:34.458 65848 INFO tempest.lib.common.rest_client [req-6fb12596-9652-4e66-bac9-ba8f64a7693b req-6fb12596-9652-4e66-bac9-ba8f64a7693b ] Request (ServersTestFqdnHostnames:test_create_server_with_fqdn_name): 202 POST http://10.180.1.21/compute/v2.1/servers 3.651s
2025-12-09 23:41:34.495 65834 INFO tempest.lib.common.rest_client [req-1e904ccf-c69f-4e00-8f36-55b9a90f81ce req-1e904ccf-c69f-4e00-8f36-55b9a90f81ce ] Request (QuotasAdminNegativeTest:test_create_server_when_cpu_quota_is_full): 403 POST http://10.180.1.21/compute/v2.1/servers 3.420s
2025-12-09 23:41:34.526 65798 INFO tempest.lib.common.rest_client [req-6cbaf984-22e5-4ae5-ae1c-b26f38771ad1 req-6cbaf984-22e5-4ae5-ae1c-b26f38771ad1 ] Request (ImagesDeleteNegativeTestJSON:setUpClass): 201 POST http://10.180.1.21/identity/v3/auth/tokens 0.241s
2025-12-09 23:41:34.535 65788 INFO tempest.lib.common.rest_client [req-ab7a49b9-142b-43c0-a732-d47b2fa05b59 req-ab7a49b9-142b-43c0-a732-d47b2fa05b59 ] Request (NetworksTest:tearDownClass): 204 DELETE http://10.180.1.21/identity/v3/users/a86af7a714ae4b9aaa6da445711053db 0.286s
2025-12-09 23:41:34.536 65788 INFO tempest.lib.common.dynamic_creds [-] Deleting project and security group for project: 8bb000b3a88d40b6bcaaf196475620ec
2025-12-09 23:41:34.645 65836 INFO tempest.lib.common.rest_client [req-04c2f965-b34f-440c-9a8d-d21c4f41798f req-04c2f965-b34f-440c-9a8d-d21c4f41798f ] Request (FloatingIPsAssociationNegativeTestJSON:setUpClass): 204 PUT http://10.180.1.21/identity/v3/projects/76b840c2f5024e2090a018cab0177169/users/23cb6434ec4242a9b75d7b7f3643e051/roles/388376b7cbc6448b83564c81a4341189 0.252s
2025-12-09 23:41:34.646 65836 INFO tempest.lib.common.dynamic_creds [-] Dynamic test user 23cb6434ec4242a9b75d7b7f3643e051 is created with scope project and roles: ['member']
2025-12-09 23:41:34.646 65836 INFO tempest.lib.common.dynamic_creds [-] Acquired dynamic creds: credentials: Credentials: {'domain_id': 'default', 'domain_name': 'Default', 'username': 'tempest-FloatingIPsAssociationNegativeTestJSON-901893330-project-member', 'project_domain_id': 'default', 'project_domain_name': 'Default', 'project_id': '76b840c2f5024e2090a018cab0177169', 'project_name': 'tempest-FloatingIPsAssociationNegativeTestJSON-901893330', 'tenant_id': '76b840c2f5024e2090a018cab0177169', 'tenant_name': 'tempest-FloatingIPsAssociationNegativeTestJSON-901893330', 'user_domain_id': 'default', 'user_domain_name': 'Default', 'user_id': '23cb6434ec4242a9b75d7b7f3643e051', 'system': None}, Network: None, Subnet: None, Router: None
2025-12-09 23:41:34.713 65788 INFO tempest.lib.common.rest_client [req-25ee1c7b-be27-423b-ac1c-aea86bf58c4e req-25ee1c7b-be27-423b-ac1c-aea86bf58c4e ] Request (NetworksTest:tearDownClass): 201 POST http://10.180.1.21/identity/v3/auth/tokens 0.177s
2025-12-09 23:41:34.808 65836 INFO tempest.lib.common.rest_client [req-5d4b43f4-c41a-4457-ad6b-4e096ec3c778 req-5d4b43f4-c41a-4457-ad6b-4e096ec3c778 ] Request (FloatingIPsAssociationNegativeTestJSON:setUpClass): 201 POST http://10.180.1.21/identity/v3/auth/tokens 0.161s
2025-12-09 23:41:35.020 65788 INFO tempest.lib.common.rest_client [req-ee2a4e2b-a621-40e7-ae17-1c9bc8c51cd4 req-ee2a4e2b-a621-40e7-ae17-1c9bc8c51cd4 ] Request (NetworksTest:tearDownClass): 200 GET http://10.180.1.21/networking/v2.0/security-groups?tenant_id=8bb000b3a88d40b6bcaaf196475620ec&name=default 0.306s
2025-12-09 23:41:35.089 65820 INFO tempest.lib.common.rest_client [req-1581572c-be29-4c6a-ac39-ec2e6d1c24fa req-1581572c-be29-4c6a-ac39-ec2e6d1c24fa ] Request (DeleteServersAdminTestJSON:test_admin_delete_servers_of_others): 200 GET http://10.180.1.21/compute/v2.1/servers/a36ed406-6ead-4605-b788-282bb92324b4 3.914s
2025-12-09 23:41:35.136 65786 INFO tempest.lib.common.rest_client [req-b9858fde-5d60-46de-a030-315a7b97c072 req-b9858fde-5d60-46de-a030-315a7b97c072 ] Request (FlavorsV261TestJSON:test_crud_flavor): 200 GET http://10.180.1.21/compute/v2.1/flavors/detail 3.928s
2025-12-09 23:41:35.158 65804 INFO tempest.lib.common.rest_client [req-6a569bea-acf8-40f7-8746-b9a27560e0fb req-6a569bea-acf8-40f7-8746-b9a27560e0fb ] Request (HypervisorAdminNegativeUnderV252Test:test_show_servers_with_non_admin_user): 200 GET http://10.180.1.21/compute/v2.1/os-hypervisors 3.935s
2025-12-09 23:41:35.212 65790 INFO tempest.lib.common.rest_client [req-795d9cc5-8ebc-44b0-8f0c-861ad76512cf req-795d9cc5-8ebc-44b0-8f0c-861ad76512cf ] Request (QuotaClassesAdmin257Test:_run_cleanups): 200 PUT http://10.180.1.21/compute/v2.1/os-quota-class-sets/default 3.980s
2025-12-09 23:41:35.243 65792 INFO tempest.lib.common.rest_client [req-e755be70-74a7-467c-a19b-98a842e0d307 req-e755be70-74a7-467c-a19b-98a842e0d307 ] Request (HypervisorAdminTestJSON:test_get_hypervisor_show_details): 200 GET http://10.180.1.21/compute/v2.1/os-hypervisors/1 3.982s
2025-12-09 23:41:35.253 65806 INFO tempest.lib.common.rest_client [req-f37ed79e-0f07-4431-9aac-6e652f297c5d req-f37ed79e-0f07-4431-9aac-6e652f297c5d ] Request (HostsAdminNegativeTestJSON:test_reboot_nonexistent_host): 404 GET http://10.180.1.21/compute/v2.1/os-hosts/nonexistent_hostname/reboot 3.988s
2025-12-09 23:41:35.255 65829 INFO tempest.lib.common.rest_client [req-1cbcfa7c-4475-40e3-b69e-eb4b1f94a757 req-1cbcfa7c-4475-40e3-b69e-eb4b1f94a757 ] Request (VolumesAssistedSnapshotsTest:setUpClass): 200 PUT http://10.180.1.21/networking/v2.0/routers/57f7da44-c276-4631-83c5-e074f6bdbeb4/add_router_interface 1.140s
2025-12-09 23:41:35.255 65829 INFO tempest.lib.common.dynamic_creds [-] Created isolated network resources for: credentials: Credentials: {'domain_id': 'default', 'domain_name': 'Default', 'username': 'tempest-VolumesAssistedSnapshotsTest-1242014856-project', 'project_domain_id': 'default', 'project_domain_name': 'Default', 'project_id': '9999f76ef1a346bd83936962fdd88b34', 'project_name': 'tempest-VolumesAssistedSnapshotsTest-1242014856', 'tenant_id': '9999f76ef1a346bd83936962fdd88b34', 'tenant_name': 'tempest-VolumesAssistedSnapshotsTest-1242014856', 'user_domain_id': 'default', 'user_domain_name': 'Default', 'user_id': '1eab001f73f1496e8fccc1fe4a05a710', 'system': None}, Network: {'id': '36c8e1b8-4e1f-4aa9-a76b-b5aa92e3a41b', 'name': 'tempest-VolumesAssistedSnapshotsTest-1871826386-network', 'tenant_id': '9999f76ef1a346bd83936962fdd88b34', 'project_id': '9999f76ef1a346bd83936962fdd88b34', 'admin_state_up': True, 'mtu': 8950, 'status': 'ACTIVE', 'subnets': [], 'shared': False, 'port_security_enabled': True, 'router:external': False, 'provider:network_type': 'vlan', 'provider:physical_network': 'default', 'provider:segmentation_id': 804, 'availability_zone_hints': [], 'availability_zones': [], 'ipv4_address_scope': None, 'ipv6_address_scope': None, 'description': '', 'tags': [], 'created_at': '2025-12-09T23:41:32Z', 'updated_at': '2025-12-09T23:41:32Z', 'revision_number': 1}, Subnet: {'id': '2577e715-76a6-47d9-b6b2-a0a378a0fbe4', 'name': 'tempest-VolumesAssistedSnapshotsTest-1871826386-subnet', 'tenant_id': '9999f76ef1a346bd83936962fdd88b34', 'network_id': '36c8e1b8-4e1f-4aa9-a76b-b5aa92e3a41b', 'ip_version': 4, 'subnetpool_id': None, 'enable_dhcp': True, 'ipv6_ra_mode': None, 'ipv6_address_mode': None, 'gateway_ip': '192.168.128.1', 'cidr': '192.168.128.0/28', 'allocation_pools': [{'start': '192.168.128.2', 'end': '192.168.128.14'}], 'host_routes': [], 'dns_nameservers': [], 'description': '', 'router:external': False, 'service_types': [], 'tags': [], 'created_at': '2025-12-09T23:41:33Z', 'updated_at': '2025-12-09T23:41:33Z', 'revision_number': 0, 'project_id': '9999f76ef1a346bd83936962fdd88b34'}, Router: {'id': '57f7da44-c276-4631-83c5-e074f6bdbeb4', 'name': 'tempest-VolumesAssistedSnapshotsTest-1871826386-router', 'tenant_id': '9999f76ef1a346bd83936962fdd88b34', 'admin_state_up': True, 'status': 'ACTIVE', 'external_gateway_info': {'network_id': '25d019b7-8313-4fef-9960-2d78bac96a0a', 'external_fixed_ips': [{'subnet_id': 'f5b781f9-0734-4a82-8a83-e26ff200b654', 'ip_address': '10.180.180.137'}], 'enable_snat': True}, 'description': '', 'availability_zones': [], 'distributed': False, 'ha': False, 'availability_zone_hints': [], 'routes': [], 'flavor_id': None, 'tags': [], 'created_at': '2025-12-09T23:41:33Z', 'updated_at': '2025-12-09T23:41:33Z', 'revision_number': 2, 'project_id': '9999f76ef1a346bd83936962fdd88b34'}
2025-12-09 23:41:35.263 65845 INFO tempest.lib.common.rest_client [req-70d9f0ed-466c-40e5-9977-437af784bcd8 req-70d9f0ed-466c-40e5-9977-437af784bcd8 ] Request (FlavorsExtraSpecsNegativeTestJSON:test_flavor_non_admin_update_specific_key): 403 PUT http://10.180.1.21/compute/v2.1/flavors/1428663833/os-extra_specs/hw:numa_nodes 3.975s
2025-12-09 23:41:35.347 65790 INFO tempest.lib.common.rest_client [req-b838705c-ecae-4e34-90a5-c238393d969f req-b838705c-ecae-4e34-90a5-c238393d969f ] Request (QuotaClassesAdmin257Test:tearDownClass): 204 DELETE http://10.180.1.21/identity/v3/users/94d05482f6ca4e3db6dce6ac50b90abe 0.125s
2025-12-09 23:41:35.383 65836 INFO tempest.lib.common.rest_client [req-3157499c-2bd0-4983-94a6-993ac70fb21f req-3157499c-2bd0-4983-94a6-993ac70fb21f ] Request (FloatingIPsAssociationNegativeTestJSON:setUpClass): 201 POST http://10.180.1.21/networking/v2.0/networks 0.574s
2025-12-09 23:41:35.423 65826 INFO tempest.lib.common.rest_client [req-2bb47ef2-0a1d-4d89-848f-c7c16c5538a8 req-2bb47ef2-0a1d-4d89-848f-c7c16c5538a8 ] Request (QuotasAdminTestV257:test_get_updated_quotas): 200 GET http://10.180.1.21/identity/v3/domains?name=Default 0.186s
2025-12-09 23:41:35.446 65829 INFO tempest.lib.common.rest_client [req-f83402dc-6930-4297-8bda-8beabca82cac req-f83402dc-6930-4297-8bda-8beabca82cac ] Request (VolumesAssistedSnapshotsTest:setUpClass): 201 POST http://10.180.1.21/identity/v3/auth/tokens 0.188s
2025-12-09 23:41:35.500 65788 INFO tempest.lib.common.rest_client [req-676af8a8-8466-43fe-a821-3c3c4919861c req-676af8a8-8466-43fe-a821-3c3c4919861c ] Request (NetworksTest:tearDownClass): 204 DELETE http://10.180.1.21/networking/v2.0/security-groups/fe40dd4b-912a-4f0b-8bd3-e02394bfea1c 0.479s
2025-12-09 23:41:35.580 65790 INFO tempest.lib.common.rest_client [req-24483da0-91d5-4077-b9d6-a7a773d8eeeb req-24483da0-91d5-4077-b9d6-a7a773d8eeeb ] Request (QuotaClassesAdmin257Test:tearDownClass): 204 DELETE http://10.180.1.21/identity/v3/users/41110659f7554982ab9cdf550546520a 0.232s
2025-12-09 23:41:35.580 65790 INFO tempest.lib.common.dynamic_creds [-] Deleting project and security group for project: d09297c0bcde4d569d8ee9e494dd897a
2025-12-09 23:41:35.608 65818 INFO tempest.lib.common.rest_client [req-e2f8ef29-9cc7-4ec2-89d4-abf9c0b0d479 req-e2f8ef29-9cc7-4ec2-89d4-abf9c0b0d479 ] Request (ListImageFiltersTestJSON:setUpClass): 204 PUT http://10.180.1.21/image/v2/images/013e364d-8132-4f89-a759-0ef84be38488/file 1.316s
2025-12-09 23:41:35.609 65826 INFO tempest.lib.common.rest_client [req-d306f1a9-af70-4d84-b082-2d022539dabf req-d306f1a9-af70-4d84-b082-2d022539dabf ] Request (QuotasAdminTestV257:test_get_updated_quotas): 201 POST http://10.180.1.21/identity/v3/projects 0.185s
2025-12-09 23:41:35.644 65836 INFO tempest.lib.common.rest_client [req-430f4704-f49b-49ab-a95c-d95b75c54390 req-430f4704-f49b-49ab-a95c-d95b75c54390 ] Request (FloatingIPsAssociationNegativeTestJSON:setUpClass): 201 POST http://10.180.1.21/networking/v2.0/subnets 0.261s
2025-12-09 23:41:35.781 65840 INFO tempest.lib.common.rest_client [req-d8140ac3-80b1-4688-8330-f7377996af2e req-d8140ac3-80b1-4688-8330-f7377996af2e ] Request (FlavorsAccessNegativeTestJSON:test_add_flavor_access_duplicate): 409 POST http://10.180.1.21/compute/v2.1/flavors/1614013663/action 4.408s
2025-12-09 23:41:35.799 65790 INFO tempest.lib.common.rest_client [req-6b9c0138-a877-42d8-9afd-7ca6dcfdc777 req-6b9c0138-a877-42d8-9afd-7ca6dcfdc777 ] Request (QuotaClassesAdmin257Test:tearDownClass): 201 POST http://10.180.1.21/identity/v3/auth/tokens 0.219s
2025-12-09 23:41:35.816 65802 INFO tempest.lib.common.rest_client [req-bd9a744c-c6ac-4d01-a20b-3523e5a28271 req-bd9a744c-c6ac-4d01-a20b-3523e5a28271 ] Request (HypervisorAdminUnderV252Test:test_search_hypervisor): 200 GET http://10.180.1.21/compute/v2.1/os-hypervisors/domain-c8.fc996f14-c53b-4953-92e3-bdfa48f5cc28/search 4.424s
2025-12-09 23:41:35.818 65832 INFO tempest.lib.common.rest_client [req-ca4da57f-63a0-4064-b264-1762cd56ca13 req-ca4da57f-63a0-4064-b264-1762cd56ca13 ] Request (ServersAdminTestJSON:setUpClass): 202 POST http://10.180.1.21/compute/v2.1/servers 4.738s
2025-12-09 23:41:35.865 65788 INFO tempest.lib.common.rest_client [req-819df4d1-b05d-4c6f-8ebb-056f23b15d19 req-819df4d1-b05d-4c6f-8ebb-056f23b15d19 ] Request (NetworksTest:tearDownClass): 204 DELETE http://10.180.1.21/identity/v3/projects/8bb000b3a88d40b6bcaaf196475620ec 0.364s
2025-12-09 23:41:35.865 65788 INFO tempest.lib.common.dynamic_creds [-] Deleting project and security group for project: 7d343ccf98184a20a6d56c4ca2d72d10
2025-12-09 23:41:35.933 65826 INFO tempest.lib.common.rest_client [req-70b8427f-8f53-44f4-83d2-7362a4a54e99 req-70b8427f-8f53-44f4-83d2-7362a4a54e99 ] Request (QuotasAdminTestV257:test_get_updated_quotas): 200 GET http://10.180.1.21/identity/v3/domains?name=Default 0.323s
2025-12-09 23:41:36.088 65802 INFO tempest.lib.common.rest_client [req-33aa8109-d0f0-48c1-8c1a-0e838474b4b5 req-33aa8109-d0f0-48c1-8c1a-0e838474b4b5 ] Request (HypervisorAdminUnderV252Test:tearDownClass): 204 DELETE http://10.180.1.21/identity/v3/users/05c6399991574045bf2f4f9338408c4b 0.267s
2025-12-09 23:41:36.100 65829 INFO tempest.lib.common.rest_client [req-d52f0ea2-cf45-4996-8134-f1aea3ef602b req-d52f0ea2-cf45-4996-8134-f1aea3ef602b ] Request (VolumesAssistedSnapshotsTest:test_volume_assisted_snapshot_create_delete): 202 POST http://10.180.1.21/volume/v3/volumes 0.649s
2025-12-09 23:41:36.112 65838 INFO tempest.lib.common.rest_client [req-9427c506-8ba9-436c-9072-fd7797234bdb req-9427c506-8ba9-436c-9072-fd7797234bdb ] Request (ServersWithSpecificFlavorTestJSON:test_verify_created_server_ephemeral_disk): 200 POST http://10.180.1.21/compute/v2.1/flavors 4.424s
2025-12-09 23:41:36.152 65832 INFO tempest.lib.common.rest_client [req-2e344068-6fac-4a4a-9247-8d78ccef920f req-2e344068-6fac-4a4a-9247-8d78ccef920f ] Request (ServersAdminTestJSON:setUpClass): 201 POST http://10.180.1.21/identity/v3/auth/tokens 0.328s
2025-12-09 23:41:36.153 65832 INFO tempest.lib.common.fixed_network [-] (ServersAdminTestJSON:setUpClass) Found network {'id': 'db7d4bbb-c016-49fe-a01e-d0748b45da4b', 'name': 'tempest-ServersAdminTestJSON-1309099467-network', 'tenant_id': '5e2b30d95a4544b690eefe53f4a4fdbc', 'project_id': '5e2b30d95a4544b690eefe53f4a4fdbc', 'admin_state_up': True, 'mtu': 8950, 'status': 'ACTIVE', 'subnets': [], 'shared': False, 'port_security_enabled': True, 'router:external': False, 'provider:network_type': 'vlan', 'provider:physical_network': 'default', 'provider:segmentation_id': 774, 'availability_zone_hints': [], 'availability_zones': [], 'ipv4_address_scope': None, 'ipv6_address_scope': None, 'description': '', 'tags': [], 'created_at': '2025-12-09T23:41:20Z', 'updated_at': '2025-12-09T23:41:20Z', 'revision_number': 1} available for tenant
2025-12-09 23:41:36.172 65790 INFO tempest.lib.common.rest_client [req-cdbd5f29-6ed3-4a4f-b54e-33eb094b8f49 req-cdbd5f29-6ed3-4a4f-b54e-33eb094b8f49 ] Request (QuotaClassesAdmin257Test:tearDownClass): 200 GET http://10.180.1.21/networking/v2.0/security-groups?tenant_id=d09297c0bcde4d569d8ee9e494dd897a&name=default 0.372s
2025-12-09 23:41:36.183 65829 INFO tempest.lib.common.rest_client [req-a10d8ac2-41a3-4fc5-8413-89b39749435d req-a10d8ac2-41a3-4fc5-8413-89b39749435d ] Request (VolumesAssistedSnapshotsTest:test_volume_assisted_snapshot_create_delete): 200 GET http://10.180.1.21/volume/v3/volumes/db9e3dbc-4725-4ec7-b1f4-dea7c498a96c 0.075s
2025-12-09 23:41:36.222 65808 INFO tempest.lib.common.rest_client [req-18830e00-1cfc-4fae-82b3-8a84317b8748 req-18830e00-1cfc-4fae-82b3-8a84317b8748 ] Request (FlavorMetadataValidation:test_flavor_update_with_custom_namespace): 200 POST http://10.180.1.21/compute/v2.1/flavors/481162136/os-extra_specs 4.310s
2025-12-09 23:41:36.269 65788 INFO tempest.lib.common.rest_client [req-1ee33c2b-acbb-461d-8d80-7332e665ed10 req-1ee33c2b-acbb-461d-8d80-7332e665ed10 ] Request (NetworksTest:tearDownClass): 200 GET http://10.180.1.21/networking/v2.0/security-groups?tenant_id=7d343ccf98184a20a6d56c4ca2d72d10&name=default 0.404s
2025-12-09 23:41:36.277 65802 INFO tempest.lib.common.rest_client [req-bd2cec3a-60a7-469c-bb19-6959f04ef014 req-bd2cec3a-60a7-469c-bb19-6959f04ef014 ] Request (HypervisorAdminUnderV252Test:tearDownClass): 204 DELETE http://10.180.1.21/identity/v3/users/92cd26ba9cd04f96b0ac7ff0b174fb0d 0.188s
2025-12-09 23:41:36.277 65802 INFO tempest.lib.common.dynamic_creds [-] Deleting project and security group for project: 2ff657072dfd4dec91733ad95fd2dd5b
2025-12-09 23:41:36.354 65790 INFO tempest.lib.common.rest_client [req-6eceb8e0-5611-45cd-89ed-d4affd2d261e req-6eceb8e0-5611-45cd-89ed-d4affd2d261e ] Request (QuotaClassesAdmin257Test:tearDownClass): 204 DELETE http://10.180.1.21/networking/v2.0/security-groups/1ae1ae9c-dfa3-435e-bebc-2ad7cc728be1 0.180s
2025-12-09 23:41:36.398 65802 INFO tempest.lib.common.rest_client [req-ee730b2a-1149-4414-bdd0-784a025bbcad req-ee730b2a-1149-4414-bdd0-784a025bbcad ] Request (HypervisorAdminUnderV252Test:tearDownClass): 201 POST http://10.180.1.21/identity/v3/auth/tokens 0.121s
2025-12-09 23:41:36.461 65790 INFO tempest.lib.common.rest_client [req-228dcfd1-7f9d-4f13-9b82-8d9c3037798b req-228dcfd1-7f9d-4f13-9b82-8d9c3037798b ] Request (QuotaClassesAdmin257Test:tearDownClass): 204 DELETE http://10.180.1.21/identity/v3/projects/d09297c0bcde4d569d8ee9e494dd897a 0.106s
2025-12-09 23:41:36.461 65790 INFO tempest.lib.common.dynamic_creds [-] Deleting project and security group for project: ae3dbf346a85458182b0e6c8dd0c893e
2025-12-09 23:41:36.491 65800 INFO tempest.lib.common.rest_client [req-bb6b5a14-aa50-4a6e-91b4-48382415b1a8 req-bb6b5a14-aa50-4a6e-91b4-48382415b1a8 ] Request (AggregatesAdminNegativeTestJSON:_run_cleanups): 200 POST http://10.180.1.21/compute/v2.1/os-aggregates/1/action 4.946s
2025-12-09 23:41:36.603 65836 INFO tempest.lib.common.rest_client [req-5563267f-abe4-47e5-b7b2-6917e847a96e req-5563267f-abe4-47e5-b7b2-6917e847a96e ] Request (FloatingIPsAssociationNegativeTestJSON:setUpClass): 201 POST http://10.180.1.21/networking/v2.0/routers 0.958s
2025-12-09 23:41:36.680 65788 INFO tempest.lib.common.rest_client [req-8d97cec0-c1c8-46f8-9416-661bafa7a3a6 req-8d97cec0-c1c8-46f8-9416-661bafa7a3a6 ] Request (NetworksTest:tearDownClass): 204 DELETE http://10.180.1.21/networking/v2.0/security-groups/0dfb057d-c792-45f1-b960-6d5c596046d0 0.410s
2025-12-09 23:41:36.761 65788 INFO tempest.lib.common.rest_client [req-e861ea0c-8126-4a5a-af0c-ab4456425505 req-e861ea0c-8126-4a5a-af0c-ab4456425505 ] Request (NetworksTest:tearDownClass): 204 DELETE http://10.180.1.21/identity/v3/projects/7d343ccf98184a20a6d56c4ca2d72d10 0.080s
2025-12-09 23:41:36.779 65802 INFO tempest.lib.common.rest_client [req-87f89723-60cb-4cc2-9b35-81dd8f5e4178 req-87f89723-60cb-4cc2-9b35-81dd8f5e4178 ] Request (HypervisorAdminUnderV252Test:tearDownClass): 200 GET http://10.180.1.21/networking/v2.0/security-groups?tenant_id=2ff657072dfd4dec91733ad95fd2dd5b&name=default 0.380s
2025-12-09 23:41:36.797 65790 INFO tempest.lib.common.rest_client [req-282ed10d-3ede-40dd-a1d5-21ab988dc119 req-282ed10d-3ede-40dd-a1d5-21ab988dc119 ] Request (QuotaClassesAdmin257Test:tearDownClass): 200 GET http://10.180.1.21/networking/v2.0/security-groups?tenant_id=ae3dbf346a85458182b0e6c8dd0c893e&name=default 0.335s
2025-12-09 23:41:36.830 65788 INFO tempest.lib.common.rest_client [req-3244de65-1140-49c8-ace0-7123ff1e838f req-3244de65-1140-49c8-ace0-7123ff1e838f ] Request (AbsoluteLimitsNegativeTestJSON:setUpClass): 201 POST http://10.180.1.21/identity/v3/auth/tokens 0.066s
2025-12-09 23:41:36.870 65788 INFO tempest.lib.common.rest_client [req-d9d451ce-911c-4120-afc2-e9f8338314db req-d9d451ce-911c-4120-afc2-e9f8338314db ] Request (AbsoluteLimitsNegativeTestJSON:setUpClass): 201 POST http://10.180.1.21/identity/v3/auth/tokens 0.033s
2025-12-09 23:41:36.900 65788 INFO tempest.lib.common.rest_client [req-3562633c-6992-45e7-9339-767e5a836d4c req-3562633c-6992-45e7-9339-767e5a836d4c ] Request (AbsoluteLimitsNegativeTestJSON:setUpClass): 200 GET http://10.180.1.21/identity/v3/domains?name=Default 0.029s
2025-12-09 23:41:36.925 65788 INFO tempest.lib.common.rest_client [req-fe8ab253-23ee-493b-86aa-5a12ccd5dd5f req-fe8ab253-23ee-493b-86aa-5a12ccd5dd5f ] Request (AbsoluteLimitsNegativeTestJSON:setUpClass): 201 POST http://10.180.1.21/identity/v3/projects 0.025s
2025-12-09 23:41:37.020 65788 INFO tempest.lib.common.rest_client [req-9e28fb70-8567-46f5-aaa6-74522cc44981 req-9e28fb70-8567-46f5-aaa6-74522cc44981 ] Request (AbsoluteLimitsNegativeTestJSON:setUpClass): 201 POST http://10.180.1.21/identity/v3/users 0.094s
2025-12-09 23:41:37.041 65788 INFO tempest.lib.common.rest_client [req-1a816054-7417-4545-bd7d-8b9ebd2e3e8c req-1a816054-7417-4545-bd7d-8b9ebd2e3e8c ] Request (AbsoluteLimitsNegativeTestJSON:setUpClass): 200 GET http://10.180.1.21/identity/v3/roles 0.021s
2025-12-09 23:41:37.047 65814 INFO tempest.lib.common.rest_client [req-09cb2bef-39b9-445e-88c5-2f2afb2a1942 req-09cb2bef-39b9-445e-88c5-2f2afb2a1942 ] Request (SecurityGroupsTestAdminJSON:test_list_security_groups_list_all_tenants_filter): 200 POST http://10.180.1.21/compute/v2.1/os-security-groups 4.341s
2025-12-09 23:41:37.087 65788 INFO tempest.lib.common.rest_client [req-addd7d42-9152-4097-8cfd-8f5450f708d6 req-addd7d42-9152-4097-8cfd-8f5450f708d6 ] Request (AbsoluteLimitsNegativeTestJSON:setUpClass): 204 PUT http://10.180.1.21/identity/v3/projects/5d5cfc4dd4654bcfb4f440c1192d30dc/users/55757f48d1a5467db568d0eaf4047884/roles/388376b7cbc6448b83564c81a4341189 0.045s
2025-12-09 23:41:37.088 65788 INFO tempest.lib.common.dynamic_creds [-] Dynamic test user 55757f48d1a5467db568d0eaf4047884 is created with scope project and roles: ['member']
2025-12-09 23:41:37.088 65788 INFO tempest.lib.common.dynamic_creds [-] Acquired dynamic creds: credentials: Credentials: {'domain_id': 'default', 'domain_name': 'Default', 'username': 'tempest-AbsoluteLimitsNegativeTestJSON-1519807357-project-member', 'project_domain_id': 'default', 'project_domain_name': 'Default', 'project_id': '5d5cfc4dd4654bcfb4f440c1192d30dc', 'project_name': 'tempest-AbsoluteLimitsNegativeTestJSON-1519807357', 'tenant_id': '5d5cfc4dd4654bcfb4f440c1192d30dc', 'tenant_name': 'tempest-AbsoluteLimitsNegativeTestJSON-1519807357', 'user_domain_id': 'default', 'user_domain_name': 'Default', 'user_id': '55757f48d1a5467db568d0eaf4047884', 'system': None}, Network: None, Subnet: None, Router: None
2025-12-09 23:41:37.088 65788 INFO tempest.lib.common.dynamic_creds [-] Created isolated network resources for: credentials: Credentials: {'domain_id': 'default', 'domain_name': 'Default', 'username': 'tempest-AbsoluteLimitsNegativeTestJSON-1519807357-project-member', 'project_domain_id': 'default', 'project_domain_name': 'Default', 'project_id': '5d5cfc4dd4654bcfb4f440c1192d30dc', 'project_name': 'tempest-AbsoluteLimitsNegativeTestJSON-1519807357', 'tenant_id': '5d5cfc4dd4654bcfb4f440c1192d30dc', 'tenant_name': 'tempest-AbsoluteLimitsNegativeTestJSON-1519807357', 'user_domain_id': 'default', 'user_domain_name': 'Default', 'user_id': '55757f48d1a5467db568d0eaf4047884', 'system': None}, Network: None, Subnet: None, Router: None
2025-12-09 23:41:37.173 65802 INFO tempest.lib.common.rest_client [req-7f2a6c63-1903-4410-80de-a4eade4459d8 req-7f2a6c63-1903-4410-80de-a4eade4459d8 ] Request (HypervisorAdminUnderV252Test:tearDownClass): 204 DELETE http://10.180.1.21/networking/v2.0/security-groups/ced097a8-845b-42ee-aa12-fa46152aec75 0.394s
2025-12-09 23:41:37.182 65788 INFO tempest.lib.common.rest_client [req-a91f266a-0164-47f7-ae93-9a8780eb0fdb req-a91f266a-0164-47f7-ae93-9a8780eb0fdb ] Request (AbsoluteLimitsNegativeTestJSON:setUpClass): 201 POST http://10.180.1.21/identity/v3/auth/tokens 0.090s
2025-12-09 23:41:37.241 65829 INFO tempest.lib.common.rest_client [req-84f3a3a8-523f-4efc-b575-9fe703dfcc5b req-84f3a3a8-523f-4efc-b575-9fe703dfcc5b ] Request (VolumesAssistedSnapshotsTest:test_volume_assisted_snapshot_create_delete): 200 GET http://10.180.1.21/volume/v3/volumes/db9e3dbc-4725-4ec7-b1f4-dea7c498a96c 0.049s
2025-12-09 23:41:37.249 65829 INFO tempest.common.waiters [-] volume db9e3dbc-4725-4ec7-b1f4-dea7c498a96c reached available after waiting for 1.248987 seconds
2025-12-09 23:41:37.275 65790 INFO tempest.lib.common.rest_client [req-f7963b2a-8fc0-4b9c-a8f9-a4bd52cdcf84 req-f7963b2a-8fc0-4b9c-a8f9-a4bd52cdcf84 ] Request (QuotaClassesAdmin257Test:tearDownClass): 204 DELETE http://10.180.1.21/networking/v2.0/security-groups/21811a5b-4a50-454e-8a6d-4d3df5186a95 0.478s
2025-12-09 23:41:37.297 65802 INFO tempest.lib.common.rest_client [req-6c5ba33e-ade1-4eac-9e7e-611e999ab99f req-6c5ba33e-ade1-4eac-9e7e-611e999ab99f ] Request (HypervisorAdminUnderV252Test:tearDownClass): 204 DELETE http://10.180.1.21/identity/v3/projects/2ff657072dfd4dec91733ad95fd2dd5b 0.123s
2025-12-09 23:41:37.297 65802 INFO tempest.lib.common.dynamic_creds [-] Deleting project and security group for project: 9918d22238724b10b9e08bd62b1e3cbf
2025-12-09 23:41:37.393 65790 INFO tempest.lib.common.rest_client [req-5dd6f28e-8b7b-454f-9ac9-1be3fa6e336c req-5dd6f28e-8b7b-454f-9ac9-1be3fa6e336c ] Request (QuotaClassesAdmin257Test:tearDownClass): 204 DELETE http://10.180.1.21/identity/v3/projects/ae3dbf346a85458182b0e6c8dd0c893e 0.116s
2025-12-09 23:41:37.463 65790 INFO tempest.lib.common.rest_client [req-0c2c77e4-8cc9-4d16-afb9-016a5901ea01 req-0c2c77e4-8cc9-4d16-afb9-016a5901ea01 ] Request (ServersAdminNegativeTestJSON:setUpClass): 201 POST http://10.180.1.21/identity/v3/auth/tokens 0.068s
2025-12-09 23:41:37.493 65790 INFO tempest.lib.common.rest_client [req-801c190f-5545-4b90-b9ca-dbdb53983bb9 req-801c190f-5545-4b90-b9ca-dbdb53983bb9 ] Request (ServersAdminNegativeTestJSON:setUpClass): 201 POST http://10.180.1.21/identity/v3/auth/tokens 0.027s
2025-12-09 23:41:37.521 65790 INFO tempest.lib.common.rest_client [req-e82d727b-8deb-4475-928a-d6e5846cdb94 req-e82d727b-8deb-4475-928a-d6e5846cdb94 ] Request (ServersAdminNegativeTestJSON:setUpClass): 200 GET http://10.180.1.21/identity/v3/domains?name=Default 0.027s
2025-12-09 23:41:37.561 65790 INFO tempest.lib.common.rest_client [req-9d2d2a15-ad70-4183-8cf3-4c8402860efe req-9d2d2a15-ad70-4183-8cf3-4c8402860efe ] Request (ServersAdminNegativeTestJSON:setUpClass): 201 POST http://10.180.1.21/identity/v3/projects 0.039s
2025-12-09 23:41:37.644 65790 INFO tempest.lib.common.rest_client [req-c1cdbe77-dabe-47cb-84f2-a57d00f23a51 req-c1cdbe77-dabe-47cb-84f2-a57d00f23a51 ] Request (ServersAdminNegativeTestJSON:setUpClass): 201 POST http://10.180.1.21/identity/v3/users 0.082s
2025-12-09 23:41:37.669 65790 INFO tempest.lib.common.rest_client [req-e52be7c5-6bec-46b5-9372-815c84dfbe01 req-e52be7c5-6bec-46b5-9372-815c84dfbe01 ] Request (ServersAdminNegativeTestJSON:setUpClass): 200 GET http://10.180.1.21/identity/v3/roles 0.024s
2025-12-09 23:41:37.694 65790 INFO tempest.lib.common.rest_client [req-b211329f-4696-4576-a5c1-350a7d05d083 req-b211329f-4696-4576-a5c1-350a7d05d083 ] Request (ServersAdminNegativeTestJSON:setUpClass): 204 PUT http://10.180.1.21/identity/v3/projects/024add9f65004bd19344e806ad1df7ed/users/846b557a9feb4ab6bb1e466643685234/roles/388376b7cbc6448b83564c81a4341189 0.025s
2025-12-09 23:41:37.695 65790 INFO tempest.lib.common.dynamic_creds [-] Dynamic test user 846b557a9feb4ab6bb1e466643685234 is created with scope project and roles: ['member']
2025-12-09 23:41:37.695 65790 INFO tempest.lib.common.dynamic_creds [-] Acquired dynamic creds: credentials: Credentials: {'domain_id': 'default', 'domain_name': 'Default', 'username': 'tempest-ServersAdminNegativeTestJSON-842906392-project-member', 'project_domain_id': 'default', 'project_domain_name': 'Default', 'project_id': '024add9f65004bd19344e806ad1df7ed', 'project_name': 'tempest-ServersAdminNegativeTestJSON-842906392', 'tenant_id': '024add9f65004bd19344e806ad1df7ed', 'tenant_name': 'tempest-ServersAdminNegativeTestJSON-842906392', 'user_domain_id': 'default', 'user_domain_name': 'Default', 'user_id': '846b557a9feb4ab6bb1e466643685234', 'system': None}, Network: None, Subnet: None, Router: None
2025-12-09 23:41:37.695 65790 INFO tempest.lib.common.dynamic_creds [-] Created isolated network resources for: credentials: Credentials: {'domain_id': 'default', 'domain_name': 'Default', 'username': 'tempest-ServersAdminNegativeTestJSON-842906392-project-member', 'project_domain_id': 'default', 'project_domain_name': 'Default', 'project_id': '024add9f65004bd19344e806ad1df7ed', 'project_name': 'tempest-ServersAdminNegativeTestJSON-842906392', 'tenant_id': '024add9f65004bd19344e806ad1df7ed', 'tenant_name': 'tempest-ServersAdminNegativeTestJSON-842906392', 'user_domain_id': 'default', 'user_domain_name': 'Default', 'user_id': '846b557a9feb4ab6bb1e466643685234', 'system': None}, Network: None, Subnet: None, Router: None
2025-12-09 23:41:37.727 65836 INFO tempest.lib.common.rest_client [req-07c00952-3845-45e6-90e6-e87836a7741a req-07c00952-3845-45e6-90e6-e87836a7741a ] Request (FloatingIPsAssociationNegativeTestJSON:setUpClass): 200 PUT http://10.180.1.21/networking/v2.0/routers/4058aea0-9f3b-4b5a-b99e-b79edd120228/add_router_interface 1.124s
2025-12-09 23:41:37.727 65836 INFO tempest.lib.common.dynamic_creds [-] Created isolated network resources for: credentials: Credentials: {'domain_id': 'default', 'domain_name': 'Default', 'username': 'tempest-FloatingIPsAssociationNegativeTestJSON-901893330-project-member', 'project_domain_id': 'default', 'project_domain_name': 'Default', 'project_id': '76b840c2f5024e2090a018cab0177169', 'project_name': 'tempest-FloatingIPsAssociationNegativeTestJSON-901893330', 'tenant_id': '76b840c2f5024e2090a018cab0177169', 'tenant_name': 'tempest-FloatingIPsAssociationNegativeTestJSON-901893330', 'user_domain_id': 'default', 'user_domain_name': 'Default', 'user_id': '23cb6434ec4242a9b75d7b7f3643e051', 'system': None}, Network: {'id': 'e91ae30a-62e3-4981-ba76-49965e4864d9', 'name': 'tempest-FloatingIPsAssociationNegativeTestJSON-2139094777-network', 'tenant_id': '76b840c2f5024e2090a018cab0177169', 'project_id': '76b840c2f5024e2090a018cab0177169', 'admin_state_up': True, 'mtu': 8950, 'status': 'ACTIVE', 'subnets': [], 'shared': False, 'port_security_enabled': True, 'router:external': False, 'provider:network_type': 'vlan', 'provider:physical_network': 'default', 'provider:segmentation_id': 548, 'availability_zone_hints': [], 'availability_zones': [], 'ipv4_address_scope': None, 'ipv6_address_scope': None, 'description': '', 'tags': [], 'created_at': '2025-12-09T23:41:35Z', 'updated_at': '2025-12-09T23:41:35Z', 'revision_number': 1}, Subnet: {'id': 'f34cc08e-7a5a-4f5f-afef-e6fa7c8f2e52', 'name': 'tempest-FloatingIPsAssociationNegativeTestJSON-2139094777-subnet', 'tenant_id': '76b840c2f5024e2090a018cab0177169', 'network_id': 'e91ae30a-62e3-4981-ba76-49965e4864d9', 'ip_version': 4, 'subnetpool_id': None, 'enable_dhcp': True, 'ipv6_ra_mode': None, 'ipv6_address_mode': None, 'gateway_ip': '192.168.128.1', 'cidr': '192.168.128.0/28', 'allocation_pools': [{'start': '192.168.128.2', 'end': '192.168.128.14'}], 'host_routes': [], 'dns_nameservers': [], 'description': '', 'router:external': False, 'service_types': [], 'tags': [], 'created_at': '2025-12-09T23:41:35Z', 'updated_at': '2025-12-09T23:41:35Z', 'revision_number': 0, 'project_id': '76b840c2f5024e2090a018cab0177169'}, Router: {'id': '4058aea0-9f3b-4b5a-b99e-b79edd120228', 'name': 'tempest-FloatingIPsAssociationNegativeTestJSON-2139094777-router', 'tenant_id': '76b840c2f5024e2090a018cab0177169', 'admin_state_up': True, 'status': 'ACTIVE', 'external_gateway_info': {'network_id': '25d019b7-8313-4fef-9960-2d78bac96a0a', 'external_fixed_ips': [{'subnet_id': 'f5b781f9-0734-4a82-8a83-e26ff200b654', 'ip_address': '10.180.180.176'}], 'enable_snat': True}, 'description': '', 'availability_zones': [], 'distributed': False, 'ha': False, 'availability_zone_hints': [], 'routes': [], 'flavor_id': None, 'tags': [], 'created_at': '2025-12-09T23:41:35Z', 'updated_at': '2025-12-09T23:41:36Z', 'revision_number': 2, 'project_id': '76b840c2f5024e2090a018cab0177169'}
2025-12-09 23:41:37.771 65790 INFO tempest.lib.common.rest_client [req-95f0c137-7758-4dd6-a777-bd5f2a43fef8 req-95f0c137-7758-4dd6-a777-bd5f2a43fef8 ] Request (ServersAdminNegativeTestJSON:setUpClass): 201 POST http://10.180.1.21/identity/v3/auth/tokens 0.072s
2025-12-09 23:41:37.797 65836 INFO tempest.lib.common.rest_client [req-6f5239cd-0fcd-4d0c-a41d-9d1b37de5377 req-6f5239cd-0fcd-4d0c-a41d-9d1b37de5377 ] Request (FloatingIPsAssociationNegativeTestJSON:setUpClass): 201 POST http://10.180.1.21/identity/v3/auth/tokens 0.065s
2025-12-09 23:41:37.832 65790 INFO tempest.lib.common.rest_client [req-1c23de76-176c-43d7-bd4d-4067c267f12e req-1c23de76-176c-43d7-bd4d-4067c267f12e ] Request (ServersAdminNegativeTestJSON:setUpClass): 201 POST http://10.180.1.21/identity/v3/projects 0.060s
2025-12-09 23:41:37.861 65802 INFO tempest.lib.common.rest_client [req-571f25f2-8303-4808-8bf0-22a4a567c2a9 req-571f25f2-8303-4808-8bf0-22a4a567c2a9 ] Request (HypervisorAdminUnderV252Test:tearDownClass): 200 GET http://10.180.1.21/networking/v2.0/security-groups?tenant_id=9918d22238724b10b9e08bd62b1e3cbf&name=default 0.564s
2025-12-09 23:41:37.894 65836 INFO tempest.lib.common.rest_client [req-346fd6fd-c2ed-4f99-a573-d119bb0be2c1 req-346fd6fd-c2ed-4f99-a573-d119bb0be2c1 ] Request (FloatingIPsAssociationNegativeTestJSON:setUpClass): 201 POST http://10.180.1.21/identity/v3/auth/tokens 0.093s
2025-12-09 23:41:37.894 65836 INFO tempest.lib.common.fixed_network [-] (FloatingIPsAssociationNegativeTestJSON:setUpClass) Found network {'id': 'e91ae30a-62e3-4981-ba76-49965e4864d9', 'name': 'tempest-FloatingIPsAssociationNegativeTestJSON-2139094777-network', 'tenant_id': '76b840c2f5024e2090a018cab0177169', 'project_id': '76b840c2f5024e2090a018cab0177169', 'admin_state_up': True, 'mtu': 8950, 'status': 'ACTIVE', 'subnets': [], 'shared': False, 'port_security_enabled': True, 'router:external': False, 'provider:network_type': 'vlan', 'provider:physical_network': 'default', 'provider:segmentation_id': 548, 'availability_zone_hints': [], 'availability_zones': [], 'ipv4_address_scope': None, 'ipv6_address_scope': None, 'description': '', 'tags': [], 'created_at': '2025-12-09T23:41:35Z', 'updated_at': '2025-12-09T23:41:35Z', 'revision_number': 1} available for tenant
2025-12-09 23:41:37.914 65790 INFO tempest.lib.common.rest_client [req-cc486820-9e1a-4eca-a30d-bd363647fe43 req-cc486820-9e1a-4eca-a30d-bd363647fe43 ] Request (ServersAdminNegativeTestJSON:setUpClass): 201 POST http://10.180.1.21/identity/v3/users 0.082s
2025-12-09 23:41:37.942 65790 INFO tempest.lib.common.rest_client [req-027f57ab-462e-4c85-b330-48f9943df1a3 req-027f57ab-462e-4c85-b330-48f9943df1a3 ] Request (ServersAdminNegativeTestJSON:setUpClass): 200 GET http://10.180.1.21/identity/v3/roles 0.027s
2025-12-09 23:41:37.997 65802 INFO tempest.lib.common.rest_client [req-e70ff7c8-0d50-4fb8-947a-562871c54432 req-e70ff7c8-0d50-4fb8-947a-562871c54432 ] Request (HypervisorAdminUnderV252Test:tearDownClass): 204 DELETE http://10.180.1.21/networking/v2.0/security-groups/61480b60-03e6-4b76-876d-c02d318b871f 0.135s
2025-12-09 23:41:38.040 65790 INFO tempest.lib.common.rest_client [req-0cb8dbf4-4720-47c2-9e44-237db2fc4385 req-0cb8dbf4-4720-47c2-9e44-237db2fc4385 ] Request (ServersAdminNegativeTestJSON:setUpClass): 204 PUT http://10.180.1.21/identity/v3/projects/75d2ece5472246d9a14932b0fe47833a/users/8e38d81cab874383b5d95dd77798c664/roles/322e961e84254105a46828d49fe3811f 0.098s
