2025-11-26 11:41:02.561 67095 INFO tempest.lib.common.rest_client [req-42dfaa19-b2d1-4664-bb23-4532bd5c4119 req-42dfaa19-b2d1-4664-bb23-4532bd5c4119 ] Request (ServerMetadataTestJSON:test_update_server_metadata): 200 GET http://10.180.1.21/compute/v2.1/servers/b34bff75-bf75-454f-a3ba-0fae18079ded/metadata 0.663s
2025-11-26 11:41:02.632 67119 INFO tempest.lib.common.rest_client [req-83f731d8-e16f-4f6d-861c-ffa43749a9e2 req-83f731d8-e16f-4f6d-861c-ffa43749a9e2 ] Request (ServersAdminTestJSON:tearDownClass): 200 GET http://10.180.1.21/compute/v2.1/servers/433af8d7-4e19-4bd0-977c-c329649a8594 0.668s
2025-11-26 11:41:02.640 67117 INFO tempest.lib.common.rest_client [req-19fabd14-dca6-4efe-90c6-d50e517b48ec req-19fabd14-dca6-4efe-90c6-d50e517b48ec ] Request (ImagesOneServerTestJSON:test_create_image_specify_multibyte_character_image_name): 202 POST http://10.180.1.21/compute/v2.1/servers/35964b1d-7ac1-41d5-b759-981724ab0da4/action 0.864s
2025-11-26 11:41:02.695 67105 INFO tempest.lib.common.rest_client [req-08710943-02b9-4389-b381-16d9164fe1e5 req-08710943-02b9-4389-b381-16d9164fe1e5 ] Request (ServersWithSpecificFlavorTestJSON:test_verify_created_server_ephemeral_disk): 200 GET http://10.180.1.21/compute/v2.1/servers/f3f2cb59-0060-4a85-ac08-16bf3e6bb0bf 0.705s
2025-11-26 11:41:02.700 67065 INFO tempest.lib.common.rest_client [req-d88dd90e-db7d-426a-9ddc-d57b65ea904d req-d88dd90e-db7d-426a-9ddc-d57b65ea904d ] Request (ImagesTestJSON:test_create_image_from_suspended_server): 200 GET http://10.180.1.21/compute/v2.1/servers/ff714c17-33e5-4a71-bc0a-89fe0650b8b3 0.664s
2025-11-26 11:41:02.756 67067 INFO tempest.lib.common.rest_client [req-2476583b-56cf-490e-8966-b4c96ec9d1ff req-2476583b-56cf-490e-8966-b4c96ec9d1ff ] Request (ServersTestJSON:setUpClass): 200 GET http://10.180.1.21/compute/v2.1/servers/a331a84b-8232-4d8d-976e-258161344b34 0.613s
2025-11-26 11:41:02.808 67085 INFO tempest.lib.common.rest_client [req-d7feb4c5-0faf-4e5e-ab5c-98b8657cb56b req-d7feb4c5-0faf-4e5e-ab5c-98b8657cb56b ] Request (ServersAdminNegativeTestJSON:setUpClass): 200 GET http://10.180.1.21/compute/v2.1/servers/8ee06ccd-db9c-486b-97af-20841f30548b 0.639s
2025-11-26 11:41:02.859 67111 INFO tempest.lib.common.rest_client [req-b55c6cd8-e218-40d7-9ea4-0bcf7b6b5910 req-b55c6cd8-e218-40d7-9ea4-0bcf7b6b5910 ] Request (ServersNegativeTestJSON:setUp): 200 GET http://10.180.1.21/compute/v2.1/servers/fee67862-bff0-4c8a-be31-e1469a015722 0.706s
2025-11-26 11:41:02.874 67071 INFO tempest.lib.common.rest_client [req-bf59294c-4312-43c4-98c6-0970b8a57763 req-bf59294c-4312-43c4-98c6-0970b8a57763 ] Request (ServersListShow298Test:test_list_show_update_rebuild_server_298): 200 GET http://10.180.1.21/compute/v2.1/servers/b8cc8d1e-eb2b-408d-bb05-fadb15af3a30 0.669s
2025-11-26 11:41:02.907 67111 INFO tempest.lib.common.rest_client [req-f1f24d30-1d64-49b0-a214-dd7f539252d4 req-f1f24d30-1d64-49b0-a214-dd7f539252d4 ] Request (ServersNegativeTestJSON:test_create_with_invalid_image): 201 POST http://10.180.1.21/identity/v3/auth/tokens 0.032s
2025-11-26 11:41:02.908 67111 INFO tempest.lib.common.fixed_network [-] (ServersNegativeTestJSON:test_create_with_invalid_image) Found network {'id': 'ea12a528-8f6c-430f-85a5-eef44c5c194e', 'name': 'tempest-ServersNegativeTestJSON-1658260898-network', 'tenant_id': 'c2a30088e15a4ac78bb60ac99d7e2a54', 'project_id': 'c2a30088e15a4ac78bb60ac99d7e2a54', 'admin_state_up': True, 'mtu': 8950, 'status': 'ACTIVE', 'subnets': [], 'shared': False, 'port_security_enabled': True, 'router:external': False, 'provider:network_type': 'vlan', 'provider:physical_network': 'default', 'provider:segmentation_id': 111, 'availability_zone_hints': [], 'availability_zones': [], 'ipv4_address_scope': None, 'ipv6_address_scope': None, 'description': '', 'tags': [], 'created_at': '2025-11-26T11:38:10Z', 'updated_at': '2025-11-26T11:38:10Z', 'revision_number': 1} available for tenant
2025-11-26 11:41:02.980 67091 INFO tempest.lib.common.rest_client [req-493d5ede-8164-42ec-bc20-3ed753f70d5c req-493d5ede-8164-42ec-bc20-3ed753f70d5c ] Request (ServerAddressesTestJSON:setUpClass): 200 GET http://10.180.1.21/compute/v2.1/servers/222fd84c-2423-4140-8971-5469f1f10790 0.491s
2025-11-26 11:41:03.059 67095 INFO tempest.lib.common.rest_client [req-7b4b0744-5cf3-4865-841b-9f2c5d4fe0ce req-7b4b0744-5cf3-4865-841b-9f2c5d4fe0ce ] Request (ServerMetadataTestJSON:tearDownClass): 204 DELETE http://10.180.1.21/compute/v2.1/servers/b34bff75-bf75-454f-a3ba-0fae18079ded 0.495s
2025-11-26 11:41:03.095 67117 INFO tempest.lib.common.rest_client [req-3dfba73a-48af-4085-bab3-3590c84f9785 req-3dfba73a-48af-4085-bab3-3590c84f9785 ] Request (ImagesOneServerTestJSON:test_create_image_specify_multibyte_character_image_name): 200 GET http://10.180.1.21/compute/v2.1/images/72ad6c85-8eb0-4366-bb91-4178d7e7a1bb 0.453s
2025-11-26 11:41:03.168 67075 INFO tempest.lib.common.rest_client [req-62a45314-6cd5-41ef-b80b-2fadfafa0806 req-62a45314-6cd5-41ef-b80b-2fadfafa0806 ] Request (ListServerFiltersTestJSON:tearDownClass): 200 GET http://10.180.1.21/compute/v2.1/servers/98cfe1ea-ef3e-479b-a75e-d63b61743333 0.500s
2025-11-26 11:41:03.224 67113 INFO tempest.lib.common.rest_client [req-61601e38-2ee7-4258-8cf5-45842f58cec3 req-61601e38-2ee7-4258-8cf5-45842f58cec3 ] Request (SecurityGroupsTestJSON:test_server_security_groups): 202 POST http://10.180.1.21/compute/v2.1/servers 0.832s
2025-11-26 11:41:03.239 67059 INFO tempest.lib.common.rest_client [req-a5c9898b-a531-4f75-a1ee-60ddc68b6726 req-a5c9898b-a531-4f75-a1ee-60ddc68b6726 ] Request (ImagesOneServerNegativeTestJSON:_run_cleanups): 200 GET http://10.180.1.21/compute/v2.1/servers/e6c4c313-dc53-462e-88ca-91c662c0b753 0.555s
2025-11-26 11:41:03.289 67089 INFO tempest.lib.common.rest_client [req-3c72802a-8268-46b9-a8c7-d837f7050d00 req-3c72802a-8268-46b9-a8c7-d837f7050d00 ] Request (ServersListShow296Test:test_list_show_update_rebuild_server_296): 200 GET http://10.180.1.21/compute/v2.1/servers/1e284f6e-603e-4d0a-b81e-3fc9f2f8643b 0.522s
2025-11-26 11:41:03.296 67111 INFO tempest.lib.common.rest_client [req-ab603f1a-76e2-4866-a447-12209f88e378 req-ab603f1a-76e2-4866-a447-12209f88e378 ] Request (ServersNegativeTestJSON:test_create_with_invalid_image): 400 POST http://10.180.1.21/compute/v2.1/servers 0.387s
2025-11-26 11:41:03.423 67083 INFO tempest.lib.common.rest_client [req-50bc450d-4c05-45b8-b0d3-5e696585938d req-50bc450d-4c05-45b8-b0d3-5e696585938d ] Request (MigrationsAdminTest:test_resize_server_revert_deleted_flavor): 200 GET http://10.180.1.21/compute/v2.1/servers/9b390146-75b9-4920-95ba-904d016d2daa 0.514s
2025-11-26 11:41:03.471 67081 INFO tempest.lib.common.rest_client [req-8bd5c818-5d34-47ce-98dc-28ccb8f64924 req-8bd5c818-5d34-47ce-98dc-28ccb8f64924 ] Request (AttachVolumeTestJSON:_run_cleanups): 200 GET http://10.180.1.21/compute/v2.1/servers/09af2027-f264-4c6d-b415-b7ba5065054a 0.417s
2025-11-26 11:41:03.555 67069 INFO tempest.lib.common.rest_client [req-b263a0ad-a872-4948-acde-1ce127f0e157 req-b263a0ad-a872-4948-acde-1ce127f0e157 ] Request (ServerRescueTestJSON:tearDownClass): 200 GET http://10.180.1.21/compute/v2.1/servers/d40d28b1-d387-4be7-8bac-8a824eafb43d 0.501s
2025-11-26 11:41:03.610 67115 INFO tempest.lib.common.rest_client [req-b3c8e085-c3ed-41ee-b322-269dafdeadb0 req-b3c8e085-c3ed-41ee-b322-269dafdeadb0 ] Request (DeleteServersTestJSON:test_delete_server_while_in_shelved_state): 200 GET http://10.180.1.21/compute/v2.1/servers/24656ce2-e90e-4a6c-b61c-c03b39a5bc91 0.500s
2025-11-26 11:41:03.632 67095 INFO tempest.lib.common.rest_client [req-0a95f884-847b-4b6b-8f5e-c4f3f76c7804 req-0a95f884-847b-4b6b-8f5e-c4f3f76c7804 ] Request (ServerMetadataTestJSON:tearDownClass): 200 GET http://10.180.1.21/compute/v2.1/servers/b34bff75-bf75-454f-a3ba-0fae18079ded 0.573s
2025-11-26 11:41:03.665 67097 INFO tempest.lib.common.rest_client [req-93b02971-b488-41bd-94aa-540953c038ba req-93b02971-b488-41bd-94aa-540953c038ba ] Request (AttachVolumeShelveTestJSON:test_attach_volume_shelved_or_offload_server): 200 GET http://10.180.1.21/compute/v2.1/servers/943a0a0b-5ea1-4093-abc1-681d62ff34b6 0.498s
2025-11-26 11:41:03.685 67113 INFO tempest.lib.common.rest_client [req-1c3ee783-f894-4302-b236-bf3513f92843 req-1c3ee783-f894-4302-b236-bf3513f92843 ] Request (SecurityGroupsTestJSON:test_server_security_groups): 200 GET http://10.180.1.21/compute/v2.1/servers/cd952c1f-077d-4bf3-b38b-bf6494c329ab 0.459s
2025-11-26 11:41:03.767 67111 INFO tempest.lib.common.rest_client [req-95c13d4d-a014-4602-82c2-972db565db5d req-95c13d4d-a014-4602-82c2-972db565db5d ] Request (ServersNegativeTestJSON:tearDown): 200 GET http://10.180.1.21/compute/v2.1/servers/fee67862-bff0-4c8a-be31-e1469a015722 0.470s
2025-11-26 11:41:03.817 67057 INFO tempest.lib.common.rest_client [req-7e97e40c-d619-44e0-8b1c-7f636d10841d req-7e97e40c-d619-44e0-8b1c-7f636d10841d ] Request (ServerDiskConfigTestJSON:test_resize_server_from_auto_to_manual): 200 GET http://10.180.1.21/compute/v2.1/servers/f895d6dd-d974-4f37-be5c-629abed17535 0.349s
2025-11-26 11:41:03.840 67061 INFO tempest.lib.common.rest_client [req-c97e20f5-486d-4c15-a644-3e89b4788f99 req-c97e20f5-486d-4c15-a644-3e89b4788f99 ] Request (ListImageFiltersTestJSON:tearDownClass): 200 GET http://10.180.1.21/compute/v2.1/servers/ff6c6708-e7f8-4fa2-b9e6-be3834b31ccd 0.300s
2025-11-26 11:41:03.880 67119 INFO tempest.lib.common.rest_client [req-76b41de6-b424-4ecf-93ea-9c82da64b83c req-76b41de6-b424-4ecf-93ea-9c82da64b83c ] Request (ServersAdminTestJSON:tearDownClass): 200 GET http://10.180.1.21/compute/v2.1/servers/433af8d7-4e19-4bd0-977c-c329649a8594 0.235s
2025-11-26 11:41:03.924 67105 INFO tempest.lib.common.rest_client [req-309f7f6d-64f3-4b71-838e-f8f40f23cc43 req-309f7f6d-64f3-4b71-838e-f8f40f23cc43 ] Request (ServersWithSpecificFlavorTestJSON:test_verify_created_server_ephemeral_disk): 200 GET http://10.180.1.21/compute/v2.1/servers/f3f2cb59-0060-4a85-ac08-16bf3e6bb0bf 0.221s
2025-11-26 11:41:04.186 67065 INFO tempest.lib.common.rest_client [req-dcced353-7004-4aa2-93d1-c92ca64b8429 req-dcced353-7004-4aa2-93d1-c92ca64b8429 ] Request (ImagesTestJSON:test_create_image_from_suspended_server): 200 GET http://10.180.1.21/compute/v2.1/servers/ff714c17-33e5-4a71-bc0a-89fe0650b8b3 0.476s
2025-11-26 11:41:04.204 67067 INFO tempest.lib.common.rest_client [req-2b1ac57b-c05f-4eff-b617-cfe01bd9f2fb req-2b1ac57b-c05f-4eff-b617-cfe01bd9f2fb ] Request (ServersTestJSON:setUpClass): 200 GET http://10.180.1.21/compute/v2.1/servers/a331a84b-8232-4d8d-976e-258161344b34 0.438s
2025-11-26 11:41:04.229 67107 WARNING tempest.lib.common.ssh [-] Failed to establish authenticated ssh connection to cirros@10.180.180.154 ([Errno None] Unable to connect to port 22 on 10.180.180.154). Number attempts: 1. Retry after 2 seconds.: paramiko.ssh_exception.NoValidConnectionsError: [Errno None] Unable to connect to port 22 on 10.180.180.154
2025-11-26 11:41:04.308 67085 INFO tempest.lib.common.rest_client [req-cd6a7353-2464-40f9-9ddf-8089918a4523 req-cd6a7353-2464-40f9-9ddf-8089918a4523 ] Request (ServersAdminNegativeTestJSON:setUpClass): 200 GET http://10.180.1.21/compute/v2.1/servers/8ee06ccd-db9c-486b-97af-20841f30548b 0.492s
2025-11-26 11:41:04.347 67111 INFO tempest.lib.common.rest_client [req-9d514f94-cea6-4166-a192-ee27e8f8989d req-9d514f94-cea6-4166-a192-ee27e8f8989d ] Request (ServersNegativeTestJSON:setUp): 200 GET http://10.180.1.21/compute/v2.1/servers/fee67862-bff0-4c8a-be31-e1469a015722 0.571s
2025-11-26 11:41:04.396 67071 INFO tempest.lib.common.rest_client [req-4017f637-13ab-4099-87f6-aeef2d8215a4 req-4017f637-13ab-4099-87f6-aeef2d8215a4 ] Request (ServersListShow298Test:test_list_show_update_rebuild_server_298): 200 GET http://10.180.1.21/compute/v2.1/servers/b8cc8d1e-eb2b-408d-bb05-fadb15af3a30 0.504s
2025-11-26 11:41:04.408 67111 INFO tempest.lib.common.rest_client [req-bde3b551-24c8-4392-acd8-e263e928a603 req-bde3b551-24c8-4392-acd8-e263e928a603 ] Request (ServersNegativeTestJSON:test_create_with_invalid_network_uuid): 201 POST http://10.180.1.21/identity/v3/auth/tokens 0.048s
2025-11-26 11:41:04.409 67111 INFO tempest.lib.common.fixed_network [-] (ServersNegativeTestJSON:test_create_with_invalid_network_uuid) Found network {'id': 'ea12a528-8f6c-430f-85a5-eef44c5c194e', 'name': 'tempest-ServersNegativeTestJSON-1658260898-network', 'tenant_id': 'c2a30088e15a4ac78bb60ac99d7e2a54', 'project_id': 'c2a30088e15a4ac78bb60ac99d7e2a54', 'admin_state_up': True, 'mtu': 8950, 'status': 'ACTIVE', 'subnets': [], 'shared': False, 'port_security_enabled': True, 'router:external': False, 'provider:network_type': 'vlan', 'provider:physical_network': 'default', 'provider:segmentation_id': 111, 'availability_zone_hints': [], 'availability_zones': [], 'ipv4_address_scope': None, 'ipv6_address_scope': None, 'description': '', 'tags': [], 'created_at': '2025-11-26T11:38:10Z', 'updated_at': '2025-11-26T11:38:10Z', 'revision_number': 1} available for tenant
2025-11-26 11:41:04.446 67117 INFO tempest.lib.common.rest_client [req-74f3da56-d78b-4657-a5a8-2ac8e6a4a0d1 req-74f3da56-d78b-4657-a5a8-2ac8e6a4a0d1 ] Request (ImagesOneServerTestJSON:test_create_image_specify_multibyte_character_image_name): 200 GET http://10.180.1.21/compute/v2.1/images/72ad6c85-8eb0-4366-bb91-4178d7e7a1bb 0.346s
2025-11-26 11:41:04.514 67075 INFO tempest.lib.common.rest_client [req-7a45b06d-1e5f-4a58-be8e-4f2073b881af req-7a45b06d-1e5f-4a58-be8e-4f2073b881af ] Request (ListServerFiltersTestJSON:tearDownClass): 200 GET http://10.180.1.21/compute/v2.1/servers/98cfe1ea-ef3e-479b-a75e-d63b61743333 0.338s
2025-11-26 11:41:04.531 67091 INFO tempest.lib.common.rest_client [req-488e0353-d331-40e6-a403-da452015a32f req-488e0353-d331-40e6-a403-da452015a32f ] Request (ServerAddressesTestJSON:setUpClass): 200 GET http://10.180.1.21/compute/v2.1/servers/222fd84c-2423-4140-8971-5469f1f10790 0.543s
2025-11-26 11:41:04.589 67059 INFO tempest.lib.common.rest_client [req-8c00ce46-09d3-444e-ac0a-677303ecd750 req-8c00ce46-09d3-444e-ac0a-677303ecd750 ] Request (ImagesOneServerNegativeTestJSON:_run_cleanups): 200 GET http://10.180.1.21/compute/v2.1/servers/e6c4c313-dc53-462e-88ca-91c662c0b753 0.341s
2025-11-26 11:41:04.599 67089 INFO tempest.lib.common.rest_client [req-3fa42ecb-ce97-4244-964e-ccfed1a0f117 req-3fa42ecb-ce97-4244-964e-ccfed1a0f117 ] Request (ServersListShow296Test:test_list_show_update_rebuild_server_296): 200 GET http://10.180.1.21/compute/v2.1/servers/1e284f6e-603e-4d0a-b81e-3fc9f2f8643b 0.291s
2025-11-26 11:41:04.603 67111 INFO tempest.lib.common.rest_client [req-5e926714-0062-4e25-8896-b85b8ff3a947 req-5e926714-0062-4e25-8896-b85b8ff3a947 ] Request (ServersNegativeTestJSON:test_create_with_invalid_network_uuid): 400 POST http://10.180.1.21/compute/v2.1/servers 0.194s
2025-11-26 11:41:04.702 67081 INFO tempest.lib.common.rest_client [req-6ade386b-ca93-48b2-b9a2-2f08795d284a req-6ade386b-ca93-48b2-b9a2-2f08795d284a ] Request (AttachVolumeTestJSON:_run_cleanups): 200 GET http://10.180.1.21/compute/v2.1/servers/09af2027-f264-4c6d-b415-b7ba5065054a 0.223s
2025-11-26 11:41:04.745 67083 INFO tempest.lib.common.rest_client [req-75529afd-8cab-4ff5-9b74-a5a3829a3503 req-75529afd-8cab-4ff5-9b74-a5a3829a3503 ] Request (MigrationsAdminTest:test_resize_server_revert_deleted_flavor): 200 GET http://10.180.1.21/compute/v2.1/servers/9b390146-75b9-4920-95ba-904d016d2daa 0.310s
2025-11-26 11:41:04.776 67069 INFO tempest.lib.common.rest_client [req-0804057a-e0c1-4c3b-b04d-3bbf3074f789 req-0804057a-e0c1-4c3b-b04d-3bbf3074f789 ] Request (ServerRescueTestJSON:tearDownClass): 200 GET http://10.180.1.21/compute/v2.1/servers/d40d28b1-d387-4be7-8bac-8a824eafb43d 0.212s
2025-11-26 11:41:04.836 67115 INFO tempest.lib.common.rest_client [req-7aefa86d-187e-4678-b3f8-d81e2af853e3 req-7aefa86d-187e-4678-b3f8-d81e2af853e3 ] Request (DeleteServersTestJSON:test_delete_server_while_in_shelved_state): 200 GET http://10.180.1.21/compute/v2.1/servers/24656ce2-e90e-4a6c-b61c-c03b39a5bc91 0.216s
2025-11-26 11:41:04.867 67111 INFO tempest.lib.common.rest_client [req-3488fb89-a47b-42c4-9889-85a9ee224d2d req-3488fb89-a47b-42c4-9889-85a9ee224d2d ] Request (ServersNegativeTestJSON:tearDown): 200 GET http://10.180.1.21/compute/v2.1/servers/fee67862-bff0-4c8a-be31-e1469a015722 0.263s
2025-11-26 11:41:04.966 67097 INFO tempest.lib.common.rest_client [req-68299a87-ebfe-4499-bd1d-bfba92c1fb7c req-68299a87-ebfe-4499-bd1d-bfba92c1fb7c ] Request (AttachVolumeShelveTestJSON:test_attach_volume_shelved_or_offload_server): 200 GET http://10.180.1.21/compute/v2.1/servers/943a0a0b-5ea1-4093-abc1-681d62ff34b6 0.291s
2025-11-26 11:41:04.993 67095 INFO tempest.lib.common.rest_client [req-632fbd02-0f95-417a-b35c-796b0acc5889 req-632fbd02-0f95-417a-b35c-796b0acc5889 ] Request (ServerMetadataTestJSON:tearDownClass): 200 GET http://10.180.1.21/compute/v2.1/servers/b34bff75-bf75-454f-a3ba-0fae18079ded 0.350s
2025-11-26 11:41:05.027 67113 INFO tempest.lib.common.rest_client [req-d9233146-47cd-4749-8670-f80c3fa404a4 req-d9233146-47cd-4749-8670-f80c3fa404a4 ] Request (SecurityGroupsTestJSON:test_server_security_groups): 200 GET http://10.180.1.21/compute/v2.1/servers/cd952c1f-077d-4bf3-b38b-bf6494c329ab 0.332s
2025-11-26 11:41:05.035 67113 INFO tempest.common.waiters [-] State transition "BUILD/scheduling" ==> "BUILD/None" after 2 second wait
2025-11-26 11:41:05.093 67061 INFO tempest.lib.common.rest_client [req-f9700c01-0b33-47c2-9a79-39684cdfc59c req-f9700c01-0b33-47c2-9a79-39684cdfc59c ] Request (ListImageFiltersTestJSON:tearDownClass): 200 GET http://10.180.1.21/compute/v2.1/servers/ff6c6708-e7f8-4fa2-b9e6-be3834b31ccd 0.243s
2025-11-26 11:41:05.238 67111 INFO tempest.lib.common.rest_client [req-49c2620a-a252-49f8-b512-cb1b928efa4f req-49c2620a-a252-49f8-b512-cb1b928efa4f ] Request (ServersNegativeTestJSON:setUp): 200 GET http://10.180.1.21/compute/v2.1/servers/fee67862-bff0-4c8a-be31-e1469a015722 0.359s
2025-11-26 11:41:05.290 67111 INFO tempest.lib.common.rest_client [req-20e0f527-b5d6-4019-9fe8-2c9edba047cd req-20e0f527-b5d6-4019-9fe8-2c9edba047cd ] Request (ServersNegativeTestJSON:test_create_with_non_existent_keypair): 201 POST http://10.180.1.21/identity/v3/auth/tokens 0.039s
2025-11-26 11:41:05.290 67111 INFO tempest.lib.common.fixed_network [-] (ServersNegativeTestJSON:test_create_with_non_existent_keypair) Found network {'id': 'ea12a528-8f6c-430f-85a5-eef44c5c194e', 'name': 'tempest-ServersNegativeTestJSON-1658260898-network', 'tenant_id': 'c2a30088e15a4ac78bb60ac99d7e2a54', 'project_id': 'c2a30088e15a4ac78bb60ac99d7e2a54', 'admin_state_up': True, 'mtu': 8950, 'status': 'ACTIVE', 'subnets': [], 'shared': False, 'port_security_enabled': True, 'router:external': False, 'provider:network_type': 'vlan', 'provider:physical_network': 'default', 'provider:segmentation_id': 111, 'availability_zone_hints': [], 'availability_zones': [], 'ipv4_address_scope': None, 'ipv6_address_scope': None, 'description': '', 'tags': [], 'created_at': '2025-11-26T11:38:10Z', 'updated_at': '2025-11-26T11:38:10Z', 'revision_number': 1} available for tenant
2025-11-26 11:41:05.554 67119 INFO tempest.lib.common.rest_client [req-e81a9784-4b78-4da2-be8f-40fb0c2ef25e req-e81a9784-4b78-4da2-be8f-40fb0c2ef25e ] Request (ServersAdminTestJSON:tearDownClass): 200 GET http://10.180.1.21/compute/v2.1/servers/433af8d7-4e19-4bd0-977c-c329649a8594 0.666s
2025-11-26 11:41:05.578 67057 INFO tempest.lib.common.rest_client [req-c442d297-3540-4500-9d87-5b6844886185 req-c442d297-3540-4500-9d87-5b6844886185 ] Request (ServerDiskConfigTestJSON:test_resize_server_from_auto_to_manual): 200 GET http://10.180.1.21/compute/v2.1/servers/f895d6dd-d974-4f37-be5c-629abed17535 0.752s
2025-11-26 11:41:05.616 67105 INFO tempest.lib.common.rest_client [req-f62f08f0-3738-4683-9008-3233997d8134 req-f62f08f0-3738-4683-9008-3233997d8134 ] Request (ServersWithSpecificFlavorTestJSON:test_verify_created_server_ephemeral_disk): 200 GET http://10.180.1.21/compute/v2.1/servers/f3f2cb59-0060-4a85-ac08-16bf3e6bb0bf 0.681s
2025-11-26 11:41:05.638 67065 INFO tempest.lib.common.rest_client [req-fcbd449a-6620-4566-952a-20d939862c7f req-fcbd449a-6620-4566-952a-20d939862c7f ] Request (ImagesTestJSON:test_create_image_from_suspended_server): 200 GET http://10.180.1.21/compute/v2.1/servers/ff714c17-33e5-4a71-bc0a-89fe0650b8b3 0.440s
2025-11-26 11:41:05.670 67067 INFO tempest.lib.common.rest_client [req-bd329a93-0da2-4a0f-adfb-ca15d480eccf req-bd329a93-0da2-4a0f-adfb-ca15d480eccf ] Request (ServersTestJSON:setUpClass): 200 GET http://10.180.1.21/compute/v2.1/servers/a331a84b-8232-4d8d-976e-258161344b34 0.455s
2025-11-26 11:41:05.723 67085 INFO tempest.lib.common.rest_client [req-fda5299d-2db7-402f-a749-6104bcfe9dbd req-fda5299d-2db7-402f-a749-6104bcfe9dbd ] Request (ServersAdminNegativeTestJSON:setUpClass): 200 GET http://10.180.1.21/compute/v2.1/servers/8ee06ccd-db9c-486b-97af-20841f30548b 0.405s
2025-11-26 11:41:05.796 67111 INFO tempest.lib.common.rest_client [req-2431f2e4-b1ef-492f-bad5-6de397561f7d req-2431f2e4-b1ef-492f-bad5-6de397561f7d ] Request (ServersNegativeTestJSON:test_create_with_non_existent_keypair): 400 POST http://10.180.1.21/compute/v2.1/servers 0.505s
2025-11-26 11:41:05.816 67071 INFO tempest.lib.common.rest_client [req-315f6d12-efdc-4605-8596-23878fa7958d req-315f6d12-efdc-4605-8596-23878fa7958d ] Request (ServersListShow298Test:test_list_show_update_rebuild_server_298): 200 GET http://10.180.1.21/compute/v2.1/servers/b8cc8d1e-eb2b-408d-bb05-fadb15af3a30 0.403s
2025-11-26 11:41:05.831 67117 INFO tempest.lib.common.rest_client [req-c115114f-c969-4b94-80cf-23efde59d9ef req-c115114f-c969-4b94-80cf-23efde59d9ef ] Request (ImagesOneServerTestJSON:test_create_image_specify_multibyte_character_image_name): 200 GET http://10.180.1.21/compute/v2.1/images/72ad6c85-8eb0-4366-bb91-4178d7e7a1bb 0.375s
2025-11-26 11:41:05.877 67075 INFO tempest.lib.common.rest_client [req-1ae5ed5e-7b1a-4ebd-b1d3-e3f56ef9e1a6 req-1ae5ed5e-7b1a-4ebd-b1d3-e3f56ef9e1a6 ] Request (ListServerFiltersTestJSON:tearDownClass): 200 GET http://10.180.1.21/compute/v2.1/servers/98cfe1ea-ef3e-479b-a75e-d63b61743333 0.352s
2025-11-26 11:41:05.925 67091 INFO tempest.lib.common.rest_client [req-fc853776-2369-42a6-805f-0804c5e39ce7 req-fc853776-2369-42a6-805f-0804c5e39ce7 ] Request (ServerAddressesTestJSON:setUpClass): 200 GET http://10.180.1.21/compute/v2.1/servers/222fd84c-2423-4140-8971-5469f1f10790 0.386s
2025-11-26 11:41:05.934 67059 INFO tempest.lib.common.rest_client [req-16258a67-d9de-425e-a26b-c682e306cbc4 req-16258a67-d9de-425e-a26b-c682e306cbc4 ] Request (ImagesOneServerNegativeTestJSON:_run_cleanups): 200 GET http://10.180.1.21/compute/v2.1/servers/e6c4c313-dc53-462e-88ca-91c662c0b753 0.335s
2025-11-26 11:41:05.938 67091 INFO tempest.common.waiters [-] State transition "BUILD/spawning" ==> "ACTIVE/None" after 67 second wait
2025-11-26 11:41:05.985 67081 INFO tempest.lib.common.rest_client [req-5f37bd88-92bb-47ea-8d0b-d4ab37237fb0 req-5f37bd88-92bb-47ea-8d0b-d4ab37237fb0 ] Request (AttachVolumeTestJSON:_run_cleanups): 200 GET http://10.180.1.21/compute/v2.1/servers/09af2027-f264-4c6d-b415-b7ba5065054a 0.272s
2025-11-26 11:41:05.992 67081 INFO tempest.common.waiters [-] State transition "ACTIVE/deleting" ==> "DELETED/None" after 3 second wait
2025-11-26 11:41:05.992 67089 INFO tempest.lib.common.rest_client [req-0e621ae7-f3d4-4749-8ba2-9c4daf71b242 req-0e621ae7-f3d4-4749-8ba2-9c4daf71b242 ] Request (ServersListShow296Test:test_list_show_update_rebuild_server_296): 200 GET http://10.180.1.21/compute/v2.1/servers/1e284f6e-603e-4d0a-b81e-3fc9f2f8643b 0.381s
2025-11-26 11:41:06.064 67069 INFO tempest.lib.common.rest_client [req-b5d51014-0dfc-4079-8f9f-c4760f8b645f req-b5d51014-0dfc-4079-8f9f-c4760f8b645f ] Request (ServerRescueTestJSON:tearDownClass): 200 GET http://10.180.1.21/compute/v2.1/servers/d40d28b1-d387-4be7-8bac-8a824eafb43d 0.276s
2025-11-26 11:41:06.073 67069 INFO tempest.common.waiters [-] State transition "ACTIVE/deleting" ==> "DELETED/None" after 4 second wait
2025-11-26 11:41:06.118 67083 INFO tempest.lib.common.rest_client [req-e5fbda83-20a4-4c43-b2f8-076bd94a3dab req-e5fbda83-20a4-4c43-b2f8-076bd94a3dab ] Request (MigrationsAdminTest:test_resize_server_revert_deleted_flavor): 200 GET http://10.180.1.21/compute/v2.1/servers/9b390146-75b9-4920-95ba-904d016d2daa 0.365s
2025-11-26 11:41:06.160 67111 INFO tempest.lib.common.rest_client [req-02a5f9a9-c5dd-43de-9543-e14f686c39c9 req-02a5f9a9-c5dd-43de-9543-e14f686c39c9 ] Request (ServersNegativeTestJSON:tearDown): 200 GET http://10.180.1.21/compute/v2.1/servers/fee67862-bff0-4c8a-be31-e1469a015722 0.364s
2025-11-26 11:41:06.165 67115 INFO tempest.lib.common.rest_client [req-d18186bf-5edb-4b8e-bca8-75e5bc2027f7 req-d18186bf-5edb-4b8e-bca8-75e5bc2027f7 ] Request (DeleteServersTestJSON:test_delete_server_while_in_shelved_state): 200 GET http://10.180.1.21/compute/v2.1/servers/24656ce2-e90e-4a6c-b61c-c03b39a5bc91 0.321s
2025-11-26 11:41:06.188 67091 INFO tempest.lib.common.rest_client [req-0d32bfa5-5d51-4445-af40-60d259f4964a req-0d32bfa5-5d51-4445-af40-60d259f4964a ] Request (ServerAddressesTestJSON:test_list_server_addresses): 200 GET http://10.180.1.21/compute/v2.1/servers/222fd84c-2423-4140-8971-5469f1f10790/ips 0.249s
2025-11-26 11:41:06.214 67097 INFO tempest.lib.common.rest_client [req-35f0f965-c6f9-46c0-b845-a0a9adff37ba req-35f0f965-c6f9-46c0-b845-a0a9adff37ba ] Request (AttachVolumeShelveTestJSON:test_attach_volume_shelved_or_offload_server): 200 GET http://10.180.1.21/compute/v2.1/servers/943a0a0b-5ea1-4093-abc1-681d62ff34b6 0.237s
2025-11-26 11:41:06.237 67095 INFO tempest.lib.common.rest_client [req-d2ae6dcc-2cf6-4226-8551-2f114394755d req-d2ae6dcc-2cf6-4226-8551-2f114394755d ] Request (ServerMetadataTestJSON:tearDownClass): 200 GET http://10.180.1.21/compute/v2.1/servers/b34bff75-bf75-454f-a3ba-0fae18079ded 0.234s
2025-11-26 11:41:06.265 67113 INFO tempest.lib.common.rest_client [req-30167ab5-75b7-4c88-b436-7a20f001df35 req-30167ab5-75b7-4c88-b436-7a20f001df35 ] Request (SecurityGroupsTestJSON:test_server_security_groups): 200 GET http://10.180.1.21/compute/v2.1/servers/cd952c1f-077d-4bf3-b38b-bf6494c329ab 0.229s
2025-11-26 11:41:06.298 67061 INFO tempest.lib.common.rest_client [req-7e733c07-08cd-497b-8aca-5e29a945f438 req-7e733c07-08cd-497b-8aca-5e29a945f438 ] Request (ListImageFiltersTestJSON:tearDownClass): 200 GET http://10.180.1.21/compute/v2.1/servers/ff6c6708-e7f8-4fa2-b9e6-be3834b31ccd 0.197s
2025-11-26 11:41:06.331 67091 INFO tempest.lib.common.rest_client [req-8b0867f1-e06a-4400-8b97-3c861d173d4c req-8b0867f1-e06a-4400-8b97-3c861d173d4c ] Request (ServerAddressesTestJSON:test_list_server_addresses_by_network): 200 GET http://10.180.1.21/compute/v2.1/servers/222fd84c-2423-4140-8971-5469f1f10790/ips 0.140s
2025-11-26 11:41:06.363 67091 INFO tempest.lib.common.rest_client [req-b20ea0d5-19c7-4f82-a802-d389a96f79ad req-b20ea0d5-19c7-4f82-a802-d389a96f79ad ] Request (ServerAddressesTestJSON:test_list_server_addresses_by_network): 200 GET http://10.180.1.21/compute/v2.1/servers/222fd84c-2423-4140-8971-5469f1f10790/ips/tempest-ServerAddressesTestJSON-414579984-network 0.030s
2025-11-26 11:41:06.390 67111 INFO tempest.lib.common.rest_client [req-e52a1b52-5f46-4be8-afe2-ce9ad12d2c63 req-e52a1b52-5f46-4be8-afe2-ce9ad12d2c63 ] Request (ServersNegativeTestJSON:setUp): 200 GET http://10.180.1.21/compute/v2.1/servers/fee67862-bff0-4c8a-be31-e1469a015722 0.221s
2025-11-26 11:41:06.440 67111 INFO tempest.lib.common.rest_client [req-d75d6723-0650-474d-a3a9-6b8d076275cf req-d75d6723-0650-474d-a3a9-6b8d076275cf ] Request (ServersNegativeTestJSON:test_create_with_nonexistent_security_group): 201 POST http://10.180.1.21/identity/v3/auth/tokens 0.037s
2025-11-26 11:41:06.441 67111 INFO tempest.lib.common.fixed_network [-] (ServersNegativeTestJSON:test_create_with_nonexistent_security_group) Found network {'id': 'ea12a528-8f6c-430f-85a5-eef44c5c194e', 'name': 'tempest-ServersNegativeTestJSON-1658260898-network', 'tenant_id': 'c2a30088e15a4ac78bb60ac99d7e2a54', 'project_id': 'c2a30088e15a4ac78bb60ac99d7e2a54', 'admin_state_up': True, 'mtu': 8950, 'status': 'ACTIVE', 'subnets': [], 'shared': False, 'port_security_enabled': True, 'router:external': False, 'provider:network_type': 'vlan', 'provider:physical_network': 'default', 'provider:segmentation_id': 111, 'availability_zone_hints': [], 'availability_zones': [], 'ipv4_address_scope': None, 'ipv6_address_scope': None, 'description': '', 'tags': [], 'created_at': '2025-11-26T11:38:10Z', 'updated_at': '2025-11-26T11:38:10Z', 'revision_number': 1} available for tenant
2025-11-26 11:41:06.473 67091 INFO tempest.lib.common.rest_client [req-a1c8badb-25bf-4130-b594-36c8bac036f0 req-a1c8badb-25bf-4130-b594-36c8bac036f0 ] Request (ServerAddressesTestJSON:tearDownClass): 204 DELETE http://10.180.1.21/compute/v2.1/servers/222fd84c-2423-4140-8971-5469f1f10790 0.108s
2025-11-26 11:41:06.532 67111 INFO tempest.lib.common.rest_client [req-acdd1e24-a64e-4d79-b254-17a861ea831d req-acdd1e24-a64e-4d79-b254-17a861ea831d ] Request (ServersNegativeTestJSON:test_create_with_nonexistent_security_group): 400 POST http://10.180.1.21/compute/v2.1/servers 0.090s
2025-11-26 11:41:06.640 67111 INFO tempest.lib.common.rest_client [req-b4d00de7-0f66-4a09-b6c9-7b57792804a2 req-b4d00de7-0f66-4a09-b6c9-7b57792804a2 ] Request (ServersNegativeTestJSON:tearDown): 200 GET http://10.180.1.21/compute/v2.1/servers/fee67862-bff0-4c8a-be31-e1469a015722 0.108s
2025-11-26 11:41:06.645 67091 INFO tempest.lib.common.rest_client [req-ddcf3475-e4f8-40a4-9e84-7a4b4719a890 req-ddcf3475-e4f8-40a4-9e84-7a4b4719a890 ] Request (ServerAddressesTestJSON:tearDownClass): 200 GET http://10.180.1.21/compute/v2.1/servers/222fd84c-2423-4140-8971-5469f1f10790 0.171s
2025-11-26 11:41:06.702 67119 INFO tempest.lib.common.rest_client [req-10065c1e-d6b4-4d61-95c6-ea66df78318a req-10065c1e-d6b4-4d61-95c6-ea66df78318a ] Request (ServersAdminTestJSON:tearDownClass): 200 GET http://10.180.1.21/compute/v2.1/servers/433af8d7-4e19-4bd0-977c-c329649a8594 0.140s
2025-11-26 11:41:06.753 67057 INFO tempest.lib.common.rest_client [req-7e21d4c1-9d16-4aa4-b30f-a1fdf512fc10 req-7e21d4c1-9d16-4aa4-b30f-a1fdf512fc10 ] Request (ServerDiskConfigTestJSON:test_resize_server_from_auto_to_manual): 200 GET http://10.180.1.21/compute/v2.1/servers/f895d6dd-d974-4f37-be5c-629abed17535 0.168s
2025-11-26 11:41:06.756 67105 INFO tempest.lib.common.rest_client [req-246f1282-c241-48c1-8067-1ee2a55440ec req-246f1282-c241-48c1-8067-1ee2a55440ec ] Request (ServersWithSpecificFlavorTestJSON:test_verify_created_server_ephemeral_disk): 200 GET http://10.180.1.21/compute/v2.1/servers/f3f2cb59-0060-4a85-ac08-16bf3e6bb0bf 0.131s
2025-11-26 11:41:06.760 67057 INFO tempest.common.waiters [-] State transition "RESIZE/resize_migrating" ==> "RESIZE/resize_migrated" after 41 second wait
2025-11-26 11:41:06.830 67065 INFO tempest.lib.common.rest_client [req-26a10949-162f-4faf-8cb3-94981b1f17ab req-26a10949-162f-4faf-8cb3-94981b1f17ab ] Request (ImagesTestJSON:test_create_image_from_suspended_server): 200 GET http://10.180.1.21/compute/v2.1/servers/ff714c17-33e5-4a71-bc0a-89fe0650b8b3 0.182s
2025-11-26 11:41:06.853 67111 INFO tempest.lib.common.rest_client [req-23f21e6a-36cc-4ef4-898f-13e6046017c9 req-23f21e6a-36cc-4ef4-898f-13e6046017c9 ] Request (ServersNegativeTestJSON:setUp): 200 GET http://10.180.1.21/compute/v2.1/servers/fee67862-bff0-4c8a-be31-e1469a015722 0.205s
2025-11-26 11:41:06.881 67067 INFO tempest.lib.common.rest_client [req-56f6c34a-5863-4c72-86ea-d4bae4d08199 req-56f6c34a-5863-4c72-86ea-d4bae4d08199 ] Request (ServersTestJSON:setUpClass): 200 GET http://10.180.1.21/compute/v2.1/servers/a331a84b-8232-4d8d-976e-258161344b34 0.203s
2025-11-26 11:41:06.904 67085 INFO tempest.lib.common.rest_client [req-99bae55b-9b31-47b9-87e4-193ae8b7273a req-99bae55b-9b31-47b9-87e4-193ae8b7273a ] Request (ServersAdminNegativeTestJSON:setUpClass): 200 GET http://10.180.1.21/compute/v2.1/servers/8ee06ccd-db9c-486b-97af-20841f30548b 0.166s
2025-11-26 11:41:06.938 67117 INFO tempest.lib.common.rest_client [req-d249d03d-c877-427b-a7b5-b6b502eaca7b req-d249d03d-c877-427b-a7b5-b6b502eaca7b ] Request (ImagesOneServerTestJSON:test_create_image_specify_multibyte_character_image_name): 200 GET http://10.180.1.21/compute/v2.1/images/72ad6c85-8eb0-4366-bb91-4178d7e7a1bb 0.100s
2025-11-26 11:41:06.944 67071 INFO tempest.lib.common.rest_client [req-bb703a0d-8795-4ac0-8318-2654073a7d49 req-bb703a0d-8795-4ac0-8318-2654073a7d49 ] Request (ServersListShow298Test:test_list_show_update_rebuild_server_298): 200 GET http://10.180.1.21/compute/v2.1/servers/b8cc8d1e-eb2b-408d-bb05-fadb15af3a30 0.117s
2025-11-26 11:41:06.945 67111 INFO tempest.lib.common.rest_client [req-10e323e9-2ca9-44f3-a710-d58826957fed req-10e323e9-2ca9-44f3-a710-d58826957fed ] Request (ServersNegativeTestJSON:test_delete_non_existent_server): 404 DELETE http://10.180.1.21/compute/v2.1/servers/acffadea-c9ce-4018-b081-8ea0d1c3c952 0.084s
2025-11-26 11:41:06.998 67075 INFO tempest.lib.common.rest_client [req-a183a3f8-ce59-4312-b239-e42ba2ddd1f2 req-a183a3f8-ce59-4312-b239-e42ba2ddd1f2 ] Request (ListServerFiltersTestJSON:tearDownClass): 200 GET http://10.180.1.21/compute/v2.1/servers/98cfe1ea-ef3e-479b-a75e-d63b61743333 0.114s
2025-11-26 11:41:07.040 67111 INFO tempest.lib.common.rest_client [req-dcd07ea2-8d56-4f1a-92a2-0ea9600bb853 req-dcd07ea2-8d56-4f1a-92a2-0ea9600bb853 ] Request (ServersNegativeTestJSON:tearDown): 200 GET http://10.180.1.21/compute/v2.1/servers/fee67862-bff0-4c8a-be31-e1469a015722 0.094s
2025-11-26 11:41:07.059 67059 INFO tempest.lib.common.rest_client [req-143c35c9-b48d-4891-8a37-2303e00e0c4a req-143c35c9-b48d-4891-8a37-2303e00e0c4a ] Request (ImagesOneServerNegativeTestJSON:_run_cleanups): 200 GET http://10.180.1.21/compute/v2.1/servers/e6c4c313-dc53-462e-88ca-91c662c0b753 0.113s
2025-11-26 11:41:07.117 67081 INFO tempest.lib.common.rest_client [req-84960c25-947a-46ba-a105-060b48b6884b req-84960c25-947a-46ba-a105-060b48b6884b ] Request (AttachVolumeTestJSON:_run_cleanups): 200 GET http://10.180.1.21/compute/v2.1/servers/09af2027-f264-4c6d-b415-b7ba5065054a 0.123s
2025-11-26 11:41:07.138 67089 INFO tempest.lib.common.rest_client [req-bcead39e-f19b-4378-97e3-c200742901ba req-bcead39e-f19b-4378-97e3-c200742901ba ] Request (ServersListShow296Test:test_list_show_update_rebuild_server_296): 200 GET http://10.180.1.21/compute/v2.1/servers/1e284f6e-603e-4d0a-b81e-3fc9f2f8643b 0.134s
2025-11-26 11:41:07.199 67069 INFO tempest.lib.common.rest_client [req-8184712d-59bf-4639-a1ec-68b0f8333c83 req-8184712d-59bf-4639-a1ec-68b0f8333c83 ] Request (ServerRescueTestJSON:tearDownClass): 200 GET http://10.180.1.21/compute/v2.1/servers/d40d28b1-d387-4be7-8bac-8a824eafb43d 0.126s
2025-11-26 11:41:07.214 67111 INFO tempest.lib.common.rest_client [req-6cb60208-4604-4824-89ca-18f96ee185d3 req-6cb60208-4604-4824-89ca-18f96ee185d3 ] Request (ServersNegativeTestJSON:setUp): 200 GET http://10.180.1.21/compute/v2.1/servers/fee67862-bff0-4c8a-be31-e1469a015722 0.164s
2025-11-26 11:41:07.269 67115 INFO tempest.lib.common.rest_client [req-d53e7148-e00e-47fd-99bf-d216eff58b62 req-d53e7148-e00e-47fd-99bf-d216eff58b62 ] Request (DeleteServersTestJSON:test_delete_server_while_in_shelved_state): 200 GET http://10.180.1.21/compute/v2.1/servers/24656ce2-e90e-4a6c-b61c-c03b39a5bc91 0.095s
2025-11-26 11:41:07.273 67111 INFO tempest.lib.common.rest_client [req-b311bdb8-90d3-419f-9e3b-253aeb4fbbcb req-b311bdb8-90d3-419f-9e3b-253aeb4fbbcb ] Request (ServersNegativeTestJSON:test_delete_server_pass_id_exceeding_length_limit): 404 DELETE http://10.180.1.21/compute/v2.1/servers/9223372036854775808 0.052s
2025-11-26 11:41:07.301 67107 WARNING tempest.lib.common.ssh [-] Failed to establish authenticated ssh connection to cirros@10.180.180.154 ([Errno None] Unable to connect to port 22 on 10.180.180.154). Number attempts: 2. Retry after 3 seconds.: paramiko.ssh_exception.NoValidConnectionsError: [Errno None] Unable to connect to port 22 on 10.180.180.154
2025-11-26 11:41:07.305 67083 INFO tempest.lib.common.rest_client [req-087f02dd-714f-4570-bf58-5138d140609f req-087f02dd-714f-4570-bf58-5138d140609f ] Request (MigrationsAdminTest:test_resize_server_revert_deleted_flavor): 200 GET http://10.180.1.21/compute/v2.1/servers/9b390146-75b9-4920-95ba-904d016d2daa 0.178s
2025-11-26 11:41:07.333 67097 INFO tempest.lib.common.rest_client [req-54ec92fc-7a87-4fa5-9d5f-9ba69a94bd3a req-54ec92fc-7a87-4fa5-9d5f-9ba69a94bd3a ] Request (AttachVolumeShelveTestJSON:test_attach_volume_shelved_or_offload_server): 200 GET http://10.180.1.21/compute/v2.1/servers/943a0a0b-5ea1-4093-abc1-681d62ff34b6 0.108s
2025-11-26 11:41:07.363 67095 INFO tempest.lib.common.rest_client [req-4c8de5ed-f689-4e95-8b54-770fbfb1b9d9 req-4c8de5ed-f689-4e95-8b54-770fbfb1b9d9 ] Request (ServerMetadataTestJSON:tearDownClass): 200 GET http://10.180.1.21/compute/v2.1/servers/b34bff75-bf75-454f-a3ba-0fae18079ded 0.118s
2025-11-26 11:41:07.373 67095 INFO tempest.common.waiters [-] State transition "ACTIVE/deleting" ==> "DELETED/None" after 4 second wait
2025-11-26 11:41:07.383 67113 INFO tempest.lib.common.rest_client [req-77f2d414-5c41-4e7c-b465-e8614e5e128f req-77f2d414-5c41-4e7c-b465-e8614e5e128f ] Request (SecurityGroupsTestJSON:test_server_security_groups): 200 GET http://10.180.1.21/compute/v2.1/servers/cd952c1f-077d-4bf3-b38b-bf6494c329ab 0.110s
2025-11-26 11:41:07.436 67061 INFO tempest.lib.common.rest_client [req-4b463441-6f4f-468c-b825-48a1df01e0f5 req-4b463441-6f4f-468c-b825-48a1df01e0f5 ] Request (ListImageFiltersTestJSON:tearDownClass): 200 GET http://10.180.1.21/compute/v2.1/servers/ff6c6708-e7f8-4fa2-b9e6-be3834b31ccd 0.130s
2025-11-26 11:41:07.465 67111 INFO tempest.lib.common.rest_client [req-fde0782c-89e8-4293-ac18-6f5b3d8f68f6 req-fde0782c-89e8-4293-ac18-6f5b3d8f68f6 ] Request (ServersNegativeTestJSON:tearDown): 200 GET http://10.180.1.21/compute/v2.1/servers/fee67862-bff0-4c8a-be31-e1469a015722 0.192s
2025-11-26 11:41:07.577 67111 INFO tempest.lib.common.rest_client [req-d9ca555e-d368-4641-ad39-44b80b52af04 req-d9ca555e-d368-4641-ad39-44b80b52af04 ] Request (ServersNegativeTestJSON:setUp): 200 GET http://10.180.1.21/compute/v2.1/servers/fee67862-bff0-4c8a-be31-e1469a015722 0.103s
2025-11-26 11:41:07.591 67111 INFO tempest.lib.common.rest_client [req-14241526-07d1-45b9-89dc-8603a8289683 req-14241526-07d1-45b9-89dc-8603a8289683 ] Request (ServersNegativeTestJSON:test_delete_server_pass_negative_id): 404 DELETE http://10.180.1.21/compute/v2.1/servers/-1 0.006s
2025-11-26 11:41:07.713 67111 INFO tempest.lib.common.rest_client [req-cd7b9a7d-0c51-409a-81f7-25bc66578314 req-cd7b9a7d-0c51-409a-81f7-25bc66578314 ] Request (ServersNegativeTestJSON:tearDown): 200 GET http://10.180.1.21/compute/v2.1/servers/fee67862-bff0-4c8a-be31-e1469a015722 0.122s
2025-11-26 11:41:07.787 67119 INFO tempest.lib.common.rest_client [req-d6be224b-a615-4b93-bbcc-78dac4d40dc0 req-d6be224b-a615-4b93-bbcc-78dac4d40dc0 ] Request (ServersAdminTestJSON:tearDownClass): 200 GET http://10.180.1.21/compute/v2.1/servers/433af8d7-4e19-4bd0-977c-c329649a8594 0.076s
2025-11-26 11:41:07.794 67091 INFO tempest.lib.common.rest_client [req-d204465f-e32e-4fae-8507-7a695d63ff61 req-d204465f-e32e-4fae-8507-7a695d63ff61 ] Request (ServerAddressesTestJSON:tearDownClass): 200 GET http://10.180.1.21/compute/v2.1/servers/222fd84c-2423-4140-8971-5469f1f10790 0.139s
2025-11-26 11:41:07.891 67111 INFO tempest.lib.common.rest_client [req-38322e28-9787-415a-aa6f-66390e702e6c req-38322e28-9787-415a-aa6f-66390e702e6c ] Request (ServersNegativeTestJSON:setUp): 200 GET http://10.180.1.21/compute/v2.1/servers/fee67862-bff0-4c8a-be31-e1469a015722 0.167s
2025-11-26 11:41:07.943 67105 INFO tempest.lib.common.rest_client [req-429cfb07-8e36-4fd0-a9b3-16005903cb35 req-429cfb07-8e36-4fd0-a9b3-16005903cb35 ] Request (ServersWithSpecificFlavorTestJSON:test_verify_created_server_ephemeral_disk): 200 GET http://10.180.1.21/compute/v2.1/servers/f3f2cb59-0060-4a85-ac08-16bf3e6bb0bf 0.179s
2025-11-26 11:41:07.952 67057 INFO tempest.lib.common.rest_client [req-e2c62ede-57a7-4c48-8e04-553aa5a1c39c req-e2c62ede-57a7-4c48-8e04-553aa5a1c39c ] Request (ServerDiskConfigTestJSON:test_resize_server_from_auto_to_manual): 200 GET http://10.180.1.21/compute/v2.1/servers/f895d6dd-d974-4f37-be5c-629abed17535 0.191s
2025-11-26 11:41:07.996 67065 INFO tempest.lib.common.rest_client [req-eb6b5c96-8d2c-464c-ac9b-1c6a8719b794 req-eb6b5c96-8d2c-464c-ac9b-1c6a8719b794 ] Request (ImagesTestJSON:test_create_image_from_suspended_server): 200 GET http://10.180.1.21/compute/v2.1/servers/ff714c17-33e5-4a71-bc0a-89fe0650b8b3 0.157s
2025-11-26 11:41:08.001 67067 INFO tempest.lib.common.rest_client [req-e011b0d5-ff9b-41d4-aa16-0cd69c9ead16 req-e011b0d5-ff9b-41d4-aa16-0cd69c9ead16 ] Request (ServersTestJSON:setUpClass): 200 GET http://10.180.1.21/compute/v2.1/servers/a331a84b-8232-4d8d-976e-258161344b34 0.113s
2025-11-26 11:41:08.006 67111 INFO tempest.lib.common.rest_client [req-3e74b7e9-7063-47d2-9619-cb470bbb2190 req-3e74b7e9-7063-47d2-9619-cb470bbb2190 ] Request (ServersNegativeTestJSON:test_force_delete_nonexistent_server_id): 404 POST http://10.180.1.21/compute/v2.1/servers/775ecffe-cca2-4e3a-b80d-d8c723415293/action 0.107s
2025-11-26 11:41:08.043 67117 INFO tempest.lib.common.rest_client [req-70cb1579-b89a-4c38-b4e3-b6767815f733 req-70cb1579-b89a-4c38-b4e3-b6767815f733 ] Request (ImagesOneServerTestJSON:test_create_image_specify_multibyte_character_image_name): 200 GET http://10.180.1.21/compute/v2.1/images/72ad6c85-8eb0-4366-bb91-4178d7e7a1bb 0.101s
2025-11-26 11:41:08.057 67085 INFO tempest.lib.common.rest_client [req-3d294e59-5603-4024-b8fe-b9a1ad813162 req-3d294e59-5603-4024-b8fe-b9a1ad813162 ] Request (ServersAdminNegativeTestJSON:setUpClass): 200 GET http://10.180.1.21/compute/v2.1/servers/8ee06ccd-db9c-486b-97af-20841f30548b 0.145s
2025-11-26 11:41:08.106 67071 INFO tempest.lib.common.rest_client [req-1bcc827a-5bab-4353-9504-1b8f021d1f4b req-1bcc827a-5bab-4353-9504-1b8f021d1f4b ] Request (ServersListShow298Test:test_list_show_update_rebuild_server_298): 200 GET http://10.180.1.21/compute/v2.1/servers/b8cc8d1e-eb2b-408d-bb05-fadb15af3a30 0.152s
2025-11-26 11:41:08.148 67111 INFO tempest.lib.common.rest_client [req-35ee94e9-f781-456d-a4e0-be9ef6673340 req-35ee94e9-f781-456d-a4e0-be9ef6673340 ] Request (ServersNegativeTestJSON:tearDown): 200 GET http://10.180.1.21/compute/v2.1/servers/fee67862-bff0-4c8a-be31-e1469a015722 0.142s
2025-11-26 11:41:08.162 67075 INFO tempest.lib.common.rest_client [req-232e8e86-5029-4687-ae4a-ca9881e5a00e req-232e8e86-5029-4687-ae4a-ca9881e5a00e ] Request (ListServerFiltersTestJSON:tearDownClass): 200 GET http://10.180.1.21/compute/v2.1/servers/98cfe1ea-ef3e-479b-a75e-d63b61743333 0.154s
2025-11-26 11:41:08.207 67059 INFO tempest.lib.common.rest_client [req-ebe35dad-aa7a-452b-9241-954bb33aa03d req-ebe35dad-aa7a-452b-9241-954bb33aa03d ] Request (ImagesOneServerNegativeTestJSON:_run_cleanups): 200 GET http://10.180.1.21/compute/v2.1/servers/e6c4c313-dc53-462e-88ca-91c662c0b753 0.134s
2025-11-26 11:41:08.224 67081 INFO tempest.lib.common.rest_client [req-86fe6e39-0093-42f7-a5b3-649a186bc9d9 req-86fe6e39-0093-42f7-a5b3-649a186bc9d9 ] Request (AttachVolumeTestJSON:_run_cleanups): 200 GET http://10.180.1.21/compute/v2.1/servers/09af2027-f264-4c6d-b415-b7ba5065054a 0.099s
2025-11-26 11:41:08.269 67089 INFO tempest.lib.common.rest_client [req-041fd5cc-ba88-4200-9978-a6ddca052776 req-041fd5cc-ba88-4200-9978-a6ddca052776 ] Request (ServersListShow296Test:test_list_show_update_rebuild_server_296): 200 GET http://10.180.1.21/compute/v2.1/servers/1e284f6e-603e-4d0a-b81e-3fc9f2f8643b 0.120s
2025-11-26 11:41:08.283 67089 INFO tempest.common.waiters [-] State transition "BUILD/spawning" ==> "ACTIVE/None" after 67 second wait
2025-11-26 11:41:08.346 67069 INFO tempest.lib.common.rest_client [req-c23ed12a-6485-4048-9b69-96b3b1cdd148 req-c23ed12a-6485-4048-9b69-96b3b1cdd148 ] Request (ServerRescueTestJSON:tearDownClass): 200 GET http://10.180.1.21/compute/v2.1/servers/d40d28b1-d387-4be7-8bac-8a824eafb43d 0.138s
2025-11-26 11:41:08.364 67111 INFO tempest.lib.common.rest_client [req-9c8b9be3-7f6b-4454-9f2f-9d22c1d200dc req-9c8b9be3-7f6b-4454-9f2f-9d22c1d200dc ] Request (ServersNegativeTestJSON:setUp): 200 GET http://10.180.1.21/compute/v2.1/servers/fee67862-bff0-4c8a-be31-e1469a015722 0.208s
2025-11-26 11:41:08.397 67103 WARNING tempest.lib.common.ssh [-] Failed to establish authenticated ssh connection to cirros@10.180.180.220 ([Errno None] Unable to connect to port 22 on 10.180.180.220). Number attempts: 7. Retry after 8 seconds.: paramiko.ssh_exception.NoValidConnectionsError: [Errno None] Unable to connect to port 22 on 10.180.180.220
2025-11-26 11:41:08.419 67115 INFO tempest.lib.common.rest_client [req-f97f76fe-5a98-4d24-a178-209ce06f19be req-f97f76fe-5a98-4d24-a178-209ce06f19be ] Request (DeleteServersTestJSON:test_delete_server_while_in_shelved_state): 200 GET http://10.180.1.21/compute/v2.1/servers/24656ce2-e90e-4a6c-b61c-c03b39a5bc91 0.142s
2025-11-26 11:41:08.521 67089 INFO tempest.lib.common.rest_client [req-d15280c1-cdc9-4083-ae25-6eac793118b0 req-d15280c1-cdc9-4083-ae25-6eac793118b0 ] Request (ServersListShow296Test:test_list_show_update_rebuild_server_296): 200 GET http://10.180.1.21/compute/v2.1/servers/detail 0.237s
2025-11-26 11:41:08.557 67083 INFO tempest.lib.common.rest_client [req-05e9c6ae-bc13-4417-a55d-d9a705b22d9f req-05e9c6ae-bc13-4417-a55d-d9a705b22d9f ] Request (MigrationsAdminTest:test_resize_server_revert_deleted_flavor): 200 GET http://10.180.1.21/compute/v2.1/servers/9b390146-75b9-4920-95ba-904d016d2daa 0.244s
2025-11-26 11:41:08.565 67111 INFO tempest.lib.common.rest_client [req-3d2dc25a-5db0-43c1-b37e-0bbd6dce0e22 req-3d2dc25a-5db0-43c1-b37e-0bbd6dce0e22 ] Request (ServersNegativeTestJSON:test_get_console_output_of_non_existent_server): 404 POST http://10.180.1.21/compute/v2.1/servers/7c8798cb-f8df-436f-a758-a6f1e761e69a/action 0.193s
2025-11-26 11:41:08.571 67097 INFO tempest.lib.common.rest_client [req-3cd67f57-b633-4bc9-994f-ace931a8d450 req-3cd67f57-b633-4bc9-994f-ace931a8d450 ] Request (AttachVolumeShelveTestJSON:test_attach_volume_shelved_or_offload_server): 200 GET http://10.180.1.21/compute/v2.1/servers/943a0a0b-5ea1-4093-abc1-681d62ff34b6 0.229s
2025-11-26 11:41:08.619 67095 INFO tempest.lib.common.rest_client [req-c2093dda-99f0-4edf-8592-55824c0f5d3b req-c2093dda-99f0-4edf-8592-55824c0f5d3b ] Request (ServerMetadataTestJSON:tearDownClass): 200 GET http://10.180.1.21/compute/v2.1/servers/b34bff75-bf75-454f-a3ba-0fae18079ded 0.245s
2025-11-26 11:41:08.633 67113 INFO tempest.lib.common.rest_client [req-38396407-513f-4339-b7ef-03ca361e6cab req-38396407-513f-4339-b7ef-03ca361e6cab ] Request (SecurityGroupsTestJSON:test_server_security_groups): 200 GET http://10.180.1.21/compute/v2.1/servers/cd952c1f-077d-4bf3-b38b-bf6494c329ab 0.243s
2025-11-26 11:41:08.674 67061 INFO tempest.lib.common.rest_client [req-05c98e78-1660-438b-bd3f-1ce1fcf3bfcc req-05c98e78-1660-438b-bd3f-1ce1fcf3bfcc ] Request (ListImageFiltersTestJSON:tearDownClass): 200 GET http://10.180.1.21/compute/v2.1/servers/ff6c6708-e7f8-4fa2-b9e6-be3834b31ccd 0.228s
2025-11-26 11:41:08.691 67089 INFO tempest.lib.common.rest_client [req-0ed8776c-4668-4245-8411-b7611d032cc9 req-0ed8776c-4668-4245-8411-b7611d032cc9 ] Request (ServersListShow296Test:test_list_show_update_rebuild_server_296): 200 GET http://10.180.1.21/compute/v2.1/servers/1e284f6e-603e-4d0a-b81e-3fc9f2f8643b 0.159s
2025-11-26 11:41:08.806 67089 INFO tempest.lib.common.rest_client [req-26f69f8e-62d3-4464-8443-227e573e3a37 req-26f69f8e-62d3-4464-8443-227e573e3a37 ] Request (ServersListShow296Test:test_list_show_update_rebuild_server_296): 200 PUT http://10.180.1.21/compute/v2.1/servers/1e284f6e-603e-4d0a-b81e-3fc9f2f8643b 0.105s
2025-11-26 11:41:08.825 67119 INFO tempest.lib.common.rest_client [req-246df124-e292-4af4-b089-d738129f1464 req-246df124-e292-4af4-b089-d738129f1464 ] Request (ServersAdminTestJSON:tearDownClass): 404 GET http://10.180.1.21/compute/v2.1/servers/433af8d7-4e19-4bd0-977c-c329649a8594 0.025s
2025-11-26 11:41:08.829 67111 INFO tempest.lib.common.rest_client [req-78de95c8-4832-4674-9e5c-0f304861adf2 req-78de95c8-4832-4674-9e5c-0f304861adf2 ] Request (ServersNegativeTestJSON:tearDown): 200 GET http://10.180.1.21/compute/v2.1/servers/fee67862-bff0-4c8a-be31-e1469a015722 0.263s
2025-11-26 11:41:08.877 67091 INFO tempest.lib.common.rest_client [req-bc6368f3-72a8-4f56-a42d-c8ac2f198395 req-bc6368f3-72a8-4f56-a42d-c8ac2f198395 ] Request (ServerAddressesTestJSON:tearDownClass): 200 GET http://10.180.1.21/compute/v2.1/servers/222fd84c-2423-4140-8971-5469f1f10790 0.072s
2025-11-26 11:41:09.001 67119 INFO tempest.lib.common.rest_client [req-b16cb7eb-2b47-4d4c-8f22-b2e09d363b43 req-b16cb7eb-2b47-4d4c-8f22-b2e09d363b43 ] Request (ServersAdminTestJSON:tearDownClass): 204 DELETE http://10.180.1.21/compute/v2.1/servers/741ec79c-9a8c-4ee3-bb70-9e54506f046e 0.176s
2025-11-26 11:41:09.097 67089 INFO tempest.lib.common.rest_client [req-2a83d470-9094-41ec-8922-d2792a10bdc4 req-2a83d470-9094-41ec-8922-d2792a10bdc4 ] Request (ServersListShow296Test:test_list_show_update_rebuild_server_296): 202 POST http://10.180.1.21/compute/v2.1/servers/1e284f6e-603e-4d0a-b81e-3fc9f2f8643b/action 0.279s
2025-11-26 11:41:09.180 67105 INFO tempest.lib.common.rest_client [req-90cba22f-f0ef-4e29-a0bb-995ed33cffef req-90cba22f-f0ef-4e29-a0bb-995ed33cffef ] Request (ServersWithSpecificFlavorTestJSON:test_verify_created_server_ephemeral_disk): 200 GET http://10.180.1.21/compute/v2.1/servers/f3f2cb59-0060-4a85-ac08-16bf3e6bb0bf 0.230s
2025-11-26 11:41:09.223 67111 INFO tempest.lib.common.rest_client [req-5483b1f0-5a04-4615-a86b-9e542147d48f req-5483b1f0-5a04-4615-a86b-9e542147d48f ] Request (ServersNegativeTestJSON:setUp): 200 GET http://10.180.1.21/compute/v2.1/servers/fee67862-bff0-4c8a-be31-e1469a015722 0.383s
