2025-11-26 11:38:36.627 67094 INFO tempest.lib.common.rest_client [req-985d5116-948f-4ac1-9eb0-83736702926c req-985d5116-948f-4ac1-9eb0-83736702926c ] Request (ServerAddressesNegativeTestJSON:tearDownClass): 204 DELETE http://10.180.1.21/networking/v2.0/subnets/29d7d35b-a973-4197-bda7-2af779bbbd0a 0.282s
2025-11-26 11:38:36.767 67113 INFO tempest.lib.common.rest_client [req-e24d9f3b-1e1e-4ab4-8614-940c0ea817f4 req-e24d9f3b-1e1e-4ab4-8614-940c0ea817f4 ] Request (FloatingIPsAssociationTestJSON:tearDownClass): 200 GET http://10.180.1.21/compute/v2.1/servers/293c7eb3-1ea9-41f3-823e-bf6b3c275fc3 0.995s
2025-11-26 11:38:36.859 67063 INFO tempest.lib.common.rest_client [req-75083d3f-929c-4841-9d12-e2bdd33c8700 req-75083d3f-929c-4841-9d12-e2bdd33c8700 ] Request (SecurityGroupsTestAdminJSON:tearDownClass): 200 GET http://10.180.1.21/networking/v2.0/security-groups?tenant_id=0addd7a8c9194e34a24eb4ae84e2f57d&name=default 0.255s
2025-11-26 11:38:37.015 67103 INFO tempest.lib.common.rest_client [req-f014a9f0-7d50-4532-b048-205bb944d1ee req-f014a9f0-7d50-4532-b048-205bb944d1ee ] Request (AttachInterfacesV270Test:test_create_get_list_interfaces): 200 GET http://10.180.1.21/compute/v2.1/servers/98304333-e119-403d-8e82-2f81d1a03a5b 1.306s
2025-11-26 11:38:37.025 67103 INFO tempest.common.waiters [-] State transition "BUILD/spawning" ==> "ACTIVE/None" after 40 second wait
2025-11-26 11:38:37.028 67091 INFO tempest.lib.common.rest_client [req-f47dad2a-0bed-400d-9caa-e79fea6bd3ac req-f47dad2a-0bed-400d-9caa-e79fea6bd3ac ] Request (MultipleCreateTestJSON:test_multiple_create_with_reservation_return): 200 GET http://10.180.1.21/compute/v2.1/servers/14464199-f906-4a82-b4de-85133373087e 1.236s
2025-11-26 11:38:37.141 67094 INFO tempest.lib.common.rest_client [req-d61a85da-bce9-4118-9ee8-bdc6a5b0797e req-d61a85da-bce9-4118-9ee8-bdc6a5b0797e ] Request (ServerAddressesNegativeTestJSON:tearDownClass): 204 DELETE http://10.180.1.21/networking/v2.0/networks/4257b5d0-6dfa-42a4-aca6-a3128b640db6 0.513s
2025-11-26 11:38:37.287 67063 INFO tempest.lib.common.rest_client [req-92b8b717-ffa7-4755-ad7f-9ec92f96dddc req-92b8b717-ffa7-4755-ad7f-9ec92f96dddc ] Request (SecurityGroupsTestAdminJSON:tearDownClass): 204 DELETE http://10.180.1.21/networking/v2.0/security-groups/0085aa53-18ed-4d00-b83c-d768a8feee75 0.427s
2025-11-26 11:38:37.315 67061 INFO tempest.lib.common.rest_client [req-73b2187b-6e53-44b2-98e5-22a67d7788ad req-73b2187b-6e53-44b2-98e5-22a67d7788ad ] Request (ListImageFiltersTestJSON:setUpClass): 200 GET http://10.180.1.21/compute/v2.1/servers/ff6c6708-e7f8-4fa2-b9e6-be3834b31ccd 1.429s
2025-11-26 11:38:37.338 67059 INFO tempest.lib.common.rest_client [req-09950257-e9db-4662-86d2-801d98f49127 req-09950257-e9db-4662-86d2-801d98f49127 ] Request (VolumesAdminNegativeTest:tearDownClass): 404 GET http://10.180.1.21/volume/v3/volumes/3a5614c8-6771-4a52-b208-c3d3f8a209bf 0.016s
2025-11-26 11:38:37.352 67094 INFO tempest.lib.common.rest_client [req-3519703a-5d9d-42b7-a4b0-83d7f8f38650 req-3519703a-5d9d-42b7-a4b0-83d7f8f38650 ] Request (ServerAddressesNegativeTestJSON:tearDownClass): 204 DELETE http://10.180.1.21/identity/v3/users/e90bf57c5d7d49f3887adc4958357c13 0.210s
2025-11-26 11:38:37.352 67094 INFO tempest.lib.common.dynamic_creds [-] Deleting project and security group for project: 26d5dee14d744326a3a2f655aa67a26f
2025-11-26 11:38:37.394 67067 INFO tempest.lib.common.rest_client [req-c66033a0-9c78-4db4-ade3-dcec5ceb4df9 req-c66033a0-9c78-4db4-ade3-dcec5ceb4df9 ] Request (DeleteServersAdminTestJSON:test_delete_server_while_in_error_state): 200 GET http://10.180.1.21/compute/v2.1/servers/01e5562e-5dc9-4d89-be42-8c85ccc8abdc 1.477s
2025-11-26 11:38:37.417 67071 INFO tempest.lib.common.rest_client [req-d132254e-fe71-4329-a98c-2d4193b1e843 req-d132254e-fe71-4329-a98c-2d4193b1e843 ] Request (AggregatesAdminNegativeTestJSON:test_aggregate_remove_nonexistent_host): 200 POST http://10.180.1.21/compute/v2.1/os-aggregates 1.290s
2025-11-26 11:38:37.419 67094 INFO tempest.lib.common.rest_client [req-f9369203-f729-4a1a-9b3d-603294363df7 req-f9369203-f729-4a1a-9b3d-603294363df7 ] Request (ServerAddressesNegativeTestJSON:tearDownClass): 200 GET http://10.180.1.21/networking/v2.0/security-groups?tenant_id=26d5dee14d744326a3a2f655aa67a26f&name=default 0.067s
2025-11-26 11:38:37.435 67063 INFO tempest.lib.common.rest_client [req-fd6668b9-1b58-4b53-850b-5e9251f12a2f req-fd6668b9-1b58-4b53-850b-5e9251f12a2f ] Request (SecurityGroupsTestAdminJSON:tearDownClass): 204 DELETE http://10.180.1.21/identity/v3/projects/0addd7a8c9194e34a24eb4ae84e2f57d 0.147s
2025-11-26 11:38:37.437 67063 INFO tempest.test [-] raised in ServersOnMultiNodesTest.setUpClass. Invoking tearDownClass.
2025-11-26 11:38:37.442 67115 INFO tempest.lib.common.rest_client [req-0f29d601-120c-4b7d-abd5-3bf2a242e7fb req-0f29d601-120c-4b7d-abd5-3bf2a242e7fb ] Request (DeleteServersTestJSON:test_delete_server_while_in_attached_volume): 200 GET http://10.180.1.21/compute/v2.1/servers/b5083c97-aad2-4966-9e53-7de4c0f7dbf3 1.351s
2025-11-26 11:38:37.446 67085 INFO tempest.lib.common.rest_client [req-50ec9f05-913d-448e-8a35-5b9cfe2d124f req-50ec9f05-913d-448e-8a35-5b9cfe2d124f ] Request (FlavorsAdminTestJSON:test_is_public_string_variations): 200 GET http://10.180.1.21/compute/v2.1/flavors/detail?is_public=true 1.284s
2025-11-26 11:38:37.454 67115 INFO tempest.common.waiters [-] State transition "BUILD/scheduling" ==> "BUILD/None" after 19 second wait
2025-11-26 11:38:37.518 67063 INFO tempest.lib.common.rest_client [req-3f67eeb1-c5d0-49f7-a35c-3eda3beee9b2 req-3f67eeb1-c5d0-49f7-a35c-3eda3beee9b2 ] Request (ImagesMetadataNegativeTestJSON:setUpClass): 201 POST http://10.180.1.21/identity/v3/auth/tokens 0.075s
2025-11-26 11:38:37.543 67094 INFO tempest.lib.common.rest_client [req-8584a63a-6695-4f13-b2a0-2cef6a21f875 req-8584a63a-6695-4f13-b2a0-2cef6a21f875 ] Request (ServerAddressesNegativeTestJSON:tearDownClass): 204 DELETE http://10.180.1.21/networking/v2.0/security-groups/d7299fb6-f8b8-45df-a338-2d7cf1214bed 0.124s
2025-11-26 11:38:37.553 67063 INFO tempest.lib.common.rest_client [req-d10519e3-63e6-4d25-9032-b19ad2af0f24 req-d10519e3-63e6-4d25-9032-b19ad2af0f24 ] Request (ImagesMetadataNegativeTestJSON:setUpClass): 201 POST http://10.180.1.21/identity/v3/auth/tokens 0.032s
2025-11-26 11:38:37.566 67069 INFO tempest.lib.common.rest_client [req-61ad86ea-19b0-401c-b156-4bddd00bf07c req-61ad86ea-19b0-401c-b156-4bddd00bf07c ] Request (ServerRescueTestJSON:setUpClass): 200 GET http://10.180.1.21/compute/v2.1/servers/056d989b-3ed5-47f8-aed5-6eb644b8be9e 1.338s
2025-11-26 11:38:37.581 67063 INFO tempest.lib.common.rest_client [req-5e028a5a-9587-4dc8-8d8f-88027ed96429 req-5e028a5a-9587-4dc8-8d8f-88027ed96429 ] Request (ImagesMetadataNegativeTestJSON:setUpClass): 200 GET http://10.180.1.21/identity/v3/domains?name=Default 0.027s
2025-11-26 11:38:37.589 67089 INFO tempest.lib.common.rest_client [req-95dc2657-ded8-4ed4-b1fe-7ff5ef4d8717 req-95dc2657-ded8-4ed4-b1fe-7ff5ef4d8717 ] Request (ServersListShow2100Test:test_list_show_rebuild_update_server_2100): 200 GET http://10.180.1.21/compute/v2.1/servers/a49a7b6d-746c-4dfe-bb12-1c98a610dcdd 1.414s
2025-11-26 11:38:37.615 67094 INFO tempest.lib.common.rest_client [req-b5dde764-abbc-48ed-b171-7ba469539d2f req-b5dde764-abbc-48ed-b171-7ba469539d2f ] Request (ServerAddressesNegativeTestJSON:tearDownClass): 204 DELETE http://10.180.1.21/identity/v3/projects/26d5dee14d744326a3a2f655aa67a26f 0.071s
2025-11-26 11:38:37.624 67057 INFO tempest.lib.common.rest_client [req-bbb84ae5-5d46-494d-bb49-7c633b63e725 req-bbb84ae5-5d46-494d-bb49-7c633b63e725 ] Request (ServerDiskConfigTestJSON:test_rebuild_server_with_manual_disk_config): 200 GET http://10.180.1.21/compute/v2.1/servers/ed4e4a3a-75a2-4b48-ba22-cd20ab8c0535 1.320s
2025-11-26 11:38:37.651 67094 INFO tempest.lib.common.rest_client [req-40f32385-edbd-47dc-9dd6-6573ee24b6e5 req-40f32385-edbd-47dc-9dd6-6573ee24b6e5 ] Request (QuotasTestJSON:setUpClass): 201 POST http://10.180.1.21/identity/v3/auth/tokens 0.034s
2025-11-26 11:38:37.656 67063 INFO tempest.lib.common.rest_client [req-855f52d3-b514-4745-94f6-61c53677e557 req-855f52d3-b514-4745-94f6-61c53677e557 ] Request (ImagesMetadataNegativeTestJSON:setUpClass): 201 POST http://10.180.1.21/identity/v3/projects 0.074s
2025-11-26 11:38:37.656 67079 INFO tempest.lib.common.rest_client [req-cfd3b413-1300-4fc3-b0b9-49b83f0fd17b req-cfd3b413-1300-4fc3-b0b9-49b83f0fd17b ] Request (ServersTestBootFromVolume:setUpClass): 200 GET http://10.180.1.21/volume/v3/volumes/eb23b7d7-c064-4b78-8b1c-ac0241d4239d 0.036s
2025-11-26 11:38:37.708 67094 INFO tempest.lib.common.rest_client [req-0e969734-eeca-4e15-9c45-d7a759f70a93 req-0e969734-eeca-4e15-9c45-d7a759f70a93 ] Request (QuotasTestJSON:setUpClass): 201 POST http://10.180.1.21/identity/v3/auth/tokens 0.054s
2025-11-26 11:38:37.715 67063 INFO tempest.lib.common.rest_client [req-6fc634ce-3bf0-4d0b-ac22-da841daee597 req-6fc634ce-3bf0-4d0b-ac22-da841daee597 ] Request (ImagesMetadataNegativeTestJSON:setUpClass): 201 POST http://10.180.1.21/identity/v3/users 0.058s
2025-11-26 11:38:37.730 67094 INFO tempest.lib.common.rest_client [req-f4ca1e91-67ce-49fb-8f41-59ebb5c1d0b8 req-f4ca1e91-67ce-49fb-8f41-59ebb5c1d0b8 ] Request (QuotasTestJSON:setUpClass): 200 GET http://10.180.1.21/identity/v3/domains?name=Default 0.021s
2025-11-26 11:38:37.734 67063 INFO tempest.lib.common.rest_client [req-f2533d82-fac9-4ac0-8550-f7ad58f3eaa9 req-f2533d82-fac9-4ac0-8550-f7ad58f3eaa9 ] Request (ImagesMetadataNegativeTestJSON:setUpClass): 200 GET http://10.180.1.21/identity/v3/roles 0.019s
2025-11-26 11:38:37.744 67083 INFO tempest.lib.common.rest_client [req-fe8bd1aa-00d1-4c32-a2ea-480cf7e5693d req-fe8bd1aa-00d1-4c32-a2ea-480cf7e5693d ] Request (MigrationsAdminTest:test_list_migrations_in_flavor_resize_situation): 200 GET http://10.180.1.21/compute/v2.1/servers/9d5c5c27-025f-47e9-bf98-e216a6453c71 1.262s
2025-11-26 11:38:37.757 67094 INFO tempest.lib.common.rest_client [req-b5fc182c-ed90-420c-949d-172870774485 req-b5fc182c-ed90-420c-949d-172870774485 ] Request (QuotasTestJSON:setUpClass): 201 POST http://10.180.1.21/identity/v3/projects 0.026s
2025-11-26 11:38:37.770 67063 INFO tempest.lib.common.rest_client [req-8123e7ff-53c4-457b-95b0-550dfa07a126 req-8123e7ff-53c4-457b-95b0-550dfa07a126 ] Request (ImagesMetadataNegativeTestJSON:setUpClass): 204 PUT http://10.180.1.21/identity/v3/projects/84c5798d30314046acca347e3f2392e0/users/62724a9ef7414129832c22e8a64066c2/roles/4975de6f0a7c42f38a764a380fbf328b 0.036s
2025-11-26 11:38:37.771 67063 INFO tempest.lib.common.dynamic_creds [-] Dynamic test user 62724a9ef7414129832c22e8a64066c2 is created with scope project and roles: ['member']
2025-11-26 11:38:37.771 67063 INFO tempest.lib.common.dynamic_creds [-] Acquired dynamic creds: credentials: Credentials: {'domain_id': 'default', 'domain_name': 'Default', 'username': 'tempest-ImagesMetadataNegativeTestJSON-402000515-project-member', 'project_domain_id': 'default', 'project_domain_name': 'Default', 'project_id': '84c5798d30314046acca347e3f2392e0', 'project_name': 'tempest-ImagesMetadataNegativeTestJSON-402000515', 'tenant_id': '84c5798d30314046acca347e3f2392e0', 'tenant_name': 'tempest-ImagesMetadataNegativeTestJSON-402000515', 'user_domain_id': 'default', 'user_domain_name': 'Default', 'user_id': '62724a9ef7414129832c22e8a64066c2', 'system': None}, Network: None, Subnet: None, Router: None
2025-11-26 11:38:37.771 67063 INFO tempest.lib.common.dynamic_creds [-] Created isolated network resources for: credentials: Credentials: {'domain_id': 'default', 'domain_name': 'Default', 'username': 'tempest-ImagesMetadataNegativeTestJSON-402000515-project-member', 'project_domain_id': 'default', 'project_domain_name': 'Default', 'project_id': '84c5798d30314046acca347e3f2392e0', 'project_name': 'tempest-ImagesMetadataNegativeTestJSON-402000515', 'tenant_id': '84c5798d30314046acca347e3f2392e0', 'tenant_name': 'tempest-ImagesMetadataNegativeTestJSON-402000515', 'user_domain_id': 'default', 'user_domain_name': 'Default', 'user_id': '62724a9ef7414129832c22e8a64066c2', 'system': None}, Network: None, Subnet: None, Router: None
2025-11-26 11:38:37.779 67097 INFO tempest.lib.common.rest_client [req-cfd19dbb-0af1-46d0-964b-420dc065bb8d req-cfd19dbb-0af1-46d0-964b-420dc065bb8d ] Request (VolumesAssistedSnapshotsTest:_run_cleanups): 200 GET http://10.180.1.21/compute/v2.1/servers/23dc6d40-0e4a-4ad3-a59e-6fb2dd1aff08/os-volume_attachments 1.124s
2025-11-26 11:38:37.809 67073 INFO tempest.lib.common.rest_client [req-5dbbcf12-fdc3-42e0-9575-f799d67fef4a req-5dbbcf12-fdc3-42e0-9575-f799d67fef4a ] Request (FloatingIPsAssociationNegativeTestJSON:setUpClass): 200 GET http://10.180.1.21/compute/v2.1/servers/02827518-9bb2-4045-9926-3db0b8af3d84 1.186s
2025-11-26 11:38:37.828 67097 INFO tempest.lib.common.rest_client [req-378abbbe-98ab-44c4-bf3b-8abba6d53f26 req-378abbbe-98ab-44c4-bf3b-8abba6d53f26 ] Request (VolumesAssistedSnapshotsTest:_run_cleanups): 200 GET http://10.180.1.21/volume/v3/volumes/a1c34be3-18d7-45dc-9751-94be3b7440e3 0.046s
2025-11-26 11:38:37.837 67097 INFO tempest.common.waiters [-] volume a1c34be3-18d7-45dc-9751-94be3b7440e3 reached available after waiting for 0.837638 seconds
2025-11-26 11:38:37.853 67099 INFO tempest.lib.common.rest_client [req-2d0cd0f9-0227-4a44-9e08-ea0bb9bb458f req-2d0cd0f9-0227-4a44-9e08-ea0bb9bb458f ] Request (ServerShowV257Test:tearDownClass): 200 GET http://10.180.1.21/compute/v2.1/servers/a3a86f82-cee1-4ac6-bd30-f0c325d68e3f 1.063s
2025-11-26 11:38:37.863 67063 INFO tempest.lib.common.rest_client [req-13e0fbc7-3578-4ce1-ab86-39dee20650b8 req-13e0fbc7-3578-4ce1-ab86-39dee20650b8 ] Request (ImagesMetadataNegativeTestJSON:setUpClass): 201 POST http://10.180.1.21/identity/v3/auth/tokens 0.089s
2025-11-26 11:38:37.879 67097 INFO tempest.lib.common.rest_client [req-87df739e-6452-429a-9a45-6dd0a3d4d21e req-87df739e-6452-429a-9a45-6dd0a3d4d21e ] Request (VolumesAssistedSnapshotsTest:_run_cleanups): 202 DELETE http://10.180.1.21/volume/v3/volumes/a1c34be3-18d7-45dc-9751-94be3b7440e3 0.041s
2025-11-26 11:38:37.881 67094 INFO tempest.lib.common.rest_client [req-98b72f00-e208-4575-a2df-ec2a88f95d4c req-98b72f00-e208-4575-a2df-ec2a88f95d4c ] Request (QuotasTestJSON:setUpClass): 201 POST http://10.180.1.21/identity/v3/users 0.124s
2025-11-26 11:38:37.903 67097 INFO tempest.lib.common.rest_client [req-63e8b476-a831-4fcd-9b86-05621e43d39e req-63e8b476-a831-4fcd-9b86-05621e43d39e ] Request (VolumesAssistedSnapshotsTest:_run_cleanups): 200 GET http://10.180.1.21/volume/v3/volumes/a1c34be3-18d7-45dc-9751-94be3b7440e3 0.023s
2025-11-26 11:38:37.907 67094 INFO tempest.lib.common.rest_client [req-3f8e7d17-9631-4b83-a2af-8d1e8cf25d73 req-3f8e7d17-9631-4b83-a2af-8d1e8cf25d73 ] Request (QuotasTestJSON:setUpClass): 200 GET http://10.180.1.21/identity/v3/roles 0.025s
2025-11-26 11:38:37.917 67111 INFO tempest.lib.common.rest_client [req-92152648-1352-4043-aa86-a44701b9172f req-92152648-1352-4043-aa86-a44701b9172f ] Request (ServersNegativeTestJSON:setUpClass): 200 GET http://10.180.1.21/compute/v2.1/servers/fee67862-bff0-4c8a-be31-e1469a015722 1.060s
2025-11-26 11:38:37.938 67094 INFO tempest.lib.common.rest_client [req-0f0c855a-0e18-4078-bcb4-39f3e6ae02be req-0f0c855a-0e18-4078-bcb4-39f3e6ae02be ] Request (QuotasTestJSON:setUpClass): 204 PUT http://10.180.1.21/identity/v3/projects/06fbdc5354e84906b5d20d49764825a3/users/eb83a24aed4644d88e7c4022355aec4c/roles/4975de6f0a7c42f38a764a380fbf328b 0.031s
2025-11-26 11:38:37.938 67094 INFO tempest.lib.common.dynamic_creds [-] Dynamic test user eb83a24aed4644d88e7c4022355aec4c is created with scope project and roles: ['member']
2025-11-26 11:38:37.939 67094 INFO tempest.lib.common.dynamic_creds [-] Acquired dynamic creds: credentials: Credentials: {'domain_id': 'default', 'domain_name': 'Default', 'username': 'tempest-QuotasTestJSON-379626460-project-member', 'project_domain_id': 'default', 'project_domain_name': 'Default', 'project_id': '06fbdc5354e84906b5d20d49764825a3', 'project_name': 'tempest-QuotasTestJSON-379626460', 'tenant_id': '06fbdc5354e84906b5d20d49764825a3', 'tenant_name': 'tempest-QuotasTestJSON-379626460', 'user_domain_id': 'default', 'user_domain_name': 'Default', 'user_id': 'eb83a24aed4644d88e7c4022355aec4c', 'system': None}, Network: None, Subnet: None, Router: None
2025-11-26 11:38:37.939 67094 INFO tempest.lib.common.dynamic_creds [-] Created isolated network resources for: credentials: Credentials: {'domain_id': 'default', 'domain_name': 'Default', 'username': 'tempest-QuotasTestJSON-379626460-project-member', 'project_domain_id': 'default', 'project_domain_name': 'Default', 'project_id': '06fbdc5354e84906b5d20d49764825a3', 'project_name': 'tempest-QuotasTestJSON-379626460', 'tenant_id': '06fbdc5354e84906b5d20d49764825a3', 'tenant_name': 'tempest-QuotasTestJSON-379626460', 'user_domain_id': 'default', 'user_domain_name': 'Default', 'user_id': 'eb83a24aed4644d88e7c4022355aec4c', 'system': None}, Network: None, Subnet: None, Router: None
2025-11-26 11:38:37.944 67119 INFO tempest.lib.common.rest_client [req-9df7e81b-c4d9-4c95-bab3-9e35b9a9821a req-9df7e81b-c4d9-4c95-bab3-9e35b9a9821a ] Request (ServersAdminTestJSON:test_create_server_with_scheduling_hint): 200 GET http://10.180.1.21/compute/v2.1/servers/741ec79c-9a8c-4ee3-bb70-9e54506f046e 1.093s
2025-11-26 11:38:37.952 67119 INFO tempest.common.waiters [-] State transition "BUILD/None" ==> "BUILD/spawning" after 36 second wait
2025-11-26 11:38:37.995 67117 INFO tempest.lib.common.rest_client [req-79cbfac0-0da5-4574-bd1a-36c1a05e09c3 req-79cbfac0-0da5-4574-bd1a-36c1a05e09c3 ] Request (ServersAdmin275Test:test_rebuild_update_server_275): 200 GET http://10.180.1.21/compute/v2.1/servers/e052d516-84cf-4418-bb9b-e994b323dc21 1.012s
2025-11-26 11:38:38.005 67095 INFO tempest.lib.common.rest_client [req-0e8acba4-bbee-44b6-afe0-981910e09592 req-0e8acba4-bbee-44b6-afe0-981910e09592 ] Request (InstanceActionsTestJSON:setUpClass): 200 GET http://10.180.1.21/compute/v2.1/servers/e6955974-6ed4-45b5-947d-37d908095f81 1.014s
2025-11-26 11:38:38.018 67094 INFO tempest.lib.common.rest_client [req-21ea4e7b-936d-4792-80b3-c88b15619d49 req-21ea4e7b-936d-4792-80b3-c88b15619d49 ] Request (QuotasTestJSON:setUpClass): 201 POST http://10.180.1.21/identity/v3/auth/tokens 0.076s
2025-11-26 11:38:38.019 67094 WARNING tempest.lib.common.rest_client [-] Deprecated: "tenant_id" property is deprecated for removal, use "project_id" instead
2025-11-26 11:38:38.059 67077 INFO tempest.lib.common.rest_client [req-b4368be9-cf89-4cd3-aaf3-e1d39cc09de2 req-b4368be9-cf89-4cd3-aaf3-e1d39cc09de2 ] Request (AttachInterfacesUnderV243Test:test_add_remove_fixed_ip): 200 GET http://10.180.1.21/compute/v2.1/servers/13bbdc0c-b101-4e32-ad0e-70bce4f646c2 0.949s
2025-11-26 11:38:38.132 67059 INFO tempest.lib.common.rest_client [req-3e94dcc4-dc9f-4c8c-bb05-ff33fac8939b req-3e94dcc4-dc9f-4c8c-bb05-ff33fac8939b ] Request (VolumesAdminNegativeTest:tearDownClass): 204 DELETE http://10.180.1.21/compute/v2.1/servers/fb0b037b-8a3a-40bc-bbb7-2701c0c94a86 0.793s
2025-11-26 11:38:38.209 67075 INFO tempest.lib.common.rest_client [req-b2198e03-3470-4cf0-9ab3-850cd1569339 req-b2198e03-3470-4cf0-9ab3-850cd1569339 ] Request (TenantUsagesTestJSON:tearDownClass): 200 GET http://10.180.1.21/compute/v2.1/servers/7f78f4dc-2450-4dc1-981c-8405bc5e7b1b 0.830s
2025-11-26 11:38:38.276 67109 INFO tempest.lib.common.rest_client [req-d7d0d835-f142-49f2-b89e-ae735b82d9cc req-d7d0d835-f142-49f2-b89e-ae735b82d9cc ] Request (ServersTestFqdnHostnames:test_create_server_with_fqdn_name): 200 GET http://10.180.1.21/compute/v2.1/servers/18122e11-7c35-4714-ab2b-07166a99da87 0.879s
2025-11-26 11:38:38.299 67071 INFO tempest.lib.common.rest_client [req-f3b6c516-3358-4e13-b5d5-1ad98e9c0a35 req-f3b6c516-3358-4e13-b5d5-1ad98e9c0a35 ] Request (AggregatesAdminNegativeTestJSON:test_aggregate_remove_nonexistent_host): 404 POST http://10.180.1.21/compute/v2.1/os-aggregates/8/action 0.878s
2025-11-26 11:38:38.324 67085 INFO tempest.lib.common.rest_client [req-25ddaa4e-28ae-46a1-8731-c527da86065c req-25ddaa4e-28ae-46a1-8731-c527da86065c ] Request (FlavorsAdminTestJSON:test_is_public_string_variations): 200 GET http://10.180.1.21/compute/v2.1/flavors/detail?is_public=yes 0.872s
2025-11-26 11:38:38.391 67113 INFO tempest.lib.common.rest_client [req-2accb710-4c2d-4591-9634-31a4352308c8 req-2accb710-4c2d-4591-9634-31a4352308c8 ] Request (FloatingIPsAssociationTestJSON:tearDownClass): 200 GET http://10.180.1.21/compute/v2.1/servers/293c7eb3-1ea9-41f3-823e-bf6b3c275fc3 0.616s
2025-11-26 11:38:38.516 67063 INFO tempest.lib.common.rest_client [req-6c2d28c8-fe90-4118-a48c-53ff9bca7d45 req-6c2d28c8-fe90-4118-a48c-53ff9bca7d45 ] Request (ImagesMetadataNegativeTestJSON:test_delete_nonexistent_image_metadata_item): 404 DELETE http://10.180.1.21/compute/v2.1/images/8ade5acc-7a09-4076-a3f1-05d9c50c765d/metadata/os_distro 0.652s
2025-11-26 11:38:38.580 67094 INFO tempest.lib.common.rest_client [req-fb9a596e-df5d-489d-809f-ca938a082b75 req-fb9a596e-df5d-489d-809f-ca938a082b75 ] Request (QuotasTestJSON:test_compare_tenant_quotas_with_default_quotas): 200 GET http://10.180.1.21/compute/v2.1/os-quota-sets/06fbdc5354e84906b5d20d49764825a3/defaults 0.560s
2025-11-26 11:38:38.627 67091 INFO tempest.lib.common.rest_client [req-17211369-abeb-4155-9c01-3a7ebaf5a737 req-17211369-abeb-4155-9c01-3a7ebaf5a737 ] Request (MultipleCreateTestJSON:test_multiple_create_with_reservation_return): 200 GET http://10.180.1.21/compute/v2.1/servers/14464199-f906-4a82-b4de-85133373087e 0.589s
2025-11-26 11:38:38.691 67079 INFO tempest.lib.common.rest_client [req-184ae49d-18d4-4dc8-8975-f7b735418ac3 req-184ae49d-18d4-4dc8-8975-f7b735418ac3 ] Request (ServersTestBootFromVolume:setUpClass): 200 GET http://10.180.1.21/volume/v3/volumes/eb23b7d7-c064-4b78-8b1c-ac0241d4239d 0.026s
2025-11-26 11:38:38.939 67097 INFO tempest.lib.common.rest_client [req-de9e268b-f75e-495a-b8e3-0f4ea5bce80a req-de9e268b-f75e-495a-b8e3-0f4ea5bce80a ] Request (VolumesAssistedSnapshotsTest:_run_cleanups): 200 GET http://10.180.1.21/volume/v3/volumes/a1c34be3-18d7-45dc-9751-94be3b7440e3 0.025s
2025-11-26 11:38:39.157 67065 INFO tempest.lib.common.rest_client [req-9519a7bc-ff42-4bc8-9020-8cc94896ca75 req-9519a7bc-ff42-4bc8-9020-8cc94896ca75 ] Request (ServerDiagnosticsV248Test:test_get_server_diagnostics): 200 GET http://10.180.1.21/compute/v2.1/servers/c5b4e0ee-46e6-4e01-bf39-a49b7bc199d1/diagnostics 1.101s
2025-11-26 11:38:39.317 67059 INFO tempest.lib.common.rest_client [req-f8ccbeb1-d399-47f8-b9c5-960d7dd3494d req-f8ccbeb1-d399-47f8-b9c5-960d7dd3494d ] Request (VolumesAdminNegativeTest:tearDownClass): 200 GET http://10.180.1.21/compute/v2.1/servers/fb0b037b-8a3a-40bc-bbb7-2701c0c94a86 1.184s
2025-11-26 11:38:39.334 67071 INFO tempest.lib.common.rest_client [req-477c32a6-cf99-44ff-8b2c-61aefcf2609a req-477c32a6-cf99-44ff-8b2c-61aefcf2609a ] Request (AggregatesAdminNegativeTestJSON:_run_cleanups): 200 DELETE http://10.180.1.21/compute/v2.1/os-aggregates/8 1.034s
2025-11-26 11:38:39.385 67061 INFO tempest.lib.common.rest_client [req-f3b5da12-24bf-4906-99b8-41a1ef35b47a req-f3b5da12-24bf-4906-99b8-41a1ef35b47a ] Request (ListImageFiltersTestJSON:setUpClass): 200 GET http://10.180.1.21/compute/v2.1/servers/ff6c6708-e7f8-4fa2-b9e6-be3834b31ccd 1.061s
2025-11-26 11:38:39.408 67085 INFO tempest.lib.common.rest_client [req-761f73a9-77df-4697-aefd-87104967ba8f req-761f73a9-77df-4697-aefd-87104967ba8f ] Request (FlavorsAdminTestJSON:test_is_public_string_variations): 200 GET http://10.180.1.21/compute/v2.1/flavors/detail?is_public=1 1.078s
2025-11-26 11:38:39.445 67071 INFO tempest.lib.common.rest_client [req-295f131c-7446-4b8b-930e-8edf9f5f9041 req-295f131c-7446-4b8b-930e-8edf9f5f9041 ] Request (AggregatesAdminNegativeTestJSON:tearDownClass): 204 DELETE http://10.180.1.21/identity/v3/users/e7b559f8e88643b1bd8b98060260e71d 0.109s
2025-11-26 11:38:39.476 67067 INFO tempest.lib.common.rest_client [req-4d697e49-faba-4901-8e9b-0eb4a2428ec1 req-4d697e49-faba-4901-8e9b-0eb4a2428ec1 ] Request (DeleteServersAdminTestJSON:test_delete_server_while_in_error_state): 200 GET http://10.180.1.21/compute/v2.1/servers/01e5562e-5dc9-4d89-be42-8c85ccc8abdc 1.073s
2025-11-26 11:38:39.485 67067 INFO tempest.common.waiters [-] State transition "ERROR/deleting" ==> "DELETED/None" after 5 second wait
2025-11-26 11:38:39.534 67115 INFO tempest.lib.common.rest_client [req-d68e8871-0227-40b9-b506-7a8245dd0d19 req-d68e8871-0227-40b9-b506-7a8245dd0d19 ] Request (DeleteServersTestJSON:test_delete_server_while_in_attached_volume): 200 GET http://10.180.1.21/compute/v2.1/servers/b5083c97-aad2-4966-9e53-7de4c0f7dbf3 1.078s
2025-11-26 11:38:39.553 67063 INFO tempest.lib.common.rest_client [req-17d94090-a209-4968-bfe3-9d1928d7f77f req-17d94090-a209-4968-bfe3-9d1928d7f77f ] Request (ImagesMetadataNegativeTestJSON:test_get_nonexistent_image_metadata_item): 404 GET http://10.180.1.21/compute/v2.1/images/6c1678a5-a1e6-4f5b-839b-19759b8ed725/metadata/os_version 1.035s
2025-11-26 11:38:39.558 67071 INFO tempest.lib.common.rest_client [req-32479625-3711-475d-9c1a-e0008803d6fa req-32479625-3711-475d-9c1a-e0008803d6fa ] Request (AggregatesAdminNegativeTestJSON:tearDownClass): 204 DELETE http://10.180.1.21/identity/v3/users/0a7cfaf1fea54da5bf15d72f9b721a03 0.112s
2025-11-26 11:38:39.558 67071 INFO tempest.lib.common.dynamic_creds [-] Deleting project and security group for project: 3201f320ad5746969786ce9cf1676dff
2025-11-26 11:38:39.631 67071 INFO tempest.lib.common.rest_client [req-6a88a3e6-70b3-4f1a-9e60-845d3d1a7503 req-6a88a3e6-70b3-4f1a-9e60-845d3d1a7503 ] Request (AggregatesAdminNegativeTestJSON:tearDownClass): 201 POST http://10.180.1.21/identity/v3/auth/tokens 0.072s
2025-11-26 11:38:39.677 67094 INFO tempest.lib.common.rest_client [req-fe4499ae-a84d-46d1-9c56-a59e457db44a req-fe4499ae-a84d-46d1-9c56-a59e457db44a ] Request (QuotasTestJSON:test_compare_tenant_quotas_with_default_quotas): 200 GET http://10.180.1.21/compute/v2.1/os-quota-sets/06fbdc5354e84906b5d20d49764825a3 1.095s
2025-11-26 11:38:39.726 67069 INFO tempest.lib.common.rest_client [req-1edd2388-7489-467a-841c-02d20a21a1db req-1edd2388-7489-467a-841c-02d20a21a1db ] Request (ServerRescueTestJSON:setUpClass): 200 GET http://10.180.1.21/compute/v2.1/servers/056d989b-3ed5-47f8-aed5-6eb644b8be9e 1.144s
2025-11-26 11:38:39.727 67079 INFO tempest.lib.common.rest_client [req-6da61ed1-9f88-44e3-bd7b-52fe4e4632c5 req-6da61ed1-9f88-44e3-bd7b-52fe4e4632c5 ] Request (ServersTestBootFromVolume:setUpClass): 200 GET http://10.180.1.21/volume/v3/volumes/eb23b7d7-c064-4b78-8b1c-ac0241d4239d 0.028s
2025-11-26 11:38:39.787 67071 INFO tempest.lib.common.rest_client [req-80695aae-a955-457a-b7e3-00b7b090fb92 req-80695aae-a955-457a-b7e3-00b7b090fb92 ] Request (AggregatesAdminNegativeTestJSON:tearDownClass): 200 GET http://10.180.1.21/networking/v2.0/security-groups?tenant_id=3201f320ad5746969786ce9cf1676dff&name=default 0.155s
2025-11-26 11:38:39.791 67089 INFO tempest.lib.common.rest_client [req-5c6888af-771e-4765-81cd-3d1cb92fb111 req-5c6888af-771e-4765-81cd-3d1cb92fb111 ] Request (ServersListShow2100Test:test_list_show_rebuild_update_server_2100): 200 GET http://10.180.1.21/compute/v2.1/servers/a49a7b6d-746c-4dfe-bb12-1c98a610dcdd 1.187s
2025-11-26 11:38:39.803 67089 INFO tempest.common.waiters [-] State transition "BUILD/None" ==> "BUILD/block_device_mapping" after 35 second wait
2025-11-26 11:38:39.870 67071 INFO tempest.lib.common.rest_client [req-118bcc5b-04e1-46f9-a726-60355f147df5 req-118bcc5b-04e1-46f9-a726-60355f147df5 ] Request (AggregatesAdminNegativeTestJSON:tearDownClass): 204 DELETE http://10.180.1.21/networking/v2.0/security-groups/136d07f2-aa15-400a-9475-18fdaffe0eab 0.082s
2025-11-26 11:38:39.889 67057 INFO tempest.lib.common.rest_client [req-9fab2b65-9f90-4ece-9ace-0f08393862e0 req-9fab2b65-9f90-4ece-9ace-0f08393862e0 ] Request (ServerDiskConfigTestJSON:test_rebuild_server_with_manual_disk_config): 200 GET http://10.180.1.21/compute/v2.1/servers/ed4e4a3a-75a2-4b48-ba22-cd20ab8c0535 1.253s
2025-11-26 11:38:39.938 67071 INFO tempest.lib.common.rest_client [req-c0fe9833-5291-409d-ba89-b5a73d6e96d6 req-c0fe9833-5291-409d-ba89-b5a73d6e96d6 ] Request (AggregatesAdminNegativeTestJSON:tearDownClass): 204 DELETE http://10.180.1.21/identity/v3/projects/3201f320ad5746969786ce9cf1676dff 0.068s
2025-11-26 11:38:39.938 67071 INFO tempest.lib.common.dynamic_creds [-] Deleting project and security group for project: e8335b6fc83b4d3cac7c3f87c1733f65
2025-11-26 11:38:39.979 67097 INFO tempest.lib.common.rest_client [req-7e424a05-16a4-422c-8d0c-06cc691d93d6 req-7e424a05-16a4-422c-8d0c-06cc691d93d6 ] Request (VolumesAssistedSnapshotsTest:_run_cleanups): 200 GET http://10.180.1.21/volume/v3/volumes/a1c34be3-18d7-45dc-9751-94be3b7440e3 0.033s
2025-11-26 11:38:40.033 67083 INFO tempest.lib.common.rest_client [req-909fd0b9-e843-4d98-9c03-d0414e8ca733 req-909fd0b9-e843-4d98-9c03-d0414e8ca733 ] Request (MigrationsAdminTest:test_list_migrations_in_flavor_resize_situation): 200 GET http://10.180.1.21/compute/v2.1/servers/9d5c5c27-025f-47e9-bf98-e216a6453c71 1.280s
2025-11-26 11:38:40.043 67083 INFO tempest.common.waiters [-] State transition "RESIZE/resize_migrating" ==> "RESIZE/resize_migrated" after 36 second wait
2025-11-26 11:38:40.067 67071 INFO tempest.lib.common.rest_client [req-307801dc-b479-41a6-8c4a-0a7fffdbbc1d req-307801dc-b479-41a6-8c4a-0a7fffdbbc1d ] Request (AggregatesAdminNegativeTestJSON:tearDownClass): 200 GET http://10.180.1.21/networking/v2.0/security-groups?tenant_id=e8335b6fc83b4d3cac7c3f87c1733f65&name=default 0.128s
2025-11-26 11:38:40.200 67071 INFO tempest.lib.common.rest_client [req-dccb6c4f-78d6-4acd-b66c-befc76004879 req-dccb6c4f-78d6-4acd-b66c-befc76004879 ] Request (AggregatesAdminNegativeTestJSON:tearDownClass): 204 DELETE http://10.180.1.21/networking/v2.0/security-groups/e3c7cfcc-cb0f-48dd-8f90-bdedf51d8c66 0.133s
2025-11-26 11:38:40.259 67073 INFO tempest.lib.common.rest_client [req-b68ab82a-9d96-4d70-83d5-e8645c669642 req-b68ab82a-9d96-4d70-83d5-e8645c669642 ] Request (FloatingIPsAssociationNegativeTestJSON:setUpClass): 200 GET http://10.180.1.21/compute/v2.1/servers/02827518-9bb2-4045-9926-3db0b8af3d84 1.439s
2025-11-26 11:38:40.305 67071 INFO tempest.lib.common.rest_client [req-dddc44af-111f-4d7c-9c91-6d9ea35066a1 req-dddc44af-111f-4d7c-9c91-6d9ea35066a1 ] Request (AggregatesAdminNegativeTestJSON:tearDownClass): 204 DELETE http://10.180.1.21/identity/v3/projects/e8335b6fc83b4d3cac7c3f87c1733f65 0.104s
2025-11-26 11:38:40.324 67099 INFO tempest.lib.common.rest_client [req-8b42a91b-5c41-418e-871d-3910e683a975 req-8b42a91b-5c41-418e-871d-3910e683a975 ] Request (ServerShowV257Test:tearDownClass): 200 GET http://10.180.1.21/compute/v2.1/servers/a3a86f82-cee1-4ac6-bd30-f0c325d68e3f 1.461s
2025-11-26 11:38:40.365 67071 INFO tempest.lib.common.rest_client [req-1407a8ff-094f-40df-9c20-ef48f699e4e6 req-1407a8ff-094f-40df-9c20-ef48f699e4e6 ] Request (HypervisorAdminNegativeUnderV252Test:setUpClass): 201 POST http://10.180.1.21/identity/v3/auth/tokens 0.058s
2025-11-26 11:38:40.375 67111 INFO tempest.lib.common.rest_client [req-ae327819-fe05-4d07-a6b1-9109d5c37113 req-ae327819-fe05-4d07-a6b1-9109d5c37113 ] Request (ServersNegativeTestJSON:setUpClass): 200 GET http://10.180.1.21/compute/v2.1/servers/fee67862-bff0-4c8a-be31-e1469a015722 1.450s
2025-11-26 11:38:40.395 67071 INFO tempest.lib.common.rest_client [req-b9d3c65f-2ab6-4fab-9eae-e24db3608913 req-b9d3c65f-2ab6-4fab-9eae-e24db3608913 ] Request (HypervisorAdminNegativeUnderV252Test:setUpClass): 201 POST http://10.180.1.21/identity/v3/auth/tokens 0.026s
2025-11-26 11:38:40.424 67071 INFO tempest.lib.common.rest_client [req-8a68e81c-2663-4b83-bf01-b7d003c060ff req-8a68e81c-2663-4b83-bf01-b7d003c060ff ] Request (HypervisorAdminNegativeUnderV252Test:setUpClass): 200 GET http://10.180.1.21/identity/v3/domains?name=Default 0.028s
2025-11-26 11:38:40.458 67071 INFO tempest.lib.common.rest_client [req-c1585d59-faf8-4e58-b88d-7c707b51bb02 req-c1585d59-faf8-4e58-b88d-7c707b51bb02 ] Request (HypervisorAdminNegativeUnderV252Test:setUpClass): 201 POST http://10.180.1.21/identity/v3/projects 0.033s
2025-11-26 11:38:40.526 67071 INFO tempest.lib.common.rest_client [req-cc7fd39b-71e3-4b7d-8fe5-0f1520679a0a req-cc7fd39b-71e3-4b7d-8fe5-0f1520679a0a ] Request (HypervisorAdminNegativeUnderV252Test:setUpClass): 201 POST http://10.180.1.21/identity/v3/users 0.068s
2025-11-26 11:38:40.549 67071 INFO tempest.lib.common.rest_client [req-04be4132-1579-4df4-90f3-f3b72b87e5ea req-04be4132-1579-4df4-90f3-f3b72b87e5ea ] Request (HypervisorAdminNegativeUnderV252Test:setUpClass): 200 GET http://10.180.1.21/identity/v3/roles 0.023s
2025-11-26 11:38:40.560 67119 INFO tempest.lib.common.rest_client [req-9264084f-dc19-4bef-b672-9fe1c2f0bd67 req-9264084f-dc19-4bef-b672-9fe1c2f0bd67 ] Request (ServersAdminTestJSON:test_create_server_with_scheduling_hint): 200 GET http://10.180.1.21/compute/v2.1/servers/741ec79c-9a8c-4ee3-bb70-9e54506f046e 1.606s
2025-11-26 11:38:40.578 67071 INFO tempest.lib.common.rest_client [req-d6f96fbc-e469-4a3f-b479-e5b205d95a36 req-d6f96fbc-e469-4a3f-b479-e5b205d95a36 ] Request (HypervisorAdminNegativeUnderV252Test:setUpClass): 204 PUT http://10.180.1.21/identity/v3/projects/91fed488a9184bd4b8df96ff61061ec2/users/d2f7d386a6e04b9bab3c66d79c6c83ca/roles/4975de6f0a7c42f38a764a380fbf328b 0.028s
2025-11-26 11:38:40.578 67071 INFO tempest.lib.common.dynamic_creds [-] Dynamic test user d2f7d386a6e04b9bab3c66d79c6c83ca is created with scope project and roles: ['member']
2025-11-26 11:38:40.579 67071 INFO tempest.lib.common.dynamic_creds [-] Acquired dynamic creds: credentials: Credentials: {'domain_id': 'default', 'domain_name': 'Default', 'username': 'tempest-HypervisorAdminNegativeUnderV252Test-231763083-project-member', 'project_domain_id': 'default', 'project_domain_name': 'Default', 'project_id': '91fed488a9184bd4b8df96ff61061ec2', 'project_name': 'tempest-HypervisorAdminNegativeUnderV252Test-231763083', 'tenant_id': '91fed488a9184bd4b8df96ff61061ec2', 'tenant_name': 'tempest-HypervisorAdminNegativeUnderV252Test-231763083', 'user_domain_id': 'default', 'user_domain_name': 'Default', 'user_id': 'd2f7d386a6e04b9bab3c66d79c6c83ca', 'system': None}, Network: None, Subnet: None, Router: None
2025-11-26 11:38:40.579 67071 INFO tempest.lib.common.dynamic_creds [-] Created isolated network resources for: credentials: Credentials: {'domain_id': 'default', 'domain_name': 'Default', 'username': 'tempest-HypervisorAdminNegativeUnderV252Test-231763083-project-member', 'project_domain_id': 'default', 'project_domain_name': 'Default', 'project_id': '91fed488a9184bd4b8df96ff61061ec2', 'project_name': 'tempest-HypervisorAdminNegativeUnderV252Test-231763083', 'tenant_id': '91fed488a9184bd4b8df96ff61061ec2', 'tenant_name': 'tempest-HypervisorAdminNegativeUnderV252Test-231763083', 'user_domain_id': 'default', 'user_domain_name': 'Default', 'user_id': 'd2f7d386a6e04b9bab3c66d79c6c83ca', 'system': None}, Network: None, Subnet: None, Router: None
2025-11-26 11:38:40.622 67117 INFO tempest.lib.common.rest_client [req-a1ad6785-652f-4e67-a96c-f182a76a1e4c req-a1ad6785-652f-4e67-a96c-f182a76a1e4c ] Request (ServersAdmin275Test:test_rebuild_update_server_275): 200 GET http://10.180.1.21/compute/v2.1/servers/e052d516-84cf-4418-bb9b-e994b323dc21 1.614s
2025-11-26 11:38:40.631 67117 INFO tempest.common.waiters [-] State transition "REBUILD/rebuilding" ==> "REBUILD/rebuild_spawning" after 5 second wait
2025-11-26 11:38:40.652 67071 INFO tempest.lib.common.rest_client [req-10940452-aaa4-4392-9c00-09bdef1e03c0 req-10940452-aaa4-4392-9c00-09bdef1e03c0 ] Request (HypervisorAdminNegativeUnderV252Test:setUpClass): 201 POST http://10.180.1.21/identity/v3/auth/tokens 0.070s
2025-11-26 11:38:40.672 67095 INFO tempest.lib.common.rest_client [req-992b3071-86f1-4f84-9fac-904befe83742 req-992b3071-86f1-4f84-9fac-904befe83742 ] Request (InstanceActionsTestJSON:setUpClass): 200 GET http://10.180.1.21/compute/v2.1/servers/e6955974-6ed4-45b5-947d-37d908095f81 1.655s
2025-11-26 11:38:40.727 67077 INFO tempest.lib.common.rest_client [req-cef3e1e5-582d-44ed-9712-c9fb622ce089 req-cef3e1e5-582d-44ed-9712-c9fb622ce089 ] Request (AttachInterfacesUnderV243Test:test_add_remove_fixed_ip): 200 GET http://10.180.1.21/compute/v2.1/servers/13bbdc0c-b101-4e32-ad0e-70bce4f646c2 1.657s
2025-11-26 11:38:40.727 67071 INFO tempest.lib.common.rest_client [req-3d8f8698-1761-49b3-bc15-582a1abfd557 req-3d8f8698-1761-49b3-bc15-582a1abfd557 ] Request (HypervisorAdminNegativeUnderV252Test:setUpClass): 201 POST http://10.180.1.21/identity/v3/projects 0.074s
2025-11-26 11:38:40.770 67079 INFO tempest.lib.common.rest_client [req-cf4137bb-4619-42ba-bf04-ee1839e174d4 req-cf4137bb-4619-42ba-bf04-ee1839e174d4 ] Request (ServersTestBootFromVolume:setUpClass): 200 GET http://10.180.1.21/volume/v3/volumes/eb23b7d7-c064-4b78-8b1c-ac0241d4239d 0.035s
2025-11-26 11:38:40.792 67071 INFO tempest.lib.common.rest_client [req-0b0e51fe-8a8a-41ce-b167-dc026e7a53f5 req-0b0e51fe-8a8a-41ce-b167-dc026e7a53f5 ] Request (HypervisorAdminNegativeUnderV252Test:setUpClass): 201 POST http://10.180.1.21/identity/v3/users 0.064s
2025-11-26 11:38:40.814 67065 INFO tempest.lib.common.rest_client [req-7bb07b35-104b-4bb2-81fc-6f353484feca req-7bb07b35-104b-4bb2-81fc-6f353484feca ] Request (ServerDiagnosticsV248Test:tearDownClass): 204 DELETE http://10.180.1.21/compute/v2.1/servers/c5b4e0ee-46e6-4e01-bf39-a49b7bc199d1 1.649s
2025-11-26 11:38:40.818 67071 INFO tempest.lib.common.rest_client [req-1582852a-d523-4914-9c0b-e25e2f1f7e56 req-1582852a-d523-4914-9c0b-e25e2f1f7e56 ] Request (HypervisorAdminNegativeUnderV252Test:setUpClass): 200 GET http://10.180.1.21/identity/v3/roles 0.025s
2025-11-26 11:38:40.848 67071 INFO tempest.lib.common.rest_client [req-8efc9864-0113-4523-a01b-aaaa36dcb320 req-8efc9864-0113-4523-a01b-aaaa36dcb320 ] Request (HypervisorAdminNegativeUnderV252Test:setUpClass): 204 PUT http://10.180.1.21/identity/v3/projects/91ab0eb070b64d478f2c73c2af8412c5/users/2f337efa496147099df7bc285c270526/roles/fbeac1cea8724da7acee87f1fae63f58 0.029s
2025-11-26 11:38:40.874 67075 INFO tempest.lib.common.rest_client [req-c28d76c9-a906-4faa-80b9-be8346eb2e2f req-c28d76c9-a906-4faa-80b9-be8346eb2e2f ] Request (TenantUsagesTestJSON:tearDownClass): 200 GET http://10.180.1.21/compute/v2.1/servers/7f78f4dc-2450-4dc1-981c-8405bc5e7b1b 1.656s
2025-11-26 11:38:40.905 67071 INFO tempest.lib.common.rest_client [req-98b3fa51-41ac-4151-a341-502674cc9ade req-98b3fa51-41ac-4151-a341-502674cc9ade ] Request (HypervisorAdminNegativeUnderV252Test:setUpClass): 200 GET http://10.180.1.21/identity/v3/roles 0.056s
2025-11-26 11:38:40.923 67071 INFO tempest.lib.common.rest_client [req-e0001508-1cc1-4711-8016-09d2e16cc366 req-e0001508-1cc1-4711-8016-09d2e16cc366 ] Request (HypervisorAdminNegativeUnderV252Test:setUpClass): 204 PUT http://10.180.1.21/identity/v3/projects/91ab0eb070b64d478f2c73c2af8412c5/users/2f337efa496147099df7bc285c270526/roles/fbeac1cea8724da7acee87f1fae63f58 0.018s
2025-11-26 11:38:40.924 67071 INFO tempest.lib.common.dynamic_creds [-] Dynamic test user 2f337efa496147099df7bc285c270526 is created with scope project and roles: ['admin']
2025-11-26 11:38:40.924 67071 INFO tempest.lib.common.dynamic_creds [-] Acquired dynamic creds: credentials: Credentials: {'domain_id': 'default', 'domain_name': 'Default', 'username': 'tempest-HypervisorAdminNegativeUnderV252Test-2145623088-project-admin', 'project_domain_id': 'default', 'project_domain_name': 'Default', 'project_id': '91ab0eb070b64d478f2c73c2af8412c5', 'project_name': 'tempest-HypervisorAdminNegativeUnderV252Test-2145623088', 'tenant_id': '91ab0eb070b64d478f2c73c2af8412c5', 'tenant_name': 'tempest-HypervisorAdminNegativeUnderV252Test-2145623088', 'user_domain_id': 'default', 'user_domain_name': 'Default', 'user_id': '2f337efa496147099df7bc285c270526', 'system': None}, Network: None, Subnet: None, Router: None
2025-11-26 11:38:40.924 67071 INFO tempest.lib.common.dynamic_creds [-] Created isolated network resources for: credentials: Credentials: {'domain_id': 'default', 'domain_name': 'Default', 'username': 'tempest-HypervisorAdminNegativeUnderV252Test-2145623088-project-admin', 'project_domain_id': 'default', 'project_domain_name': 'Default', 'project_id': '91ab0eb070b64d478f2c73c2af8412c5', 'project_name': 'tempest-HypervisorAdminNegativeUnderV252Test-2145623088', 'tenant_id': '91ab0eb070b64d478f2c73c2af8412c5', 'tenant_name': 'tempest-HypervisorAdminNegativeUnderV252Test-2145623088', 'user_domain_id': 'default', 'user_domain_name': 'Default', 'user_id': '2f337efa496147099df7bc285c270526', 'system': None}, Network: None, Subnet: None, Router: None
2025-11-26 11:38:40.933 67081 WARNING tempest.lib.common.ssh [-] Failed to establish authenticated ssh connection to cirros@10.180.180.216 ([Errno None] Unable to connect to port 22 on 10.180.180.216). Number attempts: 3. Retry after 4 seconds.: paramiko.ssh_exception.NoValidConnectionsError: [Errno None] Unable to connect to port 22 on 10.180.180.216
2025-11-26 11:38:40.935 67109 INFO tempest.lib.common.rest_client [req-335df18c-bfc1-4c38-838b-afe0dde00af0 req-335df18c-bfc1-4c38-838b-afe0dde00af0 ] Request (ServersTestFqdnHostnames:test_create_server_with_fqdn_name): 200 GET http://10.180.1.21/compute/v2.1/servers/18122e11-7c35-4714-ab2b-07166a99da87 1.650s
2025-11-26 11:38:41.005 67113 INFO tempest.lib.common.rest_client [req-3fbd18fc-9935-48ff-a015-ae8faa1822e4 req-3fbd18fc-9935-48ff-a015-ae8faa1822e4 ] Request (FloatingIPsAssociationTestJSON:tearDownClass): 200 GET http://10.180.1.21/compute/v2.1/servers/293c7eb3-1ea9-41f3-823e-bf6b3c275fc3 1.605s
2025-11-26 11:38:41.006 67097 INFO tempest.lib.common.rest_client [req-d78ea926-2e7e-4f20-9699-2deef6753674 req-d78ea926-2e7e-4f20-9699-2deef6753674 ] Request (VolumesAssistedSnapshotsTest:_run_cleanups): 404 GET http://10.180.1.21/volume/v3/volumes/a1c34be3-18d7-45dc-9751-94be3b7440e3 0.018s
2025-11-26 11:38:41.022 67071 INFO tempest.lib.common.rest_client [req-3db131e1-2907-45f4-8be9-858e4e501299 req-3db131e1-2907-45f4-8be9-858e4e501299 ] Request (HypervisorAdminNegativeUnderV252Test:setUpClass): 201 POST http://10.180.1.21/identity/v3/auth/tokens 0.095s
2025-11-26 11:38:41.027 67085 INFO tempest.lib.common.rest_client [req-415154af-037c-49e7-98c4-d119229a57f8 req-415154af-037c-49e7-98c4-d119229a57f8 ] Request (FlavorsAdminTestJSON:_run_cleanups): 202 DELETE http://10.180.1.21/compute/v2.1/flavors/1044876423 1.614s
2025-11-26 11:38:41.036 67103 INFO tempest.lib.common.rest_client [req-bb7ee3a7-8dde-4b3a-9a70-d64e6c583817 req-bb7ee3a7-8dde-4b3a-9a70-d64e6c583817 ] Request (AttachInterfacesV270Test:test_create_get_list_interfaces): 400 POST http://10.180.1.21/compute/v2.1/servers/98304333-e119-403d-8e82-2f81d1a03a5b/os-interface 4.010s
2025-11-26 11:38:41.053 67063 INFO tempest.lib.common.rest_client [req-52c9379f-490f-4723-b9a1-a80cf072308e req-52c9379f-490f-4723-b9a1-a80cf072308e ] Request (ImagesMetadataNegativeTestJSON:test_list_nonexistent_image_metadata): 404 GET http://10.180.1.21/compute/v2.1/images/203170ff-7dd7-40f0-87f8-19fad84b35c0/metadata 1.499s
2025-11-26 11:38:41.103 67091 INFO tempest.lib.common.rest_client [req-e983b10c-e0f6-4949-b360-24c55ba2bdbe req-e983b10c-e0f6-4949-b360-24c55ba2bdbe ] Request (MultipleCreateTestJSON:test_multiple_create_with_reservation_return): 200 GET http://10.180.1.21/compute/v2.1/servers/14464199-f906-4a82-b4de-85133373087e 1.467s
2025-11-26 11:38:41.188 67094 INFO tempest.lib.common.rest_client [req-0348b47f-eb8b-4123-996a-89b48d1f55c5 req-0348b47f-eb8b-4123-996a-89b48d1f55c5 ] Request (QuotasTestJSON:test_get_default_quotas): 200 GET http://10.180.1.21/compute/v2.1/os-quota-sets/06fbdc5354e84906b5d20d49764825a3/defaults 1.508s
2025-11-26 11:38:41.196 67059 INFO tempest.lib.common.rest_client [req-a82af7ba-b3f0-4375-89f6-e532d4a676d5 req-a82af7ba-b3f0-4375-89f6-e532d4a676d5 ] Request (VolumesAdminNegativeTest:tearDownClass): 200 GET http://10.180.1.21/compute/v2.1/servers/fb0b037b-8a3a-40bc-bbb7-2701c0c94a86 0.871s
2025-11-26 11:38:41.251 67061 INFO tempest.lib.common.rest_client [req-f9a27a24-0866-4eca-801d-9507b143fa22 req-f9a27a24-0866-4eca-801d-9507b143fa22 ] Request (ListImageFiltersTestJSON:setUpClass): 200 GET http://10.180.1.21/compute/v2.1/servers/ff6c6708-e7f8-4fa2-b9e6-be3834b31ccd 0.858s
2025-11-26 11:38:41.264 67067 INFO tempest.lib.common.rest_client [req-e6acdd99-b2ce-4219-8a73-583b7d38c301 req-e6acdd99-b2ce-4219-8a73-583b7d38c301 ] Request (DeleteServersAdminTestJSON:test_delete_server_while_in_error_state): 200 GET http://10.180.1.21/compute/v2.1/servers/01e5562e-5dc9-4d89-be42-8c85ccc8abdc 0.778s
2025-11-26 11:38:41.317 67115 INFO tempest.lib.common.rest_client [req-4a6e62bc-f52a-42d6-bca7-598e6f783d85 req-4a6e62bc-f52a-42d6-bca7-598e6f783d85 ] Request (DeleteServersTestJSON:test_delete_server_while_in_attached_volume): 200 GET http://10.180.1.21/compute/v2.1/servers/b5083c97-aad2-4966-9e53-7de4c0f7dbf3 0.775s
2025-11-26 11:38:41.331 67069 INFO tempest.lib.common.rest_client [req-0bdcef6b-64c6-4748-9867-9ab87f0b511c req-0bdcef6b-64c6-4748-9867-9ab87f0b511c ] Request (ServerRescueTestJSON:setUpClass): 200 GET http://10.180.1.21/compute/v2.1/servers/056d989b-3ed5-47f8-aed5-6eb644b8be9e 0.596s
2025-11-26 11:38:41.385 67089 INFO tempest.lib.common.rest_client [req-bd24728f-0bba-448f-8a78-7e2da6e7fe4c req-bd24728f-0bba-448f-8a78-7e2da6e7fe4c ] Request (ServersListShow2100Test:test_list_show_rebuild_update_server_2100): 200 GET http://10.180.1.21/compute/v2.1/servers/a49a7b6d-746c-4dfe-bb12-1c98a610dcdd 0.580s
2025-11-26 11:38:41.387 67065 INFO tempest.lib.common.rest_client [req-0b6950ee-81fa-4ed7-9e44-2d8c94dcbcc1 req-0b6950ee-81fa-4ed7-9e44-2d8c94dcbcc1 ] Request (ServerDiagnosticsV248Test:tearDownClass): 200 GET http://10.180.1.21/compute/v2.1/servers/c5b4e0ee-46e6-4e01-bf39-a49b7bc199d1 0.573s
2025-11-26 11:38:41.398 67089 INFO tempest.common.waiters [-] State transition "BUILD/block_device_mapping" ==> "BUILD/spawning" after 37 second wait
2025-11-26 11:38:41.436 67057 INFO tempest.lib.common.rest_client [req-c744b3e7-48fc-49b3-8510-19549bbab30f req-c744b3e7-48fc-49b3-8510-19549bbab30f ] Request (ServerDiskConfigTestJSON:test_rebuild_server_with_manual_disk_config): 200 GET http://10.180.1.21/compute/v2.1/servers/ed4e4a3a-75a2-4b48-ba22-cd20ab8c0535 0.540s
2025-11-26 11:38:41.445 67057 INFO tempest.common.waiters [-] State transition "BUILD/None" ==> "BUILD/networking" after 36 second wait
2025-11-26 11:38:41.459 67097 INFO tempest.lib.common.rest_client [req-fc04b7b0-017f-4c85-9ea2-864267a543d6 req-fc04b7b0-017f-4c85-9ea2-864267a543d6 ] Request (VolumesAssistedSnapshotsTest:tearDownClass): 204 DELETE http://10.180.1.21/compute/v2.1/servers/23dc6d40-0e4a-4ad3-a59e-6fb2dd1aff08 0.446s
2025-11-26 11:38:41.482 67085 INFO tempest.lib.common.rest_client [req-28049a4e-20ea-43bb-b3a7-448a544b26b3 req-28049a4e-20ea-43bb-b3a7-448a544b26b3 ] Request (FlavorsAdminTestJSON:_run_cleanups): 200 GET http://10.180.1.21/compute/v2.1/flavors/detail 0.455s
2025-11-26 11:38:41.486 67071 INFO tempest.lib.common.rest_client [req-af84caaf-3fc5-4313-a577-06a47d1f6012 req-af84caaf-3fc5-4313-a577-06a47d1f6012 ] Request (HypervisorAdminNegativeUnderV252Test:test_search_hypervisor_with_non_admin_user): 200 GET http://10.180.1.21/compute/v2.1/os-hypervisors 0.462s
2025-11-26 11:38:41.555 67103 INFO tempest.lib.common.rest_client [req-72f05ba1-8da6-4e44-8362-7e5eb94dfe8e req-72f05ba1-8da6-4e44-8362-7e5eb94dfe8e ] Request (AttachInterfacesV270Test:tearDownClass): 204 DELETE http://10.180.1.21/compute/v2.1/servers/98304333-e119-403d-8e82-2f81d1a03a5b 0.517s
2025-11-26 11:38:41.575 67063 INFO tempest.lib.common.rest_client [req-704fd18b-4148-407b-a066-e673e70769c7 req-704fd18b-4148-407b-a066-e673e70769c7 ] Request (ImagesMetadataNegativeTestJSON:test_set_nonexistent_image_metadata): 404 PUT http://10.180.1.21/compute/v2.1/images/19f8f5b7-8ec7-4178-b54d-bb854f4cc9a5/metadata 0.520s
2025-11-26 11:38:41.614 67094 INFO tempest.lib.common.rest_client [req-9e364d92-e691-4691-bc28-fd95d63d78a8 req-9e364d92-e691-4691-bc28-fd95d63d78a8 ] Request (QuotasTestJSON:test_get_quotas): 200 GET http://10.180.1.21/compute/v2.1/os-quota-sets/06fbdc5354e84906b5d20d49764825a3 0.421s
2025-11-26 11:38:41.633 67083 INFO tempest.lib.common.rest_client [req-9377932b-afc8-4e31-b7ef-e0d0c92fc529 req-9377932b-afc8-4e31-b7ef-e0d0c92fc529 ] Request (MigrationsAdminTest:test_list_migrations_in_flavor_resize_situation): 200 GET http://10.180.1.21/compute/v2.1/servers/9d5c5c27-025f-47e9-bf98-e216a6453c71 0.589s
2025-11-26 11:38:41.640 67083 INFO tempest.common.waiters [-] State transition "RESIZE/resize_migrated" ==> "RESIZE/resize_finish" after 37 second wait
2025-11-26 11:38:41.743 67099 INFO tempest.lib.common.rest_client [req-093f6a87-ed84-42c5-86d0-ef2e8ef5a102 req-093f6a87-ed84-42c5-86d0-ef2e8ef5a102 ] Request (ServerShowV257Test:tearDownClass): 200 GET http://10.180.1.21/compute/v2.1/servers/a3a86f82-cee1-4ac6-bd30-f0c325d68e3f 0.409s
2025-11-26 11:38:41.816 67073 INFO tempest.lib.common.rest_client [req-51d16a4a-96cb-429f-83f6-4d509661d2a6 req-51d16a4a-96cb-429f-83f6-4d509661d2a6 ] Request (FloatingIPsAssociationNegativeTestJSON:setUpClass): 200 GET http://10.180.1.21/compute/v2.1/servers/02827518-9bb2-4045-9926-3db0b8af3d84 0.548s
2025-11-26 11:38:41.817 67079 INFO tempest.lib.common.rest_client [req-c0e7ed8b-2c23-4a84-ad7f-6d2377f1b080 req-c0e7ed8b-2c23-4a84-ad7f-6d2377f1b080 ] Request (ServersTestBootFromVolume:setUpClass): 200 GET http://10.180.1.21/volume/v3/volumes/eb23b7d7-c064-4b78-8b1c-ac0241d4239d 0.039s
2025-11-26 11:38:41.835 67111 INFO tempest.lib.common.rest_client [req-7605e464-b484-41da-b4be-9717a5fee8c6 req-7605e464-b484-41da-b4be-9717a5fee8c6 ] Request (ServersNegativeTestJSON:setUpClass): 200 GET http://10.180.1.21/compute/v2.1/servers/fee67862-bff0-4c8a-be31-e1469a015722 0.451s
