2025-11-26 11:39:42.801 67073 INFO tempest.lib.common.rest_client [req-069717c1-e5c0-4642-8b60-0909e5cf01f6 req-069717c1-e5c0-4642-8b60-0909e5cf01f6 ] Request (FloatingIPsAssociationNegativeTestJSON:tearDownClass): 204 DELETE http://10.180.1.21/networking/v2.0/routers/7d419aca-8df1-44d1-ad69-3012063e59ce 0.617s
2025-11-26 11:39:42.801 67097 INFO tempest.lib.common.rest_client [req-c589c71a-1dbc-49d6-9f9a-a7d717720927 req-c589c71a-1dbc-49d6-9f9a-a7d717720927 ] Request (AZAdminNegativeTestJSON:tearDownClass): 204 DELETE http://10.180.1.21/identity/v3/projects/d8bdd695c5064dcb9172c0db7065a37f 0.086s
2025-11-26 11:39:42.877 67097 INFO tempest.lib.common.rest_client [req-566b3278-95cc-441d-a3c2-68007e7608f5 req-566b3278-95cc-441d-a3c2-68007e7608f5 ] Request (HostsAdminTestJSON:setUpClass): 201 POST http://10.180.1.21/identity/v3/auth/tokens 0.072s
2025-11-26 11:39:42.881 67079 INFO tempest.lib.common.rest_client [req-aaddcc96-0d70-4e95-91c1-661401b83bba req-aaddcc96-0d70-4e95-91c1-661401b83bba ] Request (ServersTestBootFromVolume:setUpClass): 200 GET http://10.180.1.21/compute/v2.1/servers/4354ad92-718e-460e-bfa9-85427f773bb7/os-interface 4.010s
2025-11-26 11:39:42.909 67085 INFO tempest.lib.common.rest_client [req-f2ad1485-5d1f-4138-8920-43501963d1f1 req-f2ad1485-5d1f-4138-8920-43501963d1f1 ] Request (FlavorsAccessNegativeTestJSON:test_remove_flavor_access_not_found): 200 POST http://10.180.1.21/compute/v2.1/flavors 3.905s
2025-11-26 11:39:42.921 67097 INFO tempest.lib.common.rest_client [req-e8d5b22a-c769-4eb0-882d-bf1ce82449ee req-e8d5b22a-c769-4eb0-882d-bf1ce82449ee ] Request (HostsAdminTestJSON:setUpClass): 201 POST http://10.180.1.21/identity/v3/auth/tokens 0.041s
2025-11-26 11:39:42.941 67115 INFO tempest.lib.common.rest_client [req-598ac005-0042-45e1-ac9b-4493b9ce1c42 req-598ac005-0042-45e1-ac9b-4493b9ce1c42 ] Request (DeleteServersTestJSON:test_delete_server_while_in_attached_volume): 200 GET http://10.180.1.21/volume/v3/volumes/4d26818e-8a90-470d-9ac5-ea7fc316b5a5 0.044s
2025-11-26 11:39:42.947 67061 INFO tempest.lib.common.rest_client [req-09af0b75-5616-4e4c-a353-4df69f92b743 req-09af0b75-5616-4e4c-a353-4df69f92b743 ] Request (ListImageFiltersTestJSON:setUpClass): 200 GET http://10.180.1.21/compute/v2.1/servers/3d0a0af6-6e8e-484e-886b-2f1452f539b7 4.545s
2025-11-26 11:39:42.952 67115 INFO tempest.common.waiters [-] Attachment b7199767-a039-4d29-b6ff-529f1dea30a6 created for volume 4d26818e-8a90-470d-9ac5-ea7fc316b5a5 to server b5083c97-aad2-4966-9e53-7de4c0f7dbf3 after waiting for 8.952443 seconds
2025-11-26 11:39:42.955 67097 INFO tempest.lib.common.rest_client [req-f83a4647-f239-489f-b777-824678fb0e7f req-f83a4647-f239-489f-b777-824678fb0e7f ] Request (HostsAdminTestJSON:setUpClass): 200 GET http://10.180.1.21/identity/v3/domains?name=Default 0.034s
2025-11-26 11:39:43.000 67097 INFO tempest.lib.common.rest_client [req-e6407159-2b67-4f76-9128-10118d451f53 req-e6407159-2b67-4f76-9128-10118d451f53 ] Request (HostsAdminTestJSON:setUpClass): 201 POST http://10.180.1.21/identity/v3/projects 0.045s
2025-11-26 11:39:43.001 67115 INFO tempest.lib.common.rest_client [req-a422178a-cd7c-4f0a-b3c0-ea4368459d39 req-a422178a-cd7c-4f0a-b3c0-ea4368459d39 ] Request (DeleteServersTestJSON:test_delete_server_while_in_attached_volume): 200 GET http://10.180.1.21/volume/v3/volumes/4d26818e-8a90-470d-9ac5-ea7fc316b5a5 0.049s
2025-11-26 11:39:43.012 67115 INFO tempest.common.waiters [-] volume 4d26818e-8a90-470d-9ac5-ea7fc316b5a5 reached in-use after waiting for 0.012829 seconds
2025-11-26 11:39:43.013 67105 WARNING tempest.lib.common.ssh [-] Failed to establish authenticated ssh connection to cirros@10.180.180.208 ([Errno None] Unable to connect to port 22 on 10.180.180.208). Number attempts: 10. Retry after 11 seconds.: paramiko.ssh_exception.NoValidConnectionsError: [Errno None] Unable to connect to port 22 on 10.180.180.208
2025-11-26 11:39:43.088 67097 INFO tempest.lib.common.rest_client [req-77630e0c-dd49-434d-a8a5-c8f90d2d4019 req-77630e0c-dd49-434d-a8a5-c8f90d2d4019 ] Request (HostsAdminTestJSON:setUpClass): 201 POST http://10.180.1.21/identity/v3/users 0.086s
2025-11-26 11:39:43.094 67073 INFO tempest.lib.common.rest_client [req-cec6a5e4-c026-42c6-9a23-f10fed88cc56 req-cec6a5e4-c026-42c6-9a23-f10fed88cc56 ] Request (FloatingIPsAssociationNegativeTestJSON:tearDownClass): 204 DELETE http://10.180.1.21/networking/v2.0/subnets/690cb339-52f0-4fce-a318-52f14910f907 0.293s
2025-11-26 11:39:43.114 67097 INFO tempest.lib.common.rest_client [req-37d5822b-b900-4df4-bb3a-cdf543a05f58 req-37d5822b-b900-4df4-bb3a-cdf543a05f58 ] Request (HostsAdminTestJSON:setUpClass): 200 GET http://10.180.1.21/identity/v3/roles 0.025s
2025-11-26 11:39:43.146 67097 INFO tempest.lib.common.rest_client [req-bb7dcbdc-a59c-4352-ab87-f6bdd315f972 req-bb7dcbdc-a59c-4352-ab87-f6bdd315f972 ] Request (HostsAdminTestJSON:setUpClass): 204 PUT http://10.180.1.21/identity/v3/projects/f0e40f9e1af44e2f9a4e655390b599c5/users/8fe95f4860c8407eb199df470daa7e45/roles/4975de6f0a7c42f38a764a380fbf328b 0.032s
2025-11-26 11:39:43.146 67097 INFO tempest.lib.common.dynamic_creds [-] Dynamic test user 8fe95f4860c8407eb199df470daa7e45 is created with scope project and roles: ['member']
2025-11-26 11:39:43.148 67097 INFO tempest.lib.common.dynamic_creds [-] Acquired dynamic creds: credentials: Credentials: {'domain_id': 'default', 'domain_name': 'Default', 'username': 'tempest-HostsAdminTestJSON-1718956439-project-member', 'project_domain_id': 'default', 'project_domain_name': 'Default', 'project_id': 'f0e40f9e1af44e2f9a4e655390b599c5', 'project_name': 'tempest-HostsAdminTestJSON-1718956439', 'tenant_id': 'f0e40f9e1af44e2f9a4e655390b599c5', 'tenant_name': 'tempest-HostsAdminTestJSON-1718956439', 'user_domain_id': 'default', 'user_domain_name': 'Default', 'user_id': '8fe95f4860c8407eb199df470daa7e45', 'system': None}, Network: None, Subnet: None, Router: None
2025-11-26 11:39:43.148 67097 INFO tempest.lib.common.dynamic_creds [-] Created isolated network resources for: credentials: Credentials: {'domain_id': 'default', 'domain_name': 'Default', 'username': 'tempest-HostsAdminTestJSON-1718956439-project-member', 'project_domain_id': 'default', 'project_domain_name': 'Default', 'project_id': 'f0e40f9e1af44e2f9a4e655390b599c5', 'project_name': 'tempest-HostsAdminTestJSON-1718956439', 'tenant_id': 'f0e40f9e1af44e2f9a4e655390b599c5', 'tenant_name': 'tempest-HostsAdminTestJSON-1718956439', 'user_domain_id': 'default', 'user_domain_name': 'Default', 'user_id': '8fe95f4860c8407eb199df470daa7e45', 'system': None}, Network: None, Subnet: None, Router: None
2025-11-26 11:39:43.238 67097 INFO tempest.lib.common.rest_client [req-d377ff64-0a1a-48df-93d7-3eef41408c78 req-d377ff64-0a1a-48df-93d7-3eef41408c78 ] Request (HostsAdminTestJSON:setUpClass): 201 POST http://10.180.1.21/identity/v3/auth/tokens 0.085s
2025-11-26 11:39:43.328 67097 INFO tempest.lib.common.rest_client [req-e18fcc1e-701c-491d-a216-c3d4143d9648 req-e18fcc1e-701c-491d-a216-c3d4143d9648 ] Request (HostsAdminTestJSON:setUpClass): 201 POST http://10.180.1.21/identity/v3/projects 0.089s
2025-11-26 11:39:43.401 67097 INFO tempest.lib.common.rest_client [req-6f375e53-6bcf-4f7e-9bb9-d3fd5fd9a26b req-6f375e53-6bcf-4f7e-9bb9-d3fd5fd9a26b ] Request (HostsAdminTestJSON:setUpClass): 201 POST http://10.180.1.21/identity/v3/users 0.071s
2025-11-26 11:39:43.426 67097 INFO tempest.lib.common.rest_client [req-0a9e1be3-9057-46a7-9756-4e3eecc6830d req-0a9e1be3-9057-46a7-9756-4e3eecc6830d ] Request (HostsAdminTestJSON:setUpClass): 200 GET http://10.180.1.21/identity/v3/roles 0.024s
2025-11-26 11:39:43.471 67097 INFO tempest.lib.common.rest_client [req-ff57fcdd-1947-4b4a-975b-a014f1d7a9f1 req-ff57fcdd-1947-4b4a-975b-a014f1d7a9f1 ] Request (HostsAdminTestJSON:setUpClass): 204 PUT http://10.180.1.21/identity/v3/projects/6ba42ce3d5714f40b5db03c11a229e52/users/316d015729c44371bf10dbcf55cb9758/roles/fbeac1cea8724da7acee87f1fae63f58 0.044s
2025-11-26 11:39:43.530 67097 INFO tempest.lib.common.rest_client [req-cbefd131-901b-47a0-8f0a-634fc2874938 req-cbefd131-901b-47a0-8f0a-634fc2874938 ] Request (HostsAdminTestJSON:setUpClass): 200 GET http://10.180.1.21/identity/v3/roles 0.059s
2025-11-26 11:39:43.554 67097 INFO tempest.lib.common.rest_client [req-fc0dd328-d213-42d8-aab3-a5e933164854 req-fc0dd328-d213-42d8-aab3-a5e933164854 ] Request (HostsAdminTestJSON:setUpClass): 204 PUT http://10.180.1.21/identity/v3/projects/6ba42ce3d5714f40b5db03c11a229e52/users/316d015729c44371bf10dbcf55cb9758/roles/fbeac1cea8724da7acee87f1fae63f58 0.024s
2025-11-26 11:39:43.554 67097 INFO tempest.lib.common.dynamic_creds [-] Dynamic test user 316d015729c44371bf10dbcf55cb9758 is created with scope project and roles: ['admin']
2025-11-26 11:39:43.555 67097 INFO tempest.lib.common.dynamic_creds [-] Acquired dynamic creds: credentials: Credentials: {'domain_id': 'default', 'domain_name': 'Default', 'username': 'tempest-HostsAdminTestJSON-1651680564-project-admin', 'project_domain_id': 'default', 'project_domain_name': 'Default', 'project_id': '6ba42ce3d5714f40b5db03c11a229e52', 'project_name': 'tempest-HostsAdminTestJSON-1651680564', 'tenant_id': '6ba42ce3d5714f40b5db03c11a229e52', 'tenant_name': 'tempest-HostsAdminTestJSON-1651680564', 'user_domain_id': 'default', 'user_domain_name': 'Default', 'user_id': '316d015729c44371bf10dbcf55cb9758', 'system': None}, Network: None, Subnet: None, Router: None
2025-11-26 11:39:43.555 67097 INFO tempest.lib.common.dynamic_creds [-] Created isolated network resources for: credentials: Credentials: {'domain_id': 'default', 'domain_name': 'Default', 'username': 'tempest-HostsAdminTestJSON-1651680564-project-admin', 'project_domain_id': 'default', 'project_domain_name': 'Default', 'project_id': '6ba42ce3d5714f40b5db03c11a229e52', 'project_name': 'tempest-HostsAdminTestJSON-1651680564', 'tenant_id': '6ba42ce3d5714f40b5db03c11a229e52', 'tenant_name': 'tempest-HostsAdminTestJSON-1651680564', 'user_domain_id': 'default', 'user_domain_name': 'Default', 'user_id': '316d015729c44371bf10dbcf55cb9758', 'system': None}, Network: None, Subnet: None, Router: None
2025-11-26 11:39:43.598 67117 INFO tempest.lib.common.rest_client [req-8cb0f583-ffb2-49b7-be55-1c64d51af92c req-8cb0f583-ffb2-49b7-be55-1c64d51af92c ] Request (ImagesOneServerTestJSON:setUpClass): 201 POST http://10.180.1.21/networking/v2.0/routers 1.070s
2025-11-26 11:39:43.656 67103 INFO tempest.lib.common.rest_client [req-8822d2c9-dbab-43f9-9e06-94178a9a1444 req-8822d2c9-dbab-43f9-9e06-94178a9a1444 ] Request (ServersTestManualDisk:setUpClass): 200 GET http://10.180.1.21/compute/v2.1/servers/31337770-275a-45fc-8902-e627577831c8 4.575s
2025-11-26 11:39:43.657 67079 INFO tempest.lib.common.rest_client [req-11e341fe-0dce-4a58-9321-c70361e3aba0 req-11e341fe-0dce-4a58-9321-c70361e3aba0 ] Request (ServersTestBootFromVolume:setUpClass): 200 PUT http://10.180.1.21/networking/v2.0/floatingips/06b84daf-85a3-44e7-a520-272ac91add36 0.774s
2025-11-26 11:39:43.668 67097 INFO tempest.lib.common.rest_client [req-e483b6ec-3b9b-4b63-9d94-fad7a7657ef8 req-e483b6ec-3b9b-4b63-9d94-fad7a7657ef8 ] Request (HostsAdminTestJSON:setUpClass): 201 POST http://10.180.1.21/identity/v3/auth/tokens 0.110s
2025-11-26 11:39:43.668 67103 INFO tempest.common.waiters [-] State transition "BUILD/scheduling" ==> "BUILD/None" after 5 second wait
2025-11-26 11:39:43.777 67113 INFO tempest.lib.common.rest_client [req-cae05bf7-3ca1-4640-88e2-f6b74f4711f2 req-cae05bf7-3ca1-4640-88e2-f6b74f4711f2 ] Request (SecurityGroupsTestJSON:test_list_security_groups_by_server): 200 POST http://10.180.1.21/compute/v2.1/os-security-groups 4.226s
2025-11-26 11:39:43.931 67073 INFO tempest.lib.common.rest_client [req-d32a0596-f8d6-4a91-9790-affab278d073 req-d32a0596-f8d6-4a91-9790-affab278d073 ] Request (FloatingIPsAssociationNegativeTestJSON:tearDownClass): 204 DELETE http://10.180.1.21/networking/v2.0/networks/364b5919-ee58-469f-827d-d8d0625dfd2f 0.836s
2025-11-26 11:39:44.053 67065 INFO tempest.lib.common.rest_client [req-c13eb3b8-08e9-4629-bb7c-0ba91f47a3ab req-c13eb3b8-08e9-4629-bb7c-0ba91f47a3ab ] Request (ImagesTestJSON:test_create_image_from_stopped_server): 200 GET http://10.180.1.21/compute/v2.1/servers/3db1607d-5575-47c0-b95e-87ec860f2de2 3.433s
2025-11-26 11:39:44.068 67073 INFO tempest.lib.common.rest_client [req-8cdfdb8e-9359-4781-9978-7a0adcd75ca8 req-8cdfdb8e-9359-4781-9978-7a0adcd75ca8 ] Request (FloatingIPsAssociationNegativeTestJSON:tearDownClass): 204 DELETE http://10.180.1.21/identity/v3/users/b02b4d1fd50048e39bd9cab394e6f3d1 0.136s
2025-11-26 11:39:44.069 67073 INFO tempest.lib.common.dynamic_creds [-] Deleting project and security group for project: 97c1778db8964c15858195c296b5d3ea
2025-11-26 11:39:44.070 67083 INFO tempest.lib.common.rest_client [req-cc661fc3-21d1-40b6-90e7-2fdb40a435c9 req-cc661fc3-21d1-40b6-90e7-2fdb40a435c9 ] Request (MigrationsAdminTest:test_resize_server_revert_deleted_flavor): 200 GET http://10.180.1.21/compute/v2.1/flavors/42 3.299s
2025-11-26 11:39:44.122 67063 INFO tempest.lib.common.rest_client [req-8fd06792-3b32-4747-951b-0c1346685527 req-8fd06792-3b32-4747-951b-0c1346685527 ] Request (ServersV294TestFqdnHostnames:setUpClass): 200 GET http://10.180.1.21/compute/v2.1/servers/3179071d-5c24-484f-be25-3e088a078dff 4.152s
2025-11-26 11:39:44.130 67073 INFO tempest.lib.common.rest_client [req-5504700e-efc8-4acd-8a72-11b4dcb7fac0 req-5504700e-efc8-4acd-8a72-11b4dcb7fac0 ] Request (FloatingIPsAssociationNegativeTestJSON:tearDownClass): 200 GET http://10.180.1.21/networking/v2.0/security-groups?tenant_id=97c1778db8964c15858195c296b5d3ea&name=default 0.061s
2025-11-26 11:39:44.355 67073 INFO tempest.lib.common.rest_client [req-9b21d763-f54f-4a78-9309-289aac5daacf req-9b21d763-f54f-4a78-9309-289aac5daacf ] Request (FloatingIPsAssociationNegativeTestJSON:tearDownClass): 204 DELETE http://10.180.1.21/networking/v2.0/security-groups/751b39aa-ae1e-468e-915d-19d25f89e7b3 0.224s
2025-11-26 11:39:44.386 67111 INFO tempest.lib.common.rest_client [req-211dad88-ea72-4f72-99c1-fc107102691b req-211dad88-ea72-4f72-99c1-fc107102691b ] Request (ServersNegativeTestJSON:setUpClass): 200 GET http://10.180.1.21/compute/v2.1/servers/90fa49dd-c5a5-4af0-bdcd-3fa19c1ce360 3.470s
2025-11-26 11:39:44.416 67119 INFO tempest.lib.common.rest_client [req-fa97baf5-1b94-46e6-8df0-86b1f8922c95 req-fa97baf5-1b94-46e6-8df0-86b1f8922c95 ] Request (ServersAdminTestJSON:test_inject_network_info): 200 GET http://10.180.1.21/compute/v2.1/servers/433af8d7-4e19-4bd0-977c-c329649a8594 3.536s
2025-11-26 11:39:44.458 67057 INFO tempest.lib.common.rest_client [req-dc969f6a-d9c1-4670-ac40-c5a11f38c04d req-dc969f6a-d9c1-4670-ac40-c5a11f38c04d ] Request (ServerDiskConfigTestJSON:test_resize_server_from_auto_to_manual): 200 GET http://10.180.1.21/compute/v2.1/servers/f895d6dd-d974-4f37-be5c-629abed17535 3.361s
2025-11-26 11:39:44.499 67073 INFO tempest.lib.common.rest_client [req-173a3e12-ff95-445d-89dc-2c155d226f8f req-173a3e12-ff95-445d-89dc-2c155d226f8f ] Request (FloatingIPsAssociationNegativeTestJSON:tearDownClass): 204 DELETE http://10.180.1.21/identity/v3/projects/97c1778db8964c15858195c296b5d3ea 0.144s
2025-11-26 11:39:44.526 67071 INFO tempest.lib.common.rest_client [req-d2302330-8a75-424e-9b45-62288fe3b0d0 req-d2302330-8a75-424e-9b45-62288fe3b0d0 ] Request (InstanceActionsNegativeTestJSON:setUpClass): 200 GET http://10.180.1.21/compute/v2.1/servers/8be15dd7-f3cc-4df1-92bd-9c15380cf467 3.389s
2025-11-26 11:39:44.538 67067 INFO tempest.lib.common.rest_client [req-f4540903-d419-442d-aab7-42fb6cc88829 req-f4540903-d419-442d-aab7-42fb6cc88829 ] Request (HostsAdminNegativeTestJSON:test_reboot_nonexistent_host): 404 GET http://10.180.1.21/compute/v2.1/os-hosts/nonexistent_hostname/reboot 3.319s
2025-11-26 11:39:44.584 67073 INFO tempest.lib.common.rest_client [req-9d3e3a30-575a-468b-a65f-eaf71b57138b req-9d3e3a30-575a-468b-a65f-eaf71b57138b ] Request (AZV2TestJSON:setUpClass): 201 POST http://10.180.1.21/identity/v3/auth/tokens 0.083s
2025-11-26 11:39:44.619 67107 INFO tempest.lib.common.rest_client [req-3b46e081-95a4-41b6-a129-8d496bf368f1 req-3b46e081-95a4-41b6-a129-8d496bf368f1 ] Request (AttachInterfacesTestJSON:_run_cleanups): 200 GET http://10.180.1.21/compute/v2.1/servers/2f29056a-97ac-4b73-8b60-1cd07e7f21dc 3.132s
2025-11-26 11:39:44.628 67073 INFO tempest.lib.common.rest_client [req-fe9f05be-0d45-46b9-aadc-81e046f106e6 req-fe9f05be-0d45-46b9-aadc-81e046f106e6 ] Request (AZV2TestJSON:setUpClass): 201 POST http://10.180.1.21/identity/v3/auth/tokens 0.040s
2025-11-26 11:39:44.666 67073 INFO tempest.lib.common.rest_client [req-13024033-9c4e-4bd6-b16c-21c1e3d740b2 req-13024033-9c4e-4bd6-b16c-21c1e3d740b2 ] Request (AZV2TestJSON:setUpClass): 200 GET http://10.180.1.21/identity/v3/domains?name=Default 0.037s
2025-11-26 11:39:44.700 67073 INFO tempest.lib.common.rest_client [req-ba79f336-4124-4ff2-893b-54cb5c121e67 req-ba79f336-4124-4ff2-893b-54cb5c121e67 ] Request (AZV2TestJSON:setUpClass): 201 POST http://10.180.1.21/identity/v3/projects 0.034s
2025-11-26 11:39:44.763 67117 INFO tempest.lib.common.rest_client [req-dbb3d83a-a34a-4e7a-a03a-920341447360 req-dbb3d83a-a34a-4e7a-a03a-920341447360 ] Request (ImagesOneServerTestJSON:setUpClass): 200 PUT http://10.180.1.21/networking/v2.0/routers/34f184c9-0e09-4084-9093-2535753b5c30/add_router_interface 1.165s
2025-11-26 11:39:44.764 67117 INFO tempest.lib.common.dynamic_creds [-] Created isolated network resources for: credentials: Credentials: {'domain_id': 'default', 'domain_name': 'Default', 'username': 'tempest-ImagesOneServerTestJSON-711821465-project-member', 'project_domain_id': 'default', 'project_domain_name': 'Default', 'project_id': '14b8cb68c85e492d883084bb66c2d248', 'project_name': 'tempest-ImagesOneServerTestJSON-711821465', 'tenant_id': '14b8cb68c85e492d883084bb66c2d248', 'tenant_name': 'tempest-ImagesOneServerTestJSON-711821465', 'user_domain_id': 'default', 'user_domain_name': 'Default', 'user_id': '484c1dc20d714edc9c0f1b6ca8e8b652', 'system': None}, Network: {'id': '5760698d-033b-4719-a19f-f71915183eb5', 'name': 'tempest-ImagesOneServerTestJSON-1258287152-network', 'tenant_id': '14b8cb68c85e492d883084bb66c2d248', 'project_id': '14b8cb68c85e492d883084bb66c2d248', 'admin_state_up': True, 'mtu': 8950, 'status': 'ACTIVE', 'subnets': [], 'shared': False, 'port_security_enabled': True, 'router:external': False, 'provider:network_type': 'vlan', 'provider:physical_network': 'default', 'provider:segmentation_id': 242, 'availability_zone_hints': [], 'availability_zones': [], 'ipv4_address_scope': None, 'ipv6_address_scope': None, 'description': '', 'tags': [], 'created_at': '2025-11-26T11:39:41Z', 'updated_at': '2025-11-26T11:39:42Z', 'revision_number': 1}, Subnet: {'id': '4291f9eb-3968-488a-b549-77e722ce2cb2', 'name': 'tempest-ImagesOneServerTestJSON-1258287152-subnet', 'tenant_id': '14b8cb68c85e492d883084bb66c2d248', 'network_id': '5760698d-033b-4719-a19f-f71915183eb5', 'ip_version': 4, 'subnetpool_id': None, 'enable_dhcp': True, 'ipv6_ra_mode': None, 'ipv6_address_mode': None, 'gateway_ip': '192.168.128.1', 'cidr': '192.168.128.0/28', 'allocation_pools': [{'start': '192.168.128.2', 'end': '192.168.128.14'}], 'host_routes': [], 'dns_nameservers': [], 'description': '', 'router:external': False, 'service_types': [], 'tags': [], 'created_at': '2025-11-26T11:39:42Z', 'updated_at': '2025-11-26T11:39:42Z', 'revision_number': 0, 'project_id': '14b8cb68c85e492d883084bb66c2d248'}, Router: {'id': '34f184c9-0e09-4084-9093-2535753b5c30', 'name': 'tempest-ImagesOneServerTestJSON-1258287152-router', 'tenant_id': '14b8cb68c85e492d883084bb66c2d248', 'admin_state_up': True, 'status': 'ACTIVE', 'external_gateway_info': {'network_id': '76852b5a-ffa2-44f0-9f1a-bcad601aef52', 'external_fixed_ips': [{'subnet_id': '84e6da90-a306-45b5-acc5-09d7717addc8', 'ip_address': '10.180.180.228'}], 'enable_snat': True}, 'description': '', 'availability_zones': [], 'distributed': False, 'ha': False, 'availability_zone_hints': [], 'routes': [], 'flavor_id': None, 'tags': [], 'created_at': '2025-11-26T11:39:42Z', 'updated_at': '2025-11-26T11:39:43Z', 'revision_number': 2, 'project_id': '14b8cb68c85e492d883084bb66c2d248'}
2025-11-26 11:39:44.781 67073 INFO tempest.lib.common.rest_client [req-10d5c42c-cb78-4ed5-a000-f76f9991fd1c req-10d5c42c-cb78-4ed5-a000-f76f9991fd1c ] Request (AZV2TestJSON:setUpClass): 201 POST http://10.180.1.21/identity/v3/users 0.080s
2025-11-26 11:39:44.806 67073 INFO tempest.lib.common.rest_client [req-9698c3ab-3893-4029-a4b6-1e2d91897e95 req-9698c3ab-3893-4029-a4b6-1e2d91897e95 ] Request (AZV2TestJSON:setUpClass): 200 GET http://10.180.1.21/identity/v3/roles 0.024s
2025-11-26 11:39:44.830 67077 INFO tempest.lib.common.rest_client [req-d99027d9-2dc1-4f92-ba1f-ea948d041593 req-d99027d9-2dc1-4f92-ba1f-ea948d041593 ] Request (AttachInterfacesUnderV243Test:test_add_remove_fixed_ip): 200 GET http://10.180.1.21/compute/v2.1/servers/13bbdc0c-b101-4e32-ad0e-70bce4f646c2 3.178s
2025-11-26 11:39:44.838 67073 INFO tempest.lib.common.rest_client [req-57fa7467-81a4-4443-a80f-9828017789b2 req-57fa7467-81a4-4443-a80f-9828017789b2 ] Request (AZV2TestJSON:setUpClass): 204 PUT http://10.180.1.21/identity/v3/projects/aaf67d3042a34c8d960c1728b05b3b99/users/e88d23796be445069e7141c33060638e/roles/4975de6f0a7c42f38a764a380fbf328b 0.031s
2025-11-26 11:39:44.838 67073 INFO tempest.lib.common.dynamic_creds [-] Dynamic test user e88d23796be445069e7141c33060638e is created with scope project and roles: ['member']
2025-11-26 11:39:44.838 67073 INFO tempest.lib.common.dynamic_creds [-] Acquired dynamic creds: credentials: Credentials: {'domain_id': 'default', 'domain_name': 'Default', 'username': 'tempest-AZV2TestJSON-1224246375-project-member', 'project_domain_id': 'default', 'project_domain_name': 'Default', 'project_id': 'aaf67d3042a34c8d960c1728b05b3b99', 'project_name': 'tempest-AZV2TestJSON-1224246375', 'tenant_id': 'aaf67d3042a34c8d960c1728b05b3b99', 'tenant_name': 'tempest-AZV2TestJSON-1224246375', 'user_domain_id': 'default', 'user_domain_name': 'Default', 'user_id': 'e88d23796be445069e7141c33060638e', 'system': None}, Network: None, Subnet: None, Router: None
2025-11-26 11:39:44.838 67073 INFO tempest.lib.common.dynamic_creds [-] Created isolated network resources for: credentials: Credentials: {'domain_id': 'default', 'domain_name': 'Default', 'username': 'tempest-AZV2TestJSON-1224246375-project-member', 'project_domain_id': 'default', 'project_domain_name': 'Default', 'project_id': 'aaf67d3042a34c8d960c1728b05b3b99', 'project_name': 'tempest-AZV2TestJSON-1224246375', 'tenant_id': 'aaf67d3042a34c8d960c1728b05b3b99', 'tenant_name': 'tempest-AZV2TestJSON-1224246375', 'user_domain_id': 'default', 'user_domain_name': 'Default', 'user_id': 'e88d23796be445069e7141c33060638e', 'system': None}, Network: None, Subnet: None, Router: None
2025-11-26 11:39:44.843 67077 INFO tempest.lib.common.ssh [-] Creating ssh connection to '10.180.180.151:22' as 'cirros' with public key authentication
2025-11-26 11:39:44.869 67117 INFO tempest.lib.common.rest_client [req-75b82f3e-25e7-489c-94ae-d0a7819b720d req-75b82f3e-25e7-489c-94ae-d0a7819b720d ] Request (ImagesOneServerTestJSON:setUpClass): 201 POST http://10.180.1.21/identity/v3/auth/tokens 0.100s
2025-11-26 11:39:44.884 67075 INFO tempest.lib.common.rest_client [req-974da29d-47ab-4f49-aa29-b0c8a7943f6a req-974da29d-47ab-4f49-aa29-b0c8a7943f6a ] Request (ListServerFiltersTestJSON:setUpClass): 200 GET http://10.180.1.21/compute/v2.1/servers/98cfe1ea-ef3e-479b-a75e-d63b61743333 3.226s
2025-11-26 11:39:44.947 67073 INFO tempest.lib.common.rest_client [req-9c61e773-a517-4f75-9cdd-1c331416feb6 req-9c61e773-a517-4f75-9cdd-1c331416feb6 ] Request (AZV2TestJSON:setUpClass): 201 POST http://10.180.1.21/identity/v3/auth/tokens 0.106s
2025-11-26 11:39:44.971 67117 INFO tempest.lib.common.rest_client [req-87c76117-68fd-49e6-843e-b55f19504ec2 req-87c76117-68fd-49e6-843e-b55f19504ec2 ] Request (ImagesOneServerTestJSON:setUpClass): 201 POST http://10.180.1.21/identity/v3/auth/tokens 0.097s
2025-11-26 11:39:44.972 67117 INFO tempest.lib.common.fixed_network [-] (ImagesOneServerTestJSON:setUpClass) Found network {'id': '5760698d-033b-4719-a19f-f71915183eb5', 'name': 'tempest-ImagesOneServerTestJSON-1258287152-network', 'tenant_id': '14b8cb68c85e492d883084bb66c2d248', 'project_id': '14b8cb68c85e492d883084bb66c2d248', 'admin_state_up': True, 'mtu': 8950, 'status': 'ACTIVE', 'subnets': [], 'shared': False, 'port_security_enabled': True, 'router:external': False, 'provider:network_type': 'vlan', 'provider:physical_network': 'default', 'provider:segmentation_id': 242, 'availability_zone_hints': [], 'availability_zones': [], 'ipv4_address_scope': None, 'ipv6_address_scope': None, 'description': '', 'tags': [], 'created_at': '2025-11-26T11:39:41Z', 'updated_at': '2025-11-26T11:39:42Z', 'revision_number': 1} available for tenant
2025-11-26 11:39:44.983 67089 INFO tempest.lib.common.rest_client [req-c34e335d-d604-4dc1-92f5-2566a9c38234 req-c34e335d-d604-4dc1-92f5-2566a9c38234 ] Request (ServersListShow2100Test:tearDownClass): 200 GET http://10.180.1.21/compute/v2.1/servers/a49a7b6d-746c-4dfe-bb12-1c98a610dcdd 2.969s
2025-11-26 11:39:45.008 67091 INFO tempest.lib.common.rest_client [req-3beab8b5-37a4-47eb-ab10-d5c19da9fe8f req-3beab8b5-37a4-47eb-ab10-d5c19da9fe8f ] Request (MultipleCreateTestJSON:tearDownClass): 404 GET http://10.180.1.21/compute/v2.1/servers/cf9a7cf3-cf40-44ac-bfde-35260ad12e74 2.835s
2025-11-26 11:39:45.031 67095 INFO tempest.lib.common.rest_client [req-634de75f-5c28-4db4-9d15-9dbef02ed044 req-634de75f-5c28-4db4-9d15-9dbef02ed044 ] Request (InstanceActionsTestJSON:tearDownClass): 404 GET http://10.180.1.21/compute/v2.1/servers/e6955974-6ed4-45b5-947d-37d908095f81 2.838s
2025-11-26 11:39:45.032 67059 INFO tempest.lib.common.rest_client [req-ccca0eea-0c6f-48f9-99a8-59067118affc req-ccca0eea-0c6f-48f9-99a8-59067118affc ] Request (ImagesOneServerNegativeTestJSON:setUpClass): 202 POST http://10.180.1.21/compute/v2.1/servers 3.910s
2025-11-26 11:39:45.158 67085 INFO tempest.lib.common.rest_client [req-367ffdf0-713f-4a91-82e6-610510be7550 req-367ffdf0-713f-4a91-82e6-610510be7550 ] Request (FlavorsAccessNegativeTestJSON:test_remove_flavor_access_not_found): 404 POST http://10.180.1.21/compute/v2.1/flavors/980773855/action 2.244s
2025-11-26 11:39:45.318 67115 INFO tempest.lib.common.rest_client [req-39ba4cad-0bfc-45a4-819c-cfa004a79df0 req-39ba4cad-0bfc-45a4-819c-cfa004a79df0 ] Request (DeleteServersTestJSON:test_delete_server_while_in_attached_volume): 204 DELETE http://10.180.1.21/compute/v2.1/servers/b5083c97-aad2-4966-9e53-7de4c0f7dbf3 2.305s
2025-11-26 11:39:45.514 67069 INFO tempest.lib.common.rest_client [req-13487579-e4c7-401a-b66f-df44bf2cd10c req-13487579-e4c7-401a-b66f-df44bf2cd10c ] Request (ServerRescueTestJSON:setUpClass): 200 GET http://10.180.1.21/compute/v2.1/servers/056d989b-3ed5-47f8-aed5-6eb644b8be9e 2.213s
2025-11-26 11:39:45.522 67069 INFO tempest.common.waiters [-] State transition "ACTIVE/rescuing" ==> "RESCUE/None" after 8 second wait
2025-11-26 11:39:45.605 67069 INFO tempest.lib.common.rest_client [req-0be74533-6474-4794-893c-f7edd4978e71 req-0be74533-6474-4794-893c-f7edd4978e71 ] Request (ServerRescueTestJSON:test_rescue_unrescue_instance): 201 POST http://10.180.1.21/identity/v3/auth/tokens 0.078s
2025-11-26 11:39:45.606 67069 INFO tempest.lib.common.fixed_network [-] (ServerRescueTestJSON:test_rescue_unrescue_instance) Found network {'id': '700e605b-4bc2-40c0-bc0f-7ffa4f7bfea7', 'name': 'tempest-ServerRescueTestJSON-263050378-network', 'tenant_id': '20bc1b033df44baa9e7424f308dfe7b2', 'project_id': '20bc1b033df44baa9e7424f308dfe7b2', 'admin_state_up': True, 'mtu': 8950, 'status': 'ACTIVE', 'subnets': [], 'shared': False, 'port_security_enabled': True, 'router:external': False, 'provider:network_type': 'vlan', 'provider:physical_network': 'default', 'provider:segmentation_id': 216, 'availability_zone_hints': [], 'availability_zones': [], 'ipv4_address_scope': None, 'ipv6_address_scope': None, 'description': '', 'tags': [], 'created_at': '2025-11-26T11:38:20Z', 'updated_at': '2025-11-26T11:38:20Z', 'revision_number': 1} available for tenant
2025-11-26 11:39:45.614 67061 INFO tempest.lib.common.rest_client [req-f6c567d1-1599-48aa-a366-98e4e826c261 req-f6c567d1-1599-48aa-a366-98e4e826c261 ] Request (ListImageFiltersTestJSON:setUpClass): 202 POST http://10.180.1.21/compute/v2.1/servers/3d0a0af6-6e8e-484e-886b-2f1452f539b7/action 2.655s
2025-11-26 11:39:45.705 67079 INFO tempest.lib.common.rest_client [req-0706e8fe-fb8e-42f7-915b-9936d0ae435d req-0706e8fe-fb8e-42f7-915b-9936d0ae435d ] Request (ServersTestBootFromVolume:setUpClass): 200 GET http://10.180.1.21/compute/v2.1/servers/4354ad92-718e-460e-bfa9-85427f773bb7 2.046s
2025-11-26 11:39:45.714 67079 INFO tempest.lib.common.ssh [-] Creating ssh connection to '10.180.180.188:22' as 'cirros' with public key authentication
2025-11-26 11:39:45.789 67097 INFO tempest.lib.common.rest_client [req-466ee826-05e6-4eb7-965f-882b1910d554 req-466ee826-05e6-4eb7-965f-882b1910d554 ] Request (HostsAdminTestJSON:test_list_hosts): 200 GET http://10.180.1.21/compute/v2.1/os-hosts 2.119s
2025-11-26 11:39:45.814 67083 INFO tempest.lib.common.rest_client [req-3ef4aae7-dde8-416e-bec2-dbfe864fd636 req-3ef4aae7-dde8-416e-bec2-dbfe864fd636 ] Request (MigrationsAdminTest:test_resize_server_revert_deleted_flavor): 200 POST http://10.180.1.21/compute/v2.1/flavors 1.742s
2025-11-26 11:39:45.819 67067 INFO tempest.lib.common.rest_client [req-2948097b-1513-417d-ab1d-70b70caea3d2 req-2948097b-1513-417d-ab1d-70b70caea3d2 ] Request (HostsAdminNegativeTestJSON:test_show_host_detail_with_non_admin_user): 403 GET http://10.180.1.21/compute/v2.1/os-hosts/devstack 1.280s
2025-11-26 11:39:45.833 67113 INFO tempest.lib.common.rest_client [req-ffa21ff2-fa41-4e4b-94fc-09b00de79a8f req-ffa21ff2-fa41-4e4b-94fc-09b00de79a8f ] Request (SecurityGroupsTestJSON:test_list_security_groups_by_server): 200 POST http://10.180.1.21/compute/v2.1/os-security-groups 2.053s
2025-11-26 11:39:45.874 67103 INFO tempest.lib.common.rest_client [req-2134182d-ca97-4630-9a69-8705284c0b86 req-2134182d-ca97-4630-9a69-8705284c0b86 ] Request (ServersTestManualDisk:setUpClass): 200 GET http://10.180.1.21/compute/v2.1/servers/31337770-275a-45fc-8902-e627577831c8 1.205s
2025-11-26 11:39:45.895 67073 INFO tempest.lib.common.rest_client [req-844e6a3b-bc19-4283-bc28-561fe9bfec88 req-844e6a3b-bc19-4283-bc28-561fe9bfec88 ] Request (AZV2TestJSON:test_get_availability_zone_list_with_non_admin_user): 200 GET http://10.180.1.21/compute/v2.1/os-availability-zone 0.946s
2025-11-26 11:39:45.916 67113 INFO tempest.lib.common.rest_client [req-e65e8101-2d3c-4d1c-969a-b24f43b29187 req-e65e8101-2d3c-4d1c-969a-b24f43b29187 ] Request (SecurityGroupsTestJSON:test_list_security_groups_by_server): 201 POST http://10.180.1.21/identity/v3/auth/tokens 0.074s
2025-11-26 11:39:45.917 67113 INFO tempest.lib.common.fixed_network [-] (SecurityGroupsTestJSON:test_list_security_groups_by_server) Found network {'id': '90269135-c1a8-42ff-8e56-71428513f38f', 'name': 'tempest-SecurityGroupsTestJSON-359892025-network', 'tenant_id': '82fc69eb9dab44c79e0bf49a115c9663', 'project_id': '82fc69eb9dab44c79e0bf49a115c9663', 'admin_state_up': True, 'mtu': 8950, 'status': 'ACTIVE', 'subnets': [], 'shared': False, 'port_security_enabled': True, 'router:external': False, 'provider:network_type': 'vlan', 'provider:physical_network': 'default', 'provider:segmentation_id': 500, 'availability_zone_hints': [], 'availability_zones': [], 'ipv4_address_scope': None, 'ipv6_address_scope': None, 'description': '', 'tags': [], 'created_at': '2025-11-26T11:39:36Z', 'updated_at': '2025-11-26T11:39:36Z', 'revision_number': 1} available for tenant
2025-11-26 11:39:45.973 67095 INFO tempest.lib.common.rest_client [req-59c1ff98-7cb4-4da0-834d-4d67fa16ddd5 req-59c1ff98-7cb4-4da0-834d-4d67fa16ddd5 ] Request (InstanceActionsTestJSON:tearDownClass): 200 PUT http://10.180.1.21/networking/v2.0/routers/aa41e430-1af1-4636-8cf1-b4b88659fa8a/remove_router_interface 0.942s
2025-11-26 11:39:46.008 67091 INFO tempest.lib.common.rest_client [req-1446aa7d-c363-4213-8e81-36db2d9dcef9 req-1446aa7d-c363-4213-8e81-36db2d9dcef9 ] Request (MultipleCreateTestJSON:tearDownClass): 200 GET http://10.180.1.21/compute/v2.1/servers/14464199-f906-4a82-b4de-85133373087e 1.000s
2025-11-26 11:39:46.039 67073 INFO tempest.lib.common.rest_client [req-aef63d32-9644-4f78-971d-2f57a9e72fce req-aef63d32-9644-4f78-971d-2f57a9e72fce ] Request (AZV2TestJSON:tearDownClass): 204 DELETE http://10.180.1.21/identity/v3/users/e88d23796be445069e7141c33060638e 0.142s
2025-11-26 11:39:46.039 67073 INFO tempest.lib.common.dynamic_creds [-] Deleting project and security group for project: aaf67d3042a34c8d960c1728b05b3b99
2025-11-26 11:39:46.048 67109 WARNING tempest.lib.common.ssh [-] Failed to establish authenticated ssh connection to cirros@10.180.180.182 ([Errno None] Unable to connect to port 22 on 10.180.180.182). Number attempts: 5. Retry after 6 seconds.: paramiko.ssh_exception.NoValidConnectionsError: [Errno None] Unable to connect to port 22 on 10.180.180.182
2025-11-26 11:39:46.104 67073 INFO tempest.lib.common.rest_client [req-a726ea45-e6b3-41fe-aa73-af521d3b8aaa req-a726ea45-e6b3-41fe-aa73-af521d3b8aaa ] Request (AZV2TestJSON:tearDownClass): 201 POST http://10.180.1.21/identity/v3/auth/tokens 0.065s
2025-11-26 11:39:46.119 67059 INFO tempest.lib.common.rest_client [req-3b72c23c-0940-4efa-8f99-50c7f36c683a req-3b72c23c-0940-4efa-8f99-50c7f36c683a ] Request (ImagesOneServerNegativeTestJSON:setUpClass): 200 GET http://10.180.1.21/compute/v2.1/servers/e6c4c313-dc53-462e-88ca-91c662c0b753 1.084s
2025-11-26 11:39:46.426 67073 INFO tempest.lib.common.rest_client [req-2615470f-661e-49b9-b7cb-7ee5b4d545a0 req-2615470f-661e-49b9-b7cb-7ee5b4d545a0 ] Request (AZV2TestJSON:tearDownClass): 200 GET http://10.180.1.21/networking/v2.0/security-groups?tenant_id=aaf67d3042a34c8d960c1728b05b3b99&name=default 0.321s
2025-11-26 11:39:46.478 67065 INFO tempest.lib.common.rest_client [req-bc53ab36-3184-41d7-b022-bca1f5a691ba req-bc53ab36-3184-41d7-b022-bca1f5a691ba ] Request (ImagesTestJSON:test_create_image_from_stopped_server): 200 GET http://10.180.1.21/compute/v2.1/servers/3db1607d-5575-47c0-b95e-87ec860f2de2 1.412s
2025-11-26 11:39:46.503 67095 INFO tempest.lib.common.rest_client [req-bcf70975-5077-4a49-991f-6f65ec5a5a04 req-bcf70975-5077-4a49-991f-6f65ec5a5a04 ] Request (InstanceActionsTestJSON:tearDownClass): 204 DELETE http://10.180.1.21/networking/v2.0/routers/aa41e430-1af1-4636-8cf1-b4b88659fa8a 0.530s
2025-11-26 11:39:46.607 67073 INFO tempest.lib.common.rest_client [req-c48591eb-1664-471a-bfe3-38e4fa06d21e req-c48591eb-1664-471a-bfe3-38e4fa06d21e ] Request (AZV2TestJSON:tearDownClass): 204 DELETE http://10.180.1.21/networking/v2.0/security-groups/bf01ed35-e1e5-4924-a32e-f7d5bec4c6e8 0.181s
2025-11-26 11:39:46.715 67073 INFO tempest.lib.common.rest_client [req-85dae43f-6c2d-4454-80d7-cf7d6a38a684 req-85dae43f-6c2d-4454-80d7-cf7d6a38a684 ] Request (AZV2TestJSON:tearDownClass): 204 DELETE http://10.180.1.21/identity/v3/projects/aaf67d3042a34c8d960c1728b05b3b99 0.107s
2025-11-26 11:39:46.780 67095 INFO tempest.lib.common.rest_client [req-99477bd8-159e-4509-941b-a2b4fba66bc2 req-99477bd8-159e-4509-941b-a2b4fba66bc2 ] Request (InstanceActionsTestJSON:tearDownClass): 204 DELETE http://10.180.1.21/networking/v2.0/subnets/d1ddafd3-f2f7-4246-8186-4f65af3e1a2c 0.276s
2025-11-26 11:39:46.820 67073 INFO tempest.lib.common.rest_client [req-c63474dd-c8c4-49f4-afa3-57e40129a541 req-c63474dd-c8c4-49f4-afa3-57e40129a541 ] Request (MultipleCreateNegativeTestJSON:setUpClass): 201 POST http://10.180.1.21/identity/v3/auth/tokens 0.103s
2025-11-26 11:39:46.847 67063 INFO tempest.lib.common.rest_client [req-2f924a94-fb2f-4f36-a368-a836ac9a350d req-2f924a94-fb2f-4f36-a368-a836ac9a350d ] Request (ServersV294TestFqdnHostnames:setUpClass): 200 GET http://10.180.1.21/compute/v2.1/servers/3179071d-5c24-484f-be25-3e088a078dff 1.712s
2025-11-26 11:39:46.850 67117 INFO tempest.lib.common.rest_client [req-fc04c2ab-5967-40c8-98c4-8681a7e99662 req-fc04c2ab-5967-40c8-98c4-8681a7e99662 ] Request (ImagesOneServerTestJSON:setUpClass): 202 POST http://10.180.1.21/compute/v2.1/servers 1.877s
2025-11-26 11:39:46.869 67063 INFO tempest.common.waiters [-] State transition "BUILD/spawning" ==> "ACTIVE/None" after 49 second wait
2025-11-26 11:39:46.871 67073 INFO tempest.lib.common.rest_client [req-64d841a0-af77-43e8-a1fd-7131d89e204e req-64d841a0-af77-43e8-a1fd-7131d89e204e ] Request (MultipleCreateNegativeTestJSON:setUpClass): 201 POST http://10.180.1.21/identity/v3/auth/tokens 0.048s
2025-11-26 11:39:46.882 67085 INFO tempest.lib.common.rest_client [req-d9ddc2bb-1d37-4f37-bb87-c11e2c0232ef req-d9ddc2bb-1d37-4f37-bb87-c11e2c0232ef ] Request (FlavorsAccessNegativeTestJSON:_run_cleanups): 202 DELETE http://10.180.1.21/compute/v2.1/flavors/980773855 1.723s
2025-11-26 11:39:46.925 67073 INFO tempest.lib.common.rest_client [req-c6628cc2-acee-4e74-b0e9-10d6f51b6788 req-c6628cc2-acee-4e74-b0e9-10d6f51b6788 ] Request (MultipleCreateNegativeTestJSON:setUpClass): 200 GET http://10.180.1.21/identity/v3/domains?name=Default 0.052s
2025-11-26 11:39:46.969 67073 INFO tempest.lib.common.rest_client [req-85d1398e-94f2-4788-a8a5-c392553c0c64 req-85d1398e-94f2-4788-a8a5-c392553c0c64 ] Request (MultipleCreateNegativeTestJSON:setUpClass): 201 POST http://10.180.1.21/identity/v3/projects 0.043s
2025-11-26 11:39:47.046 67111 INFO tempest.lib.common.rest_client [req-d5ebe62f-2183-47a5-adbb-1529c7a7cec0 req-d5ebe62f-2183-47a5-adbb-1529c7a7cec0 ] Request (ServersNegativeTestJSON:setUpClass): 200 GET http://10.180.1.21/compute/v2.1/servers/90fa49dd-c5a5-4af0-bdcd-3fa19c1ce360 1.650s
2025-11-26 11:39:47.076 67073 INFO tempest.lib.common.rest_client [req-84efff19-4230-42ce-b2dd-0b8e42f4bd18 req-84efff19-4230-42ce-b2dd-0b8e42f4bd18 ] Request (MultipleCreateNegativeTestJSON:setUpClass): 201 POST http://10.180.1.21/identity/v3/users 0.106s
2025-11-26 11:39:47.115 67073 INFO tempest.lib.common.rest_client [req-910f9f16-a629-4737-acb2-af7aa4c7963c req-910f9f16-a629-4737-acb2-af7aa4c7963c ] Request (MultipleCreateNegativeTestJSON:setUpClass): 200 GET http://10.180.1.21/identity/v3/roles 0.038s
2025-11-26 11:39:47.158 67115 INFO tempest.lib.common.rest_client [req-8796171c-661c-44c7-b5d3-40ede77d11cc req-8796171c-661c-44c7-b5d3-40ede77d11cc ] Request (DeleteServersTestJSON:test_delete_server_while_in_attached_volume): 200 GET http://10.180.1.21/compute/v2.1/servers/b5083c97-aad2-4966-9e53-7de4c0f7dbf3 1.840s
2025-11-26 11:39:47.168 67073 INFO tempest.lib.common.rest_client [req-621607e8-2a5b-463b-bfa7-3d91bffa16c8 req-621607e8-2a5b-463b-bfa7-3d91bffa16c8 ] Request (MultipleCreateNegativeTestJSON:setUpClass): 204 PUT http://10.180.1.21/identity/v3/projects/0922068ee0424d5580f7b4fdd151eb14/users/f2afd33ffa904ab39966ce92f828abca/roles/4975de6f0a7c42f38a764a380fbf328b 0.052s
2025-11-26 11:39:47.168 67073 INFO tempest.lib.common.dynamic_creds [-] Dynamic test user f2afd33ffa904ab39966ce92f828abca is created with scope project and roles: ['member']
2025-11-26 11:39:47.168 67073 INFO tempest.lib.common.dynamic_creds [-] Acquired dynamic creds: credentials: Credentials: {'domain_id': 'default', 'domain_name': 'Default', 'username': 'tempest-MultipleCreateNegativeTestJSON-1943887230-project-member', 'project_domain_id': 'default', 'project_domain_name': 'Default', 'project_id': '0922068ee0424d5580f7b4fdd151eb14', 'project_name': 'tempest-MultipleCreateNegativeTestJSON-1943887230', 'tenant_id': '0922068ee0424d5580f7b4fdd151eb14', 'tenant_name': 'tempest-MultipleCreateNegativeTestJSON-1943887230', 'user_domain_id': 'default', 'user_domain_name': 'Default', 'user_id': 'f2afd33ffa904ab39966ce92f828abca', 'system': None}, Network: None, Subnet: None, Router: None
2025-11-26 11:39:47.169 67073 INFO tempest.lib.common.dynamic_creds [-] Created isolated network resources for: credentials: Credentials: {'domain_id': 'default', 'domain_name': 'Default', 'username': 'tempest-MultipleCreateNegativeTestJSON-1943887230-project-member', 'project_domain_id': 'default', 'project_domain_name': 'Default', 'project_id': '0922068ee0424d5580f7b4fdd151eb14', 'project_name': 'tempest-MultipleCreateNegativeTestJSON-1943887230', 'tenant_id': '0922068ee0424d5580f7b4fdd151eb14', 'tenant_name': 'tempest-MultipleCreateNegativeTestJSON-1943887230', 'user_domain_id': 'default', 'user_domain_name': 'Default', 'user_id': 'f2afd33ffa904ab39966ce92f828abca', 'system': None}, Network: None, Subnet: None, Router: None
2025-11-26 11:39:47.194 67095 INFO tempest.lib.common.rest_client [req-310e3cb0-f313-47b2-8f29-488aea0993d9 req-310e3cb0-f313-47b2-8f29-488aea0993d9 ] Request (InstanceActionsTestJSON:tearDownClass): 204 DELETE http://10.180.1.21/networking/v2.0/networks/88b9f711-ffa6-4cdc-8bdd-5bafbbb11bdc 0.413s
2025-11-26 11:39:47.268 67073 INFO tempest.lib.common.rest_client [req-701a0971-1f61-4c22-8da5-380b4bad3ac5 req-701a0971-1f61-4c22-8da5-380b4bad3ac5 ] Request (MultipleCreateNegativeTestJSON:setUpClass): 201 POST http://10.180.1.21/identity/v3/auth/tokens 0.096s
2025-11-26 11:39:47.272 67057 INFO tempest.lib.common.rest_client [req-b59599c2-6683-4c4e-96e2-4630ffd1ada9 req-b59599c2-6683-4c4e-96e2-4630ffd1ada9 ] Request (ServerDiskConfigTestJSON:test_resize_server_from_auto_to_manual): 200 GET http://10.180.1.21/compute/v2.1/servers/f895d6dd-d974-4f37-be5c-629abed17535 1.805s
2025-11-26 11:39:47.315 67119 INFO tempest.lib.common.rest_client [req-a07b37f3-c470-4010-8610-2cb2337735d5 req-a07b37f3-c470-4010-8610-2cb2337735d5 ] Request (ServersAdminTestJSON:test_inject_network_info): 200 GET http://10.180.1.21/compute/v2.1/servers/433af8d7-4e19-4bd0-977c-c329649a8594 1.887s
2025-11-26 11:39:47.316 67073 INFO tempest.lib.common.rest_client [req-169af0c4-1bd7-46c4-976f-465d634f0882 req-169af0c4-1bd7-46c4-976f-465d634f0882 ] Request (MultipleCreateNegativeTestJSON:test_max_count_less_than_min_count): 201 POST http://10.180.1.21/identity/v3/auth/tokens 0.039s
2025-11-26 11:39:47.317 67073 INFO tempest.lib.common.fixed_network [-] (MultipleCreateNegativeTestJSON:test_max_count_less_than_min_count) Found network None available for tenant
2025-11-26 11:39:47.367 67071 INFO tempest.lib.common.rest_client [req-bfa9c6c5-ede3-46e7-a4fc-794672814de6 req-bfa9c6c5-ede3-46e7-a4fc-794672814de6 ] Request (InstanceActionsNegativeTestJSON:setUpClass): 200 GET http://10.180.1.21/compute/v2.1/servers/8be15dd7-f3cc-4df1-92bd-9c15380cf467 1.831s
2025-11-26 11:39:47.398 67095 INFO tempest.lib.common.rest_client [req-01e32159-add2-4afc-9ea4-e370b6651c9f req-01e32159-add2-4afc-9ea4-e370b6651c9f ] Request (InstanceActionsTestJSON:tearDownClass): 204 DELETE http://10.180.1.21/identity/v3/users/6f07f1513c0247d8b55f36dce1b416da 0.203s
2025-11-26 11:39:47.398 67095 INFO tempest.lib.common.dynamic_creds [-] Deleting project and security group for project: 75807b6b979b478d83352bd965aace96
2025-11-26 11:39:47.414 67061 INFO tempest.lib.common.rest_client [req-cf20c9e2-2a8b-41a6-af9f-2b0649b07cbe req-cf20c9e2-2a8b-41a6-af9f-2b0649b07cbe ] Request (ListImageFiltersTestJSON:setUpClass): 200 GET http://10.180.1.21/compute/v2.1/images/6b0fc27e-5d64-4395-9ba0-cd3ccb1ec3e6 1.798s
2025-11-26 11:39:47.437 67095 INFO tempest.lib.common.rest_client [req-e891e926-5b04-4056-9502-6e0a9b136196 req-e891e926-5b04-4056-9502-6e0a9b136196 ] Request (InstanceActionsTestJSON:tearDownClass): 200 GET http://10.180.1.21/networking/v2.0/security-groups?tenant_id=75807b6b979b478d83352bd965aace96&name=default 0.039s
2025-11-26 11:39:47.550 67095 INFO tempest.lib.common.rest_client [req-a4751738-186d-4652-ad8c-332c12f91681 req-a4751738-186d-4652-ad8c-332c12f91681 ] Request (InstanceActionsTestJSON:tearDownClass): 204 DELETE http://10.180.1.21/networking/v2.0/security-groups/04139467-7768-4cb4-8583-2c635b8f4f8b 0.112s
2025-11-26 11:39:47.575 67107 INFO tempest.lib.common.rest_client [req-f1b037b2-4e98-4d81-9ea7-f983f76310a6 req-f1b037b2-4e98-4d81-9ea7-f983f76310a6 ] Request (AttachInterfacesTestJSON:_run_cleanups): 200 GET http://10.180.1.21/compute/v2.1/servers/2f29056a-97ac-4b73-8b60-1cd07e7f21dc 1.941s
2025-11-26 11:39:47.601 67097 INFO tempest.lib.common.rest_client [req-85954e87-3ddb-4e5e-ad11-6c4307dfa7f4 req-85954e87-3ddb-4e5e-ad11-6c4307dfa7f4 ] Request (HostsAdminTestJSON:test_list_hosts_with_a_blank_zone): 200 GET http://10.180.1.21/compute/v2.1/os-hosts?zone= 1.806s
2025-11-26 11:39:47.618 67083 INFO tempest.lib.common.rest_client [req-c48fb0fb-feb3-4187-aa35-d56e4c0aabd4 req-c48fb0fb-feb3-4187-aa35-d56e4c0aabd4 ] Request (MigrationsAdminTest:test_resize_server_revert_deleted_flavor): 200 GET http://10.180.1.21/compute/v2.1/flavors/42/os-extra_specs 1.799s
2025-11-26 11:39:47.635 67067 INFO tempest.lib.common.rest_client [req-8482e7ba-1834-4e87-8cac-0687893cdaba req-8482e7ba-1834-4e87-8cac-0687893cdaba ] Request (HostsAdminNegativeTestJSON:test_show_host_detail_with_nonexistent_hostname): 404 GET http://10.180.1.21/compute/v2.1/os-hosts/nonexistent_hostname 1.815s
2025-11-26 11:39:47.711 67075 INFO tempest.lib.common.rest_client [req-b20f4d14-e446-48e2-bd3c-80821ec05476 req-b20f4d14-e446-48e2-bd3c-80821ec05476 ] Request (ListServerFiltersTestJSON:setUpClass): 200 GET http://10.180.1.21/compute/v2.1/servers/98cfe1ea-ef3e-479b-a75e-d63b61743333 1.817s
2025-11-26 11:39:47.719 67095 INFO tempest.lib.common.rest_client [req-998dcee9-6697-4b61-9ee2-a157af4078c4 req-998dcee9-6697-4b61-9ee2-a157af4078c4 ] Request (InstanceActionsTestJSON:tearDownClass): 204 DELETE http://10.180.1.21/identity/v3/projects/75807b6b979b478d83352bd965aace96 0.168s
2025-11-26 11:39:47.763 67069 INFO tempest.lib.common.rest_client [req-f95ed5d5-f3b9-4bf2-a2e7-731a35120f81 req-f95ed5d5-f3b9-4bf2-a2e7-731a35120f81 ] Request (ServerRescueTestJSON:test_rescue_unrescue_instance): 202 POST http://10.180.1.21/compute/v2.1/servers 2.156s
2025-11-26 11:39:47.828 67095 INFO tempest.lib.common.rest_client [req-02a29647-3bfc-4ded-a187-a39f8fff70d7 req-02a29647-3bfc-4ded-a187-a39f8fff70d7 ] Request (ServerMetadataTestJSON:setUpClass): 201 POST http://10.180.1.21/identity/v3/auth/tokens 0.106s
2025-11-26 11:39:47.860 67089 INFO tempest.lib.common.rest_client [req-a5356fce-8aca-4482-b8d5-6c63c59d29a3 req-a5356fce-8aca-4482-b8d5-6c63c59d29a3 ] Request (ServersListShow2100Test:tearDownClass): 200 GET http://10.180.1.21/compute/v2.1/servers/a49a7b6d-746c-4dfe-bb12-1c98a610dcdd 1.863s
2025-11-26 11:39:47.870 67095 INFO tempest.lib.common.rest_client [req-0794c31d-1e89-4c39-96fb-34f4978b611c req-0794c31d-1e89-4c39-96fb-34f4978b611c ] Request (ServerMetadataTestJSON:setUpClass): 201 POST http://10.180.1.21/identity/v3/auth/tokens 0.037s
2025-11-26 11:39:47.901 67095 INFO tempest.lib.common.rest_client [req-5dc8b1d0-aa38-4cf8-82ce-e39032992ac8 req-5dc8b1d0-aa38-4cf8-82ce-e39032992ac8 ] Request (ServerMetadataTestJSON:setUpClass): 200 GET http://10.180.1.21/identity/v3/domains?name=Default 0.031s
2025-11-26 11:39:47.921 67117 INFO tempest.lib.common.rest_client [req-f29b689f-ff39-435a-b929-7b8c3ee03be2 req-f29b689f-ff39-435a-b929-7b8c3ee03be2 ] Request (ImagesOneServerTestJSON:setUpClass): 200 GET http://10.180.1.21/compute/v2.1/servers/35964b1d-7ac1-41d5-b759-981724ab0da4 1.069s
2025-11-26 11:39:47.942 67077 WARNING tempest.lib.common.ssh [-] Failed to establish authenticated ssh connection to cirros@10.180.180.151 ([Errno None] Unable to connect to port 22 on 10.180.180.151). Number attempts: 1. Retry after 2 seconds.: paramiko.ssh_exception.NoValidConnectionsError: [Errno None] Unable to connect to port 22 on 10.180.180.151
2025-11-26 11:39:47.943 67095 INFO tempest.lib.common.rest_client [req-fd4735f9-2e83-434b-ae98-a4b3a113e7c8 req-fd4735f9-2e83-434b-ae98-a4b3a113e7c8 ] Request (ServerMetadataTestJSON:setUpClass): 201 POST http://10.180.1.21/identity/v3/projects 0.040s
2025-11-26 11:39:48.021 67063 INFO tempest.lib.common.rest_client [req-084c9262-5e86-4500-89d8-8ede6f4ae7b7 req-084c9262-5e86-4500-89d8-8ede6f4ae7b7 ] Request (ServersV294TestFqdnHostnames:setUpClass): 200 GET http://10.180.1.21/compute/v2.1/servers/3179071d-5c24-484f-be25-3e088a078dff/os-interface 1.150s
2025-11-26 11:39:48.026 67095 INFO tempest.lib.common.rest_client [req-ed65ad66-c744-457b-b80a-d2ead2dc84b4 req-ed65ad66-c744-457b-b80a-d2ead2dc84b4 ] Request (ServerMetadataTestJSON:setUpClass): 201 POST http://10.180.1.21/identity/v3/users 0.083s
2025-11-26 11:39:48.045 67085 INFO tempest.lib.common.rest_client [req-92c48031-cedb-4e27-82da-0a9c677dd83a req-92c48031-cedb-4e27-82da-0a9c677dd83a ] Request (FlavorsAccessNegativeTestJSON:_run_cleanups): 200 GET http://10.180.1.21/compute/v2.1/flavors/detail 1.162s
2025-11-26 11:39:48.053 67095 INFO tempest.lib.common.rest_client [req-865798cb-e620-4749-9458-5846ceaf33d9 req-865798cb-e620-4749-9458-5846ceaf33d9 ] Request (ServerMetadataTestJSON:setUpClass): 200 GET http://10.180.1.21/identity/v3/roles 0.026s
2025-11-26 11:39:48.107 67095 INFO tempest.lib.common.rest_client [req-d6a180d5-ed12-4815-9a4a-3d2044def1c0 req-d6a180d5-ed12-4815-9a4a-3d2044def1c0 ] Request (ServerMetadataTestJSON:setUpClass): 204 PUT http://10.180.1.21/identity/v3/projects/be4d54ee5cf0470087d4bb6509e02908/users/d1bac452ad3e40a8a54c840c5c367fa2/roles/4975de6f0a7c42f38a764a380fbf328b 0.054s
2025-11-26 11:39:48.108 67095 INFO tempest.lib.common.dynamic_creds [-] Dynamic test user d1bac452ad3e40a8a54c840c5c367fa2 is created with scope project and roles: ['member']
