2025-12-01 16:16:24.868 65683 INFO tempest.lib.common.dynamic_creds [-] Acquired dynamic creds: credentials: Credentials: {'domain_id': 'default', 'domain_name': 'Default', 'username': 'tempest-InstanceUsageAuditLogTestJSON-1991962935-project-admin', 'project_domain_id': 'default', 'project_domain_name': 'Default', 'project_id': 'd42ae65bb13d437998c621747592141f', 'project_name': 'tempest-InstanceUsageAuditLogTestJSON-1991962935', 'tenant_id': 'd42ae65bb13d437998c621747592141f', 'tenant_name': 'tempest-InstanceUsageAuditLogTestJSON-1991962935', 'user_domain_id': 'default', 'user_domain_name': 'Default', 'user_id': 'ae0436e2dc36403e85f8325877c21d31', 'system': None}, Network: None, Subnet: None, Router: None
2025-12-01 16:16:24.869 65683 INFO tempest.lib.common.dynamic_creds [-] Created isolated network resources for: credentials: Credentials: {'domain_id': 'default', 'domain_name': 'Default', 'username': 'tempest-InstanceUsageAuditLogTestJSON-1991962935-project-admin', 'project_domain_id': 'default', 'project_domain_name': 'Default', 'project_id': 'd42ae65bb13d437998c621747592141f', 'project_name': 'tempest-InstanceUsageAuditLogTestJSON-1991962935', 'tenant_id': 'd42ae65bb13d437998c621747592141f', 'tenant_name': 'tempest-InstanceUsageAuditLogTestJSON-1991962935', 'user_domain_id': 'default', 'user_domain_name': 'Default', 'user_id': 'ae0436e2dc36403e85f8325877c21d31', 'system': None}, Network: None, Subnet: None, Router: None
2025-12-01 16:16:24.923 65711 INFO tempest.lib.common.rest_client [req-218f6ac4-0c5d-47ea-a2e9-a866e78b50c9 req-218f6ac4-0c5d-47ea-a2e9-a866e78b50c9 ] Request (VolumesAdminNegativeTest:setUpClass): 204 PUT http://10.180.1.21/identity/v3/projects/8dc8760f756d461f9ac288def1f70ecc/users/966ead27b53b4c2c92ba2204e50da43b/roles/580288f21a9f4985a1fcec675ee6b601 0.057s
2025-12-01 16:16:24.924 65711 INFO tempest.lib.common.dynamic_creds [-] Dynamic test user 966ead27b53b4c2c92ba2204e50da43b is created with scope project and roles: ['admin']
2025-12-01 16:16:24.924 65711 INFO tempest.lib.common.dynamic_creds [-] Acquired dynamic creds: credentials: Credentials: {'domain_id': 'default', 'domain_name': 'Default', 'username': 'tempest-VolumesAdminNegativeTest-953479369-project-admin', 'project_domain_id': 'default', 'project_domain_name': 'Default', 'project_id': '8dc8760f756d461f9ac288def1f70ecc', 'project_name': 'tempest-VolumesAdminNegativeTest-953479369', 'tenant_id': '8dc8760f756d461f9ac288def1f70ecc', 'tenant_name': 'tempest-VolumesAdminNegativeTest-953479369', 'user_domain_id': 'default', 'user_domain_name': 'Default', 'user_id': '966ead27b53b4c2c92ba2204e50da43b', 'system': None}, Network: None, Subnet: None, Router: None
2025-12-01 16:16:24.946 65683 INFO tempest.lib.common.rest_client [req-f50efcd5-5883-4f9c-be92-0b5bf7e918ce req-f50efcd5-5883-4f9c-be92-0b5bf7e918ce ] Request (InstanceUsageAuditLogTestJSON:setUpClass): 201 POST http://10.180.1.21/identity/v3/auth/tokens 0.074s
2025-12-01 16:16:25.254 65695 INFO tempest.lib.common.rest_client [req-eea5f8bb-a458-4841-981a-c724e09a26fb req-eea5f8bb-a458-4841-981a-c724e09a26fb ] Request (FloatingIPsAssociationNegativeTestJSON:setUpClass): 200 GET http://10.180.1.21/compute/v2.1/servers/26c49486-096e-428e-8935-3fabc9f92ab2 7.187s
2025-12-01 16:16:25.262 65695 INFO tempest.common.waiters [-] State transition "BUILD/None" ==> "BUILD/spawning" after 11 second wait
2025-12-01 16:16:25.311 65731 INFO tempest.lib.common.rest_client [req-b52a7e28-79a4-4940-a960-54e5fd07d133 req-b52a7e28-79a4-4940-a960-54e5fd07d133 ] Request (ImagesNegativeTestJSON:test_create_image_from_deleted_server): 200 GET http://10.180.1.21/compute/v2.1/servers/f87c6a96-6ff0-4401-afb2-a04e1899d0d9 7.191s
2025-12-01 16:16:25.319 65731 INFO tempest.common.waiters [-] State transition "BUILD/None" ==> "BUILD/spawning" after 11 second wait
2025-12-01 16:16:25.515 65711 INFO tempest.lib.common.rest_client [req-86abf824-2bf7-4be8-bcbc-fdefa73f5b53 req-86abf824-2bf7-4be8-bcbc-fdefa73f5b53 ] Request (VolumesAdminNegativeTest:setUpClass): 201 POST http://10.180.1.21/networking/v2.0/networks 0.590s
2025-12-01 16:16:25.720 65721 INFO tempest.lib.common.rest_client [req-5d2e5f18-e109-4eb8-8b9e-fd69c0f8e6ab req-5d2e5f18-e109-4eb8-8b9e-fd69c0f8e6ab ] Request (ServersAdmin275Test:test_rebuild_update_server_275): 200 GET http://10.180.1.21/compute/v2.1/servers/57c78af9-4e0d-4c08-b599-47e1eefe4e4b 7.084s
2025-12-01 16:16:25.860 65711 INFO tempest.lib.common.rest_client [req-eb2d595c-2e6f-4327-a02b-5dc1b6d4524e req-eb2d595c-2e6f-4327-a02b-5dc1b6d4524e ] Request (VolumesAdminNegativeTest:setUpClass): 201 POST http://10.180.1.21/networking/v2.0/subnets 0.345s
2025-12-01 16:16:25.882 65699 INFO tempest.lib.common.rest_client [req-5d0f3811-8c23-488b-b065-21cc26bd3323 req-5d0f3811-8c23-488b-b065-21cc26bd3323 ] Request (QuotasAdminNegativeTest:test_create_server_when_cpu_quota_is_full): 200 GET http://10.180.1.21/compute/v2.1/os-quota-sets/0feb2ed1c3ee4a29abc5476833992f13 7.164s
2025-12-01 16:16:25.929 65691 INFO tempest.lib.common.rest_client [req-51f15cc0-0d7c-4988-b008-158e43d62057 req-51f15cc0-0d7c-4988-b008-158e43d62057 ] Request (FlavorsExtraSpecsTestJSON:test_flavor_set_get_update_show_unset_keys): 200 POST http://10.180.1.21/compute/v2.1/flavors/298430250/os-extra_specs 6.956s
2025-12-01 16:16:25.935 65715 INFO tempest.lib.common.rest_client [req-b20f8c78-b543-43f1-87bc-c85f1af5b16c req-b20f8c78-b543-43f1-87bc-c85f1af5b16c ] Request (HostsAdminNegativeTestJSON:test_show_host_detail_with_non_admin_user): 403 GET http://10.180.1.21/compute/v2.1/os-hosts/devstack 6.948s
2025-12-01 16:16:25.945 65723 INFO tempest.lib.common.rest_client [req-9c26d03c-33d0-4e8c-8557-dee20ef22c86 req-9c26d03c-33d0-4e8c-8557-dee20ef22c86 ] Request (ServerDiagnosticsTest:test_get_server_diagnostics): 200 GET http://10.180.1.21/compute/v2.1/servers/5e529738-5975-470c-a03e-75b6b9c7d1ff 7.540s
2025-12-01 16:16:25.956 65675 INFO tempest.lib.common.rest_client [req-b83c6620-7ce7-49f8-926e-f36c74584d59 req-b83c6620-7ce7-49f8-926e-f36c74584d59 ] Request (HypervisorAdminUnderV252Test:test_search_hypervisor): 200 GET http://10.180.1.21/compute/v2.1/os-hypervisors 6.930s
2025-12-01 16:16:25.958 65723 INFO tempest.common.waiters [-] State transition "BUILD/None" ==> "BUILD/spawning" after 11 second wait
2025-12-01 16:16:25.968 65713 INFO tempest.lib.common.rest_client [req-8170df2d-364b-46f6-b09f-7a13ddc04107 req-8170df2d-364b-46f6-b09f-7a13ddc04107 ] Request (HypervisorAdminNegativeUnderV252Test:test_show_servers_with_nonexistent_hypervisor): 404 GET http://10.180.1.21/compute/v2.1/os-hypervisors/121548ee-5aa1-4bb6-afaa-b662b57789b1/servers 6.834s
2025-12-01 16:16:25.971 65679 INFO tempest.lib.common.rest_client [req-51d9a4d8-30c0-4dd6-8c10-6b3d80d64885 req-51d9a4d8-30c0-4dd6-8c10-6b3d80d64885 ] Request (AggregatesAdminNegativeTestJSON:_run_cleanups): 200 DELETE http://10.180.1.21/compute/v2.1/os-aggregates/1 6.840s
2025-12-01 16:16:26.107 65713 INFO tempest.lib.common.rest_client [req-74530882-95cb-4407-9b0f-e0bd4f2f949a req-74530882-95cb-4407-9b0f-e0bd4f2f949a ] Request (HypervisorAdminNegativeUnderV252Test:tearDownClass): 204 DELETE http://10.180.1.21/identity/v3/users/ea7183e5a18f427b9315356462f8e4db 0.137s
2025-12-01 16:16:26.255 65713 INFO tempest.lib.common.rest_client [req-6c1f59dd-e60a-4a8a-948c-fc3a8c08725d req-6c1f59dd-e60a-4a8a-948c-fc3a8c08725d ] Request (HypervisorAdminNegativeUnderV252Test:tearDownClass): 204 DELETE http://10.180.1.21/identity/v3/users/e647e8d11ac94828b6a703040ba69e87 0.148s
2025-12-01 16:16:26.256 65713 INFO tempest.lib.common.dynamic_creds [-] Deleting project and security group for project: 1e94f4ca0f414e3ebda156b58b1bb1bc
2025-12-01 16:16:26.345 65713 INFO tempest.lib.common.rest_client [req-c8c1eb30-c6d6-45ee-ba59-5c3e2ca98ca1 req-c8c1eb30-c6d6-45ee-ba59-5c3e2ca98ca1 ] Request (HypervisorAdminNegativeUnderV252Test:tearDownClass): 201 POST http://10.180.1.21/identity/v3/auth/tokens 0.089s
2025-12-01 16:16:26.767 65711 INFO tempest.lib.common.rest_client [req-d0bbb94f-8654-413f-b7e2-f38d77232ec6 req-d0bbb94f-8654-413f-b7e2-f38d77232ec6 ] Request (VolumesAdminNegativeTest:setUpClass): 201 POST http://10.180.1.21/networking/v2.0/routers 0.906s
2025-12-01 16:16:26.837 65709 INFO tempest.lib.common.rest_client [req-014b7a5f-85a7-4c45-bb8d-0ae1029dec54 req-014b7a5f-85a7-4c45-bb8d-0ae1029dec54 ] Request (SecurityGroupsTestJSON:test_list_security_groups_by_server): 200 GET http://10.180.1.21/compute/v2.1/servers/47b3e873-01f6-47f6-82e9-c1223dc9f5df 7.445s
2025-12-01 16:16:27.050 65713 INFO tempest.lib.common.rest_client [req-12809bef-c444-4c5f-bfed-f25032103ac2 req-12809bef-c444-4c5f-bfed-f25032103ac2 ] Request (HypervisorAdminNegativeUnderV252Test:tearDownClass): 200 GET http://10.180.1.21/networking/v2.0/security-groups?tenant_id=1e94f4ca0f414e3ebda156b58b1bb1bc&name=default 0.704s
2025-12-01 16:16:27.166 65681 INFO tempest.lib.common.rest_client [req-ba0a8a4e-73e9-4b27-b541-c674a5a61f0a req-ba0a8a4e-73e9-4b27-b541-c674a5a61f0a ] Request (ServerDiagnosticsNegativeTest:test_get_server_diagnostics_by_non_admin): 200 GET http://10.180.1.21/compute/v2.1/servers/21fe6b26-2580-4e91-b9e1-521a7cf40d21 7.201s
2025-12-01 16:16:27.179 65681 INFO tempest.common.waiters [-] State transition "BUILD/spawning" ==> "ACTIVE/None" after 16 second wait
2025-12-01 16:16:27.401 65713 INFO tempest.lib.common.rest_client [req-d8edfa12-d028-4b8f-b10d-81993544d59a req-d8edfa12-d028-4b8f-b10d-81993544d59a ] Request (HypervisorAdminNegativeUnderV252Test:tearDownClass): 204 DELETE http://10.180.1.21/networking/v2.0/security-groups/017a0fde-a9fe-4a3a-8243-bc89bb5f4492 0.351s
2025-12-01 16:16:27.483 65713 INFO tempest.lib.common.rest_client [req-5ae391fd-d047-4ec7-a62e-5b8ca6a2e57d req-5ae391fd-d047-4ec7-a62e-5b8ca6a2e57d ] Request (HypervisorAdminNegativeUnderV252Test:tearDownClass): 204 DELETE http://10.180.1.21/identity/v3/projects/1e94f4ca0f414e3ebda156b58b1bb1bc 0.081s
2025-12-01 16:16:27.483 65713 INFO tempest.lib.common.dynamic_creds [-] Deleting project and security group for project: 9ae8c3668d554279a44f9e583d33e419
2025-12-01 16:16:27.503 65685 INFO tempest.lib.common.rest_client [req-b2954a7a-c924-49e4-9619-0eb3f68afa2d req-b2954a7a-c924-49e4-9619-0eb3f68afa2d ] Request (ImagesTestJSON:test_create_image_from_stopped_server): 200 GET http://10.180.1.21/compute/v2.1/servers/0d386638-767c-4e61-824d-5bb2e4bdc79e 6.491s
2025-12-01 16:16:27.915 65711 INFO tempest.lib.common.rest_client [req-46f8789e-1c75-45eb-8209-6e7840d604f7 req-46f8789e-1c75-45eb-8209-6e7840d604f7 ] Request (VolumesAdminNegativeTest:setUpClass): 200 PUT http://10.180.1.21/networking/v2.0/routers/d9106e75-7bd4-47b5-9643-ee4063bd5d2c/add_router_interface 1.148s
2025-12-01 16:16:27.916 65711 INFO tempest.lib.common.dynamic_creds [-] Created isolated network resources for: credentials: Credentials: {'domain_id': 'default', 'domain_name': 'Default', 'username': 'tempest-VolumesAdminNegativeTest-953479369-project-admin', 'project_domain_id': 'default', 'project_domain_name': 'Default', 'project_id': '8dc8760f756d461f9ac288def1f70ecc', 'project_name': 'tempest-VolumesAdminNegativeTest-953479369', 'tenant_id': '8dc8760f756d461f9ac288def1f70ecc', 'tenant_name': 'tempest-VolumesAdminNegativeTest-953479369', 'user_domain_id': 'default', 'user_domain_name': 'Default', 'user_id': '966ead27b53b4c2c92ba2204e50da43b', 'system': None}, Network: {'id': 'bda964f9-6dd2-4a0e-a5d5-e6ea3ecf3273', 'name': 'tempest-VolumesAdminNegativeTest-1448259290-network', 'tenant_id': '8dc8760f756d461f9ac288def1f70ecc', 'project_id': '8dc8760f756d461f9ac288def1f70ecc', 'admin_state_up': True, 'mtu': 8950, 'status': 'ACTIVE', 'subnets': [], 'shared': False, 'port_security_enabled': True, 'router:external': False, 'provider:network_type': 'vlan', 'provider:physical_network': 'default', 'provider:segmentation_id': 775, 'availability_zone_hints': [], 'availability_zones': [], 'ipv4_address_scope': None, 'ipv6_address_scope': None, 'description': '', 'tags': [], 'created_at': '2025-12-01T16:16:25Z', 'updated_at': '2025-12-01T16:16:25Z', 'revision_number': 1}, Subnet: {'id': 'd2ece7d7-0305-4b12-8594-eacb950c65d5', 'name': 'tempest-VolumesAdminNegativeTest-1448259290-subnet', 'tenant_id': '8dc8760f756d461f9ac288def1f70ecc', 'network_id': 'bda964f9-6dd2-4a0e-a5d5-e6ea3ecf3273', 'ip_version': 4, 'subnetpool_id': None, 'enable_dhcp': True, 'ipv6_ra_mode': None, 'ipv6_address_mode': None, 'gateway_ip': '192.168.128.1', 'cidr': '192.168.128.0/28', 'allocation_pools': [{'start': '192.168.128.2', 'end': '192.168.128.14'}], 'host_routes': [], 'dns_nameservers': [], 'description': '', 'router:external': False, 'service_types': [], 'tags': [], 'created_at': '2025-12-01T16:16:25Z', 'updated_at': '2025-12-01T16:16:25Z', 'revision_number': 0, 'project_id': '8dc8760f756d461f9ac288def1f70ecc'}, Router: {'id': 'd9106e75-7bd4-47b5-9643-ee4063bd5d2c', 'name': 'tempest-VolumesAdminNegativeTest-1448259290-router', 'tenant_id': '8dc8760f756d461f9ac288def1f70ecc', 'admin_state_up': True, 'status': 'ACTIVE', 'external_gateway_info': {'network_id': '0d5f4002-45ef-413b-9824-e12da1d8b31d', 'external_fixed_ips': [{'subnet_id': '451b9d79-2404-4222-bbd9-7ff5dbc77dd0', 'ip_address': '10.180.180.252'}], 'enable_snat': True}, 'description': '', 'availability_zones': [], 'distributed': False, 'ha': False, 'availability_zone_hints': [], 'routes': [], 'flavor_id': None, 'tags': [], 'created_at': '2025-12-01T16:16:25Z', 'updated_at': '2025-12-01T16:16:26Z', 'revision_number': 2, 'project_id': '8dc8760f756d461f9ac288def1f70ecc'}
2025-12-01 16:16:27.956 65737 INFO tempest.lib.common.rest_client [req-b7dff200-f959-4348-b4a2-f6cd3c778b76 req-b7dff200-f959-4348-b4a2-f6cd3c778b76 ] Request (VolumesAssistedSnapshotsTest:test_volume_assisted_snapshot_create_delete): 200 GET http://10.180.1.21/compute/v2.1/servers/01e2b4ba-89f9-4afd-8293-4cecda494f33 5.434s
2025-12-01 16:16:27.976 65707 INFO tempest.lib.common.rest_client [req-797e7278-f391-450b-9cb1-8ea7f5fc7c99 req-797e7278-f391-450b-9cb1-8ea7f5fc7c99 ] Request (ServersWithSpecificFlavorTestJSON:test_verify_created_server_ephemeral_disk): 200 POST http://10.180.1.21/compute/v2.1/flavors 5.409s
2025-12-01 16:16:28.024 65711 INFO tempest.lib.common.rest_client [req-0da8a188-355f-41a1-bb2b-6151241d95cf req-0da8a188-355f-41a1-bb2b-6151241d95cf ] Request (VolumesAdminNegativeTest:setUpClass): 201 POST http://10.180.1.21/identity/v3/auth/tokens 0.106s
2025-12-01 16:16:28.025 65713 INFO tempest.lib.common.rest_client [req-0d839768-b5d3-404b-8b5c-815ea5df4713 req-0d839768-b5d3-404b-8b5c-815ea5df4713 ] Request (HypervisorAdminNegativeUnderV252Test:tearDownClass): 200 GET http://10.180.1.21/networking/v2.0/security-groups?tenant_id=9ae8c3668d554279a44f9e583d33e419&name=default 0.541s
2025-12-01 16:16:28.092 65711 INFO tempest.lib.common.rest_client [req-c5986b30-856c-4248-b20d-946dec4aa221 req-c5986b30-856c-4248-b20d-946dec4aa221 ] Request (VolumesAdminNegativeTest:setUpClass): 201 POST http://10.180.1.21/identity/v3/projects 0.067s
2025-12-01 16:16:28.162 65711 INFO tempest.lib.common.rest_client [req-6d660d20-1329-44d3-b8f1-dcea370e38e0 req-6d660d20-1329-44d3-b8f1-dcea370e38e0 ] Request (VolumesAdminNegativeTest:setUpClass): 201 POST http://10.180.1.21/identity/v3/users 0.068s
2025-12-01 16:16:28.184 65711 INFO tempest.lib.common.rest_client [req-c10f8903-d05c-42e2-89a1-258e903c9861 req-c10f8903-d05c-42e2-89a1-258e903c9861 ] Request (VolumesAdminNegativeTest:setUpClass): 200 GET http://10.180.1.21/identity/v3/roles 0.021s
2025-12-01 16:16:28.219 65711 INFO tempest.lib.common.rest_client [req-f23ff3be-c1a4-4f69-9107-cdacada23a2e req-f23ff3be-c1a4-4f69-9107-cdacada23a2e ] Request (VolumesAdminNegativeTest:setUpClass): 204 PUT http://10.180.1.21/identity/v3/projects/e1a2c386d45743299d2d29005cd0d426/users/d16e4dc363a5484d966fb8fa9b348421/roles/580288f21a9f4985a1fcec675ee6b601 0.034s
2025-12-01 16:16:28.241 65713 INFO tempest.lib.common.rest_client [req-d02d2ab1-51f8-48f4-a6f0-2a2e12ffe1cf req-d02d2ab1-51f8-48f4-a6f0-2a2e12ffe1cf ] Request (HypervisorAdminNegativeUnderV252Test:tearDownClass): 204 DELETE http://10.180.1.21/networking/v2.0/security-groups/a0f3e85d-be9a-435e-837e-705b5d0b3a72 0.216s
2025-12-01 16:16:28.282 65711 INFO tempest.lib.common.rest_client [req-b32cc88d-e937-4b9e-86c2-9ac966cec28d req-b32cc88d-e937-4b9e-86c2-9ac966cec28d ] Request (VolumesAdminNegativeTest:setUpClass): 200 GET http://10.180.1.21/identity/v3/roles 0.063s
2025-12-01 16:16:28.307 65711 INFO tempest.lib.common.rest_client [req-1040d3c4-6c64-43ed-85ab-1b3ceadd7538 req-1040d3c4-6c64-43ed-85ab-1b3ceadd7538 ] Request (VolumesAdminNegativeTest:setUpClass): 204 PUT http://10.180.1.21/identity/v3/projects/e1a2c386d45743299d2d29005cd0d426/users/d16e4dc363a5484d966fb8fa9b348421/roles/610862d25e5d413ea42d605036c828aa 0.025s
2025-12-01 16:16:28.307 65711 INFO tempest.lib.common.dynamic_creds [-] Dynamic test user d16e4dc363a5484d966fb8fa9b348421 is created with scope project and roles: ['admin', 'service']
2025-12-01 16:16:28.308 65711 INFO tempest.lib.common.dynamic_creds [-] Acquired dynamic creds: credentials: Credentials: {'domain_id': 'default', 'domain_name': 'Default', 'username': 'tempest-VolumesAdminNegativeTest-147650156-project', 'project_domain_id': 'default', 'project_domain_name': 'Default', 'project_id': 'e1a2c386d45743299d2d29005cd0d426', 'project_name': 'tempest-VolumesAdminNegativeTest-147650156', 'tenant_id': 'e1a2c386d45743299d2d29005cd0d426', 'tenant_name': 'tempest-VolumesAdminNegativeTest-147650156', 'user_domain_id': 'default', 'user_domain_name': 'Default', 'user_id': 'd16e4dc363a5484d966fb8fa9b348421', 'system': None}, Network: None, Subnet: None, Router: None
2025-12-01 16:16:28.363 65713 INFO tempest.lib.common.rest_client [req-3e95d2f4-3236-45fc-88de-8d911aa16c48 req-3e95d2f4-3236-45fc-88de-8d911aa16c48 ] Request (HypervisorAdminNegativeUnderV252Test:tearDownClass): 204 DELETE http://10.180.1.21/identity/v3/projects/9ae8c3668d554279a44f9e583d33e419 0.119s
2025-12-01 16:16:28.423 65713 INFO tempest.lib.common.rest_client [req-9bc2e855-2a8b-4228-96b9-3b2632c924e3 req-9bc2e855-2a8b-4228-96b9-3b2632c924e3 ] Request (QuotasAdminTestV236:setUpClass): 201 POST http://10.180.1.21/identity/v3/auth/tokens 0.058s
2025-12-01 16:16:28.457 65713 INFO tempest.lib.common.rest_client [req-09164518-5136-45c6-85d7-c24f6f22a1ad req-09164518-5136-45c6-85d7-c24f6f22a1ad ] Request (QuotasAdminTestV236:setUpClass): 201 POST http://10.180.1.21/identity/v3/auth/tokens 0.029s
2025-12-01 16:16:28.481 65713 INFO tempest.lib.common.rest_client [req-78b29e99-1aac-4e8f-a357-fd277742ac6e req-78b29e99-1aac-4e8f-a357-fd277742ac6e ] Request (QuotasAdminTestV236:setUpClass): 200 GET http://10.180.1.21/identity/v3/domains?name=Default 0.023s
2025-12-01 16:16:28.510 65713 INFO tempest.lib.common.rest_client [req-96410953-e6cb-4788-9131-d8425a523949 req-96410953-e6cb-4788-9131-d8425a523949 ] Request (QuotasAdminTestV236:setUpClass): 201 POST http://10.180.1.21/identity/v3/projects 0.029s
2025-12-01 16:16:28.580 65713 INFO tempest.lib.common.rest_client [req-dacac693-c472-4e0c-a2c1-9e06ceb79e1c req-dacac693-c472-4e0c-a2c1-9e06ceb79e1c ] Request (QuotasAdminTestV236:setUpClass): 201 POST http://10.180.1.21/identity/v3/users 0.069s
2025-12-01 16:16:28.605 65713 INFO tempest.lib.common.rest_client [req-4ea35db4-3d53-4916-8476-6ecdb4cb16f5 req-4ea35db4-3d53-4916-8476-6ecdb4cb16f5 ] Request (QuotasAdminTestV236:setUpClass): 200 GET http://10.180.1.21/identity/v3/roles 0.024s
2025-12-01 16:16:28.637 65711 INFO tempest.lib.common.rest_client [req-42148def-d115-4e40-b315-29661bbebfff req-42148def-d115-4e40-b315-29661bbebfff ] Request (VolumesAdminNegativeTest:setUpClass): 201 POST http://10.180.1.21/networking/v2.0/networks 0.329s
2025-12-01 16:16:28.637 65713 INFO tempest.lib.common.rest_client [req-21182d6d-96ff-4a31-babc-10750281036b req-21182d6d-96ff-4a31-babc-10750281036b ] Request (QuotasAdminTestV236:setUpClass): 204 PUT http://10.180.1.21/identity/v3/projects/6322ca6fe7074c43ad17d97de59ca0b9/users/86e4805dee754359aff8f744146319a1/roles/25f1c398aab74de0a70e13d6332f02cc 0.032s
2025-12-01 16:16:28.638 65713 INFO tempest.lib.common.dynamic_creds [-] Dynamic test user 86e4805dee754359aff8f744146319a1 is created with scope project and roles: ['member']
2025-12-01 16:16:28.638 65713 INFO tempest.lib.common.dynamic_creds [-] Acquired dynamic creds: credentials: Credentials: {'domain_id': 'default', 'domain_name': 'Default', 'username': 'tempest-QuotasAdminTestV236-615954399-project-member', 'project_domain_id': 'default', 'project_domain_name': 'Default', 'project_id': '6322ca6fe7074c43ad17d97de59ca0b9', 'project_name': 'tempest-QuotasAdminTestV236-615954399', 'tenant_id': '6322ca6fe7074c43ad17d97de59ca0b9', 'tenant_name': 'tempest-QuotasAdminTestV236-615954399', 'user_domain_id': 'default', 'user_domain_name': 'Default', 'user_id': '86e4805dee754359aff8f744146319a1', 'system': None}, Network: None, Subnet: None, Router: None
2025-12-01 16:16:28.638 65713 INFO tempest.lib.common.dynamic_creds [-] Created isolated network resources for: credentials: Credentials: {'domain_id': 'default', 'domain_name': 'Default', 'username': 'tempest-QuotasAdminTestV236-615954399-project-member', 'project_domain_id': 'default', 'project_domain_name': 'Default', 'project_id': '6322ca6fe7074c43ad17d97de59ca0b9', 'project_name': 'tempest-QuotasAdminTestV236-615954399', 'tenant_id': '6322ca6fe7074c43ad17d97de59ca0b9', 'tenant_name': 'tempest-QuotasAdminTestV236-615954399', 'user_domain_id': 'default', 'user_domain_name': 'Default', 'user_id': '86e4805dee754359aff8f744146319a1', 'system': None}, Network: None, Subnet: None, Router: None
2025-12-01 16:16:28.725 65713 INFO tempest.lib.common.rest_client [req-a5aef5b3-0ac7-475c-a0a3-f6237a5b6844 req-a5aef5b3-0ac7-475c-a0a3-f6237a5b6844 ] Request (QuotasAdminTestV236:setUpClass): 201 POST http://10.180.1.21/identity/v3/auth/tokens 0.084s
2025-12-01 16:16:28.783 65729 INFO tempest.lib.common.rest_client [req-40214fa5-6a51-4fab-ac06-bca149e73312 req-40214fa5-6a51-4fab-ac06-bca149e73312 ] Request (FloatingIPDetailsTestJSON:test_get_floating_ip_details): 200 GET http://10.180.1.21/compute/v2.1/os-floating-ips/8c6dcdf7-4b3e-42d8-88e3-daa6d02b411d 5.412s
2025-12-01 16:16:28.799 65713 INFO tempest.lib.common.rest_client [req-b304875e-5d5f-4768-b2b9-8e26cb4a1c0e req-b304875e-5d5f-4768-b2b9-8e26cb4a1c0e ] Request (QuotasAdminTestV236:setUpClass): 201 POST http://10.180.1.21/identity/v3/projects 0.073s
2025-12-01 16:16:28.804 65733 INFO tempest.lib.common.rest_client [req-ef4b76f0-4c30-4d49-b2bc-c0f566e71c51 req-ef4b76f0-4c30-4d49-b2bc-c0f566e71c51 ] Request (FlavorsAccessTestJSON:_run_cleanups): 202 DELETE http://10.180.1.21/compute/v2.1/flavors/1826017424 5.178s
2025-12-01 16:16:28.824 65717 INFO tempest.lib.common.rest_client [req-588418a9-d8e9-4440-8551-f831a6e711ec req-588418a9-d8e9-4440-8551-f831a6e711ec ] Request (ServicesAdminNegativeTestJSON:test_get_service_with_valid_service_and_invalid_host): 200 GET http://10.180.1.21/compute/v2.1/os-services 5.181s
2025-12-01 16:16:28.870 65713 INFO tempest.lib.common.rest_client [req-210945d9-5cd4-48b1-91e4-4495c939dfa8 req-210945d9-5cd4-48b1-91e4-4495c939dfa8 ] Request (QuotasAdminTestV236:setUpClass): 201 POST http://10.180.1.21/identity/v3/users 0.071s
2025-12-01 16:16:28.897 65713 INFO tempest.lib.common.rest_client [req-a464a861-0a12-48a8-bb2f-2f7d49d7981b req-a464a861-0a12-48a8-bb2f-2f7d49d7981b ] Request (QuotasAdminTestV236:setUpClass): 200 GET http://10.180.1.21/identity/v3/roles 0.026s
2025-12-01 16:16:28.929 65713 INFO tempest.lib.common.rest_client [req-9801d4a1-d99b-47a9-a443-2e7f4aa6e89f req-9801d4a1-d99b-47a9-a443-2e7f4aa6e89f ] Request (QuotasAdminTestV236:setUpClass): 204 PUT http://10.180.1.21/identity/v3/projects/462b315787684c3c91507c67339fe60e/users/50dcad8511a74a5f883b9c09bf62f8af/roles/580288f21a9f4985a1fcec675ee6b601 0.031s
2025-12-01 16:16:28.962 65711 INFO tempest.lib.common.rest_client [req-ef82cd2a-cf23-4ab3-9ddd-a57c60f60d66 req-ef82cd2a-cf23-4ab3-9ddd-a57c60f60d66 ] Request (VolumesAdminNegativeTest:setUpClass): 201 POST http://10.180.1.21/networking/v2.0/subnets 0.323s
2025-12-01 16:16:28.996 65713 INFO tempest.lib.common.rest_client [req-0aadea0d-2afe-46a4-804c-206b625b427e req-0aadea0d-2afe-46a4-804c-206b625b427e ] Request (QuotasAdminTestV236:setUpClass): 200 GET http://10.180.1.21/identity/v3/roles 0.066s
2025-12-01 16:16:29.022 65713 INFO tempest.lib.common.rest_client [req-7755cad1-f153-412e-9f33-3c5acb1d473e req-7755cad1-f153-412e-9f33-3c5acb1d473e ] Request (QuotasAdminTestV236:setUpClass): 204 PUT http://10.180.1.21/identity/v3/projects/462b315787684c3c91507c67339fe60e/users/50dcad8511a74a5f883b9c09bf62f8af/roles/580288f21a9f4985a1fcec675ee6b601 0.025s
2025-12-01 16:16:29.022 65713 INFO tempest.lib.common.dynamic_creds [-] Dynamic test user 50dcad8511a74a5f883b9c09bf62f8af is created with scope project and roles: ['admin']
2025-12-01 16:16:29.023 65713 INFO tempest.lib.common.dynamic_creds [-] Acquired dynamic creds: credentials: Credentials: {'domain_id': 'default', 'domain_name': 'Default', 'username': 'tempest-QuotasAdminTestV236-881105678-project-admin', 'project_domain_id': 'default', 'project_domain_name': 'Default', 'project_id': '462b315787684c3c91507c67339fe60e', 'project_name': 'tempest-QuotasAdminTestV236-881105678', 'tenant_id': '462b315787684c3c91507c67339fe60e', 'tenant_name': 'tempest-QuotasAdminTestV236-881105678', 'user_domain_id': 'default', 'user_domain_name': 'Default', 'user_id': '50dcad8511a74a5f883b9c09bf62f8af', 'system': None}, Network: None, Subnet: None, Router: None
2025-12-01 16:16:29.023 65713 INFO tempest.lib.common.dynamic_creds [-] Created isolated network resources for: credentials: Credentials: {'domain_id': 'default', 'domain_name': 'Default', 'username': 'tempest-QuotasAdminTestV236-881105678-project-admin', 'project_domain_id': 'default', 'project_domain_name': 'Default', 'project_id': '462b315787684c3c91507c67339fe60e', 'project_name': 'tempest-QuotasAdminTestV236-881105678', 'tenant_id': '462b315787684c3c91507c67339fe60e', 'tenant_name': 'tempest-QuotasAdminTestV236-881105678', 'user_domain_id': 'default', 'user_domain_name': 'Default', 'user_id': '50dcad8511a74a5f883b9c09bf62f8af', 'system': None}, Network: None, Subnet: None, Router: None
2025-12-01 16:16:29.099 65719 INFO tempest.lib.common.rest_client [req-30bbf5eb-3ea6-4cbe-b5f9-8b568897f666 req-30bbf5eb-3ea6-4cbe-b5f9-8b568897f666 ] Request (ImagesOneServerNegativeTestJSON:setUpClass): 202 POST http://10.180.1.21/compute/v2.1/servers 7.977s
2025-12-01 16:16:29.131 65735 INFO tempest.lib.common.rest_client [req-06442548-9b25-440a-a7a3-5f2d93545133 req-06442548-9b25-440a-a7a3-5f2d93545133 ] Request (FlavorsAccessNegativeTestJSON:_run_cleanups): 200 GET http://10.180.1.21/compute/v2.1/flavors/detail 5.473s
2025-12-01 16:16:29.150 65713 INFO tempest.lib.common.rest_client [req-9a681191-95fc-4d0d-8f89-7e989f05aa7a req-9a681191-95fc-4d0d-8f89-7e989f05aa7a ] Request (QuotasAdminTestV236:setUpClass): 201 POST http://10.180.1.21/identity/v3/auth/tokens 0.124s
2025-12-01 16:16:29.150 65713 WARNING tempest.lib.common.rest_client [-] Deprecated: "tenant_id" property is deprecated for removal, use "project_id" instead
2025-12-01 16:16:29.156 65727 INFO tempest.lib.common.rest_client [req-e9c78dee-7830-4f2a-92a7-3f03d6d06fc2 req-e9c78dee-7830-4f2a-92a7-3f03d6d06fc2 ] Request (FlavorsAdminTestJSON:test_create_flavor_with_int_id): 200 POST http://10.180.1.21/compute/v2.1/flavors 5.417s
2025-12-01 16:16:29.185 65697 INFO tempest.lib.common.rest_client [req-e9edb4b1-266b-4e88-a4a5-323c6b677bb4 req-e9edb4b1-266b-4e88-a4a5-323c6b677bb4 ] Request (FlavorsV261TestJSON:_run_cleanups): 200 GET http://10.180.1.21/compute/v2.1/flavors/detail 5.431s
2025-12-01 16:16:29.191 65687 INFO tempest.lib.common.rest_client [req-faf84a3f-d14a-41c9-afce-146078fb4b4e req-faf84a3f-d14a-41c9-afce-146078fb4b4e ] Request (FlavorsExtraSpecsNegativeTestJSON:test_flavor_non_admin_update_specific_key): 403 PUT http://10.180.1.21/compute/v2.1/flavors/1397650316/os-extra_specs/hw:numa_nodes 5.410s
2025-12-01 16:16:29.201 65713 INFO tempest.lib.common.rest_client [req-127d3a4a-867b-4424-86f3-f7127bd58acf req-127d3a4a-867b-4424-86f3-f7127bd58acf ] Request (QuotasAdminTestV236:test_get_updated_quotas): 200 GET http://10.180.1.21/identity/v3/domains?name=Default 0.050s
2025-12-01 16:16:29.218 65677 INFO tempest.lib.common.rest_client [req-03c8450d-102c-458b-a1e9-7986d77c77c0 req-03c8450d-102c-458b-a1e9-7986d77c77c0 ] Request (KeyPairsV210TestJSON:_run_cleanups): 204 DELETE http://10.180.1.21/compute/v2.1/os-keypairs/tempest-keypair-947678802?user_id=f7cc3d5b367a4cbe837885724af482e9 5.412s
2025-12-01 16:16:29.238 65713 INFO tempest.lib.common.rest_client [req-ea92139d-e528-43d2-9ba5-b7b4d415d96a req-ea92139d-e528-43d2-9ba5-b7b4d415d96a ] Request (QuotasAdminTestV236:test_get_updated_quotas): 201 POST http://10.180.1.21/identity/v3/projects 0.036s
2025-12-01 16:16:29.415 65697 INFO tempest.lib.common.rest_client [req-deb3d370-f55e-4075-b728-776266910979 req-deb3d370-f55e-4075-b728-776266910979 ] Request (FlavorsV261TestJSON:tearDownClass): 204 DELETE http://10.180.1.21/identity/v3/users/7b12dcaf1dde4a859c03254979861f3c 0.212s
2025-12-01 16:16:29.434 65677 INFO tempest.lib.common.rest_client [req-70fc6619-80e3-40a1-aeb2-a5d5d9945b45 req-70fc6619-80e3-40a1-aeb2-a5d5d9945b45 ] Request (KeyPairsV210TestJSON:tearDownClass): 204 DELETE http://10.180.1.21/identity/v3/users/f7cc3d5b367a4cbe837885724af482e9 0.208s
2025-12-01 16:16:29.531 65713 INFO tempest.lib.common.rest_client [req-9eb1a0d6-608b-4b2a-8aa0-cc90c7c66e0d req-9eb1a0d6-608b-4b2a-8aa0-cc90c7c66e0d ] Request (QuotasAdminTestV236:test_get_updated_quotas): 200 GET http://10.180.1.21/identity/v3/domains?name=Default 0.292s
2025-12-01 16:16:29.547 65697 INFO tempest.lib.common.rest_client [req-5f759827-4471-43ac-8057-5c65ef3a5eff req-5f759827-4471-43ac-8057-5c65ef3a5eff ] Request (FlavorsV261TestJSON:tearDownClass): 204 DELETE http://10.180.1.21/identity/v3/users/93c0f02d8bde4706ab6920e25db74d7d 0.131s
2025-12-01 16:16:29.547 65697 INFO tempest.lib.common.dynamic_creds [-] Deleting project and security group for project: dc481fd22e144f44ae2177371572601d
2025-12-01 16:16:29.628 65697 INFO tempest.lib.common.rest_client [req-1b261a39-8839-433c-b041-dfc5748b9160 req-1b261a39-8839-433c-b041-dfc5748b9160 ] Request (FlavorsV261TestJSON:tearDownClass): 201 POST http://10.180.1.21/identity/v3/auth/tokens 0.081s
2025-12-01 16:16:29.672 65677 INFO tempest.lib.common.rest_client [req-4f0cd664-0070-4e26-aed0-f12e011f0150 req-4f0cd664-0070-4e26-aed0-f12e011f0150 ] Request (KeyPairsV210TestJSON:tearDownClass): 204 DELETE http://10.180.1.21/identity/v3/users/69289b7484044a95b19cf14fd204eedd 0.238s
2025-12-01 16:16:29.673 65677 INFO tempest.lib.common.dynamic_creds [-] Deleting project and security group for project: 3d25aef9efe94e47b6ecd15fbfd025a0
2025-12-01 16:16:29.752 65677 INFO tempest.lib.common.rest_client [req-3199483c-22e5-4799-bddd-584e62f3698c req-3199483c-22e5-4799-bddd-584e62f3698c ] Request (KeyPairsV210TestJSON:tearDownClass): 201 POST http://10.180.1.21/identity/v3/auth/tokens 0.079s
2025-12-01 16:16:29.888 65697 INFO tempest.lib.common.rest_client [req-ee5f2f18-b5a6-404b-8a72-5c72b786c976 req-ee5f2f18-b5a6-404b-8a72-5c72b786c976 ] Request (FlavorsV261TestJSON:tearDownClass): 200 GET http://10.180.1.21/networking/v2.0/security-groups?tenant_id=dc481fd22e144f44ae2177371572601d&name=default 0.259s
2025-12-01 16:16:29.953 65711 INFO tempest.lib.common.rest_client [req-84b28539-2715-4793-beb9-a64d630c30b7 req-84b28539-2715-4793-beb9-a64d630c30b7 ] Request (VolumesAdminNegativeTest:setUpClass): 201 POST http://10.180.1.21/networking/v2.0/routers 0.990s
2025-12-01 16:16:30.045 65697 INFO tempest.lib.common.rest_client [req-62de05dd-19a9-4de2-9fef-7f86bc14a137 req-62de05dd-19a9-4de2-9fef-7f86bc14a137 ] Request (FlavorsV261TestJSON:tearDownClass): 204 DELETE http://10.180.1.21/networking/v2.0/security-groups/59d9ef91-8242-477d-b112-e218d3ec830c 0.157s
2025-12-01 16:16:30.102 65677 INFO tempest.lib.common.rest_client [req-795f7530-db97-4b5c-9680-5ba3509e917e req-795f7530-db97-4b5c-9680-5ba3509e917e ] Request (KeyPairsV210TestJSON:tearDownClass): 200 GET http://10.180.1.21/networking/v2.0/security-groups?tenant_id=3d25aef9efe94e47b6ecd15fbfd025a0&name=default 0.349s
2025-12-01 16:16:30.131 65697 INFO tempest.lib.common.rest_client [req-d4d089cc-4f3b-41ab-8288-c5a2d5ca56a6 req-d4d089cc-4f3b-41ab-8288-c5a2d5ca56a6 ] Request (FlavorsV261TestJSON:tearDownClass): 204 DELETE http://10.180.1.21/identity/v3/projects/dc481fd22e144f44ae2177371572601d 0.086s
2025-12-01 16:16:30.132 65697 INFO tempest.lib.common.dynamic_creds [-] Deleting project and security group for project: 561ecc686de94bf5bd29c1237638683b
2025-12-01 16:16:30.294 65677 INFO tempest.lib.common.rest_client [req-159f21f2-7a43-4b50-ac1a-875f5eef9157 req-159f21f2-7a43-4b50-ac1a-875f5eef9157 ] Request (KeyPairsV210TestJSON:tearDownClass): 204 DELETE http://10.180.1.21/networking/v2.0/security-groups/3034f60b-8a98-4175-89f1-272fed3a453c 0.191s
2025-12-01 16:16:30.409 65697 INFO tempest.lib.common.rest_client [req-139d4ff7-dd85-4f66-8359-3a7b42465ca9 req-139d4ff7-dd85-4f66-8359-3a7b42465ca9 ] Request (FlavorsV261TestJSON:tearDownClass): 200 GET http://10.180.1.21/networking/v2.0/security-groups?tenant_id=561ecc686de94bf5bd29c1237638683b&name=default 0.277s
2025-12-01 16:16:30.425 65677 INFO tempest.lib.common.rest_client [req-e4357800-becc-42c4-939d-2f17664a0b97 req-e4357800-becc-42c4-939d-2f17664a0b97 ] Request (KeyPairsV210TestJSON:tearDownClass): 204 DELETE http://10.180.1.21/identity/v3/projects/3d25aef9efe94e47b6ecd15fbfd025a0 0.130s
2025-12-01 16:16:30.425 65677 INFO tempest.lib.common.dynamic_creds [-] Deleting project and security group for project: bca74c9d367b4ac09a9709b28385a16d
2025-12-01 16:16:30.431 65705 INFO tempest.lib.common.rest_client [req-005e13bb-9242-43b0-855b-2c31660c9c5b req-005e13bb-9242-43b0-855b-2c31660c9c5b ] Request (FlavorsV2NegativeTest:test_boot_with_low_ram): 400 POST http://10.180.1.21/compute/v2.1/servers 6.473s
2025-12-01 16:16:30.512 65705 INFO tempest.lib.common.rest_client [req-33c1c80f-b597-4ce9-b783-998883e45771 req-33c1c80f-b597-4ce9-b783-998883e45771 ] Request (FlavorsV2NegativeTest:_run_cleanups): 204 DELETE http://10.180.1.21/image/v2/images/3df730fa-017e-400c-921b-695d9fc3c5a4 0.079s
2025-12-01 16:16:30.554 65697 INFO tempest.lib.common.rest_client [req-e5559f4c-6008-4f1e-ab8d-b76d773bf58a req-e5559f4c-6008-4f1e-ab8d-b76d773bf58a ] Request (FlavorsV261TestJSON:tearDownClass): 204 DELETE http://10.180.1.21/networking/v2.0/security-groups/1900f8e1-60dd-4284-a336-6a81ae0e6991 0.145s
2025-12-01 16:16:30.631 65689 INFO tempest.lib.common.rest_client [req-85a90b5a-d2cc-4feb-b47f-178b6d74eeb1 req-85a90b5a-d2cc-4feb-b47f-178b6d74eeb1 ] Request (MultipleCreateTestJSON:test_multiple_create): 202 POST http://10.180.1.21/compute/v2.1/servers 6.981s
2025-12-01 16:16:30.686 65705 INFO tempest.lib.common.rest_client [req-fbe4df03-453c-4506-a256-162d351327c0 req-fbe4df03-453c-4506-a256-162d351327c0 ] Request (FlavorsV2NegativeTest:tearDownClass): 204 DELETE http://10.180.1.21/identity/v3/users/33acc433ee264e59925d8887c0958e44 0.172s
2025-12-01 16:16:30.686 65705 INFO tempest.lib.common.dynamic_creds [-] Deleting project and security group for project: 8718a9acd8ff478bbcc57de42543f613
2025-12-01 16:16:30.724 65677 INFO tempest.lib.common.rest_client [req-a7c97161-c639-451f-8079-426f36e68f54 req-a7c97161-c639-451f-8079-426f36e68f54 ] Request (KeyPairsV210TestJSON:tearDownClass): 200 GET http://10.180.1.21/networking/v2.0/security-groups?tenant_id=bca74c9d367b4ac09a9709b28385a16d&name=default 0.299s
2025-12-01 16:16:30.754 65697 INFO tempest.lib.common.rest_client [req-8d443e33-a1e6-446c-8040-6222b3d91566 req-8d443e33-a1e6-446c-8040-6222b3d91566 ] Request (FlavorsV261TestJSON:tearDownClass): 204 DELETE http://10.180.1.21/identity/v3/projects/561ecc686de94bf5bd29c1237638683b 0.200s
2025-12-01 16:16:30.829 65705 INFO tempest.lib.common.rest_client [req-423c9db5-7949-4534-9fe4-d832ab83ab48 req-423c9db5-7949-4534-9fe4-d832ab83ab48 ] Request (FlavorsV2NegativeTest:tearDownClass): 201 POST http://10.180.1.21/identity/v3/auth/tokens 0.142s
2025-12-01 16:16:30.857 65697 INFO tempest.lib.common.rest_client [req-1d343d8f-59b2-4750-98d3-c3fb1a8ea9df req-1d343d8f-59b2-4750-98d3-c3fb1a8ea9df ] Request (SecurityGroupRulesNegativeTestJSON:setUpClass): 201 POST http://10.180.1.21/identity/v3/auth/tokens 0.100s
2025-12-01 16:16:30.875 65683 INFO tempest.lib.common.rest_client [req-c5d8dc40-fb70-44df-828a-6ffaa1b130ae req-c5d8dc40-fb70-44df-828a-6ffaa1b130ae ] Request (InstanceUsageAuditLogTestJSON:test_get_instance_usage_audit_log): 200 GET http://10.180.1.21/compute/v2.1/os-instance_usage_audit_log/2025-12-01%2016%3A16%3A24 5.928s
2025-12-01 16:16:30.900 65697 INFO tempest.lib.common.rest_client [req-d360602b-ae43-4e9c-b9e6-abe6accf55e6 req-d360602b-ae43-4e9c-b9e6-abe6accf55e6 ] Request (SecurityGroupRulesNegativeTestJSON:setUpClass): 201 POST http://10.180.1.21/identity/v3/auth/tokens 0.039s
2025-12-01 16:16:30.940 65697 INFO tempest.lib.common.rest_client [req-8cf57c41-f2f1-4b74-8b09-228fcf7e56f4 req-8cf57c41-f2f1-4b74-8b09-228fcf7e56f4 ] Request (SecurityGroupRulesNegativeTestJSON:setUpClass): 200 GET http://10.180.1.21/identity/v3/domains?name=Default 0.040s
2025-12-01 16:16:30.987 65697 INFO tempest.lib.common.rest_client [req-6dd978f2-3c24-4092-b8c6-d83f2ab93a04 req-6dd978f2-3c24-4092-b8c6-d83f2ab93a04 ] Request (SecurityGroupRulesNegativeTestJSON:setUpClass): 201 POST http://10.180.1.21/identity/v3/projects 0.047s
2025-12-01 16:16:30.993 65677 INFO tempest.lib.common.rest_client [req-40a62708-c9c0-4ce0-addb-e3c3dd9c0059 req-40a62708-c9c0-4ce0-addb-e3c3dd9c0059 ] Request (KeyPairsV210TestJSON:tearDownClass): 204 DELETE http://10.180.1.21/networking/v2.0/security-groups/097671ed-ec03-4bf0-8f37-0df18eba816e 0.268s
2025-12-01 16:16:31.032 65693 INFO tempest.lib.common.rest_client [req-a78cfba7-9dad-4045-adc8-6497a17bba79 req-a78cfba7-9dad-4045-adc8-6497a17bba79 ] Request (MigrationsAdminTest:test_list_migrations_in_flavor_resize_situation): 200 GET http://10.180.1.21/compute/v2.1/servers/b185559b-a03d-4e2f-936c-27f6dd5c11b5 6.445s
2025-12-01 16:16:31.044 65693 INFO tempest.common.waiters [-] State transition "BUILD/None" ==> "BUILD/spawning" after 15 second wait
2025-12-01 16:16:31.068 65697 INFO tempest.lib.common.rest_client [req-80ea6c34-1137-49eb-bc19-2dd585feb1fa req-80ea6c34-1137-49eb-bc19-2dd585feb1fa ] Request (SecurityGroupRulesNegativeTestJSON:setUpClass): 201 POST http://10.180.1.21/identity/v3/users 0.080s
2025-12-01 16:16:31.103 65677 INFO tempest.lib.common.rest_client [req-529ff939-9413-4bbf-aac7-fbb1faf924d0 req-529ff939-9413-4bbf-aac7-fbb1faf924d0 ] Request (KeyPairsV210TestJSON:tearDownClass): 204 DELETE http://10.180.1.21/identity/v3/projects/bca74c9d367b4ac09a9709b28385a16d 0.110s
2025-12-01 16:16:31.164 65697 INFO tempest.lib.common.rest_client [req-424dddbb-2f12-4595-82dc-0eb20bc41c82 req-424dddbb-2f12-4595-82dc-0eb20bc41c82 ] Request (SecurityGroupRulesNegativeTestJSON:setUpClass): 200 GET http://10.180.1.21/identity/v3/roles 0.095s
2025-12-01 16:16:31.169 65711 INFO tempest.lib.common.rest_client [req-469c225c-82c8-42d8-a335-fb3738c79749 req-469c225c-82c8-42d8-a335-fb3738c79749 ] Request (VolumesAdminNegativeTest:setUpClass): 200 PUT http://10.180.1.21/networking/v2.0/routers/ee67b981-e7fb-451e-9ec1-aa97a63fd8b5/add_router_interface 1.216s
2025-12-01 16:16:31.169 65711 INFO tempest.lib.common.dynamic_creds [-] Created isolated network resources for: credentials: Credentials: {'domain_id': 'default', 'domain_name': 'Default', 'username': 'tempest-VolumesAdminNegativeTest-147650156-project', 'project_domain_id': 'default', 'project_domain_name': 'Default', 'project_id': 'e1a2c386d45743299d2d29005cd0d426', 'project_name': 'tempest-VolumesAdminNegativeTest-147650156', 'tenant_id': 'e1a2c386d45743299d2d29005cd0d426', 'tenant_name': 'tempest-VolumesAdminNegativeTest-147650156', 'user_domain_id': 'default', 'user_domain_name': 'Default', 'user_id': 'd16e4dc363a5484d966fb8fa9b348421', 'system': None}, Network: {'id': '0bfb2718-999c-40cf-88cf-0109d35086b0', 'name': 'tempest-VolumesAdminNegativeTest-1212903362-network', 'tenant_id': 'e1a2c386d45743299d2d29005cd0d426', 'project_id': 'e1a2c386d45743299d2d29005cd0d426', 'admin_state_up': True, 'mtu': 8950, 'status': 'ACTIVE', 'subnets': [], 'shared': False, 'port_security_enabled': True, 'router:external': False, 'provider:network_type': 'vlan', 'provider:physical_network': 'default', 'provider:segmentation_id': 645, 'availability_zone_hints': [], 'availability_zones': [], 'ipv4_address_scope': None, 'ipv6_address_scope': None, 'description': '', 'tags': [], 'created_at': '2025-12-01T16:16:28Z', 'updated_at': '2025-12-01T16:16:28Z', 'revision_number': 1}, Subnet: {'id': 'e3999b88-c7d3-4d5a-9f78-a3fcc68d7cc4', 'name': 'tempest-VolumesAdminNegativeTest-1212903362-subnet', 'tenant_id': 'e1a2c386d45743299d2d29005cd0d426', 'network_id': '0bfb2718-999c-40cf-88cf-0109d35086b0', 'ip_version': 4, 'subnetpool_id': None, 'enable_dhcp': True, 'ipv6_ra_mode': None, 'ipv6_address_mode': None, 'gateway_ip': '192.168.128.1', 'cidr': '192.168.128.0/28', 'allocation_pools': [{'start': '192.168.128.2', 'end': '192.168.128.14'}], 'host_routes': [], 'dns_nameservers': [], 'description': '', 'router:external': False, 'service_types': [], 'tags': [], 'created_at': '2025-12-01T16:16:28Z', 'updated_at': '2025-12-01T16:16:28Z', 'revision_number': 0, 'project_id': 'e1a2c386d45743299d2d29005cd0d426'}, Router: {'id': 'ee67b981-e7fb-451e-9ec1-aa97a63fd8b5', 'name': 'tempest-VolumesAdminNegativeTest-1212903362-router', 'tenant_id': 'e1a2c386d45743299d2d29005cd0d426', 'admin_state_up': True, 'status': 'ACTIVE', 'external_gateway_info': {'network_id': '0d5f4002-45ef-413b-9824-e12da1d8b31d', 'external_fixed_ips': [{'subnet_id': '451b9d79-2404-4222-bbd9-7ff5dbc77dd0', 'ip_address': '10.180.180.195'}], 'enable_snat': True}, 'description': '', 'availability_zones': [], 'distributed': False, 'ha': False, 'availability_zone_hints': [], 'routes': [], 'flavor_id': None, 'tags': [], 'created_at': '2025-12-01T16:16:29Z', 'updated_at': '2025-12-01T16:16:29Z', 'revision_number': 2, 'project_id': 'e1a2c386d45743299d2d29005cd0d426'}
2025-12-01 16:16:31.177 65677 INFO tempest.lib.common.rest_client [req-1b46896d-f7db-4ac7-9b05-16fe6c5863a4 req-1b46896d-f7db-4ac7-9b05-16fe6c5863a4 ] Request (ServerDiagnosticsV248Test:setUpClass): 201 POST http://10.180.1.21/identity/v3/auth/tokens 0.072s
2025-12-01 16:16:31.223 65725 INFO tempest.lib.common.rest_client [req-c066e8d5-3cad-4a13-954a-3a87b5050793 req-c066e8d5-3cad-4a13-954a-3a87b5050793 ] Request (ServersTestFqdnHostnames:test_create_server_with_fqdn_name): 200 GET http://10.180.1.21/compute/v2.1/servers/eb048507-f516-4079-a7fa-41572837763c 5.717s
2025-12-01 16:16:31.226 65697 INFO tempest.lib.common.rest_client [req-c2f1f776-62a7-44fc-ad0c-c1f1a6cb4ce2 req-c2f1f776-62a7-44fc-ad0c-c1f1a6cb4ce2 ] Request (SecurityGroupRulesNegativeTestJSON:setUpClass): 204 PUT http://10.180.1.21/identity/v3/projects/5ed33c50240f4d869f0429103106f140/users/6f75c4b8f3b14e8f8c4356fb7ec964e6/roles/25f1c398aab74de0a70e13d6332f02cc 0.058s
2025-12-01 16:16:31.227 65697 INFO tempest.lib.common.dynamic_creds [-] Dynamic test user 6f75c4b8f3b14e8f8c4356fb7ec964e6 is created with scope project and roles: ['member']
2025-12-01 16:16:31.227 65697 INFO tempest.lib.common.dynamic_creds [-] Acquired dynamic creds: credentials: Credentials: {'domain_id': 'default', 'domain_name': 'Default', 'username': 'tempest-SecurityGroupRulesNegativeTestJSON-697016015-project-member', 'project_domain_id': 'default', 'project_domain_name': 'Default', 'project_id': '5ed33c50240f4d869f0429103106f140', 'project_name': 'tempest-SecurityGroupRulesNegativeTestJSON-697016015', 'tenant_id': '5ed33c50240f4d869f0429103106f140', 'tenant_name': 'tempest-SecurityGroupRulesNegativeTestJSON-697016015', 'user_domain_id': 'default', 'user_domain_name': 'Default', 'user_id': '6f75c4b8f3b14e8f8c4356fb7ec964e6', 'system': None}, Network: None, Subnet: None, Router: None
2025-12-01 16:16:31.291 65711 INFO tempest.lib.common.rest_client [req-58a83303-9ae5-456a-b91b-edaaa17f99c8 req-58a83303-9ae5-456a-b91b-edaaa17f99c8 ] Request (VolumesAdminNegativeTest:setUpClass): 201 POST http://10.180.1.21/identity/v3/auth/tokens 0.118s
2025-12-01 16:16:31.310 65705 INFO tempest.lib.common.rest_client [req-b4dd6590-ed26-4eba-a5df-954eec82889a req-b4dd6590-ed26-4eba-a5df-954eec82889a ] Request (FlavorsV2NegativeTest:tearDownClass): 200 GET http://10.180.1.21/networking/v2.0/security-groups?tenant_id=8718a9acd8ff478bbcc57de42543f613&name=default 0.481s
2025-12-01 16:16:31.312 65677 INFO tempest.lib.common.rest_client [req-34459cd3-5fd3-4755-9fb7-cd14d6982ef7 req-34459cd3-5fd3-4755-9fb7-cd14d6982ef7 ] Request (ServerDiagnosticsV248Test:setUpClass): 201 POST http://10.180.1.21/identity/v3/auth/tokens 0.129s
2025-12-01 16:16:31.323 65697 INFO tempest.lib.common.rest_client [req-e3c58ee2-6100-43b2-8e7f-8709f03d4301 req-e3c58ee2-6100-43b2-8e7f-8709f03d4301 ] Request (SecurityGroupRulesNegativeTestJSON:setUpClass): 201 POST http://10.180.1.21/identity/v3/auth/tokens 0.095s
2025-12-01 16:16:31.351 65677 INFO tempest.lib.common.rest_client [req-c7c9cbf3-796a-43a3-8148-51414fdd3d7c req-c7c9cbf3-796a-43a3-8148-51414fdd3d7c ] Request (ServerDiagnosticsV248Test:setUpClass): 200 GET http://10.180.1.21/identity/v3/domains?name=Default 0.038s
2025-12-01 16:16:31.383 65703 INFO tempest.lib.common.rest_client [req-74f46c81-e31b-417e-8cf7-491897181836 req-74f46c81-e31b-417e-8cf7-491897181836 ] Request (DeleteServersAdminTestJSON:test_admin_delete_servers_of_others): 200 GET http://10.180.1.21/compute/v2.1/servers/0874c088-6ae2-4549-8b87-c29c01cae972 5.825s
2025-12-01 16:16:31.396 65711 INFO tempest.lib.common.rest_client [req-1fd9c0e2-6265-4038-85de-a83f246a05e2 req-1fd9c0e2-6265-4038-85de-a83f246a05e2 ] Request (VolumesAdminNegativeTest:test_update_attached_volume_with_nonexistent_volume_in_uri): 201 POST http://10.180.1.21/identity/v3/auth/tokens 0.094s
2025-12-01 16:16:31.397 65711 INFO tempest.lib.common.fixed_network [-] (VolumesAdminNegativeTest:test_update_attached_volume_with_nonexistent_volume_in_uri) Found network {'id': '123a447a-ad92-4dd4-9108-4649d345a6d4', 'name': 'tempest-VolumesAdminNegativeTest-299930397-network', 'tenant_id': 'a6107983acd44e1880976c14918cbb48', 'project_id': 'a6107983acd44e1880976c14918cbb48', 'admin_state_up': True, 'mtu': 8950, 'status': 'ACTIVE', 'subnets': [], 'shared': False, 'port_security_enabled': True, 'router:external': False, 'provider:network_type': 'vlan', 'provider:physical_network': 'default', 'provider:segmentation_id': 686, 'availability_zone_hints': [], 'availability_zones': [], 'ipv4_address_scope': None, 'ipv6_address_scope': None, 'description': '', 'tags': [], 'created_at': '2025-12-01T16:16:20Z', 'updated_at': '2025-12-01T16:16:20Z', 'revision_number': 1} available for tenant
2025-12-01 16:16:31.399 65691 INFO tempest.lib.common.rest_client [req-f93e0a18-1ef2-43dc-8183-b89c8520fb7b req-f93e0a18-1ef2-43dc-8183-b89c8520fb7b ] Request (FlavorsExtraSpecsTestJSON:test_flavor_set_get_update_show_unset_keys): 200 GET http://10.180.1.21/compute/v2.1/flavors/298430250/os-extra_specs 5.469s
2025-12-01 16:16:31.411 65715 INFO tempest.lib.common.rest_client [req-63d54c99-4ee2-4c0e-8746-667459d8da41 req-63d54c99-4ee2-4c0e-8746-667459d8da41 ] Request (HostsAdminNegativeTestJSON:test_show_host_detail_with_nonexistent_hostname): 404 GET http://10.180.1.21/compute/v2.1/os-hosts/nonexistent_hostname 5.474s
2025-12-01 16:16:31.434 65675 INFO tempest.lib.common.rest_client [req-d8cbed50-16d5-4b9e-8dee-d84960d4145d req-d8cbed50-16d5-4b9e-8dee-d84960d4145d ] Request (HypervisorAdminUnderV252Test:test_search_hypervisor): 200 GET http://10.180.1.21/compute/v2.1/os-hypervisors/domain-c8.fc996f14-c53b-4953-92e3-bdfa48f5cc28/search 5.476s
2025-12-01 16:16:31.441 65705 INFO tempest.lib.common.rest_client [req-2d15f203-1edf-4c04-883d-171d8ebaf216 req-2d15f203-1edf-4c04-883d-171d8ebaf216 ] Request (FlavorsV2NegativeTest:tearDownClass): 204 DELETE http://10.180.1.21/networking/v2.0/security-groups/bc354a6a-dd65-4afe-8600-a8f0b8d7b152 0.130s
2025-12-01 16:16:31.448 65677 INFO tempest.lib.common.rest_client [req-66d888d1-dbce-4d5d-ba8f-8b32589d2f8a req-66d888d1-dbce-4d5d-ba8f-8b32589d2f8a ] Request (ServerDiagnosticsV248Test:setUpClass): 201 POST http://10.180.1.21/identity/v3/projects 0.097s
2025-12-01 16:16:31.457 65679 INFO tempest.lib.common.rest_client [req-3d58790b-cacb-44b8-aac7-d5b40ac46c51 req-3d58790b-cacb-44b8-aac7-d5b40ac46c51 ] Request (AggregatesAdminNegativeTestJSON:test_aggregate_add_host_as_user): 200 POST http://10.180.1.21/compute/v2.1/os-aggregates 5.478s
2025-12-01 16:16:31.486 65701 INFO tempest.lib.common.rest_client [req-47db5881-434b-418d-a648-53996125ae29 req-47db5881-434b-418d-a648-53996125ae29 ] Request (HostsAdminTestJSON:test_list_hosts_with_zone): 200 GET http://10.180.1.21/compute/v2.1/os-hosts 5.417s
2025-12-01 16:16:31.600 65699 INFO tempest.lib.common.rest_client [req-0576bb50-209c-4f39-8dfe-90cb7ba2ccb6 req-0576bb50-209c-4f39-8dfe-90cb7ba2ccb6 ] Request (QuotasAdminNegativeTest:test_create_server_when_cpu_quota_is_full): 200 PUT http://10.180.1.21/compute/v2.1/os-quota-sets/0feb2ed1c3ee4a29abc5476833992f13 5.715s
2025-12-01 16:16:31.658 65705 INFO tempest.lib.common.rest_client [req-4e5ffcf4-0fa6-4a35-9454-0759f806b153 req-4e5ffcf4-0fa6-4a35-9454-0759f806b153 ] Request (FlavorsV2NegativeTest:tearDownClass): 204 DELETE http://10.180.1.21/identity/v3/projects/8718a9acd8ff478bbcc57de42543f613 0.216s
