2025-12-01 16:16:49.329 65717 INFO tempest.lib.common.rest_client [req-1c33f0d3-e6f7-47af-b85b-da0d2cf816be req-1c33f0d3-e6f7-47af-b85b-da0d2cf816be ] Request (SecurityGroupsNegativeTestJSON:test_delete_nonexistent_security_group): 404 DELETE http://10.180.1.21/compute/v2.1/os-security-groups/ee745ddd-ef20-4c0b-b71e-504d9dc6ded4 4.764s
2025-12-01 16:16:49.352 65735 INFO tempest.lib.common.rest_client [req-f78c472e-ed26-4c5a-87ad-5464bdb7229e req-f78c472e-ed26-4c5a-87ad-5464bdb7229e ] Request (FlavorsAccessNegativeTestJSON:_run_cleanups): 200 GET http://10.180.1.21/compute/v2.1/flavors/detail 4.777s
2025-12-01 16:16:49.372 65687 INFO tempest.lib.common.rest_client [req-fc6cd4d1-b980-4271-b2d1-ad18bc821740 req-fc6cd4d1-b980-4271-b2d1-ad18bc821740 ] Request (FlavorsExtraSpecsNegativeTestJSON:tearDownClass): 202 DELETE http://10.180.1.21/compute/v2.1/flavors/1397650316 4.792s
2025-12-01 16:16:49.387 65727 INFO tempest.lib.common.rest_client [req-06558f77-afef-4974-bf78-a4dec880e777 req-06558f77-afef-4974-bf78-a4dec880e777 ] Request (FlavorsAdminTestJSON:_run_cleanups): 202 DELETE http://10.180.1.21/compute/v2.1/flavors/39838512-19dc-4996-9db9-093420316e5e 4.786s
2025-12-01 16:16:49.504 65713 INFO tempest.lib.common.rest_client [req-015745c0-e487-44ca-a4e9-8814c8e066d6 req-015745c0-e487-44ca-a4e9-8814c8e066d6 ] Request (QuotasAdminTestV236:test_get_updated_quotas): 200 GET http://10.180.1.21/compute/v2.1/os-quota-sets/8b77178a94e84826b15136ddce8d99c7?user_id=02f58d27a8ca4e5495def2e49d3feb14 4.749s
2025-12-01 16:16:49.531 65691 INFO tempest.lib.common.rest_client [req-c6174651-4504-48ef-a215-70cdda315ceb req-c6174651-4504-48ef-a215-70cdda315ceb ] Request (FlavorsExtraSpecsTestJSON:test_flavor_set_get_update_show_unset_keys): 200 DELETE http://10.180.1.21/compute/v2.1/flavors/298430250/os-extra_specs/hw:cpu_policy 4.754s
2025-12-01 16:16:49.552 65715 INFO tempest.lib.common.rest_client [req-cebc0f25-2050-459b-937d-626411f3e204 req-cebc0f25-2050-459b-937d-626411f3e204 ] Request (HostsAdminNegativeTestJSON:test_startup_nonexistent_host): 404 GET http://10.180.1.21/compute/v2.1/os-hosts/nonexistent_hostname/startup 4.766s
2025-12-01 16:16:49.586 65679 INFO tempest.lib.common.rest_client [req-f76ac20f-c5d6-4c22-9dde-bea0b415e681 req-f76ac20f-c5d6-4c22-9dde-bea0b415e681 ] Request (AggregatesAdminNegativeTestJSON:test_aggregate_add_non_exist_host): 404 POST http://10.180.1.21/compute/v2.1/os-aggregates/3/action 4.774s
2025-12-01 16:16:49.616 65713 INFO tempest.lib.common.rest_client [req-a128b514-2eaa-4f00-98e5-8a23abd35f9d req-a128b514-2eaa-4f00-98e5-8a23abd35f9d ] Request (QuotasAdminTestV236:_run_cleanups): 204 DELETE http://10.180.1.21/identity/v3/users/02f58d27a8ca4e5495def2e49d3feb14 0.110s
2025-12-01 16:16:49.670 65697 INFO tempest.lib.common.rest_client [req-7d924aa9-ba3e-41b2-8623-58343666ddb3 req-7d924aa9-ba3e-41b2-8623-58343666ddb3 ] Request (SecurityGroupRulesNegativeTestJSON:test_create_security_group_rule_duplicate): 400 POST http://10.180.1.21/compute/v2.1/os-security-group-rules 4.655s
2025-12-01 16:16:49.762 65713 INFO tempest.lib.common.rest_client [req-2ef34a68-c555-4863-9805-b3a5e1677476 req-2ef34a68-c555-4863-9805-b3a5e1677476 ] Request (QuotasAdminTestV236:_run_cleanups): 204 DELETE http://10.180.1.21/identity/v3/projects/8b77178a94e84826b15136ddce8d99c7 0.145s
2025-12-01 16:16:49.885 65695 INFO tempest.lib.common.rest_client [req-b8367536-9a0a-49e5-b91a-55138f0b79fe req-b8367536-9a0a-49e5-b91a-55138f0b79fe ] Request (FloatingIPsAssociationNegativeTestJSON:test_associate_ip_to_server_with_floating_ip): 202 POST http://10.180.1.21/compute/v2.1/servers/26c49486-096e-428e-8935-3fabc9f92ab2/action 6.358s
2025-12-01 16:16:49.915 65713 INFO tempest.lib.common.rest_client [req-24af5604-935c-4049-9058-8f05f32e5505 req-24af5604-935c-4049-9058-8f05f32e5505 ] Request (QuotasAdminTestV236:tearDownClass): 204 DELETE http://10.180.1.21/identity/v3/users/86e4805dee754359aff8f744146319a1 0.150s
2025-12-01 16:16:49.961 65699 INFO tempest.lib.common.rest_client [req-734c0835-9e43-4cef-8e94-d1633cccfc7d req-734c0835-9e43-4cef-8e94-d1633cccfc7d ] Request (QuotasAdminNegativeTest:test_create_server_when_instances_quota_is_full): 200 PUT http://10.180.1.21/compute/v2.1/os-quota-sets/0feb2ed1c3ee4a29abc5476833992f13 4.746s
2025-12-01 16:16:50.066 65699 INFO tempest.lib.common.rest_client [req-508f2d04-d393-45d6-b926-fc902dd22a0c req-508f2d04-d393-45d6-b926-fc902dd22a0c ] Request (QuotasAdminNegativeTest:test_create_server_when_instances_quota_is_full): 201 POST http://10.180.1.21/identity/v3/auth/tokens 0.095s
2025-12-01 16:16:50.067 65699 INFO tempest.lib.common.fixed_network [-] (QuotasAdminNegativeTest:test_create_server_when_instances_quota_is_full) Found network None available for tenant
2025-12-01 16:16:50.077 65713 INFO tempest.lib.common.rest_client [req-14d9c6de-38b9-4911-ac36-b0bb04a6018c req-14d9c6de-38b9-4911-ac36-b0bb04a6018c ] Request (QuotasAdminTestV236:tearDownClass): 204 DELETE http://10.180.1.21/identity/v3/users/50dcad8511a74a5f883b9c09bf62f8af 0.162s
2025-12-01 16:16:50.077 65713 INFO tempest.lib.common.dynamic_creds [-] Deleting project and security group for project: 6322ca6fe7074c43ad17d97de59ca0b9
2025-12-01 16:16:50.106 65725 INFO tempest.lib.common.rest_client [req-fc7f6a30-902d-4c54-b28d-24bb379ffed4 req-fc7f6a30-902d-4c54-b28d-24bb379ffed4 ] Request (ServersTestFqdnHostnames:test_create_server_with_fqdn_name): 200 GET http://10.180.1.21/compute/v2.1/servers/eb048507-f516-4079-a7fa-41572837763c 4.554s
2025-12-01 16:16:50.116 65725 INFO tempest.common.waiters [-] State transition "BUILD/spawning" ==> "ACTIVE/None" after 34 second wait
2025-12-01 16:16:50.149 65713 INFO tempest.lib.common.rest_client [req-65f18da8-51d0-4e2d-af7a-1ff5c0088c3a req-65f18da8-51d0-4e2d-af7a-1ff5c0088c3a ] Request (QuotasAdminTestV236:tearDownClass): 201 POST http://10.180.1.21/identity/v3/auth/tokens 0.071s
2025-12-01 16:16:50.347 65713 INFO tempest.lib.common.rest_client [req-d71826c9-89dc-4f31-8a71-648c36a5e064 req-d71826c9-89dc-4f31-8a71-648c36a5e064 ] Request (QuotasAdminTestV236:tearDownClass): 200 GET http://10.180.1.21/networking/v2.0/security-groups?tenant_id=6322ca6fe7074c43ad17d97de59ca0b9&name=default 0.198s
2025-12-01 16:16:50.442 65729 INFO tempest.lib.common.rest_client [req-5cbec8fe-b522-4caa-969c-a676fc5dd043 req-5cbec8fe-b522-4caa-969c-a676fc5dd043 ] Request (FloatingIPDetailsTestJSON:tearDownClass): 202 DELETE http://10.180.1.21/compute/v2.1/os-floating-ips/b9c25c2f-c934-4bb9-a75e-0763c203f9e5 3.746s
2025-12-01 16:16:50.487 65709 INFO tempest.lib.common.rest_client [req-6961f418-842c-45a5-8175-5b50d5df0df8 req-6961f418-842c-45a5-8175-5b50d5df0df8 ] Request (SecurityGroupsTestJSON:test_list_security_groups_by_server): 200 GET http://10.180.1.21/compute/v2.1/servers/47b3e873-01f6-47f6-82e9-c1223dc9f5df 3.708s
2025-12-01 16:16:50.494 65709 INFO tempest.common.waiters [-] State transition "BUILD/spawning" ==> "ACTIVE/None" after 24 second wait
2025-12-01 16:16:50.534 65713 INFO tempest.lib.common.rest_client [req-0937323c-16dd-4edb-8d7d-bca67edb4869 req-0937323c-16dd-4edb-8d7d-bca67edb4869 ] Request (QuotasAdminTestV236:tearDownClass): 204 DELETE http://10.180.1.21/networking/v2.0/security-groups/e391ca05-a178-4b93-ae10-16331e02414e 0.186s
2025-12-01 16:16:50.637 65737 INFO tempest.lib.common.rest_client [req-6498e130-c5e1-40c4-bf9e-9ff26088ec0c req-6498e130-c5e1-40c4-bf9e-9ff26088ec0c ] Request (VolumesAssistedSnapshotsTest:test_volume_assisted_snapshot_create_delete): 200 GET http://10.180.1.21/compute/v2.1/servers/01e2b4ba-89f9-4afd-8293-4cecda494f33 3.790s
2025-12-01 16:16:50.667 65733 INFO tempest.lib.common.rest_client [req-fbea0038-b0be-430b-8947-4804268946d8 req-fbea0038-b0be-430b-8947-4804268946d8 ] Request (FlavorsAccessTestJSON:_run_cleanups): 200 GET http://10.180.1.21/compute/v2.1/flavors/detail 3.427s
2025-12-01 16:16:50.673 65713 INFO tempest.lib.common.rest_client [req-a3e2529c-b9e0-48ff-be57-284d52b084ac req-a3e2529c-b9e0-48ff-be57-284d52b084ac ] Request (QuotasAdminTestV236:tearDownClass): 204 DELETE http://10.180.1.21/identity/v3/projects/6322ca6fe7074c43ad17d97de59ca0b9 0.138s
2025-12-01 16:16:50.674 65713 INFO tempest.lib.common.dynamic_creds [-] Deleting project and security group for project: 462b315787684c3c91507c67339fe60e
2025-12-01 16:16:50.677 65689 INFO tempest.lib.common.rest_client [req-96695741-b564-4990-adab-d0baee9d8c9b req-96695741-b564-4990-adab-d0baee9d8c9b ] Request (MultipleCreateTestJSON:test_multiple_create): 200 GET http://10.180.1.21/compute/v2.1/servers/4fed2b03-1efa-41f1-84f6-24adaa178313 3.689s
2025-12-01 16:16:50.686 65689 INFO tempest.common.waiters [-] State transition "BUILD/block_device_mapping" ==> "BUILD/spawning" after 11 second wait
2025-12-01 16:16:50.828 65733 INFO tempest.lib.common.rest_client [req-c802e952-28f1-44ab-8a40-72dd5e10d156 req-c802e952-28f1-44ab-8a40-72dd5e10d156 ] Request (FlavorsAccessTestJSON:tearDownClass): 204 DELETE http://10.180.1.21/identity/v3/users/34943b3d4f7247f8b3a94690f6e76a23 0.152s
2025-12-01 16:16:50.857 65713 INFO tempest.lib.common.rest_client [req-9ab3af56-6365-4cf7-860d-2fe71193f338 req-9ab3af56-6365-4cf7-860d-2fe71193f338 ] Request (QuotasAdminTestV236:tearDownClass): 200 GET http://10.180.1.21/networking/v2.0/security-groups?tenant_id=462b315787684c3c91507c67339fe60e&name=default 0.182s
2025-12-01 16:16:50.931 65733 INFO tempest.lib.common.rest_client [req-2b80436a-5929-481f-b9b2-767028978018 req-2b80436a-5929-481f-b9b2-767028978018 ] Request (FlavorsAccessTestJSON:tearDownClass): 204 DELETE http://10.180.1.21/identity/v3/users/f9f74505e025496a91e5644de06b2983 0.102s
2025-12-01 16:16:50.931 65733 INFO tempest.lib.common.dynamic_creds [-] Deleting project and security group for project: 925a2fc4436b48f98505678ea6ca1fa5
2025-12-01 16:16:50.990 65733 INFO tempest.lib.common.rest_client [req-e8470955-4578-4e90-ba13-5d51b3def665 req-e8470955-4578-4e90-ba13-5d51b3def665 ] Request (FlavorsAccessTestJSON:tearDownClass): 201 POST http://10.180.1.21/identity/v3/auth/tokens 0.058s
2025-12-01 16:16:51.032 65705 INFO tempest.lib.common.rest_client [req-89e56f7f-004a-4fcc-bba9-eabe11a2ad80 req-89e56f7f-004a-4fcc-bba9-eabe11a2ad80 ] Request (ServerActionsTestJSON:setUpClass): 200 GET http://10.180.1.21/compute/v2.1/servers/75972bde-0154-4e46-ba79-90cf49669ab5 3.526s
2025-12-01 16:16:51.101 65713 INFO tempest.lib.common.rest_client [req-b2cc2174-465a-435f-8bdc-3e811b16b3cc req-b2cc2174-465a-435f-8bdc-3e811b16b3cc ] Request (QuotasAdminTestV236:tearDownClass): 204 DELETE http://10.180.1.21/networking/v2.0/security-groups/49771d4c-fb2f-460d-be71-10500d5e2867 0.244s
2025-12-01 16:16:51.113 65719 INFO tempest.lib.common.rest_client [req-5bfa0864-9706-45e8-9fea-466ecd3580b2 req-5bfa0864-9706-45e8-9fea-466ecd3580b2 ] Request (ImagesOneServerNegativeTestJSON:setUpClass): 200 GET http://10.180.1.21/compute/v2.1/servers/df09cb15-4363-401b-a3cd-9af3ec824074 3.770s
2025-12-01 16:16:51.163 65703 INFO tempest.lib.common.rest_client [req-08075b5c-b3f6-4e06-92f3-e9b99f909279 req-08075b5c-b3f6-4e06-92f3-e9b99f909279 ] Request (DeleteServersAdminTestJSON:test_admin_delete_servers_of_others): 200 GET http://10.180.1.21/compute/v2.1/servers/0874c088-6ae2-4549-8b87-c29c01cae972 3.442s
2025-12-01 16:16:51.183 65713 INFO tempest.lib.common.rest_client [req-d14f468a-16ae-4c08-ab48-6298738d53f2 req-d14f468a-16ae-4c08-ab48-6298738d53f2 ] Request (QuotasAdminTestV236:tearDownClass): 204 DELETE http://10.180.1.21/identity/v3/projects/462b315787684c3c91507c67339fe60e 0.082s
2025-12-01 16:16:51.290 65733 INFO tempest.lib.common.rest_client [req-fdffb929-b023-411f-b4d9-d8311ec19a59 req-fdffb929-b023-411f-b4d9-d8311ec19a59 ] Request (FlavorsAccessTestJSON:tearDownClass): 200 GET http://10.180.1.21/networking/v2.0/security-groups?tenant_id=925a2fc4436b48f98505678ea6ca1fa5&name=default 0.299s
2025-12-01 16:16:51.318 65713 INFO tempest.lib.common.rest_client [req-f4dad18b-784c-45e5-9154-d343fbeaaea8 req-f4dad18b-784c-45e5-9154-d343fbeaaea8 ] Request (ListImageFiltersNegativeTestJSON:setUpClass): 201 POST http://10.180.1.21/identity/v3/auth/tokens 0.132s
2025-12-01 16:16:51.371 65713 INFO tempest.lib.common.rest_client [req-cc3b9205-f6b4-43da-86d2-77ef1f33374c req-cc3b9205-f6b4-43da-86d2-77ef1f33374c ] Request (ListImageFiltersNegativeTestJSON:setUpClass): 201 POST http://10.180.1.21/identity/v3/auth/tokens 0.048s
2025-12-01 16:16:51.407 65713 INFO tempest.lib.common.rest_client [req-cc63142e-d302-4a2d-838d-9c0b8e6e48dc req-cc63142e-d302-4a2d-838d-9c0b8e6e48dc ] Request (ListImageFiltersNegativeTestJSON:setUpClass): 200 GET http://10.180.1.21/identity/v3/domains?name=Default 0.035s
2025-12-01 16:16:51.447 65713 INFO tempest.lib.common.rest_client [req-93ef5871-e176-45e7-88f9-315fc13a751a req-93ef5871-e176-45e7-88f9-315fc13a751a ] Request (ListImageFiltersNegativeTestJSON:setUpClass): 201 POST http://10.180.1.21/identity/v3/projects 0.039s
2025-12-01 16:16:51.458 65733 INFO tempest.lib.common.rest_client [req-ec2ac753-3255-4587-9c8a-63e604e957ee req-ec2ac753-3255-4587-9c8a-63e604e957ee ] Request (FlavorsAccessTestJSON:tearDownClass): 204 DELETE http://10.180.1.21/networking/v2.0/security-groups/8d5a65ed-8bc5-4f3e-ab07-4366d48e5313 0.168s
2025-12-01 16:16:51.488 65693 INFO tempest.lib.common.rest_client [req-23a64c56-0c62-4926-a272-dc683aaa7d9e req-23a64c56-0c62-4926-a272-dc683aaa7d9e ] Request (MigrationsAdminTest:test_list_migrations_in_flavor_resize_situation): 202 POST http://10.180.1.21/compute/v2.1/servers/b185559b-a03d-4e2f-936c-27f6dd5c11b5/action 3.688s
2025-12-01 16:16:51.545 65713 INFO tempest.lib.common.rest_client [req-1b35605e-1737-45ac-ab11-a7eb8ddee6aa req-1b35605e-1737-45ac-ab11-a7eb8ddee6aa ] Request (ListImageFiltersNegativeTestJSON:setUpClass): 201 POST http://10.180.1.21/identity/v3/users 0.098s
2025-12-01 16:16:51.576 65713 INFO tempest.lib.common.rest_client [req-3c557df1-4f62-4d6a-881e-8c8fdcbabc76 req-3c557df1-4f62-4d6a-881e-8c8fdcbabc76 ] Request (ListImageFiltersNegativeTestJSON:setUpClass): 200 GET http://10.180.1.21/identity/v3/roles 0.030s
2025-12-01 16:16:51.583 65701 INFO tempest.lib.common.rest_client [req-05e2259e-dfeb-4c48-a236-78b3c49fbea2 req-05e2259e-dfeb-4c48-a236-78b3c49fbea2 ] Request (ServerExternalEventsTest:test_create_server_external_events): 202 POST http://10.180.1.21/compute/v2.1/servers 3.796s
2025-12-01 16:16:51.608 65733 INFO tempest.lib.common.rest_client [req-a458aaa4-5dff-4822-a299-cc906400401b req-a458aaa4-5dff-4822-a299-cc906400401b ] Request (FlavorsAccessTestJSON:tearDownClass): 204 DELETE http://10.180.1.21/identity/v3/projects/925a2fc4436b48f98505678ea6ca1fa5 0.149s
2025-12-01 16:16:51.609 65733 INFO tempest.lib.common.dynamic_creds [-] Deleting project and security group for project: 1fede7c1048f40b0970b78a340b07f36
2025-12-01 16:16:51.668 65721 INFO tempest.lib.common.rest_client [req-42c2ff7f-5d07-499f-a4e7-99545c6cbfee req-42c2ff7f-5d07-499f-a4e7-99545c6cbfee ] Request (ServersAdmin275Test:test_rebuild_update_server_275): 200 GET http://10.180.1.21/compute/v2.1/servers/57c78af9-4e0d-4c08-b599-47e1eefe4e4b 3.754s
2025-12-01 16:16:51.680 65721 INFO tempest.common.waiters [-] State transition "REBUILD/rebuild_spawning" ==> "ACTIVE/None" after 11 second wait
2025-12-01 16:16:51.696 65681 INFO tempest.lib.common.rest_client [req-90953131-c161-40ce-83f7-da90590c7def req-90953131-c161-40ce-83f7-da90590c7def ] Request (ServerDiagnosticsNegativeTest:tearDownClass): 404 GET http://10.180.1.21/compute/v2.1/servers/21fe6b26-2580-4e91-b9e1-521a7cf40d21 3.645s
2025-12-01 16:16:51.701 65713 INFO tempest.lib.common.rest_client [req-90c6e712-55b6-4d26-927b-01bb6a4e9f8d req-90c6e712-55b6-4d26-927b-01bb6a4e9f8d ] Request (ListImageFiltersNegativeTestJSON:setUpClass): 204 PUT http://10.180.1.21/identity/v3/projects/725fe1bd5e7e48318811bb4672e62e5c/users/7698384dfd20478e83ea8e0b99639f30/roles/25f1c398aab74de0a70e13d6332f02cc 0.125s
2025-12-01 16:16:51.702 65713 INFO tempest.lib.common.dynamic_creds [-] Dynamic test user 7698384dfd20478e83ea8e0b99639f30 is created with scope project and roles: ['member']
2025-12-01 16:16:51.702 65713 INFO tempest.lib.common.dynamic_creds [-] Acquired dynamic creds: credentials: Credentials: {'domain_id': 'default', 'domain_name': 'Default', 'username': 'tempest-ListImageFiltersNegativeTestJSON-1687962852-project-member', 'project_domain_id': 'default', 'project_domain_name': 'Default', 'project_id': '725fe1bd5e7e48318811bb4672e62e5c', 'project_name': 'tempest-ListImageFiltersNegativeTestJSON-1687962852', 'tenant_id': '725fe1bd5e7e48318811bb4672e62e5c', 'tenant_name': 'tempest-ListImageFiltersNegativeTestJSON-1687962852', 'user_domain_id': 'default', 'user_domain_name': 'Default', 'user_id': '7698384dfd20478e83ea8e0b99639f30', 'system': None}, Network: None, Subnet: None, Router: None
2025-12-01 16:16:51.702 65713 INFO tempest.lib.common.dynamic_creds [-] Created isolated network resources for: credentials: Credentials: {'domain_id': 'default', 'domain_name': 'Default', 'username': 'tempest-ListImageFiltersNegativeTestJSON-1687962852-project-member', 'project_domain_id': 'default', 'project_domain_name': 'Default', 'project_id': '725fe1bd5e7e48318811bb4672e62e5c', 'project_name': 'tempest-ListImageFiltersNegativeTestJSON-1687962852', 'tenant_id': '725fe1bd5e7e48318811bb4672e62e5c', 'tenant_name': 'tempest-ListImageFiltersNegativeTestJSON-1687962852', 'user_domain_id': 'default', 'user_domain_name': 'Default', 'user_id': '7698384dfd20478e83ea8e0b99639f30', 'system': None}, Network: None, Subnet: None, Router: None
2025-12-01 16:16:51.748 65733 INFO tempest.lib.common.rest_client [req-3ed4d2ef-16ea-4f0a-b36f-330111810ac6 req-3ed4d2ef-16ea-4f0a-b36f-330111810ac6 ] Request (FlavorsAccessTestJSON:tearDownClass): 200 GET http://10.180.1.21/networking/v2.0/security-groups?tenant_id=1fede7c1048f40b0970b78a340b07f36&name=default 0.139s
2025-12-01 16:16:51.778 65707 INFO tempest.lib.common.rest_client [req-aa8ef54a-d7b2-4b90-823b-8d6955ec7910 req-aa8ef54a-d7b2-4b90-823b-8d6955ec7910 ] Request (ServersWithSpecificFlavorTestJSON:test_verify_created_server_ephemeral_disk): 200 GET http://10.180.1.21/compute/v2.1/servers/f742f6be-a4fb-430b-a38e-6b1ed571a4a1 3.680s
2025-12-01 16:16:51.815 65713 INFO tempest.lib.common.rest_client [req-47015ca7-252e-4398-84e7-65ac7e1dc716 req-47015ca7-252e-4398-84e7-65ac7e1dc716 ] Request (ListImageFiltersNegativeTestJSON:setUpClass): 201 POST http://10.180.1.21/identity/v3/auth/tokens 0.110s
2025-12-01 16:16:51.821 65681 INFO tempest.lib.common.rest_client [req-ec79315d-db84-4459-8680-80df6d921e30 req-ec79315d-db84-4459-8680-80df6d921e30 ] Request (ServerDiagnosticsNegativeTest:tearDownClass): 204 DELETE http://10.180.1.21/identity/v3/users/8d39b306640e4ce1b8b08daa8c62b8dd 0.122s
2025-12-01 16:16:51.879 65733 INFO tempest.lib.common.rest_client [req-f171f5cb-2286-4ad6-82f3-df5bde477c76 req-f171f5cb-2286-4ad6-82f3-df5bde477c76 ] Request (FlavorsAccessTestJSON:tearDownClass): 204 DELETE http://10.180.1.21/networking/v2.0/security-groups/3acda069-7922-4b1a-8ab3-08889b34f438 0.129s
2025-12-01 16:16:51.929 65681 INFO tempest.lib.common.rest_client [req-5b0d96ed-617e-4c72-b6bd-0830ea57c8cb req-5b0d96ed-617e-4c72-b6bd-0830ea57c8cb ] Request (ServerDiagnosticsNegativeTest:tearDownClass): 204 DELETE http://10.180.1.21/identity/v3/users/faa5ad4344394c0ba497c16639cc6bb3 0.108s
2025-12-01 16:16:51.929 65681 INFO tempest.lib.common.dynamic_creds [-] Deleting project and security group for project: 3a433026be9f4d5ea6c6c9d6330285dd
2025-12-01 16:16:51.940 65731 INFO tempest.lib.common.rest_client [req-7f0d0532-94d3-46e7-ad6c-1d66ea5702bf req-7f0d0532-94d3-46e7-ad6c-1d66ea5702bf ] Request (ImagesNegativeTestJSON:test_create_image_from_deleted_server): 200 GET http://10.180.1.21/compute/v2.1/servers/f87c6a96-6ff0-4401-afb2-a04e1899d0d9 3.733s
2025-12-01 16:16:51.962 65711 INFO tempest.lib.common.rest_client [req-f98aaeb0-4b52-4738-96d4-fe0b25c60398 req-f98aaeb0-4b52-4738-96d4-fe0b25c60398 ] Request (VolumesAdminNegativeTest:test_update_attached_volume_with_nonexistent_volume_in_uri): 200 GET http://10.180.1.21/compute/v2.1/servers/981fa219-bb6a-4675-8181-10e64f460620 4.162s
2025-12-01 16:16:51.969 65711 INFO tempest.common.waiters [-] State transition "BUILD/None" ==> "BUILD/spawning" after 11 second wait
2025-12-01 16:16:51.984 65685 INFO tempest.lib.common.rest_client [req-2bf3d0f4-b40b-49a1-8877-7f99fc5e04bd req-2bf3d0f4-b40b-49a1-8877-7f99fc5e04bd ] Request (ImagesTestJSON:test_create_image_from_stopped_server): 200 GET http://10.180.1.21/compute/v2.1/images/05abc76e-0b9b-459c-8e88-36c8d1c3bffd 3.691s
2025-12-01 16:16:51.992 65681 INFO tempest.lib.common.rest_client [req-fa45b014-0549-4184-9ae8-4bada82090a4 req-fa45b014-0549-4184-9ae8-4bada82090a4 ] Request (ServerDiagnosticsNegativeTest:tearDownClass): 201 POST http://10.180.1.21/identity/v3/auth/tokens 0.063s
2025-12-01 16:16:52.043 65733 INFO tempest.lib.common.rest_client [req-e8e0f0fa-26eb-438b-a573-a6b496a4b884 req-e8e0f0fa-26eb-438b-a573-a6b496a4b884 ] Request (FlavorsAccessTestJSON:tearDownClass): 204 DELETE http://10.180.1.21/identity/v3/projects/1fede7c1048f40b0970b78a340b07f36 0.164s
2025-12-01 16:16:52.215 65723 INFO tempest.lib.common.rest_client [req-c867660d-c6f2-4303-a18d-491bba5ba38c req-c867660d-c6f2-4303-a18d-491bba5ba38c ] Request (ServerDiagnosticsTest:tearDownClass): 200 GET http://10.180.1.21/compute/v2.1/servers/5e529738-5975-470c-a03e-75b6b9c7d1ff 3.834s
2025-12-01 16:16:52.219 65717 INFO tempest.lib.common.rest_client [req-ae737b68-2405-4c11-af7e-f2f90fb518f9 req-ae737b68-2405-4c11-af7e-f2f90fb518f9 ] Request (SecurityGroupsNegativeTestJSON:test_delete_security_group_without_passing_id): 404 DELETE http://10.180.1.21/compute/v2.1/os-security-groups/ 2.889s
2025-12-01 16:16:52.223 65733 INFO tempest.lib.common.rest_client [req-cb1d034c-2ec8-4dd7-b60e-b44e089e8196 req-cb1d034c-2ec8-4dd7-b60e-b44e089e8196 ] Request (ServerActionsTestOtherA:setUpClass): 201 POST http://10.180.1.21/identity/v3/auth/tokens 0.177s
2025-12-01 16:16:52.251 65735 INFO tempest.lib.common.rest_client [req-53af223e-5d4d-4c42-848a-1e94bd36725e req-53af223e-5d4d-4c42-848a-1e94bd36725e ] Request (FlavorsAccessNegativeTestJSON:test_flavor_non_admin_add): 200 POST http://10.180.1.21/compute/v2.1/flavors 2.893s
2025-12-01 16:16:52.276 65677 INFO tempest.lib.common.rest_client [req-711f4fea-83d5-4d78-82cd-dc09d88c3ca9 req-711f4fea-83d5-4d78-82cd-dc09d88c3ca9 ] Request (ServerDiagnosticsV248Test:test_get_server_diagnostics): 200 GET http://10.180.1.21/compute/v2.1/servers/19903707-86cf-4a17-a4cd-418d59b712f2 3.859s
2025-12-01 16:16:52.280 65733 INFO tempest.lib.common.rest_client [req-c8fb7cc5-cb33-4389-a35d-d2af6c33ddf3 req-c8fb7cc5-cb33-4389-a35d-d2af6c33ddf3 ] Request (ServerActionsTestOtherA:setUpClass): 201 POST http://10.180.1.21/identity/v3/auth/tokens 0.050s
2025-12-01 16:16:52.285 65687 INFO tempest.lib.common.rest_client [req-6353bd70-1c5d-46a5-b9fa-b1edeba14e02 req-6353bd70-1c5d-46a5-b9fa-b1edeba14e02 ] Request (FlavorsExtraSpecsNegativeTestJSON:tearDownClass): 200 GET http://10.180.1.21/compute/v2.1/flavors/detail 2.912s
2025-12-01 16:16:52.290 65677 INFO tempest.common.waiters [-] State transition "BUILD/None" ==> "BUILD/spawning" after 11 second wait
2025-12-01 16:16:52.301 65691 INFO tempest.lib.common.rest_client [req-5c12ae10-da37-4a67-b4ae-57e28f4f48d4 req-5c12ae10-da37-4a67-b4ae-57e28f4f48d4 ] Request (FlavorsExtraSpecsTestJSON:test_flavor_set_get_update_show_unset_keys): 200 GET http://10.180.1.21/compute/v2.1/flavors/298430250/os-extra_specs 2.769s
2025-12-01 16:16:52.305 65715 INFO tempest.lib.common.rest_client [req-2a556ad5-f075-4a87-9c87-bdfe8011334b req-2a556ad5-f075-4a87-9c87-bdfe8011334b ] Request (HostsAdminNegativeTestJSON:test_update_host_with_invalid_maintenance_mode): 400 PUT http://10.180.1.21/compute/v2.1/os-hosts/devstack 2.749s
2025-12-01 16:16:52.311 65727 INFO tempest.lib.common.rest_client [req-a20c6790-3151-4eb8-84f0-abd8f06e1a1f req-a20c6790-3151-4eb8-84f0-abd8f06e1a1f ] Request (FlavorsAdminTestJSON:_run_cleanups): 200 GET http://10.180.1.21/compute/v2.1/flavors/detail 2.923s
2025-12-01 16:16:52.336 65733 INFO tempest.lib.common.rest_client [req-daa53149-8338-48e1-8ae4-c5d64044dede req-daa53149-8338-48e1-8ae4-c5d64044dede ] Request (ServerActionsTestOtherA:setUpClass): 200 GET http://10.180.1.21/identity/v3/domains?name=Default 0.055s
2025-12-01 16:16:52.337 65679 INFO tempest.lib.common.rest_client [req-1ee9571c-cba6-4d75-9960-7ed647773bea req-1ee9571c-cba6-4d75-9960-7ed647773bea ] Request (AggregatesAdminNegativeTestJSON:_run_cleanups): 200 DELETE http://10.180.1.21/compute/v2.1/os-aggregates/3 2.750s
2025-12-01 16:16:52.359 65681 INFO tempest.lib.common.rest_client [req-d293dd79-3308-40c0-b122-36a9482477bb req-d293dd79-3308-40c0-b122-36a9482477bb ] Request (ServerDiagnosticsNegativeTest:tearDownClass): 200 GET http://10.180.1.21/networking/v2.0/security-groups?tenant_id=3a433026be9f4d5ea6c6c9d6330285dd&name=default 0.366s
2025-12-01 16:16:52.440 65687 INFO tempest.lib.common.rest_client [req-a60e9121-15d2-4c91-8f1e-ceba8e7ed83e req-a60e9121-15d2-4c91-8f1e-ceba8e7ed83e ] Request (FlavorsExtraSpecsNegativeTestJSON:tearDownClass): 204 DELETE http://10.180.1.21/identity/v3/users/b78a204964284470a679e208f15d89d6 0.147s
2025-12-01 16:16:52.518 65681 INFO tempest.lib.common.rest_client [req-ea65fa00-7290-491a-abf5-a38cccb06fa6 req-ea65fa00-7290-491a-abf5-a38cccb06fa6 ] Request (ServerDiagnosticsNegativeTest:tearDownClass): 204 DELETE http://10.180.1.21/networking/v2.0/security-groups/fc9a401e-5114-4f4a-9561-f18e067188c8 0.158s
2025-12-01 16:16:52.522 65733 INFO tempest.lib.common.rest_client [req-b4629022-c20e-472d-82b8-5891ed87342f req-b4629022-c20e-472d-82b8-5891ed87342f ] Request (ServerActionsTestOtherA:setUpClass): 201 POST http://10.180.1.21/identity/v3/projects 0.186s
2025-12-01 16:16:52.531 65697 INFO tempest.lib.common.rest_client [req-7260ba65-dbdd-4683-849f-671dbcf974ab req-7260ba65-dbdd-4683-849f-671dbcf974ab ] Request (SecurityGroupRulesNegativeTestJSON:_run_cleanups): 202 DELETE http://10.180.1.21/compute/v2.1/os-security-group-rules/411e4d48-1cb8-4cb0-b2c0-caa1d8a8fcc6 2.861s
2025-12-01 16:16:52.632 65683 INFO tempest.lib.common.rest_client [req-884deb7b-341f-4042-ae0d-f92ecba3dc73 req-884deb7b-341f-4042-ae0d-f92ecba3dc73 ] Request (QuotaClassesAdmin257Test:test_update_default_quotas): 200 GET http://10.180.1.21/compute/v2.1/os-quota-class-sets/default 2.850s
2025-12-01 16:16:52.638 65687 INFO tempest.lib.common.rest_client [req-7f650f64-edaa-4f9a-bcd4-9bcdb5012fe1 req-7f650f64-edaa-4f9a-bcd4-9bcdb5012fe1 ] Request (FlavorsExtraSpecsNegativeTestJSON:tearDownClass): 204 DELETE http://10.180.1.21/identity/v3/users/d14131804b19430a8937eeb52668d9b8 0.197s
2025-12-01 16:16:52.638 65687 INFO tempest.lib.common.dynamic_creds [-] Deleting project and security group for project: 8df25e327215497f8a4aaf5156c506dc
2025-12-01 16:16:52.710 65733 INFO tempest.lib.common.rest_client [req-e52f7f7e-e8f8-4c6b-ba5e-ef1f94afc1bc req-e52f7f7e-e8f8-4c6b-ba5e-ef1f94afc1bc ] Request (ServerActionsTestOtherA:setUpClass): 201 POST http://10.180.1.21/identity/v3/users 0.188s
2025-12-01 16:16:52.721 65681 INFO tempest.lib.common.rest_client [req-cfc6d331-6564-4a95-a5ef-85b19713ee20 req-cfc6d331-6564-4a95-a5ef-85b19713ee20 ] Request (ServerDiagnosticsNegativeTest:tearDownClass): 204 DELETE http://10.180.1.21/identity/v3/projects/3a433026be9f4d5ea6c6c9d6330285dd 0.202s
2025-12-01 16:16:52.721 65681 INFO tempest.lib.common.dynamic_creds [-] Deleting project and security group for project: 4206b43e3dd944bb86f3014a1cba5d11
2025-12-01 16:16:52.771 65687 INFO tempest.lib.common.rest_client [req-c85fea97-e985-4124-9dbb-af846c47de65 req-c85fea97-e985-4124-9dbb-af846c47de65 ] Request (FlavorsExtraSpecsNegativeTestJSON:tearDownClass): 201 POST http://10.180.1.21/identity/v3/auth/tokens 0.132s
2025-12-01 16:16:52.779 65681 INFO tempest.lib.common.rest_client [req-9ccc1ee3-1417-4a22-9bee-8ea5736726a5 req-9ccc1ee3-1417-4a22-9bee-8ea5736726a5 ] Request (ServerDiagnosticsNegativeTest:tearDownClass): 200 GET http://10.180.1.21/networking/v2.0/security-groups?tenant_id=4206b43e3dd944bb86f3014a1cba5d11&name=default 0.057s
2025-12-01 16:16:52.783 65733 INFO tempest.lib.common.rest_client [req-4193d040-f1cb-4881-8728-a5522cef6a9a req-4193d040-f1cb-4881-8728-a5522cef6a9a ] Request (ServerActionsTestOtherA:setUpClass): 200 GET http://10.180.1.21/identity/v3/roles 0.072s
2025-12-01 16:16:52.818 65733 INFO tempest.lib.common.rest_client [req-7f169242-29be-449c-80ce-a16af49c53fb req-7f169242-29be-449c-80ce-a16af49c53fb ] Request (ServerActionsTestOtherA:setUpClass): 204 PUT http://10.180.1.21/identity/v3/projects/bf1e2a7dc0b04ec2bfb62b41f3c9050e/users/1ec46e0300854fa0b734a202f5c6e12e/roles/25f1c398aab74de0a70e13d6332f02cc 0.034s
2025-12-01 16:16:52.818 65733 INFO tempest.lib.common.dynamic_creds [-] Dynamic test user 1ec46e0300854fa0b734a202f5c6e12e is created with scope project and roles: ['member']
2025-12-01 16:16:52.818 65733 INFO tempest.lib.common.dynamic_creds [-] Acquired dynamic creds: credentials: Credentials: {'domain_id': 'default', 'domain_name': 'Default', 'username': 'tempest-ServerActionsTestOtherA-1040889278-project-member', 'project_domain_id': 'default', 'project_domain_name': 'Default', 'project_id': 'bf1e2a7dc0b04ec2bfb62b41f3c9050e', 'project_name': 'tempest-ServerActionsTestOtherA-1040889278', 'tenant_id': 'bf1e2a7dc0b04ec2bfb62b41f3c9050e', 'tenant_name': 'tempest-ServerActionsTestOtherA-1040889278', 'user_domain_id': 'default', 'user_domain_name': 'Default', 'user_id': '1ec46e0300854fa0b734a202f5c6e12e', 'system': None}, Network: None, Subnet: None, Router: None
2025-12-01 16:16:52.911 65733 INFO tempest.lib.common.rest_client [req-c8ce9eb0-3d1b-40bd-8203-6c98af637c0b req-c8ce9eb0-3d1b-40bd-8203-6c98af637c0b ] Request (ServerActionsTestOtherA:setUpClass): 201 POST http://10.180.1.21/identity/v3/auth/tokens 0.092s
2025-12-01 16:16:53.021 65687 INFO tempest.lib.common.rest_client [req-b0a6ea01-b57d-4d36-8f0c-eb794d80815b req-b0a6ea01-b57d-4d36-8f0c-eb794d80815b ] Request (FlavorsExtraSpecsNegativeTestJSON:tearDownClass): 200 GET http://10.180.1.21/networking/v2.0/security-groups?tenant_id=8df25e327215497f8a4aaf5156c506dc&name=default 0.250s
2025-12-01 16:16:53.087 65699 INFO tempest.lib.common.rest_client [req-26b6f970-1c6d-41d3-83ae-0f9b7002eb8b req-26b6f970-1c6d-41d3-83ae-0f9b7002eb8b ] Request (QuotasAdminNegativeTest:test_create_server_when_instances_quota_is_full): 403 POST http://10.180.1.21/compute/v2.1/servers 3.020s
2025-12-01 16:16:53.107 65681 INFO tempest.lib.common.rest_client [req-0eae91de-5cf6-428c-b168-4f9574233b0b req-0eae91de-5cf6-428c-b168-4f9574233b0b ] Request (ServerDiagnosticsNegativeTest:tearDownClass): 204 DELETE http://10.180.1.21/networking/v2.0/security-groups/1e81f5f5-3357-4ba5-96ae-679bd5c9617f 0.327s
2025-12-01 16:16:53.185 65681 INFO tempest.lib.common.rest_client [req-6609d731-446e-4b56-b527-cfb668b29fe3 req-6609d731-446e-4b56-b527-cfb668b29fe3 ] Request (ServerDiagnosticsNegativeTest:tearDownClass): 204 DELETE http://10.180.1.21/identity/v3/projects/4206b43e3dd944bb86f3014a1cba5d11 0.076s
2025-12-01 16:16:53.186 65681 INFO tempest.test [-] raised in UpdateMultiattachVolumeNegativeTest.setUpClass. Invoking tearDownClass.
2025-12-01 16:16:53.280 65681 INFO tempest.lib.common.rest_client [req-27440d97-3074-4a1b-af29-d5623593d764 req-27440d97-3074-4a1b-af29-d5623593d764 ] Request (ListImagesTestJSON:setUpClass): 201 POST http://10.180.1.21/identity/v3/auth/tokens 0.091s
2025-12-01 16:16:53.325 65681 INFO tempest.lib.common.rest_client [req-2e567f17-ff1c-4f21-8d19-652d091e4825 req-2e567f17-ff1c-4f21-8d19-652d091e4825 ] Request (ListImagesTestJSON:setUpClass): 201 POST http://10.180.1.21/identity/v3/auth/tokens 0.042s
2025-12-01 16:16:53.359 65687 INFO tempest.lib.common.rest_client [req-6d9a92d9-6332-4475-ab14-67cc5665fe64 req-6d9a92d9-6332-4475-ab14-67cc5665fe64 ] Request (FlavorsExtraSpecsNegativeTestJSON:tearDownClass): 204 DELETE http://10.180.1.21/networking/v2.0/security-groups/3be90095-dd3d-414b-af34-3b32296156fb 0.336s
2025-12-01 16:16:53.376 65681 INFO tempest.lib.common.rest_client [req-4013c20f-de54-4f8d-90b9-16b1bbea472c req-4013c20f-de54-4f8d-90b9-16b1bbea472c ] Request (ListImagesTestJSON:setUpClass): 200 GET http://10.180.1.21/identity/v3/domains?name=Default 0.050s
2025-12-01 16:16:53.409 65725 INFO tempest.lib.common.rest_client [req-ba242669-12e5-473b-9106-c4a72369508e req-ba242669-12e5-473b-9106-c4a72369508e ] Request (ServersTestFqdnHostnames:test_create_server_with_fqdn_name): 200 GET http://10.180.1.21/compute/v2.1/servers/eb048507-f516-4079-a7fa-41572837763c/os-interface 3.292s
2025-12-01 16:16:53.415 65733 INFO tempest.lib.common.rest_client [req-2789b59a-d246-44b1-8d48-2842c624add5 req-2789b59a-d246-44b1-8d48-2842c624add5 ] Request (ServerActionsTestOtherA:setUpClass): 201 POST http://10.180.1.21/networking/v2.0/networks 0.504s
2025-12-01 16:16:53.422 65681 INFO tempest.lib.common.rest_client [req-62218984-09aa-449b-bb69-d52507e2a256 req-62218984-09aa-449b-bb69-d52507e2a256 ] Request (ListImagesTestJSON:setUpClass): 201 POST http://10.180.1.21/identity/v3/projects 0.045s
2025-12-01 16:16:53.462 65687 INFO tempest.lib.common.rest_client [req-67fa448d-167e-4518-9984-206909060eb6 req-67fa448d-167e-4518-9984-206909060eb6 ] Request (FlavorsExtraSpecsNegativeTestJSON:tearDownClass): 204 DELETE http://10.180.1.21/identity/v3/projects/8df25e327215497f8a4aaf5156c506dc 0.102s
2025-12-01 16:16:53.462 65687 INFO tempest.lib.common.dynamic_creds [-] Deleting project and security group for project: e43b8c7e17c2413f9f55f88db8264036
2025-12-01 16:16:53.464 65695 INFO tempest.lib.common.rest_client [req-b5579cc1-e815-44cc-b48e-65e98b27eb36 req-b5579cc1-e815-44cc-b48e-65e98b27eb36 ] Request (FloatingIPsAssociationNegativeTestJSON:test_associate_ip_to_server_with_floating_ip): 200 POST http://10.180.1.21/compute/v2.1/os-floating-ips 3.579s
2025-12-01 16:16:53.537 65681 INFO tempest.lib.common.rest_client [req-b9f60166-7364-4cbc-ba91-366e03fee3c6 req-b9f60166-7364-4cbc-ba91-366e03fee3c6 ] Request (ListImagesTestJSON:setUpClass): 201 POST http://10.180.1.21/identity/v3/users 0.114s
2025-12-01 16:16:53.573 65681 INFO tempest.lib.common.rest_client [req-0382eef9-271a-4ef5-a189-9c7833d35f1a req-0382eef9-271a-4ef5-a189-9c7833d35f1a ] Request (ListImagesTestJSON:setUpClass): 200 GET http://10.180.1.21/identity/v3/roles 0.036s
2025-12-01 16:16:53.608 65681 INFO tempest.lib.common.rest_client [req-c43df004-1a14-452c-9997-7b3ad241de4a req-c43df004-1a14-452c-9997-7b3ad241de4a ] Request (ListImagesTestJSON:setUpClass): 204 PUT http://10.180.1.21/identity/v3/projects/1da186b7e8724454a8dbd178489e5995/users/cc2b376f9a2f4167908744404b003b45/roles/25f1c398aab74de0a70e13d6332f02cc 0.034s
2025-12-01 16:16:53.608 65681 INFO tempest.lib.common.dynamic_creds [-] Dynamic test user cc2b376f9a2f4167908744404b003b45 is created with scope project and roles: ['member']
2025-12-01 16:16:53.609 65681 INFO tempest.lib.common.dynamic_creds [-] Acquired dynamic creds: credentials: Credentials: {'domain_id': 'default', 'domain_name': 'Default', 'username': 'tempest-ListImagesTestJSON-1718592-project-member', 'project_domain_id': 'default', 'project_domain_name': 'Default', 'project_id': '1da186b7e8724454a8dbd178489e5995', 'project_name': 'tempest-ListImagesTestJSON-1718592', 'tenant_id': '1da186b7e8724454a8dbd178489e5995', 'tenant_name': 'tempest-ListImagesTestJSON-1718592', 'user_domain_id': 'default', 'user_domain_name': 'Default', 'user_id': 'cc2b376f9a2f4167908744404b003b45', 'system': None}, Network: None, Subnet: None, Router: None
2025-12-01 16:16:53.609 65681 INFO tempest.lib.common.dynamic_creds [-] Created isolated network resources for: credentials: Credentials: {'domain_id': 'default', 'domain_name': 'Default', 'username': 'tempest-ListImagesTestJSON-1718592-project-member', 'project_domain_id': 'default', 'project_domain_name': 'Default', 'project_id': '1da186b7e8724454a8dbd178489e5995', 'project_name': 'tempest-ListImagesTestJSON-1718592', 'tenant_id': '1da186b7e8724454a8dbd178489e5995', 'tenant_name': 'tempest-ListImagesTestJSON-1718592', 'user_domain_id': 'default', 'user_domain_name': 'Default', 'user_id': 'cc2b376f9a2f4167908744404b003b45', 'system': None}, Network: None, Subnet: None, Router: None
2025-12-01 16:16:53.662 65733 INFO tempest.lib.common.rest_client [req-e7ba34ee-1754-47fa-8bee-a6e9db164e62 req-e7ba34ee-1754-47fa-8bee-a6e9db164e62 ] Request (ServerActionsTestOtherA:setUpClass): 201 POST http://10.180.1.21/networking/v2.0/subnets 0.246s
2025-12-01 16:16:53.701 65681 INFO tempest.lib.common.rest_client [req-d97a724e-3eed-45a9-b529-e16d197cf4e5 req-d97a724e-3eed-45a9-b529-e16d197cf4e5 ] Request (ListImagesTestJSON:setUpClass): 201 POST http://10.180.1.21/identity/v3/auth/tokens 0.088s
2025-12-01 16:16:53.815 65687 INFO tempest.lib.common.rest_client [req-c7331d73-dd93-4555-a389-c066c35ec3c5 req-c7331d73-dd93-4555-a389-c066c35ec3c5 ] Request (FlavorsExtraSpecsNegativeTestJSON:tearDownClass): 200 GET http://10.180.1.21/networking/v2.0/security-groups?tenant_id=e43b8c7e17c2413f9f55f88db8264036&name=default 0.352s
2025-12-01 16:16:54.171 65725 INFO tempest.lib.common.rest_client [req-14541b14-ef1d-4caf-b4b7-68942060352e req-14541b14-ef1d-4caf-b4b7-68942060352e ] Request (ServersTestFqdnHostnames:test_create_server_with_fqdn_name): 200 PUT http://10.180.1.21/networking/v2.0/floatingips/c242a985-4277-4a57-adbd-c27b569e9c0c 0.759s
2025-12-01 16:16:54.172 65725 INFO tempest.lib.common.ssh [-] Creating ssh connection to '10.180.180.244:22' as 'cirros' with public key authentication
2025-12-01 16:16:54.377 65687 INFO tempest.lib.common.rest_client [req-845ed00d-1334-41bd-be4a-8754fecaa036 req-845ed00d-1334-41bd-be4a-8754fecaa036 ] Request (FlavorsExtraSpecsNegativeTestJSON:tearDownClass): 204 DELETE http://10.180.1.21/networking/v2.0/security-groups/2b989a0f-10a3-4a91-b547-b966f300b57b 0.562s
2025-12-01 16:16:54.511 65687 INFO tempest.lib.common.rest_client [req-546838ac-362c-440f-9815-4bb6b42c269f req-546838ac-362c-440f-9815-4bb6b42c269f ] Request (FlavorsExtraSpecsNegativeTestJSON:tearDownClass): 204 DELETE http://10.180.1.21/identity/v3/projects/e43b8c7e17c2413f9f55f88db8264036 0.133s
2025-12-01 16:16:54.513 65687 INFO tempest.test [-] raised in LiveMigrationRemoteConsolesV26Test.setUpClass. Invoking tearDownClass.
2025-12-01 16:16:54.621 65687 INFO tempest.lib.common.rest_client [req-2e6ed601-c7b2-4978-9fc2-b0d13da51471 req-2e6ed601-c7b2-4978-9fc2-b0d13da51471 ] Request (ImagesOneServerTestJSON:setUpClass): 201 POST http://10.180.1.21/identity/v3/auth/tokens 0.105s
2025-12-01 16:16:54.660 65687 INFO tempest.lib.common.rest_client [req-769c31a7-91d6-456f-bbe7-ef4fdd56b524 req-769c31a7-91d6-456f-bbe7-ef4fdd56b524 ] Request (ImagesOneServerTestJSON:setUpClass): 201 POST http://10.180.1.21/identity/v3/auth/tokens 0.034s
2025-12-01 16:16:54.696 65687 INFO tempest.lib.common.rest_client [req-5b03b1ea-7646-401e-9078-692e466cc6c1 req-5b03b1ea-7646-401e-9078-692e466cc6c1 ] Request (ImagesOneServerTestJSON:setUpClass): 200 GET http://10.180.1.21/identity/v3/domains?name=Default 0.035s
2025-12-01 16:16:54.699 65733 INFO tempest.lib.common.rest_client [req-b5618240-e904-4a46-b6d9-92b6f969d4cf req-b5618240-e904-4a46-b6d9-92b6f969d4cf ] Request (ServerActionsTestOtherA:setUpClass): 201 POST http://10.180.1.21/networking/v2.0/routers 1.035s
2025-12-01 16:16:54.731 65687 INFO tempest.lib.common.rest_client [req-452c3c13-1d85-4cc8-be2f-b8d7690476b1 req-452c3c13-1d85-4cc8-be2f-b8d7690476b1 ] Request (ImagesOneServerTestJSON:setUpClass): 201 POST http://10.180.1.21/identity/v3/projects 0.034s
2025-12-01 16:16:54.825 65687 INFO tempest.lib.common.rest_client [req-6f89d1da-8ae3-4911-997a-dd213b3abbd5 req-6f89d1da-8ae3-4911-997a-dd213b3abbd5 ] Request (ImagesOneServerTestJSON:setUpClass): 201 POST http://10.180.1.21/identity/v3/users 0.093s
2025-12-01 16:16:54.851 65709 INFO tempest.lib.common.rest_client [req-28b89da0-2ca6-4439-8507-e735a216c4ab req-28b89da0-2ca6-4439-8507-e735a216c4ab ] Request (SecurityGroupsTestJSON:test_list_security_groups_by_server): 202 POST http://10.180.1.21/compute/v2.1/servers/47b3e873-01f6-47f6-82e9-c1223dc9f5df/action 4.357s
2025-12-01 16:16:54.854 65687 INFO tempest.lib.common.rest_client [req-904cb468-e217-497a-af63-d3bd23bf4724 req-904cb468-e217-497a-af63-d3bd23bf4724 ] Request (ImagesOneServerTestJSON:setUpClass): 200 GET http://10.180.1.21/identity/v3/roles 0.028s
2025-12-01 16:16:54.906 65687 INFO tempest.lib.common.rest_client [req-2aa2d161-783e-48a8-a49f-d00b54bd3db4 req-2aa2d161-783e-48a8-a49f-d00b54bd3db4 ] Request (ImagesOneServerTestJSON:setUpClass): 204 PUT http://10.180.1.21/identity/v3/projects/cd3e46ec49ae43619bf2e61bbd350359/users/e1d284321c924dc685be1b858e9a2ac8/roles/25f1c398aab74de0a70e13d6332f02cc 0.051s
2025-12-01 16:16:54.907 65687 INFO tempest.lib.common.dynamic_creds [-] Dynamic test user e1d284321c924dc685be1b858e9a2ac8 is created with scope project and roles: ['member']
2025-12-01 16:16:54.907 65687 INFO tempest.lib.common.dynamic_creds [-] Acquired dynamic creds: credentials: Credentials: {'domain_id': 'default', 'domain_name': 'Default', 'username': 'tempest-ImagesOneServerTestJSON-388707046-project-member', 'project_domain_id': 'default', 'project_domain_name': 'Default', 'project_id': 'cd3e46ec49ae43619bf2e61bbd350359', 'project_name': 'tempest-ImagesOneServerTestJSON-388707046', 'tenant_id': 'cd3e46ec49ae43619bf2e61bbd350359', 'tenant_name': 'tempest-ImagesOneServerTestJSON-388707046', 'user_domain_id': 'default', 'user_domain_name': 'Default', 'user_id': 'e1d284321c924dc685be1b858e9a2ac8', 'system': None}, Network: None, Subnet: None, Router: None
2025-12-01 16:16:54.976 65687 INFO tempest.lib.common.rest_client [req-b12c0abf-128b-499c-ae7c-c49cf720adc5 req-b12c0abf-128b-499c-ae7c-c49cf720adc5 ] Request (ImagesOneServerTestJSON:setUpClass): 201 POST http://10.180.1.21/identity/v3/auth/tokens 0.068s
2025-12-01 16:16:55.004 65729 INFO tempest.lib.common.rest_client [req-3366463e-7629-425c-b420-ca9bcc88686d req-3366463e-7629-425c-b420-ca9bcc88686d ] Request (FloatingIPDetailsTestJSON:tearDownClass): 202 DELETE http://10.180.1.21/compute/v2.1/os-floating-ips/e083ef18-2c0c-4dcb-9e3c-37d8d1bcf7ba 4.562s
2025-12-01 16:16:55.376 65687 INFO tempest.lib.common.rest_client [req-80c852d5-f38c-4d2a-86e5-e8936c1f430b req-80c852d5-f38c-4d2a-86e5-e8936c1f430b ] Request (ImagesOneServerTestJSON:setUpClass): 201 POST http://10.180.1.21/networking/v2.0/networks 0.399s
2025-12-01 16:16:55.748 65733 INFO tempest.lib.common.rest_client [req-e343aeac-ae12-4b59-890a-acdcfb97fa4b req-e343aeac-ae12-4b59-890a-acdcfb97fa4b ] Request (ServerActionsTestOtherA:setUpClass): 200 PUT http://10.180.1.21/networking/v2.0/routers/ec2f7910-e2fa-4198-a8d8-cf6575c80c76/add_router_interface 1.048s
2025-12-01 16:16:55.748 65733 INFO tempest.lib.common.dynamic_creds [-] Created isolated network resources for: credentials: Credentials: {'domain_id': 'default', 'domain_name': 'Default', 'username': 'tempest-ServerActionsTestOtherA-1040889278-project-member', 'project_domain_id': 'default', 'project_domain_name': 'Default', 'project_id': 'bf1e2a7dc0b04ec2bfb62b41f3c9050e', 'project_name': 'tempest-ServerActionsTestOtherA-1040889278', 'tenant_id': 'bf1e2a7dc0b04ec2bfb62b41f3c9050e', 'tenant_name': 'tempest-ServerActionsTestOtherA-1040889278', 'user_domain_id': 'default', 'user_domain_name': 'Default', 'user_id': '1ec46e0300854fa0b734a202f5c6e12e', 'system': None}, Network: {'id': '26c18fcf-61e9-468e-8216-a60b6e1392ec', 'name': 'tempest-ServerActionsTestOtherA-39904662-network', 'tenant_id': 'bf1e2a7dc0b04ec2bfb62b41f3c9050e', 'project_id': 'bf1e2a7dc0b04ec2bfb62b41f3c9050e', 'admin_state_up': True, 'mtu': 8950, 'status': 'ACTIVE', 'subnets': [], 'shared': False, 'port_security_enabled': True, 'router:external': False, 'provider:network_type': 'vlan', 'provider:physical_network': 'default', 'provider:segmentation_id': 635, 'availability_zone_hints': [], 'availability_zones': [], 'ipv4_address_scope': None, 'ipv6_address_scope': None, 'description': '', 'tags': [], 'created_at': '2025-12-01T16:16:53Z', 'updated_at': '2025-12-01T16:16:53Z', 'revision_number': 1}, Subnet: {'id': 'fb471caf-fc39-4949-bbb1-4c48b40d9e7b', 'name': 'tempest-ServerActionsTestOtherA-39904662-subnet', 'tenant_id': 'bf1e2a7dc0b04ec2bfb62b41f3c9050e', 'network_id': '26c18fcf-61e9-468e-8216-a60b6e1392ec', 'ip_version': 4, 'subnetpool_id': None, 'enable_dhcp': True, 'ipv6_ra_mode': None, 'ipv6_address_mode': None, 'gateway_ip': '192.168.128.1', 'cidr': '192.168.128.0/28', 'allocation_pools': [{'start': '192.168.128.2', 'end': '192.168.128.14'}], 'host_routes': [], 'dns_nameservers': [], 'description': '', 'router:external': False, 'service_types': [], 'tags': [], 'created_at': '2025-12-01T16:16:53Z', 'updated_at': '2025-12-01T16:16:53Z', 'revision_number': 0, 'project_id': 'bf1e2a7dc0b04ec2bfb62b41f3c9050e'}, Router: {'id': 'ec2f7910-e2fa-4198-a8d8-cf6575c80c76', 'name': 'tempest-ServerActionsTestOtherA-39904662-router', 'tenant_id': 'bf1e2a7dc0b04ec2bfb62b41f3c9050e', 'admin_state_up': True, 'status': 'ACTIVE', 'external_gateway_info': {'network_id': '0d5f4002-45ef-413b-9824-e12da1d8b31d', 'external_fixed_ips': [{'subnet_id': '451b9d79-2404-4222-bbd9-7ff5dbc77dd0', 'ip_address': '10.180.180.217'}], 'enable_snat': True}, 'description': '', 'availability_zones': [], 'distributed': False, 'ha': False, 'availability_zone_hints': [], 'routes': [], 'flavor_id': None, 'tags': [], 'created_at': '2025-12-01T16:16:53Z', 'updated_at': '2025-12-01T16:16:54Z', 'revision_number': 2, 'project_id': 'bf1e2a7dc0b04ec2bfb62b41f3c9050e'}
2025-12-01 16:16:55.824 65701 INFO tempest.lib.common.rest_client [req-2372db4a-6f31-455f-a118-f68c5867a4f1 req-2372db4a-6f31-455f-a118-f68c5867a4f1 ] Request (ServerExternalEventsTest:test_create_server_external_events): 200 GET http://10.180.1.21/compute/v2.1/servers/2309f3f8-3c53-48f0-8713-a7baeb4dfe8f 4.239s
2025-12-01 16:16:55.860 65693 INFO tempest.lib.common.rest_client [req-b26fef40-4483-4134-8235-dc839dedbbf3 req-b26fef40-4483-4134-8235-dc839dedbbf3 ] Request (MigrationsAdminTest:test_list_migrations_in_flavor_resize_situation): 200 GET http://10.180.1.21/compute/v2.1/servers/b185559b-a03d-4e2f-936c-27f6dd5c11b5 4.371s
2025-12-01 16:16:55.883 65733 INFO tempest.lib.common.rest_client [req-a4d0fa56-e040-429a-ac91-5566e6230d5d req-a4d0fa56-e040-429a-ac91-5566e6230d5d ] Request (ServerActionsTestOtherA:setUpClass): 201 POST http://10.180.1.21/identity/v3/auth/tokens 0.128s
2025-12-01 16:16:56.050 65687 INFO tempest.lib.common.rest_client [req-4424e085-b195-4d00-b8d6-79d82ede1c13 req-4424e085-b195-4d00-b8d6-79d82ede1c13 ] Request (ImagesOneServerTestJSON:setUpClass): 201 POST http://10.180.1.21/networking/v2.0/subnets 0.673s
2025-12-01 16:16:56.327 65729 INFO tempest.lib.common.rest_client [req-c44e7c96-807e-483c-bbe0-d1140394081c req-c44e7c96-807e-483c-bbe0-d1140394081c ] Request (FloatingIPDetailsTestJSON:tearDownClass): 200 PUT http://10.180.1.21/networking/v2.0/routers/fb339826-f72c-4c14-94da-c94ef5965881/remove_router_interface 1.323s
2025-12-01 16:16:56.444 65737 INFO tempest.lib.common.rest_client [req-16726800-bcba-4f52-84c6-e131b816c0a8 req-16726800-bcba-4f52-84c6-e131b816c0a8 ] Request (VolumesAssistedSnapshotsTest:test_volume_assisted_snapshot_create_delete): 200 GET http://10.180.1.21/compute/v2.1/servers/01e2b4ba-89f9-4afd-8293-4cecda494f33 4.796s
2025-12-01 16:16:56.457 65737 INFO tempest.common.waiters [-] State transition "BUILD/spawning" ==> "ACTIVE/None" after 29 second wait
2025-12-01 16:16:56.504 65721 INFO tempest.lib.common.rest_client [req-fbdbdf59-ba0b-4ce4-854b-a8cd3e07d514 req-fbdbdf59-ba0b-4ce4-854b-a8cd3e07d514 ] Request (ServersAdmin275Test:test_rebuild_update_server_275): 202 POST http://10.180.1.21/compute/v2.1/servers/57c78af9-4e0d-4c08-b599-47e1eefe4e4b/action 4.824s
2025-12-01 16:16:56.624 65713 INFO tempest.lib.common.rest_client [req-9caafa8d-fa99-4fba-9456-507299e64dcc req-9caafa8d-fa99-4fba-9456-507299e64dcc ] Request (ListImageFiltersNegativeTestJSON:test_get_nonexistent_image): 404 GET http://10.180.1.21/compute/v2.1/images/730dab6c-2c74-4964-a2f0-0fa1012b449a 4.807s
2025-12-01 16:16:56.740 65713 INFO tempest.lib.common.rest_client [req-5e6bdf5d-0743-4c6f-8ac9-4acb05208fe7 req-5e6bdf5d-0743-4c6f-8ac9-4acb05208fe7 ] Request (ListImageFiltersNegativeTestJSON:tearDownClass): 204 DELETE http://10.180.1.21/identity/v3/users/7698384dfd20478e83ea8e0b99639f30 0.110s
2025-12-01 16:16:56.740 65713 INFO tempest.lib.common.dynamic_creds [-] Deleting project and security group for project: 725fe1bd5e7e48318811bb4672e62e5c
2025-12-01 16:16:56.823 65713 INFO tempest.lib.common.rest_client [req-8f8297b6-4d7a-4b7f-acf9-5855737e89b5 req-8f8297b6-4d7a-4b7f-acf9-5855737e89b5 ] Request (ListImageFiltersNegativeTestJSON:tearDownClass): 201 POST http://10.180.1.21/identity/v3/auth/tokens 0.079s
2025-12-01 16:16:57.061 65729 INFO tempest.lib.common.rest_client [req-9a7dfc97-612c-48b1-85b8-2a726d2c6d61 req-9a7dfc97-612c-48b1-85b8-2a726d2c6d61 ] Request (FloatingIPDetailsTestJSON:tearDownClass): 204 DELETE http://10.180.1.21/networking/v2.0/routers/fb339826-f72c-4c14-94da-c94ef5965881 0.733s
2025-12-01 16:16:57.161 65705 INFO tempest.lib.common.rest_client [req-e5dd80b7-279f-4391-b6cf-20420e45d9ae req-e5dd80b7-279f-4391-b6cf-20420e45d9ae ] Request (ServerActionsTestJSON:setUpClass): 200 GET http://10.180.1.21/compute/v2.1/servers/75972bde-0154-4e46-ba79-90cf49669ab5 5.118s
2025-12-01 16:16:57.349 65713 INFO tempest.lib.common.rest_client [req-345371f9-321c-402b-b9ff-74fef61c5ded req-345371f9-321c-402b-b9ff-74fef61c5ded ] Request (ListImageFiltersNegativeTestJSON:tearDownClass): 200 GET http://10.180.1.21/networking/v2.0/security-groups?tenant_id=725fe1bd5e7e48318811bb4672e62e5c&name=default 0.525s
