2025-12-01 16:19:04.427 65689 INFO tempest.lib.common.rest_client [req-c2ea3222-15da-4563-91fe-c277745fe1ec req-c2ea3222-15da-4563-91fe-c277745fe1ec ] Request (MultipleCreateTestJSON:tearDownClass): 404 GET http://10.180.1.21/compute/v2.1/servers/800c745e-60c6-4bf0-a426-bad1c3e85775 0.424s
2025-12-01 16:19:04.478 65725 INFO tempest.lib.common.rest_client [req-5194f20b-8e56-461c-9829-a9f6a886cdd5 req-5194f20b-8e56-461c-9829-a9f6a886cdd5 ] Request (AttachVolumeShelveTestJSON:test_attach_volume_shelved_or_offload_server): 200 GET http://10.180.1.21/compute/v2.1/servers/e1d843b5-19da-47c1-a659-8961a534f704/os-interface 0.558s
2025-12-01 16:19:04.526 65705 INFO tempest.lib.common.rest_client [req-3db23240-259d-48cc-83ed-1ba06ecd9004 req-3db23240-259d-48cc-83ed-1ba06ecd9004 ] Request (ServerActionsTestJSON:_run_cleanups): 202 POST http://10.180.1.21/compute/v2.1/servers/75972bde-0154-4e46-ba79-90cf49669ab5/action 0.464s
2025-12-01 16:19:04.667 65703 INFO tempest.lib.common.rest_client [req-03fa6a19-d249-4436-babc-7d288164205f req-03fa6a19-d249-4436-babc-7d288164205f ] Request (SecurityGroupRulesTestJSON:_run_cleanups): 202 DELETE http://10.180.1.21/compute/v2.1/os-security-group-rules/d5b07e5f-20a9-43d5-80bd-7fc89835c11d 0.501s
2025-12-01 16:19:04.705 65727 INFO tempest.lib.common.rest_client [req-441648a2-b67c-4abe-8d4b-02fd5cbed82a req-441648a2-b67c-4abe-8d4b-02fd5cbed82a ] Request (KeyPairsV22TestJSON:test_keypairs_create_list_delete): 201 POST http://10.180.1.21/compute/v2.1/os-keypairs 0.387s
2025-12-01 16:19:04.770 65707 INFO tempest.lib.common.rest_client [req-034269bd-7425-4b0c-92ea-be5efd1f5021 req-034269bd-7425-4b0c-92ea-be5efd1f5021 ] Request (ServersWithSpecificFlavorTestJSON:test_verify_created_server_ephemeral_disk): 200 GET http://10.180.1.21/compute/v2.1/servers/9bef4d73-4fe3-42d5-95e0-ddee00a64158 0.541s
2025-12-01 16:19:04.778 65707 INFO tempest.common.waiters [-] State transition "BUILD/block_device_mapping" ==> "BUILD/spawning" after 41 second wait
2025-12-01 16:19:04.807 65737 INFO tempest.lib.common.rest_client [req-2c398d3e-b0c1-4f60-8402-362ff62b438a req-2c398d3e-b0c1-4f60-8402-362ff62b438a ] Request (FlavorsV2TestJSON:test_list_flavors_filter_by_min_ram): 200 GET http://10.180.1.21/compute/v2.1/flavors?minRam=193 0.405s
2025-12-01 16:19:04.812 65721 INFO tempest.lib.common.rest_client [req-9b0ef509-487d-46e8-8b01-f189d5e4b8ef req-9b0ef509-487d-46e8-8b01-f189d5e4b8ef ] Request (ListServerFiltersTestJSON:test_list_servers_filter_by_shutoff_status): 202 POST http://10.180.1.21/compute/v2.1/servers/48310c48-8937-473c-b728-97f8ee2a0823/action 0.490s
2025-12-01 16:19:04.914 65681 INFO tempest.lib.common.rest_client [req-85ec9d01-4578-42c8-8970-81dc14169c66 req-85ec9d01-4578-42c8-8970-81dc14169c66 ] Request (DeleteServersTestJSON:test_delete_server_while_in_attached_volume): 200 GET http://10.180.1.21/compute/v2.1/servers/42302a89-b873-4c3f-b877-57182aa632f4 0.500s
2025-12-01 16:19:04.931 65689 INFO tempest.lib.common.rest_client [req-19686b29-4bb5-443c-8950-d9518a31ac7f req-19686b29-4bb5-443c-8950-d9518a31ac7f ] Request (MultipleCreateTestJSON:tearDownClass): 200 GET http://10.180.1.21/compute/v2.1/servers/480cb559-bfd6-4d60-9ebe-ce914d97069d 0.504s
2025-12-01 16:19:05.082 65725 INFO tempest.lib.common.rest_client [req-73438c87-39a8-4064-9a3a-4e983e0fbde9 req-73438c87-39a8-4064-9a3a-4e983e0fbde9 ] Request (AttachVolumeShelveTestJSON:test_attach_volume_shelved_or_offload_server): 200 PUT http://10.180.1.21/networking/v2.0/floatingips/4d3b7665-f0e2-4df3-b11e-84324b900b3f 0.602s
2025-12-01 16:19:05.084 65725 INFO tempest.lib.common.ssh [-] Creating ssh connection to '10.180.180.134:22' as 'cirros' with public key authentication
2025-12-01 16:19:05.105 65705 INFO tempest.lib.common.rest_client [req-a7b2473e-8867-4f0f-b816-f532f1035153 req-a7b2473e-8867-4f0f-b816-f532f1035153 ] Request (ServerActionsTestJSON:setUp): 200 GET http://10.180.1.21/compute/v2.1/servers/75972bde-0154-4e46-ba79-90cf49669ab5 0.576s
2025-12-01 16:19:05.116 65709 INFO tempest.lib.common.rest_client [req-ad491848-8294-43c4-98a1-9647afe76baa req-ad491848-8294-43c4-98a1-9647afe76baa ] Request (SecurityGroupsTestJSON:test_server_security_groups): 200 GET http://10.180.1.21/compute/v2.1/servers/dd3423bf-1fdc-4941-bd56-1d42fcdf455e 0.482s
2025-12-01 16:19:05.125 65709 INFO tempest.common.waiters [-] State transition "HARD_REBOOT/rebooting_hard" ==> "HARD_REBOOT/reboot_pending_hard" after 4 second wait
2025-12-01 16:19:05.171 65735 INFO tempest.lib.common.rest_client [req-14ad3361-3306-45b3-8d29-d2ff7fc8cc3b req-14ad3361-3306-45b3-8d29-d2ff7fc8cc3b ] Request (ServerShowV254Test:test_rebuild_server): 200 GET http://10.180.1.21/compute/v2.1/servers/97abe03d-8eeb-406a-9c23-d6539ee60be3 0.482s
2025-12-01 16:19:05.231 65703 INFO tempest.lib.common.rest_client [req-59ca2413-493e-493c-b9aa-f5c229bae262 req-59ca2413-493e-493c-b9aa-f5c229bae262 ] Request (SecurityGroupRulesTestJSON:tearDownClass): 202 DELETE http://10.180.1.21/compute/v2.1/os-security-groups/d471d8da-f0c0-463e-992b-baccb28253af 0.562s
2025-12-01 16:19:05.278 65727 INFO tempest.lib.common.rest_client [req-03855314-8220-46df-9f0a-1b204dd2f645 req-03855314-8220-46df-9f0a-1b204dd2f645 ] Request (KeyPairsV22TestJSON:test_keypairs_create_list_delete): 201 POST http://10.180.1.21/compute/v2.1/os-keypairs 0.567s
2025-12-01 16:19:05.323 65675 INFO tempest.lib.common.rest_client [req-9737f1a7-1170-4f1d-a5f3-2fed1cfc8c6a req-9737f1a7-1170-4f1d-a5f3-2fed1cfc8c6a ] Request (ServersNegativeTestMultiTenantJSON:tearDownClass): 200 GET http://10.180.1.21/compute/v2.1/servers/a098dc7f-0991-4435-aec4-68bccc125ddb 0.623s
2025-12-01 16:19:05.356 65693 INFO tempest.lib.common.rest_client [req-bb37c01d-3d59-43fa-a010-cd7488bcb64a req-bb37c01d-3d59-43fa-a010-cd7488bcb64a ] Request (MigrationsAdminTest:test_resize_server_revert_deleted_flavor): 200 GET http://10.180.1.21/compute/v2.1/servers/9da797d0-25d2-4ffa-9e4e-4a0500e0ac72 0.621s
2025-12-01 16:19:05.375 65737 INFO tempest.lib.common.rest_client [req-b402c6f0-4572-41b7-b748-41cc9db9b222 req-b402c6f0-4572-41b7-b748-41cc9db9b222 ] Request (FlavorsV2TestJSON:test_list_flavors_limit_results): 200 GET http://10.180.1.21/compute/v2.1/flavors?limit=1 0.564s
2025-12-01 16:19:05.380 65719 INFO tempest.lib.common.rest_client [req-e59105cb-4269-468e-bbd6-f68ac73453ca req-e59105cb-4269-468e-bbd6-f68ac73453ca ] Request (ImagesOneServerNegativeTestJSON:_run_cleanups): 200 GET http://10.180.1.21/compute/v2.1/servers/d000434f-14d8-4db5-90ae-b5f4d1417e11 0.589s
2025-12-01 16:19:05.453 65685 INFO tempest.lib.common.rest_client [req-17d8101c-2263-415f-88d8-2c2f5bd932bb req-17d8101c-2263-415f-88d8-2c2f5bd932bb ] Request (ImagesTestJSON:test_create_server_from_snapshot): 200 GET http://10.180.1.21/compute/v2.1/servers/777fb81f-7376-4145-a053-267cd2f9c439 0.636s
2025-12-01 16:19:05.527 65683 INFO tempest.lib.common.rest_client [req-263f7269-7289-4b21-90ff-6bbea1484e64 req-263f7269-7289-4b21-90ff-6bbea1484e64 ] Request (ServersTestManualDisk:tearDownClass): 200 GET http://10.180.1.21/compute/v2.1/servers/37926ce7-f580-484c-805c-dfad5a6773c8 0.640s
2025-12-01 16:19:05.542 65731 WARNING tempest.lib.common.ssh [-] Failed to establish authenticated ssh connection to cirros@10.180.180.194 ([Errno None] Unable to connect to port 22 on 10.180.180.194). Number attempts: 4. Retry after 5 seconds.: paramiko.ssh_exception.NoValidConnectionsError: [Errno None] Unable to connect to port 22 on 10.180.180.194
2025-12-01 16:19:05.553 65721 INFO tempest.lib.common.rest_client [req-bb37e993-f622-4ad6-9366-7f29e31f0c2b req-bb37e993-f622-4ad6-9366-7f29e31f0c2b ] Request (ListServerFiltersTestJSON:test_list_servers_filter_by_shutoff_status): 200 GET http://10.180.1.21/compute/v2.1/servers/48310c48-8937-473c-b728-97f8ee2a0823 0.741s
2025-12-01 16:19:05.588 65699 INFO tempest.lib.common.rest_client [req-491dd6d8-bce0-43e7-b1cd-b5156dfc8f1e req-491dd6d8-bce0-43e7-b1cd-b5156dfc8f1e ] Request (AttachVolumeTestJSON:test_attach_detach_volume): 200 GET http://10.180.1.21/compute/v2.1/servers/7679000e-f411-4000-b7fd-a9fa3d353996 0.598s
2025-12-01 16:19:05.648 65711 INFO tempest.lib.common.rest_client [req-5ccf1d04-78fd-4bd2-8727-4342b699a841 req-5ccf1d04-78fd-4bd2-8727-4342b699a841 ] Request (FloatingIPsAssociationTestJSON:test_associate_already_associated_floating_ip): 200 GET http://10.180.1.21/compute/v2.1/servers/af1125dd-4f76-40f0-8461-44f321dfe31d 0.518s
2025-12-01 16:19:05.658 65711 INFO tempest.common.waiters [-] State transition "BUILD/scheduling" ==> "BUILD/None" after 15 second wait
2025-12-01 16:19:05.710 65705 INFO tempest.lib.common.rest_client [req-f54c2e39-0c25-4837-8584-df738ccc6401 req-f54c2e39-0c25-4837-8584-df738ccc6401 ] Request (ServerActionsTestJSON:test_reboot_server_hard): 200 GET http://10.180.1.21/compute/v2.1/servers/75972bde-0154-4e46-ba79-90cf49669ab5 0.596s
2025-12-01 16:19:05.725 65705 INFO tempest.lib.common.ssh [-] Creating ssh connection to '10.180.180.236:22' as 'cirros' with public key authentication
2025-12-01 16:19:05.754 65733 INFO tempest.lib.common.rest_client [req-fed7e610-edf2-4c1a-87d8-01aecee87bcd req-fed7e610-edf2-4c1a-87d8-01aecee87bcd ] Request (ServerActionsTestOtherA:test_rebuild_server_in_stop_state): 200 GET http://10.180.1.21/compute/v2.1/servers/6811cf47-e306-478b-a87d-496d7bceb297 0.624s
2025-12-01 16:19:05.786 65679 INFO tempest.lib.common.rest_client [req-4fdb531f-3b51-4403-a7f9-a3ce6b3fdb1b req-4fdb531f-3b51-4403-a7f9-a3ce6b3fdb1b ] Request (ServersAdminNegativeTestJSON:setUpClass): 200 GET http://10.180.1.21/compute/v2.1/servers/bf3777e0-ed36-4034-bdc7-09d7ee24c7b2 0.594s
2025-12-01 16:19:05.787 65703 INFO tempest.lib.common.rest_client [req-d33373e2-bac8-4dd0-b338-7aa3959b7f61 req-d33373e2-bac8-4dd0-b338-7aa3959b7f61 ] Request (SecurityGroupRulesTestJSON:tearDownClass): 404 DELETE http://10.180.1.21/compute/v2.1/os-security-groups/5ead0257-06ea-4263-9bcc-c3946d3c785e 0.556s
2025-12-01 16:19:05.805 65727 INFO tempest.lib.common.rest_client [req-c28f8c5f-adf6-40e6-b362-8890005261d7 req-c28f8c5f-adf6-40e6-b362-8890005261d7 ] Request (KeyPairsV22TestJSON:test_keypairs_create_list_delete): 200 GET http://10.180.1.21/compute/v2.1/os-keypairs 0.526s
2025-12-01 16:19:05.852 65691 INFO tempest.lib.common.rest_client [req-4f80de03-fb9e-4746-9d8c-8293e90effc9 req-4f80de03-fb9e-4746-9d8c-8293e90effc9 ] Request (ServersAdminTestJSON:test_inject_network_info): 200 GET http://10.180.1.21/compute/v2.1/servers/3ef41dd8-0e4a-4d5c-b5fd-bb21438940c7 0.611s
2025-12-01 16:19:05.870 65737 INFO tempest.lib.common.rest_client [req-e34aab27-5957-4f52-8ed6-a524f92cc9b6 req-e34aab27-5957-4f52-8ed6-a524f92cc9b6 ] Request (FlavorsV2TestJSON:test_list_flavors_using_marker): 200 GET http://10.180.1.21/compute/v2.1/flavors/42 0.492s
2025-12-01 16:19:05.924 65697 INFO tempest.lib.common.rest_client [req-21da9b56-ddde-4ba5-9974-95791103a28a req-21da9b56-ddde-4ba5-9974-95791103a28a ] Request (ServersV294TestFqdnHostnames:setUpClass): 200 GET http://10.180.1.21/compute/v2.1/servers/66b4a13f-5439-49e0-a5ca-38e2bcef6dd5 0.635s
2025-12-01 16:19:05.931 65687 INFO tempest.lib.common.rest_client [req-7440c6d9-9351-4c46-a943-97112f46a700 req-7440c6d9-9351-4c46-a943-97112f46a700 ] Request (ImagesOneServerTestJSON:tearDownClass): 200 GET http://10.180.1.21/compute/v2.1/servers/956deff6-f738-4c47-8859-8db0bf3c4d26 0.539s
2025-12-01 16:19:05.986 65701 INFO tempest.lib.common.rest_client [req-c1a3ff8f-86d5-494f-b8ca-38cfc570853a req-c1a3ff8f-86d5-494f-b8ca-38cfc570853a ] Request (ListImageFiltersTestJSON:setUpClass): 200 GET http://10.180.1.21/compute/v2.1/servers/e8dff360-f9ec-48bd-9344-39d0523e70a4 0.593s
2025-12-01 16:19:06.089 65707 INFO tempest.lib.common.rest_client [req-6ad2f3ee-4151-4b02-a63a-c8e3f1de41a0 req-6ad2f3ee-4151-4b02-a63a-c8e3f1de41a0 ] Request (ServersWithSpecificFlavorTestJSON:test_verify_created_server_ephemeral_disk): 200 GET http://10.180.1.21/compute/v2.1/servers/9bef4d73-4fe3-42d5-95e0-ddee00a64158 0.310s
2025-12-01 16:19:06.108 65727 INFO tempest.lib.common.rest_client [req-2b0405e3-7422-44ca-84be-ef6e7ebe993a req-2b0405e3-7422-44ca-84be-ef6e7ebe993a ] Request (KeyPairsV22TestJSON:_run_cleanups): 204 DELETE http://10.180.1.21/compute/v2.1/os-keypairs/tempest-KeyPairsV22TestJSON-keypair-210601499 0.301s
2025-12-01 16:19:06.131 65737 INFO tempest.lib.common.rest_client [req-2bd29371-b074-4a80-81ef-8d5db2a21aac req-2bd29371-b074-4a80-81ef-8d5db2a21aac ] Request (FlavorsV2TestJSON:test_list_flavors_using_marker): 200 GET http://10.180.1.21/compute/v2.1/flavors?marker=42 0.258s
2025-12-01 16:19:06.146 65703 INFO tempest.lib.common.rest_client [req-a7645868-928d-4bb6-85f3-cee015da32d7 req-a7645868-928d-4bb6-85f3-cee015da32d7 ] Request (SecurityGroupRulesTestJSON:tearDownClass): 202 DELETE http://10.180.1.21/compute/v2.1/os-security-groups/ca1348be-5b62-46ca-bf7e-757b0d95e6ef 0.358s
2025-12-01 16:19:06.163 65689 INFO tempest.lib.common.rest_client [req-302a9eb3-e3ad-47d3-a84c-448dde9ebf03 req-302a9eb3-e3ad-47d3-a84c-448dde9ebf03 ] Request (MultipleCreateTestJSON:tearDownClass): 404 GET http://10.180.1.21/compute/v2.1/servers/480cb559-bfd6-4d60-9ebe-ce914d97069d 0.222s
2025-12-01 16:19:06.187 65681 INFO tempest.lib.common.rest_client [req-b8bab771-c191-40de-aae5-cbdbf754a5ee req-b8bab771-c191-40de-aae5-cbdbf754a5ee ] Request (DeleteServersTestJSON:test_delete_server_while_in_attached_volume): 200 GET http://10.180.1.21/compute/v2.1/servers/42302a89-b873-4c3f-b877-57182aa632f4 0.264s
2025-12-01 16:19:06.198 65727 INFO tempest.lib.common.rest_client [req-8c223f09-9b7b-46f3-a063-4fde8b17dbb5 req-8c223f09-9b7b-46f3-a063-4fde8b17dbb5 ] Request (KeyPairsV22TestJSON:_run_cleanups): 204 DELETE http://10.180.1.21/compute/v2.1/os-keypairs/tempest-KeyPairsV22TestJSON-keypair-2097700175 0.089s
2025-12-01 16:19:06.224 65737 INFO tempest.lib.common.rest_client [req-4922adad-a2ba-40ca-86fc-0fe9b7302838 req-4922adad-a2ba-40ca-86fc-0fe9b7302838 ] Request (FlavorsV2TestJSON:test_list_flavors_with_detail): 200 GET http://10.180.1.21/compute/v2.1/flavors/detail 0.090s
2025-12-01 16:19:06.300 65709 INFO tempest.lib.common.rest_client [req-2b3fa04f-80f9-4836-b8f6-7b19345bb7a8 req-2b3fa04f-80f9-4836-b8f6-7b19345bb7a8 ] Request (SecurityGroupsTestJSON:test_server_security_groups): 200 GET http://10.180.1.21/compute/v2.1/servers/dd3423bf-1fdc-4941-bd56-1d42fcdf455e 0.174s
2025-12-01 16:19:06.306 65709 INFO tempest.common.waiters [-] State transition "HARD_REBOOT/reboot_pending_hard" ==> "HARD_REBOOT/reboot_started_hard" after 5 second wait
2025-12-01 16:19:06.416 65703 INFO tempest.lib.common.rest_client [req-722e06ad-c480-4029-a858-4adf54095a40 req-722e06ad-c480-4029-a858-4adf54095a40 ] Request (SecurityGroupRulesTestJSON:tearDownClass): 202 DELETE http://10.180.1.21/compute/v2.1/os-security-groups/eb64381e-c26e-4ac4-8fb2-b67f2eb830df 0.270s
2025-12-01 16:19:06.433 65727 INFO tempest.lib.common.rest_client [req-c2bb3faf-5567-4fcc-a240-ef3abe0ada72 req-c2bb3faf-5567-4fcc-a240-ef3abe0ada72 ] Request (KeyPairsV22TestJSON:_run_cleanups): 204 DELETE http://10.180.1.21/compute/v2.1/os-keypairs/tempest-KeyPairsV22TestJSON-keypair-917585477 0.234s
2025-12-01 16:19:06.438 65735 INFO tempest.lib.common.rest_client [req-20ce2509-3b4d-4d65-9ec6-0365b9dd89a7 req-20ce2509-3b4d-4d65-9ec6-0365b9dd89a7 ] Request (ServerShowV254Test:test_rebuild_server): 200 GET http://10.180.1.21/compute/v2.1/servers/97abe03d-8eeb-406a-9c23-d6539ee60be3 0.250s
2025-12-01 16:19:06.445 65737 INFO tempest.lib.common.rest_client [req-fc38b717-46ad-410a-a0bb-c0243e16a760 req-fc38b717-46ad-410a-a0bb-c0243e16a760 ] Request (FlavorsV2TestJSON:test_list_flavors_with_detail): 200 GET http://10.180.1.21/compute/v2.1/flavors/42 0.215s
2025-12-01 16:19:06.501 65693 INFO tempest.lib.common.rest_client [req-100876a4-a89c-47dd-841b-08abae04df38 req-100876a4-a89c-47dd-841b-08abae04df38 ] Request (MigrationsAdminTest:test_resize_server_revert_deleted_flavor): 200 GET http://10.180.1.21/compute/v2.1/servers/9da797d0-25d2-4ffa-9e4e-4a0500e0ac72 0.132s
2025-12-01 16:19:06.513 65675 INFO tempest.lib.common.rest_client [req-570a96b2-96b3-41bd-9055-2427180ba6e9 req-570a96b2-96b3-41bd-9055-2427180ba6e9 ] Request (ServersNegativeTestMultiTenantJSON:tearDownClass): 200 GET http://10.180.1.21/compute/v2.1/servers/a098dc7f-0991-4435-aec4-68bccc125ddb 0.179s
2025-12-01 16:19:06.574 65719 INFO tempest.lib.common.rest_client [req-582852f6-5d2b-4b52-9d23-7411dcb1848b req-582852f6-5d2b-4b52-9d23-7411dcb1848b ] Request (ImagesOneServerNegativeTestJSON:_run_cleanups): 200 GET http://10.180.1.21/compute/v2.1/servers/d000434f-14d8-4db5-90ae-b5f4d1417e11 0.187s
2025-12-01 16:19:06.578 65737 INFO tempest.lib.common.rest_client [req-1e0589d0-9b91-45b0-b36b-40ba78eeb8fb req-1e0589d0-9b91-45b0-b36b-40ba78eeb8fb ] Request (FlavorsV2TestJSON:tearDownClass): 204 DELETE http://10.180.1.21/identity/v3/users/b30e6b99c47a4f6cb5f4fc1f3afed1b1 0.128s
2025-12-01 16:19:06.578 65737 INFO tempest.lib.common.dynamic_creds [-] Deleting project and security group for project: eb51776f7f5847a2b1a5eef0b65bee8a
2025-12-01 16:19:06.613 65727 INFO tempest.lib.common.rest_client [req-1f5f5270-6685-4a67-b5b0-2fcdb5c5694d req-1f5f5270-6685-4a67-b5b0-2fcdb5c5694d ] Request (KeyPairsV22TestJSON:test_keypairsv22_create_list_show): 201 POST http://10.180.1.21/compute/v2.1/os-keypairs 0.178s
2025-12-01 16:19:06.669 65703 INFO tempest.lib.common.rest_client [req-f5d88a48-8c0d-43fb-b66c-fa4bb6892a7d req-f5d88a48-8c0d-43fb-b66c-fa4bb6892a7d ] Request (SecurityGroupRulesTestJSON:tearDownClass): 202 DELETE http://10.180.1.21/compute/v2.1/os-security-groups/b5c128e1-838c-4867-8e6c-fd0d2f73849f 0.253s
2025-12-01 16:19:06.671 65737 INFO tempest.lib.common.rest_client [req-5ebf9fb1-01b1-4654-8111-64969cae53bb req-5ebf9fb1-01b1-4654-8111-64969cae53bb ] Request (FlavorsV2TestJSON:tearDownClass): 201 POST http://10.180.1.21/identity/v3/auth/tokens 0.093s
2025-12-01 16:19:06.693 65685 INFO tempest.lib.common.rest_client [req-56434427-d816-4ca0-af1c-7d4e4e7921af req-56434427-d816-4ca0-af1c-7d4e4e7921af ] Request (ImagesTestJSON:test_create_server_from_snapshot): 200 GET http://10.180.1.21/compute/v2.1/servers/777fb81f-7376-4145-a053-267cd2f9c439 0.232s
2025-12-01 16:19:06.865 65737 INFO tempest.lib.common.rest_client [req-5a7b8e1c-a3da-4d7b-a441-526f523eea47 req-5a7b8e1c-a3da-4d7b-a441-526f523eea47 ] Request (FlavorsV2TestJSON:tearDownClass): 200 GET http://10.180.1.21/networking/v2.0/security-groups?tenant_id=eb51776f7f5847a2b1a5eef0b65bee8a&name=default 0.193s
2025-12-01 16:19:06.888 65683 INFO tempest.lib.common.rest_client [req-9339d58c-06b3-4c57-b306-5127eb6a4bad req-9339d58c-06b3-4c57-b306-5127eb6a4bad ] Request (ServersTestManualDisk:tearDownClass): 200 GET http://10.180.1.21/compute/v2.1/servers/37926ce7-f580-484c-805c-dfad5a6773c8 0.349s
2025-12-01 16:19:06.965 65689 INFO tempest.lib.common.rest_client [req-0e0780e0-04fb-4b5a-8318-4783c83e947d req-0e0780e0-04fb-4b5a-8318-4783c83e947d ] Request (MultipleCreateTestJSON:tearDownClass): 200 PUT http://10.180.1.21/networking/v2.0/routers/9ce5f00f-7ec9-4feb-afd9-defd69aa9ad3/remove_router_interface 0.801s
2025-12-01 16:19:07.007 65699 INFO tempest.lib.common.rest_client [req-0f28cf49-a94c-4a82-9cb4-9405d6343b43 req-0f28cf49-a94c-4a82-9cb4-9405d6343b43 ] Request (AttachVolumeTestJSON:test_attach_detach_volume): 200 GET http://10.180.1.21/compute/v2.1/servers/7679000e-f411-4000-b7fd-a9fa3d353996 0.404s
2025-12-01 16:19:07.016 65727 INFO tempest.lib.common.rest_client [req-b50c9714-93d1-4168-801b-544d35d2d300 req-b50c9714-93d1-4168-801b-544d35d2d300 ] Request (KeyPairsV22TestJSON:test_keypairsv22_create_list_show): 200 GET http://10.180.1.21/compute/v2.1/os-keypairs/tempest-keypair-888324198 0.402s
2025-12-01 16:19:07.039 65721 INFO tempest.lib.common.rest_client [req-2af13a0f-ddd4-4d4a-b7ff-a5c5cc6ae664 req-2af13a0f-ddd4-4d4a-b7ff-a5c5cc6ae664 ] Request (ListServerFiltersTestJSON:test_list_servers_filter_by_shutoff_status): 200 GET http://10.180.1.21/compute/v2.1/servers/48310c48-8937-473c-b728-97f8ee2a0823 0.471s
2025-12-01 16:19:07.052 65737 INFO tempest.lib.common.rest_client [req-22598122-25a7-4d35-beeb-a2ad088a480a req-22598122-25a7-4d35-beeb-a2ad088a480a ] Request (FlavorsV2TestJSON:tearDownClass): 204 DELETE http://10.180.1.21/networking/v2.0/security-groups/36b6843f-025c-4470-8d87-434b6df82b5d 0.187s
2025-12-01 16:19:07.138 65737 INFO tempest.lib.common.rest_client [req-dec1e9c5-e3e2-442d-a8d0-867d2db17a6d req-dec1e9c5-e3e2-442d-a8d0-867d2db17a6d ] Request (FlavorsV2TestJSON:tearDownClass): 204 DELETE http://10.180.1.21/identity/v3/projects/eb51776f7f5847a2b1a5eef0b65bee8a 0.086s
2025-12-01 16:19:07.152 65711 INFO tempest.lib.common.rest_client [req-5173a1ad-07f8-4539-a5ce-dd5d9ed6cb19 req-5173a1ad-07f8-4539-a5ce-dd5d9ed6cb19 ] Request (FloatingIPsAssociationTestJSON:test_associate_already_associated_floating_ip): 200 GET http://10.180.1.21/compute/v2.1/servers/af1125dd-4f76-40f0-8461-44f321dfe31d 0.493s
2025-12-01 16:19:07.216 65677 WARNING tempest.lib.common.ssh [-] Failed to establish authenticated ssh connection to cirros@10.180.180.169 ([Errno None] Unable to connect to port 22 on 10.180.180.169). Number attempts: 4. Retry after 5 seconds.: paramiko.ssh_exception.NoValidConnectionsError: [Errno None] Unable to connect to port 22 on 10.180.180.169
2025-12-01 16:19:07.232 65737 INFO tempest.lib.common.rest_client [req-880f01e7-d371-4e79-8edb-a7386867f444 req-880f01e7-d371-4e79-8edb-a7386867f444 ] Request (InstanceActionsTestJSON:setUpClass): 201 POST http://10.180.1.21/identity/v3/auth/tokens 0.092s
2025-12-01 16:19:07.273 65703 INFO tempest.lib.common.rest_client [req-4ff0f0a3-7035-4c95-9bdb-1965bc5c3aa5 req-4ff0f0a3-7035-4c95-9bdb-1965bc5c3aa5 ] Request (SecurityGroupRulesTestJSON:tearDownClass): 202 DELETE http://10.180.1.21/compute/v2.1/os-security-groups/df307be8-3408-432e-ae70-edcf7b5a1254 0.603s
2025-12-01 16:19:07.286 65737 INFO tempest.lib.common.rest_client [req-3fa53016-2122-4304-beed-6e3519faf464 req-3fa53016-2122-4304-beed-6e3519faf464 ] Request (InstanceActionsTestJSON:setUpClass): 201 POST http://10.180.1.21/identity/v3/auth/tokens 0.050s
2025-12-01 16:19:07.332 65737 INFO tempest.lib.common.rest_client [req-f25df20a-62d2-425c-a775-fffeb73d1a97 req-f25df20a-62d2-425c-a775-fffeb73d1a97 ] Request (InstanceActionsTestJSON:setUpClass): 200 GET http://10.180.1.21/identity/v3/domains?name=Default 0.046s
2025-12-01 16:19:07.392 65737 INFO tempest.lib.common.rest_client [req-f04386ac-b18a-4376-bd7f-0afefa793e97 req-f04386ac-b18a-4376-bd7f-0afefa793e97 ] Request (InstanceActionsTestJSON:setUpClass): 201 POST http://10.180.1.21/identity/v3/projects 0.058s
2025-12-01 16:19:07.437 65679 INFO tempest.lib.common.rest_client [req-7a9bae7b-9e2b-4546-9801-234a28197949 req-7a9bae7b-9e2b-4546-9801-234a28197949 ] Request (ServersAdminNegativeTestJSON:setUpClass): 200 GET http://10.180.1.21/compute/v2.1/servers/bf3777e0-ed36-4034-bdc7-09d7ee24c7b2 0.640s
2025-12-01 16:19:07.473 65733 INFO tempest.lib.common.rest_client [req-12811ed0-53b6-47b0-8df2-3f75caa51c18 req-12811ed0-53b6-47b0-8df2-3f75caa51c18 ] Request (ServerActionsTestOtherA:test_rebuild_server_in_stop_state): 200 GET http://10.180.1.21/compute/v2.1/servers/6811cf47-e306-478b-a87d-496d7bceb297 0.707s
2025-12-01 16:19:07.481 65737 INFO tempest.lib.common.rest_client [req-060b2182-f974-414b-975e-f30ca4a838e8 req-060b2182-f974-414b-975e-f30ca4a838e8 ] Request (InstanceActionsTestJSON:setUpClass): 201 POST http://10.180.1.21/identity/v3/users 0.089s
2025-12-01 16:19:07.513 65737 INFO tempest.lib.common.rest_client [req-6fbc0060-a86e-4bc6-b557-10807550e02e req-6fbc0060-a86e-4bc6-b557-10807550e02e ] Request (InstanceActionsTestJSON:setUpClass): 200 GET http://10.180.1.21/identity/v3/roles 0.030s
2025-12-01 16:19:07.516 65689 INFO tempest.lib.common.rest_client [req-945c7592-340d-41d4-a083-42603f1099ee req-945c7592-340d-41d4-a083-42603f1099ee ] Request (MultipleCreateTestJSON:tearDownClass): 204 DELETE http://10.180.1.21/networking/v2.0/routers/9ce5f00f-7ec9-4feb-afd9-defd69aa9ad3 0.550s
2025-12-01 16:19:07.544 65737 INFO tempest.lib.common.rest_client [req-b2b03a1d-c3a6-4b61-8131-a001fe044439 req-b2b03a1d-c3a6-4b61-8131-a001fe044439 ] Request (InstanceActionsTestJSON:setUpClass): 204 PUT http://10.180.1.21/identity/v3/projects/da56212cb1ba4b499b9b624868102819/users/80c55f2c008d4ce68fd28956abb0b7f5/roles/25f1c398aab74de0a70e13d6332f02cc 0.031s
2025-12-01 16:19:07.544 65737 INFO tempest.lib.common.dynamic_creds [-] Dynamic test user 80c55f2c008d4ce68fd28956abb0b7f5 is created with scope project and roles: ['member']
2025-12-01 16:19:07.545 65737 INFO tempest.lib.common.dynamic_creds [-] Acquired dynamic creds: credentials: Credentials: {'domain_id': 'default', 'domain_name': 'Default', 'username': 'tempest-InstanceActionsTestJSON-2126032322-project-member', 'project_domain_id': 'default', 'project_domain_name': 'Default', 'project_id': 'da56212cb1ba4b499b9b624868102819', 'project_name': 'tempest-InstanceActionsTestJSON-2126032322', 'tenant_id': 'da56212cb1ba4b499b9b624868102819', 'tenant_name': 'tempest-InstanceActionsTestJSON-2126032322', 'user_domain_id': 'default', 'user_domain_name': 'Default', 'user_id': '80c55f2c008d4ce68fd28956abb0b7f5', 'system': None}, Network: None, Subnet: None, Router: None
2025-12-01 16:19:07.545 65691 INFO tempest.lib.common.rest_client [req-4fe61e40-9a60-4b02-b57b-d520a103cd6e req-4fe61e40-9a60-4b02-b57b-d520a103cd6e ] Request (ServersAdminTestJSON:test_inject_network_info): 200 GET http://10.180.1.21/compute/v2.1/servers/3ef41dd8-0e4a-4d5c-b5fd-bb21438940c7 0.682s
2025-12-01 16:19:07.646 65737 INFO tempest.lib.common.rest_client [req-f3c85f19-5d0f-41d4-bf91-667487f61bd6 req-f3c85f19-5d0f-41d4-bf91-667487f61bd6 ] Request (InstanceActionsTestJSON:setUpClass): 201 POST http://10.180.1.21/identity/v3/auth/tokens 0.101s
2025-12-01 16:19:07.668 65689 INFO tempest.lib.common.rest_client [req-fb2a2d06-2f78-4dd4-945a-70ecacf94aa2 req-fb2a2d06-2f78-4dd4-945a-70ecacf94aa2 ] Request (MultipleCreateTestJSON:tearDownClass): 204 DELETE http://10.180.1.21/networking/v2.0/subnets/b2e5e3dd-7287-4038-9ab8-9dd8da77618d 0.152s
2025-12-01 16:19:07.677 65697 INFO tempest.lib.common.rest_client [req-9624ea1c-88c5-4a91-9faa-f02526d94a8e req-9624ea1c-88c5-4a91-9faa-f02526d94a8e ] Request (ServersV294TestFqdnHostnames:setUpClass): 200 GET http://10.180.1.21/compute/v2.1/servers/66b4a13f-5439-49e0-a5ca-38e2bcef6dd5 0.740s
2025-12-01 16:19:07.691 65697 INFO tempest.common.waiters [-] State transition "BUILD/spawning" ==> "ACTIVE/None" after 46 second wait
2025-12-01 16:19:07.698 65687 INFO tempest.lib.common.rest_client [req-70bc95c8-3582-4343-a02f-a4e561e0d191 req-70bc95c8-3582-4343-a02f-a4e561e0d191 ] Request (ImagesOneServerTestJSON:tearDownClass): 200 GET http://10.180.1.21/compute/v2.1/servers/956deff6-f738-4c47-8859-8db0bf3c4d26 0.758s
2025-12-01 16:19:07.715 65727 INFO tempest.lib.common.rest_client [req-a0ba88eb-24fd-4419-934a-409532c68172 req-a0ba88eb-24fd-4419-934a-409532c68172 ] Request (KeyPairsV22TestJSON:test_keypairsv22_create_list_show): 200 GET http://10.180.1.21/compute/v2.1/os-keypairs 0.695s
2025-12-01 16:19:07.988 65689 INFO tempest.lib.common.rest_client [req-2182b465-27dd-431c-9a95-aa2b6ed4afdb req-2182b465-27dd-431c-9a95-aa2b6ed4afdb ] Request (MultipleCreateTestJSON:tearDownClass): 204 DELETE http://10.180.1.21/networking/v2.0/networks/7db4f0f0-2346-498e-a99b-d1edaf5271aa 0.318s
2025-12-01 16:19:07.988 65737 INFO tempest.lib.common.rest_client [req-ff18b6a2-670d-44d8-80d7-752377bc9d31 req-ff18b6a2-670d-44d8-80d7-752377bc9d31 ] Request (InstanceActionsTestJSON:setUpClass): 201 POST http://10.180.1.21/networking/v2.0/networks 0.342s
2025-12-01 16:19:08.019 65701 INFO tempest.lib.common.rest_client [req-6f9d29b3-71d3-4414-8f76-94c4e298b0ee req-6f9d29b3-71d3-4414-8f76-94c4e298b0ee ] Request (ListImageFiltersTestJSON:setUpClass): 200 GET http://10.180.1.21/compute/v2.1/servers/e8dff360-f9ec-48bd-9344-39d0523e70a4 1.026s
2025-12-01 16:19:08.091 65689 INFO tempest.lib.common.rest_client [req-91c3d8e1-2674-4cf7-ac76-9fcba66d0ff9 req-91c3d8e1-2674-4cf7-ac76-9fcba66d0ff9 ] Request (MultipleCreateTestJSON:tearDownClass): 204 DELETE http://10.180.1.21/identity/v3/users/253b48c5f46042fdb2af4690c69892c9 0.102s
2025-12-01 16:19:08.091 65689 INFO tempest.lib.common.dynamic_creds [-] Deleting project and security group for project: ebdd209c8c0a48fe8a38d633214cd493
2025-12-01 16:19:08.106 65707 INFO tempest.lib.common.rest_client [req-7221fd01-a7fe-45b4-843a-0048ffaac71b req-7221fd01-a7fe-45b4-843a-0048ffaac71b ] Request (ServersWithSpecificFlavorTestJSON:test_verify_created_server_ephemeral_disk): 200 GET http://10.180.1.21/compute/v2.1/servers/9bef4d73-4fe3-42d5-95e0-ddee00a64158 1.007s
2025-12-01 16:19:08.118 65681 INFO tempest.lib.common.rest_client [req-240c2f2b-4f51-41d3-b71f-b5b85493683c req-240c2f2b-4f51-41d3-b71f-b5b85493683c ] Request (DeleteServersTestJSON:test_delete_server_while_in_attached_volume): 200 GET http://10.180.1.21/compute/v2.1/servers/42302a89-b873-4c3f-b877-57182aa632f4 0.922s
2025-12-01 16:19:08.137 65689 INFO tempest.lib.common.rest_client [req-fa05593f-9735-4179-922c-99d8493ba64e req-fa05593f-9735-4179-922c-99d8493ba64e ] Request (MultipleCreateTestJSON:tearDownClass): 200 GET http://10.180.1.21/networking/v2.0/security-groups?tenant_id=ebdd209c8c0a48fe8a38d633214cd493&name=default 0.046s
2025-12-01 16:19:08.210 65737 INFO tempest.lib.common.rest_client [req-a26828fb-92dd-4af9-a8af-269f254e4660 req-a26828fb-92dd-4af9-a8af-269f254e4660 ] Request (InstanceActionsTestJSON:setUpClass): 201 POST http://10.180.1.21/networking/v2.0/subnets 0.221s
2025-12-01 16:19:08.267 65689 INFO tempest.lib.common.rest_client [req-b401963a-1595-4c7f-bc0e-f42650538097 req-b401963a-1595-4c7f-bc0e-f42650538097 ] Request (MultipleCreateTestJSON:tearDownClass): 204 DELETE http://10.180.1.21/networking/v2.0/security-groups/7803898b-69e4-4d33-860f-8dbb01043ade 0.129s
2025-12-01 16:19:08.328 65703 INFO tempest.lib.common.rest_client [req-9a9a4e55-6f9c-474e-bbaf-193fd22a3348 req-9a9a4e55-6f9c-474e-bbaf-193fd22a3348 ] Request (SecurityGroupRulesTestJSON:tearDownClass): 202 DELETE http://10.180.1.21/compute/v2.1/os-security-groups/ca58a93a-a41d-4ec7-b8f3-de5ec8839988 1.053s
2025-12-01 16:19:08.382 65709 INFO tempest.lib.common.rest_client [req-1f97c585-029b-4aad-b9da-b8959f9b7e8f req-1f97c585-029b-4aad-b9da-b8959f9b7e8f ] Request (SecurityGroupsTestJSON:test_server_security_groups): 200 GET http://10.180.1.21/compute/v2.1/servers/dd3423bf-1fdc-4941-bd56-1d42fcdf455e 1.074s
2025-12-01 16:19:08.394 65709 INFO tempest.common.waiters [-] State transition "HARD_REBOOT/reboot_started_hard" ==> "ACTIVE/None" after 7 second wait
2025-12-01 16:19:08.427 65689 INFO tempest.lib.common.rest_client [req-6abb0676-9680-462d-a24a-99be5a861ed8 req-6abb0676-9680-462d-a24a-99be5a861ed8 ] Request (MultipleCreateTestJSON:tearDownClass): 204 DELETE http://10.180.1.21/identity/v3/projects/ebdd209c8c0a48fe8a38d633214cd493 0.159s
2025-12-01 16:19:08.515 65689 INFO tempest.lib.common.rest_client [req-51dad8e5-3fad-4f92-a089-acdfda16ddac req-51dad8e5-3fad-4f92-a089-acdfda16ddac ] Request (ServersListShow298Test:setUpClass): 201 POST http://10.180.1.21/identity/v3/auth/tokens 0.087s
2025-12-01 16:19:08.567 65689 INFO tempest.lib.common.rest_client [req-fc626660-ab58-4284-87f4-8402727d7c89 req-fc626660-ab58-4284-87f4-8402727d7c89 ] Request (ServersListShow298Test:setUpClass): 201 POST http://10.180.1.21/identity/v3/auth/tokens 0.049s
2025-12-01 16:19:08.603 65689 INFO tempest.lib.common.rest_client [req-054ee696-d4c6-4acb-af77-df5db7004df5 req-054ee696-d4c6-4acb-af77-df5db7004df5 ] Request (ServersListShow298Test:setUpClass): 200 GET http://10.180.1.21/identity/v3/domains?name=Default 0.035s
2025-12-01 16:19:08.636 65689 INFO tempest.lib.common.rest_client [req-f572b117-20c4-4c24-8d94-4e1b01f1b2d6 req-f572b117-20c4-4c24-8d94-4e1b01f1b2d6 ] Request (ServersListShow298Test:setUpClass): 201 POST http://10.180.1.21/identity/v3/projects 0.032s
2025-12-01 16:19:08.698 65689 INFO tempest.lib.common.rest_client [req-da41ab8f-1584-4852-989c-69d11a49cab6 req-da41ab8f-1584-4852-989c-69d11a49cab6 ] Request (ServersListShow298Test:setUpClass): 201 POST http://10.180.1.21/identity/v3/users 0.062s
2025-12-01 16:19:08.720 65689 INFO tempest.lib.common.rest_client [req-05f64d14-dc7b-46c3-9a37-a54bfb7f138e req-05f64d14-dc7b-46c3-9a37-a54bfb7f138e ] Request (ServersListShow298Test:setUpClass): 200 GET http://10.180.1.21/identity/v3/roles 0.021s
2025-12-01 16:19:08.746 65689 INFO tempest.lib.common.rest_client [req-11f456a9-07fa-47a1-80ff-595d53405145 req-11f456a9-07fa-47a1-80ff-595d53405145 ] Request (ServersListShow298Test:setUpClass): 204 PUT http://10.180.1.21/identity/v3/projects/46761adf314245c38a9dbfcade8d2ef6/users/96ae63c8d48f44b794a77c9323aefb74/roles/25f1c398aab74de0a70e13d6332f02cc 0.025s
2025-12-01 16:19:08.746 65689 INFO tempest.lib.common.dynamic_creds [-] Dynamic test user 96ae63c8d48f44b794a77c9323aefb74 is created with scope project and roles: ['member']
2025-12-01 16:19:08.746 65689 INFO tempest.lib.common.dynamic_creds [-] Acquired dynamic creds: credentials: Credentials: {'domain_id': 'default', 'domain_name': 'Default', 'username': 'tempest-ServersListShow298Test-133182013-project-member', 'project_domain_id': 'default', 'project_domain_name': 'Default', 'project_id': '46761adf314245c38a9dbfcade8d2ef6', 'project_name': 'tempest-ServersListShow298Test-133182013', 'tenant_id': '46761adf314245c38a9dbfcade8d2ef6', 'tenant_name': 'tempest-ServersListShow298Test-133182013', 'user_domain_id': 'default', 'user_domain_name': 'Default', 'user_id': '96ae63c8d48f44b794a77c9323aefb74', 'system': None}, Network: None, Subnet: None, Router: None
2025-12-01 16:19:08.746 65689 INFO tempest.lib.common.dynamic_creds [-] Created isolated network resources for: credentials: Credentials: {'domain_id': 'default', 'domain_name': 'Default', 'username': 'tempest-ServersListShow298Test-133182013-project-member', 'project_domain_id': 'default', 'project_domain_name': 'Default', 'project_id': '46761adf314245c38a9dbfcade8d2ef6', 'project_name': 'tempest-ServersListShow298Test-133182013', 'tenant_id': '46761adf314245c38a9dbfcade8d2ef6', 'tenant_name': 'tempest-ServersListShow298Test-133182013', 'user_domain_id': 'default', 'user_domain_name': 'Default', 'user_id': '96ae63c8d48f44b794a77c9323aefb74', 'system': None}, Network: None, Subnet: None, Router: None
2025-12-01 16:19:08.820 65689 INFO tempest.lib.common.rest_client [req-61d37ec3-061e-4e0c-b2ef-4205b16dd70c req-61d37ec3-061e-4e0c-b2ef-4205b16dd70c ] Request (ServersListShow298Test:setUpClass): 201 POST http://10.180.1.21/identity/v3/auth/tokens 0.071s
2025-12-01 16:19:08.851 65689 INFO tempest.lib.common.rest_client [req-9921ff61-95ae-47bb-9c64-13e091d2ac3d req-9921ff61-95ae-47bb-9c64-13e091d2ac3d ] Request (ServersListShow298Test:test_list_show_update_rebuild_server_298): 201 POST http://10.180.1.21/identity/v3/auth/tokens 0.025s
2025-12-01 16:19:08.851 65689 INFO tempest.lib.common.fixed_network [-] (ServersListShow298Test:test_list_show_update_rebuild_server_298) Found network None available for tenant
2025-12-01 16:19:09.024 65737 INFO tempest.lib.common.rest_client [req-6f4da33c-2cae-4203-a5b9-ab5b11e990e9 req-6f4da33c-2cae-4203-a5b9-ab5b11e990e9 ] Request (InstanceActionsTestJSON:setUpClass): 201 POST http://10.180.1.21/networking/v2.0/routers 0.813s
2025-12-01 16:19:09.051 65735 INFO tempest.lib.common.rest_client [req-59df318d-22af-4830-b6d7-47bf0458a879 req-59df318d-22af-4830-b6d7-47bf0458a879 ] Request (ServerShowV254Test:test_rebuild_server): 200 GET http://10.180.1.21/compute/v2.1/servers/97abe03d-8eeb-406a-9c23-d6539ee60be3 1.602s
2025-12-01 16:19:09.075 65693 INFO tempest.lib.common.rest_client [req-ea2d5b32-994e-4cf1-8bad-9bd34b934a58 req-ea2d5b32-994e-4cf1-8bad-9bd34b934a58 ] Request (MigrationsAdminTest:test_resize_server_revert_deleted_flavor): 200 GET http://10.180.1.21/compute/v2.1/servers/9da797d0-25d2-4ffa-9e4e-4a0500e0ac72 1.566s
2025-12-01 16:19:09.148 65703 INFO tempest.lib.common.rest_client [req-86e6db41-4166-4e12-9d0a-c320b1854849 req-86e6db41-4166-4e12-9d0a-c320b1854849 ] Request (SecurityGroupRulesTestJSON:tearDownClass): 200 PUT http://10.180.1.21/networking/v2.0/routers/4eb2c2ae-d4a7-4c63-8bc9-0b3756b9cf25/remove_router_interface 0.819s
2025-12-01 16:19:09.220 65675 INFO tempest.lib.common.rest_client [req-287b3311-789c-4f2a-8cf8-31b99e1f58a5 req-287b3311-789c-4f2a-8cf8-31b99e1f58a5 ] Request (ServersNegativeTestMultiTenantJSON:tearDownClass): 200 GET http://10.180.1.21/compute/v2.1/servers/a098dc7f-0991-4435-aec4-68bccc125ddb 1.699s
2025-12-01 16:19:09.231 65725 WARNING tempest.lib.common.ssh [-] Failed to establish authenticated ssh connection to cirros@10.180.180.134 ([Errno None] Unable to connect to port 22 on 10.180.180.134). Number attempts: 1. Retry after 2 seconds.: paramiko.ssh_exception.NoValidConnectionsError: [Errno None] Unable to connect to port 22 on 10.180.180.134
2025-12-01 16:19:09.236 65675 INFO tempest.common.waiters [-] State transition "ACTIVE/deleting" ==> "DELETED/None" after 6 second wait
2025-12-01 16:19:09.239 65719 INFO tempest.lib.common.rest_client [req-a59ab1f6-48a0-450d-a647-2adcb0d5b40d req-a59ab1f6-48a0-450d-a647-2adcb0d5b40d ] Request (ImagesOneServerNegativeTestJSON:_run_cleanups): 200 GET http://10.180.1.21/compute/v2.1/servers/d000434f-14d8-4db5-90ae-b5f4d1417e11 1.651s
2025-12-01 16:19:09.993 65703 INFO tempest.lib.common.rest_client [req-70df3f0a-f028-4484-bc22-a675719cb681 req-70df3f0a-f028-4484-bc22-a675719cb681 ] Request (SecurityGroupRulesTestJSON:tearDownClass): 204 DELETE http://10.180.1.21/networking/v2.0/routers/4eb2c2ae-d4a7-4c63-8bc9-0b3756b9cf25 0.843s
2025-12-01 16:19:10.097 65697 INFO tempest.lib.common.rest_client [req-7151b1b3-47e6-448f-b1c4-a442410f986a req-7151b1b3-47e6-448f-b1c4-a442410f986a ] Request (ServersV294TestFqdnHostnames:setUpClass): 200 GET http://10.180.1.21/compute/v2.1/servers/66b4a13f-5439-49e0-a5ca-38e2bcef6dd5/os-interface 2.405s
2025-12-01 16:19:10.098 65737 INFO tempest.lib.common.rest_client [req-6710701d-8b7a-4c7d-aa26-face61b71f7f req-6710701d-8b7a-4c7d-aa26-face61b71f7f ] Request (InstanceActionsTestJSON:setUpClass): 200 PUT http://10.180.1.21/networking/v2.0/routers/cd62bd27-9352-462e-a867-9f3f2c7048d0/add_router_interface 1.074s
2025-12-01 16:19:10.098 65737 INFO tempest.lib.common.dynamic_creds [-] Created isolated network resources for: credentials: Credentials: {'domain_id': 'default', 'domain_name': 'Default', 'username': 'tempest-InstanceActionsTestJSON-2126032322-project-member', 'project_domain_id': 'default', 'project_domain_name': 'Default', 'project_id': 'da56212cb1ba4b499b9b624868102819', 'project_name': 'tempest-InstanceActionsTestJSON-2126032322', 'tenant_id': 'da56212cb1ba4b499b9b624868102819', 'tenant_name': 'tempest-InstanceActionsTestJSON-2126032322', 'user_domain_id': 'default', 'user_domain_name': 'Default', 'user_id': '80c55f2c008d4ce68fd28956abb0b7f5', 'system': None}, Network: {'id': '3e25e2c8-ab21-4a26-b8b2-b9d54162d9b0', 'name': 'tempest-InstanceActionsTestJSON-1581425448-network', 'tenant_id': 'da56212cb1ba4b499b9b624868102819', 'project_id': 'da56212cb1ba4b499b9b624868102819', 'admin_state_up': True, 'mtu': 8950, 'status': 'ACTIVE', 'subnets': [], 'shared': False, 'port_security_enabled': True, 'router:external': False, 'provider:network_type': 'vlan', 'provider:physical_network': 'default', 'provider:segmentation_id': 537, 'availability_zone_hints': [], 'availability_zones': [], 'ipv4_address_scope': None, 'ipv6_address_scope': None, 'description': '', 'tags': [], 'created_at': '2025-12-01T16:19:07Z', 'updated_at': '2025-12-01T16:19:07Z', 'revision_number': 1}, Subnet: {'id': 'bc2781f0-42c8-4282-9579-a9e990c781f8', 'name': 'tempest-InstanceActionsTestJSON-1581425448-subnet', 'tenant_id': 'da56212cb1ba4b499b9b624868102819', 'network_id': '3e25e2c8-ab21-4a26-b8b2-b9d54162d9b0', 'ip_version': 4, 'subnetpool_id': None, 'enable_dhcp': True, 'ipv6_ra_mode': None, 'ipv6_address_mode': None, 'gateway_ip': '192.168.128.1', 'cidr': '192.168.128.0/28', 'allocation_pools': [{'start': '192.168.128.2', 'end': '192.168.128.14'}], 'host_routes': [], 'dns_nameservers': [], 'description': '', 'router:external': False, 'service_types': [], 'tags': [], 'created_at': '2025-12-01T16:19:08Z', 'updated_at': '2025-12-01T16:19:08Z', 'revision_number': 0, 'project_id': 'da56212cb1ba4b499b9b624868102819'}, Router: {'id': 'cd62bd27-9352-462e-a867-9f3f2c7048d0', 'name': 'tempest-InstanceActionsTestJSON-1581425448-router', 'tenant_id': 'da56212cb1ba4b499b9b624868102819', 'admin_state_up': True, 'status': 'ACTIVE', 'external_gateway_info': {'network_id': '0d5f4002-45ef-413b-9824-e12da1d8b31d', 'external_fixed_ips': [{'subnet_id': '451b9d79-2404-4222-bbd9-7ff5dbc77dd0', 'ip_address': '10.180.180.181'}], 'enable_snat': True}, 'description': '', 'availability_zones': [], 'distributed': False, 'ha': False, 'availability_zone_hints': [], 'routes': [], 'flavor_id': None, 'tags': [], 'created_at': '2025-12-01T16:19:08Z', 'updated_at': '2025-12-01T16:19:08Z', 'revision_number': 2, 'project_id': 'da56212cb1ba4b499b9b624868102819'}
2025-12-01 16:19:10.116 65685 INFO tempest.lib.common.rest_client [req-100a07b0-35bd-4fe1-9fa5-7fb8ced11ac6 req-100a07b0-35bd-4fe1-9fa5-7fb8ced11ac6 ] Request (ImagesTestJSON:test_create_server_from_snapshot): 200 GET http://10.180.1.21/compute/v2.1/servers/777fb81f-7376-4145-a053-267cd2f9c439 2.415s
2025-12-01 16:19:10.134 65727 INFO tempest.lib.common.rest_client [req-3c670716-f234-45ec-a835-2bd0646376ca req-3c670716-f234-45ec-a835-2bd0646376ca ] Request (KeyPairsV22TestJSON:_run_cleanups): 204 DELETE http://10.180.1.21/compute/v2.1/os-keypairs/tempest-keypair-888324198 2.417s
2025-12-01 16:19:10.230 65737 INFO tempest.lib.common.rest_client [req-5f471445-db33-4ca9-9da9-e0f663bba900 req-5f471445-db33-4ca9-9da9-e0f663bba900 ] Request (InstanceActionsTestJSON:setUpClass): 201 POST http://10.180.1.21/identity/v3/auth/tokens 0.124s
2025-12-01 16:19:10.240 65703 INFO tempest.lib.common.rest_client [req-af4f24ae-ffd4-47e0-a62b-bae97ff6f7c1 req-af4f24ae-ffd4-47e0-a62b-bae97ff6f7c1 ] Request (SecurityGroupRulesTestJSON:tearDownClass): 204 DELETE http://10.180.1.21/networking/v2.0/subnets/2ddb7215-8779-42de-b322-0c4c6f47d168 0.247s
2025-12-01 16:19:10.265 65737 INFO tempest.lib.common.rest_client [req-4bd7a32f-28e7-4942-ad45-f70831b66ba4 req-4bd7a32f-28e7-4942-ad45-f70831b66ba4 ] Request (InstanceActionsTestJSON:setUpClass): 201 POST http://10.180.1.21/identity/v3/auth/tokens 0.031s
2025-12-01 16:19:10.265 65737 INFO tempest.lib.common.fixed_network [-] (InstanceActionsTestJSON:setUpClass) Found network {'id': '3e25e2c8-ab21-4a26-b8b2-b9d54162d9b0', 'name': 'tempest-InstanceActionsTestJSON-1581425448-network', 'tenant_id': 'da56212cb1ba4b499b9b624868102819', 'project_id': 'da56212cb1ba4b499b9b624868102819', 'admin_state_up': True, 'mtu': 8950, 'status': 'ACTIVE', 'subnets': [], 'shared': False, 'port_security_enabled': True, 'router:external': False, 'provider:network_type': 'vlan', 'provider:physical_network': 'default', 'provider:segmentation_id': 537, 'availability_zone_hints': [], 'availability_zones': [], 'ipv4_address_scope': None, 'ipv6_address_scope': None, 'description': '', 'tags': [], 'created_at': '2025-12-01T16:19:07Z', 'updated_at': '2025-12-01T16:19:07Z', 'revision_number': 1} available for tenant
2025-12-01 16:19:10.765 65697 INFO tempest.lib.common.rest_client [req-978f1167-c09a-4ec2-a862-1c4620a73249 req-978f1167-c09a-4ec2-a862-1c4620a73249 ] Request (ServersV294TestFqdnHostnames:setUpClass): 200 PUT http://10.180.1.21/networking/v2.0/floatingips/a157bd65-ead2-477c-8498-0953fae49fcf 0.665s
2025-12-01 16:19:10.796 65699 INFO tempest.lib.common.rest_client [req-f8907374-05bc-4647-b088-d76b6a8fff8a req-f8907374-05bc-4647-b088-d76b6a8fff8a ] Request (AttachVolumeTestJSON:test_attach_detach_volume): 200 GET http://10.180.1.21/compute/v2.1/servers/7679000e-f411-4000-b7fd-a9fa3d353996 2.776s
2025-12-01 16:19:10.820 65683 INFO tempest.lib.common.rest_client [req-35949760-8b9f-46aa-ac0e-09988d22783e req-35949760-8b9f-46aa-ac0e-09988d22783e ] Request (ServersTestManualDisk:tearDownClass): 200 GET http://10.180.1.21/compute/v2.1/servers/37926ce7-f580-484c-805c-dfad5a6773c8 2.923s
2025-12-01 16:19:10.960 65703 INFO tempest.lib.common.rest_client [req-8cfd0582-2355-4816-8b49-9b5d9052e18c req-8cfd0582-2355-4816-8b49-9b5d9052e18c ] Request (SecurityGroupRulesTestJSON:tearDownClass): 204 DELETE http://10.180.1.21/networking/v2.0/networks/643711b9-f3d9-4b1b-b291-fbfa1e634a76 0.719s
2025-12-01 16:19:11.001 65711 INFO tempest.lib.common.rest_client [req-7814a2c5-8db6-4c42-bda6-0fa0d72a49b8 req-7814a2c5-8db6-4c42-bda6-0fa0d72a49b8 ] Request (FloatingIPsAssociationTestJSON:test_associate_already_associated_floating_ip): 200 GET http://10.180.1.21/compute/v2.1/servers/af1125dd-4f76-40f0-8461-44f321dfe31d 2.839s
2025-12-01 16:19:11.051 65731 WARNING tempest.lib.common.ssh [-] Failed to establish authenticated ssh connection to cirros@10.180.180.194 ([Errno None] Unable to connect to port 22 on 10.180.180.194). Number attempts: 5. Retry after 6 seconds.: paramiko.ssh_exception.NoValidConnectionsError: [Errno None] Unable to connect to port 22 on 10.180.180.194
2025-12-01 16:19:11.113 65703 INFO tempest.lib.common.rest_client [req-5d1d4f6a-4283-4745-bf42-3cfc615b9ece req-5d1d4f6a-4283-4745-bf42-3cfc615b9ece ] Request (SecurityGroupRulesTestJSON:tearDownClass): 204 DELETE http://10.180.1.21/identity/v3/users/993d28aa532d464f9f6cc081cc982788 0.152s
2025-12-01 16:19:11.114 65703 INFO tempest.lib.common.dynamic_creds [-] Deleting project and security group for project: b4f4ce4f00a14f61b2f3520decac4b1c
2025-12-01 16:19:11.176 65721 INFO tempest.lib.common.rest_client [req-1c11f654-21b0-490f-9415-a26d21c85eeb req-1c11f654-21b0-490f-9415-a26d21c85eeb ] Request (ListServerFiltersTestJSON:test_list_servers_filter_by_shutoff_status): 200 GET http://10.180.1.21/compute/v2.1/servers/48310c48-8937-473c-b728-97f8ee2a0823 3.126s
2025-12-01 16:19:11.186 65721 INFO tempest.common.waiters [-] State transition "ACTIVE/powering-off" ==> "SHUTOFF/None" after 6 second wait
2025-12-01 16:19:11.238 65703 INFO tempest.lib.common.rest_client [req-bcafa473-750f-4496-b369-a1b65105b06e req-bcafa473-750f-4496-b369-a1b65105b06e ] Request (SecurityGroupRulesTestJSON:tearDownClass): 200 GET http://10.180.1.21/networking/v2.0/security-groups?tenant_id=b4f4ce4f00a14f61b2f3520decac4b1c&name=default 0.124s
2025-12-01 16:19:11.339 65679 INFO tempest.lib.common.rest_client [req-3bfc7787-731a-4a39-aa0c-74c58f38a222 req-3bfc7787-731a-4a39-aa0c-74c58f38a222 ] Request (ServersAdminNegativeTestJSON:setUpClass): 200 GET http://10.180.1.21/compute/v2.1/servers/bf3777e0-ed36-4034-bdc7-09d7ee24c7b2 2.891s
2025-12-01 16:19:11.442 65703 INFO tempest.lib.common.rest_client [req-aa5d5c22-35f6-4f08-8e1f-989056cb1190 req-aa5d5c22-35f6-4f08-8e1f-989056cb1190 ] Request (SecurityGroupRulesTestJSON:tearDownClass): 204 DELETE http://10.180.1.21/networking/v2.0/security-groups/8e8b3982-d285-48ad-91d8-bcd57fcf4bc5 0.203s
2025-12-01 16:19:11.560 65703 INFO tempest.lib.common.rest_client [req-fa7286d5-c1db-4b16-acc1-10141f8d7c5d req-fa7286d5-c1db-4b16-acc1-10141f8d7c5d ] Request (SecurityGroupRulesTestJSON:tearDownClass): 204 DELETE http://10.180.1.21/identity/v3/projects/b4f4ce4f00a14f61b2f3520decac4b1c 0.117s
2025-12-01 16:19:11.625 65703 INFO tempest.lib.common.rest_client [req-e098339e-8235-4490-9405-052567bbbf93 req-e098339e-8235-4490-9405-052567bbbf93 ] Request (AttachInterfacesV270Test:setUpClass): 201 POST http://10.180.1.21/identity/v3/auth/tokens 0.063s
2025-12-01 16:19:11.660 65703 INFO tempest.lib.common.rest_client [req-5c30c484-fdbe-493d-a688-dfe63810f8d7 req-5c30c484-fdbe-493d-a688-dfe63810f8d7 ] Request (AttachInterfacesV270Test:setUpClass): 201 POST http://10.180.1.21/identity/v3/auth/tokens 0.031s
2025-12-01 16:19:11.691 65703 INFO tempest.lib.common.rest_client [req-5a7b7de2-ccb1-4370-be25-2fb966736861 req-5a7b7de2-ccb1-4370-be25-2fb966736861 ] Request (AttachInterfacesV270Test:setUpClass): 200 GET http://10.180.1.21/identity/v3/domains?name=Default 0.030s
2025-12-01 16:19:11.721 65703 INFO tempest.lib.common.rest_client [req-8dd564b5-400e-4a24-b675-9c4835cc11a4 req-8dd564b5-400e-4a24-b675-9c4835cc11a4 ] Request (AttachInterfacesV270Test:setUpClass): 201 POST http://10.180.1.21/identity/v3/projects 0.030s
2025-12-01 16:19:11.729 65709 INFO tempest.lib.common.rest_client [req-401004e4-94fd-4cc8-817d-6cfdb85fd657 req-401004e4-94fd-4cc8-817d-6cfdb85fd657 ] Request (SecurityGroupsTestJSON:test_server_security_groups): 202 POST http://10.180.1.21/compute/v2.1/servers/dd3423bf-1fdc-4941-bd56-1d42fcdf455e/action 3.335s
2025-12-01 16:19:11.801 65691 INFO tempest.lib.common.rest_client [req-ba0d6af3-3bd1-4f1c-b67b-30020cf7c86a req-ba0d6af3-3bd1-4f1c-b67b-30020cf7c86a ] Request (ServersAdminTestJSON:test_inject_network_info): 200 GET http://10.180.1.21/compute/v2.1/servers/3ef41dd8-0e4a-4d5c-b5fd-bb21438940c7 3.245s
2025-12-01 16:19:11.808 65691 INFO tempest.common.waiters [-] State transition "BUILD/scheduling" ==> "BUILD/None" after 17 second wait
2025-12-01 16:19:11.813 65703 INFO tempest.lib.common.rest_client [req-344ae67e-7a39-4963-bc36-cf58c4ce3561 req-344ae67e-7a39-4963-bc36-cf58c4ce3561 ] Request (AttachInterfacesV270Test:setUpClass): 201 POST http://10.180.1.21/identity/v3/users 0.091s
2025-12-01 16:19:11.819 65733 INFO tempest.lib.common.rest_client [req-bda170aa-0235-412c-8d42-d7f5e71c2a84 req-bda170aa-0235-412c-8d42-d7f5e71c2a84 ] Request (ServerActionsTestOtherA:test_rebuild_server_in_stop_state): 200 GET http://10.180.1.21/compute/v2.1/servers/6811cf47-e306-478b-a87d-496d7bceb297 3.332s
2025-12-01 16:19:11.826 65733 INFO tempest.common.waiters [-] State transition "BUILD/spawning" ==> "ACTIVE/None" after 50 second wait
