2025-11-28 15:18:34.544 65801 INFO tempest.lib.common.rest_client [req-d0a409f7-5ef4-4a7b-ad99-8c55b1d9c3b1 req-d0a409f7-5ef4-4a7b-ad99-8c55b1d9c3b1 ] Request (FlavorsExtraSpecsNegativeTestJSON:test_flavor_non_admin_unset_keys): 200 POST http://10.180.1.21/compute/v2.1/flavors/633220012/os-extra_specs 4.144s
2025-11-28 15:18:34.571 65769 INFO tempest.lib.common.rest_client [req-819d1478-7d69-4852-871d-95d3f967b6f5 req-819d1478-7d69-4852-871d-95d3f967b6f5 ] Request (ImagesMetadataNegativeTestJSON:tearDownClass): 201 POST http://10.180.1.21/identity/v3/auth/tokens 0.144s
2025-11-28 15:18:34.601 65777 INFO tempest.lib.common.rest_client [req-4d05c853-c9f6-4464-bce1-f027edd077fe req-4d05c853-c9f6-4464-bce1-f027edd077fe ] Request (TenantUsagesTestJSON:setUpClass): 204 PUT http://10.180.1.21/identity/v3/projects/bdbe2f806a3c458fa11866449073f0de/users/dab403691822453ab565e21bcaa481c9/roles/b69683a58e3f4c00a9bd6eaf7b79fd19 0.104s
2025-11-28 15:18:34.649 65813 INFO tempest.lib.common.rest_client [req-0d2b6047-5756-4754-b14e-8b0c6a41b55b req-0d2b6047-5756-4754-b14e-8b0c6a41b55b ] Request (FlavorMetadataValidation:tearDownClass): 201 POST http://10.180.1.21/identity/v3/auth/tokens 0.138s
2025-11-28 15:18:34.666 65777 INFO tempest.lib.common.rest_client [req-70f3b126-8bdf-460b-b1f2-d5aa355f36f8 req-70f3b126-8bdf-460b-b1f2-d5aa355f36f8 ] Request (TenantUsagesTestJSON:setUpClass): 200 GET http://10.180.1.21/identity/v3/roles 0.065s
2025-11-28 15:18:34.693 65825 INFO tempest.lib.common.rest_client [req-3410f16a-26dd-4084-8a70-057fa585b7c8 req-3410f16a-26dd-4084-8a70-057fa585b7c8 ] Request (ImagesDeleteNegativeTestJSON:tearDownClass): 204 DELETE http://10.180.1.21/identity/v3/users/9f66e6f3d330438b965ff917575919cc 0.177s
2025-11-28 15:18:34.693 65825 INFO tempest.lib.common.dynamic_creds [-] Deleting project and security group for project: db1f8f4fed064428a296d96191e151ce
2025-11-28 15:18:34.703 65821 INFO tempest.lib.common.rest_client [req-d6ff7016-c02c-41e4-bcf6-b2c9681bae14 req-d6ff7016-c02c-41e4-bcf6-b2c9681bae14 ] Request (NetworksTest:tearDownClass): 200 GET http://10.180.1.21/networking/v2.0/security-groups?tenant_id=f370cfa6a6cf40f3ae79e3886ae9de93&name=default 0.924s
2025-11-28 15:18:34.725 65777 INFO tempest.lib.common.rest_client [req-e5900363-566e-4db0-955a-367cdb63b56c req-e5900363-566e-4db0-955a-367cdb63b56c ] Request (TenantUsagesTestJSON:setUpClass): 204 PUT http://10.180.1.21/identity/v3/projects/bdbe2f806a3c458fa11866449073f0de/users/dab403691822453ab565e21bcaa481c9/roles/b69683a58e3f4c00a9bd6eaf7b79fd19 0.057s
2025-11-28 15:18:34.725 65777 INFO tempest.lib.common.dynamic_creds [-] Dynamic test user dab403691822453ab565e21bcaa481c9 is created with scope project and roles: ['admin']
2025-11-28 15:18:34.725 65777 INFO tempest.lib.common.dynamic_creds [-] Acquired dynamic creds: credentials: Credentials: {'domain_id': 'default', 'domain_name': 'Default', 'username': 'tempest-TenantUsagesTestJSON-1447561519-project-admin', 'project_domain_id': 'default', 'project_domain_name': 'Default', 'project_id': 'bdbe2f806a3c458fa11866449073f0de', 'project_name': 'tempest-TenantUsagesTestJSON-1447561519', 'tenant_id': 'bdbe2f806a3c458fa11866449073f0de', 'tenant_name': 'tempest-TenantUsagesTestJSON-1447561519', 'user_domain_id': 'default', 'user_domain_name': 'Default', 'user_id': 'dab403691822453ab565e21bcaa481c9', 'system': None}, Network: None, Subnet: None, Router: None
2025-11-28 15:18:34.725 65777 INFO tempest.lib.common.dynamic_creds [-] Created isolated network resources for: credentials: Credentials: {'domain_id': 'default', 'domain_name': 'Default', 'username': 'tempest-TenantUsagesTestJSON-1447561519-project-admin', 'project_domain_id': 'default', 'project_domain_name': 'Default', 'project_id': 'bdbe2f806a3c458fa11866449073f0de', 'project_name': 'tempest-TenantUsagesTestJSON-1447561519', 'tenant_id': 'bdbe2f806a3c458fa11866449073f0de', 'tenant_name': 'tempest-TenantUsagesTestJSON-1447561519', 'user_domain_id': 'default', 'user_domain_name': 'Default', 'user_id': 'dab403691822453ab565e21bcaa481c9', 'system': None}, Network: None, Subnet: None, Router: None
2025-11-28 15:18:34.756 65825 INFO tempest.lib.common.rest_client [req-53804857-3e62-4f9d-ac71-bb7af045f33f req-53804857-3e62-4f9d-ac71-bb7af045f33f ] Request (ImagesDeleteNegativeTestJSON:tearDownClass): 201 POST http://10.180.1.21/identity/v3/auth/tokens 0.062s
2025-11-28 15:18:34.842 65777 INFO tempest.lib.common.rest_client [req-02f2a913-f83b-46b1-82a4-d1f4bd2e9c46 req-02f2a913-f83b-46b1-82a4-d1f4bd2e9c46 ] Request (TenantUsagesTestJSON:setUpClass): 201 POST http://10.180.1.21/identity/v3/auth/tokens 0.114s
2025-11-28 15:18:34.843 65777 WARNING tempest.lib.common.rest_client [-] Deprecated: "tenant_id" property is deprecated for removal, use "project_id" instead
2025-11-28 15:18:34.905 65777 INFO tempest.lib.common.rest_client [req-95fabfb4-12a2-4708-b97f-6bb2ac2e4465 req-95fabfb4-12a2-4708-b97f-6bb2ac2e4465 ] Request (TenantUsagesTestJSON:setUpClass): 201 POST http://10.180.1.21/identity/v3/auth/tokens 0.056s
2025-11-28 15:18:34.905 65777 INFO tempest.lib.common.fixed_network [-] (TenantUsagesTestJSON:setUpClass) Found network None available for tenant
2025-11-28 15:18:34.927 65783 INFO tempest.lib.common.rest_client [req-c20cafbc-72fb-493a-a933-235a43474fe4 req-c20cafbc-72fb-493a-a933-235a43474fe4 ] Request (QuotaClassesAdminTestJSON:tearDownClass): 200 GET http://10.180.1.21/networking/v2.0/security-groups?tenant_id=efe175d8fce34e7cad363d22fb37e351&name=default 1.124s
2025-11-28 15:18:35.673 65795 INFO tempest.lib.common.rest_client [req-f5d31b22-57dd-425f-a243-cdedeeec9804 req-f5d31b22-57dd-425f-a243-cdedeeec9804 ] Request (ServersWithSpecificFlavorTestJSON:setUpClass): 200 PUT http://10.180.1.21/networking/v2.0/routers/d3d3f7fd-7e70-46bc-abde-19d7276e64a7/add_router_interface 1.729s
2025-11-28 15:18:35.674 65795 INFO tempest.lib.common.dynamic_creds [-] Created isolated network resources for: credentials: Credentials: {'domain_id': 'default', 'domain_name': 'Default', 'username': 'tempest-ServersWithSpecificFlavorTestJSON-1977432277-project-member', 'project_domain_id': 'default', 'project_domain_name': 'Default', 'project_id': '809e95dcf02a4866a5dd09849b6a4492', 'project_name': 'tempest-ServersWithSpecificFlavorTestJSON-1977432277', 'tenant_id': '809e95dcf02a4866a5dd09849b6a4492', 'tenant_name': 'tempest-ServersWithSpecificFlavorTestJSON-1977432277', 'user_domain_id': 'default', 'user_domain_name': 'Default', 'user_id': '31e6b00d00d8409094b0df0eb7546523', 'system': None}, Network: {'id': '9001aba3-c2da-4889-bc6b-620409eb954a', 'name': 'tempest-ServersWithSpecificFlavorTestJSON-2036126238-network', 'tenant_id': '809e95dcf02a4866a5dd09849b6a4492', 'project_id': '809e95dcf02a4866a5dd09849b6a4492', 'admin_state_up': True, 'mtu': 8950, 'status': 'ACTIVE', 'subnets': [], 'shared': False, 'port_security_enabled': True, 'router:external': False, 'provider:network_type': 'vlan', 'provider:physical_network': 'default', 'provider:segmentation_id': 442, 'availability_zone_hints': [], 'availability_zones': [], 'ipv4_address_scope': None, 'ipv6_address_scope': None, 'description': '', 'tags': [], 'created_at': '2025-11-28T15:18:32Z', 'updated_at': '2025-11-28T15:18:32Z', 'revision_number': 1}, Subnet: {'id': '06c9fdaa-27a4-4de8-9286-d7c083e9aa18', 'name': 'tempest-ServersWithSpecificFlavorTestJSON-2036126238-subnet', 'tenant_id': '809e95dcf02a4866a5dd09849b6a4492', 'network_id': '9001aba3-c2da-4889-bc6b-620409eb954a', 'ip_version': 4, 'subnetpool_id': None, 'enable_dhcp': True, 'ipv6_ra_mode': None, 'ipv6_address_mode': None, 'gateway_ip': '192.168.128.1', 'cidr': '192.168.128.0/28', 'allocation_pools': [{'start': '192.168.128.2', 'end': '192.168.128.14'}], 'host_routes': [], 'dns_nameservers': [], 'description': '', 'router:external': False, 'service_types': [], 'tags': [], 'created_at': '2025-11-28T15:18:32Z', 'updated_at': '2025-11-28T15:18:32Z', 'revision_number': 0, 'project_id': '809e95dcf02a4866a5dd09849b6a4492'}, Router: {'id': 'd3d3f7fd-7e70-46bc-abde-19d7276e64a7', 'name': 'tempest-ServersWithSpecificFlavorTestJSON-2036126238-router', 'tenant_id': '809e95dcf02a4866a5dd09849b6a4492', 'admin_state_up': True, 'status': 'ACTIVE', 'external_gateway_info': {'network_id': '3192c6f9-52e2-47a2-958f-b85cfb86149c', 'external_fixed_ips': [{'subnet_id': 'c70195db-719b-4785-a24f-4488fc7c65eb', 'ip_address': '10.180.180.177'}], 'enable_snat': True}, 'description': '', 'availability_zones': [], 'distributed': False, 'ha': False, 'availability_zone_hints': [], 'routes': [], 'flavor_id': None, 'tags': [], 'created_at': '2025-11-28T15:18:33Z', 'updated_at': '2025-11-28T15:18:33Z', 'revision_number': 2, 'project_id': '809e95dcf02a4866a5dd09849b6a4492'}
2025-11-28 15:18:35.775 65795 INFO tempest.lib.common.rest_client [req-4bcc3792-5858-4bf9-b350-0ed3dee04170 req-4bcc3792-5858-4bf9-b350-0ed3dee04170 ] Request (ServersWithSpecificFlavorTestJSON:setUpClass): 201 POST http://10.180.1.21/identity/v3/auth/tokens 0.096s
2025-11-28 15:18:35.861 65795 INFO tempest.lib.common.rest_client [req-4d05f664-83af-4996-8b9a-75a0bfe72f96 req-4d05f664-83af-4996-8b9a-75a0bfe72f96 ] Request (ServersWithSpecificFlavorTestJSON:setUpClass): 201 POST http://10.180.1.21/identity/v3/projects 0.085s
2025-11-28 15:18:35.932 65795 INFO tempest.lib.common.rest_client [req-0aa79f3d-e760-46e3-bdbe-fe43acc188c3 req-0aa79f3d-e760-46e3-bdbe-fe43acc188c3 ] Request (ServersWithSpecificFlavorTestJSON:setUpClass): 201 POST http://10.180.1.21/identity/v3/users 0.069s
2025-11-28 15:18:35.967 65795 INFO tempest.lib.common.rest_client [req-455c86e7-998f-4d25-aa1a-f5be674ef555 req-455c86e7-998f-4d25-aa1a-f5be674ef555 ] Request (ServersWithSpecificFlavorTestJSON:setUpClass): 200 GET http://10.180.1.21/identity/v3/roles 0.034s
2025-11-28 15:18:35.976 65805 INFO tempest.lib.common.rest_client [req-68446109-0b6f-415c-bbb5-7fe357def602 req-68446109-0b6f-415c-bbb5-7fe357def602 ] Request (MigrationsAdminTest:test_list_migrations_in_flavor_resize_situation): 200 GET http://10.180.1.21/compute/v2.1/servers/a890a5bd-45f9-4e74-aa3b-b3718fba9bbf 6.175s
2025-11-28 15:18:35.985 65805 INFO tempest.common.waiters [-] State transition "BUILD/None" ==> "BUILD/spawning" after 7 second wait
2025-11-28 15:18:36.003 65795 INFO tempest.lib.common.rest_client [req-dcfd06a9-e06a-4c4d-ba4c-75cd41662bc8 req-dcfd06a9-e06a-4c4d-ba4c-75cd41662bc8 ] Request (ServersWithSpecificFlavorTestJSON:setUpClass): 204 PUT http://10.180.1.21/identity/v3/projects/74cb88216cb94010895bbdeb6afae6b0/users/df82518260ab4f2e9b8a4daacc8569ca/roles/b69683a58e3f4c00a9bd6eaf7b79fd19 0.035s
2025-11-28 15:18:36.065 65795 INFO tempest.lib.common.rest_client [req-42428bd6-f7de-4975-9f92-3f9c064a059e req-42428bd6-f7de-4975-9f92-3f9c064a059e ] Request (ServersWithSpecificFlavorTestJSON:setUpClass): 200 GET http://10.180.1.21/identity/v3/roles 0.062s
2025-11-28 15:18:36.081 65795 INFO tempest.lib.common.rest_client [req-9de25ff0-9b35-4efa-9786-eeb7e6fcba6e req-9de25ff0-9b35-4efa-9786-eeb7e6fcba6e ] Request (ServersWithSpecificFlavorTestJSON:setUpClass): 204 PUT http://10.180.1.21/identity/v3/projects/74cb88216cb94010895bbdeb6afae6b0/users/df82518260ab4f2e9b8a4daacc8569ca/roles/b69683a58e3f4c00a9bd6eaf7b79fd19 0.015s
2025-11-28 15:18:36.081 65795 INFO tempest.lib.common.dynamic_creds [-] Dynamic test user df82518260ab4f2e9b8a4daacc8569ca is created with scope project and roles: ['admin']
2025-11-28 15:18:36.081 65795 INFO tempest.lib.common.dynamic_creds [-] Acquired dynamic creds: credentials: Credentials: {'domain_id': 'default', 'domain_name': 'Default', 'username': 'tempest-ServersWithSpecificFlavorTestJSON-1512070221-project-admin', 'project_domain_id': 'default', 'project_domain_name': 'Default', 'project_id': '74cb88216cb94010895bbdeb6afae6b0', 'project_name': 'tempest-ServersWithSpecificFlavorTestJSON-1512070221', 'tenant_id': '74cb88216cb94010895bbdeb6afae6b0', 'tenant_name': 'tempest-ServersWithSpecificFlavorTestJSON-1512070221', 'user_domain_id': 'default', 'user_domain_name': 'Default', 'user_id': 'df82518260ab4f2e9b8a4daacc8569ca', 'system': None}, Network: None, Subnet: None, Router: None
2025-11-28 15:18:36.159 65769 INFO tempest.lib.common.rest_client [req-9e715af2-1e9e-42d3-85fb-a3a15e618908 req-9e715af2-1e9e-42d3-85fb-a3a15e618908 ] Request (ImagesMetadataNegativeTestJSON:tearDownClass): 200 GET http://10.180.1.21/networking/v2.0/security-groups?tenant_id=f960be3b41a5485b928395e26c564c4a&name=default 1.587s
2025-11-28 15:18:36.395 65813 INFO tempest.lib.common.rest_client [req-66c7a01c-639f-4f3b-b5f2-f68e1b0ce05a req-66c7a01c-639f-4f3b-b5f2-f68e1b0ce05a ] Request (FlavorMetadataValidation:tearDownClass): 200 GET http://10.180.1.21/networking/v2.0/security-groups?tenant_id=f5e474dc79094133ae74b3269789869b&name=default 1.746s
2025-11-28 15:18:36.467 65821 INFO tempest.lib.common.rest_client [req-f9a76046-5601-4091-b1cf-5afdf70813ed req-f9a76046-5601-4091-b1cf-5afdf70813ed ] Request (NetworksTest:tearDownClass): 204 DELETE http://10.180.1.21/networking/v2.0/security-groups/faaeb81e-8edc-4126-b119-c85bd046da02 1.763s
2025-11-28 15:18:36.559 65821 INFO tempest.lib.common.rest_client [req-874c6264-52ee-479f-89e2-b6d2e37be8d6 req-874c6264-52ee-479f-89e2-b6d2e37be8d6 ] Request (NetworksTest:tearDownClass): 204 DELETE http://10.180.1.21/identity/v3/projects/f370cfa6a6cf40f3ae79e3886ae9de93 0.091s
2025-11-28 15:18:36.559 65821 INFO tempest.lib.common.dynamic_creds [-] Deleting project and security group for project: e99823387df84a3db4f54cc1f788d181
2025-11-28 15:18:36.594 65825 INFO tempest.lib.common.rest_client [req-6a01d093-8ff6-4608-bd85-49f613c0f605 req-6a01d093-8ff6-4608-bd85-49f613c0f605 ] Request (ImagesDeleteNegativeTestJSON:tearDownClass): 200 GET http://10.180.1.21/networking/v2.0/security-groups?tenant_id=db1f8f4fed064428a296d96191e151ce&name=default 1.838s
2025-11-28 15:18:36.661 65783 INFO tempest.lib.common.rest_client [req-42884d38-003a-4e65-bb04-da6a9a93b2fb req-42884d38-003a-4e65-bb04-da6a9a93b2fb ] Request (QuotaClassesAdminTestJSON:tearDownClass): 204 DELETE http://10.180.1.21/networking/v2.0/security-groups/c7a237a3-119e-40c7-94e6-861630d62571 1.733s
2025-11-28 15:18:36.695 65811 INFO tempest.lib.common.rest_client [req-0f825190-5a66-414f-b6b7-f65d42eee4bf req-0f825190-5a66-414f-b6b7-f65d42eee4bf ] Request (DeleteServersAdminTestJSON:test_admin_delete_servers_of_others): 200 GET http://10.180.1.21/compute/v2.1/servers/23eefc0f-8146-4765-8e81-b4a1047e1fd3 5.684s
2025-11-28 15:18:36.702 65811 INFO tempest.common.waiters [-] State transition "BUILD/None" ==> "BUILD/block_device_mapping" after 6 second wait
2025-11-28 15:18:36.763 65797 INFO tempest.lib.common.rest_client [req-49ba405f-7bc8-4b02-ad59-dd2bd491d780 req-49ba405f-7bc8-4b02-ad59-dd2bd491d780 ] Request (AggregatesAdminNegativeTestJSON:test_aggregate_add_existent_host): 409 POST http://10.180.1.21/compute/v2.1/os-aggregates/1/action 5.522s
2025-11-28 15:18:36.763 65783 INFO tempest.lib.common.rest_client [req-2b6025d0-e1ef-41d7-b117-202ec7df43a1 req-2b6025d0-e1ef-41d7-b117-202ec7df43a1 ] Request (QuotaClassesAdminTestJSON:tearDownClass): 204 DELETE http://10.180.1.21/identity/v3/projects/efe175d8fce34e7cad363d22fb37e351 0.102s
2025-11-28 15:18:36.763 65783 INFO tempest.lib.common.dynamic_creds [-] Deleting project and security group for project: 103cc6900cfb4e0a9e57544a7de1d3d4
2025-11-28 15:18:36.859 65795 INFO tempest.lib.common.rest_client [req-745365ff-e259-4d91-8bd5-8c6ccb918872 req-745365ff-e259-4d91-8bd5-8c6ccb918872 ] Request (ServersWithSpecificFlavorTestJSON:setUpClass): 201 POST http://10.180.1.21/networking/v2.0/networks 0.777s
2025-11-28 15:18:36.928 65788 INFO tempest.lib.common.rest_client [req-f5a49b7e-d755-4b26-961d-d0510a0cb0f7 req-f5a49b7e-d755-4b26-961d-d0510a0cb0f7 ] Request (VolumesAssistedSnapshotsTest:test_volume_assisted_snapshot_create_delete): 200 POST http://10.180.1.21/compute/v2.1/os-keypairs 5.656s
2025-11-28 15:18:36.948 65769 INFO tempest.lib.common.rest_client [req-fda6de59-fd39-4bde-8e96-12152f45a0de req-fda6de59-fd39-4bde-8e96-12152f45a0de ] Request (ImagesMetadataNegativeTestJSON:tearDownClass): 204 DELETE http://10.180.1.21/networking/v2.0/security-groups/3121411b-8bb9-4b42-b0a6-2713f306273f 0.789s
2025-11-28 15:18:36.981 65819 INFO tempest.lib.common.rest_client [req-c84b87f2-e401-45aa-97a8-02c34fbe611e req-c84b87f2-e401-45aa-97a8-02c34fbe611e ] Request (ImagesNegativeTestJSON:test_create_image_from_deleted_server): 200 GET http://10.180.1.21/compute/v2.1/servers/ab68877d-a3e1-42bd-9c83-d2db13f5e079 6.187s
2025-11-28 15:18:36.991 65819 INFO tempest.common.waiters [-] State transition "BUILD/None" ==> "BUILD/spawning" after 7 second wait
2025-11-28 15:18:37.102 65769 INFO tempest.lib.common.rest_client [req-24f16ac1-126a-4ff9-9444-549c9e93c867 req-24f16ac1-126a-4ff9-9444-549c9e93c867 ] Request (ImagesMetadataNegativeTestJSON:tearDownClass): 204 DELETE http://10.180.1.21/identity/v3/projects/f960be3b41a5485b928395e26c564c4a 0.153s
2025-11-28 15:18:37.103 65813 INFO tempest.lib.common.rest_client [req-0cf6f47a-f21d-47b0-bdfc-c4b75f3dfc14 req-0cf6f47a-f21d-47b0-bdfc-c4b75f3dfc14 ] Request (FlavorMetadataValidation:tearDownClass): 204 DELETE http://10.180.1.21/networking/v2.0/security-groups/1d2978a3-e420-43ad-b2af-b901290ed290 0.707s
2025-11-28 15:18:37.173 65769 INFO tempest.lib.common.rest_client [req-f519ddf5-c4fe-4329-8328-de6a1afa087d req-f519ddf5-c4fe-4329-8328-de6a1afa087d ] Request (SecurityGroupsNegativeTestJSON:setUpClass): 201 POST http://10.180.1.21/identity/v3/auth/tokens 0.069s
2025-11-28 15:18:37.217 65813 INFO tempest.lib.common.rest_client [req-36b3a3e0-3620-4e96-87b0-4b984ff30a6d req-36b3a3e0-3620-4e96-87b0-4b984ff30a6d ] Request (FlavorMetadataValidation:tearDownClass): 204 DELETE http://10.180.1.21/identity/v3/projects/f5e474dc79094133ae74b3269789869b 0.114s
2025-11-28 15:18:37.218 65813 INFO tempest.lib.common.dynamic_creds [-] Deleting project and security group for project: e056bbe6dd494dba9391f57b1159bc15
2025-11-28 15:18:37.218 65821 INFO tempest.lib.common.rest_client [req-4d876d50-1e27-4e61-81e6-c10b8f642b45 req-4d876d50-1e27-4e61-81e6-c10b8f642b45 ] Request (NetworksTest:tearDownClass): 200 GET http://10.180.1.21/networking/v2.0/security-groups?tenant_id=e99823387df84a3db4f54cc1f788d181&name=default 0.659s
2025-11-28 15:18:37.234 65769 INFO tempest.lib.common.rest_client [req-e74f17c7-a824-426c-95be-375f9e555d22 req-e74f17c7-a824-426c-95be-375f9e555d22 ] Request (SecurityGroupsNegativeTestJSON:setUpClass): 201 POST http://10.180.1.21/identity/v3/auth/tokens 0.056s
2025-11-28 15:18:37.258 65769 INFO tempest.lib.common.rest_client [req-a96ae91a-cd58-4c54-af76-f1cf3f20d801 req-a96ae91a-cd58-4c54-af76-f1cf3f20d801 ] Request (SecurityGroupsNegativeTestJSON:setUpClass): 200 GET http://10.180.1.21/identity/v3/domains?name=Default 0.023s
2025-11-28 15:18:37.284 65769 INFO tempest.lib.common.rest_client [req-a2339754-920c-46fc-a87c-d931668c8265 req-a2339754-920c-46fc-a87c-d931668c8265 ] Request (SecurityGroupsNegativeTestJSON:setUpClass): 201 POST http://10.180.1.21/identity/v3/projects 0.026s
2025-11-28 15:18:37.293 65825 INFO tempest.lib.common.rest_client [req-498fadd3-08f2-42df-a5e0-70101cd4d2b4 req-498fadd3-08f2-42df-a5e0-70101cd4d2b4 ] Request (ImagesDeleteNegativeTestJSON:tearDownClass): 204 DELETE http://10.180.1.21/networking/v2.0/security-groups/9aa9bb71-9eee-41c8-9de6-e42afb3c12e1 0.698s
2025-11-28 15:18:37.338 65769 INFO tempest.lib.common.rest_client [req-8bec0fd3-56af-4b13-aec4-430eaf042234 req-8bec0fd3-56af-4b13-aec4-430eaf042234 ] Request (SecurityGroupsNegativeTestJSON:setUpClass): 201 POST http://10.180.1.21/identity/v3/users 0.053s
2025-11-28 15:18:37.360 65769 INFO tempest.lib.common.rest_client [req-607cb5e3-51ae-4b35-a114-92f5de18ec09 req-607cb5e3-51ae-4b35-a114-92f5de18ec09 ] Request (SecurityGroupsNegativeTestJSON:setUpClass): 200 GET http://10.180.1.21/identity/v3/roles 0.021s
2025-11-28 15:18:37.387 65825 INFO tempest.lib.common.rest_client [req-7e9f4157-cd0b-4fe0-9317-c96e166474ac req-7e9f4157-cd0b-4fe0-9317-c96e166474ac ] Request (ImagesDeleteNegativeTestJSON:tearDownClass): 204 DELETE http://10.180.1.21/identity/v3/projects/db1f8f4fed064428a296d96191e151ce 0.094s
2025-11-28 15:18:37.416 65783 INFO tempest.lib.common.rest_client [req-52aff87f-be85-40e8-a32f-fe23a2baa2fe req-52aff87f-be85-40e8-a32f-fe23a2baa2fe ] Request (QuotaClassesAdminTestJSON:tearDownClass): 200 GET http://10.180.1.21/networking/v2.0/security-groups?tenant_id=103cc6900cfb4e0a9e57544a7de1d3d4&name=default 0.652s
2025-11-28 15:18:37.423 65769 INFO tempest.lib.common.rest_client [req-00bd11f2-3581-4291-bfeb-1b6e3bae3d84 req-00bd11f2-3581-4291-bfeb-1b6e3bae3d84 ] Request (SecurityGroupsNegativeTestJSON:setUpClass): 204 PUT http://10.180.1.21/identity/v3/projects/8ec0739bcb814f90a688e770f0263161/users/0bbb3a3ca6c249eab99fdb2ebf52a70f/roles/0bc4bc43f5384a6887704a9da540f079 0.062s
2025-11-28 15:18:37.423 65769 INFO tempest.lib.common.dynamic_creds [-] Dynamic test user 0bbb3a3ca6c249eab99fdb2ebf52a70f is created with scope project and roles: ['member']
2025-11-28 15:18:37.423 65769 INFO tempest.lib.common.dynamic_creds [-] Acquired dynamic creds: credentials: Credentials: {'domain_id': 'default', 'domain_name': 'Default', 'username': 'tempest-SecurityGroupsNegativeTestJSON-1361132248-project-member', 'project_domain_id': 'default', 'project_domain_name': 'Default', 'project_id': '8ec0739bcb814f90a688e770f0263161', 'project_name': 'tempest-SecurityGroupsNegativeTestJSON-1361132248', 'tenant_id': '8ec0739bcb814f90a688e770f0263161', 'tenant_name': 'tempest-SecurityGroupsNegativeTestJSON-1361132248', 'user_domain_id': 'default', 'user_domain_name': 'Default', 'user_id': '0bbb3a3ca6c249eab99fdb2ebf52a70f', 'system': None}, Network: None, Subnet: None, Router: None
2025-11-28 15:18:37.424 65825 INFO tempest.lib.common.rest_client [req-4418f687-796c-467c-9865-0a617cff5f6b req-4418f687-796c-467c-9865-0a617cff5f6b ] Request (ServersTestFqdnHostnames:setUpClass): 201 POST http://10.180.1.21/identity/v3/auth/tokens 0.036s
2025-11-28 15:18:37.484 65769 INFO tempest.lib.common.rest_client [req-b9d2aa85-784f-4855-837a-4986197ca038 req-b9d2aa85-784f-4855-837a-4986197ca038 ] Request (SecurityGroupsNegativeTestJSON:setUpClass): 201 POST http://10.180.1.21/identity/v3/auth/tokens 0.060s
2025-11-28 15:18:37.486 65825 INFO tempest.lib.common.rest_client [req-d79be841-69dd-4db6-86a5-f3f9b36eff50 req-d79be841-69dd-4db6-86a5-f3f9b36eff50 ] Request (ServersTestFqdnHostnames:setUpClass): 201 POST http://10.180.1.21/identity/v3/auth/tokens 0.058s
2025-11-28 15:18:37.507 65825 INFO tempest.lib.common.rest_client [req-e6afdcd9-18e9-40d9-9f3f-30b075b5f2d3 req-e6afdcd9-18e9-40d9-9f3f-30b075b5f2d3 ] Request (ServersTestFqdnHostnames:setUpClass): 200 GET http://10.180.1.21/identity/v3/domains?name=Default 0.020s
2025-11-28 15:18:37.511 65788 INFO tempest.lib.common.rest_client [req-af7ee190-65d2-408f-9322-6eed06b2703d req-af7ee190-65d2-408f-9322-6eed06b2703d ] Request (VolumesAssistedSnapshotsTest:test_volume_assisted_snapshot_create_delete): 201 POST http://10.180.1.21/networking/v2.0/security-groups 0.581s
2025-11-28 15:18:37.531 65825 INFO tempest.lib.common.rest_client [req-b651ef60-6c91-4837-8b56-281192c57600 req-b651ef60-6c91-4837-8b56-281192c57600 ] Request (ServersTestFqdnHostnames:setUpClass): 201 POST http://10.180.1.21/identity/v3/projects 0.024s
2025-11-28 15:18:37.584 65795 INFO tempest.lib.common.rest_client [req-b0bc5f6b-2be5-4215-9fd7-df24f8fd01f7 req-b0bc5f6b-2be5-4215-9fd7-df24f8fd01f7 ] Request (ServersWithSpecificFlavorTestJSON:setUpClass): 201 POST http://10.180.1.21/networking/v2.0/subnets 0.724s
2025-11-28 15:18:37.607 65823 INFO tempest.lib.common.rest_client [req-84e357d2-8af6-47e2-b5c4-2319a574368d req-84e357d2-8af6-47e2-b5c4-2319a574368d ] Request (ServerExternalEventsTest:test_create_server_external_events): 200 GET http://10.180.1.21/compute/v2.1/servers/d9021ead-daa2-4ad7-8269-324732d5177d 5.706s
2025-11-28 15:18:37.610 65825 INFO tempest.lib.common.rest_client [req-39f2995f-06dc-4013-85cc-8a76b3ee6a3c req-39f2995f-06dc-4013-85cc-8a76b3ee6a3c ] Request (ServersTestFqdnHostnames:setUpClass): 201 POST http://10.180.1.21/identity/v3/users 0.078s
2025-11-28 15:18:37.630 65785 INFO tempest.lib.common.rest_client [req-06e34559-d79a-4469-acb8-f620878ee8d3 req-06e34559-d79a-4469-acb8-f620878ee8d3 ] Request (HypervisorAdminNegativeUnderV252Test:test_show_servers_with_non_admin_user): 200 GET http://10.180.1.21/compute/v2.1/os-hypervisors 5.709s
2025-11-28 15:18:37.635 65825 INFO tempest.lib.common.rest_client [req-eec4269a-06ad-4c74-a3db-3ccdeefbf6e5 req-eec4269a-06ad-4c74-a3db-3ccdeefbf6e5 ] Request (ServersTestFqdnHostnames:setUpClass): 200 GET http://10.180.1.21/identity/v3/roles 0.024s
2025-11-28 15:18:37.653 65815 INFO tempest.lib.common.rest_client [req-cd965629-e817-4096-9a28-cc2e15bb8af0 req-cd965629-e817-4096-9a28-cc2e15bb8af0 ] Request (FlavorsExtraSpecsTestJSON:test_flavor_non_admin_get_specific_key): 200 POST http://10.180.1.21/compute/v2.1/flavors/1389931956/os-extra_specs 5.478s
2025-11-28 15:18:37.666 65775 INFO tempest.lib.common.rest_client [req-54f670d0-f295-4ce5-be21-bfb38c8e14bb req-54f670d0-f295-4ce5-be21-bfb38c8e14bb ] Request (SecurityGroupRulesTestJSON:test_security_group_rules_create): 200 POST http://10.180.1.21/compute/v2.1/os-security-groups 5.841s
2025-11-28 15:18:37.678 65825 INFO tempest.lib.common.rest_client [req-773a3e0d-8aed-4e6f-9701-f76704e190e2 req-773a3e0d-8aed-4e6f-9701-f76704e190e2 ] Request (ServersTestFqdnHostnames:setUpClass): 204 PUT http://10.180.1.21/identity/v3/projects/1c3437ebb09547458623d01af7fa01b0/users/b00121c226514bac91c03de988126560/roles/0bc4bc43f5384a6887704a9da540f079 0.043s
2025-11-28 15:18:37.678 65825 INFO tempest.lib.common.dynamic_creds [-] Dynamic test user b00121c226514bac91c03de988126560 is created with scope project and roles: ['member']
2025-11-28 15:18:37.678 65825 INFO tempest.lib.common.dynamic_creds [-] Acquired dynamic creds: credentials: Credentials: {'domain_id': 'default', 'domain_name': 'Default', 'username': 'tempest-ServersTestFqdnHostnames-13952916-project-member', 'project_domain_id': 'default', 'project_domain_name': 'Default', 'project_id': '1c3437ebb09547458623d01af7fa01b0', 'project_name': 'tempest-ServersTestFqdnHostnames-13952916', 'tenant_id': '1c3437ebb09547458623d01af7fa01b0', 'tenant_name': 'tempest-ServersTestFqdnHostnames-13952916', 'user_domain_id': 'default', 'user_domain_name': 'Default', 'user_id': 'b00121c226514bac91c03de988126560', 'system': None}, Network: None, Subnet: None, Router: None
2025-11-28 15:18:37.694 65813 INFO tempest.lib.common.rest_client [req-7beb1ea8-519a-4500-8e19-611452b5ea2a req-7beb1ea8-519a-4500-8e19-611452b5ea2a ] Request (FlavorMetadataValidation:tearDownClass): 200 GET http://10.180.1.21/networking/v2.0/security-groups?tenant_id=e056bbe6dd494dba9391f57b1159bc15&name=default 0.476s
2025-11-28 15:18:37.759 65821 INFO tempest.lib.common.rest_client [req-9506cfdd-c4d8-487e-97e8-6cd1ee2327de req-9506cfdd-c4d8-487e-97e8-6cd1ee2327de ] Request (NetworksTest:tearDownClass): 204 DELETE http://10.180.1.21/networking/v2.0/security-groups/6a17d322-226c-44c9-8554-cc9656682318 0.540s
2025-11-28 15:18:37.817 65763 INFO tempest.lib.common.rest_client [req-d3a21bcf-61d6-4225-a3b5-36f0ca620b52 req-d3a21bcf-61d6-4225-a3b5-36f0ca620b52 ] Request (KeyPairsV210TestJSON:test_admin_manage_keypairs_for_other_users): 201 POST http://10.180.1.21/compute/v2.1/os-keypairs 5.451s
2025-11-28 15:18:37.823 65789 INFO tempest.lib.common.rest_client [req-8c1c858d-22b8-48b9-bbb8-a444321b276b req-8c1c858d-22b8-48b9-bbb8-a444321b276b ] Request (HypervisorAdminNegativeTestJSON:test_get_hypervisor_uptime_with_non_admin_user): 403 GET http://10.180.1.21/compute/v2.1/os-hypervisors/1/uptime 5.262s
2025-11-28 15:18:37.830 65779 INFO tempest.lib.common.rest_client [req-0885d201-c456-4511-9e9e-81d69f294826 req-0885d201-c456-4511-9e9e-81d69f294826 ] Request (FlavorsAccessTestJSON:test_flavor_access_add_remove): 200 POST http://10.180.1.21/compute/v2.1/flavors/771013697/action 5.525s
2025-11-28 15:18:37.848 65783 INFO tempest.lib.common.rest_client [req-5175c7fb-30be-4b01-b3ce-936f5612e023 req-5175c7fb-30be-4b01-b3ce-936f5612e023 ] Request (QuotaClassesAdminTestJSON:tearDownClass): 204 DELETE http://10.180.1.21/networking/v2.0/security-groups/e6d6e7c1-10ee-49f4-be1a-404fe379d71c 0.432s
2025-11-28 15:18:37.849 65825 INFO tempest.lib.common.rest_client [req-79fc50d4-be11-48eb-b3e9-9da6ad7f2fff req-79fc50d4-be11-48eb-b3e9-9da6ad7f2fff ] Request (ServersTestFqdnHostnames:setUpClass): 201 POST http://10.180.1.21/identity/v3/auth/tokens 0.170s
2025-11-28 15:18:37.916 65821 INFO tempest.lib.common.rest_client [req-dfda409f-4134-433d-b0c5-da6f9e27dde3 req-dfda409f-4134-433d-b0c5-da6f9e27dde3 ] Request (NetworksTest:tearDownClass): 204 DELETE http://10.180.1.21/identity/v3/projects/e99823387df84a3db4f54cc1f788d181 0.156s
2025-11-28 15:18:37.917 65821 INFO tempest.test [-] raised in NoVNCConsoleTestJSON.setUpClass. Invoking tearDownClass.
2025-11-28 15:18:38.043 65783 INFO tempest.lib.common.rest_client [req-40e6e324-2a2d-48b6-a33c-887a97280e7a req-40e6e324-2a2d-48b6-a33c-887a97280e7a ] Request (QuotaClassesAdminTestJSON:tearDownClass): 204 DELETE http://10.180.1.21/identity/v3/projects/103cc6900cfb4e0a9e57544a7de1d3d4 0.195s
2025-11-28 15:18:38.044 65783 INFO tempest.test [-] raised in ServersOnMultiNodesTest.setUpClass. Invoking tearDownClass.
2025-11-28 15:18:38.113 65821 INFO tempest.lib.common.rest_client [req-9d5d1d1d-cd8e-451c-bb1b-e5ec5a2d8572 req-9d5d1d1d-cd8e-451c-bb1b-e5ec5a2d8572 ] Request (ServerRescueNegativeTestJSON:setUpClass): 201 POST http://10.180.1.21/identity/v3/auth/tokens 0.192s
2025-11-28 15:18:38.138 65783 INFO tempest.lib.common.rest_client [req-10f1aa5a-ed9d-4df5-9213-28fb010b6d92 req-10f1aa5a-ed9d-4df5-9213-28fb010b6d92 ] Request (ServerShowV263Test:setUpClass): 201 POST http://10.180.1.21/identity/v3/auth/tokens 0.091s
2025-11-28 15:18:38.168 65821 INFO tempest.lib.common.rest_client [req-707af2df-7de8-4f9b-ac23-e957f4a3e94b req-707af2df-7de8-4f9b-ac23-e957f4a3e94b ] Request (ServerRescueNegativeTestJSON:setUpClass): 201 POST http://10.180.1.21/identity/v3/auth/tokens 0.052s
2025-11-28 15:18:38.189 65788 INFO tempest.lib.common.rest_client [req-d0a6361b-cf95-49ce-af27-46bbb9f3a902 req-d0a6361b-cf95-49ce-af27-46bbb9f3a902 ] Request (VolumesAssistedSnapshotsTest:test_volume_assisted_snapshot_create_delete): 201 POST http://10.180.1.21/networking/v2.0/security-group-rules 0.678s
2025-11-28 15:18:38.197 65783 INFO tempest.lib.common.rest_client [req-3bea50e1-53b6-4933-87f3-4dded111418a req-3bea50e1-53b6-4933-87f3-4dded111418a ] Request (ServerShowV263Test:setUpClass): 201 POST http://10.180.1.21/identity/v3/auth/tokens 0.053s
2025-11-28 15:18:38.218 65821 INFO tempest.lib.common.rest_client [req-6136e081-dd3a-4b2b-9b79-c7ad04f1bcfc req-6136e081-dd3a-4b2b-9b79-c7ad04f1bcfc ] Request (ServerRescueNegativeTestJSON:setUpClass): 200 GET http://10.180.1.21/identity/v3/domains?name=Default 0.049s
2025-11-28 15:18:38.240 65783 INFO tempest.lib.common.rest_client [req-8602778a-b7e7-484f-8eb0-08f9b99f2d88 req-8602778a-b7e7-484f-8eb0-08f9b99f2d88 ] Request (ServerShowV263Test:setUpClass): 200 GET http://10.180.1.21/identity/v3/domains?name=Default 0.043s
2025-11-28 15:18:38.255 65821 INFO tempest.lib.common.rest_client [req-69d6f6c8-bf30-4712-9c54-e41a514dc2fb req-69d6f6c8-bf30-4712-9c54-e41a514dc2fb ] Request (ServerRescueNegativeTestJSON:setUpClass): 201 POST http://10.180.1.21/identity/v3/projects 0.036s
2025-11-28 15:18:38.272 65783 INFO tempest.lib.common.rest_client [req-b2f77872-551b-483d-b735-7ab83fc1ae6f req-b2f77872-551b-483d-b735-7ab83fc1ae6f ] Request (ServerShowV263Test:setUpClass): 201 POST http://10.180.1.21/identity/v3/projects 0.031s
2025-11-28 15:18:38.281 65771 INFO tempest.lib.common.rest_client [req-51b54084-a079-42df-9c3f-a19989f0db61 req-51b54084-a079-42df-9c3f-a19989f0db61 ] Request (QuotasAdminTestV236:test_get_updated_quotas): 200 PUT http://10.180.1.21/compute/v2.1/os-quota-sets/f3de5b22d4644429bc1bd99f271a7336 4.547s
2025-11-28 15:18:38.329 65783 INFO tempest.lib.common.rest_client [req-8ba72b20-4689-4f6b-97fb-860549cd9873 req-8ba72b20-4689-4f6b-97fb-860549cd9873 ] Request (ServerShowV263Test:setUpClass): 201 POST http://10.180.1.21/identity/v3/users 0.056s
2025-11-28 15:18:38.335 65769 INFO tempest.lib.common.rest_client [req-b6b8ec97-5df1-4772-94f0-6cafff536a85 req-b6b8ec97-5df1-4772-94f0-6cafff536a85 ] Request (SecurityGroupsNegativeTestJSON:setUpClass): 201 POST http://10.180.1.21/networking/v2.0/networks 0.849s
2025-11-28 15:18:38.341 65821 INFO tempest.lib.common.rest_client [req-4b004567-91e9-480a-b10a-8ce30af5f2b3 req-4b004567-91e9-480a-b10a-8ce30af5f2b3 ] Request (ServerRescueNegativeTestJSON:setUpClass): 201 POST http://10.180.1.21/identity/v3/users 0.085s
2025-11-28 15:18:38.349 65783 INFO tempest.lib.common.rest_client [req-68d803ba-baa1-4f0d-bb79-5a12a3ca9f33 req-68d803ba-baa1-4f0d-bb79-5a12a3ca9f33 ] Request (ServerShowV263Test:setUpClass): 200 GET http://10.180.1.21/identity/v3/roles 0.020s
2025-11-28 15:18:38.368 65821 INFO tempest.lib.common.rest_client [req-b78d746c-8cc4-447e-8ef6-4f30fc22bbdd req-b78d746c-8cc4-447e-8ef6-4f30fc22bbdd ] Request (ServerRescueNegativeTestJSON:setUpClass): 200 GET http://10.180.1.21/identity/v3/roles 0.027s
2025-11-28 15:18:38.389 65783 INFO tempest.lib.common.rest_client [req-9ce5c86b-a3c6-411a-86a7-5ad99dffa2c5 req-9ce5c86b-a3c6-411a-86a7-5ad99dffa2c5 ] Request (ServerShowV263Test:setUpClass): 204 PUT http://10.180.1.21/identity/v3/projects/86dd4c0660364b599c0ea2c10df6b703/users/4ff26abd54f64be795241223d208b263/roles/0bc4bc43f5384a6887704a9da540f079 0.039s
2025-11-28 15:18:38.390 65783 INFO tempest.lib.common.dynamic_creds [-] Dynamic test user 4ff26abd54f64be795241223d208b263 is created with scope project and roles: ['member']
2025-11-28 15:18:38.390 65783 INFO tempest.lib.common.dynamic_creds [-] Acquired dynamic creds: credentials: Credentials: {'domain_id': 'default', 'domain_name': 'Default', 'username': 'tempest-ServerShowV263Test-228576007-project-member', 'project_domain_id': 'default', 'project_domain_name': 'Default', 'project_id': '86dd4c0660364b599c0ea2c10df6b703', 'project_name': 'tempest-ServerShowV263Test-228576007', 'tenant_id': '86dd4c0660364b599c0ea2c10df6b703', 'tenant_name': 'tempest-ServerShowV263Test-228576007', 'user_domain_id': 'default', 'user_domain_name': 'Default', 'user_id': '4ff26abd54f64be795241223d208b263', 'system': None}, Network: None, Subnet: None, Router: None
2025-11-28 15:18:38.390 65783 INFO tempest.lib.common.dynamic_creds [-] Created isolated network resources for: credentials: Credentials: {'domain_id': 'default', 'domain_name': 'Default', 'username': 'tempest-ServerShowV263Test-228576007-project-member', 'project_domain_id': 'default', 'project_domain_name': 'Default', 'project_id': '86dd4c0660364b599c0ea2c10df6b703', 'project_name': 'tempest-ServerShowV263Test-228576007', 'tenant_id': '86dd4c0660364b599c0ea2c10df6b703', 'tenant_name': 'tempest-ServerShowV263Test-228576007', 'user_domain_id': 'default', 'user_domain_name': 'Default', 'user_id': '4ff26abd54f64be795241223d208b263', 'system': None}, Network: None, Subnet: None, Router: None
2025-11-28 15:18:38.444 65821 INFO tempest.lib.common.rest_client [req-0a519e3d-323c-4dd1-b5fc-366e7f462b55 req-0a519e3d-323c-4dd1-b5fc-366e7f462b55 ] Request (ServerRescueNegativeTestJSON:setUpClass): 204 PUT http://10.180.1.21/identity/v3/projects/dc16dbb3ea674e90beb80daed4beafd2/users/45120726781c492ba8a6b36bacd4c3e6/roles/0bc4bc43f5384a6887704a9da540f079 0.076s
2025-11-28 15:18:38.445 65821 INFO tempest.lib.common.dynamic_creds [-] Dynamic test user 45120726781c492ba8a6b36bacd4c3e6 is created with scope project and roles: ['member']
2025-11-28 15:18:38.445 65821 INFO tempest.lib.common.dynamic_creds [-] Acquired dynamic creds: credentials: Credentials: {'domain_id': 'default', 'domain_name': 'Default', 'username': 'tempest-ServerRescueNegativeTestJSON-1119816764-project-member', 'project_domain_id': 'default', 'project_domain_name': 'Default', 'project_id': 'dc16dbb3ea674e90beb80daed4beafd2', 'project_name': 'tempest-ServerRescueNegativeTestJSON-1119816764', 'tenant_id': 'dc16dbb3ea674e90beb80daed4beafd2', 'tenant_name': 'tempest-ServerRescueNegativeTestJSON-1119816764', 'user_domain_id': 'default', 'user_domain_name': 'Default', 'user_id': '45120726781c492ba8a6b36bacd4c3e6', 'system': None}, Network: None, Subnet: None, Router: None
2025-11-28 15:18:38.494 65809 INFO tempest.lib.common.rest_client [req-1f329a00-c933-4c51-ab94-ed1a7a867535 req-1f329a00-c933-4c51-ab94-ed1a7a867535 ] Request (QuotasAdminNegativeTest:_run_cleanups): 200 PUT http://10.180.1.21/compute/v2.1/os-quota-sets/16cc91200a6e458db010ae82f8b0f667 4.481s
2025-11-28 15:18:38.509 65821 INFO tempest.lib.common.rest_client [req-0c0a5213-5248-42b4-9b51-28fc60ed66e2 req-0c0a5213-5248-42b4-9b51-28fc60ed66e2 ] Request (ServerRescueNegativeTestJSON:setUpClass): 201 POST http://10.180.1.21/identity/v3/auth/tokens 0.064s
2025-11-28 15:18:38.513 65783 INFO tempest.lib.common.rest_client [req-70808e07-5a89-4043-95ec-e8a016cfc412 req-70808e07-5a89-4043-95ec-e8a016cfc412 ] Request (ServerShowV263Test:setUpClass): 201 POST http://10.180.1.21/identity/v3/auth/tokens 0.119s
2025-11-28 15:18:38.526 65783 INFO tempest.lib.common.rest_client [req-30e0ce95-0330-4cab-b2b6-66955dc53bf0 req-30e0ce95-0330-4cab-b2b6-66955dc53bf0 ] Request (ServerShowV263Test:setUpClass): 200 GET http://10.180.1.21/identity/v3/projects/86dd4c0660364b599c0ea2c10df6b703 0.012s
2025-11-28 15:18:38.526 65783 INFO tempest.lib.common.dynamic_creds [-] Using the existing project 86dd4c0660364b599c0ea2c10df6b703 for scope project and roles: ['reader']
2025-11-28 15:18:38.549 65783 INFO tempest.lib.common.rest_client [req-f15b0e36-7f8c-49cb-8db4-7595d2b52377 req-f15b0e36-7f8c-49cb-8db4-7595d2b52377 ] Request (ServerShowV263Test:setUpClass): 201 POST http://10.180.1.21/identity/v3/users 0.022s
2025-11-28 15:18:38.566 65783 INFO tempest.lib.common.rest_client [req-47802e59-a1f5-4ef7-8fb1-04809e2097e4 req-47802e59-a1f5-4ef7-8fb1-04809e2097e4 ] Request (ServerShowV263Test:setUpClass): 200 GET http://10.180.1.21/identity/v3/roles 0.017s
2025-11-28 15:18:38.599 65783 INFO tempest.lib.common.rest_client [req-6982ea94-440a-42b3-9ed1-97794a300385 req-6982ea94-440a-42b3-9ed1-97794a300385 ] Request (ServerShowV263Test:setUpClass): 204 PUT http://10.180.1.21/identity/v3/projects/86dd4c0660364b599c0ea2c10df6b703/users/4c934013d7224750a33eb631a3f65b6d/roles/91c9eaaca1cd481697d5cb333b8beb83 0.032s
2025-11-28 15:18:38.599 65783 INFO tempest.lib.common.dynamic_creds [-] Dynamic test user 4c934013d7224750a33eb631a3f65b6d is created with scope project and roles: ['reader']
2025-11-28 15:18:38.599 65783 INFO tempest.lib.common.dynamic_creds [-] Acquired dynamic creds: credentials: Credentials: {'domain_id': 'default', 'domain_name': 'Default', 'username': 'tempest-ServerShowV263Test-228576007-project-reader', 'project_domain_id': 'default', 'project_domain_name': 'Default', 'project_id': '86dd4c0660364b599c0ea2c10df6b703', 'project_name': 'tempest-ServerShowV263Test-228576007', 'tenant_id': '86dd4c0660364b599c0ea2c10df6b703', 'tenant_name': 'tempest-ServerShowV263Test-228576007', 'user_domain_id': 'default', 'user_domain_name': 'Default', 'user_id': '4c934013d7224750a33eb631a3f65b6d', 'system': None}, Network: None, Subnet: None, Router: None
2025-11-28 15:18:38.599 65783 INFO tempest.lib.common.dynamic_creds [-] Network resources are not created for requested scope: project and credentials: Credentials: {'domain_id': 'default', 'domain_name': 'Default', 'username': 'tempest-ServerShowV263Test-228576007-project-reader', 'project_domain_id': 'default', 'project_domain_name': 'Default', 'project_id': '86dd4c0660364b599c0ea2c10df6b703', 'project_name': 'tempest-ServerShowV263Test-228576007', 'tenant_id': '86dd4c0660364b599c0ea2c10df6b703', 'tenant_name': 'tempest-ServerShowV263Test-228576007', 'user_domain_id': 'default', 'user_domain_name': 'Default', 'user_id': '4c934013d7224750a33eb631a3f65b6d', 'system': None}, Network: None, Subnet: None, Router: None
2025-11-28 15:18:38.619 65813 INFO tempest.lib.common.rest_client [req-dcdafb23-5bcd-4800-9583-07cb96067fc0 req-dcdafb23-5bcd-4800-9583-07cb96067fc0 ] Request (FlavorMetadataValidation:tearDownClass): 204 DELETE http://10.180.1.21/networking/v2.0/security-groups/02a27044-803f-4556-9a2f-ec001ca67eac 0.924s
2025-11-28 15:18:38.656 65791 INFO tempest.lib.common.rest_client [req-c0bd7fbb-a13d-408e-b137-9f496839eb0a req-c0bd7fbb-a13d-408e-b137-9f496839eb0a ] Request (FlavorsAccessNegativeTestJSON:_run_cleanups): 200 POST http://10.180.1.21/compute/v2.1/flavors/1027707746/action 4.453s
2025-11-28 15:18:38.670 65817 INFO tempest.lib.common.rest_client [req-ad5ecc6c-6c36-40ce-8b2b-18daf102cb5d req-ad5ecc6c-6c36-40ce-8b2b-18daf102cb5d ] Request (FlavorsV2TestJSON:test_list_flavors_detailed_limit_results): 200 GET http://10.180.1.21/compute/v2.1/flavors/detail?limit=1 4.420s
2025-11-28 15:18:38.671 65783 INFO tempest.lib.common.rest_client [req-bea7de34-4c90-4d1c-b3aa-a826766619f8 req-bea7de34-4c90-4d1c-b3aa-a826766619f8 ] Request (ServerShowV263Test:setUpClass): 201 POST http://10.180.1.21/identity/v3/auth/tokens 0.069s
2025-11-28 15:18:38.771 65813 INFO tempest.lib.common.rest_client [req-33806857-605c-415e-928e-e2dbe43aa86e req-33806857-605c-415e-928e-e2dbe43aa86e ] Request (FlavorMetadataValidation:tearDownClass): 204 DELETE http://10.180.1.21/identity/v3/projects/e056bbe6dd494dba9391f57b1159bc15 0.151s
2025-11-28 15:18:38.899 65783 INFO tempest.lib.common.rest_client [req-87b311b1-4c16-4650-9d18-0976e0814433 req-87b311b1-4c16-4650-9d18-0976e0814433 ] Request (ServerShowV263Test:tearDownClass): 204 DELETE http://10.180.1.21/identity/v3/users/4ff26abd54f64be795241223d208b263 0.226s
2025-11-28 15:18:38.913 65813 INFO tempest.lib.common.rest_client [req-7623804d-8bb4-4c05-b5bf-ce2dd8485702 req-7623804d-8bb4-4c05-b5bf-ce2dd8485702 ] Request (HypervisorAdminV228Test:setUpClass): 201 POST http://10.180.1.21/identity/v3/auth/tokens 0.140s
2025-11-28 15:18:38.943 65813 INFO tempest.lib.common.rest_client [req-30a24d74-ed8c-4cc8-9808-b31383e4074d req-30a24d74-ed8c-4cc8-9808-b31383e4074d ] Request (HypervisorAdminV228Test:setUpClass): 201 POST http://10.180.1.21/identity/v3/auth/tokens 0.027s
2025-11-28 15:18:38.946 65825 INFO tempest.lib.common.rest_client [req-7e8e0451-643d-441f-b19a-6e44ba92aa8c req-7e8e0451-643d-441f-b19a-6e44ba92aa8c ] Request (ServersTestFqdnHostnames:setUpClass): 201 POST http://10.180.1.21/networking/v2.0/networks 1.096s
2025-11-28 15:18:38.981 65813 INFO tempest.lib.common.rest_client [req-adb13b29-a6f2-4c81-8346-167e201a9f20 req-adb13b29-a6f2-4c81-8346-167e201a9f20 ] Request (HypervisorAdminV228Test:setUpClass): 200 GET http://10.180.1.21/identity/v3/domains?name=Default 0.038s
2025-11-28 15:18:39.019 65813 INFO tempest.lib.common.rest_client [req-7c0b2137-a9a2-456e-9905-92d143ab3097 req-7c0b2137-a9a2-456e-9905-92d143ab3097 ] Request (HypervisorAdminV228Test:setUpClass): 201 POST http://10.180.1.21/identity/v3/projects 0.036s
2025-11-28 15:18:39.036 65783 INFO tempest.lib.common.rest_client [req-bd72f4bf-cee5-4ebc-bccb-35e1ffb2cefd req-bd72f4bf-cee5-4ebc-bccb-35e1ffb2cefd ] Request (ServerShowV263Test:tearDownClass): 204 DELETE http://10.180.1.21/identity/v3/users/4c934013d7224750a33eb631a3f65b6d 0.137s
2025-11-28 15:18:39.036 65783 INFO tempest.lib.common.dynamic_creds [-] Deleting project and security group for project: 86dd4c0660364b599c0ea2c10df6b703
2025-11-28 15:18:39.076 65795 INFO tempest.lib.common.rest_client [req-ad053588-75de-4ea5-aa9b-e8a2a5afa5dd req-ad053588-75de-4ea5-aa9b-e8a2a5afa5dd ] Request (ServersWithSpecificFlavorTestJSON:setUpClass): 201 POST http://10.180.1.21/networking/v2.0/routers 1.492s
2025-11-28 15:18:39.104 65783 INFO tempest.lib.common.rest_client [req-29cfad05-49e0-4b77-a98d-87c2c22dc3e2 req-29cfad05-49e0-4b77-a98d-87c2c22dc3e2 ] Request (ServerShowV263Test:tearDownClass): 201 POST http://10.180.1.21/identity/v3/auth/tokens 0.067s
2025-11-28 15:18:39.114 65813 INFO tempest.lib.common.rest_client [req-6988ebfd-f4b1-4cdf-89df-cf4efbe3416d req-6988ebfd-f4b1-4cdf-89df-cf4efbe3416d ] Request (HypervisorAdminV228Test:setUpClass): 201 POST http://10.180.1.21/identity/v3/users 0.094s
2025-11-28 15:18:39.142 65813 INFO tempest.lib.common.rest_client [req-e1944a26-6b6d-43c2-a2fd-b463f41feeca req-e1944a26-6b6d-43c2-a2fd-b463f41feeca ] Request (HypervisorAdminV228Test:setUpClass): 200 GET http://10.180.1.21/identity/v3/roles 0.028s
2025-11-28 15:18:39.178 65813 INFO tempest.lib.common.rest_client [req-d89c9d58-eada-46ce-9d82-90989d8754f0 req-d89c9d58-eada-46ce-9d82-90989d8754f0 ] Request (HypervisorAdminV228Test:setUpClass): 204 PUT http://10.180.1.21/identity/v3/projects/a96f0cfdb88246e093e7e85ff999083c/users/1039c0e644e346499d4ef7fe52b0635a/roles/0bc4bc43f5384a6887704a9da540f079 0.035s
2025-11-28 15:18:39.179 65813 INFO tempest.lib.common.dynamic_creds [-] Dynamic test user 1039c0e644e346499d4ef7fe52b0635a is created with scope project and roles: ['member']
2025-11-28 15:18:39.179 65813 INFO tempest.lib.common.dynamic_creds [-] Acquired dynamic creds: credentials: Credentials: {'domain_id': 'default', 'domain_name': 'Default', 'username': 'tempest-HypervisorAdminV228Test-1974969255-project-member', 'project_domain_id': 'default', 'project_domain_name': 'Default', 'project_id': 'a96f0cfdb88246e093e7e85ff999083c', 'project_name': 'tempest-HypervisorAdminV228Test-1974969255', 'tenant_id': 'a96f0cfdb88246e093e7e85ff999083c', 'tenant_name': 'tempest-HypervisorAdminV228Test-1974969255', 'user_domain_id': 'default', 'user_domain_name': 'Default', 'user_id': '1039c0e644e346499d4ef7fe52b0635a', 'system': None}, Network: None, Subnet: None, Router: None
2025-11-28 15:18:39.179 65813 INFO tempest.lib.common.dynamic_creds [-] Created isolated network resources for: credentials: Credentials: {'domain_id': 'default', 'domain_name': 'Default', 'username': 'tempest-HypervisorAdminV228Test-1974969255-project-member', 'project_domain_id': 'default', 'project_domain_name': 'Default', 'project_id': 'a96f0cfdb88246e093e7e85ff999083c', 'project_name': 'tempest-HypervisorAdminV228Test-1974969255', 'tenant_id': 'a96f0cfdb88246e093e7e85ff999083c', 'tenant_name': 'tempest-HypervisorAdminV228Test-1974969255', 'user_domain_id': 'default', 'user_domain_name': 'Default', 'user_id': '1039c0e644e346499d4ef7fe52b0635a', 'system': None}, Network: None, Subnet: None, Router: None
2025-11-28 15:18:39.184 65788 INFO tempest.lib.common.rest_client [req-577c2bec-e144-4fba-b80b-3029dfca2f19 req-577c2bec-e144-4fba-b80b-3029dfca2f19 ] Request (VolumesAssistedSnapshotsTest:test_volume_assisted_snapshot_create_delete): 201 POST http://10.180.1.21/networking/v2.0/security-group-rules 0.994s
2025-11-28 15:18:39.252 65813 INFO tempest.lib.common.rest_client [req-d6a3d219-bebd-4cf0-b3f8-78c598f819ac req-d6a3d219-bebd-4cf0-b3f8-78c598f819ac ] Request (HypervisorAdminV228Test:setUpClass): 201 POST http://10.180.1.21/identity/v3/auth/tokens 0.068s
2025-11-28 15:18:39.307 65813 INFO tempest.lib.common.rest_client [req-8830a7b8-c5b4-4dc1-a02e-c2a75edb46fe req-8830a7b8-c5b4-4dc1-a02e-c2a75edb46fe ] Request (HypervisorAdminV228Test:setUpClass): 201 POST http://10.180.1.21/identity/v3/projects 0.054s
2025-11-28 15:18:39.323 65769 INFO tempest.lib.common.rest_client [req-16adacad-3c67-4b1b-aaef-697fd80e79c5 req-16adacad-3c67-4b1b-aaef-697fd80e79c5 ] Request (SecurityGroupsNegativeTestJSON:setUpClass): 201 POST http://10.180.1.21/networking/v2.0/subnets 0.987s
2025-11-28 15:18:39.367 65813 INFO tempest.lib.common.rest_client [req-c4c36647-e904-4190-9a55-f63770e81d21 req-c4c36647-e904-4190-9a55-f63770e81d21 ] Request (HypervisorAdminV228Test:setUpClass): 201 POST http://10.180.1.21/identity/v3/users 0.059s
2025-11-28 15:18:39.386 65813 INFO tempest.lib.common.rest_client [req-b22d2b78-07a3-4b28-b782-172fefead784 req-b22d2b78-07a3-4b28-b782-172fefead784 ] Request (HypervisorAdminV228Test:setUpClass): 200 GET http://10.180.1.21/identity/v3/roles 0.018s
2025-11-28 15:18:39.410 65813 INFO tempest.lib.common.rest_client [req-802ff67c-78a2-4a4b-adb1-89be65c047dd req-802ff67c-78a2-4a4b-adb1-89be65c047dd ] Request (HypervisorAdminV228Test:setUpClass): 204 PUT http://10.180.1.21/identity/v3/projects/e68b01036efa42b48088e8ccdc630518/users/90fdbb2bea314bbba2d61dcf70d5d8e3/roles/b69683a58e3f4c00a9bd6eaf7b79fd19 0.023s
2025-11-28 15:18:39.454 65813 INFO tempest.lib.common.rest_client [req-d26f9f5d-7f20-4452-915c-eaf39fa33376 req-d26f9f5d-7f20-4452-915c-eaf39fa33376 ] Request (HypervisorAdminV228Test:setUpClass): 200 GET http://10.180.1.21/identity/v3/roles 0.044s
2025-11-28 15:18:39.471 65813 INFO tempest.lib.common.rest_client [req-c618d326-0a78-475b-97fb-16876c97a642 req-c618d326-0a78-475b-97fb-16876c97a642 ] Request (HypervisorAdminV228Test:setUpClass): 204 PUT http://10.180.1.21/identity/v3/projects/e68b01036efa42b48088e8ccdc630518/users/90fdbb2bea314bbba2d61dcf70d5d8e3/roles/b69683a58e3f4c00a9bd6eaf7b79fd19 0.017s
2025-11-28 15:18:39.472 65813 INFO tempest.lib.common.dynamic_creds [-] Dynamic test user 90fdbb2bea314bbba2d61dcf70d5d8e3 is created with scope project and roles: ['admin']
