2025-11-28 15:19:16.819 65815 INFO tempest.lib.common.dynamic_creds [-] Created isolated network resources for: credentials: Credentials: {'domain_id': 'default', 'domain_name': 'Default', 'username': 'tempest-ServerActionsTestJSON-2095708335-project-member', 'project_domain_id': 'default', 'project_domain_name': 'Default', 'project_id': 'c958e44dcba541a59b6f5552923d2004', 'project_name': 'tempest-ServerActionsTestJSON-2095708335', 'tenant_id': 'c958e44dcba541a59b6f5552923d2004', 'tenant_name': 'tempest-ServerActionsTestJSON-2095708335', 'user_domain_id': 'default', 'user_domain_name': 'Default', 'user_id': '8778e060da454f298ab4c1a422cc541f', 'system': None}, Network: {'id': 'b82761e9-2510-40c6-b8e9-b1ce5d65a8a1', 'name': 'tempest-ServerActionsTestJSON-1311590575-network', 'tenant_id': 'c958e44dcba541a59b6f5552923d2004', 'project_id': 'c958e44dcba541a59b6f5552923d2004', 'admin_state_up': True, 'mtu': 8950, 'status': 'ACTIVE', 'subnets': [], 'shared': False, 'port_security_enabled': True, 'router:external': False, 'provider:network_type': 'vlan', 'provider:physical_network': 'default', 'provider:segmentation_id': 163, 'availability_zone_hints': [], 'availability_zones': [], 'ipv4_address_scope': None, 'ipv6_address_scope': None, 'description': '', 'tags': [], 'created_at': '2025-11-28T15:19:14Z', 'updated_at': '2025-11-28T15:19:14Z', 'revision_number': 1}, Subnet: {'id': '5c4182d7-bb01-43ff-a2db-450376b29127', 'name': 'tempest-ServerActionsTestJSON-1311590575-subnet', 'tenant_id': 'c958e44dcba541a59b6f5552923d2004', 'network_id': 'b82761e9-2510-40c6-b8e9-b1ce5d65a8a1', 'ip_version': 4, 'subnetpool_id': None, 'enable_dhcp': True, 'ipv6_ra_mode': None, 'ipv6_address_mode': None, 'gateway_ip': '192.168.128.1', 'cidr': '192.168.128.0/28', 'allocation_pools': [{'start': '192.168.128.2', 'end': '192.168.128.14'}], 'host_routes': [], 'dns_nameservers': [], 'description': '', 'router:external': False, 'service_types': [], 'tags': [], 'created_at': '2025-11-28T15:19:14Z', 'updated_at': '2025-11-28T15:19:14Z', 'revision_number': 0, 'project_id': 'c958e44dcba541a59b6f5552923d2004'}, Router: {'id': '4bc5ceff-61e5-448a-b411-6da541fbe4cf', 'name': 'tempest-ServerActionsTestJSON-1311590575-router', 'tenant_id': 'c958e44dcba541a59b6f5552923d2004', 'admin_state_up': True, 'status': 'ACTIVE', 'external_gateway_info': {'network_id': '3192c6f9-52e2-47a2-958f-b85cfb86149c', 'external_fixed_ips': [{'subnet_id': 'c70195db-719b-4785-a24f-4488fc7c65eb', 'ip_address': '10.180.180.204'}], 'enable_snat': True}, 'description': '', 'availability_zones': [], 'distributed': False, 'ha': False, 'availability_zone_hints': [], 'routes': [], 'flavor_id': None, 'tags': [], 'created_at': '2025-11-28T15:19:15Z', 'updated_at': '2025-11-28T15:19:15Z', 'revision_number': 2, 'project_id': 'c958e44dcba541a59b6f5552923d2004'}
2025-11-28 15:19:16.902 65767 INFO tempest.lib.common.rest_client [req-6989aa53-2de9-4265-989b-111f6a296ccf req-6989aa53-2de9-4265-989b-111f6a296ccf ] Request (HostsAdminNegativeTestJSON:tearDownClass): 204 DELETE http://10.180.1.21/networking/v2.0/security-groups/cfd9cd25-e4bb-43b8-b295-9a2c4b16c6ed 0.103s
2025-11-28 15:19:16.906 65815 INFO tempest.lib.common.rest_client [req-938b126a-f117-43c2-89dc-0579864f2005 req-938b126a-f117-43c2-89dc-0579864f2005 ] Request (ServerActionsTestJSON:setUpClass): 201 POST http://10.180.1.21/identity/v3/auth/tokens 0.084s
2025-11-28 15:19:17.063 65767 INFO tempest.lib.common.rest_client [req-01982c52-1409-45e4-ab64-ebe59a526b7e req-01982c52-1409-45e4-ab64-ebe59a526b7e ] Request (HostsAdminNegativeTestJSON:tearDownClass): 204 DELETE http://10.180.1.21/identity/v3/projects/a4377ec0cf604b7e873595166f7e4d57 0.160s
2025-11-28 15:19:17.064 65767 INFO tempest.test [-] raised in SpiceDirectConsoleTestJSON.setUpClass. Invoking tearDownClass.
2025-11-28 15:19:17.065 65767 INFO tempest.test [-] raised in TestMultiAttachVolumeSwap.setUpClass. Invoking tearDownClass.
2025-11-28 15:19:17.156 65767 INFO tempest.lib.common.rest_client [req-be112a19-42a5-439a-a07c-8e8ca305d9e7 req-be112a19-42a5-439a-a07c-8e8ca305d9e7 ] Request (AttachInterfacesTestJSON:setUpClass): 201 POST http://10.180.1.21/identity/v3/auth/tokens 0.088s
2025-11-28 15:19:17.159 65789 INFO tempest.lib.common.rest_client [req-ea5ce8bd-6bca-4f31-8442-0fdfc786a298 req-ea5ce8bd-6bca-4f31-8442-0fdfc786a298 ] Request (SecurityGroupsTestAdminJSON:test_list_security_groups_list_all_tenants_filter): 200 GET http://10.180.1.21/compute/v2.1/os-security-groups?all_tenants=true 6.381s
2025-11-28 15:19:17.186 65799 INFO tempest.lib.common.rest_client [req-6a96c13a-8b31-4054-bbcb-6ee9cbfa3297 req-6a96c13a-8b31-4054-bbcb-6ee9cbfa3297 ] Request (FlavorsAdminTestJSON:_run_cleanups): 202 DELETE http://10.180.1.21/compute/v2.1/flavors/eb1a420b-385a-4008-bc03-c555e1266945 4.702s
2025-11-28 15:19:17.200 65767 INFO tempest.lib.common.rest_client [req-b02cf04d-0505-491a-8838-4233004092c3 req-b02cf04d-0505-491a-8838-4233004092c3 ] Request (AttachInterfacesTestJSON:setUpClass): 201 POST http://10.180.1.21/identity/v3/auth/tokens 0.038s
2025-11-28 15:19:17.228 65769 INFO tempest.lib.common.rest_client [req-1d0b00df-8ff2-4c85-a15b-bba796921efa req-1d0b00df-8ff2-4c85-a15b-bba796921efa ] Request (AttachInterfacesUnderV243Test:test_add_remove_fixed_ip): 202 POST http://10.180.1.21/compute/v2.1/servers 4.816s
2025-11-28 15:19:17.232 65797 INFO tempest.lib.common.rest_client [req-a6bd2914-c5b3-4a5f-b888-10dd015759bb req-a6bd2914-c5b3-4a5f-b888-10dd015759bb ] Request (AggregatesAdminNegativeTestJSON:test_aggregate_create_as_user): 403 POST http://10.180.1.21/compute/v2.1/os-aggregates 4.666s
2025-11-28 15:19:17.233 65767 INFO tempest.lib.common.rest_client [req-96894e49-b76a-447c-898d-067805a72b95 req-96894e49-b76a-447c-898d-067805a72b95 ] Request (AttachInterfacesTestJSON:setUpClass): 200 GET http://10.180.1.21/identity/v3/domains?name=Default 0.032s
2025-11-28 15:19:17.279 65767 INFO tempest.lib.common.rest_client [req-e9d194d5-6c52-4b63-83b5-bed11fbba8bb req-e9d194d5-6c52-4b63-83b5-bed11fbba8bb ] Request (AttachInterfacesTestJSON:setUpClass): 201 POST http://10.180.1.21/identity/v3/projects 0.046s
2025-11-28 15:19:17.352 65767 INFO tempest.lib.common.rest_client [req-6ab8b18f-512e-4c37-8d6d-1de6dedf2962 req-6ab8b18f-512e-4c37-8d6d-1de6dedf2962 ] Request (AttachInterfacesTestJSON:setUpClass): 201 POST http://10.180.1.21/identity/v3/users 0.072s
2025-11-28 15:19:17.376 65767 INFO tempest.lib.common.rest_client [req-adf01bde-51a2-4cb3-92f3-56026005a0f8 req-adf01bde-51a2-4cb3-92f3-56026005a0f8 ] Request (AttachInterfacesTestJSON:setUpClass): 200 GET http://10.180.1.21/identity/v3/roles 0.023s
2025-11-28 15:19:17.410 65767 INFO tempest.lib.common.rest_client [req-d2a427a5-3ce0-49aa-af31-531fb77bb299 req-d2a427a5-3ce0-49aa-af31-531fb77bb299 ] Request (AttachInterfacesTestJSON:setUpClass): 204 PUT http://10.180.1.21/identity/v3/projects/dfda5edf3563437fa2411887e3862c6a/users/b7086a315caf49dfacda0ae74dd81a34/roles/0bc4bc43f5384a6887704a9da540f079 0.033s
2025-11-28 15:19:17.410 65767 INFO tempest.lib.common.dynamic_creds [-] Dynamic test user b7086a315caf49dfacda0ae74dd81a34 is created with scope project and roles: ['member']
2025-11-28 15:19:17.410 65767 INFO tempest.lib.common.dynamic_creds [-] Acquired dynamic creds: credentials: Credentials: {'domain_id': 'default', 'domain_name': 'Default', 'username': 'tempest-AttachInterfacesTestJSON-1863461622-project-member', 'project_domain_id': 'default', 'project_domain_name': 'Default', 'project_id': 'dfda5edf3563437fa2411887e3862c6a', 'project_name': 'tempest-AttachInterfacesTestJSON-1863461622', 'tenant_id': 'dfda5edf3563437fa2411887e3862c6a', 'tenant_name': 'tempest-AttachInterfacesTestJSON-1863461622', 'user_domain_id': 'default', 'user_domain_name': 'Default', 'user_id': 'b7086a315caf49dfacda0ae74dd81a34', 'system': None}, Network: None, Subnet: None, Router: None
2025-11-28 15:19:17.491 65767 INFO tempest.lib.common.rest_client [req-e8ba043b-98b1-4d41-b612-639dcd1027f3 req-e8ba043b-98b1-4d41-b612-639dcd1027f3 ] Request (AttachInterfacesTestJSON:setUpClass): 201 POST http://10.180.1.21/identity/v3/auth/tokens 0.081s
2025-11-28 15:19:17.637 65785 INFO tempest.lib.common.rest_client [req-5599c219-bea5-47f9-bd0e-3772ffdb64d7 req-5599c219-bea5-47f9-bd0e-3772ffdb64d7 ] Request (FloatingIPDetailsTestJSON:_run_cleanups): 202 DELETE http://10.180.1.21/compute/v2.1/os-floating-ips/e9d67f21-58ce-4efd-bf23-66c527cef382 4.884s
2025-11-28 15:19:17.654 65813 INFO tempest.lib.common.rest_client [req-ab361acc-44c2-435f-901d-b0bf3bc2b160 req-ab361acc-44c2-435f-901d-b0bf3bc2b160 ] Request (ServerGroupTestJSON:test_create_delete_multiple_server_groups_with_same_name_policy): 200 GET http://10.180.1.21/compute/v2.1/os-server-groups 4.854s
2025-11-28 15:19:17.678 65793 INFO tempest.lib.common.rest_client [req-dc20fe80-e200-4a1f-8cee-2d6b9a7dc54f req-dc20fe80-e200-4a1f-8cee-2d6b9a7dc54f ] Request (HypervisorAdminTestJSON:test_get_hypervisor_show_details): 200 GET http://10.180.1.21/compute/v2.1/os-hypervisors/1 4.848s
2025-11-28 15:19:17.693 65791 INFO tempest.lib.common.rest_client [req-793f27c2-645a-4d29-8868-9255197eaf06 req-793f27c2-645a-4d29-8868-9255197eaf06 ] Request (FlavorsAccessNegativeTestJSON:test_flavor_non_admin_remove): 200 POST http://10.180.1.21/compute/v2.1/flavors 4.832s
2025-11-28 15:19:17.721 65801 INFO tempest.lib.common.rest_client [req-e33eff36-dcdf-4632-925f-6b085b092818 req-e33eff36-dcdf-4632-925f-6b085b092818 ] Request (FlavorsV255TestJSON:test_crud_flavor): 200 PUT http://10.180.1.21/compute/v2.1/flavors/7534375 4.585s
2025-11-28 15:19:17.747 65777 INFO tempest.lib.common.rest_client [req-57964b72-b4f3-4ee2-b1ed-1baaa8b26e6f req-57964b72-b4f3-4ee2-b1ed-1baaa8b26e6f ] Request (TenantUsagesTestJSON:test_get_usage_tenant_with_non_admin_user): 200 GET http://10.180.1.21/compute/v2.1/os-simple-tenant-usage/b27d999be2f24579bc81c11aef49710a?start=2025-11-27T15%3A19%3A11.346750&end=2025-11-29T15%3A19%3A11.346750 4.426s
2025-11-28 15:19:17.765 65817 INFO tempest.lib.common.rest_client [req-dd90abe1-3146-4ea5-80c8-29bcfd1f54ea req-dd90abe1-3146-4ea5-80c8-29bcfd1f54ea ] Request (FlavorsV2TestJSON:test_list_flavors_with_detail): 200 GET http://10.180.1.21/compute/v2.1/flavors/42 4.414s
2025-11-28 15:19:17.853 65817 INFO tempest.lib.common.rest_client [req-08dfecc9-916e-40c5-8b05-19c1144d61ed req-08dfecc9-916e-40c5-8b05-19c1144d61ed ] Request (FlavorsV2TestJSON:tearDownClass): 204 DELETE http://10.180.1.21/identity/v3/users/d36ae51fe5224888b11263983e4e7eb4 0.082s
2025-11-28 15:19:17.853 65817 INFO tempest.lib.common.dynamic_creds [-] Deleting project and security group for project: 602f73eca2f84e83bf24f71cb924c3a0
2025-11-28 15:19:17.925 65817 INFO tempest.lib.common.rest_client [req-86620dbf-d318-45a5-804b-29566dec162c req-86620dbf-d318-45a5-804b-29566dec162c ] Request (FlavorsV2TestJSON:tearDownClass): 201 POST http://10.180.1.21/identity/v3/auth/tokens 0.071s
2025-11-28 15:19:17.926 65765 INFO tempest.lib.common.rest_client [req-f632fb8d-8df7-46a1-9eda-68a613392449 req-f632fb8d-8df7-46a1-9eda-68a613392449 ] Request (QuotasAdminTestJSON:test_delete_quota): 200 GET http://10.180.1.21/compute/v2.1/os-quota-sets/7eaee05d41a440b9a76bd557e10bafe6 4.568s
2025-11-28 15:19:17.973 65767 INFO tempest.lib.common.rest_client [req-9b365f4b-13f7-404e-aba9-4584082c8c67 req-9b365f4b-13f7-404e-aba9-4584082c8c67 ] Request (AttachInterfacesTestJSON:setUpClass): 201 POST http://10.180.1.21/networking/v2.0/networks 0.481s
2025-11-28 15:19:18.040 65765 INFO tempest.lib.common.rest_client [req-f77de2fc-9cf9-4937-9628-a8c965d5d56a req-f77de2fc-9cf9-4937-9628-a8c965d5d56a ] Request (QuotasAdminTestJSON:_run_cleanups): 204 DELETE http://10.180.1.21/identity/v3/projects/7eaee05d41a440b9a76bd557e10bafe6 0.111s
2025-11-28 15:19:18.358 65767 INFO tempest.lib.common.rest_client [req-a7fb98f2-7064-47de-ba86-449c041a12ed req-a7fb98f2-7064-47de-ba86-449c041a12ed ] Request (AttachInterfacesTestJSON:setUpClass): 201 POST http://10.180.1.21/networking/v2.0/subnets 0.384s
2025-11-28 15:19:18.358 65817 INFO tempest.lib.common.rest_client [req-c2b69564-0298-4178-a851-e65fabb8bae4 req-c2b69564-0298-4178-a851-e65fabb8bae4 ] Request (FlavorsV2TestJSON:tearDownClass): 200 GET http://10.180.1.21/networking/v2.0/security-groups?tenant_id=602f73eca2f84e83bf24f71cb924c3a0&name=default 0.433s
2025-11-28 15:19:18.396 65771 INFO tempest.lib.common.rest_client [req-ec2ae194-52b9-4f84-b58b-92fb8252d5d3 req-ec2ae194-52b9-4f84-b58b-92fb8252d5d3 ] Request (ServerShowV247Test:test_update_rebuild_list_server): 200 GET http://10.180.1.21/compute/v2.1/servers/2c2c7cf1-5274-4c18-96ed-e47ea62fe5e0 4.929s
2025-11-28 15:19:18.417 65771 INFO tempest.common.waiters [-] State transition "BUILD/None" ==> "BUILD/block_device_mapping" after 6 second wait
2025-11-28 15:19:18.500 65817 INFO tempest.lib.common.rest_client [req-5cdb34fa-2639-401b-b1e6-326b7d73bcba req-5cdb34fa-2639-401b-b1e6-326b7d73bcba ] Request (FlavorsV2TestJSON:tearDownClass): 204 DELETE http://10.180.1.21/networking/v2.0/security-groups/eebd0526-cc39-4157-8f2a-6639cbde28dd 0.141s
2025-11-28 15:19:18.578 65817 INFO tempest.lib.common.rest_client [req-373498f3-3898-4bcd-a900-88a40d6a3217 req-373498f3-3898-4bcd-a900-88a40d6a3217 ] Request (FlavorsV2TestJSON:tearDownClass): 204 DELETE http://10.180.1.21/identity/v3/projects/602f73eca2f84e83bf24f71cb924c3a0 0.078s
2025-11-28 15:19:18.669 65821 INFO tempest.lib.common.rest_client [req-976b9006-2fcc-4b67-b9b8-7818c0be5a12 req-976b9006-2fcc-4b67-b9b8-7818c0be5a12 ] Request (ServerRescueNegativeTestJSON:setUpClass): 200 GET http://10.180.1.21/compute/v2.1/servers/c5c6c9b8-53e1-4f45-9063-aa8eff705bcd 5.023s
2025-11-28 15:19:18.676 65821 INFO tempest.common.waiters [-] State transition "BUILD/spawning" ==> "ACTIVE/None" after 21 second wait
2025-11-28 15:19:18.677 65817 INFO tempest.lib.common.rest_client [req-d938b753-8597-463a-ac5e-ca40372b41ca req-d938b753-8597-463a-ac5e-ca40372b41ca ] Request (ServerDiskConfigTestJSON:setUpClass): 201 POST http://10.180.1.21/identity/v3/auth/tokens 0.097s
2025-11-28 15:19:18.708 65817 INFO tempest.lib.common.rest_client [req-2f477d9c-93cf-4711-bcc4-d3a849741873 req-2f477d9c-93cf-4711-bcc4-d3a849741873 ] Request (ServerDiskConfigTestJSON:setUpClass): 201 POST http://10.180.1.21/identity/v3/auth/tokens 0.028s
2025-11-28 15:19:18.736 65817 INFO tempest.lib.common.rest_client [req-8ffed082-aa08-4665-a983-f324e40d9763 req-8ffed082-aa08-4665-a983-f324e40d9763 ] Request (ServerDiskConfigTestJSON:setUpClass): 200 GET http://10.180.1.21/identity/v3/domains?name=Default 0.027s
2025-11-28 15:19:18.768 65817 INFO tempest.lib.common.rest_client [req-42ed08cf-a2ad-4968-9e96-009cb4f19025 req-42ed08cf-a2ad-4968-9e96-009cb4f19025 ] Request (ServerDiskConfigTestJSON:setUpClass): 201 POST http://10.180.1.21/identity/v3/projects 0.032s
2025-11-28 15:19:18.810 65803 INFO tempest.lib.common.rest_client [req-e41d0048-1000-4d4f-a6f1-8e4eb1d4dbcf req-e41d0048-1000-4d4f-a6f1-8e4eb1d4dbcf ] Request (FloatingIPsAssociationNegativeTestJSON:test_associate_ip_to_server_with_floating_ip): 202 POST http://10.180.1.21/compute/v2.1/servers/cb404fff-1490-420b-9b9c-e591f4746b72/action 6.250s
2025-11-28 15:19:18.836 65817 INFO tempest.lib.common.rest_client [req-7b8afd2a-10da-4b6f-8cd7-1c9ca633c2a5 req-7b8afd2a-10da-4b6f-8cd7-1c9ca633c2a5 ] Request (ServerDiskConfigTestJSON:setUpClass): 201 POST http://10.180.1.21/identity/v3/users 0.067s
2025-11-28 15:19:18.867 65817 INFO tempest.lib.common.rest_client [req-ce36f674-7292-4615-b449-5dca3f168917 req-ce36f674-7292-4615-b449-5dca3f168917 ] Request (ServerDiskConfigTestJSON:setUpClass): 200 GET http://10.180.1.21/identity/v3/roles 0.031s
2025-11-28 15:19:18.909 65817 INFO tempest.lib.common.rest_client [req-2b9834d4-998a-44a2-9c70-04e9ae4991ac req-2b9834d4-998a-44a2-9c70-04e9ae4991ac ] Request (ServerDiskConfigTestJSON:setUpClass): 204 PUT http://10.180.1.21/identity/v3/projects/864972f0672f41979349937acce5487c/users/5fe1dbe3eaee42cb93c5a77d70d4d479/roles/0bc4bc43f5384a6887704a9da540f079 0.041s
2025-11-28 15:19:18.910 65817 INFO tempest.lib.common.dynamic_creds [-] Dynamic test user 5fe1dbe3eaee42cb93c5a77d70d4d479 is created with scope project and roles: ['member']
2025-11-28 15:19:18.910 65817 INFO tempest.lib.common.dynamic_creds [-] Acquired dynamic creds: credentials: Credentials: {'domain_id': 'default', 'domain_name': 'Default', 'username': 'tempest-ServerDiskConfigTestJSON-85098692-project-member', 'project_domain_id': 'default', 'project_domain_name': 'Default', 'project_id': '864972f0672f41979349937acce5487c', 'project_name': 'tempest-ServerDiskConfigTestJSON-85098692', 'tenant_id': '864972f0672f41979349937acce5487c', 'tenant_name': 'tempest-ServerDiskConfigTestJSON-85098692', 'user_domain_id': 'default', 'user_domain_name': 'Default', 'user_id': '5fe1dbe3eaee42cb93c5a77d70d4d479', 'system': None}, Network: None, Subnet: None, Router: None
2025-11-28 15:19:18.946 65795 INFO tempest.lib.common.rest_client [req-2b213fd7-7c99-4a9b-b32f-825f1db140b6 req-2b213fd7-7c99-4a9b-b32f-825f1db140b6 ] Request (ServersWithSpecificFlavorTestJSON:test_verify_created_server_ephemeral_disk): 200 GET http://10.180.1.21/compute/v2.1/servers/7855f385-65bf-4f54-8694-95986fbbda4d 4.961s
2025-11-28 15:19:18.997 65763 INFO tempest.lib.common.rest_client [req-7a8875a7-068a-4bd5-9548-4a4bedc1588e req-7a8875a7-068a-4bd5-9548-4a4bedc1588e ] Request (KeyPairsV22TestJSON:test_keypair_create_delete): 201 POST http://10.180.1.21/compute/v2.1/os-keypairs 4.970s
2025-11-28 15:19:19.033 65817 INFO tempest.lib.common.rest_client [req-92cf8af8-92bb-41e3-b059-721af1972bb2 req-92cf8af8-92bb-41e3-b059-721af1972bb2 ] Request (ServerDiskConfigTestJSON:setUpClass): 201 POST http://10.180.1.21/identity/v3/auth/tokens 0.122s
2025-11-28 15:19:19.173 65773 INFO tempest.lib.common.rest_client [req-c9873384-9cc2-4176-b226-2c73c263eef7 req-c9873384-9cc2-4176-b226-2c73c263eef7 ] Request (ServersTestManualDisk:setUpClass): 202 POST http://10.180.1.21/compute/v2.1/servers 5.348s
2025-11-28 15:19:19.220 65767 INFO tempest.lib.common.rest_client [req-1f055f18-8c1d-47a9-9cbb-3d2c26a645bc req-1f055f18-8c1d-47a9-9cbb-3d2c26a645bc ] Request (AttachInterfacesTestJSON:setUpClass): 201 POST http://10.180.1.21/networking/v2.0/routers 0.862s
2025-11-28 15:19:19.255 65775 INFO tempest.lib.common.rest_client [req-f4ac5957-71d1-4cc1-b050-52ac2ff119aa req-f4ac5957-71d1-4cc1-b050-52ac2ff119aa ] Request (SecurityGroupRulesTestJSON:test_security_group_rules_delete_when_peer_group_deleted): 200 GET http://10.180.1.21/compute/v2.1/os-security-groups/88dfa305-7184-413f-a623-9a81784cfbb1 4.925s
2025-11-28 15:19:19.292 65809 INFO tempest.lib.common.rest_client [req-cc774155-d3f4-43df-a1ba-ecb8d7df6f89 req-cc774155-d3f4-43df-a1ba-ecb8d7df6f89 ] Request (ServerDiagnosticsV248Test:test_get_server_diagnostics): 202 POST http://10.180.1.21/compute/v2.1/servers 5.141s
2025-11-28 15:19:19.421 65817 INFO tempest.lib.common.rest_client [req-61dc0a4a-3c83-40bc-8e3b-739ddaaf0c95 req-61dc0a4a-3c83-40bc-8e3b-739ddaaf0c95 ] Request (ServerDiskConfigTestJSON:setUpClass): 201 POST http://10.180.1.21/networking/v2.0/networks 0.388s
2025-11-28 15:19:19.447 65781 INFO tempest.lib.common.rest_client [req-9649054d-a0d4-42f7-9d48-c54689d2bb2e req-9649054d-a0d4-42f7-9d48-c54689d2bb2e ] Request (ServersAdminNegativeTestJSON:test_migrate_server_invalid_state): 200 GET http://10.180.1.21/compute/v2.1/servers/3fa4452f-0cb5-4322-9425-8fe2212029a6 4.827s
2025-11-28 15:19:19.482 65823 INFO tempest.lib.common.rest_client [req-fa67e913-e6ca-4575-b728-afc086c551af req-fa67e913-e6ca-4575-b728-afc086c551af ] Request (ServerExternalEventsTest:tearDownClass): 404 GET http://10.180.1.21/compute/v2.1/servers/d9021ead-daa2-4ad7-8269-324732d5177d 4.326s
2025-11-28 15:19:19.553 65788 WARNING tempest.lib.common.ssh [-] Failed to establish authenticated ssh connection to cirros@10.180.180.192 ([Errno None] Unable to connect to port 22 on 10.180.180.192). Number attempts: 1. Retry after 2 seconds.: paramiko.ssh_exception.NoValidConnectionsError: [Errno None] Unable to connect to port 22 on 10.180.180.192
2025-11-28 15:19:19.607 65823 INFO tempest.lib.common.rest_client [req-fcf26f3d-69e5-4193-891e-cd1b1ed62b23 req-fcf26f3d-69e5-4193-891e-cd1b1ed62b23 ] Request (ServerExternalEventsTest:tearDownClass): 204 DELETE http://10.180.1.21/identity/v3/users/bda377adc81b4648b6d9a61699c1b947 0.125s
2025-11-28 15:19:19.656 65817 INFO tempest.lib.common.rest_client [req-34bc3fa7-2b7a-4eab-a267-22c6e5ea9949 req-34bc3fa7-2b7a-4eab-a267-22c6e5ea9949 ] Request (ServerDiskConfigTestJSON:setUpClass): 201 POST http://10.180.1.21/networking/v2.0/subnets 0.234s
2025-11-28 15:19:19.733 65823 INFO tempest.lib.common.rest_client [req-3d88baf2-fdf4-4b00-aff2-86bd6860fabd req-3d88baf2-fdf4-4b00-aff2-86bd6860fabd ] Request (ServerExternalEventsTest:tearDownClass): 204 DELETE http://10.180.1.21/identity/v3/users/64b34118d1b84b64a3251dedf5af7801 0.125s
2025-11-28 15:19:19.736 65783 INFO tempest.lib.common.rest_client [req-d4808d98-de80-4f75-b17b-b8d343ee6e7b req-d4808d98-de80-4f75-b17b-b8d343ee6e7b ] Request (ServersNegativeTestJSON:setUpClass): 200 GET http://10.180.1.21/compute/v2.1/servers/224389f7-6503-4cd2-b5d7-787f79f14b19 3.945s
2025-11-28 15:19:19.771 65779 INFO tempest.lib.common.rest_client [req-ea430bdd-3a7d-4434-b7bb-47ff8ff8f57a req-ea430bdd-3a7d-4434-b7bb-47ff8ff8f57a ] Request (FlavorsV261TestJSON:test_crud_flavor): 200 GET http://10.180.1.21/compute/v2.1/flavors/detail 3.927s
2025-11-28 15:19:19.792 65819 INFO tempest.lib.common.rest_client [req-b534ea99-7a8b-4345-bf6a-e891dd8dfdd4 req-b534ea99-7a8b-4345-bf6a-e891dd8dfdd4 ] Request (ImagesNegativeTestJSON:test_create_image_from_deleted_server): 404 POST http://10.180.1.21/compute/v2.1/servers/ab68877d-a3e1-42bd-9c83-d2db13f5e079/action 3.909s
2025-11-28 15:19:19.876 65823 INFO tempest.lib.common.rest_client [req-0b7f5212-2449-4e04-86bb-bf0726ab4abc req-0b7f5212-2449-4e04-86bb-bf0726ab4abc ] Request (ServerExternalEventsTest:tearDownClass): 204 DELETE http://10.180.1.21/identity/v3/users/327b2daf43b140edaa18cfa685aa4e53 0.142s
2025-11-28 15:19:19.877 65823 INFO tempest.lib.common.dynamic_creds [-] Deleting project and security group for project: 3b1605f83430437390fdb91bd94b26a1
2025-11-28 15:19:19.963 65823 INFO tempest.lib.common.rest_client [req-73aca59b-2c4a-4cc3-a321-c38dc278450d req-73aca59b-2c4a-4cc3-a321-c38dc278450d ] Request (ServerExternalEventsTest:tearDownClass): 201 POST http://10.180.1.21/identity/v3/auth/tokens 0.086s
2025-11-28 15:19:20.066 65807 INFO tempest.lib.common.rest_client [req-740ec5d0-8133-4815-a0c6-4ab5d69dd18b req-740ec5d0-8133-4815-a0c6-4ab5d69dd18b ] Request (ImagesMetadataTestJSON:setUp): 200 PUT http://10.180.1.21/compute/v2.1/images/df4b831d-c1d0-4742-bbc9-28270417a32a/metadata 3.839s
2025-11-28 15:19:20.306 65767 INFO tempest.lib.common.rest_client [req-f70aa3bd-1680-4a06-bf2f-cc26c855c074 req-f70aa3bd-1680-4a06-bf2f-cc26c855c074 ] Request (AttachInterfacesTestJSON:setUpClass): 200 PUT http://10.180.1.21/networking/v2.0/routers/397ce413-dea2-4e50-a33e-336dfc9b0ac6/add_router_interface 1.086s
2025-11-28 15:19:20.307 65767 INFO tempest.lib.common.dynamic_creds [-] Created isolated network resources for: credentials: Credentials: {'domain_id': 'default', 'domain_name': 'Default', 'username': 'tempest-AttachInterfacesTestJSON-1863461622-project-member', 'project_domain_id': 'default', 'project_domain_name': 'Default', 'project_id': 'dfda5edf3563437fa2411887e3862c6a', 'project_name': 'tempest-AttachInterfacesTestJSON-1863461622', 'tenant_id': 'dfda5edf3563437fa2411887e3862c6a', 'tenant_name': 'tempest-AttachInterfacesTestJSON-1863461622', 'user_domain_id': 'default', 'user_domain_name': 'Default', 'user_id': 'b7086a315caf49dfacda0ae74dd81a34', 'system': None}, Network: {'id': '8c4462f1-bed7-41e1-aa12-7da725c1ff39', 'name': 'tempest-AttachInterfacesTestJSON-125606403-network', 'tenant_id': 'dfda5edf3563437fa2411887e3862c6a', 'project_id': 'dfda5edf3563437fa2411887e3862c6a', 'admin_state_up': True, 'mtu': 8950, 'status': 'ACTIVE', 'subnets': [], 'shared': False, 'port_security_enabled': True, 'router:external': False, 'provider:network_type': 'vlan', 'provider:physical_network': 'default', 'provider:segmentation_id': 775, 'availability_zone_hints': [], 'availability_zones': [], 'ipv4_address_scope': None, 'ipv6_address_scope': None, 'description': '', 'tags': [], 'created_at': '2025-11-28T15:19:17Z', 'updated_at': '2025-11-28T15:19:17Z', 'revision_number': 1}, Subnet: {'id': 'aaa15b4f-2693-486e-bf64-2551e5a49348', 'name': 'tempest-AttachInterfacesTestJSON-125606403-subnet', 'tenant_id': 'dfda5edf3563437fa2411887e3862c6a', 'network_id': '8c4462f1-bed7-41e1-aa12-7da725c1ff39', 'ip_version': 4, 'subnetpool_id': None, 'enable_dhcp': True, 'ipv6_ra_mode': None, 'ipv6_address_mode': None, 'gateway_ip': '192.168.128.1', 'cidr': '192.168.128.0/28', 'allocation_pools': [{'start': '192.168.128.2', 'end': '192.168.128.14'}], 'host_routes': [], 'dns_nameservers': [], 'description': '', 'router:external': False, 'service_types': [], 'tags': [], 'created_at': '2025-11-28T15:19:18Z', 'updated_at': '2025-11-28T15:19:18Z', 'revision_number': 0, 'project_id': 'dfda5edf3563437fa2411887e3862c6a'}, Router: {'id': '397ce413-dea2-4e50-a33e-336dfc9b0ac6', 'name': 'tempest-AttachInterfacesTestJSON-125606403-router', 'tenant_id': 'dfda5edf3563437fa2411887e3862c6a', 'admin_state_up': True, 'status': 'ACTIVE', 'external_gateway_info': {'network_id': '3192c6f9-52e2-47a2-958f-b85cfb86149c', 'external_fixed_ips': [{'subnet_id': 'c70195db-719b-4785-a24f-4488fc7c65eb', 'ip_address': '10.180.180.212'}], 'enable_snat': True}, 'description': '', 'availability_zones': [], 'distributed': False, 'ha': False, 'availability_zone_hints': [], 'routes': [], 'flavor_id': None, 'tags': [], 'created_at': '2025-11-28T15:19:18Z', 'updated_at': '2025-11-28T15:19:18Z', 'revision_number': 2, 'project_id': 'dfda5edf3563437fa2411887e3862c6a'}
2025-11-28 15:19:20.394 65767 INFO tempest.lib.common.rest_client [req-a77f6c60-a3ec-42f0-8a45-1c990e03a39d req-a77f6c60-a3ec-42f0-8a45-1c990e03a39d ] Request (AttachInterfacesTestJSON:setUpClass): 201 POST http://10.180.1.21/identity/v3/auth/tokens 0.084s
2025-11-28 15:19:20.490 65823 INFO tempest.lib.common.rest_client [req-ea17357e-6b1f-455a-bafb-9bae94481f96 req-ea17357e-6b1f-455a-bafb-9bae94481f96 ] Request (ServerExternalEventsTest:tearDownClass): 200 GET http://10.180.1.21/networking/v2.0/security-groups?tenant_id=3b1605f83430437390fdb91bd94b26a1&name=default 0.527s
2025-11-28 15:19:20.551 65825 INFO tempest.lib.common.rest_client [req-7562c77c-cf4b-48e2-9998-594c36f7d03d req-7562c77c-cf4b-48e2-9998-594c36f7d03d ] Request (ServersTestFqdnHostnames:test_create_server_with_fqdn_name): 200 GET http://10.180.1.21/compute/v2.1/servers/eda5d223-ad16-4ad6-b41f-1e6c400956a1/os-interface 3.855s
2025-11-28 15:19:20.556 65817 INFO tempest.lib.common.rest_client [req-cd4b5131-92bd-4337-91ee-a9390650252f req-cd4b5131-92bd-4337-91ee-a9390650252f ] Request (ServerDiskConfigTestJSON:setUpClass): 201 POST http://10.180.1.21/networking/v2.0/routers 0.900s
2025-11-28 15:19:20.654 65811 INFO tempest.lib.common.rest_client [req-2f08a57d-cf74-4ab4-816b-4da177e67b98 req-2f08a57d-cf74-4ab4-816b-4da177e67b98 ] Request (DeleteServersAdminTestJSON:test_delete_server_while_in_error_state): 202 POST http://10.180.1.21/compute/v2.1/servers 5.954s
2025-11-28 15:19:20.660 65823 INFO tempest.lib.common.rest_client [req-c9522e8d-05e8-42de-9079-3ac68d4609a9 req-c9522e8d-05e8-42de-9079-3ac68d4609a9 ] Request (ServerExternalEventsTest:tearDownClass): 204 DELETE http://10.180.1.21/networking/v2.0/security-groups/646a50a0-eb1f-48fc-b3f1-8ca45150b1cf 0.169s
2025-11-28 15:19:20.725 65815 INFO tempest.lib.common.rest_client [req-c0fe0227-60a4-4762-82b7-9f177f4f45be req-c0fe0227-60a4-4762-82b7-9f177f4f45be ] Request (ServerActionsTestJSON:setUpClass): 200 POST http://10.180.1.21/compute/v2.1/os-keypairs 3.817s
2025-11-28 15:19:20.755 65799 INFO tempest.lib.common.rest_client [req-2172eab9-560b-4651-8bcb-55116f39360a req-2172eab9-560b-4651-8bcb-55116f39360a ] Request (FlavorsAdminTestJSON:_run_cleanups): 200 GET http://10.180.1.21/compute/v2.1/flavors/detail 3.568s
2025-11-28 15:19:20.786 65823 INFO tempest.lib.common.rest_client [req-631def0f-a06e-44f1-87fa-6f56d7de16b7 req-631def0f-a06e-44f1-87fa-6f56d7de16b7 ] Request (ServerExternalEventsTest:tearDownClass): 204 DELETE http://10.180.1.21/identity/v3/projects/3b1605f83430437390fdb91bd94b26a1 0.125s
2025-11-28 15:19:20.786 65823 INFO tempest.lib.common.dynamic_creds [-] Deleting project and security group for project: 13d6fec27c84465ca91fc9dbe4d6f34e
2025-11-28 15:19:21.346 65825 INFO tempest.lib.common.rest_client [req-c3cfb7aa-e691-44f3-9eb0-475a94033120 req-c3cfb7aa-e691-44f3-9eb0-475a94033120 ] Request (ServersTestFqdnHostnames:test_create_server_with_fqdn_name): 200 PUT http://10.180.1.21/networking/v2.0/floatingips/121820c9-3b98-4f7c-ab01-f4f3a1c4e318 0.792s
2025-11-28 15:19:21.348 65825 INFO tempest.lib.common.ssh [-] Creating ssh connection to '10.180.180.250:22' as 'cirros' with public key authentication
2025-11-28 15:19:21.531 65815 INFO tempest.lib.common.rest_client [req-540d7873-b188-450a-b454-d10d4e8a58b3 req-540d7873-b188-450a-b454-d10d4e8a58b3 ] Request (ServerActionsTestJSON:setUpClass): 201 POST http://10.180.1.21/networking/v2.0/security-groups 0.803s
2025-11-28 15:19:21.616 65823 INFO tempest.lib.common.rest_client [req-834730ef-b5dd-446e-9f3a-aed80f2b5644 req-834730ef-b5dd-446e-9f3a-aed80f2b5644 ] Request (ServerExternalEventsTest:tearDownClass): 200 GET http://10.180.1.21/networking/v2.0/security-groups?tenant_id=13d6fec27c84465ca91fc9dbe4d6f34e&name=default 0.829s
2025-11-28 15:19:21.640 65817 INFO tempest.lib.common.rest_client [req-f28f629d-8e5f-4dc6-a7bc-ad0ff079cfd3 req-f28f629d-8e5f-4dc6-a7bc-ad0ff079cfd3 ] Request (ServerDiskConfigTestJSON:setUpClass): 200 PUT http://10.180.1.21/networking/v2.0/routers/5cc38f88-61d3-41c1-ac3f-1b682d75f874/add_router_interface 1.083s
2025-11-28 15:19:21.640 65817 INFO tempest.lib.common.dynamic_creds [-] Created isolated network resources for: credentials: Credentials: {'domain_id': 'default', 'domain_name': 'Default', 'username': 'tempest-ServerDiskConfigTestJSON-85098692-project-member', 'project_domain_id': 'default', 'project_domain_name': 'Default', 'project_id': '864972f0672f41979349937acce5487c', 'project_name': 'tempest-ServerDiskConfigTestJSON-85098692', 'tenant_id': '864972f0672f41979349937acce5487c', 'tenant_name': 'tempest-ServerDiskConfigTestJSON-85098692', 'user_domain_id': 'default', 'user_domain_name': 'Default', 'user_id': '5fe1dbe3eaee42cb93c5a77d70d4d479', 'system': None}, Network: {'id': '7fa6ea47-f719-44f1-9d42-ba2e500999eb', 'name': 'tempest-ServerDiskConfigTestJSON-1119147644-network', 'tenant_id': '864972f0672f41979349937acce5487c', 'project_id': '864972f0672f41979349937acce5487c', 'admin_state_up': True, 'mtu': 8950, 'status': 'ACTIVE', 'subnets': [], 'shared': False, 'port_security_enabled': True, 'router:external': False, 'provider:network_type': 'vlan', 'provider:physical_network': 'default', 'provider:segmentation_id': 18, 'availability_zone_hints': [], 'availability_zones': [], 'ipv4_address_scope': None, 'ipv6_address_scope': None, 'description': '', 'tags': [], 'created_at': '2025-11-28T15:19:19Z', 'updated_at': '2025-11-28T15:19:19Z', 'revision_number': 1}, Subnet: {'id': 'fb6f1e33-5997-48e7-bcda-984916cd6fdb', 'name': 'tempest-ServerDiskConfigTestJSON-1119147644-subnet', 'tenant_id': '864972f0672f41979349937acce5487c', 'network_id': '7fa6ea47-f719-44f1-9d42-ba2e500999eb', 'ip_version': 4, 'subnetpool_id': None, 'enable_dhcp': True, 'ipv6_ra_mode': None, 'ipv6_address_mode': None, 'gateway_ip': '192.168.128.1', 'cidr': '192.168.128.0/28', 'allocation_pools': [{'start': '192.168.128.2', 'end': '192.168.128.14'}], 'host_routes': [], 'dns_nameservers': [], 'description': '', 'router:external': False, 'service_types': [], 'tags': [], 'created_at': '2025-11-28T15:19:19Z', 'updated_at': '2025-11-28T15:19:19Z', 'revision_number': 0, 'project_id': '864972f0672f41979349937acce5487c'}, Router: {'id': '5cc38f88-61d3-41c1-ac3f-1b682d75f874', 'name': 'tempest-ServerDiskConfigTestJSON-1119147644-router', 'tenant_id': '864972f0672f41979349937acce5487c', 'admin_state_up': True, 'status': 'ACTIVE', 'external_gateway_info': {'network_id': '3192c6f9-52e2-47a2-958f-b85cfb86149c', 'external_fixed_ips': [{'subnet_id': 'c70195db-719b-4785-a24f-4488fc7c65eb', 'ip_address': '10.180.180.178'}], 'enable_snat': True}, 'description': '', 'availability_zones': [], 'distributed': False, 'ha': False, 'availability_zone_hints': [], 'routes': [], 'flavor_id': None, 'tags': [], 'created_at': '2025-11-28T15:19:19Z', 'updated_at': '2025-11-28T15:19:20Z', 'revision_number': 2, 'project_id': '864972f0672f41979349937acce5487c'}
2025-11-28 15:19:21.742 65817 INFO tempest.lib.common.rest_client [req-b08fe8e7-bf78-4119-be18-b9b7d6ea5008 req-b08fe8e7-bf78-4119-be18-b9b7d6ea5008 ] Request (ServerDiskConfigTestJSON:setUpClass): 201 POST http://10.180.1.21/identity/v3/auth/tokens 0.098s
2025-11-28 15:19:21.778 65817 INFO tempest.lib.common.rest_client [req-b64498a3-8991-4d5c-9041-adab7634af3f req-b64498a3-8991-4d5c-9041-adab7634af3f ] Request (ServerDiskConfigTestJSON:test_rebuild_server_with_auto_disk_config): 201 POST http://10.180.1.21/identity/v3/auth/tokens 0.031s
2025-11-28 15:19:21.778 65817 INFO tempest.lib.common.fixed_network [-] (ServerDiskConfigTestJSON:test_rebuild_server_with_auto_disk_config) Found network {'id': '7fa6ea47-f719-44f1-9d42-ba2e500999eb', 'name': 'tempest-ServerDiskConfigTestJSON-1119147644-network', 'tenant_id': '864972f0672f41979349937acce5487c', 'project_id': '864972f0672f41979349937acce5487c', 'admin_state_up': True, 'mtu': 8950, 'status': 'ACTIVE', 'subnets': [], 'shared': False, 'port_security_enabled': True, 'router:external': False, 'provider:network_type': 'vlan', 'provider:physical_network': 'default', 'provider:segmentation_id': 18, 'availability_zone_hints': [], 'availability_zones': [], 'ipv4_address_scope': None, 'ipv6_address_scope': None, 'description': '', 'tags': [], 'created_at': '2025-11-28T15:19:19Z', 'updated_at': '2025-11-28T15:19:19Z', 'revision_number': 1} available for tenant
2025-11-28 15:19:21.824 65823 INFO tempest.lib.common.rest_client [req-eb53eaf5-fbac-4159-89bb-61cc88e21a9a req-eb53eaf5-fbac-4159-89bb-61cc88e21a9a ] Request (ServerExternalEventsTest:tearDownClass): 204 DELETE http://10.180.1.21/networking/v2.0/security-groups/8a1796fe-f7e3-431d-bd96-ff83bf4ed012 0.207s
2025-11-28 15:19:21.833 65815 INFO tempest.lib.common.rest_client [req-27da7481-bd33-4916-9b56-e349bf71641a req-27da7481-bd33-4916-9b56-e349bf71641a ] Request (ServerActionsTestJSON:setUpClass): 201 POST http://10.180.1.21/networking/v2.0/security-group-rules 0.302s
2025-11-28 15:19:21.890 65805 INFO tempest.lib.common.rest_client [req-8dddec1a-e11f-4b87-a244-563afd8f7219 req-8dddec1a-e11f-4b87-a244-563afd8f7219 ] Request (MigrationsAdminTest:test_list_migrations_in_flavor_resize_situation): 200 GET http://10.180.1.21/compute/v2.1/servers/a890a5bd-45f9-4e74-aa3b-b3718fba9bbf 4.701s
2025-11-28 15:19:21.900 65805 INFO tempest.common.waiters [-] State transition "RESIZE/resize_migrating" ==> "RESIZE/resize_migrated" after 16 second wait
2025-11-28 15:19:21.917 65789 INFO tempest.lib.common.rest_client [req-14eaf6af-e540-4973-bd42-a448d82a5d93 req-14eaf6af-e540-4973-bd42-a448d82a5d93 ] Request (SecurityGroupsTestAdminJSON:test_list_security_groups_list_all_tenants_filter): 200 GET http://10.180.1.21/compute/v2.1/os-security-groups?all_tenants=true 4.741s
2025-11-28 15:19:21.941 65797 INFO tempest.lib.common.rest_client [req-bfcf1861-691b-405a-afab-ee709fc0cdda req-bfcf1861-691b-405a-afab-ee709fc0cdda ] Request (AggregatesAdminNegativeTestJSON:test_aggregate_create_with_existent_aggregate_name): 200 POST http://10.180.1.21/compute/v2.1/os-aggregates 4.704s
2025-11-28 15:19:21.962 65823 INFO tempest.lib.common.rest_client [req-12a991e5-a89c-46ae-8737-9c01e39902b8 req-12a991e5-a89c-46ae-8737-9c01e39902b8 ] Request (ServerExternalEventsTest:tearDownClass): 204 DELETE http://10.180.1.21/identity/v3/projects/13d6fec27c84465ca91fc9dbe4d6f34e 0.138s
2025-11-28 15:19:21.962 65823 INFO tempest.lib.common.dynamic_creds [-] Deleting project and security group for project: 097b51099f454715a24ff8a4ea4e3412
2025-11-28 15:19:22.011 65815 INFO tempest.lib.common.rest_client [req-f2d03ea4-49c1-4ee3-9c88-93239bded62d req-f2d03ea4-49c1-4ee3-9c88-93239bded62d ] Request (ServerActionsTestJSON:setUpClass): 201 POST http://10.180.1.21/networking/v2.0/security-group-rules 0.176s
2025-11-28 15:19:22.088 65769 INFO tempest.lib.common.rest_client [req-4a336e7f-8a41-4bfb-a2a7-8edf398226a5 req-4a336e7f-8a41-4bfb-a2a7-8edf398226a5 ] Request (AttachInterfacesUnderV243Test:test_add_remove_fixed_ip): 200 GET http://10.180.1.21/compute/v2.1/servers/ddd40e5d-993b-445b-932d-74d8208f25f4 4.858s
2025-11-28 15:19:22.153 65813 INFO tempest.lib.common.rest_client [req-8ec30a26-65bb-49ba-9439-1172506807ab req-8ec30a26-65bb-49ba-9439-1172506807ab ] Request (ServerGroupTestJSON:test_create_delete_server_group_with_affinity_policy): 200 POST http://10.180.1.21/compute/v2.1/os-server-groups 4.494s
2025-11-28 15:19:22.168 65793 INFO tempest.lib.common.rest_client [req-82ec5542-e23d-41a9-8844-d281398768f5 req-82ec5542-e23d-41a9-8844-d281398768f5 ] Request (HypervisorAdminTestJSON:test_get_hypervisor_stats): 200 GET http://10.180.1.21/compute/v2.1/os-hypervisors/statistics 4.484s
2025-11-28 15:19:22.244 65823 INFO tempest.lib.common.rest_client [req-58d413dc-ca8c-4f82-bc77-e1edd7d87e90 req-58d413dc-ca8c-4f82-bc77-e1edd7d87e90 ] Request (ServerExternalEventsTest:tearDownClass): 200 GET http://10.180.1.21/networking/v2.0/security-groups?tenant_id=097b51099f454715a24ff8a4ea4e3412&name=default 0.281s
2025-11-28 15:19:22.313 65793 INFO tempest.lib.common.rest_client [req-3b18e3d0-cd51-4b49-a642-869d5cfb9160 req-3b18e3d0-cd51-4b49-a642-869d5cfb9160 ] Request (HypervisorAdminTestJSON:tearDownClass): 204 DELETE http://10.180.1.21/identity/v3/users/e2fcd91b8af648908d82a92de2c63ae3 0.141s
2025-11-28 15:19:22.410 65791 INFO tempest.lib.common.rest_client [req-2b9925dd-ca74-4823-ad24-3a5fffa02d68 req-2b9925dd-ca74-4823-ad24-3a5fffa02d68 ] Request (FlavorsAccessNegativeTestJSON:test_flavor_non_admin_remove): 200 POST http://10.180.1.21/compute/v2.1/flavors/1281126428/action 4.713s
2025-11-28 15:19:22.437 65801 INFO tempest.lib.common.rest_client [req-36249fba-46f7-4b1b-8293-8af29633d630 req-36249fba-46f7-4b1b-8293-8af29633d630 ] Request (FlavorsV255TestJSON:test_crud_flavor): 200 GET http://10.180.1.21/compute/v2.1/flavors/detail 4.714s
2025-11-28 15:19:22.449 65793 INFO tempest.lib.common.rest_client [req-1e2a2b38-5a56-49be-991a-4a10d0d57b65 req-1e2a2b38-5a56-49be-991a-4a10d0d57b65 ] Request (HypervisorAdminTestJSON:tearDownClass): 204 DELETE http://10.180.1.21/identity/v3/users/ae218b22d7c74174b05ac2081c504e87 0.135s
2025-11-28 15:19:22.449 65793 INFO tempest.lib.common.dynamic_creds [-] Deleting project and security group for project: 682fdda006324137a3b32057b4e873a7
2025-11-28 15:19:22.492 65777 INFO tempest.lib.common.rest_client [req-cb5e2c8b-5dd4-47d7-b991-f5a87cc2cd7c req-cb5e2c8b-5dd4-47d7-b991-f5a87cc2cd7c ] Request (TenantUsagesTestJSON:test_list_usage_all_tenants): 200 GET http://10.180.1.21/compute/v2.1/os-simple-tenant-usage?start=2025-11-27T15%3A19%3A11.346750&end=2025-11-29T15%3A19%3A11.346750&detailed=1 4.741s
2025-11-28 15:19:22.512 65793 INFO tempest.lib.common.rest_client [req-f5d511b7-9e0e-49a9-8382-c7604a83cf43 req-f5d511b7-9e0e-49a9-8382-c7604a83cf43 ] Request (HypervisorAdminTestJSON:tearDownClass): 201 POST http://10.180.1.21/identity/v3/auth/tokens 0.063s
2025-11-28 15:19:22.541 65823 INFO tempest.lib.common.rest_client [req-da142564-ad79-4a9e-9713-bdf6b7ca196d req-da142564-ad79-4a9e-9713-bdf6b7ca196d ] Request (ServerExternalEventsTest:tearDownClass): 204 DELETE http://10.180.1.21/networking/v2.0/security-groups/996094da-7590-4ede-a56c-c72550b80201 0.295s
2025-11-28 15:19:22.616 65823 INFO tempest.lib.common.rest_client [req-17cfc3d8-165e-4b2b-8cb1-7cbee14b6227 req-17cfc3d8-165e-4b2b-8cb1-7cbee14b6227 ] Request (ServerExternalEventsTest:tearDownClass): 204 DELETE http://10.180.1.21/identity/v3/projects/097b51099f454715a24ff8a4ea4e3412 0.074s
2025-11-28 15:19:22.621 65788 WARNING tempest.lib.common.ssh [-] Failed to establish authenticated ssh connection to cirros@10.180.180.192 ([Errno None] Unable to connect to port 22 on 10.180.180.192). Number attempts: 2. Retry after 3 seconds.: paramiko.ssh_exception.NoValidConnectionsError: [Errno None] Unable to connect to port 22 on 10.180.180.192
2025-11-28 15:19:22.656 65765 INFO tempest.lib.common.rest_client [req-7a74ce12-4071-4a57-921b-8afe00e9dcfe req-7a74ce12-4071-4a57-921b-8afe00e9dcfe ] Request (QuotasAdminTestJSON:test_get_default_quotas): 200 GET http://10.180.1.21/compute/v2.1/os-quota-sets/8eb9ceae415543b48a97c9ec3b1cfd38/defaults 4.610s
2025-11-28 15:19:22.693 65823 INFO tempest.lib.common.rest_client [req-48dff114-25f0-42e3-9966-0732dc001a53 req-48dff114-25f0-42e3-9966-0732dc001a53 ] Request (DeleteServersTestJSON:setUpClass): 201 POST http://10.180.1.21/identity/v3/auth/tokens 0.072s
2025-11-28 15:19:22.701 65765 INFO tempest.lib.common.rest_client [req-3f98d52c-7927-40d2-8e91-029bfa0040f4 req-3f98d52c-7927-40d2-8e91-029bfa0040f4 ] Request (QuotasAdminTestJSON:test_get_updated_quotas): 200 GET http://10.180.1.21/identity/v3/domains?name=Default 0.041s
2025-11-28 15:19:22.728 65815 INFO tempest.lib.common.rest_client [req-34a80314-3ab5-45c0-bdd1-407aae45161f req-34a80314-3ab5-45c0-bdd1-407aae45161f ] Request (ServerActionsTestJSON:setUpClass): 201 POST http://10.180.1.21/networking/v2.0/floatingips 0.716s
2025-11-28 15:19:22.729 65823 INFO tempest.lib.common.rest_client [req-8fb7d5a8-f9b2-43b4-9599-6282b8c99374 req-8fb7d5a8-f9b2-43b4-9599-6282b8c99374 ] Request (DeleteServersTestJSON:setUpClass): 201 POST http://10.180.1.21/identity/v3/auth/tokens 0.031s
2025-11-28 15:19:22.755 65765 INFO tempest.lib.common.rest_client [req-e27fb576-6153-4f2f-84ff-c9b4b790992d req-e27fb576-6153-4f2f-84ff-c9b4b790992d ] Request (QuotasAdminTestJSON:test_get_updated_quotas): 201 POST http://10.180.1.21/identity/v3/projects 0.052s
2025-11-28 15:19:22.768 65823 INFO tempest.lib.common.rest_client [req-9c4deb01-9ecb-4976-ba0a-ef68bbfac05d req-9c4deb01-9ecb-4976-ba0a-ef68bbfac05d ] Request (DeleteServersTestJSON:setUpClass): 200 GET http://10.180.1.21/identity/v3/domains?name=Default 0.038s
2025-11-28 15:19:22.783 65821 INFO tempest.lib.common.rest_client [req-b0f3b0e9-1d4a-4de6-9240-279d819fe75b req-b0f3b0e9-1d4a-4de6-9240-279d819fe75b ] Request (ServerRescueNegativeTestJSON:setUpClass): 200 POST http://10.180.1.21/compute/v2.1/servers/c5c6c9b8-53e1-4f45-9063-aa8eff705bcd/action 4.106s
2025-11-28 15:19:22.795 65785 INFO tempest.lib.common.rest_client [req-54ac1793-81fb-4dec-8bac-d9666b0b13aa req-54ac1793-81fb-4dec-8bac-d9666b0b13aa ] Request (FloatingIPDetailsTestJSON:test_list_floating_ips): 200 GET http://10.180.1.21/compute/v2.1/os-floating-ips 5.156s
2025-11-28 15:19:22.822 65763 INFO tempest.lib.common.rest_client [req-57a6af0a-2535-49a2-8503-d6f887062bd6 req-57a6af0a-2535-49a2-8503-d6f887062bd6 ] Request (KeyPairsV22TestJSON:_run_cleanups): 204 DELETE http://10.180.1.21/compute/v2.1/os-keypairs/tempest-keypair-1446129695 3.823s
2025-11-28 15:19:22.826 65765 INFO tempest.lib.common.rest_client [req-e0474ac0-ee86-4ea2-9abf-4d3c6d0d7939 req-e0474ac0-ee86-4ea2-9abf-4d3c6d0d7939 ] Request (QuotasAdminTestJSON:test_get_updated_quotas): 200 GET http://10.180.1.21/identity/v3/domains?name=Default 0.071s
2025-11-28 15:19:22.840 65815 INFO tempest.lib.common.rest_client [req-9f8121a0-714b-44bf-a3c5-c56bf32561ff req-9f8121a0-714b-44bf-a3c5-c56bf32561ff ] Request (ServerActionsTestJSON:setUpClass): 201 POST http://10.180.1.21/identity/v3/auth/tokens 0.108s
2025-11-28 15:19:22.841 65815 INFO tempest.lib.common.fixed_network [-] (ServerActionsTestJSON:setUpClass) Found network {'id': 'b82761e9-2510-40c6-b8e9-b1ce5d65a8a1', 'name': 'tempest-ServerActionsTestJSON-1311590575-network', 'tenant_id': 'c958e44dcba541a59b6f5552923d2004', 'project_id': 'c958e44dcba541a59b6f5552923d2004', 'admin_state_up': True, 'mtu': 8950, 'status': 'ACTIVE', 'subnets': [], 'shared': False, 'port_security_enabled': True, 'router:external': False, 'provider:network_type': 'vlan', 'provider:physical_network': 'default', 'provider:segmentation_id': 163, 'availability_zone_hints': [], 'availability_zones': [], 'ipv4_address_scope': None, 'ipv6_address_scope': None, 'description': '', 'tags': [], 'created_at': '2025-11-28T15:19:14Z', 'updated_at': '2025-11-28T15:19:14Z', 'revision_number': 1} available for tenant
2025-11-28 15:19:22.927 65823 INFO tempest.lib.common.rest_client [req-d0877995-bb99-42ae-8562-2130362c8c92 req-d0877995-bb99-42ae-8562-2130362c8c92 ] Request (DeleteServersTestJSON:setUpClass): 201 POST http://10.180.1.21/identity/v3/projects 0.158s
2025-11-28 15:19:22.994 65823 INFO tempest.lib.common.rest_client [req-5a3f374c-a347-4d68-a8e7-c86389160810 req-5a3f374c-a347-4d68-a8e7-c86389160810 ] Request (DeleteServersTestJSON:setUpClass): 201 POST http://10.180.1.21/identity/v3/users 0.067s
2025-11-28 15:19:23.023 65823 INFO tempest.lib.common.rest_client [req-a2c8a5de-1a2e-43d6-a521-b8b3451d6fa4 req-a2c8a5de-1a2e-43d6-a521-b8b3451d6fa4 ] Request (DeleteServersTestJSON:setUpClass): 200 GET http://10.180.1.21/identity/v3/roles 0.028s
2025-11-28 15:19:23.056 65823 INFO tempest.lib.common.rest_client [req-3c3facc2-4a19-47f9-8c4a-d02253067ced req-3c3facc2-4a19-47f9-8c4a-d02253067ced ] Request (DeleteServersTestJSON:setUpClass): 204 PUT http://10.180.1.21/identity/v3/projects/ab05cfd4659f47b1a080c8ca2e56da0c/users/fdc8c008d6a54feb85e8919d8d8dd32c/roles/0bc4bc43f5384a6887704a9da540f079 0.032s
2025-11-28 15:19:23.056 65823 INFO tempest.lib.common.dynamic_creds [-] Dynamic test user fdc8c008d6a54feb85e8919d8d8dd32c is created with scope project and roles: ['member']
2025-11-28 15:19:23.057 65823 INFO tempest.lib.common.dynamic_creds [-] Acquired dynamic creds: credentials: Credentials: {'domain_id': 'default', 'domain_name': 'Default', 'username': 'tempest-DeleteServersTestJSON-285716021-project-member', 'project_domain_id': 'default', 'project_domain_name': 'Default', 'project_id': 'ab05cfd4659f47b1a080c8ca2e56da0c', 'project_name': 'tempest-DeleteServersTestJSON-285716021', 'tenant_id': 'ab05cfd4659f47b1a080c8ca2e56da0c', 'tenant_name': 'tempest-DeleteServersTestJSON-285716021', 'user_domain_id': 'default', 'user_domain_name': 'Default', 'user_id': 'fdc8c008d6a54feb85e8919d8d8dd32c', 'system': None}, Network: None, Subnet: None, Router: None
2025-11-28 15:19:23.060 65793 INFO tempest.lib.common.rest_client [req-1b3547fc-5031-40d7-b10e-f35bf4003664 req-1b3547fc-5031-40d7-b10e-f35bf4003664 ] Request (HypervisorAdminTestJSON:tearDownClass): 200 GET http://10.180.1.21/networking/v2.0/security-groups?tenant_id=682fdda006324137a3b32057b4e873a7&name=default 0.548s
2025-11-28 15:19:23.128 65823 INFO tempest.lib.common.rest_client [req-a9b35d02-e894-484d-b47b-f2fe7b9c9dab req-a9b35d02-e894-484d-b47b-f2fe7b9c9dab ] Request (DeleteServersTestJSON:setUpClass): 201 POST http://10.180.1.21/identity/v3/auth/tokens 0.071s
2025-11-28 15:19:23.157 65773 INFO tempest.lib.common.rest_client [req-b5f884b3-9f2b-4f62-b0d0-69578010b52c req-b5f884b3-9f2b-4f62-b0d0-69578010b52c ] Request (ServersTestManualDisk:setUpClass): 200 GET http://10.180.1.21/compute/v2.1/servers/056a3f95-0a57-49f8-bbbc-da4c292e96f1 3.979s
2025-11-28 15:19:23.632 65793 INFO tempest.lib.common.rest_client [req-7c933aeb-acec-4ddb-a039-065b4bcfb56e req-7c933aeb-acec-4ddb-a039-065b4bcfb56e ] Request (HypervisorAdminTestJSON:tearDownClass): 204 DELETE http://10.180.1.21/networking/v2.0/security-groups/c451304d-b082-4748-8511-7f984a8658d3 0.571s
2025-11-28 15:19:23.712 65793 INFO tempest.lib.common.rest_client [req-92ada79b-8f3b-4cc6-9d9d-601ddd2a5f31 req-92ada79b-8f3b-4cc6-9d9d-601ddd2a5f31 ] Request (HypervisorAdminTestJSON:tearDownClass): 204 DELETE http://10.180.1.21/identity/v3/projects/682fdda006324137a3b32057b4e873a7 0.080s
2025-11-28 15:19:23.712 65793 INFO tempest.lib.common.dynamic_creds [-] Deleting project and security group for project: 8c608177c5ab4c2393adf204bcf74cd9
2025-11-28 15:19:24.246 65775 INFO tempest.lib.common.rest_client [req-f3d650d7-8dd1-49a1-87a4-3217a9ef50d5 req-f3d650d7-8dd1-49a1-87a4-3217a9ef50d5 ] Request (SecurityGroupRulesTestJSON:test_security_group_rules_list): 200 POST http://10.180.1.21/compute/v2.1/os-security-groups 4.985s
2025-11-28 15:19:24.340 65793 INFO tempest.lib.common.rest_client [req-1d098b28-5d70-4177-b5a8-5562eff105f7 req-1d098b28-5d70-4177-b5a8-5562eff105f7 ] Request (HypervisorAdminTestJSON:tearDownClass): 200 GET http://10.180.1.21/networking/v2.0/security-groups?tenant_id=8c608177c5ab4c2393adf204bcf74cd9&name=default 0.627s
2025-11-28 15:19:24.399 65823 INFO tempest.lib.common.rest_client [req-14e9638c-b7b5-428c-b132-666d9af7c9b5 req-14e9638c-b7b5-428c-b132-666d9af7c9b5 ] Request (DeleteServersTestJSON:setUpClass): 201 POST http://10.180.1.21/networking/v2.0/networks 1.270s
2025-11-28 15:19:24.458 65809 INFO tempest.lib.common.rest_client [req-eddf10e4-f7b8-4023-a60f-29bfdd98d223 req-eddf10e4-f7b8-4023-a60f-29bfdd98d223 ] Request (ServerDiagnosticsV248Test:test_get_server_diagnostics): 200 GET http://10.180.1.21/compute/v2.1/servers/86240fa8-9090-4fe5-83f0-05019f8c044e 5.161s
2025-11-28 15:19:24.539 65793 INFO tempest.lib.common.rest_client [req-7d9d561f-d1a7-47f7-a620-651c9353a9db req-7d9d561f-d1a7-47f7-a620-651c9353a9db ] Request (HypervisorAdminTestJSON:tearDownClass): 204 DELETE http://10.180.1.21/networking/v2.0/security-groups/9714b464-ca9d-4e5a-8eca-a2d62105e43c 0.199s
