2025-11-28 15:20:06.333 65788 INFO tempest.lib.common.rest_client [req-80c010dd-b554-4993-8c00-b5020b15f52f req-80c010dd-b554-4993-8c00-b5020b15f52f ] Request (VolumesAssistedSnapshotsTest:test_volume_assisted_snapshot_create_delete): 200 GET http://10.180.1.21/volume/v3/volumes/d6013dcc-9f65-448b-bf8a-ffe6d53e0f18 0.039s
2025-11-28 15:20:07.021 65779 INFO tempest.lib.common.rest_client [req-92d44981-a165-4a5e-b599-106df32fa772 req-92d44981-a165-4a5e-b599-106df32fa772 ] Request (VolumesAdminNegativeTest:setUpClass): 200 PUT http://10.180.1.21/networking/v2.0/routers/fbf632e2-0115-4081-955e-3ff0d1c366ab/add_router_interface 1.140s
2025-11-28 15:20:07.022 65779 INFO tempest.lib.common.dynamic_creds [-] Created isolated network resources for: credentials: Credentials: {'domain_id': 'default', 'domain_name': 'Default', 'username': 'tempest-VolumesAdminNegativeTest-1718231060-project-member', 'project_domain_id': 'default', 'project_domain_name': 'Default', 'project_id': '339b69a00877400c85aed3b89edf4ae2', 'project_name': 'tempest-VolumesAdminNegativeTest-1718231060', 'tenant_id': '339b69a00877400c85aed3b89edf4ae2', 'tenant_name': 'tempest-VolumesAdminNegativeTest-1718231060', 'user_domain_id': 'default', 'user_domain_name': 'Default', 'user_id': 'd47064e505be4c0d9a389031597c6467', 'system': None}, Network: {'id': 'fac6654c-61ce-46f6-bfcb-38741dace837', 'name': 'tempest-VolumesAdminNegativeTest-1025600039-network', 'tenant_id': '339b69a00877400c85aed3b89edf4ae2', 'project_id': '339b69a00877400c85aed3b89edf4ae2', 'admin_state_up': True, 'mtu': 8950, 'status': 'ACTIVE', 'subnets': [], 'shared': False, 'port_security_enabled': True, 'router:external': False, 'provider:network_type': 'vlan', 'provider:physical_network': 'default', 'provider:segmentation_id': 124, 'availability_zone_hints': [], 'availability_zones': [], 'ipv4_address_scope': None, 'ipv6_address_scope': None, 'description': '', 'tags': [], 'created_at': '2025-11-28T15:20:04Z', 'updated_at': '2025-11-28T15:20:04Z', 'revision_number': 1}, Subnet: {'id': '23a081d4-6b0a-467b-8168-a4c54049b37c', 'name': 'tempest-VolumesAdminNegativeTest-1025600039-subnet', 'tenant_id': '339b69a00877400c85aed3b89edf4ae2', 'network_id': 'fac6654c-61ce-46f6-bfcb-38741dace837', 'ip_version': 4, 'subnetpool_id': None, 'enable_dhcp': True, 'ipv6_ra_mode': None, 'ipv6_address_mode': None, 'gateway_ip': '192.168.128.1', 'cidr': '192.168.128.0/28', 'allocation_pools': [{'start': '192.168.128.2', 'end': '192.168.128.14'}], 'host_routes': [], 'dns_nameservers': [], 'description': '', 'router:external': False, 'service_types': [], 'tags': [], 'created_at': '2025-11-28T15:20:04Z', 'updated_at': '2025-11-28T15:20:04Z', 'revision_number': 0, 'project_id': '339b69a00877400c85aed3b89edf4ae2'}, Router: {'id': 'fbf632e2-0115-4081-955e-3ff0d1c366ab', 'name': 'tempest-VolumesAdminNegativeTest-1025600039-router', 'tenant_id': '339b69a00877400c85aed3b89edf4ae2', 'admin_state_up': True, 'status': 'ACTIVE', 'external_gateway_info': {'network_id': '3192c6f9-52e2-47a2-958f-b85cfb86149c', 'external_fixed_ips': [{'subnet_id': 'c70195db-719b-4785-a24f-4488fc7c65eb', 'ip_address': '10.180.180.237'}], 'enable_snat': True}, 'description': '', 'availability_zones': [], 'distributed': False, 'ha': False, 'availability_zone_hints': [], 'routes': [], 'flavor_id': None, 'tags': [], 'created_at': '2025-11-28T15:20:05Z', 'updated_at': '2025-11-28T15:20:05Z', 'revision_number': 2, 'project_id': '339b69a00877400c85aed3b89edf4ae2'}
2025-11-28 15:20:07.035 65775 INFO tempest.lib.common.rest_client [req-73fc97f0-e576-4df5-ae35-625d23c1304a req-73fc97f0-e576-4df5-ae35-625d23c1304a ] Request (SecurityGroupRulesTestJSON:tearDownClass): 404 DELETE http://10.180.1.21/compute/v2.1/os-security-groups/39a96ff7-f56d-45f5-8e0c-4ba00bf89c93 8.324s
2025-11-28 15:20:07.099 65791 INFO tempest.lib.common.rest_client [req-6bedf589-2ed7-482c-80f6-c89e431b1862 req-6bedf589-2ed7-482c-80f6-c89e431b1862 ] Request (FlavorsAccessNegativeTestJSON:_run_cleanups): 202 DELETE http://10.180.1.21/compute/v2.1/flavors/2122600935 6.942s
2025-11-28 15:20:07.147 65789 INFO tempest.lib.common.rest_client [req-398f0a52-d1f9-453e-9503-f9248e9c888b req-398f0a52-d1f9-453e-9503-f9248e9c888b ] Request (ServersTestBootFromVolume:setUpClass): 200 GET http://10.180.1.21/volume/v3/volumes/239ceb96-8f32-46f8-95b0-d59bf60603f3 0.047s
2025-11-28 15:20:07.191 65779 INFO tempest.lib.common.rest_client [req-a6981204-32dd-4aa6-9475-0b30cf0fa964 req-a6981204-32dd-4aa6-9475-0b30cf0fa964 ] Request (VolumesAdminNegativeTest:setUpClass): 201 POST http://10.180.1.21/identity/v3/auth/tokens 0.163s
2025-11-28 15:20:07.226 65779 INFO tempest.lib.common.rest_client [req-e354bfde-5ac0-4083-b3e8-c66beaac57a1 req-e354bfde-5ac0-4083-b3e8-c66beaac57a1 ] Request (VolumesAdminNegativeTest:setUpClass): 201 POST http://10.180.1.21/identity/v3/projects 0.034s
2025-11-28 15:20:07.298 65779 INFO tempest.lib.common.rest_client [req-18884855-8b8b-4069-a098-b2d308573ffa req-18884855-8b8b-4069-a098-b2d308573ffa ] Request (VolumesAdminNegativeTest:setUpClass): 201 POST http://10.180.1.21/identity/v3/users 0.071s
2025-11-28 15:20:07.335 65779 INFO tempest.lib.common.rest_client [req-0b57408e-4c68-47ea-8198-1530497332ae req-0b57408e-4c68-47ea-8198-1530497332ae ] Request (VolumesAdminNegativeTest:setUpClass): 200 GET http://10.180.1.21/identity/v3/roles 0.036s
2025-11-28 15:20:07.344 65817 INFO tempest.lib.common.rest_client [req-85aeb2e2-dc48-4754-b43b-813d53f3291b req-85aeb2e2-dc48-4754-b43b-813d53f3291b ] Request (ServerDiskConfigTestJSON:test_rebuild_server_with_auto_disk_config): 202 POST http://10.180.1.21/compute/v2.1/servers/e8d3fc9d-b48d-4135-873d-c5de8be9d378/action 7.102s
2025-11-28 15:20:07.362 65793 INFO tempest.lib.common.rest_client [req-e76634e0-0f3b-4e28-b747-2318ed5a042e req-e76634e0-0f3b-4e28-b747-2318ed5a042e ] Request (ImagesOneServerNegativeTestJSON:setUpClass): 200 GET http://10.180.1.21/compute/v2.1/servers/21f0ca15-62e4-44de-936f-0b1272d0134f 7.938s
2025-11-28 15:20:07.366 65779 INFO tempest.lib.common.rest_client [req-eae6c191-92b3-4b64-888e-1bf2c28e7eaf req-eae6c191-92b3-4b64-888e-1bf2c28e7eaf ] Request (VolumesAdminNegativeTest:setUpClass): 204 PUT http://10.180.1.21/identity/v3/projects/c4340ddc4a6c4ccc802919dbda9a7e97/users/b72f10be9a4343c589b81940cf80fb73/roles/b69683a58e3f4c00a9bd6eaf7b79fd19 0.030s
2025-11-28 15:20:07.372 65793 INFO tempest.common.waiters [-] State transition "BUILD/networking" ==> "BUILD/spawning" after 9 second wait
2025-11-28 15:20:07.380 65763 INFO tempest.lib.common.rest_client [req-75754569-f104-4d9a-a905-39f1ba87700e req-75754569-f104-4d9a-a905-39f1ba87700e ] Request (KeyPairsV22TestJSON:_run_cleanups): 204 DELETE http://10.180.1.21/compute/v2.1/os-keypairs/tempest-KeyPairsV22TestJSON-keypair-801126729 7.132s
2025-11-28 15:20:07.403 65788 INFO tempest.lib.common.rest_client [req-a4fdec46-9d80-45b4-b12e-a4453678ee62 req-a4fdec46-9d80-45b4-b12e-a4453678ee62 ] Request (VolumesAssistedSnapshotsTest:test_volume_assisted_snapshot_create_delete): 200 GET http://10.180.1.21/volume/v3/volumes/d6013dcc-9f65-448b-bf8a-ffe6d53e0f18 0.062s
2025-11-28 15:20:07.442 65779 INFO tempest.lib.common.rest_client [req-fddeb1a1-7a2a-487f-814f-a67e17c3cf6a req-fddeb1a1-7a2a-487f-814f-a67e17c3cf6a ] Request (VolumesAdminNegativeTest:setUpClass): 200 GET http://10.180.1.21/identity/v3/roles 0.076s
2025-11-28 15:20:07.465 65779 INFO tempest.lib.common.rest_client [req-cd592c2f-5e5a-44ab-bb7d-01c235737b7a req-cd592c2f-5e5a-44ab-bb7d-01c235737b7a ] Request (VolumesAdminNegativeTest:setUpClass): 204 PUT http://10.180.1.21/identity/v3/projects/c4340ddc4a6c4ccc802919dbda9a7e97/users/b72f10be9a4343c589b81940cf80fb73/roles/b69683a58e3f4c00a9bd6eaf7b79fd19 0.022s
2025-11-28 15:20:07.465 65779 INFO tempest.lib.common.dynamic_creds [-] Dynamic test user b72f10be9a4343c589b81940cf80fb73 is created with scope project and roles: ['admin']
2025-11-28 15:20:07.466 65779 INFO tempest.lib.common.dynamic_creds [-] Acquired dynamic creds: credentials: Credentials: {'domain_id': 'default', 'domain_name': 'Default', 'username': 'tempest-VolumesAdminNegativeTest-2125477337-project-admin', 'project_domain_id': 'default', 'project_domain_name': 'Default', 'project_id': 'c4340ddc4a6c4ccc802919dbda9a7e97', 'project_name': 'tempest-VolumesAdminNegativeTest-2125477337', 'tenant_id': 'c4340ddc4a6c4ccc802919dbda9a7e97', 'tenant_name': 'tempest-VolumesAdminNegativeTest-2125477337', 'user_domain_id': 'default', 'user_domain_name': 'Default', 'user_id': 'b72f10be9a4343c589b81940cf80fb73', 'system': None}, Network: None, Subnet: None, Router: None
2025-11-28 15:20:07.474 65813 INFO tempest.lib.common.rest_client [req-5f0ff3f6-9105-4274-84bb-9de682dd9ca4 req-5f0ff3f6-9105-4274-84bb-9de682dd9ca4 ] Request (ServerGroupTestJSON:test_create_server_with_scheduler_hint_group): 200 GET http://10.180.1.21/compute/v2.1/servers/62cebfd5-b77e-45a8-ba2c-5ea2cfcf95ca 5.623s
2025-11-28 15:20:07.490 65821 INFO tempest.lib.common.rest_client [req-1c1973c7-7388-47fd-b099-a78f2fcdfab3 req-1c1973c7-7388-47fd-b099-a78f2fcdfab3 ] Request (ServerRescueNegativeTestJSON:test_rescued_vm_attach_volume): 200 POST http://10.180.1.21/compute/v2.1/servers/2323e17d-d550-474f-96f6-85d22a40903b/action 7.189s
2025-11-28 15:20:07.578 65823 INFO tempest.lib.common.rest_client [req-7daa70bd-2f2d-4d9e-8c52-3f1ce54dfcab req-7daa70bd-2f2d-4d9e-8c52-3f1ce54dfcab ] Request (DeleteServersTestJSON:test_delete_active_server): 204 DELETE http://10.180.1.21/compute/v2.1/servers/6ab3782d-b5d0-457d-9223-6c33ef39f5e7 5.112s
2025-11-28 15:20:07.742 65779 INFO tempest.lib.common.rest_client [req-28d6fd05-8556-4fac-8d79-a9a3b564bff7 req-28d6fd05-8556-4fac-8d79-a9a3b564bff7 ] Request (VolumesAdminNegativeTest:setUpClass): 201 POST http://10.180.1.21/networking/v2.0/networks 0.276s
2025-11-28 15:20:07.865 65815 INFO tempest.lib.common.rest_client [req-b389bcaf-e97f-4e1d-af8e-e89daf08c399 req-b389bcaf-e97f-4e1d-af8e-e89daf08c399 ] Request (ServerActionsTestJSON:setUpClass): 200 GET http://10.180.1.21/compute/v2.1/servers/fc3005e0-2f0f-4265-9513-881854b04662/os-interface 5.467s
2025-11-28 15:20:07.881 65769 WARNING tempest.lib.common.ssh [-] Failed to establish authenticated ssh connection to cirros@10.180.180.193 ([Errno None] Unable to connect to port 22 on 10.180.180.193). Number attempts: 2. Retry after 3 seconds.: paramiko.ssh_exception.NoValidConnectionsError: [Errno None] Unable to connect to port 22 on 10.180.180.193
2025-11-28 15:20:08.042 65779 INFO tempest.lib.common.rest_client [req-f84c0075-aa89-470e-a29b-908d9cdbe7eb req-f84c0075-aa89-470e-a29b-908d9cdbe7eb ] Request (VolumesAdminNegativeTest:setUpClass): 201 POST http://10.180.1.21/networking/v2.0/subnets 0.300s
2025-11-28 15:20:08.108 65801 INFO tempest.lib.common.rest_client [req-82927138-946f-4365-9627-2c249e981099 req-82927138-946f-4365-9627-2c249e981099 ] Request (ServersAdminTestJSON:setUpClass): 200 GET http://10.180.1.21/compute/v2.1/servers/fe6908c6-9a8b-4db2-86bf-a870447ee17d 4.584s
2025-11-28 15:20:08.118 65781 INFO tempest.lib.common.rest_client [req-172d4746-a7a4-4d17-a409-a98fc584de57 req-172d4746-a7a4-4d17-a409-a98fc584de57 ] Request (ServersAdminNegativeTestJSON:test_reset_state_server_invalid_state): 400 POST http://10.180.1.21/compute/v2.1/servers/bb96c563-e906-4e54-976d-a2d003c4fb24/action 4.555s
2025-11-28 15:20:08.200 65789 INFO tempest.lib.common.rest_client [req-9c927f9d-ce70-4ba6-bc66-286fcba4c31f req-9c927f9d-ce70-4ba6-bc66-286fcba4c31f ] Request (ServersTestBootFromVolume:setUpClass): 200 GET http://10.180.1.21/volume/v3/volumes/239ceb96-8f32-46f8-95b0-d59bf60603f3 0.040s
2025-11-28 15:20:08.451 65765 INFO tempest.lib.common.rest_client [req-f2052990-6c8a-4e6d-ab40-4b4869fc2a28 req-f2052990-6c8a-4e6d-ab40-4b4869fc2a28 ] Request (QuotasAdminTestJSON:_run_cleanups): 200 PUT http://10.180.1.21/compute/v2.1/os-quota-sets/8eb9ceae415543b48a97c9ec3b1cfd38 4.537s
2025-11-28 15:20:08.456 65788 INFO tempest.lib.common.rest_client [req-2b1c10a9-99d2-4053-9e8f-0db5b864f1c7 req-2b1c10a9-99d2-4053-9e8f-0db5b864f1c7 ] Request (VolumesAssistedSnapshotsTest:test_volume_assisted_snapshot_create_delete): 200 GET http://10.180.1.21/volume/v3/volumes/d6013dcc-9f65-448b-bf8a-ffe6d53e0f18 0.040s
2025-11-28 15:20:08.587 65765 INFO tempest.lib.common.rest_client [req-b56ee4f9-3be1-4efc-9d7b-85ac2e5622a6 req-b56ee4f9-3be1-4efc-9d7b-85ac2e5622a6 ] Request (QuotasAdminTestJSON:tearDownClass): 204 DELETE http://10.180.1.21/identity/v3/users/ded3294a689a4470bc0c99e40fb9b626 0.131s
2025-11-28 15:20:08.609 65815 INFO tempest.lib.common.rest_client [req-b610d02c-ac7b-41c7-9769-085b931612c6 req-b610d02c-ac7b-41c7-9769-085b931612c6 ] Request (ServerActionsTestJSON:setUpClass): 200 PUT http://10.180.1.21/networking/v2.0/floatingips/dfedf496-630c-4f29-962f-0a7cf8fed289 0.741s
2025-11-28 15:20:08.611 65815 INFO tempest.lib.common.ssh [-] Creating ssh connection to '10.180.180.172:22' as 'cirros' with public key authentication
2025-11-28 15:20:08.730 65765 INFO tempest.lib.common.rest_client [req-664a6702-d1aa-4d31-b569-ef1746b49418 req-664a6702-d1aa-4d31-b569-ef1746b49418 ] Request (QuotasAdminTestJSON:tearDownClass): 204 DELETE http://10.180.1.21/identity/v3/users/f7a6e1e09b014ea9b151ce6dee0bf10f 0.143s
2025-11-28 15:20:08.730 65765 INFO tempest.lib.common.dynamic_creds [-] Deleting project and security group for project: b50a2686f82144f489da8d7c09377c04
2025-11-28 15:20:08.808 65765 INFO tempest.lib.common.rest_client [req-a8b1d6f1-f80b-4d9c-8380-217048635aaa req-a8b1d6f1-f80b-4d9c-8380-217048635aaa ] Request (QuotasAdminTestJSON:tearDownClass): 201 POST http://10.180.1.21/identity/v3/auth/tokens 0.077s
2025-11-28 15:20:08.958 65773 WARNING tempest.lib.common.ssh [-] Failed to establish authenticated ssh connection to cirros@10.180.180.220 ([Errno None] Unable to connect to port 22 on 10.180.180.220). Number attempts: 2. Retry after 3 seconds.: paramiko.ssh_exception.NoValidConnectionsError: [Errno None] Unable to connect to port 22 on 10.180.180.220
2025-11-28 15:20:08.967 65779 INFO tempest.lib.common.rest_client [req-515f8f7f-6171-46d9-bd7c-5d0780178dbb req-515f8f7f-6171-46d9-bd7c-5d0780178dbb ] Request (VolumesAdminNegativeTest:setUpClass): 201 POST http://10.180.1.21/networking/v2.0/routers 0.924s
2025-11-28 15:20:09.253 65789 INFO tempest.lib.common.rest_client [req-78e78a1a-337f-40d8-b62f-bf15abb90d6e req-78e78a1a-337f-40d8-b62f-bf15abb90d6e ] Request (ServersTestBootFromVolume:setUpClass): 200 GET http://10.180.1.21/volume/v3/volumes/239ceb96-8f32-46f8-95b0-d59bf60603f3 0.045s
2025-11-28 15:20:09.429 65765 INFO tempest.lib.common.rest_client [req-b8e5fcf8-4c26-4dda-bd6c-ec8dd4adb1c9 req-b8e5fcf8-4c26-4dda-bd6c-ec8dd4adb1c9 ] Request (QuotasAdminTestJSON:tearDownClass): 200 GET http://10.180.1.21/networking/v2.0/security-groups?tenant_id=b50a2686f82144f489da8d7c09377c04&name=default 0.621s
2025-11-28 15:20:09.499 65767 INFO tempest.lib.common.rest_client [req-ceca85da-dd44-4db3-86c7-bcb2c5662f77 req-ceca85da-dd44-4db3-86c7-bcb2c5662f77 ] Request (AttachInterfacesTestJSON:test_create_list_show_delete_interfaces_by_fixed_ip): 200 GET http://10.180.1.21/compute/v2.1/servers/be5291ae-08e1-44f0-a683-272510bdae7e 5.474s
2025-11-28 15:20:09.504 65788 INFO tempest.lib.common.rest_client [req-ed7bbf4f-88f7-45a5-a99d-5be78318d6f4 req-ed7bbf4f-88f7-45a5-a99d-5be78318d6f4 ] Request (VolumesAssistedSnapshotsTest:test_volume_assisted_snapshot_create_delete): 200 GET http://10.180.1.21/volume/v3/volumes/d6013dcc-9f65-448b-bf8a-ffe6d53e0f18 0.035s
2025-11-28 15:20:09.508 65767 INFO tempest.common.waiters [-] State transition "BUILD/spawning" ==> "ACTIVE/None" after 33 second wait
2025-11-28 15:20:09.512 65788 INFO tempest.common.waiters [-] Attachment 47b68cbd-150b-44b1-9244-5f05ad02648a created for volume d6013dcc-9f65-448b-bf8a-ffe6d53e0f18 to server 3c3feb50-6869-4cae-a00d-83c66aaa8cde after waiting for 10.512616 seconds
2025-11-28 15:20:09.545 65788 INFO tempest.lib.common.rest_client [req-ee04ee8b-5f94-4839-859c-727687763b68 req-ee04ee8b-5f94-4839-859c-727687763b68 ] Request (VolumesAssistedSnapshotsTest:test_volume_assisted_snapshot_create_delete): 200 GET http://10.180.1.21/volume/v3/volumes/d6013dcc-9f65-448b-bf8a-ffe6d53e0f18 0.032s
2025-11-28 15:20:09.553 65788 INFO tempest.common.waiters [-] volume d6013dcc-9f65-448b-bf8a-ffe6d53e0f18 reached in-use after waiting for 0.553663 seconds
2025-11-28 15:20:09.637 65819 INFO tempest.lib.common.rest_client [req-bad25cd6-2e0f-486e-996a-b74b42ee566a req-bad25cd6-2e0f-486e-996a-b74b42ee566a ] Request (InstanceActionsNegativeTestJSON:setUpClass): 202 POST http://10.180.1.21/compute/v2.1/servers 6.346s
2025-11-28 15:20:09.797 65765 INFO tempest.lib.common.rest_client [req-279f900c-cba2-4a27-8b90-f5b04449fc27 req-279f900c-cba2-4a27-8b90-f5b04449fc27 ] Request (QuotasAdminTestJSON:tearDownClass): 204 DELETE http://10.180.1.21/networking/v2.0/security-groups/1b3aca2f-b661-4912-8bbb-a97236341212 0.367s
2025-11-28 15:20:09.882 65765 INFO tempest.lib.common.rest_client [req-998c0d38-c269-4451-aeb1-ba574fba91d7 req-998c0d38-c269-4451-aeb1-ba574fba91d7 ] Request (QuotasAdminTestJSON:tearDownClass): 204 DELETE http://10.180.1.21/identity/v3/projects/b50a2686f82144f489da8d7c09377c04 0.085s
2025-11-28 15:20:09.882 65765 INFO tempest.lib.common.dynamic_creds [-] Deleting project and security group for project: 8eb9ceae415543b48a97c9ec3b1cfd38
2025-11-28 15:20:10.299 65789 INFO tempest.lib.common.rest_client [req-5f1d3ddb-3d2f-4a08-a247-8dd16b4d609e req-5f1d3ddb-3d2f-4a08-a247-8dd16b4d609e ] Request (ServersTestBootFromVolume:setUpClass): 200 GET http://10.180.1.21/volume/v3/volumes/239ceb96-8f32-46f8-95b0-d59bf60603f3 0.034s
2025-11-28 15:20:10.325 65765 INFO tempest.lib.common.rest_client [req-c4850537-1d02-4d72-80c7-49363298b6ea req-c4850537-1d02-4d72-80c7-49363298b6ea ] Request (QuotasAdminTestJSON:tearDownClass): 200 GET http://10.180.1.21/networking/v2.0/security-groups?tenant_id=8eb9ceae415543b48a97c9ec3b1cfd38&name=default 0.442s
2025-11-28 15:20:10.334 65779 INFO tempest.lib.common.rest_client [req-619ae401-a2f5-416c-a9c2-b20a8d231fef req-619ae401-a2f5-416c-a9c2-b20a8d231fef ] Request (VolumesAdminNegativeTest:setUpClass): 200 PUT http://10.180.1.21/networking/v2.0/routers/461e36fd-4737-4fba-aa09-a6083c3b4c23/add_router_interface 1.367s
2025-11-28 15:20:10.334 65779 INFO tempest.lib.common.dynamic_creds [-] Created isolated network resources for: credentials: Credentials: {'domain_id': 'default', 'domain_name': 'Default', 'username': 'tempest-VolumesAdminNegativeTest-2125477337-project-admin', 'project_domain_id': 'default', 'project_domain_name': 'Default', 'project_id': 'c4340ddc4a6c4ccc802919dbda9a7e97', 'project_name': 'tempest-VolumesAdminNegativeTest-2125477337', 'tenant_id': 'c4340ddc4a6c4ccc802919dbda9a7e97', 'tenant_name': 'tempest-VolumesAdminNegativeTest-2125477337', 'user_domain_id': 'default', 'user_domain_name': 'Default', 'user_id': 'b72f10be9a4343c589b81940cf80fb73', 'system': None}, Network: {'id': '7329ee3c-d578-4dae-a3e7-925b855167a3', 'name': 'tempest-VolumesAdminNegativeTest-1647525731-network', 'tenant_id': 'c4340ddc4a6c4ccc802919dbda9a7e97', 'project_id': 'c4340ddc4a6c4ccc802919dbda9a7e97', 'admin_state_up': True, 'mtu': 8950, 'status': 'ACTIVE', 'subnets': [], 'shared': False, 'port_security_enabled': True, 'router:external': False, 'provider:network_type': 'vlan', 'provider:physical_network': 'default', 'provider:segmentation_id': 740, 'availability_zone_hints': [], 'availability_zones': [], 'ipv4_address_scope': None, 'ipv6_address_scope': None, 'description': '', 'tags': [], 'created_at': '2025-11-28T15:20:07Z', 'updated_at': '2025-11-28T15:20:07Z', 'revision_number': 1}, Subnet: {'id': 'bcd6fa20-e8d2-46aa-94f2-9f3ea4e34ab6', 'name': 'tempest-VolumesAdminNegativeTest-1647525731-subnet', 'tenant_id': 'c4340ddc4a6c4ccc802919dbda9a7e97', 'network_id': '7329ee3c-d578-4dae-a3e7-925b855167a3', 'ip_version': 4, 'subnetpool_id': None, 'enable_dhcp': True, 'ipv6_ra_mode': None, 'ipv6_address_mode': None, 'gateway_ip': '192.168.128.1', 'cidr': '192.168.128.0/28', 'allocation_pools': [{'start': '192.168.128.2', 'end': '192.168.128.14'}], 'host_routes': [], 'dns_nameservers': [], 'description': '', 'router:external': False, 'service_types': [], 'tags': [], 'created_at': '2025-11-28T15:20:07Z', 'updated_at': '2025-11-28T15:20:07Z', 'revision_number': 0, 'project_id': 'c4340ddc4a6c4ccc802919dbda9a7e97'}, Router: {'id': '461e36fd-4737-4fba-aa09-a6083c3b4c23', 'name': 'tempest-VolumesAdminNegativeTest-1647525731-router', 'tenant_id': 'c4340ddc4a6c4ccc802919dbda9a7e97', 'admin_state_up': True, 'status': 'ACTIVE', 'external_gateway_info': {'network_id': '3192c6f9-52e2-47a2-958f-b85cfb86149c', 'external_fixed_ips': [{'subnet_id': 'c70195db-719b-4785-a24f-4488fc7c65eb', 'ip_address': '10.180.180.213'}], 'enable_snat': True}, 'description': '', 'availability_zones': [], 'distributed': False, 'ha': False, 'availability_zone_hints': [], 'routes': [], 'flavor_id': None, 'tags': [], 'created_at': '2025-11-28T15:20:08Z', 'updated_at': '2025-11-28T15:20:08Z', 'revision_number': 2, 'project_id': 'c4340ddc4a6c4ccc802919dbda9a7e97'}
2025-11-28 15:20:10.391 65785 INFO tempest.lib.common.rest_client [req-853d2b96-9580-476b-ad39-9bef11454360 req-853d2b96-9580-476b-ad39-9bef11454360 ] Request (ImagesOneServerTestJSON:setUpClass): 200 GET http://10.180.1.21/compute/v2.1/servers/f2981f87-eeb1-4011-b5ef-9654718e73c1 5.012s
2025-11-28 15:20:10.400 65785 INFO tempest.common.waiters [-] State transition "BUILD/None" ==> "BUILD/spawning" after 6 second wait
2025-11-28 15:20:10.449 65805 INFO tempest.lib.common.rest_client [req-ffe3e768-8763-47bc-b832-496b9713cce8 req-ffe3e768-8763-47bc-b832-496b9713cce8 ] Request (MigrationsAdminTest:test_list_migrations_in_flavor_resize_situation): 200 POST http://10.180.1.21/compute/v2.1/os-keypairs 5.028s
2025-11-28 15:20:10.461 65779 INFO tempest.lib.common.rest_client [req-84465bfe-b4d6-4614-bf0d-4cafcf6b6449 req-84465bfe-b4d6-4614-bf0d-4cafcf6b6449 ] Request (VolumesAdminNegativeTest:setUpClass): 201 POST http://10.180.1.21/identity/v3/auth/tokens 0.123s
2025-11-28 15:20:10.546 65765 INFO tempest.lib.common.rest_client [req-2b9b3f11-6259-49b0-8c5d-93e62147bae9 req-2b9b3f11-6259-49b0-8c5d-93e62147bae9 ] Request (QuotasAdminTestJSON:tearDownClass): 204 DELETE http://10.180.1.21/networking/v2.0/security-groups/2e42a709-8096-4c15-b362-9d039354aed3 0.221s
2025-11-28 15:20:10.571 65779 INFO tempest.lib.common.rest_client [req-060365a6-7e46-47a2-b691-7e363285d223 req-060365a6-7e46-47a2-b691-7e363285d223 ] Request (VolumesAdminNegativeTest:setUpClass): 201 POST http://10.180.1.21/identity/v3/projects 0.109s
2025-11-28 15:20:10.640 65765 INFO tempest.lib.common.rest_client [req-9b8e8b5d-64fc-4992-8930-7525bb7767ec req-9b8e8b5d-64fc-4992-8930-7525bb7767ec ] Request (QuotasAdminTestJSON:tearDownClass): 204 DELETE http://10.180.1.21/identity/v3/projects/8eb9ceae415543b48a97c9ec3b1cfd38 0.093s
2025-11-28 15:20:10.701 65779 INFO tempest.lib.common.rest_client [req-4154f8cf-ee35-4baf-a323-2a34508d8c4c req-4154f8cf-ee35-4baf-a323-2a34508d8c4c ] Request (VolumesAdminNegativeTest:setUpClass): 201 POST http://10.180.1.21/identity/v3/users 0.129s
2025-11-28 15:20:10.719 65765 INFO tempest.lib.common.rest_client [req-27f63926-89e4-41b5-94e2-d5d04223c24d req-27f63926-89e4-41b5-94e2-d5d04223c24d ] Request (ServersAdmin275Test:setUpClass): 201 POST http://10.180.1.21/identity/v3/auth/tokens 0.077s
2025-11-28 15:20:10.734 65779 INFO tempest.lib.common.rest_client [req-8092d387-a2aa-4eda-8ca0-25ef54717bb7 req-8092d387-a2aa-4eda-8ca0-25ef54717bb7 ] Request (VolumesAdminNegativeTest:setUpClass): 200 GET http://10.180.1.21/identity/v3/roles 0.032s
2025-11-28 15:20:10.753 65765 INFO tempest.lib.common.rest_client [req-6b05ab54-9de5-4fbe-98c7-cdc443ede34f req-6b05ab54-9de5-4fbe-98c7-cdc443ede34f ] Request (ServersAdmin275Test:setUpClass): 201 POST http://10.180.1.21/identity/v3/auth/tokens 0.031s
2025-11-28 15:20:10.772 65779 INFO tempest.lib.common.rest_client [req-a5389e1d-772e-432f-9621-b422b4a84e96 req-a5389e1d-772e-432f-9621-b422b4a84e96 ] Request (VolumesAdminNegativeTest:setUpClass): 204 PUT http://10.180.1.21/identity/v3/projects/c847ef6ba6a04e7685c419d0480a64a1/users/97e7a2678d2146b1bff300be51cd431c/roles/b69683a58e3f4c00a9bd6eaf7b79fd19 0.037s
2025-11-28 15:20:10.777 65765 INFO tempest.lib.common.rest_client [req-a4c60951-145e-4c4b-a369-b5dbaa2f8db5 req-a4c60951-145e-4c4b-a369-b5dbaa2f8db5 ] Request (ServersAdmin275Test:setUpClass): 200 GET http://10.180.1.21/identity/v3/domains?name=Default 0.023s
2025-11-28 15:20:10.851 65805 INFO tempest.lib.common.rest_client [req-5ddf9adf-5dbd-43f2-a782-f45bba8029e5 req-5ddf9adf-5dbd-43f2-a782-f45bba8029e5 ] Request (MigrationsAdminTest:test_list_migrations_in_flavor_resize_situation): 201 POST http://10.180.1.21/networking/v2.0/security-groups 0.400s
2025-11-28 15:20:10.856 65779 INFO tempest.lib.common.rest_client [req-ec60b10b-e7a6-40b1-802c-56fc84cd6bf4 req-ec60b10b-e7a6-40b1-802c-56fc84cd6bf4 ] Request (VolumesAdminNegativeTest:setUpClass): 200 GET http://10.180.1.21/identity/v3/roles 0.084s
2025-11-28 15:20:10.861 65765 INFO tempest.lib.common.rest_client [req-a26a0b0b-431c-4e92-ad2c-001dd864f644 req-a26a0b0b-431c-4e92-ad2c-001dd864f644 ] Request (ServersAdmin275Test:setUpClass): 201 POST http://10.180.1.21/identity/v3/projects 0.083s
2025-11-28 15:20:10.915 65779 INFO tempest.lib.common.rest_client [req-f3686217-96d2-45b0-bf6d-4e8fed3b4468 req-f3686217-96d2-45b0-bf6d-4e8fed3b4468 ] Request (VolumesAdminNegativeTest:setUpClass): 204 PUT http://10.180.1.21/identity/v3/projects/c847ef6ba6a04e7685c419d0480a64a1/users/97e7a2678d2146b1bff300be51cd431c/roles/11cf7f2f6008452ea2a8fd4a22f42002 0.058s
2025-11-28 15:20:10.915 65779 INFO tempest.lib.common.dynamic_creds [-] Dynamic test user 97e7a2678d2146b1bff300be51cd431c is created with scope project and roles: ['admin', 'service']
2025-11-28 15:20:10.916 65779 INFO tempest.lib.common.dynamic_creds [-] Acquired dynamic creds: credentials: Credentials: {'domain_id': 'default', 'domain_name': 'Default', 'username': 'tempest-VolumesAdminNegativeTest-228487700-project', 'project_domain_id': 'default', 'project_domain_name': 'Default', 'project_id': 'c847ef6ba6a04e7685c419d0480a64a1', 'project_name': 'tempest-VolumesAdminNegativeTest-228487700', 'tenant_id': 'c847ef6ba6a04e7685c419d0480a64a1', 'tenant_name': 'tempest-VolumesAdminNegativeTest-228487700', 'user_domain_id': 'default', 'user_domain_name': 'Default', 'user_id': '97e7a2678d2146b1bff300be51cd431c', 'system': None}, Network: None, Subnet: None, Router: None
2025-11-28 15:20:10.924 65765 INFO tempest.lib.common.rest_client [req-4dd2650e-4645-4ef7-9ca3-35f0ecbf6768 req-4dd2650e-4645-4ef7-9ca3-35f0ecbf6768 ] Request (ServersAdmin275Test:setUpClass): 201 POST http://10.180.1.21/identity/v3/users 0.062s
2025-11-28 15:20:10.943 65811 INFO tempest.lib.common.rest_client [req-dc7d538a-c849-4d17-baa7-fba2d4bc30fa req-dc7d538a-c849-4d17-baa7-fba2d4bc30fa ] Request (DeleteServersAdminTestJSON:test_delete_server_while_in_error_state): 200 GET http://10.180.1.21/compute/v2.1/servers/8a776784-bfdf-4e13-bab0-0daaec111010 5.446s
2025-11-28 15:20:10.977 65795 INFO paramiko.transport [-] Connected (version 2.0, client dropbear_2020.81)
2025-11-28 15:20:10.991 65765 INFO tempest.lib.common.rest_client [req-b7026255-c3d5-4dc2-8742-aa3c4462f06c req-b7026255-c3d5-4dc2-8742-aa3c4462f06c ] Request (ServersAdmin275Test:setUpClass): 200 GET http://10.180.1.21/identity/v3/roles 0.067s
2025-11-28 15:20:11.020 65805 INFO tempest.lib.common.rest_client [req-1f362712-0990-40da-9ee7-28b87355d8cb req-1f362712-0990-40da-9ee7-28b87355d8cb ] Request (MigrationsAdminTest:test_list_migrations_in_flavor_resize_situation): 201 POST http://10.180.1.21/networking/v2.0/security-group-rules 0.168s
2025-11-28 15:20:11.044 65765 INFO tempest.lib.common.rest_client [req-82474b3c-d323-4d00-be1b-6252f8ad12b1 req-82474b3c-d323-4d00-be1b-6252f8ad12b1 ] Request (ServersAdmin275Test:setUpClass): 204 PUT http://10.180.1.21/identity/v3/projects/45cad5417fe446fa89063e9226802b32/users/3ab13d1109d043569681ee83fb5b31f0/roles/0bc4bc43f5384a6887704a9da540f079 0.051s
2025-11-28 15:20:11.044 65765 INFO tempest.lib.common.dynamic_creds [-] Dynamic test user 3ab13d1109d043569681ee83fb5b31f0 is created with scope project and roles: ['member']
2025-11-28 15:20:11.044 65765 INFO tempest.lib.common.dynamic_creds [-] Acquired dynamic creds: credentials: Credentials: {'domain_id': 'default', 'domain_name': 'Default', 'username': 'tempest-ServersAdmin275Test-1515262826-project-member', 'project_domain_id': 'default', 'project_domain_name': 'Default', 'project_id': '45cad5417fe446fa89063e9226802b32', 'project_name': 'tempest-ServersAdmin275Test-1515262826', 'tenant_id': '45cad5417fe446fa89063e9226802b32', 'tenant_name': 'tempest-ServersAdmin275Test-1515262826', 'user_domain_id': 'default', 'user_domain_name': 'Default', 'user_id': '3ab13d1109d043569681ee83fb5b31f0', 'system': None}, Network: None, Subnet: None, Router: None
2025-11-28 15:20:11.044 65765 INFO tempest.lib.common.dynamic_creds [-] Created isolated network resources for: credentials: Credentials: {'domain_id': 'default', 'domain_name': 'Default', 'username': 'tempest-ServersAdmin275Test-1515262826-project-member', 'project_domain_id': 'default', 'project_domain_name': 'Default', 'project_id': '45cad5417fe446fa89063e9226802b32', 'project_name': 'tempest-ServersAdmin275Test-1515262826', 'tenant_id': '45cad5417fe446fa89063e9226802b32', 'tenant_name': 'tempest-ServersAdmin275Test-1515262826', 'user_domain_id': 'default', 'user_domain_name': 'Default', 'user_id': '3ab13d1109d043569681ee83fb5b31f0', 'system': None}, Network: None, Subnet: None, Router: None
2025-11-28 15:20:11.086 65795 INFO paramiko.transport [-] Authentication (publickey) successful!
2025-11-28 15:20:11.087 65795 INFO tempest.lib.common.ssh [-] ssh connection to cirros@10.180.180.249 successfully created
2025-11-28 15:20:11.179 65765 INFO tempest.lib.common.rest_client [req-f045c805-3a4a-40a5-b0a1-68f6eeb83a4a req-f045c805-3a4a-40a5-b0a1-68f6eeb83a4a ] Request (ServersAdmin275Test:setUpClass): 201 POST http://10.180.1.21/identity/v3/auth/tokens 0.130s
2025-11-28 15:20:11.199 65777 INFO tempest.lib.common.rest_client [req-4663f14c-e74f-4e12-bd6e-45628d48a744 req-4663f14c-e74f-4e12-bd6e-45628d48a744 ] Request (ServersV294TestFqdnHostnames:setUpClass): 202 POST http://10.180.1.21/compute/v2.1/servers 6.141s
2025-11-28 15:20:11.245 65779 INFO tempest.lib.common.rest_client [req-a2879169-6245-4c23-aba5-812195fe67f4 req-a2879169-6245-4c23-aba5-812195fe67f4 ] Request (VolumesAdminNegativeTest:setUpClass): 201 POST http://10.180.1.21/networking/v2.0/networks 0.329s
2025-11-28 15:20:11.298 65765 INFO tempest.lib.common.rest_client [req-09d2fa26-48bc-4002-85af-7842b35f94f0 req-09d2fa26-48bc-4002-85af-7842b35f94f0 ] Request (ServersAdmin275Test:setUpClass): 201 POST http://10.180.1.21/identity/v3/projects 0.119s
2025-11-28 15:20:11.316 65803 INFO tempest.lib.common.rest_client [req-693d7ba6-d836-45fd-91b2-7050b184ddeb req-693d7ba6-d836-45fd-91b2-7050b184ddeb ] Request (FloatingIPsAssociationNegativeTestJSON:test_associate_nonexistent_floating_ip): 404 POST http://10.180.1.21/compute/v2.1/servers/cb404fff-1490-420b-9b9c-e591f4746b72/action 5.812s
2025-11-28 15:20:11.341 65799 INFO tempest.lib.common.rest_client [req-8520d097-4d06-417e-85b7-2129cf451e96 req-8520d097-4d06-417e-85b7-2129cf451e96 ] Request (FlavorsAdminTestJSON:_run_cleanups): 202 DELETE http://10.180.1.21/compute/v2.1/flavors/2077247659 5.364s
2025-11-28 15:20:11.346 65789 INFO tempest.lib.common.rest_client [req-80ea1928-5fc3-4c3a-a383-cb4de00982f4 req-80ea1928-5fc3-4c3a-a383-cb4de00982f4 ] Request (ServersTestBootFromVolume:setUpClass): 200 GET http://10.180.1.21/volume/v3/volumes/239ceb96-8f32-46f8-95b0-d59bf60603f3 0.038s
2025-11-28 15:20:11.387 65765 INFO tempest.lib.common.rest_client [req-19069104-b89c-4b14-9bca-84c0a463d696 req-19069104-b89c-4b14-9bca-84c0a463d696 ] Request (ServersAdmin275Test:setUpClass): 201 POST http://10.180.1.21/identity/v3/users 0.088s
2025-11-28 15:20:11.390 65769 WARNING tempest.lib.common.ssh [-] Failed to establish authenticated ssh connection to cirros@10.180.180.193 ([Errno None] Unable to connect to port 22 on 10.180.180.193). Number attempts: 3. Retry after 4 seconds.: paramiko.ssh_exception.NoValidConnectionsError: [Errno None] Unable to connect to port 22 on 10.180.180.193
2025-11-28 15:20:11.408 65805 INFO tempest.lib.common.rest_client [req-54dd9579-a01a-404a-aefd-c07547e5664a req-54dd9579-a01a-404a-aefd-c07547e5664a ] Request (MigrationsAdminTest:test_list_migrations_in_flavor_resize_situation): 201 POST http://10.180.1.21/networking/v2.0/security-group-rules 0.388s
2025-11-28 15:20:11.413 65765 INFO tempest.lib.common.rest_client [req-fe593eab-a558-4b99-9c37-7418688a6f62 req-fe593eab-a558-4b99-9c37-7418688a6f62 ] Request (ServersAdmin275Test:setUpClass): 200 GET http://10.180.1.21/identity/v3/roles 0.025s
2025-11-28 15:20:11.450 65765 INFO tempest.lib.common.rest_client [req-2574f503-1c90-481c-8bcf-ab644d5eb013 req-2574f503-1c90-481c-8bcf-ab644d5eb013 ] Request (ServersAdmin275Test:setUpClass): 204 PUT http://10.180.1.21/identity/v3/projects/95ea025ee9f542479b7e546957861142/users/609cc7edf9fc44c7b055fbc7cb0bbc1c/roles/b69683a58e3f4c00a9bd6eaf7b79fd19 0.036s
2025-11-28 15:20:11.479 65779 INFO tempest.lib.common.rest_client [req-fed23da6-5746-424e-ab18-11e7676aaa84 req-fed23da6-5746-424e-ab18-11e7676aaa84 ] Request (VolumesAdminNegativeTest:setUpClass): 201 POST http://10.180.1.21/networking/v2.0/subnets 0.233s
2025-11-28 15:20:11.507 65807 INFO tempest.lib.common.rest_client [req-03b2fbbe-1548-4838-b7ac-ebcd87aa1d5f req-03b2fbbe-1548-4838-b7ac-ebcd87aa1d5f ] Request (InstanceActionsV221TestJSON:test_get_list_deleted_instance_actions): 200 GET http://10.180.1.21/compute/v2.1/servers/37ba3abc-366a-4a95-ad04-832822583e1d 5.436s
2025-11-28 15:20:11.516 65797 INFO tempest.lib.common.rest_client [req-bb8d09fd-d044-45c3-be92-822fb686e8f8 req-bb8d09fd-d044-45c3-be92-822fb686e8f8 ] Request (AggregatesAdminNegativeTestJSON:test_aggregate_get_details_as_user): 403 GET http://10.180.1.21/compute/v2.1/os-aggregates/6 5.413s
2025-11-28 15:20:11.524 65765 INFO tempest.lib.common.rest_client [req-59ee287a-6354-4bca-a744-c97921f69b9f req-59ee287a-6354-4bca-a744-c97921f69b9f ] Request (ServersAdmin275Test:setUpClass): 200 GET http://10.180.1.21/identity/v3/roles 0.074s
2025-11-28 15:20:11.558 65765 INFO tempest.lib.common.rest_client [req-18987f24-2998-420c-be03-18186bc2f431 req-18987f24-2998-420c-be03-18186bc2f431 ] Request (ServersAdmin275Test:setUpClass): 204 PUT http://10.180.1.21/identity/v3/projects/95ea025ee9f542479b7e546957861142/users/609cc7edf9fc44c7b055fbc7cb0bbc1c/roles/b69683a58e3f4c00a9bd6eaf7b79fd19 0.033s
2025-11-28 15:20:11.558 65765 INFO tempest.lib.common.dynamic_creds [-] Dynamic test user 609cc7edf9fc44c7b055fbc7cb0bbc1c is created with scope project and roles: ['admin']
2025-11-28 15:20:11.559 65765 INFO tempest.lib.common.dynamic_creds [-] Acquired dynamic creds: credentials: Credentials: {'domain_id': 'default', 'domain_name': 'Default', 'username': 'tempest-ServersAdmin275Test-438835011-project-admin', 'project_domain_id': 'default', 'project_domain_name': 'Default', 'project_id': '95ea025ee9f542479b7e546957861142', 'project_name': 'tempest-ServersAdmin275Test-438835011', 'tenant_id': '95ea025ee9f542479b7e546957861142', 'tenant_name': 'tempest-ServersAdmin275Test-438835011', 'user_domain_id': 'default', 'user_domain_name': 'Default', 'user_id': '609cc7edf9fc44c7b055fbc7cb0bbc1c', 'system': None}, Network: None, Subnet: None, Router: None
2025-11-28 15:20:11.559 65765 INFO tempest.lib.common.dynamic_creds [-] Created isolated network resources for: credentials: Credentials: {'domain_id': 'default', 'domain_name': 'Default', 'username': 'tempest-ServersAdmin275Test-438835011-project-admin', 'project_domain_id': 'default', 'project_domain_name': 'Default', 'project_id': '95ea025ee9f542479b7e546957861142', 'project_name': 'tempest-ServersAdmin275Test-438835011', 'tenant_id': '95ea025ee9f542479b7e546957861142', 'tenant_name': 'tempest-ServersAdmin275Test-438835011', 'user_domain_id': 'default', 'user_domain_name': 'Default', 'user_id': '609cc7edf9fc44c7b055fbc7cb0bbc1c', 'system': None}, Network: None, Subnet: None, Router: None
2025-11-28 15:20:11.679 65765 INFO tempest.lib.common.rest_client [req-60354911-ea4a-43ff-bceb-af036a0c3251 req-60354911-ea4a-43ff-bceb-af036a0c3251 ] Request (ServersAdmin275Test:setUpClass): 201 POST http://10.180.1.21/identity/v3/auth/tokens 0.116s
2025-11-28 15:20:11.765 65809 INFO tempest.lib.common.rest_client [req-6d466616-6ed7-4318-bd14-cb9a1a0fb30a req-6d466616-6ed7-4318-bd14-cb9a1a0fb30a ] Request (ServerDiagnosticsV248Test:test_get_server_diagnostics): 200 GET http://10.180.1.21/compute/v2.1/servers/86240fa8-9090-4fe5-83f0-05019f8c044e/diagnostics 5.832s
2025-11-28 15:20:11.788 65783 INFO tempest.lib.common.rest_client [req-3d80bac3-c2a0-4ab2-8092-a260b19455f5 req-3d80bac3-c2a0-4ab2-8092-a260b19455f5 ] Request (ServersNegativeTestJSON:setUpClass): 404 GET http://10.180.1.21/compute/v2.1/servers/224389f7-6503-4cd2-b5d7-787f79f14b19 4.825s
2025-11-28 15:20:11.794 65765 INFO tempest.lib.common.rest_client [req-aee5abb5-b922-4dc4-a030-10a218172760 req-aee5abb5-b922-4dc4-a030-10a218172760 ] Request (ServersAdmin275Test:test_rebuild_update_server_275): 201 POST http://10.180.1.21/identity/v3/auth/tokens 0.107s
2025-11-28 15:20:11.795 65765 INFO tempest.lib.common.fixed_network [-] (ServersAdmin275Test:test_rebuild_update_server_275) Found network None available for tenant
2025-11-28 15:20:12.120 65805 INFO tempest.lib.common.rest_client [req-218fda78-5b52-4980-a586-b8086d70bd4b req-218fda78-5b52-4980-a586-b8086d70bd4b ] Request (MigrationsAdminTest:test_list_migrations_in_flavor_resize_situation): 201 POST http://10.180.1.21/networking/v2.0/floatingips 0.712s
2025-11-28 15:20:12.154 65771 INFO tempest.lib.common.rest_client [req-306d108b-c8de-41bf-9b47-c5c0e12c2e59 req-306d108b-c8de-41bf-9b47-c5c0e12c2e59 ] Request (ServerShowV247Test:tearDownClass): 200 GET http://10.180.1.21/compute/v2.1/servers/2c2c7cf1-5274-4c18-96ed-e47ea62fe5e0 5.917s
2025-11-28 15:20:12.191 65791 INFO tempest.lib.common.rest_client [req-d5578003-04f5-4d87-aedc-1ac59a016cf2 req-d5578003-04f5-4d87-aedc-1ac59a016cf2 ] Request (FlavorsAccessNegativeTestJSON:_run_cleanups): 200 GET http://10.180.1.21/compute/v2.1/flavors/detail 5.091s
2025-11-28 15:20:12.391 65791 INFO tempest.lib.common.rest_client [req-6022bdf6-693b-4a04-a233-e0a335f4aa00 req-6022bdf6-693b-4a04-a233-e0a335f4aa00 ] Request (FlavorsAccessNegativeTestJSON:tearDownClass): 204 DELETE http://10.180.1.21/identity/v3/users/3e09f9d6d68c49c9870a8894862f1d51 0.194s
2025-11-28 15:20:12.411 65789 INFO tempest.lib.common.rest_client [req-81383985-a06a-4b4d-8313-fec3c6be32a8 req-81383985-a06a-4b4d-8313-fec3c6be32a8 ] Request (ServersTestBootFromVolume:setUpClass): 200 GET http://10.180.1.21/volume/v3/volumes/239ceb96-8f32-46f8-95b0-d59bf60603f3 0.053s
2025-11-28 15:20:12.467 65773 WARNING tempest.lib.common.ssh [-] Failed to establish authenticated ssh connection to cirros@10.180.180.220 ([Errno None] Unable to connect to port 22 on 10.180.180.220). Number attempts: 3. Retry after 4 seconds.: paramiko.ssh_exception.NoValidConnectionsError: [Errno None] Unable to connect to port 22 on 10.180.180.220
2025-11-28 15:20:12.568 65791 INFO tempest.lib.common.rest_client [req-29eec655-5dc7-4084-ad51-cfffbc3234f5 req-29eec655-5dc7-4084-ad51-cfffbc3234f5 ] Request (FlavorsAccessNegativeTestJSON:tearDownClass): 204 DELETE http://10.180.1.21/identity/v3/users/d78ae561212a4107b1a3e77a88d0eb5b 0.175s
2025-11-28 15:20:12.711 65791 INFO tempest.lib.common.rest_client [req-59a9cfb8-3341-4f47-aec1-bc93a13371bc req-59a9cfb8-3341-4f47-aec1-bc93a13371bc ] Request (FlavorsAccessNegativeTestJSON:tearDownClass): 204 DELETE http://10.180.1.21/identity/v3/users/46de80bba40740b3a40ac3f6d079831f 0.142s
2025-11-28 15:20:12.711 65791 INFO tempest.lib.common.dynamic_creds [-] Deleting project and security group for project: c270e952d93a4252b51c92296ab5a74e
2025-11-28 15:20:12.735 65815 WARNING tempest.lib.common.ssh [-] Failed to establish authenticated ssh connection to cirros@10.180.180.172 ([Errno None] Unable to connect to port 22 on 10.180.180.172). Number attempts: 1. Retry after 2 seconds.: paramiko.ssh_exception.NoValidConnectionsError: [Errno None] Unable to connect to port 22 on 10.180.180.172
2025-11-28 15:20:12.786 65791 INFO tempest.lib.common.rest_client [req-c65fef67-abed-4db6-938b-b6dbce023cea req-c65fef67-abed-4db6-938b-b6dbce023cea ] Request (FlavorsAccessNegativeTestJSON:tearDownClass): 201 POST http://10.180.1.21/identity/v3/auth/tokens 0.075s
2025-11-28 15:20:12.883 65779 INFO tempest.lib.common.rest_client [req-7d33f8fc-5514-4823-b4ba-3d8dec1d1b88 req-7d33f8fc-5514-4823-b4ba-3d8dec1d1b88 ] Request (VolumesAdminNegativeTest:setUpClass): 201 POST http://10.180.1.21/networking/v2.0/routers 1.404s
2025-11-28 15:20:13.014 65775 INFO tempest.lib.common.rest_client [req-284774f0-730b-4243-8fbb-7067d9645242 req-284774f0-730b-4243-8fbb-7067d9645242 ] Request (SecurityGroupRulesTestJSON:tearDownClass): 202 DELETE http://10.180.1.21/compute/v2.1/os-security-groups/88dfa305-7184-413f-a623-9a81784cfbb1 5.979s
2025-11-28 15:20:13.038 65763 INFO tempest.lib.common.rest_client [req-a345c7e9-e6d1-40c3-8219-ce614e5efea4 req-a345c7e9-e6d1-40c3-8219-ce614e5efea4 ] Request (KeyPairsV22TestJSON:_run_cleanups): 204 DELETE http://10.180.1.21/compute/v2.1/os-keypairs/tempest-KeyPairsV22TestJSON-keypair-1668487335 5.658s
2025-11-28 15:20:13.343 65791 INFO tempest.lib.common.rest_client [req-67a9aa83-f317-46d2-bc3a-8ab80539a7dd req-67a9aa83-f317-46d2-bc3a-8ab80539a7dd ] Request (FlavorsAccessNegativeTestJSON:tearDownClass): 200 GET http://10.180.1.21/networking/v2.0/security-groups?tenant_id=c270e952d93a4252b51c92296ab5a74e&name=default 0.557s
2025-11-28 15:20:13.457 65789 INFO tempest.lib.common.rest_client [req-2b8b1ad0-3998-49be-90ca-a3a5afb2e732 req-2b8b1ad0-3998-49be-90ca-a3a5afb2e732 ] Request (ServersTestBootFromVolume:setUpClass): 200 GET http://10.180.1.21/volume/v3/volumes/239ceb96-8f32-46f8-95b0-d59bf60603f3 0.037s
2025-11-28 15:20:13.950 65825 WARNING tempest.lib.common.ssh [-] Failed to establish authenticated ssh connection to cirros@10.180.180.250 ([Errno None] Unable to connect to port 22 on 10.180.180.250). Number attempts: 7. Retry after 8 seconds.: paramiko.ssh_exception.NoValidConnectionsError: [Errno None] Unable to connect to port 22 on 10.180.180.250
2025-11-28 15:20:14.166 65817 INFO tempest.lib.common.rest_client [req-73578e8e-2ab8-41a8-a351-07cbe9af086d req-73578e8e-2ab8-41a8-a351-07cbe9af086d ] Request (ServerDiskConfigTestJSON:test_rebuild_server_with_auto_disk_config): 200 GET http://10.180.1.21/compute/v2.1/servers/e8d3fc9d-b48d-4135-873d-c5de8be9d378 6.811s
2025-11-28 15:20:14.282 65791 INFO tempest.lib.common.rest_client [req-0508b7a3-c64a-4982-bd85-b6796232450a req-0508b7a3-c64a-4982-bd85-b6796232450a ] Request (FlavorsAccessNegativeTestJSON:tearDownClass): 204 DELETE http://10.180.1.21/networking/v2.0/security-groups/0299828d-d159-4961-bb8b-d2ab7253e4a2 0.938s
2025-11-28 15:20:14.357 65791 INFO tempest.lib.common.rest_client [req-15592e99-ef58-431b-a536-bf1c30e90d24 req-15592e99-ef58-431b-a536-bf1c30e90d24 ] Request (FlavorsAccessNegativeTestJSON:tearDownClass): 204 DELETE http://10.180.1.21/identity/v3/projects/c270e952d93a4252b51c92296ab5a74e 0.074s
2025-11-28 15:20:14.357 65791 INFO tempest.lib.common.dynamic_creds [-] Deleting project and security group for project: 12197decff65415d98c6d9ae71a822b7
2025-11-28 15:20:14.396 65821 INFO tempest.lib.common.rest_client [req-94cfa80d-bb75-48a6-89d5-a6ca6cdae6b3 req-94cfa80d-bb75-48a6-89d5-a6ca6cdae6b3 ] Request (ServerRescueNegativeTestJSON:test_rescued_vm_attach_volume): 200 GET http://10.180.1.21/compute/v2.1/servers/2323e17d-d550-474f-96f6-85d22a40903b 6.904s
2025-11-28 15:20:14.402 65781 INFO tempest.lib.common.rest_client [req-5c673198-d0a0-4586-b403-98a16852fea7 req-5c673198-d0a0-4586-b403-98a16852fea7 ] Request (ServersAdminNegativeTestJSON:test_reset_state_server_invalid_type): 400 POST http://10.180.1.21/compute/v2.1/servers/bb96c563-e906-4e54-976d-a2d003c4fb24/action 6.282s
2025-11-28 15:20:14.412 65823 INFO tempest.lib.common.rest_client [req-b6f1b8ef-0c94-49c1-91cf-ca35aa11a933 req-b6f1b8ef-0c94-49c1-91cf-ca35aa11a933 ] Request (DeleteServersTestJSON:test_delete_active_server): 200 GET http://10.180.1.21/compute/v2.1/servers/6ab3782d-b5d0-457d-9223-6c33ef39f5e7 6.834s
2025-11-28 15:20:14.496 65789 INFO tempest.lib.common.rest_client [req-dbbebbcd-e579-404c-9366-0e29ef986d29 req-dbbebbcd-e579-404c-9366-0e29ef986d29 ] Request (ServersTestBootFromVolume:setUpClass): 200 GET http://10.180.1.21/volume/v3/volumes/239ceb96-8f32-46f8-95b0-d59bf60603f3 0.028s
2025-11-28 15:20:14.558 65779 INFO tempest.lib.common.rest_client [req-004d6b7d-7328-4c31-a4c0-9d2450e8e5fe req-004d6b7d-7328-4c31-a4c0-9d2450e8e5fe ] Request (VolumesAdminNegativeTest:setUpClass): 200 PUT http://10.180.1.21/networking/v2.0/routers/6f09aa06-d1c2-42a2-a18e-96efb19abdae/add_router_interface 1.675s
2025-11-28 15:20:14.559 65779 INFO tempest.lib.common.dynamic_creds [-] Created isolated network resources for: credentials: Credentials: {'domain_id': 'default', 'domain_name': 'Default', 'username': 'tempest-VolumesAdminNegativeTest-228487700-project', 'project_domain_id': 'default', 'project_domain_name': 'Default', 'project_id': 'c847ef6ba6a04e7685c419d0480a64a1', 'project_name': 'tempest-VolumesAdminNegativeTest-228487700', 'tenant_id': 'c847ef6ba6a04e7685c419d0480a64a1', 'tenant_name': 'tempest-VolumesAdminNegativeTest-228487700', 'user_domain_id': 'default', 'user_domain_name': 'Default', 'user_id': '97e7a2678d2146b1bff300be51cd431c', 'system': None}, Network: {'id': 'ff3eac94-991a-4378-808b-43c0603217f2', 'name': 'tempest-VolumesAdminNegativeTest-497387791-network', 'tenant_id': 'c847ef6ba6a04e7685c419d0480a64a1', 'project_id': 'c847ef6ba6a04e7685c419d0480a64a1', 'admin_state_up': True, 'mtu': 8950, 'status': 'ACTIVE', 'subnets': [], 'shared': False, 'port_security_enabled': True, 'router:external': False, 'provider:network_type': 'vlan', 'provider:physical_network': 'default', 'provider:segmentation_id': 3, 'availability_zone_hints': [], 'availability_zones': [], 'ipv4_address_scope': None, 'ipv6_address_scope': None, 'description': '', 'tags': [], 'created_at': '2025-11-28T15:20:11Z', 'updated_at': '2025-11-28T15:20:11Z', 'revision_number': 1}, Subnet: {'id': 'eab4b01c-3045-405e-a4d7-0d62e8d96cc1', 'name': 'tempest-VolumesAdminNegativeTest-497387791-subnet', 'tenant_id': 'c847ef6ba6a04e7685c419d0480a64a1', 'network_id': 'ff3eac94-991a-4378-808b-43c0603217f2', 'ip_version': 4, 'subnetpool_id': None, 'enable_dhcp': True, 'ipv6_ra_mode': None, 'ipv6_address_mode': None, 'gateway_ip': '192.168.128.1', 'cidr': '192.168.128.0/28', 'allocation_pools': [{'start': '192.168.128.2', 'end': '192.168.128.14'}], 'host_routes': [], 'dns_nameservers': [], 'description': '', 'router:external': False, 'service_types': [], 'tags': [], 'created_at': '2025-11-28T15:20:11Z', 'updated_at': '2025-11-28T15:20:11Z', 'revision_number': 0, 'project_id': 'c847ef6ba6a04e7685c419d0480a64a1'}, Router: {'id': '6f09aa06-d1c2-42a2-a18e-96efb19abdae', 'name': 'tempest-VolumesAdminNegativeTest-497387791-router', 'tenant_id': 'c847ef6ba6a04e7685c419d0480a64a1', 'admin_state_up': True, 'status': 'ACTIVE', 'external_gateway_info': {'network_id': '3192c6f9-52e2-47a2-958f-b85cfb86149c', 'external_fixed_ips': [{'subnet_id': 'c70195db-719b-4785-a24f-4488fc7c65eb', 'ip_address': '10.180.180.163'}], 'enable_snat': True}, 'description': '', 'availability_zones': [], 'distributed': False, 'ha': False, 'availability_zone_hints': [], 'routes': [], 'flavor_id': None, 'tags': [], 'created_at': '2025-11-28T15:20:11Z', 'updated_at': '2025-11-28T15:20:12Z', 'revision_number': 2, 'project_id': 'c847ef6ba6a04e7685c419d0480a64a1'}
2025-11-28 15:20:14.590 65791 INFO tempest.lib.common.rest_client [req-fbb4f326-7f7b-4c1f-8ece-804a8ee6ba81 req-fbb4f326-7f7b-4c1f-8ece-804a8ee6ba81 ] Request (FlavorsAccessNegativeTestJSON:tearDownClass): 200 GET http://10.180.1.21/networking/v2.0/security-groups?tenant_id=12197decff65415d98c6d9ae71a822b7&name=default 0.232s
2025-11-28 15:20:14.663 65779 INFO tempest.lib.common.rest_client [req-225638cf-722f-45ec-b2fa-be2318c095f7 req-225638cf-722f-45ec-b2fa-be2318c095f7 ] Request (VolumesAdminNegativeTest:setUpClass): 201 POST http://10.180.1.21/identity/v3/auth/tokens 0.101s
2025-11-28 15:20:14.742 65779 INFO tempest.lib.common.rest_client [req-d5d9980c-b491-4c9d-906e-76e7b9fc5faa req-d5d9980c-b491-4c9d-906e-76e7b9fc5faa ] Request (VolumesAdminNegativeTest:test_update_attached_volume_with_nonexistent_volume_in_uri): 201 POST http://10.180.1.21/identity/v3/auth/tokens 0.070s
