2025-11-28 15:20:36.783 65791 INFO tempest.lib.common.rest_client [req-63307fcf-1513-4ce4-834f-dd08fbb205cd req-63307fcf-1513-4ce4-834f-dd08fbb205cd ] Request (ServerDiagnosticsTest:test_get_server_diagnostics): 200 GET http://10.180.1.21/compute/v2.1/servers/b36528f6-a337-4152-b42f-d93c5cbb997c 0.849s
2025-11-28 15:20:36.849 65817 INFO tempest.lib.common.rest_client [req-b934195d-5889-4907-ab34-5fe9ee6f8048 req-b934195d-5889-4907-ab34-5fe9ee6f8048 ] Request (ServerDiskConfigTestJSON:test_rebuild_server_with_manual_disk_config): 200 GET http://10.180.1.21/compute/v2.1/servers/f0ddf5e1-3bfe-47a7-85a9-c0c1514f3cef 0.847s
2025-11-28 15:20:36.869 65797 INFO tempest.lib.common.rest_client [req-e9172a6a-e75f-42a5-b435-740a7303c844 req-e9172a6a-e75f-42a5-b435-740a7303c844 ] Request (AZAdminNegativeTestJSON:test_get_availability_zone_list_detail_with_non_admin_user): 403 GET http://10.180.1.21/compute/v2.1/os-availability-zone/detail 0.891s
2025-11-28 15:20:36.874 65815 WARNING tempest.lib.common.ssh [-] Failed to establish authenticated ssh connection to cirros@10.180.180.172 ([Errno None] Unable to connect to port 22 on 10.180.180.172). Number attempts: 6. Retry after 7 seconds.: paramiko.ssh_exception.NoValidConnectionsError: [Errno None] Unable to connect to port 22 on 10.180.180.172
2025-11-28 15:20:36.908 65823 INFO tempest.lib.common.rest_client [req-a7994cf6-1d5a-497d-8807-2aedca31c610 req-a7994cf6-1d5a-497d-8807-2aedca31c610 ] Request (DeleteServersTestJSON:test_delete_server_while_in_attached_volume): 200 GET http://10.180.1.21/compute/v2.1/servers/27423d2c-1236-417d-a97f-da28fa0716ac 0.827s
2025-11-28 15:20:36.981 65809 INFO tempest.lib.common.rest_client [req-9d26aad3-d9eb-4e5e-b2d0-7dafadf76a68 req-9d26aad3-d9eb-4e5e-b2d0-7dafadf76a68 ] Request (ServerDiagnosticsV248Test:tearDownClass): 200 GET http://10.180.1.21/compute/v2.1/servers/86240fa8-9090-4fe5-83f0-05019f8c044e 0.766s
2025-11-28 15:20:37.015 65797 INFO tempest.lib.common.rest_client [req-2bcc004e-6f61-4e47-ba23-101bc974af05 req-2bcc004e-6f61-4e47-ba23-101bc974af05 ] Request (AZAdminNegativeTestJSON:tearDownClass): 204 DELETE http://10.180.1.21/identity/v3/users/60668414533543949b5fea56b353d62a 0.145s
2025-11-28 15:20:37.045 65781 INFO tempest.lib.common.rest_client [req-66a971fe-f614-4e7b-9947-50a10a3f1daf req-66a971fe-f614-4e7b-9947-50a10a3f1daf ] Request (ServersAdminNegativeTestJSON:tearDownClass): 200 GET http://10.180.1.21/compute/v2.1/servers/3fa4452f-0cb5-4322-9425-8fe2212029a6 0.960s
2025-11-28 15:20:37.176 65763 INFO tempest.lib.common.rest_client [req-2db425d7-be66-4645-bc7d-edacdccb3718 req-2db425d7-be66-4645-bc7d-edacdccb3718 ] Request (SecurityGroupRulesNegativeTestJSON:test_create_security_group_rule_duplicate): 400 POST http://10.180.1.21/compute/v2.1/os-security-group-rules 0.779s
2025-11-28 15:20:37.189 65797 INFO tempest.lib.common.rest_client [req-6711319c-c9bf-42d2-8d64-6462604e4a7a req-6711319c-c9bf-42d2-8d64-6462604e4a7a ] Request (AZAdminNegativeTestJSON:tearDownClass): 204 DELETE http://10.180.1.21/identity/v3/users/4c828d8da53f4f8aa0cf7335eb211961 0.172s
2025-11-28 15:20:37.189 65797 INFO tempest.lib.common.dynamic_creds [-] Deleting project and security group for project: 9a6e7294f3b54cb5a287f55250a09d30
2025-11-28 15:20:37.213 65819 INFO tempest.lib.common.rest_client [req-20cb7794-7521-471d-b769-11a96b263d87 req-20cb7794-7521-471d-b769-11a96b263d87 ] Request (InstanceActionsNegativeTestJSON:tearDownClass): 200 GET http://10.180.1.21/compute/v2.1/servers/d6d98294-81ee-4ec9-a0f2-cba2d2a5c214 0.993s
2025-11-28 15:20:37.230 65799 INFO tempest.lib.common.rest_client [req-ca92b255-bde8-4912-8d1c-9219264d5164 req-ca92b255-bde8-4912-8d1c-9219264d5164 ] Request (FlavorsAdminTestJSON:_run_cleanups): 200 GET http://10.180.1.21/compute/v2.1/flavors/detail 0.820s
2025-11-28 15:20:37.305 65797 INFO tempest.lib.common.rest_client [req-49094d9a-9d80-4953-8897-255581f93585 req-49094d9a-9d80-4953-8897-255581f93585 ] Request (AZAdminNegativeTestJSON:tearDownClass): 201 POST http://10.180.1.21/identity/v3/auth/tokens 0.115s
2025-11-28 15:20:37.355 65769 INFO tempest.lib.common.rest_client [req-101a6724-4e45-4bf2-ac18-700d26a4163a req-101a6724-4e45-4bf2-ac18-700d26a4163a ] Request (AttachInterfacesUnderV243Test:test_add_remove_fixed_ip): 200 GET http://10.180.1.21/compute/v2.1/servers/ddd40e5d-993b-445b-932d-74d8208f25f4/os-interface/f7aded81-bf2a-46fc-96e8-56ce8afcce95 0.841s
2025-11-28 15:20:37.397 65783 INFO tempest.lib.common.rest_client [req-fcf17b55-db1c-4b9a-9d09-71c6aee98bcb req-fcf17b55-db1c-4b9a-9d09-71c6aee98bcb ] Request (ServersNegativeTestJSON:tearDown): 200 GET http://10.180.1.21/compute/v2.1/servers/09dc54cd-2c8b-48e2-866e-46ff1c02fde6 0.881s
2025-11-28 15:20:37.421 65811 INFO tempest.lib.common.rest_client [req-020f72b6-02e9-4c32-b443-ed501869da18 req-020f72b6-02e9-4c32-b443-ed501869da18 ] Request (DeleteServersAdminTestJSON:test_delete_server_while_in_error_state): 404 GET http://10.180.1.21/compute/v2.1/servers/8a776784-bfdf-4e13-bab0-0daaec111010 0.809s
2025-11-28 15:20:37.426 65779 INFO tempest.lib.common.rest_client [req-8590c3f9-7c8d-4f30-a39a-111dd8f4e9e7 req-8590c3f9-7c8d-4f30-a39a-111dd8f4e9e7 ] Request (VolumesAdminNegativeTest:test_update_attached_volume_with_nonexistent_volume_in_uri): 200 GET http://10.180.1.21/compute/v2.1/servers/b7a2e248-446f-4f23-a88d-95b19a5ca410 0.902s
2025-11-28 15:20:37.486 65821 INFO tempest.lib.common.rest_client [req-37d444c8-45cb-42e4-a215-dd89aadd91d2 req-37d444c8-45cb-42e4-a215-dd89aadd91d2 ] Request (ServerRescueNegativeTestJSON:test_rescued_vm_detach_volume): 200 GET http://10.180.1.21/compute/v2.1/servers/39d915fb-1948-4fc8-beb9-e05686256b24 0.847s
2025-11-28 15:20:37.540 65797 INFO tempest.lib.common.rest_client [req-f0dab976-6866-4ebb-a877-7d7ad7a3d827 req-f0dab976-6866-4ebb-a877-7d7ad7a3d827 ] Request (AZAdminNegativeTestJSON:tearDownClass): 200 GET http://10.180.1.21/networking/v2.0/security-groups?tenant_id=9a6e7294f3b54cb5a287f55250a09d30&name=default 0.235s
2025-11-28 15:20:37.552 65773 INFO tempest.lib.common.rest_client [req-3973bb63-27c1-4047-b758-52c505d8c15c req-3973bb63-27c1-4047-b758-52c505d8c15c ] Request (ServersTestManualDisk:test_list_servers): 200 GET http://10.180.1.21/compute/v2.1/servers 0.930s
2025-11-28 15:20:37.673 65777 INFO tempest.lib.common.rest_client [req-81c46251-6033-4c81-ae56-7f205a499b54 req-81c46251-6033-4c81-ae56-7f205a499b54 ] Request (ServersV294TestFqdnHostnames:setUpClass): 200 GET http://10.180.1.21/compute/v2.1/servers/d9bed44f-d1c2-4c62-b842-085481a74f4b 1.013s
2025-11-28 15:20:37.703 65797 INFO tempest.lib.common.rest_client [req-0074698b-3b4d-4a6c-a8d5-5ace915990bf req-0074698b-3b4d-4a6c-a8d5-5ace915990bf ] Request (AZAdminNegativeTestJSON:tearDownClass): 204 DELETE http://10.180.1.21/networking/v2.0/security-groups/fecffa51-917b-4a13-be83-43a8ca332d35 0.162s
2025-11-28 15:20:37.766 65801 INFO tempest.lib.common.rest_client [req-a915fda7-f920-499c-82f8-d29f0f03c1a5 req-a915fda7-f920-499c-82f8-d29f0f03c1a5 ] Request (ServersAdminTestJSON:test_create_server_with_scheduling_hint): 200 GET http://10.180.1.21/compute/v2.1/servers/959e14e4-17ce-4603-84a1-1e58f700127a 1.054s
2025-11-28 15:20:37.819 65797 INFO tempest.lib.common.rest_client [req-589f8e27-bd28-4128-8909-4de1bfb8e64d req-589f8e27-bd28-4128-8909-4de1bfb8e64d ] Request (AZAdminNegativeTestJSON:tearDownClass): 204 DELETE http://10.180.1.21/identity/v3/projects/9a6e7294f3b54cb5a287f55250a09d30 0.115s
2025-11-28 15:20:37.819 65797 INFO tempest.lib.common.dynamic_creds [-] Deleting project and security group for project: 8820ad4ce5774b5398e17f6fe6debd90
2025-11-28 15:20:37.835 65805 INFO tempest.lib.common.rest_client [req-3deb30b2-4ba0-4993-92b5-010832cb9f5d req-3deb30b2-4ba0-4993-92b5-010832cb9f5d ] Request (MigrationsAdminTest:test_resize_server_revert_deleted_flavor): 200 GET http://10.180.1.21/compute/v2.1/servers/274396ed-bc5c-4de6-9e90-65dadede1b0d 1.094s
2025-11-28 15:20:37.967 65797 INFO tempest.lib.common.rest_client [req-ee73437b-7fbe-4ac1-9f24-fd2b00208788 req-ee73437b-7fbe-4ac1-9f24-fd2b00208788 ] Request (AZAdminNegativeTestJSON:tearDownClass): 200 GET http://10.180.1.21/networking/v2.0/security-groups?tenant_id=8820ad4ce5774b5398e17f6fe6debd90&name=default 0.147s
2025-11-28 15:20:38.024 65788 INFO tempest.lib.common.rest_client [req-42f8f2ad-9e34-4610-9651-573699a58065 req-42f8f2ad-9e34-4610-9651-573699a58065 ] Request (VolumesAssistedSnapshotsTest:tearDownClass): 200 GET http://10.180.1.21/compute/v2.1/servers/3c3feb50-6869-4cae-a00d-83c66aaa8cde 1.206s
2025-11-28 15:20:38.118 65797 INFO tempest.lib.common.rest_client [req-ce1b46bc-1b9c-48bd-83a3-d2cc92c13992 req-ce1b46bc-1b9c-48bd-83a3-d2cc92c13992 ] Request (AZAdminNegativeTestJSON:tearDownClass): 204 DELETE http://10.180.1.21/networking/v2.0/security-groups/cbb9ee7d-78f1-464d-968b-e90e34cb3cf4 0.151s
2025-11-28 15:20:38.142 65825 WARNING tempest.lib.common.ssh [-] Failed to establish authenticated ssh connection to cirros@10.180.180.250 ([Errno None] Unable to connect to port 22 on 10.180.180.250). Number attempts: 9. Retry after 10 seconds.: paramiko.ssh_exception.NoValidConnectionsError: [Errno None] Unable to connect to port 22 on 10.180.180.250
2025-11-28 15:20:38.154 65775 INFO tempest.lib.common.rest_client [req-9573354d-3f2e-44d4-97d7-9476dfeab544 req-9573354d-3f2e-44d4-97d7-9476dfeab544 ] Request (ServerRescueTestJSON:setUpClass): 200 GET http://10.180.1.21/compute/v2.1/servers/bb18642a-101b-4a32-9d82-c4de578b5a3c 1.274s
2025-11-28 15:20:38.168 65793 INFO tempest.lib.common.rest_client [req-1f9733bd-3217-4b48-8641-4bdaf107cbb5 req-1f9733bd-3217-4b48-8641-4bdaf107cbb5 ] Request (ImagesOneServerNegativeTestJSON:tearDown): 200 GET http://10.180.1.21/compute/v2.1/servers/21f0ca15-62e4-44de-936f-0b1272d0134f 1.497s
2025-11-28 15:20:38.227 65789 INFO tempest.lib.common.rest_client [req-c4872d37-88fd-4262-94ed-91461661a8e3 req-c4872d37-88fd-4262-94ed-91461661a8e3 ] Request (ServersTestBootFromVolume:setUpClass): 200 GET http://10.180.1.21/compute/v2.1/servers/2d522441-20df-40a3-905b-83261f3b7396 1.237s
2025-11-28 15:20:38.240 65771 INFO tempest.lib.common.rest_client [req-ab945922-e941-4d0d-b22a-bf3df7cde1e6 req-ab945922-e941-4d0d-b22a-bf3df7cde1e6 ] Request (ServerShowV247Test:tearDownClass): 200 GET http://10.180.1.21/compute/v2.1/servers/23049273-559d-42ce-8434-99fca222d63c 1.318s
2025-11-28 15:20:38.246 65797 INFO tempest.lib.common.rest_client [req-ab7dab03-4572-427a-91c9-c927e97babec req-ab7dab03-4572-427a-91c9-c927e97babec ] Request (AZAdminNegativeTestJSON:tearDownClass): 204 DELETE http://10.180.1.21/identity/v3/projects/8820ad4ce5774b5398e17f6fe6debd90 0.127s
2025-11-28 15:20:38.248 65797 INFO tempest.test [-] raised in LiveMigrationRemoteConsolesV26Test.setUpClass. Invoking tearDownClass.
2025-11-28 15:20:38.300 65795 INFO tempest.lib.common.rest_client [req-9b4885d3-7a82-443c-acd6-ff6f80cdcd16 req-9b4885d3-7a82-443c-acd6-ff6f80cdcd16 ] Request (ServersWithSpecificFlavorTestJSON:test_verify_created_server_ephemeral_disk): 200 GET http://10.180.1.21/compute/v2.1/servers/50fa0623-9c37-47e4-8192-fbf22f080af3 1.292s
2025-11-28 15:20:38.312 65803 INFO tempest.lib.common.rest_client [req-ffa3f333-fe75-44d7-93d9-e723c5174656 req-ffa3f333-fe75-44d7-93d9-e723c5174656 ] Request (FloatingIPsAssociationNegativeTestJSON:tearDownClass): 200 GET http://10.180.1.21/compute/v2.1/servers/cb404fff-1490-420b-9b9c-e591f4746b72 1.204s
2025-11-28 15:20:38.326 65797 INFO tempest.lib.common.rest_client [req-f5e951c6-d1e4-4e16-b9e4-4849c79204e0 req-f5e951c6-d1e4-4e16-b9e4-4849c79204e0 ] Request (ServicesAdminNegativeTestJSON:setUpClass): 201 POST http://10.180.1.21/identity/v3/auth/tokens 0.076s
2025-11-28 15:20:38.369 65797 INFO tempest.lib.common.rest_client [req-be6d56d8-f55b-42c2-a45f-daa77cfe25f2 req-be6d56d8-f55b-42c2-a45f-daa77cfe25f2 ] Request (ServicesAdminNegativeTestJSON:setUpClass): 201 POST http://10.180.1.21/identity/v3/auth/tokens 0.040s
2025-11-28 15:20:38.378 65813 INFO tempest.lib.common.rest_client [req-c41e217b-e770-44fe-8f84-a5f61635fd41 req-c41e217b-e770-44fe-8f84-a5f61635fd41 ] Request (ServerGroupTestJSON:_run_cleanups): 200 GET http://10.180.1.21/compute/v2.1/servers/62cebfd5-b77e-45a8-ba2c-5ea2cfcf95ca 1.155s
2025-11-28 15:20:38.401 65799 INFO tempest.lib.common.rest_client [req-43ecfc9f-d6b7-4e65-a171-e9b9d7d866f4 req-43ecfc9f-d6b7-4e65-a171-e9b9d7d866f4 ] Request (FlavorsAdminTestJSON:test_list_non_public_flavor): 200 POST http://10.180.1.21/compute/v2.1/flavors 1.163s
2025-11-28 15:20:38.410 65797 INFO tempest.lib.common.rest_client [req-0de5e83e-2c23-460e-bdfc-560db4b0c77b req-0de5e83e-2c23-460e-bdfc-560db4b0c77b ] Request (ServicesAdminNegativeTestJSON:setUpClass): 200 GET http://10.180.1.21/identity/v3/domains?name=Default 0.040s
2025-11-28 15:20:38.427 65769 INFO tempest.lib.common.rest_client [req-9caf1d5a-d0ec-472a-8d65-fbfc9b9b66ca req-9caf1d5a-d0ec-472a-8d65-fbfc9b9b66ca ] Request (AttachInterfacesUnderV243Test:test_add_remove_fixed_ip): 200 GET http://10.180.1.21/compute/v2.1/servers/ddd40e5d-993b-445b-932d-74d8208f25f4/ips 1.070s
2025-11-28 15:20:38.443 65797 INFO tempest.lib.common.rest_client [req-09a44c67-b76c-4387-a52c-aaca47531ed0 req-09a44c67-b76c-4387-a52c-aaca47531ed0 ] Request (ServicesAdminNegativeTestJSON:setUpClass): 201 POST http://10.180.1.21/identity/v3/projects 0.032s
2025-11-28 15:20:38.455 65763 INFO tempest.lib.common.rest_client [req-8eb433b7-1b06-49bc-99fa-4828f660b743 req-8eb433b7-1b06-49bc-99fa-4828f660b743 ] Request (SecurityGroupRulesNegativeTestJSON:_run_cleanups): 202 DELETE http://10.180.1.21/compute/v2.1/os-security-group-rules/2b845eac-417e-40f5-833e-8ada36bb1442 1.278s
2025-11-28 15:20:38.480 65811 INFO tempest.lib.common.rest_client [req-8a62225a-5d2b-4f3e-9247-1fcc915bd247 req-8a62225a-5d2b-4f3e-9247-1fcc915bd247 ] Request (DeleteServersAdminTestJSON:tearDownClass): 404 DELETE http://10.180.1.21/compute/v2.1/servers/8a776784-bfdf-4e13-bab0-0daaec111010 1.055s
2025-11-28 15:20:38.523 65785 INFO tempest.lib.common.rest_client [req-37415519-cd10-4763-9672-d7f77c8a78e4 req-37415519-cd10-4763-9672-d7f77c8a78e4 ] Request (ImagesOneServerTestJSON:test_create_delete_image): 200 GET http://10.180.1.21/compute/v2.1/images/c308b551-a674-4ee2-9e81-a46c3f16ad87 0.963s
2025-11-28 15:20:38.526 65797 INFO tempest.lib.common.rest_client [req-3ca7ed52-f7f9-4825-9ff5-c1784b049853 req-3ca7ed52-f7f9-4825-9ff5-c1784b049853 ] Request (ServicesAdminNegativeTestJSON:setUpClass): 201 POST http://10.180.1.21/identity/v3/users 0.083s
2025-11-28 15:20:38.555 65797 INFO tempest.lib.common.rest_client [req-c9186759-61b1-440b-825d-a8e57a83bae2 req-c9186759-61b1-440b-825d-a8e57a83bae2 ] Request (ServicesAdminNegativeTestJSON:setUpClass): 200 GET http://10.180.1.21/identity/v3/roles 0.028s
2025-11-28 15:20:38.562 65783 INFO tempest.lib.common.rest_client [req-0de9d5ea-bcb1-4b5f-ac92-cd85622eb9b3 req-0de9d5ea-bcb1-4b5f-ac92-cd85622eb9b3 ] Request (ServersNegativeTestJSON:setUp): 200 GET http://10.180.1.21/compute/v2.1/servers/09dc54cd-2c8b-48e2-866e-46ff1c02fde6 1.153s
2025-11-28 15:20:38.591 65797 INFO tempest.lib.common.rest_client [req-4ce89ee7-20a7-4853-b94f-cdea91a59fd2 req-4ce89ee7-20a7-4853-b94f-cdea91a59fd2 ] Request (ServicesAdminNegativeTestJSON:setUpClass): 204 PUT http://10.180.1.21/identity/v3/projects/95fd6c4624e34bceae9faea6425f88f3/users/0cbc8fd64bb04406922e37693c5d9640/roles/0bc4bc43f5384a6887704a9da540f079 0.034s
2025-11-28 15:20:38.591 65797 INFO tempest.lib.common.dynamic_creds [-] Dynamic test user 0cbc8fd64bb04406922e37693c5d9640 is created with scope project and roles: ['member']
2025-11-28 15:20:38.592 65797 INFO tempest.lib.common.dynamic_creds [-] Acquired dynamic creds: credentials: Credentials: {'domain_id': 'default', 'domain_name': 'Default', 'username': 'tempest-ServicesAdminNegativeTestJSON-541674963-project-member', 'project_domain_id': 'default', 'project_domain_name': 'Default', 'project_id': '95fd6c4624e34bceae9faea6425f88f3', 'project_name': 'tempest-ServicesAdminNegativeTestJSON-541674963', 'tenant_id': '95fd6c4624e34bceae9faea6425f88f3', 'tenant_name': 'tempest-ServicesAdminNegativeTestJSON-541674963', 'user_domain_id': 'default', 'user_domain_name': 'Default', 'user_id': '0cbc8fd64bb04406922e37693c5d9640', 'system': None}, Network: None, Subnet: None, Router: None
2025-11-28 15:20:38.592 65797 INFO tempest.lib.common.dynamic_creds [-] Created isolated network resources for: credentials: Credentials: {'domain_id': 'default', 'domain_name': 'Default', 'username': 'tempest-ServicesAdminNegativeTestJSON-541674963-project-member', 'project_domain_id': 'default', 'project_domain_name': 'Default', 'project_id': '95fd6c4624e34bceae9faea6425f88f3', 'project_name': 'tempest-ServicesAdminNegativeTestJSON-541674963', 'tenant_id': '95fd6c4624e34bceae9faea6425f88f3', 'tenant_name': 'tempest-ServicesAdminNegativeTestJSON-541674963', 'user_domain_id': 'default', 'user_domain_name': 'Default', 'user_id': '0cbc8fd64bb04406922e37693c5d9640', 'system': None}, Network: None, Subnet: None, Router: None
2025-11-28 15:20:38.627 65765 INFO tempest.lib.common.rest_client [req-69e9835b-e232-4119-a1ad-c4e76a88876d req-69e9835b-e232-4119-a1ad-c4e76a88876d ] Request (ServersAdmin275Test:test_rebuild_update_server_275): 200 GET http://10.180.1.21/compute/v2.1/servers/3a9be798-bb49-4c0c-9421-b7465a538afe 0.895s
2025-11-28 15:20:38.660 65783 INFO tempest.lib.common.rest_client [req-b462d272-3faa-435b-8e8f-e90d47e4bf20 req-b462d272-3faa-435b-8e8f-e90d47e4bf20 ] Request (ServersNegativeTestJSON:test_create_server_name_length_exceeds_256): 201 POST http://10.180.1.21/identity/v3/auth/tokens 0.086s
2025-11-28 15:20:38.660 65783 INFO tempest.lib.common.fixed_network [-] (ServersNegativeTestJSON:test_create_server_name_length_exceeds_256) Found network {'id': '63ad0654-8097-4159-97f8-fefa5c466ef8', 'name': 'tempest-ServersNegativeTestJSON-643785259-network', 'tenant_id': 'd125532c61a2493e985f00308260fdf4', 'project_id': 'd125532c61a2493e985f00308260fdf4', 'admin_state_up': True, 'mtu': 8950, 'status': 'ACTIVE', 'subnets': [], 'shared': False, 'port_security_enabled': True, 'router:external': False, 'provider:network_type': 'vlan', 'provider:physical_network': 'default', 'provider:segmentation_id': 955, 'availability_zone_hints': [], 'availability_zones': [], 'ipv4_address_scope': None, 'ipv6_address_scope': None, 'description': '', 'tags': [], 'created_at': '2025-11-28T15:18:43Z', 'updated_at': '2025-11-28T15:18:43Z', 'revision_number': 1} available for tenant
2025-11-28 15:20:38.704 65797 INFO tempest.lib.common.rest_client [req-76ad0004-44f0-4792-92c8-13c18bc079ea req-76ad0004-44f0-4792-92c8-13c18bc079ea ] Request (ServicesAdminNegativeTestJSON:setUpClass): 201 POST http://10.180.1.21/identity/v3/auth/tokens 0.109s
2025-11-28 15:20:38.766 65807 INFO tempest.lib.common.rest_client [req-2064c787-7076-456c-abd4-f86aa8b3756d req-2064c787-7076-456c-abd4-f86aa8b3756d ] Request (InstanceActionsV221TestJSON:test_get_list_deleted_instance_actions): 200 GET http://10.180.1.21/compute/v2.1/servers/37ba3abc-366a-4a95-ad04-832822583e1d 1.018s
2025-11-28 15:20:38.773 65797 INFO tempest.lib.common.rest_client [req-0cd62017-8dc2-4be2-9e21-4de07ed9a36b req-0cd62017-8dc2-4be2-9e21-4de07ed9a36b ] Request (ServicesAdminNegativeTestJSON:setUpClass): 201 POST http://10.180.1.21/identity/v3/projects 0.068s
2025-11-28 15:20:38.777 65807 INFO tempest.common.waiters [-] State transition "ACTIVE/deleting" ==> "DELETED/None" after 4 second wait
2025-11-28 15:20:38.794 65773 INFO tempest.lib.common.rest_client [req-9bde069f-e264-4300-a6bc-4a527071def7 req-9bde069f-e264-4300-a6bc-4a527071def7 ] Request (ServersTestManualDisk:test_list_servers_with_detail): 200 GET http://10.180.1.21/compute/v2.1/servers/detail 1.231s
2025-11-28 15:20:38.830 65791 INFO tempest.lib.common.rest_client [req-ed3519b3-1222-470d-b3b9-997dd593240a req-ed3519b3-1222-470d-b3b9-997dd593240a ] Request (ServerDiagnosticsTest:test_get_server_diagnostics): 200 GET http://10.180.1.21/compute/v2.1/servers/b36528f6-a337-4152-b42f-d93c5cbb997c 1.038s
2025-11-28 15:20:38.846 65797 INFO tempest.lib.common.rest_client [req-3260577b-c3ed-4b81-9276-8c5f62f0f015 req-3260577b-c3ed-4b81-9276-8c5f62f0f015 ] Request (ServicesAdminNegativeTestJSON:setUpClass): 201 POST http://10.180.1.21/identity/v3/users 0.072s
2025-11-28 15:20:38.853 65817 INFO tempest.lib.common.rest_client [req-64a00861-c3e3-41bf-b0ec-a96babfbcf77 req-64a00861-c3e3-41bf-b0ec-a96babfbcf77 ] Request (ServerDiskConfigTestJSON:test_rebuild_server_with_manual_disk_config): 200 GET http://10.180.1.21/compute/v2.1/servers/f0ddf5e1-3bfe-47a7-85a9-c0c1514f3cef 0.996s
2025-11-28 15:20:38.872 65797 INFO tempest.lib.common.rest_client [req-9cb9c0e0-786c-41c2-9714-decac1aa5da9 req-9cb9c0e0-786c-41c2-9714-decac1aa5da9 ] Request (ServicesAdminNegativeTestJSON:setUpClass): 200 GET http://10.180.1.21/identity/v3/roles 0.026s
2025-11-28 15:20:38.895 65823 INFO tempest.lib.common.rest_client [req-c03b333c-6385-4811-9121-69769ca967f1 req-c03b333c-6385-4811-9121-69769ca967f1 ] Request (DeleteServersTestJSON:test_delete_server_while_in_attached_volume): 200 GET http://10.180.1.21/compute/v2.1/servers/27423d2c-1236-417d-a97f-da28fa0716ac 0.978s
2025-11-28 15:20:38.907 65797 INFO tempest.lib.common.rest_client [req-b5095f94-2399-456e-ae51-bf38e8346de8 req-b5095f94-2399-456e-ae51-bf38e8346de8 ] Request (ServicesAdminNegativeTestJSON:setUpClass): 204 PUT http://10.180.1.21/identity/v3/projects/87fb9c92a89a4aae9e24ca1cb8967650/users/d2a55fcd6aa34c2a950a0f926439c5df/roles/b69683a58e3f4c00a9bd6eaf7b79fd19 0.034s
2025-11-28 15:20:38.931 65809 INFO tempest.lib.common.rest_client [req-da466e6d-7db0-4fe9-8957-d35c2cfa5e9a req-da466e6d-7db0-4fe9-8957-d35c2cfa5e9a ] Request (ServerDiagnosticsV248Test:tearDownClass): 200 GET http://10.180.1.21/compute/v2.1/servers/86240fa8-9090-4fe5-83f0-05019f8c044e 0.937s
2025-11-28 15:20:38.958 65781 INFO tempest.lib.common.rest_client [req-e4e6d29f-9f16-42f0-9458-2489a1ae8c47 req-e4e6d29f-9f16-42f0-9458-2489a1ae8c47 ] Request (ServersAdminNegativeTestJSON:tearDownClass): 200 GET http://10.180.1.21/compute/v2.1/servers/3fa4452f-0cb5-4322-9425-8fe2212029a6 0.903s
2025-11-28 15:20:38.966 65797 INFO tempest.lib.common.rest_client [req-c07e4720-ca43-45d7-be0d-e0bb912b9be1 req-c07e4720-ca43-45d7-be0d-e0bb912b9be1 ] Request (ServicesAdminNegativeTestJSON:setUpClass): 200 GET http://10.180.1.21/identity/v3/roles 0.058s
2025-11-28 15:20:38.986 65797 INFO tempest.lib.common.rest_client [req-077c7c54-2b24-473b-bb89-f62c05163451 req-077c7c54-2b24-473b-bb89-f62c05163451 ] Request (ServicesAdminNegativeTestJSON:setUpClass): 204 PUT http://10.180.1.21/identity/v3/projects/87fb9c92a89a4aae9e24ca1cb8967650/users/d2a55fcd6aa34c2a950a0f926439c5df/roles/b69683a58e3f4c00a9bd6eaf7b79fd19 0.020s
2025-11-28 15:20:38.986 65797 INFO tempest.lib.common.dynamic_creds [-] Dynamic test user d2a55fcd6aa34c2a950a0f926439c5df is created with scope project and roles: ['admin']
2025-11-28 15:20:38.987 65797 INFO tempest.lib.common.dynamic_creds [-] Acquired dynamic creds: credentials: Credentials: {'domain_id': 'default', 'domain_name': 'Default', 'username': 'tempest-ServicesAdminNegativeTestJSON-1166562589-project-admin', 'project_domain_id': 'default', 'project_domain_name': 'Default', 'project_id': '87fb9c92a89a4aae9e24ca1cb8967650', 'project_name': 'tempest-ServicesAdminNegativeTestJSON-1166562589', 'tenant_id': '87fb9c92a89a4aae9e24ca1cb8967650', 'tenant_name': 'tempest-ServicesAdminNegativeTestJSON-1166562589', 'user_domain_id': 'default', 'user_domain_name': 'Default', 'user_id': 'd2a55fcd6aa34c2a950a0f926439c5df', 'system': None}, Network: None, Subnet: None, Router: None
2025-11-28 15:20:38.987 65797 INFO tempest.lib.common.dynamic_creds [-] Created isolated network resources for: credentials: Credentials: {'domain_id': 'default', 'domain_name': 'Default', 'username': 'tempest-ServicesAdminNegativeTestJSON-1166562589-project-admin', 'project_domain_id': 'default', 'project_domain_name': 'Default', 'project_id': '87fb9c92a89a4aae9e24ca1cb8967650', 'project_name': 'tempest-ServicesAdminNegativeTestJSON-1166562589', 'tenant_id': '87fb9c92a89a4aae9e24ca1cb8967650', 'tenant_name': 'tempest-ServicesAdminNegativeTestJSON-1166562589', 'user_domain_id': 'default', 'user_domain_name': 'Default', 'user_id': 'd2a55fcd6aa34c2a950a0f926439c5df', 'system': None}, Network: None, Subnet: None, Router: None
2025-11-28 15:20:39.009 65819 INFO tempest.lib.common.rest_client [req-a65b53b7-6c07-4684-aea5-41c0d407391e req-a65b53b7-6c07-4684-aea5-41c0d407391e ] Request (InstanceActionsNegativeTestJSON:tearDownClass): 200 GET http://10.180.1.21/compute/v2.1/servers/d6d98294-81ee-4ec9-a0f2-cba2d2a5c214 0.778s
2025-11-28 15:20:39.011 65799 INFO tempest.lib.common.rest_client [req-edf4c9e8-5af9-4f1b-a6ba-d315884a9b8e req-edf4c9e8-5af9-4f1b-a6ba-d315884a9b8e ] Request (FlavorsAdminTestJSON:test_list_non_public_flavor): 200 GET http://10.180.1.21/compute/v2.1/flavors/detail 0.608s
2025-11-28 15:20:39.062 65769 INFO tempest.lib.common.rest_client [req-a8bd0ae4-3b50-4873-bb19-46e8d19827c5 req-a8bd0ae4-3b50-4873-bb19-46e8d19827c5 ] Request (AttachInterfacesUnderV243Test:test_add_remove_fixed_ip): 202 POST http://10.180.1.21/compute/v2.1/servers/ddd40e5d-993b-445b-932d-74d8208f25f4/action 0.631s
2025-11-28 15:20:39.104 65779 INFO tempest.lib.common.rest_client [req-10783db2-167e-4ee5-9f1d-592774ac4ea3 req-10783db2-167e-4ee5-9f1d-592774ac4ea3 ] Request (VolumesAdminNegativeTest:test_update_attached_volume_with_nonexistent_volume_in_uri): 200 GET http://10.180.1.21/compute/v2.1/servers/b7a2e248-446f-4f23-a88d-95b19a5ca410 0.669s
2025-11-28 15:20:39.108 65797 INFO tempest.lib.common.rest_client [req-d7ed4aaa-b310-4233-9d10-2b9657e92074 req-d7ed4aaa-b310-4233-9d10-2b9657e92074 ] Request (ServicesAdminNegativeTestJSON:setUpClass): 201 POST http://10.180.1.21/identity/v3/auth/tokens 0.118s
2025-11-28 15:20:39.131 65811 INFO tempest.lib.common.rest_client [req-3b0df82a-f0a9-477b-8396-436725a466f1 req-3b0df82a-f0a9-477b-8396-436725a466f1 ] Request (DeleteServersAdminTestJSON:tearDownClass): 404 GET http://10.180.1.21/compute/v2.1/servers/8a776784-bfdf-4e13-bab0-0daaec111010 0.650s
2025-11-28 15:20:39.199 65821 INFO tempest.lib.common.rest_client [req-0c8fbf22-38a5-423f-bfba-f3ffe5c19d5f req-0c8fbf22-38a5-423f-bfba-f3ffe5c19d5f ] Request (ServerRescueNegativeTestJSON:test_rescued_vm_detach_volume): 200 GET http://10.180.1.21/compute/v2.1/servers/39d915fb-1948-4fc8-beb9-e05686256b24 0.701s
2025-11-28 15:20:39.251 65785 INFO tempest.lib.common.rest_client [req-2f574b71-a310-403f-8e31-ab1dfd22c219 req-2f574b71-a310-403f-8e31-ab1dfd22c219 ] Request (ImagesOneServerTestJSON:test_create_delete_image): 200 GET http://10.180.1.21/compute/v2.1/images/c308b551-a674-4ee2-9e81-a46c3f16ad87 0.724s
2025-11-28 15:20:39.255 65763 INFO tempest.lib.common.rest_client [req-052133b5-e9b1-4229-8630-748d46cf9547 req-052133b5-e9b1-4229-8630-748d46cf9547 ] Request (SecurityGroupRulesNegativeTestJSON:test_create_security_group_rule_with_invalid_from_port): 200 POST http://10.180.1.21/compute/v2.1/os-security-groups 0.797s
2025-11-28 15:20:39.257 65783 INFO tempest.lib.common.rest_client [req-a7fb546f-fa3e-45e5-bc20-a54d4caddd03 req-a7fb546f-fa3e-45e5-bc20-a54d4caddd03 ] Request (ServersNegativeTestJSON:test_create_server_name_length_exceeds_256): 400 POST http://10.180.1.21/compute/v2.1/servers 0.595s
2025-11-28 15:20:39.321 65801 INFO tempest.lib.common.rest_client [req-0a445f51-e390-4acd-978a-c69675839061 req-0a445f51-e390-4acd-978a-c69675839061 ] Request (ServersAdminTestJSON:test_create_server_with_scheduling_hint): 200 GET http://10.180.1.21/compute/v2.1/servers/959e14e4-17ce-4603-84a1-1e58f700127a 0.545s
2025-11-28 15:20:39.337 65773 INFO tempest.lib.common.rest_client [req-9e08d43f-2662-4953-a69b-9d6de74aaa3f req-9e08d43f-2662-4953-a69b-9d6de74aaa3f ] Request (ServersTestManualDisk:test_verify_created_server_vcpus): 200 GET http://10.180.1.21/compute/v2.1/flavors/42 0.532s
2025-11-28 15:20:39.340 65773 INFO tempest.lib.common.ssh [-] Creating ssh connection to '10.180.180.220:22' as 'cirros' with public key authentication
2025-11-28 15:20:39.344 65773 INFO paramiko.transport [-] Connected (version 2.0, client dropbear_2020.81)
2025-11-28 15:20:39.370 65777 INFO tempest.lib.common.rest_client [req-09d14684-2391-4882-8a25-a2fbfb068ffb req-09d14684-2391-4882-8a25-a2fbfb068ffb ] Request (ServersV294TestFqdnHostnames:setUpClass): 200 GET http://10.180.1.21/compute/v2.1/servers/d9bed44f-d1c2-4c62-b842-085481a74f4b 0.687s
2025-11-28 15:20:39.379 65777 INFO tempest.common.waiters [-] State transition "BUILD/spawning" ==> "ACTIVE/None" after 24 second wait
2025-11-28 15:20:39.388 65805 INFO tempest.lib.common.rest_client [req-1eef3ab9-00a7-4bdb-ac7b-f99bfa8ceb7e req-1eef3ab9-00a7-4bdb-ac7b-f99bfa8ceb7e ] Request (MigrationsAdminTest:test_resize_server_revert_deleted_flavor): 200 GET http://10.180.1.21/compute/v2.1/servers/274396ed-bc5c-4de6-9e90-65dadede1b0d 0.543s
2025-11-28 15:20:39.397 65799 INFO tempest.lib.common.rest_client [req-9667e7ad-800b-4d7d-9c48-2779f18b0f6d req-9667e7ad-800b-4d7d-9c48-2779f18b0f6d ] Request (FlavorsAdminTestJSON:test_list_non_public_flavor): 200 GET http://10.180.1.21/compute/v2.1/flavors/detail 0.380s
2025-11-28 15:20:39.425 65769 INFO tempest.lib.common.rest_client [req-798e3493-bc3e-4221-8a91-83ab1fd4b442 req-798e3493-bc3e-4221-8a91-83ab1fd4b442 ] Request (AttachInterfacesUnderV243Test:test_add_remove_fixed_ip): 200 GET http://10.180.1.21/compute/v2.1/servers/ddd40e5d-993b-445b-932d-74d8208f25f4/ips 0.363s
2025-11-28 15:20:39.446 65773 INFO paramiko.transport [-] Authentication (publickey) successful!
2025-11-28 15:20:39.446 65773 INFO tempest.lib.common.ssh [-] ssh connection to cirros@10.180.180.220 successfully created
2025-11-28 15:20:39.458 65788 INFO tempest.lib.common.rest_client [req-3d36eb64-580e-4ab9-8a4e-3d5e436d1a56 req-3d36eb64-580e-4ab9-8a4e-3d5e436d1a56 ] Request (VolumesAssistedSnapshotsTest:tearDownClass): 200 GET http://10.180.1.21/compute/v2.1/servers/3c3feb50-6869-4cae-a00d-83c66aaa8cde 0.426s
2025-11-28 15:20:39.475 65811 INFO tempest.lib.common.rest_client [req-8ae53ab0-55bb-432c-ac6f-6637e14fcb08 req-8ae53ab0-55bb-432c-ac6f-6637e14fcb08 ] Request (DeleteServersAdminTestJSON:tearDownClass): 404 DELETE http://10.180.1.21/compute/v2.1/servers/23eefc0f-8146-4765-8e81-b4a1047e1fd3 0.344s
2025-11-28 15:20:39.534 65775 INFO tempest.lib.common.rest_client [req-2d226636-2b8a-441c-be94-f80f78ffd791 req-2d226636-2b8a-441c-be94-f80f78ffd791 ] Request (ServerRescueTestJSON:setUpClass): 200 GET http://10.180.1.21/compute/v2.1/servers/bb18642a-101b-4a32-9d82-c4de578b5a3c 0.370s
2025-11-28 15:20:39.543 65775 INFO tempest.common.waiters [-] State transition "BUILD/scheduling" ==> "BUILD/None" after 6 second wait
2025-11-28 15:20:39.550 65797 INFO tempest.lib.common.rest_client [req-765c6411-ae48-48bb-af30-8f7e8992f494 req-765c6411-ae48-48bb-af30-8f7e8992f494 ] Request (ServicesAdminNegativeTestJSON:test_get_service_by_invalid_params): 200 GET http://10.180.1.21/compute/v2.1/os-services 0.441s
2025-11-28 15:20:39.701 65789 INFO tempest.lib.common.rest_client [req-5a6348c7-e453-48ea-a8f7-e7a1ef981805 req-5a6348c7-e453-48ea-a8f7-e7a1ef981805 ] Request (ServersTestBootFromVolume:setUpClass): 200 GET http://10.180.1.21/compute/v2.1/servers/2d522441-20df-40a3-905b-83261f3b7396 0.464s
2025-11-28 15:20:39.729 65793 INFO tempest.lib.common.rest_client [req-1c254aa4-2ff2-4b22-a9a7-98b235e2eddb req-1c254aa4-2ff2-4b22-a9a7-98b235e2eddb ] Request (ImagesOneServerNegativeTestJSON:tearDown): 200 GET http://10.180.1.21/compute/v2.1/servers/21f0ca15-62e4-44de-936f-0b1272d0134f 0.552s
2025-11-28 15:20:39.741 65793 INFO tempest.common.waiters [-] State transition "ACTIVE/image_pending_upload" ==> "ACTIVE/image_uploading" after 1 second wait
2025-11-28 15:20:39.814 65771 INFO tempest.lib.common.rest_client [req-f78462ad-7bf4-4528-b1c3-52a52fbcbcac req-f78462ad-7bf4-4528-b1c3-52a52fbcbcac ] Request (ServerShowV247Test:tearDownClass): 200 GET http://10.180.1.21/compute/v2.1/servers/23049273-559d-42ce-8434-99fca222d63c 0.562s
2025-11-28 15:20:39.976 65785 INFO tempest.lib.common.rest_client [req-d9f812ad-9df9-46ad-8d22-9960b0608e55 req-d9f812ad-9df9-46ad-8d22-9960b0608e55 ] Request (ImagesOneServerTestJSON:test_create_delete_image): 200 GET http://10.180.1.21/compute/v2.1/servers/f2981f87-eeb1-4011-b5ef-9654718e73c1 0.721s
2025-11-28 15:20:40.018 65767 WARNING tempest.lib.common.ssh [-] Failed to establish authenticated ssh connection to cirros@10.180.180.244 ([Errno None] Unable to connect to port 22 on 10.180.180.244). Number attempts: 5. Retry after 6 seconds.: paramiko.ssh_exception.NoValidConnectionsError: [Errno None] Unable to connect to port 22 on 10.180.180.244
2025-11-28 15:20:40.271 65783 INFO tempest.lib.common.rest_client [req-22f6ce82-f92d-4a03-aa7c-8ebae8364364 req-22f6ce82-f92d-4a03-aa7c-8ebae8364364 ] Request (ServersNegativeTestJSON:tearDown): 200 GET http://10.180.1.21/compute/v2.1/servers/09dc54cd-2c8b-48e2-866e-46ff1c02fde6 1.014s
2025-11-28 15:20:40.283 65763 INFO tempest.lib.common.rest_client [req-11a5b58c-7dda-4f12-9992-942859bc4368 req-11a5b58c-7dda-4f12-9992-942859bc4368 ] Request (SecurityGroupRulesNegativeTestJSON:test_create_security_group_rule_with_invalid_from_port): 400 POST http://10.180.1.21/compute/v2.1/os-security-group-rules 1.025s
2025-11-28 15:20:40.341 65795 INFO tempest.lib.common.rest_client [req-56c304b0-3d01-4a5a-ba5f-33512492f10e req-56c304b0-3d01-4a5a-ba5f-33512492f10e ] Request (ServersWithSpecificFlavorTestJSON:test_verify_created_server_ephemeral_disk): 200 GET http://10.180.1.21/compute/v2.1/servers/50fa0623-9c37-47e4-8192-fbf22f080af3 1.033s
2025-11-28 15:20:40.355 65803 INFO tempest.lib.common.rest_client [req-ad8608a1-1574-497d-8036-3abaf89e3b74 req-ad8608a1-1574-497d-8036-3abaf89e3b74 ] Request (FloatingIPsAssociationNegativeTestJSON:tearDownClass): 200 GET http://10.180.1.21/compute/v2.1/servers/cb404fff-1490-420b-9b9c-e591f4746b72 1.034s
2025-11-28 15:20:40.410 65777 INFO tempest.lib.common.rest_client [req-79d027a3-68f0-4527-b0fb-4eb8ff7634eb req-79d027a3-68f0-4527-b0fb-4eb8ff7634eb ] Request (ServersV294TestFqdnHostnames:setUpClass): 200 GET http://10.180.1.21/compute/v2.1/servers/d9bed44f-d1c2-4c62-b842-085481a74f4b/os-interface 1.030s
2025-11-28 15:20:40.422 65813 INFO tempest.lib.common.rest_client [req-f65f1c97-ea22-4cde-a828-390352ccbe82 req-f65f1c97-ea22-4cde-a828-390352ccbe82 ] Request (ServerGroupTestJSON:_run_cleanups): 200 GET http://10.180.1.21/compute/v2.1/servers/62cebfd5-b77e-45a8-ba2c-5ea2cfcf95ca 1.033s
2025-11-28 15:20:40.427 65799 INFO tempest.lib.common.rest_client [req-338fcd91-f912-481b-b82d-a20812433c19 req-338fcd91-f912-481b-b82d-a20812433c19 ] Request (FlavorsAdminTestJSON:_run_cleanups): 202 DELETE http://10.180.1.21/compute/v2.1/flavors/2010818202 1.025s
2025-11-28 15:20:40.453 65811 INFO tempest.lib.common.rest_client [req-8c181c0c-4f4d-4e9a-a19c-314b98b1f41c req-8c181c0c-4f4d-4e9a-a19c-314b98b1f41c ] Request (DeleteServersAdminTestJSON:tearDownClass): 404 GET http://10.180.1.21/compute/v2.1/servers/23eefc0f-8146-4765-8e81-b4a1047e1fd3 0.977s
2025-11-28 15:20:40.482 65797 INFO tempest.lib.common.rest_client [req-ccb74a22-79cb-4d09-b236-9505fe07be5d req-ccb74a22-79cb-4d09-b236-9505fe07be5d ] Request (ServicesAdminNegativeTestJSON:test_get_service_by_invalid_params): 200 GET http://10.180.1.21/compute/v2.1/os-services?xxx=nova-compute 0.929s
2025-11-28 15:20:40.514 65773 INFO tempest.lib.common.rest_client [req-697dbed8-71e6-4094-b872-f4766a243ef3 req-697dbed8-71e6-4094-b872-f4766a243ef3 ] Request (ServersTestManualDisk:tearDownClass): 204 DELETE http://10.180.1.21/compute/v2.1/servers/056a3f95-0a57-49f8-bbbc-da4c292e96f1 1.059s
2025-11-28 15:20:40.582 65811 INFO tempest.lib.common.rest_client [req-0600c1e8-ae5a-424f-a17c-2c4e982ae94c req-0600c1e8-ae5a-424f-a17c-2c4e982ae94c ] Request (DeleteServersAdminTestJSON:tearDownClass): 204 DELETE http://10.180.1.21/identity/v3/users/129bb3733244487fbcfe009c0c643380 0.128s
2025-11-28 15:20:40.680 65811 INFO tempest.lib.common.rest_client [req-c5ab534a-404f-4e21-83ec-51149cc63dba req-c5ab534a-404f-4e21-83ec-51149cc63dba ] Request (DeleteServersAdminTestJSON:tearDownClass): 204 DELETE http://10.180.1.21/identity/v3/users/0b8c826116124db28d0143662c53a637 0.097s
2025-11-28 15:20:40.680 65811 INFO tempest.lib.common.dynamic_creds [-] Deleting project and security group for project: 049ec1204c8d4673a0e781f286fb00ab
2025-11-28 15:20:40.740 65811 INFO tempest.lib.common.rest_client [req-c136d98b-ead4-4a21-9fc7-21b99ecb53ac req-c136d98b-ead4-4a21-9fc7-21b99ecb53ac ] Request (DeleteServersAdminTestJSON:tearDownClass): 201 POST http://10.180.1.21/identity/v3/auth/tokens 0.060s
2025-11-28 15:20:40.905 65777 INFO tempest.lib.common.rest_client [req-3ee7eef6-b9e4-45e8-9bb9-ea7e65e03148 req-3ee7eef6-b9e4-45e8-9bb9-ea7e65e03148 ] Request (ServersV294TestFqdnHostnames:setUpClass): 200 PUT http://10.180.1.21/networking/v2.0/floatingips/5242cc44-2d90-42f9-b662-553637918774 0.491s
2025-11-28 15:20:40.932 65765 INFO tempest.lib.common.rest_client [req-4bdf3e37-7a6e-4c42-82a1-4b48aec1b0ba req-4bdf3e37-7a6e-4c42-82a1-4b48aec1b0ba ] Request (ServersAdmin275Test:test_rebuild_update_server_275): 200 GET http://10.180.1.21/compute/v2.1/servers/3a9be798-bb49-4c0c-9421-b7465a538afe 1.288s
2025-11-28 15:20:40.945 65765 INFO tempest.common.waiters [-] State transition "BUILD/spawning" ==> "ACTIVE/None" after 19 second wait
2025-11-28 15:20:40.947 65807 INFO tempest.lib.common.rest_client [req-969bc9e0-3fa8-4421-a6ba-c318297a1a0f req-969bc9e0-3fa8-4421-a6ba-c318297a1a0f ] Request (InstanceActionsV221TestJSON:test_get_list_deleted_instance_actions): 200 GET http://10.180.1.21/compute/v2.1/servers/37ba3abc-366a-4a95-ad04-832822583e1d 1.169s
2025-11-28 15:20:41.107 65811 INFO tempest.lib.common.rest_client [req-8468e58b-3524-4f94-9101-cdf5ca739ab2 req-8468e58b-3524-4f94-9101-cdf5ca739ab2 ] Request (DeleteServersAdminTestJSON:tearDownClass): 200 GET http://10.180.1.21/networking/v2.0/security-groups?tenant_id=049ec1204c8d4673a0e781f286fb00ab&name=default 0.365s
2025-11-28 15:20:41.145 65791 INFO tempest.lib.common.rest_client [req-d308ec36-402d-44a6-8204-6f26bfe3bf6a req-d308ec36-402d-44a6-8204-6f26bfe3bf6a ] Request (ServerDiagnosticsTest:test_get_server_diagnostics): 200 GET http://10.180.1.21/compute/v2.1/servers/b36528f6-a337-4152-b42f-d93c5cbb997c 1.304s
2025-11-28 15:20:41.193 65817 INFO tempest.lib.common.rest_client [req-c5c4713f-3c37-4b25-9406-a53d85fa6aa0 req-c5c4713f-3c37-4b25-9406-a53d85fa6aa0 ] Request (ServerDiskConfigTestJSON:test_rebuild_server_with_manual_disk_config): 200 GET http://10.180.1.21/compute/v2.1/servers/f0ddf5e1-3bfe-47a7-85a9-c0c1514f3cef 1.329s
2025-11-28 15:20:41.278 65811 INFO tempest.lib.common.rest_client [req-751a78d4-99ae-4b16-bbad-965f3567c23e req-751a78d4-99ae-4b16-bbad-965f3567c23e ] Request (DeleteServersAdminTestJSON:tearDownClass): 204 DELETE http://10.180.1.21/networking/v2.0/security-groups/21c8a609-dfa5-4931-97a3-929669830c96 0.171s
2025-11-28 15:20:41.330 65823 INFO tempest.lib.common.rest_client [req-61dd4f17-ace0-4b30-ac6d-39629a3ad489 req-61dd4f17-ace0-4b30-ac6d-39629a3ad489 ] Request (DeleteServersTestJSON:test_delete_server_while_in_attached_volume): 200 GET http://10.180.1.21/compute/v2.1/servers/27423d2c-1236-417d-a97f-da28fa0716ac 1.425s
2025-11-28 15:20:41.345 65809 INFO tempest.lib.common.rest_client [req-7604c938-241a-4866-8aec-8d7d4d1a066a req-7604c938-241a-4866-8aec-8d7d4d1a066a ] Request (ServerDiagnosticsV248Test:tearDownClass): 200 GET http://10.180.1.21/compute/v2.1/servers/86240fa8-9090-4fe5-83f0-05019f8c044e 1.404s
2025-11-28 15:20:41.362 65811 INFO tempest.lib.common.rest_client [req-535bd849-bc7e-454b-8090-3e1047bca138 req-535bd849-bc7e-454b-8090-3e1047bca138 ] Request (DeleteServersAdminTestJSON:tearDownClass): 204 DELETE http://10.180.1.21/identity/v3/projects/049ec1204c8d4673a0e781f286fb00ab 0.084s
2025-11-28 15:20:41.362 65811 INFO tempest.lib.common.dynamic_creds [-] Deleting project and security group for project: 4dec3a280ae94cd99190eeea917dc44b
2025-11-28 15:20:41.484 65811 INFO tempest.lib.common.rest_client [req-c49048e8-6ea5-4c30-b92e-2275798d819f req-c49048e8-6ea5-4c30-b92e-2275798d819f ] Request (DeleteServersAdminTestJSON:tearDownClass): 200 GET http://10.180.1.21/networking/v2.0/security-groups?tenant_id=4dec3a280ae94cd99190eeea917dc44b&name=default 0.121s
2025-11-28 15:20:41.536 65819 INFO tempest.lib.common.rest_client [req-415489e9-4f33-4428-8578-29f903129e1e req-415489e9-4f33-4428-8578-29f903129e1e ] Request (InstanceActionsNegativeTestJSON:tearDownClass): 200 GET http://10.180.1.21/compute/v2.1/servers/d6d98294-81ee-4ec9-a0f2-cba2d2a5c214 1.518s
2025-11-28 15:20:41.544 65781 INFO tempest.lib.common.rest_client [req-b9b435ba-0ad6-4b58-a44f-27907556ec82 req-b9b435ba-0ad6-4b58-a44f-27907556ec82 ] Request (ServersAdminNegativeTestJSON:tearDownClass): 200 GET http://10.180.1.21/compute/v2.1/servers/3fa4452f-0cb5-4322-9425-8fe2212029a6 1.578s
2025-11-28 15:20:41.551 65819 INFO tempest.common.waiters [-] State transition "ACTIVE/deleting" ==> "DELETED/None" after 4 second wait
2025-11-28 15:20:41.554 65781 INFO tempest.common.waiters [-] State transition "SUSPENDED/deleting" ==> "DELETED/None" after 4 second wait
2025-11-28 15:20:41.646 65811 INFO tempest.lib.common.rest_client [req-a28795d8-201a-4faf-bd9b-d0729a4258c5 req-a28795d8-201a-4faf-bd9b-d0729a4258c5 ] Request (DeleteServersAdminTestJSON:tearDownClass): 204 DELETE http://10.180.1.21/networking/v2.0/security-groups/e4ceb12f-82b1-4b70-a558-281e65227a85 0.161s
2025-11-28 15:20:41.669 65821 INFO tempest.lib.common.rest_client [req-584a6977-2cf6-4e17-8bb5-ae85fc7dcce6 req-584a6977-2cf6-4e17-8bb5-ae85fc7dcce6 ] Request (ServerRescueNegativeTestJSON:test_rescued_vm_detach_volume): 200 GET http://10.180.1.21/compute/v2.1/servers/39d915fb-1948-4fc8-beb9-e05686256b24 1.462s
2025-11-28 15:20:41.719 65779 INFO tempest.lib.common.rest_client [req-be1937f9-2165-4b9d-85b1-542b84fbc814 req-be1937f9-2165-4b9d-85b1-542b84fbc814 ] Request (VolumesAdminNegativeTest:test_update_attached_volume_with_nonexistent_volume_in_uri): 200 GET http://10.180.1.21/compute/v2.1/servers/b7a2e248-446f-4f23-a88d-95b19a5ca410 1.606s
2025-11-28 15:20:41.726 65779 INFO tempest.common.waiters [-] State transition "BUILD/None" ==> "BUILD/spawning" after 21 second wait
2025-11-28 15:20:41.726 65763 INFO tempest.lib.common.rest_client [req-aae76ca3-5e3c-4048-b9d7-8dc4167fd7fa req-aae76ca3-5e3c-4048-b9d7-8dc4167fd7fa ] Request (SecurityGroupRulesNegativeTestJSON:test_create_security_group_rule_with_invalid_id): 400 POST http://10.180.1.21/compute/v2.1/os-security-group-rules 1.441s
2025-11-28 15:20:41.761 65811 INFO tempest.lib.common.rest_client [req-eb8d62a7-16c7-4d7d-ac78-6a25870e2f3d req-eb8d62a7-16c7-4d7d-ac78-6a25870e2f3d ] Request (DeleteServersAdminTestJSON:tearDownClass): 204 DELETE http://10.180.1.21/identity/v3/projects/4dec3a280ae94cd99190eeea917dc44b 0.114s
2025-11-28 15:20:41.788 65801 INFO tempest.lib.common.rest_client [req-4699bd3a-4f4a-432b-8a54-c050085fb323 req-4699bd3a-4f4a-432b-8a54-c050085fb323 ] Request (ServersAdminTestJSON:test_create_server_with_scheduling_hint): 200 GET http://10.180.1.21/compute/v2.1/servers/959e14e4-17ce-4603-84a1-1e58f700127a 1.458s
2025-11-28 15:20:41.806 65783 INFO tempest.lib.common.rest_client [req-02167163-c16e-45ae-a80f-4cf06ebb5b8c req-02167163-c16e-45ae-a80f-4cf06ebb5b8c ] Request (ServersNegativeTestJSON:setUp): 200 GET http://10.180.1.21/compute/v2.1/servers/09dc54cd-2c8b-48e2-866e-46ff1c02fde6 1.521s
2025-11-28 15:20:41.834 65799 INFO tempest.lib.common.rest_client [req-62870f00-553e-4aff-bdcb-a019bca29907 req-62870f00-553e-4aff-bdcb-a019bca29907 ] Request (FlavorsAdminTestJSON:_run_cleanups): 200 GET http://10.180.1.21/compute/v2.1/flavors/detail 1.406s
2025-11-28 15:20:41.843 65805 INFO tempest.lib.common.rest_client [req-d3988aab-6913-4a38-ae02-a14cac81fc61 req-d3988aab-6913-4a38-ae02-a14cac81fc61 ] Request (MigrationsAdminTest:test_resize_server_revert_deleted_flavor): 200 GET http://10.180.1.21/compute/v2.1/servers/274396ed-bc5c-4de6-9e90-65dadede1b0d 1.447s
2025-11-28 15:20:41.844 65811 INFO tempest.lib.common.rest_client [req-fb4b39f8-2358-4f10-85ed-c41ee305d09c req-fb4b39f8-2358-4f10-85ed-c41ee305d09c ] Request (ServicesAdminNegativeV253TestJSON:setUpClass): 201 POST http://10.180.1.21/identity/v3/auth/tokens 0.082s
2025-11-28 15:20:41.865 65769 INFO tempest.lib.common.rest_client [req-7e8a060c-105f-4808-87db-3c56dd35bf75 req-7e8a060c-105f-4808-87db-3c56dd35bf75 ] Request (AttachInterfacesUnderV243Test:test_add_remove_fixed_ip): 200 GET http://10.180.1.21/compute/v2.1/servers/ddd40e5d-993b-445b-932d-74d8208f25f4/ips 1.437s
2025-11-28 15:20:41.880 65811 INFO tempest.lib.common.rest_client [req-348fd9ad-1c58-4b6c-aa9d-874755269e6d req-348fd9ad-1c58-4b6c-aa9d-874755269e6d ] Request (ServicesAdminNegativeV253TestJSON:setUpClass): 201 POST http://10.180.1.21/identity/v3/auth/tokens 0.033s
2025-11-28 15:20:41.887 65797 INFO tempest.lib.common.rest_client [req-d51f2e38-a656-413d-b670-5adbc25327fb req-d51f2e38-a656-413d-b670-5adbc25327fb ] Request (ServicesAdminNegativeTestJSON:test_get_service_by_invalid_service_and_valid_host): 200 GET http://10.180.1.21/compute/v2.1/os-services 1.402s
2025-11-28 15:20:41.909 65811 INFO tempest.lib.common.rest_client [req-f631563e-0d1c-4cfb-9925-b292fd664688 req-f631563e-0d1c-4cfb-9925-b292fd664688 ] Request (ServicesAdminNegativeV253TestJSON:setUpClass): 200 GET http://10.180.1.21/identity/v3/domains?name=Default 0.029s
2025-11-28 15:20:41.917 65788 INFO tempest.lib.common.rest_client [req-84e6d55e-fe63-4c7c-a7af-5743e1cd716a req-84e6d55e-fe63-4c7c-a7af-5743e1cd716a ] Request (VolumesAssistedSnapshotsTest:tearDownClass): 200 GET http://10.180.1.21/compute/v2.1/servers/3c3feb50-6869-4cae-a00d-83c66aaa8cde 1.450s
2025-11-28 15:20:41.920 65783 INFO tempest.lib.common.rest_client [req-2fc23db1-4253-49bc-97a9-0a0dc21d7c50 req-2fc23db1-4253-49bc-97a9-0a0dc21d7c50 ] Request (ServersNegativeTestJSON:test_create_with_invalid_flavor): 201 POST http://10.180.1.21/identity/v3/auth/tokens 0.102s
2025-11-28 15:20:41.920 65783 INFO tempest.lib.common.fixed_network [-] (ServersNegativeTestJSON:test_create_with_invalid_flavor) Found network {'id': '63ad0654-8097-4159-97f8-fefa5c466ef8', 'name': 'tempest-ServersNegativeTestJSON-643785259-network', 'tenant_id': 'd125532c61a2493e985f00308260fdf4', 'project_id': 'd125532c61a2493e985f00308260fdf4', 'admin_state_up': True, 'mtu': 8950, 'status': 'ACTIVE', 'subnets': [], 'shared': False, 'port_security_enabled': True, 'router:external': False, 'provider:network_type': 'vlan', 'provider:physical_network': 'default', 'provider:segmentation_id': 955, 'availability_zone_hints': [], 'availability_zones': [], 'ipv4_address_scope': None, 'ipv6_address_scope': None, 'description': '', 'tags': [], 'created_at': '2025-11-28T15:18:43Z', 'updated_at': '2025-11-28T15:18:43Z', 'revision_number': 1} available for tenant
2025-11-28 15:20:41.946 65811 INFO tempest.lib.common.rest_client [req-5844243e-28d8-4c80-b9a3-d12b1bc10541 req-5844243e-28d8-4c80-b9a3-d12b1bc10541 ] Request (ServicesAdminNegativeV253TestJSON:setUpClass): 201 POST http://10.180.1.21/identity/v3/projects 0.035s
2025-11-28 15:20:41.980 65775 INFO tempest.lib.common.rest_client [req-836dd295-349c-4620-b9cd-978ce2f71738 req-836dd295-349c-4620-b9cd-978ce2f71738 ] Request (ServerRescueTestJSON:setUpClass): 200 GET http://10.180.1.21/compute/v2.1/servers/bb18642a-101b-4a32-9d82-c4de578b5a3c 1.436s
2025-11-28 15:20:42.002 65773 INFO tempest.lib.common.rest_client [req-9067c0e7-0f95-47bd-b720-55f250dfbd2e req-9067c0e7-0f95-47bd-b720-55f250dfbd2e ] Request (ServersTestManualDisk:tearDownClass): 200 GET http://10.180.1.21/compute/v2.1/servers/056a3f95-0a57-49f8-bbbc-da4c292e96f1 1.487s
2025-11-28 15:20:42.026 65811 INFO tempest.lib.common.rest_client [req-beda7eca-e1cc-4cfc-b908-68492b868c3f req-beda7eca-e1cc-4cfc-b908-68492b868c3f ] Request (ServicesAdminNegativeV253TestJSON:setUpClass): 201 POST http://10.180.1.21/identity/v3/users 0.080s
2025-11-28 15:20:42.052 65811 INFO tempest.lib.common.rest_client [req-ac07883b-2f15-4b55-a403-3255d55b0a13 req-ac07883b-2f15-4b55-a403-3255d55b0a13 ] Request (ServicesAdminNegativeV253TestJSON:setUpClass): 200 GET http://10.180.1.21/identity/v3/roles 0.025s
2025-11-28 15:20:42.067 65789 INFO tempest.lib.common.rest_client [req-3bb5fc0d-fc32-4f26-9ff2-8fd5f2f12e80 req-3bb5fc0d-fc32-4f26-9ff2-8fd5f2f12e80 ] Request (ServersTestBootFromVolume:setUpClass): 200 GET http://10.180.1.21/compute/v2.1/servers/2d522441-20df-40a3-905b-83261f3b7396 1.358s
2025-11-28 15:20:42.100 65811 INFO tempest.lib.common.rest_client [req-85a2e4c4-bc39-42d3-bb39-90a104c260c2 req-85a2e4c4-bc39-42d3-bb39-90a104c260c2 ] Request (ServicesAdminNegativeV253TestJSON:setUpClass): 204 PUT http://10.180.1.21/identity/v3/projects/f3cacf39d83240e28cd69efe65c5891c/users/82c908aafa4d41d38a37ecccef73a58e/roles/0bc4bc43f5384a6887704a9da540f079 0.048s
2025-11-28 15:20:42.100 65811 INFO tempest.lib.common.dynamic_creds [-] Dynamic test user 82c908aafa4d41d38a37ecccef73a58e is created with scope project and roles: ['member']
