2025-11-28 15:20:30.464 65805 INFO tempest.lib.common.rest_client [req-cb5598f3-bc23-488b-ab39-fd43998448af req-cb5598f3-bc23-488b-ab39-fd43998448af ] Request (MigrationsAdminTest:test_resize_server_revert_deleted_flavor): 200 GET http://10.180.1.21/compute/v2.1/servers/274396ed-bc5c-4de6-9e90-65dadede1b0d 2.090s
2025-11-28 15:20:30.474 65805 INFO tempest.common.waiters [-] State transition "BUILD/scheduling" ==> "BUILD/None" after 3 second wait
2025-11-28 15:20:30.485 65763 INFO tempest.lib.common.rest_client [req-cde61a0e-7472-4359-84ff-4e044e4238a2 req-cde61a0e-7472-4359-84ff-4e044e4238a2 ] Request (SecurityGroupRulesNegativeTestJSON:setUpClass): 201 POST http://10.180.1.21/identity/v3/users 0.091s
2025-11-28 15:20:30.509 65763 INFO tempest.lib.common.rest_client [req-16366e5c-ffa7-4e6f-9df0-60fdf9075715 req-16366e5c-ffa7-4e6f-9df0-60fdf9075715 ] Request (SecurityGroupRulesNegativeTestJSON:setUpClass): 200 GET http://10.180.1.21/identity/v3/roles 0.023s
2025-11-28 15:20:30.543 65763 INFO tempest.lib.common.rest_client [req-2005ac64-a1dd-4a28-a7b6-5fcfc29525e0 req-2005ac64-a1dd-4a28-a7b6-5fcfc29525e0 ] Request (SecurityGroupRulesNegativeTestJSON:setUpClass): 204 PUT http://10.180.1.21/identity/v3/projects/1aa1465c06f049a3bd9bb6a827077dbd/users/1c580c2c4ffa411baea41f7c30a7b7c1/roles/0bc4bc43f5384a6887704a9da540f079 0.034s
2025-11-28 15:20:30.543 65763 INFO tempest.lib.common.dynamic_creds [-] Dynamic test user 1c580c2c4ffa411baea41f7c30a7b7c1 is created with scope project and roles: ['member']
2025-11-28 15:20:30.544 65763 INFO tempest.lib.common.dynamic_creds [-] Acquired dynamic creds: credentials: Credentials: {'domain_id': 'default', 'domain_name': 'Default', 'username': 'tempest-SecurityGroupRulesNegativeTestJSON-78865228-project-member', 'project_domain_id': 'default', 'project_domain_name': 'Default', 'project_id': '1aa1465c06f049a3bd9bb6a827077dbd', 'project_name': 'tempest-SecurityGroupRulesNegativeTestJSON-78865228', 'tenant_id': '1aa1465c06f049a3bd9bb6a827077dbd', 'tenant_name': 'tempest-SecurityGroupRulesNegativeTestJSON-78865228', 'user_domain_id': 'default', 'user_domain_name': 'Default', 'user_id': '1c580c2c4ffa411baea41f7c30a7b7c1', 'system': None}, Network: None, Subnet: None, Router: None
2025-11-28 15:20:30.606 65763 INFO tempest.lib.common.rest_client [req-84f88a2a-05ef-4dd5-9813-66364e2e6835 req-84f88a2a-05ef-4dd5-9813-66364e2e6835 ] Request (SecurityGroupRulesNegativeTestJSON:setUpClass): 201 POST http://10.180.1.21/identity/v3/auth/tokens 0.061s
2025-11-28 15:20:30.659 65783 INFO tempest.lib.common.rest_client [req-d98c9048-b1aa-4a80-a36e-7ec44433af69 req-d98c9048-b1aa-4a80-a36e-7ec44433af69 ] Request (ServersNegativeTestJSON:test_create_server_invalid_bdm_in_2nd_dict): 200 GET http://10.180.1.21/volume/v3/volumes/32f77cc1-e05f-49a2-b8a8-b4040bba6c62 0.037s
2025-11-28 15:20:30.660 65793 INFO tempest.lib.common.rest_client [req-379e7e1e-6940-43af-896d-01759f4f2fc3 req-379e7e1e-6940-43af-896d-01759f4f2fc3 ] Request (ImagesOneServerNegativeTestJSON:tearDown): 200 GET http://10.180.1.21/compute/v2.1/servers/21f0ca15-62e4-44de-936f-0b1272d0134f 2.162s
2025-11-28 15:20:30.666 65783 INFO tempest.common.waiters [-] volume 32f77cc1-e05f-49a2-b8a8-b4040bba6c62 reached available after waiting for 1.666888 seconds
2025-11-28 15:20:30.728 65783 INFO tempest.lib.common.rest_client [req-1f70b46f-e7b4-4763-900b-79bb784d538e req-1f70b46f-e7b4-4763-900b-79bb784d538e ] Request (ServersNegativeTestJSON:test_create_server_invalid_bdm_in_2nd_dict): 201 POST http://10.180.1.21/identity/v3/auth/tokens 0.059s
2025-11-28 15:20:30.729 65783 INFO tempest.lib.common.fixed_network [-] (ServersNegativeTestJSON:test_create_server_invalid_bdm_in_2nd_dict) Found network {'id': '63ad0654-8097-4159-97f8-fefa5c466ef8', 'name': 'tempest-ServersNegativeTestJSON-643785259-network', 'tenant_id': 'd125532c61a2493e985f00308260fdf4', 'project_id': 'd125532c61a2493e985f00308260fdf4', 'admin_state_up': True, 'mtu': 8950, 'status': 'ACTIVE', 'subnets': [], 'shared': False, 'port_security_enabled': True, 'router:external': False, 'provider:network_type': 'vlan', 'provider:physical_network': 'default', 'provider:segmentation_id': 955, 'availability_zone_hints': [], 'availability_zones': [], 'ipv4_address_scope': None, 'ipv6_address_scope': None, 'description': '', 'tags': [], 'created_at': '2025-11-28T15:18:43Z', 'updated_at': '2025-11-28T15:18:43Z', 'revision_number': 1} available for tenant
2025-11-28 15:20:30.996 65763 INFO tempest.lib.common.rest_client [req-b3d211dc-8693-4a73-a3da-643343c25a52 req-b3d211dc-8693-4a73-a3da-643343c25a52 ] Request (SecurityGroupRulesNegativeTestJSON:setUpClass): 201 POST http://10.180.1.21/networking/v2.0/networks 0.390s
2025-11-28 15:20:31.153 65801 INFO tempest.lib.common.rest_client [req-7eb7bc3f-03b0-4123-b812-05c8f98611e1 req-7eb7bc3f-03b0-4123-b812-05c8f98611e1 ] Request (ServersAdminTestJSON:test_create_server_with_scheduling_hint): 202 POST http://10.180.1.21/compute/v2.1/servers 2.800s
2025-11-28 15:20:31.190 65799 INFO tempest.lib.common.rest_client [req-024321b9-621d-4443-97db-1dd1b58ae6f4 req-024321b9-621d-4443-97db-1dd1b58ae6f4 ] Request (FlavorsAdminTestJSON:test_is_public_string_variations): 200 GET http://10.180.1.21/compute/v2.1/flavors/detail?is_public=yes 2.446s
2025-11-28 15:20:31.219 65797 INFO tempest.lib.common.rest_client [req-ee7223fd-151d-4a09-8ad8-c42332c034c1 req-ee7223fd-151d-4a09-8ad8-c42332c034c1 ] Request (AggregatesAdminNegativeTestJSON:test_aggregate_remove_nonexistent_host): 404 POST http://10.180.1.21/compute/v2.1/os-aggregates/8/action 2.446s
2025-11-28 15:20:31.269 65788 INFO tempest.lib.common.rest_client [req-2ca9a4e8-6f1f-48b9-9482-67b6fe0c3a36 req-2ca9a4e8-6f1f-48b9-9482-67b6fe0c3a36 ] Request (VolumesAssistedSnapshotsTest:tearDownClass): 200 GET http://10.180.1.21/compute/v2.1/servers/3c3feb50-6869-4cae-a00d-83c66aaa8cde 2.574s
2025-11-28 15:20:31.411 65763 INFO tempest.lib.common.rest_client [req-fa365c61-e4d8-47b6-b186-bd9e459c863a req-fa365c61-e4d8-47b6-b186-bd9e459c863a ] Request (SecurityGroupRulesNegativeTestJSON:setUpClass): 201 POST http://10.180.1.21/networking/v2.0/subnets 0.414s
2025-11-28 15:20:31.891 65807 INFO tempest.lib.common.rest_client [req-aa92c154-5723-4b6d-b70f-055680a45a6c req-aa92c154-5723-4b6d-b70f-055680a45a6c ] Request (InstanceActionsV221TestJSON:test_get_list_deleted_instance_actions): 200 GET http://10.180.1.21/compute/v2.1/servers/37ba3abc-366a-4a95-ad04-832822583e1d 3.018s
2025-11-28 15:20:31.902 65807 INFO tempest.common.waiters [-] State transition "BUILD/spawning" ==> "ACTIVE/None" after 20 second wait
2025-11-28 15:20:31.951 65821 INFO tempest.lib.common.rest_client [req-60fa6984-aa9b-4254-8d10-5492d7f2f132 req-60fa6984-aa9b-4254-8d10-5492d7f2f132 ] Request (ServerRescueNegativeTestJSON:_run_cleanups): 200 GET http://10.180.1.21/compute/v2.1/servers/2323e17d-d550-474f-96f6-85d22a40903b 2.922s
2025-11-28 15:20:31.958 65821 INFO tempest.common.waiters [-] State transition "RESCUE/unrescuing" ==> "ACTIVE/None" after 6 second wait
2025-11-28 15:20:32.026 65771 INFO tempest.lib.common.rest_client [req-bd78f2b5-1a08-48a9-923a-f0aafd645069 req-bd78f2b5-1a08-48a9-923a-f0aafd645069 ] Request (ServerShowV247Test:tearDownClass): 200 GET http://10.180.1.21/compute/v2.1/servers/23049273-559d-42ce-8434-99fca222d63c 2.824s
2025-11-28 15:20:32.039 65771 INFO tempest.common.waiters [-] State transition "ACTIVE/deleting" ==> "DELETED/None" after 6 second wait
2025-11-28 15:20:32.083 65789 INFO tempest.lib.common.rest_client [req-4c8f97cf-422f-452c-96f8-85d311d5de53 req-4c8f97cf-422f-452c-96f8-85d311d5de53 ] Request (ServersTestBootFromVolume:setUpClass): 200 GET http://10.180.1.21/compute/v2.1/servers/2d522441-20df-40a3-905b-83261f3b7396 2.793s
2025-11-28 15:20:32.135 65795 INFO tempest.lib.common.rest_client [req-c355dc85-a658-455a-b3c6-a8adeb533896 req-c355dc85-a658-455a-b3c6-a8adeb533896 ] Request (ServersWithSpecificFlavorTestJSON:test_verify_created_server_ephemeral_disk): 200 GET http://10.180.1.21/compute/v2.1/servers/50fa0623-9c37-47e4-8192-fbf22f080af3 2.799s
2025-11-28 15:20:32.184 65821 INFO tempest.lib.common.rest_client [req-850b4741-720a-4355-baa9-04a18ca1fb45 req-850b4741-720a-4355-baa9-04a18ca1fb45 ] Request (ServerRescueNegativeTestJSON:test_rescued_vm_detach_volume): 202 POST http://10.180.1.21/volume/v3/volumes 0.222s
2025-11-28 15:20:32.239 65821 INFO tempest.lib.common.rest_client [req-d5bbd24e-f568-4287-a67c-6cd0057e6a34 req-d5bbd24e-f568-4287-a67c-6cd0057e6a34 ] Request (ServerRescueNegativeTestJSON:test_rescued_vm_detach_volume): 200 GET http://10.180.1.21/volume/v3/volumes/cf672258-bb02-4e64-a5d4-9d2958264686 0.046s
2025-11-28 15:20:32.294 65803 INFO tempest.lib.common.rest_client [req-74572210-328c-47c7-807b-9eec565e8541 req-74572210-328c-47c7-807b-9eec565e8541 ] Request (FloatingIPsAssociationNegativeTestJSON:tearDownClass): 200 GET http://10.180.1.21/compute/v2.1/servers/cb404fff-1490-420b-9b9c-e591f4746b72 2.833s
2025-11-28 15:20:32.377 65813 INFO tempest.lib.common.rest_client [req-4130ca4b-5057-4f13-9436-bb5c3d5e9101 req-4130ca4b-5057-4f13-9436-bb5c3d5e9101 ] Request (ServerGroupTestJSON:_run_cleanups): 200 GET http://10.180.1.21/compute/v2.1/servers/62cebfd5-b77e-45a8-ba2c-5ea2cfcf95ca 2.893s
2025-11-28 15:20:32.394 65813 INFO tempest.common.waiters [-] State transition "ACTIVE/deleting" ==> "DELETED/None" after 4 second wait
2025-11-28 15:20:32.417 65785 INFO tempest.lib.common.rest_client [req-48b1711d-322c-4535-aa3f-42ca900c9532 req-48b1711d-322c-4535-aa3f-42ca900c9532 ] Request (ImagesOneServerTestJSON:test_create_delete_image): 200 GET http://10.180.1.21/compute/v2.1/images/c308b551-a674-4ee2-9e81-a46c3f16ad87 2.917s
2025-11-28 15:20:32.501 65763 INFO tempest.lib.common.rest_client [req-768561d0-6231-49dd-965a-6584bfff4873 req-768561d0-6231-49dd-965a-6584bfff4873 ] Request (SecurityGroupRulesNegativeTestJSON:setUpClass): 201 POST http://10.180.1.21/networking/v2.0/routers 1.090s
2025-11-28 15:20:32.502 65765 INFO tempest.lib.common.rest_client [req-76ddb5ce-f7ec-418f-8d91-6610e40a80fc req-76ddb5ce-f7ec-418f-8d91-6610e40a80fc ] Request (ServersAdmin275Test:test_rebuild_update_server_275): 200 GET http://10.180.1.21/compute/v2.1/servers/3a9be798-bb49-4c0c-9421-b7465a538afe 2.950s
2025-11-28 15:20:32.517 65765 INFO tempest.common.waiters [-] State transition "BUILD/None" ==> "BUILD/block_device_mapping" after 11 second wait
2025-11-28 15:20:32.615 65791 INFO tempest.lib.common.rest_client [req-c8d374ba-b151-47ca-91c6-0f4f92ace78b req-c8d374ba-b151-47ca-91c6-0f4f92ace78b ] Request (ServerDiagnosticsTest:test_get_server_diagnostics): 200 GET http://10.180.1.21/compute/v2.1/servers/b36528f6-a337-4152-b42f-d93c5cbb997c 3.049s
2025-11-28 15:20:32.711 65817 INFO tempest.lib.common.rest_client [req-141e9b20-afcf-417a-a9df-c56794a9eedd req-141e9b20-afcf-417a-a9df-c56794a9eedd ] Request (ServerDiskConfigTestJSON:test_rebuild_server_with_manual_disk_config): 200 GET http://10.180.1.21/compute/v2.1/servers/f0ddf5e1-3bfe-47a7-85a9-c0c1514f3cef 3.102s
2025-11-28 15:20:32.731 65781 INFO tempest.lib.common.rest_client [req-00f6e799-c8b3-4002-9fa8-6ac52a8d1f31 req-00f6e799-c8b3-4002-9fa8-6ac52a8d1f31 ] Request (ServersAdminNegativeTestJSON:_run_cleanups): 202 DELETE http://10.180.1.21/compute/v2.1/flavors/871096181 3.111s
2025-11-28 15:20:32.778 65775 INFO tempest.lib.common.rest_client [req-e4f49d08-ed7f-4d93-b94e-5d2ca657fd66 req-e4f49d08-ed7f-4d93-b94e-5d2ca657fd66 ] Request (ServerRescueTestJSON:setUpClass): 202 POST http://10.180.1.21/compute/v2.1/servers 3.416s
2025-11-28 15:20:32.804 65823 INFO tempest.lib.common.rest_client [req-085d86f4-8520-4c7f-858c-34e40c296fe0 req-085d86f4-8520-4c7f-858c-34e40c296fe0 ] Request (DeleteServersTestJSON:test_delete_server_while_in_attached_volume): 200 GET http://10.180.1.21/compute/v2.1/servers/27423d2c-1236-417d-a97f-da28fa0716ac 3.166s
2025-11-28 15:20:32.818 65823 INFO tempest.common.waiters [-] State transition "BUILD/scheduling" ==> "BUILD/None" after 4 second wait
2025-11-28 15:20:32.886 65809 INFO tempest.lib.common.rest_client [req-1255bf6b-5896-435f-8ca4-166a8e871366 req-1255bf6b-5896-435f-8ca4-166a8e871366 ] Request (ServerDiagnosticsV248Test:tearDownClass): 200 GET http://10.180.1.21/compute/v2.1/servers/86240fa8-9090-4fe5-83f0-05019f8c044e 3.150s
2025-11-28 15:20:32.996 65777 INFO tempest.lib.common.rest_client [req-9e401506-2bbd-479f-979f-8380c0182eb3 req-9e401506-2bbd-479f-979f-8380c0182eb3 ] Request (ServersV294TestFqdnHostnames:setUpClass): 200 GET http://10.180.1.21/compute/v2.1/servers/d9bed44f-d1c2-4c62-b842-085481a74f4b 2.588s
2025-11-28 15:20:33.011 65777 INFO tempest.common.waiters [-] State transition "BUILD/networking" ==> "BUILD/spawning" after 18 second wait
2025-11-28 15:20:33.117 65779 INFO tempest.lib.common.rest_client [req-f166a2e7-ad1e-4837-863b-17a9cdc5976d req-f166a2e7-ad1e-4837-863b-17a9cdc5976d ] Request (VolumesAdminNegativeTest:test_update_attached_volume_with_nonexistent_volume_in_uri): 200 GET http://10.180.1.21/compute/v2.1/servers/b7a2e248-446f-4f23-a88d-95b19a5ca410 2.451s
2025-11-28 15:20:33.173 65819 INFO tempest.lib.common.rest_client [req-fe790d2c-577a-47ff-be2a-3f7d98e7c88f req-fe790d2c-577a-47ff-be2a-3f7d98e7c88f ] Request (InstanceActionsNegativeTestJSON:setUpClass): 200 GET http://10.180.1.21/compute/v2.1/servers/d6d98294-81ee-4ec9-a0f2-cba2d2a5c214 2.628s
2025-11-28 15:20:33.186 65819 INFO tempest.common.waiters [-] State transition "BUILD/spawning" ==> "ACTIVE/None" after 18 second wait
2025-11-28 15:20:33.190 65783 INFO tempest.lib.common.rest_client [req-9d6a858a-c0cc-4f46-aa67-b430ef357289 req-9d6a858a-c0cc-4f46-aa67-b430ef357289 ] Request (ServersNegativeTestJSON:test_create_server_invalid_bdm_in_2nd_dict): 400 POST http://10.180.1.21/compute/v2.1/servers 2.461s
2025-11-28 15:20:33.291 65821 INFO tempest.lib.common.rest_client [req-47b21081-09cb-48fd-809d-e5d751c1a172 req-47b21081-09cb-48fd-809d-e5d751c1a172 ] Request (ServerRescueNegativeTestJSON:test_rescued_vm_detach_volume): 200 GET http://10.180.1.21/volume/v3/volumes/cf672258-bb02-4e64-a5d4-9d2958264686 0.043s
2025-11-28 15:20:33.307 65821 INFO tempest.common.waiters [-] volume cf672258-bb02-4e64-a5d4-9d2958264686 reached available after waiting for 1.307439 seconds
2025-11-28 15:20:33.324 65793 INFO tempest.lib.common.rest_client [req-edbfeb17-03b1-4396-85fd-a3374e1dded5 req-edbfeb17-03b1-4396-85fd-a3374e1dded5 ] Request (ImagesOneServerNegativeTestJSON:setUp): 200 GET http://10.180.1.21/compute/v2.1/servers/21f0ca15-62e4-44de-936f-0b1272d0134f 2.655s
2025-11-28 15:20:33.342 65811 INFO tempest.lib.common.rest_client [req-8ab06fb6-f179-4ac3-a3ec-7b9c7f19fc79 req-8ab06fb6-f179-4ac3-a3ec-7b9c7f19fc79 ] Request (DeleteServersAdminTestJSON:test_delete_server_while_in_error_state): 200 GET http://10.180.1.21/compute/v2.1/servers/8a776784-bfdf-4e13-bab0-0daaec111010 2.331s
2025-11-28 15:20:33.378 65799 INFO tempest.lib.common.rest_client [req-aac6ec77-c59f-42e5-801d-21365a5df808 req-aac6ec77-c59f-42e5-801d-21365a5df808 ] Request (FlavorsAdminTestJSON:test_is_public_string_variations): 200 GET http://10.180.1.21/compute/v2.1/flavors/detail?is_public=1 2.178s
2025-11-28 15:20:33.409 65797 INFO tempest.lib.common.rest_client [req-37af9e48-1e6b-4827-9058-e0bbd7d2ef82 req-37af9e48-1e6b-4827-9058-e0bbd7d2ef82 ] Request (AggregatesAdminNegativeTestJSON:_run_cleanups): 200 DELETE http://10.180.1.21/compute/v2.1/os-aggregates/8 2.189s
2025-11-28 15:20:33.432 65801 INFO tempest.lib.common.rest_client [req-527f7ac0-2843-4abf-8003-d18755f42642 req-527f7ac0-2843-4abf-8003-d18755f42642 ] Request (ServersAdminTestJSON:test_create_server_with_scheduling_hint): 200 GET http://10.180.1.21/compute/v2.1/servers/959e14e4-17ce-4603-84a1-1e58f700127a 2.277s
2025-11-28 15:20:33.492 65805 INFO tempest.lib.common.rest_client [req-c3d32bd4-8972-4d3a-9a6f-5683d3382ba0 req-c3d32bd4-8972-4d3a-9a6f-5683d3382ba0 ] Request (MigrationsAdminTest:test_resize_server_revert_deleted_flavor): 200 GET http://10.180.1.21/compute/v2.1/servers/274396ed-bc5c-4de6-9e90-65dadede1b0d 2.017s
2025-11-28 15:20:33.538 65797 INFO tempest.lib.common.rest_client [req-4e546f06-2e1d-4be8-b50c-d315a2c8bc66 req-4e546f06-2e1d-4be8-b50c-d315a2c8bc66 ] Request (AggregatesAdminNegativeTestJSON:tearDownClass): 204 DELETE http://10.180.1.21/identity/v3/users/ace635d27add4e50aaa0f1e3e301b0ff 0.127s
2025-11-28 15:20:33.554 65807 INFO tempest.lib.common.rest_client [req-80885336-09bc-4498-9a6e-3c63c37ae3c9 req-80885336-09bc-4498-9a6e-3c63c37ae3c9 ] Request (InstanceActionsV221TestJSON:test_get_list_deleted_instance_actions): 204 DELETE http://10.180.1.21/compute/v2.1/servers/37ba3abc-366a-4a95-ad04-832822583e1d 1.650s
2025-11-28 15:20:33.584 65788 INFO tempest.lib.common.rest_client [req-60439ef5-df26-4c35-a6ab-24e958c6df6e req-60439ef5-df26-4c35-a6ab-24e958c6df6e ] Request (VolumesAssistedSnapshotsTest:tearDownClass): 200 GET http://10.180.1.21/compute/v2.1/servers/3c3feb50-6869-4cae-a00d-83c66aaa8cde 1.305s
2025-11-28 15:20:33.586 65781 INFO tempest.lib.common.rest_client [req-7a760f68-d663-4512-a61e-700e5c041b86 req-7a760f68-d663-4512-a61e-700e5c041b86 ] Request (ServersAdminNegativeTestJSON:_run_cleanups): 200 GET http://10.180.1.21/compute/v2.1/flavors/detail 0.854s
2025-11-28 15:20:33.592 65788 INFO tempest.common.waiters [-] State transition "ACTIVE/deleting" ==> "DELETED/None" after 2 second wait
2025-11-28 15:20:33.652 65775 INFO tempest.lib.common.rest_client [req-279922da-dc8a-4eff-a619-8aa796c3b32f req-279922da-dc8a-4eff-a619-8aa796c3b32f ] Request (ServerRescueTestJSON:setUpClass): 200 GET http://10.180.1.21/compute/v2.1/servers/bb18642a-101b-4a32-9d82-c4de578b5a3c 0.872s
2025-11-28 15:20:33.684 65771 INFO tempest.lib.common.rest_client [req-5f99d38e-a632-448f-acab-74516ae19acc req-5f99d38e-a632-448f-acab-74516ae19acc ] Request (ServerShowV247Test:tearDownClass): 200 GET http://10.180.1.21/compute/v2.1/servers/23049273-559d-42ce-8434-99fca222d63c 0.643s
2025-11-28 15:20:33.704 65797 INFO tempest.lib.common.rest_client [req-67e241ef-b749-4aab-931e-fb19f840b461 req-67e241ef-b749-4aab-931e-fb19f840b461 ] Request (AggregatesAdminNegativeTestJSON:tearDownClass): 204 DELETE http://10.180.1.21/identity/v3/users/4edaebd5138348b4b269a4ebfcc87e31 0.166s
2025-11-28 15:20:33.705 65797 INFO tempest.lib.common.dynamic_creds [-] Deleting project and security group for project: 676482a6b0084f09a086e55b92f6d4f9
2025-11-28 15:20:33.719 65763 INFO tempest.lib.common.rest_client [req-efefb94e-1b43-43f5-a58a-61b54a87b39f req-efefb94e-1b43-43f5-a58a-61b54a87b39f ] Request (SecurityGroupRulesNegativeTestJSON:setUpClass): 200 PUT http://10.180.1.21/networking/v2.0/routers/b4ddaddd-e123-4463-96a2-a732fa6e22e7/add_router_interface 1.217s
2025-11-28 15:20:33.719 65763 INFO tempest.lib.common.dynamic_creds [-] Created isolated network resources for: credentials: Credentials: {'domain_id': 'default', 'domain_name': 'Default', 'username': 'tempest-SecurityGroupRulesNegativeTestJSON-78865228-project-member', 'project_domain_id': 'default', 'project_domain_name': 'Default', 'project_id': '1aa1465c06f049a3bd9bb6a827077dbd', 'project_name': 'tempest-SecurityGroupRulesNegativeTestJSON-78865228', 'tenant_id': '1aa1465c06f049a3bd9bb6a827077dbd', 'tenant_name': 'tempest-SecurityGroupRulesNegativeTestJSON-78865228', 'user_domain_id': 'default', 'user_domain_name': 'Default', 'user_id': '1c580c2c4ffa411baea41f7c30a7b7c1', 'system': None}, Network: {'id': '70ffa5c2-8525-4de1-bb58-6826cbc1b2aa', 'name': 'tempest-SecurityGroupRulesNegativeTestJSON-868840428-network', 'tenant_id': '1aa1465c06f049a3bd9bb6a827077dbd', 'project_id': '1aa1465c06f049a3bd9bb6a827077dbd', 'admin_state_up': True, 'mtu': 8950, 'status': 'ACTIVE', 'subnets': [], 'shared': False, 'port_security_enabled': True, 'router:external': False, 'provider:network_type': 'vlan', 'provider:physical_network': 'default', 'provider:segmentation_id': 823, 'availability_zone_hints': [], 'availability_zones': [], 'ipv4_address_scope': None, 'ipv6_address_scope': None, 'description': '', 'tags': [], 'created_at': '2025-11-28T15:20:30Z', 'updated_at': '2025-11-28T15:20:30Z', 'revision_number': 1}, Subnet: {'id': 'd787ab41-db38-47b7-8aad-2f518dee3b3f', 'name': 'tempest-SecurityGroupRulesNegativeTestJSON-868840428-subnet', 'tenant_id': '1aa1465c06f049a3bd9bb6a827077dbd', 'network_id': '70ffa5c2-8525-4de1-bb58-6826cbc1b2aa', 'ip_version': 4, 'subnetpool_id': None, 'enable_dhcp': True, 'ipv6_ra_mode': None, 'ipv6_address_mode': None, 'gateway_ip': '192.168.128.1', 'cidr': '192.168.128.0/28', 'allocation_pools': [{'start': '192.168.128.2', 'end': '192.168.128.14'}], 'host_routes': [], 'dns_nameservers': [], 'description': '', 'router:external': False, 'service_types': [], 'tags': [], 'created_at': '2025-11-28T15:20:31Z', 'updated_at': '2025-11-28T15:20:31Z', 'revision_number': 0, 'project_id': '1aa1465c06f049a3bd9bb6a827077dbd'}, Router: {'id': 'b4ddaddd-e123-4463-96a2-a732fa6e22e7', 'name': 'tempest-SecurityGroupRulesNegativeTestJSON-868840428-router', 'tenant_id': '1aa1465c06f049a3bd9bb6a827077dbd', 'admin_state_up': True, 'status': 'ACTIVE', 'external_gateway_info': {'network_id': '3192c6f9-52e2-47a2-958f-b85cfb86149c', 'external_fixed_ips': [{'subnet_id': 'c70195db-719b-4785-a24f-4488fc7c65eb', 'ip_address': '10.180.180.166'}], 'enable_snat': True}, 'description': '', 'availability_zones': [], 'distributed': False, 'ha': False, 'availability_zone_hints': [], 'routes': [], 'flavor_id': None, 'tags': [], 'created_at': '2025-11-28T15:20:31Z', 'updated_at': '2025-11-28T15:20:32Z', 'revision_number': 2, 'project_id': '1aa1465c06f049a3bd9bb6a827077dbd'}
2025-11-28 15:20:33.743 65789 INFO tempest.lib.common.rest_client [req-86b598ba-f88a-4456-a8b6-3bc09b8e169f req-86b598ba-f88a-4456-a8b6-3bc09b8e169f ] Request (ServersTestBootFromVolume:setUpClass): 200 GET http://10.180.1.21/compute/v2.1/servers/2d522441-20df-40a3-905b-83261f3b7396 0.647s
2025-11-28 15:20:33.757 65795 INFO tempest.lib.common.rest_client [req-b3e4a1a8-081f-4398-9126-750087b354a3 req-b3e4a1a8-081f-4398-9126-750087b354a3 ] Request (ServersWithSpecificFlavorTestJSON:test_verify_created_server_ephemeral_disk): 200 GET http://10.180.1.21/compute/v2.1/servers/50fa0623-9c37-47e4-8192-fbf22f080af3 0.610s
2025-11-28 15:20:33.780 65819 INFO tempest.lib.common.rest_client [req-9b544557-8a75-49eb-b82f-bade6eb7d980 req-9b544557-8a75-49eb-b82f-bade6eb7d980 ] Request (InstanceActionsNegativeTestJSON:test_get_instance_action_invalid_request): 404 GET http://10.180.1.21/compute/v2.1/servers/d6d98294-81ee-4ec9-a0f2-cba2d2a5c214/os-instance-actions/999 0.592s
2025-11-28 15:20:33.797 65797 INFO tempest.lib.common.rest_client [req-4ed43b1c-3079-486a-b044-9d2cc4670ad2 req-4ed43b1c-3079-486a-b044-9d2cc4670ad2 ] Request (AggregatesAdminNegativeTestJSON:tearDownClass): 201 POST http://10.180.1.21/identity/v3/auth/tokens 0.092s
2025-11-28 15:20:33.809 65763 INFO tempest.lib.common.rest_client [req-3ee84a23-7a56-40d4-8b2f-c737cc567914 req-3ee84a23-7a56-40d4-8b2f-c737cc567914 ] Request (SecurityGroupRulesNegativeTestJSON:setUpClass): 201 POST http://10.180.1.21/identity/v3/auth/tokens 0.085s
2025-11-28 15:20:33.862 65803 INFO tempest.lib.common.rest_client [req-ebf35744-c5b1-4f65-9bcd-8d3300db07bf req-ebf35744-c5b1-4f65-9bcd-8d3300db07bf ] Request (FloatingIPsAssociationNegativeTestJSON:tearDownClass): 200 GET http://10.180.1.21/compute/v2.1/servers/cb404fff-1490-420b-9b9c-e591f4746b72 0.554s
2025-11-28 15:20:33.893 65783 INFO tempest.lib.common.rest_client [req-7ec354fc-3cd4-4fcc-b195-0a992ea4b754 req-7ec354fc-3cd4-4fcc-b195-0a992ea4b754 ] Request (ServersNegativeTestJSON:tearDown): 200 GET http://10.180.1.21/compute/v2.1/servers/09dc54cd-2c8b-48e2-866e-46ff1c02fde6 0.701s
2025-11-28 15:20:33.905 65821 INFO tempest.lib.common.rest_client [req-4424b5c9-89f6-499a-b4cb-40e3302e828e req-4424b5c9-89f6-499a-b4cb-40e3302e828e ] Request (ServerRescueNegativeTestJSON:test_rescued_vm_detach_volume): 200 POST http://10.180.1.21/compute/v2.1/os-keypairs 0.596s
2025-11-28 15:20:33.931 65799 INFO tempest.lib.common.rest_client [req-afa9bbed-21db-4fe9-b8d6-4f3d57ec9768 req-afa9bbed-21db-4fe9-b8d6-4f3d57ec9768 ] Request (FlavorsAdminTestJSON:_run_cleanups): 202 DELETE http://10.180.1.21/compute/v2.1/flavors/29381038 0.542s
2025-11-28 15:20:33.993 65797 INFO tempest.lib.common.rest_client [req-ad1ef134-e0e4-4839-9e90-8d9c6d150656 req-ad1ef134-e0e4-4839-9e90-8d9c6d150656 ] Request (AggregatesAdminNegativeTestJSON:tearDownClass): 200 GET http://10.180.1.21/networking/v2.0/security-groups?tenant_id=676482a6b0084f09a086e55b92f6d4f9&name=default 0.195s
2025-11-28 15:20:34.027 65813 INFO tempest.lib.common.rest_client [req-efde86c3-443b-44bd-8c81-2adf41b977d9 req-efde86c3-443b-44bd-8c81-2adf41b977d9 ] Request (ServerGroupTestJSON:_run_cleanups): 200 GET http://10.180.1.21/compute/v2.1/servers/62cebfd5-b77e-45a8-ba2c-5ea2cfcf95ca 0.631s
2025-11-28 15:20:34.045 65821 INFO tempest.lib.common.rest_client [req-97208f61-b0b4-4b0a-8aed-8981a4fc22fb req-97208f61-b0b4-4b0a-8aed-8981a4fc22fb ] Request (ServerRescueNegativeTestJSON:test_rescued_vm_detach_volume): 201 POST http://10.180.1.21/networking/v2.0/security-groups 0.137s
2025-11-28 15:20:34.175 65797 INFO tempest.lib.common.rest_client [req-b1e44757-4ba2-40fc-9106-d5d487dc1f13 req-b1e44757-4ba2-40fc-9106-d5d487dc1f13 ] Request (AggregatesAdminNegativeTestJSON:tearDownClass): 204 DELETE http://10.180.1.21/networking/v2.0/security-groups/e4cbc7be-51de-432a-a217-13860555528f 0.182s
2025-11-28 15:20:34.269 65821 INFO tempest.lib.common.rest_client [req-e7ef4bbc-eacf-40e7-bcc5-b1ca0613774c req-e7ef4bbc-eacf-40e7-bcc5-b1ca0613774c ] Request (ServerRescueNegativeTestJSON:test_rescued_vm_detach_volume): 201 POST http://10.180.1.21/networking/v2.0/security-group-rules 0.222s
2025-11-28 15:20:34.326 65797 INFO tempest.lib.common.rest_client [req-ec15d6bc-1bc4-43a0-8e76-87f487fbfbf0 req-ec15d6bc-1bc4-43a0-8e76-87f487fbfbf0 ] Request (AggregatesAdminNegativeTestJSON:tearDownClass): 204 DELETE http://10.180.1.21/identity/v3/projects/676482a6b0084f09a086e55b92f6d4f9 0.150s
2025-11-28 15:20:34.326 65797 INFO tempest.lib.common.dynamic_creds [-] Deleting project and security group for project: 125b4638d64a44d29cb1d8c5d7958715
2025-11-28 15:20:34.426 65821 INFO tempest.lib.common.rest_client [req-31aeae9a-0c83-427c-bf6c-d261ec1338c5 req-31aeae9a-0c83-427c-bf6c-d261ec1338c5 ] Request (ServerRescueNegativeTestJSON:test_rescued_vm_detach_volume): 201 POST http://10.180.1.21/networking/v2.0/security-group-rules 0.157s
2025-11-28 15:20:34.460 65797 INFO tempest.lib.common.rest_client [req-690687ac-a792-4f11-bf9a-767335cc198c req-690687ac-a792-4f11-bf9a-767335cc198c ] Request (AggregatesAdminNegativeTestJSON:tearDownClass): 200 GET http://10.180.1.21/networking/v2.0/security-groups?tenant_id=125b4638d64a44d29cb1d8c5d7958715&name=default 0.133s
2025-11-28 15:20:34.512 65767 WARNING tempest.lib.common.ssh [-] Failed to establish authenticated ssh connection to cirros@10.180.180.244 ([Errno None] Unable to connect to port 22 on 10.180.180.244). Number attempts: 4. Retry after 5 seconds.: paramiko.ssh_exception.NoValidConnectionsError: [Errno None] Unable to connect to port 22 on 10.180.180.244
2025-11-28 15:20:34.560 65797 INFO tempest.lib.common.rest_client [req-c8fab5a5-b244-4727-a406-3bf80683cbeb req-c8fab5a5-b244-4727-a406-3bf80683cbeb ] Request (AggregatesAdminNegativeTestJSON:tearDownClass): 204 DELETE http://10.180.1.21/networking/v2.0/security-groups/0435a495-c342-48ca-8751-f04d2a8aabf0 0.100s
2025-11-28 15:20:34.625 65785 INFO tempest.lib.common.rest_client [req-b945a09b-8a33-4bde-9190-6f2d458f3c67 req-b945a09b-8a33-4bde-9190-6f2d458f3c67 ] Request (ImagesOneServerTestJSON:test_create_delete_image): 200 GET http://10.180.1.21/compute/v2.1/images/c308b551-a674-4ee2-9e81-a46c3f16ad87 1.203s
2025-11-28 15:20:34.630 65793 INFO tempest.lib.common.rest_client [req-503ca684-bf0a-4139-acda-12656076aad9 req-503ca684-bf0a-4139-acda-12656076aad9 ] Request (ImagesOneServerNegativeTestJSON:test_create_second_image_when_first_image_is_being_saved): 202 POST http://10.180.1.21/compute/v2.1/servers/21f0ca15-62e4-44de-936f-0b1272d0134f/action 1.294s
2025-11-28 15:20:34.700 65797 INFO tempest.lib.common.rest_client [req-ae301e85-7fd6-4dff-853d-a5cbde49e065 req-ae301e85-7fd6-4dff-853d-a5cbde49e065 ] Request (AggregatesAdminNegativeTestJSON:tearDownClass): 204 DELETE http://10.180.1.21/identity/v3/projects/125b4638d64a44d29cb1d8c5d7958715 0.139s
2025-11-28 15:20:34.797 65765 INFO tempest.lib.common.rest_client [req-1048667f-37d0-4853-a92f-1e2c96c4a1e7 req-1048667f-37d0-4853-a92f-1e2c96c4a1e7 ] Request (ServersAdmin275Test:test_rebuild_update_server_275): 200 GET http://10.180.1.21/compute/v2.1/servers/3a9be798-bb49-4c0c-9421-b7465a538afe 1.278s
2025-11-28 15:20:34.810 65797 INFO tempest.lib.common.rest_client [req-a2c71cd6-f620-4d1f-99e4-d5a117112952 req-a2c71cd6-f620-4d1f-99e4-d5a117112952 ] Request (AZAdminNegativeTestJSON:setUpClass): 201 POST http://10.180.1.21/identity/v3/auth/tokens 0.108s
2025-11-28 15:20:34.810 65765 INFO tempest.common.waiters [-] State transition "BUILD/block_device_mapping" ==> "BUILD/spawning" after 13 second wait
2025-11-28 15:20:34.838 65781 INFO tempest.lib.common.rest_client [req-68240186-dad1-495a-842c-192abaf55798 req-68240186-dad1-495a-842c-192abaf55798 ] Request (ServersAdminNegativeTestJSON:test_restore_server_invalid_state): 409 POST http://10.180.1.21/compute/v2.1/servers/bb96c563-e906-4e54-976d-a2d003c4fb24/action 1.242s
2025-11-28 15:20:34.892 65797 INFO tempest.lib.common.rest_client [req-94246619-1258-47c4-8aae-0e48a1fec019 req-94246619-1258-47c4-8aae-0e48a1fec019 ] Request (AZAdminNegativeTestJSON:setUpClass): 201 POST http://10.180.1.21/identity/v3/auth/tokens 0.076s
2025-11-28 15:20:34.909 65807 INFO tempest.lib.common.rest_client [req-0d120424-2792-4b1c-bfcf-f5ed5e244283 req-0d120424-2792-4b1c-bfcf-f5ed5e244283 ] Request (InstanceActionsV221TestJSON:test_get_list_deleted_instance_actions): 200 GET http://10.180.1.21/compute/v2.1/servers/37ba3abc-366a-4a95-ad04-832822583e1d 1.354s
2025-11-28 15:20:34.921 65797 INFO tempest.lib.common.rest_client [req-14171cd5-4a2b-4911-9487-7e14ee8a6018 req-14171cd5-4a2b-4911-9487-7e14ee8a6018 ] Request (AZAdminNegativeTestJSON:setUpClass): 200 GET http://10.180.1.21/identity/v3/domains?name=Default 0.028s
2025-11-28 15:20:34.922 65791 INFO tempest.lib.common.rest_client [req-7b4f9d88-55c8-46b9-900b-8260eec08314 req-7b4f9d88-55c8-46b9-900b-8260eec08314 ] Request (ServerDiagnosticsTest:test_get_server_diagnostics): 200 GET http://10.180.1.21/compute/v2.1/servers/b36528f6-a337-4152-b42f-d93c5cbb997c 1.297s
2025-11-28 15:20:34.943 65819 INFO tempest.lib.common.rest_client [req-67ccfa80-b90f-437c-983a-f7d2ac6925cf req-67ccfa80-b90f-437c-983a-f7d2ac6925cf ] Request (InstanceActionsNegativeTestJSON:test_list_instance_actions_non_existent_server): 404 GET http://10.180.1.21/compute/v2.1/servers/5c99812e-94ae-46e8-8195-2b33cb0dc1ca/os-instance-actions 1.162s
2025-11-28 15:20:34.977 65797 INFO tempest.lib.common.rest_client [req-f0a177f6-44fe-43bc-bee8-f8f9a1e3c0cf req-f0a177f6-44fe-43bc-bee8-f8f9a1e3c0cf ] Request (AZAdminNegativeTestJSON:setUpClass): 201 POST http://10.180.1.21/identity/v3/projects 0.055s
2025-11-28 15:20:34.990 65817 INFO tempest.lib.common.rest_client [req-6738ccdd-7c33-4824-8ce0-7d03871366b1 req-6738ccdd-7c33-4824-8ce0-7d03871366b1 ] Request (ServerDiskConfigTestJSON:test_rebuild_server_with_manual_disk_config): 200 GET http://10.180.1.21/compute/v2.1/servers/f0ddf5e1-3bfe-47a7-85a9-c0c1514f3cef 1.270s
2025-11-28 15:20:35.036 65821 INFO tempest.lib.common.rest_client [req-036bebb8-218a-46a7-abe1-bd5bd0db7d15 req-036bebb8-218a-46a7-abe1-bd5bd0db7d15 ] Request (ServerRescueNegativeTestJSON:test_rescued_vm_detach_volume): 201 POST http://10.180.1.21/networking/v2.0/floatingips 0.609s
2025-11-28 15:20:35.064 65797 INFO tempest.lib.common.rest_client [req-68a6ac7f-7c78-43cf-97ca-4b451bbb2970 req-68a6ac7f-7c78-43cf-97ca-4b451bbb2970 ] Request (AZAdminNegativeTestJSON:setUpClass): 201 POST http://10.180.1.21/identity/v3/users 0.086s
2025-11-28 15:20:35.066 65823 INFO tempest.lib.common.rest_client [req-9957dcb9-d89e-49b9-80b1-b3e9dd07fa0b req-9957dcb9-d89e-49b9-80b1-b3e9dd07fa0b ] Request (DeleteServersTestJSON:test_delete_server_while_in_attached_volume): 200 GET http://10.180.1.21/compute/v2.1/servers/27423d2c-1236-417d-a97f-da28fa0716ac 1.247s
2025-11-28 15:20:35.187 65797 INFO tempest.lib.common.rest_client [req-7a386ab9-16c6-4800-8f53-43dff74ce216 req-7a386ab9-16c6-4800-8f53-43dff74ce216 ] Request (AZAdminNegativeTestJSON:setUpClass): 200 GET http://10.180.1.21/identity/v3/roles 0.122s
2025-11-28 15:20:35.195 65821 INFO tempest.lib.common.rest_client [req-c7fdba74-abaa-4bca-844b-d54267c02a6f req-c7fdba74-abaa-4bca-844b-d54267c02a6f ] Request (ServerRescueNegativeTestJSON:test_rescued_vm_detach_volume): 201 POST http://10.180.1.21/identity/v3/auth/tokens 0.153s
2025-11-28 15:20:35.195 65821 INFO tempest.lib.common.fixed_network [-] (ServerRescueNegativeTestJSON:test_rescued_vm_detach_volume) Found network {'id': '327ecf6b-12c9-442b-b5d6-d22fb33c36cd', 'name': 'tempest-ServerRescueNegativeTestJSON-1310704155-network', 'tenant_id': 'dc16dbb3ea674e90beb80daed4beafd2', 'project_id': 'dc16dbb3ea674e90beb80daed4beafd2', 'admin_state_up': True, 'mtu': 8950, 'status': 'ACTIVE', 'subnets': [], 'shared': False, 'port_security_enabled': True, 'router:external': False, 'provider:network_type': 'vlan', 'provider:physical_network': 'default', 'provider:segmentation_id': 579, 'availability_zone_hints': [], 'availability_zones': [], 'ipv4_address_scope': None, 'ipv6_address_scope': None, 'description': '', 'tags': [], 'created_at': '2025-11-28T15:18:39Z', 'updated_at': '2025-11-28T15:18:39Z', 'revision_number': 1} available for tenant
2025-11-28 15:20:35.198 65809 INFO tempest.lib.common.rest_client [req-f2ebeb6e-4974-4894-91df-806cf590f8c0 req-f2ebeb6e-4974-4894-91df-806cf590f8c0 ] Request (ServerDiagnosticsV248Test:tearDownClass): 200 GET http://10.180.1.21/compute/v2.1/servers/86240fa8-9090-4fe5-83f0-05019f8c044e 1.297s
2025-11-28 15:20:35.248 65797 INFO tempest.lib.common.rest_client [req-2b644024-cd21-413d-8667-332fcdf17574 req-2b644024-cd21-413d-8667-332fcdf17574 ] Request (AZAdminNegativeTestJSON:setUpClass): 204 PUT http://10.180.1.21/identity/v3/projects/8820ad4ce5774b5398e17f6fe6debd90/users/60668414533543949b5fea56b353d62a/roles/0bc4bc43f5384a6887704a9da540f079 0.060s
2025-11-28 15:20:35.251 65797 INFO tempest.lib.common.dynamic_creds [-] Dynamic test user 60668414533543949b5fea56b353d62a is created with scope project and roles: ['member']
2025-11-28 15:20:35.251 65797 INFO tempest.lib.common.dynamic_creds [-] Acquired dynamic creds: credentials: Credentials: {'domain_id': 'default', 'domain_name': 'Default', 'username': 'tempest-AZAdminNegativeTestJSON-1012153011-project-member', 'project_domain_id': 'default', 'project_domain_name': 'Default', 'project_id': '8820ad4ce5774b5398e17f6fe6debd90', 'project_name': 'tempest-AZAdminNegativeTestJSON-1012153011', 'tenant_id': '8820ad4ce5774b5398e17f6fe6debd90', 'tenant_name': 'tempest-AZAdminNegativeTestJSON-1012153011', 'user_domain_id': 'default', 'user_domain_name': 'Default', 'user_id': '60668414533543949b5fea56b353d62a', 'system': None}, Network: None, Subnet: None, Router: None
2025-11-28 15:20:35.251 65797 INFO tempest.lib.common.dynamic_creds [-] Created isolated network resources for: credentials: Credentials: {'domain_id': 'default', 'domain_name': 'Default', 'username': 'tempest-AZAdminNegativeTestJSON-1012153011-project-member', 'project_domain_id': 'default', 'project_domain_name': 'Default', 'project_id': '8820ad4ce5774b5398e17f6fe6debd90', 'project_name': 'tempest-AZAdminNegativeTestJSON-1012153011', 'tenant_id': '8820ad4ce5774b5398e17f6fe6debd90', 'tenant_name': 'tempest-AZAdminNegativeTestJSON-1012153011', 'user_domain_id': 'default', 'user_domain_name': 'Default', 'user_id': '60668414533543949b5fea56b353d62a', 'system': None}, Network: None, Subnet: None, Router: None
2025-11-28 15:20:35.342 65763 INFO tempest.lib.common.rest_client [req-5a7eb09e-8501-4665-bee1-451c10e39b61 req-5a7eb09e-8501-4665-bee1-451c10e39b61 ] Request (SecurityGroupRulesNegativeTestJSON:test_create_security_group_rule_duplicate): 200 POST http://10.180.1.21/compute/v2.1/os-security-groups 1.531s
2025-11-28 15:20:35.370 65799 INFO tempest.lib.common.rest_client [req-910e0fb9-ddc2-409f-b688-ef65316c843b req-910e0fb9-ddc2-409f-b688-ef65316c843b ] Request (FlavorsAdminTestJSON:_run_cleanups): 200 GET http://10.180.1.21/compute/v2.1/flavors/detail 1.438s
2025-11-28 15:20:35.384 65797 INFO tempest.lib.common.rest_client [req-b86ddd5b-686a-4a7f-9aa2-ba6382c8ad83 req-b86ddd5b-686a-4a7f-9aa2-ba6382c8ad83 ] Request (AZAdminNegativeTestJSON:setUpClass): 201 POST http://10.180.1.21/identity/v3/auth/tokens 0.130s
2025-11-28 15:20:35.421 65783 INFO tempest.lib.common.rest_client [req-17027f52-040c-4949-8267-01f98ed2c588 req-17027f52-040c-4949-8267-01f98ed2c588 ] Request (ServersNegativeTestJSON:setUp): 200 GET http://10.180.1.21/compute/v2.1/servers/09dc54cd-2c8b-48e2-866e-46ff1c02fde6 1.519s
2025-11-28 15:20:35.429 65769 INFO paramiko.transport [-] Connected (version 2.0, client dropbear_2020.81)
2025-11-28 15:20:35.494 65797 INFO tempest.lib.common.rest_client [req-eb8b5a20-03eb-4f7f-b656-3d3c0f205dcb req-eb8b5a20-03eb-4f7f-b656-3d3c0f205dcb ] Request (AZAdminNegativeTestJSON:setUpClass): 201 POST http://10.180.1.21/identity/v3/projects 0.109s
2025-11-28 15:20:35.500 65769 INFO paramiko.transport [-] Authentication (publickey) successful!
2025-11-28 15:20:35.500 65769 INFO tempest.lib.common.ssh [-] ssh connection to cirros@10.180.180.193 successfully created
2025-11-28 15:20:35.515 65779 INFO tempest.lib.common.rest_client [req-92ff27e8-fee8-4567-811e-da41ad388f11 req-92ff27e8-fee8-4567-811e-da41ad388f11 ] Request (VolumesAdminNegativeTest:test_update_attached_volume_with_nonexistent_volume_in_uri): 200 GET http://10.180.1.21/compute/v2.1/servers/b7a2e248-446f-4f23-a88d-95b19a5ca410 1.384s
2025-11-28 15:20:35.546 65783 INFO tempest.lib.common.rest_client [req-10f67891-e8c0-4131-ab33-846892ed5da1 req-10f67891-e8c0-4131-ab33-846892ed5da1 ] Request (ServersNegativeTestJSON:test_create_server_metadata_exceeds_length_limit): 201 POST http://10.180.1.21/identity/v3/auth/tokens 0.113s
2025-11-28 15:20:35.546 65783 INFO tempest.lib.common.fixed_network [-] (ServersNegativeTestJSON:test_create_server_metadata_exceeds_length_limit) Found network {'id': '63ad0654-8097-4159-97f8-fefa5c466ef8', 'name': 'tempest-ServersNegativeTestJSON-643785259-network', 'tenant_id': 'd125532c61a2493e985f00308260fdf4', 'project_id': 'd125532c61a2493e985f00308260fdf4', 'admin_state_up': True, 'mtu': 8950, 'status': 'ACTIVE', 'subnets': [], 'shared': False, 'port_security_enabled': True, 'router:external': False, 'provider:network_type': 'vlan', 'provider:physical_network': 'default', 'provider:segmentation_id': 955, 'availability_zone_hints': [], 'availability_zones': [], 'ipv4_address_scope': None, 'ipv6_address_scope': None, 'description': '', 'tags': [], 'created_at': '2025-11-28T15:18:43Z', 'updated_at': '2025-11-28T15:18:43Z', 'revision_number': 1} available for tenant
2025-11-28 15:20:35.602 65811 INFO tempest.lib.common.rest_client [req-1060d9d9-5f82-401f-bf63-fb260d6682b9 req-1060d9d9-5f82-401f-bf63-fb260d6682b9 ] Request (DeleteServersAdminTestJSON:test_delete_server_while_in_error_state): 200 GET http://10.180.1.21/compute/v2.1/servers/8a776784-bfdf-4e13-bab0-0daaec111010 1.249s
2025-11-28 15:20:35.616 65797 INFO tempest.lib.common.rest_client [req-e688a67b-50cd-40f4-afb2-ffb94616be8c req-e688a67b-50cd-40f4-afb2-ffb94616be8c ] Request (AZAdminNegativeTestJSON:setUpClass): 201 POST http://10.180.1.21/identity/v3/users 0.121s
2025-11-28 15:20:35.644 65797 INFO tempest.lib.common.rest_client [req-22e2a2ea-a955-4cc3-b9e0-f0ebed5d3fc0 req-22e2a2ea-a955-4cc3-b9e0-f0ebed5d3fc0 ] Request (AZAdminNegativeTestJSON:setUpClass): 200 GET http://10.180.1.21/identity/v3/roles 0.027s
2025-11-28 15:20:35.644 65777 INFO tempest.lib.common.rest_client [req-cad608a4-d5cb-4541-84e6-2febd2825ad7 req-cad608a4-d5cb-4541-84e6-2febd2825ad7 ] Request (ServersV294TestFqdnHostnames:setUpClass): 200 GET http://10.180.1.21/compute/v2.1/servers/d9bed44f-d1c2-4c62-b842-085481a74f4b 1.632s
2025-11-28 15:20:35.702 65801 INFO tempest.lib.common.rest_client [req-919cbf1c-238e-496f-829b-508845e892b9 req-919cbf1c-238e-496f-829b-508845e892b9 ] Request (ServersAdminTestJSON:test_create_server_with_scheduling_hint): 200 GET http://10.180.1.21/compute/v2.1/servers/959e14e4-17ce-4603-84a1-1e58f700127a 1.257s
2025-11-28 15:20:35.711 65797 INFO tempest.lib.common.rest_client [req-234435da-2a50-491a-b0d5-1ae9d9c6c700 req-234435da-2a50-491a-b0d5-1ae9d9c6c700 ] Request (AZAdminNegativeTestJSON:setUpClass): 204 PUT http://10.180.1.21/identity/v3/projects/9a6e7294f3b54cb5a287f55250a09d30/users/4c828d8da53f4f8aa0cf7335eb211961/roles/b69683a58e3f4c00a9bd6eaf7b79fd19 0.067s
2025-11-28 15:20:35.728 65805 INFO tempest.lib.common.rest_client [req-784ee7a4-81e5-40ee-aec4-8abd8afe51ec req-784ee7a4-81e5-40ee-aec4-8abd8afe51ec ] Request (MigrationsAdminTest:test_resize_server_revert_deleted_flavor): 200 GET http://10.180.1.21/compute/v2.1/servers/274396ed-bc5c-4de6-9e90-65dadede1b0d 1.226s
2025-11-28 15:20:35.772 65793 INFO tempest.lib.common.rest_client [req-ced4fc5c-3723-4fb2-8da5-68e078e1e28d req-ced4fc5c-3723-4fb2-8da5-68e078e1e28d ] Request (ImagesOneServerNegativeTestJSON:test_create_second_image_when_first_image_is_being_saved): 409 POST http://10.180.1.21/compute/v2.1/servers/21f0ca15-62e4-44de-936f-0b1272d0134f/action 1.140s
2025-11-28 15:20:35.803 65797 INFO tempest.lib.common.rest_client [req-377892a6-e64f-4f0e-9ae7-4e6dc9012d21 req-377892a6-e64f-4f0e-9ae7-4e6dc9012d21 ] Request (AZAdminNegativeTestJSON:setUpClass): 200 GET http://10.180.1.21/identity/v3/roles 0.090s
2025-11-28 15:20:35.807 65788 INFO tempest.lib.common.rest_client [req-01da94dd-4d91-46e1-a421-366ba9cf78cd req-01da94dd-4d91-46e1-a421-366ba9cf78cd ] Request (VolumesAssistedSnapshotsTest:tearDownClass): 200 GET http://10.180.1.21/compute/v2.1/servers/3c3feb50-6869-4cae-a00d-83c66aaa8cde 1.213s
2025-11-28 15:20:35.836 65797 INFO tempest.lib.common.rest_client [req-4992ff6c-a914-47a9-8805-845c1077f857 req-4992ff6c-a914-47a9-8805-845c1077f857 ] Request (AZAdminNegativeTestJSON:setUpClass): 204 PUT http://10.180.1.21/identity/v3/projects/9a6e7294f3b54cb5a287f55250a09d30/users/4c828d8da53f4f8aa0cf7335eb211961/roles/b69683a58e3f4c00a9bd6eaf7b79fd19 0.033s
2025-11-28 15:20:35.836 65797 INFO tempest.lib.common.dynamic_creds [-] Dynamic test user 4c828d8da53f4f8aa0cf7335eb211961 is created with scope project and roles: ['admin']
2025-11-28 15:20:35.837 65797 INFO tempest.lib.common.dynamic_creds [-] Acquired dynamic creds: credentials: Credentials: {'domain_id': 'default', 'domain_name': 'Default', 'username': 'tempest-AZAdminNegativeTestJSON-385483817-project-admin', 'project_domain_id': 'default', 'project_domain_name': 'Default', 'project_id': '9a6e7294f3b54cb5a287f55250a09d30', 'project_name': 'tempest-AZAdminNegativeTestJSON-385483817', 'tenant_id': '9a6e7294f3b54cb5a287f55250a09d30', 'tenant_name': 'tempest-AZAdminNegativeTestJSON-385483817', 'user_domain_id': 'default', 'user_domain_name': 'Default', 'user_id': '4c828d8da53f4f8aa0cf7335eb211961', 'system': None}, Network: None, Subnet: None, Router: None
2025-11-28 15:20:35.837 65797 INFO tempest.lib.common.dynamic_creds [-] Created isolated network resources for: credentials: Credentials: {'domain_id': 'default', 'domain_name': 'Default', 'username': 'tempest-AZAdminNegativeTestJSON-385483817-project-admin', 'project_domain_id': 'default', 'project_domain_name': 'Default', 'project_id': '9a6e7294f3b54cb5a287f55250a09d30', 'project_name': 'tempest-AZAdminNegativeTestJSON-385483817', 'tenant_id': '9a6e7294f3b54cb5a287f55250a09d30', 'tenant_name': 'tempest-AZAdminNegativeTestJSON-385483817', 'user_domain_id': 'default', 'user_domain_name': 'Default', 'user_id': '4c828d8da53f4f8aa0cf7335eb211961', 'system': None}, Network: None, Subnet: None, Router: None
2025-11-28 15:20:35.866 65775 INFO tempest.lib.common.rest_client [req-5b7c83c5-c5f5-4e98-899c-d31f698a8760 req-5b7c83c5-c5f5-4e98-899c-d31f698a8760 ] Request (ServerRescueTestJSON:setUpClass): 200 GET http://10.180.1.21/compute/v2.1/servers/bb18642a-101b-4a32-9d82-c4de578b5a3c 1.202s
2025-11-28 15:20:35.903 65771 INFO tempest.lib.common.rest_client [req-54de3a0a-4407-4c8f-83c3-d5cb936ffd3b req-54de3a0a-4407-4c8f-83c3-d5cb936ffd3b ] Request (ServerShowV247Test:tearDownClass): 200 GET http://10.180.1.21/compute/v2.1/servers/23049273-559d-42ce-8434-99fca222d63c 1.204s
2025-11-28 15:20:35.974 65789 INFO tempest.lib.common.rest_client [req-203e8254-98a3-4c18-b973-acecb009609b req-203e8254-98a3-4c18-b973-acecb009609b ] Request (ServersTestBootFromVolume:setUpClass): 200 GET http://10.180.1.21/compute/v2.1/servers/2d522441-20df-40a3-905b-83261f3b7396 1.221s
2025-11-28 15:20:35.977 65797 INFO tempest.lib.common.rest_client [req-c60689dd-e0e1-4839-9287-9795bffffc0a req-c60689dd-e0e1-4839-9287-9795bffffc0a ] Request (AZAdminNegativeTestJSON:setUpClass): 201 POST http://10.180.1.21/identity/v3/auth/tokens 0.137s
2025-11-28 15:20:35.998 65795 INFO tempest.lib.common.rest_client [req-dfa7db01-45f1-4448-922c-c90e70bb049a req-dfa7db01-45f1-4448-922c-c90e70bb049a ] Request (ServersWithSpecificFlavorTestJSON:test_verify_created_server_ephemeral_disk): 200 GET http://10.180.1.21/compute/v2.1/servers/50fa0623-9c37-47e4-8192-fbf22f080af3 1.231s
2025-11-28 15:20:36.085 65781 INFO tempest.lib.common.rest_client [req-87ed11a6-df56-4f72-93a6-5d4240d8e2a5 req-87ed11a6-df56-4f72-93a6-5d4240d8e2a5 ] Request (ServersAdminNegativeTestJSON:tearDownClass): 204 DELETE http://10.180.1.21/compute/v2.1/servers/3fa4452f-0cb5-4322-9425-8fe2212029a6 1.239s
2025-11-28 15:20:36.095 65803 INFO tempest.lib.common.rest_client [req-a351a2d0-2755-4e5f-961f-243f9ce3e4ee req-a351a2d0-2755-4e5f-961f-243f9ce3e4ee ] Request (FloatingIPsAssociationNegativeTestJSON:tearDownClass): 200 GET http://10.180.1.21/compute/v2.1/servers/cb404fff-1490-420b-9b9c-e591f4746b72 1.225s
2025-11-28 15:20:36.213 65813 INFO tempest.lib.common.rest_client [req-660875c4-a2a4-457c-9e0b-9de2d9d3726d req-660875c4-a2a4-457c-9e0b-9de2d9d3726d ] Request (ServerGroupTestJSON:_run_cleanups): 200 GET http://10.180.1.21/compute/v2.1/servers/62cebfd5-b77e-45a8-ba2c-5ea2cfcf95ca 1.172s
2025-11-28 15:20:36.219 65819 INFO tempest.lib.common.rest_client [req-d9f96b51-a79a-43fb-b005-cae9fdfe4588 req-d9f96b51-a79a-43fb-b005-cae9fdfe4588 ] Request (InstanceActionsNegativeTestJSON:tearDownClass): 204 DELETE http://10.180.1.21/compute/v2.1/servers/d6d98294-81ee-4ec9-a0f2-cba2d2a5c214 1.274s
2025-11-28 15:20:36.394 65763 INFO tempest.lib.common.rest_client [req-0799f43e-5fff-44a7-80b8-1faeeb6eecdc req-0799f43e-5fff-44a7-80b8-1faeeb6eecdc ] Request (SecurityGroupRulesNegativeTestJSON:test_create_security_group_rule_duplicate): 200 POST http://10.180.1.21/compute/v2.1/os-security-group-rules 1.048s
2025-11-28 15:20:36.410 65799 INFO tempest.lib.common.rest_client [req-8da1e7f5-4573-4420-8d00-70a3d179ce20 req-8da1e7f5-4573-4420-8d00-70a3d179ce20 ] Request (FlavorsAdminTestJSON:_run_cleanups): 202 DELETE http://10.180.1.21/compute/v2.1/flavors/1681949206 1.033s
2025-11-28 15:20:36.497 65773 INFO paramiko.transport [-] Connected (version 2.0, client dropbear_2020.81)
2025-11-28 15:20:36.510 65769 INFO tempest.lib.common.rest_client [req-68ec1ad1-2d42-452a-a500-915f8bb6c0c6 req-68ec1ad1-2d42-452a-a500-915f8bb6c0c6 ] Request (AttachInterfacesUnderV243Test:test_add_remove_fixed_ip): 200 GET http://10.180.1.21/compute/v2.1/servers/ddd40e5d-993b-445b-932d-74d8208f25f4/os-interface 1.009s
2025-11-28 15:20:36.516 65783 INFO tempest.lib.common.rest_client [req-f235f411-f8b4-4f52-886b-eca3ce5207ee req-f235f411-f8b4-4f52-886b-eca3ce5207ee ] Request (ServersNegativeTestJSON:test_create_server_metadata_exceeds_length_limit): 400 POST http://10.180.1.21/compute/v2.1/servers 0.969s
2025-11-28 15:20:36.554 65785 INFO tempest.lib.common.rest_client [req-14ef9f6d-bf61-4b62-b6db-d433e6f02711 req-14ef9f6d-bf61-4b62-b6db-d433e6f02711 ] Request (ImagesOneServerTestJSON:test_create_delete_image): 200 GET http://10.180.1.21/compute/v2.1/images/c308b551-a674-4ee2-9e81-a46c3f16ad87 0.915s
2025-11-28 15:20:36.611 65773 INFO paramiko.transport [-] Authentication (publickey) successful!
2025-11-28 15:20:36.612 65773 INFO tempest.lib.common.ssh [-] ssh connection to cirros@10.180.180.220 successfully created
2025-11-28 15:20:36.637 65821 INFO tempest.lib.common.rest_client [req-7c2f1848-4f51-4b8e-a456-c7bfbef020a6 req-7c2f1848-4f51-4b8e-a456-c7bfbef020a6 ] Request (ServerRescueNegativeTestJSON:test_rescued_vm_detach_volume): 202 POST http://10.180.1.21/compute/v2.1/servers 1.441s
2025-11-28 15:20:36.670 65793 INFO tempest.lib.common.rest_client [req-926842ca-478b-4997-bcc1-67d6abfd8735 req-926842ca-478b-4997-bcc1-67d6abfd8735 ] Request (ImagesOneServerNegativeTestJSON:test_create_second_image_when_first_image_is_being_saved): 204 DELETE http://10.180.1.21/compute/v2.1/images/089536ff-c3bd-4572-a848-ebe5841fe3d9 0.898s
2025-11-28 15:20:36.720 65765 INFO tempest.lib.common.rest_client [req-bcc327d6-f93c-4785-ad06-ab9cf22653b7 req-bcc327d6-f93c-4785-ad06-ab9cf22653b7 ] Request (ServersAdmin275Test:test_rebuild_update_server_275): 200 GET http://10.180.1.21/compute/v2.1/servers/3a9be798-bb49-4c0c-9421-b7465a538afe 0.909s
2025-11-28 15:20:36.736 65807 INFO tempest.lib.common.rest_client [req-a0b4a6d6-85c5-4878-a3d5-31f30078df52 req-a0b4a6d6-85c5-4878-a3d5-31f30078df52 ] Request (InstanceActionsV221TestJSON:test_get_list_deleted_instance_actions): 200 GET http://10.180.1.21/compute/v2.1/servers/37ba3abc-366a-4a95-ad04-832822583e1d 0.814s
