2025-11-28 15:22:16.017 65809 INFO tempest.lib.common.rest_client [req-1190e6d3-c8c7-48fa-8c67-3ac2a1312974 req-1190e6d3-c8c7-48fa-8c67-3ac2a1312974 ] Request (SecurityGroupsTestJSON:test_server_security_groups): 201 POST http://10.180.1.21/identity/v3/auth/tokens 0.090s
2025-11-28 15:22:16.017 65809 INFO tempest.lib.common.fixed_network [-] (SecurityGroupsTestJSON:test_server_security_groups) Found network {'id': '2ce2071a-b958-4719-b254-bd7b4ec1d533', 'name': 'tempest-SecurityGroupsTestJSON-789397240-network', 'tenant_id': '794e06979d5641f08fbca2beb326a8f5', 'project_id': '794e06979d5641f08fbca2beb326a8f5', 'admin_state_up': True, 'mtu': 8950, 'status': 'ACTIVE', 'subnets': [], 'shared': False, 'port_security_enabled': True, 'router:external': False, 'provider:network_type': 'vlan', 'provider:physical_network': 'default', 'provider:segmentation_id': 348, 'availability_zone_hints': [], 'availability_zones': [], 'ipv4_address_scope': None, 'ipv6_address_scope': None, 'description': '', 'tags': [], 'created_at': '2025-11-28T15:20:56Z', 'updated_at': '2025-11-28T15:20:56Z', 'revision_number': 1} available for tenant
2025-11-28 15:22:16.052 65801 INFO tempest.lib.common.rest_client [req-edc981cb-b050-442b-bef2-6949304063eb req-edc981cb-b050-442b-bef2-6949304063eb ] Request (ServersAdminTestJSON:test_inject_network_info): 200 GET http://10.180.1.21/compute/v2.1/servers/e025e9be-32b7-4b17-9e60-c2d0643f56ce 0.493s
2025-11-28 15:22:16.064 65769 INFO tempest.lib.common.rest_client [req-db9a9c1b-f13e-43e3-a360-84191303c675 req-db9a9c1b-f13e-43e3-a360-84191303c675 ] Request (ServerActionsTestOtherA:setUpClass): 200 GET http://10.180.1.21/compute/v2.1/servers/7eb8728c-db3e-4e8b-b5be-c2a367637011 0.483s
2025-11-28 15:22:16.119 65777 INFO tempest.lib.common.rest_client [req-8aca6981-9803-4908-9c87-d1fc1848433e req-8aca6981-9803-4908-9c87-d1fc1848433e ] Request (ServerTagsTestJSON:setUpClass): 200 GET http://10.180.1.21/compute/v2.1/servers/3948ffac-4fbd-40d6-a1f6-9445fb9a75ea 0.364s
2025-11-28 15:22:16.134 65767 INFO tempest.lib.common.rest_client [req-f1cbbb2f-8060-44f9-b4d8-64896f137817 req-f1cbbb2f-8060-44f9-b4d8-64896f137817 ] Request (AttachInterfacesTestJSON:_run_cleanups): 200 GET http://10.180.1.21/compute/v2.1/servers/be5291ae-08e1-44f0-a683-272510bdae7e 0.504s
2025-11-28 15:22:16.167 65788 INFO tempest.lib.common.rest_client [req-e8e031a6-69fc-4638-b66a-d5913e9a26bb req-e8e031a6-69fc-4638-b66a-d5913e9a26bb ] Request (ListImageFiltersTestJSON:setUpClass): 200 GET http://10.180.1.21/compute/v2.1/servers/17cf0631-e31f-4801-a5aa-81b57696045a 0.377s
2025-11-28 15:22:16.189 65793 INFO tempest.lib.common.rest_client [req-13d91d6c-f96c-4d1e-90fb-0eb56e5df773 req-13d91d6c-f96c-4d1e-90fb-0eb56e5df773 ] Request (ImagesOneServerNegativeTestJSON:_run_cleanups): 200 GET http://10.180.1.21/compute/v2.1/servers/0979716f-90cb-44e8-8863-faaf960c1584 0.342s
2025-11-28 15:22:16.331 65807 INFO tempest.lib.common.rest_client [req-2d62a83b-8f35-4bc2-bb72-582831feb3d9 req-2d62a83b-8f35-4bc2-bb72-582831feb3d9 ] Request (ListServersNegativeTestJSON:setUpClass): 200 GET http://10.180.1.21/compute/v2.1/servers/77bd8512-9fd4-4867-8da1-bec4ae3d7c8a 0.420s
2025-11-28 15:22:16.407 65775 INFO tempest.lib.common.rest_client [req-fcb36dd1-6ceb-4975-8f47-9af0a8799d87 req-fcb36dd1-6ceb-4975-8f47-9af0a8799d87 ] Request (ServerRescueTestJSON:test_rescue_unrescue_instance): 200 GET http://10.180.1.21/compute/v2.1/servers/d80e44f0-9711-4241-91bb-b372f42556dc 0.372s
2025-11-28 15:22:16.487 65819 INFO tempest.lib.common.rest_client [req-0be7612f-d46d-482e-8e43-d521202f6c70 req-0be7612f-d46d-482e-8e43-d521202f6c70 ] Request (ServerShowV254Test:test_rebuild_server): 200 GET http://10.180.1.21/compute/v2.1/servers/728a835a-7426-4df1-8b67-dd7c7f319e76 0.372s
2025-11-28 15:22:16.528 65809 INFO tempest.lib.common.rest_client [req-5ba49514-4266-4ad2-8b37-89bd82014b87 req-5ba49514-4266-4ad2-8b37-89bd82014b87 ] Request (SecurityGroupsTestJSON:test_server_security_groups): 202 POST http://10.180.1.21/compute/v2.1/servers 0.509s
2025-11-28 15:22:16.610 65805 INFO tempest.lib.common.rest_client [req-7c012432-76d0-4021-825e-5625993382b7 req-7c012432-76d0-4021-825e-5625993382b7 ] Request (MigrationsAdminTest:test_resize_server_revert_deleted_flavor): 200 GET http://10.180.1.21/compute/v2.1/servers/274396ed-bc5c-4de6-9e90-65dadede1b0d 0.439s
2025-11-28 15:22:16.632 65791 INFO tempest.lib.common.rest_client [req-6278794f-cd70-4a68-84b7-0f4ed81a27c3 req-6278794f-cd70-4a68-84b7-0f4ed81a27c3 ] Request (FloatingIPsAssociationTestJSON:setUpClass): 200 GET http://10.180.1.21/compute/v2.1/servers/488e938a-338a-443d-996b-8f4d905ba408 0.411s
2025-11-28 15:22:16.694 65785 INFO tempest.lib.common.rest_client [req-78003cab-0997-4067-b11e-31b3df0bd739 req-78003cab-0997-4067-b11e-31b3df0bd739 ] Request (ServersTestJSON:setUpClass): 200 GET http://10.180.1.21/compute/v2.1/servers/a978fd61-467c-4c62-a25d-dd7dd66a4513 0.393s
2025-11-28 15:22:16.701 65789 WARNING tempest.lib.common.ssh [-] Failed to establish authenticated ssh connection to cirros@10.180.180.176 ([Errno None] Unable to connect to port 22 on 10.180.180.176). Number attempts: 8. Retry after 9 seconds.: paramiko.ssh_exception.NoValidConnectionsError: [Errno None] Unable to connect to port 22 on 10.180.180.176
2025-11-28 15:22:16.744 65817 INFO tempest.lib.common.rest_client [req-0637254d-4f6c-484d-9af2-95dd885135a8 req-0637254d-4f6c-484d-9af2-95dd885135a8 ] Request (ServerDiskConfigTestJSON:test_resize_server_from_auto_to_manual): 200 GET http://10.180.1.21/compute/v2.1/servers/5fc7cfcc-d93b-4050-b3b3-80280b2e973a 0.371s
2025-11-28 15:22:16.833 65809 INFO tempest.lib.common.rest_client [req-8e15a478-d545-48de-b903-499d3dbaac7e req-8e15a478-d545-48de-b903-499d3dbaac7e ] Request (SecurityGroupsTestJSON:test_server_security_groups): 200 GET http://10.180.1.21/compute/v2.1/servers/3499748e-b2e9-4eed-b0d3-4dabeb314859 0.303s
2025-11-28 15:22:16.861 65813 INFO tempest.lib.common.rest_client [req-4997b29b-9ef6-44c1-8867-538a4a43e3ed req-4997b29b-9ef6-44c1-8867-538a4a43e3ed ] Request (ServerPasswordTestJSON:setUpClass): 200 GET http://10.180.1.21/compute/v2.1/servers/92d07070-3746-4489-bab6-9b77e150e999 0.471s
2025-11-28 15:22:16.925 65823 INFO tempest.lib.common.rest_client [req-26ce9abd-c901-4009-a69b-873e5c9805b4 req-26ce9abd-c901-4009-a69b-873e5c9805b4 ] Request (DeleteServersTestJSON:test_delete_server_while_in_attached_volume): 200 GET http://10.180.1.21/compute/v2.1/servers/27423d2c-1236-417d-a97f-da28fa0716ac 0.391s
2025-11-28 15:22:16.952 65825 INFO tempest.lib.common.rest_client [req-d0546706-8331-4cc6-946f-af7f3647a41c req-d0546706-8331-4cc6-946f-af7f3647a41c ] Request (ServersTestFqdnHostnames:tearDownClass): 200 GET http://10.180.1.21/compute/v2.1/servers/eda5d223-ad16-4ad6-b41f-1e6c400956a1 0.368s
2025-11-28 15:22:17.000 65795 INFO tempest.lib.common.rest_client [req-cc0abcd9-d759-4143-9e22-b3c80a432d13 req-cc0abcd9-d759-4143-9e22-b3c80a432d13 ] Request (ServersWithSpecificFlavorTestJSON:_run_cleanups): 200 GET http://10.180.1.21/compute/v2.1/servers/50fa0623-9c37-47e4-8192-fbf22f080af3 0.399s
2025-11-28 15:22:17.017 65779 INFO tempest.lib.common.rest_client [req-7521d66d-ec70-45c3-b195-84267134f1d0 req-7521d66d-ec70-45c3-b195-84267134f1d0 ] Request (ServersAaction247Test:test_create_backup): 200 GET http://10.180.1.21/compute/v2.1/servers/9de04af0-9b41-448e-af19-8d7141876802 0.369s
2025-11-28 15:22:17.067 65799 INFO tempest.lib.common.rest_client [req-61748e24-9cbc-42e4-b604-2989796a086e req-61748e24-9cbc-42e4-b604-2989796a086e ] Request (ServerDiagnosticsNegativeTest:tearDownClass): 200 GET http://10.180.1.21/compute/v2.1/servers/82791761-40c8-48e3-ab8c-4c5d1080b3e3 0.394s
2025-11-28 15:22:17.081 65781 INFO tempest.lib.common.rest_client [req-c1bb0881-b50e-4da5-8d2c-7afa7913ccce req-c1bb0881-b50e-4da5-8d2c-7afa7913ccce ] Request (ServerActionsTestOtherB:setUpClass): 200 GET http://10.180.1.21/compute/v2.1/servers/a69f666b-008b-436f-ab6c-3285bc5c400a 0.356s
2025-11-28 15:22:17.179 65765 INFO tempest.lib.common.rest_client [req-23d50a0c-2231-4ea4-b97d-0e3e25e0deed req-23d50a0c-2231-4ea4-b97d-0e3e25e0deed ] Request (ImagesTestJSON:test_create_image_from_stopped_server): 200 GET http://10.180.1.21/compute/v2.1/servers/49bf2f14-f5ec-44c2-be01-4efff29d8989 0.173s
2025-11-28 15:22:17.201 65783 INFO tempest.lib.common.rest_client [req-2d9cb850-595b-48cc-bd0b-05679ddd3bd7 req-2d9cb850-595b-48cc-bd0b-05679ddd3bd7 ] Request (ServersNegativeTestJSON:test_shelve_shelved_server): 200 GET http://10.180.1.21/compute/v2.1/servers/09dc54cd-2c8b-48e2-866e-46ff1c02fde6 0.234s
2025-11-28 15:22:17.260 65769 INFO tempest.lib.common.rest_client [req-2482aae2-23e3-422c-b265-9c60cd4f7ea8 req-2482aae2-23e3-422c-b265-9c60cd4f7ea8 ] Request (ServerActionsTestOtherA:setUpClass): 200 GET http://10.180.1.21/compute/v2.1/servers/7eb8728c-db3e-4e8b-b5be-c2a367637011 0.186s
2025-11-28 15:22:17.287 65801 INFO tempest.lib.common.rest_client [req-79f85148-b677-4db3-9b48-7b241222d9f4 req-79f85148-b677-4db3-9b48-7b241222d9f4 ] Request (ServersAdminTestJSON:test_inject_network_info): 200 GET http://10.180.1.21/compute/v2.1/servers/e025e9be-32b7-4b17-9e60-c2d0643f56ce 0.227s
2025-11-28 15:22:17.295 65801 INFO tempest.common.waiters [-] State transition "BUILD/spawning" ==> "ACTIVE/None" after 47 second wait
2025-11-28 15:22:17.307 65767 INFO tempest.lib.common.rest_client [req-071cf0b4-40e7-42c2-a202-92356419a1a8 req-071cf0b4-40e7-42c2-a202-92356419a1a8 ] Request (AttachInterfacesTestJSON:_run_cleanups): 404 GET http://10.180.1.21/compute/v2.1/servers/be5291ae-08e1-44f0-a683-272510bdae7e 0.166s
2025-11-28 15:22:17.309 65777 INFO tempest.lib.common.rest_client [req-77519cbc-eace-46af-ae65-49ab7fca8d2e req-77519cbc-eace-46af-ae65-49ab7fca8d2e ] Request (ServerTagsTestJSON:setUpClass): 200 GET http://10.180.1.21/compute/v2.1/servers/3948ffac-4fbd-40d6-a1f6-9445fb9a75ea 0.180s
2025-11-28 15:22:17.363 65793 INFO tempest.lib.common.rest_client [req-5ff4ded2-aa0d-443e-8564-dd27656e5438 req-5ff4ded2-aa0d-443e-8564-dd27656e5438 ] Request (ImagesOneServerNegativeTestJSON:_run_cleanups): 200 GET http://10.180.1.21/compute/v2.1/servers/0979716f-90cb-44e8-8863-faaf960c1584 0.162s
2025-11-28 15:22:17.378 65788 INFO tempest.lib.common.rest_client [req-392f1463-bfa8-4cf3-a603-70f97a76c32e req-392f1463-bfa8-4cf3-a603-70f97a76c32e ] Request (ListImageFiltersTestJSON:setUpClass): 200 GET http://10.180.1.21/compute/v2.1/servers/17cf0631-e31f-4801-a5aa-81b57696045a 0.202s
2025-11-28 15:22:17.403 65767 INFO tempest.lib.common.rest_client [req-e15d15ad-ab2d-434c-af99-891c8bc640bd req-e15d15ad-ab2d-434c-af99-891c8bc640bd ] Request (AttachInterfacesTestJSON:_run_cleanups): 202 DELETE http://10.180.1.21/compute/v2.1/os-keypairs/tempest-keypair-1615388163 0.094s
2025-11-28 15:22:17.489 65801 INFO tempest.lib.common.rest_client [req-6fb3f7d2-5dcf-4b7b-8a62-3e4aa39d1702 req-6fb3f7d2-5dcf-4b7b-8a62-3e4aa39d1702 ] Request (ServersAdminTestJSON:test_inject_network_info): 202 POST http://10.180.1.21/compute/v2.1/servers/e025e9be-32b7-4b17-9e60-c2d0643f56ce/action 0.193s
2025-11-28 15:22:17.522 65767 INFO tempest.lib.common.rest_client [req-cf496dc7-38b0-4ee7-922e-1f474f7b1319 req-cf496dc7-38b0-4ee7-922e-1f474f7b1319 ] Request (AttachInterfacesTestJSON:_run_cleanups): 204 DELETE http://10.180.1.21/networking/v2.0/security-groups/7c78da30-ca47-4e57-b4ed-bf775acbd46d 0.118s
2025-11-28 15:22:17.565 65767 INFO tempest.lib.common.rest_client [req-31ee6753-c921-4437-8b8f-d3f512cbf41c req-31ee6753-c921-4437-8b8f-d3f512cbf41c ] Request (AttachInterfacesTestJSON:_run_cleanups): 404 GET http://10.180.1.21/networking/v2.0/security-groups/7c78da30-ca47-4e57-b4ed-bf775acbd46d 0.043s
2025-11-28 15:22:17.582 65775 INFO tempest.lib.common.rest_client [req-0ece348e-706e-4daa-9529-9a799362194d req-0ece348e-706e-4daa-9529-9a799362194d ] Request (ServerRescueTestJSON:test_rescue_unrescue_instance): 200 GET http://10.180.1.21/compute/v2.1/servers/d80e44f0-9711-4241-91bb-b372f42556dc 0.167s
2025-11-28 15:22:17.607 65807 INFO tempest.lib.common.rest_client [req-ee038b2b-7e41-49d3-9f26-c24473f158de req-ee038b2b-7e41-49d3-9f26-c24473f158de ] Request (ListServersNegativeTestJSON:setUpClass): 200 GET http://10.180.1.21/compute/v2.1/servers/77bd8512-9fd4-4867-8da1-bec4ae3d7c8a 0.264s
2025-11-28 15:22:17.615 65801 INFO tempest.lib.common.rest_client [req-314cf990-4f65-4ed0-a013-775789d7af18 req-314cf990-4f65-4ed0-a013-775789d7af18 ] Request (ServersAdminTestJSON:test_list_servers_by_admin): 200 GET http://10.180.1.21/compute/v2.1/servers/detail 0.125s
2025-11-28 15:22:17.684 65819 INFO tempest.lib.common.rest_client [req-292c04c3-e199-4520-bc03-57bb6161f94a req-292c04c3-e199-4520-bc03-57bb6161f94a ] Request (ServerShowV254Test:test_rebuild_server): 200 GET http://10.180.1.21/compute/v2.1/servers/728a835a-7426-4df1-8b67-dd7c7f319e76 0.188s
2025-11-28 15:22:17.768 65805 INFO tempest.lib.common.rest_client [req-33a11bca-79f4-4a88-938a-1488d180db83 req-33a11bca-79f4-4a88-938a-1488d180db83 ] Request (MigrationsAdminTest:test_resize_server_revert_deleted_flavor): 200 GET http://10.180.1.21/compute/v2.1/servers/274396ed-bc5c-4de6-9e90-65dadede1b0d 0.143s
2025-11-28 15:22:17.828 65791 INFO tempest.lib.common.rest_client [req-744c4591-5f28-4422-ae84-57221f78cf48 req-744c4591-5f28-4422-ae84-57221f78cf48 ] Request (FloatingIPsAssociationTestJSON:setUpClass): 200 GET http://10.180.1.21/compute/v2.1/servers/488e938a-338a-443d-996b-8f4d905ba408 0.187s
2025-11-28 15:22:17.874 65767 INFO tempest.lib.common.rest_client [req-a7c0d495-efe4-4904-98a0-b4eb5e1ecf61 req-a7c0d495-efe4-4904-98a0-b4eb5e1ecf61 ] Request (AttachInterfacesTestJSON:_run_cleanups): 204 DELETE http://10.180.1.21/networking/v2.0/floatingips/83d0fed1-e78b-49c6-bfb4-98082e0e58ec 0.308s
2025-11-28 15:22:17.880 65785 INFO tempest.lib.common.rest_client [req-3d8f157c-c453-49a5-ac79-563a67510bff req-3d8f157c-c453-49a5-ac79-563a67510bff ] Request (ServersTestJSON:setUpClass): 200 GET http://10.180.1.21/compute/v2.1/servers/a978fd61-467c-4c62-a25d-dd7dd66a4513 0.178s
2025-11-28 15:22:17.933 65817 INFO tempest.lib.common.rest_client [req-b176b3f8-eda0-4d8a-bc41-4ccb1fcee313 req-b176b3f8-eda0-4d8a-bc41-4ccb1fcee313 ] Request (ServerDiskConfigTestJSON:test_resize_server_from_auto_to_manual): 200 GET http://10.180.1.21/compute/v2.1/servers/5fc7cfcc-d93b-4050-b3b3-80280b2e973a 0.180s
2025-11-28 15:22:17.993 65809 INFO tempest.lib.common.rest_client [req-836b06e6-f348-443a-ad68-7e79e2fe79c0 req-836b06e6-f348-443a-ad68-7e79e2fe79c0 ] Request (SecurityGroupsTestJSON:test_server_security_groups): 200 GET http://10.180.1.21/compute/v2.1/servers/3499748e-b2e9-4eed-b0d3-4dabeb314859 0.151s
2025-11-28 15:22:18.066 65801 INFO tempest.lib.common.rest_client [req-49cebead-b9d8-4d7a-9060-95ed0b0ce9e7 req-49cebead-b9d8-4d7a-9060-95ed0b0ce9e7 ] Request (ServersAdminTestJSON:test_list_servers_by_admin_with_all_tenants): 200 GET http://10.180.1.21/compute/v2.1/servers/detail?all_tenants= 0.441s
2025-11-28 15:22:18.104 65801 WARNING tempest.lib.common.rest_client [-] Deprecated: "tenant_id" property is deprecated for removal, use "project_id" instead
2025-11-28 15:22:18.107 65767 INFO tempest.lib.common.rest_client [req-4e990889-14ce-4317-a513-5229847da1af req-4e990889-14ce-4317-a513-5229847da1af ] Request (ValidationResourcesFixture:setUp): 200 POST http://10.180.1.21/compute/v2.1/os-keypairs 0.231s
2025-11-28 15:22:18.124 65813 INFO tempest.lib.common.rest_client [req-9b210bf8-6c32-41d1-b3a2-30778215992a req-9b210bf8-6c32-41d1-b3a2-30778215992a ] Request (ServerPasswordTestJSON:setUpClass): 200 GET http://10.180.1.21/compute/v2.1/servers/92d07070-3746-4489-bab6-9b77e150e999 0.255s
2025-11-28 15:22:18.176 65823 INFO tempest.lib.common.rest_client [req-dafc253a-cf7b-4dd3-9a69-a0d2f9c237bd req-dafc253a-cf7b-4dd3-9a69-a0d2f9c237bd ] Request (DeleteServersTestJSON:test_delete_server_while_in_attached_volume): 200 GET http://10.180.1.21/compute/v2.1/servers/27423d2c-1236-417d-a97f-da28fa0716ac 0.238s
2025-11-28 15:22:18.217 65825 INFO tempest.lib.common.rest_client [req-db4dceae-b686-4ede-8b0f-c6deb1b97de4 req-db4dceae-b686-4ede-8b0f-c6deb1b97de4 ] Request (ServersTestFqdnHostnames:tearDownClass): 200 GET http://10.180.1.21/compute/v2.1/servers/eda5d223-ad16-4ad6-b41f-1e6c400956a1 0.257s
2025-11-28 15:22:18.229 65767 INFO tempest.lib.common.rest_client [req-0f3194d0-2142-41ba-9b31-d96a772308be req-0f3194d0-2142-41ba-9b31-d96a772308be ] Request (ValidationResourcesFixture:setUp): 201 POST http://10.180.1.21/networking/v2.0/security-groups 0.120s
2025-11-28 15:22:18.240 65815 WARNING tempest.lib.common.ssh [-] Failed to establish authenticated ssh connection to cirros@10.180.180.172 ([Errno None] Unable to connect to port 22 on 10.180.180.172). Number attempts: 1. Retry after 2 seconds.: paramiko.ssh_exception.NoValidConnectionsError: [Errno None] Unable to connect to port 22 on 10.180.180.172
2025-11-28 15:22:18.251 65795 INFO tempest.lib.common.rest_client [req-07cf2413-934c-4cf5-92ee-89ad839c7654 req-07cf2413-934c-4cf5-92ee-89ad839c7654 ] Request (ServersWithSpecificFlavorTestJSON:_run_cleanups): 200 GET http://10.180.1.21/compute/v2.1/servers/50fa0623-9c37-47e4-8192-fbf22f080af3 0.243s
2025-11-28 15:22:18.334 65779 INFO tempest.lib.common.rest_client [req-96b1fcf9-0785-4017-b000-81872308f62e req-96b1fcf9-0785-4017-b000-81872308f62e ] Request (ServersAaction247Test:test_create_backup): 200 GET http://10.180.1.21/compute/v2.1/servers/9de04af0-9b41-448e-af19-8d7141876802 0.301s
2025-11-28 15:22:18.341 65799 INFO tempest.lib.common.rest_client [req-408a4d7f-d8bc-4654-881f-48f630acdb73 req-408a4d7f-d8bc-4654-881f-48f630acdb73 ] Request (ServerDiagnosticsNegativeTest:tearDownClass): 200 GET http://10.180.1.21/compute/v2.1/servers/82791761-40c8-48e3-ab8c-4c5d1080b3e3 0.266s
2025-11-28 15:22:18.369 65767 INFO tempest.lib.common.rest_client [req-fb45ebe8-f262-4705-ab0e-ebfd174f19fd req-fb45ebe8-f262-4705-ab0e-ebfd174f19fd ] Request (ValidationResourcesFixture:setUp): 201 POST http://10.180.1.21/networking/v2.0/security-group-rules 0.139s
2025-11-28 15:22:18.408 65781 INFO tempest.lib.common.rest_client [req-809829ec-bc90-4949-bcad-0f7867285f5d req-809829ec-bc90-4949-bcad-0f7867285f5d ] Request (ServerActionsTestOtherB:setUpClass): 200 GET http://10.180.1.21/compute/v2.1/servers/a69f666b-008b-436f-ab6c-3285bc5c400a 0.318s
2025-11-28 15:22:18.411 65801 INFO tempest.lib.common.rest_client [req-fb768dbe-72eb-4396-adb2-a1b204ba39bd req-fb768dbe-72eb-4396-adb2-a1b204ba39bd ] Request (ServersAdminTestJSON:test_list_servers_by_admin_with_specified_tenant): 200 GET http://10.180.1.21/compute/v2.1/servers/detail?tenant_id=5787b898ed504d46ba4153027324de38 0.307s
2025-11-28 15:22:18.477 65765 INFO tempest.lib.common.rest_client [req-30763730-baff-46e8-91c7-0b7c47a5a34e req-30763730-baff-46e8-91c7-0b7c47a5a34e ] Request (ImagesTestJSON:test_create_image_from_stopped_server): 200 GET http://10.180.1.21/compute/v2.1/servers/49bf2f14-f5ec-44c2-be01-4efff29d8989 0.291s
2025-11-28 15:22:18.487 65767 INFO tempest.lib.common.rest_client [req-3afa330d-1497-4cc1-895b-28332571123f req-3afa330d-1497-4cc1-895b-28332571123f ] Request (ValidationResourcesFixture:setUp): 201 POST http://10.180.1.21/networking/v2.0/security-group-rules 0.118s
2025-11-28 15:22:18.529 65769 INFO tempest.lib.common.rest_client [req-32038f42-f6b7-4377-9b4d-0a31d51ed92e req-32038f42-f6b7-4377-9b4d-0a31d51ed92e ] Request (ServerActionsTestOtherA:setUpClass): 200 GET http://10.180.1.21/compute/v2.1/servers/7eb8728c-db3e-4e8b-b5be-c2a367637011 0.260s
2025-11-28 15:22:18.540 65769 INFO tempest.common.waiters [-] State transition "BUILD/scheduling" ==> "BUILD/None" after 31 second wait
2025-11-28 15:22:18.561 65783 INFO tempest.lib.common.rest_client [req-8233294d-7c89-441d-a169-9fda37c97031 req-8233294d-7c89-441d-a169-9fda37c97031 ] Request (ServersNegativeTestJSON:test_shelve_shelved_server): 200 GET http://10.180.1.21/compute/v2.1/servers/09dc54cd-2c8b-48e2-866e-46ff1c02fde6 0.353s
2025-11-28 15:22:18.568 65783 INFO tempest.common.waiters [-] State transition "ACTIVE/shelving_image_uploading" ==> "SHELVED/shelving_offloading" after 20 second wait
2025-11-28 15:22:18.588 65777 INFO tempest.lib.common.rest_client [req-ad68d928-ee8d-43a9-9f29-d31f2ae9afcb req-ad68d928-ee8d-43a9-9f29-d31f2ae9afcb ] Request (ServerTagsTestJSON:setUpClass): 200 GET http://10.180.1.21/compute/v2.1/servers/3948ffac-4fbd-40d6-a1f6-9445fb9a75ea 0.268s
2025-11-28 15:22:18.633 65793 INFO tempest.lib.common.rest_client [req-45d16ebb-a0bb-4285-bb60-36cde2887053 req-45d16ebb-a0bb-4285-bb60-36cde2887053 ] Request (ImagesOneServerNegativeTestJSON:_run_cleanups): 200 GET http://10.180.1.21/compute/v2.1/servers/0979716f-90cb-44e8-8863-faaf960c1584 0.257s
2025-11-28 15:22:18.670 65788 INFO tempest.lib.common.rest_client [req-7b23ec13-1c75-4ef7-b7df-dc5ffbbe27f2 req-7b23ec13-1c75-4ef7-b7df-dc5ffbbe27f2 ] Request (ListImageFiltersTestJSON:setUpClass): 200 GET http://10.180.1.21/compute/v2.1/servers/17cf0631-e31f-4801-a5aa-81b57696045a 0.282s
2025-11-28 15:22:18.753 65775 INFO tempest.lib.common.rest_client [req-e2d4a7a8-2a36-4a36-beb8-a7f658295240 req-e2d4a7a8-2a36-4a36-beb8-a7f658295240 ] Request (ServerRescueTestJSON:test_rescue_unrescue_instance): 200 GET http://10.180.1.21/compute/v2.1/servers/d80e44f0-9711-4241-91bb-b372f42556dc 0.161s
2025-11-28 15:22:18.977 65767 INFO tempest.lib.common.rest_client [req-19b827a3-7213-4c3c-addf-20e7023e6b82 req-19b827a3-7213-4c3c-addf-20e7023e6b82 ] Request (ValidationResourcesFixture:setUp): 201 POST http://10.180.1.21/networking/v2.0/floatingips 0.489s
2025-11-28 15:22:18.986 65801 INFO tempest.lib.common.rest_client [req-ebfb114c-b72f-4c9d-adb1-ebf8d8fa35cc req-ebfb114c-b72f-4c9d-adb1-ebf8d8fa35cc ] Request (ServersAdminTestJSON:test_list_servers_by_admin_with_specified_tenant): 200 GET http://10.180.1.21/compute/v2.1/servers/detail?all_tenants=&tenant_id=5787b898ed504d46ba4153027324de38 0.568s
2025-11-28 15:22:19.010 65807 INFO tempest.lib.common.rest_client [req-411b3efa-469a-4c0c-ab33-09305aa66d5e req-411b3efa-469a-4c0c-ab33-09305aa66d5e ] Request (ListServersNegativeTestJSON:setUpClass): 200 GET http://10.180.1.21/compute/v2.1/servers/77bd8512-9fd4-4867-8da1-bec4ae3d7c8a 0.394s
2025-11-28 15:22:19.045 65767 INFO tempest.lib.common.rest_client [req-f5b5b192-3852-4361-8158-cecd36274f99 req-f5b5b192-3852-4361-8158-cecd36274f99 ] Request (AttachInterfacesTestJSON:test_create_list_show_delete_interfaces_by_network_port): 201 POST http://10.180.1.21/identity/v3/auth/tokens 0.064s
2025-11-28 15:22:19.046 65767 INFO tempest.lib.common.fixed_network [-] (AttachInterfacesTestJSON:test_create_list_show_delete_interfaces_by_network_port) Found network {'id': '8c4462f1-bed7-41e1-aa12-7da725c1ff39', 'name': 'tempest-AttachInterfacesTestJSON-125606403-network', 'tenant_id': 'dfda5edf3563437fa2411887e3862c6a', 'project_id': 'dfda5edf3563437fa2411887e3862c6a', 'admin_state_up': True, 'mtu': 8950, 'status': 'ACTIVE', 'subnets': [], 'shared': False, 'port_security_enabled': True, 'router:external': False, 'provider:network_type': 'vlan', 'provider:physical_network': 'default', 'provider:segmentation_id': 775, 'availability_zone_hints': [], 'availability_zones': [], 'ipv4_address_scope': None, 'ipv6_address_scope': None, 'description': '', 'tags': [], 'created_at': '2025-11-28T15:19:17Z', 'updated_at': '2025-11-28T15:19:17Z', 'revision_number': 1} available for tenant
2025-11-28 15:22:19.049 65819 INFO tempest.lib.common.rest_client [req-0994b327-870d-4a6f-a74e-7ade0e01c1f4 req-0994b327-870d-4a6f-a74e-7ade0e01c1f4 ] Request (ServerShowV254Test:test_rebuild_server): 200 GET http://10.180.1.21/compute/v2.1/servers/728a835a-7426-4df1-8b67-dd7c7f319e76 0.354s
2025-11-28 15:22:19.123 65791 INFO tempest.lib.common.rest_client [req-192abad3-c278-4520-a885-dac59b946a30 req-192abad3-c278-4520-a885-dac59b946a30 ] Request (FloatingIPsAssociationTestJSON:setUpClass): 200 GET http://10.180.1.21/compute/v2.1/servers/488e938a-338a-443d-996b-8f4d905ba408 0.287s
2025-11-28 15:22:19.146 65805 INFO tempest.lib.common.rest_client [req-b65fc2aa-a93b-410b-88a0-b714d8aed1e9 req-b65fc2aa-a93b-410b-88a0-b714d8aed1e9 ] Request (MigrationsAdminTest:test_resize_server_revert_deleted_flavor): 200 GET http://10.180.1.21/compute/v2.1/servers/274396ed-bc5c-4de6-9e90-65dadede1b0d 0.370s
2025-11-28 15:22:19.173 65785 INFO tempest.lib.common.rest_client [req-db50a643-77c8-4f57-a64c-8c43479bb213 req-db50a643-77c8-4f57-a64c-8c43479bb213 ] Request (ServersTestJSON:setUpClass): 200 GET http://10.180.1.21/compute/v2.1/servers/a978fd61-467c-4c62-a25d-dd7dd66a4513 0.286s
2025-11-28 15:22:19.194 65817 INFO tempest.lib.common.rest_client [req-d6e502d2-f70f-48c1-8a38-e4c1a95c36d4 req-d6e502d2-f70f-48c1-8a38-e4c1a95c36d4 ] Request (ServerDiskConfigTestJSON:test_resize_server_from_auto_to_manual): 200 GET http://10.180.1.21/compute/v2.1/servers/5fc7cfcc-d93b-4050-b3b3-80280b2e973a 0.253s
2025-11-28 15:22:19.205 65801 INFO tempest.lib.common.rest_client [req-e8dce6c0-6700-437b-9603-7d326b466c14 req-e8dce6c0-6700-437b-9603-7d326b466c14 ] Request (ServersAdminTestJSON:test_list_servers_by_admin_with_specified_tenant): 200 GET http://10.180.1.21/compute/v2.1/servers/detail?all_tenants=&tenant_id=049408740d9d4fe89f1ea32508c7040a 0.207s
2025-11-28 15:22:19.247 65809 INFO tempest.lib.common.rest_client [req-34424cb1-7783-406c-97b7-f75e20b04564 req-34424cb1-7783-406c-97b7-f75e20b04564 ] Request (SecurityGroupsTestJSON:test_server_security_groups): 200 GET http://10.180.1.21/compute/v2.1/servers/3499748e-b2e9-4eed-b0d3-4dabeb314859 0.240s
2025-11-28 15:22:19.340 65813 INFO tempest.lib.common.rest_client [req-587a9269-8f3e-428c-a361-db4e1d9b9d62 req-587a9269-8f3e-428c-a361-db4e1d9b9d62 ] Request (ServerPasswordTestJSON:setUpClass): 200 GET http://10.180.1.21/compute/v2.1/servers/92d07070-3746-4489-bab6-9b77e150e999 0.209s
2025-11-28 15:22:19.348 65813 INFO tempest.common.waiters [-] State transition "BUILD/spawning" ==> "ACTIVE/None" after 47 second wait
2025-11-28 15:22:19.393 65823 INFO tempest.lib.common.rest_client [req-eac0d73b-ba68-45fc-81ab-59182b6a4578 req-eac0d73b-ba68-45fc-81ab-59182b6a4578 ] Request (DeleteServersTestJSON:test_delete_server_while_in_attached_volume): 200 GET http://10.180.1.21/compute/v2.1/servers/27423d2c-1236-417d-a97f-da28fa0716ac 0.208s
2025-11-28 15:22:19.400 65801 INFO tempest.lib.common.rest_client [req-fbb711f1-cf0e-4800-96b4-521116a98e80 req-fbb711f1-cf0e-4800-96b4-521116a98e80 ] Request (ServersAdminTestJSON:test_list_servers_detailed_filter_by_invalid_status): 200 GET http://10.180.1.21/compute/v2.1/servers/detail?status=invalid_status 0.188s
2025-11-28 15:22:19.460 65825 INFO tempest.lib.common.rest_client [req-37fb2df5-daf9-49ad-a9f8-3927519bffcf req-37fb2df5-daf9-49ad-a9f8-3927519bffcf ] Request (ServersTestFqdnHostnames:tearDownClass): 200 GET http://10.180.1.21/compute/v2.1/servers/eda5d223-ad16-4ad6-b41f-1e6c400956a1 0.233s
2025-11-28 15:22:19.522 65795 INFO tempest.lib.common.rest_client [req-4d8ce517-4e1f-4f71-859c-077b90da5e8d req-4d8ce517-4e1f-4f71-859c-077b90da5e8d ] Request (ServersWithSpecificFlavorTestJSON:_run_cleanups): 200 GET http://10.180.1.21/compute/v2.1/servers/50fa0623-9c37-47e4-8192-fbf22f080af3 0.261s
2025-11-28 15:22:19.552 65767 INFO tempest.lib.common.rest_client [req-d8362ef2-0f16-48b4-8176-246bb2d238c4 req-d8362ef2-0f16-48b4-8176-246bb2d238c4 ] Request (AttachInterfacesTestJSON:test_create_list_show_delete_interfaces_by_network_port): 202 POST http://10.180.1.21/compute/v2.1/servers 0.505s
2025-11-28 15:22:19.577 65779 INFO tempest.lib.common.rest_client [req-bc8b8b81-c00a-49c9-9af7-9f24a5e67d4c req-bc8b8b81-c00a-49c9-9af7-9f24a5e67d4c ] Request (ServersAaction247Test:test_create_backup): 200 GET http://10.180.1.21/compute/v2.1/servers/9de04af0-9b41-448e-af19-8d7141876802 0.232s
2025-11-28 15:22:19.623 65813 INFO tempest.lib.common.rest_client [req-9989a6a0-73d3-41f1-8af6-2b29143e365f req-9989a6a0-73d3-41f1-8af6-2b29143e365f ] Request (ServerPasswordTestJSON:test_delete_server_password): 204 DELETE http://10.180.1.21/compute/v2.1/servers/92d07070-3746-4489-bab6-9b77e150e999/os-server-password 0.274s
2025-11-28 15:22:19.654 65799 INFO tempest.lib.common.rest_client [req-db2f1f75-de45-4c6f-8198-a72a8f3c12c0 req-db2f1f75-de45-4c6f-8198-a72a8f3c12c0 ] Request (ServerDiagnosticsNegativeTest:tearDownClass): 200 GET http://10.180.1.21/compute/v2.1/servers/82791761-40c8-48e3-ab8c-4c5d1080b3e3 0.303s
2025-11-28 15:22:19.703 65801 INFO tempest.lib.common.rest_client [req-a8b9c229-8e4a-4704-83e6-fc23def0c92a req-a8b9c229-8e4a-4704-83e6-fc23def0c92a ] Request (ServersAdminTestJSON:test_list_servers_filter_by_error_status): 202 POST http://10.180.1.21/compute/v2.1/servers/2b861ff2-90ee-4b8e-854f-6c6f0bf39652/action 0.294s
2025-11-28 15:22:19.730 65781 INFO tempest.lib.common.rest_client [req-b4dc9c2a-bc1e-4f42-8055-654741dcbcae req-b4dc9c2a-bc1e-4f42-8055-654741dcbcae ] Request (ServerActionsTestOtherB:setUpClass): 200 GET http://10.180.1.21/compute/v2.1/servers/a69f666b-008b-436f-ab6c-3285bc5c400a 0.313s
2025-11-28 15:22:19.768 65765 INFO tempest.lib.common.rest_client [req-83d9d91e-b777-43ce-a384-8b7ec525b4fa req-83d9d91e-b777-43ce-a384-8b7ec525b4fa ] Request (ImagesTestJSON:test_create_image_from_stopped_server): 200 GET http://10.180.1.21/compute/v2.1/servers/49bf2f14-f5ec-44c2-be01-4efff29d8989 0.283s
2025-11-28 15:22:19.830 65769 INFO tempest.lib.common.rest_client [req-3b7b314e-84c0-47a3-b132-3175483b1277 req-3b7b314e-84c0-47a3-b132-3175483b1277 ] Request (ServerActionsTestOtherA:setUpClass): 200 GET http://10.180.1.21/compute/v2.1/servers/7eb8728c-db3e-4e8b-b5be-c2a367637011 0.289s
2025-11-28 15:22:19.841 65767 INFO tempest.lib.common.rest_client [req-1339c64b-d186-48c0-9131-a1c6eee37b54 req-1339c64b-d186-48c0-9131-a1c6eee37b54 ] Request (AttachInterfacesTestJSON:test_create_list_show_delete_interfaces_by_network_port): 200 GET http://10.180.1.21/compute/v2.1/servers/fdc3d6b6-a85a-4bb3-998f-ed9d03f5171e 0.287s
2025-11-28 15:22:19.915 65777 INFO tempest.lib.common.rest_client [req-9611233f-01fd-441e-9444-a2a3c037dd3b req-9611233f-01fd-441e-9444-a2a3c037dd3b ] Request (ServerTagsTestJSON:setUpClass): 200 GET http://10.180.1.21/compute/v2.1/servers/3948ffac-4fbd-40d6-a1f6-9445fb9a75ea 0.314s
2025-11-28 15:22:19.937 65783 INFO tempest.lib.common.rest_client [req-95240b17-2e81-4e95-b56c-ba4fb6b7baf7 req-95240b17-2e81-4e95-b56c-ba4fb6b7baf7 ] Request (ServersNegativeTestJSON:test_shelve_shelved_server): 200 GET http://10.180.1.21/compute/v2.1/servers/09dc54cd-2c8b-48e2-866e-46ff1c02fde6 0.368s
2025-11-28 15:22:19.941 65813 INFO tempest.lib.common.rest_client [req-0b8d49fd-e911-44d2-b8c3-3c034af834ff req-0b8d49fd-e911-44d2-b8c3-3c034af834ff ] Request (ServerPasswordTestJSON:test_get_server_password): 200 GET http://10.180.1.21/compute/v2.1/servers/92d07070-3746-4489-bab6-9b77e150e999/os-server-password 0.316s
2025-11-28 15:22:19.992 65793 INFO tempest.lib.common.rest_client [req-3b12a42c-602f-44ae-8f11-59a9e0ad57cb req-3b12a42c-602f-44ae-8f11-59a9e0ad57cb ] Request (ImagesOneServerNegativeTestJSON:_run_cleanups): 200 GET http://10.180.1.21/compute/v2.1/servers/0979716f-90cb-44e8-8863-faaf960c1584 0.349s
2025-11-28 15:22:20.006 65788 INFO tempest.lib.common.rest_client [req-3a3a097a-3da1-4e2e-861d-1d6589ca5e87 req-3a3a097a-3da1-4e2e-861d-1d6589ca5e87 ] Request (ListImageFiltersTestJSON:setUpClass): 200 GET http://10.180.1.21/compute/v2.1/servers/17cf0631-e31f-4801-a5aa-81b57696045a 0.327s
2025-11-28 15:22:20.065 65775 INFO tempest.lib.common.rest_client [req-4e10409e-13ad-4808-b2e1-36580614f964 req-4e10409e-13ad-4808-b2e1-36580614f964 ] Request (ServerRescueTestJSON:test_rescue_unrescue_instance): 200 GET http://10.180.1.21/compute/v2.1/servers/d80e44f0-9711-4241-91bb-b372f42556dc 0.301s
2025-11-28 15:22:20.071 65775 INFO tempest.common.waiters [-] State transition "BUILD/scheduling" ==> "BUILD/None" after 33 second wait
2025-11-28 15:22:20.078 65801 INFO tempest.lib.common.rest_client [req-c6375358-29a0-4f2b-bdd8-79f21136aabf req-c6375358-29a0-4f2b-bdd8-79f21136aabf ] Request (ServersAdminTestJSON:test_list_servers_filter_by_error_status): 200 GET http://10.180.1.21/compute/v2.1/servers?status=error 0.374s
2025-11-28 15:22:20.165 65813 INFO tempest.lib.common.rest_client [req-edf7a5c8-c597-4ab1-8f27-f55ec7abce95 req-edf7a5c8-c597-4ab1-8f27-f55ec7abce95 ] Request (ServerPasswordTestJSON:tearDownClass): 204 DELETE http://10.180.1.21/compute/v2.1/servers/92d07070-3746-4489-bab6-9b77e150e999 0.216s
2025-11-28 15:22:20.216 65819 INFO tempest.lib.common.rest_client [req-52003414-2bbd-4303-93a5-39b768252fd0 req-52003414-2bbd-4303-93a5-39b768252fd0 ] Request (ServerShowV254Test:test_rebuild_server): 200 GET http://10.180.1.21/compute/v2.1/servers/728a835a-7426-4df1-8b67-dd7c7f319e76 0.158s
2025-11-28 15:22:20.262 65807 INFO tempest.lib.common.rest_client [req-7a56044e-b83e-46f1-8063-875c8f5d0f78 req-7a56044e-b83e-46f1-8063-875c8f5d0f78 ] Request (ListServersNegativeTestJSON:setUpClass): 200 GET http://10.180.1.21/compute/v2.1/servers/77bd8512-9fd4-4867-8da1-bec4ae3d7c8a 0.243s
2025-11-28 15:22:20.265 65801 INFO tempest.lib.common.rest_client [req-42057e47-4e08-4540-b117-5179c60ecbf5 req-42057e47-4e08-4540-b117-5179c60ecbf5 ] Request (ServersAdminTestJSON:test_list_servers_filter_by_error_status): 202 POST http://10.180.1.21/compute/v2.1/servers/2b861ff2-90ee-4b8e-854f-6c6f0bf39652/action 0.185s
2025-11-28 15:22:20.269 65807 INFO tempest.common.waiters [-] State transition "BUILD/spawning" ==> "ACTIVE/None" after 47 second wait
2025-11-28 15:22:20.307 65791 INFO tempest.lib.common.rest_client [req-2e756476-aa4d-4af2-b32f-1eb9b3b07d5d req-2e756476-aa4d-4af2-b32f-1eb9b3b07d5d ] Request (FloatingIPsAssociationTestJSON:setUpClass): 200 GET http://10.180.1.21/compute/v2.1/servers/488e938a-338a-443d-996b-8f4d905ba408 0.175s
2025-11-28 15:22:20.355 65805 INFO tempest.lib.common.rest_client [req-8b9593a9-54a6-425f-bfe6-9ece95ece4f8 req-8b9593a9-54a6-425f-bfe6-9ece95ece4f8 ] Request (MigrationsAdminTest:test_resize_server_revert_deleted_flavor): 200 GET http://10.180.1.21/compute/v2.1/servers/274396ed-bc5c-4de6-9e90-65dadede1b0d 0.199s
2025-11-28 15:22:20.364 65811 WARNING tempest.lib.common.ssh [-] Failed to establish authenticated ssh connection to cirros@10.180.180.144 ([Errno None] Unable to connect to port 22 on 10.180.180.144). Number attempts: 5. Retry after 6 seconds.: paramiko.ssh_exception.NoValidConnectionsError: [Errno None] Unable to connect to port 22 on 10.180.180.144
2025-11-28 15:22:20.409 65785 INFO tempest.lib.common.rest_client [req-9f566205-8b01-41e4-80fb-8b87d3f4c271 req-9f566205-8b01-41e4-80fb-8b87d3f4c271 ] Request (ServersTestJSON:setUpClass): 200 GET http://10.180.1.21/compute/v2.1/servers/a978fd61-467c-4c62-a25d-dd7dd66a4513 0.226s
2025-11-28 15:22:20.420 65813 INFO tempest.lib.common.rest_client [req-33d3cb90-cc23-4cd8-bf29-cfe66a515ea8 req-33d3cb90-cc23-4cd8-bf29-cfe66a515ea8 ] Request (ServerPasswordTestJSON:tearDownClass): 200 GET http://10.180.1.21/compute/v2.1/servers/92d07070-3746-4489-bab6-9b77e150e999 0.254s
2025-11-28 15:22:20.458 65817 INFO tempest.lib.common.rest_client [req-2f99682f-0acd-418f-a82d-4a8f127fab99 req-2f99682f-0acd-418f-a82d-4a8f127fab99 ] Request (ServerDiskConfigTestJSON:test_resize_server_from_auto_to_manual): 200 GET http://10.180.1.21/compute/v2.1/servers/5fc7cfcc-d93b-4050-b3b3-80280b2e973a 0.256s
2025-11-28 15:22:20.476 65809 INFO tempest.lib.common.rest_client [req-cb7c8c6b-70b3-4c5c-80a1-57e977447886 req-cb7c8c6b-70b3-4c5c-80a1-57e977447886 ] Request (SecurityGroupsTestJSON:test_server_security_groups): 200 GET http://10.180.1.21/compute/v2.1/servers/3499748e-b2e9-4eed-b0d3-4dabeb314859 0.221s
2025-11-28 15:22:20.563 65807 INFO tempest.lib.common.rest_client [req-ea156085-8854-4bf0-a257-0b4ec6e9b0d6 req-ea156085-8854-4bf0-a257-0b4ec6e9b0d6 ] Request (ListServersNegativeTestJSON:setUpClass): 200 GET http://10.180.1.21/compute/v2.1/servers/999f8b8d-76cd-4d9e-ab4c-c1cf0d2831a4 0.294s
2025-11-28 15:22:20.566 65801 INFO tempest.lib.common.rest_client [req-145c4398-8b68-4c10-8d87-5ca8c90dadf1 req-145c4398-8b68-4c10-8d87-5ca8c90dadf1 ] Request (ServersAdminTestJSON:test_list_servers_filter_by_error_status): 200 GET http://10.180.1.21/compute/v2.1/servers/2b861ff2-90ee-4b8e-854f-6c6f0bf39652 0.300s
2025-11-28 15:22:20.617 65823 INFO tempest.lib.common.rest_client [req-02cdb883-a579-41f4-9eec-9eff30fafdb0 req-02cdb883-a579-41f4-9eec-9eff30fafdb0 ] Request (DeleteServersTestJSON:test_delete_server_while_in_attached_volume): 200 GET http://10.180.1.21/compute/v2.1/servers/27423d2c-1236-417d-a97f-da28fa0716ac 0.216s
2025-11-28 15:22:20.620 65825 INFO tempest.lib.common.rest_client [req-c1a2aa29-f37c-4be2-8351-b7e18c94a2e8 req-c1a2aa29-f37c-4be2-8351-b7e18c94a2e8 ] Request (ServersTestFqdnHostnames:tearDownClass): 200 GET http://10.180.1.21/compute/v2.1/servers/eda5d223-ad16-4ad6-b41f-1e6c400956a1 0.150s
2025-11-28 15:22:20.685 65795 INFO tempest.lib.common.rest_client [req-bb8265b2-9e7e-4002-b99f-98d5d038a8c7 req-bb8265b2-9e7e-4002-b99f-98d5d038a8c7 ] Request (ServersWithSpecificFlavorTestJSON:_run_cleanups): 200 GET http://10.180.1.21/compute/v2.1/servers/50fa0623-9c37-47e4-8192-fbf22f080af3 0.154s
2025-11-28 15:22:20.730 65801 INFO tempest.lib.common.rest_client [req-5aefd3c8-04de-4f19-9c8b-3511da76f861 req-5aefd3c8-04de-4f19-9c8b-3511da76f861 ] Request (ServersAdminTestJSON:test_list_servers_filter_by_exist_host): 200 GET http://10.180.1.21/compute/v2.1/servers/2b861ff2-90ee-4b8e-854f-6c6f0bf39652 0.155s
2025-11-28 15:22:20.742 65779 INFO tempest.lib.common.rest_client [req-0c5392e4-f045-4f78-9f9b-46b1ad4e265f req-0c5392e4-f045-4f78-9f9b-46b1ad4e265f ] Request (ServersAaction247Test:test_create_backup): 200 GET http://10.180.1.21/compute/v2.1/servers/9de04af0-9b41-448e-af19-8d7141876802 0.154s
2025-11-28 15:22:20.743 65815 WARNING tempest.lib.common.ssh [-] Failed to establish authenticated ssh connection to cirros@10.180.180.172 ([Errno None] Unable to connect to port 22 on 10.180.180.172). Number attempts: 2. Retry after 3 seconds.: paramiko.ssh_exception.NoValidConnectionsError: [Errno None] Unable to connect to port 22 on 10.180.180.172
2025-11-28 15:22:20.751 65779 INFO tempest.common.waiters [-] State transition "BUILD/scheduling" ==> "BUILD/None" after 32 second wait
2025-11-28 15:22:20.802 65799 INFO tempest.lib.common.rest_client [req-56d92f29-18f4-4f1c-a0b5-3f38d0c111bc req-56d92f29-18f4-4f1c-a0b5-3f38d0c111bc ] Request (ServerDiagnosticsNegativeTest:tearDownClass): 200 GET http://10.180.1.21/compute/v2.1/servers/82791761-40c8-48e3-ab8c-4c5d1080b3e3 0.137s
2025-11-28 15:22:20.802 65781 INFO tempest.lib.common.rest_client [req-9827660a-86f6-4eb4-8ba7-681f4e0d15af req-9827660a-86f6-4eb4-8ba7-681f4e0d15af ] Request (ServerActionsTestOtherB:setUpClass): 200 GET http://10.180.1.21/compute/v2.1/servers/a69f666b-008b-436f-ab6c-3285bc5c400a 0.065s
2025-11-28 15:22:20.864 65765 INFO tempest.lib.common.rest_client [req-83b1bb5c-ff20-4e6c-b780-96cb605833bf req-83b1bb5c-ff20-4e6c-b780-96cb605833bf ] Request (ImagesTestJSON:test_create_image_from_stopped_server): 200 GET http://10.180.1.21/compute/v2.1/servers/49bf2f14-f5ec-44c2-be01-4efff29d8989 0.086s
2025-11-28 15:22:20.916 65769 INFO tempest.lib.common.rest_client [req-dbe4354a-4848-4635-9c09-517e25a36ab7 req-dbe4354a-4848-4635-9c09-517e25a36ab7 ] Request (ServerActionsTestOtherA:setUpClass): 200 GET http://10.180.1.21/compute/v2.1/servers/7eb8728c-db3e-4e8b-b5be-c2a367637011 0.078s
2025-11-28 15:22:20.917 65801 INFO tempest.lib.common.rest_client [req-e60c95f2-afd3-4910-9a69-575cc7eff615 req-e60c95f2-afd3-4910-9a69-575cc7eff615 ] Request (ServersAdminTestJSON:test_list_servers_filter_by_exist_host): 200 GET http://10.180.1.21/compute/v2.1/servers?host=cpu-1&all_tenants=1 0.179s
2025-11-28 15:22:20.947 65801 INFO tempest.lib.common.rest_client [req-e3dff86c-fd74-4033-a473-3df5f195452d req-e3dff86c-fd74-4033-a473-3df5f195452d ] Request (ServersAdminTestJSON:test_list_servers_filter_by_exist_host): 200 GET http://10.180.1.21/compute/v2.1/servers?host=nonexistent_host&all_tenants=1 0.025s
2025-11-28 15:22:20.966 65767 INFO tempest.lib.common.rest_client [req-363334a8-f55f-4c24-ac1d-47742d91fa33 req-363334a8-f55f-4c24-ac1d-47742d91fa33 ] Request (AttachInterfacesTestJSON:test_create_list_show_delete_interfaces_by_network_port): 200 GET http://10.180.1.21/compute/v2.1/servers/fdc3d6b6-a85a-4bb3-998f-ed9d03f5171e 0.117s
2025-11-28 15:22:21.002 65777 INFO tempest.lib.common.rest_client [req-9f56c2e1-2a29-4a34-b6ed-dce8b842cbdb req-9f56c2e1-2a29-4a34-b6ed-dce8b842cbdb ] Request (ServerTagsTestJSON:setUpClass): 200 GET http://10.180.1.21/compute/v2.1/servers/3948ffac-4fbd-40d6-a1f6-9445fb9a75ea 0.076s
2025-11-28 15:22:21.062 65801 INFO tempest.lib.common.rest_client [req-5a09fec2-edf1-4dcd-af32-5d71cf3e58a5 req-5a09fec2-edf1-4dcd-af32-5d71cf3e58a5 ] Request (ServersAdminTestJSON:test_rebuild_server_in_error_state): 202 POST http://10.180.1.21/compute/v2.1/servers/2b861ff2-90ee-4b8e-854f-6c6f0bf39652/action 0.112s
2025-11-28 15:22:21.076 65783 INFO tempest.lib.common.rest_client [req-3f055b8d-79c6-47a1-aaa7-ac5259dbd454 req-3f055b8d-79c6-47a1-aaa7-ac5259dbd454 ] Request (ServersNegativeTestJSON:test_shelve_shelved_server): 200 GET http://10.180.1.21/compute/v2.1/servers/09dc54cd-2c8b-48e2-866e-46ff1c02fde6 0.129s
2025-11-28 15:22:21.114 65793 INFO tempest.lib.common.rest_client [req-3374d223-fb24-4d81-b53c-73a80bb1e70f req-3374d223-fb24-4d81-b53c-73a80bb1e70f ] Request (ImagesOneServerNegativeTestJSON:_run_cleanups): 200 GET http://10.180.1.21/compute/v2.1/servers/0979716f-90cb-44e8-8863-faaf960c1584 0.114s
2025-11-28 15:22:21.126 65788 INFO tempest.lib.common.rest_client [req-53aff28f-912d-4d24-a513-5838bd14db10 req-53aff28f-912d-4d24-a513-5838bd14db10 ] Request (ListImageFiltersTestJSON:setUpClass): 200 GET http://10.180.1.21/compute/v2.1/servers/17cf0631-e31f-4801-a5aa-81b57696045a 0.111s
2025-11-28 15:22:21.180 65775 INFO tempest.lib.common.rest_client [req-7304c66c-c955-49ab-84da-68aa9b3b85e3 req-7304c66c-c955-49ab-84da-68aa9b3b85e3 ] Request (ServerRescueTestJSON:test_rescue_unrescue_instance): 200 GET http://10.180.1.21/compute/v2.1/servers/d80e44f0-9711-4241-91bb-b372f42556dc 0.108s
2025-11-28 15:22:21.290 65801 INFO tempest.lib.common.rest_client [req-524f45c6-2e40-4281-8dd3-e89b0460273c req-524f45c6-2e40-4281-8dd3-e89b0460273c ] Request (ServersAdminTestJSON:test_rebuild_server_in_error_state): 202 POST http://10.180.1.21/compute/v2.1/servers/2b861ff2-90ee-4b8e-854f-6c6f0bf39652/action 0.228s
2025-11-28 15:22:21.306 65819 INFO tempest.lib.common.rest_client [req-d52ac52c-6ae4-4b57-a0cd-31172e6e39c6 req-d52ac52c-6ae4-4b57-a0cd-31172e6e39c6 ] Request (ServerShowV254Test:test_rebuild_server): 200 GET http://10.180.1.21/compute/v2.1/servers/728a835a-7426-4df1-8b67-dd7c7f319e76 0.080s
2025-11-28 15:22:21.366 65791 INFO tempest.lib.common.rest_client [req-3f5b2e5f-8afd-45e0-b5e6-7bc777bf6162 req-3f5b2e5f-8afd-45e0-b5e6-7bc777bf6162 ] Request (FloatingIPsAssociationTestJSON:setUpClass): 200 GET http://10.180.1.21/compute/v2.1/servers/488e938a-338a-443d-996b-8f4d905ba408 0.051s
2025-11-28 15:22:21.447 65801 INFO tempest.lib.common.rest_client [req-ce6f4bc9-3590-4b05-b09b-4f4a10e53b90 req-ce6f4bc9-3590-4b05-b09b-4f4a10e53b90 ] Request (ServersAdminTestJSON:test_rebuild_server_in_error_state): 200 GET http://10.180.1.21/compute/v2.1/servers/2b861ff2-90ee-4b8e-854f-6c6f0bf39652 0.151s
2025-11-28 15:22:21.496 65805 INFO tempest.lib.common.rest_client [req-6a864ff6-7030-4e67-a24d-d748d380e73b req-6a864ff6-7030-4e67-a24d-d748d380e73b ] Request (MigrationsAdminTest:test_resize_server_revert_deleted_flavor): 200 GET http://10.180.1.21/compute/v2.1/servers/274396ed-bc5c-4de6-9e90-65dadede1b0d 0.133s
2025-11-28 15:22:21.509 65785 INFO tempest.lib.common.rest_client [req-f3787057-55aa-4738-b5b1-258e856e93a1 req-f3787057-55aa-4738-b5b1-258e856e93a1 ] Request (ServersTestJSON:setUpClass): 200 GET http://10.180.1.21/compute/v2.1/servers/a978fd61-467c-4c62-a25d-dd7dd66a4513 0.093s
2025-11-28 15:22:21.561 65817 INFO tempest.lib.common.rest_client [req-41a6fce6-c907-477b-92ba-5dfadf217a7f req-41a6fce6-c907-477b-92ba-5dfadf217a7f ] Request (ServerDiskConfigTestJSON:test_resize_server_from_auto_to_manual): 200 GET http://10.180.1.21/compute/v2.1/servers/5fc7cfcc-d93b-4050-b3b3-80280b2e973a 0.094s
2025-11-28 15:22:21.609 65809 INFO tempest.lib.common.rest_client [req-9a61b99c-7b0e-46c4-b2ce-43ceeff45957 req-9a61b99c-7b0e-46c4-b2ce-43ceeff45957 ] Request (SecurityGroupsTestJSON:test_server_security_groups): 200 GET http://10.180.1.21/compute/v2.1/servers/3499748e-b2e9-4eed-b0d3-4dabeb314859 0.125s
2025-11-28 15:22:21.627 65813 INFO tempest.lib.common.rest_client [req-87af1e89-79d0-40dc-8335-34e0ec86cda2 req-87af1e89-79d0-40dc-8335-34e0ec86cda2 ] Request (ServerPasswordTestJSON:tearDownClass): 200 GET http://10.180.1.21/compute/v2.1/servers/92d07070-3746-4489-bab6-9b77e150e999 0.200s
2025-11-28 15:22:21.711 65823 INFO tempest.lib.common.rest_client [req-32ffcb13-b3ad-44b7-b4dc-a2b3dbcba265 req-32ffcb13-b3ad-44b7-b4dc-a2b3dbcba265 ] Request (DeleteServersTestJSON:test_delete_server_while_in_attached_volume): 200 GET http://10.180.1.21/compute/v2.1/servers/27423d2c-1236-417d-a97f-da28fa0716ac 0.087s
2025-11-28 15:22:21.712 65807 INFO tempest.lib.common.rest_client [req-605f97e5-31cd-4d72-84d1-05a711c77100 req-605f97e5-31cd-4d72-84d1-05a711c77100 ] Request (ListServersNegativeTestJSON:setUpClass): 200 GET http://10.180.1.21/compute/v2.1/servers/999f8b8d-76cd-4d9e-ab4c-c1cf0d2831a4 0.141s
2025-11-28 15:22:21.757 65821 WARNING tempest.lib.common.ssh [-] Failed to establish authenticated ssh connection to cirros@10.180.180.211 ([Errno None] Unable to connect to port 22 on 10.180.180.211). Number attempts: 6. Retry after 7 seconds.: paramiko.ssh_exception.NoValidConnectionsError: [Errno None] Unable to connect to port 22 on 10.180.180.211
2025-11-28 15:22:21.783 65825 INFO tempest.lib.common.rest_client [req-85a4ab64-a1c0-4b84-8e1f-0a28c3b9a871 req-85a4ab64-a1c0-4b84-8e1f-0a28c3b9a871 ] Request (ServersTestFqdnHostnames:tearDownClass): 200 GET http://10.180.1.21/compute/v2.1/servers/eda5d223-ad16-4ad6-b41f-1e6c400956a1 0.153s
2025-11-28 15:22:21.784 65795 INFO tempest.lib.common.rest_client [req-be045e34-3441-438d-b1e9-94fde5a39cdb req-be045e34-3441-438d-b1e9-94fde5a39cdb ] Request (ServersWithSpecificFlavorTestJSON:_run_cleanups): 200 GET http://10.180.1.21/compute/v2.1/servers/50fa0623-9c37-47e4-8192-fbf22f080af3 0.091s
2025-11-28 15:22:21.845 65779 INFO tempest.lib.common.rest_client [req-e2d8f38a-a3ec-4bcf-97c4-3e8240818ed8 req-e2d8f38a-a3ec-4bcf-97c4-3e8240818ed8 ] Request (ServersAaction247Test:test_create_backup): 200 GET http://10.180.1.21/compute/v2.1/servers/9de04af0-9b41-448e-af19-8d7141876802 0.092s
2025-11-28 15:22:21.876 65799 INFO tempest.lib.common.rest_client [req-d3ba9037-a709-4057-a1af-bad9017e62ee req-d3ba9037-a709-4057-a1af-bad9017e62ee ] Request (ServerDiagnosticsNegativeTest:tearDownClass): 200 GET http://10.180.1.21/compute/v2.1/servers/82791761-40c8-48e3-ab8c-4c5d1080b3e3 0.065s
2025-11-28 15:22:21.902 65781 INFO tempest.lib.common.rest_client [req-5a8d2dca-04aa-4324-9d81-e9d1d99cb36b req-5a8d2dca-04aa-4324-9d81-e9d1d99cb36b ] Request (ServerActionsTestOtherB:setUpClass): 200 GET http://10.180.1.21/compute/v2.1/servers/a69f666b-008b-436f-ab6c-3285bc5c400a 0.091s
2025-11-28 15:22:21.929 65765 INFO tempest.lib.common.rest_client [req-c68a7db3-c05d-498d-a63c-799fe3eff3ea req-c68a7db3-c05d-498d-a63c-799fe3eff3ea ] Request (ImagesTestJSON:test_create_image_from_stopped_server): 200 GET http://10.180.1.21/compute/v2.1/servers/49bf2f14-f5ec-44c2-be01-4efff29d8989 0.057s
2025-11-28 15:22:21.975 65769 INFO tempest.lib.common.rest_client [req-0e783da3-bcaa-4210-bf84-d29d7c3a5256 req-0e783da3-bcaa-4210-bf84-d29d7c3a5256 ] Request (ServerActionsTestOtherA:setUpClass): 200 GET http://10.180.1.21/compute/v2.1/servers/7eb8728c-db3e-4e8b-b5be-c2a367637011 0.051s
2025-11-28 15:22:22.028 65767 INFO tempest.lib.common.rest_client [req-736365c6-f03c-4111-b9f9-0b4480a6277f req-736365c6-f03c-4111-b9f9-0b4480a6277f ] Request (AttachInterfacesTestJSON:test_create_list_show_delete_interfaces_by_network_port): 200 GET http://10.180.1.21/compute/v2.1/servers/fdc3d6b6-a85a-4bb3-998f-ed9d03f5171e 0.053s
2025-11-28 15:22:22.068 65777 INFO tempest.lib.common.rest_client [req-96d501c9-5096-4b67-bb07-b27a14de9ded req-96d501c9-5096-4b67-bb07-b27a14de9ded ] Request (ServerTagsTestJSON:setUpClass): 200 GET http://10.180.1.21/compute/v2.1/servers/3948ffac-4fbd-40d6-a1f6-9445fb9a75ea 0.053s
2025-11-28 15:22:22.181 65793 INFO tempest.lib.common.rest_client [req-26242ac9-4702-49a0-9c8f-7e7ec5c52d4a req-26242ac9-4702-49a0-9c8f-7e7ec5c52d4a ] Request (ImagesOneServerNegativeTestJSON:_run_cleanups): 200 GET http://10.180.1.21/compute/v2.1/servers/0979716f-90cb-44e8-8863-faaf960c1584 0.059s
2025-11-28 15:22:22.184 65783 INFO tempest.lib.common.rest_client [req-98870b44-fe9c-4f7b-976b-72897b7fa138 req-98870b44-fe9c-4f7b-976b-72897b7fa138 ] Request (ServersNegativeTestJSON:test_shelve_shelved_server): 200 GET http://10.180.1.21/compute/v2.1/servers/09dc54cd-2c8b-48e2-866e-46ff1c02fde6 0.100s
2025-11-28 15:22:22.192 65783 INFO tempest.common.waiters [-] State transition "SHELVED/shelving_offloading" ==> "SHELVED_OFFLOADED/None" after 24 second wait
2025-11-28 15:22:22.228 65788 INFO tempest.lib.common.rest_client [req-b7c5b4f9-3a7a-4cf6-9c10-e04c0f40059b req-b7c5b4f9-3a7a-4cf6-9c10-e04c0f40059b ] Request (ListImageFiltersTestJSON:setUpClass): 200 GET http://10.180.1.21/compute/v2.1/servers/17cf0631-e31f-4801-a5aa-81b57696045a 0.094s
