2025-11-28 19:18:54.171 66927 INFO tempest.lib.common.rest_client [req-280d36e9-ec71-40d7-bc18-81e2b45eafbd req-280d36e9-ec71-40d7-bc18-81e2b45eafbd ] Request (FloatingIPDetailsTestJSON:tearDownClass): 204 DELETE http://10.180.1.21/networking/v2.0/subnets/3696fa0d-c49e-4445-90f5-22c80a7634b3 0.429s
2025-11-28 19:18:54.427 66895 INFO tempest.lib.common.rest_client [req-9138a068-c163-41dc-b211-005ce02cd89a req-9138a068-c163-41dc-b211-005ce02cd89a ] Request (FlavorsExtraSpecsTestJSON:tearDownClass): 200 GET http://10.180.1.21/networking/v2.0/security-groups?tenant_id=9fe993d59f0c498c9e26def69a2ca9b6&name=default 0.362s
2025-11-28 19:18:54.523 66885 INFO tempest.lib.common.rest_client [req-4f840965-eec4-432e-98e1-e81b564b71a5 req-4f840965-eec4-432e-98e1-e81b564b71a5 ] Request (SecurityGroupsTestAdminJSON:_run_cleanups): 202 DELETE http://10.180.1.21/compute/v2.1/os-security-groups/27d60e47-b772-4882-86a7-0349f4153525 4.818s
2025-11-28 19:18:54.568 66915 INFO tempest.lib.common.rest_client [req-395386cc-36a5-46c6-98f4-704591e4bee6 req-395386cc-36a5-46c6-98f4-704591e4bee6 ] Request (KeyPairsV22TestJSON:test_keypairs_create_list_delete): 201 POST http://10.180.1.21/compute/v2.1/os-keypairs 4.845s
2025-11-28 19:18:54.568 66881 INFO tempest.lib.common.rest_client [req-229b1996-5461-40e8-ab71-ee0b705a7102 req-229b1996-5461-40e8-ab71-ee0b705a7102 ] Request (TenantUsagesTestJSON:setUpClass): 200 GET http://10.180.1.21/compute/v2.1/servers/b063a106-63b8-46ff-984b-c8f11149d3d8 5.020s
2025-11-28 19:18:54.582 66881 INFO tempest.common.waiters [-] State transition "BUILD/spawning" ==> "ACTIVE/None" after 28 second wait
2025-11-28 19:18:54.659 66895 INFO tempest.lib.common.rest_client [req-0ae27cfe-33f1-4a15-992e-93756572be51 req-0ae27cfe-33f1-4a15-992e-93756572be51 ] Request (FlavorsExtraSpecsTestJSON:tearDownClass): 204 DELETE http://10.180.1.21/networking/v2.0/security-groups/0e050654-e3b3-4f8d-b888-64c7b008d3f7 0.231s
2025-11-28 19:18:54.719 66927 INFO tempest.lib.common.rest_client [req-cace8b32-c281-477b-a073-b58e9a31724d req-cace8b32-c281-477b-a073-b58e9a31724d ] Request (FloatingIPDetailsTestJSON:tearDownClass): 204 DELETE http://10.180.1.21/networking/v2.0/networks/5d9b3b10-92f3-4f3a-b05d-f4da0964b9cf 0.547s
2025-11-28 19:18:54.788 66895 INFO tempest.lib.common.rest_client [req-8fe5452f-450c-47bf-af3e-4d48eb8639a1 req-8fe5452f-450c-47bf-af3e-4d48eb8639a1 ] Request (FlavorsExtraSpecsTestJSON:tearDownClass): 204 DELETE http://10.180.1.21/identity/v3/projects/9fe993d59f0c498c9e26def69a2ca9b6 0.128s
2025-11-28 19:18:54.789 66895 INFO tempest.test [-] raised in LiveAutoBlockMigrationV225Test.setUpClass. Invoking tearDownClass.
2025-11-28 19:18:54.793 66895 INFO tempest.test [-] raised in LiveMigrationRemoteConsolesV26Test.setUpClass. Invoking tearDownClass.
2025-11-28 19:18:54.854 66897 INFO tempest.lib.common.rest_client [req-e18dc884-29a7-4f1d-995b-e6bdaaefdce9 req-e18dc884-29a7-4f1d-995b-e6bdaaefdce9 ] Request (MigrationsAdminTest:test_list_migrations_in_flavor_resize_situation): 200 GET http://10.180.1.21/compute/v2.1/servers/3970e8f4-c0be-443e-ae95-60f89fd8be21 5.081s
2025-11-28 19:18:54.883 66883 INFO tempest.lib.common.rest_client [req-ac7979e5-3a3d-498a-9a92-5629b11805bf req-ac7979e5-3a3d-498a-9a92-5629b11805bf ] Request (ServerAddressesTestJSON:setUpClass): 200 GET http://10.180.1.21/compute/v2.1/servers/0cbc2b64-fa6c-4c2e-8971-abeab1b925db 5.160s
2025-11-28 19:18:54.893 66883 INFO tempest.common.waiters [-] State transition "BUILD/spawning" ==> "ACTIVE/None" after 28 second wait
2025-11-28 19:18:54.896 66927 INFO tempest.lib.common.rest_client [req-c7686980-5e72-4933-a260-f8f4ff941cfe req-c7686980-5e72-4933-a260-f8f4ff941cfe ] Request (FloatingIPDetailsTestJSON:tearDownClass): 204 DELETE http://10.180.1.21/identity/v3/users/8cdb67e1253148e396aec32793b5d831 0.177s
2025-11-28 19:18:54.896 66927 INFO tempest.lib.common.dynamic_creds [-] Deleting project and security group for project: 0ac651e3f95b4012a05aa2d9859dfa5b
2025-11-28 19:18:54.920 66895 INFO tempest.lib.common.rest_client [req-1dd4200c-8ca2-40b0-904d-05955f2949ec req-1dd4200c-8ca2-40b0-904d-05955f2949ec ] Request (KeyPairsV2TestJSON:setUpClass): 201 POST http://10.180.1.21/identity/v3/auth/tokens 0.124s
2025-11-28 19:18:54.923 66927 INFO tempest.lib.common.rest_client [req-408657f4-62cd-42e0-b0a9-b398cabcea6b req-408657f4-62cd-42e0-b0a9-b398cabcea6b ] Request (FloatingIPDetailsTestJSON:tearDownClass): 200 GET http://10.180.1.21/networking/v2.0/security-groups?tenant_id=0ac651e3f95b4012a05aa2d9859dfa5b&name=default 0.026s
2025-11-28 19:18:54.925 66913 INFO tempest.lib.common.rest_client [req-a82021cf-af94-4d3b-aa49-532c99685ce7 req-a82021cf-af94-4d3b-aa49-532c99685ce7 ] Request (ServersAdmin275Test:test_rebuild_update_server_275): 200 GET http://10.180.1.21/compute/v2.1/servers/d2731828-8f9a-4cbb-af81-82c01b96e148 5.068s
2025-11-28 19:18:54.936 66913 INFO tempest.common.waiters [-] State transition "REBUILD/rebuild_spawning" ==> "ACTIVE/None" after 13 second wait
2025-11-28 19:18:54.946 66935 INFO tempest.lib.common.rest_client [req-a3983dcb-b5ef-477a-943a-7cbc82072b69 req-a3983dcb-b5ef-477a-943a-7cbc82072b69 ] Request (ServersWithSpecificFlavorTestJSON:test_verify_created_server_ephemeral_disk): 200 GET http://10.180.1.21/compute/v2.1/servers/e47d8d89-2952-4a1f-b92a-506089b1e70d 5.078s
2025-11-28 19:18:54.956 66935 INFO tempest.common.waiters [-] State transition "BUILD/None" ==> "BUILD/networking" after 6 second wait
2025-11-28 19:18:54.995 66895 INFO tempest.lib.common.rest_client [req-bc9c8067-99fa-44cb-8462-3758f4ec27da req-bc9c8067-99fa-44cb-8462-3758f4ec27da ] Request (KeyPairsV2TestJSON:setUpClass): 201 POST http://10.180.1.21/identity/v3/auth/tokens 0.069s
2025-11-28 19:18:55.001 66933 INFO tempest.lib.common.rest_client [req-db7a2beb-3256-4233-85d8-55ddcc128687 req-db7a2beb-3256-4233-85d8-55ddcc128687 ] Request (ListServersNegativeTestJSON:setUpClass): 200 GET http://10.180.1.21/compute/v2.1/servers/d074eae3-b026-4709-ad2e-73128dbb27df 5.066s
2025-11-28 19:18:55.029 66895 INFO tempest.lib.common.rest_client [req-0e027726-6feb-4cbb-9f85-7f5aca1b1e1d req-0e027726-6feb-4cbb-9f85-7f5aca1b1e1d ] Request (KeyPairsV2TestJSON:setUpClass): 200 GET http://10.180.1.21/identity/v3/domains?name=Default 0.034s
2025-11-28 19:18:55.046 66927 INFO tempest.lib.common.rest_client [req-7fa789e8-b11c-460b-a577-0d60a5de2048 req-7fa789e8-b11c-460b-a577-0d60a5de2048 ] Request (FloatingIPDetailsTestJSON:tearDownClass): 204 DELETE http://10.180.1.21/networking/v2.0/security-groups/1e1d84f3-0223-4b7c-a0fb-0f69a81c7cae 0.123s
2025-11-28 19:18:55.064 66895 INFO tempest.lib.common.rest_client [req-0140a36a-a65a-4148-8d59-4d3cc021ea0d req-0140a36a-a65a-4148-8d59-4d3cc021ea0d ] Request (KeyPairsV2TestJSON:setUpClass): 201 POST http://10.180.1.21/identity/v3/projects 0.033s
2025-11-28 19:18:55.115 66923 INFO tempest.lib.common.rest_client [req-f042927f-e937-4f26-95ae-9ed00b7e30c7 req-f042927f-e937-4f26-95ae-9ed00b7e30c7 ] Request (DeleteServersAdminTestJSON:test_delete_server_while_in_error_state): 200 GET http://10.180.1.21/compute/v2.1/servers/c210cf14-e680-465f-af38-babbb7ccd816 3.600s
2025-11-28 19:18:55.123 66905 INFO tempest.lib.common.rest_client [req-f2f0b3d5-e4a7-4016-9a0a-e1966b267e28 req-f2f0b3d5-e4a7-4016-9a0a-e1966b267e28 ] Request (HypervisorAdminNegativeTestJSON:test_show_hypervisor_with_non_admin_user): 403 GET http://10.180.1.21/compute/v2.1/os-hypervisors/1 3.583s
2025-11-28 19:18:55.130 66895 INFO tempest.lib.common.rest_client [req-65c7f3f3-bc45-4585-aab8-820676e481c0 req-65c7f3f3-bc45-4585-aab8-820676e481c0 ] Request (KeyPairsV2TestJSON:setUpClass): 201 POST http://10.180.1.21/identity/v3/users 0.066s
2025-11-28 19:18:55.151 66941 INFO tempest.lib.common.rest_client [req-5fd379d9-66a3-4ee7-989c-09c196cbc613 req-5fd379d9-66a3-4ee7-989c-09c196cbc613 ] Request (VolumesAssistedSnapshotsTest:test_volume_assisted_snapshot_create_delete): 200 GET http://10.180.1.21/compute/v2.1/servers/4bb45dd3-4817-41d1-aed5-13437b511d9e 5.084s
2025-11-28 19:18:55.158 66941 INFO tempest.common.waiters [-] State transition "BUILD/spawning" ==> "ACTIVE/None" after 22 second wait
2025-11-28 19:18:55.175 66927 INFO tempest.lib.common.rest_client [req-d2f4d589-e934-4ed2-b66f-31abca568487 req-d2f4d589-e934-4ed2-b66f-31abca568487 ] Request (FloatingIPDetailsTestJSON:tearDownClass): 204 DELETE http://10.180.1.21/identity/v3/projects/0ac651e3f95b4012a05aa2d9859dfa5b 0.127s
2025-11-28 19:18:55.179 66889 INFO tempest.lib.common.rest_client [req-c50853ac-029a-490a-a2db-1615325f61b6 req-c50853ac-029a-490a-a2db-1615325f61b6 ] Request (HypervisorAdminTestJSON:test_get_hypervisor_list_details): 200 GET http://10.180.1.21/compute/v2.1/os-hypervisors/detail 3.031s
2025-11-28 19:18:55.204 66893 INFO tempest.lib.common.rest_client [req-ddcea128-4e1e-47fc-a544-2747d6ffaf4b req-ddcea128-4e1e-47fc-a544-2747d6ffaf4b ] Request (ImagesDeleteNegativeTestJSON:test_delete_image_non_hex_string_id): 404 DELETE http://10.180.1.21/compute/v2.1/images/bda2f1dc-9038-4887-9eca-f2e5bd712b4j 3.028s
2025-11-28 19:18:55.249 66895 INFO tempest.lib.common.rest_client [req-a840a825-ae91-4397-84ce-c64bb147fad4 req-a840a825-ae91-4397-84ce-c64bb147fad4 ] Request (KeyPairsV2TestJSON:setUpClass): 200 GET http://10.180.1.21/identity/v3/roles 0.118s
2025-11-28 19:18:55.281 66927 INFO tempest.lib.common.rest_client [req-faf8618c-c6e6-43ea-a950-db3a8baa398a req-faf8618c-c6e6-43ea-a950-db3a8baa398a ] Request (ImagesOneServerNegativeTestJSON:setUpClass): 201 POST http://10.180.1.21/identity/v3/auth/tokens 0.101s
2025-11-28 19:18:55.316 66895 INFO tempest.lib.common.rest_client [req-37e7f5b4-b11a-4975-b358-ad571f9d0931 req-37e7f5b4-b11a-4975-b358-ad571f9d0931 ] Request (KeyPairsV2TestJSON:setUpClass): 204 PUT http://10.180.1.21/identity/v3/projects/58ab74653e654bac922d53a50cac34d1/users/948dd4d6b2fe49b2a4de20d41c25a335/roles/01c0df71f9de4629a8928d9498acf094 0.067s
2025-11-28 19:18:55.317 66895 INFO tempest.lib.common.dynamic_creds [-] Dynamic test user 948dd4d6b2fe49b2a4de20d41c25a335 is created with scope project and roles: ['member']
2025-11-28 19:18:55.317 66895 INFO tempest.lib.common.dynamic_creds [-] Acquired dynamic creds: credentials: Credentials: {'domain_id': 'default', 'domain_name': 'Default', 'username': 'tempest-KeyPairsV2TestJSON-149851049-project-member', 'project_domain_id': 'default', 'project_domain_name': 'Default', 'project_id': '58ab74653e654bac922d53a50cac34d1', 'project_name': 'tempest-KeyPairsV2TestJSON-149851049', 'tenant_id': '58ab74653e654bac922d53a50cac34d1', 'tenant_name': 'tempest-KeyPairsV2TestJSON-149851049', 'user_domain_id': 'default', 'user_domain_name': 'Default', 'user_id': '948dd4d6b2fe49b2a4de20d41c25a335', 'system': None}, Network: None, Subnet: None, Router: None
2025-11-28 19:18:55.318 66895 INFO tempest.lib.common.dynamic_creds [-] Created isolated network resources for: credentials: Credentials: {'domain_id': 'default', 'domain_name': 'Default', 'username': 'tempest-KeyPairsV2TestJSON-149851049-project-member', 'project_domain_id': 'default', 'project_domain_name': 'Default', 'project_id': '58ab74653e654bac922d53a50cac34d1', 'project_name': 'tempest-KeyPairsV2TestJSON-149851049', 'tenant_id': '58ab74653e654bac922d53a50cac34d1', 'tenant_name': 'tempest-KeyPairsV2TestJSON-149851049', 'user_domain_id': 'default', 'user_domain_name': 'Default', 'user_id': '948dd4d6b2fe49b2a4de20d41c25a335', 'system': None}, Network: None, Subnet: None, Router: None
2025-11-28 19:18:55.371 66927 INFO tempest.lib.common.rest_client [req-f509d5f0-bb6e-4174-9ceb-72bd110aba9c req-f509d5f0-bb6e-4174-9ceb-72bd110aba9c ] Request (ImagesOneServerNegativeTestJSON:setUpClass): 201 POST http://10.180.1.21/identity/v3/auth/tokens 0.086s
2025-11-28 19:18:55.453 66931 INFO tempest.lib.common.rest_client [req-3ffa19cf-7908-4091-985c-7d234318fb2a req-3ffa19cf-7908-4091-985c-7d234318fb2a ] Request (QuotasAdminTestJSON:test_update_all_quota_resources_for_tenant): 200 GET http://10.180.1.21/compute/v2.1/os-quota-sets/f6f11af8454c41ef97b2fb92b04ef072/defaults 3.075s
2025-11-28 19:18:55.471 66895 INFO tempest.lib.common.rest_client [req-14d63d17-6a05-4ecf-ae2a-d23c3bfa245f req-14d63d17-6a05-4ecf-ae2a-d23c3bfa245f ] Request (KeyPairsV2TestJSON:setUpClass): 201 POST http://10.180.1.21/identity/v3/auth/tokens 0.149s
2025-11-28 19:18:55.472 66927 INFO tempest.lib.common.rest_client [req-5c39b726-3028-418e-b8a9-a6c22509d387 req-5c39b726-3028-418e-b8a9-a6c22509d387 ] Request (ImagesOneServerNegativeTestJSON:setUpClass): 200 GET http://10.180.1.21/identity/v3/domains?name=Default 0.100s
2025-11-28 19:18:55.480 66891 INFO tempest.lib.common.rest_client [req-f1b55abf-6305-4abd-9b1d-cfecb9bba402 req-f1b55abf-6305-4abd-9b1d-cfecb9bba402 ] Request (FlavorsAccessNegativeTestJSON:_run_cleanups): 202 DELETE http://10.180.1.21/compute/v2.1/flavors/626027284 3.095s
2025-11-28 19:18:55.488 66899 INFO tempest.lib.common.rest_client [req-e7196d82-dc91-49b6-b968-f97e079d78c3 req-e7196d82-dc91-49b6-b968-f97e079d78c3 ] Request (HostsAdminNegativeTestJSON:test_update_host_without_param): 400 PUT http://10.180.1.21/compute/v2.1/os-hosts/devstack 3.091s
2025-11-28 19:18:55.504 66927 INFO tempest.lib.common.rest_client [req-5ec561f1-5f39-41cc-a8e9-ea5164d70d69 req-5ec561f1-5f39-41cc-a8e9-ea5164d70d69 ] Request (ImagesOneServerNegativeTestJSON:setUpClass): 201 POST http://10.180.1.21/identity/v3/projects 0.031s
2025-11-28 19:18:55.510 66917 INFO tempest.lib.common.rest_client [req-6892826f-7926-466a-ba2a-af5962641d4a req-6892826f-7926-466a-ba2a-af5962641d4a ] Request (FlavorsAdminTestJSON:test_create_flavor_with_uuid_id): 200 POST http://10.180.1.21/compute/v2.1/flavors 3.075s
2025-11-28 19:18:55.517 66907 INFO tempest.lib.common.rest_client [req-add5e280-b0c7-4101-ba6f-e758e70ad16a req-add5e280-b0c7-4101-ba6f-e758e70ad16a ] Request (KeyPairsNegativeTestJSON:test_create_keypair_with_empty_name_string): 400 POST http://10.180.1.21/compute/v2.1/os-keypairs 2.709s
2025-11-28 19:18:55.528 66901 INFO tempest.lib.common.rest_client [req-e9b7c331-0abc-4cdc-aecb-8b514b3ff3bf req-e9b7c331-0abc-4cdc-aecb-8b514b3ff3bf ] Request (FlavorsV2TestJSON:test_list_flavors_detailed_using_marker): 200 GET http://10.180.1.21/compute/v2.1/flavors/42 2.704s
2025-11-28 19:18:55.583 66927 INFO tempest.lib.common.rest_client [req-1e4a8e87-5113-4075-abbb-f8325c175edf req-1e4a8e87-5113-4075-abbb-f8325c175edf ] Request (ImagesOneServerNegativeTestJSON:setUpClass): 201 POST http://10.180.1.21/identity/v3/users 0.078s
2025-11-28 19:18:55.626 66927 INFO tempest.lib.common.rest_client [req-df755e6f-e08e-430e-95fe-324e4fd92881 req-df755e6f-e08e-430e-95fe-324e4fd92881 ] Request (ImagesOneServerNegativeTestJSON:setUpClass): 200 GET http://10.180.1.21/identity/v3/roles 0.042s
2025-11-28 19:18:55.672 66927 INFO tempest.lib.common.rest_client [req-237c9623-38ca-4b2f-8778-3c9389702d31 req-237c9623-38ca-4b2f-8778-3c9389702d31 ] Request (ImagesOneServerNegativeTestJSON:setUpClass): 204 PUT http://10.180.1.21/identity/v3/projects/dab558ae5b68469eb3c3f970c50ad37d/users/587e60416c344952acfee4b16648c1e0/roles/01c0df71f9de4629a8928d9498acf094 0.044s
2025-11-28 19:18:55.672 66927 INFO tempest.lib.common.dynamic_creds [-] Dynamic test user 587e60416c344952acfee4b16648c1e0 is created with scope project and roles: ['member']
2025-11-28 19:18:55.673 66927 INFO tempest.lib.common.dynamic_creds [-] Acquired dynamic creds: credentials: Credentials: {'domain_id': 'default', 'domain_name': 'Default', 'username': 'tempest-ImagesOneServerNegativeTestJSON-1631615325-project-member', 'project_domain_id': 'default', 'project_domain_name': 'Default', 'project_id': 'dab558ae5b68469eb3c3f970c50ad37d', 'project_name': 'tempest-ImagesOneServerNegativeTestJSON-1631615325', 'tenant_id': 'dab558ae5b68469eb3c3f970c50ad37d', 'tenant_name': 'tempest-ImagesOneServerNegativeTestJSON-1631615325', 'user_domain_id': 'default', 'user_domain_name': 'Default', 'user_id': '587e60416c344952acfee4b16648c1e0', 'system': None}, Network: None, Subnet: None, Router: None
2025-11-28 19:18:55.782 66927 INFO tempest.lib.common.rest_client [req-67b91c11-a60e-497c-9405-738cbd1c8908 req-67b91c11-a60e-497c-9405-738cbd1c8908 ] Request (ImagesOneServerNegativeTestJSON:setUpClass): 201 POST http://10.180.1.21/identity/v3/auth/tokens 0.109s
2025-11-28 19:18:55.913 66909 INFO tempest.lib.common.rest_client [req-95c93a13-dbc0-494b-8e72-ff23edd89449 req-95c93a13-dbc0-494b-8e72-ff23edd89449 ] Request (ServerRescueNegativeTestJSON:setUpClass): 202 POST http://10.180.1.21/compute/v2.1/servers 3.843s
2025-11-28 19:18:56.237 66927 INFO tempest.lib.common.rest_client [req-5c649da7-e174-468a-96f0-42fcb6a03220 req-5c649da7-e174-468a-96f0-42fcb6a03220 ] Request (ImagesOneServerNegativeTestJSON:setUpClass): 201 POST http://10.180.1.21/networking/v2.0/networks 0.454s
2025-11-28 19:18:56.277 66938 INFO tempest.lib.common.rest_client [req-9619e9e4-d181-4f81-91ab-1ae7bc7fac0d req-9619e9e4-d181-4f81-91ab-1ae7bc7fac0d ] Request (ServersTestMultiNic:test_verify_duplicate_network_nics): 200 GET http://10.180.1.21/compute/v2.1/servers/740117d6-35b5-4d91-ab6d-3a7a1f5f715d 3.260s
2025-11-28 19:18:56.577 66927 INFO tempest.lib.common.rest_client [req-f8bc6d3d-37da-4c60-a50e-9ef5d5511177 req-f8bc6d3d-37da-4c60-a50e-9ef5d5511177 ] Request (ImagesOneServerNegativeTestJSON:setUpClass): 201 POST http://10.180.1.21/networking/v2.0/subnets 0.340s
2025-11-28 19:18:56.695 66921 INFO tempest.lib.common.rest_client [req-81915bef-0e5c-426d-b70f-a9a137660f18 req-81915bef-0e5c-426d-b70f-a9a137660f18 ] Request (ServersAdminNegativeTestJSON:setUpClass): 200 GET http://10.180.1.21/compute/v2.1/servers/737833fb-0df2-49c8-a340-be7c986e24af 3.528s
2025-11-28 19:18:56.708 66921 INFO tempest.common.waiters [-] State transition "BUILD/networking" ==> "BUILD/spawning" after 9 second wait
2025-11-28 19:18:57.808 66925 INFO tempest.lib.common.rest_client [req-a3632b6b-15d6-422b-b538-e04ec03eab8d req-a3632b6b-15d6-422b-b538-e04ec03eab8d ] Request (AttachInterfacesTestJSON:test_create_list_show_delete_interfaces_by_fixed_ip): 200 GET http://10.180.1.21/compute/v2.1/servers/d6b58037-e404-4e54-99e3-29491661a2ea 4.021s
2025-11-28 19:18:57.816 66927 INFO tempest.lib.common.rest_client [req-c5e2ced4-19e7-47ee-8116-c327ed12ce35 req-c5e2ced4-19e7-47ee-8116-c327ed12ce35 ] Request (ImagesOneServerNegativeTestJSON:setUpClass): 201 POST http://10.180.1.21/networking/v2.0/routers 1.238s
2025-11-28 19:18:57.816 66939 INFO tempest.lib.common.rest_client [req-7ad400ea-6631-45c2-871e-9e835db69818 req-7ad400ea-6631-45c2-871e-9e835db69818 ] Request (AggregatesAdminNegativeTestJSON:test_aggregate_create_aggregate_name_length_less_than_1): 400 POST http://10.180.1.21/compute/v2.1/os-aggregates 3.797s
2025-11-28 19:18:57.912 66943 INFO tempest.lib.common.rest_client [req-f0cd7518-1290-46bc-9118-81d6b9f33bde req-f0cd7518-1290-46bc-9118-81d6b9f33bde ] Request (SecurityGroupRulesTestJSON:test_security_group_rules_delete_when_peer_group_deleted): 200 POST http://10.180.1.21/compute/v2.1/os-security-groups 4.016s
2025-11-28 19:18:57.983 66929 INFO tempest.lib.common.rest_client [req-10da3d80-de5f-4400-beea-c81420f2b39e req-10da3d80-de5f-4400-beea-c81420f2b39e ] Request (ServerExternalEventsTest:tearDownClass): 200 GET http://10.180.1.21/compute/v2.1/servers/e83c970e-2532-41ca-91d1-d47a20c6f834 3.957s
2025-11-28 19:18:58.028 66903 INFO tempest.lib.common.rest_client [req-48aec04b-b0b4-459d-8d73-33a05187ed5c req-48aec04b-b0b4-459d-8d73-33a05187ed5c ] Request (ListImageFiltersTestJSON:setUpClass): 200 GET http://10.180.1.21/compute/v2.1/servers/590d5138-83e1-4899-8e48-a83e71b1310c 3.723s
2025-11-28 19:18:58.073 66915 INFO tempest.lib.common.rest_client [req-b06582df-c5f8-4406-92b6-244f2e478e77 req-b06582df-c5f8-4406-92b6-244f2e478e77 ] Request (KeyPairsV22TestJSON:test_keypairs_create_list_delete): 201 POST http://10.180.1.21/compute/v2.1/os-keypairs 3.503s
2025-11-28 19:18:58.223 66885 INFO tempest.lib.common.rest_client [req-3f5e5785-9bcc-4044-8f47-a7ad8baee05a req-3f5e5785-9bcc-4044-8f47-a7ad8baee05a ] Request (SecurityGroupsTestAdminJSON:_run_cleanups): 202 DELETE http://10.180.1.21/compute/v2.1/os-security-groups/882f48d2-303b-403a-9205-52d6784c818f 3.700s
2025-11-28 19:18:58.255 66881 INFO tempest.lib.common.rest_client [req-4d8b5b3c-e948-4cd7-95c7-75e5bdd07735 req-4d8b5b3c-e948-4cd7-95c7-75e5bdd07735 ] Request (TenantUsagesTestJSON:test_get_usage_tenant): 200 GET http://10.180.1.21/compute/v2.1/os-simple-tenant-usage/8ab47ca561bc4e899e9a956326fa37fa?start=2025-11-27T19%3A18%3A54.583387&end=2025-11-29T19%3A18%3A54.583387 3.671s
2025-11-28 19:18:58.260 66883 INFO tempest.lib.common.rest_client [req-e5ce7cfa-3933-451f-a0bc-c7701ffacbee req-e5ce7cfa-3933-451f-a0bc-c7701ffacbee ] Request (ServerAddressesTestJSON:test_list_server_addresses): 200 GET http://10.180.1.21/compute/v2.1/servers/0cbc2b64-fa6c-4c2e-8971-abeab1b925db/ips 3.366s
2025-11-28 19:18:58.296 66911 INFO tempest.lib.common.rest_client [req-dc1ec0b3-9466-46c6-ae82-ef904b197992 req-dc1ec0b3-9466-46c6-ae82-ef904b197992 ] Request (ServerDiagnosticsNegativeTest:tearDownClass): 404 GET http://10.180.1.21/compute/v2.1/servers/472a2b36-6ebc-41e7-9ebd-6ee65851dbfa 3.283s
2025-11-28 19:18:58.305 66905 INFO tempest.lib.common.rest_client [req-b337b331-1b4f-4522-a943-d55bf500c53d req-b337b331-1b4f-4522-a943-d55bf500c53d ] Request (HypervisorAdminNegativeTestJSON:test_show_nonexistent_hypervisor): 404 GET http://10.180.1.21/compute/v2.1/os-hypervisors/7bb55db3-41e9-45ac-8d24-16163d088c70 3.178s
2025-11-28 19:18:58.400 66911 INFO tempest.lib.common.rest_client [req-26773a2e-97cd-4e0b-ac5c-3cff27d4dd78 req-26773a2e-97cd-4e0b-ac5c-3cff27d4dd78 ] Request (ServerDiagnosticsNegativeTest:tearDownClass): 204 DELETE http://10.180.1.21/identity/v3/users/c8b884516a464b008d6c0eb1fe722035 0.103s
2025-11-28 19:18:58.410 66941 INFO tempest.lib.common.rest_client [req-ebc350a4-7426-44e1-8eb8-39f5c66bb5c8 req-ebc350a4-7426-44e1-8eb8-39f5c66bb5c8 ] Request (VolumesAssistedSnapshotsTest:test_volume_assisted_snapshot_create_delete): 200 GET http://10.180.1.21/compute/v2.1/servers/4bb45dd3-4817-41d1-aed5-13437b511d9e/os-interface 3.251s
2025-11-28 19:18:58.426 66905 INFO tempest.lib.common.rest_client [req-24ea2951-2408-4993-bc23-2d1296c2ad15 req-24ea2951-2408-4993-bc23-2d1296c2ad15 ] Request (HypervisorAdminNegativeTestJSON:tearDownClass): 204 DELETE http://10.180.1.21/identity/v3/users/cef518b7218c48f3ae92febf0aff3bb6 0.117s
2025-11-28 19:18:58.441 66889 INFO tempest.lib.common.rest_client [req-f9acbb4c-8b26-4d51-b336-dde174adb9a1 req-f9acbb4c-8b26-4d51-b336-dde174adb9a1 ] Request (HypervisorAdminTestJSON:test_get_hypervisor_show_details): 200 GET http://10.180.1.21/compute/v2.1/os-hypervisors 3.254s
2025-11-28 19:18:58.466 66893 INFO tempest.lib.common.rest_client [req-50aaf18f-3697-4a3d-8cd4-b8d77b0a7a74 req-50aaf18f-3697-4a3d-8cd4-b8d77b0a7a74 ] Request (ImagesDeleteNegativeTestJSON:test_delete_image_with_id_over_character_limit): 404 DELETE http://10.180.1.21/compute/v2.1/images/4396d58e-0c8a-4583-b088-ab47732ab9ca1 3.260s
2025-11-28 19:18:58.552 66911 INFO tempest.lib.common.rest_client [req-ae9e0ef4-6e71-478e-8210-aba9cb6528f9 req-ae9e0ef4-6e71-478e-8210-aba9cb6528f9 ] Request (ServerDiagnosticsNegativeTest:tearDownClass): 204 DELETE http://10.180.1.21/identity/v3/users/338b3034b24742ceb148f68475bc4853 0.152s
2025-11-28 19:18:58.552 66911 INFO tempest.lib.common.dynamic_creds [-] Deleting project and security group for project: edc1df35fcf54964b28caa7e6e3c64f7
2025-11-28 19:18:58.556 66905 INFO tempest.lib.common.rest_client [req-47ffba00-19c8-4b65-ae0f-40a2de050aa6 req-47ffba00-19c8-4b65-ae0f-40a2de050aa6 ] Request (HypervisorAdminNegativeTestJSON:tearDownClass): 204 DELETE http://10.180.1.21/identity/v3/users/17f4a6b52aac4424a0bb8454f77ef286 0.128s
2025-11-28 19:18:58.556 66905 INFO tempest.lib.common.dynamic_creds [-] Deleting project and security group for project: 84d204705fd54db3ba2cb343bf855034
2025-11-28 19:18:58.634 66911 INFO tempest.lib.common.rest_client [req-9297188c-a9bb-4aa1-8556-77e342a0cde6 req-9297188c-a9bb-4aa1-8556-77e342a0cde6 ] Request (ServerDiagnosticsNegativeTest:tearDownClass): 201 POST http://10.180.1.21/identity/v3/auth/tokens 0.081s
2025-11-28 19:18:58.669 66905 INFO tempest.lib.common.rest_client [req-3758fa3d-64d9-4139-9f9c-29029f9ed33b req-3758fa3d-64d9-4139-9f9c-29029f9ed33b ] Request (HypervisorAdminNegativeTestJSON:tearDownClass): 201 POST http://10.180.1.21/identity/v3/auth/tokens 0.113s
2025-11-28 19:18:58.777 66927 INFO tempest.lib.common.rest_client [req-48c1a22d-a790-47a0-9d60-a640e32a0d79 req-48c1a22d-a790-47a0-9d60-a640e32a0d79 ] Request (ImagesOneServerNegativeTestJSON:setUpClass): 200 PUT http://10.180.1.21/networking/v2.0/routers/e94ba3e5-1443-4da3-9915-244024202efb/add_router_interface 0.960s
2025-11-28 19:18:58.777 66927 INFO tempest.lib.common.dynamic_creds [-] Created isolated network resources for: credentials: Credentials: {'domain_id': 'default', 'domain_name': 'Default', 'username': 'tempest-ImagesOneServerNegativeTestJSON-1631615325-project-member', 'project_domain_id': 'default', 'project_domain_name': 'Default', 'project_id': 'dab558ae5b68469eb3c3f970c50ad37d', 'project_name': 'tempest-ImagesOneServerNegativeTestJSON-1631615325', 'tenant_id': 'dab558ae5b68469eb3c3f970c50ad37d', 'tenant_name': 'tempest-ImagesOneServerNegativeTestJSON-1631615325', 'user_domain_id': 'default', 'user_domain_name': 'Default', 'user_id': '587e60416c344952acfee4b16648c1e0', 'system': None}, Network: {'id': '51ab0bdf-5713-4bcd-bdce-469e5a03e50b', 'name': 'tempest-ImagesOneServerNegativeTestJSON-1880648739-network', 'tenant_id': 'dab558ae5b68469eb3c3f970c50ad37d', 'project_id': 'dab558ae5b68469eb3c3f970c50ad37d', 'admin_state_up': True, 'mtu': 8950, 'status': 'ACTIVE', 'subnets': [], 'shared': False, 'port_security_enabled': True, 'router:external': False, 'provider:network_type': 'vlan', 'provider:physical_network': 'default', 'provider:segmentation_id': 889, 'availability_zone_hints': [], 'availability_zones': [], 'ipv4_address_scope': None, 'ipv6_address_scope': None, 'description': '', 'tags': [], 'created_at': '2025-11-28T19:18:56Z', 'updated_at': '2025-11-28T19:18:56Z', 'revision_number': 1}, Subnet: {'id': 'b1114bf8-1261-4118-9dfc-a1eeafd231e8', 'name': 'tempest-ImagesOneServerNegativeTestJSON-1880648739-subnet', 'tenant_id': 'dab558ae5b68469eb3c3f970c50ad37d', 'network_id': '51ab0bdf-5713-4bcd-bdce-469e5a03e50b', 'ip_version': 4, 'subnetpool_id': None, 'enable_dhcp': True, 'ipv6_ra_mode': None, 'ipv6_address_mode': None, 'gateway_ip': '192.168.128.1', 'cidr': '192.168.128.0/28', 'allocation_pools': [{'start': '192.168.128.2', 'end': '192.168.128.14'}], 'host_routes': [], 'dns_nameservers': [], 'description': '', 'router:external': False, 'service_types': [], 'tags': [], 'created_at': '2025-11-28T19:18:56Z', 'updated_at': '2025-11-28T19:18:56Z', 'revision_number': 0, 'project_id': 'dab558ae5b68469eb3c3f970c50ad37d'}, Router: {'id': 'e94ba3e5-1443-4da3-9915-244024202efb', 'name': 'tempest-ImagesOneServerNegativeTestJSON-1880648739-router', 'tenant_id': 'dab558ae5b68469eb3c3f970c50ad37d', 'admin_state_up': True, 'status': 'ACTIVE', 'external_gateway_info': {'network_id': 'cb2d7a56-9a0b-44fa-bb87-96c2cf8b434e', 'external_fixed_ips': [{'subnet_id': '5a9e1e9d-5d08-4012-b04e-2e9e1af21d79', 'ip_address': '10.180.180.198'}], 'enable_snat': True}, 'description': '', 'availability_zones': [], 'distributed': False, 'ha': False, 'availability_zone_hints': [], 'routes': [], 'flavor_id': None, 'tags': [], 'created_at': '2025-11-28T19:18:56Z', 'updated_at': '2025-11-28T19:18:57Z', 'revision_number': 2, 'project_id': 'dab558ae5b68469eb3c3f970c50ad37d'}
2025-11-28 19:18:58.782 66931 INFO tempest.lib.common.rest_client [req-a54d946a-bfef-4973-9d2a-b4e4aa0ba3db req-a54d946a-bfef-4973-9d2a-b4e4aa0ba3db ] Request (QuotasAdminTestJSON:test_update_all_quota_resources_for_tenant): 200 PUT http://10.180.1.21/compute/v2.1/os-quota-sets/f6f11af8454c41ef97b2fb92b04ef072 3.326s
2025-11-28 19:18:58.886 66927 INFO tempest.lib.common.rest_client [req-1d7a556c-3a17-4a59-ab0d-fff39f4fd16a req-1d7a556c-3a17-4a59-ab0d-fff39f4fd16a ] Request (ImagesOneServerNegativeTestJSON:setUpClass): 201 POST http://10.180.1.21/identity/v3/auth/tokens 0.103s
2025-11-28 19:18:58.911 66913 INFO tempest.lib.common.rest_client [req-be379b1d-699e-47c8-ab81-84a2cf00d8cd req-be379b1d-699e-47c8-ab81-84a2cf00d8cd ] Request (ServersAdmin275Test:test_rebuild_update_server_275): 202 POST http://10.180.1.21/compute/v2.1/servers/d2731828-8f9a-4cbb-af81-82c01b96e148/action 3.974s
2025-11-28 19:18:58.912 66895 INFO tempest.lib.common.rest_client [req-9fa8eb88-d547-4bbf-8cc8-c9c8f333ce64 req-9fa8eb88-d547-4bbf-8cc8-c9c8f333ce64 ] Request (KeyPairsV2TestJSON:test_get_keypair_detail): 200 POST http://10.180.1.21/compute/v2.1/os-keypairs 3.438s
2025-11-28 19:18:58.927 66927 INFO tempest.lib.common.rest_client [req-d9b9c619-d1d8-4d92-ac92-c460d45fdc95 req-d9b9c619-d1d8-4d92-ac92-c460d45fdc95 ] Request (ImagesOneServerNegativeTestJSON:setUpClass): 201 POST http://10.180.1.21/identity/v3/auth/tokens 0.037s
2025-11-28 19:18:58.930 66927 INFO tempest.lib.common.fixed_network [-] (ImagesOneServerNegativeTestJSON:setUpClass) Found network {'id': '51ab0bdf-5713-4bcd-bdce-469e5a03e50b', 'name': 'tempest-ImagesOneServerNegativeTestJSON-1880648739-network', 'tenant_id': 'dab558ae5b68469eb3c3f970c50ad37d', 'project_id': 'dab558ae5b68469eb3c3f970c50ad37d', 'admin_state_up': True, 'mtu': 8950, 'status': 'ACTIVE', 'subnets': [], 'shared': False, 'port_security_enabled': True, 'router:external': False, 'provider:network_type': 'vlan', 'provider:physical_network': 'default', 'provider:segmentation_id': 889, 'availability_zone_hints': [], 'availability_zones': [], 'ipv4_address_scope': None, 'ipv6_address_scope': None, 'description': '', 'tags': [], 'created_at': '2025-11-28T19:18:56Z', 'updated_at': '2025-11-28T19:18:56Z', 'revision_number': 1} available for tenant
2025-11-28 19:18:58.932 66899 INFO tempest.lib.common.rest_client [req-a0b0690d-6241-40bb-a870-4e7081716a48 req-a0b0690d-6241-40bb-a870-4e7081716a48 ] Request (HostsAdminNegativeTestJSON:test_update_nonexistent_host): 404 PUT http://10.180.1.21/compute/v2.1/os-hosts/nonexistent_hostname 3.442s
2025-11-28 19:18:58.939 66891 INFO tempest.lib.common.rest_client [req-a3209e0e-33c7-4383-b969-83060037380e req-a3209e0e-33c7-4383-b969-83060037380e ] Request (FlavorsAccessNegativeTestJSON:_run_cleanups): 200 GET http://10.180.1.21/compute/v2.1/flavors/detail 3.459s
2025-11-28 19:18:58.953 66917 INFO tempest.lib.common.rest_client [req-2fd38c89-351f-4890-bcdd-b87799b8cd02 req-2fd38c89-351f-4890-bcdd-b87799b8cd02 ] Request (FlavorsAdminTestJSON:_run_cleanups): 202 DELETE http://10.180.1.21/compute/v2.1/flavors/12fa4891-dec5-4c33-a16c-a459ea4577a3 3.439s
2025-11-28 19:18:58.982 66907 INFO tempest.lib.common.rest_client [req-1d388f0f-329e-4aeb-b70b-9843c3daef25 req-1d388f0f-329e-4aeb-b70b-9843c3daef25 ] Request (KeyPairsNegativeTestJSON:test_create_keypair_with_empty_public_key): 400 POST http://10.180.1.21/compute/v2.1/os-keypairs 3.463s
2025-11-28 19:18:58.985 66901 INFO tempest.lib.common.rest_client [req-917ec170-1380-47de-8533-32b90cc17e8a req-917ec170-1380-47de-8533-32b90cc17e8a ] Request (FlavorsV2TestJSON:test_list_flavors_detailed_using_marker): 200 GET http://10.180.1.21/compute/v2.1/flavors/detail?marker=42 3.454s
2025-11-28 19:18:58.996 66911 INFO tempest.lib.common.rest_client [req-492b806c-3459-4f84-a4ab-24add9e7c302 req-492b806c-3459-4f84-a4ab-24add9e7c302 ] Request (ServerDiagnosticsNegativeTest:tearDownClass): 200 GET http://10.180.1.21/networking/v2.0/security-groups?tenant_id=edc1df35fcf54964b28caa7e6e3c64f7&name=default 0.361s
2025-11-28 19:18:59.033 66899 INFO tempest.lib.common.rest_client [req-5f1285e9-0d03-4ba2-a636-4d6a194064c1 req-5f1285e9-0d03-4ba2-a636-4d6a194064c1 ] Request (HostsAdminNegativeTestJSON:tearDownClass): 204 DELETE http://10.180.1.21/identity/v3/users/eacd8d3489374cdc83f248404a021374 0.098s
2025-11-28 19:18:59.188 66941 INFO tempest.lib.common.rest_client [req-c2053942-54d9-427c-9aff-23ac89dc76bb req-c2053942-54d9-427c-9aff-23ac89dc76bb ] Request (VolumesAssistedSnapshotsTest:test_volume_assisted_snapshot_create_delete): 200 PUT http://10.180.1.21/networking/v2.0/floatingips/3b8eac0b-8f97-4fc4-ad92-0eecebd88ea5 0.776s
2025-11-28 19:18:59.189 66899 INFO tempest.lib.common.rest_client [req-d30da224-1321-4c1d-9414-877a79fd9e82 req-d30da224-1321-4c1d-9414-877a79fd9e82 ] Request (HostsAdminNegativeTestJSON:tearDownClass): 204 DELETE http://10.180.1.21/identity/v3/users/463a005031d64021a821846ad11120d7 0.155s
2025-11-28 19:18:59.189 66899 INFO tempest.lib.common.dynamic_creds [-] Deleting project and security group for project: 8fc59cd2ad6a457fb98350e399ff6707
2025-11-28 19:18:59.189 66941 INFO tempest.lib.common.ssh [-] Creating ssh connection to '10.180.180.188:22' as 'cirros' with public key authentication
2025-11-28 19:18:59.308 66899 INFO tempest.lib.common.rest_client [req-6304f56c-cfae-4da8-9dae-7b24787555f1 req-6304f56c-cfae-4da8-9dae-7b24787555f1 ] Request (HostsAdminNegativeTestJSON:tearDownClass): 201 POST http://10.180.1.21/identity/v3/auth/tokens 0.119s
2025-11-28 19:18:59.326 66911 INFO tempest.lib.common.rest_client [req-03f67363-8b2d-42b7-835c-b1dd3618ef5c req-03f67363-8b2d-42b7-835c-b1dd3618ef5c ] Request (ServerDiagnosticsNegativeTest:tearDownClass): 204 DELETE http://10.180.1.21/networking/v2.0/security-groups/bb0d178a-aa94-4307-b6dd-b216489030fb 0.329s
2025-11-28 19:18:59.337 66905 INFO tempest.lib.common.rest_client [req-dbfec74f-7390-4aba-b7fc-d0caafb09ce7 req-dbfec74f-7390-4aba-b7fc-d0caafb09ce7 ] Request (HypervisorAdminNegativeTestJSON:tearDownClass): 200 GET http://10.180.1.21/networking/v2.0/security-groups?tenant_id=84d204705fd54db3ba2cb343bf855034&name=default 0.667s
2025-11-28 19:18:59.361 66909 INFO tempest.lib.common.rest_client [req-041b798f-293a-4c91-ade0-9d5de1f4a1a3 req-041b798f-293a-4c91-ade0-9d5de1f4a1a3 ] Request (ServerRescueNegativeTestJSON:setUpClass): 200 GET http://10.180.1.21/compute/v2.1/servers/da8c78b1-596f-4e1e-9ff2-1eb822dd8ddb 3.446s
2025-11-28 19:18:59.435 66911 INFO tempest.lib.common.rest_client [req-a948fb6e-548a-4b17-9e24-26bf924788c8 req-a948fb6e-548a-4b17-9e24-26bf924788c8 ] Request (ServerDiagnosticsNegativeTest:tearDownClass): 204 DELETE http://10.180.1.21/identity/v3/projects/edc1df35fcf54964b28caa7e6e3c64f7 0.109s
2025-11-28 19:18:59.435 66911 INFO tempest.lib.common.dynamic_creds [-] Deleting project and security group for project: a47ae523b4e0498691267a9cdd2fdafa
2025-11-28 19:18:59.467 66905 INFO tempest.lib.common.rest_client [req-88b8d3d2-aca9-4464-a6f9-a4fdaf412340 req-88b8d3d2-aca9-4464-a6f9-a4fdaf412340 ] Request (HypervisorAdminNegativeTestJSON:tearDownClass): 204 DELETE http://10.180.1.21/networking/v2.0/security-groups/c4a45b74-6d79-4a20-ad5a-0cc2bb9ea805 0.130s
2025-11-28 19:18:59.498 66909 INFO tempest.lib.common.rest_client [req-03065d4e-4d73-4494-9f3d-a980a2742fe7 req-03065d4e-4d73-4494-9f3d-a980a2742fe7 ] Request (ServerRescueNegativeTestJSON:setUpClass): 201 POST http://10.180.1.21/identity/v3/auth/tokens 0.120s
2025-11-28 19:18:59.499 66909 INFO tempest.lib.common.fixed_network [-] (ServerRescueNegativeTestJSON:setUpClass) Found network {'id': '606a16b1-d8b0-45a6-aeab-72cb4b941fef', 'name': 'tempest-ServerRescueNegativeTestJSON-1238877965-network', 'tenant_id': '49ac51d5a38d464290dd020f372bc322', 'project_id': '49ac51d5a38d464290dd020f372bc322', 'admin_state_up': True, 'mtu': 8950, 'status': 'ACTIVE', 'subnets': [], 'shared': False, 'port_security_enabled': True, 'router:external': False, 'provider:network_type': 'vlan', 'provider:physical_network': 'default', 'provider:segmentation_id': 401, 'availability_zone_hints': [], 'availability_zones': [], 'ipv4_address_scope': None, 'ipv6_address_scope': None, 'description': '', 'tags': [], 'created_at': '2025-11-28T19:18:49Z', 'updated_at': '2025-11-28T19:18:49Z', 'revision_number': 1} available for tenant
2025-11-28 19:18:59.526 66897 INFO tempest.lib.common.rest_client [req-a605ad85-1a73-4370-80fd-cfafff81c9cf req-a605ad85-1a73-4370-80fd-cfafff81c9cf ] Request (MigrationsAdminTest:test_list_migrations_in_flavor_resize_situation): 200 GET http://10.180.1.21/compute/v2.1/servers/3970e8f4-c0be-443e-ae95-60f89fd8be21 3.661s
2025-11-28 19:18:59.539 66897 INFO tempest.common.waiters [-] State transition "BUILD/spawning" ==> "ACTIVE/None" after 25 second wait
2025-11-28 19:18:59.623 66905 INFO tempest.lib.common.rest_client [req-d53fe876-e3cd-43b1-a371-f5a97f0a9e8a req-d53fe876-e3cd-43b1-a371-f5a97f0a9e8a ] Request (HypervisorAdminNegativeTestJSON:tearDownClass): 204 DELETE http://10.180.1.21/identity/v3/projects/84d204705fd54db3ba2cb343bf855034 0.156s
2025-11-28 19:18:59.624 66905 INFO tempest.lib.common.dynamic_creds [-] Deleting project and security group for project: b24825b630774496abd0a77db52e9e58
2025-11-28 19:18:59.645 66899 INFO tempest.lib.common.rest_client [req-c2ddad0d-aecf-49d6-b8dc-f266476f4312 req-c2ddad0d-aecf-49d6-b8dc-f266476f4312 ] Request (HostsAdminNegativeTestJSON:tearDownClass): 200 GET http://10.180.1.21/networking/v2.0/security-groups?tenant_id=8fc59cd2ad6a457fb98350e399ff6707&name=default 0.336s
2025-11-28 19:18:59.734 66911 INFO tempest.lib.common.rest_client [req-59095cb4-31bf-4f7d-ad5c-9dfdde11334a req-59095cb4-31bf-4f7d-ad5c-9dfdde11334a ] Request (ServerDiagnosticsNegativeTest:tearDownClass): 200 GET http://10.180.1.21/networking/v2.0/security-groups?tenant_id=a47ae523b4e0498691267a9cdd2fdafa&name=default 0.298s
2025-11-28 19:18:59.737 66933 INFO tempest.lib.common.rest_client [req-cc6e8a9e-6d3c-41b1-a1d9-7235c0aea67d req-cc6e8a9e-6d3c-41b1-a1d9-7235c0aea67d ] Request (ListServersNegativeTestJSON:setUpClass): 200 GET http://10.180.1.21/compute/v2.1/servers/d074eae3-b026-4709-ad2e-73128dbb27df 3.727s
2025-11-28 19:18:59.768 66935 INFO tempest.lib.common.rest_client [req-f5ffebd2-e937-4522-b731-b4166333e6dc req-f5ffebd2-e937-4522-b731-b4166333e6dc ] Request (ServersWithSpecificFlavorTestJSON:test_verify_created_server_ephemeral_disk): 200 GET http://10.180.1.21/compute/v2.1/servers/e47d8d89-2952-4a1f-b92a-506089b1e70d 3.811s
2025-11-28 19:18:59.786 66935 INFO tempest.common.waiters [-] State transition "BUILD/networking" ==> "BUILD/spawning" after 11 second wait
2025-11-28 19:18:59.874 66899 INFO tempest.lib.common.rest_client [req-c97bc697-7066-4123-8ca9-31bcd9864b68 req-c97bc697-7066-4123-8ca9-31bcd9864b68 ] Request (HostsAdminNegativeTestJSON:tearDownClass): 204 DELETE http://10.180.1.21/networking/v2.0/security-groups/15285aec-cd87-4dff-b030-4b2af149382b 0.228s
2025-11-28 19:18:59.881 66905 INFO tempest.lib.common.rest_client [req-942f3a43-1580-48ab-898b-95f2d2a523a3 req-942f3a43-1580-48ab-898b-95f2d2a523a3 ] Request (HypervisorAdminNegativeTestJSON:tearDownClass): 200 GET http://10.180.1.21/networking/v2.0/security-groups?tenant_id=b24825b630774496abd0a77db52e9e58&name=default 0.256s
2025-11-28 19:18:59.995 66899 INFO tempest.lib.common.rest_client [req-8d092070-0ee1-4ec2-b88a-674fa245fdfd req-8d092070-0ee1-4ec2-b88a-674fa245fdfd ] Request (HostsAdminNegativeTestJSON:tearDownClass): 204 DELETE http://10.180.1.21/identity/v3/projects/8fc59cd2ad6a457fb98350e399ff6707 0.120s
2025-11-28 19:18:59.995 66899 INFO tempest.lib.common.dynamic_creds [-] Deleting project and security group for project: ac62b054a97247f490c6b9303eb2986d
2025-11-28 19:19:00.056 66911 INFO tempest.lib.common.rest_client [req-32225f93-a86b-49d5-a336-c319fe73be0b req-32225f93-a86b-49d5-a336-c319fe73be0b ] Request (ServerDiagnosticsNegativeTest:tearDownClass): 204 DELETE http://10.180.1.21/networking/v2.0/security-groups/8efce39b-2420-4345-bc26-7a8c80545dd3 0.322s
2025-11-28 19:19:00.128 66923 INFO tempest.lib.common.rest_client [req-e83a7907-2588-4029-8cd2-9731f756fc36 req-e83a7907-2588-4029-8cd2-9731f756fc36 ] Request (DeleteServersAdminTestJSON:test_delete_server_while_in_error_state): 200 GET http://10.180.1.21/compute/v2.1/servers/c210cf14-e680-465f-af38-babbb7ccd816 4.005s
2025-11-28 19:19:00.164 66905 INFO tempest.lib.common.rest_client [req-c6248c50-f6b6-4bad-9999-76cf42ba0040 req-c6248c50-f6b6-4bad-9999-76cf42ba0040 ] Request (HypervisorAdminNegativeTestJSON:tearDownClass): 204 DELETE http://10.180.1.21/networking/v2.0/security-groups/bc6623d7-65a1-46c7-b520-e1caa0513aae 0.282s
2025-11-28 19:19:00.213 66938 INFO tempest.lib.common.rest_client [req-0bf6711f-4c7b-418d-b5fa-feaa4871e827 req-0bf6711f-4c7b-418d-b5fa-feaa4871e827 ] Request (ServersTestMultiNic:test_verify_duplicate_network_nics): 200 GET http://10.180.1.21/compute/v2.1/servers/740117d6-35b5-4d91-ab6d-3a7a1f5f715d 2.926s
2025-11-28 19:19:00.220 66939 INFO tempest.lib.common.rest_client [req-9c330204-d54e-496d-894a-f8fb0828c1e5 req-9c330204-d54e-496d-894a-f8fb0828c1e5 ] Request (AggregatesAdminNegativeTestJSON:test_aggregate_create_as_user): 403 POST http://10.180.1.21/compute/v2.1/os-aggregates 2.403s
2025-11-28 19:19:00.225 66938 INFO tempest.common.waiters [-] State transition "BUILD/spawning" ==> "ACTIVE/None" after 31 second wait
2025-11-28 19:19:00.238 66911 INFO tempest.lib.common.rest_client [req-249a8dc9-3ce6-4273-83f3-1c1e098b01b8 req-249a8dc9-3ce6-4273-83f3-1c1e098b01b8 ] Request (ServerDiagnosticsNegativeTest:tearDownClass): 204 DELETE http://10.180.1.21/identity/v3/projects/a47ae523b4e0498691267a9cdd2fdafa 0.181s
2025-11-28 19:19:00.245 66899 INFO tempest.lib.common.rest_client [req-0f2c832e-d064-4327-ad7b-27af2c9efaf1 req-0f2c832e-d064-4327-ad7b-27af2c9efaf1 ] Request (HostsAdminNegativeTestJSON:tearDownClass): 200 GET http://10.180.1.21/networking/v2.0/security-groups?tenant_id=ac62b054a97247f490c6b9303eb2986d&name=default 0.249s
2025-11-28 19:19:00.264 66905 INFO tempest.lib.common.rest_client [req-9c303d53-b1ba-464d-8914-3b05a716edfb req-9c303d53-b1ba-464d-8914-3b05a716edfb ] Request (HypervisorAdminNegativeTestJSON:tearDownClass): 204 DELETE http://10.180.1.21/identity/v3/projects/b24825b630774496abd0a77db52e9e58 0.099s
2025-11-28 19:19:00.350 66905 INFO tempest.lib.common.rest_client [req-db534648-f537-43f2-b319-211b5dfa5149 req-db534648-f537-43f2-b319-211b5dfa5149 ] Request (ServerActionsV293TestJSON:setUpClass): 201 POST http://10.180.1.21/identity/v3/auth/tokens 0.083s
2025-11-28 19:19:00.357 66911 INFO tempest.lib.common.rest_client [req-839aa30b-c4fe-49dd-a5c6-c28f3d5551c6 req-839aa30b-c4fe-49dd-a5c6-c28f3d5551c6 ] Request (VolumesAdminNegativeTest:setUpClass): 201 POST http://10.180.1.21/identity/v3/auth/tokens 0.117s
2025-11-28 19:19:00.385 66943 INFO tempest.lib.common.rest_client [req-8db01d66-2efe-488a-a2fc-e5e3e7d43147 req-8db01d66-2efe-488a-a2fc-e5e3e7d43147 ] Request (SecurityGroupRulesTestJSON:test_security_group_rules_delete_when_peer_group_deleted): 200 POST http://10.180.1.21/compute/v2.1/os-security-groups 2.468s
2025-11-28 19:19:00.397 66911 INFO tempest.lib.common.rest_client [req-cb249443-4941-4386-bb94-fd2f6b0dfcf9 req-cb249443-4941-4386-bb94-fd2f6b0dfcf9 ] Request (VolumesAdminNegativeTest:setUpClass): 201 POST http://10.180.1.21/identity/v3/auth/tokens 0.038s
2025-11-28 19:19:00.406 66905 INFO tempest.lib.common.rest_client [req-74dcf0b2-bfd9-41c6-99c8-e8f496bd7d57 req-74dcf0b2-bfd9-41c6-99c8-e8f496bd7d57 ] Request (ServerActionsV293TestJSON:setUpClass): 201 POST http://10.180.1.21/identity/v3/auth/tokens 0.052s
2025-11-28 19:19:00.428 66899 INFO tempest.lib.common.rest_client [req-a7cea472-b302-43ab-903e-29144e506e96 req-a7cea472-b302-43ab-903e-29144e506e96 ] Request (HostsAdminNegativeTestJSON:tearDownClass): 204 DELETE http://10.180.1.21/networking/v2.0/security-groups/3dabab07-bd41-422c-9c4f-399edcec43ce 0.182s
2025-11-28 19:19:00.428 66911 INFO tempest.lib.common.rest_client [req-fe4e11cb-be52-44e8-96f4-7f8827ddd4f9 req-fe4e11cb-be52-44e8-96f4-7f8827ddd4f9 ] Request (VolumesAdminNegativeTest:setUpClass): 200 GET http://10.180.1.21/identity/v3/domains?name=Default 0.031s
2025-11-28 19:19:00.441 66915 INFO tempest.lib.common.rest_client [req-eca50f42-141c-492d-91c9-595f8e5f9101 req-eca50f42-141c-492d-91c9-595f8e5f9101 ] Request (KeyPairsV22TestJSON:test_keypairs_create_list_delete): 201 POST http://10.180.1.21/compute/v2.1/os-keypairs 2.361s
2025-11-28 19:19:00.455 66905 INFO tempest.lib.common.rest_client [req-b023c66c-a62f-4de1-a45a-8d923041c23d req-b023c66c-a62f-4de1-a45a-8d923041c23d ] Request (ServerActionsV293TestJSON:setUpClass): 200 GET http://10.180.1.21/identity/v3/domains?name=Default 0.048s
2025-11-28 19:19:00.460 66911 INFO tempest.lib.common.rest_client [req-f40be8e2-a31f-4e33-a3b4-75cec03a63d8 req-f40be8e2-a31f-4e33-a3b4-75cec03a63d8 ] Request (VolumesAdminNegativeTest:setUpClass): 201 POST http://10.180.1.21/identity/v3/projects 0.031s
2025-11-28 19:19:00.480 66921 INFO tempest.lib.common.rest_client [req-27017596-6ec8-4fed-b9ad-2eb04798e362 req-27017596-6ec8-4fed-b9ad-2eb04798e362 ] Request (ServersAdminNegativeTestJSON:setUpClass): 200 GET http://10.180.1.21/compute/v2.1/servers/737833fb-0df2-49c8-a340-be7c986e24af 2.770s
2025-11-28 19:19:00.520 66881 INFO tempest.lib.common.rest_client [req-63fbd8da-83ca-418c-a351-3b8e58f96076 req-63fbd8da-83ca-418c-a351-3b8e58f96076 ] Request (TenantUsagesTestJSON:test_get_usage_tenant_with_non_admin_user): 200 GET http://10.180.1.21/compute/v2.1/os-simple-tenant-usage/8ab47ca561bc4e899e9a956326fa37fa?start=2025-11-27T19%3A18%3A54.583387&end=2025-11-29T19%3A18%3A54.583387 2.261s
2025-11-28 19:19:00.563 66905 INFO tempest.lib.common.rest_client [req-6c0220f4-1d4f-4f4c-98a5-44e8068cc425 req-6c0220f4-1d4f-4f4c-98a5-44e8068cc425 ] Request (ServerActionsV293TestJSON:setUpClass): 201 POST http://10.180.1.21/identity/v3/projects 0.107s
2025-11-28 19:19:00.563 66883 INFO tempest.lib.common.rest_client [req-c6c30c68-b580-4f77-a5f5-425e5d1977c0 req-c6c30c68-b580-4f77-a5f5-425e5d1977c0 ] Request (ServerAddressesTestJSON:test_list_server_addresses_by_network): 200 GET http://10.180.1.21/compute/v2.1/servers/0cbc2b64-fa6c-4c2e-8971-abeab1b925db/ips 2.298s
2025-11-28 19:19:00.578 66885 INFO tempest.lib.common.rest_client [req-068a7896-5c0c-4159-b08e-fcca9183906d req-068a7896-5c0c-4159-b08e-fcca9183906d ] Request (SecurityGroupsTestAdminJSON:_run_cleanups): 202 DELETE http://10.180.1.21/compute/v2.1/os-security-groups/13710516-9502-492c-bde4-1791f097d906 2.354s
2025-11-28 19:19:00.604 66889 INFO tempest.lib.common.rest_client [req-70193ed5-e23c-47f5-97a1-0a19fce1d14d req-70193ed5-e23c-47f5-97a1-0a19fce1d14d ] Request (HypervisorAdminTestJSON:test_get_hypervisor_show_details): 200 GET http://10.180.1.21/compute/v2.1/os-hypervisors/1 2.161s
2025-11-28 19:19:00.605 66893 INFO tempest.lib.common.rest_client [req-83de4f99-ed86-4127-9a4e-6002323cc75b req-83de4f99-ed86-4127-9a4e-6002323cc75b ] Request (ImagesDeleteNegativeTestJSON:test_delete_image_with_invalid_image_id): 404 DELETE http://10.180.1.21/compute/v2.1/images/tempest-invalid-836074862 2.138s
2025-11-28 19:19:00.626 66899 INFO tempest.lib.common.rest_client [req-6ad3ac4f-d468-46f2-8bf3-249f7e11810c req-6ad3ac4f-d468-46f2-8bf3-249f7e11810c ] Request (HostsAdminNegativeTestJSON:tearDownClass): 204 DELETE http://10.180.1.21/identity/v3/projects/ac62b054a97247f490c6b9303eb2986d 0.197s
2025-11-28 19:19:00.695 66905 INFO tempest.lib.common.rest_client [req-5de17923-9540-4a6c-93d1-93988fc02f03 req-5de17923-9540-4a6c-93d1-93988fc02f03 ] Request (ServerActionsV293TestJSON:setUpClass): 201 POST http://10.180.1.21/identity/v3/users 0.131s
2025-11-28 19:19:00.697 66911 INFO tempest.lib.common.rest_client [req-8c1b90ea-a2b7-4d6a-ab2d-f30d158e1f39 req-8c1b90ea-a2b7-4d6a-ab2d-f30d158e1f39 ] Request (VolumesAdminNegativeTest:setUpClass): 201 POST http://10.180.1.21/identity/v3/users 0.237s
2025-11-28 19:19:00.718 66905 INFO tempest.lib.common.rest_client [req-cf1a7782-80a1-4be8-a01f-b3458d203a0d req-cf1a7782-80a1-4be8-a01f-b3458d203a0d ] Request (ServerActionsV293TestJSON:setUpClass): 200 GET http://10.180.1.21/identity/v3/roles 0.023s
2025-11-28 19:19:00.726 66899 INFO tempest.lib.common.rest_client [req-3f0295d4-9bba-4c02-b645-c988923cdac6 req-3f0295d4-9bba-4c02-b645-c988923cdac6 ] Request (ServerDiagnosticsTest:setUpClass): 201 POST http://10.180.1.21/identity/v3/auth/tokens 0.098s
2025-11-28 19:19:00.753 66911 INFO tempest.lib.common.rest_client [req-d740ea48-b31c-46a7-ab38-f0c421f81e4f req-d740ea48-b31c-46a7-ab38-f0c421f81e4f ] Request (VolumesAdminNegativeTest:setUpClass): 200 GET http://10.180.1.21/identity/v3/roles 0.055s
2025-11-28 19:19:00.777 66905 INFO tempest.lib.common.rest_client [req-96194a0b-8ef0-43a9-b345-62853921b158 req-96194a0b-8ef0-43a9-b345-62853921b158 ] Request (ServerActionsV293TestJSON:setUpClass): 204 PUT http://10.180.1.21/identity/v3/projects/0328fe816ae54620af478d7ccb59b738/users/51e769eac735499f816e60dc467a7503/roles/01c0df71f9de4629a8928d9498acf094 0.058s
2025-11-28 19:19:00.777 66905 INFO tempest.lib.common.dynamic_creds [-] Dynamic test user 51e769eac735499f816e60dc467a7503 is created with scope project and roles: ['member']
2025-11-28 19:19:00.777 66905 INFO tempest.lib.common.dynamic_creds [-] Acquired dynamic creds: credentials: Credentials: {'domain_id': 'default', 'domain_name': 'Default', 'username': 'tempest-ServerActionsV293TestJSON-1719924090-project-member', 'project_domain_id': 'default', 'project_domain_name': 'Default', 'project_id': '0328fe816ae54620af478d7ccb59b738', 'project_name': 'tempest-ServerActionsV293TestJSON-1719924090', 'tenant_id': '0328fe816ae54620af478d7ccb59b738', 'tenant_name': 'tempest-ServerActionsV293TestJSON-1719924090', 'user_domain_id': 'default', 'user_domain_name': 'Default', 'user_id': '51e769eac735499f816e60dc467a7503', 'system': None}, Network: None, Subnet: None, Router: None
