2025-11-28 19:20:32.631 66917 INFO tempest.lib.common.rest_client [req-8f38a131-f592-4869-b076-517ad12ba48c req-8f38a131-f592-4869-b076-517ad12ba48c ] Request (FlavorsAdminTestJSON:_run_cleanups): 202 DELETE http://10.180.1.21/compute/v2.1/flavors/880787121 1.032s
2025-11-28 19:20:32.713 66897 INFO tempest.lib.common.rest_client [req-45fdfc1e-8afd-4a87-8e26-4c4a7ce72444 req-45fdfc1e-8afd-4a87-8e26-4c4a7ce72444 ] Request (MigrationsAdminTest:test_resize_server_revert_deleted_flavor): 201 POST http://10.180.1.21/identity/v3/auth/tokens 0.106s
2025-11-28 19:20:32.714 66897 INFO tempest.lib.common.fixed_network [-] (MigrationsAdminTest:test_resize_server_revert_deleted_flavor) Found network None available for tenant
2025-11-28 19:20:32.768 66895 INFO tempest.lib.common.rest_client [req-89bae567-abdf-476f-ad94-a00f13e1e0a8 req-89bae567-abdf-476f-ad94-a00f13e1e0a8 ] Request (ListServerFiltersTestJSON:setUpClass): 200 GET http://10.180.1.21/compute/v2.1/servers/a8d8d9e8-6c9b-4bb6-ab4b-e60b66fd2866 1.092s
2025-11-28 19:20:32.841 66887 INFO tempest.lib.common.rest_client [req-1cc49ba1-6066-4f92-9fec-9761f81195d4 req-1cc49ba1-6066-4f92-9fec-9761f81195d4 ] Request (AttachVolumeShelveTestJSON:test_attach_volume_shelved_or_offload_server): 200 PUT http://10.180.1.21/networking/v2.0/floatingips/2d2eba85-96a4-46fb-a3d2-f9b6de744205 0.781s
2025-11-28 19:20:32.843 66887 INFO tempest.lib.common.ssh [-] Creating ssh connection to '10.180.180.177:22' as 'cirros' with public key authentication
2025-11-28 19:20:32.902 66941 INFO tempest.lib.common.rest_client [req-5b9d9c60-6a99-477b-a720-5e624cae138d req-5b9d9c60-6a99-477b-a720-5e624cae138d ] Request (VolumesAssistedSnapshotsTest:tearDownClass): 200 GET http://10.180.1.21/compute/v2.1/servers/4bb45dd3-4817-41d1-aed5-13437b511d9e 0.976s
2025-11-28 19:20:32.934 66921 INFO tempest.lib.common.rest_client [req-63bdeed8-993e-4825-bc98-4b3de31b4ec2 req-63bdeed8-993e-4825-bc98-4b3de31b4ec2 ] Request (ServersAdminNegativeTestJSON:_run_cleanups): 200 GET http://10.180.1.21/compute/v2.1/flavors/detail 1.004s
2025-11-28 19:20:32.974 66929 INFO tempest.lib.common.rest_client [req-f301bfbe-187d-45b4-a091-13c255c09efc req-f301bfbe-187d-45b4-a091-13c255c09efc ] Request (ServersTestBootFromVolume:setUpClass): 200 GET http://10.180.1.21/compute/v2.1/servers/fe789256-dabd-4cea-8f10-35d443fd3422 1.130s
2025-11-28 19:20:32.986 66929 INFO tempest.common.waiters [-] State transition "BUILD/spawning" ==> "ACTIVE/None" after 30 second wait
2025-11-28 19:20:33.040 66901 INFO tempest.lib.common.rest_client [req-ba881e06-ac1c-4acd-bda8-9bc400a23370 req-ba881e06-ac1c-4acd-bda8-9bc400a23370 ] Request (ImagesNegativeTestJSON:test_create_image_from_deleted_server): 200 GET http://10.180.1.21/compute/v2.1/servers/ad907a72-1ab1-4193-a43d-b400dc7d007c 1.030s
2025-11-28 19:20:33.159 66939 INFO tempest.lib.common.rest_client [req-efba2577-1481-4787-8fa7-4d28c6e65a94 req-efba2577-1481-4787-8fa7-4d28c6e65a94 ] Request (AttachInterfacesUnderV243Test:test_add_remove_fixed_ip): 200 GET http://10.180.1.21/compute/v2.1/servers/726bd3ab-4f60-4843-a8d4-b4461657bfc1 1.070s
2025-11-28 19:20:33.189 66907 INFO tempest.lib.common.rest_client [req-e555f989-465c-40c6-9648-d5411908761c req-e555f989-465c-40c6-9648-d5411908761c ] Request (InstanceActionsV221TestJSON:test_get_list_deleted_instance_actions): 200 GET http://10.180.1.21/compute/v2.1/servers/ce2e39aa-2e1b-4706-b633-1aef4550a84e 1.149s
2025-11-28 19:20:33.189 66893 INFO tempest.lib.common.rest_client [req-1f276930-6342-416e-980d-93bb7681b25e req-1f276930-6342-416e-980d-93bb7681b25e ] Request (MultipleCreateTestJSON:_run_cleanups): 404 GET http://10.180.1.21/compute/v2.1/servers/b7c5c324-8327-45a7-bc99-0b007983442c 1.069s
2025-11-28 19:20:33.238 66931 INFO tempest.lib.common.rest_client [req-650b08f9-1ed5-46d7-a7a0-a30aa0c973da req-650b08f9-1ed5-46d7-a7a0-a30aa0c973da ] Request (ImagesOneServerTestJSON:test_create_image_specify_multibyte_character_image_name): 200 GET http://10.180.1.21/compute/v2.1/images/ce073d48-d445-4654-a8f6-14876339ee12 1.106s
2025-11-28 19:20:33.262 66885 INFO tempest.lib.common.rest_client [req-b3c9ace3-6f25-4b7e-af99-f79c70f2c8ef req-b3c9ace3-6f25-4b7e-af99-f79c70f2c8ef ] Request (ServersNegativeTestJSON:setUpClass): 200 GET http://10.180.1.21/compute/v2.1/servers/32516127-0e97-4408-b472-5d8a121b9df8 0.841s
2025-11-28 19:20:33.327 66933 INFO tempest.lib.common.rest_client [req-bce63a9e-8558-4e39-906b-5b6f5dc955e8 req-bce63a9e-8558-4e39-906b-5b6f5dc955e8 ] Request (ListServersNegativeTestJSON:tearDownClass): 200 GET http://10.180.1.21/compute/v2.1/servers/1fa606af-cd47-4d8c-9091-7f1c232c045b 0.893s
2025-11-28 19:20:33.342 66938 INFO tempest.lib.common.rest_client [req-cf5ad2cc-b20d-49a3-98f2-5555d30df051 req-cf5ad2cc-b20d-49a3-98f2-5555d30df051 ] Request (ServersTestMultiNic:_run_cleanups): 200 GET http://10.180.1.21/compute/v2.1/servers/bd18ca36-0244-4ec3-9125-902cd7e78de6 0.773s
2025-11-28 19:20:33.369 66917 INFO tempest.lib.common.rest_client [req-9215f190-3fc9-4fe1-a9a0-cfee2d62d67f req-9215f190-3fc9-4fe1-a9a0-cfee2d62d67f ] Request (FlavorsAdminTestJSON:_run_cleanups): 200 GET http://10.180.1.21/compute/v2.1/flavors/detail 0.736s
2025-11-28 19:20:33.401 66911 INFO tempest.lib.common.rest_client [req-68a13aac-f446-4780-ba2e-81eddf5ad4cb req-68a13aac-f446-4780-ba2e-81eddf5ad4cb ] Request (VolumesAdminNegativeTest:tearDownClass): 200 GET http://10.180.1.21/compute/v2.1/servers/44b8a887-f4aa-46f6-aae9-499532bf8f25 0.819s
2025-11-28 19:20:33.431 66943 INFO tempest.lib.common.rest_client [req-763ec737-a23c-4d43-a0e1-b7dd6fcf0462 req-763ec737-a23c-4d43-a0e1-b7dd6fcf0462 ] Request (ServersAaction247Test:test_create_backup): 200 GET http://10.180.1.21/compute/v2.1/servers/3b45f6d9-546a-417a-9334-b38a313d1301 0.755s
2025-11-28 19:20:33.619 66915 INFO tempest.lib.common.rest_client [req-a857d0c8-5ad9-4e95-93ad-affb0c1b01d1 req-a857d0c8-5ad9-4e95-93ad-affb0c1b01d1 ] Request (ServerMetadataTestJSON:setUpClass): 200 GET http://10.180.1.21/compute/v2.1/servers/a2877d82-dc23-4880-b3e6-75a893cfbded 0.921s
2025-11-28 19:20:33.679 66925 WARNING tempest.lib.common.ssh [-] Failed to establish authenticated ssh connection to cirros@10.180.180.128 ([Errno None] Unable to connect to port 22 on 10.180.180.128). Number attempts: 9. Retry after 10 seconds.: paramiko.ssh_exception.NoValidConnectionsError: [Errno None] Unable to connect to port 22 on 10.180.180.128
2025-11-28 19:20:33.721 66927 INFO tempest.lib.common.rest_client [req-b182b113-6664-414d-8149-2373db4b5c34 req-b182b113-6664-414d-8149-2373db4b5c34 ] Request (ImagesOneServerNegativeTestJSON:_run_cleanups): 200 GET http://10.180.1.21/compute/v2.1/servers/e891e061-3801-47f2-ab06-4c9ac41fd2e6 0.869s
2025-11-28 19:20:33.815 66897 INFO tempest.lib.common.rest_client [req-a0e08c96-8687-4352-9889-4f304672e267 req-a0e08c96-8687-4352-9889-4f304672e267 ] Request (MigrationsAdminTest:test_resize_server_revert_deleted_flavor): 202 POST http://10.180.1.21/compute/v2.1/servers 1.101s
2025-11-28 19:20:33.861 66891 INFO tempest.lib.common.rest_client [req-d5b341d7-9c5d-41db-84ae-c33738257d7b req-d5b341d7-9c5d-41db-84ae-c33738257d7b ] Request (ImagesTestJSON:test_create_image_from_stopped_server): 200 GET http://10.180.1.21/compute/v2.1/servers/2401bf17-bf96-4003-9d5f-1ff8969e31f9 0.983s
2025-11-28 19:20:33.966 66929 INFO tempest.lib.common.rest_client [req-fd82880b-eaca-4a41-86a5-00a8c55142ca req-fd82880b-eaca-4a41-86a5-00a8c55142ca ] Request (ServersTestBootFromVolume:setUpClass): 200 GET http://10.180.1.21/compute/v2.1/servers/fe789256-dabd-4cea-8f10-35d443fd3422/os-interface 0.979s
2025-11-28 19:20:34.051 66923 INFO tempest.lib.common.rest_client [req-d01f4824-8468-4f4f-9f58-a309902d23d1 req-d01f4824-8468-4f4f-9f58-a309902d23d1 ] Request (QuotaClassesAdminTestJSON:test_update_default_quotas): 200 GET http://10.180.1.21/compute/v2.1/os-quota-class-sets/default 1.108s
2025-11-28 19:20:34.059 66899 INFO tempest.lib.common.rest_client [req-3d310d6a-1d5c-4756-8c41-d654d17fb52e req-3d310d6a-1d5c-4756-8c41-d654d17fb52e ] Request (FloatingIPsAssociationTestJSON:setUpClass): 200 GET http://10.180.1.21/compute/v2.1/servers/25ab52c3-b62b-43fc-a005-96397bb9bfc3 1.070s
2025-11-28 19:20:34.067 66899 INFO tempest.common.waiters [-] State transition "BUILD/scheduling" ==> "BUILD/None" after 3 second wait
2025-11-28 19:20:34.115 66913 INFO tempest.lib.common.rest_client [req-93e7939a-d002-4aab-bd90-d4a35733dd9c req-93e7939a-d002-4aab-bd90-d4a35733dd9c ] Request (ServerGroupTestJSON:test_create_server_with_scheduler_hint_group): 200 GET http://10.180.1.21/compute/v2.1/servers/425bc017-a89d-4c30-9134-9af185fde6be 1.083s
2025-11-28 19:20:34.135 66917 INFO tempest.lib.common.rest_client [req-e4512e42-4606-4132-ac5f-b887f8dd1dec req-e4512e42-4606-4132-ac5f-b887f8dd1dec ] Request (FlavorsAdminTestJSON:test_list_public_flavor_with_other_user): 200 POST http://10.180.1.21/compute/v2.1/flavors 0.758s
2025-11-28 19:20:34.143 66893 INFO tempest.lib.common.rest_client [req-b6549a63-a011-4a67-9cb2-9747c080113f req-b6549a63-a011-4a67-9cb2-9747c080113f ] Request (MultipleCreateTestJSON:_run_cleanups): 200 GET http://10.180.1.21/compute/v2.1/servers/17f5b15d-28a1-4e83-9f0f-724df6590a9f 0.954s
2025-11-28 19:20:34.212 66909 INFO tempest.lib.common.rest_client [req-0b447ff4-c3f3-4fe3-8707-3f5f44ab07a5 req-0b447ff4-c3f3-4fe3-8707-3f5f44ab07a5 ] Request (ServerRescueNegativeTestJSON:test_rescued_vm_detach_volume): 200 GET http://10.180.1.21/compute/v2.1/servers/7f59473e-8053-434a-9208-b7c2e3ec8cb4 0.637s
2025-11-28 19:20:34.238 66919 INFO tempest.lib.common.rest_client [req-71baf2b5-ca83-4959-ba15-29f6700b207e req-71baf2b5-ca83-4959-ba15-29f6700b207e ] Request (ServersListShow298Test:tearDownClass): 200 GET http://10.180.1.21/compute/v2.1/servers/06ffd19d-6696-4b58-b5bb-ca6fbceec182 0.675s
2025-11-28 19:20:34.265 66903 INFO tempest.lib.common.rest_client [req-10f8039b-7c38-4d2f-aaab-8239b553feaf req-10f8039b-7c38-4d2f-aaab-8239b553feaf ] Request (ListImageFiltersTestJSON:setUpClass): 200 GET http://10.180.1.21/compute/v2.1/images/fcc87ff9-2e6a-43b2-825b-eb15243e2399 0.657s
2025-11-28 19:20:34.316 66895 INFO tempest.lib.common.rest_client [req-f1c05b1c-df3b-4afd-b81b-18d01552a124 req-f1c05b1c-df3b-4afd-b81b-18d01552a124 ] Request (ListServerFiltersTestJSON:setUpClass): 200 GET http://10.180.1.21/compute/v2.1/servers/a8d8d9e8-6c9b-4bb6-ab4b-e60b66fd2866 0.537s
2025-11-28 19:20:34.329 66897 INFO tempest.lib.common.rest_client [req-e3ce98c2-01d5-4a55-9625-579603905c9b req-e3ce98c2-01d5-4a55-9625-579603905c9b ] Request (MigrationsAdminTest:test_resize_server_revert_deleted_flavor): 200 GET http://10.180.1.21/compute/v2.1/servers/7db3ee44-5e8e-4975-937e-025a362be06b 0.511s
2025-11-28 19:20:34.421 66941 INFO tempest.lib.common.rest_client [req-e3d08726-1eb3-4d17-99ee-ff3ca465dbac req-e3d08726-1eb3-4d17-99ee-ff3ca465dbac ] Request (VolumesAssistedSnapshotsTest:tearDownClass): 200 GET http://10.180.1.21/compute/v2.1/servers/4bb45dd3-4817-41d1-aed5-13437b511d9e 0.507s
2025-11-28 19:20:34.437 66901 INFO tempest.lib.common.rest_client [req-f1ff3e7e-afa0-4c7f-b7f9-0426322f288c req-f1ff3e7e-afa0-4c7f-b7f9-0426322f288c ] Request (ImagesNegativeTestJSON:test_create_image_from_deleted_server): 200 GET http://10.180.1.21/compute/v2.1/servers/ad907a72-1ab1-4193-a43d-b400dc7d007c 0.386s
2025-11-28 19:20:34.472 66917 INFO tempest.lib.common.rest_client [req-06466a4e-a786-42f0-9111-aeeb52aae323 req-06466a4e-a786-42f0-9111-aeeb52aae323 ] Request (FlavorsAdminTestJSON:test_list_public_flavor_with_other_user): 200 GET http://10.180.1.21/compute/v2.1/flavors/detail 0.334s
2025-11-28 19:20:34.563 66939 INFO tempest.lib.common.rest_client [req-1b834e91-6aae-49c0-ad61-b71c6bd32f20 req-1b834e91-6aae-49c0-ad61-b71c6bd32f20 ] Request (AttachInterfacesUnderV243Test:test_add_remove_fixed_ip): 200 GET http://10.180.1.21/compute/v2.1/servers/726bd3ab-4f60-4843-a8d4-b4461657bfc1 0.392s
2025-11-28 19:20:34.579 66923 INFO tempest.lib.common.rest_client [req-f63bac00-f929-4ae3-8c28-a9dc3643cdd3 req-f63bac00-f929-4ae3-8c28-a9dc3643cdd3 ] Request (QuotaClassesAdminTestJSON:test_update_default_quotas): 200 PUT http://10.180.1.21/compute/v2.1/os-quota-class-sets/default 0.524s
2025-11-28 19:20:34.624 66931 INFO tempest.lib.common.rest_client [req-33a86f9d-b525-401e-83a2-bd672e528c9b req-33a86f9d-b525-401e-83a2-bd672e528c9b ] Request (ImagesOneServerTestJSON:test_create_image_specify_multibyte_character_image_name): 200 GET http://10.180.1.21/compute/v2.1/images/ce073d48-d445-4654-a8f6-14876339ee12 0.380s
2025-11-28 19:20:34.689 66885 INFO tempest.lib.common.rest_client [req-97915b62-e05a-4932-82d4-e2d96cfdbe69 req-97915b62-e05a-4932-82d4-e2d96cfdbe69 ] Request (ServersNegativeTestJSON:setUpClass): 200 GET http://10.180.1.21/compute/v2.1/servers/32516127-0e97-4408-b472-5d8a121b9df8 0.415s
2025-11-28 19:20:34.718 66933 INFO tempest.lib.common.rest_client [req-883260f9-6789-420a-9d10-16bb7507a839 req-883260f9-6789-420a-9d10-16bb7507a839 ] Request (ListServersNegativeTestJSON:tearDownClass): 404 GET http://10.180.1.21/compute/v2.1/servers/1fa606af-cd47-4d8c-9091-7f1c232c045b 0.383s
2025-11-28 19:20:34.734 66907 INFO tempest.lib.common.rest_client [req-20d05433-db0f-4b9a-ae10-9510bc18d236 req-20d05433-db0f-4b9a-ae10-9510bc18d236 ] Request (InstanceActionsV221TestJSON:test_get_list_deleted_instance_actions): 200 GET http://10.180.1.21/compute/v2.1/servers/ce2e39aa-2e1b-4706-b633-1aef4550a84e 0.535s
2025-11-28 19:20:34.746 66907 INFO tempest.common.waiters [-] State transition "BUILD/spawning" ==> "ACTIVE/None" after 35 second wait
2025-11-28 19:20:34.796 66938 INFO tempest.lib.common.rest_client [req-b19f1fb3-9f66-4e2c-a752-ec224cb19a2c req-b19f1fb3-9f66-4e2c-a752-ec224cb19a2c ] Request (ServersTestMultiNic:_run_cleanups): 200 GET http://10.180.1.21/compute/v2.1/servers/bd18ca36-0244-4ec3-9125-902cd7e78de6 0.444s
2025-11-28 19:20:34.824 66911 INFO tempest.lib.common.rest_client [req-8adfa727-7681-47d0-8e87-6c6186211635 req-8adfa727-7681-47d0-8e87-6c6186211635 ] Request (VolumesAdminNegativeTest:tearDownClass): 200 GET http://10.180.1.21/compute/v2.1/servers/44b8a887-f4aa-46f6-aae9-499532bf8f25 0.413s
2025-11-28 19:20:34.851 66917 INFO tempest.lib.common.rest_client [req-9717a0a8-f2ab-4b77-af9f-9264318af8d0 req-9717a0a8-f2ab-4b77-af9f-9264318af8d0 ] Request (FlavorsAdminTestJSON:_run_cleanups): 202 DELETE http://10.180.1.21/compute/v2.1/flavors/607599810 0.371s
2025-11-28 19:20:34.863 66923 INFO tempest.lib.common.rest_client [req-c7f11798-b8eb-4082-bbf1-07b391e839c6 req-c7f11798-b8eb-4082-bbf1-07b391e839c6 ] Request (QuotaClassesAdminTestJSON:test_update_default_quotas): 200 GET http://10.180.1.21/compute/v2.1/os-quota-class-sets/default 0.282s
2025-11-28 19:20:34.872 66943 INFO tempest.lib.common.rest_client [req-c1c2897e-01a1-4af2-8954-2b6012bc7d4a req-c1c2897e-01a1-4af2-8954-2b6012bc7d4a ] Request (ServersAaction247Test:test_create_backup): 200 GET http://10.180.1.21/compute/v2.1/servers/3b45f6d9-546a-417a-9334-b38a313d1301 0.423s
2025-11-28 19:20:35.048 66933 INFO tempest.lib.common.rest_client [req-a94b294f-efd9-40e4-ab41-7a6da2f4e57a req-a94b294f-efd9-40e4-ab41-7a6da2f4e57a ] Request (ListServersNegativeTestJSON:tearDownClass): 200 GET http://10.180.1.21/compute/v2.1/servers/116ba8b5-5a7e-4409-80ad-3317c8cef09c 0.329s
2025-11-28 19:20:35.077 66915 INFO tempest.lib.common.rest_client [req-bc335ad6-70a2-4ca6-bfe6-35fb4ba65fb4 req-bc335ad6-70a2-4ca6-bfe6-35fb4ba65fb4 ] Request (ServerMetadataTestJSON:setUpClass): 200 GET http://10.180.1.21/compute/v2.1/servers/a2877d82-dc23-4880-b3e6-75a893cfbded 0.445s
2025-11-28 19:20:35.126 66929 INFO tempest.lib.common.rest_client [req-deaf63b1-e900-4476-b89e-e13aed19c8cb req-deaf63b1-e900-4476-b89e-e13aed19c8cb ] Request (ServersTestBootFromVolume:setUpClass): 200 PUT http://10.180.1.21/networking/v2.0/floatingips/c1408c6a-3657-4382-ab7a-11fa6a126184 1.156s
2025-11-28 19:20:35.160 66927 INFO tempest.lib.common.rest_client [req-7004a2b2-0000-43be-bea9-5477ca21f1f6 req-7004a2b2-0000-43be-bea9-5477ca21f1f6 ] Request (ImagesOneServerNegativeTestJSON:_run_cleanups): 200 GET http://10.180.1.21/compute/v2.1/servers/e891e061-3801-47f2-ab06-4c9ac41fd2e6 0.428s
2025-11-28 19:20:35.190 66907 INFO tempest.lib.common.rest_client [req-70f1eb97-dd7d-47a3-b21b-d364b7c69ed4 req-70f1eb97-dd7d-47a3-b21b-d364b7c69ed4 ] Request (InstanceActionsV221TestJSON:test_get_list_deleted_instance_actions): 204 DELETE http://10.180.1.21/compute/v2.1/servers/ce2e39aa-2e1b-4706-b633-1aef4550a84e 0.443s
2025-11-28 19:20:35.202 66917 INFO tempest.lib.common.rest_client [req-98f9232b-46f2-476c-8e2e-753330e048ed req-98f9232b-46f2-476c-8e2e-753330e048ed ] Request (FlavorsAdminTestJSON:_run_cleanups): 200 GET http://10.180.1.21/compute/v2.1/flavors/detail 0.350s
2025-11-28 19:20:35.277 66923 INFO tempest.lib.common.rest_client [req-a90a7f81-a35d-45a1-9b65-7d3779549e35 req-a90a7f81-a35d-45a1-9b65-7d3779549e35 ] Request (QuotaClassesAdminTestJSON:_run_cleanups): 200 PUT http://10.180.1.21/compute/v2.1/os-quota-class-sets/default 0.411s
2025-11-28 19:20:35.383 66899 INFO tempest.lib.common.rest_client [req-b0c5a7c1-780f-44a3-aaa6-fe6f79a483ee req-b0c5a7c1-780f-44a3-aaa6-fe6f79a483ee ] Request (FloatingIPsAssociationTestJSON:setUpClass): 200 GET http://10.180.1.21/compute/v2.1/servers/25ab52c3-b62b-43fc-a005-96397bb9bfc3 0.315s
2025-11-28 19:20:35.423 66891 INFO tempest.lib.common.rest_client [req-4913e080-d830-4477-adbf-d994d8b12d43 req-4913e080-d830-4477-adbf-d994d8b12d43 ] Request (ImagesTestJSON:test_create_image_from_stopped_server): 200 GET http://10.180.1.21/compute/v2.1/servers/2401bf17-bf96-4003-9d5f-1ff8969e31f9 0.548s
2025-11-28 19:20:35.461 66917 INFO tempest.lib.common.rest_client [req-d90c783f-72d1-4081-bc08-25d8c1fab9f1 req-d90c783f-72d1-4081-bc08-25d8c1fab9f1 ] Request (FlavorsAdminTestJSON:tearDownClass): 204 DELETE http://10.180.1.21/identity/v3/users/663127ccbd074c0bbc7166ca4ea969f8 0.242s
2025-11-28 19:20:35.471 66913 INFO tempest.lib.common.rest_client [req-a5184949-d220-41b7-9de6-070b63da7b85 req-a5184949-d220-41b7-9de6-070b63da7b85 ] Request (ServerGroupTestJSON:test_create_server_with_scheduler_hint_group): 200 GET http://10.180.1.21/compute/v2.1/servers/425bc017-a89d-4c30-9134-9af185fde6be 0.346s
2025-11-28 19:20:35.478 66913 INFO tempest.common.waiters [-] State transition "BUILD/scheduling" ==> "BUILD/None" after 3 second wait
2025-11-28 19:20:35.483 66923 INFO tempest.lib.common.rest_client [req-802ee654-55a5-40c5-84e1-70996d78d6d8 req-802ee654-55a5-40c5-84e1-70996d78d6d8 ] Request (QuotaClassesAdminTestJSON:tearDownClass): 204 DELETE http://10.180.1.21/identity/v3/users/fb7edd4e1fd9456dac0d1b9d17720b5c 0.200s
2025-11-28 19:20:35.565 66893 INFO tempest.lib.common.rest_client [req-9fdd0535-9cca-43eb-8184-098a0bf7121c req-9fdd0535-9cca-43eb-8184-098a0bf7121c ] Request (MultipleCreateTestJSON:_run_cleanups): 200 GET http://10.180.1.21/compute/v2.1/servers/17f5b15d-28a1-4e83-9f0f-724df6590a9f 0.410s
2025-11-28 19:20:35.567 66929 INFO tempest.lib.common.rest_client [req-c666727c-f99b-4f86-bd97-7458c667290d req-c666727c-f99b-4f86-bd97-7458c667290d ] Request (ServersTestBootFromVolume:setUpClass): 200 GET http://10.180.1.21/compute/v2.1/servers/fe789256-dabd-4cea-8f10-35d443fd3422 0.440s
2025-11-28 19:20:35.579 66929 INFO tempest.lib.common.ssh [-] Creating ssh connection to '10.180.180.195:22' as 'cirros' with public key authentication
2025-11-28 19:20:35.623 66923 INFO tempest.lib.common.rest_client [req-1bef4491-2f4a-478c-8429-6f38a79e7aaf req-1bef4491-2f4a-478c-8429-6f38a79e7aaf ] Request (QuotaClassesAdminTestJSON:tearDownClass): 204 DELETE http://10.180.1.21/identity/v3/users/0205dcf46fdf4819be6ca8851116fc93 0.139s
2025-11-28 19:20:35.623 66923 INFO tempest.lib.common.dynamic_creds [-] Deleting project and security group for project: 8c7267479d3c4e56be6136be9809652b
2025-11-28 19:20:35.626 66905 WARNING tempest.lib.common.ssh [-] Failed to establish authenticated ssh connection to cirros@10.180.180.201 ([Errno None] Unable to connect to port 22 on 10.180.180.201). Number attempts: 4. Retry after 5 seconds.: paramiko.ssh_exception.NoValidConnectionsError: [Errno None] Unable to connect to port 22 on 10.180.180.201
2025-11-28 19:20:35.638 66917 INFO tempest.lib.common.rest_client [req-ca4dcb67-ecf5-48f1-823b-934dfe9ae2e1 req-ca4dcb67-ecf5-48f1-823b-934dfe9ae2e1 ] Request (FlavorsAdminTestJSON:tearDownClass): 204 DELETE http://10.180.1.21/identity/v3/users/3fdf6e66b9ab4056a20cf29bfefcf7dd 0.177s
2025-11-28 19:20:35.639 66917 INFO tempest.lib.common.dynamic_creds [-] Deleting project and security group for project: a7732f32b56346bdac14ea91e9d4c954
2025-11-28 19:20:35.647 66909 INFO tempest.lib.common.rest_client [req-47cfcf17-c123-47ec-ba17-0a9cb50a2836 req-47cfcf17-c123-47ec-ba17-0a9cb50a2836 ] Request (ServerRescueNegativeTestJSON:test_rescued_vm_detach_volume): 200 GET http://10.180.1.21/compute/v2.1/servers/7f59473e-8053-434a-9208-b7c2e3ec8cb4 0.425s
2025-11-28 19:20:35.699 66907 INFO tempest.lib.common.rest_client [req-ea1316f7-a678-4d83-af13-b3c6b04a1d94 req-ea1316f7-a678-4d83-af13-b3c6b04a1d94 ] Request (InstanceActionsV221TestJSON:test_get_list_deleted_instance_actions): 200 GET http://10.180.1.21/compute/v2.1/servers/ce2e39aa-2e1b-4706-b633-1aef4550a84e 0.508s
2025-11-28 19:20:35.716 66923 INFO tempest.lib.common.rest_client [req-2a4bd6b7-4201-4e6b-a877-ea111f414739 req-2a4bd6b7-4201-4e6b-a877-ea111f414739 ] Request (QuotaClassesAdminTestJSON:tearDownClass): 201 POST http://10.180.1.21/identity/v3/auth/tokens 0.091s
2025-11-28 19:20:35.718 66917 INFO tempest.lib.common.rest_client [req-ee5ec05d-9e5a-4d68-ab66-524138c0a331 req-ee5ec05d-9e5a-4d68-ab66-524138c0a331 ] Request (FlavorsAdminTestJSON:tearDownClass): 201 POST http://10.180.1.21/identity/v3/auth/tokens 0.079s
2025-11-28 19:20:35.748 66919 INFO tempest.lib.common.rest_client [req-7bf9f58c-29eb-4dbe-8d82-a3f97998570f req-7bf9f58c-29eb-4dbe-8d82-a3f97998570f ] Request (ServersListShow298Test:tearDownClass): 200 GET http://10.180.1.21/compute/v2.1/servers/06ffd19d-6696-4b58-b5bb-ca6fbceec182 0.493s
2025-11-28 19:20:35.749 66903 INFO tempest.lib.common.rest_client [req-a76832fb-3a9d-4086-ae85-1ad30202b5c1 req-a76832fb-3a9d-4086-ae85-1ad30202b5c1 ] Request (ListImageFiltersTestJSON:setUpClass): 200 GET http://10.180.1.21/compute/v2.1/images/fcc87ff9-2e6a-43b2-825b-eb15243e2399 0.471s
2025-11-28 19:20:35.761 66919 INFO tempest.common.waiters [-] State transition "ACTIVE/deleting" ==> "DELETED/None" after 3 second wait
2025-11-28 19:20:35.938 66921 INFO tempest.lib.common.rest_client [req-c1587bbc-6642-456e-a88e-dafb6f64d5d7 req-c1587bbc-6642-456e-a88e-dafb6f64d5d7 ] Request (ServersAdminNegativeTestJSON:test_resize_server_using_overlimit_vcpus): 200 GET http://10.180.1.21/compute/v2.1/os-quota-sets/521bbeafb95a45d5924367aa493e319f 0.631s
2025-11-28 19:20:35.945 66917 INFO tempest.lib.common.rest_client [req-26b2d120-cd14-4fe3-9b04-41b6476ddc24 req-26b2d120-cd14-4fe3-9b04-41b6476ddc24 ] Request (FlavorsAdminTestJSON:tearDownClass): 200 GET http://10.180.1.21/networking/v2.0/security-groups?tenant_id=a7732f32b56346bdac14ea91e9d4c954&name=default 0.226s
2025-11-28 19:20:35.945 66923 INFO tempest.lib.common.rest_client [req-db24f2f1-af69-4b27-b0dd-3930d6fb81b5 req-db24f2f1-af69-4b27-b0dd-3930d6fb81b5 ] Request (QuotaClassesAdminTestJSON:tearDownClass): 200 GET http://10.180.1.21/networking/v2.0/security-groups?tenant_id=8c7267479d3c4e56be6136be9809652b&name=default 0.228s
2025-11-28 19:20:35.975 66895 INFO tempest.lib.common.rest_client [req-918cfa84-b6fd-4c41-8138-bc2645c801d7 req-918cfa84-b6fd-4c41-8138-bc2645c801d7 ] Request (ListServerFiltersTestJSON:setUpClass): 200 GET http://10.180.1.21/compute/v2.1/servers/a8d8d9e8-6c9b-4bb6-ab4b-e60b66fd2866 0.646s
2025-11-28 19:20:36.041 66917 INFO tempest.lib.common.rest_client [req-6715161a-ea0a-4958-82c9-79e7c80b182c req-6715161a-ea0a-4958-82c9-79e7c80b182c ] Request (FlavorsAdminTestJSON:tearDownClass): 204 DELETE http://10.180.1.21/networking/v2.0/security-groups/0d8108ec-7160-45cb-994a-2c6ad7c4508f 0.096s
2025-11-28 19:20:36.058 66923 INFO tempest.lib.common.rest_client [req-ea73c90e-3ad9-433b-9535-cea6368f7396 req-ea73c90e-3ad9-433b-9535-cea6368f7396 ] Request (QuotaClassesAdminTestJSON:tearDownClass): 204 DELETE http://10.180.1.21/networking/v2.0/security-groups/38aa9713-a628-47ab-b77b-b26ef28a025a 0.112s
2025-11-28 19:20:36.072 66897 INFO tempest.lib.common.rest_client [req-2af8f4a9-b6b2-48fe-bfa6-b93c225d8c7f req-2af8f4a9-b6b2-48fe-bfa6-b93c225d8c7f ] Request (MigrationsAdminTest:test_resize_server_revert_deleted_flavor): 200 GET http://10.180.1.21/compute/v2.1/servers/7db3ee44-5e8e-4975-937e-025a362be06b 0.732s
2025-11-28 19:20:36.089 66941 INFO tempest.lib.common.rest_client [req-f4b6d9fe-eb01-41fe-9ee5-44815a91f077 req-f4b6d9fe-eb01-41fe-9ee5-44815a91f077 ] Request (VolumesAssistedSnapshotsTest:tearDownClass): 200 GET http://10.180.1.21/compute/v2.1/servers/4bb45dd3-4817-41d1-aed5-13437b511d9e 0.657s
2025-11-28 19:20:36.130 66917 INFO tempest.lib.common.rest_client [req-0e305995-fc69-49e9-bd0f-bb82d62d7ca2 req-0e305995-fc69-49e9-bd0f-bb82d62d7ca2 ] Request (FlavorsAdminTestJSON:tearDownClass): 204 DELETE http://10.180.1.21/identity/v3/projects/a7732f32b56346bdac14ea91e9d4c954 0.088s
2025-11-28 19:20:36.130 66917 INFO tempest.lib.common.dynamic_creds [-] Deleting project and security group for project: 60e2861c666e4413b4997b7f72a3e0d3
2025-11-28 19:20:36.145 66923 INFO tempest.lib.common.rest_client [req-ebe97414-c719-4beb-9bf6-ce97312a1a6a req-ebe97414-c719-4beb-9bf6-ce97312a1a6a ] Request (QuotaClassesAdminTestJSON:tearDownClass): 204 DELETE http://10.180.1.21/identity/v3/projects/8c7267479d3c4e56be6136be9809652b 0.087s
2025-11-28 19:20:36.145 66923 INFO tempest.lib.common.dynamic_creds [-] Deleting project and security group for project: 2bf09d374ba94541bf888cd2de939935
2025-11-28 19:20:36.148 66939 INFO tempest.lib.common.rest_client [req-82f86897-6035-489f-8da9-8fd015d95bdf req-82f86897-6035-489f-8da9-8fd015d95bdf ] Request (AttachInterfacesUnderV243Test:test_add_remove_fixed_ip): 200 GET http://10.180.1.21/compute/v2.1/servers/726bd3ab-4f60-4843-a8d4-b4461657bfc1 0.571s
2025-11-28 19:20:36.150 66901 INFO tempest.lib.common.rest_client [req-43d33882-8670-411d-b39d-693f273098d3 req-43d33882-8670-411d-b39d-693f273098d3 ] Request (ImagesNegativeTestJSON:test_create_image_from_deleted_server): 200 GET http://10.180.1.21/compute/v2.1/servers/ad907a72-1ab1-4193-a43d-b400dc7d007c 0.699s
2025-11-28 19:20:36.201 66931 INFO tempest.lib.common.rest_client [req-8ecde048-598a-4c38-a1ee-90c39565e0e8 req-8ecde048-598a-4c38-a1ee-90c39565e0e8 ] Request (ImagesOneServerTestJSON:test_create_image_specify_multibyte_character_image_name): 200 GET http://10.180.1.21/compute/v2.1/images/ce073d48-d445-4654-a8f6-14876339ee12 0.571s
2025-11-28 19:20:36.288 66917 INFO tempest.lib.common.rest_client [req-9f9e4bdf-acfa-40d0-93b1-6527c086782d req-9f9e4bdf-acfa-40d0-93b1-6527c086782d ] Request (FlavorsAdminTestJSON:tearDownClass): 200 GET http://10.180.1.21/networking/v2.0/security-groups?tenant_id=60e2861c666e4413b4997b7f72a3e0d3&name=default 0.157s
2025-11-28 19:20:36.311 66923 INFO tempest.lib.common.rest_client [req-4ce9ee76-b5a8-4850-bc45-40d718825ce0 req-4ce9ee76-b5a8-4850-bc45-40d718825ce0 ] Request (QuotaClassesAdminTestJSON:tearDownClass): 200 GET http://10.180.1.21/networking/v2.0/security-groups?tenant_id=2bf09d374ba94541bf888cd2de939935&name=default 0.165s
2025-11-28 19:20:36.312 66885 INFO tempest.lib.common.rest_client [req-55ea76e7-8e51-411b-91f7-0afe853671cb req-55ea76e7-8e51-411b-91f7-0afe853671cb ] Request (ServersNegativeTestJSON:setUpClass): 200 GET http://10.180.1.21/compute/v2.1/servers/32516127-0e97-4408-b472-5d8a121b9df8 0.611s
2025-11-28 19:20:36.328 66938 INFO tempest.lib.common.rest_client [req-67218840-9963-4fdb-bd87-633c2115a374 req-67218840-9963-4fdb-bd87-633c2115a374 ] Request (ServersTestMultiNic:_run_cleanups): 200 GET http://10.180.1.21/compute/v2.1/servers/bd18ca36-0244-4ec3-9125-902cd7e78de6 0.517s
2025-11-28 19:20:36.429 66923 INFO tempest.lib.common.rest_client [req-1b9770f8-f788-46d4-88c7-7a3a86f7660c req-1b9770f8-f788-46d4-88c7-7a3a86f7660c ] Request (QuotaClassesAdminTestJSON:tearDownClass): 204 DELETE http://10.180.1.21/networking/v2.0/security-groups/27f4d1a6-fc7d-42c5-af57-8ac55b073712 0.117s
2025-11-28 19:20:36.432 66917 INFO tempest.lib.common.rest_client [req-6668e1f7-c5c8-4f55-8732-cff3615e8b93 req-6668e1f7-c5c8-4f55-8732-cff3615e8b93 ] Request (FlavorsAdminTestJSON:tearDownClass): 204 DELETE http://10.180.1.21/networking/v2.0/security-groups/eb2f5646-4c2f-410e-bb5a-fb8ce1496a4f 0.144s
2025-11-28 19:20:36.465 66943 INFO tempest.lib.common.rest_client [req-0c145cf9-c906-4312-98b4-06898e33640d req-0c145cf9-c906-4312-98b4-06898e33640d ] Request (ServersAaction247Test:test_create_backup): 200 GET http://10.180.1.21/compute/v2.1/servers/3b45f6d9-546a-417a-9334-b38a313d1301 0.582s
2025-11-28 19:20:36.471 66911 INFO tempest.lib.common.rest_client [req-434abac5-4d1d-411f-8bc8-e5b45a6f01de req-434abac5-4d1d-411f-8bc8-e5b45a6f01de ] Request (VolumesAdminNegativeTest:tearDownClass): 200 GET http://10.180.1.21/compute/v2.1/servers/44b8a887-f4aa-46f6-aae9-499532bf8f25 0.638s
2025-11-28 19:20:36.487 66921 INFO tempest.lib.common.rest_client [req-bd30e86d-213c-404f-b31d-7c7ac2865b5a req-bd30e86d-213c-404f-b31d-7c7ac2865b5a ] Request (ServersAdminNegativeTestJSON:test_resize_server_using_overlimit_vcpus): 200 POST http://10.180.1.21/compute/v2.1/flavors 0.546s
2025-11-28 19:20:36.578 66933 INFO tempest.lib.common.rest_client [req-94055e1b-1692-48ca-af32-2d81f235aff8 req-94055e1b-1692-48ca-af32-2d81f235aff8 ] Request (ListServersNegativeTestJSON:tearDownClass): 200 GET http://10.180.1.21/compute/v2.1/servers/116ba8b5-5a7e-4409-80ad-3317c8cef09c 0.522s
2025-11-28 19:20:36.590 66923 INFO tempest.lib.common.rest_client [req-6ba16c4a-cbe0-4bc7-bf1a-2601934250b4 req-6ba16c4a-cbe0-4bc7-bf1a-2601934250b4 ] Request (QuotaClassesAdminTestJSON:tearDownClass): 204 DELETE http://10.180.1.21/identity/v3/projects/2bf09d374ba94541bf888cd2de939935 0.161s
2025-11-28 19:20:36.597 66917 INFO tempest.lib.common.rest_client [req-bb30ccb3-dde6-4d58-a1f8-fb07b973df2c req-bb30ccb3-dde6-4d58-a1f8-fb07b973df2c ] Request (FlavorsAdminTestJSON:tearDownClass): 204 DELETE http://10.180.1.21/identity/v3/projects/60e2861c666e4413b4997b7f72a3e0d3 0.165s
2025-11-28 19:20:36.629 66915 INFO tempest.lib.common.rest_client [req-1d164e63-07f0-4c6e-8ec2-1e1f77f32dc5 req-1d164e63-07f0-4c6e-8ec2-1e1f77f32dc5 ] Request (ServerMetadataTestJSON:setUpClass): 200 GET http://10.180.1.21/compute/v2.1/servers/a2877d82-dc23-4880-b3e6-75a893cfbded 0.536s
2025-11-28 19:20:36.651 66927 INFO tempest.lib.common.rest_client [req-7c6678da-3b2f-4938-8a23-1f390488414d req-7c6678da-3b2f-4938-8a23-1f390488414d ] Request (ImagesOneServerNegativeTestJSON:_run_cleanups): 200 GET http://10.180.1.21/compute/v2.1/servers/e891e061-3801-47f2-ab06-4c9ac41fd2e6 0.476s
2025-11-28 19:20:36.665 66917 INFO tempest.lib.common.rest_client [req-33cf2642-249c-4153-be42-09b25258a207 req-33cf2642-249c-4153-be42-09b25258a207 ] Request (InstanceUsageAuditLogTestJSON:setUpClass): 201 POST http://10.180.1.21/identity/v3/auth/tokens 0.066s
2025-11-28 19:20:36.697 66923 INFO tempest.lib.common.rest_client [req-e4db415c-52d1-42f6-b97c-8a33901e4f13 req-e4db415c-52d1-42f6-b97c-8a33901e4f13 ] Request (InstanceActionsTestJSON:setUpClass): 201 POST http://10.180.1.21/identity/v3/auth/tokens 0.105s
2025-11-28 19:20:36.699 66917 INFO tempest.lib.common.rest_client [req-373172bc-9b19-4e1d-b7e0-92068ccf59a3 req-373172bc-9b19-4e1d-b7e0-92068ccf59a3 ] Request (InstanceUsageAuditLogTestJSON:setUpClass): 201 POST http://10.180.1.21/identity/v3/auth/tokens 0.031s
2025-11-28 19:20:36.732 66899 INFO tempest.lib.common.rest_client [req-131cdad2-2c2b-487e-a0b2-28819f06e9b9 req-131cdad2-2c2b-487e-a0b2-28819f06e9b9 ] Request (FloatingIPsAssociationTestJSON:setUpClass): 200 GET http://10.180.1.21/compute/v2.1/servers/25ab52c3-b62b-43fc-a005-96397bb9bfc3 0.339s
2025-11-28 19:20:36.735 66917 INFO tempest.lib.common.rest_client [req-deee7538-0cda-477d-9f21-871b5084e2b4 req-deee7538-0cda-477d-9f21-871b5084e2b4 ] Request (InstanceUsageAuditLogTestJSON:setUpClass): 200 GET http://10.180.1.21/identity/v3/domains?name=Default 0.035s
2025-11-28 19:20:36.743 66923 INFO tempest.lib.common.rest_client [req-309e60de-881e-4355-aff8-6369f92e7ed7 req-309e60de-881e-4355-aff8-6369f92e7ed7 ] Request (InstanceActionsTestJSON:setUpClass): 201 POST http://10.180.1.21/identity/v3/auth/tokens 0.038s
2025-11-28 19:20:36.774 66923 INFO tempest.lib.common.rest_client [req-e70f17b1-a1e0-41d9-a83c-4017bb761ae9 req-e70f17b1-a1e0-41d9-a83c-4017bb761ae9 ] Request (InstanceActionsTestJSON:setUpClass): 200 GET http://10.180.1.21/identity/v3/domains?name=Default 0.031s
2025-11-28 19:20:36.775 66917 INFO tempest.lib.common.rest_client [req-84137168-b09f-461c-92d4-8e4f5772caa0 req-84137168-b09f-461c-92d4-8e4f5772caa0 ] Request (InstanceUsageAuditLogTestJSON:setUpClass): 201 POST http://10.180.1.21/identity/v3/projects 0.039s
2025-11-28 19:20:36.796 66891 INFO tempest.lib.common.rest_client [req-3a2974dc-2b75-4e37-9a2e-ee10598d51e7 req-3a2974dc-2b75-4e37-9a2e-ee10598d51e7 ] Request (ImagesTestJSON:test_create_image_from_stopped_server): 200 GET http://10.180.1.21/compute/v2.1/servers/2401bf17-bf96-4003-9d5f-1ff8969e31f9 0.360s
2025-11-28 19:20:36.818 66913 INFO tempest.lib.common.rest_client [req-ab4803ea-6816-4f1f-92e7-68bbbb18efd7 req-ab4803ea-6816-4f1f-92e7-68bbbb18efd7 ] Request (ServerGroupTestJSON:test_create_server_with_scheduler_hint_group): 200 GET http://10.180.1.21/compute/v2.1/servers/425bc017-a89d-4c30-9134-9af185fde6be 0.338s
2025-11-28 19:20:36.853 66923 INFO tempest.lib.common.rest_client [req-3015b76c-6bad-49df-862c-fcdb189b1241 req-3015b76c-6bad-49df-862c-fcdb189b1241 ] Request (InstanceActionsTestJSON:setUpClass): 201 POST http://10.180.1.21/identity/v3/projects 0.078s
2025-11-28 19:20:36.861 66917 INFO tempest.lib.common.rest_client [req-66158c0c-074a-429f-a0f6-24a4c74c01d1 req-66158c0c-074a-429f-a0f6-24a4c74c01d1 ] Request (InstanceUsageAuditLogTestJSON:setUpClass): 201 POST http://10.180.1.21/identity/v3/users 0.084s
2025-11-28 19:20:36.890 66893 INFO tempest.lib.common.rest_client [req-a4ca9f12-2f78-40e1-87c2-154b04056338 req-a4ca9f12-2f78-40e1-87c2-154b04056338 ] Request (MultipleCreateTestJSON:_run_cleanups): 200 GET http://10.180.1.21/compute/v2.1/servers/17f5b15d-28a1-4e83-9f0f-724df6590a9f 0.314s
2025-11-28 19:20:36.902 66921 INFO tempest.lib.common.rest_client [req-08609196-adea-49f7-9fa0-91c6706e2ca6 req-08609196-adea-49f7-9fa0-91c6706e2ca6 ] Request (ServersAdminNegativeTestJSON:test_resize_server_using_overlimit_vcpus): 403 POST http://10.180.1.21/compute/v2.1/servers/737833fb-0df2-49c8-a340-be7c986e24af/action 0.411s
2025-11-28 19:20:36.924 66917 INFO tempest.lib.common.rest_client [req-b008b79e-b49c-4d9e-87f2-0cc127e16064 req-b008b79e-b49c-4d9e-87f2-0cc127e16064 ] Request (InstanceUsageAuditLogTestJSON:setUpClass): 200 GET http://10.180.1.21/identity/v3/roles 0.063s
2025-11-28 19:20:36.929 66923 INFO tempest.lib.common.rest_client [req-e90f6552-7c32-44fe-88bf-583b85c06f5e req-e90f6552-7c32-44fe-88bf-583b85c06f5e ] Request (InstanceActionsTestJSON:setUpClass): 201 POST http://10.180.1.21/identity/v3/users 0.076s
2025-11-28 19:20:36.954 66923 INFO tempest.lib.common.rest_client [req-86a9adb1-94be-4a34-aaf3-e23c5b9420f9 req-86a9adb1-94be-4a34-aaf3-e23c5b9420f9 ] Request (InstanceActionsTestJSON:setUpClass): 200 GET http://10.180.1.21/identity/v3/roles 0.024s
2025-11-28 19:20:36.957 66909 INFO tempest.lib.common.rest_client [req-ca8f2c99-6215-450c-b723-c4607902d3f5 req-ca8f2c99-6215-450c-b723-c4607902d3f5 ] Request (ServerRescueNegativeTestJSON:test_rescued_vm_detach_volume): 200 GET http://10.180.1.21/compute/v2.1/servers/7f59473e-8053-434a-9208-b7c2e3ec8cb4 0.295s
2025-11-28 19:20:36.963 66917 INFO tempest.lib.common.rest_client [req-5a53f2d2-8977-457e-a200-415672880593 req-5a53f2d2-8977-457e-a200-415672880593 ] Request (InstanceUsageAuditLogTestJSON:setUpClass): 204 PUT http://10.180.1.21/identity/v3/projects/7e22333648db4ad79e668e6f4966f4a4/users/8ff981feacd54cb9af793112e35d05c1/roles/01c0df71f9de4629a8928d9498acf094 0.039s
2025-11-28 19:20:36.964 66917 INFO tempest.lib.common.dynamic_creds [-] Dynamic test user 8ff981feacd54cb9af793112e35d05c1 is created with scope project and roles: ['member']
2025-11-28 19:20:36.964 66917 INFO tempest.lib.common.dynamic_creds [-] Acquired dynamic creds: credentials: Credentials: {'domain_id': 'default', 'domain_name': 'Default', 'username': 'tempest-InstanceUsageAuditLogTestJSON-611045568-project-member', 'project_domain_id': 'default', 'project_domain_name': 'Default', 'project_id': '7e22333648db4ad79e668e6f4966f4a4', 'project_name': 'tempest-InstanceUsageAuditLogTestJSON-611045568', 'tenant_id': '7e22333648db4ad79e668e6f4966f4a4', 'tenant_name': 'tempest-InstanceUsageAuditLogTestJSON-611045568', 'user_domain_id': 'default', 'user_domain_name': 'Default', 'user_id': '8ff981feacd54cb9af793112e35d05c1', 'system': None}, Network: None, Subnet: None, Router: None
2025-11-28 19:20:36.964 66917 INFO tempest.lib.common.dynamic_creds [-] Created isolated network resources for: credentials: Credentials: {'domain_id': 'default', 'domain_name': 'Default', 'username': 'tempest-InstanceUsageAuditLogTestJSON-611045568-project-member', 'project_domain_id': 'default', 'project_domain_name': 'Default', 'project_id': '7e22333648db4ad79e668e6f4966f4a4', 'project_name': 'tempest-InstanceUsageAuditLogTestJSON-611045568', 'tenant_id': '7e22333648db4ad79e668e6f4966f4a4', 'tenant_name': 'tempest-InstanceUsageAuditLogTestJSON-611045568', 'user_domain_id': 'default', 'user_domain_name': 'Default', 'user_id': '8ff981feacd54cb9af793112e35d05c1', 'system': None}, Network: None, Subnet: None, Router: None
2025-11-28 19:20:36.998 66903 INFO tempest.lib.common.rest_client [req-85581c5a-3a9d-4e26-8e4d-699fadf0b19d req-85581c5a-3a9d-4e26-8e4d-699fadf0b19d ] Request (ListImageFiltersTestJSON:setUpClass): 200 GET http://10.180.1.21/compute/v2.1/images/fcc87ff9-2e6a-43b2-825b-eb15243e2399 0.245s
2025-11-28 19:20:37.037 66923 INFO tempest.lib.common.rest_client [req-25d66eb1-da87-4412-9878-336f93163e80 req-25d66eb1-da87-4412-9878-336f93163e80 ] Request (InstanceActionsTestJSON:setUpClass): 204 PUT http://10.180.1.21/identity/v3/projects/c195e1071f9c4eecbb96e5e8c38d4219/users/bbb209f661a2482cb16cdb8556976eae/roles/01c0df71f9de4629a8928d9498acf094 0.083s
2025-11-28 19:20:37.037 66923 INFO tempest.lib.common.dynamic_creds [-] Dynamic test user bbb209f661a2482cb16cdb8556976eae is created with scope project and roles: ['member']
2025-11-28 19:20:37.038 66923 INFO tempest.lib.common.dynamic_creds [-] Acquired dynamic creds: credentials: Credentials: {'domain_id': 'default', 'domain_name': 'Default', 'username': 'tempest-InstanceActionsTestJSON-1044196125-project-member', 'project_domain_id': 'default', 'project_domain_name': 'Default', 'project_id': 'c195e1071f9c4eecbb96e5e8c38d4219', 'project_name': 'tempest-InstanceActionsTestJSON-1044196125', 'tenant_id': 'c195e1071f9c4eecbb96e5e8c38d4219', 'tenant_name': 'tempest-InstanceActionsTestJSON-1044196125', 'user_domain_id': 'default', 'user_domain_name': 'Default', 'user_id': 'bbb209f661a2482cb16cdb8556976eae', 'system': None}, Network: None, Subnet: None, Router: None
2025-11-28 19:20:37.055 66917 INFO tempest.lib.common.rest_client [req-ea68e0c2-fc28-4857-ba48-a83dc0b23cb9 req-ea68e0c2-fc28-4857-ba48-a83dc0b23cb9 ] Request (InstanceUsageAuditLogTestJSON:setUpClass): 201 POST http://10.180.1.21/identity/v3/auth/tokens 0.088s
2025-11-28 19:20:37.066 66907 INFO tempest.lib.common.rest_client [req-4fed66bd-b15d-4ec9-961d-3689b1b51012 req-4fed66bd-b15d-4ec9-961d-3689b1b51012 ] Request (InstanceActionsV221TestJSON:test_get_list_deleted_instance_actions): 200 GET http://10.180.1.21/compute/v2.1/servers/ce2e39aa-2e1b-4706-b633-1aef4550a84e 0.355s
2025-11-28 19:20:37.087 66919 INFO tempest.lib.common.rest_client [req-98230aa0-8a73-4571-b68e-6347104ffe49 req-98230aa0-8a73-4571-b68e-6347104ffe49 ] Request (ServersListShow298Test:tearDownClass): 200 GET http://10.180.1.21/compute/v2.1/servers/06ffd19d-6696-4b58-b5bb-ca6fbceec182 0.325s
2025-11-28 19:20:37.092 66921 INFO tempest.lib.common.rest_client [req-26f868f2-bb3a-40fb-a0e3-ff20642a6398 req-26f868f2-bb3a-40fb-a0e3-ff20642a6398 ] Request (ServersAdminNegativeTestJSON:_run_cleanups): 202 DELETE http://10.180.1.21/compute/v2.1/flavors/1931118991 0.188s
2025-11-28 19:20:37.130 66923 INFO tempest.lib.common.rest_client [req-b4f6138f-3213-4c69-bfd2-3b227f2f729f req-b4f6138f-3213-4c69-bfd2-3b227f2f729f ] Request (InstanceActionsTestJSON:setUpClass): 201 POST http://10.180.1.21/identity/v3/auth/tokens 0.092s
2025-11-28 19:20:37.141 66917 INFO tempest.lib.common.rest_client [req-52224e3a-fac2-4b4c-b7a6-844e49d5dbb2 req-52224e3a-fac2-4b4c-b7a6-844e49d5dbb2 ] Request (InstanceUsageAuditLogTestJSON:setUpClass): 201 POST http://10.180.1.21/identity/v3/projects 0.085s
2025-11-28 19:20:37.149 66895 INFO tempest.lib.common.rest_client [req-ed72c1df-3da9-4d3e-872c-a42b77bf7254 req-ed72c1df-3da9-4d3e-872c-a42b77bf7254 ] Request (ListServerFiltersTestJSON:setUpClass): 200 GET http://10.180.1.21/compute/v2.1/servers/a8d8d9e8-6c9b-4bb6-ab4b-e60b66fd2866 0.166s
2025-11-28 19:20:37.156 66897 INFO tempest.lib.common.rest_client [req-9c1218e5-e9c3-4597-a3b2-a972fb9a8654 req-9c1218e5-e9c3-4597-a3b2-a972fb9a8654 ] Request (MigrationsAdminTest:test_resize_server_revert_deleted_flavor): 200 GET http://10.180.1.21/compute/v2.1/servers/7db3ee44-5e8e-4975-937e-025a362be06b 0.074s
2025-11-28 19:20:37.172 66921 INFO tempest.lib.common.rest_client [req-ad656107-9fc6-4d95-9c81-c5befabfc151 req-ad656107-9fc6-4d95-9c81-c5befabfc151 ] Request (ServersAdminNegativeTestJSON:_run_cleanups): 200 GET http://10.180.1.21/compute/v2.1/flavors/detail 0.079s
2025-11-28 19:20:37.196 66941 INFO tempest.lib.common.rest_client [req-ecf5f8ce-70df-4f57-9513-7a162321b645 req-ecf5f8ce-70df-4f57-9513-7a162321b645 ] Request (VolumesAssistedSnapshotsTest:tearDownClass): 404 GET http://10.180.1.21/compute/v2.1/servers/4bb45dd3-4817-41d1-aed5-13437b511d9e 0.098s
2025-11-28 19:20:37.229 66917 INFO tempest.lib.common.rest_client [req-69ea98ae-376f-4633-a5f7-320467758fc4 req-69ea98ae-376f-4633-a5f7-320467758fc4 ] Request (InstanceUsageAuditLogTestJSON:setUpClass): 201 POST http://10.180.1.21/identity/v3/users 0.087s
2025-11-28 19:20:37.260 66917 INFO tempest.lib.common.rest_client [req-c0677346-e1dd-4517-963b-002ccd523cfa req-c0677346-e1dd-4517-963b-002ccd523cfa ] Request (InstanceUsageAuditLogTestJSON:setUpClass): 200 GET http://10.180.1.21/identity/v3/roles 0.030s
2025-11-28 19:20:37.312 66917 INFO tempest.lib.common.rest_client [req-495af361-bb11-4d51-95c6-d69899d486e3 req-495af361-bb11-4d51-95c6-d69899d486e3 ] Request (InstanceUsageAuditLogTestJSON:setUpClass): 204 PUT http://10.180.1.21/identity/v3/projects/323b28dbd0e749e59ec6d1322eb73d87/users/a96c4355e2254fb3b7bf1659d8831217/roles/4453499e819f4d1eb1486d97a889c379 0.051s
2025-11-28 19:20:37.317 66939 INFO tempest.lib.common.rest_client [req-703a029f-a3b8-4de2-93b1-7b6db25af300 req-703a029f-a3b8-4de2-93b1-7b6db25af300 ] Request (AttachInterfacesUnderV243Test:test_add_remove_fixed_ip): 200 GET http://10.180.1.21/compute/v2.1/servers/726bd3ab-4f60-4843-a8d4-b4461657bfc1 0.157s
2025-11-28 19:20:37.333 66901 INFO tempest.lib.common.rest_client [req-0e87302c-90c4-4dfe-9d00-2a0b8016b2ec req-0e87302c-90c4-4dfe-9d00-2a0b8016b2ec ] Request (ImagesNegativeTestJSON:test_create_image_from_deleted_server): 200 GET http://10.180.1.21/compute/v2.1/servers/ad907a72-1ab1-4193-a43d-b400dc7d007c 0.174s
2025-11-28 19:20:37.354 66941 INFO tempest.lib.common.rest_client [req-d6c8931c-11ab-4555-a2bd-eb781234b0bf req-d6c8931c-11ab-4555-a2bd-eb781234b0bf ] Request (VolumesAssistedSnapshotsTest:tearDownClass): 202 DELETE http://10.180.1.21/compute/v2.1/os-keypairs/tempest-keypair-325246176 0.158s
2025-11-28 19:20:37.379 66921 INFO tempest.lib.common.rest_client [req-074bee9f-e1c0-4659-8da6-be27d3fe4ef2 req-074bee9f-e1c0-4659-8da6-be27d3fe4ef2 ] Request (ServersAdminNegativeTestJSON:test_restore_server_invalid_state): 409 POST http://10.180.1.21/compute/v2.1/servers/737833fb-0df2-49c8-a340-be7c986e24af/action 0.196s
2025-11-28 19:20:37.405 66931 INFO tempest.lib.common.rest_client [req-ba9f2046-f442-42df-891c-ccc370dbe0a7 req-ba9f2046-f442-42df-891c-ccc370dbe0a7 ] Request (ImagesOneServerTestJSON:test_create_image_specify_multibyte_character_image_name): 200 GET http://10.180.1.21/compute/v2.1/images/ce073d48-d445-4654-a8f6-14876339ee12 0.196s
2025-11-28 19:20:37.417 66917 INFO tempest.lib.common.rest_client [req-96a515ea-eb7b-4ba1-a608-bafb56262f13 req-96a515ea-eb7b-4ba1-a608-bafb56262f13 ] Request (InstanceUsageAuditLogTestJSON:setUpClass): 200 GET http://10.180.1.21/identity/v3/roles 0.104s
2025-11-28 19:20:37.436 66917 INFO tempest.lib.common.rest_client [req-7406f44b-7804-4920-b3ae-db9b163aa467 req-7406f44b-7804-4920-b3ae-db9b163aa467 ] Request (InstanceUsageAuditLogTestJSON:setUpClass): 204 PUT http://10.180.1.21/identity/v3/projects/323b28dbd0e749e59ec6d1322eb73d87/users/a96c4355e2254fb3b7bf1659d8831217/roles/4453499e819f4d1eb1486d97a889c379 0.019s
2025-11-28 19:20:37.436 66917 INFO tempest.lib.common.dynamic_creds [-] Dynamic test user a96c4355e2254fb3b7bf1659d8831217 is created with scope project and roles: ['admin']
2025-11-28 19:20:37.436 66917 INFO tempest.lib.common.dynamic_creds [-] Acquired dynamic creds: credentials: Credentials: {'domain_id': 'default', 'domain_name': 'Default', 'username': 'tempest-InstanceUsageAuditLogTestJSON-912783294-project-admin', 'project_domain_id': 'default', 'project_domain_name': 'Default', 'project_id': '323b28dbd0e749e59ec6d1322eb73d87', 'project_name': 'tempest-InstanceUsageAuditLogTestJSON-912783294', 'tenant_id': '323b28dbd0e749e59ec6d1322eb73d87', 'tenant_name': 'tempest-InstanceUsageAuditLogTestJSON-912783294', 'user_domain_id': 'default', 'user_domain_name': 'Default', 'user_id': 'a96c4355e2254fb3b7bf1659d8831217', 'system': None}, Network: None, Subnet: None, Router: None
2025-11-28 19:20:37.437 66917 INFO tempest.lib.common.dynamic_creds [-] Created isolated network resources for: credentials: Credentials: {'domain_id': 'default', 'domain_name': 'Default', 'username': 'tempest-InstanceUsageAuditLogTestJSON-912783294-project-admin', 'project_domain_id': 'default', 'project_domain_name': 'Default', 'project_id': '323b28dbd0e749e59ec6d1322eb73d87', 'project_name': 'tempest-InstanceUsageAuditLogTestJSON-912783294', 'tenant_id': '323b28dbd0e749e59ec6d1322eb73d87', 'tenant_name': 'tempest-InstanceUsageAuditLogTestJSON-912783294', 'user_domain_id': 'default', 'user_domain_name': 'Default', 'user_id': 'a96c4355e2254fb3b7bf1659d8831217', 'system': None}, Network: None, Subnet: None, Router: None
2025-11-28 19:20:37.500 66923 INFO tempest.lib.common.rest_client [req-d885a124-f049-4ed7-b91d-92bdb2a53ee2 req-d885a124-f049-4ed7-b91d-92bdb2a53ee2 ] Request (InstanceActionsTestJSON:setUpClass): 201 POST http://10.180.1.21/networking/v2.0/networks 0.369s
2025-11-28 19:20:37.519 66941 INFO tempest.lib.common.rest_client [req-93a2f61a-f819-4903-9acb-fd9d84d8a74d req-93a2f61a-f819-4903-9acb-fd9d84d8a74d ] Request (VolumesAssistedSnapshotsTest:tearDownClass): 204 DELETE http://10.180.1.21/networking/v2.0/security-groups/facac47b-64fc-4659-9f54-1cb6066b4b88 0.164s
2025-11-28 19:20:37.537 66917 INFO tempest.lib.common.rest_client [req-12b868ad-4aa6-4083-9bcb-e3b441d24128 req-12b868ad-4aa6-4083-9bcb-e3b441d24128 ] Request (InstanceUsageAuditLogTestJSON:setUpClass): 201 POST http://10.180.1.21/identity/v3/auth/tokens 0.098s
2025-11-28 19:20:37.578 66941 INFO tempest.lib.common.rest_client [req-08dc7d0a-910f-4f7c-b674-aaa9e4d7c240 req-08dc7d0a-910f-4f7c-b674-aaa9e4d7c240 ] Request (VolumesAssistedSnapshotsTest:tearDownClass): 404 GET http://10.180.1.21/networking/v2.0/security-groups/facac47b-64fc-4659-9f54-1cb6066b4b88 0.058s
2025-11-28 19:20:37.581 66885 INFO tempest.lib.common.rest_client [req-3af0f582-b501-4812-a287-6997b2817018 req-3af0f582-b501-4812-a287-6997b2817018 ] Request (ServersNegativeTestJSON:setUpClass): 200 GET http://10.180.1.21/compute/v2.1/servers/32516127-0e97-4408-b472-5d8a121b9df8 0.258s
2025-11-28 19:20:37.667 66881 INFO tempest.lib.common.rest_client [req-024c8289-9729-4d30-9ebf-a78f072c97dd req-024c8289-9729-4d30-9ebf-a78f072c97dd ] Request (AbsoluteLimitsNegativeTestJSON:test_max_metadata_exceed_limit): 200 GET http://10.180.1.21/compute/v2.1/limits 0.426s
2025-11-28 19:20:37.705 66881 INFO tempest.lib.common.rest_client [req-2228bed8-9c5a-4636-94ed-6d6980bc441a req-2228bed8-9c5a-4636-94ed-6d6980bc441a ] Request (AbsoluteLimitsNegativeTestJSON:test_max_metadata_exceed_limit): 201 POST http://10.180.1.21/identity/v3/auth/tokens 0.029s
2025-11-28 19:20:37.705 66881 INFO tempest.lib.common.fixed_network [-] (AbsoluteLimitsNegativeTestJSON:test_max_metadata_exceed_limit) Found network None available for tenant
2025-11-28 19:20:37.789 66923 INFO tempest.lib.common.rest_client [req-0696966d-bf16-476b-a33f-eb67e0bb6bd6 req-0696966d-bf16-476b-a33f-eb67e0bb6bd6 ] Request (InstanceActionsTestJSON:setUpClass): 201 POST http://10.180.1.21/networking/v2.0/subnets 0.288s
2025-11-28 19:20:37.799 66921 INFO tempest.lib.common.rest_client [req-e0aeba40-f53b-40dc-b74f-ef6bae806f98 req-e0aeba40-f53b-40dc-b74f-ef6bae806f98 ] Request (ServersAdminNegativeTestJSON:tearDownClass): 204 DELETE http://10.180.1.21/compute/v2.1/servers/94952dc2-b3f6-42c2-8b35-9135486fe545 0.417s
