2025-11-28 19:20:47.465 66941 INFO tempest.lib.common.rest_client [req-7b9741a7-9f97-43fc-9e3b-a54ce615d8bd req-7b9741a7-9f97-43fc-9e3b-a54ce615d8bd ] Request (FlavorsAccessTestJSON:setUpClass): 201 POST http://10.180.1.21/identity/v3/auth/tokens 0.076s
2025-11-28 19:20:47.501 66941 INFO tempest.lib.common.rest_client [req-bd8f7e6c-527a-409d-8a05-6ca5f55ab92f req-bd8f7e6c-527a-409d-8a05-6ca5f55ab92f ] Request (FlavorsAccessTestJSON:setUpClass): 201 POST http://10.180.1.21/identity/v3/auth/tokens 0.033s
2025-11-28 19:20:47.538 66941 INFO tempest.lib.common.rest_client [req-279e02ff-5140-4194-9925-9147300a9d9d req-279e02ff-5140-4194-9925-9147300a9d9d ] Request (FlavorsAccessTestJSON:setUpClass): 200 GET http://10.180.1.21/identity/v3/domains?name=Default 0.036s
2025-11-28 19:20:47.583 66941 INFO tempest.lib.common.rest_client [req-ec85be2a-5dec-4302-8e29-67db41261fde req-ec85be2a-5dec-4302-8e29-67db41261fde ] Request (FlavorsAccessTestJSON:setUpClass): 201 POST http://10.180.1.21/identity/v3/projects 0.045s
2025-11-28 19:20:47.647 66941 INFO tempest.lib.common.rest_client [req-104d90d0-f8cc-4cbb-b2cb-15d0c759f86b req-104d90d0-f8cc-4cbb-b2cb-15d0c759f86b ] Request (FlavorsAccessTestJSON:setUpClass): 201 POST http://10.180.1.21/identity/v3/users 0.063s
2025-11-28 19:20:47.648 66905 INFO paramiko.transport [-] Connected (version 2.0, client dropbear_2020.81)
2025-11-28 19:20:47.669 66941 INFO tempest.lib.common.rest_client [req-c1b71d8f-1348-4591-9d4e-aa4515cb5b10 req-c1b71d8f-1348-4591-9d4e-aa4515cb5b10 ] Request (FlavorsAccessTestJSON:setUpClass): 200 GET http://10.180.1.21/identity/v3/roles 0.021s
2025-11-28 19:20:47.701 66941 INFO tempest.lib.common.rest_client [req-0f3afbfa-319f-497f-8b32-8d9ca4763f05 req-0f3afbfa-319f-497f-8b32-8d9ca4763f05 ] Request (FlavorsAccessTestJSON:setUpClass): 204 PUT http://10.180.1.21/identity/v3/projects/be88219371874cf5acb74c344546a51a/users/27afc4b9fa9a475989bd6a55364dc144/roles/01c0df71f9de4629a8928d9498acf094 0.032s
2025-11-28 19:20:47.701 66941 INFO tempest.lib.common.dynamic_creds [-] Dynamic test user 27afc4b9fa9a475989bd6a55364dc144 is created with scope project and roles: ['member']
2025-11-28 19:20:47.701 66941 INFO tempest.lib.common.dynamic_creds [-] Acquired dynamic creds: credentials: Credentials: {'domain_id': 'default', 'domain_name': 'Default', 'username': 'tempest-FlavorsAccessTestJSON-1120749151-project-member', 'project_domain_id': 'default', 'project_domain_name': 'Default', 'project_id': 'be88219371874cf5acb74c344546a51a', 'project_name': 'tempest-FlavorsAccessTestJSON-1120749151', 'tenant_id': 'be88219371874cf5acb74c344546a51a', 'tenant_name': 'tempest-FlavorsAccessTestJSON-1120749151', 'user_domain_id': 'default', 'user_domain_name': 'Default', 'user_id': '27afc4b9fa9a475989bd6a55364dc144', 'system': None}, Network: None, Subnet: None, Router: None
2025-11-28 19:20:47.702 66941 INFO tempest.lib.common.dynamic_creds [-] Created isolated network resources for: credentials: Credentials: {'domain_id': 'default', 'domain_name': 'Default', 'username': 'tempest-FlavorsAccessTestJSON-1120749151-project-member', 'project_domain_id': 'default', 'project_domain_name': 'Default', 'project_id': 'be88219371874cf5acb74c344546a51a', 'project_name': 'tempest-FlavorsAccessTestJSON-1120749151', 'tenant_id': 'be88219371874cf5acb74c344546a51a', 'tenant_name': 'tempest-FlavorsAccessTestJSON-1120749151', 'user_domain_id': 'default', 'user_domain_name': 'Default', 'user_id': '27afc4b9fa9a475989bd6a55364dc144', 'system': None}, Network: None, Subnet: None, Router: None
2025-11-28 19:20:47.711 66905 INFO paramiko.transport [-] Authentication (publickey) successful!
2025-11-28 19:20:47.711 66905 INFO tempest.lib.common.ssh [-] ssh connection to cirros@10.180.180.201 successfully created
2025-11-28 19:20:47.780 66941 INFO tempest.lib.common.rest_client [req-3317de25-4392-4c67-8ccf-d2aa3c9b12f8 req-3317de25-4392-4c67-8ccf-d2aa3c9b12f8 ] Request (FlavorsAccessTestJSON:setUpClass): 201 POST http://10.180.1.21/identity/v3/auth/tokens 0.075s
2025-11-28 19:20:47.847 66941 INFO tempest.lib.common.rest_client [req-f55c6678-82d6-47cf-88c7-b4411a3ceda5 req-f55c6678-82d6-47cf-88c7-b4411a3ceda5 ] Request (FlavorsAccessTestJSON:setUpClass): 201 POST http://10.180.1.21/identity/v3/projects 0.067s
2025-11-28 19:20:47.926 66941 INFO tempest.lib.common.rest_client [req-1f492d06-1e64-43fc-8679-56b0b2a82a9b req-1f492d06-1e64-43fc-8679-56b0b2a82a9b ] Request (FlavorsAccessTestJSON:setUpClass): 201 POST http://10.180.1.21/identity/v3/users 0.077s
2025-11-28 19:20:47.954 66941 INFO tempest.lib.common.rest_client [req-ba720f95-da18-4422-810f-389145abb558 req-ba720f95-da18-4422-810f-389145abb558 ] Request (FlavorsAccessTestJSON:setUpClass): 200 GET http://10.180.1.21/identity/v3/roles 0.028s
2025-11-28 19:20:47.984 66941 INFO tempest.lib.common.rest_client [req-e79c9c89-1a05-4628-8a21-84685dd89c3b req-e79c9c89-1a05-4628-8a21-84685dd89c3b ] Request (FlavorsAccessTestJSON:setUpClass): 204 PUT http://10.180.1.21/identity/v3/projects/0bc70d9a63fb4dcdbd14ef59dd22e145/users/616f891f921c4b4292d250c8bc0b0eea/roles/4453499e819f4d1eb1486d97a889c379 0.030s
2025-11-28 19:20:48.049 66941 INFO tempest.lib.common.rest_client [req-c822be82-72c8-42b4-ab3d-4fe382dbacc7 req-c822be82-72c8-42b4-ab3d-4fe382dbacc7 ] Request (FlavorsAccessTestJSON:setUpClass): 200 GET http://10.180.1.21/identity/v3/roles 0.064s
2025-11-28 19:20:48.078 66941 INFO tempest.lib.common.rest_client [req-2f227840-aa68-46c7-ad9f-5981a15acf04 req-2f227840-aa68-46c7-ad9f-5981a15acf04 ] Request (FlavorsAccessTestJSON:setUpClass): 204 PUT http://10.180.1.21/identity/v3/projects/0bc70d9a63fb4dcdbd14ef59dd22e145/users/616f891f921c4b4292d250c8bc0b0eea/roles/4453499e819f4d1eb1486d97a889c379 0.028s
2025-11-28 19:20:48.078 66941 INFO tempest.lib.common.dynamic_creds [-] Dynamic test user 616f891f921c4b4292d250c8bc0b0eea is created with scope project and roles: ['admin']
2025-11-28 19:20:48.078 66941 INFO tempest.lib.common.dynamic_creds [-] Acquired dynamic creds: credentials: Credentials: {'domain_id': 'default', 'domain_name': 'Default', 'username': 'tempest-FlavorsAccessTestJSON-1028328958-project-admin', 'project_domain_id': 'default', 'project_domain_name': 'Default', 'project_id': '0bc70d9a63fb4dcdbd14ef59dd22e145', 'project_name': 'tempest-FlavorsAccessTestJSON-1028328958', 'tenant_id': '0bc70d9a63fb4dcdbd14ef59dd22e145', 'tenant_name': 'tempest-FlavorsAccessTestJSON-1028328958', 'user_domain_id': 'default', 'user_domain_name': 'Default', 'user_id': '616f891f921c4b4292d250c8bc0b0eea', 'system': None}, Network: None, Subnet: None, Router: None
2025-11-28 19:20:48.079 66941 INFO tempest.lib.common.dynamic_creds [-] Created isolated network resources for: credentials: Credentials: {'domain_id': 'default', 'domain_name': 'Default', 'username': 'tempest-FlavorsAccessTestJSON-1028328958-project-admin', 'project_domain_id': 'default', 'project_domain_name': 'Default', 'project_id': '0bc70d9a63fb4dcdbd14ef59dd22e145', 'project_name': 'tempest-FlavorsAccessTestJSON-1028328958', 'tenant_id': '0bc70d9a63fb4dcdbd14ef59dd22e145', 'tenant_name': 'tempest-FlavorsAccessTestJSON-1028328958', 'user_domain_id': 'default', 'user_domain_name': 'Default', 'user_id': '616f891f921c4b4292d250c8bc0b0eea', 'system': None}, Network: None, Subnet: None, Router: None
2025-11-28 19:20:48.155 66933 INFO tempest.lib.common.rest_client [req-1d440cc3-bdf4-49d6-9072-0b4daa4c80f4 req-1d440cc3-bdf4-49d6-9072-0b4daa4c80f4 ] Request (ListServersNegativeTestJSON:tearDownClass): 200 PUT http://10.180.1.21/networking/v2.0/routers/2f38013b-ed15-403c-9239-7e9b2f794166/remove_router_interface 0.858s
2025-11-28 19:20:48.173 66941 INFO tempest.lib.common.rest_client [req-38939af0-77df-4e1a-9df5-a62e93aedbf6 req-38939af0-77df-4e1a-9df5-a62e93aedbf6 ] Request (FlavorsAccessTestJSON:setUpClass): 201 POST http://10.180.1.21/identity/v3/auth/tokens 0.090s
2025-11-28 19:20:48.174 66941 WARNING tempest.lib.common.rest_client [-] Deprecated: "tenant_id" property is deprecated for removal, use "project_id" instead
2025-11-28 19:20:48.230 66917 INFO tempest.lib.common.rest_client [req-46cdc1a1-9aa7-4d11-aed9-e6ab570b1222 req-46cdc1a1-9aa7-4d11-aed9-e6ab570b1222 ] Request (ServersV294TestFqdnHostnames:setUpClass): 200 PUT http://10.180.1.21/networking/v2.0/routers/97e444a5-b8e2-41ec-9d78-9fa7e7b98b95/add_router_interface 1.129s
2025-11-28 19:20:48.230 66917 INFO tempest.lib.common.dynamic_creds [-] Created isolated network resources for: credentials: Credentials: {'domain_id': 'default', 'domain_name': 'Default', 'username': 'tempest-ServersV294TestFqdnHostnames-1610063464-project-member', 'project_domain_id': 'default', 'project_domain_name': 'Default', 'project_id': 'e39ed553df8e43aa866ac005d79c1166', 'project_name': 'tempest-ServersV294TestFqdnHostnames-1610063464', 'tenant_id': 'e39ed553df8e43aa866ac005d79c1166', 'tenant_name': 'tempest-ServersV294TestFqdnHostnames-1610063464', 'user_domain_id': 'default', 'user_domain_name': 'Default', 'user_id': 'ba35cb8fa82a4ff18b854c4c7b7a02c3', 'system': None}, Network: {'id': 'ca7e7df6-31a1-4f44-af0d-d0321da649d8', 'name': 'tempest-ServersV294TestFqdnHostnames-935948162-network', 'tenant_id': 'e39ed553df8e43aa866ac005d79c1166', 'project_id': 'e39ed553df8e43aa866ac005d79c1166', 'admin_state_up': True, 'mtu': 8950, 'status': 'ACTIVE', 'subnets': [], 'shared': False, 'port_security_enabled': True, 'router:external': False, 'provider:network_type': 'vlan', 'provider:physical_network': 'default', 'provider:segmentation_id': 463, 'availability_zone_hints': [], 'availability_zones': [], 'ipv4_address_scope': None, 'ipv6_address_scope': None, 'description': '', 'tags': [], 'created_at': '2025-11-28T19:20:45Z', 'updated_at': '2025-11-28T19:20:45Z', 'revision_number': 1}, Subnet: {'id': 'd39a373c-760a-428b-bb15-b34889fa2306', 'name': 'tempest-ServersV294TestFqdnHostnames-935948162-subnet', 'tenant_id': 'e39ed553df8e43aa866ac005d79c1166', 'network_id': 'ca7e7df6-31a1-4f44-af0d-d0321da649d8', 'ip_version': 4, 'subnetpool_id': None, 'enable_dhcp': True, 'ipv6_ra_mode': None, 'ipv6_address_mode': None, 'gateway_ip': '192.168.128.1', 'cidr': '192.168.128.0/28', 'allocation_pools': [{'start': '192.168.128.2', 'end': '192.168.128.14'}], 'host_routes': [], 'dns_nameservers': [], 'description': '', 'router:external': False, 'service_types': [], 'tags': [], 'created_at': '2025-11-28T19:20:45Z', 'updated_at': '2025-11-28T19:20:45Z', 'revision_number': 0, 'project_id': 'e39ed553df8e43aa866ac005d79c1166'}, Router: {'id': '97e444a5-b8e2-41ec-9d78-9fa7e7b98b95', 'name': 'tempest-ServersV294TestFqdnHostnames-935948162-router', 'tenant_id': 'e39ed553df8e43aa866ac005d79c1166', 'admin_state_up': True, 'status': 'ACTIVE', 'external_gateway_info': {'network_id': 'cb2d7a56-9a0b-44fa-bb87-96c2cf8b434e', 'external_fixed_ips': [{'subnet_id': '5a9e1e9d-5d08-4012-b04e-2e9e1af21d79', 'ip_address': '10.180.180.144'}], 'enable_snat': True}, 'description': '', 'availability_zones': [], 'distributed': False, 'ha': False, 'availability_zone_hints': [], 'routes': [], 'flavor_id': None, 'tags': [], 'created_at': '2025-11-28T19:20:46Z', 'updated_at': '2025-11-28T19:20:46Z', 'revision_number': 2, 'project_id': 'e39ed553df8e43aa866ac005d79c1166'}
2025-11-28 19:20:48.258 66899 INFO tempest.lib.common.rest_client [req-1c9d5713-dac3-45c1-9d3d-95ceda70037a req-1c9d5713-dac3-45c1-9d3d-95ceda70037a ] Request (FloatingIPsAssociationTestJSON:setUpClass): 200 GET http://10.180.1.21/compute/v2.1/servers/25ab52c3-b62b-43fc-a005-96397bb9bfc3 4.084s
2025-11-28 19:20:48.258 66925 INFO tempest.lib.common.rest_client [req-3100ae1d-bd48-491a-bd70-1fda9602ce25 req-3100ae1d-bd48-491a-bd70-1fda9602ce25 ] Request (AttachInterfacesTestJSON:test_create_list_show_delete_interfaces_by_fixed_ip): 200 GET http://10.180.1.21/compute/v2.1/servers/d6b58037-e404-4e54-99e3-29491661a2ea/os-interface 3.995s
2025-11-28 19:20:48.351 66917 INFO tempest.lib.common.rest_client [req-efa426f0-6574-43ab-a91a-fd838df8e278 req-efa426f0-6574-43ab-a91a-fd838df8e278 ] Request (ServersV294TestFqdnHostnames:setUpClass): 201 POST http://10.180.1.21/identity/v3/auth/tokens 0.117s
2025-11-28 19:20:48.668 66933 INFO tempest.lib.common.rest_client [req-a7a95253-1b66-4828-8a7a-10dbd2d59504 req-a7a95253-1b66-4828-8a7a-10dbd2d59504 ] Request (ListServersNegativeTestJSON:tearDownClass): 204 DELETE http://10.180.1.21/networking/v2.0/routers/2f38013b-ed15-403c-9239-7e9b2f794166 0.513s
2025-11-28 19:20:48.688 66911 INFO tempest.lib.common.rest_client [req-aa89f456-06d3-42f1-9737-adbc16eab9d2 req-aa89f456-06d3-42f1-9737-adbc16eab9d2 ] Request (VolumesAdminNegativeTest:tearDownClass): 204 DELETE http://10.180.1.21/networking/v2.0/routers/0cf0fd3f-faf0-4e0c-b5ed-586365a4dc3e 1.222s
2025-11-28 19:20:48.716 66923 INFO tempest.lib.common.rest_client [req-f14d47b0-036d-4031-91f5-7956d1f6d883 req-f14d47b0-036d-4031-91f5-7956d1f6d883 ] Request (InstanceActionsTestJSON:setUpClass): 200 GET http://10.180.1.21/compute/v2.1/servers/7394ce0c-d269-453b-87f1-7b904fcaa881 3.554s
2025-11-28 19:20:48.717 66921 INFO tempest.lib.common.rest_client [req-0e2373bb-a06f-4f10-a3f9-eba7036038ec req-0e2373bb-a06f-4f10-a3f9-eba7036038ec ] Request (ServersAdminNegativeTestJSON:tearDownClass): 200 GET http://10.180.1.21/compute/v2.1/servers/94952dc2-b3f6-42c2-8b35-9135486fe545 4.159s
2025-11-28 19:20:48.763 66915 INFO tempest.lib.common.rest_client [req-34841e03-0377-448d-9e68-e12a1c5cc585 req-34841e03-0377-448d-9e68-e12a1c5cc585 ] Request (ServerMetadataTestJSON:test_delete_server_metadata_item): 200 GET http://10.180.1.21/compute/v2.1/servers/a2877d82-dc23-4880-b3e6-75a893cfbded/metadata 3.120s
2025-11-28 19:20:48.831 66893 INFO tempest.lib.common.rest_client [req-04a68d61-2fee-417c-9960-96150d064ada req-04a68d61-2fee-417c-9960-96150d064ada ] Request (MultipleCreateTestJSON:test_multiple_create_with_reservation_return): 200 GET http://10.180.1.21/compute/v2.1/servers 3.186s
2025-11-28 19:20:48.846 66933 INFO tempest.lib.common.rest_client [req-bc00cf35-feba-456f-8fc7-4d3d3ab2f52c req-bc00cf35-feba-456f-8fc7-4d3d3ab2f52c ] Request (ListServersNegativeTestJSON:tearDownClass): 204 DELETE http://10.180.1.21/networking/v2.0/subnets/b50992bb-6cba-4bd9-aa58-14fc8e7e813e 0.177s
2025-11-28 19:20:48.864 66911 INFO tempest.lib.common.rest_client [req-134fa05c-2ff2-44e6-80ca-30cd6e913a63 req-134fa05c-2ff2-44e6-80ca-30cd6e913a63 ] Request (VolumesAdminNegativeTest:tearDownClass): 204 DELETE http://10.180.1.21/networking/v2.0/subnets/da35b337-7e3a-47cc-a9ad-c85056180747 0.175s
2025-11-28 19:20:49.033 66881 INFO tempest.lib.common.rest_client [req-e53aa646-ee72-4e70-82ab-dd7b34953a2b req-e53aa646-ee72-4e70-82ab-dd7b34953a2b ] Request (ServerGroup264TestJSON:test_create_get_server_group): 200 POST http://10.180.1.21/compute/v2.1/os-server-groups 2.918s
2025-11-28 19:20:49.119 66891 INFO tempest.lib.common.rest_client [req-254f1998-955e-443d-a41f-30fbfa3f4d4f req-254f1998-955e-443d-a41f-30fbfa3f4d4f ] Request (ImagesTestJSON:test_create_image_from_stopped_server): 202 POST http://10.180.1.21/compute/v2.1/servers/2401bf17-bf96-4003-9d5f-1ff8969e31f9/action 2.945s
2025-11-28 19:20:49.175 66933 INFO tempest.lib.common.rest_client [req-ed250529-7a79-45d1-a05e-ec873ca532d1 req-ed250529-7a79-45d1-a05e-ec873ca532d1 ] Request (ListServersNegativeTestJSON:tearDownClass): 204 DELETE http://10.180.1.21/networking/v2.0/networks/0336b618-306d-4487-88d4-a6ae4ed0d086 0.329s
2025-11-28 19:20:49.177 66911 INFO tempest.lib.common.rest_client [req-f03f9cdd-93f5-49cf-a64e-9ba084b75d43 req-f03f9cdd-93f5-49cf-a64e-9ba084b75d43 ] Request (VolumesAdminNegativeTest:tearDownClass): 204 DELETE http://10.180.1.21/networking/v2.0/networks/9d30fd5b-b14a-4029-9b3c-5de7f60e0e9a 0.313s
2025-11-28 19:20:49.238 66931 INFO tempest.lib.common.rest_client [req-d29992e6-8f9b-452c-988b-fd0ca9a08202 req-d29992e6-8f9b-452c-988b-fd0ca9a08202 ] Request (ImagesOneServerTestJSON:test_create_image_specify_multibyte_character_image_name): 200 GET http://10.180.1.21/compute/v2.1/servers/fa859be7-1979-4bdf-8e8d-d7931157b38e 3.638s
2025-11-28 19:20:49.251 66913 INFO tempest.lib.common.rest_client [req-cab5d6c9-08e2-4a8f-94fa-fe3facd7f674 req-cab5d6c9-08e2-4a8f-94fa-fe3facd7f674 ] Request (ServerGroupTestJSON:test_create_server_with_scheduler_hint_group): 200 GET http://10.180.1.21/compute/v2.1/servers/425bc017-a89d-4c30-9134-9af185fde6be 2.687s
2025-11-28 19:20:49.301 66903 INFO tempest.lib.common.rest_client [req-e645b95a-985a-4b97-bf1e-9e64666f18ac req-e645b95a-985a-4b97-bf1e-9e64666f18ac ] Request (ListImageFiltersTestJSON:setUpClass): 200 GET http://10.180.1.21/compute/v2.1/images/fcc87ff9-2e6a-43b2-825b-eb15243e2399 2.181s
2025-11-28 19:20:49.373 66929 WARNING tempest.lib.common.ssh [-] Failed to establish authenticated ssh connection to cirros@10.180.180.195 ([Errno None] Unable to connect to port 22 on 10.180.180.195). Number attempts: 3. Retry after 4 seconds.: paramiko.ssh_exception.NoValidConnectionsError: [Errno None] Unable to connect to port 22 on 10.180.180.195
2025-11-28 19:20:49.418 66933 INFO tempest.lib.common.rest_client [req-a4314495-7722-409d-86d7-f7e3fc94a98e req-a4314495-7722-409d-86d7-f7e3fc94a98e ] Request (ListServersNegativeTestJSON:tearDownClass): 204 DELETE http://10.180.1.21/identity/v3/users/321fd89928c944a88d9a32c765c48a30 0.242s
2025-11-28 19:20:49.418 66933 INFO tempest.lib.common.dynamic_creds [-] Deleting project and security group for project: 7b48b067f55a44fd9ebb7e2b32242fcb
2025-11-28 19:20:49.523 66887 WARNING tempest.lib.common.ssh [-] Failed to establish authenticated ssh connection to cirros@10.180.180.177 ([Errno None] Unable to connect to port 22 on 10.180.180.177). Number attempts: 4. Retry after 5 seconds.: paramiko.ssh_exception.NoValidConnectionsError: [Errno None] Unable to connect to port 22 on 10.180.180.177
2025-11-28 19:20:49.696 66909 INFO tempest.lib.common.rest_client [req-cb1ceb25-1b4e-4b7c-ab64-e164a6ffb3b5 req-cb1ceb25-1b4e-4b7c-ab64-e164a6ffb3b5 ] Request (ServerRescueNegativeTestJSON:test_rescued_vm_detach_volume): 200 GET http://10.180.1.21/compute/v2.1/servers/7f59473e-8053-434a-9208-b7c2e3ec8cb4 2.608s
2025-11-28 19:20:49.712 66907 INFO tempest.lib.common.rest_client [req-bc4b88a2-4ca9-45c0-9b8c-33d401a2cc4d req-bc4b88a2-4ca9-45c0-9b8c-33d401a2cc4d ] Request (InstanceActionsV221TestJSON:test_get_list_deleted_instance_actions): 200 GET http://10.180.1.21/compute/v2.1/servers/ce2e39aa-2e1b-4706-b633-1aef4550a84e 2.480s
2025-11-28 19:20:49.722 66933 INFO tempest.lib.common.rest_client [req-18e31e43-9eea-49c6-9cb9-f75acabd0864 req-18e31e43-9eea-49c6-9cb9-f75acabd0864 ] Request (ListServersNegativeTestJSON:tearDownClass): 200 GET http://10.180.1.21/networking/v2.0/security-groups?tenant_id=7b48b067f55a44fd9ebb7e2b32242fcb&name=default 0.304s
2025-11-28 19:20:50.061 66911 INFO tempest.lib.common.rest_client [req-1a22e292-12f8-4003-8be8-e3cce1f2f14d req-1a22e292-12f8-4003-8be8-e3cce1f2f14d ] Request (VolumesAdminNegativeTest:tearDownClass): 200 PUT http://10.180.1.21/networking/v2.0/routers/c76d2cff-3c79-4560-bdb8-edbe91b808df/remove_router_interface 0.883s
2025-11-28 19:20:50.106 66935 INFO paramiko.transport [-] Connected (version 2.0, client dropbear_2020.81)
2025-11-28 19:20:50.151 66933 INFO tempest.lib.common.rest_client [req-2f47b5aa-147f-40d3-8c21-c29778e92bd8 req-2f47b5aa-147f-40d3-8c21-c29778e92bd8 ] Request (ListServersNegativeTestJSON:tearDownClass): 204 DELETE http://10.180.1.21/networking/v2.0/security-groups/a5530bb2-b2db-4078-af78-1410edb05dd7 0.428s
2025-11-28 19:20:50.169 66935 INFO paramiko.transport [-] Authentication (publickey) successful!
2025-11-28 19:20:50.169 66935 INFO tempest.lib.common.ssh [-] ssh connection to cirros@10.180.180.200 successfully created
2025-11-28 19:20:50.244 66919 INFO tempest.lib.common.rest_client [req-32f73ba9-b766-4641-a5ad-1483de98b272 req-32f73ba9-b766-4641-a5ad-1483de98b272 ] Request (ServersListShow298Test:tearDownClass): 200 GET http://10.180.1.21/compute/v2.1/servers/06ffd19d-6696-4b58-b5bb-ca6fbceec182 2.917s
2025-11-28 19:20:50.278 66933 INFO tempest.lib.common.rest_client [req-4dc5bd46-112a-4e10-a7c3-58a724462e66 req-4dc5bd46-112a-4e10-a7c3-58a724462e66 ] Request (ListServersNegativeTestJSON:tearDownClass): 204 DELETE http://10.180.1.21/identity/v3/projects/7b48b067f55a44fd9ebb7e2b32242fcb 0.126s
2025-11-28 19:20:50.279 66933 INFO tempest.test [-] raised in ServerBootFromVolumeStableRescueTest.setUpClass. Invoking tearDownClass.
2025-11-28 19:20:50.353 66933 INFO tempest.lib.common.rest_client [req-a1d91d34-59da-45a4-8f03-76ec790bf914 req-a1d91d34-59da-45a4-8f03-76ec790bf914 ] Request (ServersListShow296Test:setUpClass): 201 POST http://10.180.1.21/identity/v3/auth/tokens 0.068s
2025-11-28 19:20:50.391 66933 INFO tempest.lib.common.rest_client [req-b8c6b4f8-5161-4547-a583-3514242f3e36 req-b8c6b4f8-5161-4547-a583-3514242f3e36 ] Request (ServersListShow296Test:setUpClass): 201 POST http://10.180.1.21/identity/v3/auth/tokens 0.035s
2025-11-28 19:20:50.424 66933 INFO tempest.lib.common.rest_client [req-0224d655-bb54-4256-95c8-a076e07c3fce req-0224d655-bb54-4256-95c8-a076e07c3fce ] Request (ServersListShow296Test:setUpClass): 200 GET http://10.180.1.21/identity/v3/domains?name=Default 0.033s
2025-11-28 19:20:50.459 66933 INFO tempest.lib.common.rest_client [req-4f7b379d-acda-41c1-a4fe-9d6f70bd231a req-4f7b379d-acda-41c1-a4fe-9d6f70bd231a ] Request (ServersListShow296Test:setUpClass): 201 POST http://10.180.1.21/identity/v3/projects 0.034s
2025-11-28 19:20:50.534 66933 INFO tempest.lib.common.rest_client [req-f4141107-1618-424e-b286-f2bf2a6a4407 req-f4141107-1618-424e-b286-f2bf2a6a4407 ] Request (ServersListShow296Test:setUpClass): 201 POST http://10.180.1.21/identity/v3/users 0.075s
2025-11-28 19:20:50.569 66933 INFO tempest.lib.common.rest_client [req-cf564abd-463a-4955-9738-55ed6f6920d9 req-cf564abd-463a-4955-9738-55ed6f6920d9 ] Request (ServersListShow296Test:setUpClass): 200 GET http://10.180.1.21/identity/v3/roles 0.034s
2025-11-28 19:20:50.634 66933 INFO tempest.lib.common.rest_client [req-1dbf95db-b229-4790-8710-b04793017919 req-1dbf95db-b229-4790-8710-b04793017919 ] Request (ServersListShow296Test:setUpClass): 204 PUT http://10.180.1.21/identity/v3/projects/e14c2c101b3d445d8345f433f9eb10b5/users/4d0fd3fdbde3456db9a57b6e92f16ad6/roles/01c0df71f9de4629a8928d9498acf094 0.064s
2025-11-28 19:20:50.635 66933 INFO tempest.lib.common.dynamic_creds [-] Dynamic test user 4d0fd3fdbde3456db9a57b6e92f16ad6 is created with scope project and roles: ['member']
2025-11-28 19:20:50.635 66933 INFO tempest.lib.common.dynamic_creds [-] Acquired dynamic creds: credentials: Credentials: {'domain_id': 'default', 'domain_name': 'Default', 'username': 'tempest-ServersListShow296Test-1090083188-project-member', 'project_domain_id': 'default', 'project_domain_name': 'Default', 'project_id': 'e14c2c101b3d445d8345f433f9eb10b5', 'project_name': 'tempest-ServersListShow296Test-1090083188', 'tenant_id': 'e14c2c101b3d445d8345f433f9eb10b5', 'tenant_name': 'tempest-ServersListShow296Test-1090083188', 'user_domain_id': 'default', 'user_domain_name': 'Default', 'user_id': '4d0fd3fdbde3456db9a57b6e92f16ad6', 'system': None}, Network: None, Subnet: None, Router: None
2025-11-28 19:20:50.635 66933 INFO tempest.lib.common.dynamic_creds [-] Created isolated network resources for: credentials: Credentials: {'domain_id': 'default', 'domain_name': 'Default', 'username': 'tempest-ServersListShow296Test-1090083188-project-member', 'project_domain_id': 'default', 'project_domain_name': 'Default', 'project_id': 'e14c2c101b3d445d8345f433f9eb10b5', 'project_name': 'tempest-ServersListShow296Test-1090083188', 'tenant_id': 'e14c2c101b3d445d8345f433f9eb10b5', 'tenant_name': 'tempest-ServersListShow296Test-1090083188', 'user_domain_id': 'default', 'user_domain_name': 'Default', 'user_id': '4d0fd3fdbde3456db9a57b6e92f16ad6', 'system': None}, Network: None, Subnet: None, Router: None
2025-11-28 19:20:50.746 66933 INFO tempest.lib.common.rest_client [req-a0e52a5f-0123-4fcf-a006-d3fda02f0501 req-a0e52a5f-0123-4fcf-a006-d3fda02f0501 ] Request (ServersListShow296Test:setUpClass): 201 POST http://10.180.1.21/identity/v3/auth/tokens 0.108s
2025-11-28 19:20:50.756 66911 INFO tempest.lib.common.rest_client [req-0c339b87-5e86-4279-8fb1-9250899ded07 req-0c339b87-5e86-4279-8fb1-9250899ded07 ] Request (VolumesAdminNegativeTest:tearDownClass): 204 DELETE http://10.180.1.21/networking/v2.0/routers/c76d2cff-3c79-4560-bdb8-edbe91b808df 0.694s
2025-11-28 19:20:50.783 66933 INFO tempest.lib.common.rest_client [req-46614cba-a8e0-4aed-b189-84ba1bca7c88 req-46614cba-a8e0-4aed-b189-84ba1bca7c88 ] Request (ServersListShow296Test:test_list_show_update_rebuild_server_296): 201 POST http://10.180.1.21/identity/v3/auth/tokens 0.033s
2025-11-28 19:20:50.784 66933 INFO tempest.lib.common.fixed_network [-] (ServersListShow296Test:test_list_show_update_rebuild_server_296) Found network None available for tenant
2025-11-28 19:20:50.808 66895 INFO tempest.lib.common.rest_client [req-7e6276e3-d989-4fe9-aa5f-190da622e98a req-7e6276e3-d989-4fe9-aa5f-190da622e98a ] Request (ListServerFiltersTestJSON:setUpClass): 200 GET http://10.180.1.21/compute/v2.1/servers/a8d8d9e8-6c9b-4bb6-ab4b-e60b66fd2866 3.491s
2025-11-28 19:20:50.817 66895 INFO tempest.common.waiters [-] State transition "BUILD/None" ==> "BUILD/networking" after 40 second wait
2025-11-28 19:20:50.818 66897 INFO tempest.lib.common.rest_client [req-29ff9693-3f27-4d8f-af38-374e22a13f8e req-29ff9693-3f27-4d8f-af38-374e22a13f8e ] Request (MigrationsAdminTest:test_resize_server_revert_deleted_flavor): 200 GET http://10.180.1.21/compute/v2.1/servers/7db3ee44-5e8e-4975-937e-025a362be06b 3.330s
2025-11-28 19:20:50.994 66911 INFO tempest.lib.common.rest_client [req-e8c50d18-1b16-4953-897b-b77374420b96 req-e8c50d18-1b16-4953-897b-b77374420b96 ] Request (VolumesAdminNegativeTest:tearDownClass): 204 DELETE http://10.180.1.21/networking/v2.0/subnets/0e558c3d-5f02-44d7-9cce-14c604071f62 0.238s
2025-11-28 19:20:51.021 66939 INFO tempest.lib.common.rest_client [req-b51968f5-ec1a-4422-bda1-141fee09638c req-b51968f5-ec1a-4422-bda1-141fee09638c ] Request (AttachInterfacesUnderV243Test:test_add_remove_fixed_ip): 200 GET http://10.180.1.21/compute/v2.1/servers/726bd3ab-4f60-4843-a8d4-b4461657bfc1 3.474s
2025-11-28 19:20:51.029 66901 INFO tempest.lib.common.rest_client [req-836ef889-333c-454d-8802-8295ee76b689 req-836ef889-333c-454d-8802-8295ee76b689 ] Request (ImagesNegativeTestJSON:test_create_image_from_deleted_server): 200 GET http://10.180.1.21/compute/v2.1/servers/ad907a72-1ab1-4193-a43d-b400dc7d007c 3.516s
2025-11-28 19:20:51.263 66911 INFO tempest.lib.common.rest_client [req-da21453c-4187-4561-8c93-f7a48c856d49 req-da21453c-4187-4561-8c93-f7a48c856d49 ] Request (VolumesAdminNegativeTest:tearDownClass): 204 DELETE http://10.180.1.21/networking/v2.0/networks/10f40cfe-63ac-4a77-8636-106737807faf 0.268s
2025-11-28 19:20:51.289 66885 INFO tempest.lib.common.rest_client [req-13d38512-110c-4e40-880a-316197b26911 req-13d38512-110c-4e40-880a-316197b26911 ] Request (ServersNegativeTestJSON:setUpClass): 200 GET http://10.180.1.21/compute/v2.1/servers/32516127-0e97-4408-b472-5d8a121b9df8 3.683s
2025-11-28 19:20:51.304 66938 INFO tempest.lib.common.rest_client [req-6fed997d-183b-4ce1-8ea7-743e622f01cd req-6fed997d-183b-4ce1-8ea7-743e622f01cd ] Request (ServersTestMultiNic:_run_cleanups): 200 GET http://10.180.1.21/compute/v2.1/servers/bd18ca36-0244-4ec3-9125-902cd7e78de6 3.663s
2025-11-28 19:20:51.447 66941 INFO tempest.lib.common.rest_client [req-dd0b1b9a-6f9e-4b70-a678-c34d25c86c84 req-dd0b1b9a-6f9e-4b70-a678-c34d25c86c84 ] Request (FlavorsAccessTestJSON:test_flavor_access_add_remove): 200 POST http://10.180.1.21/compute/v2.1/flavors 3.272s
2025-11-28 19:20:51.508 66943 INFO tempest.lib.common.rest_client [req-77d41bce-6922-4d5a-8fee-f7e064d888f2 req-77d41bce-6922-4d5a-8fee-f7e064d888f2 ] Request (ServersAaction247Test:test_create_backup): 200 GET http://10.180.1.21/compute/v2.1/servers/3b45f6d9-546a-417a-9334-b38a313d1301 3.251s
2025-11-28 19:20:51.569 66925 INFO tempest.lib.common.rest_client [req-404387ee-ff38-4612-ade4-5eff6714f7d1 req-404387ee-ff38-4612-ade4-5eff6714f7d1 ] Request (AttachInterfacesTestJSON:test_create_list_show_delete_interfaces_by_fixed_ip): 200 GET http://10.180.1.21/compute/v2.1/servers/d6b58037-e404-4e54-99e3-29491661a2ea/os-interface/9754e6d6-3157-4b5e-afef-6b368af34105 3.307s
2025-11-28 19:20:51.637 66925 INFO tempest.lib.common.rest_client [req-6d60af72-e273-4985-a8a4-1279de82a489 req-6d60af72-e273-4985-a8a4-1279de82a489 ] Request (AttachInterfacesTestJSON:test_create_list_show_delete_interfaces_by_fixed_ip): 200 GET http://10.180.1.21/networking/v2.0/ports?network_id=765c5e50-8360-431f-a8fa-34e0adee569b 0.066s
2025-11-28 19:20:51.717 66927 INFO tempest.lib.common.rest_client [req-b48fb9f2-d92c-4016-8666-09327dbd3e53 req-b48fb9f2-d92c-4016-8666-09327dbd3e53 ] Request (ImagesOneServerNegativeTestJSON:_run_cleanups): 200 GET http://10.180.1.21/compute/v2.1/servers/e891e061-3801-47f2-ab06-4c9ac41fd2e6 3.414s
2025-11-28 19:20:51.728 66925 INFO tempest.lib.common.rest_client [req-84d67f68-f891-40f4-914c-d9b5c9dd6b49 req-84d67f68-f891-40f4-914c-d9b5c9dd6b49 ] Request (AttachInterfacesTestJSON:test_create_list_show_delete_interfaces_by_fixed_ip): 200 GET http://10.180.1.21/networking/v2.0/subnets/5903c50c-26c5-4e99-a7fb-794a3efe48e4 0.090s
2025-11-28 19:20:51.774 66905 INFO tempest.lib.common.rest_client [req-f3fb9e0b-c6e6-43d9-9e16-b8c40c227777 req-f3fb9e0b-c6e6-43d9-9e16-b8c40c227777 ] Request (ServerActionsV293TestJSON:test_rebuild_volume_backed_server): 202 POST http://10.180.1.21/compute/v2.1/servers/4cacb4e4-3137-44b9-942d-eb2b24b7a541/action 4.055s
2025-11-28 19:20:51.829 66917 INFO tempest.lib.common.rest_client [req-1f8b869a-2239-417f-ab3f-263c67ff4f38 req-1f8b869a-2239-417f-ab3f-263c67ff4f38 ] Request (ServersV294TestFqdnHostnames:setUpClass): 201 POST http://10.180.1.21/compute/v2.1/os-keypairs 3.477s
2025-11-28 19:20:51.842 66915 INFO tempest.lib.common.rest_client [req-978af4cb-e3bc-425f-bc3c-639bed5eb643 req-978af4cb-e3bc-425f-bc3c-639bed5eb643 ] Request (ServerMetadataTestJSON:setUp): 200 PUT http://10.180.1.21/compute/v2.1/servers/a2877d82-dc23-4880-b3e6-75a893cfbded/metadata 3.077s
2025-11-28 19:20:51.858 66881 INFO tempest.lib.common.rest_client [req-aa741e7d-3193-4202-b905-b1fec59b9830 req-aa741e7d-3193-4202-b905-b1fec59b9830 ] Request (ServerGroup264TestJSON:test_create_get_server_group): 200 GET http://10.180.1.21/compute/v2.1/os-server-groups 2.824s
2025-11-28 19:20:51.955 66917 INFO tempest.lib.common.rest_client [req-41047461-54ce-482d-8599-2849da895989 req-41047461-54ce-482d-8599-2849da895989 ] Request (ServersV294TestFqdnHostnames:setUpClass): 201 POST http://10.180.1.21/networking/v2.0/security-groups 0.124s
2025-11-28 19:20:52.015 66893 INFO tempest.lib.common.rest_client [req-1cd0bd88-e777-4796-a19d-4d024eb58813 req-1cd0bd88-e777-4796-a19d-4d024eb58813 ] Request (MultipleCreateTestJSON:test_multiple_create_with_reservation_return): 200 GET http://10.180.1.21/compute/v2.1/servers/1d5ae280-350e-44c1-a8ad-777c1778bf7c 3.180s
2025-11-28 19:20:52.114 66911 INFO tempest.lib.common.rest_client [req-6b22ed80-69e5-457d-b6f4-9fedbe928917 req-6b22ed80-69e5-457d-b6f4-9fedbe928917 ] Request (VolumesAdminNegativeTest:tearDownClass): 200 PUT http://10.180.1.21/networking/v2.0/routers/4b3763db-f219-461d-a968-935208e1d228/remove_router_interface 0.850s
2025-11-28 19:20:52.126 66931 INFO tempest.lib.common.rest_client [req-435c17c3-d849-4bee-a17e-2f94e1e67853 req-435c17c3-d849-4bee-a17e-2f94e1e67853 ] Request (ImagesOneServerTestJSON:tearDownClass): 204 DELETE http://10.180.1.21/compute/v2.1/images/ce073d48-d445-4654-a8f6-14876339ee12 2.875s
2025-11-28 19:20:52.152 66917 INFO tempest.lib.common.rest_client [req-779bc23f-bf0d-47de-acf7-8f8910e9afcc req-779bc23f-bf0d-47de-acf7-8f8910e9afcc ] Request (ServersV294TestFqdnHostnames:setUpClass): 201 POST http://10.180.1.21/networking/v2.0/security-group-rules 0.196s
2025-11-28 19:20:52.184 66891 INFO tempest.lib.common.rest_client [req-70bfce23-e803-4961-b00c-15a42d2420b8 req-70bfce23-e803-4961-b00c-15a42d2420b8 ] Request (ImagesTestJSON:test_create_image_from_stopped_server): 200 GET http://10.180.1.21/compute/v2.1/servers/2401bf17-bf96-4003-9d5f-1ff8969e31f9 3.065s
2025-11-28 19:20:52.233 66903 INFO tempest.lib.common.rest_client [req-9f72c0af-70f7-443c-8bd7-8045ed34c0e8 req-9f72c0af-70f7-443c-8bd7-8045ed34c0e8 ] Request (ListImageFiltersTestJSON:setUpClass): 200 GET http://10.180.1.21/compute/v2.1/images/fcc87ff9-2e6a-43b2-825b-eb15243e2399 2.922s
2025-11-28 19:20:52.571 66917 INFO tempest.lib.common.rest_client [req-3e04e28f-9d68-4115-b8cc-1614aae34f26 req-3e04e28f-9d68-4115-b8cc-1614aae34f26 ] Request (ServersV294TestFqdnHostnames:setUpClass): 201 POST http://10.180.1.21/networking/v2.0/security-group-rules 0.419s
2025-11-28 19:20:52.582 66911 INFO tempest.lib.common.rest_client [req-4e2fbba6-38bc-4ef8-9af6-2b15678a3883 req-4e2fbba6-38bc-4ef8-9af6-2b15678a3883 ] Request (VolumesAdminNegativeTest:tearDownClass): 204 DELETE http://10.180.1.21/networking/v2.0/routers/4b3763db-f219-461d-a968-935208e1d228 0.467s
2025-11-28 19:20:52.592 66899 INFO tempest.lib.common.rest_client [req-5f4ecedb-1f51-4702-9bc2-1472727a0a48 req-5f4ecedb-1f51-4702-9bc2-1472727a0a48 ] Request (FloatingIPsAssociationTestJSON:setUpClass): 200 GET http://10.180.1.21/compute/v2.1/servers/25ab52c3-b62b-43fc-a005-96397bb9bfc3 3.316s
2025-11-28 19:20:52.603 66921 INFO tempest.lib.common.rest_client [req-a4aad325-04d3-42aa-9893-f59ecd439c04 req-a4aad325-04d3-42aa-9893-f59ecd439c04 ] Request (ServersAdminNegativeTestJSON:tearDownClass): 200 GET http://10.180.1.21/compute/v2.1/servers/94952dc2-b3f6-42c2-8b35-9135486fe545 2.872s
2025-11-28 19:20:52.692 66935 INFO tempest.lib.common.rest_client [req-076d4029-529e-4c56-a076-2e1ece5e74f1 req-076d4029-529e-4c56-a076-2e1ece5e74f1 ] Request (ServersWithSpecificFlavorTestJSON:test_verify_created_server_ephemeral_disk): 204 DELETE http://10.180.1.21/compute/v2.1/servers/e47d8d89-2952-4a1f-b92a-506089b1e70d 2.516s
2025-11-28 19:20:52.801 66935 INFO tempest.lib.common.rest_client [req-979c99a7-ac67-4b25-96a5-55b8e09c0428 req-979c99a7-ac67-4b25-96a5-55b8e09c0428 ] Request (ServersWithSpecificFlavorTestJSON:test_verify_created_server_ephemeral_disk): 201 POST http://10.180.1.21/identity/v3/auth/tokens 0.106s
2025-11-28 19:20:52.801 66935 INFO tempest.lib.common.fixed_network [-] (ServersWithSpecificFlavorTestJSON:test_verify_created_server_ephemeral_disk) Found network {'id': '19e71ae3-3aec-4b8e-b6b3-84b20889c56c', 'name': 'tempest-ServersWithSpecificFlavorTestJSON-240930049-network', 'tenant_id': '85013dfe37ee4fdda096e00242d854d1', 'project_id': '85013dfe37ee4fdda096e00242d854d1', 'admin_state_up': True, 'mtu': 8950, 'status': 'ACTIVE', 'subnets': [], 'shared': False, 'port_security_enabled': True, 'router:external': False, 'provider:network_type': 'vlan', 'provider:physical_network': 'default', 'provider:segmentation_id': 948, 'availability_zone_hints': [], 'availability_zones': [], 'ipv4_address_scope': None, 'ipv6_address_scope': None, 'description': '', 'tags': [], 'created_at': '2025-11-28T19:18:07Z', 'updated_at': '2025-11-28T19:18:07Z', 'revision_number': 1} available for tenant
2025-11-28 19:20:53.033 66917 INFO tempest.lib.common.rest_client [req-db5943c7-4dcd-443b-89cc-16f873254012 req-db5943c7-4dcd-443b-89cc-16f873254012 ] Request (ServersV294TestFqdnHostnames:setUpClass): 201 POST http://10.180.1.21/networking/v2.0/floatingips 0.461s
2025-11-28 19:20:53.063 66917 INFO tempest.lib.common.rest_client [req-ac0d8acc-13e2-4408-9c80-a2e66b5e00bf req-ac0d8acc-13e2-4408-9c80-a2e66b5e00bf ] Request (ServersV294TestFqdnHostnames:setUpClass): 201 POST http://10.180.1.21/identity/v3/auth/tokens 0.028s
2025-11-28 19:20:53.064 66917 INFO tempest.lib.common.fixed_network [-] (ServersV294TestFqdnHostnames:setUpClass) Found network {'id': 'ca7e7df6-31a1-4f44-af0d-d0321da649d8', 'name': 'tempest-ServersV294TestFqdnHostnames-935948162-network', 'tenant_id': 'e39ed553df8e43aa866ac005d79c1166', 'project_id': 'e39ed553df8e43aa866ac005d79c1166', 'admin_state_up': True, 'mtu': 8950, 'status': 'ACTIVE', 'subnets': [], 'shared': False, 'port_security_enabled': True, 'router:external': False, 'provider:network_type': 'vlan', 'provider:physical_network': 'default', 'provider:segmentation_id': 463, 'availability_zone_hints': [], 'availability_zones': [], 'ipv4_address_scope': None, 'ipv6_address_scope': None, 'description': '', 'tags': [], 'created_at': '2025-11-28T19:20:45Z', 'updated_at': '2025-11-28T19:20:45Z', 'revision_number': 1} available for tenant
2025-11-28 19:20:53.146 66911 INFO tempest.lib.common.rest_client [req-4bbd70df-6bf2-4e40-a0bd-3c6bbe227be1 req-4bbd70df-6bf2-4e40-a0bd-3c6bbe227be1 ] Request (VolumesAdminNegativeTest:tearDownClass): 204 DELETE http://10.180.1.21/networking/v2.0/subnets/daed90eb-9008-4b61-9087-3a0c98d21bf2 0.564s
2025-11-28 19:20:53.183 66923 INFO tempest.lib.common.rest_client [req-58940307-4e11-474f-8605-c9bdaa8b60ee req-58940307-4e11-474f-8605-c9bdaa8b60ee ] Request (InstanceActionsTestJSON:setUpClass): 200 GET http://10.180.1.21/compute/v2.1/servers/7394ce0c-d269-453b-87f1-7b904fcaa881 3.451s
2025-11-28 19:20:53.222 66913 INFO tempest.lib.common.rest_client [req-620b7808-735e-4ae2-98b9-d88f8df4ff8e req-620b7808-735e-4ae2-98b9-d88f8df4ff8e ] Request (ServerGroupTestJSON:test_create_server_with_scheduler_hint_group): 200 GET http://10.180.1.21/compute/v2.1/servers/425bc017-a89d-4c30-9134-9af185fde6be 2.961s
2025-11-28 19:20:53.533 66911 INFO tempest.lib.common.rest_client [req-5b668a19-b7f4-4e49-a23c-ab849c6f827a req-5b668a19-b7f4-4e49-a23c-ab849c6f827a ] Request (VolumesAdminNegativeTest:tearDownClass): 204 DELETE http://10.180.1.21/networking/v2.0/networks/d30cf02c-beaa-4563-8769-3d9a590d4111 0.386s
2025-11-28 19:20:53.581 66909 INFO tempest.lib.common.rest_client [req-11b9d85b-0dd4-49fb-ad0e-d89a73926eac req-11b9d85b-0dd4-49fb-ad0e-d89a73926eac ] Request (ServerRescueNegativeTestJSON:test_rescued_vm_detach_volume): 200 GET http://10.180.1.21/compute/v2.1/servers/7f59473e-8053-434a-9208-b7c2e3ec8cb4 2.876s
2025-11-28 19:20:53.619 66907 INFO tempest.lib.common.rest_client [req-a6254c2e-5bed-4b80-9639-dbcc83621017 req-a6254c2e-5bed-4b80-9639-dbcc83621017 ] Request (InstanceActionsV221TestJSON:test_get_list_deleted_instance_actions): 200 GET http://10.180.1.21/compute/v2.1/servers/ce2e39aa-2e1b-4706-b633-1aef4550a84e 2.897s
2025-11-28 19:20:53.654 66911 INFO tempest.lib.common.rest_client [req-8622992c-dc07-4471-b193-b2ee58dcb819 req-8622992c-dc07-4471-b193-b2ee58dcb819 ] Request (VolumesAdminNegativeTest:tearDownClass): 204 DELETE http://10.180.1.21/identity/v3/users/dcc611afae574151b5e73575fb3151e1 0.120s
2025-11-28 19:20:53.725 66933 INFO tempest.lib.common.rest_client [req-ea432687-44e7-4ebf-b6fd-0e55b86b444f req-ea432687-44e7-4ebf-b6fd-0e55b86b444f ] Request (ServersListShow296Test:test_list_show_update_rebuild_server_296): 202 POST http://10.180.1.21/compute/v2.1/servers 2.941s
2025-11-28 19:20:53.771 66919 INFO tempest.lib.common.rest_client [req-950877f3-3936-4a96-af23-87dd16640819 req-950877f3-3936-4a96-af23-87dd16640819 ] Request (ServersListShow298Test:tearDownClass): 200 GET http://10.180.1.21/compute/v2.1/servers/06ffd19d-6696-4b58-b5bb-ca6fbceec182 2.507s
2025-11-28 19:20:53.772 66911 INFO tempest.lib.common.rest_client [req-2e1b504d-69a2-4beb-b1aa-6a7738c51861 req-2e1b504d-69a2-4beb-b1aa-6a7738c51861 ] Request (VolumesAdminNegativeTest:tearDownClass): 204 DELETE http://10.180.1.21/identity/v3/users/e62744276b48431c833dad360fb8a4d8 0.117s
2025-11-28 19:20:53.876 66911 INFO tempest.lib.common.rest_client [req-32ca7cb0-beef-49a1-a83d-ba243c1017ff req-32ca7cb0-beef-49a1-a83d-ba243c1017ff ] Request (VolumesAdminNegativeTest:tearDownClass): 204 DELETE http://10.180.1.21/identity/v3/users/9cebd14a01f14ae78418764675c896df 0.103s
2025-11-28 19:20:53.876 66911 INFO tempest.lib.common.dynamic_creds [-] Deleting project and security group for project: de35e2bd9a12402f90faf9b2009ef3bc
2025-11-28 19:20:53.901 66941 INFO tempest.lib.common.rest_client [req-cca59c11-3484-4eff-a037-e31cb0a1056f req-cca59c11-3484-4eff-a037-e31cb0a1056f ] Request (FlavorsAccessTestJSON:test_flavor_access_add_remove): 200 POST http://10.180.1.21/compute/v2.1/flavors/1265917467/action 2.451s
2025-11-28 19:20:53.913 66905 INFO tempest.lib.common.rest_client [req-4a1fb7a4-9036-461b-8998-9d0748b513c8 req-4a1fb7a4-9036-461b-8998-9d0748b513c8 ] Request (ServerActionsV293TestJSON:test_rebuild_volume_backed_server): 200 GET http://10.180.1.21/compute/v2.1/flavors/42 2.130s
2025-11-28 19:20:53.924 66911 INFO tempest.lib.common.rest_client [req-2aa2ee86-e9bf-4911-845d-c2854fb5db39 req-2aa2ee86-e9bf-4911-845d-c2854fb5db39 ] Request (VolumesAdminNegativeTest:tearDownClass): 200 GET http://10.180.1.21/networking/v2.0/security-groups?tenant_id=de35e2bd9a12402f90faf9b2009ef3bc&name=default 0.047s
2025-11-28 19:20:54.029 66911 INFO tempest.lib.common.rest_client [req-1854c24a-0645-4bc8-a714-e065027e250a req-1854c24a-0645-4bc8-a714-e065027e250a ] Request (VolumesAdminNegativeTest:tearDownClass): 204 DELETE http://10.180.1.21/networking/v2.0/security-groups/05886507-a8c5-4f5f-822e-8c0f07db5945 0.105s
2025-11-28 19:20:54.107 66895 INFO tempest.lib.common.rest_client [req-de99ca0b-4095-48ad-87c7-b05546f81e5b req-de99ca0b-4095-48ad-87c7-b05546f81e5b ] Request (ListServerFiltersTestJSON:setUpClass): 200 GET http://10.180.1.21/compute/v2.1/servers/a8d8d9e8-6c9b-4bb6-ab4b-e60b66fd2866 2.289s
2025-11-28 19:20:54.117 66895 INFO tempest.common.waiters [-] State transition "BUILD/networking" ==> "BUILD/spawning" after 44 second wait
2025-11-28 19:20:54.149 66911 INFO tempest.lib.common.rest_client [req-1955e64a-3f52-4e7a-9688-daf56e2e7cf8 req-1955e64a-3f52-4e7a-9688-daf56e2e7cf8 ] Request (VolumesAdminNegativeTest:tearDownClass): 204 DELETE http://10.180.1.21/identity/v3/projects/de35e2bd9a12402f90faf9b2009ef3bc 0.119s
2025-11-28 19:20:54.149 66911 INFO tempest.lib.common.dynamic_creds [-] Deleting project and security group for project: 3f3f91baff0a45d2a6c141575afe67dc
2025-11-28 19:20:54.169 66897 INFO tempest.lib.common.rest_client [req-0c8c1abd-f26b-4d17-969c-a463621f5e9a req-0c8c1abd-f26b-4d17-969c-a463621f5e9a ] Request (MigrationsAdminTest:test_resize_server_revert_deleted_flavor): 200 GET http://10.180.1.21/compute/v2.1/servers/7db3ee44-5e8e-4975-937e-025a362be06b 2.339s
2025-11-28 19:20:54.185 66911 INFO tempest.lib.common.rest_client [req-fceb5bf2-893a-4b74-a2da-65a1a6ad00e8 req-fceb5bf2-893a-4b74-a2da-65a1a6ad00e8 ] Request (VolumesAdminNegativeTest:tearDownClass): 200 GET http://10.180.1.21/networking/v2.0/security-groups?tenant_id=3f3f91baff0a45d2a6c141575afe67dc&name=default 0.036s
2025-11-28 19:20:54.201 66915 INFO tempest.lib.common.rest_client [req-2eb81d28-8d44-4d2e-819d-164f66f95aec req-2eb81d28-8d44-4d2e-819d-164f66f95aec ] Request (ServerMetadataTestJSON:test_get_server_metadata_item): 200 GET http://10.180.1.21/compute/v2.1/servers/a2877d82-dc23-4880-b3e6-75a893cfbded/metadata/key2 2.357s
2025-11-28 19:20:54.213 66881 INFO tempest.lib.common.rest_client [req-ec7cc416-7c20-442e-ae50-7dcbb8c379ca req-ec7cc416-7c20-442e-ae50-7dcbb8c379ca ] Request (ServerGroup264TestJSON:test_create_get_server_group): 200 GET http://10.180.1.21/compute/v2.1/os-server-groups/9b1b6f0b-fa4f-4a87-bf79-b8a0fbd4e0be 2.353s
2025-11-28 19:20:54.274 66939 INFO tempest.lib.common.rest_client [req-c935befe-5770-4cad-85af-59d399809d03 req-c935befe-5770-4cad-85af-59d399809d03 ] Request (AttachInterfacesUnderV243Test:test_add_remove_fixed_ip): 200 GET http://10.180.1.21/compute/v2.1/servers/726bd3ab-4f60-4843-a8d4-b4461657bfc1 2.245s
2025-11-28 19:20:54.278 66911 INFO tempest.lib.common.rest_client [req-a0c96555-bb30-44be-81f9-7abe01ed0c44 req-a0c96555-bb30-44be-81f9-7abe01ed0c44 ] Request (VolumesAdminNegativeTest:tearDownClass): 204 DELETE http://10.180.1.21/networking/v2.0/security-groups/fc90b596-5915-4a67-a6d8-a20bd8cf9e3c 0.092s
2025-11-28 19:20:54.354 66901 INFO tempest.lib.common.rest_client [req-b7444935-b456-4839-97f0-cd2669048d90 req-b7444935-b456-4839-97f0-cd2669048d90 ] Request (ImagesNegativeTestJSON:test_create_image_from_deleted_server): 200 GET http://10.180.1.21/compute/v2.1/servers/ad907a72-1ab1-4193-a43d-b400dc7d007c 2.318s
2025-11-28 19:20:54.378 66931 INFO tempest.lib.common.rest_client [req-f01d3f5e-b134-4c8b-8c35-d73be636fc91 req-f01d3f5e-b134-4c8b-8c35-d73be636fc91 ] Request (ImagesOneServerTestJSON:tearDownClass): 404 DELETE http://10.180.1.21/compute/v2.1/images/7e701c5e-da06-4a6c-922a-8e0e564f0f5a 2.251s
2025-11-28 19:20:54.440 66911 INFO tempest.lib.common.rest_client [req-10796651-7624-4e61-bbef-a918a322a272 req-10796651-7624-4e61-bbef-a918a322a272 ] Request (VolumesAdminNegativeTest:tearDownClass): 204 DELETE http://10.180.1.21/identity/v3/projects/3f3f91baff0a45d2a6c141575afe67dc 0.161s
2025-11-28 19:20:54.440 66911 INFO tempest.lib.common.dynamic_creds [-] Deleting project and security group for project: 5fd039d254e143efbf360ae7fbdf9b2b
2025-11-28 19:20:54.475 66911 INFO tempest.lib.common.rest_client [req-3bf41050-04f2-4f47-bfc4-1196af98a327 req-3bf41050-04f2-4f47-bfc4-1196af98a327 ] Request (VolumesAdminNegativeTest:tearDownClass): 200 GET http://10.180.1.21/networking/v2.0/security-groups?tenant_id=5fd039d254e143efbf360ae7fbdf9b2b&name=default 0.034s
2025-11-28 19:20:54.569 66911 INFO tempest.lib.common.rest_client [req-e297d6ec-e480-48cb-9e72-a64a3af2b022 req-e297d6ec-e480-48cb-9e72-a64a3af2b022 ] Request (VolumesAdminNegativeTest:tearDownClass): 204 DELETE http://10.180.1.21/networking/v2.0/security-groups/53ebf396-d984-4ce4-872c-2080f4d611db 0.094s
2025-11-28 19:20:54.659 66911 INFO tempest.lib.common.rest_client [req-83e45d6d-6f93-472b-850d-6d3ed3b96771 req-83e45d6d-6f93-472b-850d-6d3ed3b96771 ] Request (VolumesAdminNegativeTest:tearDownClass): 204 DELETE http://10.180.1.21/identity/v3/projects/5fd039d254e143efbf360ae7fbdf9b2b 0.090s
2025-11-28 19:20:54.717 66911 INFO tempest.lib.common.rest_client [req-1d95033b-ace3-4754-82fc-ebe6c57fe30e req-1d95033b-ace3-4754-82fc-ebe6c57fe30e ] Request (AttachInterfacesV270Test:setUpClass): 201 POST http://10.180.1.21/identity/v3/auth/tokens 0.055s
2025-11-28 19:20:54.748 66911 INFO tempest.lib.common.rest_client [req-337f94ad-9f7b-43cf-bcdb-db9a0873f870 req-337f94ad-9f7b-43cf-bcdb-db9a0873f870 ] Request (AttachInterfacesV270Test:setUpClass): 201 POST http://10.180.1.21/identity/v3/auth/tokens 0.028s
2025-11-28 19:20:54.773 66911 INFO tempest.lib.common.rest_client [req-9d106033-3625-4ea2-a1c7-8c1d06ae7e3b req-9d106033-3625-4ea2-a1c7-8c1d06ae7e3b ] Request (AttachInterfacesV270Test:setUpClass): 200 GET http://10.180.1.21/identity/v3/domains?name=Default 0.025s
2025-11-28 19:20:54.804 66911 INFO tempest.lib.common.rest_client [req-687352a9-5e29-44df-87ab-456c21081686 req-687352a9-5e29-44df-87ab-456c21081686 ] Request (AttachInterfacesV270Test:setUpClass): 201 POST http://10.180.1.21/identity/v3/projects 0.030s
2025-11-28 19:20:54.878 66891 INFO tempest.lib.common.rest_client [req-0f0fd35b-cbf1-4578-8dca-2aeb7a4fa4b7 req-0f0fd35b-cbf1-4578-8dca-2aeb7a4fa4b7 ] Request (ImagesTestJSON:test_create_image_from_stopped_server): 202 POST http://10.180.1.21/compute/v2.1/servers/2401bf17-bf96-4003-9d5f-1ff8969e31f9/action 2.684s
2025-11-28 19:20:54.884 66911 INFO tempest.lib.common.rest_client [req-f7f64dc9-b00a-407a-bf5b-c544f4205b3a req-f7f64dc9-b00a-407a-bf5b-c544f4205b3a ] Request (AttachInterfacesV270Test:setUpClass): 201 POST http://10.180.1.21/identity/v3/users 0.079s
2025-11-28 19:20:54.910 66911 INFO tempest.lib.common.rest_client [req-89d1cc87-9949-4bec-9783-f2d522145f09 req-89d1cc87-9949-4bec-9783-f2d522145f09 ] Request (AttachInterfacesV270Test:setUpClass): 200 GET http://10.180.1.21/identity/v3/roles 0.025s
2025-11-28 19:20:54.938 66911 INFO tempest.lib.common.rest_client [req-660e83e3-f749-4dd9-9f8f-48ab52e3fa69 req-660e83e3-f749-4dd9-9f8f-48ab52e3fa69 ] Request (AttachInterfacesV270Test:setUpClass): 204 PUT http://10.180.1.21/identity/v3/projects/ab9a75e1d4da424dacf1195ff3351d3d/users/e608277fa08a4bfb9fdc61e8df6cd370/roles/01c0df71f9de4629a8928d9498acf094 0.028s
2025-11-28 19:20:54.938 66911 INFO tempest.lib.common.dynamic_creds [-] Dynamic test user e608277fa08a4bfb9fdc61e8df6cd370 is created with scope project and roles: ['member']
2025-11-28 19:20:54.938 66911 INFO tempest.lib.common.dynamic_creds [-] Acquired dynamic creds: credentials: Credentials: {'domain_id': 'default', 'domain_name': 'Default', 'username': 'tempest-AttachInterfacesV270Test-64898659-project-member', 'project_domain_id': 'default', 'project_domain_name': 'Default', 'project_id': 'ab9a75e1d4da424dacf1195ff3351d3d', 'project_name': 'tempest-AttachInterfacesV270Test-64898659', 'tenant_id': 'ab9a75e1d4da424dacf1195ff3351d3d', 'tenant_name': 'tempest-AttachInterfacesV270Test-64898659', 'user_domain_id': 'default', 'user_domain_name': 'Default', 'user_id': 'e608277fa08a4bfb9fdc61e8df6cd370', 'system': None}, Network: None, Subnet: None, Router: None
2025-11-28 19:20:54.999 66911 INFO tempest.lib.common.rest_client [req-db03763e-a5d5-4adb-a0fb-6a0518f5dcc2 req-db03763e-a5d5-4adb-a0fb-6a0518f5dcc2 ] Request (AttachInterfacesV270Test:setUpClass): 201 POST http://10.180.1.21/identity/v3/auth/tokens 0.060s
2025-11-28 19:20:55.029 66903 INFO tempest.lib.common.rest_client [req-ec153bab-d369-4f63-bd85-eb4dba6a327d req-ec153bab-d369-4f63-bd85-eb4dba6a327d ] Request (ListImageFiltersTestJSON:setUpClass): 200 GET http://10.180.1.21/compute/v2.1/servers/4f824a05-2ceb-4b2d-83a1-61131df7ef6a 2.792s
