2025-11-28 19:19:29.505 66919 INFO tempest.lib.common.rest_client [req-b42176e5-5e20-4a86-96ce-ef7f80127dba req-b42176e5-5e20-4a86-96ce-ef7f80127dba ] Request (QuotasAdminTestV236:tearDownClass): 200 GET http://10.180.1.21/networking/v2.0/security-groups?tenant_id=9f8d061a27c84cfe95b82e6d6d3f5af4&name=default 0.575s
2025-11-28 19:19:29.635 66889 INFO tempest.lib.common.rest_client [req-081cf426-5ee0-4ab5-b33c-ad79a7233fb2 req-081cf426-5ee0-4ab5-b33c-ad79a7233fb2 ] Request (HypervisorAdminV253TestBase:tearDownClass): 200 GET http://10.180.1.21/networking/v2.0/security-groups?tenant_id=6c026354ee7f4ff990f90640ae6d0ba5&name=default 0.702s
2025-11-28 19:19:30.013 66925 WARNING tempest.lib.common.ssh [-] Failed to establish authenticated ssh connection to cirros@10.180.180.128 ([Errno None] Unable to connect to port 22 on 10.180.180.128). Number attempts: 1. Retry after 2 seconds.: paramiko.ssh_exception.NoValidConnectionsError: [Errno None] Unable to connect to port 22 on 10.180.180.128
2025-11-28 19:19:30.044 66881 INFO tempest.lib.common.rest_client [req-05fd9fb4-cac9-40bf-b85a-31bf5519effd req-05fd9fb4-cac9-40bf-b85a-31bf5519effd ] Request (TenantUsagesTestJSON:tearDownClass): 200 GET http://10.180.1.21/compute/v2.1/servers/b063a106-63b8-46ff-984b-c8f11149d3d8 5.875s
2025-11-28 19:19:30.084 66905 INFO tempest.lib.common.rest_client [req-e71500c5-f9c2-40f2-818b-634a582bfed8 req-e71500c5-f9c2-40f2-818b-634a582bfed8 ] Request (ServerActionsV293TestJSON:setUpClass): 200 GET http://10.180.1.21/volume/v3/volumes/406155bf-59f9-4974-b309-9ddaff78c9cf 0.040s
2025-11-28 19:19:30.486 66883 INFO tempest.lib.common.rest_client [req-e2a0acb4-c16d-4df5-81ca-29a358bfeb27 req-e2a0acb4-c16d-4df5-81ca-29a358bfeb27 ] Request (ServerAddressesTestJSON:tearDownClass): 200 PUT http://10.180.1.21/networking/v2.0/routers/e8802c4f-9088-4e97-9fd0-43fa79c610e5/remove_router_interface 1.496s
2025-11-28 19:19:30.596 66919 INFO tempest.lib.common.rest_client [req-8e2b5412-9f6f-404b-81ef-0a9e06466b73 req-8e2b5412-9f6f-404b-81ef-0a9e06466b73 ] Request (QuotasAdminTestV236:tearDownClass): 204 DELETE http://10.180.1.21/networking/v2.0/security-groups/75093428-293c-4658-9ebd-81b7737d2021 1.090s
2025-11-28 19:19:30.677 66889 INFO tempest.lib.common.rest_client [req-bb746979-9eef-45af-b635-1002d1ce2e38 req-bb746979-9eef-45af-b635-1002d1ce2e38 ] Request (HypervisorAdminV253TestBase:tearDownClass): 204 DELETE http://10.180.1.21/networking/v2.0/security-groups/da33f42c-33d0-4315-8845-b34bc2c9072b 1.041s
2025-11-28 19:19:30.684 66919 INFO tempest.lib.common.rest_client [req-9ae5e94a-1fb6-4312-955f-6b00b21c723c req-9ae5e94a-1fb6-4312-955f-6b00b21c723c ] Request (QuotasAdminTestV236:tearDownClass): 204 DELETE http://10.180.1.21/identity/v3/projects/9f8d061a27c84cfe95b82e6d6d3f5af4 0.087s
2025-11-28 19:19:30.684 66919 INFO tempest.lib.common.dynamic_creds [-] Deleting project and security group for project: 8e071d468f03482abec77f7cf45fe29b
2025-11-28 19:19:30.709 66909 INFO tempest.lib.common.rest_client [req-a36c3986-0129-4cf9-b209-7ff9da74fa04 req-a36c3986-0129-4cf9-b209-7ff9da74fa04 ] Request (ServerRescueNegativeTestJSON:setUpClass): 200 GET http://10.180.1.21/compute/v2.1/servers/5ad7d52b-ffc2-4f46-b7fe-d928675a6cf6 6.126s
2025-11-28 19:19:30.806 66889 INFO tempest.lib.common.rest_client [req-0dddb14d-d88a-41d8-a2f0-7b55d98346b9 req-0dddb14d-d88a-41d8-a2f0-7b55d98346b9 ] Request (HypervisorAdminV253TestBase:tearDownClass): 204 DELETE http://10.180.1.21/identity/v3/projects/6c026354ee7f4ff990f90640ae6d0ba5 0.129s
2025-11-28 19:19:30.807 66889 INFO tempest.lib.common.dynamic_creds [-] Deleting project and security group for project: 50825a28551f4e4fa513ad8cad236544
2025-11-28 19:19:30.850 66885 INFO tempest.lib.common.rest_client [req-4010a935-eab3-4d02-9547-73cc5450f261 req-4010a935-eab3-4d02-9547-73cc5450f261 ] Request (ServersNegativeTestJSON:setUpClass): 201 POST http://10.180.1.21/networking/v2.0/routers 1.578s
2025-11-28 19:19:30.971 66919 INFO tempest.lib.common.rest_client [req-64c3b6c1-1b88-4d1c-ae0e-f524c4ab8ce5 req-64c3b6c1-1b88-4d1c-ae0e-f524c4ab8ce5 ] Request (QuotasAdminTestV236:tearDownClass): 200 GET http://10.180.1.21/networking/v2.0/security-groups?tenant_id=8e071d468f03482abec77f7cf45fe29b&name=default 0.287s
2025-11-28 19:19:31.128 66905 INFO tempest.lib.common.rest_client [req-6deccea5-25c5-4aa0-8a89-04f8b464d911 req-6deccea5-25c5-4aa0-8a89-04f8b464d911 ] Request (ServerActionsV293TestJSON:setUpClass): 200 GET http://10.180.1.21/volume/v3/volumes/406155bf-59f9-4974-b309-9ddaff78c9cf 0.034s
2025-11-28 19:19:31.170 66889 INFO tempest.lib.common.rest_client [req-cac444a8-63ea-49dd-8bb8-404114d14e1f req-cac444a8-63ea-49dd-8bb8-404114d14e1f ] Request (HypervisorAdminV253TestBase:tearDownClass): 200 GET http://10.180.1.21/networking/v2.0/security-groups?tenant_id=50825a28551f4e4fa513ad8cad236544&name=default 0.362s
2025-11-28 19:19:31.202 66897 INFO tempest.lib.common.rest_client [req-8a9af652-24a7-447d-b523-89c9d9d975b9 req-8a9af652-24a7-447d-b523-89c9d9d975b9 ] Request (MigrationsAdminTest:test_list_migrations_in_flavor_resize_situation): 200 GET http://10.180.1.21/compute/v2.1/servers/3970e8f4-c0be-443e-ae95-60f89fd8be21 6.502s
2025-11-28 19:19:31.210 66897 INFO tempest.common.waiters [-] State transition "RESIZE/resize_prep" ==> "RESIZE/resize_migrating" after 16 second wait
2025-11-28 19:19:31.301 66923 INFO tempest.lib.common.rest_client [req-5f2c6b1e-43c0-461b-844f-29e9caac655e req-5f2c6b1e-43c0-461b-844f-29e9caac655e ] Request (DeleteServersAdminTestJSON:test_delete_server_while_in_error_state): 202 POST http://10.180.1.21/compute/v2.1/servers/c210cf14-e680-465f-af38-babbb7ccd816/action 6.246s
2025-11-28 19:19:31.339 66883 INFO tempest.lib.common.rest_client [req-0e35ab02-4eb6-4971-8637-af0409a6b472 req-0e35ab02-4eb6-4971-8637-af0409a6b472 ] Request (ServerAddressesTestJSON:tearDownClass): 204 DELETE http://10.180.1.21/networking/v2.0/routers/e8802c4f-9088-4e97-9fd0-43fa79c610e5 0.853s
2025-11-28 19:19:31.504 66919 INFO tempest.lib.common.rest_client [req-6ba8a040-e04d-4aaa-a0ca-21f5d53c078b req-6ba8a040-e04d-4aaa-a0ca-21f5d53c078b ] Request (QuotasAdminTestV236:tearDownClass): 204 DELETE http://10.180.1.21/networking/v2.0/security-groups/6c16aa7d-88d9-4671-a8b4-6ad6500ceec2 0.532s
2025-11-28 19:19:31.541 66935 INFO tempest.lib.common.rest_client [req-825d834d-8c80-48fd-a4e1-909932001cf6 req-825d834d-8c80-48fd-a4e1-909932001cf6 ] Request (ServersWithSpecificFlavorTestJSON:test_verify_created_server_ephemeral_disk): 200 GET http://10.180.1.21/compute/v2.1/servers/e47d8d89-2952-4a1f-b92a-506089b1e70d 6.783s
2025-11-28 19:19:31.555 66935 INFO tempest.lib.common.ssh [-] Creating ssh connection to '10.180.180.200:22' as 'cirros' with public key authentication
2025-11-28 19:19:31.637 66919 INFO tempest.lib.common.rest_client [req-e5fcdb54-400a-4bdb-abdc-a1c76af26be1 req-e5fcdb54-400a-4bdb-abdc-a1c76af26be1 ] Request (QuotasAdminTestV236:tearDownClass): 204 DELETE http://10.180.1.21/identity/v3/projects/8e071d468f03482abec77f7cf45fe29b 0.132s
2025-11-28 19:19:31.638 66919 INFO tempest.test [-] raised in UnshelveToHostMultiNodesTest.setUpClass. Invoking tearDownClass.
2025-11-28 19:19:31.640 66919 INFO tempest.test [-] raised in ServerStableDeviceRescueTest.setUpClass. Invoking tearDownClass.
2025-11-28 19:19:31.642 66889 INFO tempest.lib.common.rest_client [req-04a3b830-3f7e-4238-80e2-2793f75fbc87 req-04a3b830-3f7e-4238-80e2-2793f75fbc87 ] Request (HypervisorAdminV253TestBase:tearDownClass): 204 DELETE http://10.180.1.21/networking/v2.0/security-groups/a1dc3601-43ff-486b-84ca-450675306b99 0.472s
2025-11-28 19:19:31.642 66919 INFO tempest.test [-] raised in ServerStableDeviceRescueTestIDE.setUpClass. Invoking tearDownClass.
2025-11-28 19:19:31.734 66919 INFO tempest.lib.common.rest_client [req-0c9c3d41-7a13-4648-9dd4-e9637fc6c3a9 req-0c9c3d41-7a13-4648-9dd4-e9637fc6c3a9 ] Request (ServersListShow298Test:setUpClass): 201 POST http://10.180.1.21/identity/v3/auth/tokens 0.091s
2025-11-28 19:19:31.776 66889 INFO tempest.lib.common.rest_client [req-f3cf361c-ed76-4d7a-b125-dff50f6599b4 req-f3cf361c-ed76-4d7a-b125-dff50f6599b4 ] Request (HypervisorAdminV253TestBase:tearDownClass): 204 DELETE http://10.180.1.21/identity/v3/projects/50825a28551f4e4fa513ad8cad236544 0.134s
2025-11-28 19:19:31.803 66919 INFO tempest.lib.common.rest_client [req-82d1f962-2d00-45cc-9f97-0aaf7453f9a8 req-82d1f962-2d00-45cc-9f97-0aaf7453f9a8 ] Request (ServersListShow298Test:setUpClass): 201 POST http://10.180.1.21/identity/v3/auth/tokens 0.065s
2025-11-28 19:19:31.813 66889 INFO tempest.lib.common.rest_client [req-38ee93f4-bf3b-40d0-a6c2-7aaaad4cc3b8 req-38ee93f4-bf3b-40d0-a6c2-7aaaad4cc3b8 ] Request (QuotasAdminNegativeTest:setUpClass): 201 POST http://10.180.1.21/identity/v3/auth/tokens 0.035s
2025-11-28 19:19:31.836 66919 INFO tempest.lib.common.rest_client [req-abdc515c-ce72-4842-afbc-a063c9fc6fe8 req-abdc515c-ce72-4842-afbc-a063c9fc6fe8 ] Request (ServersListShow298Test:setUpClass): 200 GET http://10.180.1.21/identity/v3/domains?name=Default 0.032s
2025-11-28 19:19:31.859 66889 INFO tempest.lib.common.rest_client [req-24b92a26-f451-45e8-be3e-bdc3b22dc6d7 req-24b92a26-f451-45e8-be3e-bdc3b22dc6d7 ] Request (QuotasAdminNegativeTest:setUpClass): 201 POST http://10.180.1.21/identity/v3/auth/tokens 0.043s
2025-11-28 19:19:31.870 66883 INFO tempest.lib.common.rest_client [req-ccd20be2-af94-451a-ab82-f259f3369cbc req-ccd20be2-af94-451a-ab82-f259f3369cbc ] Request (ServerAddressesTestJSON:tearDownClass): 204 DELETE http://10.180.1.21/networking/v2.0/subnets/104e84a5-a4b2-4aa6-819a-5d31cca4918c 0.530s
2025-11-28 19:19:31.872 66919 INFO tempest.lib.common.rest_client [req-5017951d-1174-4c73-8143-f1034c395f9c req-5017951d-1174-4c73-8143-f1034c395f9c ] Request (ServersListShow298Test:setUpClass): 201 POST http://10.180.1.21/identity/v3/projects 0.034s
2025-11-28 19:19:31.898 66921 INFO tempest.lib.common.rest_client [req-8c806610-6a3e-4b18-891f-17551bdd0a4e req-8c806610-6a3e-4b18-891f-17551bdd0a4e ] Request (ServersAdminNegativeTestJSON:test_migrate_server_invalid_state): 200 GET http://10.180.1.21/compute/v2.1/servers/94952dc2-b3f6-42c2-8b35-9135486fe545 6.491s
2025-11-28 19:19:31.928 66889 INFO tempest.lib.common.rest_client [req-facc2ab3-b940-4cc1-ad80-b78ee7d3a09f req-facc2ab3-b940-4cc1-ad80-b78ee7d3a09f ] Request (QuotasAdminNegativeTest:setUpClass): 200 GET http://10.180.1.21/identity/v3/domains?name=Default 0.068s
2025-11-28 19:19:31.955 66919 INFO tempest.lib.common.rest_client [req-c5a8c0e3-26b5-4dab-a68b-697d2ef08d01 req-c5a8c0e3-26b5-4dab-a68b-697d2ef08d01 ] Request (ServersListShow298Test:setUpClass): 201 POST http://10.180.1.21/identity/v3/users 0.083s
2025-11-28 19:19:31.978 66889 INFO tempest.lib.common.rest_client [req-adff16c9-1b35-4df7-94b8-b327d5155068 req-adff16c9-1b35-4df7-94b8-b327d5155068 ] Request (QuotasAdminNegativeTest:setUpClass): 201 POST http://10.180.1.21/identity/v3/projects 0.049s
2025-11-28 19:19:32.042 66919 INFO tempest.lib.common.rest_client [req-54bac6b7-e836-45b4-9662-1427520cac6e req-54bac6b7-e836-45b4-9662-1427520cac6e ] Request (ServersListShow298Test:setUpClass): 200 GET http://10.180.1.21/identity/v3/roles 0.086s
2025-11-28 19:19:32.103 66889 INFO tempest.lib.common.rest_client [req-ee80b25a-fac8-4018-a304-06daa63ebca4 req-ee80b25a-fac8-4018-a304-06daa63ebca4 ] Request (QuotasAdminNegativeTest:setUpClass): 201 POST http://10.180.1.21/identity/v3/users 0.124s
2025-11-28 19:19:32.147 66919 INFO tempest.lib.common.rest_client [req-ac5928d6-ff58-4af9-908d-96f1a11ffc29 req-ac5928d6-ff58-4af9-908d-96f1a11ffc29 ] Request (ServersListShow298Test:setUpClass): 204 PUT http://10.180.1.21/identity/v3/projects/f2c4b7ea2ab848c48e57edb045f07d24/users/7cfcd61eb9d3447abe102303a3a2c2c3/roles/01c0df71f9de4629a8928d9498acf094 0.105s
2025-11-28 19:19:32.148 66919 INFO tempest.lib.common.dynamic_creds [-] Dynamic test user 7cfcd61eb9d3447abe102303a3a2c2c3 is created with scope project and roles: ['member']
2025-11-28 19:19:32.148 66919 INFO tempest.lib.common.dynamic_creds [-] Acquired dynamic creds: credentials: Credentials: {'domain_id': 'default', 'domain_name': 'Default', 'username': 'tempest-ServersListShow298Test-2012825977-project-member', 'project_domain_id': 'default', 'project_domain_name': 'Default', 'project_id': 'f2c4b7ea2ab848c48e57edb045f07d24', 'project_name': 'tempest-ServersListShow298Test-2012825977', 'tenant_id': 'f2c4b7ea2ab848c48e57edb045f07d24', 'tenant_name': 'tempest-ServersListShow298Test-2012825977', 'user_domain_id': 'default', 'user_domain_name': 'Default', 'user_id': '7cfcd61eb9d3447abe102303a3a2c2c3', 'system': None}, Network: None, Subnet: None, Router: None
2025-11-28 19:19:32.148 66919 INFO tempest.lib.common.dynamic_creds [-] Created isolated network resources for: credentials: Credentials: {'domain_id': 'default', 'domain_name': 'Default', 'username': 'tempest-ServersListShow298Test-2012825977-project-member', 'project_domain_id': 'default', 'project_domain_name': 'Default', 'project_id': 'f2c4b7ea2ab848c48e57edb045f07d24', 'project_name': 'tempest-ServersListShow298Test-2012825977', 'tenant_id': 'f2c4b7ea2ab848c48e57edb045f07d24', 'tenant_name': 'tempest-ServersListShow298Test-2012825977', 'user_domain_id': 'default', 'user_domain_name': 'Default', 'user_id': '7cfcd61eb9d3447abe102303a3a2c2c3', 'system': None}, Network: None, Subnet: None, Router: None
2025-11-28 19:19:32.150 66889 INFO tempest.lib.common.rest_client [req-e4aed600-42d8-4183-b601-43ed94bb7ac1 req-e4aed600-42d8-4183-b601-43ed94bb7ac1 ] Request (QuotasAdminNegativeTest:setUpClass): 200 GET http://10.180.1.21/identity/v3/roles 0.047s
2025-11-28 19:19:32.181 66905 INFO tempest.lib.common.rest_client [req-f1873b52-342b-4525-a048-de8a3753a308 req-f1873b52-342b-4525-a048-de8a3753a308 ] Request (ServerActionsV293TestJSON:setUpClass): 200 GET http://10.180.1.21/volume/v3/volumes/406155bf-59f9-4974-b309-9ddaff78c9cf 0.046s
2025-11-28 19:19:32.206 66929 INFO tempest.lib.common.rest_client [req-70c7b5fa-966b-4a5a-bc52-832953aa0844 req-70c7b5fa-966b-4a5a-bc52-832953aa0844 ] Request (ServersTestBootFromVolume:setUpClass): 200 POST http://10.180.1.21/compute/v2.1/os-keypairs 4.724s
2025-11-28 19:19:32.260 66889 INFO tempest.lib.common.rest_client [req-b03f7c84-a96e-416b-abdc-92d54d01080a req-b03f7c84-a96e-416b-abdc-92d54d01080a ] Request (QuotasAdminNegativeTest:setUpClass): 204 PUT http://10.180.1.21/identity/v3/projects/b5447874fbe9420983528dea2b63bb10/users/078f9078fe4d44e3952a556ffeb99cdd/roles/01c0df71f9de4629a8928d9498acf094 0.109s
2025-11-28 19:19:32.261 66889 INFO tempest.lib.common.dynamic_creds [-] Dynamic test user 078f9078fe4d44e3952a556ffeb99cdd is created with scope project and roles: ['member']
2025-11-28 19:19:32.261 66889 INFO tempest.lib.common.dynamic_creds [-] Acquired dynamic creds: credentials: Credentials: {'domain_id': 'default', 'domain_name': 'Default', 'username': 'tempest-QuotasAdminNegativeTest-1292827600-project-member', 'project_domain_id': 'default', 'project_domain_name': 'Default', 'project_id': 'b5447874fbe9420983528dea2b63bb10', 'project_name': 'tempest-QuotasAdminNegativeTest-1292827600', 'tenant_id': 'b5447874fbe9420983528dea2b63bb10', 'tenant_name': 'tempest-QuotasAdminNegativeTest-1292827600', 'user_domain_id': 'default', 'user_domain_name': 'Default', 'user_id': '078f9078fe4d44e3952a556ffeb99cdd', 'system': None}, Network: None, Subnet: None, Router: None
2025-11-28 19:19:32.261 66889 INFO tempest.lib.common.dynamic_creds [-] Created isolated network resources for: credentials: Credentials: {'domain_id': 'default', 'domain_name': 'Default', 'username': 'tempest-QuotasAdminNegativeTest-1292827600-project-member', 'project_domain_id': 'default', 'project_domain_name': 'Default', 'project_id': 'b5447874fbe9420983528dea2b63bb10', 'project_name': 'tempest-QuotasAdminNegativeTest-1292827600', 'tenant_id': 'b5447874fbe9420983528dea2b63bb10', 'tenant_name': 'tempest-QuotasAdminNegativeTest-1292827600', 'user_domain_id': 'default', 'user_domain_name': 'Default', 'user_id': '078f9078fe4d44e3952a556ffeb99cdd', 'system': None}, Network: None, Subnet: None, Router: None
2025-11-28 19:19:32.314 66919 INFO tempest.lib.common.rest_client [req-04cbfc2e-f150-42a7-b675-deef2299c4c9 req-04cbfc2e-f150-42a7-b675-deef2299c4c9 ] Request (ServersListShow298Test:setUpClass): 201 POST http://10.180.1.21/identity/v3/auth/tokens 0.159s
2025-11-28 19:19:32.329 66885 INFO tempest.lib.common.rest_client [req-6891f05f-b2d5-4d1d-b3ee-d79c846ca156 req-6891f05f-b2d5-4d1d-b3ee-d79c846ca156 ] Request (ServersNegativeTestJSON:setUpClass): 200 PUT http://10.180.1.21/networking/v2.0/routers/65bddd79-b90a-416c-9555-2b948d636a58/add_router_interface 1.479s
2025-11-28 19:19:32.330 66885 INFO tempest.lib.common.dynamic_creds [-] Created isolated network resources for: credentials: Credentials: {'domain_id': 'default', 'domain_name': 'Default', 'username': 'tempest-ServersNegativeTestJSON-375310877-project-member', 'project_domain_id': 'default', 'project_domain_name': 'Default', 'project_id': '5f1916335cd1455d9bda163595bad20a', 'project_name': 'tempest-ServersNegativeTestJSON-375310877', 'tenant_id': '5f1916335cd1455d9bda163595bad20a', 'tenant_name': 'tempest-ServersNegativeTestJSON-375310877', 'user_domain_id': 'default', 'user_domain_name': 'Default', 'user_id': 'e144376ae7e049bea47969f826a443bc', 'system': None}, Network: {'id': '51058dbc-06fa-46b4-8883-b1f9c219a837', 'name': 'tempest-ServersNegativeTestJSON-1647939646-network', 'tenant_id': '5f1916335cd1455d9bda163595bad20a', 'project_id': '5f1916335cd1455d9bda163595bad20a', 'admin_state_up': True, 'mtu': 8950, 'status': 'ACTIVE', 'subnets': [], 'shared': False, 'port_security_enabled': True, 'router:external': False, 'provider:network_type': 'vlan', 'provider:physical_network': 'default', 'provider:segmentation_id': 887, 'availability_zone_hints': [], 'availability_zones': [], 'ipv4_address_scope': None, 'ipv6_address_scope': None, 'description': '', 'tags': [], 'created_at': '2025-11-28T19:19:28Z', 'updated_at': '2025-11-28T19:19:28Z', 'revision_number': 1}, Subnet: {'id': '2fa08182-b120-4fe2-84f3-c5e73bf79b55', 'name': 'tempest-ServersNegativeTestJSON-1647939646-subnet', 'tenant_id': '5f1916335cd1455d9bda163595bad20a', 'network_id': '51058dbc-06fa-46b4-8883-b1f9c219a837', 'ip_version': 4, 'subnetpool_id': None, 'enable_dhcp': True, 'ipv6_ra_mode': None, 'ipv6_address_mode': None, 'gateway_ip': '192.168.128.1', 'cidr': '192.168.128.0/28', 'allocation_pools': [{'start': '192.168.128.2', 'end': '192.168.128.14'}], 'host_routes': [], 'dns_nameservers': [], 'description': '', 'router:external': False, 'service_types': [], 'tags': [], 'created_at': '2025-11-28T19:19:29Z', 'updated_at': '2025-11-28T19:19:29Z', 'revision_number': 0, 'project_id': '5f1916335cd1455d9bda163595bad20a'}, Router: {'id': '65bddd79-b90a-416c-9555-2b948d636a58', 'name': 'tempest-ServersNegativeTestJSON-1647939646-router', 'tenant_id': '5f1916335cd1455d9bda163595bad20a', 'admin_state_up': True, 'status': 'ACTIVE', 'external_gateway_info': {'network_id': 'cb2d7a56-9a0b-44fa-bb87-96c2cf8b434e', 'external_fixed_ips': [{'subnet_id': '5a9e1e9d-5d08-4012-b04e-2e9e1af21d79', 'ip_address': '10.180.180.167'}], 'enable_snat': True}, 'description': '', 'availability_zones': [], 'distributed': False, 'ha': False, 'availability_zone_hints': [], 'routes': [], 'flavor_id': None, 'tags': [], 'created_at': '2025-11-28T19:19:30Z', 'updated_at': '2025-11-28T19:19:30Z', 'revision_number': 2, 'project_id': '5f1916335cd1455d9bda163595bad20a'}
2025-11-28 19:19:32.426 66919 INFO tempest.lib.common.rest_client [req-b82fbf32-1de3-4aff-9534-caf7ee6f7c78 req-b82fbf32-1de3-4aff-9534-caf7ee6f7c78 ] Request (ServersListShow298Test:test_list_show_update_rebuild_server_298): 201 POST http://10.180.1.21/identity/v3/auth/tokens 0.103s
2025-11-28 19:19:32.427 66919 INFO tempest.lib.common.fixed_network [-] (ServersListShow298Test:test_list_show_update_rebuild_server_298) Found network None available for tenant
2025-11-28 19:19:32.433 66931 INFO tempest.lib.common.rest_client [req-6c629216-0d10-4d64-ac6c-b3c8665008d2 req-6c629216-0d10-4d64-ac6c-b3c8665008d2 ] Request (ImagesOneServerTestJSON:setUpClass): 200 GET http://10.180.1.21/compute/v2.1/servers/fa859be7-1979-4bdf-8e8d-d7931157b38e 5.483s
2025-11-28 19:19:32.438 66907 INFO tempest.lib.common.rest_client [req-003a25c8-cc17-4188-81be-29dba309caf7 req-003a25c8-cc17-4188-81be-29dba309caf7 ] Request (SecurityGroupsNegativeTestJSON:test_delete_security_group_without_passing_id): 404 DELETE http://10.180.1.21/compute/v2.1/os-security-groups/ 4.497s
2025-11-28 19:19:32.444 66931 INFO tempest.common.waiters [-] State transition "BUILD/None" ==> "BUILD/spawning" after 7 second wait
2025-11-28 19:19:32.448 66939 INFO tempest.lib.common.rest_client [req-d0b38853-682b-47f9-979b-6d9b2bc3c5af req-d0b38853-682b-47f9-979b-6d9b2bc3c5af ] Request (AggregatesAdminNegativeTestJSON:test_aggregate_delete_as_user): 403 DELETE http://10.180.1.21/compute/v2.1/os-aggregates/5 4.448s
2025-11-28 19:19:32.460 66889 INFO tempest.lib.common.rest_client [req-7c2c1ae5-bec0-4aa1-8ab0-b0777d13e711 req-7c2c1ae5-bec0-4aa1-8ab0-b0777d13e711 ] Request (QuotasAdminNegativeTest:setUpClass): 201 POST http://10.180.1.21/identity/v3/auth/tokens 0.194s
2025-11-28 19:19:32.518 66915 INFO tempest.lib.common.rest_client [req-bbfab0a8-c473-4a99-85ca-accafd670597 req-bbfab0a8-c473-4a99-85ca-accafd670597 ] Request (KeyPairsV22TestJSON:test_keypairsv22_create_list_show): 201 POST http://10.180.1.21/compute/v2.1/os-keypairs 4.513s
2025-11-28 19:19:32.538 66895 INFO tempest.lib.common.rest_client [req-ef25ee46-c8d1-482a-8171-13d7a937e28c req-ef25ee46-c8d1-482a-8171-13d7a937e28c ] Request (KeyPairsV2TestJSON:_run_cleanups): 202 DELETE http://10.180.1.21/compute/v2.1/os-keypairs/tempest-keypair-1312435499 4.492s
2025-11-28 19:19:32.551 66883 INFO tempest.lib.common.rest_client [req-4da71a52-f455-45be-bf1e-45dfd139412a req-4da71a52-f455-45be-bf1e-45dfd139412a ] Request (ServerAddressesTestJSON:tearDownClass): 204 DELETE http://10.180.1.21/networking/v2.0/networks/c6b7a21d-90be-4fe9-97b1-3655cb5a57cf 0.680s
2025-11-28 19:19:32.570 66889 INFO tempest.lib.common.rest_client [req-9d08a436-f115-4f7e-9e54-99cf7b11f1e1 req-9d08a436-f115-4f7e-9e54-99cf7b11f1e1 ] Request (QuotasAdminNegativeTest:setUpClass): 201 POST http://10.180.1.21/identity/v3/projects 0.107s
2025-11-28 19:19:32.577 66891 INFO tempest.lib.common.rest_client [req-18158477-885c-441a-89a6-f8fb7afecfc3 req-18158477-885c-441a-89a6-f8fb7afecfc3 ] Request (FlavorsAccessNegativeTestJSON:_run_cleanups): 200 GET http://10.180.1.21/compute/v2.1/flavors/detail 4.512s
2025-11-28 19:19:32.585 66885 INFO tempest.lib.common.rest_client [req-19610fa5-ce78-40cd-befd-2ce4ab1aafb7 req-19610fa5-ce78-40cd-befd-2ce4ab1aafb7 ] Request (ServersNegativeTestJSON:setUpClass): 201 POST http://10.180.1.21/identity/v3/auth/tokens 0.247s
2025-11-28 19:19:32.609 66893 INFO tempest.lib.common.rest_client [req-6f762ef4-2587-4783-898a-5c16257a4d4e req-6f762ef4-2587-4783-898a-5c16257a4d4e ] Request (MultipleCreateTestJSON:test_multiple_create): 200 GET http://10.180.1.21/compute/v2.1/servers/17f5b15d-28a1-4e83-9f0f-724df6590a9f 4.705s
2025-11-28 19:19:32.652 66917 INFO tempest.lib.common.rest_client [req-b19343fd-a048-4f7d-adad-afe5d27844c6 req-b19343fd-a048-4f7d-adad-afe5d27844c6 ] Request (FlavorsAdminTestJSON:_run_cleanups): 200 GET http://10.180.1.21/compute/v2.1/flavors/detail 4.570s
2025-11-28 19:19:32.663 66933 INFO tempest.lib.common.rest_client [req-b769c4c5-3d2e-4a99-9daa-32ff0c6e4fab req-b769c4c5-3d2e-4a99-9daa-32ff0c6e4fab ] Request (ListServersNegativeTestJSON:test_list_servers_by_limits_greater_than_actual_count): 200 GET http://10.180.1.21/compute/v2.1/servers?limit=102 4.592s
2025-11-28 19:19:32.673 66929 INFO tempest.lib.common.rest_client [req-23adfa9f-3902-4dc2-a991-0d62a9877377 req-23adfa9f-3902-4dc2-a991-0d62a9877377 ] Request (ServersTestBootFromVolume:setUpClass): 201 POST http://10.180.1.21/networking/v2.0/security-groups 0.460s
2025-11-28 19:19:32.673 66901 INFO tempest.lib.common.rest_client [req-afcf2e27-a559-420e-b2b1-adacde1f7e9d req-afcf2e27-a559-420e-b2b1-adacde1f7e9d ] Request (FlavorsV2TestJSON:test_list_flavors_using_marker): 200 GET http://10.180.1.21/compute/v2.1/flavors/42 4.586s
2025-11-28 19:19:32.699 66889 INFO tempest.lib.common.rest_client [req-ebd3df78-da6f-445f-859b-2ed6edc3c932 req-ebd3df78-da6f-445f-859b-2ed6edc3c932 ] Request (QuotasAdminNegativeTest:setUpClass): 201 POST http://10.180.1.21/identity/v3/users 0.128s
2025-11-28 19:19:32.778 66885 INFO tempest.lib.common.rest_client [req-7ab210fc-dbcc-4029-b821-58ef640db811 req-7ab210fc-dbcc-4029-b821-58ef640db811 ] Request (ServersNegativeTestJSON:setUpClass): 201 POST http://10.180.1.21/identity/v3/auth/tokens 0.184s
2025-11-28 19:19:32.779 66885 INFO tempest.lib.common.fixed_network [-] (ServersNegativeTestJSON:setUpClass) Found network {'id': '51058dbc-06fa-46b4-8883-b1f9c219a837', 'name': 'tempest-ServersNegativeTestJSON-1647939646-network', 'tenant_id': '5f1916335cd1455d9bda163595bad20a', 'project_id': '5f1916335cd1455d9bda163595bad20a', 'admin_state_up': True, 'mtu': 8950, 'status': 'ACTIVE', 'subnets': [], 'shared': False, 'port_security_enabled': True, 'router:external': False, 'provider:network_type': 'vlan', 'provider:physical_network': 'default', 'provider:segmentation_id': 887, 'availability_zone_hints': [], 'availability_zones': [], 'ipv4_address_scope': None, 'ipv6_address_scope': None, 'description': '', 'tags': [], 'created_at': '2025-11-28T19:19:28Z', 'updated_at': '2025-11-28T19:19:28Z', 'revision_number': 1} available for tenant
2025-11-28 19:19:32.801 66889 INFO tempest.lib.common.rest_client [req-0f7674dc-cb7a-4bdb-8d60-c5b383208e15 req-0f7674dc-cb7a-4bdb-8d60-c5b383208e15 ] Request (QuotasAdminNegativeTest:setUpClass): 200 GET http://10.180.1.21/identity/v3/roles 0.101s
2025-11-28 19:19:32.835 66889 INFO tempest.lib.common.rest_client [req-93b68979-77b5-45b2-9f9d-74852c3bd1bf req-93b68979-77b5-45b2-9f9d-74852c3bd1bf ] Request (QuotasAdminNegativeTest:setUpClass): 204 PUT http://10.180.1.21/identity/v3/projects/4abb3ab7658f49379614ab7a1dfaf997/users/c88c977b3a4a4801825edc88062c804f/roles/4453499e819f4d1eb1486d97a889c379 0.033s
2025-11-28 19:19:32.891 66883 INFO tempest.lib.common.rest_client [req-7b15b2ca-e4d0-46d8-ae18-35f7f4ad7668 req-7b15b2ca-e4d0-46d8-ae18-35f7f4ad7668 ] Request (ServerAddressesTestJSON:tearDownClass): 204 DELETE http://10.180.1.21/identity/v3/users/358b708cf324438ba2c4351a5386a0e4 0.340s
2025-11-28 19:19:32.891 66883 INFO tempest.lib.common.dynamic_creds [-] Deleting project and security group for project: 968dffd4b396410e98b8e9147ea8e613
2025-11-28 19:19:32.935 66929 INFO tempest.lib.common.rest_client [req-a55229f5-706e-49ad-9e46-3b51b8a01bb2 req-a55229f5-706e-49ad-9e46-3b51b8a01bb2 ] Request (ServersTestBootFromVolume:setUpClass): 201 POST http://10.180.1.21/networking/v2.0/security-group-rules 0.261s
2025-11-28 19:19:32.943 66889 INFO tempest.lib.common.rest_client [req-d141bb55-ea8e-4b4d-871a-76e6156e9abe req-d141bb55-ea8e-4b4d-871a-76e6156e9abe ] Request (QuotasAdminNegativeTest:setUpClass): 200 GET http://10.180.1.21/identity/v3/roles 0.107s
2025-11-28 19:19:33.001 66889 INFO tempest.lib.common.rest_client [req-aa2628ad-ba09-4d60-8c80-7e5599428fb7 req-aa2628ad-ba09-4d60-8c80-7e5599428fb7 ] Request (QuotasAdminNegativeTest:setUpClass): 204 PUT http://10.180.1.21/identity/v3/projects/4abb3ab7658f49379614ab7a1dfaf997/users/c88c977b3a4a4801825edc88062c804f/roles/4453499e819f4d1eb1486d97a889c379 0.057s
2025-11-28 19:19:33.001 66889 INFO tempest.lib.common.dynamic_creds [-] Dynamic test user c88c977b3a4a4801825edc88062c804f is created with scope project and roles: ['admin']
2025-11-28 19:19:33.002 66889 INFO tempest.lib.common.dynamic_creds [-] Acquired dynamic creds: credentials: Credentials: {'domain_id': 'default', 'domain_name': 'Default', 'username': 'tempest-QuotasAdminNegativeTest-812057123-project-admin', 'project_domain_id': 'default', 'project_domain_name': 'Default', 'project_id': '4abb3ab7658f49379614ab7a1dfaf997', 'project_name': 'tempest-QuotasAdminNegativeTest-812057123', 'tenant_id': '4abb3ab7658f49379614ab7a1dfaf997', 'tenant_name': 'tempest-QuotasAdminNegativeTest-812057123', 'user_domain_id': 'default', 'user_domain_name': 'Default', 'user_id': 'c88c977b3a4a4801825edc88062c804f', 'system': None}, Network: None, Subnet: None, Router: None
2025-11-28 19:19:33.002 66889 INFO tempest.lib.common.dynamic_creds [-] Created isolated network resources for: credentials: Credentials: {'domain_id': 'default', 'domain_name': 'Default', 'username': 'tempest-QuotasAdminNegativeTest-812057123-project-admin', 'project_domain_id': 'default', 'project_domain_name': 'Default', 'project_id': '4abb3ab7658f49379614ab7a1dfaf997', 'project_name': 'tempest-QuotasAdminNegativeTest-812057123', 'tenant_id': '4abb3ab7658f49379614ab7a1dfaf997', 'tenant_name': 'tempest-QuotasAdminNegativeTest-812057123', 'user_domain_id': 'default', 'user_domain_name': 'Default', 'user_id': 'c88c977b3a4a4801825edc88062c804f', 'system': None}, Network: None, Subnet: None, Router: None
2025-11-28 19:19:33.086 66925 WARNING tempest.lib.common.ssh [-] Failed to establish authenticated ssh connection to cirros@10.180.180.128 ([Errno None] Unable to connect to port 22 on 10.180.180.128). Number attempts: 2. Retry after 3 seconds.: paramiko.ssh_exception.NoValidConnectionsError: [Errno None] Unable to connect to port 22 on 10.180.180.128
2025-11-28 19:19:33.117 66889 INFO tempest.lib.common.rest_client [req-51850ff7-316f-455f-887b-8b8247e671f8 req-51850ff7-316f-455f-887b-8b8247e671f8 ] Request (QuotasAdminNegativeTest:setUpClass): 201 POST http://10.180.1.21/identity/v3/auth/tokens 0.111s
2025-11-28 19:19:33.119 66889 WARNING tempest.lib.common.rest_client [-] Deprecated: "tenant_id" property is deprecated for removal, use "project_id" instead
2025-11-28 19:19:33.132 66883 INFO tempest.lib.common.rest_client [req-15c03667-d93e-49ed-b267-b12e81d73334 req-15c03667-d93e-49ed-b267-b12e81d73334 ] Request (ServerAddressesTestJSON:tearDownClass): 200 GET http://10.180.1.21/networking/v2.0/security-groups?tenant_id=968dffd4b396410e98b8e9147ea8e613&name=default 0.240s
2025-11-28 19:19:33.142 66943 INFO tempest.lib.common.rest_client [req-0f5019d6-bd2b-4ee7-889f-801a44f0477d req-0f5019d6-bd2b-4ee7-889f-801a44f0477d ] Request (SecurityGroupRulesTestJSON:test_security_group_rules_list): 200 POST http://10.180.1.21/compute/v2.1/os-security-group-rules 4.924s
2025-11-28 19:19:33.184 66903 INFO tempest.lib.common.rest_client [req-6e2db9f0-6237-44e3-beb8-68d5e9cfd7dc req-6e2db9f0-6237-44e3-beb8-68d5e9cfd7dc ] Request (ListImageFiltersTestJSON:setUpClass): 200 GET http://10.180.1.21/compute/v2.1/servers/4f824a05-2ceb-4b2d-83a1-61131df7ef6a 4.567s
2025-11-28 19:19:33.238 66905 INFO tempest.lib.common.rest_client [req-16890a16-85cd-41df-afe5-6bf6375bb251 req-16890a16-85cd-41df-afe5-6bf6375bb251 ] Request (ServerActionsV293TestJSON:setUpClass): 200 GET http://10.180.1.21/volume/v3/volumes/406155bf-59f9-4974-b309-9ddaff78c9cf 0.045s
2025-11-28 19:19:33.292 66929 INFO tempest.lib.common.rest_client [req-5337c95a-6b02-44f1-a3ee-790597b0e42c req-5337c95a-6b02-44f1-a3ee-790597b0e42c ] Request (ServersTestBootFromVolume:setUpClass): 201 POST http://10.180.1.21/networking/v2.0/security-group-rules 0.357s
2025-11-28 19:19:33.341 66913 INFO tempest.lib.common.rest_client [req-66b85ff7-73ba-42d2-bf97-15114593dece req-66b85ff7-73ba-42d2-bf97-15114593dece ] Request (ServersAdmin275Test:tearDownClass): 200 GET http://10.180.1.21/compute/v2.1/servers/d2731828-8f9a-4cbb-af81-82c01b96e148 4.596s
2025-11-28 19:19:33.406 66883 INFO tempest.lib.common.rest_client [req-fe647ca1-32fe-47d1-9aa3-dee8c444d18d req-fe647ca1-32fe-47d1-9aa3-dee8c444d18d ] Request (ServerAddressesTestJSON:tearDownClass): 204 DELETE http://10.180.1.21/networking/v2.0/security-groups/f40915ba-8560-4243-a90e-1d2bc4bfd564 0.273s
2025-11-28 19:19:33.474 66899 INFO tempest.lib.common.rest_client [req-35c70c47-d60f-4c46-8c93-27603cac8bc7 req-35c70c47-d60f-4c46-8c93-27603cac8bc7 ] Request (ServerDiagnosticsTest:test_get_server_diagnostics): 200 GET http://10.180.1.21/compute/v2.1/servers/32a94ea8-67fa-46bc-a7d2-444e7cebb895 4.687s
2025-11-28 19:19:33.493 66911 INFO tempest.lib.common.rest_client [req-827155f4-a86a-4d10-ae77-4df6a21fae56 req-827155f4-a86a-4d10-ae77-4df6a21fae56 ] Request (VolumesAdminNegativeTest:test_update_attached_volume_with_nonexistent_volume_in_uri): 200 GET http://10.180.1.21/compute/v2.1/servers/44b8a887-f4aa-46f6-aae9-499532bf8f25 4.504s
2025-11-28 19:19:33.560 66883 INFO tempest.lib.common.rest_client [req-f2934e08-49e8-49db-946c-8459e0d809b2 req-f2934e08-49e8-49db-946c-8459e0d809b2 ] Request (ServerAddressesTestJSON:tearDownClass): 204 DELETE http://10.180.1.21/identity/v3/projects/968dffd4b396410e98b8e9147ea8e613 0.153s
2025-11-28 19:19:33.634 66883 INFO tempest.lib.common.rest_client [req-241feb1d-997b-4707-aee5-b68b1b1f2d72 req-241feb1d-997b-4707-aee5-b68b1b1f2d72 ] Request (ComputeTenantNetworksTest:setUpClass): 201 POST http://10.180.1.21/identity/v3/auth/tokens 0.073s
2025-11-28 19:19:33.667 66883 INFO tempest.lib.common.rest_client [req-1479c53d-abeb-4824-8fb3-8a7f408a5190 req-1479c53d-abeb-4824-8fb3-8a7f408a5190 ] Request (ComputeTenantNetworksTest:setUpClass): 201 POST http://10.180.1.21/identity/v3/auth/tokens 0.031s
2025-11-28 19:19:33.702 66883 INFO tempest.lib.common.rest_client [req-1e408149-860a-430b-96b8-e91cf75c4221 req-1e408149-860a-430b-96b8-e91cf75c4221 ] Request (ComputeTenantNetworksTest:setUpClass): 200 GET http://10.180.1.21/identity/v3/domains?name=Default 0.034s
2025-11-28 19:19:33.716 66938 INFO tempest.lib.common.rest_client [req-c3776aab-c887-4c75-8adc-cc76648e538a req-c3776aab-c887-4c75-8adc-cc76648e538a ] Request (ServersTestMultiNic:_run_cleanups): 200 GET http://10.180.1.21/compute/v2.1/servers/740117d6-35b5-4d91-ab6d-3a7a1f5f715d 3.750s
2025-11-28 19:19:33.747 66887 INFO tempest.lib.common.rest_client [req-3cedb96c-723c-4e65-99df-c5cbfef5b3ef req-3cedb96c-723c-4e65-99df-c5cbfef5b3ef ] Request (ServerDiagnosticsV248Test:tearDownClass): 404 GET http://10.180.1.21/compute/v2.1/servers/05ed9451-8ca3-4347-8196-f8ae9a2dd1e7 3.756s
2025-11-28 19:19:33.752 66883 INFO tempest.lib.common.rest_client [req-33935bab-c3dc-4f6e-9c96-0a67638a6be9 req-33935bab-c3dc-4f6e-9c96-0a67638a6be9 ] Request (ComputeTenantNetworksTest:setUpClass): 201 POST http://10.180.1.21/identity/v3/projects 0.049s
2025-11-28 19:19:33.777 66927 INFO tempest.lib.common.rest_client [req-aa88aaaf-cf9e-4782-a183-77be230051b1 req-aa88aaaf-cf9e-4782-a183-77be230051b1 ] Request (ImagesOneServerNegativeTestJSON:setUpClass): 200 GET http://10.180.1.21/compute/v2.1/servers/e891e061-3801-47f2-ab06-4c9ac41fd2e6 4.204s
2025-11-28 19:19:33.789 66927 INFO tempest.common.waiters [-] State transition "BUILD/spawning" ==> "ACTIVE/None" after 20 second wait
2025-11-28 19:19:33.839 66883 INFO tempest.lib.common.rest_client [req-3e3c1263-9529-4c8f-b75c-90704bce2901 req-3e3c1263-9529-4c8f-b75c-90704bce2901 ] Request (ComputeTenantNetworksTest:setUpClass): 201 POST http://10.180.1.21/identity/v3/users 0.087s
2025-11-28 19:19:33.844 66881 INFO tempest.lib.common.rest_client [req-dacd4af7-df89-4382-8dc2-186955676e9f req-dacd4af7-df89-4382-8dc2-186955676e9f ] Request (TenantUsagesTestJSON:tearDownClass): 200 GET http://10.180.1.21/compute/v2.1/servers/b063a106-63b8-46ff-984b-c8f11149d3d8 2.786s
2025-11-28 19:19:33.865 66883 INFO tempest.lib.common.rest_client [req-37a7901e-5d8a-488a-b84e-e22089ed15b0 req-37a7901e-5d8a-488a-b84e-e22089ed15b0 ] Request (ComputeTenantNetworksTest:setUpClass): 200 GET http://10.180.1.21/identity/v3/roles 0.025s
2025-11-28 19:19:33.881 66929 INFO tempest.lib.common.rest_client [req-39dc4342-bcf0-4458-8a26-14f0b64f4706 req-39dc4342-bcf0-4458-8a26-14f0b64f4706 ] Request (ServersTestBootFromVolume:setUpClass): 201 POST http://10.180.1.21/networking/v2.0/floatingips 0.588s
2025-11-28 19:19:33.901 66887 INFO tempest.lib.common.rest_client [req-b1366796-46dc-4db8-a58f-9756efac840a req-b1366796-46dc-4db8-a58f-9756efac840a ] Request (ServerDiagnosticsV248Test:tearDownClass): 204 DELETE http://10.180.1.21/identity/v3/users/51d32afe15db4b38957c7a07c27b2a27 0.153s
2025-11-28 19:19:33.954 66883 INFO tempest.lib.common.rest_client [req-3810106c-fe21-4601-ab5f-72e99644ab27 req-3810106c-fe21-4601-ab5f-72e99644ab27 ] Request (ComputeTenantNetworksTest:setUpClass): 204 PUT http://10.180.1.21/identity/v3/projects/7c155f4dca4042519813ea5ba53c65ee/users/cf2e7c6a91b744edb8657c540f91378a/roles/01c0df71f9de4629a8928d9498acf094 0.088s
2025-11-28 19:19:33.954 66883 INFO tempest.lib.common.dynamic_creds [-] Dynamic test user cf2e7c6a91b744edb8657c540f91378a is created with scope project and roles: ['member']
2025-11-28 19:19:33.954 66883 INFO tempest.lib.common.dynamic_creds [-] Acquired dynamic creds: credentials: Credentials: {'domain_id': 'default', 'domain_name': 'Default', 'username': 'tempest-ComputeTenantNetworksTest-1850419199-project-member', 'project_domain_id': 'default', 'project_domain_name': 'Default', 'project_id': '7c155f4dca4042519813ea5ba53c65ee', 'project_name': 'tempest-ComputeTenantNetworksTest-1850419199', 'tenant_id': '7c155f4dca4042519813ea5ba53c65ee', 'tenant_name': 'tempest-ComputeTenantNetworksTest-1850419199', 'user_domain_id': 'default', 'user_domain_name': 'Default', 'user_id': 'cf2e7c6a91b744edb8657c540f91378a', 'system': None}, Network: None, Subnet: None, Router: None
2025-11-28 19:19:33.967 66929 INFO tempest.lib.common.rest_client [req-0355c462-90de-4a19-9246-b66bd6b84817 req-0355c462-90de-4a19-9246-b66bd6b84817 ] Request (ServersTestBootFromVolume:setUpClass): 201 POST http://10.180.1.21/identity/v3/auth/tokens 0.083s
2025-11-28 19:19:33.968 66929 INFO tempest.lib.common.fixed_network [-] (ServersTestBootFromVolume:setUpClass) Found network {'id': '1af79c79-7dfc-44ed-baf7-325cfa664718', 'name': 'tempest-ServersTestBootFromVolume-1728393573-network', 'tenant_id': '038771002a1c4df78cb5bfada6d26f85', 'project_id': '038771002a1c4df78cb5bfada6d26f85', 'admin_state_up': True, 'mtu': 8950, 'status': 'ACTIVE', 'subnets': [], 'shared': False, 'port_security_enabled': True, 'router:external': False, 'provider:network_type': 'vlan', 'provider:physical_network': 'default', 'provider:segmentation_id': 288, 'availability_zone_hints': [], 'availability_zones': [], 'ipv4_address_scope': None, 'ipv6_address_scope': None, 'description': '', 'tags': [], 'created_at': '2025-11-28T19:19:24Z', 'updated_at': '2025-11-28T19:19:24Z', 'revision_number': 1} available for tenant
2025-11-28 19:19:33.976 66923 INFO tempest.lib.common.rest_client [req-5afa0b67-e035-48d4-8bdb-f7a91a3b1edb req-5afa0b67-e035-48d4-8bdb-f7a91a3b1edb ] Request (DeleteServersAdminTestJSON:test_delete_server_while_in_error_state): 200 GET http://10.180.1.21/compute/v2.1/servers/c210cf14-e680-465f-af38-babbb7ccd816 2.674s
2025-11-28 19:19:34.020 66909 INFO tempest.lib.common.rest_client [req-f399e422-7a88-4c9f-9845-6b6a2fe44922 req-f399e422-7a88-4c9f-9845-6b6a2fe44922 ] Request (ServerRescueNegativeTestJSON:setUpClass): 200 GET http://10.180.1.21/compute/v2.1/servers/5ad7d52b-ffc2-4f46-b7fe-d928675a6cf6 2.303s
2025-11-28 19:19:34.031 66909 INFO tempest.common.waiters [-] State transition "BUILD/spawning" ==> "ACTIVE/None" after 19 second wait
2025-11-28 19:19:34.046 66883 INFO tempest.lib.common.rest_client [req-5de015a2-7687-42ed-8153-c20519637e77 req-5de015a2-7687-42ed-8153-c20519637e77 ] Request (ComputeTenantNetworksTest:setUpClass): 201 POST http://10.180.1.21/identity/v3/auth/tokens 0.092s
2025-11-28 19:19:34.080 66887 INFO tempest.lib.common.rest_client [req-4b07f064-b3e5-49f1-a267-e0868c511451 req-4b07f064-b3e5-49f1-a267-e0868c511451 ] Request (ServerDiagnosticsV248Test:tearDownClass): 204 DELETE http://10.180.1.21/identity/v3/users/c5dd817c28bf45b794822c3da59ebe25 0.179s
2025-11-28 19:19:34.081 66887 INFO tempest.lib.common.dynamic_creds [-] Deleting project and security group for project: cf3b06c611ab4400889e0fd0e9c29130
2025-11-28 19:19:34.132 66897 INFO tempest.lib.common.rest_client [req-26ed9a02-f284-4303-922f-ae3cb07eff07 req-26ed9a02-f284-4303-922f-ae3cb07eff07 ] Request (MigrationsAdminTest:test_list_migrations_in_flavor_resize_situation): 200 GET http://10.180.1.21/compute/v2.1/servers/3970e8f4-c0be-443e-ae95-60f89fd8be21 1.921s
2025-11-28 19:19:34.146 66897 INFO tempest.common.waiters [-] State transition "RESIZE/resize_migrating" ==> "RESIZE/resize_migrated" after 19 second wait
2025-11-28 19:19:34.265 66887 INFO tempest.lib.common.rest_client [req-584158da-bdf5-4541-b52f-582b850d6399 req-584158da-bdf5-4541-b52f-582b850d6399 ] Request (ServerDiagnosticsV248Test:tearDownClass): 201 POST http://10.180.1.21/identity/v3/auth/tokens 0.184s
2025-11-28 19:19:34.291 66905 INFO tempest.lib.common.rest_client [req-4326cec8-e32e-4529-bf87-38abda8de11c req-4326cec8-e32e-4529-bf87-38abda8de11c ] Request (ServerActionsV293TestJSON:setUpClass): 200 GET http://10.180.1.21/volume/v3/volumes/406155bf-59f9-4974-b309-9ddaff78c9cf 0.044s
2025-11-28 19:19:34.355 66919 INFO tempest.lib.common.rest_client [req-e00f9917-1751-4136-93f4-5f692e22093b req-e00f9917-1751-4136-93f4-5f692e22093b ] Request (ServersListShow298Test:test_list_show_update_rebuild_server_298): 202 POST http://10.180.1.21/compute/v2.1/servers 1.927s
2025-11-28 19:19:34.384 66939 INFO tempest.lib.common.rest_client [req-5a028d68-5a01-4d10-9f81-cb8a46330763 req-5a028d68-5a01-4d10-9f81-cb8a46330763 ] Request (AggregatesAdminNegativeTestJSON:_run_cleanups): 200 DELETE http://10.180.1.21/compute/v2.1/os-aggregates/5 1.936s
2025-11-28 19:19:34.402 66915 INFO tempest.lib.common.rest_client [req-d918ef28-4b51-4d37-92d0-f932d59d410e req-d918ef28-4b51-4d37-92d0-f932d59d410e ] Request (KeyPairsV22TestJSON:test_keypairsv22_create_list_show): 200 GET http://10.180.1.21/compute/v2.1/os-keypairs/tempest-keypair-2048796651 1.882s
2025-11-28 19:19:34.447 66895 INFO tempest.lib.common.rest_client [req-a220d995-0222-411b-9c7d-95ed11b444f3 req-a220d995-0222-411b-9c7d-95ed11b444f3 ] Request (KeyPairsV2TestJSON:test_keypairs_create_list_delete): 200 POST http://10.180.1.21/compute/v2.1/os-keypairs 1.907s
2025-11-28 19:19:34.468 66891 INFO tempest.lib.common.rest_client [req-c0f9de4c-e91f-4f79-b927-30dbfdca061a req-c0f9de4c-e91f-4f79-b927-30dbfdca061a ] Request (FlavorsAccessNegativeTestJSON:test_remove_flavor_access_not_found): 200 POST http://10.180.1.21/compute/v2.1/flavors 1.872s
2025-11-28 19:19:34.484 66917 INFO tempest.lib.common.rest_client [req-e8cc09ef-c4eb-40cb-ac1c-cdf6259962b1 req-e8cc09ef-c4eb-40cb-ac1c-cdf6259962b1 ] Request (FlavorsAdminTestJSON:test_create_server_with_non_public_flavor): 200 POST http://10.180.1.21/compute/v2.1/flavors 1.819s
2025-11-28 19:19:34.488 66933 INFO tempest.lib.common.rest_client [req-9e97e785-3f78-4d4e-a05d-a1d61b5764ec req-9e97e785-3f78-4d4e-a05d-a1d61b5764ec ] Request (ListServersNegativeTestJSON:test_list_servers_by_limits_pass_negative_value): 400 GET http://10.180.1.21/compute/v2.1/servers?limit=-1 1.821s
2025-11-28 19:19:34.509 66887 INFO tempest.lib.common.rest_client [req-0a36d576-38a0-474c-b826-91374b02f2f1 req-0a36d576-38a0-474c-b826-91374b02f2f1 ] Request (ServerDiagnosticsV248Test:tearDownClass): 200 GET http://10.180.1.21/networking/v2.0/security-groups?tenant_id=cf3b06c611ab4400889e0fd0e9c29130&name=default 0.244s
2025-11-28 19:19:34.536 66901 INFO tempest.lib.common.rest_client [req-90929b0d-e3fd-455d-8db9-b47b4f271c07 req-90929b0d-e3fd-455d-8db9-b47b4f271c07 ] Request (FlavorsV2TestJSON:test_list_flavors_using_marker): 200 GET http://10.180.1.21/compute/v2.1/flavors?marker=42 1.856s
2025-11-28 19:19:34.548 66883 INFO tempest.lib.common.rest_client [req-91ee6ca3-887c-432f-8472-3303c1758b45 req-91ee6ca3-887c-432f-8472-3303c1758b45 ] Request (ComputeTenantNetworksTest:setUpClass): 201 POST http://10.180.1.21/networking/v2.0/networks 0.501s
2025-11-28 19:19:34.548 66883 INFO tempest.lib.common.dynamic_creds [-] Created isolated network resources for: credentials: Credentials: {'domain_id': 'default', 'domain_name': 'Default', 'username': 'tempest-ComputeTenantNetworksTest-1850419199-project-member', 'project_domain_id': 'default', 'project_domain_name': 'Default', 'project_id': '7c155f4dca4042519813ea5ba53c65ee', 'project_name': 'tempest-ComputeTenantNetworksTest-1850419199', 'tenant_id': '7c155f4dca4042519813ea5ba53c65ee', 'tenant_name': 'tempest-ComputeTenantNetworksTest-1850419199', 'user_domain_id': 'default', 'user_domain_name': 'Default', 'user_id': 'cf2e7c6a91b744edb8657c540f91378a', 'system': None}, Network: {'id': '977198ce-2998-4427-974e-293ec4b2b5cd', 'name': 'tempest-ComputeTenantNetworksTest-1776558169-network', 'tenant_id': '7c155f4dca4042519813ea5ba53c65ee', 'project_id': '7c155f4dca4042519813ea5ba53c65ee', 'admin_state_up': True, 'mtu': 8950, 'status': 'ACTIVE', 'subnets': [], 'shared': False, 'port_security_enabled': True, 'router:external': False, 'provider:network_type': 'vlan', 'provider:physical_network': 'default', 'provider:segmentation_id': 208, 'availability_zone_hints': [], 'availability_zones': [], 'ipv4_address_scope': None, 'ipv6_address_scope': None, 'description': '', 'tags': [], 'created_at': '2025-11-28T19:19:34Z', 'updated_at': '2025-11-28T19:19:34Z', 'revision_number': 1}, Subnet: None, Router: None
2025-11-28 19:19:34.617 66907 INFO tempest.lib.common.rest_client [req-a706c573-f78b-45ca-a9ef-7096c2b5d679 req-a706c573-f78b-45ca-a9ef-7096c2b5d679 ] Request (SecurityGroupsNegativeTestJSON:test_delete_the_default_security_group): 200 GET http://10.180.1.21/compute/v2.1/os-security-groups 2.173s
2025-11-28 19:19:34.648 66887 INFO tempest.lib.common.rest_client [req-e506d659-b668-4748-a1cb-604ddbe990a7 req-e506d659-b668-4748-a1cb-604ddbe990a7 ] Request (ServerDiagnosticsV248Test:tearDownClass): 204 DELETE http://10.180.1.21/networking/v2.0/security-groups/aa400a5b-a0f1-4aa1-aef9-c74d24b3fabf 0.138s
2025-11-28 19:19:34.663 66929 INFO tempest.lib.common.rest_client [req-6d712395-056d-4229-9aa2-c38bb20ad007 req-6d712395-056d-4229-9aa2-c38bb20ad007 ] Request (ServersTestBootFromVolume:setUpClass): 202 POST http://10.180.1.21/volume/v3/volumes 0.693s
2025-11-28 19:19:34.672 66883 INFO tempest.lib.common.rest_client [req-be9cb7fd-3cf0-4b39-a331-ff9fd3d95f9d req-be9cb7fd-3cf0-4b39-a331-ff9fd3d95f9d ] Request (ComputeTenantNetworksTest:setUpClass): 201 POST http://10.180.1.21/identity/v3/auth/tokens 0.115s
2025-11-28 19:19:34.708 66921 INFO tempest.lib.common.rest_client [req-03c71d7d-9a55-43d3-807c-97007cac39c2 req-03c71d7d-9a55-43d3-807c-97007cac39c2 ] Request (ServersAdminNegativeTestJSON:test_migrate_server_invalid_state): 200 GET http://10.180.1.21/compute/v2.1/servers/94952dc2-b3f6-42c2-8b35-9135486fe545 1.801s
2025-11-28 19:19:34.724 66883 INFO tempest.lib.common.rest_client [req-cfa49326-8783-46e7-b9fa-ea196b20f042 req-cfa49326-8783-46e7-b9fa-ea196b20f042 ] Request (ComputeTenantNetworksTest:setUpClass): 201 POST http://10.180.1.21/identity/v3/auth/tokens 0.048s
2025-11-28 19:19:34.724 66883 INFO tempest.lib.common.fixed_network [-] (ComputeTenantNetworksTest:setUpClass) Found network {'id': '977198ce-2998-4427-974e-293ec4b2b5cd', 'name': 'tempest-ComputeTenantNetworksTest-1776558169-network', 'tenant_id': '7c155f4dca4042519813ea5ba53c65ee', 'project_id': '7c155f4dca4042519813ea5ba53c65ee', 'admin_state_up': True, 'mtu': 8950, 'status': 'ACTIVE', 'subnets': [], 'shared': False, 'port_security_enabled': True, 'router:external': False, 'provider:network_type': 'vlan', 'provider:physical_network': 'default', 'provider:segmentation_id': 208, 'availability_zone_hints': [], 'availability_zones': [], 'ipv4_address_scope': None, 'ipv6_address_scope': None, 'description': '', 'tags': [], 'created_at': '2025-11-28T19:19:34Z', 'updated_at': '2025-11-28T19:19:34Z', 'revision_number': 1} available for tenant
2025-11-28 19:19:34.725 66929 INFO tempest.lib.common.rest_client [req-d2a8effa-e5d7-4229-850b-08bb3711e0a5 req-d2a8effa-e5d7-4229-850b-08bb3711e0a5 ] Request (ServersTestBootFromVolume:setUpClass): 200 GET http://10.180.1.21/volume/v3/volumes/31ad749f-f151-42d6-898e-1f35967e5c5d 0.052s
2025-11-28 19:19:34.771 66887 INFO tempest.lib.common.rest_client [req-31ebba55-dde7-44bb-a83b-58bf1a1f378f req-31ebba55-dde7-44bb-a83b-58bf1a1f378f ] Request (ServerDiagnosticsV248Test:tearDownClass): 204 DELETE http://10.180.1.21/identity/v3/projects/cf3b06c611ab4400889e0fd0e9c29130 0.122s
2025-11-28 19:19:34.771 66887 INFO tempest.lib.common.dynamic_creds [-] Deleting project and security group for project: b527d190a5fa4e378501d7215b5d4518
2025-11-28 19:19:34.905 66889 INFO tempest.lib.common.rest_client [req-6b35e661-77fb-4562-a8bf-677604f26647 req-6b35e661-77fb-4562-a8bf-677604f26647 ] Request (QuotasAdminNegativeTest:test_create_server_when_cpu_quota_is_full): 200 GET http://10.180.1.21/compute/v2.1/os-quota-sets/b5447874fbe9420983528dea2b63bb10 1.785s
2025-11-28 19:19:34.913 66887 INFO tempest.lib.common.rest_client [req-867669e6-cee8-44cb-af95-5002f077ddbc req-867669e6-cee8-44cb-af95-5002f077ddbc ] Request (ServerDiagnosticsV248Test:tearDownClass): 200 GET http://10.180.1.21/networking/v2.0/security-groups?tenant_id=b527d190a5fa4e378501d7215b5d4518&name=default 0.141s
2025-11-28 19:19:35.058 66941 INFO paramiko.transport [-] Connected (version 2.0, client dropbear_2020.81)
2025-11-28 19:19:35.110 66887 INFO tempest.lib.common.rest_client [req-ef8d71dc-c7d3-4f63-b07e-bf663a2dba59 req-ef8d71dc-c7d3-4f63-b07e-bf663a2dba59 ] Request (ServerDiagnosticsV248Test:tearDownClass): 204 DELETE http://10.180.1.21/networking/v2.0/security-groups/b2879a9a-c7c0-4d21-a839-eebd55f7f2fa 0.197s
