2025-11-30 14:51:44.160 65695 INFO tempest.lib.common.rest_client [req-b567b964-a831-4eb5-b2d1-f8fd85245394 req-b567b964-a831-4eb5-b2d1-f8fd85245394 ] Request (ServersTestJSON:setUpClass): 201 POST http://10.180.1.21/identity/v3/auth/tokens 0.092s
2025-11-30 14:51:44.201 65743 INFO tempest.lib.common.rest_client [req-e8fbfc0a-5e3a-413b-b204-3eb1381d739a req-e8fbfc0a-5e3a-413b-b204-3eb1381d739a ] Request (VolumesAssistedSnapshotsTest:tearDownClass): 404 GET http://10.180.1.21/networking/v2.0/security-groups/56b3906d-a22e-45a8-86b1-1f49dfa312af 0.144s
2025-11-30 14:51:44.258 65695 INFO tempest.lib.common.rest_client [req-8819822a-34d7-4742-a02d-781884c36a0c req-8819822a-34d7-4742-a02d-781884c36a0c ] Request (ServersTestJSON:test_create_server_specify_multibyte_character_name): 201 POST http://10.180.1.21/identity/v3/auth/tokens 0.094s
2025-11-30 14:51:44.259 65695 INFO tempest.lib.common.fixed_network [-] (ServersTestJSON:test_create_server_specify_multibyte_character_name) Found network {'id': 'c0de9b04-8f2d-48a6-8f5f-d74a3c39476a', 'name': 'tempest-ServersTestJSON-1736498004-network', 'tenant_id': 'a4e518f34bc84343a0928ebf30a0c443', 'project_id': 'a4e518f34bc84343a0928ebf30a0c443', 'admin_state_up': True, 'mtu': 8950, 'status': 'ACTIVE', 'subnets': [], 'shared': False, 'port_security_enabled': True, 'router:external': False, 'provider:network_type': 'vlan', 'provider:physical_network': 'default', 'provider:segmentation_id': 477, 'availability_zone_hints': [], 'availability_zones': [], 'ipv4_address_scope': None, 'ipv6_address_scope': None, 'description': '', 'tags': [], 'created_at': '2025-11-30T14:51:41Z', 'updated_at': '2025-11-30T14:51:41Z', 'revision_number': 1} available for tenant
2025-11-30 14:51:44.344 65730 INFO tempest.lib.common.rest_client [req-cb35b646-c894-4e07-b924-477844688bf1 req-cb35b646-c894-4e07-b924-477844688bf1 ] Request (ServerActionsTestOtherB:test_create_backup): 200 GET http://10.180.1.21/compute/v2.1/servers/488e8346-72a6-4bee-a0c2-676e26f25b74 5.111s
2025-11-30 14:51:44.616 65743 INFO tempest.lib.common.rest_client [req-db6818ab-0f90-4c24-90fc-b23ebb9fc175 req-db6818ab-0f90-4c24-90fc-b23ebb9fc175 ] Request (VolumesAssistedSnapshotsTest:tearDownClass): 204 DELETE http://10.180.1.21/networking/v2.0/floatingips/1ea020e0-9289-445a-bd5a-9a1475a4b1a1 0.414s
2025-11-30 14:51:44.635 65743 INFO tempest.lib.common.rest_client [req-c1fcf686-6cb8-454f-b6fb-8a788300659f req-c1fcf686-6cb8-454f-b6fb-8a788300659f ] Request (VolumesAssistedSnapshotsTest:tearDownClass): 404 DELETE http://10.180.1.21/volume/v3/volumes/cb18c7f5-b3bc-4166-9a5c-4231a2a10848 0.019s
2025-11-30 14:51:44.655 65743 INFO tempest.lib.common.rest_client [req-df5f57b6-ab8f-49c0-a786-58f5654627b4 req-df5f57b6-ab8f-49c0-a786-58f5654627b4 ] Request (VolumesAssistedSnapshotsTest:tearDownClass): 404 GET http://10.180.1.21/volume/v3/volumes/cb18c7f5-b3bc-4166-9a5c-4231a2a10848 0.019s
2025-11-30 14:51:44.753 65755 INFO tempest.lib.common.rest_client [req-4779330f-9e9d-44b7-a5ed-8fe0a5e0053b req-4779330f-9e9d-44b7-a5ed-8fe0a5e0053b ] Request (AttachInterfacesUnderV243Test:tearDownClass): 200 PUT http://10.180.1.21/networking/v2.0/routers/3c030926-9571-4ec8-993a-00079c6fba06/remove_router_interface 1.468s
2025-11-30 14:51:44.828 65757 INFO tempest.lib.common.rest_client [req-96ccfc63-6576-4636-8662-bc0c2cb8275b req-96ccfc63-6576-4636-8662-bc0c2cb8275b ] Request (FloatingIPsAssociationTestJSON:tearDownClass): 200 GET http://10.180.1.21/compute/v2.1/servers/68c56672-460b-4098-8df5-0f6949dcaffd 4.984s
2025-11-30 14:51:45.007 65717 INFO tempest.lib.common.rest_client [req-08821c99-24ca-4b71-9ea0-f5cad5b2e08e req-08821c99-24ca-4b71-9ea0-f5cad5b2e08e ] Request (ServerActionsTestJSON:setUpClass): 200 POST http://10.180.1.21/compute/v2.1/os-keypairs 4.445s
2025-11-30 14:51:45.042 65699 INFO tempest.lib.common.rest_client [req-9c937807-3d7b-45df-88bb-e55452577051 req-9c937807-3d7b-45df-88bb-e55452577051 ] Request (AttachVolumeShelveTestJSON:test_attach_volume_shelved_or_offload_server): 200 GET http://10.180.1.21/compute/v2.1/servers/8d1ab2db-6854-4cb0-8667-20768909f94e/ips 4.309s
2025-11-30 14:51:45.248 65699 INFO tempest.lib.common.rest_client [req-2698f7de-1e8d-4fb7-9184-3c4ca7a67f15 req-2698f7de-1e8d-4fb7-9184-3c4ca7a67f15 ] Request (AttachVolumeShelveTestJSON:test_attach_volume_shelved_or_offload_server): 202 POST http://10.180.1.21/volume/v3/volumes 0.204s
2025-11-30 14:51:45.285 65699 INFO tempest.lib.common.rest_client [req-b0b01055-8486-49f0-9ead-42bf85a5bb8c req-b0b01055-8486-49f0-9ead-42bf85a5bb8c ] Request (AttachVolumeShelveTestJSON:test_attach_volume_shelved_or_offload_server): 200 GET http://10.180.1.21/volume/v3/volumes/ed49027b-0c3e-4b18-b78d-de17d1e02f91 0.028s
2025-11-30 14:51:45.520 65755 INFO tempest.lib.common.rest_client [req-5df63930-7927-4481-a3f7-9b31061107bc req-5df63930-7927-4481-a3f7-9b31061107bc ] Request (AttachInterfacesUnderV243Test:tearDownClass): 204 DELETE http://10.180.1.21/networking/v2.0/routers/3c030926-9571-4ec8-993a-00079c6fba06 0.766s
2025-11-30 14:51:45.638 65723 INFO tempest.lib.common.rest_client [req-6b739ca6-3fc4-4631-92a3-2d00bda691d0 req-6b739ca6-3fc4-4631-92a3-2d00bda691d0 ] Request (ImagesTestJSON:test_create_image_from_suspended_server): 202 POST http://10.180.1.21/compute/v2.1/servers 6.612s
2025-11-30 14:51:45.760 65707 INFO tempest.lib.common.rest_client [req-f433cabe-246b-4027-83be-ddda09e61ec8 req-f433cabe-246b-4027-83be-ddda09e61ec8 ] Request (DeleteServersTestJSON:test_delete_active_server): 204 DELETE http://10.180.1.21/compute/v2.1/servers/c9b88720-1d09-4f8c-8198-40037dbc1e6c 4.515s
2025-11-30 14:51:46.215 65743 INFO tempest.lib.common.rest_client [req-f078c73b-5eb3-4bb7-aa12-5820afd6f998 req-f078c73b-5eb3-4bb7-aa12-5820afd6f998 ] Request (VolumesAssistedSnapshotsTest:tearDownClass): 200 PUT http://10.180.1.21/networking/v2.0/routers/bc36deb5-e784-4a42-bbdf-29787737f004/remove_router_interface 1.559s
2025-11-30 14:51:46.341 65699 INFO tempest.lib.common.rest_client [req-39f99aa8-c1b0-44d6-9e22-d21d4c5fca1a req-39f99aa8-c1b0-44d6-9e22-d21d4c5fca1a ] Request (AttachVolumeShelveTestJSON:test_attach_volume_shelved_or_offload_server): 200 GET http://10.180.1.21/volume/v3/volumes/ed49027b-0c3e-4b18-b78d-de17d1e02f91 0.043s
2025-11-30 14:51:46.343 65717 INFO tempest.lib.common.rest_client [req-f4d50b8b-9556-46b5-9e76-c0b9adc35544 req-f4d50b8b-9556-46b5-9e76-c0b9adc35544 ] Request (ServerActionsTestJSON:setUpClass): 201 POST http://10.180.1.21/networking/v2.0/security-groups 1.332s
2025-11-30 14:51:46.349 65699 INFO tempest.common.waiters [-] volume ed49027b-0c3e-4b18-b78d-de17d1e02f91 reached available after waiting for 1.349377 seconds
2025-11-30 14:51:46.350 65699 INFO tempest.lib.common.ssh [-] Creating ssh connection to '10.180.180.146:22' as 'cirros' with public key authentication
2025-11-30 14:51:46.353 65699 INFO paramiko.transport [-] Connected (version 2.0, client dropbear_2020.81)
2025-11-30 14:51:46.409 65699 INFO paramiko.transport [-] Authentication (publickey) successful!
2025-11-30 14:51:46.409 65699 INFO tempest.lib.common.ssh [-] ssh connection to cirros@10.180.180.146 successfully created
2025-11-30 14:51:46.416 65699 INFO tempest.lib.common.ssh [-] Creating ssh connection to '10.180.180.146:22' as 'cirros' with public key authentication
2025-11-30 14:51:46.419 65699 INFO paramiko.transport [-] Connected (version 2.0, client dropbear_2020.81)
2025-11-30 14:51:46.521 65699 INFO paramiko.transport [-] Authentication (publickey) successful!
2025-11-30 14:51:46.522 65699 INFO tempest.lib.common.ssh [-] ssh connection to cirros@10.180.180.146 successfully created
2025-11-30 14:51:46.533 65755 INFO tempest.lib.common.rest_client [req-5413c636-2800-47e9-96ee-b1dcb6a98c7a req-5413c636-2800-47e9-96ee-b1dcb6a98c7a ] Request (AttachInterfacesUnderV243Test:tearDownClass): 204 DELETE http://10.180.1.21/networking/v2.0/subnets/18484a33-cfad-4e3f-8227-9c80c213b351 1.012s
2025-11-30 14:51:46.574 65710 INFO tempest.lib.common.rest_client [req-633719b2-711b-4810-bd83-4257f4c6a504 req-633719b2-711b-4810-bd83-4257f4c6a504 ] Request (ServerPasswordTestJSON:setUpClass): 200 GET http://10.180.1.21/compute/v2.1/servers/73c1cb50-5c9d-4558-b093-00b1f96935f2 5.230s
2025-11-30 14:51:46.592 65701 INFO tempest.lib.common.rest_client [req-8cbb1f2e-086c-4dbd-a72c-e050a80c16b0 req-8cbb1f2e-086c-4dbd-a72c-e050a80c16b0 ] Request (KeyPairsV2TestJSON:_run_cleanups): 202 DELETE http://10.180.1.21/compute/v2.1/os-keypairs/tempest-keypair-1585035430 5.214s
2025-11-30 14:51:46.981 65743 INFO tempest.lib.common.rest_client [req-4c00c612-8469-4784-9a50-1f3bcb61ab54 req-4c00c612-8469-4784-9a50-1f3bcb61ab54 ] Request (VolumesAssistedSnapshotsTest:tearDownClass): 204 DELETE http://10.180.1.21/networking/v2.0/routers/bc36deb5-e784-4a42-bbdf-29787737f004 0.766s
2025-11-30 14:51:47.085 65717 INFO tempest.lib.common.rest_client [req-e258f7c3-c94b-4b2a-825f-62feba89469c req-e258f7c3-c94b-4b2a-825f-62feba89469c ] Request (ServerActionsTestJSON:setUpClass): 201 POST http://10.180.1.21/networking/v2.0/security-group-rules 0.742s
2025-11-30 14:51:47.455 65755 INFO tempest.lib.common.rest_client [req-9a9610f6-80ba-40c6-a0a1-6cbb47e265c6 req-9a9610f6-80ba-40c6-a0a1-6cbb47e265c6 ] Request (AttachInterfacesUnderV243Test:tearDownClass): 204 DELETE http://10.180.1.21/networking/v2.0/networks/aad40e28-a9fe-4218-b87c-fb8b25894284 0.922s
2025-11-30 14:51:47.584 65717 INFO tempest.lib.common.rest_client [req-6cd7d2fc-cc5a-41d5-b294-a798f56d0b6c req-6cd7d2fc-cc5a-41d5-b294-a798f56d0b6c ] Request (ServerActionsTestJSON:setUpClass): 201 POST http://10.180.1.21/networking/v2.0/security-group-rules 0.498s
2025-11-30 14:51:47.643 65755 INFO tempest.lib.common.rest_client [req-2f1f93fb-2cef-43cc-8f80-2d27dafbec25 req-2f1f93fb-2cef-43cc-8f80-2d27dafbec25 ] Request (AttachInterfacesUnderV243Test:tearDownClass): 204 DELETE http://10.180.1.21/identity/v3/users/b20249c315b74f6da668df385cba2cae 0.187s
2025-11-30 14:51:47.643 65755 INFO tempest.lib.common.dynamic_creds [-] Deleting project and security group for project: e795c3120dc74ec18c4d0fbe0365d151
2025-11-30 14:51:47.672 65743 INFO tempest.lib.common.rest_client [req-58f17ff7-4c9a-4833-bcd9-2c1e07b9edfb req-58f17ff7-4c9a-4833-bcd9-2c1e07b9edfb ] Request (VolumesAssistedSnapshotsTest:tearDownClass): 204 DELETE http://10.180.1.21/networking/v2.0/subnets/9c9d4627-2426-49ac-a923-66ea163ad0fe 0.691s
2025-11-30 14:51:47.690 65727 INFO tempest.lib.common.rest_client [req-a1ef8bf9-e2f7-4537-9069-e22893a18e75 req-a1ef8bf9-e2f7-4537-9069-e22893a18e75 ] Request (ServersAdminNegativeTestJSON:test_migrate_server_invalid_state): 200 GET http://10.180.1.21/compute/v2.1/servers/32b9a116-f387-4b82-aec4-2a8efa79d5b3 6.108s
2025-11-30 14:51:48.043 65755 INFO tempest.lib.common.rest_client [req-ad803f8a-fd53-4525-a6ae-a2de8383f576 req-ad803f8a-fd53-4525-a6ae-a2de8383f576 ] Request (AttachInterfacesUnderV243Test:tearDownClass): 200 GET http://10.180.1.21/networking/v2.0/security-groups?tenant_id=e795c3120dc74ec18c4d0fbe0365d151&name=default 0.400s
2025-11-30 14:51:48.112 65717 INFO tempest.lib.common.rest_client [req-ee3eec01-2143-474d-8c3d-f6f1c44f6680 req-ee3eec01-2143-474d-8c3d-f6f1c44f6680 ] Request (ServerActionsTestJSON:setUpClass): 201 POST http://10.180.1.21/networking/v2.0/floatingips 0.527s
2025-11-30 14:51:48.179 65717 INFO tempest.lib.common.rest_client [req-adb10754-4156-4023-a36e-573794f0120a req-adb10754-4156-4023-a36e-573794f0120a ] Request (ServerActionsTestJSON:setUpClass): 201 POST http://10.180.1.21/identity/v3/auth/tokens 0.062s
2025-11-30 14:51:48.179 65717 INFO tempest.lib.common.fixed_network [-] (ServerActionsTestJSON:setUpClass) Found network {'id': '8988b13e-95b5-499d-8f50-95d8f5ab45fd', 'name': 'tempest-ServerActionsTestJSON-1863493889-network', 'tenant_id': 'dfee6be1f4b64b1f88f849280e596042', 'project_id': 'dfee6be1f4b64b1f88f849280e596042', 'admin_state_up': True, 'mtu': 8950, 'status': 'ACTIVE', 'subnets': [], 'shared': False, 'port_security_enabled': True, 'router:external': False, 'provider:network_type': 'vlan', 'provider:physical_network': 'default', 'provider:segmentation_id': 310, 'availability_zone_hints': [], 'availability_zones': [], 'ipv4_address_scope': None, 'ipv6_address_scope': None, 'description': '', 'tags': [], 'created_at': '2025-11-30T14:51:37Z', 'updated_at': '2025-11-30T14:51:37Z', 'revision_number': 1} available for tenant
2025-11-30 14:51:48.334 65743 INFO tempest.lib.common.rest_client [req-d3c5192e-5fd1-4bd8-a237-40c4b993c311 req-d3c5192e-5fd1-4bd8-a237-40c4b993c311 ] Request (VolumesAssistedSnapshotsTest:tearDownClass): 204 DELETE http://10.180.1.21/networking/v2.0/networks/b893bc35-9855-4b19-9e6a-7c3f6d3a67da 0.661s
2025-11-30 14:51:48.445 65755 INFO tempest.lib.common.rest_client [req-9e603d6e-7676-4cb2-b624-70d9b794719a req-9e603d6e-7676-4cb2-b624-70d9b794719a ] Request (AttachInterfacesUnderV243Test:tearDownClass): 204 DELETE http://10.180.1.21/networking/v2.0/security-groups/c04cac0d-9d14-41fc-87a2-76517a3f65b0 0.401s
2025-11-30 14:51:48.547 65755 INFO tempest.lib.common.rest_client [req-15030da2-b45c-4ba6-8b38-180c222a3874 req-15030da2-b45c-4ba6-8b38-180c222a3874 ] Request (AttachInterfacesUnderV243Test:tearDownClass): 204 DELETE http://10.180.1.21/identity/v3/projects/e795c3120dc74ec18c4d0fbe0365d151 0.101s
2025-11-30 14:51:48.619 65755 INFO tempest.lib.common.rest_client [req-dd7d86fc-87dc-4d4b-988b-60e1e803a7d5 req-dd7d86fc-87dc-4d4b-988b-60e1e803a7d5 ] Request (ServersTestBootFromVolume:setUpClass): 201 POST http://10.180.1.21/identity/v3/auth/tokens 0.068s
2025-11-30 14:51:48.651 65755 INFO tempest.lib.common.rest_client [req-efacca66-1102-4540-9a4c-9b520664ab68 req-efacca66-1102-4540-9a4c-9b520664ab68 ] Request (ServersTestBootFromVolume:setUpClass): 201 POST http://10.180.1.21/identity/v3/auth/tokens 0.028s
2025-11-30 14:51:48.677 65755 INFO tempest.lib.common.rest_client [req-ff8e257d-f365-47ac-abca-5a6de79fe061 req-ff8e257d-f365-47ac-abca-5a6de79fe061 ] Request (ServersTestBootFromVolume:setUpClass): 200 GET http://10.180.1.21/identity/v3/domains?name=Default 0.025s
2025-11-30 14:51:48.707 65755 INFO tempest.lib.common.rest_client [req-672ae59a-1921-4501-a69f-758ce05910e4 req-672ae59a-1921-4501-a69f-758ce05910e4 ] Request (ServersTestBootFromVolume:setUpClass): 201 POST http://10.180.1.21/identity/v3/projects 0.029s
2025-11-30 14:51:48.771 65755 INFO tempest.lib.common.rest_client [req-0e9da78e-9aef-46c6-a240-6b686247f886 req-0e9da78e-9aef-46c6-a240-6b686247f886 ] Request (ServersTestBootFromVolume:setUpClass): 201 POST http://10.180.1.21/identity/v3/users 0.063s
2025-11-30 14:51:48.792 65755 INFO tempest.lib.common.rest_client [req-68d1952f-3393-4c82-8223-4715b3921971 req-68d1952f-3393-4c82-8223-4715b3921971 ] Request (ServersTestBootFromVolume:setUpClass): 200 GET http://10.180.1.21/identity/v3/roles 0.020s
2025-11-30 14:51:48.819 65755 INFO tempest.lib.common.rest_client [req-6575d536-d2e8-4e30-9e89-6b58597f0b1b req-6575d536-d2e8-4e30-9e89-6b58597f0b1b ] Request (ServersTestBootFromVolume:setUpClass): 204 PUT http://10.180.1.21/identity/v3/projects/6cedb5abc4444a55aebb237c83e250c2/users/3c18a9a5fb5741e0808172649c03f313/roles/3bcd27005f13446eb435de872da0f926 0.026s
2025-11-30 14:51:48.819 65755 INFO tempest.lib.common.dynamic_creds [-] Dynamic test user 3c18a9a5fb5741e0808172649c03f313 is created with scope project and roles: ['member']
2025-11-30 14:51:48.819 65755 INFO tempest.lib.common.dynamic_creds [-] Acquired dynamic creds: credentials: Credentials: {'domain_id': 'default', 'domain_name': 'Default', 'username': 'tempest-ServersTestBootFromVolume-1399090966-project-member', 'project_domain_id': 'default', 'project_domain_name': 'Default', 'project_id': '6cedb5abc4444a55aebb237c83e250c2', 'project_name': 'tempest-ServersTestBootFromVolume-1399090966', 'tenant_id': '6cedb5abc4444a55aebb237c83e250c2', 'tenant_name': 'tempest-ServersTestBootFromVolume-1399090966', 'user_domain_id': 'default', 'user_domain_name': 'Default', 'user_id': '3c18a9a5fb5741e0808172649c03f313', 'system': None}, Network: None, Subnet: None, Router: None
2025-11-30 14:51:48.880 65755 INFO tempest.lib.common.rest_client [req-ee19f1d4-655a-47b4-a8f8-26b4602448ed req-ee19f1d4-655a-47b4-a8f8-26b4602448ed ] Request (ServersTestBootFromVolume:setUpClass): 201 POST http://10.180.1.21/identity/v3/auth/tokens 0.060s
2025-11-30 14:51:49.484 65737 WARNING tempest.lib.common.ssh [-] Failed to establish authenticated ssh connection to cirros@10.180.180.150 ([Errno None] Unable to connect to port 22 on 10.180.180.150). Number attempts: 4. Retry after 5 seconds.: paramiko.ssh_exception.NoValidConnectionsError: [Errno None] Unable to connect to port 22 on 10.180.180.150
2025-11-30 14:51:49.957 65743 INFO tempest.lib.common.rest_client [req-7366d34d-07f0-45b8-aa9e-4ad1681266d8 req-7366d34d-07f0-45b8-aa9e-4ad1681266d8 ] Request (VolumesAssistedSnapshotsTest:tearDownClass): 200 PUT http://10.180.1.21/networking/v2.0/routers/2b000bb0-c7a8-40f7-a1e1-fc2995d89b44/remove_router_interface 1.622s
2025-11-30 14:51:50.049 65741 INFO tempest.lib.common.rest_client [req-daa23cbb-d263-4be2-b88b-3c165e76476f req-daa23cbb-d263-4be2-b88b-3c165e76476f ] Request (FloatingIPsAssociationNegativeTestJSON:_run_cleanups): 202 DELETE http://10.180.1.21/compute/v2.1/os-floating-ips/be9b1e2a-3f69-4548-914f-99f14a2b712b 9.061s
2025-11-30 14:51:50.065 65697 INFO tempest.lib.common.rest_client [req-a22ec77e-be94-416a-a7fb-808477196bad req-a22ec77e-be94-416a-a7fb-808477196bad ] Request (MigrationsAdminTest:test_resize_server_revert_deleted_flavor): 200 GET http://10.180.1.21/compute/v2.1/flavors/42 7.765s
2025-11-30 14:51:50.255 65755 INFO tempest.lib.common.rest_client [req-09df2ae6-e8d1-4c97-aa48-70124cab1e4b req-09df2ae6-e8d1-4c97-aa48-70124cab1e4b ] Request (ServersTestBootFromVolume:setUpClass): 201 POST http://10.180.1.21/networking/v2.0/networks 1.374s
2025-11-30 14:51:50.300 65719 INFO tempest.lib.common.rest_client [req-38643cbf-f599-4e35-ac63-d8fb6f0a76af req-38643cbf-f599-4e35-ac63-d8fb6f0a76af ] Request (FloatingIPDetailsTestJSON:test_get_floating_ip_details): 200 POST http://10.180.1.21/compute/v2.1/os-floating-ips 8.049s
2025-11-30 14:51:50.351 65703 INFO tempest.lib.common.rest_client [req-4bd16f51-4c8a-477b-9af1-3e95d024b99e req-4bd16f51-4c8a-477b-9af1-3e95d024b99e ] Request (ServersTestMultiNic:_run_cleanups): 200 GET http://10.180.1.21/compute/v2.1/servers/cbe4a5b6-fa4d-4b05-9c01-d85a3371fee4 7.761s
2025-11-30 14:51:50.577 65743 INFO tempest.lib.common.rest_client [req-5a084912-27eb-4b1f-95f8-12d125ae1fe4 req-5a084912-27eb-4b1f-95f8-12d125ae1fe4 ] Request (VolumesAssistedSnapshotsTest:tearDownClass): 204 DELETE http://10.180.1.21/networking/v2.0/routers/2b000bb0-c7a8-40f7-a1e1-fc2995d89b44 0.619s
2025-11-30 14:51:50.738 65755 INFO tempest.lib.common.rest_client [req-1193f518-6599-463c-bf96-5c1a937814c3 req-1193f518-6599-463c-bf96-5c1a937814c3 ] Request (ServersTestBootFromVolume:setUpClass): 201 POST http://10.180.1.21/networking/v2.0/subnets 0.482s
2025-11-30 14:51:50.906 65743 INFO tempest.lib.common.rest_client [req-874700dd-2497-4d5c-9658-42d0cd7040f0 req-874700dd-2497-4d5c-9658-42d0cd7040f0 ] Request (VolumesAssistedSnapshotsTest:tearDownClass): 204 DELETE http://10.180.1.21/networking/v2.0/subnets/8d37187e-84ed-4f57-9f50-ac6104baf689 0.329s
2025-11-30 14:51:51.689 65755 INFO tempest.lib.common.rest_client [req-7a7da535-d16f-420f-8619-2f13c1a6b9ce req-7a7da535-d16f-420f-8619-2f13c1a6b9ce ] Request (ServersTestBootFromVolume:setUpClass): 201 POST http://10.180.1.21/networking/v2.0/routers 0.950s
2025-11-30 14:51:51.780 65721 INFO tempest.lib.common.rest_client [req-63b0f89a-cd72-4ba8-b231-bb3a6cfd578a req-63b0f89a-cd72-4ba8-b231-bb3a6cfd578a ] Request (ListServerFiltersTestJSON:setUpClass): 200 GET http://10.180.1.21/compute/v2.1/servers/2a1d6c6e-a7f6-4a97-b1d6-d7d8b08e470d 8.937s
2025-11-30 14:51:51.787 65721 INFO tempest.common.waiters [-] State transition "BUILD/None" ==> "BUILD/spawning" after 22 second wait
2025-11-30 14:51:51.807 65739 INFO tempest.lib.common.rest_client [req-279252d9-25a5-4a53-a2e7-83510a71409e req-279252d9-25a5-4a53-a2e7-83510a71409e ] Request (ServerDiskConfigTestJSON:test_rebuild_server_with_auto_disk_config): 200 GET http://10.180.1.21/compute/v2.1/servers/c674ad91-ec8f-41bd-a64a-e099a686d46c 8.887s
2025-11-30 14:51:52.086 65743 INFO tempest.lib.common.rest_client [req-1b14a247-fb7f-486c-bb00-fe0df3a6ffa7 req-1b14a247-fb7f-486c-bb00-fe0df3a6ffa7 ] Request (VolumesAssistedSnapshotsTest:tearDownClass): 204 DELETE http://10.180.1.21/networking/v2.0/networks/2973ebca-61aa-40f5-aedc-fad04fce2ddf 1.179s
2025-11-30 14:51:52.412 65733 INFO tempest.lib.common.rest_client [req-3ff88855-9a50-49bf-942b-870db467ad7d req-3ff88855-9a50-49bf-942b-870db467ad7d ] Request (ServersListShow296Test:test_list_show_update_rebuild_server_296): 200 GET http://10.180.1.21/compute/v2.1/servers/6ef7cb49-75c9-4e1b-b9ae-de9848163ff8 9.154s
2025-11-30 14:51:52.444 65745 INFO tempest.lib.common.rest_client [req-76ef2bc0-c58f-4fb8-bdaa-970561a6cd75 req-76ef2bc0-c58f-4fb8-bdaa-970561a6cd75 ] Request (ServerShowV247Test:tearDownClass): 200 GET http://10.180.1.21/compute/v2.1/servers/020149e7-f75f-45c9-91df-9b2b2d07648f 9.166s
2025-11-30 14:51:52.596 65749 WARNING tempest.lib.common.ssh [-] Failed to establish authenticated ssh connection to cirros@10.180.180.221 ([Errno None] Unable to connect to port 22 on 10.180.180.221). Number attempts: 9. Retry after 10 seconds.: paramiko.ssh_exception.NoValidConnectionsError: [Errno None] Unable to connect to port 22 on 10.180.180.221
2025-11-30 14:51:52.606 65731 INFO tempest.lib.common.rest_client [req-fb3c4511-c2b0-494c-b8c3-0ccad3d47156 req-fb3c4511-c2b0-494c-b8c3-0ccad3d47156 ] Request (QuotasAdminTestV236:test_get_updated_quotas): 200 GET http://10.180.1.21/compute/v2.1/os-quota-sets/f5fae85d4f2248d0b8e9525725936460/detail 9.125s
2025-11-30 14:51:52.645 65731 INFO tempest.lib.common.rest_client [req-20c92cef-d7e3-4d67-b6b4-20a29aa9bacd req-20c92cef-d7e3-4d67-b6b4-20a29aa9bacd ] Request (QuotasAdminTestV236:test_get_updated_quotas): 200 GET http://10.180.1.21/identity/v3/domains?name=Default 0.034s
2025-11-30 14:51:52.678 65731 INFO tempest.lib.common.rest_client [req-2d02ba20-952e-4696-af06-838f1d1610b5 req-2d02ba20-952e-4696-af06-838f1d1610b5 ] Request (QuotasAdminTestV236:test_get_updated_quotas): 201 POST http://10.180.1.21/identity/v3/users 0.032s
2025-11-30 14:51:52.706 65731 INFO tempest.lib.common.rest_client [req-b6629849-9fe4-4d01-a782-545156e7a1bd req-b6629849-9fe4-4d01-a782-545156e7a1bd ] Request (QuotasAdminTestV236:test_get_updated_quotas): 200 GET http://10.180.1.21/identity/v3/domains?name=Default 0.028s
2025-11-30 14:51:52.993 65755 INFO tempest.lib.common.rest_client [req-f8e15557-7190-4749-bcbc-1e6f06dd4f65 req-f8e15557-7190-4749-bcbc-1e6f06dd4f65 ] Request (ServersTestBootFromVolume:setUpClass): 200 PUT http://10.180.1.21/networking/v2.0/routers/4551fa5b-1f60-4d8f-9a1e-07418ecc61b7/add_router_interface 1.304s
2025-11-30 14:51:52.993 65755 INFO tempest.lib.common.dynamic_creds [-] Created isolated network resources for: credentials: Credentials: {'domain_id': 'default', 'domain_name': 'Default', 'username': 'tempest-ServersTestBootFromVolume-1399090966-project-member', 'project_domain_id': 'default', 'project_domain_name': 'Default', 'project_id': '6cedb5abc4444a55aebb237c83e250c2', 'project_name': 'tempest-ServersTestBootFromVolume-1399090966', 'tenant_id': '6cedb5abc4444a55aebb237c83e250c2', 'tenant_name': 'tempest-ServersTestBootFromVolume-1399090966', 'user_domain_id': 'default', 'user_domain_name': 'Default', 'user_id': '3c18a9a5fb5741e0808172649c03f313', 'system': None}, Network: {'id': '74c9e665-983d-4cc5-9717-8e89c25f87e5', 'name': 'tempest-ServersTestBootFromVolume-1678081797-network', 'tenant_id': '6cedb5abc4444a55aebb237c83e250c2', 'project_id': '6cedb5abc4444a55aebb237c83e250c2', 'admin_state_up': True, 'mtu': 8950, 'status': 'ACTIVE', 'subnets': [], 'shared': False, 'port_security_enabled': True, 'router:external': False, 'provider:network_type': 'vlan', 'provider:physical_network': 'default', 'provider:segmentation_id': 791, 'availability_zone_hints': [], 'availability_zones': [], 'ipv4_address_scope': None, 'ipv6_address_scope': None, 'description': '', 'tags': [], 'created_at': '2025-11-30T14:51:50Z', 'updated_at': '2025-11-30T14:51:50Z', 'revision_number': 1}, Subnet: {'id': 'b0463446-58e6-468f-87fc-96b321e896c1', 'name': 'tempest-ServersTestBootFromVolume-1678081797-subnet', 'tenant_id': '6cedb5abc4444a55aebb237c83e250c2', 'network_id': '74c9e665-983d-4cc5-9717-8e89c25f87e5', 'ip_version': 4, 'subnetpool_id': None, 'enable_dhcp': True, 'ipv6_ra_mode': None, 'ipv6_address_mode': None, 'gateway_ip': '192.168.128.1', 'cidr': '192.168.128.0/28', 'allocation_pools': [{'start': '192.168.128.2', 'end': '192.168.128.14'}], 'host_routes': [], 'dns_nameservers': [], 'description': '', 'router:external': False, 'service_types': [], 'tags': [], 'created_at': '2025-11-30T14:51:50Z', 'updated_at': '2025-11-30T14:51:50Z', 'revision_number': 0, 'project_id': '6cedb5abc4444a55aebb237c83e250c2'}, Router: {'id': '4551fa5b-1f60-4d8f-9a1e-07418ecc61b7', 'name': 'tempest-ServersTestBootFromVolume-1678081797-router', 'tenant_id': '6cedb5abc4444a55aebb237c83e250c2', 'admin_state_up': True, 'status': 'ACTIVE', 'external_gateway_info': {'network_id': '4f2a3433-7029-4687-ac90-f16d3128a5e7', 'external_fixed_ips': [{'subnet_id': '380baa23-9e13-4bb1-98d8-a5196c86e485', 'ip_address': '10.180.180.232'}], 'enable_snat': True}, 'description': '', 'availability_zones': [], 'distributed': False, 'ha': False, 'availability_zone_hints': [], 'routes': [], 'flavor_id': None, 'tags': [], 'created_at': '2025-11-30T14:51:50Z', 'updated_at': '2025-11-30T14:51:51Z', 'revision_number': 2, 'project_id': '6cedb5abc4444a55aebb237c83e250c2'}
2025-11-30 14:51:53.083 65755 INFO tempest.lib.common.rest_client [req-b9743239-c227-427c-9332-10ade84f9851 req-b9743239-c227-427c-9332-10ade84f9851 ] Request (ServersTestBootFromVolume:setUpClass): 201 POST http://10.180.1.21/identity/v3/auth/tokens 0.085s
2025-11-30 14:51:53.170 65725 INFO tempest.lib.common.rest_client [req-96a7aa59-0227-448c-8a8b-758c53de9c80 req-96a7aa59-0227-448c-8a8b-758c53de9c80 ] Request (AttachInterfacesV270Test:test_create_get_list_interfaces): 200 GET http://10.180.1.21/compute/v2.1/servers/92253a15-5078-4405-9e3f-4d1d55869df9 9.443s
2025-11-30 14:51:53.186 65725 INFO tempest.common.waiters [-] State transition "BUILD/None" ==> "BUILD/spawning" after 19 second wait
2025-11-30 14:51:53.199 65743 INFO tempest.lib.common.rest_client [req-4ee23a72-de23-4612-8fb5-b3bd1b32930c req-4ee23a72-de23-4612-8fb5-b3bd1b32930c ] Request (VolumesAssistedSnapshotsTest:tearDownClass): 200 PUT http://10.180.1.21/networking/v2.0/routers/7cb0401a-c4d1-435d-8e61-7f4eefef9f94/remove_router_interface 1.113s
2025-11-30 14:51:53.201 65735 INFO tempest.lib.common.rest_client [req-c239bfb6-7ce7-467d-823e-2f3fb82bc0e3 req-c239bfb6-7ce7-467d-823e-2f3fb82bc0e3 ] Request (ServersAdminTestJSON:test_create_server_with_scheduling_hint): 200 GET http://10.180.1.21/compute/v2.1/servers/bb8c60c9-98cc-4409-b3f6-d6ca4297305a 9.467s
2025-11-30 14:51:53.208 65735 INFO tempest.common.waiters [-] State transition "BUILD/None" ==> "BUILD/spawning" after 23 second wait
2025-11-30 14:51:53.236 65705 INFO tempest.lib.common.rest_client [req-a056b3f5-a571-46f0-9b13-f0103ad3a0b0 req-a056b3f5-a571-46f0-9b13-f0103ad3a0b0 ] Request (ImagesOneServerNegativeTestJSON:_run_cleanups): 404 GET http://10.180.1.21/compute/v2.1/servers/eba6b6c7-c6a1-450f-b569-ac2c91270b62 8.367s
2025-11-30 14:51:53.612 65730 INFO tempest.lib.common.rest_client [req-de9a852c-f7a4-444b-9566-adbe4e216374 req-de9a852c-f7a4-444b-9566-adbe4e216374 ] Request (ServerActionsTestOtherB:test_create_backup): 200 GET http://10.180.1.21/compute/v2.1/servers/488e8346-72a6-4bee-a0c2-676e26f25b74 8.252s
2025-11-30 14:51:53.737 65723 INFO tempest.lib.common.rest_client [req-fc5bb5e5-6567-4897-aa7d-c984302f2196 req-fc5bb5e5-6567-4897-aa7d-c984302f2196 ] Request (ImagesTestJSON:test_create_image_from_suspended_server): 200 GET http://10.180.1.21/compute/v2.1/servers/7fbd08f0-5ed2-4f99-8c6a-1112f169ed2b 8.097s
2025-11-30 14:51:53.771 65743 INFO tempest.lib.common.rest_client [req-aa8206c9-5a3c-43b1-9140-3d64e7abfc90 req-aa8206c9-5a3c-43b1-9140-3d64e7abfc90 ] Request (VolumesAssistedSnapshotsTest:tearDownClass): 204 DELETE http://10.180.1.21/networking/v2.0/routers/7cb0401a-c4d1-435d-8e61-7f4eefef9f94 0.570s
2025-11-30 14:51:53.845 65707 INFO tempest.lib.common.rest_client [req-7963c9a1-9d7a-40d0-a286-ff61b541ac11 req-7963c9a1-9d7a-40d0-a286-ff61b541ac11 ] Request (DeleteServersTestJSON:test_delete_active_server): 200 GET http://10.180.1.21/compute/v2.1/servers/c9b88720-1d09-4f8c-8198-40037dbc1e6c 8.085s
2025-11-30 14:51:53.871 65757 INFO tempest.lib.common.rest_client [req-484d19e5-b4e9-4b81-8bef-209307b1cf73 req-484d19e5-b4e9-4b81-8bef-209307b1cf73 ] Request (FloatingIPsAssociationTestJSON:tearDownClass): 404 GET http://10.180.1.21/compute/v2.1/servers/68c56672-460b-4098-8df5-0f6949dcaffd 8.032s
2025-11-30 14:51:53.916 65743 INFO tempest.lib.common.rest_client [req-841560ec-5e3c-4a3d-81e6-ae3fa2ffaaeb req-841560ec-5e3c-4a3d-81e6-ae3fa2ffaaeb ] Request (VolumesAssistedSnapshotsTest:tearDownClass): 204 DELETE http://10.180.1.21/networking/v2.0/subnets/c6a6aad3-a4c0-4288-94e3-bcaf4c4383b5 0.145s
2025-11-30 14:51:53.949 65695 INFO tempest.lib.common.rest_client [req-6390015b-5b80-4e3d-beb3-1bd0d4982d9e req-6390015b-5b80-4e3d-beb3-1bd0d4982d9e ] Request (ServersTestJSON:test_create_server_specify_multibyte_character_name): 202 POST http://10.180.1.21/compute/v2.1/servers 9.689s
2025-11-30 14:51:54.001 65701 INFO tempest.lib.common.rest_client [req-b7f455de-160d-4405-b1a8-19c7e3411952 req-b7f455de-160d-4405-b1a8-19c7e3411952 ] Request (KeyPairsV2TestJSON:test_keypair_create_with_pub_key): 200 POST http://10.180.1.21/compute/v2.1/os-keypairs 7.407s
2025-11-30 14:51:54.307 65743 INFO tempest.lib.common.rest_client [req-56a3d179-f5b4-4684-bfef-8edc1dc86adf req-56a3d179-f5b4-4684-bfef-8edc1dc86adf ] Request (VolumesAssistedSnapshotsTest:tearDownClass): 204 DELETE http://10.180.1.21/networking/v2.0/networks/b78b49d6-9180-4c5f-9086-88d62ab705b3 0.390s
2025-11-30 14:51:54.419 65743 INFO tempest.lib.common.rest_client [req-0308b246-c8fe-425b-baae-67921cf7c877 req-0308b246-c8fe-425b-baae-67921cf7c877 ] Request (VolumesAssistedSnapshotsTest:tearDownClass): 204 DELETE http://10.180.1.21/identity/v3/users/53b5070a63bb4a39ac0255739bf6a04e 0.111s
2025-11-30 14:51:54.437 65710 INFO tempest.lib.common.rest_client [req-1f041067-042c-46b1-a9bd-a8f197f14a5b req-1f041067-042c-46b1-a9bd-a8f197f14a5b ] Request (ServerPasswordTestJSON:setUpClass): 200 GET http://10.180.1.21/compute/v2.1/servers/73c1cb50-5c9d-4558-b093-00b1f96935f2 6.853s
2025-11-30 14:51:54.543 65699 INFO tempest.lib.common.rest_client [req-bff77541-c6dd-4a62-bbba-f9d89db4bf7e req-bff77541-c6dd-4a62-bbba-f9d89db4bf7e ] Request (AttachVolumeShelveTestJSON:test_attach_volume_shelved_or_offload_server): 202 POST http://10.180.1.21/compute/v2.1/servers/8d1ab2db-6854-4cb0-8667-20768909f94e/action 8.020s
2025-11-30 14:51:54.633 65743 INFO tempest.lib.common.rest_client [req-d4487b9f-316b-4604-bbdd-105cc528d0fc req-d4487b9f-316b-4604-bbdd-105cc528d0fc ] Request (VolumesAssistedSnapshotsTest:tearDownClass): 204 DELETE http://10.180.1.21/identity/v3/users/d77205c8ad464f31a39b9ca550f5377b 0.214s
2025-11-30 14:51:54.804 65743 INFO tempest.lib.common.rest_client [req-40c12f39-1ec3-4b39-a053-727d1ab83419 req-40c12f39-1ec3-4b39-a053-727d1ab83419 ] Request (VolumesAssistedSnapshotsTest:tearDownClass): 204 DELETE http://10.180.1.21/identity/v3/users/3bd72763050a406c9e4bff9036927537 0.170s
2025-11-30 14:51:54.805 65743 INFO tempest.lib.common.dynamic_creds [-] Deleting project and security group for project: c01fe4ad4efc41b68400bf4ef0c19483
2025-11-30 14:51:54.936 65757 INFO tempest.lib.common.rest_client [req-2eb8aa68-63ca-4102-8654-ba5e20069802 req-2eb8aa68-63ca-4102-8654-ba5e20069802 ] Request (FloatingIPsAssociationTestJSON:tearDownClass): 200 PUT http://10.180.1.21/networking/v2.0/routers/09a57dea-8dc4-479e-a295-fe078d55d874/remove_router_interface 1.063s
2025-11-30 14:51:54.978 65743 INFO tempest.lib.common.rest_client [req-b2443434-edb1-4d33-8dd6-a4a442323d56 req-b2443434-edb1-4d33-8dd6-a4a442323d56 ] Request (VolumesAssistedSnapshotsTest:tearDownClass): 200 GET http://10.180.1.21/networking/v2.0/security-groups?tenant_id=c01fe4ad4efc41b68400bf4ef0c19483&name=default 0.172s
2025-11-30 14:51:54.991 65727 INFO tempest.lib.common.rest_client [req-60de7c1f-d297-45b0-838b-195bc2662a8c req-60de7c1f-d297-45b0-838b-195bc2662a8c ] Request (ServersAdminNegativeTestJSON:test_migrate_server_invalid_state): 200 GET http://10.180.1.21/compute/v2.1/servers/32b9a116-f387-4b82-aec4-2a8efa79d5b3 6.292s
2025-11-30 14:51:54.998 65741 INFO tempest.lib.common.rest_client [req-9fdc0386-68a6-4fd5-9e24-a85aee0ff85e req-9fdc0386-68a6-4fd5-9e24-a85aee0ff85e ] Request (FloatingIPsAssociationNegativeTestJSON:test_associate_ip_to_server_without_passing_floating_ip): 400 POST http://10.180.1.21/compute/v2.1/servers/4d0e945c-0138-4e8d-a76b-f3079a2a3b4f/action 4.946s
2025-11-30 14:51:55.000 65727 INFO tempest.common.waiters [-] State transition "BUILD/spawning" ==> "ACTIVE/None" after 40 second wait
2025-11-30 14:51:55.054 65697 INFO tempest.lib.common.rest_client [req-652a3f6d-41ce-4ece-a448-ed9d6d3cff6f req-652a3f6d-41ce-4ece-a448-ed9d6d3cff6f ] Request (MigrationsAdminTest:test_resize_server_revert_deleted_flavor): 200 POST http://10.180.1.21/compute/v2.1/flavors 4.986s
2025-11-30 14:51:55.179 65713 WARNING tempest.lib.common.ssh [-] Failed to establish authenticated ssh connection to cirros@10.180.180.166 ([Errno None] Unable to connect to port 22 on 10.180.180.166). Number attempts: 11. Retry after 12 seconds.: paramiko.ssh_exception.NoValidConnectionsError: [Errno None] Unable to connect to port 22 on 10.180.180.166
2025-11-30 14:51:55.239 65743 INFO tempest.lib.common.rest_client [req-de21bc91-f4a0-49c7-914c-b4824bd1cf72 req-de21bc91-f4a0-49c7-914c-b4824bd1cf72 ] Request (VolumesAssistedSnapshotsTest:tearDownClass): 204 DELETE http://10.180.1.21/networking/v2.0/security-groups/26bc9bd5-4bee-4486-b45c-1968fd98c81f 0.260s
2025-11-30 14:51:55.375 65743 INFO tempest.lib.common.rest_client [req-98975470-3484-4444-9297-0076650f59e5 req-98975470-3484-4444-9297-0076650f59e5 ] Request (VolumesAssistedSnapshotsTest:tearDownClass): 204 DELETE http://10.180.1.21/identity/v3/projects/c01fe4ad4efc41b68400bf4ef0c19483 0.136s
2025-11-30 14:51:55.375 65743 INFO tempest.lib.common.dynamic_creds [-] Deleting project and security group for project: a4fb12aad1f941cc9d60333987a18fc4
2025-11-30 14:51:55.508 65743 INFO tempest.lib.common.rest_client [req-67271168-1581-49c8-9b3a-25e32694510f req-67271168-1581-49c8-9b3a-25e32694510f ] Request (VolumesAssistedSnapshotsTest:tearDownClass): 200 GET http://10.180.1.21/networking/v2.0/security-groups?tenant_id=a4fb12aad1f941cc9d60333987a18fc4&name=default 0.132s
2025-11-30 14:51:55.578 65719 INFO tempest.lib.common.rest_client [req-642b5551-4be1-440a-9242-ba28676c7fd0 req-642b5551-4be1-440a-9242-ba28676c7fd0 ] Request (FloatingIPDetailsTestJSON:test_get_floating_ip_details): 200 GET http://10.180.1.21/compute/v2.1/os-floating-ips/f62e8677-3830-40a4-8c3c-b5f0e996701f 5.276s
2025-11-30 14:51:55.621 65715 INFO paramiko.transport [-] Connected (version 2.0, client dropbear_2020.81)
2025-11-30 14:51:55.658 65717 INFO tempest.lib.common.rest_client [req-02d9ca7d-c043-44d3-bb02-5a8c74758a2a req-02d9ca7d-c043-44d3-bb02-5a8c74758a2a ] Request (ServerActionsTestJSON:setUpClass): 202 POST http://10.180.1.21/compute/v2.1/servers 7.478s
2025-11-30 14:51:55.669 65757 INFO tempest.lib.common.rest_client [req-7c913acf-2a17-4226-b650-be68f3dd7235 req-7c913acf-2a17-4226-b650-be68f3dd7235 ] Request (FloatingIPsAssociationTestJSON:tearDownClass): 204 DELETE http://10.180.1.21/networking/v2.0/routers/09a57dea-8dc4-479e-a295-fe078d55d874 0.732s
2025-11-30 14:51:55.681 65743 INFO tempest.lib.common.rest_client [req-9b6abf8c-8bbf-495d-bba4-b164d2cf15a9 req-9b6abf8c-8bbf-495d-bba4-b164d2cf15a9 ] Request (VolumesAssistedSnapshotsTest:tearDownClass): 204 DELETE http://10.180.1.21/networking/v2.0/security-groups/dc24ac0f-5a4e-4551-96b5-2cbb11a63465 0.172s
2025-11-30 14:51:55.689 65715 INFO paramiko.transport [-] Authentication (publickey) successful!
2025-11-30 14:51:55.690 65715 INFO tempest.lib.common.ssh [-] ssh connection to cirros@10.180.180.129 successfully created
2025-11-30 14:51:55.704 65703 INFO tempest.lib.common.rest_client [req-4ac3737c-10c0-4e02-ba07-406d14ee9b8a req-4ac3737c-10c0-4e02-ba07-406d14ee9b8a ] Request (ServersTestMultiNic:_run_cleanups): 200 GET http://10.180.1.21/compute/v2.1/servers/cbe4a5b6-fa4d-4b05-9c01-d85a3371fee4 4.345s
2025-11-30 14:51:55.842 65743 INFO tempest.lib.common.rest_client [req-c582b5ad-abcf-42a7-b616-da8e7405b1c6 req-c582b5ad-abcf-42a7-b616-da8e7405b1c6 ] Request (VolumesAssistedSnapshotsTest:tearDownClass): 204 DELETE http://10.180.1.21/identity/v3/projects/a4fb12aad1f941cc9d60333987a18fc4 0.161s
2025-11-30 14:51:55.842 65743 INFO tempest.lib.common.dynamic_creds [-] Deleting project and security group for project: 4b302f47e6c944218bcaaf0afcda1082
2025-11-30 14:51:55.880 65743 INFO tempest.lib.common.rest_client [req-f330f82a-8b08-44a3-8db3-5079619e4058 req-f330f82a-8b08-44a3-8db3-5079619e4058 ] Request (VolumesAssistedSnapshotsTest:tearDownClass): 200 GET http://10.180.1.21/networking/v2.0/security-groups?tenant_id=4b302f47e6c944218bcaaf0afcda1082&name=default 0.037s
2025-11-30 14:51:55.885 65757 INFO tempest.lib.common.rest_client [req-9cac7f60-7d01-43e4-8b25-2581105bcd78 req-9cac7f60-7d01-43e4-8b25-2581105bcd78 ] Request (FloatingIPsAssociationTestJSON:tearDownClass): 204 DELETE http://10.180.1.21/networking/v2.0/subnets/0b33bfbd-eb10-4284-91f8-9d2b459dcf8d 0.215s
2025-11-30 14:51:55.923 65721 INFO tempest.lib.common.rest_client [req-dbe7ba8a-eec5-4943-a03e-4122cc80292b req-dbe7ba8a-eec5-4943-a03e-4122cc80292b ] Request (ListServerFiltersTestJSON:setUpClass): 200 GET http://10.180.1.21/compute/v2.1/servers/2a1d6c6e-a7f6-4a97-b1d6-d7d8b08e470d 3.136s
2025-11-30 14:51:56.018 65731 INFO tempest.lib.common.rest_client [req-e15e573a-6e87-4dae-8e53-c4604549a0a8 req-e15e573a-6e87-4dae-8e53-c4604549a0a8 ] Request (QuotasAdminTestV236:test_get_updated_quotas): 200 PUT http://10.180.1.21/compute/v2.1/os-quota-sets/f5fae85d4f2248d0b8e9525725936460?user_id=1a9b387d22104d989fdbba7ac12c18fe 3.311s
2025-11-30 14:51:56.044 65743 INFO tempest.lib.common.rest_client [req-3c43a72a-6a25-4f3a-aba1-7841738a982d req-3c43a72a-6a25-4f3a-aba1-7841738a982d ] Request (VolumesAssistedSnapshotsTest:tearDownClass): 204 DELETE http://10.180.1.21/networking/v2.0/security-groups/4819b545-bda6-4b6a-be78-a651fdcfe508 0.164s
2025-11-30 14:51:56.172 65743 INFO tempest.lib.common.rest_client [req-6890afe7-712d-472f-bf62-4ba02d3805a2 req-6890afe7-712d-472f-bf62-4ba02d3805a2 ] Request (VolumesAssistedSnapshotsTest:tearDownClass): 204 DELETE http://10.180.1.21/identity/v3/projects/4b302f47e6c944218bcaaf0afcda1082 0.127s
2025-11-30 14:51:56.173 65739 INFO tempest.lib.common.rest_client [req-2af179fc-6ccb-477e-ac3d-65eb933072bc req-2af179fc-6ccb-477e-ac3d-65eb933072bc ] Request (ServerDiskConfigTestJSON:test_rebuild_server_with_auto_disk_config): 200 GET http://10.180.1.21/compute/v2.1/servers/c674ad91-ec8f-41bd-a64a-e099a686d46c 3.358s
2025-11-30 14:51:56.186 65739 INFO tempest.common.waiters [-] State transition "REBUILD/rebuild_spawning" ==> "ACTIVE/None" after 5 second wait
2025-11-30 14:51:56.197 65755 INFO tempest.lib.common.rest_client [req-5be5d8a1-0694-4ec1-b0a4-6ec966652262 req-5be5d8a1-0694-4ec1-b0a4-6ec966652262 ] Request (ServersTestBootFromVolume:setUpClass): 200 POST http://10.180.1.21/compute/v2.1/os-keypairs 3.112s
2025-11-30 14:51:56.265 65705 INFO tempest.lib.common.rest_client [req-2eccbe77-0a3d-413c-991e-2367b5b9444f req-2eccbe77-0a3d-413c-991e-2367b5b9444f ] Request (ImagesOneServerNegativeTestJSON:_run_cleanups): 200 POST http://10.180.1.21/compute/v2.1/os-keypairs 3.027s
2025-11-30 14:51:56.276 65757 INFO tempest.lib.common.rest_client [req-535f73b7-6433-4ca6-8ec5-259090d85144 req-535f73b7-6433-4ca6-8ec5-259090d85144 ] Request (FloatingIPsAssociationTestJSON:tearDownClass): 204 DELETE http://10.180.1.21/networking/v2.0/networks/b71f8d5f-904b-4c20-baed-a24a50468fb8 0.390s
2025-11-30 14:51:56.297 65745 INFO tempest.lib.common.rest_client [req-96f7c12e-a714-4e93-9812-ae7d77c19f9d req-96f7c12e-a714-4e93-9812-ae7d77c19f9d ] Request (ServerShowV247Test:tearDownClass): 404 GET http://10.180.1.21/compute/v2.1/servers/020149e7-f75f-45c9-91df-9b2b2d07648f 2.835s
2025-11-30 14:51:56.303 65743 INFO tempest.lib.common.rest_client [req-02399efe-51ae-4860-babf-d02ed1dbd281 req-02399efe-51ae-4860-babf-d02ed1dbd281 ] Request (FlavorsExtraSpecsTestJSON:setUpClass): 201 POST http://10.180.1.21/identity/v3/auth/tokens 0.130s
2025-11-30 14:51:56.435 65705 INFO tempest.lib.common.rest_client [req-8ae8ce3e-2564-4479-aca0-f49697cc0d77 req-8ae8ce3e-2564-4479-aca0-f49697cc0d77 ] Request (ImagesOneServerNegativeTestJSON:_run_cleanups): 201 POST http://10.180.1.21/networking/v2.0/security-groups 0.169s
2025-11-30 14:51:56.531 65733 INFO tempest.lib.common.rest_client [req-8ccab167-db22-4f3b-85cc-ab76b720d1f3 req-8ccab167-db22-4f3b-85cc-ab76b720d1f3 ] Request (ServersListShow296Test:test_list_show_update_rebuild_server_296): 200 GET http://10.180.1.21/compute/v2.1/servers/6ef7cb49-75c9-4e1b-b9ae-de9848163ff8 3.105s
2025-11-30 14:51:56.536 65695 INFO tempest.lib.common.rest_client [req-b9f8471d-a379-401a-8121-fad9743d0806 req-b9f8471d-a379-401a-8121-fad9743d0806 ] Request (ServersTestJSON:test_create_server_specify_multibyte_character_name): 200 GET http://10.180.1.21/compute/v2.1/servers/cacde41d-833c-468d-91d0-fa499d46ef2f 2.585s
2025-11-30 14:51:56.545 65755 INFO tempest.lib.common.rest_client [req-a38014eb-c552-4b23-9048-cef17c6ccca2 req-a38014eb-c552-4b23-9048-cef17c6ccca2 ] Request (ServersTestBootFromVolume:setUpClass): 201 POST http://10.180.1.21/networking/v2.0/security-groups 0.346s
2025-11-30 14:51:56.554 65745 INFO tempest.lib.common.rest_client [req-8f3f4ee1-164e-43f1-a766-55441c8177e9 req-8f3f4ee1-164e-43f1-a766-55441c8177e9 ] Request (ServerShowV247Test:tearDownClass): 204 DELETE http://10.180.1.21/identity/v3/users/a3981910c9f141c49ac4cbe1438b5d3b 0.256s
2025-11-30 14:51:56.580 65701 INFO tempest.lib.common.rest_client [req-f79a2e69-26ee-4293-97a5-afa51bfd4680 req-f79a2e69-26ee-4293-97a5-afa51bfd4680 ] Request (KeyPairsV2TestJSON:_run_cleanups): 202 DELETE http://10.180.1.21/compute/v2.1/os-keypairs/tempest-keypair-1227818021 2.578s
2025-11-30 14:51:56.630 65743 INFO tempest.lib.common.rest_client [req-f0572a89-1f4c-429f-a541-3e6926551b28 req-f0572a89-1f4c-429f-a541-3e6926551b28 ] Request (FlavorsExtraSpecsTestJSON:setUpClass): 201 POST http://10.180.1.21/identity/v3/auth/tokens 0.324s
2025-11-30 14:51:56.651 65757 INFO tempest.lib.common.rest_client [req-c737bca9-1657-4836-8feb-d4a4e48e9b0f req-c737bca9-1657-4836-8feb-d4a4e48e9b0f ] Request (FloatingIPsAssociationTestJSON:tearDownClass): 204 DELETE http://10.180.1.21/identity/v3/users/ce489cf86260413d8ef7bd89956f86cd 0.374s
2025-11-30 14:51:56.651 65757 INFO tempest.lib.common.dynamic_creds [-] Deleting project and security group for project: a0873c0f84514154b7cf90e6aba8f0c7
2025-11-30 14:51:56.665 65705 INFO tempest.lib.common.rest_client [req-cfa14b97-96be-4856-be05-e35543d26bfd req-cfa14b97-96be-4856-be05-e35543d26bfd ] Request (ImagesOneServerNegativeTestJSON:_run_cleanups): 201 POST http://10.180.1.21/networking/v2.0/security-group-rules 0.229s
2025-11-30 14:51:56.713 65755 INFO tempest.lib.common.rest_client [req-fdb118fb-0c9f-428a-aeb1-5683a43dca0c req-fdb118fb-0c9f-428a-aeb1-5683a43dca0c ] Request (ServersTestBootFromVolume:setUpClass): 201 POST http://10.180.1.21/networking/v2.0/security-group-rules 0.167s
2025-11-30 14:51:56.725 65745 INFO tempest.lib.common.rest_client [req-141345b8-624a-40f3-8792-abd016d67c20 req-141345b8-624a-40f3-8792-abd016d67c20 ] Request (ServerShowV247Test:tearDownClass): 204 DELETE http://10.180.1.21/identity/v3/users/88164a9457324748947a803a88f8ab5f 0.171s
2025-11-30 14:51:56.725 65745 INFO tempest.lib.common.dynamic_creds [-] Deleting project and security group for project: 587162c90b61469a82851531a185d4f7
2025-11-30 14:51:56.777 65757 INFO tempest.lib.common.rest_client [req-5fc9cc47-6e43-495c-becc-81c01bf6ce57 req-5fc9cc47-6e43-495c-becc-81c01bf6ce57 ] Request (FloatingIPsAssociationTestJSON:tearDownClass): 200 GET http://10.180.1.21/networking/v2.0/security-groups?tenant_id=a0873c0f84514154b7cf90e6aba8f0c7&name=default 0.126s
2025-11-30 14:51:56.779 65743 INFO tempest.lib.common.rest_client [req-e1b66570-347d-4c33-a9ef-2585279826e2 req-e1b66570-347d-4c33-a9ef-2585279826e2 ] Request (FlavorsExtraSpecsTestJSON:setUpClass): 200 GET http://10.180.1.21/identity/v3/domains?name=Default 0.148s
2025-11-30 14:51:56.811 65745 INFO tempest.lib.common.rest_client [req-e933285f-aec0-4a4d-b177-e12094ecb7dd req-e933285f-aec0-4a4d-b177-e12094ecb7dd ] Request (ServerShowV247Test:tearDownClass): 201 POST http://10.180.1.21/identity/v3/auth/tokens 0.086s
2025-11-30 14:51:56.854 65743 INFO tempest.lib.common.rest_client [req-e815f569-8887-4850-ab4e-f89b9ff45909 req-e815f569-8887-4850-ab4e-f89b9ff45909 ] Request (FlavorsExtraSpecsTestJSON:setUpClass): 201 POST http://10.180.1.21/identity/v3/projects 0.075s
2025-11-30 14:51:56.870 65705 INFO tempest.lib.common.rest_client [req-45ec03d1-3fcd-4ebd-b1ce-09d4ea0b84c8 req-45ec03d1-3fcd-4ebd-b1ce-09d4ea0b84c8 ] Request (ImagesOneServerNegativeTestJSON:_run_cleanups): 201 POST http://10.180.1.21/networking/v2.0/security-group-rules 0.204s
2025-11-30 14:51:56.892 65755 INFO tempest.lib.common.rest_client [req-73b4a703-34f9-4aa0-a769-3a6f3945029e req-73b4a703-34f9-4aa0-a769-3a6f3945029e ] Request (ServersTestBootFromVolume:setUpClass): 201 POST http://10.180.1.21/networking/v2.0/security-group-rules 0.179s
2025-11-30 14:51:56.918 65743 INFO tempest.lib.common.rest_client [req-4bd61564-d3c5-422b-b11b-70f16e9666f5 req-4bd61564-d3c5-422b-b11b-70f16e9666f5 ] Request (FlavorsExtraSpecsTestJSON:setUpClass): 201 POST http://10.180.1.21/identity/v3/users 0.064s
2025-11-30 14:51:56.922 65725 INFO tempest.lib.common.rest_client [req-64175d48-0122-45b4-8b1e-be45dee49240 req-64175d48-0122-45b4-8b1e-be45dee49240 ] Request (AttachInterfacesV270Test:test_create_get_list_interfaces): 200 GET http://10.180.1.21/compute/v2.1/servers/92253a15-5078-4405-9e3f-4d1d55869df9 2.734s
2025-11-30 14:51:56.942 65735 INFO tempest.lib.common.rest_client [req-0ddfd715-839e-4b77-9aad-90de18fa61c2 req-0ddfd715-839e-4b77-9aad-90de18fa61c2 ] Request (ServersAdminTestJSON:test_create_server_with_scheduling_hint): 200 GET http://10.180.1.21/compute/v2.1/servers/bb8c60c9-98cc-4409-b3f6-d6ca4297305a 2.732s
2025-11-30 14:51:56.958 65743 INFO tempest.lib.common.rest_client [req-e0e5bfb3-72e6-49f6-9d43-26fb1729042e req-e0e5bfb3-72e6-49f6-9d43-26fb1729042e ] Request (FlavorsExtraSpecsTestJSON:setUpClass): 200 GET http://10.180.1.21/identity/v3/roles 0.039s
2025-11-30 14:51:57.014 65743 INFO tempest.lib.common.rest_client [req-717ec6c8-d437-4b2c-bb50-d25c4c18921f req-717ec6c8-d437-4b2c-bb50-d25c4c18921f ] Request (FlavorsExtraSpecsTestJSON:setUpClass): 204 PUT http://10.180.1.21/identity/v3/projects/e92314c7467d4837a27aad81876e9ed7/users/06882ab7e269437f9c573e7568b7669c/roles/3bcd27005f13446eb435de872da0f926 0.055s
2025-11-30 14:51:57.014 65743 INFO tempest.lib.common.dynamic_creds [-] Dynamic test user 06882ab7e269437f9c573e7568b7669c is created with scope project and roles: ['member']
2025-11-30 14:51:57.014 65743 INFO tempest.lib.common.dynamic_creds [-] Acquired dynamic creds: credentials: Credentials: {'domain_id': 'default', 'domain_name': 'Default', 'username': 'tempest-FlavorsExtraSpecsTestJSON-1992402661-project-member', 'project_domain_id': 'default', 'project_domain_name': 'Default', 'project_id': 'e92314c7467d4837a27aad81876e9ed7', 'project_name': 'tempest-FlavorsExtraSpecsTestJSON-1992402661', 'tenant_id': 'e92314c7467d4837a27aad81876e9ed7', 'tenant_name': 'tempest-FlavorsExtraSpecsTestJSON-1992402661', 'user_domain_id': 'default', 'user_domain_name': 'Default', 'user_id': '06882ab7e269437f9c573e7568b7669c', 'system': None}, Network: None, Subnet: None, Router: None
2025-11-30 14:51:57.015 65743 INFO tempest.lib.common.dynamic_creds [-] Created isolated network resources for: credentials: Credentials: {'domain_id': 'default', 'domain_name': 'Default', 'username': 'tempest-FlavorsExtraSpecsTestJSON-1992402661-project-member', 'project_domain_id': 'default', 'project_domain_name': 'Default', 'project_id': 'e92314c7467d4837a27aad81876e9ed7', 'project_name': 'tempest-FlavorsExtraSpecsTestJSON-1992402661', 'tenant_id': 'e92314c7467d4837a27aad81876e9ed7', 'tenant_name': 'tempest-FlavorsExtraSpecsTestJSON-1992402661', 'user_domain_id': 'default', 'user_domain_name': 'Default', 'user_id': '06882ab7e269437f9c573e7568b7669c', 'system': None}, Network: None, Subnet: None, Router: None
2025-11-30 14:51:57.036 65757 INFO tempest.lib.common.rest_client [req-fd652b4a-9a53-4a7a-ad0a-a590c0c09069 req-fd652b4a-9a53-4a7a-ad0a-a590c0c09069 ] Request (FloatingIPsAssociationTestJSON:tearDownClass): 204 DELETE http://10.180.1.21/networking/v2.0/security-groups/6b968723-3bcf-4005-bd81-722429aa4a6c 0.258s
2025-11-30 14:51:57.097 65743 INFO tempest.lib.common.rest_client [req-a1c5fb84-d2bb-474b-933a-d3dabaef75ca req-a1c5fb84-d2bb-474b-933a-d3dabaef75ca ] Request (FlavorsExtraSpecsTestJSON:setUpClass): 201 POST http://10.180.1.21/identity/v3/auth/tokens 0.080s
