2025-11-30 14:50:58.985 65707 INFO tempest.lib.common.dynamic_creds [-] Created isolated network resources for: credentials: Credentials: {'domain_id': 'default', 'domain_name': 'Default', 'username': 'tempest-DeleteServersTestJSON-534360905-project-member', 'project_domain_id': 'default', 'project_domain_name': 'Default', 'project_id': '6c31d9786bfb4d9ab43e4e0922021757', 'project_name': 'tempest-DeleteServersTestJSON-534360905', 'tenant_id': '6c31d9786bfb4d9ab43e4e0922021757', 'tenant_name': 'tempest-DeleteServersTestJSON-534360905', 'user_domain_id': 'default', 'user_domain_name': 'Default', 'user_id': 'a12ded8096114486839067281ffcf876', 'system': None}, Network: {'id': 'd7004abf-1a83-4c2c-b6a1-5f96b29dabdb', 'name': 'tempest-DeleteServersTestJSON-656868960-network', 'tenant_id': '6c31d9786bfb4d9ab43e4e0922021757', 'project_id': '6c31d9786bfb4d9ab43e4e0922021757', 'admin_state_up': True, 'mtu': 8950, 'status': 'ACTIVE', 'subnets': [], 'shared': False, 'port_security_enabled': True, 'router:external': False, 'provider:network_type': 'vlan', 'provider:physical_network': 'default', 'provider:segmentation_id': 974, 'availability_zone_hints': [], 'availability_zones': [], 'ipv4_address_scope': None, 'ipv6_address_scope': None, 'description': '', 'tags': [], 'created_at': '2025-11-30T14:50:56Z', 'updated_at': '2025-11-30T14:50:56Z', 'revision_number': 1}, Subnet: {'id': '0510312f-59c9-480d-9348-583690f44096', 'name': 'tempest-DeleteServersTestJSON-656868960-subnet', 'tenant_id': '6c31d9786bfb4d9ab43e4e0922021757', 'network_id': 'd7004abf-1a83-4c2c-b6a1-5f96b29dabdb', 'ip_version': 4, 'subnetpool_id': None, 'enable_dhcp': True, 'ipv6_ra_mode': None, 'ipv6_address_mode': None, 'gateway_ip': '192.168.128.1', 'cidr': '192.168.128.0/28', 'allocation_pools': [{'start': '192.168.128.2', 'end': '192.168.128.14'}], 'host_routes': [], 'dns_nameservers': [], 'description': '', 'router:external': False, 'service_types': [], 'tags': [], 'created_at': '2025-11-30T14:50:57Z', 'updated_at': '2025-11-30T14:50:57Z', 'revision_number': 0, 'project_id': '6c31d9786bfb4d9ab43e4e0922021757'}, Router: {'id': 'da982e8e-d432-42c4-b842-658cc1ec7330', 'name': 'tempest-DeleteServersTestJSON-656868960-router', 'tenant_id': '6c31d9786bfb4d9ab43e4e0922021757', 'admin_state_up': True, 'status': 'ACTIVE', 'external_gateway_info': {'network_id': '4f2a3433-7029-4687-ac90-f16d3128a5e7', 'external_fixed_ips': [{'subnet_id': '380baa23-9e13-4bb1-98d8-a5196c86e485', 'ip_address': '10.180.180.217'}], 'enable_snat': True}, 'description': '', 'availability_zones': [], 'distributed': False, 'ha': False, 'availability_zone_hints': [], 'routes': [], 'flavor_id': None, 'tags': [], 'created_at': '2025-11-30T14:50:57Z', 'updated_at': '2025-11-30T14:50:57Z', 'revision_number': 2, 'project_id': '6c31d9786bfb4d9ab43e4e0922021757'}
2025-11-30 14:50:59.023 65703 INFO tempest.lib.common.rest_client [req-7611d413-303e-485d-a833-9e74ce6a2bb1 req-7611d413-303e-485d-a833-9e74ce6a2bb1 ] Request (ServersTestMultiNic:test_verify_multiple_nics_order): 200 GET http://10.180.1.21/compute/v2.1/servers/cbe4a5b6-fa4d-4b05-9c01-d85a3371fee4 2.559s
2025-11-30 14:50:59.109 65707 INFO tempest.lib.common.rest_client [req-0f2b4521-8f4d-47a4-90e3-616647145820 req-0f2b4521-8f4d-47a4-90e3-616647145820 ] Request (DeleteServersTestJSON:setUpClass): 201 POST http://10.180.1.21/identity/v3/auth/tokens 0.120s
2025-11-30 14:50:59.148 65707 INFO tempest.lib.common.rest_client [req-05a1a7b0-72bf-452a-a920-6103a533b191 req-05a1a7b0-72bf-452a-a920-6103a533b191 ] Request (DeleteServersTestJSON:test_delete_active_server): 201 POST http://10.180.1.21/identity/v3/auth/tokens 0.033s
2025-11-30 14:50:59.149 65707 INFO tempest.lib.common.fixed_network [-] (DeleteServersTestJSON:test_delete_active_server) Found network {'id': 'd7004abf-1a83-4c2c-b6a1-5f96b29dabdb', 'name': 'tempest-DeleteServersTestJSON-656868960-network', 'tenant_id': '6c31d9786bfb4d9ab43e4e0922021757', 'project_id': '6c31d9786bfb4d9ab43e4e0922021757', 'admin_state_up': True, 'mtu': 8950, 'status': 'ACTIVE', 'subnets': [], 'shared': False, 'port_security_enabled': True, 'router:external': False, 'provider:network_type': 'vlan', 'provider:physical_network': 'default', 'provider:segmentation_id': 974, 'availability_zone_hints': [], 'availability_zones': [], 'ipv4_address_scope': None, 'ipv6_address_scope': None, 'description': '', 'tags': [], 'created_at': '2025-11-30T14:50:56Z', 'updated_at': '2025-11-30T14:50:56Z', 'revision_number': 1} available for tenant
2025-11-30 14:50:59.222 65743 INFO tempest.lib.common.rest_client [req-3123c1c9-ecba-4c2b-8660-b42c0abb7d35 req-3123c1c9-ecba-4c2b-8660-b42c0abb7d35 ] Request (VolumesAssistedSnapshotsTest:test_volume_assisted_snapshot_create_delete): 200 GET http://10.180.1.21/volume/v3/volumes/cb18c7f5-b3bc-4166-9a5c-4231a2a10848 0.035s
2025-11-30 14:50:59.236 65731 INFO tempest.lib.common.rest_client [req-ac6e1109-cd7f-4459-8c66-8c986cec1617 req-ac6e1109-cd7f-4459-8c66-8c986cec1617 ] Request (DeleteServersAdminTestJSON:test_delete_server_while_in_error_state): 200 GET http://10.180.1.21/compute/v2.1/servers/61cb7871-6c45-43bc-a8cf-642787c5bac3 2.480s
2025-11-30 14:50:59.843 65721 INFO tempest.lib.common.rest_client [req-a5e3d948-61f3-4cab-b50f-4036e8f2c69b req-a5e3d948-61f3-4cab-b50f-4036e8f2c69b ] Request (VolumesAdminNegativeTest:tearDownClass): 200 PUT http://10.180.1.21/networking/v2.0/routers/2c338873-61cd-4f84-9423-d5e1fe6c5eeb/remove_router_interface 1.431s
2025-11-30 14:50:59.885 65730 INFO tempest.lib.common.rest_client [req-2d03da75-96ce-4954-a477-a1b43a51a48c req-2d03da75-96ce-4954-a477-a1b43a51a48c ] Request (ServerActionsTestOtherB:test_create_backup): 200 GET http://10.180.1.21/compute/v2.1/servers/488e8346-72a6-4bee-a0c2-676e26f25b74 3.148s
2025-11-30 14:50:59.893 65730 INFO tempest.common.waiters [-] State transition "ACTIVE/image_uploading" ==> "ACTIVE/None" after 4 second wait
2025-11-30 14:50:59.979 65719 INFO tempest.lib.common.rest_client [req-88c72896-311a-45c4-b527-baab81d91e92 req-88c72896-311a-45c4-b527-baab81d91e92 ] Request (ServerExternalEventsTest:tearDownClass): 200 GET http://10.180.1.21/compute/v2.1/servers/0a1b1c75-2645-4b9b-83e1-cd871e8c1b66 3.086s
2025-11-30 14:51:00.261 65743 INFO tempest.lib.common.rest_client [req-c410a789-457a-41ff-8be3-bcfb971140c6 req-c410a789-457a-41ff-8be3-bcfb971140c6 ] Request (VolumesAssistedSnapshotsTest:test_volume_assisted_snapshot_create_delete): 200 GET http://10.180.1.21/volume/v3/volumes/cb18c7f5-b3bc-4166-9a5c-4231a2a10848 0.032s
2025-11-30 14:51:00.369 65721 INFO tempest.lib.common.rest_client [req-167efb30-bfb7-436a-92c0-569154f6b527 req-167efb30-bfb7-436a-92c0-569154f6b527 ] Request (VolumesAdminNegativeTest:tearDownClass): 204 DELETE http://10.180.1.21/networking/v2.0/routers/2c338873-61cd-4f84-9423-d5e1fe6c5eeb 0.525s
2025-11-30 14:51:00.749 65757 INFO tempest.lib.common.rest_client [req-b6894dc0-1d73-46d5-8606-4b1d3ed7f570 req-b6894dc0-1d73-46d5-8606-4b1d3ed7f570 ] Request (FloatingIPsAssociationTestJSON:tearDownClass): 200 GET http://10.180.1.21/compute/v2.1/servers/0593ca1e-5dfe-4940-9e6f-ea687bc77bea 3.681s
2025-11-30 14:51:00.915 65721 INFO tempest.lib.common.rest_client [req-c70be09e-4b08-4220-b0dc-4507398047ff req-c70be09e-4b08-4220-b0dc-4507398047ff ] Request (VolumesAdminNegativeTest:tearDownClass): 204 DELETE http://10.180.1.21/networking/v2.0/subnets/87d78287-dcf7-4e70-b036-5f0d8cb2e356 0.545s
2025-11-30 14:51:00.940 65711 INFO tempest.lib.common.rest_client [req-f2d1a538-a38a-406f-a1c7-420f5c16bbb7 req-f2d1a538-a38a-406f-a1c7-420f5c16bbb7 ] Request (ServersV294TestFqdnHostnames:setUpClass): 200 GET http://10.180.1.21/compute/v2.1/servers/0ae9549f-09f3-49c9-b650-bcaf46930fea 3.881s
2025-11-30 14:51:00.953 65733 INFO tempest.lib.common.rest_client [req-6edde7e7-ce5d-48c1-a6d9-ada19b47e0e0 req-6edde7e7-ce5d-48c1-a6d9-ada19b47e0e0 ] Request (ImagesOneServerTestJSON:tearDownClass): 200 GET http://10.180.1.21/compute/v2.1/servers/4b780bac-c8ec-46b6-be50-a7b2e4d6eddf 3.834s
2025-11-30 14:51:01.031 65755 INFO tempest.lib.common.rest_client [req-2eed9316-7da2-459d-8808-c2705ce9b7a5 req-2eed9316-7da2-459d-8808-c2705ce9b7a5 ] Request (AttachInterfacesUnderV243Test:_run_cleanups): 204 DELETE http://10.180.1.21/compute/v2.1/servers/8b39fcf4-147a-4ccb-a6e2-032a9bc5a9ce 3.885s
2025-11-30 14:51:01.035 65699 WARNING tempest.lib.common.ssh [-] Failed to establish authenticated ssh connection to cirros@10.180.180.146 ([Errno None] Unable to connect to port 22 on 10.180.180.146). Number attempts: 4. Retry after 5 seconds.: paramiko.ssh_exception.NoValidConnectionsError: [Errno None] Unable to connect to port 22 on 10.180.180.146
2025-11-30 14:51:01.266 65721 INFO tempest.lib.common.rest_client [req-39f4e778-02dc-40e3-8f3d-91428b2661d3 req-39f4e778-02dc-40e3-8f3d-91428b2661d3 ] Request (VolumesAdminNegativeTest:tearDownClass): 204 DELETE http://10.180.1.21/networking/v2.0/networks/5eb5b20b-b169-400a-b25a-1eae9c711045 0.351s
2025-11-30 14:51:01.303 65741 INFO tempest.lib.common.rest_client [req-9f244037-f233-4b77-9241-410ee3fabaac req-9f244037-f233-4b77-9241-410ee3fabaac ] Request (FloatingIPsAssociationNegativeTestJSON:setUpClass): 200 GET http://10.180.1.21/compute/v2.1/servers/4d0e945c-0138-4e8d-a76b-f3079a2a3b4f 4.049s
2025-11-30 14:51:01.304 65743 INFO tempest.lib.common.rest_client [req-7cd945e8-6cf7-4f4f-a8dd-cb78feb2fe19 req-7cd945e8-6cf7-4f4f-a8dd-cb78feb2fe19 ] Request (VolumesAssistedSnapshotsTest:test_volume_assisted_snapshot_create_delete): 200 GET http://10.180.1.21/volume/v3/volumes/cb18c7f5-b3bc-4166-9a5c-4231a2a10848 0.035s
2025-11-30 14:51:01.314 65753 INFO tempest.lib.common.rest_client [req-6d6de1f7-cf62-41f3-bec0-1e1978b95d76 req-6d6de1f7-cf62-41f3-bec0-1e1978b95d76 ] Request (TenantUsagesNegativeTestJSON:test_get_usage_tenant_with_invalid_date): 400 GET http://10.180.1.21/compute/v2.1/os-simple-tenant-usage/eb231d17267645248b8320190ad238d1?start=2025-12-01T14%3A50%3A56.132580&end=2025-11-29T14%3A50%3A56.132580 4.028s
2025-11-30 14:51:01.381 65721 INFO tempest.lib.common.rest_client [req-e8f71739-d344-4561-a962-e56e2d28f3a8 req-e8f71739-d344-4561-a962-e56e2d28f3a8 ] Request (VolumesAdminNegativeTest:tearDownClass): 204 DELETE http://10.180.1.21/identity/v3/users/e1d3969d2d5d40189ac2b5385ebe55f8 0.114s
2025-11-30 14:51:01.431 65739 INFO tempest.lib.common.rest_client [req-387fbbfd-1238-45b3-9919-87be42b0f188 req-387fbbfd-1238-45b3-9919-87be42b0f188 ] Request (ServerDiskConfigTestJSON:test_rebuild_server_with_auto_disk_config): 200 GET http://10.180.1.21/compute/v2.1/servers/c674ad91-ec8f-41bd-a64a-e099a686d46c 3.894s
2025-11-30 14:51:01.466 65697 INFO tempest.lib.common.rest_client [req-ac7edb10-a89f-497c-b820-476c2cf87f1a req-ac7edb10-a89f-497c-b820-476c2cf87f1a ] Request (MigrationsAdminTest:test_list_migrations_in_flavor_resize_situation): 200 GET http://10.180.1.21/compute/v2.1/servers/4f16881e-ab2b-4a19-a6fd-48058ee35231 4.181s
2025-11-30 14:51:01.514 65721 INFO tempest.lib.common.rest_client [req-4ed01d44-144e-45ee-a981-b70d0c49e7c4 req-4ed01d44-144e-45ee-a981-b70d0c49e7c4 ] Request (VolumesAdminNegativeTest:tearDownClass): 204 DELETE http://10.180.1.21/identity/v3/users/ce2fa617ee294a2b993aab9791ae402b 0.132s
2025-11-30 14:51:01.527 65701 INFO tempest.lib.common.rest_client [req-662f8274-ded7-4727-9061-f02107e13757 req-662f8274-ded7-4727-9061-f02107e13757 ] Request (ServerDiagnosticsNegativeTest:tearDownClass): 200 GET http://10.180.1.21/compute/v2.1/servers/e0f444c7-8deb-4840-b569-2d88db481b71 3.958s
2025-11-30 14:51:01.541 65701 INFO tempest.common.waiters [-] State transition "ACTIVE/deleting" ==> "DELETED/None" after 5 second wait
2025-11-30 14:51:01.639 65745 INFO tempest.lib.common.rest_client [req-974abb88-019b-4162-950c-a8d546aec932 req-974abb88-019b-4162-950c-a8d546aec932 ] Request (ServerShowV247Test:test_update_rebuild_list_server): 200 GET http://10.180.1.21/compute/v2.1/servers/3ce29f93-00b0-4055-ab34-98a134cd47c0 3.920s
2025-11-30 14:51:01.650 65745 INFO tempest.common.waiters [-] State transition "REBUILD/rebuild_spawning" ==> "ACTIVE/None" after 16 second wait
2025-11-30 14:51:01.652 65721 INFO tempest.lib.common.rest_client [req-d2c14126-4ecb-45a8-af6c-c4db6b2a39a9 req-d2c14126-4ecb-45a8-af6c-c4db6b2a39a9 ] Request (VolumesAdminNegativeTest:tearDownClass): 204 DELETE http://10.180.1.21/identity/v3/users/e13843bd7ea6485ea37d91c9477f7621 0.138s
2025-11-30 14:51:01.652 65721 INFO tempest.lib.common.dynamic_creds [-] Deleting project and security group for project: abfe39d1267543d89a13024f84f3a4f0
2025-11-30 14:51:01.665 65710 INFO tempest.lib.common.rest_client [req-beb1f0a0-4941-41df-b9d4-767e72d4fd1a req-beb1f0a0-4941-41df-b9d4-767e72d4fd1a ] Request (FlavorsAdminTestJSON:_run_cleanups): 200 GET http://10.180.1.21/compute/v2.1/flavors/detail 3.883s
2025-11-30 14:51:01.718 65721 INFO tempest.lib.common.rest_client [req-ffcd6e95-1d38-4ce4-86fc-044d091bedab req-ffcd6e95-1d38-4ce4-86fc-044d091bedab ] Request (VolumesAdminNegativeTest:tearDownClass): 200 GET http://10.180.1.21/networking/v2.0/security-groups?tenant_id=abfe39d1267543d89a13024f84f3a4f0&name=default 0.065s
2025-11-30 14:51:01.746 65695 INFO tempest.lib.common.rest_client [req-0c809272-8a6d-464f-93a1-63b5b364425e req-0c809272-8a6d-464f-93a1-63b5b364425e ] Request (ListServersNegativeTestJSON:test_list_servers_detail_server_is_deleted): 200 GET http://10.180.1.21/compute/v2.1/servers/detail 4.150s
2025-11-30 14:51:01.782 65717 INFO tempest.lib.common.rest_client [req-c3bb887b-84ee-4adf-8892-475994d712c9 req-c3bb887b-84ee-4adf-8892-475994d712c9 ] Request (ServersTestManualDisk:test_list_servers): 200 GET http://10.180.1.21/compute/v2.1/servers 3.875s
2025-11-30 14:51:01.838 65721 INFO tempest.lib.common.rest_client [req-2476e5cd-f9c6-48a3-8998-94fc951e3aab req-2476e5cd-f9c6-48a3-8998-94fc951e3aab ] Request (VolumesAdminNegativeTest:tearDownClass): 204 DELETE http://10.180.1.21/networking/v2.0/security-groups/bfeda2d7-6601-4535-b337-a18409d0d08f 0.120s
2025-11-30 14:51:01.914 65735 INFO tempest.lib.common.rest_client [req-5a128338-1cd6-4317-bde8-5f621b50f5db req-5a128338-1cd6-4317-bde8-5f621b50f5db ] Request (ServersAdminTestJSON:setUpClass): 200 GET http://10.180.1.21/compute/v2.1/servers/9cdc4494-0232-4815-93fc-a09a10f91184 3.883s
2025-11-30 14:51:01.920 65705 INFO tempest.lib.common.rest_client [req-7225b69f-3a0b-4394-bdcd-00c1dafecd90 req-7225b69f-3a0b-4394-bdcd-00c1dafecd90 ] Request (ImagesOneServerNegativeTestJSON:test_create_image_specify_invalid_metadata): 400 POST http://10.180.1.21/compute/v2.1/servers/eba6b6c7-c6a1-450f-b569-ac2c91270b62/action 3.816s
2025-11-30 14:51:01.925 65721 INFO tempest.lib.common.rest_client [req-d4851b97-d71b-4275-b947-5b088d215081 req-d4851b97-d71b-4275-b947-5b088d215081 ] Request (VolumesAdminNegativeTest:tearDownClass): 204 DELETE http://10.180.1.21/identity/v3/projects/abfe39d1267543d89a13024f84f3a4f0 0.087s
2025-11-30 14:51:01.926 65721 INFO tempest.lib.common.dynamic_creds [-] Deleting project and security group for project: e46254fa98754c16865a944c8ef520c4
2025-11-30 14:51:01.932 65715 WARNING tempest.lib.common.ssh [-] Failed to establish authenticated ssh connection to cirros@10.180.180.129 ([Errno None] Unable to connect to port 22 on 10.180.180.129). Number attempts: 6. Retry after 7 seconds.: paramiko.ssh_exception.NoValidConnectionsError: [Errno None] Unable to connect to port 22 on 10.180.180.129
2025-11-30 14:51:01.967 65723 INFO tempest.lib.common.rest_client [req-b6300e54-c2d8-48eb-93f7-9b2ccdc929a5 req-b6300e54-c2d8-48eb-93f7-9b2ccdc929a5 ] Request (ImagesTestJSON:test_create_image_from_stopped_server): 200 GET http://10.180.1.21/compute/v2.1/servers/b9aad88b-12ae-476d-89c5-0a5ce89630d9 3.957s
2025-11-30 14:51:01.975 65723 INFO tempest.common.waiters [-] State transition "BUILD/spawning" ==> "ACTIVE/None" after 42 second wait
2025-11-30 14:51:01.979 65721 INFO tempest.lib.common.rest_client [req-e98cff9d-1e21-47ec-8944-c917b13b9fc7 req-e98cff9d-1e21-47ec-8944-c917b13b9fc7 ] Request (VolumesAdminNegativeTest:tearDownClass): 200 GET http://10.180.1.21/networking/v2.0/security-groups?tenant_id=e46254fa98754c16865a944c8ef520c4&name=default 0.053s
2025-11-30 14:51:02.016 65737 INFO tempest.lib.common.rest_client [req-4722775b-38f5-4360-889a-29e386abdf49 req-4722775b-38f5-4360-889a-29e386abdf49 ] Request (ServersTestFqdnHostnames:test_create_server_with_fqdn_name): 200 GET http://10.180.1.21/compute/v2.1/servers/b6cf0d99-f96f-46e7-bf0a-3af22722e2ed 3.821s
2025-11-30 14:51:02.115 65721 INFO tempest.lib.common.rest_client [req-a09128e6-bccc-4d75-8773-cf6289e53406 req-a09128e6-bccc-4d75-8773-cf6289e53406 ] Request (VolumesAdminNegativeTest:tearDownClass): 204 DELETE http://10.180.1.21/networking/v2.0/security-groups/2242599f-b06c-4f1c-aca1-2a65628f2f95 0.135s
2025-11-30 14:51:02.175 65725 INFO tempest.lib.common.rest_client [req-a6ce40ea-823d-4369-b409-16522e98a2e6 req-a6ce40ea-823d-4369-b409-16522e98a2e6 ] Request (ServersAdmin275Test:tearDownClass): 200 GET http://10.180.1.21/compute/v2.1/servers/d1080857-2dc8-4d96-9214-0f1003b40fe1 3.399s
2025-11-30 14:51:02.229 65721 INFO tempest.lib.common.rest_client [req-5809cc55-918f-4195-ad82-8c3757998bcc req-5809cc55-918f-4195-ad82-8c3757998bcc ] Request (VolumesAdminNegativeTest:tearDownClass): 204 DELETE http://10.180.1.21/identity/v3/projects/e46254fa98754c16865a944c8ef520c4 0.113s
2025-11-30 14:51:02.229 65721 INFO tempest.lib.common.dynamic_creds [-] Deleting project and security group for project: 9efbcf5148a24000abad54436831b1d2
2025-11-30 14:51:02.270 65727 INFO tempest.lib.common.rest_client [req-ca132d36-3e73-4eb6-a50d-59a9465fbf54 req-ca132d36-3e73-4eb6-a50d-59a9465fbf54 ] Request (ServersAdminNegativeTestJSON:setUpClass): 200 GET http://10.180.1.21/compute/v2.1/servers/9abdd9c0-ebc5-4065-bf84-7e096481983c 3.201s
2025-11-30 14:51:02.277 65727 INFO tempest.common.waiters [-] State transition "BUILD/networking" ==> "BUILD/spawning" after 28 second wait
2025-11-30 14:51:02.294 65721 INFO tempest.lib.common.rest_client [req-d0a63e8f-9087-497e-b518-92c7aac0245b req-d0a63e8f-9087-497e-b518-92c7aac0245b ] Request (VolumesAdminNegativeTest:tearDownClass): 200 GET http://10.180.1.21/networking/v2.0/security-groups?tenant_id=9efbcf5148a24000abad54436831b1d2&name=default 0.064s
2025-11-30 14:51:02.351 65743 INFO tempest.lib.common.rest_client [req-609e6553-6346-4069-92bd-afc6c2c2045f req-609e6553-6346-4069-92bd-afc6c2c2045f ] Request (VolumesAssistedSnapshotsTest:test_volume_assisted_snapshot_create_delete): 200 GET http://10.180.1.21/volume/v3/volumes/cb18c7f5-b3bc-4166-9a5c-4231a2a10848 0.039s
2025-11-30 14:51:02.480 65721 INFO tempest.lib.common.rest_client [req-5681d8be-ff3f-462c-9e84-e34633d060d4 req-5681d8be-ff3f-462c-9e84-e34633d060d4 ] Request (VolumesAdminNegativeTest:tearDownClass): 204 DELETE http://10.180.1.21/networking/v2.0/security-groups/e354a551-ed4a-47b6-9197-e22874229566 0.185s
2025-11-30 14:51:02.610 65721 INFO tempest.lib.common.rest_client [req-2f2f1b0b-79f1-4c23-ae55-1176e9ea424f req-2f2f1b0b-79f1-4c23-ae55-1176e9ea424f ] Request (VolumesAdminNegativeTest:tearDownClass): 204 DELETE http://10.180.1.21/identity/v3/projects/9efbcf5148a24000abad54436831b1d2 0.129s
2025-11-30 14:51:02.679 65721 INFO tempest.lib.common.rest_client [req-e02e56a7-7a8a-49e3-8ecd-47396b337244 req-e02e56a7-7a8a-49e3-8ecd-47396b337244 ] Request (ImagesDeleteNegativeTestJSON:setUpClass): 201 POST http://10.180.1.21/identity/v3/auth/tokens 0.067s
2025-11-30 14:51:02.708 65721 INFO tempest.lib.common.rest_client [req-f40c6821-7a69-4b76-8db5-acced70f0daf req-f40c6821-7a69-4b76-8db5-acced70f0daf ] Request (ImagesDeleteNegativeTestJSON:setUpClass): 201 POST http://10.180.1.21/identity/v3/auth/tokens 0.026s
2025-11-30 14:51:02.734 65721 INFO tempest.lib.common.rest_client [req-ddd44ab2-e873-4f25-ba70-ac49a80dcdad req-ddd44ab2-e873-4f25-ba70-ac49a80dcdad ] Request (ImagesDeleteNegativeTestJSON:setUpClass): 200 GET http://10.180.1.21/identity/v3/domains?name=Default 0.025s
2025-11-30 14:51:02.771 65721 INFO tempest.lib.common.rest_client [req-f2e92725-088d-4d2e-9966-18604e3be990 req-f2e92725-088d-4d2e-9966-18604e3be990 ] Request (ImagesDeleteNegativeTestJSON:setUpClass): 201 POST http://10.180.1.21/identity/v3/projects 0.036s
2025-11-30 14:51:02.810 65707 INFO tempest.lib.common.rest_client [req-7b48b729-8000-45ac-a14a-e7e319dcdd34 req-7b48b729-8000-45ac-a14a-e7e319dcdd34 ] Request (DeleteServersTestJSON:test_delete_active_server): 202 POST http://10.180.1.21/compute/v2.1/servers 3.661s
2025-11-30 14:51:02.819 65730 INFO tempest.lib.common.rest_client [req-81146a17-4e3c-4e2a-b920-7b81da2a1a30 req-81146a17-4e3c-4e2a-b920-7b81da2a1a30 ] Request (ServerActionsTestOtherB:test_create_backup): 202 POST http://10.180.1.21/compute/v2.1/servers/488e8346-72a6-4bee-a0c2-676e26f25b74/action 2.926s
2025-11-30 14:51:02.828 65713 WARNING tempest.lib.common.ssh [-] Failed to establish authenticated ssh connection to cirros@10.180.180.166 ([Errno None] Unable to connect to port 22 on 10.180.180.166). Number attempts: 7. Retry after 8 seconds.: paramiko.ssh_exception.NoValidConnectionsError: [Errno None] Unable to connect to port 22 on 10.180.180.166
2025-11-30 14:51:02.835 65730 INFO tempest.lib.common.rest_client [req-dc78d798-7a5c-4ce6-b4d3-2b45deb0512d req-dc78d798-7a5c-4ce6-b4d3-2b45deb0512d ] Request (ServerActionsTestOtherB:test_create_backup): 200 GET http://10.180.1.21/image/v2/images/2cc644be-3cd5-4ac3-adf9-ef3312d7e856 0.015s
2025-11-30 14:51:02.849 65721 INFO tempest.lib.common.rest_client [req-ae2fff47-3c89-42eb-8731-5eb317d2604c req-ae2fff47-3c89-42eb-8731-5eb317d2604c ] Request (ImagesDeleteNegativeTestJSON:setUpClass): 201 POST http://10.180.1.21/identity/v3/users 0.078s
2025-11-30 14:51:02.881 65721 INFO tempest.lib.common.rest_client [req-6902f740-2b41-4bf6-aa94-4bf074afa378 req-6902f740-2b41-4bf6-aa94-4bf074afa378 ] Request (ImagesDeleteNegativeTestJSON:setUpClass): 200 GET http://10.180.1.21/identity/v3/roles 0.031s
2025-11-30 14:51:02.925 65721 INFO tempest.lib.common.rest_client [req-60a729a0-0c01-4f85-a204-aa4dc212e601 req-60a729a0-0c01-4f85-a204-aa4dc212e601 ] Request (ImagesDeleteNegativeTestJSON:setUpClass): 204 PUT http://10.180.1.21/identity/v3/projects/34047ea04d9b4335a378d38a18a53a2e/users/5fd6c2fdfce3452993c83dc98f1ddbab/roles/3bcd27005f13446eb435de872da0f926 0.044s
2025-11-30 14:51:02.925 65721 INFO tempest.lib.common.dynamic_creds [-] Dynamic test user 5fd6c2fdfce3452993c83dc98f1ddbab is created with scope project and roles: ['member']
2025-11-30 14:51:02.926 65721 INFO tempest.lib.common.dynamic_creds [-] Acquired dynamic creds: credentials: Credentials: {'domain_id': 'default', 'domain_name': 'Default', 'username': 'tempest-ImagesDeleteNegativeTestJSON-589294369-project-member', 'project_domain_id': 'default', 'project_domain_name': 'Default', 'project_id': '34047ea04d9b4335a378d38a18a53a2e', 'project_name': 'tempest-ImagesDeleteNegativeTestJSON-589294369', 'tenant_id': '34047ea04d9b4335a378d38a18a53a2e', 'tenant_name': 'tempest-ImagesDeleteNegativeTestJSON-589294369', 'user_domain_id': 'default', 'user_domain_name': 'Default', 'user_id': '5fd6c2fdfce3452993c83dc98f1ddbab', 'system': None}, Network: None, Subnet: None, Router: None
2025-11-30 14:51:02.926 65721 INFO tempest.lib.common.dynamic_creds [-] Created isolated network resources for: credentials: Credentials: {'domain_id': 'default', 'domain_name': 'Default', 'username': 'tempest-ImagesDeleteNegativeTestJSON-589294369-project-member', 'project_domain_id': 'default', 'project_domain_name': 'Default', 'project_id': '34047ea04d9b4335a378d38a18a53a2e', 'project_name': 'tempest-ImagesDeleteNegativeTestJSON-589294369', 'tenant_id': '34047ea04d9b4335a378d38a18a53a2e', 'tenant_name': 'tempest-ImagesDeleteNegativeTestJSON-589294369', 'user_domain_id': 'default', 'user_domain_name': 'Default', 'user_id': '5fd6c2fdfce3452993c83dc98f1ddbab', 'system': None}, Network: None, Subnet: None, Router: None
2025-11-30 14:51:02.938 65703 INFO tempest.lib.common.rest_client [req-9942de35-4b2f-43d0-b38f-139b6a775289 req-9942de35-4b2f-43d0-b38f-139b6a775289 ] Request (ServersTestMultiNic:test_verify_multiple_nics_order): 200 GET http://10.180.1.21/compute/v2.1/servers/cbe4a5b6-fa4d-4b05-9c01-d85a3371fee4 2.906s
2025-11-30 14:51:02.953 65731 INFO tempest.lib.common.rest_client [req-e2931706-36d3-459d-b51a-53384f8df96a req-e2931706-36d3-459d-b51a-53384f8df96a ] Request (DeleteServersAdminTestJSON:test_delete_server_while_in_error_state): 200 GET http://10.180.1.21/compute/v2.1/servers/61cb7871-6c45-43bc-a8cf-642787c5bac3 2.708s
2025-11-30 14:51:03.063 65721 INFO tempest.lib.common.rest_client [req-99cc3d5b-e429-4001-badb-f4faa419aa0d req-99cc3d5b-e429-4001-badb-f4faa419aa0d ] Request (ImagesDeleteNegativeTestJSON:setUpClass): 201 POST http://10.180.1.21/identity/v3/auth/tokens 0.133s
2025-11-30 14:51:03.181 65719 INFO tempest.lib.common.rest_client [req-f4feb6fa-a92a-4e9f-acf1-1101ae70f315 req-f4feb6fa-a92a-4e9f-acf1-1101ae70f315 ] Request (ServerExternalEventsTest:tearDownClass): 200 GET http://10.180.1.21/compute/v2.1/servers/0a1b1c75-2645-4b9b-83e1-cd871e8c1b66 2.192s
2025-11-30 14:51:03.209 65755 INFO tempest.lib.common.rest_client [req-0f9109b9-3754-4fd4-a2f1-b5baf9c62b45 req-0f9109b9-3754-4fd4-a2f1-b5baf9c62b45 ] Request (AttachInterfacesUnderV243Test:_run_cleanups): 200 GET http://10.180.1.21/compute/v2.1/servers/8b39fcf4-147a-4ccb-a6e2-032a9bc5a9ce 2.178s
2025-11-30 14:51:03.317 65753 INFO tempest.lib.common.rest_client [req-7de27d82-d3a1-4433-83c5-8e89d064dbf2 req-7de27d82-d3a1-4433-83c5-8e89d064dbf2 ] Request (TenantUsagesNegativeTestJSON:test_list_usage_all_tenants_with_non_admin_user): 403 GET http://10.180.1.21/compute/v2.1/os-simple-tenant-usage?start=2025-11-29T14%3A50%3A56.132580&end=2025-12-01T14%3A50%3A56.132580&detailed=1 2.001s
2025-11-30 14:51:03.342 65710 INFO tempest.lib.common.rest_client [req-936692c5-e108-4321-a3f7-6e4dd13e767c req-936692c5-e108-4321-a3f7-6e4dd13e767c ] Request (FlavorsAdminTestJSON:test_list_non_public_flavor): 200 POST http://10.180.1.21/compute/v2.1/flavors 1.671s
2025-11-30 14:51:03.358 65695 INFO tempest.lib.common.rest_client [req-dc52f365-1610-42fc-848d-459273d922a0 req-dc52f365-1610-42fc-848d-459273d922a0 ] Request (ListServersNegativeTestJSON:test_list_servers_status_non_existing): 200 GET http://10.180.1.21/compute/v2.1/servers?status=non_existing_status 1.601s
2025-11-30 14:51:03.409 65743 INFO tempest.lib.common.rest_client [req-8476efa2-0c7f-4ddb-9114-fbaecc91ceb6 req-8476efa2-0c7f-4ddb-9114-fbaecc91ceb6 ] Request (VolumesAssistedSnapshotsTest:test_volume_assisted_snapshot_create_delete): 200 GET http://10.180.1.21/volume/v3/volumes/cb18c7f5-b3bc-4166-9a5c-4231a2a10848 0.049s
2025-11-30 14:51:03.417 65743 INFO tempest.common.waiters [-] Attachment e4bfda0f-0745-4723-9765-f8e3bfa0c48a created for volume cb18c7f5-b3bc-4166-9a5c-4231a2a10848 to server fe82e86f-0cbc-4ca2-b122-993111a73b10 after waiting for 10.416979 seconds
2025-11-30 14:51:03.472 65743 INFO tempest.lib.common.rest_client [req-74818c72-e81b-441e-91b0-4761f970ec7d req-74818c72-e81b-441e-91b0-4761f970ec7d ] Request (VolumesAssistedSnapshotsTest:test_volume_assisted_snapshot_create_delete): 200 GET http://10.180.1.21/volume/v3/volumes/cb18c7f5-b3bc-4166-9a5c-4231a2a10848 0.054s
2025-11-30 14:51:03.482 65743 INFO tempest.common.waiters [-] volume cb18c7f5-b3bc-4166-9a5c-4231a2a10848 reached in-use after waiting for 0.482888 seconds
2025-11-30 14:51:03.545 65753 INFO tempest.lib.common.rest_client [req-0784a965-5699-4e6e-aa09-b47e7b89e872 req-0784a965-5699-4e6e-aa09-b47e7b89e872 ] Request (TenantUsagesNegativeTestJSON:tearDownClass): 204 DELETE http://10.180.1.21/identity/v3/users/0630f7edf59e411e96c48c63f7cae024 0.225s
2025-11-30 14:51:03.689 65753 INFO tempest.lib.common.rest_client [req-3a67a8cc-3c6c-4bae-bd68-9c28983d17d6 req-3a67a8cc-3c6c-4bae-bd68-9c28983d17d6 ] Request (TenantUsagesNegativeTestJSON:tearDownClass): 204 DELETE http://10.180.1.21/identity/v3/users/af61ef3a867b4e6f91a34db40cd17946 0.144s
2025-11-30 14:51:03.690 65753 INFO tempest.lib.common.dynamic_creds [-] Deleting project and security group for project: eb231d17267645248b8320190ad238d1
2025-11-30 14:51:03.773 65753 INFO tempest.lib.common.rest_client [req-8d9924fd-9771-4022-9a6e-a78cfc8c3b70 req-8d9924fd-9771-4022-9a6e-a78cfc8c3b70 ] Request (TenantUsagesNegativeTestJSON:tearDownClass): 201 POST http://10.180.1.21/identity/v3/auth/tokens 0.083s
2025-11-30 14:51:03.862 65730 INFO tempest.lib.common.rest_client [req-1b6ca49e-42a7-4351-94b7-6396e8f578f0 req-1b6ca49e-42a7-4351-94b7-6396e8f578f0 ] Request (ServerActionsTestOtherB:test_create_backup): 200 GET http://10.180.1.21/image/v2/images/2cc644be-3cd5-4ac3-adf9-ef3312d7e856 0.025s
2025-11-30 14:51:03.908 65745 INFO tempest.lib.common.rest_client [req-0a8e7441-6b58-4fd7-92c7-c70e3dea8abc req-0a8e7441-6b58-4fd7-92c7-c70e3dea8abc ] Request (ServerShowV247Test:test_update_rebuild_list_server): 200 GET http://10.180.1.21/compute/v2.1/servers/detail 2.257s
2025-11-30 14:51:04.329 65757 INFO tempest.lib.common.rest_client [req-2471f997-6fd9-47a1-a076-0ffe2d73df9a req-2471f997-6fd9-47a1-a076-0ffe2d73df9a ] Request (FloatingIPsAssociationTestJSON:tearDownClass): 200 GET http://10.180.1.21/compute/v2.1/servers/0593ca1e-5dfe-4940-9e6f-ea687bc77bea 2.568s
2025-11-30 14:51:04.530 65753 INFO tempest.lib.common.rest_client [req-64a87702-f678-4f2e-b647-2acee32e73cc req-64a87702-f678-4f2e-b647-2acee32e73cc ] Request (TenantUsagesNegativeTestJSON:tearDownClass): 200 GET http://10.180.1.21/networking/v2.0/security-groups?tenant_id=eb231d17267645248b8320190ad238d1&name=default 0.757s
2025-11-30 14:51:04.771 65753 INFO tempest.lib.common.rest_client [req-05f69ebe-bcf8-4310-b4c2-fec9c4e29b4e req-05f69ebe-bcf8-4310-b4c2-fec9c4e29b4e ] Request (TenantUsagesNegativeTestJSON:tearDownClass): 204 DELETE http://10.180.1.21/networking/v2.0/security-groups/d5c13629-20ef-42cd-a3b4-4d00d41b90d8 0.240s
2025-11-30 14:51:04.797 65717 INFO tempest.lib.common.rest_client [req-ccee92b7-fda4-4c0a-98d4-d3ee9423c704 req-ccee92b7-fda4-4c0a-98d4-d3ee9423c704 ] Request (ServersTestManualDisk:test_list_servers_with_detail): 200 GET http://10.180.1.21/compute/v2.1/servers/detail 3.011s
2025-11-30 14:51:04.851 65705 INFO tempest.lib.common.rest_client [req-ccc9edc7-b412-45df-9184-25b4f2ea9a97 req-ccc9edc7-b412-45df-9184-25b4f2ea9a97 ] Request (ImagesOneServerNegativeTestJSON:tearDown): 200 GET http://10.180.1.21/compute/v2.1/servers/eba6b6c7-c6a1-450f-b569-ac2c91270b62 2.931s
2025-11-30 14:51:04.873 65753 INFO tempest.lib.common.rest_client [req-d56ecd0c-b31d-4a49-a8cb-5a3a203e8cdc req-d56ecd0c-b31d-4a49-a8cb-5a3a203e8cdc ] Request (TenantUsagesNegativeTestJSON:tearDownClass): 204 DELETE http://10.180.1.21/identity/v3/projects/eb231d17267645248b8320190ad238d1 0.102s
2025-11-30 14:51:04.873 65753 INFO tempest.lib.common.dynamic_creds [-] Deleting project and security group for project: 92df3b2873d04cb8a53fce490e01aaa7
2025-11-30 14:51:04.881 65730 INFO tempest.lib.common.rest_client [req-aa8a17e5-b8b0-4eb7-8ff7-a84f4b0f99f4 req-aa8a17e5-b8b0-4eb7-8ff7-a84f4b0f99f4 ] Request (ServerActionsTestOtherB:test_create_backup): 200 GET http://10.180.1.21/image/v2/images/2cc644be-3cd5-4ac3-adf9-ef3312d7e856 0.019s
2025-11-30 14:51:05.003 65749 WARNING tempest.lib.common.ssh [-] Failed to establish authenticated ssh connection to cirros@10.180.180.221 ([Errno None] Unable to connect to port 22 on 10.180.180.221). Number attempts: 4. Retry after 5 seconds.: paramiko.ssh_exception.NoValidConnectionsError: [Errno None] Unable to connect to port 22 on 10.180.180.221
2025-11-30 14:51:05.025 65753 INFO tempest.lib.common.rest_client [req-953ca8eb-39fa-45f8-b116-db864336f709 req-953ca8eb-39fa-45f8-b116-db864336f709 ] Request (TenantUsagesNegativeTestJSON:tearDownClass): 200 GET http://10.180.1.21/networking/v2.0/security-groups?tenant_id=92df3b2873d04cb8a53fce490e01aaa7&name=default 0.151s
2025-11-30 14:51:05.050 65733 INFO tempest.lib.common.rest_client [req-ac0bc7d6-7dc0-45ad-8dd3-913d156d43d6 req-ac0bc7d6-7dc0-45ad-8dd3-913d156d43d6 ] Request (ImagesOneServerTestJSON:tearDownClass): 200 GET http://10.180.1.21/compute/v2.1/servers/4b780bac-c8ec-46b6-be50-a7b2e4d6eddf 3.084s
2025-11-30 14:51:05.061 65733 INFO tempest.common.waiters [-] State transition "ACTIVE/deleting" ==> "DELETED/None" after 5 second wait
2025-11-30 14:51:05.084 65711 INFO tempest.lib.common.rest_client [req-5e12d740-0252-48d1-b131-009902debdf9 req-5e12d740-0252-48d1-b131-009902debdf9 ] Request (ServersV294TestFqdnHostnames:setUpClass): 200 GET http://10.180.1.21/compute/v2.1/servers/0ae9549f-09f3-49c9-b650-bcaf46930fea 3.124s
2025-11-30 14:51:05.094 65711 INFO tempest.common.waiters [-] State transition "BUILD/spawning" ==> "ACTIVE/None" after 41 second wait
2025-11-30 14:51:05.154 65723 INFO tempest.lib.common.rest_client [req-98c605ee-7413-460c-8f33-3388a0b00b95 req-98c605ee-7413-460c-8f33-3388a0b00b95 ] Request (ImagesTestJSON:test_create_image_from_stopped_server): 202 POST http://10.180.1.21/compute/v2.1/servers/b9aad88b-12ae-476d-89c5-0a5ce89630d9/action 3.179s
2025-11-30 14:51:05.222 65753 INFO tempest.lib.common.rest_client [req-e64147a5-1309-44bc-b05a-80bdb20bf283 req-e64147a5-1309-44bc-b05a-80bdb20bf283 ] Request (TenantUsagesNegativeTestJSON:tearDownClass): 204 DELETE http://10.180.1.21/networking/v2.0/security-groups/fa43d97e-b1fe-481f-ab17-25d1b038495d 0.196s
2025-11-30 14:51:05.246 65739 INFO tempest.lib.common.rest_client [req-b1c3cee6-0e00-4e9b-a3c0-63f16c3b0e3b req-b1c3cee6-0e00-4e9b-a3c0-63f16c3b0e3b ] Request (ServerDiskConfigTestJSON:test_rebuild_server_with_auto_disk_config): 200 GET http://10.180.1.21/compute/v2.1/servers/c674ad91-ec8f-41bd-a64a-e099a686d46c 2.806s
2025-11-30 14:51:05.298 65741 INFO tempest.lib.common.rest_client [req-0415f186-8220-481f-9553-971e25c4a0a8 req-0415f186-8220-481f-9553-971e25c4a0a8 ] Request (FloatingIPsAssociationNegativeTestJSON:setUpClass): 200 GET http://10.180.1.21/compute/v2.1/servers/4d0e945c-0138-4e8d-a76b-f3079a2a3b4f 2.983s
2025-11-30 14:51:05.310 65741 INFO tempest.common.waiters [-] State transition "BUILD/None" ==> "BUILD/spawning" after 24 second wait
2025-11-30 14:51:05.343 65753 INFO tempest.lib.common.rest_client [req-f8ee22f6-af32-4ff5-be7b-b304844277d1 req-f8ee22f6-af32-4ff5-be7b-b304844277d1 ] Request (TenantUsagesNegativeTestJSON:tearDownClass): 204 DELETE http://10.180.1.21/identity/v3/projects/92df3b2873d04cb8a53fce490e01aaa7 0.120s
2025-11-30 14:51:05.345 65753 INFO tempest.test [-] raised in ServerBootFromVolumeStableRescueTest.setUpClass. Invoking tearDownClass.
2025-11-30 14:51:05.359 65697 INFO tempest.lib.common.rest_client [req-5ab3fb79-f778-4155-992d-aa4afb609bf8 req-5ab3fb79-f778-4155-992d-aa4afb609bf8 ] Request (MigrationsAdminTest:test_list_migrations_in_flavor_resize_situation): 200 GET http://10.180.1.21/compute/v2.1/servers/4f16881e-ab2b-4a19-a6fd-48058ee35231 2.885s
2025-11-30 14:51:05.369 65701 INFO tempest.lib.common.rest_client [req-cdedf55b-6b92-43f7-b8d8-04449982f58b req-cdedf55b-6b92-43f7-b8d8-04449982f58b ] Request (ServerDiagnosticsNegativeTest:tearDownClass): 200 GET http://10.180.1.21/compute/v2.1/servers/e0f444c7-8deb-4840-b569-2d88db481b71 2.827s
2025-11-30 14:51:05.421 65707 INFO tempest.lib.common.rest_client [req-6a7cff12-9bb8-441e-9bdd-6a0e05984f88 req-6a7cff12-9bb8-441e-9bdd-6a0e05984f88 ] Request (DeleteServersTestJSON:test_delete_active_server): 200 GET http://10.180.1.21/compute/v2.1/servers/c9b88720-1d09-4f8c-8198-40037dbc1e6c 2.609s
2025-11-30 14:51:05.440 65735 INFO tempest.lib.common.rest_client [req-17d96f3d-d382-437c-a518-8657ad2d351b req-17d96f3d-d382-437c-a518-8657ad2d351b ] Request (ServersAdminTestJSON:setUpClass): 200 GET http://10.180.1.21/compute/v2.1/servers/9cdc4494-0232-4815-93fc-a09a10f91184 2.517s
2025-11-30 14:51:05.456 65735 INFO tempest.common.waiters [-] State transition "BUILD/None" ==> "BUILD/networking" after 22 second wait
2025-11-30 14:51:05.498 65737 INFO tempest.lib.common.rest_client [req-e40a71ab-e364-4e20-be1a-a679fc948b5c req-e40a71ab-e364-4e20-be1a-a679fc948b5c ] Request (ServersTestFqdnHostnames:test_create_server_with_fqdn_name): 200 GET http://10.180.1.21/compute/v2.1/servers/b6cf0d99-f96f-46e7-bf0a-3af22722e2ed 2.473s
2025-11-30 14:51:05.566 65725 INFO tempest.lib.common.rest_client [req-8832b4dc-e93f-4258-b595-7782c0ef3598 req-8832b4dc-e93f-4258-b595-7782c0ef3598 ] Request (ServersAdmin275Test:tearDownClass): 200 GET http://10.180.1.21/compute/v2.1/servers/d1080857-2dc8-4d96-9214-0f1003b40fe1 2.378s
2025-11-30 14:51:05.607 65721 INFO tempest.lib.common.rest_client [req-70b6fa74-5a31-4a72-8403-534f6c6b6424 req-70b6fa74-5a31-4a72-8403-534f6c6b6424 ] Request (ImagesDeleteNegativeTestJSON:test_delete_image_blank_id): 404 DELETE http://10.180.1.21/compute/v2.1/images/ 2.542s
2025-11-30 14:51:05.629 65710 INFO tempest.lib.common.rest_client [req-200022b1-d1b7-47d6-a712-c7e35dabd89c req-200022b1-d1b7-47d6-a712-c7e35dabd89c ] Request (FlavorsAdminTestJSON:test_list_non_public_flavor): 200 GET http://10.180.1.21/compute/v2.1/flavors/detail 2.280s
2025-11-30 14:51:05.685 65695 INFO tempest.lib.common.rest_client [req-6bdbe025-1a66-4734-b33d-a105923b66df req-6bdbe025-1a66-4734-b33d-a105923b66df ] Request (ListServersNegativeTestJSON:test_list_servers_with_a_deleted_server): 200 GET http://10.180.1.21/compute/v2.1/servers 2.316s
2025-11-30 14:51:05.722 65727 INFO tempest.lib.common.rest_client [req-cce6a3d3-8a62-492c-8574-ca9d108fae86 req-cce6a3d3-8a62-492c-8574-ca9d108fae86 ] Request (ServersAdminNegativeTestJSON:setUpClass): 200 GET http://10.180.1.21/compute/v2.1/servers/9abdd9c0-ebc5-4065-bf84-7e096481983c 2.444s
2025-11-30 14:51:05.807 65745 INFO tempest.lib.common.rest_client [req-650d23b8-76a5-45ec-a629-fbc1ea5aae11 req-650d23b8-76a5-45ec-a629-fbc1ea5aae11 ] Request (ServerShowV247Test:tearDownClass): 204 DELETE http://10.180.1.21/compute/v2.1/servers/3ce29f93-00b0-4055-ab34-98a134cd47c0 1.883s
2025-11-30 14:51:05.810 65743 INFO tempest.lib.common.rest_client [req-72646cf2-0258-46a6-ba68-a84864695d61 req-72646cf2-0258-46a6-ba68-a84864695d61 ] Request (VolumesAssistedSnapshotsTest:test_volume_assisted_snapshot_create_delete): 200 POST http://10.180.1.21/compute/v2.1/os-assisted-volume-snapshots 2.326s
2025-11-30 14:51:05.866 65703 INFO tempest.lib.common.rest_client [req-0b3aea65-ecf4-4498-b71f-5c89d20b722b req-0b3aea65-ecf4-4498-b71f-5c89d20b722b ] Request (ServersTestMultiNic:test_verify_multiple_nics_order): 200 GET http://10.180.1.21/compute/v2.1/servers/cbe4a5b6-fa4d-4b05-9c01-d85a3371fee4 1.920s
2025-11-30 14:51:05.878 65731 INFO tempest.lib.common.rest_client [req-957c3c3a-178d-4b1a-80ed-dfc0d6b890b5 req-957c3c3a-178d-4b1a-80ed-dfc0d6b890b5 ] Request (DeleteServersAdminTestJSON:test_delete_server_while_in_error_state): 200 GET http://10.180.1.21/compute/v2.1/servers/61cb7871-6c45-43bc-a8cf-642787c5bac3 1.915s
2025-11-30 14:51:05.906 65730 INFO tempest.lib.common.rest_client [req-62b5511c-01c6-465d-9507-0d62e9e67dcb req-62b5511c-01c6-465d-9507-0d62e9e67dcb ] Request (ServerActionsTestOtherB:test_create_backup): 200 GET http://10.180.1.21/image/v2/images/2cc644be-3cd5-4ac3-adf9-ef3312d7e856 0.023s
2025-11-30 14:51:05.924 65719 INFO tempest.lib.common.rest_client [req-ac2ad87b-ee2f-436f-9c0b-2f7d4af3f3d6 req-ac2ad87b-ee2f-436f-9c0b-2f7d4af3f3d6 ] Request (ServerExternalEventsTest:tearDownClass): 200 GET http://10.180.1.21/compute/v2.1/servers/0a1b1c75-2645-4b9b-83e1-cd871e8c1b66 1.728s
2025-11-30 14:51:05.945 65755 INFO tempest.lib.common.rest_client [req-e7619e67-72cd-4cf2-acdb-ea2a0b9ae95c req-e7619e67-72cd-4cf2-acdb-ea2a0b9ae95c ] Request (AttachInterfacesUnderV243Test:_run_cleanups): 200 GET http://10.180.1.21/compute/v2.1/servers/8b39fcf4-147a-4ccb-a6e2-032a9bc5a9ce 1.725s
2025-11-30 14:51:05.957 65717 INFO tempest.lib.common.rest_client [req-2aec7a79-02ae-4255-ae35-a73cc4cecee7 req-2aec7a79-02ae-4255-ae35-a73cc4cecee7 ] Request (ServersTestManualDisk:test_verify_created_server_vcpus): 200 GET http://10.180.1.21/compute/v2.1/flavors/42 1.151s
2025-11-30 14:51:05.957 65755 INFO tempest.common.waiters [-] State transition "ACTIVE/deleting" ==> "DELETED/None" after 2 second wait
2025-11-30 14:51:05.960 65717 INFO tempest.lib.common.ssh [-] Creating ssh connection to '10.180.180.133:22' as 'cirros' with public key authentication
2025-11-30 14:51:05.981 65717 INFO paramiko.transport [-] Connected (version 2.0, client dropbear_2020.81)
2025-11-30 14:51:06.064 65705 INFO tempest.lib.common.rest_client [req-b81069b9-bad6-4a55-8d84-79d38deb9072 req-b81069b9-bad6-4a55-8d84-79d38deb9072 ] Request (ImagesOneServerNegativeTestJSON:setUp): 200 GET http://10.180.1.21/compute/v2.1/servers/eba6b6c7-c6a1-450f-b569-ac2c91270b62 1.201s
2025-11-30 14:51:06.086 65717 INFO paramiko.transport [-] Authentication (publickey) successful!
2025-11-30 14:51:06.087 65717 INFO tempest.lib.common.ssh [-] ssh connection to cirros@10.180.180.133 successfully created
2025-11-30 14:51:06.110 65711 INFO tempest.lib.common.rest_client [req-34748f15-4395-4991-aa78-b03562a64a32 req-34748f15-4395-4991-aa78-b03562a64a32 ] Request (ServersV294TestFqdnHostnames:setUpClass): 200 GET http://10.180.1.21/compute/v2.1/servers/0ae9549f-09f3-49c9-b650-bcaf46930fea/os-interface 1.013s
2025-11-30 14:51:06.641 65711 INFO tempest.lib.common.rest_client [req-afedf6e3-9f8d-4754-8f00-779c92822506 req-afedf6e3-9f8d-4754-8f00-779c92822506 ] Request (ServersV294TestFqdnHostnames:setUpClass): 200 PUT http://10.180.1.21/networking/v2.0/floatingips/a31d7a15-fd84-4609-9080-448cd49a53da 0.526s
2025-11-30 14:51:06.702 65723 INFO tempest.lib.common.rest_client [req-c015bd52-0335-425e-bdf5-132cc147b5a7 req-c015bd52-0335-425e-bdf5-132cc147b5a7 ] Request (ImagesTestJSON:test_create_image_from_stopped_server): 200 GET http://10.180.1.21/compute/v2.1/servers/b9aad88b-12ae-476d-89c5-0a5ce89630d9 1.547s
2025-11-30 14:51:06.718 65757 INFO tempest.lib.common.rest_client [req-7f4fac40-cdce-44d2-a77e-3cdf4b491aa0 req-7f4fac40-cdce-44d2-a77e-3cdf4b491aa0 ] Request (FloatingIPsAssociationTestJSON:tearDownClass): 200 GET http://10.180.1.21/compute/v2.1/servers/0593ca1e-5dfe-4940-9e6f-ea687bc77bea 1.381s
2025-11-30 14:51:06.730 65721 INFO tempest.lib.common.rest_client [req-73fc71c4-deb7-462b-928f-0e5946f8ac04 req-73fc71c4-deb7-462b-928f-0e5946f8ac04 ] Request (ImagesDeleteNegativeTestJSON:test_delete_image_negative_image_id): 404 DELETE http://10.180.1.21/compute/v2.1/images/-1 1.122s
2025-11-30 14:51:06.749 65710 INFO tempest.lib.common.rest_client [req-1865eac1-fabd-405c-b508-d06a670a91fb req-1865eac1-fabd-405c-b508-d06a670a91fb ] Request (FlavorsAdminTestJSON:test_list_non_public_flavor): 200 GET http://10.180.1.21/compute/v2.1/flavors/detail 1.115s
2025-11-30 14:51:06.764 65695 INFO tempest.lib.common.rest_client [req-05c2f6cd-24c5-48e3-94a4-ff771299989f req-05c2f6cd-24c5-48e3-94a4-ff771299989f ] Request (ListServersNegativeTestJSON:tearDownClass): 404 DELETE http://10.180.1.21/compute/v2.1/servers/cd18fda8-0ba0-48db-96b6-f453e18fa852 1.073s
2025-11-30 14:51:06.823 65743 INFO tempest.lib.common.rest_client [req-9be5f847-e4bd-4ea8-aa51-310f5fe3609e req-9be5f847-e4bd-4ea8-aa51-310f5fe3609e ] Request (VolumesAssistedSnapshotsTest:test_volume_assisted_snapshot_create_delete): 204 DELETE http://10.180.1.21/compute/v2.1/os-assisted-volume-snapshots/None?delete_info=%7B%22volume_id%22%3A+%22cb18c7f5-b3bc-4166-9a5c-4231a2a10848%22%7D 1.013s
2025-11-30 14:51:06.865 65743 INFO tempest.lib.common.rest_client [req-30f6b1a4-d40c-438d-8fce-3ad982053d3a req-30f6b1a4-d40c-438d-8fce-3ad982053d3a ] Request (VolumesAssistedSnapshotsTest:_run_cleanups): 200 GET http://10.180.1.21/volume/v3/volumes/cb18c7f5-b3bc-4166-9a5c-4231a2a10848 0.041s
2025-11-30 14:51:06.898 65745 INFO tempest.lib.common.rest_client [req-4c9ebb1c-b1b0-4205-8402-45264ff2839b req-4c9ebb1c-b1b0-4205-8402-45264ff2839b ] Request (ServerShowV247Test:tearDownClass): 200 GET http://10.180.1.21/compute/v2.1/servers/3ce29f93-00b0-4055-ab34-98a134cd47c0 1.090s
2025-11-30 14:51:06.904 65705 INFO tempest.lib.common.rest_client [req-c6775dff-a6e5-4e8f-a5e6-7a16ba24f6d4 req-c6775dff-a6e5-4e8f-a5e6-7a16ba24f6d4 ] Request (ImagesOneServerNegativeTestJSON:test_create_image_specify_metadata_over_limits): 400 POST http://10.180.1.21/compute/v2.1/servers/eba6b6c7-c6a1-450f-b569-ac2c91270b62/action 0.828s
2025-11-30 14:51:06.933 65730 INFO tempest.lib.common.rest_client [req-d107f6cf-fb5f-4079-9bc1-05ce003e287e req-d107f6cf-fb5f-4079-9bc1-05ce003e287e ] Request (ServerActionsTestOtherB:test_create_backup): 200 GET http://10.180.1.21/image/v2/images/2cc644be-3cd5-4ac3-adf9-ef3312d7e856 0.026s
2025-11-30 14:51:07.013 65717 INFO tempest.lib.common.rest_client [req-29f79d43-aece-4b01-85c3-e852a231b8b9 req-29f79d43-aece-4b01-85c3-e852a231b8b9 ] Request (ServersTestManualDisk:tearDownClass): 204 DELETE http://10.180.1.21/compute/v2.1/servers/20c21c09-5109-48d0-afa1-3d5a1badb79a 0.911s
2025-11-30 14:51:07.029 65733 INFO tempest.lib.common.rest_client [req-aae9f9e2-79c3-4ec7-883f-3899cc7f9c04 req-aae9f9e2-79c3-4ec7-883f-3899cc7f9c04 ] Request (ImagesOneServerTestJSON:tearDownClass): 200 GET http://10.180.1.21/compute/v2.1/servers/4b780bac-c8ec-46b6-be50-a7b2e4d6eddf 0.967s
2025-11-30 14:51:07.117 65739 INFO tempest.lib.common.rest_client [req-0ca911ae-d48c-4290-b984-7a3b172b1e38 req-0ca911ae-d48c-4290-b984-7a3b172b1e38 ] Request (ServerDiskConfigTestJSON:test_rebuild_server_with_auto_disk_config): 200 GET http://10.180.1.21/compute/v2.1/servers/c674ad91-ec8f-41bd-a64a-e099a686d46c 0.864s
2025-11-30 14:51:07.373 65741 INFO tempest.lib.common.rest_client [req-d6b1353d-1312-45fd-ad02-2b9a6ca3dd60 req-d6b1353d-1312-45fd-ad02-2b9a6ca3dd60 ] Request (FloatingIPsAssociationNegativeTestJSON:setUpClass): 200 GET http://10.180.1.21/compute/v2.1/servers/4d0e945c-0138-4e8d-a76b-f3079a2a3b4f 1.062s
2025-11-30 14:51:07.545 65697 INFO tempest.lib.common.rest_client [req-51b4b333-97a6-418b-9b2e-f038fc949252 req-51b4b333-97a6-418b-9b2e-f038fc949252 ] Request (MigrationsAdminTest:test_list_migrations_in_flavor_resize_situation): 200 GET http://10.180.1.21/compute/v2.1/servers/4f16881e-ab2b-4a19-a6fd-48058ee35231 1.178s
2025-11-30 14:51:07.563 65701 INFO tempest.lib.common.rest_client [req-aad477d7-79dd-42e0-b567-0840a6885dd2 req-aad477d7-79dd-42e0-b567-0840a6885dd2 ] Request (ServerDiagnosticsNegativeTest:tearDownClass): 200 GET http://10.180.1.21/compute/v2.1/servers/e0f444c7-8deb-4840-b569-2d88db481b71 1.183s
2025-11-30 14:51:07.655 65707 INFO tempest.lib.common.rest_client [req-26a33080-68ff-4f16-94c1-c4ac75f157d5 req-26a33080-68ff-4f16-94c1-c4ac75f157d5 ] Request (DeleteServersTestJSON:test_delete_active_server): 200 GET http://10.180.1.21/compute/v2.1/servers/c9b88720-1d09-4f8c-8198-40037dbc1e6c 1.221s
2025-11-30 14:51:07.718 65735 INFO tempest.lib.common.rest_client [req-922a224b-912f-4e5e-a624-05a147b778b0 req-922a224b-912f-4e5e-a624-05a147b778b0 ] Request (ServersAdminTestJSON:setUpClass): 200 GET http://10.180.1.21/compute/v2.1/servers/9cdc4494-0232-4815-93fc-a09a10f91184 1.262s
2025-11-30 14:51:07.726 65735 INFO tempest.common.waiters [-] State transition "BUILD/networking" ==> "BUILD/spawning" after 24 second wait
2025-11-30 14:51:07.727 65737 INFO tempest.lib.common.rest_client [req-50e63d9f-8854-4a58-bf18-3a566d151ea9 req-50e63d9f-8854-4a58-bf18-3a566d151ea9 ] Request (ServersTestFqdnHostnames:test_create_server_with_fqdn_name): 200 GET http://10.180.1.21/compute/v2.1/servers/b6cf0d99-f96f-46e7-bf0a-3af22722e2ed 1.220s
2025-11-30 14:51:07.781 65725 INFO tempest.lib.common.rest_client [req-1bbc0be9-c1ee-4430-ad58-571563a136d9 req-1bbc0be9-c1ee-4430-ad58-571563a136d9 ] Request (ServersAdmin275Test:tearDownClass): 200 GET http://10.180.1.21/compute/v2.1/servers/d1080857-2dc8-4d96-9214-0f1003b40fe1 1.204s
2025-11-30 14:51:07.799 65721 INFO tempest.lib.common.rest_client [req-5efa39e3-3801-4721-b06c-717c96f34e95 req-5efa39e3-3801-4721-b06c-717c96f34e95 ] Request (ImagesDeleteNegativeTestJSON:test_delete_image_non_hex_string_id): 404 DELETE http://10.180.1.21/compute/v2.1/images/62c2a150-d5f5-4e8b-928f-e6f79984405j 1.067s
2025-11-30 14:51:07.865 65711 INFO tempest.lib.common.rest_client [req-8bddf0d8-c3aa-4cd3-8369-ef27ddd71677 req-8bddf0d8-c3aa-4cd3-8369-ef27ddd71677 ] Request (ServersV294TestFqdnHostnames:setUpClass): 200 GET http://10.180.1.21/compute/v2.1/servers/0ae9549f-09f3-49c9-b650-bcaf46930fea 1.224s
2025-11-30 14:51:07.878 65711 INFO tempest.api.compute.base [-] Attempting to verify tagged devices in server 0ae9549f-09f3-49c9-b650-bcaf46930fea via the metadata service: http://169.254.169.254/openstack/latest/meta_data.json
2025-11-30 14:51:07.879 65711 INFO tempest.lib.common.ssh [-] Creating ssh connection to '10.180.180.144:22' as 'cirros' with public key authentication
2025-11-30 14:51:07.883 65710 INFO tempest.lib.common.rest_client [req-5dde7a76-f969-4d31-ada8-87fe6a47e666 req-5dde7a76-f969-4d31-ada8-87fe6a47e666 ] Request (FlavorsAdminTestJSON:_run_cleanups): 202 DELETE http://10.180.1.21/compute/v2.1/flavors/1214483819 1.128s
2025-11-30 14:51:07.912 65727 INFO tempest.lib.common.rest_client [req-3f7e1f48-ee69-4ded-97df-ccedf526a2b3 req-3f7e1f48-ee69-4ded-97df-ccedf526a2b3 ] Request (ServersAdminNegativeTestJSON:setUpClass): 200 GET http://10.180.1.21/compute/v2.1/servers/9abdd9c0-ebc5-4065-bf84-7e096481983c 1.175s
2025-11-30 14:51:07.953 65730 INFO tempest.lib.common.rest_client [req-8545fc19-eb95-4351-b7a8-90f8477a0a33 req-8545fc19-eb95-4351-b7a8-90f8477a0a33 ] Request (ServerActionsTestOtherB:test_create_backup): 200 GET http://10.180.1.21/image/v2/images/2cc644be-3cd5-4ac3-adf9-ef3312d7e856 0.019s
