2025-11-30 14:50:14.039 65723 INFO tempest.lib.common.rest_client [req-f9f6e32e-6ba3-47b0-b3ba-0f8c5ac6a45f req-f9f6e32e-6ba3-47b0-b3ba-0f8c5ac6a45f ] Request (ImagesTestJSON:test_create_image_from_stopped_server): 201 POST http://10.180.1.21/identity/v3/auth/tokens 0.065s
2025-11-30 14:50:14.039 65723 INFO tempest.lib.common.fixed_network [-] (ImagesTestJSON:test_create_image_from_stopped_server) Found network {'id': '72437aef-accb-465a-a85b-ee8e1f22e5bf', 'name': 'tempest-ImagesTestJSON-1057435813-network', 'tenant_id': 'c912cecbc03041a8bf889d8880b5e8f9', 'project_id': 'c912cecbc03041a8bf889d8880b5e8f9', 'admin_state_up': True, 'mtu': 8950, 'status': 'ACTIVE', 'subnets': [], 'shared': False, 'port_security_enabled': True, 'router:external': False, 'provider:network_type': 'vlan', 'provider:physical_network': 'default', 'provider:segmentation_id': 587, 'availability_zone_hints': [], 'availability_zones': [], 'ipv4_address_scope': None, 'ipv6_address_scope': None, 'description': '', 'tags': [], 'created_at': '2025-11-30T14:50:10Z', 'updated_at': '2025-11-30T14:50:10Z', 'revision_number': 1} available for tenant
2025-11-30 14:50:14.131 65719 INFO tempest.lib.common.rest_client [req-3c382c43-e217-4fa7-8615-886db20e40ab req-3c382c43-e217-4fa7-8615-886db20e40ab ] Request (ServerExternalEventsTest:test_create_server_external_events): 200 GET http://10.180.1.21/compute/v2.1/servers/0a1b1c75-2645-4b9b-83e1-cd871e8c1b66 2.936s
2025-11-30 14:50:14.157 65711 INFO tempest.lib.common.rest_client [req-350ea1c4-7e92-4b85-9872-53382b587dc3 req-350ea1c4-7e92-4b85-9872-53382b587dc3 ] Request (ServicesAdminNegativeV253TestJSON:tearDownClass): 204 DELETE http://10.180.1.21/identity/v3/projects/fa1758065dd943ac8bfe32f1589b0844 0.241s
2025-11-30 14:50:14.158 65747 INFO tempest.lib.common.rest_client [req-66469760-9a6f-4fcb-b032-341ffc088ea5 req-66469760-9a6f-4fcb-b032-341ffc088ea5 ] Request (ServersListShow2100Test:test_list_show_rebuild_update_server_2100): 200 GET http://10.180.1.21/compute/v2.1/servers/ee6fcc34-be35-4794-a922-41cf67021773 2.911s
2025-11-30 14:50:14.261 65711 INFO tempest.lib.common.rest_client [req-801eba26-cc9d-4f33-a105-3808c490ae64 req-801eba26-cc9d-4f33-a105-3808c490ae64 ] Request (ServersV294TestFqdnHostnames:setUpClass): 201 POST http://10.180.1.21/identity/v3/auth/tokens 0.102s
2025-11-30 14:50:14.291 65721 INFO tempest.lib.common.rest_client [req-c6adc701-132a-4e4d-bfd5-ccfff5ded793 req-c6adc701-132a-4e4d-bfd5-ccfff5ded793 ] Request (VolumesAdminNegativeTest:test_update_attached_volume_with_nonexistent_volume_in_uri): 200 GET http://10.180.1.21/compute/v2.1/servers/2d02c76e-0d3f-4900-8657-24181a1a3b54 2.868s
2025-11-30 14:50:14.306 65711 INFO tempest.lib.common.rest_client [req-746a4873-6ad3-495b-9a89-4412e70660d2 req-746a4873-6ad3-495b-9a89-4412e70660d2 ] Request (ServersV294TestFqdnHostnames:setUpClass): 201 POST http://10.180.1.21/identity/v3/auth/tokens 0.041s
2025-11-30 14:50:14.350 65711 INFO tempest.lib.common.rest_client [req-4e257fce-0b92-4b70-926d-5e76faa36dc0 req-4e257fce-0b92-4b70-926d-5e76faa36dc0 ] Request (ServersV294TestFqdnHostnames:setUpClass): 200 GET http://10.180.1.21/identity/v3/domains?name=Default 0.043s
2025-11-30 14:50:14.380 65737 INFO tempest.lib.common.rest_client [req-50575905-c72c-4f61-a29c-9146f67fc024 req-50575905-c72c-4f61-a29c-9146f67fc024 ] Request (QuotasAdminTestJSON:test_get_updated_quotas): 200 GET http://10.180.1.21/compute/v2.1/os-quota-sets/e48a18ef53a449fabd01b8d30f38a81c?user_id=e75a1bced536438c9000d2dc27ae03d2 2.930s
2025-11-30 14:50:14.391 65711 INFO tempest.lib.common.rest_client [req-32fdec70-38c8-4110-9581-ede15d19192d req-32fdec70-38c8-4110-9581-ede15d19192d ] Request (ServersV294TestFqdnHostnames:setUpClass): 201 POST http://10.180.1.21/identity/v3/projects 0.041s
2025-11-30 14:50:14.507 65710 INFO tempest.lib.common.rest_client [req-c532b1cb-23cc-4e85-86c3-0bbb39bffa38 req-c532b1cb-23cc-4e85-86c3-0bbb39bffa38 ] Request (FlavorsAdminTestJSON:test_create_list_flavor_without_extra_data): 200 GET http://10.180.1.21/compute/v2.1/flavors/detail 3.028s
2025-11-30 14:50:14.515 65735 INFO tempest.lib.common.rest_client [req-e1750ab2-dad6-4474-a0cf-964f5a94ef03 req-e1750ab2-dad6-4474-a0cf-964f5a94ef03 ] Request (HostsAdminNegativeTestJSON:test_update_host_with_invalid_maintenance_mode): 400 PUT http://10.180.1.21/compute/v2.1/os-hosts/devstack 3.015s
2025-11-30 14:50:14.540 65751 INFO tempest.lib.common.rest_client [req-4472380e-5b17-4b5e-a4b4-8a8e2b2340da req-4472380e-5b17-4b5e-a4b4-8a8e2b2340da ] Request (FlavorsExtraSpecsNegativeTestJSON:tearDownClass): 200 GET http://10.180.1.21/compute/v2.1/flavors/detail 3.021s
2025-11-30 14:50:14.578 65753 INFO tempest.lib.common.rest_client [req-35d9e666-1d13-486d-9dc0-f2b5d6a1b05d req-35d9e666-1d13-486d-9dc0-f2b5d6a1b05d ] Request (AggregatesAdminNegativeTestJSON:test_aggregate_delete_as_user): 200 POST http://10.180.1.21/compute/v2.1/os-aggregates 3.032s
2025-11-30 14:50:14.579 65711 INFO tempest.lib.common.rest_client [req-54126a1a-27b9-4e6b-b96b-327e8efe7e2d req-54126a1a-27b9-4e6b-b96b-327e8efe7e2d ] Request (ServersV294TestFqdnHostnames:setUpClass): 201 POST http://10.180.1.21/identity/v3/users 0.187s
2025-11-30 14:50:14.587 65737 INFO tempest.lib.common.rest_client [req-d73b7c9f-3bbc-4ae9-80ee-9c9af1ea2933 req-d73b7c9f-3bbc-4ae9-80ee-9c9af1ea2933 ] Request (QuotasAdminTestJSON:_run_cleanups): 204 DELETE http://10.180.1.21/identity/v3/users/e75a1bced536438c9000d2dc27ae03d2 0.200s
2025-11-30 14:50:14.588 65730 WARNING tempest.lib.common.ssh [-] Failed to establish authenticated ssh connection to cirros@10.180.180.134 ([Errno None] Unable to connect to port 22 on 10.180.180.134). Number attempts: 4. Retry after 5 seconds.: paramiko.ssh_exception.NoValidConnectionsError: [Errno None] Unable to connect to port 22 on 10.180.180.134
2025-11-30 14:50:14.632 65755 WARNING tempest.lib.common.ssh [-] Failed to establish authenticated ssh connection to cirros@10.180.180.143 ([Errno None] Unable to connect to port 22 on 10.180.180.143). Number attempts: 4. Retry after 5 seconds.: paramiko.ssh_exception.NoValidConnectionsError: [Errno None] Unable to connect to port 22 on 10.180.180.143
2025-11-30 14:50:14.660 65697 INFO tempest.lib.common.rest_client [req-c1baa9f3-a271-437f-a8ec-15a48e4d2ff3 req-c1baa9f3-a271-437f-a8ec-15a48e4d2ff3 ] Request (MigrationsAdminTest:test_list_migrations_in_flavor_resize_situation): 200 GET http://10.180.1.21/compute/v2.1/servers/4f16881e-ab2b-4a19-a6fd-48058ee35231 3.208s
2025-11-30 14:50:14.683 65711 INFO tempest.lib.common.rest_client [req-48f97fc7-4c45-4c46-a576-fe1444882783 req-48f97fc7-4c45-4c46-a576-fe1444882783 ] Request (ServersV294TestFqdnHostnames:setUpClass): 200 GET http://10.180.1.21/identity/v3/roles 0.103s
2025-11-30 14:50:14.733 65751 INFO tempest.lib.common.rest_client [req-3b9cd0ca-09a6-4a30-8639-fa78e7045d35 req-3b9cd0ca-09a6-4a30-8639-fa78e7045d35 ] Request (FlavorsExtraSpecsNegativeTestJSON:tearDownClass): 204 DELETE http://10.180.1.21/identity/v3/users/671d9403c8464de9bb7e6097732e05c0 0.185s
2025-11-30 14:50:14.757 65733 INFO tempest.lib.common.rest_client [req-f94ad803-8d94-44a6-985e-88e6849b65f2 req-f94ad803-8d94-44a6-985e-88e6849b65f2 ] Request (ImagesOneServerTestJSON:test_create_delete_image): 200 GET http://10.180.1.21/compute/v2.1/images/a4c4688d-d7aa-4270-b82e-6d95d8eafe9d 2.960s
2025-11-30 14:50:14.866 65741 INFO tempest.lib.common.rest_client [req-ee3466dc-6322-44b2-a074-b4308f5f6452 req-ee3466dc-6322-44b2-a074-b4308f5f6452 ] Request (FlavorsAccessNegativeTestJSON:_run_cleanups): 200 POST http://10.180.1.21/compute/v2.1/flavors/1717461388/action 3.314s
2025-11-30 14:50:14.869 65745 INFO tempest.lib.common.rest_client [req-d4ac0086-1df4-4c32-b298-cc0aee88ffe6 req-d4ac0086-1df4-4c32-b298-cc0aee88ffe6 ] Request (ServerShowV247Test:test_update_rebuild_list_server): 200 GET http://10.180.1.21/compute/v2.1/servers/3ce29f93-00b0-4055-ab34-98a134cd47c0 2.728s
2025-11-30 14:50:14.898 65737 INFO tempest.lib.common.rest_client [req-0fe19705-e368-49bb-b072-e174a237b4ec req-0fe19705-e368-49bb-b072-e174a237b4ec ] Request (QuotasAdminTestJSON:_run_cleanups): 204 DELETE http://10.180.1.21/identity/v3/projects/e48a18ef53a449fabd01b8d30f38a81c 0.311s
2025-11-30 14:50:14.957 65711 INFO tempest.lib.common.rest_client [req-82b22df8-c130-4790-b1c5-a68db9adaa5d req-82b22df8-c130-4790-b1c5-a68db9adaa5d ] Request (ServersV294TestFqdnHostnames:setUpClass): 204 PUT http://10.180.1.21/identity/v3/projects/17142381d0b947769d6abaa9108115d0/users/26d3a23553714cdcbde83c8ec2b6cbc4/roles/3bcd27005f13446eb435de872da0f926 0.274s
2025-11-30 14:50:14.957 65711 INFO tempest.lib.common.dynamic_creds [-] Dynamic test user 26d3a23553714cdcbde83c8ec2b6cbc4 is created with scope project and roles: ['member']
2025-11-30 14:50:14.957 65711 INFO tempest.lib.common.dynamic_creds [-] Acquired dynamic creds: credentials: Credentials: {'domain_id': 'default', 'domain_name': 'Default', 'username': 'tempest-ServersV294TestFqdnHostnames-1158612706-project-member', 'project_domain_id': 'default', 'project_domain_name': 'Default', 'project_id': '17142381d0b947769d6abaa9108115d0', 'project_name': 'tempest-ServersV294TestFqdnHostnames-1158612706', 'tenant_id': '17142381d0b947769d6abaa9108115d0', 'tenant_name': 'tempest-ServersV294TestFqdnHostnames-1158612706', 'user_domain_id': 'default', 'user_domain_name': 'Default', 'user_id': '26d3a23553714cdcbde83c8ec2b6cbc4', 'system': None}, Network: None, Subnet: None, Router: None
2025-11-30 14:50:14.972 65703 INFO tempest.lib.common.rest_client [req-303bcef5-14b5-4c17-8173-d3b5cd1d74f6 req-303bcef5-14b5-4c17-8173-d3b5cd1d74f6 ] Request (ServersTestMultiNic:_run_cleanups): 200 GET http://10.180.1.21/compute/v2.1/servers/9d158c7e-595d-4bbe-a50e-e2cee3b058d4 2.387s
2025-11-30 14:50:14.989 65727 INFO tempest.lib.common.rest_client [req-0abb93d7-1e24-4685-be53-bba195d52411 req-0abb93d7-1e24-4685-be53-bba195d52411 ] Request (ServerDiagnosticsV248Test:tearDownClass): 200 GET http://10.180.1.21/compute/v2.1/servers/639715d7-e368-45a0-8ca1-671b4af18dbf 2.252s
2025-11-30 14:50:15.032 65711 INFO tempest.lib.common.rest_client [req-1ea3a7d5-1c56-4811-a31a-8fe67497ef38 req-1ea3a7d5-1c56-4811-a31a-8fe67497ef38 ] Request (ServersV294TestFqdnHostnames:setUpClass): 201 POST http://10.180.1.21/identity/v3/auth/tokens 0.074s
2025-11-30 14:50:15.078 65751 INFO tempest.lib.common.rest_client [req-d38ee528-5ab0-45b9-b648-61dded000d06 req-d38ee528-5ab0-45b9-b648-61dded000d06 ] Request (FlavorsExtraSpecsNegativeTestJSON:tearDownClass): 204 DELETE http://10.180.1.21/identity/v3/users/e21da2eb41a54630a8b53df68c97b5e3 0.345s
2025-11-30 14:50:15.079 65751 INFO tempest.lib.common.dynamic_creds [-] Deleting project and security group for project: 15135a4b878b4d05a547aa3a82c48a61
2025-11-30 14:50:15.083 65717 WARNING tempest.lib.common.ssh [-] Failed to establish authenticated ssh connection to cirros@10.180.180.133 ([Errno None] Unable to connect to port 22 on 10.180.180.133). Number attempts: 1. Retry after 2 seconds.: paramiko.ssh_exception.NoValidConnectionsError: [Errno None] Unable to connect to port 22 on 10.180.180.133
2025-11-30 14:50:15.139 65751 INFO tempest.lib.common.rest_client [req-69eee0dc-dbbc-43ff-9b35-b2abcbcdbbcd req-69eee0dc-dbbc-43ff-9b35-b2abcbcdbbcd ] Request (FlavorsExtraSpecsNegativeTestJSON:tearDownClass): 201 POST http://10.180.1.21/identity/v3/auth/tokens 0.061s
2025-11-30 14:50:15.410 65711 INFO tempest.lib.common.rest_client [req-05346721-c4ae-426c-89b9-8b0db362bff2 req-05346721-c4ae-426c-89b9-8b0db362bff2 ] Request (ServersV294TestFqdnHostnames:setUpClass): 201 POST http://10.180.1.21/networking/v2.0/networks 0.377s
2025-11-30 14:50:15.469 65749 INFO tempest.lib.common.rest_client [req-39c3fecb-d65a-4a6a-b1f8-f09c1c0b6363 req-39c3fecb-d65a-4a6a-b1f8-f09c1c0b6363 ] Request (ServersTestJSON:setUpClass): 200 GET http://10.180.1.21/compute/v2.1/servers/3aa447fb-75fe-424e-80a9-e45cf2cfd0ec 2.721s
2025-11-30 14:50:15.478 65749 INFO tempest.common.waiters [-] State transition "BUILD/None" ==> "BUILD/spawning" after 15 second wait
2025-11-30 14:50:15.538 65715 INFO tempest.lib.common.rest_client [req-37a8723d-e5a2-465d-889b-96459543bb7a req-37a8723d-e5a2-465d-889b-96459543bb7a ] Request (ServersWithSpecificFlavorTestJSON:test_verify_created_server_ephemeral_disk): 200 GET http://10.180.1.21/compute/v2.1/servers/023ff639-9725-480d-b9a8-ab8689c70270 2.649s
2025-11-30 14:50:15.700 65751 INFO tempest.lib.common.rest_client [req-13ee7f20-4cf0-46a0-a959-5e5ebe262c3c req-13ee7f20-4cf0-46a0-a959-5e5ebe262c3c ] Request (FlavorsExtraSpecsNegativeTestJSON:tearDownClass): 200 GET http://10.180.1.21/networking/v2.0/security-groups?tenant_id=15135a4b878b4d05a547aa3a82c48a61&name=default 0.560s
2025-11-30 14:50:15.709 65707 INFO tempest.lib.common.rest_client [req-b500ebe2-b64e-40fd-bc87-67ee6c01c6fa req-b500ebe2-b64e-40fd-bc87-67ee6c01c6fa ] Request (QuotasAdminNegativeTest:test_create_server_when_memory_quota_is_full): 200 GET http://10.180.1.21/compute/v2.1/os-quota-sets/accd9fbbe31b4358a7704312ccd005c4 2.078s
2025-11-30 14:50:15.906 65711 INFO tempest.lib.common.rest_client [req-7484bbac-6640-43a1-8534-e000533715c3 req-7484bbac-6640-43a1-8534-e000533715c3 ] Request (ServersV294TestFqdnHostnames:setUpClass): 201 POST http://10.180.1.21/networking/v2.0/subnets 0.495s
2025-11-30 14:50:15.985 65705 INFO tempest.lib.common.rest_client [req-3dadb50f-b4c0-4d6b-877a-59e0a18c6f85 req-3dadb50f-b4c0-4d6b-877a-59e0a18c6f85 ] Request (ImagesOneServerNegativeTestJSON:setUpClass): 200 GET http://10.180.1.21/compute/v2.1/servers/eba6b6c7-c6a1-450f-b569-ac2c91270b62 2.808s
2025-11-30 14:50:16.073 65751 INFO tempest.lib.common.rest_client [req-6d4952db-41c4-4ab9-89f9-4a1779ac63fa req-6d4952db-41c4-4ab9-89f9-4a1779ac63fa ] Request (FlavorsExtraSpecsNegativeTestJSON:tearDownClass): 204 DELETE http://10.180.1.21/networking/v2.0/security-groups/921af36e-e0d7-4fd3-98df-35061bfeaac7 0.372s
2025-11-30 14:50:16.167 65751 INFO tempest.lib.common.rest_client [req-ceea8db1-2308-457c-8009-8995afe561bc req-ceea8db1-2308-457c-8009-8995afe561bc ] Request (FlavorsExtraSpecsNegativeTestJSON:tearDownClass): 204 DELETE http://10.180.1.21/identity/v3/projects/15135a4b878b4d05a547aa3a82c48a61 0.093s
2025-11-30 14:50:16.167 65751 INFO tempest.lib.common.dynamic_creds [-] Deleting project and security group for project: 9040bde7d8df4601bd8a6b095f8a8bb4
2025-11-30 14:50:16.658 65751 INFO tempest.lib.common.rest_client [req-6dcce96d-2dae-461e-ba8d-87b7a52feff6 req-6dcce96d-2dae-461e-ba8d-87b7a52feff6 ] Request (FlavorsExtraSpecsNegativeTestJSON:tearDownClass): 200 GET http://10.180.1.21/networking/v2.0/security-groups?tenant_id=9040bde7d8df4601bd8a6b095f8a8bb4&name=default 0.490s
2025-11-30 14:50:16.690 65757 INFO tempest.lib.common.rest_client [req-c712f1b4-00cf-41e4-a9b6-cf090ba5e84d req-c712f1b4-00cf-41e4-a9b6-cf090ba5e84d ] Request (FloatingIPsAssociationTestJSON:test_associate_already_associated_floating_ip): 200 GET http://10.180.1.21/compute/v2.1/servers/0593ca1e-5dfe-4940-9e6f-ea687bc77bea 2.676s
2025-11-30 14:50:16.813 65713 WARNING tempest.lib.common.ssh [-] Failed to establish authenticated ssh connection to cirros@10.180.180.166 ([Errno None] Unable to connect to port 22 on 10.180.180.166). Number attempts: 1. Retry after 2 seconds.: paramiko.ssh_exception.NoValidConnectionsError: [Errno None] Unable to connect to port 22 on 10.180.180.166
2025-11-30 14:50:16.905 65751 INFO tempest.lib.common.rest_client [req-4e70e9e5-da27-44a9-843d-375dd6ffe871 req-4e70e9e5-da27-44a9-843d-375dd6ffe871 ] Request (FlavorsExtraSpecsNegativeTestJSON:tearDownClass): 204 DELETE http://10.180.1.21/networking/v2.0/security-groups/79178bd6-b8e9-495b-aec5-bf8fd41126ee 0.246s
2025-11-30 14:50:16.934 65699 INFO tempest.lib.common.rest_client [req-8af5d8a0-2dca-47ef-bbbb-e284f63f8b10 req-8af5d8a0-2dca-47ef-bbbb-e284f63f8b10 ] Request (AttachVolumeShelveTestJSON:test_attach_volume_shelved_or_offload_server): 200 GET http://10.180.1.21/compute/v2.1/servers/8d1ab2db-6854-4cb0-8667-20768909f94e 2.553s
2025-11-30 14:50:16.948 65699 INFO tempest.common.waiters [-] State transition "BUILD/None" ==> "BUILD/networking" after 14 second wait
2025-11-30 14:50:17.071 65711 INFO tempest.lib.common.rest_client [req-073b849e-0431-41b9-bfaf-b3f7db9af9b9 req-073b849e-0431-41b9-bfaf-b3f7db9af9b9 ] Request (ServersV294TestFqdnHostnames:setUpClass): 201 POST http://10.180.1.21/networking/v2.0/routers 1.164s
2025-11-30 14:50:17.132 65725 INFO tempest.lib.common.rest_client [req-d4227cff-b4db-4e5e-b6a6-0aff9ae8a6b2 req-d4227cff-b4db-4e5e-b6a6-0aff9ae8a6b2 ] Request (ServersAdmin275Test:test_rebuild_update_server_275): 200 GET http://10.180.1.21/compute/v2.1/servers/d1080857-2dc8-4d96-9214-0f1003b40fe1 2.674s
2025-11-30 14:50:17.152 65710 INFO tempest.lib.common.rest_client [req-33cb6811-9d10-4719-8763-1c76cf435442 req-33cb6811-9d10-4719-8763-1c76cf435442 ] Request (FlavorsAdminTestJSON:_run_cleanups): 202 DELETE http://10.180.1.21/compute/v2.1/flavors/1505826053 2.638s
2025-11-30 14:50:17.159 65735 INFO tempest.lib.common.rest_client [req-0e054e1b-680e-40be-b048-08c764826ecc req-0e054e1b-680e-40be-b048-08c764826ecc ] Request (HostsAdminNegativeTestJSON:test_update_host_with_invalid_status): 400 PUT http://10.180.1.21/compute/v2.1/os-hosts/devstack 2.643s
2025-11-30 14:50:17.164 65753 INFO tempest.lib.common.rest_client [req-00e2ad81-562e-41f2-86ba-8dd85d3c1025 req-00e2ad81-562e-41f2-86ba-8dd85d3c1025 ] Request (AggregatesAdminNegativeTestJSON:test_aggregate_delete_as_user): 403 DELETE http://10.180.1.21/compute/v2.1/os-aggregates/5 2.582s
2025-11-30 14:50:17.211 65751 INFO tempest.lib.common.rest_client [req-575c8c15-0f6e-4de8-9375-4b4c030afeca req-575c8c15-0f6e-4de8-9375-4b4c030afeca ] Request (FlavorsExtraSpecsNegativeTestJSON:tearDownClass): 204 DELETE http://10.180.1.21/identity/v3/projects/9040bde7d8df4601bd8a6b095f8a8bb4 0.306s
2025-11-30 14:50:17.212 65751 INFO tempest.test [-] raised in NoVNCConsoleTestJSON.setUpClass. Invoking tearDownClass.
2025-11-30 14:50:17.669 65701 INFO tempest.lib.common.rest_client [req-6b8b9680-a871-4060-a8b4-6335213c835d req-6b8b9680-a871-4060-a8b4-6335213c835d ] Request (ServerDiagnosticsNegativeTest:test_get_server_diagnostics_by_non_admin): 200 GET http://10.180.1.21/compute/v2.1/servers/e0f444c7-8deb-4840-b569-2d88db481b71 2.939s
2025-11-30 14:50:17.678 65701 INFO tempest.common.waiters [-] State transition "BUILD/scheduling" ==> "BUILD/None" after 7 second wait
2025-11-30 14:50:18.126 65711 INFO tempest.lib.common.rest_client [req-0b76cd59-284c-47c2-98ed-18db01c09c2d req-0b76cd59-284c-47c2-98ed-18db01c09c2d ] Request (ServersV294TestFqdnHostnames:setUpClass): 200 PUT http://10.180.1.21/networking/v2.0/routers/622c2b07-6e96-4ec9-88b1-7012dc4f6fb0/add_router_interface 1.054s
2025-11-30 14:50:18.127 65711 INFO tempest.lib.common.dynamic_creds [-] Created isolated network resources for: credentials: Credentials: {'domain_id': 'default', 'domain_name': 'Default', 'username': 'tempest-ServersV294TestFqdnHostnames-1158612706-project-member', 'project_domain_id': 'default', 'project_domain_name': 'Default', 'project_id': '17142381d0b947769d6abaa9108115d0', 'project_name': 'tempest-ServersV294TestFqdnHostnames-1158612706', 'tenant_id': '17142381d0b947769d6abaa9108115d0', 'tenant_name': 'tempest-ServersV294TestFqdnHostnames-1158612706', 'user_domain_id': 'default', 'user_domain_name': 'Default', 'user_id': '26d3a23553714cdcbde83c8ec2b6cbc4', 'system': None}, Network: {'id': 'e213388f-90e3-46d6-add4-639b222d8f2c', 'name': 'tempest-ServersV294TestFqdnHostnames-134385007-network', 'tenant_id': '17142381d0b947769d6abaa9108115d0', 'project_id': '17142381d0b947769d6abaa9108115d0', 'admin_state_up': True, 'mtu': 8950, 'status': 'ACTIVE', 'subnets': [], 'shared': False, 'port_security_enabled': True, 'router:external': False, 'provider:network_type': 'vlan', 'provider:physical_network': 'default', 'provider:segmentation_id': 926, 'availability_zone_hints': [], 'availability_zones': [], 'ipv4_address_scope': None, 'ipv6_address_scope': None, 'description': '', 'tags': [], 'created_at': '2025-11-30T14:50:15Z', 'updated_at': '2025-11-30T14:50:15Z', 'revision_number': 1}, Subnet: {'id': '6ae672b9-a27a-4306-b098-1e3bb895e363', 'name': 'tempest-ServersV294TestFqdnHostnames-134385007-subnet', 'tenant_id': '17142381d0b947769d6abaa9108115d0', 'network_id': 'e213388f-90e3-46d6-add4-639b222d8f2c', 'ip_version': 4, 'subnetpool_id': None, 'enable_dhcp': True, 'ipv6_ra_mode': None, 'ipv6_address_mode': None, 'gateway_ip': '192.168.128.1', 'cidr': '192.168.128.0/28', 'allocation_pools': [{'start': '192.168.128.2', 'end': '192.168.128.14'}], 'host_routes': [], 'dns_nameservers': [], 'description': '', 'router:external': False, 'service_types': [], 'tags': [], 'created_at': '2025-11-30T14:50:15Z', 'updated_at': '2025-11-30T14:50:15Z', 'revision_number': 0, 'project_id': '17142381d0b947769d6abaa9108115d0'}, Router: {'id': '622c2b07-6e96-4ec9-88b1-7012dc4f6fb0', 'name': 'tempest-ServersV294TestFqdnHostnames-134385007-router', 'tenant_id': '17142381d0b947769d6abaa9108115d0', 'admin_state_up': True, 'status': 'ACTIVE', 'external_gateway_info': {'network_id': '4f2a3433-7029-4687-ac90-f16d3128a5e7', 'external_fixed_ips': [{'subnet_id': '380baa23-9e13-4bb1-98d8-a5196c86e485', 'ip_address': '10.180.180.206'}], 'enable_snat': True}, 'description': '', 'availability_zones': [], 'distributed': False, 'ha': False, 'availability_zone_hints': [], 'routes': [], 'flavor_id': None, 'tags': [], 'created_at': '2025-11-30T14:50:16Z', 'updated_at': '2025-11-30T14:50:16Z', 'revision_number': 2, 'project_id': '17142381d0b947769d6abaa9108115d0'}
2025-11-30 14:50:18.156 65717 WARNING tempest.lib.common.ssh [-] Failed to establish authenticated ssh connection to cirros@10.180.180.133 ([Errno None] Unable to connect to port 22 on 10.180.180.133). Number attempts: 2. Retry after 3 seconds.: paramiko.ssh_exception.NoValidConnectionsError: [Errno None] Unable to connect to port 22 on 10.180.180.133
2025-11-30 14:50:18.219 65743 WARNING tempest.lib.common.ssh [-] Failed to establish authenticated ssh connection to cirros@10.180.180.227 ([Errno None] Unable to connect to port 22 on 10.180.180.227). Number attempts: 3. Retry after 4 seconds.: paramiko.ssh_exception.NoValidConnectionsError: [Errno None] Unable to connect to port 22 on 10.180.180.227
2025-11-30 14:50:18.245 65723 INFO tempest.lib.common.rest_client [req-06de356a-bd46-4891-8dca-c7bbdf194b8d req-06de356a-bd46-4891-8dca-c7bbdf194b8d ] Request (ImagesTestJSON:test_create_image_from_stopped_server): 202 POST http://10.180.1.21/compute/v2.1/servers 4.203s
2025-11-30 14:50:18.251 65711 INFO tempest.lib.common.rest_client [req-54ee0e8e-782c-4a7e-bb4f-915dcc4ae847 req-54ee0e8e-782c-4a7e-bb4f-915dcc4ae847 ] Request (ServersV294TestFqdnHostnames:setUpClass): 201 POST http://10.180.1.21/identity/v3/auth/tokens 0.121s
2025-11-30 14:50:18.267 65741 INFO tempest.lib.common.rest_client [req-1d8e9b74-3453-43c8-8313-bbbdad261e0f req-1d8e9b74-3453-43c8-8313-bbbdad261e0f ] Request (FlavorsAccessNegativeTestJSON:_run_cleanups): 202 DELETE http://10.180.1.21/compute/v2.1/flavors/1717461388 3.399s
2025-11-30 14:50:18.379 65733 INFO tempest.lib.common.rest_client [req-8f0156ad-d233-4ffd-958a-e19a8f67d604 req-8f0156ad-d233-4ffd-958a-e19a8f67d604 ] Request (ImagesOneServerTestJSON:test_create_delete_image): 200 GET http://10.180.1.21/compute/v2.1/servers/4b780bac-c8ec-46b6-be50-a7b2e4d6eddf 3.619s
2025-11-30 14:50:18.418 65737 INFO tempest.lib.common.rest_client [req-8afa9444-5d01-49dd-bc19-6e934d1039ff req-8afa9444-5d01-49dd-bc19-6e934d1039ff ] Request (QuotasAdminTestJSON:test_update_all_quota_resources_for_tenant): 200 GET http://10.180.1.21/compute/v2.1/os-quota-sets/2c0bbea168d649d39743c252d525f33d/defaults 3.518s
2025-11-30 14:50:18.498 65731 INFO tempest.lib.common.rest_client [req-1274224e-252d-4ee8-a22d-54f454d7502c req-1274224e-252d-4ee8-a22d-54f454d7502c ] Request (DeleteServersAdminTestJSON:test_delete_server_while_in_error_state): 200 GET http://10.180.1.21/compute/v2.1/servers/61cb7871-6c45-43bc-a8cf-642787c5bac3 3.496s
2025-11-30 14:50:18.511 65695 INFO tempest.lib.common.rest_client [req-787c8f9a-ab67-4875-ba13-c792947224fb req-787c8f9a-ab67-4875-ba13-c792947224fb ] Request (ListServersNegativeTestJSON:setUpClass): 200 GET http://10.180.1.21/compute/v2.1/servers/cd18fda8-0ba0-48db-96b6-f453e18fa852 3.462s
2025-11-30 14:50:18.521 65695 INFO tempest.common.waiters [-] State transition "ACTIVE/deleting" ==> "DELETED/None" after 4 second wait
2025-11-30 14:50:18.560 65719 INFO tempest.lib.common.rest_client [req-6b0fefda-fab2-445f-a66c-c3ddebee2673 req-6b0fefda-fab2-445f-a66c-c3ddebee2673 ] Request (ServerExternalEventsTest:test_create_server_external_events): 200 GET http://10.180.1.21/compute/v2.1/servers/0a1b1c75-2645-4b9b-83e1-cd871e8c1b66 3.414s
2025-11-30 14:50:18.590 65747 INFO tempest.lib.common.rest_client [req-93cf52e9-3a20-4bb0-8823-2a2c994470f8 req-93cf52e9-3a20-4bb0-8823-2a2c994470f8 ] Request (ServersListShow2100Test:test_list_show_rebuild_update_server_2100): 200 GET http://10.180.1.21/compute/v2.1/servers/ee6fcc34-be35-4794-a922-41cf67021773 3.412s
2025-11-30 14:50:18.607 65747 INFO tempest.common.waiters [-] State transition "REBUILD/rebuild_spawning" ==> "ACTIVE/None" after 8 second wait
2025-11-30 14:50:18.799 65721 INFO tempest.lib.common.rest_client [req-fa5ec5e4-4902-40f5-96b2-5e16af552259 req-fa5ec5e4-4902-40f5-96b2-5e16af552259 ] Request (VolumesAdminNegativeTest:test_update_attached_volume_with_nonexistent_volume_in_uri): 200 GET http://10.180.1.21/compute/v2.1/servers/2d02c76e-0d3f-4900-8657-24181a1a3b54 3.495s
2025-11-30 14:50:18.808 65721 INFO tempest.common.waiters [-] State transition "BUILD/spawning" ==> "ACTIVE/None" after 30 second wait
2025-11-30 14:50:18.829 65697 INFO tempest.lib.common.rest_client [req-65a3748c-d998-48e3-8b65-2eab281ccebc req-65a3748c-d998-48e3-8b65-2eab281ccebc ] Request (MigrationsAdminTest:test_list_migrations_in_flavor_resize_situation): 200 GET http://10.180.1.21/compute/v2.1/servers/4f16881e-ab2b-4a19-a6fd-48058ee35231 3.155s
2025-11-30 14:50:18.909 65745 INFO tempest.lib.common.rest_client [req-cb6e1180-4ceb-49d0-8a02-f5ff869f82d3 req-cb6e1180-4ceb-49d0-8a02-f5ff869f82d3 ] Request (ServerShowV247Test:test_update_rebuild_list_server): 200 GET http://10.180.1.21/compute/v2.1/servers/3ce29f93-00b0-4055-ab34-98a134cd47c0 3.027s
2025-11-30 14:50:19.004 65707 INFO tempest.lib.common.rest_client [req-cb0cdb54-ccfa-423c-b91e-1807b0934341 req-cb0cdb54-ccfa-423c-b91e-1807b0934341 ] Request (QuotasAdminNegativeTest:test_create_server_when_memory_quota_is_full): 200 PUT http://10.180.1.21/compute/v2.1/os-quota-sets/accd9fbbe31b4358a7704312ccd005c4 3.293s
2025-11-30 14:50:19.008 65703 INFO tempest.lib.common.rest_client [req-00062086-d416-464f-8bd0-b811db9071f6 req-00062086-d416-464f-8bd0-b811db9071f6 ] Request (ServersTestMultiNic:_run_cleanups): 200 GET http://10.180.1.21/compute/v2.1/servers/9d158c7e-595d-4bbe-a50e-e2cee3b058d4 3.025s
2025-11-30 14:50:19.087 65707 INFO tempest.lib.common.rest_client [req-04b0dff2-f272-46d4-8bb7-242e2eea3e71 req-04b0dff2-f272-46d4-8bb7-242e2eea3e71 ] Request (QuotasAdminNegativeTest:test_create_server_when_memory_quota_is_full): 201 POST http://10.180.1.21/identity/v3/auth/tokens 0.077s
2025-11-30 14:50:19.088 65707 INFO tempest.lib.common.fixed_network [-] (QuotasAdminNegativeTest:test_create_server_when_memory_quota_is_full) Found network None available for tenant
2025-11-30 14:50:19.116 65727 INFO tempest.lib.common.rest_client [req-ed0e9a51-f760-4aa1-b9b1-2df327e3a2e7 req-ed0e9a51-f760-4aa1-b9b1-2df327e3a2e7 ] Request (ServerDiagnosticsV248Test:tearDownClass): 200 GET http://10.180.1.21/compute/v2.1/servers/639715d7-e368-45a0-8ca1-671b4af18dbf 3.118s
2025-11-30 14:50:19.184 65749 INFO tempest.lib.common.rest_client [req-c1eecb49-af9b-42a7-82b6-0a9103cad59c req-c1eecb49-af9b-42a7-82b6-0a9103cad59c ] Request (ServersTestJSON:setUpClass): 200 GET http://10.180.1.21/compute/v2.1/servers/3aa447fb-75fe-424e-80a9-e45cf2cfd0ec 2.696s
2025-11-30 14:50:19.265 65721 INFO tempest.lib.common.rest_client [req-cedb07e4-0cfd-4425-b8c7-3ef9b6b4e76b req-cedb07e4-0cfd-4425-b8c7-3ef9b6b4e76b ] Request (VolumesAdminNegativeTest:test_update_attached_volume_with_nonexistent_volume_in_uri): 202 POST http://10.180.1.21/volume/v3/volumes 0.456s
2025-11-30 14:50:19.328 65715 INFO tempest.lib.common.rest_client [req-8d371512-f830-48c2-a6b4-2de27264d201 req-8d371512-f830-48c2-a6b4-2de27264d201 ] Request (ServersWithSpecificFlavorTestJSON:test_verify_created_server_ephemeral_disk): 200 GET http://10.180.1.21/compute/v2.1/servers/023ff639-9725-480d-b9a8-ab8689c70270 2.782s
2025-11-30 14:50:19.341 65715 INFO tempest.common.waiters [-] State transition "BUILD/spawning" ==> "ACTIVE/None" after 23 second wait
2025-11-30 14:50:19.363 65705 INFO tempest.lib.common.rest_client [req-8840d17a-7afe-4ef2-ab73-04341dc78f86 req-8840d17a-7afe-4ef2-ab73-04341dc78f86 ] Request (ImagesOneServerNegativeTestJSON:setUpClass): 200 GET http://10.180.1.21/compute/v2.1/servers/eba6b6c7-c6a1-450f-b569-ac2c91270b62 2.366s
2025-11-30 14:50:19.369 65710 INFO tempest.lib.common.rest_client [req-ddab0680-73d0-4c78-92e1-bb2d60f7e798 req-ddab0680-73d0-4c78-92e1-bb2d60f7e798 ] Request (FlavorsAdminTestJSON:_run_cleanups): 200 GET http://10.180.1.21/compute/v2.1/flavors/detail 2.216s
2025-11-30 14:50:19.374 65705 INFO tempest.common.waiters [-] State transition "BUILD/scheduling" ==> "BUILD/None" after 4 second wait
2025-11-30 14:50:19.376 65735 INFO tempest.lib.common.rest_client [req-c736748d-b0b2-4a2f-ad05-eb5e11a97f54 req-c736748d-b0b2-4a2f-ad05-eb5e11a97f54 ] Request (HostsAdminNegativeTestJSON:test_update_host_with_non_admin_user): 403 PUT http://10.180.1.21/compute/v2.1/os-hosts/devstack 2.215s
2025-11-30 14:50:19.404 65753 INFO tempest.lib.common.rest_client [req-d0c57a33-d69b-4768-a1fe-a3b9f4a37916 req-d0c57a33-d69b-4768-a1fe-a3b9f4a37916 ] Request (AggregatesAdminNegativeTestJSON:_run_cleanups): 200 DELETE http://10.180.1.21/compute/v2.1/os-aggregates/5 2.238s
2025-11-30 14:50:19.495 65721 INFO tempest.lib.common.rest_client [req-1c56bf00-ad7b-4024-9ec2-28cd1c77f370 req-1c56bf00-ad7b-4024-9ec2-28cd1c77f370 ] Request (VolumesAdminNegativeTest:test_update_attached_volume_with_nonexistent_volume_in_uri): 200 GET http://10.180.1.21/volume/v3/volumes/a4c17673-acc1-4f7f-a583-96327ecfb3e3 0.224s
2025-11-30 14:50:19.657 65699 INFO tempest.lib.common.rest_client [req-af36b0cf-2461-415a-bd06-f964df2aa0a3 req-af36b0cf-2461-415a-bd06-f964df2aa0a3 ] Request (AttachVolumeShelveTestJSON:test_attach_volume_shelved_or_offload_server): 200 GET http://10.180.1.21/compute/v2.1/servers/8d1ab2db-6854-4cb0-8667-20768909f94e 1.708s
2025-11-30 14:50:19.670 65699 INFO tempest.common.waiters [-] State transition "BUILD/networking" ==> "BUILD/spawning" after 17 second wait
2025-11-30 14:50:19.775 65725 INFO tempest.lib.common.rest_client [req-3fb658d4-54ed-4554-a2fc-a56b0e0d444e req-3fb658d4-54ed-4554-a2fc-a56b0e0d444e ] Request (ServersAdmin275Test:test_rebuild_update_server_275): 200 GET http://10.180.1.21/compute/v2.1/servers/d1080857-2dc8-4d96-9214-0f1003b40fe1 1.630s
2025-11-30 14:50:19.785 65725 INFO tempest.common.waiters [-] State transition "BUILD/spawning" ==> "ACTIVE/None" after 17 second wait
2025-11-30 14:50:19.809 65757 INFO tempest.lib.common.rest_client [req-aabfc28d-c9db-488a-a362-579330a4587b req-aabfc28d-c9db-488a-a362-579330a4587b ] Request (FloatingIPsAssociationTestJSON:test_associate_already_associated_floating_ip): 200 GET http://10.180.1.21/compute/v2.1/servers/0593ca1e-5dfe-4940-9e6f-ea687bc77bea 2.109s
2025-11-30 14:50:19.830 65723 INFO tempest.lib.common.rest_client [req-22513341-a720-4046-8c82-610bec2feed2 req-22513341-a720-4046-8c82-610bec2feed2 ] Request (ImagesTestJSON:test_create_image_from_stopped_server): 200 GET http://10.180.1.21/compute/v2.1/servers/b9aad88b-12ae-476d-89c5-0a5ce89630d9 1.583s
2025-11-30 14:50:19.862 65741 INFO tempest.lib.common.rest_client [req-187b95ba-6af1-43ae-8b04-9e0031477a1d req-187b95ba-6af1-43ae-8b04-9e0031477a1d ] Request (FlavorsAccessNegativeTestJSON:_run_cleanups): 200 GET http://10.180.1.21/compute/v2.1/flavors/detail 1.595s
2025-11-30 14:50:19.882 65711 INFO tempest.lib.common.rest_client [req-19cc570c-8107-4f4b-97a1-4a55f280f45d req-19cc570c-8107-4f4b-97a1-4a55f280f45d ] Request (ServersV294TestFqdnHostnames:setUpClass): 201 POST http://10.180.1.21/compute/v2.1/os-keypairs 1.629s
2025-11-30 14:50:19.884 65713 WARNING tempest.lib.common.ssh [-] Failed to establish authenticated ssh connection to cirros@10.180.180.166 ([Errno None] Unable to connect to port 22 on 10.180.180.166). Number attempts: 2. Retry after 3 seconds.: paramiko.ssh_exception.NoValidConnectionsError: [Errno None] Unable to connect to port 22 on 10.180.180.166
2025-11-30 14:50:19.910 65733 INFO tempest.lib.common.rest_client [req-49958621-a0cb-4579-85b0-2a9960de853f req-49958621-a0cb-4579-85b0-2a9960de853f ] Request (ImagesOneServerTestJSON:test_create_delete_image): 200 GET http://10.180.1.21/compute/v2.1/images/3ebe64f2-5e6e-4d32-9279-c483e085ea9c 1.516s
2025-11-30 14:50:20.000 65747 INFO tempest.lib.common.rest_client [req-79cc84f2-c10a-4ba8-9092-842b088a064a req-79cc84f2-c10a-4ba8-9092-842b088a064a ] Request (ServersListShow2100Test:tearDownClass): 204 DELETE http://10.180.1.21/compute/v2.1/servers/ee6fcc34-be35-4794-a922-41cf67021773 1.385s
2025-11-30 14:50:20.006 65711 INFO tempest.lib.common.rest_client [req-a1dc6d0c-d3c9-4f35-af29-33c986f733b9 req-a1dc6d0c-d3c9-4f35-af29-33c986f733b9 ] Request (ServersV294TestFqdnHostnames:setUpClass): 201 POST http://10.180.1.21/networking/v2.0/security-groups 0.122s
2025-11-30 14:50:20.041 65737 INFO tempest.lib.common.rest_client [req-e01712d3-b91e-4bf6-b61e-5ca98f3e4b85 req-e01712d3-b91e-4bf6-b61e-5ca98f3e4b85 ] Request (QuotasAdminTestJSON:test_update_all_quota_resources_for_tenant): 200 PUT http://10.180.1.21/compute/v2.1/os-quota-sets/2c0bbea168d649d39743c252d525f33d 1.620s
2025-11-30 14:50:20.084 65701 INFO tempest.lib.common.rest_client [req-f33b4731-5f7d-4d49-b347-91975f865a07 req-f33b4731-5f7d-4d49-b347-91975f865a07 ] Request (ServerDiagnosticsNegativeTest:test_get_server_diagnostics_by_non_admin): 200 GET http://10.180.1.21/compute/v2.1/servers/e0f444c7-8deb-4840-b569-2d88db481b71 1.405s
2025-11-30 14:50:20.096 65730 WARNING tempest.lib.common.ssh [-] Failed to establish authenticated ssh connection to cirros@10.180.180.134 ([Errno None] Unable to connect to port 22 on 10.180.180.134). Number attempts: 5. Retry after 6 seconds.: paramiko.ssh_exception.NoValidConnectionsError: [Errno None] Unable to connect to port 22 on 10.180.180.134
2025-11-30 14:50:20.139 65755 WARNING tempest.lib.common.ssh [-] Failed to establish authenticated ssh connection to cirros@10.180.180.143 ([Errno None] Unable to connect to port 22 on 10.180.180.143). Number attempts: 5. Retry after 6 seconds.: paramiko.ssh_exception.NoValidConnectionsError: [Errno None] Unable to connect to port 22 on 10.180.180.143
2025-11-30 14:50:20.141 65711 INFO tempest.lib.common.rest_client [req-f091801c-0965-431e-97cd-ec93b80c8ca3 req-f091801c-0965-431e-97cd-ec93b80c8ca3 ] Request (ServersV294TestFqdnHostnames:setUpClass): 201 POST http://10.180.1.21/networking/v2.0/security-group-rules 0.135s
2025-11-30 14:50:20.198 65715 INFO tempest.lib.common.rest_client [req-fe276413-588f-404d-a259-d7ec8bb273f2 req-fe276413-588f-404d-a259-d7ec8bb273f2 ] Request (ServersWithSpecificFlavorTestJSON:test_verify_created_server_ephemeral_disk): 200 GET http://10.180.1.21/compute/v2.1/servers/023ff639-9725-480d-b9a8-ab8689c70270/os-interface 0.856s
2025-11-30 14:50:20.203 65735 INFO tempest.lib.common.rest_client [req-22b1fb7d-41dc-45d5-87de-3b0385e49115 req-22b1fb7d-41dc-45d5-87de-3b0385e49115 ] Request (HostsAdminNegativeTestJSON:test_update_host_without_param): 400 PUT http://10.180.1.21/compute/v2.1/os-hosts/devstack 0.826s
2025-11-30 14:50:20.221 65710 INFO tempest.lib.common.rest_client [req-e2465fc4-531a-4a05-8a8d-de6e721c36af req-e2465fc4-531a-4a05-8a8d-de6e721c36af ] Request (FlavorsAdminTestJSON:test_create_server_with_non_public_flavor): 200 POST http://10.180.1.21/compute/v2.1/flavors 0.835s
2025-11-30 14:50:20.231 65753 INFO tempest.lib.common.rest_client [req-c7916663-52b0-4fd8-aca6-adedf5778f41 req-c7916663-52b0-4fd8-aca6-adedf5778f41 ] Request (AggregatesAdminNegativeTestJSON:test_aggregate_delete_with_invalid_id): 404 DELETE http://10.180.1.21/compute/v2.1/os-aggregates/-1 0.826s
2025-11-30 14:50:20.261 65711 INFO tempest.lib.common.rest_client [req-eb10ce6f-3bda-4a74-a52d-85a0c506eb43 req-eb10ce6f-3bda-4a74-a52d-85a0c506eb43 ] Request (ServersV294TestFqdnHostnames:setUpClass): 201 POST http://10.180.1.21/networking/v2.0/security-group-rules 0.118s
2025-11-30 14:50:20.295 65731 INFO tempest.lib.common.rest_client [req-8a9b40bd-2777-450b-8fc9-67528d11a502 req-8a9b40bd-2777-450b-8fc9-67528d11a502 ] Request (DeleteServersAdminTestJSON:test_delete_server_while_in_error_state): 200 GET http://10.180.1.21/compute/v2.1/servers/61cb7871-6c45-43bc-a8cf-642787c5bac3 0.788s
2025-11-30 14:50:20.327 65707 INFO tempest.lib.common.rest_client [req-4d4da4a6-2fdd-4c5f-a70d-344c466eee73 req-4d4da4a6-2fdd-4c5f-a70d-344c466eee73 ] Request (QuotasAdminNegativeTest:test_create_server_when_memory_quota_is_full): 403 POST http://10.180.1.21/compute/v2.1/servers 1.238s
2025-11-30 14:50:20.535 65721 INFO tempest.lib.common.rest_client [req-046a2b89-8856-4e01-91e3-3e5832ad84c6 req-046a2b89-8856-4e01-91e3-3e5832ad84c6 ] Request (VolumesAdminNegativeTest:test_update_attached_volume_with_nonexistent_volume_in_uri): 200 GET http://10.180.1.21/volume/v3/volumes/a4c17673-acc1-4f7f-a583-96327ecfb3e3 0.031s
2025-11-30 14:50:20.542 65721 INFO tempest.common.waiters [-] volume a4c17673-acc1-4f7f-a583-96327ecfb3e3 reached available after waiting for 1.542106 seconds
2025-11-30 14:50:20.752 65711 INFO tempest.lib.common.rest_client [req-ce780bcf-746d-4da6-92cc-d8617655f1d5 req-ce780bcf-746d-4da6-92cc-d8617655f1d5 ] Request (ServersV294TestFqdnHostnames:setUpClass): 201 POST http://10.180.1.21/networking/v2.0/floatingips 0.491s
2025-11-30 14:50:20.785 65719 INFO tempest.lib.common.rest_client [req-67f2ec60-f842-41d2-a40c-8a6c5d913971 req-67f2ec60-f842-41d2-a40c-8a6c5d913971 ] Request (ServerExternalEventsTest:test_create_server_external_events): 200 GET http://10.180.1.21/compute/v2.1/servers/0a1b1c75-2645-4b9b-83e1-cd871e8c1b66 1.215s
2025-11-30 14:50:20.792 65715 INFO tempest.lib.common.rest_client [req-1bcabc3b-7622-4937-8be8-af192c0f9340 req-1bcabc3b-7622-4937-8be8-af192c0f9340 ] Request (ServersWithSpecificFlavorTestJSON:test_verify_created_server_ephemeral_disk): 200 PUT http://10.180.1.21/networking/v2.0/floatingips/69d958d0-7af8-4a4e-b449-f5b16aedc6fb 0.591s
2025-11-30 14:50:20.803 65695 INFO tempest.lib.common.rest_client [req-1b1bda5e-7a23-4586-b172-da07c44e1acb req-1b1bda5e-7a23-4586-b172-da07c44e1acb ] Request (ListServersNegativeTestJSON:setUpClass): 200 GET http://10.180.1.21/compute/v2.1/servers/cd18fda8-0ba0-48db-96b6-f453e18fa852 1.280s
2025-11-30 14:50:20.805 65711 INFO tempest.lib.common.rest_client [req-637a522e-52f5-45df-9951-5eb48cea3557 req-637a522e-52f5-45df-9951-5eb48cea3557 ] Request (ServersV294TestFqdnHostnames:setUpClass): 201 POST http://10.180.1.21/identity/v3/auth/tokens 0.049s
2025-11-30 14:50:20.808 65711 INFO tempest.lib.common.fixed_network [-] (ServersV294TestFqdnHostnames:setUpClass) Found network {'id': 'e213388f-90e3-46d6-add4-639b222d8f2c', 'name': 'tempest-ServersV294TestFqdnHostnames-134385007-network', 'tenant_id': '17142381d0b947769d6abaa9108115d0', 'project_id': '17142381d0b947769d6abaa9108115d0', 'admin_state_up': True, 'mtu': 8950, 'status': 'ACTIVE', 'subnets': [], 'shared': False, 'port_security_enabled': True, 'router:external': False, 'provider:network_type': 'vlan', 'provider:physical_network': 'default', 'provider:segmentation_id': 926, 'availability_zone_hints': [], 'availability_zones': [], 'ipv4_address_scope': None, 'ipv6_address_scope': None, 'description': '', 'tags': [], 'created_at': '2025-11-30T14:50:15Z', 'updated_at': '2025-11-30T14:50:15Z', 'revision_number': 1} available for tenant
2025-11-30 14:50:20.983 65697 INFO tempest.lib.common.rest_client [req-868c76e9-9974-4b85-b9c4-d6b0507a8a93 req-868c76e9-9974-4b85-b9c4-d6b0507a8a93 ] Request (MigrationsAdminTest:test_list_migrations_in_flavor_resize_situation): 200 GET http://10.180.1.21/compute/v2.1/servers/4f16881e-ab2b-4a19-a6fd-48058ee35231 1.141s
2025-11-30 14:50:21.004 65741 INFO tempest.lib.common.rest_client [req-0dba11de-c8b0-4459-b61a-5446b0a3ae7f req-0dba11de-c8b0-4459-b61a-5446b0a3ae7f ] Request (FlavorsAccessNegativeTestJSON:test_remove_flavor_access_not_found): 200 POST http://10.180.1.21/compute/v2.1/flavors 1.131s
2025-11-30 14:50:21.022 65733 INFO tempest.lib.common.rest_client [req-58069cc4-2751-4a82-bbae-39ab0a6a9799 req-58069cc4-2751-4a82-bbae-39ab0a6a9799 ] Request (ImagesOneServerTestJSON:test_create_delete_image): 200 GET http://10.180.1.21/compute/v2.1/flavors/42 1.109s
2025-11-30 14:50:21.076 65725 INFO tempest.lib.common.rest_client [req-77a5d2a4-589f-42fd-ad3c-df001679902c req-77a5d2a4-589f-42fd-ad3c-df001679902c ] Request (ServersAdmin275Test:test_rebuild_update_server_275): 202 POST http://10.180.1.21/compute/v2.1/servers/d1080857-2dc8-4d96-9214-0f1003b40fe1/action 1.291s
2025-11-30 14:50:21.078 65745 INFO tempest.lib.common.rest_client [req-38f77bf0-9bd4-4919-b7ef-bf4c9e1d4717 req-38f77bf0-9bd4-4919-b7ef-bf4c9e1d4717 ] Request (ServerShowV247Test:test_update_rebuild_list_server): 200 GET http://10.180.1.21/compute/v2.1/servers/3ce29f93-00b0-4055-ab34-98a134cd47c0 1.156s
2025-11-30 14:50:21.151 65747 INFO tempest.lib.common.rest_client [req-8bdddb45-2d13-43e0-aaef-9c51b267a16a req-8bdddb45-2d13-43e0-aaef-9c51b267a16a ] Request (ServersListShow2100Test:tearDownClass): 200 GET http://10.180.1.21/compute/v2.1/servers/ee6fcc34-be35-4794-a922-41cf67021773 1.150s
2025-11-30 14:50:21.162 65703 INFO tempest.lib.common.rest_client [req-3da4d9ab-38a2-4a2d-b554-5250471214a2 req-3da4d9ab-38a2-4a2d-b554-5250471214a2 ] Request (ServersTestMultiNic:_run_cleanups): 200 GET http://10.180.1.21/compute/v2.1/servers/9d158c7e-595d-4bbe-a50e-e2cee3b058d4 1.145s
2025-11-30 14:50:21.185 65727 INFO tempest.lib.common.rest_client [req-9de588f3-6061-4f2c-b932-f05e4ed4524d req-9de588f3-6061-4f2c-b932-f05e4ed4524d ] Request (ServerDiagnosticsV248Test:tearDownClass): 404 GET http://10.180.1.21/compute/v2.1/servers/639715d7-e368-45a0-8ca1-671b4af18dbf 1.053s
2025-11-30 14:50:21.386 65749 INFO tempest.lib.common.rest_client [req-0ff769cc-5425-475b-9891-13e95f26472c req-0ff769cc-5425-475b-9891-13e95f26472c ] Request (ServersTestJSON:setUpClass): 200 GET http://10.180.1.21/compute/v2.1/servers/3aa447fb-75fe-424e-80a9-e45cf2cfd0ec 1.191s
2025-11-30 14:50:21.402 65727 INFO tempest.lib.common.rest_client [req-94244480-a1d8-48bf-b83f-bb33d4ee6326 req-94244480-a1d8-48bf-b83f-bb33d4ee6326 ] Request (ServerDiagnosticsV248Test:tearDownClass): 204 DELETE http://10.180.1.21/identity/v3/users/370e7525d9d94cd7a5dda587add103d0 0.216s
2025-11-30 14:50:21.402 65735 INFO tempest.lib.common.rest_client [req-909ca7ee-bdef-4b41-a1ec-75e71e371644 req-909ca7ee-bdef-4b41-a1ec-75e71e371644 ] Request (HostsAdminNegativeTestJSON:test_update_nonexistent_host): 404 PUT http://10.180.1.21/compute/v2.1/os-hosts/nonexistent_hostname 1.197s
2025-11-30 14:50:21.424 65710 INFO tempest.lib.common.rest_client [req-6f2e16b6-6d4e-4580-a2c8-31abbb2ec279 req-6f2e16b6-6d4e-4580-a2c8-31abbb2ec279 ] Request (FlavorsAdminTestJSON:test_create_server_with_non_public_flavor): 400 POST http://10.180.1.21/compute/v2.1/servers 1.200s
2025-11-30 14:50:21.513 65753 INFO tempest.lib.common.rest_client [req-cc04257a-54e0-4658-9fac-c22d390a254b req-cc04257a-54e0-4658-9fac-c22d390a254b ] Request (AggregatesAdminNegativeTestJSON:test_aggregate_get_details_as_user): 200 POST http://10.180.1.21/compute/v2.1/os-aggregates 1.279s
2025-11-30 14:50:21.538 65737 INFO tempest.lib.common.rest_client [req-1722a658-43f8-491f-b16a-e53d0d72f1b7 req-1722a658-43f8-491f-b16a-e53d0d72f1b7 ] Request (QuotasAdminTestJSON:_run_cleanups): 200 PUT http://10.180.1.21/compute/v2.1/os-quota-sets/2c0bbea168d649d39743c252d525f33d 1.493s
2025-11-30 14:50:21.564 65735 INFO tempest.lib.common.rest_client [req-a6e960d0-d48f-4138-9c35-a9c122d09f51 req-a6e960d0-d48f-4138-9c35-a9c122d09f51 ] Request (HostsAdminNegativeTestJSON:tearDownClass): 204 DELETE http://10.180.1.21/identity/v3/users/b8ea9327c29c48d28f2308a13ea88994 0.160s
2025-11-30 14:50:21.577 65727 INFO tempest.lib.common.rest_client [req-61b108de-8262-4ef0-9303-4ea121f5d2d8 req-61b108de-8262-4ef0-9303-4ea121f5d2d8 ] Request (ServerDiagnosticsV248Test:tearDownClass): 204 DELETE http://10.180.1.21/identity/v3/users/0bfeece60ad74f509c6ca3ca9d244ab6 0.175s
2025-11-30 14:50:21.577 65727 INFO tempest.lib.common.dynamic_creds [-] Deleting project and security group for project: 7226b36e4c0344cdabc6ab7bbd5692ae
2025-11-30 14:50:21.615 65705 INFO tempest.lib.common.rest_client [req-de66bc03-94c7-42a1-b295-0a4ac619a617 req-de66bc03-94c7-42a1-b295-0a4ac619a617 ] Request (ImagesOneServerNegativeTestJSON:setUpClass): 200 GET http://10.180.1.21/compute/v2.1/servers/eba6b6c7-c6a1-450f-b569-ac2c91270b62 1.239s
2025-11-30 14:50:21.681 65737 INFO tempest.lib.common.rest_client [req-3ce8f603-297e-4386-8805-64cb39d1bfe2 req-3ce8f603-297e-4386-8805-64cb39d1bfe2 ] Request (QuotasAdminTestJSON:tearDownClass): 204 DELETE http://10.180.1.21/identity/v3/users/e3d3356a27444c729b90dd0fb4d2c696 0.138s
2025-11-30 14:50:21.683 65735 INFO tempest.lib.common.rest_client [req-3f04905c-7f4b-4568-8fcf-59acdc8e3223 req-3f04905c-7f4b-4568-8fcf-59acdc8e3223 ] Request (HostsAdminNegativeTestJSON:tearDownClass): 204 DELETE http://10.180.1.21/identity/v3/users/7c028cf16fb44538b5cc27598b07f975 0.118s
2025-11-30 14:50:21.683 65735 INFO tempest.lib.common.dynamic_creds [-] Deleting project and security group for project: 3d926c7affba4d6582cd977a68be0d99
2025-11-30 14:50:21.742 65727 INFO tempest.lib.common.rest_client [req-fa0dabd7-d1f8-4702-bd31-f0da9aeac043 req-fa0dabd7-d1f8-4702-bd31-f0da9aeac043 ] Request (ServerDiagnosticsV248Test:tearDownClass): 201 POST http://10.180.1.21/identity/v3/auth/tokens 0.164s
2025-11-30 14:50:21.842 65707 INFO tempest.lib.common.rest_client [req-f9e04ef4-e2bb-4baa-bcdd-b1921747c0f6 req-f9e04ef4-e2bb-4baa-bcdd-b1921747c0f6 ] Request (QuotasAdminNegativeTest:_run_cleanups): 200 PUT http://10.180.1.21/compute/v2.1/os-quota-sets/accd9fbbe31b4358a7704312ccd005c4 1.515s
2025-11-30 14:50:21.853 65737 INFO tempest.lib.common.rest_client [req-290cc1ad-d3fb-4a60-9425-1fc59a87ac14 req-290cc1ad-d3fb-4a60-9425-1fc59a87ac14 ] Request (QuotasAdminTestJSON:tearDownClass): 204 DELETE http://10.180.1.21/identity/v3/users/f9679cbe764041d684e71f05844adb6a 0.172s
2025-11-30 14:50:21.853 65737 INFO tempest.lib.common.dynamic_creds [-] Deleting project and security group for project: 2c0bbea168d649d39743c252d525f33d
2025-11-30 14:50:21.883 65735 INFO tempest.lib.common.rest_client [req-d4c57d2f-8fe8-47a8-af98-7418c6892869 req-d4c57d2f-8fe8-47a8-af98-7418c6892869 ] Request (HostsAdminNegativeTestJSON:tearDownClass): 201 POST http://10.180.1.21/identity/v3/auth/tokens 0.199s
2025-11-30 14:50:21.887 65721 INFO tempest.lib.common.rest_client [req-b26205c9-f4aa-4b3c-b270-882c480f5c33 req-b26205c9-f4aa-4b3c-b270-882c480f5c33 ] Request (VolumesAdminNegativeTest:test_update_attached_volume_with_nonexistent_volume_in_uri): 404 PUT http://10.180.1.21/compute/v2.1/servers/2d02c76e-0d3f-4900-8657-24181a1a3b54/os-volume_attachments/f1d9e78d-0466-496a-a154-009c1eab0c4c 1.345s
2025-11-30 14:50:21.954 65737 INFO tempest.lib.common.rest_client [req-76ebe15d-205d-490b-a7cb-5ee9b3970f5d req-76ebe15d-205d-490b-a7cb-5ee9b3970f5d ] Request (QuotasAdminTestJSON:tearDownClass): 201 POST http://10.180.1.21/identity/v3/auth/tokens 0.101s
2025-11-30 14:50:21.962 65721 INFO tempest.lib.common.rest_client [req-4af0f681-1dd5-433e-9ff2-daabe6c3179f req-4af0f681-1dd5-433e-9ff2-daabe6c3179f ] Request (VolumesAdminNegativeTest:tearDownClass): 202 DELETE http://10.180.1.21/volume/v3/volumes/a4c17673-acc1-4f7f-a583-96327ecfb3e3 0.074s
2025-11-30 14:50:21.998 65721 INFO tempest.lib.common.rest_client [req-9cb1e43e-04e3-4920-bba1-0eb70b953c84 req-9cb1e43e-04e3-4920-bba1-0eb70b953c84 ] Request (VolumesAdminNegativeTest:tearDownClass): 200 GET http://10.180.1.21/volume/v3/volumes/a4c17673-acc1-4f7f-a583-96327ecfb3e3 0.035s
2025-11-30 14:50:22.106 65735 INFO tempest.lib.common.rest_client [req-e25830e4-f8cc-4b80-8e48-e6b5b6b709d7 req-e25830e4-f8cc-4b80-8e48-e6b5b6b709d7 ] Request (HostsAdminNegativeTestJSON:tearDownClass): 200 GET http://10.180.1.21/networking/v2.0/security-groups?tenant_id=3d926c7affba4d6582cd977a68be0d99&name=default 0.223s
2025-11-30 14:50:22.119 65727 INFO tempest.lib.common.rest_client [req-2c39eef4-c1da-4511-b400-03aa6cf0ae8e req-2c39eef4-c1da-4511-b400-03aa6cf0ae8e ] Request (ServerDiagnosticsV248Test:tearDownClass): 200 GET http://10.180.1.21/networking/v2.0/security-groups?tenant_id=7226b36e4c0344cdabc6ab7bbd5692ae&name=default 0.376s
2025-11-30 14:50:22.175 65699 INFO tempest.lib.common.rest_client [req-2712c50a-d183-4f01-8ffb-9cfe6cd1f6ce req-2712c50a-d183-4f01-8ffb-9cfe6cd1f6ce ] Request (AttachVolumeShelveTestJSON:test_attach_volume_shelved_or_offload_server): 200 GET http://10.180.1.21/compute/v2.1/servers/8d1ab2db-6854-4cb0-8667-20768909f94e 1.504s
2025-11-30 14:50:22.294 65735 INFO tempest.lib.common.rest_client [req-bd9131f5-29ad-495e-a8a3-1e70598b933a req-bd9131f5-29ad-495e-a8a3-1e70598b933a ] Request (HostsAdminNegativeTestJSON:tearDownClass): 204 DELETE http://10.180.1.21/networking/v2.0/security-groups/b8783f8e-9ab5-4a6f-9074-a90ee81ee796 0.187s
