2025-11-30 14:51:07.969 65695 INFO tempest.lib.common.rest_client [req-e4b7499b-6550-47d1-8b20-732f26d2c316 req-e4b7499b-6550-47d1-8b20-732f26d2c316 ] Request (ListServersNegativeTestJSON:tearDownClass): 204 DELETE http://10.180.1.21/compute/v2.1/servers/c9d63188-67cf-4df6-ba5c-48ebcf6f40ba 1.204s
2025-11-30 14:51:08.020 65703 INFO tempest.lib.common.rest_client [req-3744e48d-4fd6-4649-ad12-d76e88fef32e req-3744e48d-4fd6-4649-ad12-d76e88fef32e ] Request (ServersTestMultiNic:test_verify_multiple_nics_order): 200 GET http://10.180.1.21/compute/v2.1/servers/cbe4a5b6-fa4d-4b05-9c01-d85a3371fee4 1.146s
2025-11-30 14:51:08.085 65731 INFO tempest.lib.common.rest_client [req-9c80eb3c-c6d1-4313-9add-9e32add47c7d req-9c80eb3c-c6d1-4313-9add-9e32add47c7d ] Request (DeleteServersAdminTestJSON:test_delete_server_while_in_error_state): 200 GET http://10.180.1.21/compute/v2.1/servers/61cb7871-6c45-43bc-a8cf-642787c5bac3 1.199s
2025-11-30 14:51:08.102 65743 INFO tempest.lib.common.rest_client [req-80e288d8-0f93-4f6f-862f-316564f5ade7 req-80e288d8-0f93-4f6f-862f-316564f5ade7 ] Request (VolumesAssistedSnapshotsTest:_run_cleanups): 202 DELETE http://10.180.1.21/compute/v2.1/servers/fe82e86f-0cbc-4ca2-b122-993111a73b10/os-volume_attachments/cb18c7f5-b3bc-4166-9a5c-4231a2a10848 1.227s
2025-11-30 14:51:08.164 65719 INFO tempest.lib.common.rest_client [req-dffca5e2-17cb-48f3-85c4-8127f31cce86 req-dffca5e2-17cb-48f3-85c4-8127f31cce86 ] Request (ServerExternalEventsTest:tearDownClass): 200 GET http://10.180.1.21/compute/v2.1/servers/0a1b1c75-2645-4b9b-83e1-cd871e8c1b66 1.228s
2025-11-30 14:51:08.184 65705 INFO tempest.lib.common.rest_client [req-bb79b264-cc13-4a5c-bfd7-05715af14766 req-bb79b264-cc13-4a5c-bfd7-05715af14766 ] Request (ImagesOneServerNegativeTestJSON:tearDown): 200 GET http://10.180.1.21/compute/v2.1/servers/eba6b6c7-c6a1-450f-b569-ac2c91270b62 1.279s
2025-11-30 14:51:08.221 65755 INFO tempest.lib.common.rest_client [req-1a0ef732-996f-4991-a692-e1e96972d043 req-1a0ef732-996f-4991-a692-e1e96972d043 ] Request (AttachInterfacesUnderV243Test:_run_cleanups): 200 GET http://10.180.1.21/compute/v2.1/servers/8b39fcf4-147a-4ccb-a6e2-032a9bc5a9ce 1.262s
2025-11-30 14:51:08.312 65717 INFO tempest.lib.common.rest_client [req-5e276095-bfd1-4a72-a26c-6b0d50ccb5d5 req-5e276095-bfd1-4a72-a26c-6b0d50ccb5d5 ] Request (ServersTestManualDisk:tearDownClass): 200 GET http://10.180.1.21/compute/v2.1/servers/20c21c09-5109-48d0-afa1-3d5a1badb79a 1.298s
2025-11-30 14:51:08.366 65723 INFO tempest.lib.common.rest_client [req-1d205140-ce39-4ecd-bbf5-a8bb22c882e5 req-1d205140-ce39-4ecd-bbf5-a8bb22c882e5 ] Request (ImagesTestJSON:test_create_image_from_stopped_server): 200 GET http://10.180.1.21/compute/v2.1/servers/b9aad88b-12ae-476d-89c5-0a5ce89630d9 0.648s
2025-11-30 14:51:08.374 65723 INFO tempest.common.waiters [-] State transition "ACTIVE/powering-off" ==> "SHUTOFF/None" after 2 second wait
2025-11-30 14:51:08.385 65721 INFO tempest.lib.common.rest_client [req-5b98ec09-aa46-4400-a7b0-519fa04679fc req-5b98ec09-aa46-4400-a7b0-519fa04679fc ] Request (ImagesDeleteNegativeTestJSON:test_delete_image_with_id_over_character_limit): 404 DELETE http://10.180.1.21/compute/v2.1/images/53487128-52ea-4cc8-ad24-1b934a8af5271 0.584s
2025-11-30 14:51:08.390 65757 INFO tempest.lib.common.rest_client [req-fa12b2d7-98fb-4483-aa02-2e15b49bb6b9 req-fa12b2d7-98fb-4483-aa02-2e15b49bb6b9 ] Request (FloatingIPsAssociationTestJSON:tearDownClass): 200 GET http://10.180.1.21/compute/v2.1/servers/0593ca1e-5dfe-4940-9e6f-ea687bc77bea 0.662s
2025-11-30 14:51:08.418 65710 INFO tempest.lib.common.rest_client [req-87d79a1a-4f36-46fc-bd9b-628d88c9e71d req-87d79a1a-4f36-46fc-bd9b-628d88c9e71d ] Request (FlavorsAdminTestJSON:_run_cleanups): 200 GET http://10.180.1.21/compute/v2.1/flavors/detail 0.534s
2025-11-30 14:51:08.467 65745 INFO tempest.lib.common.rest_client [req-71b2357f-a83c-4653-83d4-1592d3dc9e0c req-71b2357f-a83c-4653-83d4-1592d3dc9e0c ] Request (ServerShowV247Test:tearDownClass): 200 GET http://10.180.1.21/compute/v2.1/servers/3ce29f93-00b0-4055-ab34-98a134cd47c0 0.549s
2025-11-30 14:51:08.584 65733 INFO tempest.lib.common.rest_client [req-84e20916-a21b-4b6b-9d58-c14048007a2b req-84e20916-a21b-4b6b-9d58-c14048007a2b ] Request (ImagesOneServerTestJSON:tearDownClass): 200 GET http://10.180.1.21/compute/v2.1/servers/4b780bac-c8ec-46b6-be50-a7b2e4d6eddf 0.544s
2025-11-30 14:51:08.590 65699 WARNING tempest.lib.common.ssh [-] Failed to establish authenticated ssh connection to cirros@10.180.180.146 ([Errno None] Unable to connect to port 22 on 10.180.180.146). Number attempts: 5. Retry after 6 seconds.: paramiko.ssh_exception.NoValidConnectionsError: [Errno None] Unable to connect to port 22 on 10.180.180.146
2025-11-30 14:51:08.632 65743 INFO tempest.lib.common.rest_client [req-9111c0e2-0e2d-42f2-bcca-f46e8ccd75eb req-9111c0e2-0e2d-42f2-bcca-f46e8ccd75eb ] Request (VolumesAssistedSnapshotsTest:_run_cleanups): 200 GET http://10.180.1.21/compute/v2.1/servers/fe82e86f-0cbc-4ca2-b122-993111a73b10/os-volume_attachments 0.529s
2025-11-30 14:51:08.696 65739 INFO tempest.lib.common.rest_client [req-05eb0302-6e37-4782-a8d0-fb76d7521aa6 req-05eb0302-6e37-4782-a8d0-fb76d7521aa6 ] Request (ServerDiskConfigTestJSON:test_rebuild_server_with_auto_disk_config): 200 GET http://10.180.1.21/compute/v2.1/servers/c674ad91-ec8f-41bd-a64a-e099a686d46c 0.568s
2025-11-30 14:51:08.801 65695 INFO tempest.lib.common.rest_client [req-78015190-74a8-4f14-98d2-d68ed9fe0863 req-78015190-74a8-4f14-98d2-d68ed9fe0863 ] Request (ListServersNegativeTestJSON:tearDownClass): 204 DELETE http://10.180.1.21/compute/v2.1/servers/7f910fee-dd4e-4065-ab2d-7c82b3c13d24 0.832s
2025-11-30 14:51:08.879 65705 INFO tempest.lib.common.rest_client [req-73510052-006f-4448-bd2a-e18c468ce885 req-73510052-006f-4448-bd2a-e18c468ce885 ] Request (ImagesOneServerNegativeTestJSON:setUp): 200 GET http://10.180.1.21/compute/v2.1/servers/eba6b6c7-c6a1-450f-b569-ac2c91270b62 0.685s
2025-11-30 14:51:08.974 65730 INFO tempest.lib.common.rest_client [req-8b54305a-4cdb-4c47-8df0-03015757a797 req-8b54305a-4cdb-4c47-8df0-03015757a797 ] Request (ServerActionsTestOtherB:test_create_backup): 200 GET http://10.180.1.21/image/v2/images/2cc644be-3cd5-4ac3-adf9-ef3312d7e856 0.021s
2025-11-30 14:51:09.091 65741 INFO tempest.lib.common.rest_client [req-bbc90ec8-c4c4-4599-8907-ad9d7eeff6c2 req-bbc90ec8-c4c4-4599-8907-ad9d7eeff6c2 ] Request (FloatingIPsAssociationNegativeTestJSON:setUpClass): 200 GET http://10.180.1.21/compute/v2.1/servers/4d0e945c-0138-4e8d-a76b-f3079a2a3b4f 0.707s
2025-11-30 14:51:09.120 65721 INFO tempest.lib.common.rest_client [req-773da87a-d296-491b-a8d1-e46ad6faed46 req-773da87a-d296-491b-a8d1-e46ad6faed46 ] Request (ImagesDeleteNegativeTestJSON:test_delete_image_with_invalid_image_id): 404 DELETE http://10.180.1.21/compute/v2.1/images/tempest-invalid-489660945 0.733s
2025-11-30 14:51:09.149 65710 INFO tempest.lib.common.rest_client [req-612cf40c-fc8f-40c7-83b7-ec37ee049012 req-612cf40c-fc8f-40c7-83b7-ec37ee049012 ] Request (FlavorsAdminTestJSON:test_list_public_flavor_with_other_user): 200 POST http://10.180.1.21/compute/v2.1/flavors 0.724s
2025-11-30 14:51:09.297 65697 INFO tempest.lib.common.rest_client [req-0a40f9db-f0a4-42a0-9a7e-a480d94b594b req-0a40f9db-f0a4-42a0-9a7e-a480d94b594b ] Request (MigrationsAdminTest:test_list_migrations_in_flavor_resize_situation): 200 GET http://10.180.1.21/compute/v2.1/servers/4f16881e-ab2b-4a19-a6fd-48058ee35231 0.735s
2025-11-30 14:51:09.444 65723 INFO tempest.lib.common.rest_client [req-61a77882-75b3-4403-adf6-8d3b9b151945 req-61a77882-75b3-4403-adf6-8d3b9b151945 ] Request (ImagesTestJSON:test_create_image_from_stopped_server): 202 POST http://10.180.1.21/compute/v2.1/servers/b9aad88b-12ae-476d-89c5-0a5ce89630d9/action 1.070s
2025-11-30 14:51:09.512 65701 INFO tempest.lib.common.rest_client [req-eabb3d2f-20f7-4c32-b0a9-b5a0b58a0957 req-eabb3d2f-20f7-4c32-b0a9-b5a0b58a0957 ] Request (ServerDiagnosticsNegativeTest:tearDownClass): 200 GET http://10.180.1.21/compute/v2.1/servers/e0f444c7-8deb-4840-b569-2d88db481b71 0.936s
2025-11-30 14:51:10.007 65730 INFO tempest.lib.common.rest_client [req-2d1c9bb0-8b15-4d16-a28f-5f2b6ba5c68d req-2d1c9bb0-8b15-4d16-a28f-5f2b6ba5c68d ] Request (ServerActionsTestOtherB:test_create_backup): 200 GET http://10.180.1.21/image/v2/images/2cc644be-3cd5-4ac3-adf9-ef3312d7e856 0.027s
2025-11-30 14:51:10.231 65707 INFO tempest.lib.common.rest_client [req-61901f3c-4249-48fd-94b1-6655d4866ff9 req-61901f3c-4249-48fd-94b1-6655d4866ff9 ] Request (DeleteServersTestJSON:test_delete_active_server): 200 GET http://10.180.1.21/compute/v2.1/servers/c9b88720-1d09-4f8c-8198-40037dbc1e6c 1.563s
2025-11-30 14:51:10.423 65735 INFO tempest.lib.common.rest_client [req-8c301ba4-b0c7-49de-ada4-3d1dabd27ae1 req-8c301ba4-b0c7-49de-ada4-3d1dabd27ae1 ] Request (ServersAdminTestJSON:setUpClass): 200 GET http://10.180.1.21/compute/v2.1/servers/9cdc4494-0232-4815-93fc-a09a10f91184 1.696s
2025-11-30 14:51:10.669 65725 INFO tempest.lib.common.rest_client [req-7d7ed17b-e8d8-49fe-8ead-f353417e5943 req-7d7ed17b-e8d8-49fe-8ead-f353417e5943 ] Request (ServersAdmin275Test:tearDownClass): 200 GET http://10.180.1.21/compute/v2.1/servers/d1080857-2dc8-4d96-9214-0f1003b40fe1 1.876s
2025-11-30 14:51:10.700 65695 INFO tempest.lib.common.rest_client [req-c7054c10-c48b-40a2-a629-8f851c15a6be req-c7054c10-c48b-40a2-a629-8f851c15a6be ] Request (ListServersNegativeTestJSON:tearDownClass): 404 GET http://10.180.1.21/compute/v2.1/servers/cd18fda8-0ba0-48db-96b6-f453e18fa852 1.897s
2025-11-30 14:51:10.704 65737 INFO tempest.lib.common.rest_client [req-eff5933d-d64c-4349-8529-e38247f4c957 req-eff5933d-d64c-4349-8529-e38247f4c957 ] Request (ServersTestFqdnHostnames:test_create_server_with_fqdn_name): 200 GET http://10.180.1.21/compute/v2.1/servers/b6cf0d99-f96f-46e7-bf0a-3af22722e2ed 1.968s
2025-11-30 14:51:10.706 65705 INFO tempest.lib.common.rest_client [req-4a31d643-1e0c-4918-895c-f65cf06e2902 req-4a31d643-1e0c-4918-895c-f65cf06e2902 ] Request (ImagesOneServerNegativeTestJSON:test_create_image_specify_name_over_character_limit): 400 POST http://10.180.1.21/compute/v2.1/servers/eba6b6c7-c6a1-450f-b569-ac2c91270b62/action 1.814s
2025-11-30 14:51:10.713 65737 INFO tempest.common.waiters [-] State transition "BUILD/None" ==> "BUILD/spawning" after 27 second wait
2025-11-30 14:51:10.891 65703 INFO tempest.lib.common.rest_client [req-6dbb05b1-0cda-4bcf-9689-802e2d72ff1f req-6dbb05b1-0cda-4bcf-9689-802e2d72ff1f ] Request (ServersTestMultiNic:test_verify_multiple_nics_order): 200 GET http://10.180.1.21/compute/v2.1/servers/cbe4a5b6-fa4d-4b05-9c01-d85a3371fee4 1.862s
2025-11-30 14:51:10.907 65727 INFO tempest.lib.common.rest_client [req-c1ff09ca-35c4-4293-b569-b58584187ce4 req-c1ff09ca-35c4-4293-b569-b58584187ce4 ] Request (ServersAdminNegativeTestJSON:setUpClass): 200 GET http://10.180.1.21/compute/v2.1/servers/9abdd9c0-ebc5-4065-bf84-7e096481983c 1.985s
2025-11-30 14:51:10.914 65727 INFO tempest.common.waiters [-] State transition "BUILD/spawning" ==> "ACTIVE/None" after 36 second wait
2025-11-30 14:51:10.929 65721 INFO tempest.lib.common.rest_client [req-09ba5b0a-1110-4cad-b772-bae64a01afae req-09ba5b0a-1110-4cad-b772-bae64a01afae ] Request (ImagesDeleteNegativeTestJSON:test_delete_non_existent_image): 404 DELETE http://10.180.1.21/compute/v2.1/images/55c89626-8188-4c92-ac26-ac0ee1215fde 1.807s
2025-11-30 14:51:10.959 65710 INFO tempest.lib.common.rest_client [req-ddcceccd-33a6-4eb5-ad71-2c5ce3b053ee req-ddcceccd-33a6-4eb5-ad71-2c5ce3b053ee ] Request (FlavorsAdminTestJSON:test_list_public_flavor_with_other_user): 200 GET http://10.180.1.21/compute/v2.1/flavors/detail 1.802s
2025-11-30 14:51:10.968 65731 INFO tempest.lib.common.rest_client [req-d5a74a54-6fe1-49e1-af46-517a8bd3f1e3 req-d5a74a54-6fe1-49e1-af46-517a8bd3f1e3 ] Request (DeleteServersAdminTestJSON:test_delete_server_while_in_error_state): 200 GET http://10.180.1.21/compute/v2.1/servers/61cb7871-6c45-43bc-a8cf-642787c5bac3 1.876s
2025-11-30 14:51:11.030 65719 INFO tempest.lib.common.rest_client [req-d56c7e4c-4eb6-4e3b-98ca-bc35e904aed8 req-d56c7e4c-4eb6-4e3b-98ca-bc35e904aed8 ] Request (ServerExternalEventsTest:tearDownClass): 200 GET http://10.180.1.21/compute/v2.1/servers/0a1b1c75-2645-4b9b-83e1-cd871e8c1b66 1.856s
2025-11-30 14:51:11.030 65730 INFO tempest.lib.common.rest_client [req-7ba45fb3-a66c-46fc-b851-9da1e0d5a783 req-7ba45fb3-a66c-46fc-b851-9da1e0d5a783 ] Request (ServerActionsTestOtherB:test_create_backup): 200 GET http://10.180.1.21/image/v2/images/2cc644be-3cd5-4ac3-adf9-ef3312d7e856 0.022s
2025-11-30 14:51:11.033 65755 INFO tempest.lib.common.rest_client [req-17d4e985-4522-4f37-97e4-f24edec0f774 req-17d4e985-4522-4f37-97e4-f24edec0f774 ] Request (AttachInterfacesUnderV243Test:_run_cleanups): 200 GET http://10.180.1.21/compute/v2.1/servers/8b39fcf4-147a-4ccb-a6e2-032a9bc5a9ce 1.805s
2025-11-30 14:51:11.080 65721 INFO tempest.lib.common.rest_client [req-476128dc-ee1b-4736-a643-e124b76deb24 req-476128dc-ee1b-4736-a643-e124b76deb24 ] Request (ImagesDeleteNegativeTestJSON:tearDownClass): 204 DELETE http://10.180.1.21/identity/v3/users/5fd6c2fdfce3452993c83dc98f1ddbab 0.150s
2025-11-30 14:51:11.081 65721 INFO tempest.lib.common.dynamic_creds [-] Deleting project and security group for project: 34047ea04d9b4335a378d38a18a53a2e
2025-11-30 14:51:11.100 65717 INFO tempest.lib.common.rest_client [req-af05b7b6-a4a1-4ccc-8bb1-2043277e0aa7 req-af05b7b6-a4a1-4ccc-8bb1-2043277e0aa7 ] Request (ServersTestManualDisk:tearDownClass): 200 GET http://10.180.1.21/compute/v2.1/servers/20c21c09-5109-48d0-afa1-3d5a1badb79a 1.778s
2025-11-30 14:51:11.120 65757 INFO tempest.lib.common.rest_client [req-263a9d4f-5640-4f7b-8f05-ed970d143630 req-263a9d4f-5640-4f7b-8f05-ed970d143630 ] Request (FloatingIPsAssociationTestJSON:tearDownClass): 200 GET http://10.180.1.21/compute/v2.1/servers/0593ca1e-5dfe-4940-9e6f-ea687bc77bea 1.723s
2025-11-30 14:51:11.139 65723 INFO tempest.lib.common.rest_client [req-1d398558-e7f3-47ae-be3a-97778ad813e1 req-1d398558-e7f3-47ae-be3a-97778ad813e1 ] Request (ImagesTestJSON:test_create_image_from_stopped_server): 200 GET http://10.180.1.21/compute/v2.1/images/fcc02357-4155-441d-811c-29cd285893c2 1.693s
2025-11-30 14:51:11.147 65721 INFO tempest.lib.common.rest_client [req-6d843ce3-18e4-4ed9-86f5-d69738b207e7 req-6d843ce3-18e4-4ed9-86f5-d69738b207e7 ] Request (ImagesDeleteNegativeTestJSON:tearDownClass): 201 POST http://10.180.1.21/identity/v3/auth/tokens 0.065s
2025-11-30 14:51:11.329 65721 INFO tempest.lib.common.rest_client [req-686cdbf6-801f-4b5d-9008-ba863bd575e7 req-686cdbf6-801f-4b5d-9008-ba863bd575e7 ] Request (ImagesDeleteNegativeTestJSON:tearDownClass): 200 GET http://10.180.1.21/networking/v2.0/security-groups?tenant_id=34047ea04d9b4335a378d38a18a53a2e&name=default 0.182s
2025-11-30 14:51:11.356 65745 INFO tempest.lib.common.rest_client [req-8ac322c8-c350-4871-b550-c14895975110 req-8ac322c8-c350-4871-b550-c14895975110 ] Request (ServerShowV247Test:tearDownClass): 200 GET http://10.180.1.21/compute/v2.1/servers/3ce29f93-00b0-4055-ab34-98a134cd47c0 1.870s
2025-11-30 14:51:11.368 65745 INFO tempest.common.waiters [-] State transition "ACTIVE/deleting" ==> "DELETED/None" after 5 second wait
2025-11-30 14:51:11.369 65733 INFO tempest.lib.common.rest_client [req-99190ed2-a574-4d68-acda-0b8482cf3ccf req-99190ed2-a574-4d68-acda-0b8482cf3ccf ] Request (ImagesOneServerTestJSON:tearDownClass): 200 GET http://10.180.1.21/compute/v2.1/servers/4b780bac-c8ec-46b6-be50-a7b2e4d6eddf 1.774s
2025-11-30 14:51:11.398 65743 INFO tempest.lib.common.rest_client [req-d3af88c6-4315-49db-903e-bbf576beeef9 req-d3af88c6-4315-49db-903e-bbf576beeef9 ] Request (VolumesAssistedSnapshotsTest:_run_cleanups): 200 GET http://10.180.1.21/compute/v2.1/servers/fe82e86f-0cbc-4ca2-b122-993111a73b10/os-volume_attachments 1.762s
2025-11-30 14:51:11.472 65721 INFO tempest.lib.common.rest_client [req-f6345fff-5eba-485c-8287-15820950bfd3 req-f6345fff-5eba-485c-8287-15820950bfd3 ] Request (ImagesDeleteNegativeTestJSON:tearDownClass): 204 DELETE http://10.180.1.21/networking/v2.0/security-groups/dc139df3-d1b6-459d-9e3c-95a0e36324ca 0.143s
2025-11-30 14:51:11.499 65739 INFO tempest.lib.common.rest_client [req-592ed1e6-852c-44b3-aed1-5a739d4a3b67 req-592ed1e6-852c-44b3-aed1-5a739d4a3b67 ] Request (ServerDiskConfigTestJSON:test_rebuild_server_with_auto_disk_config): 200 GET http://10.180.1.21/compute/v2.1/servers/c674ad91-ec8f-41bd-a64a-e099a686d46c 1.795s
2025-11-30 14:51:11.553 65721 INFO tempest.lib.common.rest_client [req-82b20a77-f0a7-4238-b4f4-c27c47e8483c req-82b20a77-f0a7-4238-b4f4-c27c47e8483c ] Request (ImagesDeleteNegativeTestJSON:tearDownClass): 204 DELETE http://10.180.1.21/identity/v3/projects/34047ea04d9b4335a378d38a18a53a2e 0.080s
2025-11-30 14:51:11.606 65741 INFO tempest.lib.common.rest_client [req-cdfc84ce-0592-4432-92a4-0973828cb8e0 req-cdfc84ce-0592-4432-92a4-0973828cb8e0 ] Request (FloatingIPsAssociationNegativeTestJSON:setUpClass): 200 GET http://10.180.1.21/compute/v2.1/servers/4d0e945c-0138-4e8d-a76b-f3079a2a3b4f 1.497s
2025-11-30 14:51:11.645 65721 INFO tempest.lib.common.rest_client [req-aba299e7-a19c-4b9b-a178-7d6846f4d804 req-aba299e7-a19c-4b9b-a178-7d6846f4d804 ] Request (ListServerFiltersTestJSON:setUpClass): 201 POST http://10.180.1.21/identity/v3/auth/tokens 0.091s
2025-11-30 14:51:11.687 65721 INFO tempest.lib.common.rest_client [req-8e610f78-88fc-4a18-a83f-802a579eee9e req-8e610f78-88fc-4a18-a83f-802a579eee9e ] Request (ListServerFiltersTestJSON:setUpClass): 201 POST http://10.180.1.21/identity/v3/auth/tokens 0.037s
2025-11-30 14:51:11.717 65721 INFO tempest.lib.common.rest_client [req-f69489d1-b30b-4809-935a-ca642304e2be req-f69489d1-b30b-4809-935a-ca642304e2be ] Request (ListServerFiltersTestJSON:setUpClass): 200 GET http://10.180.1.21/identity/v3/domains?name=Default 0.030s
2025-11-30 14:51:11.754 65721 INFO tempest.lib.common.rest_client [req-babde8a7-3f12-45bf-8be1-5cc2c937353c req-babde8a7-3f12-45bf-8be1-5cc2c937353c ] Request (ListServerFiltersTestJSON:setUpClass): 201 POST http://10.180.1.21/identity/v3/projects 0.036s
2025-11-30 14:51:11.759 65697 INFO tempest.lib.common.rest_client [req-f56c07f4-f5fe-4f9b-be8e-391846747036 req-f56c07f4-f5fe-4f9b-be8e-391846747036 ] Request (MigrationsAdminTest:test_list_migrations_in_flavor_resize_situation): 200 GET http://10.180.1.21/compute/v2.1/servers/4f16881e-ab2b-4a19-a6fd-48058ee35231 1.450s
2025-11-30 14:51:11.792 65701 INFO tempest.lib.common.rest_client [req-1464a3ca-a6d3-4686-8c7f-bf02a5e7f1d0 req-1464a3ca-a6d3-4686-8c7f-bf02a5e7f1d0 ] Request (ServerDiagnosticsNegativeTest:tearDownClass): 200 GET http://10.180.1.21/compute/v2.1/servers/e0f444c7-8deb-4840-b569-2d88db481b71 1.266s
2025-11-30 14:51:11.847 65721 INFO tempest.lib.common.rest_client [req-f302f0ae-8535-4126-8432-e4b43a33c6fc req-f302f0ae-8535-4126-8432-e4b43a33c6fc ] Request (ListServerFiltersTestJSON:setUpClass): 201 POST http://10.180.1.21/identity/v3/users 0.092s
2025-11-30 14:51:11.862 65695 INFO tempest.lib.common.rest_client [req-11c6a879-1765-4ef5-8540-4951557b8586 req-11c6a879-1765-4ef5-8540-4951557b8586 ] Request (ListServersNegativeTestJSON:tearDownClass): 200 GET http://10.180.1.21/compute/v2.1/servers/c9d63188-67cf-4df6-ba5c-48ebcf6f40ba 1.162s
2025-11-30 14:51:11.892 65721 INFO tempest.lib.common.rest_client [req-5e10c66e-08e5-4634-9ca0-9a91ab667bc1 req-5e10c66e-08e5-4634-9ca0-9a91ab667bc1 ] Request (ListServerFiltersTestJSON:setUpClass): 200 GET http://10.180.1.21/identity/v3/roles 0.043s
2025-11-30 14:51:11.931 65721 INFO tempest.lib.common.rest_client [req-22f9fa0d-fc38-4fb9-94b8-ae9e067d5f89 req-22f9fa0d-fc38-4fb9-94b8-ae9e067d5f89 ] Request (ListServerFiltersTestJSON:setUpClass): 204 PUT http://10.180.1.21/identity/v3/projects/1187af1651a04d40a73d4ae93d2ee692/users/0f5a9b1683f74aacbdac9cfe81854b16/roles/3bcd27005f13446eb435de872da0f926 0.038s
2025-11-30 14:51:11.931 65721 INFO tempest.lib.common.dynamic_creds [-] Dynamic test user 0f5a9b1683f74aacbdac9cfe81854b16 is created with scope project and roles: ['member']
2025-11-30 14:51:11.931 65721 INFO tempest.lib.common.dynamic_creds [-] Acquired dynamic creds: credentials: Credentials: {'domain_id': 'default', 'domain_name': 'Default', 'username': 'tempest-ListServerFiltersTestJSON-2092625787-project-member', 'project_domain_id': 'default', 'project_domain_name': 'Default', 'project_id': '1187af1651a04d40a73d4ae93d2ee692', 'project_name': 'tempest-ListServerFiltersTestJSON-2092625787', 'tenant_id': '1187af1651a04d40a73d4ae93d2ee692', 'tenant_name': 'tempest-ListServerFiltersTestJSON-2092625787', 'user_domain_id': 'default', 'user_domain_name': 'Default', 'user_id': '0f5a9b1683f74aacbdac9cfe81854b16', 'system': None}, Network: None, Subnet: None, Router: None
2025-11-30 14:51:11.981 65711 WARNING tempest.lib.common.ssh [-] Failed to establish authenticated ssh connection to cirros@10.180.180.144 ([Errno None] Unable to connect to port 22 on 10.180.180.144). Number attempts: 1. Retry after 2 seconds.: paramiko.ssh_exception.NoValidConnectionsError: [Errno None] Unable to connect to port 22 on 10.180.180.144
2025-11-30 14:51:11.994 65721 INFO tempest.lib.common.rest_client [req-63be7226-f40b-4062-a3cf-beaf08e41453 req-63be7226-f40b-4062-a3cf-beaf08e41453 ] Request (ListServerFiltersTestJSON:setUpClass): 201 POST http://10.180.1.21/identity/v3/auth/tokens 0.062s
2025-11-30 14:51:12.033 65727 INFO tempest.lib.common.rest_client [req-3c8b4332-deca-4c10-bd5b-ed5118c1238b req-3c8b4332-deca-4c10-bd5b-ed5118c1238b ] Request (ServersAdminNegativeTestJSON:test_migrate_non_existent_server): 404 POST http://10.180.1.21/compute/v2.1/servers/86a0e5c6-3f38-4c34-bf25-35681e506267/action 1.117s
2025-11-30 14:51:12.048 65705 INFO tempest.lib.common.rest_client [req-9973203d-d576-4d32-b4e6-044f681a7d60 req-9973203d-d576-4d32-b4e6-044f681a7d60 ] Request (ImagesOneServerNegativeTestJSON:tearDown): 200 GET http://10.180.1.21/compute/v2.1/servers/eba6b6c7-c6a1-450f-b569-ac2c91270b62 1.341s
2025-11-30 14:51:12.063 65710 INFO tempest.lib.common.rest_client [req-03fa0844-d7cc-4ee0-abe3-2b06e2b34b0a req-03fa0844-d7cc-4ee0-abe3-2b06e2b34b0a ] Request (FlavorsAdminTestJSON:_run_cleanups): 202 DELETE http://10.180.1.21/compute/v2.1/flavors/279262223 1.095s
2025-11-30 14:51:12.067 65730 INFO tempest.lib.common.rest_client [req-fd98e9e9-6516-429b-8468-e1dd9136be3f req-fd98e9e9-6516-429b-8468-e1dd9136be3f ] Request (ServerActionsTestOtherB:test_create_backup): 200 GET http://10.180.1.21/image/v2/images/2cc644be-3cd5-4ac3-adf9-ef3312d7e856 0.036s
2025-11-30 14:51:12.145 65727 INFO tempest.lib.common.rest_client [req-886142b3-69f3-4fa7-a39a-28dd2108ff10 req-886142b3-69f3-4fa7-a39a-28dd2108ff10 ] Request (ServersAdminNegativeTestJSON:test_migrate_server_invalid_state): 201 POST http://10.180.1.21/identity/v3/auth/tokens 0.104s
2025-11-30 14:51:12.146 65727 INFO tempest.lib.common.fixed_network [-] (ServersAdminNegativeTestJSON:test_migrate_server_invalid_state) Found network None available for tenant
2025-11-30 14:51:12.339 65707 INFO tempest.lib.common.rest_client [req-60e7de9a-9830-4b1b-ba14-2f6c373e4247 req-60e7de9a-9830-4b1b-ba14-2f6c373e4247 ] Request (DeleteServersTestJSON:test_delete_active_server): 200 GET http://10.180.1.21/compute/v2.1/servers/c9b88720-1d09-4f8c-8198-40037dbc1e6c 1.098s
2025-11-30 14:51:12.427 65721 INFO tempest.lib.common.rest_client [req-27811149-1789-4a6a-8e97-0cc47fdbd96e req-27811149-1789-4a6a-8e97-0cc47fdbd96e ] Request (ListServerFiltersTestJSON:setUpClass): 201 POST http://10.180.1.21/networking/v2.0/networks 0.433s
2025-11-30 14:51:12.484 65725 INFO tempest.lib.common.rest_client [req-2851c2ec-01bf-4fe3-ac42-772630d8e4bf req-2851c2ec-01bf-4fe3-ac42-772630d8e4bf ] Request (ServersAdmin275Test:tearDownClass): 200 GET http://10.180.1.21/compute/v2.1/servers/d1080857-2dc8-4d96-9214-0f1003b40fe1 0.799s
2025-11-30 14:51:12.491 65715 WARNING tempest.lib.common.ssh [-] Failed to establish authenticated ssh connection to cirros@10.180.180.129 ([Errno None] Unable to connect to port 22 on 10.180.180.129). Number attempts: 7. Retry after 8 seconds.: paramiko.ssh_exception.NoValidConnectionsError: [Errno None] Unable to connect to port 22 on 10.180.180.129
2025-11-30 14:51:12.505 65735 INFO tempest.lib.common.rest_client [req-95abdad2-356e-4ad9-a4aa-3646f40c64e9 req-95abdad2-356e-4ad9-a4aa-3646f40c64e9 ] Request (ServersAdminTestJSON:setUpClass): 200 GET http://10.180.1.21/compute/v2.1/servers/9cdc4494-0232-4815-93fc-a09a10f91184 1.070s
2025-11-30 14:51:12.652 65721 INFO tempest.lib.common.rest_client [req-0d1b401d-f03d-4283-a66a-db755d0b2ee9 req-0d1b401d-f03d-4283-a66a-db755d0b2ee9 ] Request (ListServerFiltersTestJSON:setUpClass): 201 POST http://10.180.1.21/networking/v2.0/subnets 0.225s
2025-11-30 14:51:12.653 65721 INFO tempest.lib.common.dynamic_creds [-] Created isolated network resources for: credentials: Credentials: {'domain_id': 'default', 'domain_name': 'Default', 'username': 'tempest-ListServerFiltersTestJSON-2092625787-project-member', 'project_domain_id': 'default', 'project_domain_name': 'Default', 'project_id': '1187af1651a04d40a73d4ae93d2ee692', 'project_name': 'tempest-ListServerFiltersTestJSON-2092625787', 'tenant_id': '1187af1651a04d40a73d4ae93d2ee692', 'tenant_name': 'tempest-ListServerFiltersTestJSON-2092625787', 'user_domain_id': 'default', 'user_domain_name': 'Default', 'user_id': '0f5a9b1683f74aacbdac9cfe81854b16', 'system': None}, Network: {'id': 'f8bc885e-8b81-4920-ae61-ee8363f9bd9c', 'name': 'tempest-ListServerFiltersTestJSON-620735605-network', 'tenant_id': '1187af1651a04d40a73d4ae93d2ee692', 'project_id': '1187af1651a04d40a73d4ae93d2ee692', 'admin_state_up': True, 'mtu': 8950, 'status': 'ACTIVE', 'subnets': [], 'shared': False, 'port_security_enabled': True, 'router:external': False, 'provider:network_type': 'vlan', 'provider:physical_network': 'default', 'provider:segmentation_id': 950, 'availability_zone_hints': [], 'availability_zones': [], 'ipv4_address_scope': None, 'ipv6_address_scope': None, 'description': '', 'tags': [], 'created_at': '2025-11-30T14:51:12Z', 'updated_at': '2025-11-30T14:51:12Z', 'revision_number': 1}, Subnet: {'id': 'f523df48-ce0c-46c9-abe4-40f3fd04831b', 'name': 'tempest-ListServerFiltersTestJSON-620735605-subnet', 'tenant_id': '1187af1651a04d40a73d4ae93d2ee692', 'network_id': 'f8bc885e-8b81-4920-ae61-ee8363f9bd9c', 'ip_version': 4, 'subnetpool_id': None, 'enable_dhcp': True, 'ipv6_ra_mode': None, 'ipv6_address_mode': None, 'gateway_ip': '192.168.128.1', 'cidr': '192.168.128.0/28', 'allocation_pools': [{'start': '192.168.128.2', 'end': '192.168.128.14'}], 'host_routes': [], 'dns_nameservers': [], 'description': '', 'router:external': False, 'service_types': [], 'tags': [], 'created_at': '2025-11-30T14:51:12Z', 'updated_at': '2025-11-30T14:51:12Z', 'revision_number': 0, 'project_id': '1187af1651a04d40a73d4ae93d2ee692'}, Router: None
2025-11-30 14:51:12.740 65721 INFO tempest.lib.common.rest_client [req-2facc4f6-734e-4896-b340-dcf6d28a1dea req-2facc4f6-734e-4896-b340-dcf6d28a1dea ] Request (ListServerFiltersTestJSON:setUpClass): 201 POST http://10.180.1.21/identity/v3/auth/tokens 0.083s
2025-11-30 14:51:12.775 65721 INFO tempest.lib.common.rest_client [req-40e654a8-546f-44b6-b172-e8aba36b0d53 req-40e654a8-546f-44b6-b172-e8aba36b0d53 ] Request (ListServerFiltersTestJSON:setUpClass): 201 POST http://10.180.1.21/identity/v3/auth/tokens 0.030s
2025-11-30 14:51:12.775 65721 INFO tempest.lib.common.fixed_network [-] (ListServerFiltersTestJSON:setUpClass) Found network {'id': 'f8bc885e-8b81-4920-ae61-ee8363f9bd9c', 'name': 'tempest-ListServerFiltersTestJSON-620735605-network', 'tenant_id': '1187af1651a04d40a73d4ae93d2ee692', 'project_id': '1187af1651a04d40a73d4ae93d2ee692', 'admin_state_up': True, 'mtu': 8950, 'status': 'ACTIVE', 'subnets': [], 'shared': False, 'port_security_enabled': True, 'router:external': False, 'provider:network_type': 'vlan', 'provider:physical_network': 'default', 'provider:segmentation_id': 950, 'availability_zone_hints': [], 'availability_zones': [], 'ipv4_address_scope': None, 'ipv6_address_scope': None, 'description': '', 'tags': [], 'created_at': '2025-11-30T14:51:12Z', 'updated_at': '2025-11-30T14:51:12Z', 'revision_number': 1} available for tenant
2025-11-30 14:51:12.810 65721 INFO tempest.lib.common.rest_client [req-476a9ffa-6b78-446e-b521-e2848c5d4969 req-476a9ffa-6b78-446e-b521-e2848c5d4969 ] Request (ListServerFiltersTestJSON:setUpClass): 201 POST http://10.180.1.21/identity/v3/auth/tokens 0.032s
2025-11-30 14:51:12.810 65721 INFO tempest.lib.common.fixed_network [-] (ListServerFiltersTestJSON:setUpClass) Found network {'id': 'f8bc885e-8b81-4920-ae61-ee8363f9bd9c', 'name': 'tempest-ListServerFiltersTestJSON-620735605-network', 'tenant_id': '1187af1651a04d40a73d4ae93d2ee692', 'project_id': '1187af1651a04d40a73d4ae93d2ee692', 'admin_state_up': True, 'mtu': 8950, 'status': 'ACTIVE', 'subnets': [], 'shared': False, 'port_security_enabled': True, 'router:external': False, 'provider:network_type': 'vlan', 'provider:physical_network': 'default', 'provider:segmentation_id': 950, 'availability_zone_hints': [], 'availability_zones': [], 'ipv4_address_scope': None, 'ipv6_address_scope': None, 'description': '', 'tags': [], 'created_at': '2025-11-30T14:51:12Z', 'updated_at': '2025-11-30T14:51:12Z', 'revision_number': 1} available for tenant
2025-11-30 14:51:12.819 65737 INFO tempest.lib.common.rest_client [req-8d4d63ef-c399-4c2f-8698-f2adb104f04f req-8d4d63ef-c399-4c2f-8698-f2adb104f04f ] Request (ServersTestFqdnHostnames:test_create_server_with_fqdn_name): 200 GET http://10.180.1.21/compute/v2.1/servers/b6cf0d99-f96f-46e7-bf0a-3af22722e2ed 1.104s
2025-11-30 14:51:12.841 65703 INFO tempest.lib.common.rest_client [req-d7ac010e-0f59-4fb0-9367-82d9063a96f6 req-d7ac010e-0f59-4fb0-9367-82d9063a96f6 ] Request (ServersTestMultiNic:test_verify_multiple_nics_order): 200 GET http://10.180.1.21/compute/v2.1/servers/cbe4a5b6-fa4d-4b05-9c01-d85a3371fee4 0.938s
2025-11-30 14:51:12.848 65703 INFO tempest.common.waiters [-] State transition "BUILD/None" ==> "BUILD/spawning" after 29 second wait
2025-11-30 14:51:12.891 65731 INFO tempest.lib.common.rest_client [req-41189a0e-0e72-42d2-90f6-db5ca42fbe9c req-41189a0e-0e72-42d2-90f6-db5ca42fbe9c ] Request (DeleteServersAdminTestJSON:test_delete_server_while_in_error_state): 200 GET http://10.180.1.21/compute/v2.1/servers/61cb7871-6c45-43bc-a8cf-642787c5bac3 0.915s
2025-11-30 14:51:12.905 65719 INFO tempest.lib.common.rest_client [req-3958fc0e-36cf-4773-b071-c17babf5197e req-3958fc0e-36cf-4773-b071-c17babf5197e ] Request (ServerExternalEventsTest:tearDownClass): 200 GET http://10.180.1.21/compute/v2.1/servers/0a1b1c75-2645-4b9b-83e1-cd871e8c1b66 0.866s
2025-11-30 14:51:12.934 65710 INFO tempest.lib.common.rest_client [req-8af9b1e3-cf19-4c11-965d-0e83a4ffd9af req-8af9b1e3-cf19-4c11-965d-0e83a4ffd9af ] Request (FlavorsAdminTestJSON:_run_cleanups): 200 GET http://10.180.1.21/compute/v2.1/flavors/detail 0.870s
2025-11-30 14:51:12.964 65755 INFO tempest.lib.common.rest_client [req-6602ceba-cdfa-4dea-a906-38284a5fd573 req-6602ceba-cdfa-4dea-a906-38284a5fd573 ] Request (AttachInterfacesUnderV243Test:_run_cleanups): 200 GET http://10.180.1.21/compute/v2.1/servers/8b39fcf4-147a-4ccb-a6e2-032a9bc5a9ce 0.911s
2025-11-30 14:51:13.023 65710 INFO tempest.lib.common.rest_client [req-f7c42f99-0061-4dde-904d-1d3a522e84f2 req-f7c42f99-0061-4dde-904d-1d3a522e84f2 ] Request (FlavorsAdminTestJSON:tearDownClass): 204 DELETE http://10.180.1.21/identity/v3/users/02eaca08772345438cdbb4b2366710e8 0.083s
2025-11-30 14:51:13.028 65717 INFO tempest.lib.common.rest_client [req-e0626bb4-4598-44f9-ac4c-55246771e710 req-e0626bb4-4598-44f9-ac4c-55246771e710 ] Request (ServersTestManualDisk:tearDownClass): 200 GET http://10.180.1.21/compute/v2.1/servers/20c21c09-5109-48d0-afa1-3d5a1badb79a 0.918s
2025-11-30 14:51:13.037 65717 INFO tempest.common.waiters [-] State transition "ACTIVE/deleting" ==> "DELETED/None" after 5 second wait
2025-11-30 14:51:13.058 65705 INFO tempest.lib.common.rest_client [req-f4206ddd-97ed-4fb7-825e-60cb562e9632 req-f4206ddd-97ed-4fb7-825e-60cb562e9632 ] Request (ImagesOneServerNegativeTestJSON:setUp): 200 GET http://10.180.1.21/compute/v2.1/servers/eba6b6c7-c6a1-450f-b569-ac2c91270b62 0.985s
2025-11-30 14:51:13.090 65730 INFO tempest.lib.common.rest_client [req-d06be28d-21a8-4f71-bae2-388943477e98 req-d06be28d-21a8-4f71-bae2-388943477e98 ] Request (ServerActionsTestOtherB:test_create_backup): 200 GET http://10.180.1.21/image/v2/images/2cc644be-3cd5-4ac3-adf9-ef3312d7e856 0.021s
2025-11-30 14:51:13.092 65757 INFO tempest.lib.common.rest_client [req-ee51d4f2-41c0-454d-9d86-9863fd4ca35b req-ee51d4f2-41c0-454d-9d86-9863fd4ca35b ] Request (FloatingIPsAssociationTestJSON:tearDownClass): 200 GET http://10.180.1.21/compute/v2.1/servers/0593ca1e-5dfe-4940-9e6f-ea687bc77bea 0.960s
2025-11-30 14:51:13.102 65723 INFO tempest.lib.common.rest_client [req-f73b137e-93bb-4e73-bdcd-72f231cfba50 req-f73b137e-93bb-4e73-bdcd-72f231cfba50 ] Request (ImagesTestJSON:test_create_image_from_stopped_server): 200 GET http://10.180.1.21/compute/v2.1/images/fcc02357-4155-441d-811c-29cd285893c2 0.959s
2025-11-30 14:51:13.125 65710 INFO tempest.lib.common.rest_client [req-b96461b5-2ca4-4021-8a5f-43a692760fc7 req-b96461b5-2ca4-4021-8a5f-43a692760fc7 ] Request (FlavorsAdminTestJSON:tearDownClass): 204 DELETE http://10.180.1.21/identity/v3/users/52a1cf4a5c9f46dd903df50fd9a21dce 0.102s
2025-11-30 14:51:13.126 65710 INFO tempest.lib.common.dynamic_creds [-] Deleting project and security group for project: 307d445b47a54e22af8a9db83e6ebabe
2025-11-30 14:51:13.172 65745 INFO tempest.lib.common.rest_client [req-60c4059a-0efa-4a19-bf6b-6edd9641b198 req-60c4059a-0efa-4a19-bf6b-6edd9641b198 ] Request (ServerShowV247Test:tearDownClass): 200 GET http://10.180.1.21/compute/v2.1/servers/3ce29f93-00b0-4055-ab34-98a134cd47c0 0.803s
2025-11-30 14:51:13.202 65710 INFO tempest.lib.common.rest_client [req-fc3f1444-d6b2-4006-a612-cbeae8e08dbd req-fc3f1444-d6b2-4006-a612-cbeae8e08dbd ] Request (FlavorsAdminTestJSON:tearDownClass): 201 POST http://10.180.1.21/identity/v3/auth/tokens 0.076s
2025-11-30 14:51:13.460 65710 INFO tempest.lib.common.rest_client [req-1fcde313-edb9-4b4c-9864-88a6e7addf0d req-1fcde313-edb9-4b4c-9864-88a6e7addf0d ] Request (FlavorsAdminTestJSON:tearDownClass): 200 GET http://10.180.1.21/networking/v2.0/security-groups?tenant_id=307d445b47a54e22af8a9db83e6ebabe&name=default 0.257s
2025-11-30 14:51:13.496 65733 INFO tempest.lib.common.rest_client [req-e7c2e669-bd35-4509-8772-ec51a4b5e375 req-e7c2e669-bd35-4509-8772-ec51a4b5e375 ] Request (ImagesOneServerTestJSON:tearDownClass): 200 GET http://10.180.1.21/compute/v2.1/servers/4b780bac-c8ec-46b6-be50-a7b2e4d6eddf 1.115s
2025-11-30 14:51:13.535 65743 INFO tempest.lib.common.rest_client [req-7cc5dab9-0835-422a-8503-d995ee318009 req-7cc5dab9-0835-422a-8503-d995ee318009 ] Request (VolumesAssistedSnapshotsTest:_run_cleanups): 200 GET http://10.180.1.21/compute/v2.1/servers/fe82e86f-0cbc-4ca2-b122-993111a73b10/os-volume_attachments 1.135s
2025-11-30 14:51:13.572 65743 INFO tempest.lib.common.rest_client [req-b8b95915-bec0-48e6-bae2-a2838ad4b467 req-b8b95915-bec0-48e6-bae2-a2838ad4b467 ] Request (VolumesAssistedSnapshotsTest:_run_cleanups): 200 GET http://10.180.1.21/volume/v3/volumes/cb18c7f5-b3bc-4166-9a5c-4231a2a10848 0.035s
2025-11-30 14:51:13.579 65743 INFO tempest.common.waiters [-] volume cb18c7f5-b3bc-4166-9a5c-4231a2a10848 reached available after waiting for 0.579237 seconds
2025-11-30 14:51:13.579 65749 WARNING tempest.lib.common.ssh [-] Failed to establish authenticated ssh connection to cirros@10.180.180.221 ([Errno None] Unable to connect to port 22 on 10.180.180.221). Number attempts: 5. Retry after 6 seconds.: paramiko.ssh_exception.NoValidConnectionsError: [Errno None] Unable to connect to port 22 on 10.180.180.221
2025-11-30 14:51:13.627 65710 INFO tempest.lib.common.rest_client [req-9e6267fb-a2fc-45f6-af5e-cae82636eddd req-9e6267fb-a2fc-45f6-af5e-cae82636eddd ] Request (FlavorsAdminTestJSON:tearDownClass): 204 DELETE http://10.180.1.21/networking/v2.0/security-groups/bc70081b-e315-4cb5-89fa-580aa5526ac7 0.167s
2025-11-30 14:51:13.634 65743 INFO tempest.lib.common.rest_client [req-359c4f30-ece7-4e1c-9b97-3afb5c6dda24 req-359c4f30-ece7-4e1c-9b97-3afb5c6dda24 ] Request (VolumesAssistedSnapshotsTest:_run_cleanups): 202 DELETE http://10.180.1.21/volume/v3/volumes/cb18c7f5-b3bc-4166-9a5c-4231a2a10848 0.055s
2025-11-30 14:51:13.722 65743 INFO tempest.lib.common.rest_client [req-ea1c3bc8-1ef6-497e-bdfa-ec77da5c991a req-ea1c3bc8-1ef6-497e-bdfa-ec77da5c991a ] Request (VolumesAssistedSnapshotsTest:_run_cleanups): 200 GET http://10.180.1.21/volume/v3/volumes/cb18c7f5-b3bc-4166-9a5c-4231a2a10848 0.088s
2025-11-30 14:51:13.737 65710 INFO tempest.lib.common.rest_client [req-71d956f9-7b1d-4867-b503-4ac32881f870 req-71d956f9-7b1d-4867-b503-4ac32881f870 ] Request (FlavorsAdminTestJSON:tearDownClass): 204 DELETE http://10.180.1.21/identity/v3/projects/307d445b47a54e22af8a9db83e6ebabe 0.109s
2025-11-30 14:51:13.737 65710 INFO tempest.lib.common.dynamic_creds [-] Deleting project and security group for project: 892a6b16ead344d1a3cb68183d5bac94
2025-11-30 14:51:13.751 65739 INFO tempest.lib.common.rest_client [req-e9e17258-688d-4145-9816-6ade2a7971b5 req-e9e17258-688d-4145-9816-6ade2a7971b5 ] Request (ServerDiskConfigTestJSON:test_rebuild_server_with_auto_disk_config): 200 GET http://10.180.1.21/compute/v2.1/servers/c674ad91-ec8f-41bd-a64a-e099a686d46c 1.242s
2025-11-30 14:51:13.803 65727 INFO tempest.lib.common.rest_client [req-4418406a-2577-4a72-a0b1-e7cd832c5626 req-4418406a-2577-4a72-a0b1-e7cd832c5626 ] Request (ServersAdminNegativeTestJSON:test_migrate_server_invalid_state): 202 POST http://10.180.1.21/compute/v2.1/servers 1.655s
2025-11-30 14:51:13.875 65710 INFO tempest.lib.common.rest_client [req-7e78d73b-93d7-4461-968c-b396e2fdaacd req-7e78d73b-93d7-4461-968c-b396e2fdaacd ] Request (FlavorsAdminTestJSON:tearDownClass): 200 GET http://10.180.1.21/networking/v2.0/security-groups?tenant_id=892a6b16ead344d1a3cb68183d5bac94&name=default 0.137s
2025-11-30 14:51:14.120 65741 INFO tempest.lib.common.rest_client [req-54d63c33-5ac8-437a-8316-a94eb8542378 req-54d63c33-5ac8-437a-8316-a94eb8542378 ] Request (FloatingIPsAssociationNegativeTestJSON:setUpClass): 200 GET http://10.180.1.21/compute/v2.1/servers/4d0e945c-0138-4e8d-a76b-f3079a2a3b4f 1.505s
2025-11-30 14:51:14.127 65730 INFO tempest.lib.common.rest_client [req-31717798-fc6d-4798-91f9-92fb85726704 req-31717798-fc6d-4798-91f9-92fb85726704 ] Request (ServerActionsTestOtherB:test_create_backup): 200 GET http://10.180.1.21/image/v2/images/2cc644be-3cd5-4ac3-adf9-ef3312d7e856 0.033s
2025-11-30 14:51:14.128 65741 INFO tempest.common.waiters [-] State transition "BUILD/spawning" ==> "ACTIVE/None" after 33 second wait
2025-11-30 14:51:14.132 65697 INFO tempest.lib.common.rest_client [req-e9ecbbc9-9f1c-4b63-bd08-b2ed222b89a8 req-e9ecbbc9-9f1c-4b63-bd08-b2ed222b89a8 ] Request (MigrationsAdminTest:test_list_migrations_in_flavor_resize_situation): 200 GET http://10.180.1.21/compute/v2.1/servers/4f16881e-ab2b-4a19-a6fd-48058ee35231 1.364s
2025-11-30 14:51:14.136 65710 INFO tempest.lib.common.rest_client [req-83d51faf-041d-4729-b735-27869bcdfdc7 req-83d51faf-041d-4729-b735-27869bcdfdc7 ] Request (FlavorsAdminTestJSON:tearDownClass): 204 DELETE http://10.180.1.21/networking/v2.0/security-groups/68d695da-74f8-4062-8890-2834d30d98cc 0.261s
2025-11-30 14:51:14.198 65701 INFO tempest.lib.common.rest_client [req-dd7bf0f1-c0e8-46cc-82f4-b11b9c064939 req-dd7bf0f1-c0e8-46cc-82f4-b11b9c064939 ] Request (ServerDiagnosticsNegativeTest:tearDownClass): 200 GET http://10.180.1.21/compute/v2.1/servers/e0f444c7-8deb-4840-b569-2d88db481b71 1.397s
2025-11-30 14:51:14.250 65710 INFO tempest.lib.common.rest_client [req-f494b15b-d19c-462d-842b-f6bf9ae10335 req-f494b15b-d19c-462d-842b-f6bf9ae10335 ] Request (FlavorsAdminTestJSON:tearDownClass): 204 DELETE http://10.180.1.21/identity/v3/projects/892a6b16ead344d1a3cb68183d5bac94 0.113s
2025-11-30 14:51:14.263 65695 INFO tempest.lib.common.rest_client [req-2c336ab5-137b-48b5-9a2b-e7685084674f req-2c336ab5-137b-48b5-9a2b-e7685084674f ] Request (ListServersNegativeTestJSON:tearDownClass): 200 GET http://10.180.1.21/compute/v2.1/servers/c9d63188-67cf-4df6-ba5c-48ebcf6f40ba 1.391s
2025-11-30 14:51:14.270 65695 INFO tempest.common.waiters [-] State transition "ACTIVE/deleting" ==> "DELETED/None" after 3 second wait
2025-11-30 14:51:14.307 65710 INFO tempest.lib.common.rest_client [req-d5d3a460-1221-4fab-bffd-1f242e77baae req-d5d3a460-1221-4fab-bffd-1f242e77baae ] Request (FlavorsV2NegativeTest:setUpClass): 201 POST http://10.180.1.21/identity/v3/auth/tokens 0.055s
2025-11-30 14:51:14.337 65710 INFO tempest.lib.common.rest_client [req-90497778-f11c-40a8-b83e-1e9ac1f7f51e req-90497778-f11c-40a8-b83e-1e9ac1f7f51e ] Request (FlavorsV2NegativeTest:setUpClass): 201 POST http://10.180.1.21/identity/v3/auth/tokens 0.027s
2025-11-30 14:51:14.360 65710 INFO tempest.lib.common.rest_client [req-6778a90b-0ae7-49e3-9c30-b16e7fdbad0f req-6778a90b-0ae7-49e3-9c30-b16e7fdbad0f ] Request (FlavorsV2NegativeTest:setUpClass): 200 GET http://10.180.1.21/identity/v3/domains?name=Default 0.022s
2025-11-30 14:51:14.395 65710 INFO tempest.lib.common.rest_client [req-ace91c25-4e01-446f-a18c-b8f065bcfbf3 req-ace91c25-4e01-446f-a18c-b8f065bcfbf3 ] Request (FlavorsV2NegativeTest:setUpClass): 201 POST http://10.180.1.21/identity/v3/projects 0.035s
2025-11-30 14:51:14.411 65713 WARNING tempest.lib.common.ssh [-] Failed to establish authenticated ssh connection to cirros@10.180.180.166 ([Errno None] Unable to connect to port 22 on 10.180.180.166). Number attempts: 8. Retry after 9 seconds.: paramiko.ssh_exception.NoValidConnectionsError: [Errno None] Unable to connect to port 22 on 10.180.180.166
2025-11-30 14:51:14.494 65710 INFO tempest.lib.common.rest_client [req-3cf9be4c-efb2-4cda-9e9c-be519ec4a2dc req-3cf9be4c-efb2-4cda-9e9c-be519ec4a2dc ] Request (FlavorsV2NegativeTest:setUpClass): 201 POST http://10.180.1.21/identity/v3/users 0.098s
2025-11-30 14:51:14.516 65710 INFO tempest.lib.common.rest_client [req-e0ff2636-f9f7-4446-af78-ecbd0bd1e04d req-e0ff2636-f9f7-4446-af78-ecbd0bd1e04d ] Request (FlavorsV2NegativeTest:setUpClass): 200 GET http://10.180.1.21/identity/v3/roles 0.021s
2025-11-30 14:51:14.550 65710 INFO tempest.lib.common.rest_client [req-b5382281-dd73-48e1-9de2-1518b7eff41c req-b5382281-dd73-48e1-9de2-1518b7eff41c ] Request (FlavorsV2NegativeTest:setUpClass): 204 PUT http://10.180.1.21/identity/v3/projects/56f357aebb744aab96298a4233901775/users/0204d86bdfcc49808490c8ef68b3fe77/roles/3bcd27005f13446eb435de872da0f926 0.034s
2025-11-30 14:51:14.550 65710 INFO tempest.lib.common.dynamic_creds [-] Dynamic test user 0204d86bdfcc49808490c8ef68b3fe77 is created with scope project and roles: ['member']
2025-11-30 14:51:14.551 65710 INFO tempest.lib.common.dynamic_creds [-] Acquired dynamic creds: credentials: Credentials: {'domain_id': 'default', 'domain_name': 'Default', 'username': 'tempest-FlavorsV2NegativeTest-570327597-project-member', 'project_domain_id': 'default', 'project_domain_name': 'Default', 'project_id': '56f357aebb744aab96298a4233901775', 'project_name': 'tempest-FlavorsV2NegativeTest-570327597', 'tenant_id': '56f357aebb744aab96298a4233901775', 'tenant_name': 'tempest-FlavorsV2NegativeTest-570327597', 'user_domain_id': 'default', 'user_domain_name': 'Default', 'user_id': '0204d86bdfcc49808490c8ef68b3fe77', 'system': None}, Network: None, Subnet: None, Router: None
2025-11-30 14:51:14.551 65710 INFO tempest.lib.common.dynamic_creds [-] Created isolated network resources for: credentials: Credentials: {'domain_id': 'default', 'domain_name': 'Default', 'username': 'tempest-FlavorsV2NegativeTest-570327597-project-member', 'project_domain_id': 'default', 'project_domain_name': 'Default', 'project_id': '56f357aebb744aab96298a4233901775', 'project_name': 'tempest-FlavorsV2NegativeTest-570327597', 'tenant_id': '56f357aebb744aab96298a4233901775', 'tenant_name': 'tempest-FlavorsV2NegativeTest-570327597', 'user_domain_id': 'default', 'user_domain_name': 'Default', 'user_id': '0204d86bdfcc49808490c8ef68b3fe77', 'system': None}, Network: None, Subnet: None, Router: None
2025-11-30 14:51:14.652 65710 INFO tempest.lib.common.rest_client [req-adf71cf2-e983-48e9-9be1-20d4da4fff6e req-adf71cf2-e983-48e9-9be1-20d4da4fff6e ] Request (FlavorsV2NegativeTest:setUpClass): 201 POST http://10.180.1.21/identity/v3/auth/tokens 0.099s
2025-11-30 14:51:14.746 65705 INFO tempest.lib.common.rest_client [req-f3b64f3e-c3b6-4b53-aa76-c9740d85573b req-f3b64f3e-c3b6-4b53-aa76-c9740d85573b ] Request (ImagesOneServerNegativeTestJSON:test_create_second_image_when_first_image_is_being_saved): 202 POST http://10.180.1.21/compute/v2.1/servers/eba6b6c7-c6a1-450f-b569-ac2c91270b62/action 1.679s
2025-11-30 14:51:14.764 65743 INFO tempest.lib.common.rest_client [req-3c8c3805-674e-45c4-afa5-8c2eb195d429 req-3c8c3805-674e-45c4-afa5-8c2eb195d429 ] Request (VolumesAssistedSnapshotsTest:_run_cleanups): 200 GET http://10.180.1.21/volume/v3/volumes/cb18c7f5-b3bc-4166-9a5c-4231a2a10848 0.034s
2025-11-30 14:51:14.822 65707 INFO tempest.lib.common.rest_client [req-8a714107-b1e8-404b-8deb-1aa1957a9c91 req-8a714107-b1e8-404b-8deb-1aa1957a9c91 ] Request (DeleteServersTestJSON:test_delete_active_server): 200 GET http://10.180.1.21/compute/v2.1/servers/c9b88720-1d09-4f8c-8198-40037dbc1e6c 1.474s
2025-11-30 14:51:14.924 65725 INFO tempest.lib.common.rest_client [req-aa022ccb-fa91-4c78-812a-67629a81034b req-aa022ccb-fa91-4c78-812a-67629a81034b ] Request (ServersAdmin275Test:tearDownClass): 200 GET http://10.180.1.21/compute/v2.1/servers/d1080857-2dc8-4d96-9214-0f1003b40fe1 1.426s
2025-11-30 14:51:14.980 65721 INFO tempest.lib.common.rest_client [req-bf271ac9-7a20-45e5-82f2-f38f459cecb6 req-bf271ac9-7a20-45e5-82f2-f38f459cecb6 ] Request (ListServerFiltersTestJSON:setUpClass): 202 POST http://10.180.1.21/compute/v2.1/servers 2.169s
2025-11-30 14:51:15.044 65735 INFO tempest.lib.common.rest_client [req-52074c5b-ccd9-4f09-a0da-676193a241aa req-52074c5b-ccd9-4f09-a0da-676193a241aa ] Request (ServersAdminTestJSON:setUpClass): 200 GET http://10.180.1.21/compute/v2.1/servers/9cdc4494-0232-4815-93fc-a09a10f91184 1.531s
2025-11-30 14:51:15.051 65711 WARNING tempest.lib.common.ssh [-] Failed to establish authenticated ssh connection to cirros@10.180.180.144 ([Errno None] Unable to connect to port 22 on 10.180.180.144). Number attempts: 2. Retry after 3 seconds.: paramiko.ssh_exception.NoValidConnectionsError: [Errno None] Unable to connect to port 22 on 10.180.180.144
2025-11-30 14:51:15.057 65721 INFO tempest.lib.common.rest_client [req-f0a4c7c4-5311-4662-affc-a83349bab991 req-f0a4c7c4-5311-4662-affc-a83349bab991 ] Request (ListServerFiltersTestJSON:setUpClass): 201 POST http://10.180.1.21/identity/v3/auth/tokens 0.071s
2025-11-30 14:51:15.058 65721 INFO tempest.lib.common.fixed_network [-] (ListServerFiltersTestJSON:setUpClass) Found network {'id': 'f8bc885e-8b81-4920-ae61-ee8363f9bd9c', 'name': 'tempest-ListServerFiltersTestJSON-620735605-network', 'tenant_id': '1187af1651a04d40a73d4ae93d2ee692', 'project_id': '1187af1651a04d40a73d4ae93d2ee692', 'admin_state_up': True, 'mtu': 8950, 'status': 'ACTIVE', 'subnets': [], 'shared': False, 'port_security_enabled': True, 'router:external': False, 'provider:network_type': 'vlan', 'provider:physical_network': 'default', 'provider:segmentation_id': 950, 'availability_zone_hints': [], 'availability_zones': [], 'ipv4_address_scope': None, 'ipv6_address_scope': None, 'description': '', 'tags': [], 'created_at': '2025-11-30T14:51:12Z', 'updated_at': '2025-11-30T14:51:12Z', 'revision_number': 1} available for tenant
2025-11-30 14:51:15.079 65727 INFO tempest.lib.common.rest_client [req-d53fa923-389f-4b97-9a1f-fbd50dc13a66 req-d53fa923-389f-4b97-9a1f-fbd50dc13a66 ] Request (ServersAdminNegativeTestJSON:test_migrate_server_invalid_state): 200 GET http://10.180.1.21/compute/v2.1/servers/32b9a116-f387-4b82-aec4-2a8efa79d5b3 1.274s
2025-11-30 14:51:15.099 65699 WARNING tempest.lib.common.ssh [-] Failed to establish authenticated ssh connection to cirros@10.180.180.146 ([Errno None] Unable to connect to port 22 on 10.180.180.146). Number attempts: 6. Retry after 7 seconds.: paramiko.ssh_exception.NoValidConnectionsError: [Errno None] Unable to connect to port 22 on 10.180.180.146
2025-11-30 14:51:15.145 65730 INFO tempest.lib.common.rest_client [req-723436b1-67a1-4513-b8b6-d84f383e3769 req-723436b1-67a1-4513-b8b6-d84f383e3769 ] Request (ServerActionsTestOtherB:test_create_backup): 200 GET http://10.180.1.21/image/v2/images/2cc644be-3cd5-4ac3-adf9-ef3312d7e856 0.016s
2025-11-30 14:51:15.178 65737 INFO tempest.lib.common.rest_client [req-5a420d26-8f05-462c-a06c-7f4394fd64d6 req-5a420d26-8f05-462c-a06c-7f4394fd64d6 ] Request (ServersTestFqdnHostnames:test_create_server_with_fqdn_name): 200 GET http://10.180.1.21/compute/v2.1/servers/b6cf0d99-f96f-46e7-bf0a-3af22722e2ed 1.350s
2025-11-30 14:51:15.199 65703 INFO tempest.lib.common.rest_client [req-d786c015-afd2-4afd-907b-4291c09b5bd9 req-d786c015-afd2-4afd-907b-4291c09b5bd9 ] Request (ServersTestMultiNic:test_verify_multiple_nics_order): 200 GET http://10.180.1.21/compute/v2.1/servers/cbe4a5b6-fa4d-4b05-9c01-d85a3371fee4 1.350s
2025-11-30 14:51:15.230 65731 INFO tempest.lib.common.rest_client [req-bff1b957-bf46-499a-a3bf-83af8238466b req-bff1b957-bf46-499a-a3bf-83af8238466b ] Request (DeleteServersAdminTestJSON:test_delete_server_while_in_error_state): 200 GET http://10.180.1.21/compute/v2.1/servers/61cb7871-6c45-43bc-a8cf-642787c5bac3 1.324s
