2025-11-30 14:52:49.276 65707 INFO tempest.lib.common.rest_client [req-00161ee2-587f-4cbe-a73d-f120d4e1d945 req-00161ee2-587f-4cbe-a73d-f120d4e1d945 ] Request (DeleteServersTestJSON:test_delete_server_while_in_attached_volume): 200 GET http://10.180.1.21/compute/v2.1/servers/d28339a1-dda7-4bdb-8483-d54f5f1537d3 0.404s
2025-11-30 14:52:49.299 65721 INFO tempest.lib.common.rest_client [req-26fcdcf9-989e-43e4-927c-3e5abd20fde9 req-26fcdcf9-989e-43e4-927c-3e5abd20fde9 ] Request (ListServerFiltersTestJSON:test_list_servers_filtered_by_name_regex): 200 GET http://10.180.1.21/compute/v2.1/servers?name=%5E.%2A%5C-instance%5C-%5B0-9%5D%2B%24 0.279s
2025-11-30 14:52:49.342 65735 INFO tempest.lib.common.rest_client [req-0ad6519b-9ef3-44d7-a4c2-e3916dc89638 req-0ad6519b-9ef3-44d7-a4c2-e3916dc89638 ] Request (ServersAdminTestJSON:test_list_servers_filter_by_exist_host): 200 GET http://10.180.1.21/compute/v2.1/servers?host=nonexistent_host&all_tenants=1 0.224s
2025-11-30 14:52:49.345 65723 INFO tempest.lib.common.rest_client [req-4f39bdda-1fbc-4c29-a64b-837e36138020 req-4f39bdda-1fbc-4c29-a64b-837e36138020 ] Request (ImagesTestJSON:test_create_image_from_suspended_server): 200 GET http://10.180.1.21/compute/v2.1/images/3b7c597f-e9cd-4bd6-a108-293a8d949f72 0.208s
2025-11-30 14:52:49.405 65743 INFO tempest.lib.common.rest_client [req-03a7b215-758b-4d4c-a15c-d8670af7236f req-03a7b215-758b-4d4c-a15c-d8670af7236f ] Request (ServerShowV254Test:test_rebuild_server): 200 GET http://10.180.1.21/compute/v2.1/servers/ed694396-ce28-43e6-8da8-f7d98259b63a 0.189s
2025-11-30 14:52:49.456 65721 INFO tempest.lib.common.rest_client [req-3d5a9271-3d53-4634-b9e9-fcf97b1177c2 req-3d5a9271-3d53-4634-b9e9-fcf97b1177c2 ] Request (ListServerFiltersTestJSON:test_list_servers_filtered_by_name_regex): 200 GET http://10.180.1.21/compute/v2.1/servers?name=%5E.%2A%5C-instance%5C-.%2A%24 0.154s
2025-11-30 14:52:49.460 65739 INFO tempest.lib.common.rest_client [req-dec266aa-9c04-4b58-96f3-f791d683b882 req-dec266aa-9c04-4b58-96f3-f791d683b882 ] Request (ServerDiskConfigTestJSON:test_rebuild_server_with_manual_disk_config): 200 GET http://10.180.1.21/compute/v2.1/servers/6d7f264b-c3c6-41f8-b0d0-0a41a101fc50 0.268s
2025-11-30 14:52:49.514 65757 INFO tempest.lib.common.rest_client [req-65787d25-2c04-4c5f-a7d1-406135ca979d req-65787d25-2c04-4c5f-a7d1-406135ca979d ] Request (SecurityGroupsTestJSON:test_list_security_groups_by_server): 200 GET http://10.180.1.21/compute/v2.1/servers/4def18de-0f5e-4eed-8922-7682e340c997 0.174s
2025-11-30 14:52:49.540 65735 INFO tempest.lib.common.rest_client [req-1cf0ed80-3452-4cff-9c31-b5d1096188d6 req-1cf0ed80-3452-4cff-9c31-b5d1096188d6 ] Request (ServersAdminTestJSON:test_rebuild_server_in_error_state): 202 POST http://10.180.1.21/compute/v2.1/servers/7a4db643-d3ba-43e7-a74f-ea3d1f8f5300/action 0.194s
2025-11-30 14:52:49.626 65699 INFO tempest.lib.common.rest_client [req-85526726-7963-4e49-a9ac-0d87f72fa943 req-85526726-7963-4e49-a9ac-0d87f72fa943 ] Request (AttachVolumeShelveTestJSON:test_attach_volume_shelved_or_offload_server): 200 GET http://10.180.1.21/compute/v2.1/servers/8d1ab2db-6854-4cb0-8667-20768909f94e 0.267s
2025-11-30 14:52:49.678 65721 INFO tempest.lib.common.rest_client [req-20113eb2-71a8-43f0-899b-a8d8623c9945 req-20113eb2-71a8-43f0-899b-a8d8623c9945 ] Request (ListServerFiltersTestJSON:test_list_servers_filtered_by_name_regex): 200 GET http://10.180.1.21/compute/v2.1/servers?name=-258663621 0.219s
2025-11-30 14:52:49.714 65730 INFO tempest.lib.common.rest_client [req-15e91c70-9153-42f3-9ee1-e83b2322fb6a req-15e91c70-9153-42f3-9ee1-e83b2322fb6a ] Request (ServerActionsTestOtherB:test_resize_server_confirm_from_stopped): 200 GET http://10.180.1.21/compute/v2.1/servers/488e8346-72a6-4bee-a0c2-676e26f25b74 0.256s
2025-11-30 14:52:49.783 65739 INFO tempest.lib.common.rest_client [req-bbc51588-a4b6-46f1-85cc-adc47e29f4c9 req-bbc51588-a4b6-46f1-85cc-adc47e29f4c9 ] Request (ServerDiskConfigTestJSON:test_rebuild_server_with_manual_disk_config): 200 GET http://10.180.1.21/compute/v2.1/servers/6d7f264b-c3c6-41f8-b0d0-0a41a101fc50 0.315s
2025-11-30 14:52:49.844 65727 INFO tempest.lib.common.rest_client [req-a1f49cb3-ee1a-455e-9ce0-ad77cd9b82b2 req-a1f49cb3-ee1a-455e-9ce0-ad77cd9b82b2 ] Request (ServersAdminNegativeTestJSON:tearDownClass): 200 GET http://10.180.1.21/compute/v2.1/servers/32b9a116-f387-4b82-aec4-2a8efa79d5b3 0.249s
2025-11-30 14:52:49.873 65735 INFO tempest.lib.common.rest_client [req-dd02f35f-a0b0-4698-a566-a88aa560baea req-dd02f35f-a0b0-4698-a566-a88aa560baea ] Request (ServersAdminTestJSON:test_rebuild_server_in_error_state): 202 POST http://10.180.1.21/compute/v2.1/servers/7a4db643-d3ba-43e7-a74f-ea3d1f8f5300/action 0.333s
2025-11-30 14:52:49.894 65721 INFO tempest.lib.common.rest_client [req-54fefc24-2329-46fb-a50b-42511b1fbf7e req-54fefc24-2329-46fb-a50b-42511b1fbf7e ] Request (ListServerFiltersTestJSON:test_list_servers_filtered_by_name_wildcard): 200 GET http://10.180.1.21/compute/v2.1/servers?name=-instance 0.212s
2025-11-30 14:52:50.021 65703 INFO tempest.lib.common.rest_client [req-ec4a3a90-0f2a-431a-8649-3aaafd757787 req-ec4a3a90-0f2a-431a-8649-3aaafd757787 ] Request (InstanceActionsNegativeTestJSON:setUpClass): 200 GET http://10.180.1.21/compute/v2.1/servers/52a0434b-a604-44d8-8b9b-9ee8d7eee2f0 0.316s
2025-11-30 14:52:50.033 65703 INFO tempest.common.waiters [-] State transition "BUILD/None" ==> "BUILD/networking" after 29 second wait
2025-11-30 14:52:50.049 65697 INFO tempest.lib.common.rest_client [req-03b9630c-aca7-4bcd-b97f-5653b4d0fb6b req-03b9630c-aca7-4bcd-b97f-5653b4d0fb6b ] Request (MigrationsAdminTest:test_resize_server_revert_deleted_flavor): 200 GET http://10.180.1.21/compute/v2.1/servers/356c7beb-7658-4c7a-914e-ad1611baba5a 0.343s
2025-11-30 14:52:50.095 65725 INFO tempest.lib.common.rest_client [req-8ea7da0f-17f3-43d0-9b45-7858da20c11e req-8ea7da0f-17f3-43d0-9b45-7858da20c11e ] Request (ServersListShow298Test:test_list_show_update_rebuild_server_298): 200 GET http://10.180.1.21/compute/v2.1/servers/b48905b7-3f34-4b35-956b-dc8b092b721b 0.308s
2025-11-30 14:52:50.159 65710 INFO tempest.lib.common.rest_client [req-54e2553b-63b8-4c74-a2a9-c2dbb46c0458 req-54e2553b-63b8-4c74-a2a9-c2dbb46c0458 ] Request (ServerPasswordTestJSON:tearDownClass): 200 GET http://10.180.1.21/compute/v2.1/servers/73c1cb50-5c9d-4558-b093-00b1f96935f2 0.318s
2025-11-30 14:52:50.248 65739 INFO tempest.lib.common.rest_client [req-cd56d1a4-f2e2-4945-a2df-b974bbc9a903 req-cd56d1a4-f2e2-4945-a2df-b974bbc9a903 ] Request (ServerDiskConfigTestJSON:test_rebuild_server_with_manual_disk_config): 202 POST http://10.180.1.21/compute/v2.1/servers/6d7f264b-c3c6-41f8-b0d0-0a41a101fc50/action 0.456s
2025-11-30 14:52:50.309 65735 INFO tempest.lib.common.rest_client [req-81435776-0188-43e2-b3da-989eee908297 req-81435776-0188-43e2-b3da-989eee908297 ] Request (ServersAdminTestJSON:test_rebuild_server_in_error_state): 200 GET http://10.180.1.21/compute/v2.1/servers/7a4db643-d3ba-43e7-a74f-ea3d1f8f5300 0.430s
2025-11-30 14:52:50.337 65721 INFO tempest.lib.common.rest_client [req-f91a02f4-b507-461d-892b-f62f124db462 req-f91a02f4-b507-461d-892b-f62f124db462 ] Request (ListServerFiltersTestJSON:test_list_servers_filtered_by_name_wildcard): 200 GET http://10.180.1.21/compute/v2.1/servers?name=t-ListServerFiltersTestJSON-instance-25866362 0.440s
2025-11-30 14:52:50.376 65705 INFO tempest.lib.common.rest_client [req-38d3ff6d-38d9-43a9-9c6a-98809337460b req-38d3ff6d-38d9-43a9-9c6a-98809337460b ] Request (ImagesOneServerNegativeTestJSON:_run_cleanups): 200 GET http://10.180.1.21/compute/v2.1/servers/406b4306-aef4-4f14-87b3-4d6753e51fd8 0.432s
2025-11-30 14:52:50.384 65705 INFO tempest.common.waiters [-] State transition "ACTIVE/deleting" ==> "DELETED/None" after 4 second wait
2025-11-30 14:52:50.391 65755 INFO tempest.lib.common.rest_client [req-6c8846ef-13a5-4026-a648-976998b9d667 req-6c8846ef-13a5-4026-a648-976998b9d667 ] Request (ServersTestBootFromVolume:setUpClass): 200 GET http://10.180.1.21/compute/v2.1/servers/3a2f7345-0e3f-4d39-a175-39c23c1caf24 0.397s
2025-11-30 14:52:50.437 65749 INFO tempest.lib.common.rest_client [req-eeabb056-a628-489e-b697-70dfd83cd1d6 req-eeabb056-a628-489e-b697-70dfd83cd1d6 ] Request (ServersTestJSON:tearDownClass): 200 GET http://10.180.1.21/compute/v2.1/servers/3aa447fb-75fe-424e-80a9-e45cf2cfd0ec 0.336s
2025-11-30 14:52:50.475 65733 INFO tempest.lib.common.rest_client [req-493e2a09-c05c-46e8-84a5-99678a468dee req-493e2a09-c05c-46e8-84a5-99678a468dee ] Request (ServersListShow296Test:tearDownClass): 200 GET http://10.180.1.21/compute/v2.1/servers/6ef7cb49-75c9-4e1b-b9ae-de9848163ff8 0.295s
2025-11-30 14:52:50.505 65695 INFO tempest.lib.common.rest_client [req-8a3fb06a-f05c-44f5-95fe-90bcae7b6869 req-8a3fb06a-f05c-44f5-95fe-90bcae7b6869 ] Request (ServersTestJSON:test_create_server_with_ipv6_addr_only): 200 GET http://10.180.1.21/compute/v2.1/servers/e1be9318-65c2-4ee7-9bce-a6a448872adf 0.250s
2025-11-30 14:52:50.667 65739 INFO tempest.lib.common.rest_client [req-f9d60d48-238c-48b5-bf32-251e09f8e69e req-f9d60d48-238c-48b5-bf32-251e09f8e69e ] Request (ServerDiskConfigTestJSON:test_rebuild_server_with_manual_disk_config): 200 GET http://10.180.1.21/compute/v2.1/servers/6d7f264b-c3c6-41f8-b0d0-0a41a101fc50 0.411s
2025-11-30 14:52:50.699 65707 INFO tempest.lib.common.rest_client [req-e593afd9-7d16-4e78-ad88-1b476ee8794b req-e593afd9-7d16-4e78-ad88-1b476ee8794b ] Request (DeleteServersTestJSON:test_delete_server_while_in_attached_volume): 200 GET http://10.180.1.21/compute/v2.1/servers/d28339a1-dda7-4bdb-8483-d54f5f1537d3 0.416s
2025-11-30 14:52:50.756 65721 INFO tempest.lib.common.rest_client [req-73ad3137-ab60-41ba-a54c-2beb0576b514 req-73ad3137-ab60-41ba-a54c-2beb0576b514 ] Request (ListServerFiltersTestJSON:tearDownClass): 204 DELETE http://10.180.1.21/compute/v2.1/servers/2a1d6c6e-a7f6-4a97-b1d6-d7d8b08e470d 0.411s
2025-11-30 14:52:50.812 65743 INFO tempest.lib.common.rest_client [req-d3832ca2-e44b-4d7d-8611-06b99514828d req-d3832ca2-e44b-4d7d-8611-06b99514828d ] Request (ServerShowV254Test:test_rebuild_server): 200 GET http://10.180.1.21/compute/v2.1/servers/ed694396-ce28-43e6-8da8-f7d98259b63a 0.394s
2025-11-30 14:52:50.859 65757 INFO tempest.lib.common.rest_client [req-4995c87c-38cc-478c-9e67-421fc1f7e4cf req-4995c87c-38cc-478c-9e67-421fc1f7e4cf ] Request (SecurityGroupsTestJSON:test_list_security_groups_by_server): 200 GET http://10.180.1.21/compute/v2.1/servers/4def18de-0f5e-4eed-8922-7682e340c997 0.333s
2025-11-30 14:52:50.905 65741 INFO tempest.lib.common.rest_client [req-3ec4eee3-ea8f-439f-8fbb-fb11c643996d req-3ec4eee3-ea8f-439f-8fbb-fb11c643996d ] Request (ListImageFiltersTestJSON:setUpClass): 204 PUT http://10.180.1.21/image/v2/images/b744b8be-150e-4222-bce5-5dd8e1bc02ac/file 0.663s
2025-11-30 14:52:50.941 65723 INFO tempest.lib.common.rest_client [req-65c1edf5-ae52-44bd-94a4-a8e060a191b7 req-65c1edf5-ae52-44bd-94a4-a8e060a191b7 ] Request (ImagesTestJSON:test_create_image_from_suspended_server): 200 GET http://10.180.1.21/compute/v2.1/images/3b7c597f-e9cd-4bd6-a108-293a8d949f72 0.590s
2025-11-30 14:52:51.002 65699 INFO tempest.lib.common.rest_client [req-5a88f936-b446-4ea8-bd60-16f1e347bb09 req-5a88f936-b446-4ea8-bd60-16f1e347bb09 ] Request (AttachVolumeShelveTestJSON:test_attach_volume_shelved_or_offload_server): 200 GET http://10.180.1.21/compute/v2.1/servers/8d1ab2db-6854-4cb0-8667-20768909f94e 0.367s
2025-11-30 14:52:51.071 65730 INFO tempest.lib.common.rest_client [req-a288595c-98b0-459a-b582-6c199adaaef7 req-a288595c-98b0-459a-b582-6c199adaaef7 ] Request (ServerActionsTestOtherB:test_resize_server_confirm_from_stopped): 200 GET http://10.180.1.21/compute/v2.1/servers/488e8346-72a6-4bee-a0c2-676e26f25b74 0.348s
2025-11-30 14:52:51.135 65721 INFO tempest.lib.common.rest_client [req-c2eee61a-113c-4944-8bfa-3aefa097d9c7 req-c2eee61a-113c-4944-8bfa-3aefa097d9c7 ] Request (ListServerFiltersTestJSON:tearDownClass): 200 GET http://10.180.1.21/compute/v2.1/servers/2a1d6c6e-a7f6-4a97-b1d6-d7d8b08e470d 0.379s
2025-11-30 14:52:51.148 65727 INFO tempest.lib.common.rest_client [req-ff7525b7-049a-4480-970b-5c2ae5cf6aa9 req-ff7525b7-049a-4480-970b-5c2ae5cf6aa9 ] Request (ServersAdminNegativeTestJSON:tearDownClass): 200 GET http://10.180.1.21/compute/v2.1/servers/32b9a116-f387-4b82-aec4-2a8efa79d5b3 0.293s
2025-11-30 14:52:51.166 65741 INFO tempest.lib.common.rest_client [req-37ec8c9b-4bae-4d23-9e68-8ac402c127df req-37ec8c9b-4bae-4d23-9e68-8ac402c127df ] Request (ListImageFiltersTestJSON:setUpClass): 200 GET http://10.180.1.21/compute/v2.1/images/b744b8be-150e-4222-bce5-5dd8e1bc02ac 0.261s
2025-11-30 14:52:51.182 65723 INFO tempest.lib.common.rest_client [req-e71fd246-d07a-42b5-adc4-a1be4fdc4207 req-e71fd246-d07a-42b5-adc4-a1be4fdc4207 ] Request (ImagesTestJSON:test_create_image_from_suspended_server): 200 GET http://10.180.1.21/compute/v2.1/images/3b7c597f-e9cd-4bd6-a108-293a8d949f72 0.237s
2025-11-30 14:52:51.206 65723 INFO tempest.lib.common.rest_client [req-9955a6da-ed59-4ab6-a4fe-91f7fdb070ec req-9955a6da-ed59-4ab6-a4fe-91f7fdb070ec ] Request (ImagesTestJSON:test_create_image_from_suspended_server): 200 GET http://10.180.1.21/image/v2/images/3b7c597f-e9cd-4bd6-a108-293a8d949f72/tasks 0.020s
2025-11-30 14:52:51.299 65703 INFO tempest.lib.common.rest_client [req-0217a49d-ad6d-4f36-b5a1-5d8ba6377b7b req-0217a49d-ad6d-4f36-b5a1-5d8ba6377b7b ] Request (InstanceActionsNegativeTestJSON:setUpClass): 200 GET http://10.180.1.21/compute/v2.1/servers/52a0434b-a604-44d8-8b9b-9ee8d7eee2f0 0.265s
2025-11-30 14:52:51.306 65703 INFO tempest.common.waiters [-] State transition "BUILD/networking" ==> "BUILD/spawning" after 30 second wait
2025-11-30 14:52:51.321 65697 INFO tempest.lib.common.rest_client [req-b517f9b8-719b-4422-a8b1-df7d2aff5ade req-b517f9b8-719b-4422-a8b1-df7d2aff5ade ] Request (MigrationsAdminTest:test_resize_server_revert_deleted_flavor): 200 GET http://10.180.1.21/compute/v2.1/servers/356c7beb-7658-4c7a-914e-ad1611baba5a 0.254s
2025-11-30 14:52:51.361 65725 INFO tempest.lib.common.rest_client [req-f4a6a572-cb28-467b-9550-18c2ac735e06 req-f4a6a572-cb28-467b-9550-18c2ac735e06 ] Request (ServersListShow298Test:test_list_show_update_rebuild_server_298): 200 GET http://10.180.1.21/compute/v2.1/servers/b48905b7-3f34-4b35-956b-dc8b092b721b 0.253s
2025-11-30 14:52:51.381 65710 INFO tempest.lib.common.rest_client [req-4cbed7af-53f6-47bb-aef2-7d7938fa293b req-4cbed7af-53f6-47bb-aef2-7d7938fa293b ] Request (ServerPasswordTestJSON:tearDownClass): 200 GET http://10.180.1.21/compute/v2.1/servers/73c1cb50-5c9d-4558-b093-00b1f96935f2 0.213s
2025-11-30 14:52:51.394 65741 INFO tempest.lib.common.rest_client [req-111c6771-a1c3-415e-890e-e5e6b15b6750 req-111c6771-a1c3-415e-890e-e5e6b15b6750 ] Request (ListImageFiltersTestJSON:setUpClass): 200 GET http://10.180.1.21/compute/v2.1/images/b744b8be-150e-4222-bce5-5dd8e1bc02ac 0.224s
2025-11-30 14:52:51.483 65741 INFO tempest.lib.common.rest_client [req-0c5fab73-6faf-4957-b1f8-f1b0ee3f220b req-0c5fab73-6faf-4957-b1f8-f1b0ee3f220b ] Request (ListImageFiltersTestJSON:setUpClass): 201 POST http://10.180.1.21/identity/v3/auth/tokens 0.080s
2025-11-30 14:52:51.484 65741 INFO tempest.lib.common.fixed_network [-] (ListImageFiltersTestJSON:setUpClass) Found network None available for tenant
2025-11-30 14:52:51.506 65723 INFO tempest.lib.common.rest_client [req-a9f228ee-24db-47e1-a820-8c2033186bca req-a9f228ee-24db-47e1-a820-8c2033186bca ] Request (ImagesTestJSON:_run_cleanups): 204 DELETE http://10.180.1.21/compute/v2.1/images/3b7c597f-e9cd-4bd6-a108-293a8d949f72 0.299s
2025-11-30 14:52:51.570 65735 INFO tempest.lib.common.rest_client [req-395f5d06-fff2-42c9-80ec-e2f56260dc29 req-395f5d06-fff2-42c9-80ec-e2f56260dc29 ] Request (ServersAdminTestJSON:test_rebuild_server_in_error_state): 200 GET http://10.180.1.21/compute/v2.1/servers/7a4db643-d3ba-43e7-a74f-ea3d1f8f5300 0.253s
2025-11-30 14:52:51.577 65705 INFO tempest.lib.common.rest_client [req-4eae0393-3090-478c-814a-9696c80f8041 req-4eae0393-3090-478c-814a-9696c80f8041 ] Request (ImagesOneServerNegativeTestJSON:_run_cleanups): 200 GET http://10.180.1.21/compute/v2.1/servers/406b4306-aef4-4f14-87b3-4d6753e51fd8 0.188s
2025-11-30 14:52:51.638 65755 INFO tempest.lib.common.rest_client [req-5848fbe0-3bde-4329-806a-851af6c2b24b req-5848fbe0-3bde-4329-806a-851af6c2b24b ] Request (ServersTestBootFromVolume:setUpClass): 200 GET http://10.180.1.21/compute/v2.1/servers/3a2f7345-0e3f-4d39-a175-39c23c1caf24 0.239s
2025-11-30 14:52:51.652 65749 INFO tempest.lib.common.rest_client [req-fd28d6ea-7174-477b-8849-f8efd8ef1253 req-fd28d6ea-7174-477b-8849-f8efd8ef1253 ] Request (ServersTestJSON:tearDownClass): 200 GET http://10.180.1.21/compute/v2.1/servers/3aa447fb-75fe-424e-80a9-e45cf2cfd0ec 0.205s
2025-11-30 14:52:51.730 65733 INFO tempest.lib.common.rest_client [req-0fbc3040-4688-4be2-ab3f-d52a70cad165 req-0fbc3040-4688-4be2-ab3f-d52a70cad165 ] Request (ServersListShow296Test:tearDownClass): 200 GET http://10.180.1.21/compute/v2.1/servers/6ef7cb49-75c9-4e1b-b9ae-de9848163ff8 0.241s
2025-11-30 14:52:51.812 65723 INFO tempest.lib.common.rest_client [req-a2d77775-231f-4fd4-9dd9-0a48774a94d4 req-a2d77775-231f-4fd4-9dd9-0a48774a94d4 ] Request (ImagesTestJSON:_run_cleanups): 204 DELETE http://10.180.1.21/compute/v2.1/servers/7fbd08f0-5ed2-4f99-8c6a-1112f169ed2b 0.305s
2025-11-30 14:52:51.885 65695 INFO tempest.lib.common.rest_client [req-342ed8de-66df-4e64-8427-cf571aadd984 req-342ed8de-66df-4e64-8427-cf571aadd984 ] Request (ServersTestJSON:test_create_server_with_ipv6_addr_only): 200 GET http://10.180.1.21/compute/v2.1/servers/e1be9318-65c2-4ee7-9bce-a6a448872adf 0.370s
2025-11-30 14:52:51.900 65741 INFO tempest.lib.common.rest_client [req-59b9c8c8-dbb7-40d4-90b8-e570d9c16ab7 req-59b9c8c8-dbb7-40d4-90b8-e570d9c16ab7 ] Request (ListImageFiltersTestJSON:setUpClass): 202 POST http://10.180.1.21/compute/v2.1/servers 0.415s
2025-11-30 14:52:51.907 65723 INFO tempest.lib.common.rest_client [req-ce4c96af-a4b7-4c46-8301-da202c7d3ad5 req-ce4c96af-a4b7-4c46-8301-da202c7d3ad5 ] Request (ImagesTestJSON:test_create_server_from_snapshot): 201 POST http://10.180.1.21/identity/v3/auth/tokens 0.091s
2025-11-30 14:52:51.908 65723 INFO tempest.lib.common.fixed_network [-] (ImagesTestJSON:test_create_server_from_snapshot) Found network {'id': '72437aef-accb-465a-a85b-ee8e1f22e5bf', 'name': 'tempest-ImagesTestJSON-1057435813-network', 'tenant_id': 'c912cecbc03041a8bf889d8880b5e8f9', 'project_id': 'c912cecbc03041a8bf889d8880b5e8f9', 'admin_state_up': True, 'mtu': 8950, 'status': 'ACTIVE', 'subnets': [], 'shared': False, 'port_security_enabled': True, 'router:external': False, 'provider:network_type': 'vlan', 'provider:physical_network': 'default', 'provider:segmentation_id': 587, 'availability_zone_hints': [], 'availability_zones': [], 'ipv4_address_scope': None, 'ipv6_address_scope': None, 'description': '', 'tags': [], 'created_at': '2025-11-30T14:50:10Z', 'updated_at': '2025-11-30T14:50:10Z', 'revision_number': 1} available for tenant
2025-11-30 14:52:51.949 65741 INFO tempest.lib.common.rest_client [req-8d2816b1-fe50-4454-897b-44450554cecc req-8d2816b1-fe50-4454-897b-44450554cecc ] Request (ListImageFiltersTestJSON:setUpClass): 201 POST http://10.180.1.21/identity/v3/auth/tokens 0.042s
2025-11-30 14:52:51.950 65741 INFO tempest.lib.common.fixed_network [-] (ListImageFiltersTestJSON:setUpClass) Found network None available for tenant
2025-11-30 14:52:52.030 65707 INFO tempest.lib.common.rest_client [req-ef1d3ca4-7dfe-4497-9c33-c6d95156acec req-ef1d3ca4-7dfe-4497-9c33-c6d95156acec ] Request (DeleteServersTestJSON:test_delete_server_while_in_attached_volume): 200 GET http://10.180.1.21/compute/v2.1/servers/d28339a1-dda7-4bdb-8483-d54f5f1537d3 0.323s
2025-11-30 14:52:52.074 65739 INFO tempest.lib.common.rest_client [req-77a75042-8785-41f4-8e8d-cc089717f722 req-77a75042-8785-41f4-8e8d-cc089717f722 ] Request (ServerDiskConfigTestJSON:test_rebuild_server_with_manual_disk_config): 200 GET http://10.180.1.21/compute/v2.1/servers/6d7f264b-c3c6-41f8-b0d0-0a41a101fc50 0.397s
2025-11-30 14:52:52.093 65743 INFO tempest.lib.common.rest_client [req-e906c12a-bad8-43f0-badf-c2d3bffae1b6 req-e906c12a-bad8-43f0-badf-c2d3bffae1b6 ] Request (ServerShowV254Test:test_rebuild_server): 200 GET http://10.180.1.21/compute/v2.1/servers/ed694396-ce28-43e6-8da8-f7d98259b63a 0.268s
2025-11-30 14:52:52.143 65757 INFO tempest.lib.common.rest_client [req-7a7fea57-42e0-49a2-aaf1-8884d888d741 req-7a7fea57-42e0-49a2-aaf1-8884d888d741 ] Request (SecurityGroupsTestJSON:test_list_security_groups_by_server): 200 GET http://10.180.1.21/compute/v2.1/servers/4def18de-0f5e-4eed-8922-7682e340c997 0.275s
2025-11-30 14:52:52.488 65741 INFO tempest.lib.common.rest_client [req-ed37a64b-106b-4942-968b-d503a9f48a26 req-ed37a64b-106b-4942-968b-d503a9f48a26 ] Request (ListImageFiltersTestJSON:setUpClass): 202 POST http://10.180.1.21/compute/v2.1/servers 0.538s
2025-11-30 14:52:52.533 65723 INFO tempest.lib.common.rest_client [req-a59c28f9-8289-4087-941b-2c0d1aca77cd req-a59c28f9-8289-4087-941b-2c0d1aca77cd ] Request (ImagesTestJSON:test_create_server_from_snapshot): 202 POST http://10.180.1.21/compute/v2.1/servers 0.624s
2025-11-30 14:52:52.780 65715 WARNING tempest.lib.common.ssh [-] Failed to establish authenticated ssh connection to cirros@10.180.180.129 ([Errno None] Unable to connect to port 22 on 10.180.180.129). Number attempts: 2. Retry after 3 seconds.: paramiko.ssh_exception.NoValidConnectionsError: [Errno None] Unable to connect to port 22 on 10.180.180.129
2025-11-30 14:52:52.801 65699 INFO tempest.lib.common.rest_client [req-89b7c41e-a5c1-4963-9d0a-6e5a46d2c6f1 req-89b7c41e-a5c1-4963-9d0a-6e5a46d2c6f1 ] Request (AttachVolumeShelveTestJSON:test_attach_volume_shelved_or_offload_server): 200 GET http://10.180.1.21/compute/v2.1/servers/8d1ab2db-6854-4cb0-8667-20768909f94e 0.786s
2025-11-30 14:52:52.826 65730 INFO tempest.lib.common.rest_client [req-78b6482b-b9ed-4c92-9168-b1deecf5ac12 req-78b6482b-b9ed-4c92-9168-b1deecf5ac12 ] Request (ServerActionsTestOtherB:test_resize_server_confirm_from_stopped): 200 GET http://10.180.1.21/compute/v2.1/servers/488e8346-72a6-4bee-a0c2-676e26f25b74 0.747s
2025-11-30 14:52:52.940 65727 INFO tempest.lib.common.rest_client [req-dff0cb3e-e4ad-4bc0-9052-bc293e276b8c req-dff0cb3e-e4ad-4bc0-9052-bc293e276b8c ] Request (ServersAdminNegativeTestJSON:tearDownClass): 200 GET http://10.180.1.21/compute/v2.1/servers/32b9a116-f387-4b82-aec4-2a8efa79d5b3 0.784s
2025-11-30 14:52:52.996 65721 INFO tempest.lib.common.rest_client [req-9a01560f-1766-4702-9ab0-5f61806a12bf req-9a01560f-1766-4702-9ab0-5f61806a12bf ] Request (ListServerFiltersTestJSON:tearDownClass): 200 GET http://10.180.1.21/compute/v2.1/servers/2a1d6c6e-a7f6-4a97-b1d6-d7d8b08e470d 0.852s
2025-11-30 14:52:53.394 65703 INFO tempest.lib.common.rest_client [req-bdd0caf0-e48f-4448-928c-0f1b8c5c8a54 req-bdd0caf0-e48f-4448-928c-0f1b8c5c8a54 ] Request (InstanceActionsNegativeTestJSON:setUpClass): 200 GET http://10.180.1.21/compute/v2.1/servers/52a0434b-a604-44d8-8b9b-9ee8d7eee2f0 1.086s
2025-11-30 14:52:53.438 65697 INFO tempest.lib.common.rest_client [req-c7d9e21c-0dd8-408d-a623-dfd23b4d3241 req-c7d9e21c-0dd8-408d-a623-dfd23b4d3241 ] Request (MigrationsAdminTest:test_resize_server_revert_deleted_flavor): 200 GET http://10.180.1.21/compute/v2.1/servers/356c7beb-7658-4c7a-914e-ad1611baba5a 1.108s
2025-11-30 14:52:53.488 65725 INFO tempest.lib.common.rest_client [req-64f15eef-7b33-45d6-9899-de2edbf951a0 req-64f15eef-7b33-45d6-9899-de2edbf951a0 ] Request (ServersListShow298Test:test_list_show_update_rebuild_server_298): 200 GET http://10.180.1.21/compute/v2.1/servers/b48905b7-3f34-4b35-956b-dc8b092b721b 1.116s
2025-11-30 14:52:53.515 65710 INFO tempest.lib.common.rest_client [req-686fa614-f2af-4405-ab17-d8aa5330dca3 req-686fa614-f2af-4405-ab17-d8aa5330dca3 ] Request (ServerPasswordTestJSON:tearDownClass): 200 GET http://10.180.1.21/compute/v2.1/servers/73c1cb50-5c9d-4558-b093-00b1f96935f2 1.126s
2025-11-30 14:52:53.548 65741 INFO tempest.lib.common.rest_client [req-784c24d6-658c-4e00-9bb4-e5a694548608 req-784c24d6-658c-4e00-9bb4-e5a694548608 ] Request (ListImageFiltersTestJSON:setUpClass): 200 GET http://10.180.1.21/compute/v2.1/servers/c0777c32-80de-4c5f-b3be-b63bab2167a4 1.058s
2025-11-30 14:52:53.581 65723 INFO tempest.lib.common.rest_client [req-f3deca63-5a6f-48c3-a3c9-e5c794274864 req-f3deca63-5a6f-48c3-a3c9-e5c794274864 ] Request (ImagesTestJSON:test_create_server_from_snapshot): 200 GET http://10.180.1.21/compute/v2.1/servers/5f125b0c-0796-4666-a6f1-a5a09e7b9d8c 1.046s
2025-11-30 14:52:53.667 65735 INFO tempest.lib.common.rest_client [req-1cad401a-23f4-475f-8ecd-467a0910509d req-1cad401a-23f4-475f-8ecd-467a0910509d ] Request (ServersAdminTestJSON:test_rebuild_server_in_error_state): 200 GET http://10.180.1.21/compute/v2.1/servers/7a4db643-d3ba-43e7-a74f-ea3d1f8f5300 1.088s
2025-11-30 14:52:53.674 65735 INFO tempest.common.waiters [-] State transition "REBUILD/rebuilding" ==> "REBUILD/rebuild_block_device_mapping" after 3 second wait
2025-11-30 14:52:53.683 65705 INFO tempest.lib.common.rest_client [req-b9690443-5116-441a-8e90-afeb80a4a6cf req-b9690443-5116-441a-8e90-afeb80a4a6cf ] Request (ImagesOneServerNegativeTestJSON:_run_cleanups): 200 GET http://10.180.1.21/compute/v2.1/servers/406b4306-aef4-4f14-87b3-4d6753e51fd8 1.098s
2025-11-30 14:52:53.798 65749 INFO tempest.lib.common.rest_client [req-2ddb7ba7-3bf1-41e2-ba6b-516606198e56 req-2ddb7ba7-3bf1-41e2-ba6b-516606198e56 ] Request (ServersTestJSON:tearDownClass): 200 GET http://10.180.1.21/compute/v2.1/servers/3aa447fb-75fe-424e-80a9-e45cf2cfd0ec 1.137s
2025-11-30 14:52:54.035 65755 INFO tempest.lib.common.rest_client [req-90f6f516-0c30-4982-89b7-239350914794 req-90f6f516-0c30-4982-89b7-239350914794 ] Request (ServersTestBootFromVolume:setUpClass): 200 GET http://10.180.1.21/compute/v2.1/servers/3a2f7345-0e3f-4d39-a175-39c23c1caf24 1.388s
2025-11-30 14:52:54.045 65755 INFO tempest.common.waiters [-] State transition "BUILD/None" ==> "BUILD/block_device_mapping" after 32 second wait
2025-11-30 14:52:54.061 65733 INFO tempest.lib.common.rest_client [req-ec94011f-0793-45b9-b6b1-172631fbb3e0 req-ec94011f-0793-45b9-b6b1-172631fbb3e0 ] Request (ServersListShow296Test:tearDownClass): 200 GET http://10.180.1.21/compute/v2.1/servers/6ef7cb49-75c9-4e1b-b9ae-de9848163ff8 1.320s
2025-11-30 14:52:54.103 65695 INFO tempest.lib.common.rest_client [req-a7942f5e-9031-4da7-8a53-baaf78a28e58 req-a7942f5e-9031-4da7-8a53-baaf78a28e58 ] Request (ServersTestJSON:test_create_server_with_ipv6_addr_only): 200 GET http://10.180.1.21/compute/v2.1/servers/e1be9318-65c2-4ee7-9bce-a6a448872adf 1.209s
2025-11-30 14:52:54.159 65707 INFO tempest.lib.common.rest_client [req-53c40659-2861-41e4-b9b1-f0ddf53d73da req-53c40659-2861-41e4-b9b1-f0ddf53d73da ] Request (DeleteServersTestJSON:test_delete_server_while_in_attached_volume): 200 GET http://10.180.1.21/compute/v2.1/servers/d28339a1-dda7-4bdb-8483-d54f5f1537d3 1.120s
2025-11-30 14:52:54.226 65743 INFO tempest.lib.common.rest_client [req-d08986d4-9f85-443e-ba92-59fbe7019346 req-d08986d4-9f85-443e-ba92-59fbe7019346 ] Request (ServerShowV254Test:test_rebuild_server): 200 GET http://10.180.1.21/compute/v2.1/servers/ed694396-ce28-43e6-8da8-f7d98259b63a 1.111s
2025-11-30 14:52:54.247 65739 INFO tempest.lib.common.rest_client [req-34aa028d-7266-42f9-b817-320dea60cce8 req-34aa028d-7266-42f9-b817-320dea60cce8 ] Request (ServerDiskConfigTestJSON:test_rebuild_server_with_manual_disk_config): 200 GET http://10.180.1.21/compute/v2.1/servers/6d7f264b-c3c6-41f8-b0d0-0a41a101fc50 1.164s
2025-11-30 14:52:54.258 65739 INFO tempest.common.waiters [-] State transition "REBUILD/rebuilding" ==> "REBUILD/rebuild_spawning" after 4 second wait
2025-11-30 14:52:54.285 65757 INFO tempest.lib.common.rest_client [req-fe49286d-e257-4e48-a8f5-ab5244ffe9df req-fe49286d-e257-4e48-a8f5-ab5244ffe9df ] Request (SecurityGroupsTestJSON:test_list_security_groups_by_server): 200 GET http://10.180.1.21/compute/v2.1/servers/4def18de-0f5e-4eed-8922-7682e340c997 1.128s
2025-11-30 14:52:54.389 65730 INFO tempest.lib.common.rest_client [req-60330ef9-f168-4710-9b92-ff2d6195cb28 req-60330ef9-f168-4710-9b92-ff2d6195cb28 ] Request (ServerActionsTestOtherB:test_resize_server_confirm_from_stopped): 200 GET http://10.180.1.21/compute/v2.1/servers/488e8346-72a6-4bee-a0c2-676e26f25b74 0.546s
2025-11-30 14:52:54.403 65699 INFO tempest.lib.common.rest_client [req-065b94c5-dad7-41c3-9bde-e00c5f80c67c req-065b94c5-dad7-41c3-9bde-e00c5f80c67c ] Request (AttachVolumeShelveTestJSON:test_attach_volume_shelved_or_offload_server): 200 GET http://10.180.1.21/compute/v2.1/servers/8d1ab2db-6854-4cb0-8667-20768909f94e 0.591s
2025-11-30 14:52:54.464 65727 INFO tempest.lib.common.rest_client [req-058c6959-7166-42b0-a319-c6d8a44c1865 req-058c6959-7166-42b0-a319-c6d8a44c1865 ] Request (ServersAdminNegativeTestJSON:tearDownClass): 200 GET http://10.180.1.21/compute/v2.1/servers/32b9a116-f387-4b82-aec4-2a8efa79d5b3 0.517s
2025-11-30 14:52:54.465 65721 INFO tempest.lib.common.rest_client [req-b2c16476-934c-41f9-ab72-884aeae6747a req-b2c16476-934c-41f9-ab72-884aeae6747a ] Request (ListServerFiltersTestJSON:tearDownClass): 200 GET http://10.180.1.21/compute/v2.1/servers/2a1d6c6e-a7f6-4a97-b1d6-d7d8b08e470d 0.455s
2025-11-30 14:52:54.472 65721 INFO tempest.common.waiters [-] State transition "ACTIVE/deleting" ==> "DELETED/None" after 3 second wait
2025-11-30 14:52:54.602 65703 INFO tempest.lib.common.rest_client [req-1d69b9cf-cda3-47b9-ab42-dd4c73f21484 req-1d69b9cf-cda3-47b9-ab42-dd4c73f21484 ] Request (InstanceActionsNegativeTestJSON:setUpClass): 200 GET http://10.180.1.21/compute/v2.1/servers/52a0434b-a604-44d8-8b9b-9ee8d7eee2f0 0.196s
2025-11-30 14:52:54.630 65697 INFO tempest.lib.common.rest_client [req-c73ecedb-f2bd-4c44-a645-bd7ea1988e5c req-c73ecedb-f2bd-4c44-a645-bd7ea1988e5c ] Request (MigrationsAdminTest:test_resize_server_revert_deleted_flavor): 200 GET http://10.180.1.21/compute/v2.1/servers/356c7beb-7658-4c7a-914e-ad1611baba5a 0.181s
2025-11-30 14:52:54.675 65725 INFO tempest.lib.common.rest_client [req-1d801580-7cb7-4783-a5ca-b3c27b98c210 req-1d801580-7cb7-4783-a5ca-b3c27b98c210 ] Request (ServersListShow298Test:test_list_show_update_rebuild_server_298): 200 GET http://10.180.1.21/compute/v2.1/servers/b48905b7-3f34-4b35-956b-dc8b092b721b 0.172s
2025-11-30 14:52:54.689 65710 INFO tempest.lib.common.rest_client [req-4bb7b21c-dcf6-4f2d-b20d-c6cef2fd77f0 req-4bb7b21c-dcf6-4f2d-b20d-c6cef2fd77f0 ] Request (ServerPasswordTestJSON:tearDownClass): 200 GET http://10.180.1.21/compute/v2.1/servers/73c1cb50-5c9d-4558-b093-00b1f96935f2 0.160s
2025-11-30 14:52:54.719 65741 INFO tempest.lib.common.rest_client [req-2423ff01-5788-46c7-971a-4182b75ce4e4 req-2423ff01-5788-46c7-971a-4182b75ce4e4 ] Request (ListImageFiltersTestJSON:setUpClass): 200 GET http://10.180.1.21/compute/v2.1/servers/c0777c32-80de-4c5f-b3be-b63bab2167a4 0.162s
2025-11-30 14:52:54.726 65741 INFO tempest.common.waiters [-] State transition "BUILD/scheduling" ==> "BUILD/None" after 1 second wait
2025-11-30 14:52:54.733 65723 INFO tempest.lib.common.rest_client [req-4098a9d3-ae9a-4a06-9f13-80b0e3ef7b20 req-4098a9d3-ae9a-4a06-9f13-80b0e3ef7b20 ] Request (ImagesTestJSON:test_create_server_from_snapshot): 200 GET http://10.180.1.21/compute/v2.1/servers/5f125b0c-0796-4666-a6f1-a5a09e7b9d8c 0.143s
2025-11-30 14:52:54.740 65723 INFO tempest.common.waiters [-] State transition "BUILD/scheduling" ==> "BUILD/None" after 1 second wait
2025-11-30 14:52:54.794 65705 INFO tempest.lib.common.rest_client [req-0fb2605f-38b8-4acd-b6cc-29ff1f9cece0 req-0fb2605f-38b8-4acd-b6cc-29ff1f9cece0 ] Request (ImagesOneServerNegativeTestJSON:_run_cleanups): 200 GET http://10.180.1.21/compute/v2.1/servers/406b4306-aef4-4f14-87b3-4d6753e51fd8 0.102s
2025-11-30 14:52:54.848 65735 INFO tempest.lib.common.rest_client [req-43aa383e-0aad-41d0-92bc-5ae8e763e579 req-43aa383e-0aad-41d0-92bc-5ae8e763e579 ] Request (ServersAdminTestJSON:test_rebuild_server_in_error_state): 200 GET http://10.180.1.21/compute/v2.1/servers/7a4db643-d3ba-43e7-a74f-ea3d1f8f5300 0.172s
2025-11-30 14:52:54.855 65735 INFO tempest.common.waiters [-] State transition "REBUILD/rebuild_block_device_mapping" ==> "REBUILD/rebuild_spawning" after 4 second wait
2025-11-30 14:52:54.870 65749 INFO tempest.lib.common.rest_client [req-82925bfc-83ee-4e90-a368-de41a8df23d5 req-82925bfc-83ee-4e90-a368-de41a8df23d5 ] Request (ServersTestJSON:tearDownClass): 200 GET http://10.180.1.21/compute/v2.1/servers/3aa447fb-75fe-424e-80a9-e45cf2cfd0ec 0.059s
2025-11-30 14:52:55.140 65733 INFO tempest.lib.common.rest_client [req-ebf56e54-15ca-4ce4-80a7-ec155d5f2fb9 req-ebf56e54-15ca-4ce4-80a7-ec155d5f2fb9 ] Request (ServersListShow296Test:tearDownClass): 200 GET http://10.180.1.21/compute/v2.1/servers/6ef7cb49-75c9-4e1b-b9ae-de9848163ff8 0.069s
2025-11-30 14:52:55.147 65755 INFO tempest.lib.common.rest_client [req-60008daf-8132-4336-a161-ee3dfed7ce66 req-60008daf-8132-4336-a161-ee3dfed7ce66 ] Request (ServersTestBootFromVolume:setUpClass): 200 GET http://10.180.1.21/compute/v2.1/servers/3a2f7345-0e3f-4d39-a175-39c23c1caf24 0.100s
2025-11-30 14:52:55.154 65755 INFO tempest.common.waiters [-] State transition "BUILD/block_device_mapping" ==> "BUILD/spawning" after 33 second wait
2025-11-30 14:52:55.188 65695 INFO tempest.lib.common.rest_client [req-9f513dc2-657d-463c-9554-0648d52859be req-9f513dc2-657d-463c-9554-0648d52859be ] Request (ServersTestJSON:test_create_server_with_ipv6_addr_only): 200 GET http://10.180.1.21/compute/v2.1/servers/e1be9318-65c2-4ee7-9bce-a6a448872adf 0.076s
2025-11-30 14:52:55.304 65707 INFO tempest.lib.common.rest_client [req-d08bba0f-85bb-4fe7-85be-ec7544370721 req-d08bba0f-85bb-4fe7-85be-ec7544370721 ] Request (DeleteServersTestJSON:test_delete_server_while_in_attached_volume): 200 GET http://10.180.1.21/compute/v2.1/servers/d28339a1-dda7-4bdb-8483-d54f5f1537d3 0.137s
2025-11-30 14:52:55.330 65743 INFO tempest.lib.common.rest_client [req-0e3a5907-0179-41b9-9714-00f5644b9517 req-0e3a5907-0179-41b9-9714-00f5644b9517 ] Request (ServerShowV254Test:test_rebuild_server): 200 GET http://10.180.1.21/compute/v2.1/servers/ed694396-ce28-43e6-8da8-f7d98259b63a 0.090s
2025-11-30 14:52:55.394 65757 INFO tempest.lib.common.rest_client [req-10b1018a-f86f-41f6-ab73-21dc0438cd00 req-10b1018a-f86f-41f6-ab73-21dc0438cd00 ] Request (SecurityGroupsTestJSON:test_list_security_groups_by_server): 200 GET http://10.180.1.21/compute/v2.1/servers/4def18de-0f5e-4eed-8922-7682e340c997 0.100s
2025-11-30 14:52:55.403 65717 WARNING tempest.lib.common.ssh [-] Failed to establish authenticated ssh connection to cirros@10.180.180.222 ([Errno None] Unable to connect to port 22 on 10.180.180.222). Number attempts: 4. Retry after 5 seconds.: paramiko.ssh_exception.NoValidConnectionsError: [Errno None] Unable to connect to port 22 on 10.180.180.222
2025-11-30 14:52:55.422 65739 INFO tempest.lib.common.rest_client [req-cbf73ad3-de72-4061-ba07-636d071bf8e1 req-cbf73ad3-de72-4061-ba07-636d071bf8e1 ] Request (ServerDiskConfigTestJSON:test_rebuild_server_with_manual_disk_config): 200 GET http://10.180.1.21/compute/v2.1/servers/6d7f264b-c3c6-41f8-b0d0-0a41a101fc50 0.162s
2025-11-30 14:52:55.551 65730 INFO tempest.lib.common.rest_client [req-0095428c-be0a-48d6-95f2-1a1a58384a5c req-0095428c-be0a-48d6-95f2-1a1a58384a5c ] Request (ServerActionsTestOtherB:test_resize_server_confirm_from_stopped): 200 GET http://10.180.1.21/compute/v2.1/servers/488e8346-72a6-4bee-a0c2-676e26f25b74 0.146s
2025-11-30 14:52:55.576 65699 INFO tempest.lib.common.rest_client [req-ac03b8da-80f0-4ec4-b06a-62220710d630 req-ac03b8da-80f0-4ec4-b06a-62220710d630 ] Request (AttachVolumeShelveTestJSON:test_attach_volume_shelved_or_offload_server): 200 GET http://10.180.1.21/compute/v2.1/servers/8d1ab2db-6854-4cb0-8667-20768909f94e 0.163s
2025-11-30 14:52:55.632 65721 INFO tempest.lib.common.rest_client [req-5c856c18-e08d-4e55-961d-b9a2a722c0f5 req-5c856c18-e08d-4e55-961d-b9a2a722c0f5 ] Request (ListServerFiltersTestJSON:tearDownClass): 200 GET http://10.180.1.21/compute/v2.1/servers/2a1d6c6e-a7f6-4a97-b1d6-d7d8b08e470d 0.159s
2025-11-30 14:52:55.634 65727 INFO tempest.lib.common.rest_client [req-4e84b7be-cccd-4e92-bb0b-1b9028999fb5 req-4e84b7be-cccd-4e92-bb0b-1b9028999fb5 ] Request (ServersAdminNegativeTestJSON:tearDownClass): 200 GET http://10.180.1.21/compute/v2.1/servers/32b9a116-f387-4b82-aec4-2a8efa79d5b3 0.159s
2025-11-30 14:52:55.743 65697 INFO tempest.lib.common.rest_client [req-ed0c71bc-4ef2-4009-9ec6-4f15fc39fefb req-ed0c71bc-4ef2-4009-9ec6-4f15fc39fefb ] Request (MigrationsAdminTest:test_resize_server_revert_deleted_flavor): 200 GET http://10.180.1.21/compute/v2.1/servers/356c7beb-7658-4c7a-914e-ad1611baba5a 0.105s
2025-11-30 14:52:55.766 65703 INFO tempest.lib.common.rest_client [req-b5142736-23ab-4412-ac21-d3e6b6833cf9 req-b5142736-23ab-4412-ac21-d3e6b6833cf9 ] Request (InstanceActionsNegativeTestJSON:setUpClass): 200 GET http://10.180.1.21/compute/v2.1/servers/52a0434b-a604-44d8-8b9b-9ee8d7eee2f0 0.157s
2025-11-30 14:52:55.807 65725 INFO tempest.lib.common.rest_client [req-35aae660-f52f-44f2-99ef-8293d5ecab9a req-35aae660-f52f-44f2-99ef-8293d5ecab9a ] Request (ServersListShow298Test:test_list_show_update_rebuild_server_298): 200 GET http://10.180.1.21/compute/v2.1/servers/b48905b7-3f34-4b35-956b-dc8b092b721b 0.122s
2025-11-30 14:52:55.835 65710 INFO tempest.lib.common.rest_client [req-698cccc4-014c-48aa-8049-3fbb5ab44dc7 req-698cccc4-014c-48aa-8049-3fbb5ab44dc7 ] Request (ServerPasswordTestJSON:tearDownClass): 200 GET http://10.180.1.21/compute/v2.1/servers/73c1cb50-5c9d-4558-b093-00b1f96935f2 0.138s
2025-11-30 14:52:55.871 65741 INFO tempest.lib.common.rest_client [req-e419e664-7548-4c9b-a3b1-b56ef50d6322 req-e419e664-7548-4c9b-a3b1-b56ef50d6322 ] Request (ListImageFiltersTestJSON:setUpClass): 200 GET http://10.180.1.21/compute/v2.1/servers/c0777c32-80de-4c5f-b3be-b63bab2167a4 0.144s
2025-11-30 14:52:55.885 65723 INFO tempest.lib.common.rest_client [req-2fbb0099-d23e-41a3-ac66-bcda6f03d780 req-2fbb0099-d23e-41a3-ac66-bcda6f03d780 ] Request (ImagesTestJSON:test_create_server_from_snapshot): 200 GET http://10.180.1.21/compute/v2.1/servers/5f125b0c-0796-4666-a6f1-a5a09e7b9d8c 0.143s
2025-11-30 14:52:55.927 65705 INFO tempest.lib.common.rest_client [req-122c9d54-561d-40f6-8b54-3fc5e4df59a5 req-122c9d54-561d-40f6-8b54-3fc5e4df59a5 ] Request (ImagesOneServerNegativeTestJSON:_run_cleanups): 200 GET http://10.180.1.21/compute/v2.1/servers/406b4306-aef4-4f14-87b3-4d6753e51fd8 0.125s
2025-11-30 14:52:55.980 65737 WARNING tempest.lib.common.ssh [-] Failed to establish authenticated ssh connection to cirros@10.180.180.150 ([Errno None] Unable to connect to port 22 on 10.180.180.150). Number attempts: 10. Retry after 11 seconds.: paramiko.ssh_exception.NoValidConnectionsError: [Errno None] Unable to connect to port 22 on 10.180.180.150
2025-11-30 14:52:55.988 65749 INFO tempest.lib.common.rest_client [req-9e9aa16c-0c74-48d6-9daf-012671221285 req-9e9aa16c-0c74-48d6-9daf-012671221285 ] Request (ServersTestJSON:tearDownClass): 200 GET http://10.180.1.21/compute/v2.1/servers/3aa447fb-75fe-424e-80a9-e45cf2cfd0ec 0.110s
2025-11-30 14:52:55.995 65735 INFO tempest.lib.common.rest_client [req-abbbdeb3-adc7-41e7-b757-21c9e1b47fb3 req-abbbdeb3-adc7-41e7-b757-21c9e1b47fb3 ] Request (ServersAdminTestJSON:test_rebuild_server_in_error_state): 200 GET http://10.180.1.21/compute/v2.1/servers/7a4db643-d3ba-43e7-a74f-ea3d1f8f5300 0.138s
2025-11-30 14:52:56.228 65733 INFO tempest.lib.common.rest_client [req-8fe11ad2-7d32-403a-ada9-2f76445ab017 req-8fe11ad2-7d32-403a-ada9-2f76445ab017 ] Request (ServersListShow296Test:tearDownClass): 200 GET http://10.180.1.21/compute/v2.1/servers/6ef7cb49-75c9-4e1b-b9ae-de9848163ff8 0.076s
2025-11-30 14:52:56.281 65695 INFO tempest.lib.common.rest_client [req-aec6eb84-9342-4661-a02c-a224a2ad4470 req-aec6eb84-9342-4661-a02c-a224a2ad4470 ] Request (ServersTestJSON:test_create_server_with_ipv6_addr_only): 200 GET http://10.180.1.21/compute/v2.1/servers/e1be9318-65c2-4ee7-9bce-a6a448872adf 0.085s
2025-11-30 14:52:56.289 65755 INFO tempest.lib.common.rest_client [req-db6543e9-550a-49ef-b204-544053ee39ff req-db6543e9-550a-49ef-b204-544053ee39ff ] Request (ServersTestBootFromVolume:setUpClass): 200 GET http://10.180.1.21/compute/v2.1/servers/3a2f7345-0e3f-4d39-a175-39c23c1caf24 0.133s
2025-11-30 14:52:56.395 65743 INFO tempest.lib.common.rest_client [req-b27e9501-3b89-4361-8506-12105ead9bd0 req-b27e9501-3b89-4361-8506-12105ead9bd0 ] Request (ServerShowV254Test:test_rebuild_server): 200 GET http://10.180.1.21/compute/v2.1/servers/ed694396-ce28-43e6-8da8-f7d98259b63a 0.055s
2025-11-30 14:52:56.434 65707 INFO tempest.lib.common.rest_client [req-b3573324-ee64-4659-8279-a4f793740d45 req-b3573324-ee64-4659-8279-a4f793740d45 ] Request (DeleteServersTestJSON:test_delete_server_while_in_attached_volume): 200 GET http://10.180.1.21/compute/v2.1/servers/d28339a1-dda7-4bdb-8483-d54f5f1537d3 0.116s
2025-11-30 14:52:56.441 65707 INFO tempest.common.waiters [-] State transition "BUILD/spawning" ==> "ACTIVE/None" after 36 second wait
2025-11-30 14:52:56.448 65757 INFO tempest.lib.common.rest_client [req-e6094caa-25ba-4a8c-a084-cc49afe0f758 req-e6094caa-25ba-4a8c-a084-cc49afe0f758 ] Request (SecurityGroupsTestJSON:test_list_security_groups_by_server): 200 GET http://10.180.1.21/compute/v2.1/servers/4def18de-0f5e-4eed-8922-7682e340c997 0.046s
2025-11-30 14:52:56.544 65739 INFO tempest.lib.common.rest_client [req-a61c74f6-d1fd-4aa6-a83b-c4e3586f58b6 req-a61c74f6-d1fd-4aa6-a83b-c4e3586f58b6 ] Request (ServerDiskConfigTestJSON:test_rebuild_server_with_manual_disk_config): 200 GET http://10.180.1.21/compute/v2.1/servers/6d7f264b-c3c6-41f8-b0d0-0a41a101fc50 0.113s
2025-11-30 14:52:56.596 65707 INFO tempest.lib.common.rest_client [req-6ac9ae9a-37ee-47ba-a14f-6b9eaf79cf04 req-6ac9ae9a-37ee-47ba-a14f-6b9eaf79cf04 ] Request (DeleteServersTestJSON:test_delete_server_while_in_attached_volume): 202 POST http://10.180.1.21/volume/v3/volumes 0.154s
2025-11-30 14:52:56.644 65707 INFO tempest.lib.common.rest_client [req-04bba6f1-c4f1-4118-a132-02917aa012df req-04bba6f1-c4f1-4118-a132-02917aa012df ] Request (DeleteServersTestJSON:test_delete_server_while_in_attached_volume): 200 GET http://10.180.1.21/volume/v3/volumes/78f768a5-2544-47a0-a156-ec146bbc7e34 0.042s
2025-11-30 14:52:56.744 65730 INFO tempest.lib.common.rest_client [req-abde8718-4168-4177-8f47-527c5a55fc66 req-abde8718-4168-4177-8f47-527c5a55fc66 ] Request (ServerActionsTestOtherB:test_resize_server_confirm_from_stopped): 200 GET http://10.180.1.21/compute/v2.1/servers/488e8346-72a6-4bee-a0c2-676e26f25b74 0.185s
2025-11-30 14:52:56.744 65699 INFO tempest.lib.common.rest_client [req-12c9779d-2e4c-428f-86a7-6528f52fdd68 req-12c9779d-2e4c-428f-86a7-6528f52fdd68 ] Request (AttachVolumeShelveTestJSON:test_attach_volume_shelved_or_offload_server): 200 GET http://10.180.1.21/compute/v2.1/servers/8d1ab2db-6854-4cb0-8667-20768909f94e 0.156s
2025-11-30 14:52:56.799 65721 INFO tempest.lib.common.rest_client [req-3f7c023d-5678-465d-b29c-7eda3bb954d4 req-3f7c023d-5678-465d-b29c-7eda3bb954d4 ] Request (ListServerFiltersTestJSON:tearDownClass): 200 GET http://10.180.1.21/compute/v2.1/servers/2a1d6c6e-a7f6-4a97-b1d6-d7d8b08e470d 0.157s
2025-11-30 14:52:56.799 65727 INFO tempest.lib.common.rest_client [req-18e27c73-417d-43aa-972a-99ae21e9dd35 req-18e27c73-417d-43aa-972a-99ae21e9dd35 ] Request (ServersAdminNegativeTestJSON:tearDownClass): 200 GET http://10.180.1.21/compute/v2.1/servers/32b9a116-f387-4b82-aec4-2a8efa79d5b3 0.158s
2025-11-30 14:52:56.920 65697 INFO tempest.lib.common.rest_client [req-e84479c6-712b-411d-9211-4dd26759186f req-e84479c6-712b-411d-9211-4dd26759186f ] Request (MigrationsAdminTest:test_resize_server_revert_deleted_flavor): 200 GET http://10.180.1.21/compute/v2.1/servers/356c7beb-7658-4c7a-914e-ad1611baba5a 0.167s
2025-11-30 14:52:56.923 65703 INFO tempest.lib.common.rest_client [req-a653c12b-b674-435e-8153-17a141cd6864 req-a653c12b-b674-435e-8153-17a141cd6864 ] Request (InstanceActionsNegativeTestJSON:setUpClass): 200 GET http://10.180.1.21/compute/v2.1/servers/52a0434b-a604-44d8-8b9b-9ee8d7eee2f0 0.148s
2025-11-30 14:52:56.946 65710 INFO tempest.lib.common.rest_client [req-5d5b309c-ccb8-4d02-ad0c-b631f2e782bf req-5d5b309c-ccb8-4d02-ad0c-b631f2e782bf ] Request (ServerPasswordTestJSON:tearDownClass): 404 GET http://10.180.1.21/compute/v2.1/servers/73c1cb50-5c9d-4558-b093-00b1f96935f2 0.103s
2025-11-30 14:52:56.998 65725 INFO tempest.lib.common.rest_client [req-248efea1-2e30-4b0d-bb91-cdad3853195a req-248efea1-2e30-4b0d-bb91-cdad3853195a ] Request (ServersListShow298Test:test_list_show_update_rebuild_server_298): 200 GET http://10.180.1.21/compute/v2.1/servers/b48905b7-3f34-4b35-956b-dc8b092b721b 0.180s
2025-11-30 14:52:57.036 65741 INFO tempest.lib.common.rest_client [req-2c208630-8a60-4d89-9e99-2882007c1ee6 req-2c208630-8a60-4d89-9e99-2882007c1ee6 ] Request (ListImageFiltersTestJSON:setUpClass): 200 GET http://10.180.1.21/compute/v2.1/servers/c0777c32-80de-4c5f-b3be-b63bab2167a4 0.157s
2025-11-30 14:52:57.082 65723 INFO tempest.lib.common.rest_client [req-07e02f64-90ae-4d9d-853d-128379386b4b req-07e02f64-90ae-4d9d-853d-128379386b4b ] Request (ImagesTestJSON:test_create_server_from_snapshot): 200 GET http://10.180.1.21/compute/v2.1/servers/5f125b0c-0796-4666-a6f1-a5a09e7b9d8c 0.189s
2025-11-30 14:52:57.136 65705 INFO tempest.lib.common.rest_client [req-c0d32458-160d-45ec-858d-1bac4844ad59 req-c0d32458-160d-45ec-858d-1bac4844ad59 ] Request (ImagesOneServerNegativeTestJSON:_run_cleanups): 200 GET http://10.180.1.21/compute/v2.1/servers/406b4306-aef4-4f14-87b3-4d6753e51fd8 0.201s
2025-11-30 14:52:57.184 65749 INFO tempest.lib.common.rest_client [req-d4d89eb7-6edf-4bd7-8a55-d4b7b4c22dfd req-d4d89eb7-6edf-4bd7-8a55-d4b7b4c22dfd ] Request (ServersTestJSON:tearDownClass): 200 GET http://10.180.1.21/compute/v2.1/servers/3aa447fb-75fe-424e-80a9-e45cf2cfd0ec 0.185s
2025-11-30 14:52:57.278 65735 INFO tempest.lib.common.rest_client [req-6a71a5ee-eb97-47a0-8410-7a586a637407 req-6a71a5ee-eb97-47a0-8410-7a586a637407 ] Request (ServersAdminTestJSON:test_rebuild_server_in_error_state): 200 GET http://10.180.1.21/compute/v2.1/servers/7a4db643-d3ba-43e7-a74f-ea3d1f8f5300 0.274s
2025-11-30 14:52:57.317 65733 INFO tempest.lib.common.rest_client [req-4fba4d9b-d5ec-400f-a8de-4952182cee0b req-4fba4d9b-d5ec-400f-a8de-4952182cee0b ] Request (ServersListShow296Test:tearDownClass): 200 GET http://10.180.1.21/compute/v2.1/servers/6ef7cb49-75c9-4e1b-b9ae-de9848163ff8 0.078s
2025-11-30 14:52:57.353 65695 INFO tempest.lib.common.rest_client [req-2edf1457-2286-4598-81ff-8350b0dfcadf req-2edf1457-2286-4598-81ff-8350b0dfcadf ] Request (ServersTestJSON:test_create_server_with_ipv6_addr_only): 200 GET http://10.180.1.21/compute/v2.1/servers/e1be9318-65c2-4ee7-9bce-a6a448872adf 0.064s
2025-11-30 14:52:57.419 65755 INFO tempest.lib.common.rest_client [req-2ba8517e-5aad-4297-8362-5083d4c99016 req-2ba8517e-5aad-4297-8362-5083d4c99016 ] Request (ServersTestBootFromVolume:setUpClass): 200 GET http://10.180.1.21/compute/v2.1/servers/3a2f7345-0e3f-4d39-a175-39c23c1caf24 0.122s
2025-11-30 14:52:57.494 65743 INFO tempest.lib.common.rest_client [req-d248d00c-9f7d-44f2-9c81-99668b360844 req-d248d00c-9f7d-44f2-9c81-99668b360844 ] Request (ServerShowV254Test:test_rebuild_server): 200 GET http://10.180.1.21/compute/v2.1/servers/ed694396-ce28-43e6-8da8-f7d98259b63a 0.090s
2025-11-30 14:52:57.546 65757 INFO tempest.lib.common.rest_client [req-256fb6bd-a228-4d20-9b89-ab6c7ecd8362 req-256fb6bd-a228-4d20-9b89-ab6c7ecd8362 ] Request (SecurityGroupsTestJSON:test_list_security_groups_by_server): 200 GET http://10.180.1.21/compute/v2.1/servers/4def18de-0f5e-4eed-8922-7682e340c997 0.088s
2025-11-30 14:52:57.706 65707 INFO tempest.lib.common.rest_client [req-17ff5f87-f4c9-4ce8-9ca2-287ff13bbd8b req-17ff5f87-f4c9-4ce8-9ca2-287ff13bbd8b ] Request (DeleteServersTestJSON:test_delete_server_while_in_attached_volume): 200 GET http://10.180.1.21/volume/v3/volumes/78f768a5-2544-47a0-a156-ec146bbc7e34 0.054s
2025-11-30 14:52:57.717 65707 INFO tempest.common.waiters [-] volume 78f768a5-2544-47a0-a156-ec146bbc7e34 reached available after waiting for 1.717426 seconds
2025-11-30 14:52:57.823 65739 INFO tempest.lib.common.rest_client [req-8448d382-3ec5-4f2a-8dfb-0934d9116325 req-8448d382-3ec5-4f2a-8dfb-0934d9116325 ] Request (ServerDiskConfigTestJSON:test_rebuild_server_with_manual_disk_config): 200 GET http://10.180.1.21/compute/v2.1/servers/6d7f264b-c3c6-41f8-b0d0-0a41a101fc50 0.271s
2025-11-30 14:52:57.979 65730 INFO tempest.lib.common.rest_client [req-dfa7ec5c-4590-41b0-8c94-87ffd9c2e568 req-dfa7ec5c-4590-41b0-8c94-87ffd9c2e568 ] Request (ServerActionsTestOtherB:test_resize_server_confirm_from_stopped): 200 GET http://10.180.1.21/compute/v2.1/servers/488e8346-72a6-4bee-a0c2-676e26f25b74 0.226s
2025-11-30 14:52:57.988 65730 INFO tempest.common.waiters [-] State transition "RESIZE/resize_prep" ==> "RESIZE/resize_migrating" after 35 second wait
2025-11-30 14:52:57.989 65710 INFO tempest.lib.common.rest_client [req-e902981b-51b7-429b-b9dc-a5ae0c5e7295 req-e902981b-51b7-429b-b9dc-a5ae0c5e7295 ] Request (ServerPasswordTestJSON:tearDownClass): 200 PUT http://10.180.1.21/networking/v2.0/routers/35b0df84-a875-415e-98e2-3d62fa28064e/remove_router_interface 1.043s
2025-11-30 14:52:58.089 65699 INFO tempest.lib.common.rest_client [req-f56cc45a-78a1-42ec-b573-e51f6d9a3a77 req-f56cc45a-78a1-42ec-b573-e51f6d9a3a77 ] Request (AttachVolumeShelveTestJSON:test_attach_volume_shelved_or_offload_server): 200 GET http://10.180.1.21/compute/v2.1/servers/8d1ab2db-6854-4cb0-8667-20768909f94e 0.334s
