2025-11-30 14:52:16.265 65719 INFO tempest.lib.common.dynamic_creds [-] Created isolated network resources for: credentials: Credentials: {'domain_id': 'default', 'domain_name': 'Default', 'username': 'tempest-SecurityGroupRulesTestJSON-1875746084-project-member', 'project_domain_id': 'default', 'project_domain_name': 'Default', 'project_id': '6d3c32f1e9fc4580a5b0a319ef3923c2', 'project_name': 'tempest-SecurityGroupRulesTestJSON-1875746084', 'tenant_id': '6d3c32f1e9fc4580a5b0a319ef3923c2', 'tenant_name': 'tempest-SecurityGroupRulesTestJSON-1875746084', 'user_domain_id': 'default', 'user_domain_name': 'Default', 'user_id': 'f3d0bfa9eafc47388a7c91fb22491f0e', 'system': None}, Network: {'id': 'db346d86-a561-48bd-aa7a-fdbea854621e', 'name': 'tempest-SecurityGroupRulesTestJSON-949329497-network', 'tenant_id': '6d3c32f1e9fc4580a5b0a319ef3923c2', 'project_id': '6d3c32f1e9fc4580a5b0a319ef3923c2', 'admin_state_up': True, 'mtu': 8950, 'status': 'ACTIVE', 'subnets': [], 'shared': False, 'port_security_enabled': True, 'router:external': False, 'provider:network_type': 'vlan', 'provider:physical_network': 'default', 'provider:segmentation_id': 961, 'availability_zone_hints': [], 'availability_zones': [], 'ipv4_address_scope': None, 'ipv6_address_scope': None, 'description': '', 'tags': [], 'created_at': '2025-11-30T14:52:13Z', 'updated_at': '2025-11-30T14:52:13Z', 'revision_number': 1}, Subnet: {'id': '70bfb8bc-4f6e-4bf0-b757-9432352c9b31', 'name': 'tempest-SecurityGroupRulesTestJSON-949329497-subnet', 'tenant_id': '6d3c32f1e9fc4580a5b0a319ef3923c2', 'network_id': 'db346d86-a561-48bd-aa7a-fdbea854621e', 'ip_version': 4, 'subnetpool_id': None, 'enable_dhcp': True, 'ipv6_ra_mode': None, 'ipv6_address_mode': None, 'gateway_ip': '192.168.128.1', 'cidr': '192.168.128.0/28', 'allocation_pools': [{'start': '192.168.128.2', 'end': '192.168.128.14'}], 'host_routes': [], 'dns_nameservers': [], 'description': '', 'router:external': False, 'service_types': [], 'tags': [], 'created_at': '2025-11-30T14:52:13Z', 'updated_at': '2025-11-30T14:52:13Z', 'revision_number': 0, 'project_id': '6d3c32f1e9fc4580a5b0a319ef3923c2'}, Router: {'id': '8099fca3-d9ef-4b16-9079-da7e5f6f171e', 'name': 'tempest-SecurityGroupRulesTestJSON-949329497-router', 'tenant_id': '6d3c32f1e9fc4580a5b0a319ef3923c2', 'admin_state_up': True, 'status': 'ACTIVE', 'external_gateway_info': {'network_id': '4f2a3433-7029-4687-ac90-f16d3128a5e7', 'external_fixed_ips': [{'subnet_id': '380baa23-9e13-4bb1-98d8-a5196c86e485', 'ip_address': '10.180.180.207'}], 'enable_snat': True}, 'description': '', 'availability_zones': [], 'distributed': False, 'ha': False, 'availability_zone_hints': [], 'routes': [], 'flavor_id': None, 'tags': [], 'created_at': '2025-11-30T14:52:13Z', 'updated_at': '2025-11-30T14:52:14Z', 'revision_number': 2, 'project_id': '6d3c32f1e9fc4580a5b0a319ef3923c2'}
2025-11-30 14:52:16.323 65703 INFO tempest.lib.common.rest_client [req-11eaed98-7a00-47fc-b1e7-9fdd4782fc3b req-11eaed98-7a00-47fc-b1e7-9fdd4782fc3b ] Request (InstanceActionsNegativeTestJSON:setUpClass): 200 PUT http://10.180.1.21/networking/v2.0/routers/838e38d4-93e6-4e5b-a0f5-dd51b80ef3d6/add_router_interface 1.094s
2025-11-30 14:52:16.324 65703 INFO tempest.lib.common.dynamic_creds [-] Created isolated network resources for: credentials: Credentials: {'domain_id': 'default', 'domain_name': 'Default', 'username': 'tempest-InstanceActionsNegativeTestJSON-1197536129-project-member', 'project_domain_id': 'default', 'project_domain_name': 'Default', 'project_id': '81364bcd08234f438beb736d7a68e725', 'project_name': 'tempest-InstanceActionsNegativeTestJSON-1197536129', 'tenant_id': '81364bcd08234f438beb736d7a68e725', 'tenant_name': 'tempest-InstanceActionsNegativeTestJSON-1197536129', 'user_domain_id': 'default', 'user_domain_name': 'Default', 'user_id': '98b9bae7876e45a1ac487cff0185a1ad', 'system': None}, Network: {'id': 'fdd27edf-9400-46ed-9d97-980181b24491', 'name': 'tempest-InstanceActionsNegativeTestJSON-608930448-network', 'tenant_id': '81364bcd08234f438beb736d7a68e725', 'project_id': '81364bcd08234f438beb736d7a68e725', 'admin_state_up': True, 'mtu': 8950, 'status': 'ACTIVE', 'subnets': [], 'shared': False, 'port_security_enabled': True, 'router:external': False, 'provider:network_type': 'vlan', 'provider:physical_network': 'default', 'provider:segmentation_id': 686, 'availability_zone_hints': [], 'availability_zones': [], 'ipv4_address_scope': None, 'ipv6_address_scope': None, 'description': '', 'tags': [], 'created_at': '2025-11-30T14:52:13Z', 'updated_at': '2025-11-30T14:52:13Z', 'revision_number': 1}, Subnet: {'id': '57a2774a-b142-4e09-a35e-a34d9f0b7df9', 'name': 'tempest-InstanceActionsNegativeTestJSON-608930448-subnet', 'tenant_id': '81364bcd08234f438beb736d7a68e725', 'network_id': 'fdd27edf-9400-46ed-9d97-980181b24491', 'ip_version': 4, 'subnetpool_id': None, 'enable_dhcp': True, 'ipv6_ra_mode': None, 'ipv6_address_mode': None, 'gateway_ip': '192.168.128.1', 'cidr': '192.168.128.0/28', 'allocation_pools': [{'start': '192.168.128.2', 'end': '192.168.128.14'}], 'host_routes': [], 'dns_nameservers': [], 'description': '', 'router:external': False, 'service_types': [], 'tags': [], 'created_at': '2025-11-30T14:52:14Z', 'updated_at': '2025-11-30T14:52:14Z', 'revision_number': 0, 'project_id': '81364bcd08234f438beb736d7a68e725'}, Router: {'id': '838e38d4-93e6-4e5b-a0f5-dd51b80ef3d6', 'name': 'tempest-InstanceActionsNegativeTestJSON-608930448-router', 'tenant_id': '81364bcd08234f438beb736d7a68e725', 'admin_state_up': True, 'status': 'ACTIVE', 'external_gateway_info': {'network_id': '4f2a3433-7029-4687-ac90-f16d3128a5e7', 'external_fixed_ips': [{'subnet_id': '380baa23-9e13-4bb1-98d8-a5196c86e485', 'ip_address': '10.180.180.180'}], 'enable_snat': True}, 'description': '', 'availability_zones': [], 'distributed': False, 'ha': False, 'availability_zone_hints': [], 'routes': [], 'flavor_id': None, 'tags': [], 'created_at': '2025-11-30T14:52:14Z', 'updated_at': '2025-11-30T14:52:14Z', 'revision_number': 2, 'project_id': '81364bcd08234f438beb736d7a68e725'}
2025-11-30 14:52:16.347 65719 INFO tempest.lib.common.rest_client [req-b2722d36-0bf9-47fe-991b-58356df1e253 req-b2722d36-0bf9-47fe-991b-58356df1e253 ] Request (SecurityGroupRulesTestJSON:setUpClass): 201 POST http://10.180.1.21/identity/v3/auth/tokens 0.078s
2025-11-30 14:52:16.384 65757 INFO tempest.lib.common.rest_client [req-d0cfa1e5-27f8-4a85-93a5-ef9cdadc79a2 req-d0cfa1e5-27f8-4a85-93a5-ef9cdadc79a2 ] Request (FloatingIPsTestJSON:test_delete_floating_ip): 200 POST http://10.180.1.21/compute/v2.1/os-floating-ips 3.959s
2025-11-30 14:52:16.407 65735 INFO tempest.lib.common.rest_client [req-d35db382-c9c6-46a7-ac56-f8538a45a5dd req-d35db382-c9c6-46a7-ac56-f8538a45a5dd ] Request (ServersAdminTestJSON:test_inject_network_info): 200 GET http://10.180.1.21/compute/v2.1/servers/02f59f91-69c5-4d65-81e4-84be577ba445 3.512s
2025-11-30 14:52:16.426 65703 INFO tempest.lib.common.rest_client [req-a97bb8db-b97d-466f-93d9-16f5c0905abb req-a97bb8db-b97d-466f-93d9-16f5c0905abb ] Request (InstanceActionsNegativeTestJSON:setUpClass): 201 POST http://10.180.1.21/identity/v3/auth/tokens 0.098s
2025-11-30 14:52:16.466 65703 INFO tempest.lib.common.rest_client [req-e2d49aa0-bbc7-4254-bc36-093fcaeb6d84 req-e2d49aa0-bbc7-4254-bc36-093fcaeb6d84 ] Request (InstanceActionsNegativeTestJSON:setUpClass): 201 POST http://10.180.1.21/identity/v3/auth/tokens 0.037s
2025-11-30 14:52:16.467 65703 INFO tempest.lib.common.fixed_network [-] (InstanceActionsNegativeTestJSON:setUpClass) Found network {'id': 'fdd27edf-9400-46ed-9d97-980181b24491', 'name': 'tempest-InstanceActionsNegativeTestJSON-608930448-network', 'tenant_id': '81364bcd08234f438beb736d7a68e725', 'project_id': '81364bcd08234f438beb736d7a68e725', 'admin_state_up': True, 'mtu': 8950, 'status': 'ACTIVE', 'subnets': [], 'shared': False, 'port_security_enabled': True, 'router:external': False, 'provider:network_type': 'vlan', 'provider:physical_network': 'default', 'provider:segmentation_id': 686, 'availability_zone_hints': [], 'availability_zones': [], 'ipv4_address_scope': None, 'ipv6_address_scope': None, 'description': '', 'tags': [], 'created_at': '2025-11-30T14:52:13Z', 'updated_at': '2025-11-30T14:52:13Z', 'revision_number': 1} available for tenant
2025-11-30 14:52:16.649 65701 INFO tempest.lib.common.rest_client [req-5a5e07d2-4b34-42da-9592-2cec1c990422 req-5a5e07d2-4b34-42da-9592-2cec1c990422 ] Request (KeyPairsV2TestJSON:tearDownClass): 200 GET http://10.180.1.21/networking/v2.0/security-groups?tenant_id=77adb63efe4e40ecbaed23ef4628e413&name=default 0.807s
2025-11-30 14:52:16.672 65741 INFO tempest.lib.common.rest_client [req-7a5a569a-152f-4955-aad1-e10471ab4dba req-7a5a569a-152f-4955-aad1-e10471ab4dba ] Request (FloatingIPsAssociationNegativeTestJSON:tearDownClass): 200 GET http://10.180.1.21/compute/v2.1/servers/4d0e945c-0138-4e8d-a76b-f3079a2a3b4f 3.470s
2025-11-30 14:52:16.993 65701 INFO tempest.lib.common.rest_client [req-340fcc72-bcc4-4e6e-97dc-41afe1917a9c req-340fcc72-bcc4-4e6e-97dc-41afe1917a9c ] Request (KeyPairsV2TestJSON:tearDownClass): 204 DELETE http://10.180.1.21/networking/v2.0/security-groups/14016894-fa36-42ec-afd2-2bd01ec082a0 0.344s
2025-11-30 14:52:17.075 65733 INFO tempest.lib.common.rest_client [req-3e174e90-e3ba-4b73-9062-e442479b5390 req-3e174e90-e3ba-4b73-9062-e442479b5390 ] Request (ServersListShow296Test:test_list_show_update_rebuild_server_296): 200 GET http://10.180.1.21/compute/v2.1/servers/6ef7cb49-75c9-4e1b-b9ae-de9848163ff8 3.460s
2025-11-30 14:52:17.079 65701 INFO tempest.lib.common.rest_client [req-e0f52d63-3ae2-4955-88be-3a164c35cf41 req-e0f52d63-3ae2-4955-88be-3a164c35cf41 ] Request (KeyPairsV2TestJSON:tearDownClass): 204 DELETE http://10.180.1.21/identity/v3/projects/77adb63efe4e40ecbaed23ef4628e413 0.086s
2025-11-30 14:52:17.084 65733 INFO tempest.common.waiters [-] State transition "BUILD/spawning" ==> "ACTIVE/None" after 25 second wait
2025-11-30 14:52:17.124 65755 INFO tempest.lib.common.rest_client [req-5431b438-3843-4129-b7de-8a4f09791b28 req-5431b438-3843-4129-b7de-8a4f09791b28 ] Request (ServersTestBootFromVolume:setUpClass): 200 GET http://10.180.1.21/volume/v3/volumes/f5f2c571-f546-4640-8ddb-12bbdce2c9e7 0.033s
2025-11-30 14:52:17.132 65755 INFO tempest.common.waiters [-] volume f5f2c571-f546-4640-8ddb-12bbdce2c9e7 reached available after waiting for 19.132012 seconds
2025-11-30 14:52:17.198 65725 INFO tempest.lib.common.rest_client [req-f7a5fb74-7e75-4fcf-84fa-5f9d13c6eade req-f7a5fb74-7e75-4fcf-84fa-5f9d13c6eade ] Request (AttachInterfacesV270Test:tearDownClass): 200 GET http://10.180.1.21/compute/v2.1/servers/92253a15-5078-4405-9e3f-4d1d55869df9 3.579s
2025-11-30 14:52:17.324 65697 INFO tempest.lib.common.rest_client [req-89a24519-2d51-4969-bc47-c45f756a3e56 req-89a24519-2d51-4969-bc47-c45f756a3e56 ] Request (MigrationsAdminTest:test_resize_server_revert_deleted_flavor): 200 GET http://10.180.1.21/compute/v2.1/servers/356c7beb-7658-4c7a-914e-ad1611baba5a 3.613s
2025-11-30 14:52:17.396 65707 INFO tempest.lib.common.rest_client [req-8fba0b21-2ab7-4b25-a784-131c8c8682db req-8fba0b21-2ab7-4b25-a784-131c8c8682db ] Request (DeleteServersTestJSON:test_delete_server_while_in_attached_volume): 202 POST http://10.180.1.21/compute/v2.1/servers 3.955s
2025-11-30 14:52:17.417 65705 INFO tempest.lib.common.rest_client [req-8aca96a7-1643-4dd0-88e0-783b923d28a6 req-8aca96a7-1643-4dd0-88e0-783b923d28a6 ] Request (ImagesOneServerNegativeTestJSON:_run_cleanups): 200 GET http://10.180.1.21/compute/v2.1/servers/406b4306-aef4-4f14-87b3-4d6753e51fd8 3.691s
2025-11-30 14:52:17.528 65739 INFO tempest.lib.common.rest_client [req-24dbb8d7-88c7-4e10-8f51-75e50078296f req-24dbb8d7-88c7-4e10-8f51-75e50078296f ] Request (ServerDiskConfigTestJSON:test_rebuild_server_with_manual_disk_config): 200 GET http://10.180.1.21/compute/v2.1/servers/6d7f264b-c3c6-41f8-b0d0-0a41a101fc50 3.684s
2025-11-30 14:52:17.927 65715 INFO tempest.lib.common.rest_client [req-c9244520-1b7a-4bd0-b88c-5340833b3cb1 req-c9244520-1b7a-4bd0-b88c-5340833b3cb1 ] Request (ServersWithSpecificFlavorTestJSON:test_verify_created_server_ephemeral_disk): 200 GET http://10.180.1.21/compute/v2.1/servers/9446840e-a1e4-4301-9968-a6438d23f2db 3.910s
2025-11-30 14:52:17.989 65710 INFO tempest.lib.common.rest_client [req-19e0c960-0f12-4ac9-bf78-507da2d9a91b req-19e0c960-0f12-4ac9-bf78-507da2d9a91b ] Request (ServerPasswordTestJSON:test_delete_server_password): 204 DELETE http://10.180.1.21/compute/v2.1/servers/73c1cb50-5c9d-4558-b093-00b1f96935f2/os-server-password 3.926s
2025-11-30 14:52:18.219 65737 WARNING tempest.lib.common.ssh [-] Failed to establish authenticated ssh connection to cirros@10.180.180.150 ([Errno None] Unable to connect to port 22 on 10.180.180.150). Number attempts: 7. Retry after 8 seconds.: paramiko.ssh_exception.NoValidConnectionsError: [Errno None] Unable to connect to port 22 on 10.180.180.150
2025-11-30 14:52:18.287 65721 INFO tempest.lib.common.rest_client [req-d0ac67e8-2cde-4342-9520-5616a8b49863 req-d0ac67e8-2cde-4342-9520-5616a8b49863 ] Request (ListServerFiltersTestJSON:test_list_servers_detailed_filter_by_server_status): 200 GET http://10.180.1.21/compute/v2.1/servers/detail?status=active 4.291s
2025-11-30 14:52:18.440 65699 INFO tempest.lib.common.rest_client [req-4bdc27e7-06bc-4a42-8bd2-e8f25933576c req-4bdc27e7-06bc-4a42-8bd2-e8f25933576c ] Request (AttachVolumeShelveTestJSON:test_attach_volume_shelved_or_offload_server): 200 GET http://10.180.1.21/compute/v2.1/servers/8d1ab2db-6854-4cb0-8667-20768909f94e 4.089s
2025-11-30 14:52:18.450 65699 INFO tempest.common.waiters [-] State transition "ACTIVE/shelving_image_uploading" ==> "SHELVED/shelving_offloading" after 21 second wait
2025-11-30 14:52:18.503 65723 INFO tempest.lib.common.rest_client [req-b4849997-5daf-45f1-920c-4fd65d3c1dfe req-b4849997-5daf-45f1-920c-4fd65d3c1dfe ] Request (ImagesTestJSON:test_create_image_from_suspended_server): 200 GET http://10.180.1.21/compute/v2.1/servers/7fbd08f0-5ed2-4f99-8c6a-1112f169ed2b 4.044s
2025-11-30 14:52:18.581 65749 INFO tempest.lib.common.rest_client [req-b47e5754-1b22-4e5c-8036-d78fa722a244 req-b47e5754-1b22-4e5c-8036-d78fa722a244 ] Request (ServersTestJSON:test_list_servers): 200 GET http://10.180.1.21/compute/v2.1/servers 3.833s
2025-11-30 14:52:18.930 65717 INFO tempest.lib.common.rest_client [req-d93de31a-0d2e-4750-a07b-f33cfb3fa51e req-d93de31a-0d2e-4750-a07b-f33cfb3fa51e ] Request (ServerActionsTestJSON:setUpClass): 200 GET http://10.180.1.21/compute/v2.1/servers/d0d8cd75-fe40-4a1a-88c0-bff3d80b18c0 4.457s
2025-11-30 14:52:18.938 65717 INFO tempest.common.waiters [-] State transition "BUILD/None" ==> "BUILD/spawning" after 20 second wait
2025-11-30 14:52:18.951 65727 INFO tempest.lib.common.rest_client [req-ac3d5e6b-56f5-4931-9e3c-600344cd920f req-ac3d5e6b-56f5-4931-9e3c-600344cd920f ] Request (ServersAdminNegativeTestJSON:test_resize_server_using_overlimit_ram): 200 POST http://10.180.1.21/compute/v2.1/flavors 3.406s
2025-11-30 14:52:18.977 65743 INFO tempest.lib.common.rest_client [req-f6341801-f122-468b-a547-4425fcd31d50 req-f6341801-f122-468b-a547-4425fcd31d50 ] Request (FlavorsExtraSpecsTestJSON:test_flavor_set_get_update_show_unset_keys): 200 PUT http://10.180.1.21/compute/v2.1/flavors/295778483/os-extra_specs/hw:numa_nodes 3.394s
2025-11-30 14:52:19.016 65695 INFO tempest.lib.common.rest_client [req-4c1fa676-89dc-43ca-b7c8-78eb96f1d9d4 req-4c1fa676-89dc-43ca-b7c8-78eb96f1d9d4 ] Request (ServersTestJSON:test_create_server_specify_multibyte_character_name): 200 GET http://10.180.1.21/compute/v2.1/servers/cacde41d-833c-468d-91d0-fa499d46ef2f 3.613s
2025-11-30 14:52:19.025 65695 INFO tempest.common.waiters [-] State transition "BUILD/None" ==> "BUILD/spawning" after 23 second wait
2025-11-30 14:52:19.046 65731 INFO tempest.lib.common.rest_client [req-7f420aad-6869-45f3-b0fc-fe6ec0511ede req-7f420aad-6869-45f3-b0fc-fe6ec0511ede ] Request (VolumesTestJSON:setUpClass): 200 GET http://10.180.1.21/compute/v2.1/os-volumes/4e8e4142-8907-4f4e-84f1-9c167f16f68b 2.818s
2025-11-30 14:52:19.193 65731 INFO tempest.lib.common.rest_client [req-74ed6e9b-e3fc-42d5-8b48-84401cba1589 req-74ed6e9b-e3fc-42d5-8b48-84401cba1589 ] Request (VolumesTestJSON:setUpClass): 202 POST http://10.180.1.21/volume/v3/volumes 0.143s
2025-11-30 14:52:19.227 65731 INFO tempest.lib.common.rest_client [req-3412d048-a091-4f75-ab00-5a1aeb43d79f req-3412d048-a091-4f75-ab00-5a1aeb43d79f ] Request (VolumesTestJSON:setUpClass): 200 GET http://10.180.1.21/volume/v3/volumes/59783032-5ed4-40bd-971d-ccdb7e83ea05 0.026s
2025-11-30 14:52:19.301 65719 INFO tempest.lib.common.rest_client [req-b695ecf4-d97a-4f06-b549-63c9320c0f6f req-b695ecf4-d97a-4f06-b549-63c9320c0f6f ] Request (SecurityGroupRulesTestJSON:test_security_group_rules_create): 200 POST http://10.180.1.21/compute/v2.1/os-security-groups 2.952s
2025-11-30 14:52:19.336 65730 INFO tempest.lib.common.rest_client [req-eba6c473-f33f-44ea-bf0f-a9d053ee34f1 req-eba6c473-f33f-44ea-bf0f-a9d053ee34f1 ] Request (ServerActionsTestOtherB:test_resize_server_confirm_from_stopped): 200 GET http://10.180.1.21/compute/v2.1/servers/488e8346-72a6-4bee-a0c2-676e26f25b74 2.977s
2025-11-30 14:52:19.345 65730 INFO tempest.common.waiters [-] State transition "ACTIVE/powering-off" ==> "SHUTOFF/None" after 4 second wait
2025-11-30 14:52:19.873 65757 INFO tempest.lib.common.rest_client [req-d3896947-ecc6-44d7-831c-e32e867db86c req-d3896947-ecc6-44d7-831c-e32e867db86c ] Request (FloatingIPsTestJSON:test_delete_floating_ip): 202 DELETE http://10.180.1.21/compute/v2.1/os-floating-ips/4c1a6583-e4e1-41e5-b0da-bb4a4b35a7ca 3.486s
2025-11-30 14:52:19.970 65703 INFO tempest.lib.common.rest_client [req-4b52cf0d-5133-44cd-966a-29b78943d745 req-4b52cf0d-5133-44cd-966a-29b78943d745 ] Request (InstanceActionsNegativeTestJSON:setUpClass): 202 POST http://10.180.1.21/compute/v2.1/servers 3.502s
2025-11-30 14:52:20.019 65733 INFO tempest.lib.common.rest_client [req-e9443300-4005-466b-bd79-b1e90bc19317 req-e9443300-4005-466b-bd79-b1e90bc19317 ] Request (ServersListShow296Test:test_list_show_update_rebuild_server_296): 200 GET http://10.180.1.21/compute/v2.1/servers/detail 2.935s
2025-11-30 14:52:20.110 65707 INFO tempest.lib.common.rest_client [req-89057a91-0490-48ed-ab6f-0bf6cec84e8e req-89057a91-0490-48ed-ab6f-0bf6cec84e8e ] Request (DeleteServersTestJSON:test_delete_server_while_in_attached_volume): 200 GET http://10.180.1.21/compute/v2.1/servers/d28339a1-dda7-4bdb-8483-d54f5f1537d3 2.713s
2025-11-30 14:52:20.174 65735 INFO tempest.lib.common.rest_client [req-0da3ccc0-3924-4a83-9c6e-ede3d905e8f6 req-0da3ccc0-3924-4a83-9c6e-ede3d905e8f6 ] Request (ServersAdminTestJSON:test_inject_network_info): 200 GET http://10.180.1.21/compute/v2.1/servers/02f59f91-69c5-4d65-81e4-84be577ba445 2.758s
2025-11-30 14:52:20.259 65741 INFO tempest.lib.common.rest_client [req-cb6a4904-86c4-4aa1-88d4-784941522c86 req-cb6a4904-86c4-4aa1-88d4-784941522c86 ] Request (FloatingIPsAssociationNegativeTestJSON:tearDownClass): 200 GET http://10.180.1.21/compute/v2.1/servers/4d0e945c-0138-4e8d-a76b-f3079a2a3b4f 2.579s
2025-11-30 14:52:20.268 65731 INFO tempest.lib.common.rest_client [req-6cb1dc65-8f84-470d-85de-7b2a102c0eb0 req-6cb1dc65-8f84-470d-85de-7b2a102c0eb0 ] Request (VolumesTestJSON:setUpClass): 200 GET http://10.180.1.21/volume/v3/volumes/59783032-5ed4-40bd-971d-ccdb7e83ea05 0.032s
2025-11-30 14:52:20.275 65731 INFO tempest.common.waiters [-] volume 59783032-5ed4-40bd-971d-ccdb7e83ea05 reached available after waiting for 1.275605 seconds
2025-11-30 14:52:20.286 65710 INFO tempest.lib.common.rest_client [req-a3ec8ffc-1eac-46c2-9245-2523ef76dcc6 req-a3ec8ffc-1eac-46c2-9245-2523ef76dcc6 ] Request (ServerPasswordTestJSON:test_get_server_password): 200 GET http://10.180.1.21/compute/v2.1/servers/73c1cb50-5c9d-4558-b093-00b1f96935f2/os-server-password 2.294s
2025-11-30 14:52:20.385 65725 INFO tempest.lib.common.rest_client [req-26fccc47-9735-4667-a703-f2d640e1c1f6 req-26fccc47-9735-4667-a703-f2d640e1c1f6 ] Request (AttachInterfacesV270Test:tearDownClass): 200 GET http://10.180.1.21/compute/v2.1/servers/92253a15-5078-4405-9e3f-4d1d55869df9 2.175s
2025-11-30 14:52:20.398 65725 INFO tempest.common.waiters [-] State transition "ACTIVE/deleting" ==> "DELETED/None" after 3 second wait
2025-11-30 14:52:20.553 65755 INFO tempest.lib.common.rest_client [req-51672f57-bb78-4db3-8143-90a246d3523c req-51672f57-bb78-4db3-8143-90a246d3523c ] Request (ServersTestBootFromVolume:setUpClass): 202 POST http://10.180.1.21/compute/v2.1/servers 3.421s
2025-11-30 14:52:20.569 65721 INFO tempest.lib.common.rest_client [req-13352cb9-0f29-422b-992b-9a3d2a2ee8cc req-13352cb9-0f29-422b-992b-9a3d2a2ee8cc ] Request (ListServerFiltersTestJSON:test_list_servers_detailed_limit_results): 200 GET http://10.180.1.21/compute/v2.1/servers/detail?limit=1 2.267s
2025-11-30 14:52:20.634 65697 INFO tempest.lib.common.rest_client [req-4395af80-f4a2-4b36-9a72-4f7521abc637 req-4395af80-f4a2-4b36-9a72-4f7521abc637 ] Request (MigrationsAdminTest:test_resize_server_revert_deleted_flavor): 200 GET http://10.180.1.21/compute/v2.1/servers/356c7beb-7658-4c7a-914e-ad1611baba5a 2.298s
2025-11-30 14:52:20.778 65739 INFO tempest.lib.common.rest_client [req-07b2e81a-7cd4-4be8-b9e3-1247bb871540 req-07b2e81a-7cd4-4be8-b9e3-1247bb871540 ] Request (ServerDiskConfigTestJSON:test_rebuild_server_with_manual_disk_config): 200 GET http://10.180.1.21/compute/v2.1/servers/6d7f264b-c3c6-41f8-b0d0-0a41a101fc50 2.241s
2025-11-30 14:52:20.804 65705 INFO tempest.lib.common.rest_client [req-b15e720a-36b0-4d9b-93b6-c4bb7daab275 req-b15e720a-36b0-4d9b-93b6-c4bb7daab275 ] Request (ImagesOneServerNegativeTestJSON:_run_cleanups): 200 GET http://10.180.1.21/compute/v2.1/servers/406b4306-aef4-4f14-87b3-4d6753e51fd8 2.380s
2025-11-30 14:52:20.813 65705 INFO tempest.common.waiters [-] State transition "BUILD/None" ==> "BUILD/block_device_mapping" after 16 second wait
2025-11-30 14:52:20.856 65715 INFO tempest.lib.common.rest_client [req-8e773204-0b9e-453a-a4bc-8d38c805f978 req-8e773204-0b9e-453a-a4bc-8d38c805f978 ] Request (ServersWithSpecificFlavorTestJSON:test_verify_created_server_ephemeral_disk): 200 GET http://10.180.1.21/compute/v2.1/servers/9446840e-a1e4-4301-9968-a6438d23f2db 1.917s
2025-11-30 14:52:21.033 65749 INFO tempest.lib.common.rest_client [req-e1aa807d-cd74-460c-8f3d-0fbe935fb1fb req-e1aa807d-cd74-460c-8f3d-0fbe935fb1fb ] Request (ServersTestJSON:test_list_servers_with_detail): 200 GET http://10.180.1.21/compute/v2.1/servers/detail 2.446s
2025-11-30 14:52:21.053 65743 INFO tempest.lib.common.rest_client [req-55a4a2c8-ac8a-4d83-8601-0db4accc62c8 req-55a4a2c8-ac8a-4d83-8601-0db4accc62c8 ] Request (FlavorsExtraSpecsTestJSON:test_flavor_set_get_update_show_unset_keys): 200 GET http://10.180.1.21/compute/v2.1/flavors/295778483/os-extra_specs 2.075s
2025-11-30 14:52:21.064 65727 INFO tempest.lib.common.rest_client [req-a113f386-4370-4358-a154-d0b76d03f3e8 req-a113f386-4370-4358-a154-d0b76d03f3e8 ] Request (ServersAdminNegativeTestJSON:test_resize_server_using_overlimit_ram): 403 POST http://10.180.1.21/compute/v2.1/servers/9abdd9c0-ebc5-4065-bf84-7e096481983c/action 2.109s
2025-11-30 14:52:21.210 65719 INFO tempest.lib.common.rest_client [req-3e648e9c-1a51-487e-8260-d215c6b5666e req-3e648e9c-1a51-487e-8260-d215c6b5666e ] Request (SecurityGroupRulesTestJSON:test_security_group_rules_create): 200 POST http://10.180.1.21/compute/v2.1/os-security-group-rules 1.905s
2025-11-30 14:52:21.370 65699 INFO tempest.lib.common.rest_client [req-d8a77f96-d20c-4004-a70b-6514d0ca4273 req-d8a77f96-d20c-4004-a70b-6514d0ca4273 ] Request (AttachVolumeShelveTestJSON:test_attach_volume_shelved_or_offload_server): 200 GET http://10.180.1.21/compute/v2.1/servers/8d1ab2db-6854-4cb0-8667-20768909f94e 1.920s
2025-11-30 14:52:21.383 65699 INFO tempest.common.waiters [-] State transition "SHELVED/shelving_offloading" ==> "SHELVED_OFFLOADED/None" after 24 second wait
2025-11-30 14:52:21.567 65730 INFO tempest.lib.common.rest_client [req-c934f268-dca3-4da8-90e1-1dcb6c7636b9 req-c934f268-dca3-4da8-90e1-1dcb6c7636b9 ] Request (ServerActionsTestOtherB:test_resize_server_confirm_from_stopped): 202 POST http://10.180.1.21/compute/v2.1/servers/488e8346-72a6-4bee-a0c2-676e26f25b74/action 2.221s
2025-11-30 14:52:21.569 65723 INFO tempest.lib.common.rest_client [req-59c04152-ec2d-4340-8a13-8daac753c495 req-59c04152-ec2d-4340-8a13-8daac753c495 ] Request (ImagesTestJSON:test_create_image_from_suspended_server): 200 GET http://10.180.1.21/compute/v2.1/servers/7fbd08f0-5ed2-4f99-8c6a-1112f169ed2b 2.057s
2025-11-30 14:52:21.576 65723 INFO tempest.common.waiters [-] State transition "BUILD/spawning" ==> "ACTIVE/None" after 28 second wait
2025-11-30 14:52:21.597 65757 INFO tempest.lib.common.rest_client [req-09917a54-4d46-4d44-955a-9ab88996d6c4 req-09917a54-4d46-4d44-955a-9ab88996d6c4 ] Request (FloatingIPsTestJSON:test_delete_floating_ip): 404 GET http://10.180.1.21/compute/v2.1/os-floating-ips/4c1a6583-e4e1-41e5-b0da-bb4a4b35a7ca 1.724s
2025-11-30 14:52:21.676 65703 INFO tempest.lib.common.rest_client [req-85795246-b555-45f8-b467-6de2dd6f5a19 req-85795246-b555-45f8-b467-6de2dd6f5a19 ] Request (InstanceActionsNegativeTestJSON:setUpClass): 200 GET http://10.180.1.21/compute/v2.1/servers/52a0434b-a604-44d8-8b9b-9ee8d7eee2f0 1.704s
2025-11-30 14:52:21.698 65717 INFO tempest.lib.common.rest_client [req-47016dbb-6618-4b3f-a9bd-f077dc59a0cb req-47016dbb-6618-4b3f-a9bd-f077dc59a0cb ] Request (ServerActionsTestJSON:setUpClass): 200 GET http://10.180.1.21/compute/v2.1/servers/d0d8cd75-fe40-4a1a-88c0-bff3d80b18c0 1.758s
2025-11-30 14:52:21.885 65733 INFO tempest.lib.common.rest_client [req-6e7885e3-df6e-4680-adcb-be8db6f28763 req-6e7885e3-df6e-4680-adcb-be8db6f28763 ] Request (ServersListShow296Test:test_list_show_update_rebuild_server_296): 200 GET http://10.180.1.21/compute/v2.1/servers/6ef7cb49-75c9-4e1b-b9ae-de9848163ff8 1.850s
2025-11-30 14:52:21.913 65695 INFO tempest.lib.common.rest_client [req-9e040064-1175-4ed0-9f0e-eada17fd3db7 req-9e040064-1175-4ed0-9f0e-eada17fd3db7 ] Request (ServersTestJSON:test_create_server_specify_multibyte_character_name): 200 GET http://10.180.1.21/compute/v2.1/servers/cacde41d-833c-468d-91d0-fa499d46ef2f 1.886s
2025-11-30 14:52:21.932 65731 INFO tempest.lib.common.rest_client [req-7f9ca82b-bbab-4041-822e-ab262922b73a req-7f9ca82b-bbab-4041-822e-ab262922b73a ] Request (VolumesTestJSON:setUpClass): 200 GET http://10.180.1.21/compute/v2.1/os-volumes/59783032-5ed4-40bd-971d-ccdb7e83ea05 1.656s
2025-11-30 14:52:21.996 65710 INFO tempest.lib.common.rest_client [req-c829eccd-9109-4706-9a53-cc71139e59e9 req-c829eccd-9109-4706-9a53-cc71139e59e9 ] Request (ServerPasswordTestJSON:tearDownClass): 204 DELETE http://10.180.1.21/compute/v2.1/servers/73c1cb50-5c9d-4558-b093-00b1f96935f2 1.707s
2025-11-30 14:52:21.996 65755 INFO tempest.lib.common.rest_client [req-e3cb7356-06be-4f7e-b13b-33f1892319bd req-e3cb7356-06be-4f7e-b13b-33f1892319bd ] Request (ServersTestBootFromVolume:setUpClass): 200 GET http://10.180.1.21/compute/v2.1/servers/3a2f7345-0e3f-4d39-a175-39c23c1caf24 1.441s
2025-11-30 14:52:22.039 65749 INFO tempest.lib.common.rest_client [req-5431cba7-6e72-4502-aab3-ea8cd44e4c81 req-5431cba7-6e72-4502-aab3-ea8cd44e4c81 ] Request (ServersTestJSON:test_verify_created_server_vcpus): 200 GET http://10.180.1.21/compute/v2.1/flavors/42 0.995s
2025-11-30 14:52:22.042 65749 INFO tempest.lib.common.ssh [-] Creating ssh connection to '10.180.180.221:22' as 'cirros' with public key authentication
2025-11-30 14:52:22.046 65749 INFO paramiko.transport [-] Connected (version 2.0, client dropbear_2020.81)
2025-11-30 14:52:22.063 65743 INFO tempest.lib.common.rest_client [req-dc354d72-f647-41f5-b464-c15dc5e11945 req-dc354d72-f647-41f5-b464-c15dc5e11945 ] Request (FlavorsExtraSpecsTestJSON:test_flavor_set_get_update_show_unset_keys): 200 DELETE http://10.180.1.21/compute/v2.1/flavors/295778483/os-extra_specs/hw:numa_nodes 1.009s
2025-11-30 14:52:22.083 65727 INFO tempest.lib.common.rest_client [req-21269025-d530-4ffa-b781-640a536b8f29 req-21269025-d530-4ffa-b781-640a536b8f29 ] Request (ServersAdminNegativeTestJSON:_run_cleanups): 202 DELETE http://10.180.1.21/compute/v2.1/flavors/721956231 1.018s
2025-11-30 14:52:22.114 65731 INFO tempest.lib.common.rest_client [req-f5336d4d-acac-41f9-a89d-6e90471671e0 req-f5336d4d-acac-41f9-a89d-6e90471671e0 ] Request (VolumesTestJSON:setUpClass): 202 POST http://10.180.1.21/volume/v3/volumes 0.178s
2025-11-30 14:52:22.127 65721 INFO tempest.lib.common.rest_client [req-ea7c6bee-7c8b-4c01-9ffc-7590073602a8 req-ea7c6bee-7c8b-4c01-9ffc-7590073602a8 ] Request (ListServerFiltersTestJSON:test_list_servers_filter_by_active_status): 200 GET http://10.180.1.21/compute/v2.1/servers?status=active 1.548s
2025-11-30 14:52:22.148 65731 INFO tempest.lib.common.rest_client [req-ce053a30-addf-419a-a972-415d855273d0 req-ce053a30-addf-419a-a972-415d855273d0 ] Request (VolumesTestJSON:setUpClass): 200 GET http://10.180.1.21/volume/v3/volumes/2efc1e22-00ea-409f-8b8a-b3df2f9e7034 0.027s
2025-11-30 14:52:22.149 65707 INFO tempest.lib.common.rest_client [req-30c222f8-0b1b-43d8-b883-54e03f4475e6 req-30c222f8-0b1b-43d8-b883-54e03f4475e6 ] Request (DeleteServersTestJSON:test_delete_server_while_in_attached_volume): 200 GET http://10.180.1.21/compute/v2.1/servers/d28339a1-dda7-4bdb-8483-d54f5f1537d3 1.027s
2025-11-30 14:52:22.150 65749 INFO paramiko.transport [-] Authentication (publickey) successful!
2025-11-30 14:52:22.151 65749 INFO tempest.lib.common.ssh [-] ssh connection to cirros@10.180.180.221 successfully created
2025-11-30 14:52:22.262 65735 INFO tempest.lib.common.rest_client [req-bfe54690-c13a-4b17-afa7-a4a0f5921b72 req-bfe54690-c13a-4b17-afa7-a4a0f5921b72 ] Request (ServersAdminTestJSON:test_inject_network_info): 200 GET http://10.180.1.21/compute/v2.1/servers/02f59f91-69c5-4d65-81e4-84be577ba445 1.076s
2025-11-30 14:52:22.270 65719 INFO tempest.lib.common.rest_client [req-232d2d24-b6ef-4b64-b6ae-f0138fb71b04 req-232d2d24-b6ef-4b64-b6ae-f0138fb71b04 ] Request (SecurityGroupRulesTestJSON:test_security_group_rules_create_with_optional_cidr): 200 POST http://10.180.1.21/compute/v2.1/os-security-groups 1.056s
2025-11-30 14:52:22.337 65741 INFO tempest.lib.common.rest_client [req-2d1153b2-c02e-49e4-9a9c-d5e13fec5ae3 req-2d1153b2-c02e-49e4-9a9c-d5e13fec5ae3 ] Request (FloatingIPsAssociationNegativeTestJSON:tearDownClass): 200 GET http://10.180.1.21/compute/v2.1/servers/4d0e945c-0138-4e8d-a76b-f3079a2a3b4f 1.063s
2025-11-30 14:52:22.400 65725 INFO tempest.lib.common.rest_client [req-e294c248-2ea8-46b5-882d-f2820554db9d req-e294c248-2ea8-46b5-882d-f2820554db9d ] Request (AttachInterfacesV270Test:tearDownClass): 200 GET http://10.180.1.21/compute/v2.1/servers/92253a15-5078-4405-9e3f-4d1d55869df9 1.000s
2025-11-30 14:52:22.538 65730 INFO tempest.lib.common.rest_client [req-d1b38c74-f38f-4b89-a79a-74527b9edc31 req-d1b38c74-f38f-4b89-a79a-74527b9edc31 ] Request (ServerActionsTestOtherB:test_resize_server_confirm_from_stopped): 200 GET http://10.180.1.21/compute/v2.1/servers/488e8346-72a6-4bee-a0c2-676e26f25b74 0.970s
2025-11-30 14:52:22.544 65699 INFO tempest.lib.common.rest_client [req-19fcb34c-ddde-4303-a8f8-a80deca47cd5 req-19fcb34c-ddde-4303-a8f8-a80deca47cd5 ] Request (AttachVolumeShelveTestJSON:test_attach_volume_shelved_or_offload_server): 200 POST http://10.180.1.21/compute/v2.1/servers/8d1ab2db-6854-4cb0-8667-20768909f94e/os-volume_attachments 1.161s
2025-11-30 14:52:22.583 65757 INFO tempest.lib.common.rest_client [req-f91e825f-2d01-4a96-8233-796dcbf0f488 req-f91e825f-2d01-4a96-8233-796dcbf0f488 ] Request (FloatingIPsTestJSON:_run_cleanups): 404 DELETE http://10.180.1.21/compute/v2.1/os-floating-ips/4c1a6583-e4e1-41e5-b0da-bb4a4b35a7ca 0.985s
2025-11-30 14:52:22.593 65699 INFO tempest.lib.common.rest_client [req-85989389-20a9-4cb4-a925-93d7d22d3c2d req-85989389-20a9-4cb4-a925-93d7d22d3c2d ] Request (AttachVolumeShelveTestJSON:test_attach_volume_shelved_or_offload_server): 200 GET http://10.180.1.21/volume/v3/volumes/ed49027b-0c3e-4b18-b78d-de17d1e02f91 0.047s
2025-11-30 14:52:22.608 65699 INFO tempest.common.waiters [-] Attachment 5c442ac6-0680-496e-a016-18235edf5816 created for volume ed49027b-0c3e-4b18-b78d-de17d1e02f91 to server 8d1ab2db-6854-4cb0-8667-20768909f94e after waiting for 0.608488 seconds
2025-11-30 14:52:22.664 65699 INFO tempest.lib.common.rest_client [req-11a8e52c-7406-48a7-8441-92d303e6892f req-11a8e52c-7406-48a7-8441-92d303e6892f ] Request (AttachVolumeShelveTestJSON:test_attach_volume_shelved_or_offload_server): 200 GET http://10.180.1.21/volume/v3/volumes/ed49027b-0c3e-4b18-b78d-de17d1e02f91 0.056s
2025-11-30 14:52:22.671 65699 INFO tempest.common.waiters [-] volume ed49027b-0c3e-4b18-b78d-de17d1e02f91 reached in-use after waiting for 0.671775 seconds
2025-11-30 14:52:22.688 65723 INFO tempest.lib.common.rest_client [req-7e1360a6-a327-4eeb-93a2-9494650f4649 req-7e1360a6-a327-4eeb-93a2-9494650f4649 ] Request (ImagesTestJSON:test_create_image_from_suspended_server): 202 POST http://10.180.1.21/compute/v2.1/servers/7fbd08f0-5ed2-4f99-8c6a-1112f169ed2b/action 1.110s
2025-11-30 14:52:22.705 65697 INFO tempest.lib.common.rest_client [req-aa7cdc84-3ff8-415b-bbd8-b71aa234db23 req-aa7cdc84-3ff8-415b-bbd8-b71aa234db23 ] Request (MigrationsAdminTest:test_resize_server_revert_deleted_flavor): 200 GET http://10.180.1.21/compute/v2.1/servers/356c7beb-7658-4c7a-914e-ad1611baba5a 1.060s
2025-11-30 14:52:22.765 65739 INFO tempest.lib.common.rest_client [req-f8246acb-18f6-4245-a172-5689281de1ee req-f8246acb-18f6-4245-a172-5689281de1ee ] Request (ServerDiskConfigTestJSON:test_rebuild_server_with_manual_disk_config): 200 GET http://10.180.1.21/compute/v2.1/servers/6d7f264b-c3c6-41f8-b0d0-0a41a101fc50 0.977s
2025-11-30 14:52:22.842 65715 INFO tempest.lib.common.rest_client [req-9f4e6fe1-5cea-4c9d-8713-ee0416ada7c5 req-9f4e6fe1-5cea-4c9d-8713-ee0416ada7c5 ] Request (ServersWithSpecificFlavorTestJSON:test_verify_created_server_ephemeral_disk): 200 GET http://10.180.1.21/compute/v2.1/servers/9446840e-a1e4-4301-9968-a6438d23f2db 0.977s
2025-11-30 14:52:22.868 65705 INFO tempest.lib.common.rest_client [req-495652c8-79e1-4ade-a862-b8c5869ce6b9 req-495652c8-79e1-4ade-a862-b8c5869ce6b9 ] Request (ImagesOneServerNegativeTestJSON:_run_cleanups): 200 GET http://10.180.1.21/compute/v2.1/servers/406b4306-aef4-4f14-87b3-4d6753e51fd8 1.053s
2025-11-30 14:52:22.878 65705 INFO tempest.common.waiters [-] State transition "BUILD/block_device_mapping" ==> "BUILD/spawning" after 18 second wait
2025-11-30 14:52:22.933 65733 INFO tempest.lib.common.rest_client [req-935ca23d-df9a-4f4b-abab-d65666a17c39 req-935ca23d-df9a-4f4b-abab-d65666a17c39 ] Request (ServersListShow296Test:test_list_show_update_rebuild_server_296): 200 PUT http://10.180.1.21/compute/v2.1/servers/6ef7cb49-75c9-4e1b-b9ae-de9848163ff8 1.030s
2025-11-30 14:52:22.955 65743 INFO tempest.lib.common.rest_client [req-3c7b07d8-6288-4653-a1c0-e9d8da54a981 req-3c7b07d8-6288-4653-a1c0-e9d8da54a981 ] Request (FlavorsExtraSpecsTestJSON:test_flavor_set_get_update_show_unset_keys): 200 DELETE http://10.180.1.21/compute/v2.1/flavors/295778483/os-extra_specs/hw:cpu_policy 0.890s
2025-11-30 14:52:22.978 65727 INFO tempest.lib.common.rest_client [req-88b50cbf-cc60-4470-96db-e5b6c4780919 req-88b50cbf-cc60-4470-96db-e5b6c4780919 ] Request (ServersAdminNegativeTestJSON:_run_cleanups): 200 GET http://10.180.1.21/compute/v2.1/flavors/detail 0.894s
2025-11-30 14:52:23.033 65721 INFO tempest.lib.common.rest_client [req-febbab9d-d16d-4527-b904-160591e28eb3 req-febbab9d-d16d-4527-b904-160591e28eb3 ] Request (ListServerFiltersTestJSON:test_list_servers_filter_by_exceed_limit): 200 GET http://10.180.1.21/compute/v2.1/servers?limit=100000 0.902s
2025-11-30 14:52:23.078 65710 INFO tempest.lib.common.rest_client [req-b78dde83-650f-47fd-ae5f-ff383dd994f7 req-b78dde83-650f-47fd-ae5f-ff383dd994f7 ] Request (ServerPasswordTestJSON:tearDownClass): 200 GET http://10.180.1.21/compute/v2.1/servers/73c1cb50-5c9d-4558-b093-00b1f96935f2 1.082s
2025-11-30 14:52:23.126 65749 INFO tempest.lib.common.rest_client [req-2d063f85-d8a2-489b-84d6-e26759e9afde req-2d063f85-d8a2-489b-84d6-e26759e9afde ] Request (ServersTestJSON:tearDownClass): 204 DELETE http://10.180.1.21/compute/v2.1/servers/3aa447fb-75fe-424e-80a9-e45cf2cfd0ec 0.966s
2025-11-30 14:52:23.190 65731 INFO tempest.lib.common.rest_client [req-7f22547e-6ccb-4494-83fc-6c1b0b4bc07e req-7f22547e-6ccb-4494-83fc-6c1b0b4bc07e ] Request (VolumesTestJSON:setUpClass): 200 GET http://10.180.1.21/volume/v3/volumes/2efc1e22-00ea-409f-8b8a-b3df2f9e7034 0.035s
2025-11-30 14:52:23.205 65731 INFO tempest.common.waiters [-] volume 2efc1e22-00ea-409f-8b8a-b3df2f9e7034 reached available after waiting for 1.205650 seconds
2025-11-30 14:52:23.272 65719 INFO tempest.lib.common.rest_client [req-17b1fdcb-aaaa-4f02-8be9-3d2f73bb1a8d req-17b1fdcb-aaaa-4f02-8be9-3d2f73bb1a8d ] Request (SecurityGroupRulesTestJSON:test_security_group_rules_create_with_optional_cidr): 200 POST http://10.180.1.21/compute/v2.1/os-security-group-rules 0.999s
2025-11-30 14:52:23.362 65699 INFO tempest.lib.common.rest_client [req-0670b026-05ac-4349-a068-433f15ec832c req-0670b026-05ac-4349-a068-433f15ec832c ] Request (AttachVolumeShelveTestJSON:test_attach_volume_shelved_or_offload_server): 202 POST http://10.180.1.21/compute/v2.1/servers/8d1ab2db-6854-4cb0-8667-20768909f94e/action 0.690s
2025-11-30 14:52:23.377 65703 INFO tempest.lib.common.rest_client [req-b9947fbd-ac76-447b-a75a-49077dd0b3dc req-b9947fbd-ac76-447b-a75a-49077dd0b3dc ] Request (InstanceActionsNegativeTestJSON:setUpClass): 200 GET http://10.180.1.21/compute/v2.1/servers/52a0434b-a604-44d8-8b9b-9ee8d7eee2f0 0.689s
2025-11-30 14:52:23.429 65757 INFO tempest.lib.common.rest_client [req-c7864f06-994f-4a2b-b5d5-828490b97d74 req-c7864f06-994f-4a2b-b5d5-828490b97d74 ] Request (FloatingIPsTestJSON:tearDownClass): 200 PUT http://10.180.1.21/networking/v2.0/routers/e1e7d05b-0584-4491-a1db-d80b0ed016ce/remove_router_interface 0.844s
2025-11-30 14:52:23.506 65723 INFO tempest.lib.common.rest_client [req-2c4e9d72-af16-4eae-9069-77662dc1432f req-2c4e9d72-af16-4eae-9069-77662dc1432f ] Request (ImagesTestJSON:test_create_image_from_suspended_server): 200 GET http://10.180.1.21/compute/v2.1/servers/7fbd08f0-5ed2-4f99-8c6a-1112f169ed2b 0.818s
2025-11-30 14:52:23.523 65717 INFO tempest.lib.common.rest_client [req-76bcaf96-f0a2-48f7-af7d-5794478662db req-76bcaf96-f0a2-48f7-af7d-5794478662db ] Request (ServerActionsTestJSON:setUpClass): 200 GET http://10.180.1.21/compute/v2.1/servers/d0d8cd75-fe40-4a1a-88c0-bff3d80b18c0 0.812s
2025-11-30 14:52:23.695 65695 INFO tempest.lib.common.rest_client [req-3e743974-1557-4654-ae48-17cd5b04cb97 req-3e743974-1557-4654-ae48-17cd5b04cb97 ] Request (ServersTestJSON:test_create_server_specify_multibyte_character_name): 200 GET http://10.180.1.21/compute/v2.1/servers/cacde41d-833c-468d-91d0-fa499d46ef2f 0.771s
2025-11-30 14:52:23.723 65743 INFO tempest.lib.common.rest_client [req-184123fa-ab58-4b59-bd7d-cf1e37c6eaec req-184123fa-ab58-4b59-bd7d-cf1e37c6eaec ] Request (FlavorsExtraSpecsTestJSON:test_flavor_set_get_update_show_unset_keys): 200 GET http://10.180.1.21/compute/v2.1/flavors/295778483/os-extra_specs 0.767s
2025-11-30 14:52:23.810 65733 INFO tempest.lib.common.rest_client [req-420bef15-250d-4b15-80a6-0b7c6404a756 req-420bef15-250d-4b15-80a6-0b7c6404a756 ] Request (ServersListShow296Test:test_list_show_update_rebuild_server_296): 202 POST http://10.180.1.21/compute/v2.1/servers/6ef7cb49-75c9-4e1b-b9ae-de9848163ff8/action 0.867s
2025-11-30 14:52:23.854 65727 INFO tempest.lib.common.rest_client [req-d20ae835-a0a0-4bc2-94b4-1566b8fa5d96 req-d20ae835-a0a0-4bc2-94b4-1566b8fa5d96 ] Request (ServersAdminNegativeTestJSON:test_resize_server_using_overlimit_vcpus): 200 GET http://10.180.1.21/compute/v2.1/os-quota-sets/e159339386d1425f9bd02698d2ce57d0 0.867s
2025-11-30 14:52:23.889 65755 INFO tempest.lib.common.rest_client [req-5f13939f-c148-466f-ac1f-45e073e422c3 req-5f13939f-c148-466f-ac1f-45e073e422c3 ] Request (ServersTestBootFromVolume:setUpClass): 200 GET http://10.180.1.21/compute/v2.1/servers/3a2f7345-0e3f-4d39-a175-39c23c1caf24 0.880s
2025-11-30 14:52:23.898 65755 INFO tempest.common.waiters [-] State transition "BUILD/scheduling" ==> "BUILD/None" after 1 second wait
2025-11-30 14:52:23.910 65721 INFO tempest.lib.common.rest_client [req-7f83d58a-6305-4ade-8990-28358ee7ed7d req-7f83d58a-6305-4ade-8990-28358ee7ed7d ] Request (ListServerFiltersTestJSON:test_list_servers_filter_by_exceed_limit): 200 GET http://10.180.1.21/compute/v2.1/servers 0.874s
2025-11-30 14:52:23.946 65757 INFO tempest.lib.common.rest_client [req-52d94bf2-3aa4-4b14-b35f-686a744c0aac req-52d94bf2-3aa4-4b14-b35f-686a744c0aac ] Request (FloatingIPsTestJSON:tearDownClass): 204 DELETE http://10.180.1.21/networking/v2.0/routers/e1e7d05b-0584-4491-a1db-d80b0ed016ce 0.516s
2025-11-30 14:52:23.969 65707 INFO tempest.lib.common.rest_client [req-d622e6c3-0e18-41ea-9fbc-cbdc1017dc11 req-d622e6c3-0e18-41ea-9fbc-cbdc1017dc11 ] Request (DeleteServersTestJSON:test_delete_server_while_in_attached_volume): 200 GET http://10.180.1.21/compute/v2.1/servers/d28339a1-dda7-4bdb-8483-d54f5f1537d3 0.811s
2025-11-30 14:52:24.020 65731 INFO tempest.lib.common.rest_client [req-d9e365dd-1335-4295-affe-41793fef4389 req-d9e365dd-1335-4295-affe-41793fef4389 ] Request (VolumesTestJSON:setUpClass): 200 GET http://10.180.1.21/compute/v2.1/os-volumes/2efc1e22-00ea-409f-8b8a-b3df2f9e7034 0.814s
2025-11-30 14:52:24.047 65749 INFO tempest.lib.common.rest_client [req-97411a3d-2b04-462d-8ca2-d2883ac86eaf req-97411a3d-2b04-462d-8ca2-d2883ac86eaf ] Request (ServersTestJSON:tearDownClass): 200 GET http://10.180.1.21/compute/v2.1/servers/3aa447fb-75fe-424e-80a9-e45cf2cfd0ec 0.920s
2025-11-30 14:52:24.149 65757 INFO tempest.lib.common.rest_client [req-6f1839ec-d623-4fb3-9096-905d67be74f7 req-6f1839ec-d623-4fb3-9096-905d67be74f7 ] Request (FloatingIPsTestJSON:tearDownClass): 204 DELETE http://10.180.1.21/networking/v2.0/subnets/2e2e7ee2-0cf1-4669-a552-0d1764bfae5a 0.203s
2025-11-30 14:52:24.181 65735 INFO tempest.lib.common.rest_client [req-aee96a25-cfeb-4334-8eed-dd45ffaba753 req-aee96a25-cfeb-4334-8eed-dd45ffaba753 ] Request (ServersAdminTestJSON:test_inject_network_info): 200 GET http://10.180.1.21/compute/v2.1/servers/02f59f91-69c5-4d65-81e4-84be577ba445 0.911s
2025-11-30 14:52:24.184 65719 INFO tempest.lib.common.rest_client [req-ce2a125f-8d1a-4abc-afb0-b7621e99dcaa req-ce2a125f-8d1a-4abc-afb0-b7621e99dcaa ] Request (SecurityGroupRulesTestJSON:test_security_group_rules_create_with_optional_group_id): 200 POST http://10.180.1.21/compute/v2.1/os-security-groups 0.908s
2025-11-30 14:52:24.316 65741 INFO tempest.lib.common.rest_client [req-a4a3084c-dd37-4dd0-ad34-58fd146cc1ed req-a4a3084c-dd37-4dd0-ad34-58fd146cc1ed ] Request (FloatingIPsAssociationNegativeTestJSON:tearDownClass): 200 GET http://10.180.1.21/compute/v2.1/servers/4d0e945c-0138-4e8d-a76b-f3079a2a3b4f 0.971s
2025-11-30 14:52:24.471 65757 INFO tempest.lib.common.rest_client [req-958a9b4e-de1b-4e3d-b7c3-f2673f8c5523 req-958a9b4e-de1b-4e3d-b7c3-f2673f8c5523 ] Request (FloatingIPsTestJSON:tearDownClass): 204 DELETE http://10.180.1.21/networking/v2.0/networks/1f593a18-2ab1-44c9-ae49-aeef2338bb88 0.322s
2025-11-30 14:52:24.525 65699 INFO tempest.lib.common.rest_client [req-28b784d1-9af3-4e96-b915-f6de97775d3e req-28b784d1-9af3-4e96-b915-f6de97775d3e ] Request (AttachVolumeShelveTestJSON:test_attach_volume_shelved_or_offload_server): 200 GET http://10.180.1.21/compute/v2.1/servers/8d1ab2db-6854-4cb0-8667-20768909f94e 1.162s
2025-11-30 14:52:24.542 65725 INFO tempest.lib.common.rest_client [req-7e630c55-7c7e-4d7d-a482-ee8339f742d3 req-7e630c55-7c7e-4d7d-a482-ee8339f742d3 ] Request (AttachInterfacesV270Test:tearDownClass): 200 GET http://10.180.1.21/compute/v2.1/servers/92253a15-5078-4405-9e3f-4d1d55869df9 1.130s
2025-11-30 14:52:24.618 65697 INFO tempest.lib.common.rest_client [req-cd706ad2-f143-4e13-b49f-4ef269d66523 req-cd706ad2-f143-4e13-b49f-4ef269d66523 ] Request (MigrationsAdminTest:test_resize_server_revert_deleted_flavor): 200 GET http://10.180.1.21/compute/v2.1/servers/356c7beb-7658-4c7a-914e-ad1611baba5a 0.900s
2025-11-30 14:52:24.636 65743 INFO tempest.lib.common.rest_client [req-fd0c8914-fc33-4cc6-b02a-2e2c400307ac req-fd0c8914-fc33-4cc6-b02a-2e2c400307ac ] Request (FlavorsExtraSpecsTestJSON:tearDownClass): 202 DELETE http://10.180.1.21/compute/v2.1/flavors/295778483 0.910s
2025-11-30 14:52:24.638 65757 INFO tempest.lib.common.rest_client [req-468a7902-d16d-4d57-bf4b-dedec13f3b02 req-468a7902-d16d-4d57-bf4b-dedec13f3b02 ] Request (FloatingIPsTestJSON:tearDownClass): 204 DELETE http://10.180.1.21/identity/v3/users/12bb1a8d4ae8426987c184073821d0b3 0.166s
2025-11-30 14:52:24.639 65757 INFO tempest.lib.common.dynamic_creds [-] Deleting project and security group for project: eb7d082e813b4c8a9986fd048f1b3b17
2025-11-30 14:52:24.672 65757 INFO tempest.lib.common.rest_client [req-a2f73d82-092f-4a6c-b939-d7f88c78a02c req-a2f73d82-092f-4a6c-b939-d7f88c78a02c ] Request (FloatingIPsTestJSON:tearDownClass): 200 GET http://10.180.1.21/networking/v2.0/security-groups?tenant_id=eb7d082e813b4c8a9986fd048f1b3b17&name=default 0.033s
2025-11-30 14:52:24.710 65730 INFO tempest.lib.common.rest_client [req-e32d1e69-3266-48aa-a278-5e22a9240134 req-e32d1e69-3266-48aa-a278-5e22a9240134 ] Request (ServerActionsTestOtherB:test_resize_server_confirm_from_stopped): 200 GET http://10.180.1.21/compute/v2.1/servers/488e8346-72a6-4bee-a0c2-676e26f25b74 1.162s
2025-11-30 14:52:24.775 65739 INFO tempest.lib.common.rest_client [req-6710b637-11bb-4033-b5f8-98f3106b33e1 req-6710b637-11bb-4033-b5f8-98f3106b33e1 ] Request (ServerDiskConfigTestJSON:test_rebuild_server_with_manual_disk_config): 200 GET http://10.180.1.21/compute/v2.1/servers/6d7f264b-c3c6-41f8-b0d0-0a41a101fc50 1.002s
2025-11-30 14:52:24.790 65757 INFO tempest.lib.common.rest_client [req-63134201-49f4-46f8-a064-76704c5a2c79 req-63134201-49f4-46f8-a064-76704c5a2c79 ] Request (FloatingIPsTestJSON:tearDownClass): 204 DELETE http://10.180.1.21/networking/v2.0/security-groups/0562f8dc-b4ad-4a94-96af-6f01071037b9 0.117s
2025-11-30 14:52:24.817 65733 INFO tempest.lib.common.rest_client [req-f34d2011-fbde-4ca4-9bb2-fabd7915a68e req-f34d2011-fbde-4ca4-9bb2-fabd7915a68e ] Request (ServersListShow296Test:test_list_show_update_rebuild_server_296): 200 GET http://10.180.1.21/compute/v2.1/servers/6ef7cb49-75c9-4e1b-b9ae-de9848163ff8 0.995s
2025-11-30 14:52:24.837 65727 INFO tempest.lib.common.rest_client [req-1b4e7270-d66a-4f9b-ac0c-39963cc42787 req-1b4e7270-d66a-4f9b-ac0c-39963cc42787 ] Request (ServersAdminNegativeTestJSON:test_resize_server_using_overlimit_vcpus): 200 POST http://10.180.1.21/compute/v2.1/flavors 0.981s
2025-11-30 14:52:24.841 65715 INFO tempest.lib.common.rest_client [req-41601bce-bb33-4be4-ac01-70ab7929edcb req-41601bce-bb33-4be4-ac01-70ab7929edcb ] Request (ServersWithSpecificFlavorTestJSON:test_verify_created_server_ephemeral_disk): 200 GET http://10.180.1.21/compute/v2.1/servers/9446840e-a1e4-4301-9968-a6438d23f2db 0.991s
2025-11-30 14:52:24.848 65715 INFO tempest.common.waiters [-] State transition "BUILD/None" ==> "BUILD/networking" after 19 second wait
2025-11-30 14:52:24.913 65757 INFO tempest.lib.common.rest_client [req-cc6e27ee-f7fc-4559-a34b-86cb23dc33e3 req-cc6e27ee-f7fc-4559-a34b-86cb23dc33e3 ] Request (FloatingIPsTestJSON:tearDownClass): 204 DELETE http://10.180.1.21/identity/v3/projects/eb7d082e813b4c8a9986fd048f1b3b17 0.122s
2025-11-30 14:52:24.943 65721 INFO tempest.lib.common.rest_client [req-64bde356-9f1d-4be0-b7f0-d24b1e569c3c req-64bde356-9f1d-4be0-b7f0-d24b1e569c3c ] Request (ListServerFiltersTestJSON:test_list_servers_filter_by_flavor): 200 GET http://10.180.1.21/compute/v2.1/servers?flavor=84 1.030s
2025-11-30 14:52:24.959 65705 INFO tempest.lib.common.rest_client [req-2d256cf3-3463-440a-a699-02207a1d2d74 req-2d256cf3-3463-440a-a699-02207a1d2d74 ] Request (ImagesOneServerNegativeTestJSON:_run_cleanups): 200 GET http://10.180.1.21/compute/v2.1/servers/406b4306-aef4-4f14-87b3-4d6753e51fd8 1.079s
2025-11-30 14:52:25.000 65757 INFO tempest.lib.common.rest_client [req-b3a8ce86-f953-4e84-9ede-38701d7819de req-b3a8ce86-f953-4e84-9ede-38701d7819de ] Request (SecurityGroupsTestJSON:setUpClass): 201 POST http://10.180.1.21/identity/v3/auth/tokens 0.084s
2025-11-30 14:52:25.008 65731 INFO tempest.lib.common.rest_client [req-c7350c33-b540-4df2-88df-88d4c4f5a798 req-c7350c33-b540-4df2-88df-88d4c4f5a798 ] Request (VolumesTestJSON:test_volume_list): 200 GET http://10.180.1.21/compute/v2.1/os-volumes 0.985s
2025-11-30 14:52:25.040 65757 INFO tempest.lib.common.rest_client [req-714c563c-b456-4f93-94a9-dc81dbbf7b54 req-714c563c-b456-4f93-94a9-dc81dbbf7b54 ] Request (SecurityGroupsTestJSON:setUpClass): 201 POST http://10.180.1.21/identity/v3/auth/tokens 0.035s
2025-11-30 14:52:25.066 65757 INFO tempest.lib.common.rest_client [req-375f915c-692f-46be-87fd-57f10779c03c req-375f915c-692f-46be-87fd-57f10779c03c ] Request (SecurityGroupsTestJSON:setUpClass): 200 GET http://10.180.1.21/identity/v3/domains?name=Default 0.025s
2025-11-30 14:52:25.096 65757 INFO tempest.lib.common.rest_client [req-817b65f3-462a-4425-bc72-b1dad7f52d85 req-817b65f3-462a-4425-bc72-b1dad7f52d85 ] Request (SecurityGroupsTestJSON:setUpClass): 201 POST http://10.180.1.21/identity/v3/projects 0.030s
2025-11-30 14:52:25.163 65757 INFO tempest.lib.common.rest_client [req-b06c99c9-bab0-408c-a113-91dce71118d6 req-b06c99c9-bab0-408c-a113-91dce71118d6 ] Request (SecurityGroupsTestJSON:setUpClass): 201 POST http://10.180.1.21/identity/v3/users 0.066s
