2025-11-30 14:52:58.156 65721 INFO tempest.lib.common.rest_client [req-87fe22e6-715f-4e1f-947f-8fe3a2558407 req-87fe22e6-715f-4e1f-947f-8fe3a2558407 ] Request (ListServerFiltersTestJSON:tearDownClass): 200 GET http://10.180.1.21/compute/v2.1/servers/2a1d6c6e-a7f6-4a97-b1d6-d7d8b08e470d 0.349s
2025-11-30 14:52:58.214 65727 INFO tempest.lib.common.rest_client [req-4149abb6-af55-4a58-9d37-a20464805a8f req-4149abb6-af55-4a58-9d37-a20464805a8f ] Request (ServersAdminNegativeTestJSON:tearDownClass): 200 GET http://10.180.1.21/compute/v2.1/servers/32b9a116-f387-4b82-aec4-2a8efa79d5b3 0.404s
2025-11-30 14:52:58.318 65697 INFO tempest.lib.common.rest_client [req-ec55b9ab-f931-45ea-a077-ab08dc548ed9 req-ec55b9ab-f931-45ea-a077-ab08dc548ed9 ] Request (MigrationsAdminTest:test_resize_server_revert_deleted_flavor): 200 GET http://10.180.1.21/compute/v2.1/servers/356c7beb-7658-4c7a-914e-ad1611baba5a 0.390s
2025-11-30 14:52:58.418 65710 INFO tempest.lib.common.rest_client [req-152404f1-58c6-4a32-882d-4d7545d13c89 req-152404f1-58c6-4a32-882d-4d7545d13c89 ] Request (ServerPasswordTestJSON:tearDownClass): 204 DELETE http://10.180.1.21/networking/v2.0/routers/35b0df84-a875-415e-98e2-3d62fa28064e 0.428s
2025-11-30 14:52:58.422 65703 INFO tempest.lib.common.rest_client [req-b1481efb-a2db-4250-ac03-0a3b60c7c7c0 req-b1481efb-a2db-4250-ac03-0a3b60c7c7c0 ] Request (InstanceActionsNegativeTestJSON:setUpClass): 200 GET http://10.180.1.21/compute/v2.1/servers/52a0434b-a604-44d8-8b9b-9ee8d7eee2f0 0.491s
2025-11-30 14:52:58.489 65725 INFO tempest.lib.common.rest_client [req-28d58e6a-e16b-4f13-b38c-9615e4b3b1aa req-28d58e6a-e16b-4f13-b38c-9615e4b3b1aa ] Request (ServersListShow298Test:test_list_show_update_rebuild_server_298): 200 GET http://10.180.1.21/compute/v2.1/servers/b48905b7-3f34-4b35-956b-dc8b092b721b 0.479s
2025-11-30 14:52:58.572 65710 INFO tempest.lib.common.rest_client [req-d1c04231-a386-47ab-9f07-fefd30b3b300 req-d1c04231-a386-47ab-9f07-fefd30b3b300 ] Request (ServerPasswordTestJSON:tearDownClass): 204 DELETE http://10.180.1.21/networking/v2.0/subnets/8a19d434-9a8e-4508-a750-73a0eef1c99f 0.153s
2025-11-30 14:52:58.583 65741 INFO tempest.lib.common.rest_client [req-aadd93ad-eda8-42cc-92f2-daa36df9749b req-aadd93ad-eda8-42cc-92f2-daa36df9749b ] Request (ListImageFiltersTestJSON:setUpClass): 200 GET http://10.180.1.21/compute/v2.1/servers/c0777c32-80de-4c5f-b3be-b63bab2167a4 0.535s
2025-11-30 14:52:58.643 65723 INFO tempest.lib.common.rest_client [req-37d1819a-7937-4643-a257-6b85fc9d983b req-37d1819a-7937-4643-a257-6b85fc9d983b ] Request (ImagesTestJSON:test_create_server_from_snapshot): 200 GET http://10.180.1.21/compute/v2.1/servers/5f125b0c-0796-4666-a6f1-a5a09e7b9d8c 0.553s
2025-11-30 14:52:58.724 65705 INFO tempest.lib.common.rest_client [req-b2e72361-4375-4f59-9c56-1766b533a748 req-b2e72361-4375-4f59-9c56-1766b533a748 ] Request (ImagesOneServerNegativeTestJSON:_run_cleanups): 200 GET http://10.180.1.21/compute/v2.1/servers/406b4306-aef4-4f14-87b3-4d6753e51fd8 0.579s
2025-11-30 14:52:58.796 65749 INFO tempest.lib.common.rest_client [req-94f38640-47aa-4781-828c-ad08a05acf98 req-94f38640-47aa-4781-828c-ad08a05acf98 ] Request (ServersTestJSON:tearDownClass): 200 GET http://10.180.1.21/compute/v2.1/servers/3aa447fb-75fe-424e-80a9-e45cf2cfd0ec 0.598s
2025-11-30 14:52:58.842 65710 INFO tempest.lib.common.rest_client [req-d28b5cfd-339a-4905-bdd2-47b69f3d660b req-d28b5cfd-339a-4905-bdd2-47b69f3d660b ] Request (ServerPasswordTestJSON:tearDownClass): 204 DELETE http://10.180.1.21/networking/v2.0/networks/fe8c11f2-1d75-4132-81b4-b5792eb0c7aa 0.269s
2025-11-30 14:52:58.912 65735 INFO tempest.lib.common.rest_client [req-4a8b3900-dc4d-47c6-83f7-fe48f6b6c52e req-4a8b3900-dc4d-47c6-83f7-fe48f6b6c52e ] Request (ServersAdminTestJSON:test_rebuild_server_in_error_state): 200 GET http://10.180.1.21/compute/v2.1/servers/7a4db643-d3ba-43e7-a74f-ea3d1f8f5300 0.626s
2025-11-30 14:52:58.990 65710 INFO tempest.lib.common.rest_client [req-5d3ab606-865a-4d95-9198-c6cb9a2478a9 req-5d3ab606-865a-4d95-9198-c6cb9a2478a9 ] Request (ServerPasswordTestJSON:tearDownClass): 204 DELETE http://10.180.1.21/identity/v3/users/c258f7bfbac84bc9b03d0366d7d7fa26 0.148s
2025-11-30 14:52:58.991 65710 INFO tempest.lib.common.dynamic_creds [-] Deleting project and security group for project: 0057cc2efa104adeb26c75cbf1ce5179
2025-11-30 14:52:59.001 65733 INFO tempest.lib.common.rest_client [req-f5056ee3-bdb2-4863-9fb5-a53e2effa664 req-f5056ee3-bdb2-4863-9fb5-a53e2effa664 ] Request (ServersListShow296Test:tearDownClass): 200 GET http://10.180.1.21/compute/v2.1/servers/6ef7cb49-75c9-4e1b-b9ae-de9848163ff8 0.673s
2025-11-30 14:52:59.030 65710 INFO tempest.lib.common.rest_client [req-ed887175-4654-487d-9c7f-649d593d10f4 req-ed887175-4654-487d-9c7f-649d593d10f4 ] Request (ServerPasswordTestJSON:tearDownClass): 200 GET http://10.180.1.21/networking/v2.0/security-groups?tenant_id=0057cc2efa104adeb26c75cbf1ce5179&name=default 0.039s
2025-11-30 14:52:59.063 65695 INFO tempest.lib.common.rest_client [req-ad945d9d-c577-4860-a945-d2063647aa2f req-ad945d9d-c577-4860-a945-d2063647aa2f ] Request (ServersTestJSON:test_create_server_with_ipv6_addr_only): 200 GET http://10.180.1.21/compute/v2.1/servers/e1be9318-65c2-4ee7-9bce-a6a448872adf 0.701s
2025-11-30 14:52:59.133 65710 INFO tempest.lib.common.rest_client [req-b6f04d94-f7f2-4308-b880-2e701be72ffd req-b6f04d94-f7f2-4308-b880-2e701be72ffd ] Request (ServerPasswordTestJSON:tearDownClass): 204 DELETE http://10.180.1.21/networking/v2.0/security-groups/80438ccc-817b-4512-b0d3-79b3f714aac7 0.102s
2025-11-30 14:52:59.207 65755 INFO tempest.lib.common.rest_client [req-7406ffb0-f42f-44dd-b15c-59a7788ae50e req-7406ffb0-f42f-44dd-b15c-59a7788ae50e ] Request (ServersTestBootFromVolume:setUpClass): 200 GET http://10.180.1.21/compute/v2.1/servers/3a2f7345-0e3f-4d39-a175-39c23c1caf24 0.780s
2025-11-30 14:52:59.239 65710 INFO tempest.lib.common.rest_client [req-1ae880bc-cdd8-49ee-a417-b1d3eda7f823 req-1ae880bc-cdd8-49ee-a417-b1d3eda7f823 ] Request (ServerPasswordTestJSON:tearDownClass): 204 DELETE http://10.180.1.21/identity/v3/projects/0057cc2efa104adeb26c75cbf1ce5179 0.106s
2025-11-30 14:52:59.269 65743 INFO tempest.lib.common.rest_client [req-4936f061-3e47-49c3-b1e8-56961e144fa1 req-4936f061-3e47-49c3-b1e8-56961e144fa1 ] Request (ServerShowV254Test:test_rebuild_server): 200 GET http://10.180.1.21/compute/v2.1/servers/ed694396-ce28-43e6-8da8-f7d98259b63a 0.762s
2025-11-30 14:52:59.322 65710 INFO tempest.lib.common.rest_client [req-845c20dd-a9a3-4155-974a-fef7139f43d8 req-845c20dd-a9a3-4155-974a-fef7139f43d8 ] Request (ServersNegativeTestJSON:setUpClass): 201 POST http://10.180.1.21/identity/v3/auth/tokens 0.081s
2025-11-30 14:52:59.342 65757 INFO tempest.lib.common.rest_client [req-785b37cc-a672-4e1d-8468-26980c7eaf59 req-785b37cc-a672-4e1d-8468-26980c7eaf59 ] Request (SecurityGroupsTestJSON:test_list_security_groups_by_server): 200 GET http://10.180.1.21/compute/v2.1/servers/4def18de-0f5e-4eed-8922-7682e340c997 0.788s
2025-11-30 14:52:59.358 65710 INFO tempest.lib.common.rest_client [req-e39a990b-540f-4494-97fa-746643699973 req-e39a990b-540f-4494-97fa-746643699973 ] Request (ServersNegativeTestJSON:setUpClass): 201 POST http://10.180.1.21/identity/v3/auth/tokens 0.033s
2025-11-30 14:52:59.373 65715 WARNING tempest.lib.common.ssh [-] Failed to establish authenticated ssh connection to cirros@10.180.180.129 ([Errno None] Unable to connect to port 22 on 10.180.180.129). Number attempts: 3. Retry after 4 seconds.: paramiko.ssh_exception.NoValidConnectionsError: [Errno None] Unable to connect to port 22 on 10.180.180.129
2025-11-30 14:52:59.397 65710 INFO tempest.lib.common.rest_client [req-c4d541a8-cf0c-4c2a-a21a-ce945f13c3e3 req-c4d541a8-cf0c-4c2a-a21a-ce945f13c3e3 ] Request (ServersNegativeTestJSON:setUpClass): 200 GET http://10.180.1.21/identity/v3/domains?name=Default 0.026s
2025-11-30 14:52:59.399 65707 INFO tempest.lib.common.rest_client [req-639db442-d7a9-4552-b922-ac3df223284f req-639db442-d7a9-4552-b922-ac3df223284f ] Request (DeleteServersTestJSON:test_delete_server_while_in_attached_volume): 200 POST http://10.180.1.21/compute/v2.1/servers/d28339a1-dda7-4bdb-8483-d54f5f1537d3/os-volume_attachments 1.681s
2025-11-30 14:52:59.434 65707 INFO tempest.lib.common.rest_client [req-0db618a4-0019-4519-b2c1-a88183509113 req-0db618a4-0019-4519-b2c1-a88183509113 ] Request (DeleteServersTestJSON:test_delete_server_while_in_attached_volume): 200 GET http://10.180.1.21/volume/v3/volumes/78f768a5-2544-47a0-a156-ec146bbc7e34 0.033s
2025-11-30 14:52:59.434 65710 INFO tempest.lib.common.rest_client [req-eb35c00c-a7f5-4c64-a14f-7b8520a5ed75 req-eb35c00c-a7f5-4c64-a14f-7b8520a5ed75 ] Request (ServersNegativeTestJSON:setUpClass): 201 POST http://10.180.1.21/identity/v3/projects 0.036s
2025-11-30 14:52:59.533 65739 INFO tempest.lib.common.rest_client [req-01dd2f82-4bfd-4458-b365-24c58dfc502d req-01dd2f82-4bfd-4458-b365-24c58dfc502d ] Request (ServerDiskConfigTestJSON:test_rebuild_server_with_manual_disk_config): 200 GET http://10.180.1.21/compute/v2.1/servers/6d7f264b-c3c6-41f8-b0d0-0a41a101fc50 0.702s
2025-11-30 14:52:59.537 65730 INFO tempest.lib.common.rest_client [req-47438bde-da61-40ea-b699-814f508459e0 req-47438bde-da61-40ea-b699-814f508459e0 ] Request (ServerActionsTestOtherB:test_resize_server_confirm_from_stopped): 200 GET http://10.180.1.21/compute/v2.1/servers/488e8346-72a6-4bee-a0c2-676e26f25b74 0.547s
2025-11-30 14:52:59.579 65710 INFO tempest.lib.common.rest_client [req-40811c53-82aa-4bc8-834f-912638ef4346 req-40811c53-82aa-4bc8-834f-912638ef4346 ] Request (ServersNegativeTestJSON:setUpClass): 201 POST http://10.180.1.21/identity/v3/users 0.144s
2025-11-30 14:52:59.601 65710 INFO tempest.lib.common.rest_client [req-a438195e-f268-437b-a0c7-0d48be068d5e req-a438195e-f268-437b-a0c7-0d48be068d5e ] Request (ServersNegativeTestJSON:setUpClass): 200 GET http://10.180.1.21/identity/v3/roles 0.021s
2025-11-30 14:52:59.611 65721 INFO tempest.lib.common.rest_client [req-419953ba-5982-46d5-be5a-2615f62c779a req-419953ba-5982-46d5-be5a-2615f62c779a ] Request (ListServerFiltersTestJSON:tearDownClass): 200 GET http://10.180.1.21/compute/v2.1/servers/2a1d6c6e-a7f6-4a97-b1d6-d7d8b08e470d 0.446s
2025-11-30 14:52:59.638 65710 INFO tempest.lib.common.rest_client [req-c1213a3f-6b13-4363-8d92-89ed5791718d req-c1213a3f-6b13-4363-8d92-89ed5791718d ] Request (ServersNegativeTestJSON:setUpClass): 204 PUT http://10.180.1.21/identity/v3/projects/7c97b3df32d849089cfe0c0b3a4a2f52/users/911068b1af5546c2af99cfe22fbe40d2/roles/3bcd27005f13446eb435de872da0f926 0.037s
2025-11-30 14:52:59.638 65710 INFO tempest.lib.common.dynamic_creds [-] Dynamic test user 911068b1af5546c2af99cfe22fbe40d2 is created with scope project and roles: ['member']
2025-11-30 14:52:59.639 65710 INFO tempest.lib.common.dynamic_creds [-] Acquired dynamic creds: credentials: Credentials: {'domain_id': 'default', 'domain_name': 'Default', 'username': 'tempest-ServersNegativeTestJSON-931474372-project-member', 'project_domain_id': 'default', 'project_domain_name': 'Default', 'project_id': '7c97b3df32d849089cfe0c0b3a4a2f52', 'project_name': 'tempest-ServersNegativeTestJSON-931474372', 'tenant_id': '7c97b3df32d849089cfe0c0b3a4a2f52', 'tenant_name': 'tempest-ServersNegativeTestJSON-931474372', 'user_domain_id': 'default', 'user_domain_name': 'Default', 'user_id': '911068b1af5546c2af99cfe22fbe40d2', 'system': None}, Network: None, Subnet: None, Router: None
2025-11-30 14:52:59.664 65699 INFO tempest.lib.common.rest_client [req-92fdbcf8-bb45-4f4a-91c0-099b8b542b0e req-92fdbcf8-bb45-4f4a-91c0-099b8b542b0e ] Request (AttachVolumeShelveTestJSON:test_attach_volume_shelved_or_offload_server): 200 GET http://10.180.1.21/compute/v2.1/servers/8d1ab2db-6854-4cb0-8667-20768909f94e 0.565s
2025-11-30 14:52:59.677 65727 INFO tempest.lib.common.rest_client [req-b49fb13a-3faa-4bc2-8fd9-569283a5414c req-b49fb13a-3faa-4bc2-8fd9-569283a5414c ] Request (ServersAdminNegativeTestJSON:tearDownClass): 200 GET http://10.180.1.21/compute/v2.1/servers/32b9a116-f387-4b82-aec4-2a8efa79d5b3 0.453s
2025-11-30 14:52:59.714 65710 INFO tempest.lib.common.rest_client [req-a47e428b-0583-4fc7-a6be-61e6056d7215 req-a47e428b-0583-4fc7-a6be-61e6056d7215 ] Request (ServersNegativeTestJSON:setUpClass): 201 POST http://10.180.1.21/identity/v3/auth/tokens 0.075s
2025-11-30 14:52:59.808 65703 INFO tempest.lib.common.rest_client [req-d784c971-0f1f-4cd0-b2a9-844db3205d59 req-d784c971-0f1f-4cd0-b2a9-844db3205d59 ] Request (InstanceActionsNegativeTestJSON:setUpClass): 200 GET http://10.180.1.21/compute/v2.1/servers/52a0434b-a604-44d8-8b9b-9ee8d7eee2f0 0.378s
2025-11-30 14:52:59.815 65703 INFO tempest.common.waiters [-] State transition "BUILD/spawning" ==> "ACTIVE/None" after 38 second wait
2025-11-30 14:52:59.833 65697 INFO tempest.lib.common.rest_client [req-8970d749-20bf-4c5f-a504-7ef3d0977097 req-8970d749-20bf-4c5f-a504-7ef3d0977097 ] Request (MigrationsAdminTest:test_resize_server_revert_deleted_flavor): 200 GET http://10.180.1.21/compute/v2.1/servers/356c7beb-7658-4c7a-914e-ad1611baba5a 0.504s
2025-11-30 14:52:59.887 65725 INFO tempest.lib.common.rest_client [req-9a8a8a85-4a58-4896-a94e-de62f311fcdc req-9a8a8a85-4a58-4896-a94e-de62f311fcdc ] Request (ServersListShow298Test:test_list_show_update_rebuild_server_298): 200 GET http://10.180.1.21/compute/v2.1/servers/b48905b7-3f34-4b35-956b-dc8b092b721b 0.384s
2025-11-30 14:52:59.899 65741 INFO tempest.lib.common.rest_client [req-ab4745e7-be75-4d93-93d8-9d8f4302e524 req-ab4745e7-be75-4d93-93d8-9d8f4302e524 ] Request (ListImageFiltersTestJSON:setUpClass): 200 GET http://10.180.1.21/compute/v2.1/servers/c0777c32-80de-4c5f-b3be-b63bab2167a4 0.308s
2025-11-30 14:52:59.938 65723 INFO tempest.lib.common.rest_client [req-99b0583d-52cd-47d9-bce7-d8fc9c0c2c96 req-99b0583d-52cd-47d9-bce7-d8fc9c0c2c96 ] Request (ImagesTestJSON:test_create_server_from_snapshot): 200 GET http://10.180.1.21/compute/v2.1/servers/5f125b0c-0796-4666-a6f1-a5a09e7b9d8c 0.280s
2025-11-30 14:52:59.959 65749 INFO tempest.lib.common.rest_client [req-cc7aab46-3abf-4d86-8ffe-6e7a162c0f2a req-cc7aab46-3abf-4d86-8ffe-6e7a162c0f2a ] Request (ServersTestJSON:tearDownClass): 404 GET http://10.180.1.21/compute/v2.1/servers/3aa447fb-75fe-424e-80a9-e45cf2cfd0ec 0.154s
2025-11-30 14:52:59.966 65705 INFO tempest.lib.common.rest_client [req-ebc66a22-4d52-42e3-9dca-973ed7646040 req-ebc66a22-4d52-42e3-9dca-973ed7646040 ] Request (ImagesOneServerNegativeTestJSON:_run_cleanups): 200 GET http://10.180.1.21/compute/v2.1/servers/406b4306-aef4-4f14-87b3-4d6753e51fd8 0.234s
2025-11-30 14:53:00.001 65703 INFO tempest.lib.common.rest_client [req-1913c9a1-e469-4be5-9ca0-47d057f1d0c7 req-1913c9a1-e469-4be5-9ca0-47d057f1d0c7 ] Request (InstanceActionsNegativeTestJSON:test_get_instance_action_invalid_request): 404 GET http://10.180.1.21/compute/v2.1/servers/52a0434b-a604-44d8-8b9b-9ee8d7eee2f0/os-instance-actions/999 0.185s
2025-11-30 14:53:00.023 65749 INFO tempest.lib.common.rest_client [req-087e9d6b-f03d-4777-8105-4915aa558a2a req-087e9d6b-f03d-4777-8105-4915aa558a2a ] Request (ServersTestJSON:tearDownClass): 202 DELETE http://10.180.1.21/compute/v2.1/os-keypairs/tempest-keypair-161057833 0.063s
2025-11-30 14:53:00.031 65703 INFO tempest.lib.common.rest_client [req-406c98e9-daf4-4895-88ff-448755f6358c req-406c98e9-daf4-4895-88ff-448755f6358c ] Request (InstanceActionsNegativeTestJSON:test_list_instance_actions_non_existent_server): 404 GET http://10.180.1.21/compute/v2.1/servers/2987f097-2dbc-4fed-94fa-852cad2c68c3/os-instance-actions 0.029s
2025-11-30 14:53:00.066 65710 INFO tempest.lib.common.rest_client [req-d1469572-809a-4522-a35f-227cffc1dd55 req-d1469572-809a-4522-a35f-227cffc1dd55 ] Request (ServersNegativeTestJSON:setUpClass): 201 POST http://10.180.1.21/networking/v2.0/networks 0.351s
2025-11-30 14:53:00.175 65749 INFO tempest.lib.common.rest_client [req-f3f74243-534b-430e-88cb-c2a0381778c7 req-f3f74243-534b-430e-88cb-c2a0381778c7 ] Request (ServersTestJSON:tearDownClass): 204 DELETE http://10.180.1.21/networking/v2.0/security-groups/52c513bf-d5af-4cc0-8dd8-05c0befc3ba6 0.152s
2025-11-30 14:53:00.207 65735 INFO tempest.lib.common.rest_client [req-d2d709f9-9480-45d7-870e-e37d52afd488 req-d2d709f9-9480-45d7-870e-e37d52afd488 ] Request (ServersAdminTestJSON:test_rebuild_server_in_error_state): 200 GET http://10.180.1.21/compute/v2.1/servers/7a4db643-d3ba-43e7-a74f-ea3d1f8f5300 0.286s
2025-11-30 14:53:00.222 65749 INFO tempest.lib.common.rest_client [req-7410723c-aadd-44f0-a611-a10e5e61761f req-7410723c-aadd-44f0-a611-a10e5e61761f ] Request (ServersTestJSON:tearDownClass): 404 GET http://10.180.1.21/networking/v2.0/security-groups/52c513bf-d5af-4cc0-8dd8-05c0befc3ba6 0.047s
2025-11-30 14:53:00.227 65733 INFO tempest.lib.common.rest_client [req-f0a7a79b-bc1c-4ace-b12b-1f7162eee473 req-f0a7a79b-bc1c-4ace-b12b-1f7162eee473 ] Request (ServersListShow296Test:tearDownClass): 200 GET http://10.180.1.21/compute/v2.1/servers/6ef7cb49-75c9-4e1b-b9ae-de9848163ff8 0.211s
2025-11-30 14:53:00.286 65710 INFO tempest.lib.common.rest_client [req-df462b83-f501-4071-9c31-f76c89c3ee29 req-df462b83-f501-4071-9c31-f76c89c3ee29 ] Request (ServersNegativeTestJSON:setUpClass): 201 POST http://10.180.1.21/networking/v2.0/subnets 0.219s
2025-11-30 14:53:00.307 65703 INFO tempest.lib.common.rest_client [req-ee1f054b-6ddf-41a6-a5e6-358501da4f75 req-ee1f054b-6ddf-41a6-a5e6-358501da4f75 ] Request (InstanceActionsNegativeTestJSON:tearDownClass): 204 DELETE http://10.180.1.21/compute/v2.1/servers/52a0434b-a604-44d8-8b9b-9ee8d7eee2f0 0.274s
2025-11-30 14:53:00.311 65695 INFO tempest.lib.common.rest_client [req-f1889995-cfb3-4b87-bf5d-dce38dc8818a req-f1889995-cfb3-4b87-bf5d-dce38dc8818a ] Request (ServersTestJSON:test_create_server_with_ipv6_addr_only): 200 GET http://10.180.1.21/compute/v2.1/servers/e1be9318-65c2-4ee7-9bce-a6a448872adf 0.238s
2025-11-30 14:53:00.472 65707 INFO tempest.lib.common.rest_client [req-e75f71e5-2190-41b0-a737-3c084d33d424 req-e75f71e5-2190-41b0-a737-3c084d33d424 ] Request (DeleteServersTestJSON:test_delete_server_while_in_attached_volume): 200 GET http://10.180.1.21/volume/v3/volumes/78f768a5-2544-47a0-a156-ec146bbc7e34 0.031s
2025-11-30 14:53:00.536 65749 INFO tempest.lib.common.rest_client [req-7207de12-bb8a-429c-8e3f-35a7b256f857 req-7207de12-bb8a-429c-8e3f-35a7b256f857 ] Request (ServersTestJSON:tearDownClass): 204 DELETE http://10.180.1.21/networking/v2.0/floatingips/4f757b8f-73a4-454f-b4f1-005cc2992c71 0.313s
2025-11-30 14:53:00.599 65743 INFO tempest.lib.common.rest_client [req-54e22626-3b88-4cf3-ab13-d919af8783eb req-54e22626-3b88-4cf3-ab13-d919af8783eb ] Request (ServerShowV254Test:test_rebuild_server): 200 GET http://10.180.1.21/compute/v2.1/servers/ed694396-ce28-43e6-8da8-f7d98259b63a 0.319s
2025-11-30 14:53:01.053 65710 INFO tempest.lib.common.rest_client [req-a627856e-e297-4823-af5e-212d28ac8194 req-a627856e-e297-4823-af5e-212d28ac8194 ] Request (ServersNegativeTestJSON:setUpClass): 201 POST http://10.180.1.21/networking/v2.0/routers 0.766s
2025-11-30 14:53:01.090 65755 INFO tempest.lib.common.rest_client [req-a46b013c-1a33-42c0-a5f3-bbda725a8b71 req-a46b013c-1a33-42c0-a5f3-bbda725a8b71 ] Request (ServersTestBootFromVolume:setUpClass): 200 GET http://10.180.1.21/compute/v2.1/servers/3a2f7345-0e3f-4d39-a175-39c23c1caf24 0.869s
2025-11-30 14:53:01.328 65749 INFO tempest.lib.common.rest_client [req-21945987-5868-41ac-b2c0-cd0fdd310b26 req-21945987-5868-41ac-b2c0-cd0fdd310b26 ] Request (ServersTestJSON:tearDownClass): 200 PUT http://10.180.1.21/networking/v2.0/routers/cd5db90d-6727-4038-9405-1f5f1cadb3b8/remove_router_interface 0.792s
2025-11-30 14:53:01.352 65757 INFO tempest.lib.common.rest_client [req-c35b0150-c7c1-4a2a-b313-10c06eb5c908 req-c35b0150-c7c1-4a2a-b313-10c06eb5c908 ] Request (SecurityGroupsTestJSON:test_list_security_groups_by_server): 200 GET http://10.180.1.21/compute/v2.1/servers/4def18de-0f5e-4eed-8922-7682e340c997 1.000s
2025-11-30 14:53:01.383 65703 INFO tempest.lib.common.rest_client [req-841000cc-95cf-42b3-82b9-17ae156153ef req-841000cc-95cf-42b3-82b9-17ae156153ef ] Request (InstanceActionsNegativeTestJSON:tearDownClass): 200 GET http://10.180.1.21/compute/v2.1/servers/52a0434b-a604-44d8-8b9b-9ee8d7eee2f0 1.075s
2025-11-30 14:53:01.527 65707 INFO tempest.lib.common.rest_client [req-a343d1ce-35ef-4365-a048-3dec60a61499 req-a343d1ce-35ef-4365-a048-3dec60a61499 ] Request (DeleteServersTestJSON:test_delete_server_while_in_attached_volume): 200 GET http://10.180.1.21/volume/v3/volumes/78f768a5-2544-47a0-a156-ec146bbc7e34 0.045s
2025-11-30 14:53:01.838 65749 INFO tempest.lib.common.rest_client [req-fdba327e-b523-4406-ae8d-7a6c87534f16 req-fdba327e-b523-4406-ae8d-7a6c87534f16 ] Request (ServersTestJSON:tearDownClass): 204 DELETE http://10.180.1.21/networking/v2.0/routers/cd5db90d-6727-4038-9405-1f5f1cadb3b8 0.509s
2025-11-30 14:53:02.086 65749 INFO tempest.lib.common.rest_client [req-0299a080-a33c-4ee3-b006-25fa7719c9c1 req-0299a080-a33c-4ee3-b006-25fa7719c9c1 ] Request (ServersTestJSON:tearDownClass): 204 DELETE http://10.180.1.21/networking/v2.0/subnets/31223f75-9f90-4c98-b1bf-f83ff7e94b58 0.247s
2025-11-30 14:53:02.092 65710 INFO tempest.lib.common.rest_client [req-bcf72826-ebe9-4cf9-8b75-e32dbf3d0241 req-bcf72826-ebe9-4cf9-8b75-e32dbf3d0241 ] Request (ServersNegativeTestJSON:setUpClass): 200 PUT http://10.180.1.21/networking/v2.0/routers/63a51792-b8b2-425d-9cbc-66ef019ea2b7/add_router_interface 1.038s
2025-11-30 14:53:02.092 65710 INFO tempest.lib.common.dynamic_creds [-] Created isolated network resources for: credentials: Credentials: {'domain_id': 'default', 'domain_name': 'Default', 'username': 'tempest-ServersNegativeTestJSON-931474372-project-member', 'project_domain_id': 'default', 'project_domain_name': 'Default', 'project_id': '7c97b3df32d849089cfe0c0b3a4a2f52', 'project_name': 'tempest-ServersNegativeTestJSON-931474372', 'tenant_id': '7c97b3df32d849089cfe0c0b3a4a2f52', 'tenant_name': 'tempest-ServersNegativeTestJSON-931474372', 'user_domain_id': 'default', 'user_domain_name': 'Default', 'user_id': '911068b1af5546c2af99cfe22fbe40d2', 'system': None}, Network: {'id': '558f7f19-cdae-49f6-a677-80dffdab8011', 'name': 'tempest-ServersNegativeTestJSON-1892241529-network', 'tenant_id': '7c97b3df32d849089cfe0c0b3a4a2f52', 'project_id': '7c97b3df32d849089cfe0c0b3a4a2f52', 'admin_state_up': True, 'mtu': 8950, 'status': 'ACTIVE', 'subnets': [], 'shared': False, 'port_security_enabled': True, 'router:external': False, 'provider:network_type': 'vlan', 'provider:physical_network': 'default', 'provider:segmentation_id': 406, 'availability_zone_hints': [], 'availability_zones': [], 'ipv4_address_scope': None, 'ipv6_address_scope': None, 'description': '', 'tags': [], 'created_at': '2025-11-30T14:52:59Z', 'updated_at': '2025-11-30T14:52:59Z', 'revision_number': 1}, Subnet: {'id': '558ba65d-4170-4556-8b31-7d3803043bf6', 'name': 'tempest-ServersNegativeTestJSON-1892241529-subnet', 'tenant_id': '7c97b3df32d849089cfe0c0b3a4a2f52', 'network_id': '558f7f19-cdae-49f6-a677-80dffdab8011', 'ip_version': 4, 'subnetpool_id': None, 'enable_dhcp': True, 'ipv6_ra_mode': None, 'ipv6_address_mode': None, 'gateway_ip': '192.168.128.1', 'cidr': '192.168.128.0/28', 'allocation_pools': [{'start': '192.168.128.2', 'end': '192.168.128.14'}], 'host_routes': [], 'dns_nameservers': [], 'description': '', 'router:external': False, 'service_types': [], 'tags': [], 'created_at': '2025-11-30T14:53:00Z', 'updated_at': '2025-11-30T14:53:00Z', 'revision_number': 0, 'project_id': '7c97b3df32d849089cfe0c0b3a4a2f52'}, Router: {'id': '63a51792-b8b2-425d-9cbc-66ef019ea2b7', 'name': 'tempest-ServersNegativeTestJSON-1892241529-router', 'tenant_id': '7c97b3df32d849089cfe0c0b3a4a2f52', 'admin_state_up': True, 'status': 'ACTIVE', 'external_gateway_info': {'network_id': '4f2a3433-7029-4687-ac90-f16d3128a5e7', 'external_fixed_ips': [{'subnet_id': '380baa23-9e13-4bb1-98d8-a5196c86e485', 'ip_address': '10.180.180.211'}], 'enable_snat': True}, 'description': '', 'availability_zones': [], 'distributed': False, 'ha': False, 'availability_zone_hints': [], 'routes': [], 'flavor_id': None, 'tags': [], 'created_at': '2025-11-30T14:53:00Z', 'updated_at': '2025-11-30T14:53:00Z', 'revision_number': 2, 'project_id': '7c97b3df32d849089cfe0c0b3a4a2f52'}
2025-11-30 14:53:02.136 65739 INFO tempest.lib.common.rest_client [req-11dd93ec-dac4-4807-9e05-c285de0139e9 req-11dd93ec-dac4-4807-9e05-c285de0139e9 ] Request (ServerDiskConfigTestJSON:test_rebuild_server_with_manual_disk_config): 200 GET http://10.180.1.21/compute/v2.1/servers/6d7f264b-c3c6-41f8-b0d0-0a41a101fc50 1.595s
2025-11-30 14:53:02.143 65730 INFO tempest.lib.common.rest_client [req-c9375957-2d9e-4232-aa17-a09885ba2ae8 req-c9375957-2d9e-4232-aa17-a09885ba2ae8 ] Request (ServerActionsTestOtherB:test_resize_server_confirm_from_stopped): 200 GET http://10.180.1.21/compute/v2.1/servers/488e8346-72a6-4bee-a0c2-676e26f25b74 1.599s
2025-11-30 14:53:02.227 65710 INFO tempest.lib.common.rest_client [req-9bcda6f8-8cfc-4765-82aa-e946182ac85b req-9bcda6f8-8cfc-4765-82aa-e946182ac85b ] Request (ServersNegativeTestJSON:setUpClass): 201 POST http://10.180.1.21/identity/v3/auth/tokens 0.128s
2025-11-30 14:53:02.270 65710 INFO tempest.lib.common.rest_client [req-ee26698e-9fd7-427e-a8b7-1a4a4db1afb7 req-ee26698e-9fd7-427e-a8b7-1a4a4db1afb7 ] Request (ServersNegativeTestJSON:setUpClass): 201 POST http://10.180.1.21/identity/v3/auth/tokens 0.040s
2025-11-30 14:53:02.270 65710 INFO tempest.lib.common.fixed_network [-] (ServersNegativeTestJSON:setUpClass) Found network {'id': '558f7f19-cdae-49f6-a677-80dffdab8011', 'name': 'tempest-ServersNegativeTestJSON-1892241529-network', 'tenant_id': '7c97b3df32d849089cfe0c0b3a4a2f52', 'project_id': '7c97b3df32d849089cfe0c0b3a4a2f52', 'admin_state_up': True, 'mtu': 8950, 'status': 'ACTIVE', 'subnets': [], 'shared': False, 'port_security_enabled': True, 'router:external': False, 'provider:network_type': 'vlan', 'provider:physical_network': 'default', 'provider:segmentation_id': 406, 'availability_zone_hints': [], 'availability_zones': [], 'ipv4_address_scope': None, 'ipv6_address_scope': None, 'description': '', 'tags': [], 'created_at': '2025-11-30T14:52:59Z', 'updated_at': '2025-11-30T14:52:59Z', 'revision_number': 1} available for tenant
2025-11-30 14:53:02.302 65721 INFO tempest.lib.common.rest_client [req-b1c0012b-79f8-441e-80c4-9759d1aa050d req-b1c0012b-79f8-441e-80c4-9759d1aa050d ] Request (ListServerFiltersTestJSON:tearDownClass): 200 GET http://10.180.1.21/compute/v2.1/servers/2a1d6c6e-a7f6-4a97-b1d6-d7d8b08e470d 1.682s
2025-11-30 14:53:02.372 65699 INFO tempest.lib.common.rest_client [req-636111e3-8b0c-411d-9de5-e689fd532bc0 req-636111e3-8b0c-411d-9de5-e689fd532bc0 ] Request (AttachVolumeShelveTestJSON:test_attach_volume_shelved_or_offload_server): 200 GET http://10.180.1.21/compute/v2.1/servers/8d1ab2db-6854-4cb0-8667-20768909f94e 1.697s
2025-11-30 14:53:02.458 65749 INFO tempest.lib.common.rest_client [req-e27beecc-e610-4c80-b439-59c535e204b0 req-e27beecc-e610-4c80-b439-59c535e204b0 ] Request (ServersTestJSON:tearDownClass): 204 DELETE http://10.180.1.21/networking/v2.0/networks/e7ba1d20-46f7-4a4c-a7b8-ffabae700147 0.371s
2025-11-30 14:53:02.498 65727 INFO tempest.lib.common.rest_client [req-c3cb6cf6-e67f-4333-9690-8a6a4418b245 req-c3cb6cf6-e67f-4333-9690-8a6a4418b245 ] Request (ServersAdminNegativeTestJSON:tearDownClass): 200 GET http://10.180.1.21/compute/v2.1/servers/32b9a116-f387-4b82-aec4-2a8efa79d5b3 1.812s
2025-11-30 14:53:02.590 65707 INFO tempest.lib.common.rest_client [req-a8e4d9f0-5059-4dbf-84be-be1fce27ccba req-a8e4d9f0-5059-4dbf-84be-be1fce27ccba ] Request (DeleteServersTestJSON:test_delete_server_while_in_attached_volume): 200 GET http://10.180.1.21/volume/v3/volumes/78f768a5-2544-47a0-a156-ec146bbc7e34 0.053s
2025-11-30 14:53:02.629 65749 INFO tempest.lib.common.rest_client [req-764df7f2-cfb3-439e-bf75-6bd2eacfcd21 req-764df7f2-cfb3-439e-bf75-6bd2eacfcd21 ] Request (ServersTestJSON:tearDownClass): 204 DELETE http://10.180.1.21/identity/v3/users/239c12122c4840289578ab3e3e016cad 0.171s
2025-11-30 14:53:02.630 65749 INFO tempest.lib.common.dynamic_creds [-] Deleting project and security group for project: 16fd4284a7514d11b4787e5281c8688f
2025-11-30 14:53:02.736 65725 INFO tempest.lib.common.rest_client [req-61228fc2-5b1b-4158-a1a8-37f5a395a795 req-61228fc2-5b1b-4158-a1a8-37f5a395a795 ] Request (ServersListShow298Test:test_list_show_update_rebuild_server_298): 200 GET http://10.180.1.21/compute/v2.1/servers/b48905b7-3f34-4b35-956b-dc8b092b721b 1.836s
2025-11-30 14:53:02.763 65697 INFO tempest.lib.common.rest_client [req-f1c1b29d-8f92-4878-8f3e-a28425741780 req-f1c1b29d-8f92-4878-8f3e-a28425741780 ] Request (MigrationsAdminTest:test_resize_server_revert_deleted_flavor): 200 GET http://10.180.1.21/compute/v2.1/servers/356c7beb-7658-4c7a-914e-ad1611baba5a 1.922s
2025-11-30 14:53:02.779 65749 INFO tempest.lib.common.rest_client [req-0cbe4f8e-b9ca-4869-b8cf-9e97d15402c5 req-0cbe4f8e-b9ca-4869-b8cf-9e97d15402c5 ] Request (ServersTestJSON:tearDownClass): 200 GET http://10.180.1.21/networking/v2.0/security-groups?tenant_id=16fd4284a7514d11b4787e5281c8688f&name=default 0.149s
2025-11-30 14:53:02.920 65749 INFO tempest.lib.common.rest_client [req-96caf0b3-4469-4548-9c9c-0b36b8980ce2 req-96caf0b3-4469-4548-9c9c-0b36b8980ce2 ] Request (ServersTestJSON:tearDownClass): 204 DELETE http://10.180.1.21/networking/v2.0/security-groups/98c3d1c3-0629-46f8-8c01-aba2b00e8022 0.141s
2025-11-30 14:53:02.943 65741 INFO tempest.lib.common.rest_client [req-d23a5852-ae95-472c-a60e-0dad40e16d55 req-d23a5852-ae95-472c-a60e-0dad40e16d55 ] Request (ListImageFiltersTestJSON:setUpClass): 200 GET http://10.180.1.21/compute/v2.1/servers/c0777c32-80de-4c5f-b3be-b63bab2167a4 2.036s
2025-11-30 14:53:02.963 65723 INFO tempest.lib.common.rest_client [req-6e07f0e3-6075-47d9-a827-bc4578ba748c req-6e07f0e3-6075-47d9-a827-bc4578ba748c ] Request (ImagesTestJSON:test_create_server_from_snapshot): 200 GET http://10.180.1.21/compute/v2.1/servers/5f125b0c-0796-4666-a6f1-a5a09e7b9d8c 2.017s
2025-11-30 14:53:03.036 65705 INFO tempest.lib.common.rest_client [req-6441485d-be90-4215-ac90-063000e7056f req-6441485d-be90-4215-ac90-063000e7056f ] Request (ImagesOneServerNegativeTestJSON:_run_cleanups): 200 GET http://10.180.1.21/compute/v2.1/servers/406b4306-aef4-4f14-87b3-4d6753e51fd8 2.055s
2025-11-30 14:53:03.091 65749 INFO tempest.lib.common.rest_client [req-32969e9f-d3e0-4dcb-ac33-414e703c8476 req-32969e9f-d3e0-4dcb-ac33-414e703c8476 ] Request (ServersTestJSON:tearDownClass): 204 DELETE http://10.180.1.21/identity/v3/projects/16fd4284a7514d11b4787e5281c8688f 0.170s
2025-11-30 14:53:03.181 65733 INFO tempest.lib.common.rest_client [req-0f9942ec-ca5c-4a35-8c78-2a52ef48988f req-0f9942ec-ca5c-4a35-8c78-2a52ef48988f ] Request (ServersListShow296Test:tearDownClass): 200 GET http://10.180.1.21/compute/v2.1/servers/6ef7cb49-75c9-4e1b-b9ae-de9848163ff8 1.940s
2025-11-30 14:53:03.213 65749 INFO tempest.lib.common.rest_client [req-002e090e-c53e-4b89-9620-0a826ebb470f req-002e090e-c53e-4b89-9620-0a826ebb470f ] Request (ServerRescueNegativeTestJSON:setUpClass): 201 POST http://10.180.1.21/identity/v3/auth/tokens 0.119s
2025-11-30 14:53:03.214 65735 INFO tempest.lib.common.rest_client [req-df25bde3-b34a-4ee5-a7d3-d91669c5dca6 req-df25bde3-b34a-4ee5-a7d3-d91669c5dca6 ] Request (ServersAdminTestJSON:test_rebuild_server_in_error_state): 200 GET http://10.180.1.21/compute/v2.1/servers/7a4db643-d3ba-43e7-a74f-ea3d1f8f5300 1.998s
2025-11-30 14:53:03.223 65735 INFO tempest.common.waiters [-] State transition "REBUILD/rebuild_spawning" ==> "ACTIVE/None" after 13 second wait
2025-11-30 14:53:03.256 65749 INFO tempest.lib.common.rest_client [req-a7585ec7-6c0e-4a75-b68e-fd66bcfc7f17 req-a7585ec7-6c0e-4a75-b68e-fd66bcfc7f17 ] Request (ServerRescueNegativeTestJSON:setUpClass): 201 POST http://10.180.1.21/identity/v3/auth/tokens 0.037s
2025-11-30 14:53:03.267 65695 INFO tempest.lib.common.rest_client [req-ddcb337c-821c-4f0e-8d87-0e8bcb39dfc7 req-ddcb337c-821c-4f0e-8d87-0e8bcb39dfc7 ] Request (ServersTestJSON:test_create_server_with_ipv6_addr_only): 200 GET http://10.180.1.21/compute/v2.1/servers/e1be9318-65c2-4ee7-9bce-a6a448872adf 1.943s
2025-11-30 14:53:03.312 65749 INFO tempest.lib.common.rest_client [req-b91fe3d4-e555-465c-966e-ec8706065e2f req-b91fe3d4-e555-465c-966e-ec8706065e2f ] Request (ServerRescueNegativeTestJSON:setUpClass): 200 GET http://10.180.1.21/identity/v3/domains?name=Default 0.055s
2025-11-30 14:53:03.320 65743 INFO tempest.lib.common.rest_client [req-c203d79c-4b89-490e-8351-e1d9db9c6559 req-c203d79c-4b89-490e-8351-e1d9db9c6559 ] Request (ServerShowV254Test:test_rebuild_server): 200 GET http://10.180.1.21/compute/v2.1/servers/ed694396-ce28-43e6-8da8-f7d98259b63a 1.709s
2025-11-30 14:53:03.366 65749 INFO tempest.lib.common.rest_client [req-8c81ef89-31c5-464a-935b-c71f5f5420ed req-8c81ef89-31c5-464a-935b-c71f5f5420ed ] Request (ServerRescueNegativeTestJSON:setUpClass): 201 POST http://10.180.1.21/identity/v3/projects 0.051s
2025-11-30 14:53:03.416 65755 INFO tempest.lib.common.rest_client [req-88d0c4ac-7520-49f3-afc4-52cfec7c6ac1 req-88d0c4ac-7520-49f3-afc4-52cfec7c6ac1 ] Request (ServersTestBootFromVolume:setUpClass): 200 GET http://10.180.1.21/compute/v2.1/servers/3a2f7345-0e3f-4d39-a175-39c23c1caf24 1.314s
2025-11-30 14:53:03.439 65749 INFO tempest.lib.common.rest_client [req-04dd4fb2-d2c0-44e4-b438-bb36f27c603f req-04dd4fb2-d2c0-44e4-b438-bb36f27c603f ] Request (ServerRescueNegativeTestJSON:setUpClass): 201 POST http://10.180.1.21/identity/v3/users 0.072s
2025-11-30 14:53:03.465 65749 INFO tempest.lib.common.rest_client [req-7ec29da8-16e7-47eb-ad53-1dafdcbd5fc8 req-7ec29da8-16e7-47eb-ad53-1dafdcbd5fc8 ] Request (ServerRescueNegativeTestJSON:setUpClass): 200 GET http://10.180.1.21/identity/v3/roles 0.025s
2025-11-30 14:53:03.497 65749 INFO tempest.lib.common.rest_client [req-8ffb67b6-9d3a-4f01-911a-b814f52fcd8b req-8ffb67b6-9d3a-4f01-911a-b814f52fcd8b ] Request (ServerRescueNegativeTestJSON:setUpClass): 204 PUT http://10.180.1.21/identity/v3/projects/6ba5cf35f09e484f849275379c658b77/users/89e94f6342774cffa81a5ded15d9f78e/roles/3bcd27005f13446eb435de872da0f926 0.032s
2025-11-30 14:53:03.498 65749 INFO tempest.lib.common.dynamic_creds [-] Dynamic test user 89e94f6342774cffa81a5ded15d9f78e is created with scope project and roles: ['member']
2025-11-30 14:53:03.498 65749 INFO tempest.lib.common.dynamic_creds [-] Acquired dynamic creds: credentials: Credentials: {'domain_id': 'default', 'domain_name': 'Default', 'username': 'tempest-ServerRescueNegativeTestJSON-1238940668-project-member', 'project_domain_id': 'default', 'project_domain_name': 'Default', 'project_id': '6ba5cf35f09e484f849275379c658b77', 'project_name': 'tempest-ServerRescueNegativeTestJSON-1238940668', 'tenant_id': '6ba5cf35f09e484f849275379c658b77', 'tenant_name': 'tempest-ServerRescueNegativeTestJSON-1238940668', 'user_domain_id': 'default', 'user_domain_name': 'Default', 'user_id': '89e94f6342774cffa81a5ded15d9f78e', 'system': None}, Network: None, Subnet: None, Router: None
2025-11-30 14:53:03.596 65749 INFO tempest.lib.common.rest_client [req-ef0adb97-1d37-4408-91ac-b99f9c54b580 req-ef0adb97-1d37-4408-91ac-b99f9c54b580 ] Request (ServerRescueNegativeTestJSON:setUpClass): 201 POST http://10.180.1.21/identity/v3/auth/tokens 0.098s
2025-11-30 14:53:03.596 65713 WARNING tempest.lib.common.ssh [-] Failed to establish authenticated ssh connection to cirros@10.180.180.166 ([Errno None] Unable to connect to port 22 on 10.180.180.166). Number attempts: 15. Retry after 16 seconds.: paramiko.ssh_exception.NoValidConnectionsError: [Errno None] Unable to connect to port 22 on 10.180.180.166
2025-11-30 14:53:03.597 65757 INFO tempest.lib.common.rest_client [req-0c326ac0-0dfd-46af-a19a-00ae15563373 req-0c326ac0-0dfd-46af-a19a-00ae15563373 ] Request (SecurityGroupsTestJSON:test_list_security_groups_by_server): 200 GET http://10.180.1.21/compute/v2.1/servers/4def18de-0f5e-4eed-8922-7682e340c997 1.233s
2025-11-30 14:53:03.610 65757 INFO tempest.common.waiters [-] State transition "BUILD/None" ==> "BUILD/spawning" after 29 second wait
2025-11-30 14:53:03.637 65707 INFO tempest.lib.common.rest_client [req-a9f20dcc-45e4-40d1-bd1a-f2d114df7d7c req-a9f20dcc-45e4-40d1-bd1a-f2d114df7d7c ] Request (DeleteServersTestJSON:test_delete_server_while_in_attached_volume): 200 GET http://10.180.1.21/volume/v3/volumes/78f768a5-2544-47a0-a156-ec146bbc7e34 0.037s
2025-11-30 14:53:03.979 65717 WARNING tempest.lib.common.ssh [-] Failed to establish authenticated ssh connection to cirros@10.180.180.222 ([Errno None] Unable to connect to port 22 on 10.180.180.222). Number attempts: 5. Retry after 6 seconds.: paramiko.ssh_exception.NoValidConnectionsError: [Errno None] Unable to connect to port 22 on 10.180.180.222
2025-11-30 14:53:03.990 65749 INFO tempest.lib.common.rest_client [req-ed671c17-78e8-4686-9026-686c8b5bd62c req-ed671c17-78e8-4686-9026-686c8b5bd62c ] Request (ServerRescueNegativeTestJSON:setUpClass): 201 POST http://10.180.1.21/networking/v2.0/networks 0.393s
2025-11-30 14:53:04.022 65703 INFO tempest.lib.common.rest_client [req-b3ea4bcb-dd6e-4391-9c34-22c3ad160083 req-b3ea4bcb-dd6e-4391-9c34-22c3ad160083 ] Request (InstanceActionsNegativeTestJSON:tearDownClass): 200 GET http://10.180.1.21/compute/v2.1/servers/52a0434b-a604-44d8-8b9b-9ee8d7eee2f0 1.632s
2025-11-30 14:53:04.244 65749 INFO tempest.lib.common.rest_client [req-f95b9b19-cec5-4abc-820b-1decd9d3f080 req-f95b9b19-cec5-4abc-820b-1decd9d3f080 ] Request (ServerRescueNegativeTestJSON:setUpClass): 201 POST http://10.180.1.21/networking/v2.0/subnets 0.254s
2025-11-30 14:53:04.692 65707 INFO tempest.lib.common.rest_client [req-4517d0d2-cf08-4451-8447-904413eb8438 req-4517d0d2-cf08-4451-8447-904413eb8438 ] Request (DeleteServersTestJSON:test_delete_server_while_in_attached_volume): 200 GET http://10.180.1.21/volume/v3/volumes/78f768a5-2544-47a0-a156-ec146bbc7e34 0.048s
2025-11-30 14:53:04.713 65739 INFO tempest.lib.common.rest_client [req-cecc30db-489d-40bd-8784-23ae1aec1fa5 req-cecc30db-489d-40bd-8784-23ae1aec1fa5 ] Request (ServerDiskConfigTestJSON:test_rebuild_server_with_manual_disk_config): 200 GET http://10.180.1.21/compute/v2.1/servers/6d7f264b-c3c6-41f8-b0d0-0a41a101fc50 1.560s
2025-11-30 14:53:04.727 65739 INFO tempest.common.waiters [-] State transition "REBUILD/rebuild_spawning" ==> "ACTIVE/None" after 14 second wait
2025-11-30 14:53:04.829 65710 INFO tempest.lib.common.rest_client [req-71780ac8-41de-4ac7-9699-9ef97a37fd97 req-71780ac8-41de-4ac7-9699-9ef97a37fd97 ] Request (ServersNegativeTestJSON:setUpClass): 202 POST http://10.180.1.21/compute/v2.1/servers 2.558s
2025-11-30 14:53:04.860 65730 INFO tempest.lib.common.rest_client [req-0acde22e-cd45-4c42-9e71-390d7d8db420 req-0acde22e-cd45-4c42-9e71-390d7d8db420 ] Request (ServerActionsTestOtherB:test_resize_server_confirm_from_stopped): 200 GET http://10.180.1.21/compute/v2.1/servers/488e8346-72a6-4bee-a0c2-676e26f25b74 1.701s
2025-11-30 14:53:04.871 65730 INFO tempest.common.waiters [-] State transition "RESIZE/resize_migrating" ==> "RESIZE/resize_migrated" after 42 second wait
2025-11-30 14:53:04.954 65721 INFO tempest.lib.common.rest_client [req-6d1097a5-43e9-4ad4-b7a1-2f737413eaa4 req-6d1097a5-43e9-4ad4-b7a1-2f737413eaa4 ] Request (ListServerFiltersTestJSON:tearDownClass): 200 GET http://10.180.1.21/compute/v2.1/servers/2a1d6c6e-a7f6-4a97-b1d6-d7d8b08e470d 1.641s
2025-11-30 14:53:04.989 65735 INFO tempest.lib.common.rest_client [req-43bcce1e-22c7-4ecb-a3d9-85342b5183b8 req-43bcce1e-22c7-4ecb-a3d9-85342b5183b8 ] Request (ServersAdminTestJSON:test_rebuild_server_in_error_state): 200 GET http://10.180.1.21/compute/v2.1/servers/7a4db643-d3ba-43e7-a74f-ea3d1f8f5300 1.765s
2025-11-30 14:53:05.068 65699 INFO tempest.lib.common.rest_client [req-dcc18a1c-8369-434c-a37b-4f024e6f27e8 req-dcc18a1c-8369-434c-a37b-4f024e6f27e8 ] Request (AttachVolumeShelveTestJSON:test_attach_volume_shelved_or_offload_server): 200 GET http://10.180.1.21/compute/v2.1/servers/8d1ab2db-6854-4cb0-8667-20768909f94e 1.685s
2025-11-30 14:53:05.083 65727 INFO tempest.lib.common.rest_client [req-dbffc90d-fb1c-4e28-b52c-4705558d8eb6 req-dbffc90d-fb1c-4e28-b52c-4705558d8eb6 ] Request (ServersAdminNegativeTestJSON:tearDownClass): 200 GET http://10.180.1.21/compute/v2.1/servers/32b9a116-f387-4b82-aec4-2a8efa79d5b3 1.577s
2025-11-30 14:53:05.143 65749 INFO tempest.lib.common.rest_client [req-8c995e5a-2375-4f92-81db-7ee1f225a9e7 req-8c995e5a-2375-4f92-81db-7ee1f225a9e7 ] Request (ServerRescueNegativeTestJSON:setUpClass): 201 POST http://10.180.1.21/networking/v2.0/routers 0.898s
2025-11-30 14:53:05.158 65725 INFO tempest.lib.common.rest_client [req-3214e821-e892-4b12-b084-ac9a8269830c req-3214e821-e892-4b12-b084-ac9a8269830c ] Request (ServersListShow298Test:test_list_show_update_rebuild_server_298): 200 GET http://10.180.1.21/compute/v2.1/servers/b48905b7-3f34-4b35-956b-dc8b092b721b 1.407s
2025-11-30 14:53:05.284 65741 INFO tempest.lib.common.rest_client [req-c5839c29-36d3-4247-a685-2e8834f73feb req-c5839c29-36d3-4247-a685-2e8834f73feb ] Request (ListImageFiltersTestJSON:setUpClass): 200 GET http://10.180.1.21/compute/v2.1/servers/c0777c32-80de-4c5f-b3be-b63bab2167a4 1.329s
2025-11-30 14:53:05.319 65697 INFO tempest.lib.common.rest_client [req-88f26436-baa4-4be2-b509-28ebee175643 req-88f26436-baa4-4be2-b509-28ebee175643 ] Request (MigrationsAdminTest:test_resize_server_revert_deleted_flavor): 200 GET http://10.180.1.21/compute/v2.1/servers/356c7beb-7658-4c7a-914e-ad1611baba5a 1.538s
2025-11-30 14:53:05.361 65723 INFO tempest.lib.common.rest_client [req-bf479cec-bf6a-4176-9c03-966411de1757 req-bf479cec-bf6a-4176-9c03-966411de1757 ] Request (ImagesTestJSON:test_create_server_from_snapshot): 200 GET http://10.180.1.21/compute/v2.1/servers/5f125b0c-0796-4666-a6f1-a5a09e7b9d8c 1.386s
2025-11-30 14:53:05.411 65705 INFO tempest.lib.common.rest_client [req-191c2799-0d81-4fd9-9225-de3be44fbe9e req-191c2799-0d81-4fd9-9225-de3be44fbe9e ] Request (ImagesOneServerNegativeTestJSON:_run_cleanups): 200 GET http://10.180.1.21/compute/v2.1/servers/406b4306-aef4-4f14-87b3-4d6753e51fd8 1.361s
2025-11-30 14:53:05.488 65733 INFO tempest.lib.common.rest_client [req-0e76ce97-441d-450c-981c-47f9e6125ef6 req-0e76ce97-441d-450c-981c-47f9e6125ef6 ] Request (ServersListShow296Test:tearDownClass): 200 GET http://10.180.1.21/compute/v2.1/servers/6ef7cb49-75c9-4e1b-b9ae-de9848163ff8 1.294s
2025-11-30 14:53:05.549 65695 INFO tempest.lib.common.rest_client [req-776e32bc-e152-4b35-a13b-e5a6e99731a9 req-776e32bc-e152-4b35-a13b-e5a6e99731a9 ] Request (ServersTestJSON:test_create_server_with_ipv6_addr_only): 200 GET http://10.180.1.21/compute/v2.1/servers/e1be9318-65c2-4ee7-9bce-a6a448872adf 1.270s
2025-11-30 14:53:05.654 65743 INFO tempest.lib.common.rest_client [req-a69ade89-1cc0-4c7c-8d5c-e46a10f5e1d2 req-a69ade89-1cc0-4c7c-8d5c-e46a10f5e1d2 ] Request (ServerShowV254Test:test_rebuild_server): 200 GET http://10.180.1.21/compute/v2.1/servers/ed694396-ce28-43e6-8da8-f7d98259b63a 1.319s
2025-11-30 14:53:05.748 65707 INFO tempest.lib.common.rest_client [req-6f792d3a-8575-44e5-a996-759782960500 req-6f792d3a-8575-44e5-a996-759782960500 ] Request (DeleteServersTestJSON:test_delete_server_while_in_attached_volume): 200 GET http://10.180.1.21/volume/v3/volumes/78f768a5-2544-47a0-a156-ec146bbc7e34 0.045s
2025-11-30 14:53:05.764 65755 INFO tempest.lib.common.rest_client [req-5333e7e1-12c2-40e2-b663-a8a677f794eb req-5333e7e1-12c2-40e2-b663-a8a677f794eb ] Request (ServersTestBootFromVolume:setUpClass): 200 GET http://10.180.1.21/compute/v2.1/servers/3a2f7345-0e3f-4d39-a175-39c23c1caf24 1.339s
2025-11-30 14:53:05.821 65757 INFO tempest.lib.common.rest_client [req-6b995a42-e303-4dda-9601-1ba91be82ac8 req-6b995a42-e303-4dda-9601-1ba91be82ac8 ] Request (SecurityGroupsTestJSON:test_list_security_groups_by_server): 200 GET http://10.180.1.21/compute/v2.1/servers/4def18de-0f5e-4eed-8922-7682e340c997 1.210s
2025-11-30 14:53:05.901 65710 INFO tempest.lib.common.rest_client [req-2b2bdbda-b9b7-4020-83e9-b5d9fea7d192 req-2b2bdbda-b9b7-4020-83e9-b5d9fea7d192 ] Request (ServersNegativeTestJSON:setUpClass): 200 GET http://10.180.1.21/compute/v2.1/servers/4134ed07-32a8-46a3-8002-039c0a17e585 1.071s
2025-11-30 14:53:05.936 65739 INFO tempest.lib.common.rest_client [req-b797c816-7ee2-4884-8e38-88100130955c req-b797c816-7ee2-4884-8e38-88100130955c ] Request (ServerDiskConfigTestJSON:test_rebuild_server_with_manual_disk_config): 200 GET http://10.180.1.21/compute/v2.1/servers/6d7f264b-c3c6-41f8-b0d0-0a41a101fc50 1.209s
2025-11-30 14:53:06.009 65703 INFO tempest.lib.common.rest_client [req-68ad5ff5-b79d-4134-9dbf-79842db08bba req-68ad5ff5-b79d-4134-9dbf-79842db08bba ] Request (InstanceActionsNegativeTestJSON:tearDownClass): 200 GET http://10.180.1.21/compute/v2.1/servers/52a0434b-a604-44d8-8b9b-9ee8d7eee2f0 0.975s
2025-11-30 14:53:06.021 65703 INFO tempest.common.waiters [-] State transition "ACTIVE/deleting" ==> "DELETED/None" after 5 second wait
2025-11-30 14:53:06.098 65735 INFO tempest.lib.common.rest_client [req-05f116eb-9a0e-4a4f-a5a6-ef1e31694353 req-05f116eb-9a0e-4a4f-a5a6-ef1e31694353 ] Request (ServersAdminTestJSON:_run_cleanups): 202 POST http://10.180.1.21/compute/v2.1/servers/7a4db643-d3ba-43e7-a74f-ea3d1f8f5300/action 1.100s
2025-11-30 14:53:06.126 65749 INFO tempest.lib.common.rest_client [req-58c3c9da-f690-429c-bdc8-681ec9ab35dc req-58c3c9da-f690-429c-bdc8-681ec9ab35dc ] Request (ServerRescueNegativeTestJSON:setUpClass): 200 PUT http://10.180.1.21/networking/v2.0/routers/68880bf8-8dd7-4ba4-9959-c55be783cc81/add_router_interface 0.982s
2025-11-30 14:53:06.126 65749 INFO tempest.lib.common.dynamic_creds [-] Created isolated network resources for: credentials: Credentials: {'domain_id': 'default', 'domain_name': 'Default', 'username': 'tempest-ServerRescueNegativeTestJSON-1238940668-project-member', 'project_domain_id': 'default', 'project_domain_name': 'Default', 'project_id': '6ba5cf35f09e484f849275379c658b77', 'project_name': 'tempest-ServerRescueNegativeTestJSON-1238940668', 'tenant_id': '6ba5cf35f09e484f849275379c658b77', 'tenant_name': 'tempest-ServerRescueNegativeTestJSON-1238940668', 'user_domain_id': 'default', 'user_domain_name': 'Default', 'user_id': '89e94f6342774cffa81a5ded15d9f78e', 'system': None}, Network: {'id': '3851d300-e135-4805-b038-4c94b1285729', 'name': 'tempest-ServerRescueNegativeTestJSON-1305802724-network', 'tenant_id': '6ba5cf35f09e484f849275379c658b77', 'project_id': '6ba5cf35f09e484f849275379c658b77', 'admin_state_up': True, 'mtu': 8950, 'status': 'ACTIVE', 'subnets': [], 'shared': False, 'port_security_enabled': True, 'router:external': False, 'provider:network_type': 'vlan', 'provider:physical_network': 'default', 'provider:segmentation_id': 519, 'availability_zone_hints': [], 'availability_zones': [], 'ipv4_address_scope': None, 'ipv6_address_scope': None, 'description': '', 'tags': [], 'created_at': '2025-11-30T14:53:03Z', 'updated_at': '2025-11-30T14:53:03Z', 'revision_number': 1}, Subnet: {'id': '10059d6e-bc85-4910-be05-ca809d7f8465', 'name': 'tempest-ServerRescueNegativeTestJSON-1305802724-subnet', 'tenant_id': '6ba5cf35f09e484f849275379c658b77', 'network_id': '3851d300-e135-4805-b038-4c94b1285729', 'ip_version': 4, 'subnetpool_id': None, 'enable_dhcp': True, 'ipv6_ra_mode': None, 'ipv6_address_mode': None, 'gateway_ip': '192.168.128.1', 'cidr': '192.168.128.0/28', 'allocation_pools': [{'start': '192.168.128.2', 'end': '192.168.128.14'}], 'host_routes': [], 'dns_nameservers': [], 'description': '', 'router:external': False, 'service_types': [], 'tags': [], 'created_at': '2025-11-30T14:53:04Z', 'updated_at': '2025-11-30T14:53:04Z', 'revision_number': 0, 'project_id': '6ba5cf35f09e484f849275379c658b77'}, Router: {'id': '68880bf8-8dd7-4ba4-9959-c55be783cc81', 'name': 'tempest-ServerRescueNegativeTestJSON-1305802724-router', 'tenant_id': '6ba5cf35f09e484f849275379c658b77', 'admin_state_up': True, 'status': 'ACTIVE', 'external_gateway_info': {'network_id': '4f2a3433-7029-4687-ac90-f16d3128a5e7', 'external_fixed_ips': [{'subnet_id': '380baa23-9e13-4bb1-98d8-a5196c86e485', 'ip_address': '10.180.180.190'}], 'enable_snat': True}, 'description': '', 'availability_zones': [], 'distributed': False, 'ha': False, 'availability_zone_hints': [], 'routes': [], 'flavor_id': None, 'tags': [], 'created_at': '2025-11-30T14:53:04Z', 'updated_at': '2025-11-30T14:53:04Z', 'revision_number': 2, 'project_id': '6ba5cf35f09e484f849275379c658b77'}
2025-11-30 14:53:06.193 65739 INFO tempest.lib.common.rest_client [req-1604348f-c687-41c6-98c5-9c00f955bb65 req-1604348f-c687-41c6-98c5-9c00f955bb65 ] Request (ServerDiskConfigTestJSON:_run_cleanups): 204 DELETE http://10.180.1.21/compute/v2.1/servers/6d7f264b-c3c6-41f8-b0d0-0a41a101fc50 0.250s
2025-11-30 14:53:06.272 65749 INFO tempest.lib.common.rest_client [req-a7c61305-b405-427d-8ded-cedea746d45f req-a7c61305-b405-427d-8ded-cedea746d45f ] Request (ServerRescueNegativeTestJSON:setUpClass): 201 POST http://10.180.1.21/identity/v3/auth/tokens 0.140s
2025-11-30 14:53:06.274 65730 INFO tempest.lib.common.rest_client [req-dff6d69c-e4de-4ef0-a555-9a09a1e6d3cc req-dff6d69c-e4de-4ef0-a555-9a09a1e6d3cc ] Request (ServerActionsTestOtherB:test_resize_server_confirm_from_stopped): 200 GET http://10.180.1.21/compute/v2.1/servers/488e8346-72a6-4bee-a0c2-676e26f25b74 0.401s
2025-11-30 14:53:06.314 65721 INFO tempest.lib.common.rest_client [req-8e93b611-9b6e-4ef6-9064-0bca017d65ca req-8e93b611-9b6e-4ef6-9064-0bca017d65ca ] Request (ListServerFiltersTestJSON:tearDownClass): 200 GET http://10.180.1.21/compute/v2.1/servers/2a1d6c6e-a7f6-4a97-b1d6-d7d8b08e470d 0.351s
