2025-11-30 14:53:37.707 65697 INFO tempest.lib.common.rest_client [req-8303544f-c282-438b-a975-66efe49563d9 req-8303544f-c282-438b-a975-66efe49563d9 ] Request (MigrationsAdminTest:test_resize_server_revert_deleted_flavor): 200 GET http://10.180.1.21/compute/v2.1/servers/356c7beb-7658-4c7a-914e-ad1611baba5a 0.211s
2025-11-30 14:53:37.719 65743 INFO tempest.lib.common.rest_client [req-83b7759b-9152-402c-b786-8e797b953149 req-83b7759b-9152-402c-b786-8e797b953149 ] Request (ServerShowV254Test:tearDownClass): 200 GET http://10.180.1.21/compute/v2.1/servers/ed694396-ce28-43e6-8da8-f7d98259b63a 0.093s
2025-11-30 14:53:37.809 65725 INFO tempest.lib.common.rest_client [req-9f345afa-9ce1-471d-8b8c-8d2752e856f1 req-9f345afa-9ce1-471d-8b8c-8d2752e856f1 ] Request (ServersListShow298Test:test_list_show_update_rebuild_server_298): 200 GET http://10.180.1.21/compute/v2.1/servers/b48905b7-3f34-4b35-956b-dc8b092b721b 0.067s
2025-11-30 14:53:37.821 65741 INFO tempest.lib.common.rest_client [req-5c5c6a6c-acea-41b4-8d74-2f93978b46a9 req-5c5c6a6c-acea-41b4-8d74-2f93978b46a9 ] Request (ListImageFiltersTestJSON:setUpClass): 200 GET http://10.180.1.21/compute/v2.1/servers/c0777c32-80de-4c5f-b3be-b63bab2167a4 0.132s
2025-11-30 14:53:37.875 65727 INFO tempest.lib.common.rest_client [req-d9e55c89-f47b-4d0f-8318-3cf1902dd026 req-d9e55c89-f47b-4d0f-8318-3cf1902dd026 ] Request (ServersAdminNegativeTestJSON:tearDownClass): 200 GET http://10.180.1.21/compute/v2.1/servers/9abdd9c0-ebc5-4065-bf84-7e096481983c 0.092s
2025-11-30 14:53:37.899 65707 INFO tempest.lib.common.rest_client [req-118a95a9-56f2-41cb-aa1e-cfaed6df0e66 req-118a95a9-56f2-41cb-aa1e-cfaed6df0e66 ] Request (DeleteServersTestJSON:test_delete_server_while_in_attached_volume): 200 GET http://10.180.1.21/compute/v2.1/servers/d28339a1-dda7-4bdb-8483-d54f5f1537d3 0.073s
2025-11-30 14:53:37.932 65710 INFO tempest.lib.common.rest_client [req-e0b33188-027d-44ac-9383-aaf4fb30e5a9 req-e0b33188-027d-44ac-9383-aaf4fb30e5a9 ] Request (ServersNegativeTestJSON:setUpClass): 200 GET http://10.180.1.21/compute/v2.1/servers/4134ed07-32a8-46a3-8002-039c0a17e585 0.067s
2025-11-30 14:53:37.961 65703 INFO tempest.lib.common.rest_client [req-984d9705-4d0c-4255-9492-3926ccb5bb57 req-984d9705-4d0c-4255-9492-3926ccb5bb57 ] Request (InstanceActionsNegativeTestJSON:tearDownClass): 404 GET http://10.180.1.21/compute/v2.1/servers/52a0434b-a604-44d8-8b9b-9ee8d7eee2f0 0.020s
2025-11-30 14:53:38.058 65739 INFO tempest.lib.common.rest_client [req-eadbd816-35e8-47a7-a293-ae49bbc5e614 req-eadbd816-35e8-47a7-a293-ae49bbc5e614 ] Request (ServerDiskConfigTestJSON:test_resize_server_from_auto_to_manual): 200 GET http://10.180.1.21/compute/v2.1/servers/08e3e376-6f32-474e-96e0-d7eb3820dbf7 0.063s
2025-11-30 14:53:38.086 65723 INFO tempest.lib.common.rest_client [req-614fec19-6a4e-42b5-a83d-1f0621e324d4 req-614fec19-6a4e-42b5-a83d-1f0621e324d4 ] Request (ImagesTestJSON:test_create_server_from_snapshot): 200 GET http://10.180.1.21/compute/v2.1/servers/5f125b0c-0796-4666-a6f1-a5a09e7b9d8c 0.142s
2025-11-30 14:53:38.214 65749 INFO tempest.lib.common.rest_client [req-7949bc6f-e866-4a4e-b504-35f25f491bf2 req-7949bc6f-e866-4a4e-b504-35f25f491bf2 ] Request (ServerRescueNegativeTestJSON:setUpClass): 200 GET http://10.180.1.21/compute/v2.1/servers/52483487-6d3d-451b-905d-403a5effe767 0.085s
2025-11-30 14:53:38.275 65730 INFO tempest.lib.common.rest_client [req-937c6900-f27b-4a1b-b388-da6e497840b9 req-937c6900-f27b-4a1b-b388-da6e497840b9 ] Request (ServerActionsTestOtherB:test_resize_server_confirm_from_stopped): 200 GET http://10.180.1.21/compute/v2.1/servers/488e8346-72a6-4bee-a0c2-676e26f25b74 0.128s
2025-11-30 14:53:38.590 65721 INFO tempest.lib.common.rest_client [req-9b4a830e-4261-4abf-b3e8-c4944dd870dc req-9b4a830e-4261-4abf-b3e8-c4944dd870dc ] Request (ListServerFiltersTestJSON:tearDownClass): 200 GET http://10.180.1.21/compute/v2.1/servers/e065eef3-df64-49e2-87e1-85ea92f8fb62 0.165s
2025-11-30 14:53:38.732 65699 INFO tempest.lib.common.rest_client [req-48f2f944-fdf2-4f43-a4df-4b9c39e78a86 req-48f2f944-fdf2-4f43-a4df-4b9c39e78a86 ] Request (AttachVolumeShelveTestJSON:test_attach_volume_shelved_or_offload_server): 200 GET http://10.180.1.21/compute/v2.1/servers/8d1ab2db-6854-4cb0-8667-20768909f94e 0.299s
2025-11-30 14:53:38.750 65705 INFO tempest.lib.common.rest_client [req-55bdcfaa-600e-4323-b6f9-b2d12d986aad req-55bdcfaa-600e-4323-b6f9-b2d12d986aad ] Request (ImagesOneServerNegativeTestJSON:_run_cleanups): 200 GET http://10.180.1.21/compute/v2.1/servers/4bc74e93-110e-410b-b9f0-0a97beb0a1c2 0.263s
2025-11-30 14:53:38.827 65703 INFO tempest.lib.common.rest_client [req-3e0fed3b-6f64-4674-895c-52094e29ba5a req-3e0fed3b-6f64-4674-895c-52094e29ba5a ] Request (InstanceActionsNegativeTestJSON:tearDownClass): 200 PUT http://10.180.1.21/networking/v2.0/routers/838e38d4-93e6-4e5b-a0f5-dd51b80ef3d6/remove_router_interface 0.865s
2025-11-30 14:53:38.849 65735 INFO tempest.lib.common.rest_client [req-bbbca9d5-625b-4e5b-905e-3dc1d1d82b8d req-bbbca9d5-625b-4e5b-905e-3dc1d1d82b8d ] Request (ServersAdminTestJSON:tearDownClass): 200 GET http://10.180.1.21/compute/v2.1/servers/02f59f91-69c5-4d65-81e4-84be577ba445 0.350s
2025-11-30 14:53:38.861 65757 INFO tempest.lib.common.rest_client [req-ae2d0ff7-77ae-43ff-aa4e-9f13c9cab228 req-ae2d0ff7-77ae-43ff-aa4e-9f13c9cab228 ] Request (SecurityGroupsTestJSON:test_server_security_groups): 200 GET http://10.180.1.21/compute/v2.1/servers/51ab5486-8d72-42c4-93ff-792df79d8fa8 0.306s
2025-11-30 14:53:38.938 65733 INFO tempest.lib.common.rest_client [req-b1347d7b-3bdd-4187-b4f3-78c2043ec090 req-b1347d7b-3bdd-4187-b4f3-78c2043ec090 ] Request (ServersNegativeTestMultiTenantJSON:setUpClass): 200 GET http://10.180.1.21/compute/v2.1/servers/10b8416a-d9f1-447d-adda-e770094afe8d 0.309s
2025-11-30 14:53:38.970 65695 INFO tempest.lib.common.rest_client [req-ebc4d5a5-14f8-4def-ad59-5c7b5712c96e req-ebc4d5a5-14f8-4def-ad59-5c7b5712c96e ] Request (ServersTestJSON:_run_cleanups): 200 GET http://10.180.1.21/compute/v2.1/servers/e1be9318-65c2-4ee7-9bce-a6a448872adf 0.389s
2025-11-30 14:53:39.098 65743 INFO tempest.lib.common.rest_client [req-9341ba15-32ab-40c8-8ee3-a2aa195332f4 req-9341ba15-32ab-40c8-8ee3-a2aa195332f4 ] Request (ServerShowV254Test:tearDownClass): 200 GET http://10.180.1.21/compute/v2.1/servers/ed694396-ce28-43e6-8da8-f7d98259b63a 0.369s
2025-11-30 14:53:39.132 65697 INFO tempest.lib.common.rest_client [req-c407a641-7ce7-4438-a211-18646d09bbc5 req-c407a641-7ce7-4438-a211-18646d09bbc5 ] Request (MigrationsAdminTest:test_resize_server_revert_deleted_flavor): 200 GET http://10.180.1.21/compute/v2.1/servers/356c7beb-7658-4c7a-914e-ad1611baba5a 0.417s
2025-11-30 14:53:39.145 65697 INFO tempest.common.waiters [-] State transition "RESIZE/resize_finish" ==> "VERIFY_RESIZE/None" after 52 second wait
2025-11-30 14:53:39.197 65725 INFO tempest.lib.common.rest_client [req-3cbc7ccf-a36b-49de-b264-a156d21e171c req-3cbc7ccf-a36b-49de-b264-a156d21e171c ] Request (ServersListShow298Test:test_list_show_update_rebuild_server_298): 200 GET http://10.180.1.21/compute/v2.1/servers/b48905b7-3f34-4b35-956b-dc8b092b721b 0.371s
2025-11-30 14:53:39.275 65703 INFO tempest.lib.common.rest_client [req-f8291727-490f-48f4-8cb9-25ff77c3ef7c req-f8291727-490f-48f4-8cb9-25ff77c3ef7c ] Request (InstanceActionsNegativeTestJSON:tearDownClass): 204 DELETE http://10.180.1.21/networking/v2.0/routers/838e38d4-93e6-4e5b-a0f5-dd51b80ef3d6 0.448s
2025-11-30 14:53:39.275 65741 INFO tempest.lib.common.rest_client [req-0be748fb-458f-4e3e-aa30-add6cfb54d43 req-0be748fb-458f-4e3e-aa30-add6cfb54d43 ] Request (ListImageFiltersTestJSON:setUpClass): 200 GET http://10.180.1.21/compute/v2.1/servers/c0777c32-80de-4c5f-b3be-b63bab2167a4 0.445s
2025-11-30 14:53:39.288 65727 INFO tempest.lib.common.rest_client [req-fcd22f12-b8a8-4359-ac5a-aea20d8ae79b req-fcd22f12-b8a8-4359-ac5a-aea20d8ae79b ] Request (ServersAdminNegativeTestJSON:tearDownClass): 200 GET http://10.180.1.21/compute/v2.1/servers/9abdd9c0-ebc5-4065-bf84-7e096481983c 0.404s
2025-11-30 14:53:39.353 65707 INFO tempest.lib.common.rest_client [req-d0cbe625-ac7e-4787-9e7a-511d385ccd69 req-d0cbe625-ac7e-4787-9e7a-511d385ccd69 ] Request (DeleteServersTestJSON:test_delete_server_while_in_attached_volume): 200 GET http://10.180.1.21/compute/v2.1/servers/d28339a1-dda7-4bdb-8483-d54f5f1537d3 0.446s
2025-11-30 14:53:39.368 65710 INFO tempest.lib.common.rest_client [req-3ed3c5ad-a7e0-495f-bc44-3b7686eeddfa req-3ed3c5ad-a7e0-495f-bc44-3b7686eeddfa ] Request (ServersNegativeTestJSON:setUpClass): 200 GET http://10.180.1.21/compute/v2.1/servers/4134ed07-32a8-46a3-8002-039c0a17e585 0.428s
2025-11-30 14:53:39.407 65703 INFO tempest.lib.common.rest_client [req-656951ff-9348-47c7-84fc-c52347b8d726 req-656951ff-9348-47c7-84fc-c52347b8d726 ] Request (InstanceActionsNegativeTestJSON:tearDownClass): 204 DELETE http://10.180.1.21/networking/v2.0/subnets/57a2774a-b142-4e09-a35e-a34d9f0b7df9 0.132s
2025-11-30 14:53:39.428 65739 INFO tempest.lib.common.rest_client [req-0c65ee22-32aa-4617-9ebc-6e4d0b974129 req-0c65ee22-32aa-4617-9ebc-6e4d0b974129 ] Request (ServerDiskConfigTestJSON:test_resize_server_from_auto_to_manual): 200 GET http://10.180.1.21/compute/v2.1/servers/08e3e376-6f32-474e-96e0-d7eb3820dbf7 0.357s
2025-11-30 14:53:39.544 65723 INFO tempest.lib.common.rest_client [req-f0b605c6-3772-495d-9322-4cace700eaa7 req-f0b605c6-3772-495d-9322-4cace700eaa7 ] Request (ImagesTestJSON:test_create_server_from_snapshot): 200 GET http://10.180.1.21/compute/v2.1/servers/5f125b0c-0796-4666-a6f1-a5a09e7b9d8c 0.450s
2025-11-30 14:53:39.578 65697 INFO tempest.lib.common.rest_client [req-35647290-142a-4cd5-ac85-30594a9f4709 req-35647290-142a-4cd5-ac85-30594a9f4709 ] Request (MigrationsAdminTest:test_resize_server_revert_deleted_flavor): 202 POST http://10.180.1.21/compute/v2.1/servers/356c7beb-7658-4c7a-914e-ad1611baba5a/action 0.432s
2025-11-30 14:53:39.650 65749 INFO tempest.lib.common.rest_client [req-250e1c54-4fc5-4885-a4c5-817c5afb794d req-250e1c54-4fc5-4885-a4c5-817c5afb794d ] Request (ServerRescueNegativeTestJSON:setUpClass): 200 GET http://10.180.1.21/compute/v2.1/servers/52483487-6d3d-451b-905d-403a5effe767 0.426s
2025-11-30 14:53:39.703 65737 WARNING tempest.lib.common.ssh [-] Failed to establish authenticated ssh connection to cirros@10.180.180.150 ([Errno None] Unable to connect to port 22 on 10.180.180.150). Number attempts: 13. Retry after 14 seconds.: paramiko.ssh_exception.NoValidConnectionsError: [Errno None] Unable to connect to port 22 on 10.180.180.150
2025-11-30 14:53:39.824 65730 INFO tempest.lib.common.rest_client [req-a755b742-f1eb-4430-8805-53c6b635d813 req-a755b742-f1eb-4430-8805-53c6b635d813 ] Request (ServerActionsTestOtherB:test_resize_server_confirm_from_stopped): 200 GET http://10.180.1.21/compute/v2.1/servers/488e8346-72a6-4bee-a0c2-676e26f25b74 0.537s
2025-11-30 14:53:39.834 65703 INFO tempest.lib.common.rest_client [req-8f317d17-e1ba-4501-8b43-755c26007723 req-8f317d17-e1ba-4501-8b43-755c26007723 ] Request (InstanceActionsNegativeTestJSON:tearDownClass): 204 DELETE http://10.180.1.21/networking/v2.0/networks/fdd27edf-9400-46ed-9d97-980181b24491 0.426s
2025-11-30 14:53:39.851 65697 INFO tempest.lib.common.rest_client [req-9c9f69f4-8502-4d95-b19e-da7045ee6f6e req-9c9f69f4-8502-4d95-b19e-da7045ee6f6e ] Request (MigrationsAdminTest:test_resize_server_revert_deleted_flavor): 200 GET http://10.180.1.21/compute/v2.1/servers/356c7beb-7658-4c7a-914e-ad1611baba5a 0.273s
2025-11-30 14:53:39.896 65721 INFO tempest.lib.common.rest_client [req-37e7f40a-f065-4c45-86b1-7ad615d7a1f4 req-37e7f40a-f065-4c45-86b1-7ad615d7a1f4 ] Request (ListServerFiltersTestJSON:tearDownClass): 200 GET http://10.180.1.21/compute/v2.1/servers/e065eef3-df64-49e2-87e1-85ea92f8fb62 0.295s
2025-11-30 14:53:39.902 65721 INFO tempest.common.waiters [-] State transition "ACTIVE/deleting" ==> "DELETED/None" after 3 second wait
2025-11-30 14:53:39.970 65705 INFO tempest.lib.common.rest_client [req-76ce3b0f-22d5-4fa4-9302-15f5a309d592 req-76ce3b0f-22d5-4fa4-9302-15f5a309d592 ] Request (ImagesOneServerNegativeTestJSON:_run_cleanups): 200 GET http://10.180.1.21/compute/v2.1/servers/4bc74e93-110e-410b-b9f0-0a97beb0a1c2 0.211s
2025-11-30 14:53:39.992 65703 INFO tempest.lib.common.rest_client [req-618dcfd8-1837-4ad4-9a25-00aac439ec33 req-618dcfd8-1837-4ad4-9a25-00aac439ec33 ] Request (InstanceActionsNegativeTestJSON:tearDownClass): 204 DELETE http://10.180.1.21/identity/v3/users/98b9bae7876e45a1ac487cff0185a1ad 0.157s
2025-11-30 14:53:39.992 65703 INFO tempest.lib.common.dynamic_creds [-] Deleting project and security group for project: 81364bcd08234f438beb736d7a68e725
2025-11-30 14:53:40.029 65699 INFO tempest.lib.common.rest_client [req-bd3932fb-e25e-4661-aec0-1bda614fb496 req-bd3932fb-e25e-4661-aec0-1bda614fb496 ] Request (AttachVolumeShelveTestJSON:test_attach_volume_shelved_or_offload_server): 200 GET http://10.180.1.21/compute/v2.1/servers/8d1ab2db-6854-4cb0-8667-20768909f94e 0.284s
2025-11-30 14:53:40.031 65703 INFO tempest.lib.common.rest_client [req-6726329b-ae48-4900-9e9a-3f2de7fb3893 req-6726329b-ae48-4900-9e9a-3f2de7fb3893 ] Request (InstanceActionsNegativeTestJSON:tearDownClass): 200 GET http://10.180.1.21/networking/v2.0/security-groups?tenant_id=81364bcd08234f438beb736d7a68e725&name=default 0.038s
2025-11-30 14:53:40.048 65735 INFO tempest.lib.common.rest_client [req-6a90dbd0-b64e-4c64-bc4f-b7c15b0f48c0 req-6a90dbd0-b64e-4c64-bc4f-b7c15b0f48c0 ] Request (ServersAdminTestJSON:tearDownClass): 200 GET http://10.180.1.21/compute/v2.1/servers/02f59f91-69c5-4d65-81e4-84be577ba445 0.190s
2025-11-30 14:53:40.098 65757 INFO tempest.lib.common.rest_client [req-915f5820-1519-477b-9c41-48f7657cbb9e req-915f5820-1519-477b-9c41-48f7657cbb9e ] Request (SecurityGroupsTestJSON:test_server_security_groups): 200 GET http://10.180.1.21/compute/v2.1/servers/51ab5486-8d72-42c4-93ff-792df79d8fa8 0.228s
2025-11-30 14:53:40.119 65733 INFO tempest.lib.common.rest_client [req-deac64ff-3869-45fe-806d-42ccd20e64e8 req-deac64ff-3869-45fe-806d-42ccd20e64e8 ] Request (ServersNegativeTestMultiTenantJSON:setUpClass): 200 GET http://10.180.1.21/compute/v2.1/servers/10b8416a-d9f1-447d-adda-e770094afe8d 0.169s
2025-11-30 14:53:40.159 65703 INFO tempest.lib.common.rest_client [req-8f785100-88c3-4890-bc56-21d7140be665 req-8f785100-88c3-4890-bc56-21d7140be665 ] Request (InstanceActionsNegativeTestJSON:tearDownClass): 204 DELETE http://10.180.1.21/networking/v2.0/security-groups/48139cdd-e13a-43ed-965b-989f37bbcdc8 0.127s
2025-11-30 14:53:40.188 65695 INFO tempest.lib.common.rest_client [req-823991e9-d324-40d7-9fbe-6f4516bc718a req-823991e9-d324-40d7-9fbe-6f4516bc718a ] Request (ServersTestJSON:_run_cleanups): 200 GET http://10.180.1.21/compute/v2.1/servers/e1be9318-65c2-4ee7-9bce-a6a448872adf 0.210s
2025-11-30 14:53:40.226 65743 INFO tempest.lib.common.rest_client [req-d136e86b-2a95-4c72-b414-227777a49de2 req-d136e86b-2a95-4c72-b414-227777a49de2 ] Request (ServerShowV254Test:tearDownClass): 200 GET http://10.180.1.21/compute/v2.1/servers/ed694396-ce28-43e6-8da8-f7d98259b63a 0.117s
2025-11-30 14:53:40.288 65725 INFO tempest.lib.common.rest_client [req-7addc652-02fb-4a34-b68f-b16f2b7a3d72 req-7addc652-02fb-4a34-b68f-b16f2b7a3d72 ] Request (ServersListShow298Test:test_list_show_update_rebuild_server_298): 200 GET http://10.180.1.21/compute/v2.1/servers/b48905b7-3f34-4b35-956b-dc8b092b721b 0.078s
2025-11-30 14:53:40.290 65703 INFO tempest.lib.common.rest_client [req-eaec07b3-47c0-4552-8b5a-00feacc68b71 req-eaec07b3-47c0-4552-8b5a-00feacc68b71 ] Request (InstanceActionsNegativeTestJSON:tearDownClass): 204 DELETE http://10.180.1.21/identity/v3/projects/81364bcd08234f438beb736d7a68e725 0.131s
2025-11-30 14:53:40.359 65703 INFO tempest.lib.common.rest_client [req-0871d023-8f09-40cf-b5cf-57d91feeeeff req-0871d023-8f09-40cf-b5cf-57d91feeeeff ] Request (MultipleCreateTestJSON:setUpClass): 201 POST http://10.180.1.21/identity/v3/auth/tokens 0.067s
2025-11-30 14:53:40.370 65727 INFO tempest.lib.common.rest_client [req-2c385c41-6bec-47e8-84fd-a8bfbc0528d5 req-2c385c41-6bec-47e8-84fd-a8bfbc0528d5 ] Request (ServersAdminNegativeTestJSON:tearDownClass): 200 GET http://10.180.1.21/compute/v2.1/servers/9abdd9c0-ebc5-4065-bf84-7e096481983c 0.066s
2025-11-30 14:53:40.395 65703 INFO tempest.lib.common.rest_client [req-a456012a-58e8-41ad-a040-8e43912443af req-a456012a-58e8-41ad-a040-8e43912443af ] Request (MultipleCreateTestJSON:setUpClass): 201 POST http://10.180.1.21/identity/v3/auth/tokens 0.033s
2025-11-30 14:53:40.396 65741 INFO tempest.lib.common.rest_client [req-2299f1ed-659b-4fc0-9a9c-33c02d9e3753 req-2299f1ed-659b-4fc0-9a9c-33c02d9e3753 ] Request (ListImageFiltersTestJSON:setUpClass): 200 GET http://10.180.1.21/compute/v2.1/servers/c0777c32-80de-4c5f-b3be-b63bab2167a4 0.110s
2025-11-30 14:53:40.437 65707 INFO tempest.lib.common.rest_client [req-87b7b639-57eb-4f41-be35-84059474110a req-87b7b639-57eb-4f41-be35-84059474110a ] Request (DeleteServersTestJSON:test_delete_server_while_in_attached_volume): 200 GET http://10.180.1.21/compute/v2.1/servers/d28339a1-dda7-4bdb-8483-d54f5f1537d3 0.072s
2025-11-30 14:53:40.438 65703 INFO tempest.lib.common.rest_client [req-4d227590-887b-4f6e-a318-d4a6a7d8175b req-4d227590-887b-4f6e-a318-d4a6a7d8175b ] Request (MultipleCreateTestJSON:setUpClass): 200 GET http://10.180.1.21/identity/v3/domains?name=Default 0.041s
2025-11-30 14:53:40.460 65710 INFO tempest.lib.common.rest_client [req-04a99f81-edc8-4b7c-beeb-01f22cf82b5b req-04a99f81-edc8-4b7c-beeb-01f22cf82b5b ] Request (ServersNegativeTestJSON:setUpClass): 200 GET http://10.180.1.21/compute/v2.1/servers/4134ed07-32a8-46a3-8002-039c0a17e585 0.085s
2025-11-30 14:53:40.467 65710 INFO tempest.common.waiters [-] State transition "BUILD/None" ==> "BUILD/networking" after 35 second wait
2025-11-30 14:53:40.468 65703 INFO tempest.lib.common.rest_client [req-9495e5bc-a496-4166-8ecb-772bdf74842b req-9495e5bc-a496-4166-8ecb-772bdf74842b ] Request (MultipleCreateTestJSON:setUpClass): 201 POST http://10.180.1.21/identity/v3/projects 0.030s
2025-11-30 14:53:40.493 65739 INFO tempest.lib.common.rest_client [req-a82b1075-46b2-47e1-b6aa-6db9ed77c498 req-a82b1075-46b2-47e1-b6aa-6db9ed77c498 ] Request (ServerDiskConfigTestJSON:test_resize_server_from_auto_to_manual): 200 GET http://10.180.1.21/compute/v2.1/servers/08e3e376-6f32-474e-96e0-d7eb3820dbf7 0.053s
2025-11-30 14:53:40.562 65703 INFO tempest.lib.common.rest_client [req-2d20bea5-52d1-461e-9dd8-51743b38dad5 req-2d20bea5-52d1-461e-9dd8-51743b38dad5 ] Request (MultipleCreateTestJSON:setUpClass): 201 POST http://10.180.1.21/identity/v3/users 0.093s
2025-11-30 14:53:40.587 65703 INFO tempest.lib.common.rest_client [req-8f5f7303-e662-4b55-a36e-4abd17cbf2f4 req-8f5f7303-e662-4b55-a36e-4abd17cbf2f4 ] Request (MultipleCreateTestJSON:setUpClass): 200 GET http://10.180.1.21/identity/v3/roles 0.025s
2025-11-30 14:53:40.627 65703 INFO tempest.lib.common.rest_client [req-6e15d042-f165-457a-9bae-8bccb7fc4e4e req-6e15d042-f165-457a-9bae-8bccb7fc4e4e ] Request (MultipleCreateTestJSON:setUpClass): 204 PUT http://10.180.1.21/identity/v3/projects/732449cedf0044ddbeed6ed9ca4e7a35/users/043d8382d9c5493ab1a7f743d97aa180/roles/3bcd27005f13446eb435de872da0f926 0.040s
2025-11-30 14:53:40.627 65703 INFO tempest.lib.common.dynamic_creds [-] Dynamic test user 043d8382d9c5493ab1a7f743d97aa180 is created with scope project and roles: ['member']
2025-11-30 14:53:40.628 65703 INFO tempest.lib.common.dynamic_creds [-] Acquired dynamic creds: credentials: Credentials: {'domain_id': 'default', 'domain_name': 'Default', 'username': 'tempest-MultipleCreateTestJSON-1763076480-project-member', 'project_domain_id': 'default', 'project_domain_name': 'Default', 'project_id': '732449cedf0044ddbeed6ed9ca4e7a35', 'project_name': 'tempest-MultipleCreateTestJSON-1763076480', 'tenant_id': '732449cedf0044ddbeed6ed9ca4e7a35', 'tenant_name': 'tempest-MultipleCreateTestJSON-1763076480', 'user_domain_id': 'default', 'user_domain_name': 'Default', 'user_id': '043d8382d9c5493ab1a7f743d97aa180', 'system': None}, Network: None, Subnet: None, Router: None
2025-11-30 14:53:40.699 65713 ERROR tempest.lib.common.ssh [-] Failed to establish authenticated ssh connection to cirros@10.180.180.166 after 16 attempts. Proxy client: no proxy client: paramiko.ssh_exception.NoValidConnectionsError: [Errno None] Unable to connect to port 22 on 10.180.180.166
2025-11-30 14:53:40.699 65713 ERROR tempest.lib.common.ssh
Traceback (most recent call last):
2025-11-30 14:53:40.699 65713 ERROR tempest.lib.common.ssh
File "/opt/stack/tempest/tempest/lib/common/ssh.py", line 136, in _get_ssh_connection
2025-11-30 14:53:40.699 65713 ERROR tempest.lib.common.ssh ssh.connect(self.host, port=self.port, username=self.username,
2025-11-30 14:53:40.699 65713 ERROR tempest.lib.common.ssh
File "/opt/stack/tempest/.tox/venv/lib/python3.10/site-packages/paramiko/client.py", line 407, in connect
2025-11-30 14:53:40.699 65713 ERROR tempest.lib.common.ssh raise NoValidConnectionsError(errors)
2025-11-30 14:53:40.699 65713 ERROR tempest.lib.common.ssh paramiko.ssh_exception.NoValidConnectionsError: [Errno None] Unable to connect to port 22 on 10.180.180.166
2025-11-30 14:53:40.699 65713 ERROR tempest.lib.common.ssh
2025-11-30 14:53:40.706 65723 INFO tempest.lib.common.rest_client [req-3f96e872-6782-49a6-a54a-334fa71f8c1d req-3f96e872-6782-49a6-a54a-334fa71f8c1d ] Request (ImagesTestJSON:test_create_server_from_snapshot): 200 GET http://10.180.1.21/compute/v2.1/servers/5f125b0c-0796-4666-a6f1-a5a09e7b9d8c 0.150s
2025-11-30 14:53:40.709 65703 INFO tempest.lib.common.rest_client [req-d103eab1-68c1-4ef6-a885-d063dbdeae3b req-d103eab1-68c1-4ef6-a885-d063dbdeae3b ] Request (MultipleCreateTestJSON:setUpClass): 201 POST http://10.180.1.21/identity/v3/auth/tokens 0.081s
2025-11-30 14:53:40.740 65749 INFO tempest.lib.common.rest_client [req-23dd9d14-1315-4918-a0e4-69e493b45d07 req-23dd9d14-1315-4918-a0e4-69e493b45d07 ] Request (ServerRescueNegativeTestJSON:setUpClass): 200 GET http://10.180.1.21/compute/v2.1/servers/52483487-6d3d-451b-905d-403a5effe767 0.078s
2025-11-30 14:53:40.982 65703 INFO tempest.lib.common.rest_client [req-9447070a-601b-403d-a29d-00375bde14f6 req-9447070a-601b-403d-a29d-00375bde14f6 ] Request (MultipleCreateTestJSON:setUpClass): 201 POST http://10.180.1.21/networking/v2.0/networks 0.272s
2025-11-30 14:53:41.192 65703 INFO tempest.lib.common.rest_client [req-cb122dad-66ac-48ab-b392-c089be83cfbc req-cb122dad-66ac-48ab-b392-c089be83cfbc ] Request (MultipleCreateTestJSON:setUpClass): 201 POST http://10.180.1.21/networking/v2.0/subnets 0.210s
2025-11-30 14:53:41.243 65713 INFO tempest.lib.common.rest_client [req-f0de2a9c-17a9-40b2-9b5a-c0c0fca7bbf6 req-f0de2a9c-17a9-40b2-9b5a-c0c0fca7bbf6 ] Request (ServerActionsTestOtherA:setUpClass): 200 POST http://10.180.1.21/compute/v2.1/servers/539c8dca-d0e7-4eaf-bd61-3eb1f602bd07/action 0.542s
2025-11-30 14:53:41.287 65730 INFO tempest.lib.common.rest_client [req-14518f5e-9460-4947-b9e0-2ea0540c14f1 req-14518f5e-9460-4947-b9e0-2ea0540c14f1 ] Request (ServerActionsTestOtherB:test_resize_server_confirm_from_stopped): 200 GET http://10.180.1.21/compute/v2.1/servers/488e8346-72a6-4bee-a0c2-676e26f25b74 0.452s
2025-11-30 14:53:42.113 65703 INFO tempest.lib.common.rest_client [req-a77b7011-4c67-4559-9213-1efe9938d1d6 req-a77b7011-4c67-4559-9213-1efe9938d1d6 ] Request (MultipleCreateTestJSON:setUpClass): 201 POST http://10.180.1.21/networking/v2.0/routers 0.920s
2025-11-30 14:53:42.189 65721 INFO tempest.lib.common.rest_client [req-1fc358c2-6879-4db1-8d56-747cb23edf9d req-1fc358c2-6879-4db1-8d56-747cb23edf9d ] Request (ListServerFiltersTestJSON:tearDownClass): 200 GET http://10.180.1.21/compute/v2.1/servers/e065eef3-df64-49e2-87e1-85ea92f8fb62 1.286s
2025-11-30 14:53:42.700 65697 INFO tempest.lib.common.rest_client [req-85bed42a-c97b-4df3-bc12-44bf314c14f8 req-85bed42a-c97b-4df3-bc12-44bf314c14f8 ] Request (MigrationsAdminTest:test_resize_server_revert_deleted_flavor): 200 GET http://10.180.1.21/compute/v2.1/servers/356c7beb-7658-4c7a-914e-ad1611baba5a 1.840s
2025-11-30 14:53:42.718 65705 INFO tempest.lib.common.rest_client [req-20792617-da9c-4713-89fe-a29fff4f6657 req-20792617-da9c-4713-89fe-a29fff4f6657 ] Request (ImagesOneServerNegativeTestJSON:_run_cleanups): 200 GET http://10.180.1.21/compute/v2.1/servers/4bc74e93-110e-410b-b9f0-0a97beb0a1c2 1.738s
2025-11-30 14:53:42.924 65735 INFO tempest.lib.common.rest_client [req-7ba5e8df-19d7-4d86-8703-5b5739dae2f9 req-7ba5e8df-19d7-4d86-8703-5b5739dae2f9 ] Request (ServersAdminTestJSON:tearDownClass): 200 GET http://10.180.1.21/compute/v2.1/servers/02f59f91-69c5-4d65-81e4-84be577ba445 1.860s
2025-11-30 14:53:42.992 65699 INFO tempest.lib.common.rest_client [req-62da7335-8530-4c13-8b66-4529b2779107 req-62da7335-8530-4c13-8b66-4529b2779107 ] Request (AttachVolumeShelveTestJSON:test_attach_volume_shelved_or_offload_server): 200 GET http://10.180.1.21/compute/v2.1/servers/8d1ab2db-6854-4cb0-8667-20768909f94e 1.952s
2025-11-30 14:53:43.012 65757 INFO tempest.lib.common.rest_client [req-2efc6017-f0da-4ee2-a2c5-4aecc8a568d0 req-2efc6017-f0da-4ee2-a2c5-4aecc8a568d0 ] Request (SecurityGroupsTestJSON:test_server_security_groups): 200 GET http://10.180.1.21/compute/v2.1/servers/51ab5486-8d72-42c4-93ff-792df79d8fa8 1.905s
2025-11-30 14:53:43.073 65733 INFO tempest.lib.common.rest_client [req-edb506d1-55cd-4292-87ed-435dd8e37b03 req-edb506d1-55cd-4292-87ed-435dd8e37b03 ] Request (ServersNegativeTestMultiTenantJSON:setUpClass): 200 GET http://10.180.1.21/compute/v2.1/servers/10b8416a-d9f1-447d-adda-e770094afe8d 1.946s
2025-11-30 14:53:43.083 65703 INFO tempest.lib.common.rest_client [req-00382d40-b16a-4175-97c6-71771831e7a9 req-00382d40-b16a-4175-97c6-71771831e7a9 ] Request (MultipleCreateTestJSON:setUpClass): 200 PUT http://10.180.1.21/networking/v2.0/routers/f2c6822a-0523-4108-a42e-6a18a803038e/add_router_interface 0.970s
2025-11-30 14:53:43.084 65703 INFO tempest.lib.common.dynamic_creds [-] Created isolated network resources for: credentials: Credentials: {'domain_id': 'default', 'domain_name': 'Default', 'username': 'tempest-MultipleCreateTestJSON-1763076480-project-member', 'project_domain_id': 'default', 'project_domain_name': 'Default', 'project_id': '732449cedf0044ddbeed6ed9ca4e7a35', 'project_name': 'tempest-MultipleCreateTestJSON-1763076480', 'tenant_id': '732449cedf0044ddbeed6ed9ca4e7a35', 'tenant_name': 'tempest-MultipleCreateTestJSON-1763076480', 'user_domain_id': 'default', 'user_domain_name': 'Default', 'user_id': '043d8382d9c5493ab1a7f743d97aa180', 'system': None}, Network: {'id': '67194739-8674-4834-865a-cbb8d667ea56', 'name': 'tempest-MultipleCreateTestJSON-1863053498-network', 'tenant_id': '732449cedf0044ddbeed6ed9ca4e7a35', 'project_id': '732449cedf0044ddbeed6ed9ca4e7a35', 'admin_state_up': True, 'mtu': 8950, 'status': 'ACTIVE', 'subnets': [], 'shared': False, 'port_security_enabled': True, 'router:external': False, 'provider:network_type': 'vlan', 'provider:physical_network': 'default', 'provider:segmentation_id': 429, 'availability_zone_hints': [], 'availability_zones': [], 'ipv4_address_scope': None, 'ipv6_address_scope': None, 'description': '', 'tags': [], 'created_at': '2025-11-30T14:53:40Z', 'updated_at': '2025-11-30T14:53:40Z', 'revision_number': 1}, Subnet: {'id': '650d4093-5b80-4c6b-b262-3609b162664a', 'name': 'tempest-MultipleCreateTestJSON-1863053498-subnet', 'tenant_id': '732449cedf0044ddbeed6ed9ca4e7a35', 'network_id': '67194739-8674-4834-865a-cbb8d667ea56', 'ip_version': 4, 'subnetpool_id': None, 'enable_dhcp': True, 'ipv6_ra_mode': None, 'ipv6_address_mode': None, 'gateway_ip': '192.168.128.1', 'cidr': '192.168.128.0/28', 'allocation_pools': [{'start': '192.168.128.2', 'end': '192.168.128.14'}], 'host_routes': [], 'dns_nameservers': [], 'description': '', 'router:external': False, 'service_types': [], 'tags': [], 'created_at': '2025-11-30T14:53:41Z', 'updated_at': '2025-11-30T14:53:41Z', 'revision_number': 0, 'project_id': '732449cedf0044ddbeed6ed9ca4e7a35'}, Router: {'id': 'f2c6822a-0523-4108-a42e-6a18a803038e', 'name': 'tempest-MultipleCreateTestJSON-1863053498-router', 'tenant_id': '732449cedf0044ddbeed6ed9ca4e7a35', 'admin_state_up': True, 'status': 'ACTIVE', 'external_gateway_info': {'network_id': '4f2a3433-7029-4687-ac90-f16d3128a5e7', 'external_fixed_ips': [{'subnet_id': '380baa23-9e13-4bb1-98d8-a5196c86e485', 'ip_address': '10.180.180.241'}], 'enable_snat': True}, 'description': '', 'availability_zones': [], 'distributed': False, 'ha': False, 'availability_zone_hints': [], 'routes': [], 'flavor_id': None, 'tags': [], 'created_at': '2025-11-30T14:53:41Z', 'updated_at': '2025-11-30T14:53:41Z', 'revision_number': 2, 'project_id': '732449cedf0044ddbeed6ed9ca4e7a35'}
2025-11-30 14:53:43.092 65695 INFO tempest.lib.common.rest_client [req-babe36bd-f87b-49ee-9805-f824132a742e req-babe36bd-f87b-49ee-9805-f824132a742e ] Request (ServersTestJSON:_run_cleanups): 200 GET http://10.180.1.21/compute/v2.1/servers/e1be9318-65c2-4ee7-9bce-a6a448872adf 1.895s
2025-11-30 14:53:43.152 65743 INFO tempest.lib.common.rest_client [req-5622b0f3-ae61-488d-9c41-d1170d8ad40e req-5622b0f3-ae61-488d-9c41-d1170d8ad40e ] Request (ServerShowV254Test:tearDownClass): 200 GET http://10.180.1.21/compute/v2.1/servers/ed694396-ce28-43e6-8da8-f7d98259b63a 1.915s
2025-11-30 14:53:43.178 65713 INFO tempest.lib.common.rest_client [req-7b5e3b28-c23a-4a5f-8756-36822fef33cb req-7b5e3b28-c23a-4a5f-8756-36822fef33cb ] Request (ServerActionsTestOtherA:setUpClass): 204 DELETE http://10.180.1.21/compute/v2.1/servers/539c8dca-d0e7-4eaf-bd61-3eb1f602bd07 1.933s
2025-11-30 14:53:43.189 65703 INFO tempest.lib.common.rest_client [req-c7e314f9-e455-4df1-8e93-454ab8eba35f req-c7e314f9-e455-4df1-8e93-454ab8eba35f ] Request (MultipleCreateTestJSON:setUpClass): 201 POST http://10.180.1.21/identity/v3/auth/tokens 0.101s
2025-11-30 14:53:43.219 65725 INFO tempest.lib.common.rest_client [req-198c6093-302f-4cdc-aa3a-bcaebb3c51eb req-198c6093-302f-4cdc-aa3a-bcaebb3c51eb ] Request (ServersListShow298Test:test_list_show_update_rebuild_server_298): 200 GET http://10.180.1.21/compute/v2.1/servers/b48905b7-3f34-4b35-956b-dc8b092b721b 1.919s
2025-11-30 14:53:43.226 65703 INFO tempest.lib.common.rest_client [req-908b7c19-340d-4b91-b03c-8cd43522f004 req-908b7c19-340d-4b91-b03c-8cd43522f004 ] Request (MultipleCreateTestJSON:test_multiple_create): 201 POST http://10.180.1.21/identity/v3/auth/tokens 0.032s
2025-11-30 14:53:43.226 65703 INFO tempest.lib.common.fixed_network [-] (MultipleCreateTestJSON:test_multiple_create) Found network {'id': '67194739-8674-4834-865a-cbb8d667ea56', 'name': 'tempest-MultipleCreateTestJSON-1863053498-network', 'tenant_id': '732449cedf0044ddbeed6ed9ca4e7a35', 'project_id': '732449cedf0044ddbeed6ed9ca4e7a35', 'admin_state_up': True, 'mtu': 8950, 'status': 'ACTIVE', 'subnets': [], 'shared': False, 'port_security_enabled': True, 'router:external': False, 'provider:network_type': 'vlan', 'provider:physical_network': 'default', 'provider:segmentation_id': 429, 'availability_zone_hints': [], 'availability_zones': [], 'ipv4_address_scope': None, 'ipv6_address_scope': None, 'description': '', 'tags': [], 'created_at': '2025-11-30T14:53:40Z', 'updated_at': '2025-11-30T14:53:40Z', 'revision_number': 1} available for tenant
2025-11-30 14:53:43.230 65725 INFO tempest.common.waiters [-] State transition "REBUILD/rebuild_spawning" ==> "ACTIVE/None" after 14 second wait
2025-11-30 14:53:43.252 65727 INFO tempest.lib.common.rest_client [req-9bcc86e7-0d84-4096-bff2-94effd8a3ea4 req-9bcc86e7-0d84-4096-bff2-94effd8a3ea4 ] Request (ServersAdminNegativeTestJSON:tearDownClass): 200 GET http://10.180.1.21/compute/v2.1/servers/9abdd9c0-ebc5-4065-bf84-7e096481983c 1.872s
2025-11-30 14:53:43.328 65707 INFO tempest.lib.common.rest_client [req-db84c703-f714-4040-bd88-d40e4d8c3982 req-db84c703-f714-4040-bd88-d40e4d8c3982 ] Request (DeleteServersTestJSON:test_delete_server_while_in_attached_volume): 200 GET http://10.180.1.21/compute/v2.1/servers/d28339a1-dda7-4bdb-8483-d54f5f1537d3 1.883s
2025-11-30 14:53:43.339 65741 INFO tempest.lib.common.rest_client [req-6b604e60-64d3-462c-97cf-11c83be18c03 req-6b604e60-64d3-462c-97cf-11c83be18c03 ] Request (ListImageFiltersTestJSON:setUpClass): 200 GET http://10.180.1.21/compute/v2.1/servers/c0777c32-80de-4c5f-b3be-b63bab2167a4 1.931s
2025-11-30 14:53:43.347 65741 INFO tempest.common.waiters [-] State transition "BUILD/spawning" ==> "ACTIVE/None" after 50 second wait
2025-11-30 14:53:43.403 65739 INFO tempest.lib.common.rest_client [req-9cd3f652-8039-4e79-a081-2ccb9b5cfdbb req-9cd3f652-8039-4e79-a081-2ccb9b5cfdbb ] Request (ServerDiskConfigTestJSON:test_resize_server_from_auto_to_manual): 200 GET http://10.180.1.21/compute/v2.1/servers/08e3e376-6f32-474e-96e0-d7eb3820dbf7 1.902s
2025-11-30 14:53:43.440 65710 INFO tempest.lib.common.rest_client [req-625e04d6-43a0-4e5c-bf36-7fb5203f5239 req-625e04d6-43a0-4e5c-bf36-7fb5203f5239 ] Request (ServersNegativeTestJSON:setUpClass): 200 GET http://10.180.1.21/compute/v2.1/servers/4134ed07-32a8-46a3-8002-039c0a17e585 1.972s
2025-11-30 14:53:43.447 65710 INFO tempest.common.waiters [-] State transition "BUILD/networking" ==> "BUILD/spawning" after 38 second wait
2025-11-30 14:53:43.539 65749 INFO tempest.lib.common.rest_client [req-2e6d24c7-4cd3-4739-be2b-b72b5d17767b req-2e6d24c7-4cd3-4739-be2b-b72b5d17767b ] Request (ServerRescueNegativeTestJSON:setUpClass): 200 GET http://10.180.1.21/compute/v2.1/servers/52483487-6d3d-451b-905d-403a5effe767 1.790s
2025-11-30 14:53:43.586 65723 INFO tempest.lib.common.rest_client [req-2a140e79-59eb-40bd-8c4a-4fe8a06c2296 req-2a140e79-59eb-40bd-8c4a-4fe8a06c2296 ] Request (ImagesTestJSON:test_create_server_from_snapshot): 200 GET http://10.180.1.21/compute/v2.1/servers/5f125b0c-0796-4666-a6f1-a5a09e7b9d8c 1.871s
2025-11-30 14:53:43.598 65723 INFO tempest.common.waiters [-] State transition "BUILD/spawning" ==> "ACTIVE/None" after 50 second wait
2025-11-30 14:53:43.644 65755 WARNING tempest.lib.common.ssh [-] Failed to establish authenticated ssh connection to cirros@10.180.180.238 ([Errno None] Unable to connect to port 22 on 10.180.180.238). Number attempts: 6. Retry after 7 seconds.: paramiko.ssh_exception.NoValidConnectionsError: [Errno None] Unable to connect to port 22 on 10.180.180.238
2025-11-30 14:53:43.816 65730 INFO tempest.lib.common.rest_client [req-9512f18b-f673-4899-8bda-64ddb654e25a req-9512f18b-f673-4899-8bda-64ddb654e25a ] Request (ServerActionsTestOtherB:test_resize_server_confirm_from_stopped): 200 GET http://10.180.1.21/compute/v2.1/servers/488e8346-72a6-4bee-a0c2-676e26f25b74 1.520s
2025-11-30 14:53:43.875 65713 INFO tempest.lib.common.rest_client [req-c6157994-c329-4133-adb6-652269fd5f31 req-c6157994-c329-4133-adb6-652269fd5f31 ] Request (ServerActionsTestOtherA:setUpClass): 200 GET http://10.180.1.21/compute/v2.1/servers/539c8dca-d0e7-4eaf-bd61-3eb1f602bd07 0.696s
2025-11-30 14:53:43.944 65721 INFO tempest.lib.common.rest_client [req-9fb2d7c8-7c5a-463e-b4ca-7430e96bd186 req-9fb2d7c8-7c5a-463e-b4ca-7430e96bd186 ] Request (ListServerFiltersTestJSON:tearDownClass): 200 GET http://10.180.1.21/compute/v2.1/servers/e065eef3-df64-49e2-87e1-85ea92f8fb62 0.745s
2025-11-30 14:53:44.047 65725 INFO tempest.lib.common.rest_client [req-c2ca5796-0684-4125-86cf-54fe15433f64 req-c2ca5796-0684-4125-86cf-54fe15433f64 ] Request (ServersListShow298Test:tearDownClass): 204 DELETE http://10.180.1.21/compute/v2.1/servers/b48905b7-3f34-4b35-956b-dc8b092b721b 0.808s
2025-11-30 14:53:44.177 65741 INFO tempest.lib.common.rest_client [req-b5ba8ff5-0b4c-468a-a2c6-8756130932f7 req-b5ba8ff5-0b4c-468a-a2c6-8756130932f7 ] Request (ListImageFiltersTestJSON:setUpClass): 200 GET http://10.180.1.21/compute/v2.1/servers/956cbe10-7236-4aac-a145-b7578046c583 0.829s
2025-11-30 14:53:44.491 65703 INFO tempest.lib.common.rest_client [req-e42b8abb-5e52-46b1-954f-ad1bedd41ae6 req-e42b8abb-5e52-46b1-954f-ad1bedd41ae6 ] Request (MultipleCreateTestJSON:test_multiple_create): 202 POST http://10.180.1.21/compute/v2.1/servers 1.264s
2025-11-30 14:53:44.662 65697 INFO tempest.lib.common.rest_client [req-0ff7ebde-c5cf-49e5-b41d-1ee3fd7fe332 req-0ff7ebde-c5cf-49e5-b41d-1ee3fd7fe332 ] Request (MigrationsAdminTest:test_resize_server_revert_deleted_flavor): 200 GET http://10.180.1.21/compute/v2.1/servers/356c7beb-7658-4c7a-914e-ad1611baba5a 0.952s
2025-11-30 14:53:44.737 65705 INFO tempest.lib.common.rest_client [req-cb5c66f3-9feb-4950-8c53-3d6f157a363c req-cb5c66f3-9feb-4950-8c53-3d6f157a363c ] Request (ImagesOneServerNegativeTestJSON:_run_cleanups): 200 GET http://10.180.1.21/compute/v2.1/servers/4bc74e93-110e-410b-b9f0-0a97beb0a1c2 1.008s
2025-11-30 14:53:44.817 65735 INFO tempest.lib.common.rest_client [req-97953348-66e4-4fb3-95aa-66acb442c4af req-97953348-66e4-4fb3-95aa-66acb442c4af ] Request (ServersAdminTestJSON:tearDownClass): 200 GET http://10.180.1.21/compute/v2.1/servers/02f59f91-69c5-4d65-81e4-84be577ba445 0.884s
2025-11-30 14:53:44.867 65723 INFO tempest.lib.common.rest_client [req-ffddebf3-969b-45cd-bf13-778d1b348644 req-ffddebf3-969b-45cd-bf13-778d1b348644 ] Request (ImagesTestJSON:test_create_server_from_snapshot): 202 POST http://10.180.1.21/compute/v2.1/servers/5f125b0c-0796-4666-a6f1-a5a09e7b9d8c/action 1.269s
2025-11-30 14:53:44.954 65699 INFO tempest.lib.common.rest_client [req-cfbeb7fd-6d4d-42ee-b064-c2aef82db82e req-cfbeb7fd-6d4d-42ee-b064-c2aef82db82e ] Request (AttachVolumeShelveTestJSON:test_attach_volume_shelved_or_offload_server): 200 GET http://10.180.1.21/compute/v2.1/servers/8d1ab2db-6854-4cb0-8667-20768909f94e 0.949s
2025-11-30 14:53:44.971 65757 INFO tempest.lib.common.rest_client [req-e4b84d2d-b529-4d56-a192-a60174fa4c4a req-e4b84d2d-b529-4d56-a192-a60174fa4c4a ] Request (SecurityGroupsTestJSON:test_server_security_groups): 200 GET http://10.180.1.21/compute/v2.1/servers/51ab5486-8d72-42c4-93ff-792df79d8fa8 0.941s
2025-11-30 14:53:45.037 65725 INFO tempest.lib.common.rest_client [req-bfc36f4e-7fcc-43c5-aa98-0388832ee0a8 req-bfc36f4e-7fcc-43c5-aa98-0388832ee0a8 ] Request (ServersListShow298Test:tearDownClass): 200 GET http://10.180.1.21/compute/v2.1/servers/b48905b7-3f34-4b35-956b-dc8b092b721b 0.990s
2025-11-30 14:53:45.049 65733 INFO tempest.lib.common.rest_client [req-7e26b675-8f2b-449a-bf09-56945da837ae req-7e26b675-8f2b-449a-bf09-56945da837ae ] Request (ServersNegativeTestMultiTenantJSON:setUpClass): 200 GET http://10.180.1.21/compute/v2.1/servers/10b8416a-d9f1-447d-adda-e770094afe8d 0.966s
2025-11-30 14:53:45.140 65695 INFO tempest.lib.common.rest_client [req-4424aded-67a5-41af-8792-ae1bc26a75c2 req-4424aded-67a5-41af-8792-ae1bc26a75c2 ] Request (ServersTestJSON:_run_cleanups): 200 GET http://10.180.1.21/compute/v2.1/servers/e1be9318-65c2-4ee7-9bce-a6a448872adf 1.036s
2025-11-30 14:53:45.173 65743 INFO tempest.lib.common.rest_client [req-433de9d0-fcdf-412e-bcb5-094243d75c5c req-433de9d0-fcdf-412e-bcb5-094243d75c5c ] Request (ServerShowV254Test:tearDownClass): 200 GET http://10.180.1.21/compute/v2.1/servers/ed694396-ce28-43e6-8da8-f7d98259b63a 1.009s
2025-11-30 14:53:45.307 65727 INFO tempest.lib.common.rest_client [req-f24655ff-a6f8-4a28-ab53-a1211241f8e0 req-f24655ff-a6f8-4a28-ab53-a1211241f8e0 ] Request (ServersAdminNegativeTestJSON:tearDownClass): 200 GET http://10.180.1.21/compute/v2.1/servers/9abdd9c0-ebc5-4065-bf84-7e096481983c 1.047s
2025-11-30 14:53:45.405 65707 INFO tempest.lib.common.rest_client [req-ee334539-0321-41ef-aff0-88349b95e12b req-ee334539-0321-41ef-aff0-88349b95e12b ] Request (DeleteServersTestJSON:test_delete_server_while_in_attached_volume): 200 GET http://10.180.1.21/compute/v2.1/servers/d28339a1-dda7-4bdb-8483-d54f5f1537d3 1.066s
2025-11-30 14:53:45.466 65739 INFO tempest.lib.common.rest_client [req-e2bf592b-22fa-4f93-8638-f7c92818cf36 req-e2bf592b-22fa-4f93-8638-f7c92818cf36 ] Request (ServerDiskConfigTestJSON:test_resize_server_from_auto_to_manual): 200 GET http://10.180.1.21/compute/v2.1/servers/08e3e376-6f32-474e-96e0-d7eb3820dbf7 1.049s
2025-11-30 14:53:45.605 65710 INFO tempest.lib.common.rest_client [req-0fa58572-4e74-4338-8b79-00184ea4da21 req-0fa58572-4e74-4338-8b79-00184ea4da21 ] Request (ServersNegativeTestJSON:setUpClass): 200 GET http://10.180.1.21/compute/v2.1/servers/4134ed07-32a8-46a3-8002-039c0a17e585 1.156s
2025-11-30 14:53:45.672 65703 INFO tempest.lib.common.rest_client [req-ce5e9e50-2f6c-4be7-b14d-afc643846bc8 req-ce5e9e50-2f6c-4be7-b14d-afc643846bc8 ] Request (MultipleCreateTestJSON:test_multiple_create): 200 GET http://10.180.1.21/compute/v2.1/servers 1.179s
2025-11-30 14:53:45.750 65749 INFO tempest.lib.common.rest_client [req-2eaef635-f4a0-4874-bc14-e9d271370323 req-2eaef635-f4a0-4874-bc14-e9d271370323 ] Request (ServerRescueNegativeTestJSON:setUpClass): 200 GET http://10.180.1.21/compute/v2.1/servers/52483487-6d3d-451b-905d-403a5effe767 1.199s
2025-11-30 14:53:45.757 65741 INFO tempest.lib.common.rest_client [req-a16a0142-6ba9-4f41-8b49-d402d35895b2 req-a16a0142-6ba9-4f41-8b49-d402d35895b2 ] Request (ListImageFiltersTestJSON:setUpClass): 202 POST http://10.180.1.21/compute/v2.1/servers/956cbe10-7236-4aac-a145-b7578046c583/action 1.568s
2025-11-30 14:53:45.806 65723 INFO tempest.lib.common.rest_client [req-ab0af841-984f-4e7c-aca7-6f8033240a6d req-ab0af841-984f-4e7c-aca7-6f8033240a6d ] Request (ImagesTestJSON:test_create_server_from_snapshot): 200 GET http://10.180.1.21/compute/v2.1/images/5e932a11-f4a0-448b-9aa6-b7e6d638c59f 0.937s
2025-11-30 14:53:45.927 65730 INFO tempest.lib.common.rest_client [req-cc15d4d4-2643-458b-8900-4a993d18ea74 req-cc15d4d4-2643-458b-8900-4a993d18ea74 ] Request (ServerActionsTestOtherB:test_resize_server_confirm_from_stopped): 200 GET http://10.180.1.21/compute/v2.1/servers/488e8346-72a6-4bee-a0c2-676e26f25b74 1.099s
2025-11-30 14:53:46.002 65713 INFO tempest.lib.common.rest_client [req-a22389f3-28ba-4116-84e5-ed23ccb6e9d8 req-a22389f3-28ba-4116-84e5-ed23ccb6e9d8 ] Request (ServerActionsTestOtherA:setUpClass): 200 GET http://10.180.1.21/compute/v2.1/servers/539c8dca-d0e7-4eaf-bd61-3eb1f602bd07 1.112s
2025-11-30 14:53:46.009 65721 INFO tempest.lib.common.rest_client [req-84fc73ec-767f-4ea9-b8ac-5c41fc1cb4e9 req-84fc73ec-767f-4ea9-b8ac-5c41fc1cb4e9 ] Request (ListServerFiltersTestJSON:tearDownClass): 200 GET http://10.180.1.21/compute/v2.1/servers/e065eef3-df64-49e2-87e1-85ea92f8fb62 1.052s
2025-11-30 14:53:46.076 65703 INFO tempest.lib.common.rest_client [req-ab22647a-36bf-4752-8ebd-ab0d10e1fcdf req-ab22647a-36bf-4752-8ebd-ab0d10e1fcdf ] Request (MultipleCreateTestJSON:test_multiple_create): 200 GET http://10.180.1.21/compute/v2.1/servers/802bd32a-59cf-4280-ae84-74c0032676b1 0.402s
2025-11-30 14:53:46.148 65705 INFO tempest.lib.common.rest_client [req-d78487ed-6329-4936-91e3-efffe4f37334 req-d78487ed-6329-4936-91e3-efffe4f37334 ] Request (ImagesOneServerNegativeTestJSON:_run_cleanups): 200 GET http://10.180.1.21/compute/v2.1/servers/4bc74e93-110e-410b-b9f0-0a97beb0a1c2 0.401s
2025-11-30 14:53:46.180 65697 INFO tempest.lib.common.rest_client [req-7b14f3d6-3ff6-4672-b400-abfa600bf8d4 req-7b14f3d6-3ff6-4672-b400-abfa600bf8d4 ] Request (MigrationsAdminTest:test_resize_server_revert_deleted_flavor): 200 GET http://10.180.1.21/compute/v2.1/servers/356c7beb-7658-4c7a-914e-ad1611baba5a 0.505s
2025-11-30 14:53:46.185 65741 INFO tempest.lib.common.rest_client [req-2d61ff44-267d-48b7-a5d5-0fff3d1b350c req-2d61ff44-267d-48b7-a5d5-0fff3d1b350c ] Request (ListImageFiltersTestJSON:setUpClass): 200 GET http://10.180.1.21/compute/v2.1/images/ea671584-b921-4767-bdc0-29c274ba4aeb 0.426s
2025-11-30 14:53:46.349 65735 INFO tempest.lib.common.rest_client [req-8d58e77a-1052-4403-ba5a-4d7bf3709817 req-8d58e77a-1052-4403-ba5a-4d7bf3709817 ] Request (ServersAdminTestJSON:tearDownClass): 200 GET http://10.180.1.21/compute/v2.1/servers/02f59f91-69c5-4d65-81e4-84be577ba445 0.520s
2025-11-30 14:53:46.442 65699 INFO tempest.lib.common.rest_client [req-778256d8-d95c-4f56-b228-949b1d50a647 req-778256d8-d95c-4f56-b228-949b1d50a647 ] Request (AttachVolumeShelveTestJSON:test_attach_volume_shelved_or_offload_server): 200 GET http://10.180.1.21/compute/v2.1/servers/8d1ab2db-6854-4cb0-8667-20768909f94e 0.478s
2025-11-30 14:53:46.463 65757 INFO tempest.lib.common.rest_client [req-b5d805e4-bf11-40c3-818e-40c9ce4e9162 req-b5d805e4-bf11-40c3-818e-40c9ce4e9162 ] Request (SecurityGroupsTestJSON:test_server_security_groups): 200 GET http://10.180.1.21/compute/v2.1/servers/51ab5486-8d72-42c4-93ff-792df79d8fa8 0.483s
2025-11-30 14:53:46.526 65733 INFO tempest.lib.common.rest_client [req-9aca7a2d-b801-43b4-bd38-73b4ce581db1 req-9aca7a2d-b801-43b4-bd38-73b4ce581db1 ] Request (ServersNegativeTestMultiTenantJSON:setUpClass): 200 GET http://10.180.1.21/compute/v2.1/servers/10b8416a-d9f1-447d-adda-e770094afe8d 0.467s
2025-11-30 14:53:46.570 65725 INFO tempest.lib.common.rest_client [req-1451eb10-6b67-42d1-9c04-780aed3fd884 req-1451eb10-6b67-42d1-9c04-780aed3fd884 ] Request (ServersListShow298Test:tearDownClass): 200 GET http://10.180.1.21/compute/v2.1/servers/b48905b7-3f34-4b35-956b-dc8b092b721b 0.519s
2025-11-30 14:53:46.685 65695 INFO tempest.lib.common.rest_client [req-b0ba2741-8706-4a0e-a6a6-5430df778ffa req-b0ba2741-8706-4a0e-a6a6-5430df778ffa ] Request (ServersTestJSON:_run_cleanups): 200 GET http://10.180.1.21/compute/v2.1/servers/e1be9318-65c2-4ee7-9bce-a6a448872adf 0.530s
2025-11-30 14:53:46.700 65743 INFO tempest.lib.common.rest_client [req-6310e7f0-d23a-4af6-9217-efcdde952e02 req-6310e7f0-d23a-4af6-9217-efcdde952e02 ] Request (ServerShowV254Test:tearDownClass): 200 GET http://10.180.1.21/compute/v2.1/servers/ed694396-ce28-43e6-8da8-f7d98259b63a 0.514s
2025-11-30 14:53:46.808 65727 INFO tempest.lib.common.rest_client [req-35c5974d-db10-4435-ae93-0d6dde0faf94 req-35c5974d-db10-4435-ae93-0d6dde0faf94 ] Request (ServersAdminNegativeTestJSON:tearDownClass): 200 GET http://10.180.1.21/compute/v2.1/servers/9abdd9c0-ebc5-4065-bf84-7e096481983c 0.491s
2025-11-30 14:53:46.823 65707 INFO tempest.lib.common.rest_client [req-f6e7bf7d-9d41-4187-ab19-e17a401af7cf req-f6e7bf7d-9d41-4187-ab19-e17a401af7cf ] Request (DeleteServersTestJSON:test_delete_server_while_in_attached_volume): 200 GET http://10.180.1.21/compute/v2.1/servers/d28339a1-dda7-4bdb-8483-d54f5f1537d3 0.406s
2025-11-30 14:53:47.155 65739 INFO tempest.lib.common.rest_client [req-da290a14-85f2-4dca-87cf-f098b7652517 req-da290a14-85f2-4dca-87cf-f098b7652517 ] Request (ServerDiskConfigTestJSON:test_resize_server_from_auto_to_manual): 200 GET http://10.180.1.21/compute/v2.1/servers/08e3e376-6f32-474e-96e0-d7eb3820dbf7 0.680s
2025-11-30 14:53:47.162 65739 INFO tempest.common.waiters [-] State transition "BUILD/None" ==> "BUILD/block_device_mapping" after 39 second wait
2025-11-30 14:53:47.177 65710 INFO tempest.lib.common.rest_client [req-012ea143-ba16-4faa-b4ce-dc08948b8307 req-012ea143-ba16-4faa-b4ce-dc08948b8307 ] Request (ServersNegativeTestJSON:setUpClass): 200 GET http://10.180.1.21/compute/v2.1/servers/4134ed07-32a8-46a3-8002-039c0a17e585 0.559s
2025-11-30 14:53:47.215 65723 INFO tempest.lib.common.rest_client [req-e7d16017-349e-404d-b45d-6c9889585190 req-e7d16017-349e-404d-b45d-6c9889585190 ] Request (ImagesTestJSON:test_create_server_from_snapshot): 200 GET http://10.180.1.21/compute/v2.1/images/5e932a11-f4a0-448b-9aa6-b7e6d638c59f 0.403s
2025-11-30 14:53:47.236 65749 INFO tempest.lib.common.rest_client [req-b12c6dd7-6265-4075-b519-6420d448b7a8 req-b12c6dd7-6265-4075-b519-6420d448b7a8 ] Request (ServerRescueNegativeTestJSON:setUpClass): 200 GET http://10.180.1.21/compute/v2.1/servers/52483487-6d3d-451b-905d-403a5effe767 0.470s
2025-11-30 14:53:47.307 65715 WARNING tempest.lib.common.ssh [-] Failed to establish authenticated ssh connection to cirros@10.180.180.129 ([Errno None] Unable to connect to port 22 on 10.180.180.129). Number attempts: 8. Retry after 9 seconds.: paramiko.ssh_exception.NoValidConnectionsError: [Errno None] Unable to connect to port 22 on 10.180.180.129
2025-11-30 14:53:47.350 65713 INFO tempest.lib.common.rest_client [req-8d18ecc0-1d7a-4bca-b4aa-6062dc27ecca req-8d18ecc0-1d7a-4bca-b4aa-6062dc27ecca ] Request (ServerActionsTestOtherA:setUpClass): 200 GET http://10.180.1.21/compute/v2.1/servers/539c8dca-d0e7-4eaf-bd61-3eb1f602bd07 0.340s
2025-11-30 14:53:47.386 65730 INFO tempest.lib.common.rest_client [req-a69306ec-425a-41bc-a425-93c4cc91e247 req-a69306ec-425a-41bc-a425-93c4cc91e247 ] Request (ServerActionsTestOtherB:test_resize_server_confirm_from_stopped): 200 GET http://10.180.1.21/compute/v2.1/servers/488e8346-72a6-4bee-a0c2-676e26f25b74 0.449s
2025-11-30 14:53:47.438 65721 INFO tempest.lib.common.rest_client [req-1e35cb77-b893-4d6a-920f-81d8ff0518b6 req-1e35cb77-b893-4d6a-920f-81d8ff0518b6 ] Request (ListServerFiltersTestJSON:tearDownClass): 200 GET http://10.180.1.21/compute/v2.1/servers/e065eef3-df64-49e2-87e1-85ea92f8fb62 0.418s
2025-11-30 14:53:47.466 65703 INFO tempest.lib.common.rest_client [req-32257b02-15bd-4251-9f38-5d8d14c03c24 req-32257b02-15bd-4251-9f38-5d8d14c03c24 ] Request (MultipleCreateTestJSON:test_multiple_create): 200 GET http://10.180.1.21/compute/v2.1/servers/802bd32a-59cf-4280-ae84-74c0032676b1 0.381s
2025-11-30 14:53:47.506 65705 INFO tempest.lib.common.rest_client [req-bdeac5d5-ff44-40f5-9beb-e4e837860089 req-bdeac5d5-ff44-40f5-9beb-e4e837860089 ] Request (ImagesOneServerNegativeTestJSON:_run_cleanups): 200 GET http://10.180.1.21/compute/v2.1/servers/4bc74e93-110e-410b-b9f0-0a97beb0a1c2 0.349s
2025-11-30 14:53:47.543 65741 INFO tempest.lib.common.rest_client [req-218da549-7236-4fd2-b06a-8a41412db06d req-218da549-7236-4fd2-b06a-8a41412db06d ] Request (ListImageFiltersTestJSON:setUpClass): 200 GET http://10.180.1.21/compute/v2.1/images/ea671584-b921-4767-bdc0-29c274ba4aeb 0.355s
