2025-12-08 18:51:39.322 65808 INFO tempest.lib.common.rest_client [req-669bb66b-477c-449f-86d2-0d118fb0ea2f req-669bb66b-477c-449f-86d2-0d118fb0ea2f ] Request (ServicesAdminNegativeTestJSON:test_get_service_with_valid_service_and_invalid_host): 200 GET http://10.180.1.21/compute/v2.1/os-services 2.745s
2025-12-08 18:51:39.381 65840 INFO tempest.lib.common.rest_client [req-94d6cb42-1fb7-48e5-90c4-83154b6801de req-94d6cb42-1fb7-48e5-90c4-83154b6801de ] Request (ListServersNegativeTestJSON:setUpClass): 201 POST http://10.180.1.21/identity/v3/auth/tokens 0.084s
2025-12-08 18:51:39.388 65829 INFO tempest.lib.common.rest_client [req-217a0b11-406c-4bb4-96f0-d80f9576f796 req-217a0b11-406c-4bb4-96f0-d80f9576f796 ] Request (QuotaClassesAdminTestJSON:_run_cleanups): 200 PUT http://10.180.1.21/compute/v2.1/os-quota-class-sets/default 2.796s
2025-12-08 18:51:39.421 65840 INFO tempest.lib.common.rest_client [req-ff7baf48-dd87-482a-bd7c-e75f85f9355a req-ff7baf48-dd87-482a-bd7c-e75f85f9355a ] Request (ListServersNegativeTestJSON:setUpClass): 201 POST http://10.180.1.21/identity/v3/auth/tokens 0.037s
2025-12-08 18:51:39.421 65830 INFO tempest.lib.common.rest_client [req-218bb63e-76a3-4a09-94f9-b323d00b00c5 req-218bb63e-76a3-4a09-94f9-b323d00b00c5 ] Request (FlavorsV261TestJSON:test_crud_flavor): 200 GET http://10.180.1.21/compute/v2.1/flavors 2.788s
2025-12-08 18:51:39.425 65848 INFO tempest.lib.common.rest_client [req-34970734-4700-4ae5-b5d6-d28bd0cf3d7f req-34970734-4700-4ae5-b5d6-d28bd0cf3d7f ] Request (ServerDiagnosticsTest:test_get_server_diagnostics): 202 POST http://10.180.1.21/compute/v2.1/servers 3.503s
2025-12-08 18:51:39.434 65834 INFO tempest.lib.common.rest_client [req-5cd74d74-cf47-4b22-98de-0ca86c22b143 req-5cd74d74-cf47-4b22-98de-0ca86c22b143 ] Request (KeyPairsV210TestJSON:test_admin_manage_keypairs_for_other_users): 200 GET http://10.180.1.21/compute/v2.1/os-keypairs?user_id=abdeabedbfd440aca900b72f4f7c8273 2.735s
2025-12-08 18:51:39.451 65814 INFO tempest.lib.common.rest_client [req-84a3cf6e-44a0-442d-b0b1-70f28c991dfd req-84a3cf6e-44a0-442d-b0b1-70f28c991dfd ] Request (FlavorsExtraSpecsTestJSON:test_flavor_non_admin_get_specific_key): 200 GET http://10.180.1.21/compute/v2.1/flavors/285150183/os-extra_specs/hw:numa_nodes 2.730s
2025-12-08 18:51:39.490 65840 INFO tempest.lib.common.rest_client [req-92910392-39d5-474e-b553-5a0e5c766e7f req-92910392-39d5-474e-b553-5a0e5c766e7f ] Request (ListServersNegativeTestJSON:setUpClass): 200 GET http://10.180.1.21/identity/v3/domains?name=Default 0.068s
2025-12-08 18:51:39.560 65829 INFO tempest.lib.common.rest_client [req-f38adf24-52f1-407e-8fbe-689586734e24 req-f38adf24-52f1-407e-8fbe-689586734e24 ] Request (QuotaClassesAdminTestJSON:tearDownClass): 204 DELETE http://10.180.1.21/identity/v3/users/e4e9342fb31f457d81bf54adc4c74db4 0.168s
2025-12-08 18:51:39.691 65840 INFO tempest.lib.common.rest_client [req-f60aa9f3-72ff-49fe-89d4-af1735a14457 req-f60aa9f3-72ff-49fe-89d4-af1735a14457 ] Request (ListServersNegativeTestJSON:setUpClass): 201 POST http://10.180.1.21/identity/v3/projects 0.201s
2025-12-08 18:51:39.787 65846 INFO tempest.lib.common.rest_client [req-a5d4929b-6246-4d7d-a5f1-d73bf81df2dd req-a5d4929b-6246-4d7d-a5f1-d73bf81df2dd ] Request (SecurityGroupsNegativeTestJSON:setUpClass): 201 POST http://10.180.1.21/networking/v2.0/networks 0.594s
2025-12-08 18:51:39.834 65829 INFO tempest.lib.common.rest_client [req-cef1690d-9993-4ae8-b5d9-517796b785bb req-cef1690d-9993-4ae8-b5d9-517796b785bb ] Request (QuotaClassesAdminTestJSON:tearDownClass): 204 DELETE http://10.180.1.21/identity/v3/users/714248b93763477c9e32b5b9ba5b1b0b 0.273s
2025-12-08 18:51:39.834 65829 INFO tempest.lib.common.dynamic_creds [-] Deleting project and security group for project: 517422ffbc3e4189b45dbde7637e58bf
2025-12-08 18:51:39.903 65840 INFO tempest.lib.common.rest_client [req-24e3925e-7615-4fbc-bd3f-dccabb664d59 req-24e3925e-7615-4fbc-bd3f-dccabb664d59 ] Request (ListServersNegativeTestJSON:setUpClass): 201 POST http://10.180.1.21/identity/v3/users 0.211s
2025-12-08 18:51:39.918 65854 INFO tempest.lib.common.rest_client [req-2e8aff6e-7ae7-4a3c-ac29-b0592ef54605 req-2e8aff6e-7ae7-4a3c-ac29-b0592ef54605 ] Request (FlavorsAccessNegativeTestJSON:_run_cleanups): 200 POST http://10.180.1.21/compute/v2.1/flavors/1433068890/action 3.218s
2025-12-08 18:51:39.926 65829 INFO tempest.lib.common.rest_client [req-5ffa7758-b5d2-4352-9582-51fafbd0c150 req-5ffa7758-b5d2-4352-9582-51fafbd0c150 ] Request (QuotaClassesAdminTestJSON:tearDownClass): 201 POST http://10.180.1.21/identity/v3/auth/tokens 0.092s
2025-12-08 18:51:39.944 65812 INFO tempest.lib.common.rest_client [req-79d31367-a600-4e29-a919-9a64e9a4ce2c req-79d31367-a600-4e29-a919-9a64e9a4ce2c ] Request (FlavorsAccessTestJSON:_run_cleanups): 202 DELETE http://10.180.1.21/compute/v2.1/flavors/1505612018 2.979s
2025-12-08 18:51:39.947 65840 INFO tempest.lib.common.rest_client [req-25233445-639e-4fa3-a6e6-8e0990ddf47e req-25233445-639e-4fa3-a6e6-8e0990ddf47e ] Request (ListServersNegativeTestJSON:setUpClass): 200 GET http://10.180.1.21/identity/v3/roles 0.044s
2025-12-08 18:51:39.950 65832 INFO tempest.lib.common.rest_client [req-1d16b630-f50e-427a-a310-406d08f56d2d req-1d16b630-f50e-427a-a310-406d08f56d2d ] Request (HypervisorAdminNegativeUnderV252Test:test_show_servers_with_non_admin_user): 403 GET http://10.180.1.21/compute/v2.1/os-hypervisors/1/servers 2.980s
2025-12-08 18:51:39.982 65836 INFO tempest.lib.common.rest_client [req-6754eb97-9aa1-451f-ab66-dead6448cfad req-6754eb97-9aa1-451f-ab66-dead6448cfad ] Request (HypervisorAdminTestJSON:test_get_hypervisor_stats): 200 GET http://10.180.1.21/compute/v2.1/os-hypervisors/statistics 3.000s
2025-12-08 18:51:39.996 65840 INFO tempest.lib.common.rest_client [req-f0fb6b15-1a91-4b2d-8e55-aa790bc46063 req-f0fb6b15-1a91-4b2d-8e55-aa790bc46063 ] Request (ListServersNegativeTestJSON:setUpClass): 204 PUT http://10.180.1.21/identity/v3/projects/a0cb345ea2d246db8a0ab4e953674517/users/b9666e298ed3445382d5f23818f05df5/roles/61bfb24fbf5640f3b82f4de2ee5c94b0 0.049s
2025-12-08 18:51:39.997 65840 INFO tempest.lib.common.dynamic_creds [-] Dynamic test user b9666e298ed3445382d5f23818f05df5 is created with scope project and roles: ['member']
2025-12-08 18:51:39.997 65840 INFO tempest.lib.common.dynamic_creds [-] Acquired dynamic creds: credentials: Credentials: {'domain_id': 'default', 'domain_name': 'Default', 'username': 'tempest-ListServersNegativeTestJSON-1663965301-project-member', 'project_domain_id': 'default', 'project_domain_name': 'Default', 'project_id': 'a0cb345ea2d246db8a0ab4e953674517', 'project_name': 'tempest-ListServersNegativeTestJSON-1663965301', 'tenant_id': 'a0cb345ea2d246db8a0ab4e953674517', 'tenant_name': 'tempest-ListServersNegativeTestJSON-1663965301', 'user_domain_id': 'default', 'user_domain_name': 'Default', 'user_id': 'b9666e298ed3445382d5f23818f05df5', 'system': None}, Network: None, Subnet: None, Router: None
2025-12-08 18:51:40.022 65850 INFO tempest.lib.common.rest_client [req-0b5a796a-4f43-4d29-807a-5ebf2c5b726e req-0b5a796a-4f43-4d29-807a-5ebf2c5b726e ] Request (FlavorsAdminTestJSON:test_create_flavor_verify_entry_in_list_details): 200 GET http://10.180.1.21/compute/v2.1/flavors/detail 3.031s
2025-12-08 18:51:40.029 65846 INFO tempest.lib.common.rest_client [req-89508673-c3ba-411d-932a-9d64c7899f70 req-89508673-c3ba-411d-932a-9d64c7899f70 ] Request (SecurityGroupsNegativeTestJSON:setUpClass): 201 POST http://10.180.1.21/networking/v2.0/subnets 0.240s
2025-12-08 18:51:40.086 65816 INFO tempest.lib.common.rest_client [req-02de5fe2-2556-4cb4-9f62-a5b751b4372e req-02de5fe2-2556-4cb4-9f62-a5b751b4372e ] Request (QuotasAdminNegativeTest:test_create_server_when_cpu_quota_is_full): 200 GET http://10.180.1.21/compute/v2.1/os-quota-sets/7bf5b52c31144a539ed3f57e21076cf4 3.141s
2025-12-08 18:51:40.101 65840 INFO tempest.lib.common.rest_client [req-a34a1922-aeff-40ac-a4ea-288fd0b22b0d req-a34a1922-aeff-40ac-a4ea-288fd0b22b0d ] Request (ListServersNegativeTestJSON:setUpClass): 201 POST http://10.180.1.21/identity/v3/auth/tokens 0.104s
2025-12-08 18:51:40.153 65836 INFO tempest.lib.common.rest_client [req-810cb966-ebbd-4b0f-9788-a144fbc64d56 req-810cb966-ebbd-4b0f-9788-a144fbc64d56 ] Request (HypervisorAdminTestJSON:tearDownClass): 204 DELETE http://10.180.1.21/identity/v3/users/925bf93cfe3b495d9667f56e993de6ed 0.163s
2025-12-08 18:51:40.242 65836 INFO tempest.lib.common.rest_client [req-015476d6-cabd-4df2-b199-cfdd92d1f094 req-015476d6-cabd-4df2-b199-cfdd92d1f094 ] Request (HypervisorAdminTestJSON:tearDownClass): 204 DELETE http://10.180.1.21/identity/v3/users/cc0ef74f34024347be725121ee0f1c31 0.089s
2025-12-08 18:51:40.243 65836 INFO tempest.lib.common.dynamic_creds [-] Deleting project and security group for project: 2ed0810a0ea24bb9be91b65b61aa33fc
2025-12-08 18:51:40.319 65836 INFO tempest.lib.common.rest_client [req-f6094352-88b2-4e92-b850-7d033eef3c97 req-f6094352-88b2-4e92-b850-7d033eef3c97 ] Request (HypervisorAdminTestJSON:tearDownClass): 201 POST http://10.180.1.21/identity/v3/auth/tokens 0.076s
2025-12-08 18:51:40.350 65829 INFO tempest.lib.common.rest_client [req-87f06d2c-0095-463f-bdd7-888fedaba8fb req-87f06d2c-0095-463f-bdd7-888fedaba8fb ] Request (QuotaClassesAdminTestJSON:tearDownClass): 200 GET http://10.180.1.21/networking/v2.0/security-groups?tenant_id=517422ffbc3e4189b45dbde7637e58bf&name=default 0.423s
2025-12-08 18:51:40.373 65844 INFO tempest.lib.common.rest_client [req-6c20a542-21de-41cb-91a6-b6472efa76e4 req-6c20a542-21de-41cb-91a6-b6472efa76e4 ] Request (ServerDiagnosticsV248Test:test_get_server_diagnostics): 200 GET http://10.180.1.21/compute/v2.1/servers/8fc56529-a0bd-426c-942a-99e1ea5efb9b 2.813s
2025-12-08 18:51:40.498 65794 INFO tempest.lib.common.rest_client [req-6707be1b-2502-4ae4-803c-adcd396f9d92 req-6707be1b-2502-4ae4-803c-adcd396f9d92 ] Request (FlavorsExtraSpecsNegativeTestJSON:test_flavor_non_admin_unset_keys): 403 DELETE http://10.180.1.21/compute/v2.1/flavors/724899182/os-extra_specs/hw:numa_nodes 2.859s
2025-12-08 18:51:40.513 65798 INFO tempest.lib.common.rest_client [req-3679b621-7afc-4f39-b741-858e644703f5 req-3679b621-7afc-4f39-b741-858e644703f5 ] Request (InstanceUsageAuditLogTestJSON:test_list_instance_usage_audit_logs): 200 GET http://10.180.1.21/compute/v2.1/os-instance_usage_audit_log 2.652s
2025-12-08 18:51:40.603 65798 INFO tempest.lib.common.rest_client [req-f0d105a2-77c6-46a4-9ca5-05ede77c9935 req-f0d105a2-77c6-46a4-9ca5-05ede77c9935 ] Request (InstanceUsageAuditLogTestJSON:tearDownClass): 204 DELETE http://10.180.1.21/identity/v3/users/f7d209aa857f497b95d0b0257673c26b 0.086s
2025-12-08 18:51:40.709 65840 INFO tempest.lib.common.rest_client [req-d1f5b7e6-aa33-435b-9388-48361a0a4300 req-d1f5b7e6-aa33-435b-9388-48361a0a4300 ] Request (ListServersNegativeTestJSON:setUpClass): 201 POST http://10.180.1.21/networking/v2.0/networks 0.607s
2025-12-08 18:51:40.744 65798 INFO tempest.lib.common.rest_client [req-c5bfe2a0-6a4b-4a75-b336-d73e863727fe req-c5bfe2a0-6a4b-4a75-b336-d73e863727fe ] Request (InstanceUsageAuditLogTestJSON:tearDownClass): 204 DELETE http://10.180.1.21/identity/v3/users/b905db560eb248e7a08e50f645633f8e 0.140s
2025-12-08 18:51:40.744 65798 INFO tempest.lib.common.dynamic_creds [-] Deleting project and security group for project: 2e03e3efe6f84ff6aa7541ae69f63f8f
2025-12-08 18:51:40.813 65798 INFO tempest.lib.common.rest_client [req-8c9dbd53-23f2-4cb2-9659-29ea72757fae req-8c9dbd53-23f2-4cb2-9659-29ea72757fae ] Request (InstanceUsageAuditLogTestJSON:tearDownClass): 201 POST http://10.180.1.21/identity/v3/auth/tokens 0.068s
2025-12-08 18:51:41.053 65846 INFO tempest.lib.common.rest_client [req-974c78bd-d807-4248-8f2e-72a953cf6fe5 req-974c78bd-d807-4248-8f2e-72a953cf6fe5 ] Request (SecurityGroupsNegativeTestJSON:setUpClass): 201 POST http://10.180.1.21/networking/v2.0/routers 1.024s
2025-12-08 18:51:41.204 65836 INFO tempest.lib.common.rest_client [req-8693e39c-33d4-429f-8f2e-e74fc7adeaae req-8693e39c-33d4-429f-8f2e-e74fc7adeaae ] Request (HypervisorAdminTestJSON:tearDownClass): 200 GET http://10.180.1.21/networking/v2.0/security-groups?tenant_id=2ed0810a0ea24bb9be91b65b61aa33fc&name=default 0.884s
2025-12-08 18:51:41.287 65829 INFO tempest.lib.common.rest_client [req-ca39d0d9-d674-4bdd-8e99-4e385a278aa7 req-ca39d0d9-d674-4bdd-8e99-4e385a278aa7 ] Request (QuotaClassesAdminTestJSON:tearDownClass): 204 DELETE http://10.180.1.21/networking/v2.0/security-groups/81843a37-53e1-4ab9-9ca0-d9c273ab9c6a 0.936s
2025-12-08 18:51:41.356 65829 INFO tempest.lib.common.rest_client [req-9274a7c5-bc55-49e8-98cc-ec95edc6f162 req-9274a7c5-bc55-49e8-98cc-ec95edc6f162 ] Request (QuotaClassesAdminTestJSON:tearDownClass): 204 DELETE http://10.180.1.21/identity/v3/projects/517422ffbc3e4189b45dbde7637e58bf 0.069s
2025-12-08 18:51:41.356 65829 INFO tempest.lib.common.dynamic_creds [-] Deleting project and security group for project: 3c692077429c4f46b6b0533be8ffc505
2025-12-08 18:51:41.510 65840 INFO tempest.lib.common.rest_client [req-16cdb6e2-f1f1-407c-badd-f8eb50d85b6e req-16cdb6e2-f1f1-407c-badd-f8eb50d85b6e ] Request (ListServersNegativeTestJSON:setUpClass): 201 POST http://10.180.1.21/networking/v2.0/subnets 0.800s
2025-12-08 18:51:41.720 65798 INFO tempest.lib.common.rest_client [req-507f0f2a-ca0e-4ba2-8407-0669c135b286 req-507f0f2a-ca0e-4ba2-8407-0669c135b286 ] Request (InstanceUsageAuditLogTestJSON:tearDownClass): 200 GET http://10.180.1.21/networking/v2.0/security-groups?tenant_id=2e03e3efe6f84ff6aa7541ae69f63f8f&name=default 0.906s
2025-12-08 18:51:42.396 65836 INFO tempest.lib.common.rest_client [req-673cca29-74b9-4e48-a401-5b69c3697cb0 req-673cca29-74b9-4e48-a401-5b69c3697cb0 ] Request (HypervisorAdminTestJSON:tearDownClass): 204 DELETE http://10.180.1.21/networking/v2.0/security-groups/83a5f81a-9d31-4404-ad15-8d2db4d0cfd5 1.192s
2025-12-08 18:51:42.451 65846 INFO tempest.lib.common.rest_client [req-b006878c-2a34-481c-bb34-c2b7a143e629 req-b006878c-2a34-481c-bb34-c2b7a143e629 ] Request (SecurityGroupsNegativeTestJSON:setUpClass): 200 PUT http://10.180.1.21/networking/v2.0/routers/97216249-20ad-4e64-b1cb-bdd27489dc84/add_router_interface 1.397s
2025-12-08 18:51:42.451 65846 INFO tempest.lib.common.dynamic_creds [-] Created isolated network resources for: credentials: Credentials: {'domain_id': 'default', 'domain_name': 'Default', 'username': 'tempest-SecurityGroupsNegativeTestJSON-1104404652-project-member', 'project_domain_id': 'default', 'project_domain_name': 'Default', 'project_id': '554bb30d45df4d0aa33546068f426a09', 'project_name': 'tempest-SecurityGroupsNegativeTestJSON-1104404652', 'tenant_id': '554bb30d45df4d0aa33546068f426a09', 'tenant_name': 'tempest-SecurityGroupsNegativeTestJSON-1104404652', 'user_domain_id': 'default', 'user_domain_name': 'Default', 'user_id': '808cd49ce0474414ac8345502da13f36', 'system': None}, Network: {'id': '434817bc-303b-4952-8814-262240851de6', 'name': 'tempest-SecurityGroupsNegativeTestJSON-1275708437-network', 'tenant_id': '554bb30d45df4d0aa33546068f426a09', 'project_id': '554bb30d45df4d0aa33546068f426a09', 'admin_state_up': True, 'mtu': 8950, 'status': 'ACTIVE', 'subnets': [], 'shared': False, 'port_security_enabled': True, 'router:external': False, 'provider:network_type': 'vlan', 'provider:physical_network': 'default', 'provider:segmentation_id': 154, 'availability_zone_hints': [], 'availability_zones': [], 'ipv4_address_scope': None, 'ipv6_address_scope': None, 'description': '', 'tags': [], 'created_at': '2025-12-08T18:51:39Z', 'updated_at': '2025-12-08T18:51:39Z', 'revision_number': 1}, Subnet: {'id': '50154db8-f970-4d35-9b2b-d907a9383dd1', 'name': 'tempest-SecurityGroupsNegativeTestJSON-1275708437-subnet', 'tenant_id': '554bb30d45df4d0aa33546068f426a09', 'network_id': '434817bc-303b-4952-8814-262240851de6', 'ip_version': 4, 'subnetpool_id': None, 'enable_dhcp': True, 'ipv6_ra_mode': None, 'ipv6_address_mode': None, 'gateway_ip': '192.168.128.1', 'cidr': '192.168.128.0/28', 'allocation_pools': [{'start': '192.168.128.2', 'end': '192.168.128.14'}], 'host_routes': [], 'dns_nameservers': [], 'description': '', 'router:external': False, 'service_types': [], 'tags': [], 'created_at': '2025-12-08T18:51:39Z', 'updated_at': '2025-12-08T18:51:39Z', 'revision_number': 0, 'project_id': '554bb30d45df4d0aa33546068f426a09'}, Router: {'id': '97216249-20ad-4e64-b1cb-bdd27489dc84', 'name': 'tempest-SecurityGroupsNegativeTestJSON-1275708437-router', 'tenant_id': '554bb30d45df4d0aa33546068f426a09', 'admin_state_up': True, 'status': 'ACTIVE', 'external_gateway_info': {'network_id': '02e80801-bf47-44f7-8c4c-00ed8ddf8fcf', 'external_fixed_ips': [{'subnet_id': '0df26d28-e4b1-4d10-b8fc-299bf1236404', 'ip_address': '10.180.180.237'}], 'enable_snat': True}, 'description': '', 'availability_zones': [], 'distributed': False, 'ha': False, 'availability_zone_hints': [], 'routes': [], 'flavor_id': None, 'tags': [], 'created_at': '2025-12-08T18:51:40Z', 'updated_at': '2025-12-08T18:51:40Z', 'revision_number': 2, 'project_id': '554bb30d45df4d0aa33546068f426a09'}
2025-12-08 18:51:42.476 65824 INFO tempest.lib.common.rest_client [req-30edc664-1020-445c-a18e-797de4acf43d req-30edc664-1020-445c-a18e-797de4acf43d ] Request (DeleteServersAdminTestJSON:test_admin_delete_servers_of_others): 200 GET http://10.180.1.21/compute/v2.1/servers/51e54452-7745-4134-9f17-3c12556a77bd 4.541s
2025-12-08 18:51:42.480 65800 INFO tempest.lib.common.rest_client [req-8f7729a7-f00e-40bd-b2f3-05c7bf5df981 req-8f7729a7-f00e-40bd-b2f3-05c7bf5df981 ] Request (HypervisorAdminNegativeTestJSON:test_get_hypervisor_list_with_non_admin_user): 403 GET http://10.180.1.21/compute/v2.1/os-hypervisors 4.535s
2025-12-08 18:51:42.502 65836 INFO tempest.lib.common.rest_client [req-b6002d9d-99d5-40e0-a3db-b033dfebd4db req-b6002d9d-99d5-40e0-a3db-b033dfebd4db ] Request (HypervisorAdminTestJSON:tearDownClass): 204 DELETE http://10.180.1.21/identity/v3/projects/2ed0810a0ea24bb9be91b65b61aa33fc 0.105s
2025-12-08 18:51:42.502 65836 INFO tempest.lib.common.dynamic_creds [-] Deleting project and security group for project: e591ce898a574c078b05a1cb31c826cf
2025-12-08 18:51:42.537 65846 INFO tempest.lib.common.rest_client [req-6e5f5f21-b659-47fb-9f42-f59b240a5d26 req-6e5f5f21-b659-47fb-9f42-f59b240a5d26 ] Request (SecurityGroupsNegativeTestJSON:setUpClass): 201 POST http://10.180.1.21/identity/v3/auth/tokens 0.082s
2025-12-08 18:51:42.564 65829 INFO tempest.lib.common.rest_client [req-615a7abc-096d-4298-b192-e84dcd57ad5c req-615a7abc-096d-4298-b192-e84dcd57ad5c ] Request (QuotaClassesAdminTestJSON:tearDownClass): 200 GET http://10.180.1.21/networking/v2.0/security-groups?tenant_id=3c692077429c4f46b6b0533be8ffc505&name=default 1.208s
2025-12-08 18:51:42.681 65798 INFO tempest.lib.common.rest_client [req-9a12484c-8402-4e7b-94b4-c985bfac8197 req-9a12484c-8402-4e7b-94b4-c985bfac8197 ] Request (InstanceUsageAuditLogTestJSON:tearDownClass): 204 DELETE http://10.180.1.21/networking/v2.0/security-groups/8a402b60-3087-46c9-bee1-70c9a3242621 0.961s
2025-12-08 18:51:42.802 65836 INFO tempest.lib.common.rest_client [req-7a423a26-f984-4ecc-81e2-7143e9b07b1e req-7a423a26-f984-4ecc-81e2-7143e9b07b1e ] Request (HypervisorAdminTestJSON:tearDownClass): 200 GET http://10.180.1.21/networking/v2.0/security-groups?tenant_id=e591ce898a574c078b05a1cb31c826cf&name=default 0.298s
2025-12-08 18:51:42.804 65798 INFO tempest.lib.common.rest_client [req-fa4ce9ea-8d5e-4d51-90cd-b64b6a035d91 req-fa4ce9ea-8d5e-4d51-90cd-b64b6a035d91 ] Request (InstanceUsageAuditLogTestJSON:tearDownClass): 204 DELETE http://10.180.1.21/identity/v3/projects/2e03e3efe6f84ff6aa7541ae69f63f8f 0.122s
2025-12-08 18:51:42.804 65798 INFO tempest.lib.common.dynamic_creds [-] Deleting project and security group for project: 3db9de71d63b47c78143742cc240d090
2025-12-08 18:51:42.826 65818 INFO tempest.lib.common.rest_client [req-e924beba-4a6e-4b8d-a1e3-dc3e8d5a280b req-e924beba-4a6e-4b8d-a1e3-dc3e8d5a280b ] Request (ServerActionsTestJSON:setUpClass): 200 GET http://10.180.1.21/compute/v2.1/servers/e720d563-a378-4318-9e61-0d0cc0b38132 4.879s
2025-12-08 18:51:42.896 65829 INFO tempest.lib.common.rest_client [req-308f969e-d336-4bc3-b7b9-c4441783a507 req-308f969e-d336-4bc3-b7b9-c4441783a507 ] Request (QuotaClassesAdminTestJSON:tearDownClass): 204 DELETE http://10.180.1.21/networking/v2.0/security-groups/5e20147b-0771-4e73-9ac7-64a6a1bb1b92 0.331s
2025-12-08 18:51:43.002 65829 INFO tempest.lib.common.rest_client [req-d241ea7c-7db2-402a-926b-ca0a889f60ec req-d241ea7c-7db2-402a-926b-ca0a889f60ec ] Request (QuotaClassesAdminTestJSON:tearDownClass): 204 DELETE http://10.180.1.21/identity/v3/projects/3c692077429c4f46b6b0533be8ffc505 0.106s
2025-12-08 18:51:43.020 65836 INFO tempest.lib.common.rest_client [req-b28f48da-6236-4108-a3b0-b01c3ddbf92e req-b28f48da-6236-4108-a3b0-b01c3ddbf92e ] Request (HypervisorAdminTestJSON:tearDownClass): 204 DELETE http://10.180.1.21/networking/v2.0/security-groups/d2afd1d0-d700-41f1-8766-f9873904ee8c 0.218s
2025-12-08 18:51:43.063 65829 INFO tempest.lib.common.rest_client [req-a0ccf6f2-12bb-40cc-975a-77fd5740ca85 req-a0ccf6f2-12bb-40cc-975a-77fd5740ca85 ] Request (QuotasAdminTestV236:setUpClass): 201 POST http://10.180.1.21/identity/v3/auth/tokens 0.058s
2025-12-08 18:51:43.097 65829 INFO tempest.lib.common.rest_client [req-2e6d135c-9f66-4916-b693-36af234be811 req-2e6d135c-9f66-4916-b693-36af234be811 ] Request (QuotasAdminTestV236:setUpClass): 201 POST http://10.180.1.21/identity/v3/auth/tokens 0.030s
2025-12-08 18:51:43.120 65836 INFO tempest.lib.common.rest_client [req-26e9b867-7df7-4fb8-9e11-ef717eb5d2be req-26e9b867-7df7-4fb8-9e11-ef717eb5d2be ] Request (HypervisorAdminTestJSON:tearDownClass): 204 DELETE http://10.180.1.21/identity/v3/projects/e591ce898a574c078b05a1cb31c826cf 0.098s
2025-12-08 18:51:43.121 65836 INFO tempest.test [-] raised in TestMultiAttachVolumeSwap.setUpClass. Invoking tearDownClass.
2025-12-08 18:51:43.122 65798 INFO tempest.lib.common.rest_client [req-cef0295f-9597-4f78-9c65-8b893f9bc39c req-cef0295f-9597-4f78-9c65-8b893f9bc39c ] Request (InstanceUsageAuditLogTestJSON:tearDownClass): 200 GET http://10.180.1.21/networking/v2.0/security-groups?tenant_id=3db9de71d63b47c78143742cc240d090&name=default 0.317s
2025-12-08 18:51:43.154 65836 INFO tempest.lib.common.rest_client [req-7cfd5d0d-828d-4c74-9fff-b9e8b0658565 req-7cfd5d0d-828d-4c74-9fff-b9e8b0658565 ] Request (AttachInterfacesUnderV243Test:setUpClass): 201 POST http://10.180.1.21/identity/v3/auth/tokens 0.029s
2025-12-08 18:51:43.160 65840 INFO tempest.lib.common.rest_client [req-3dd72a3f-20ed-46d2-9f60-6c8df092f384 req-3dd72a3f-20ed-46d2-9f60-6c8df092f384 ] Request (ListServersNegativeTestJSON:setUpClass): 201 POST http://10.180.1.21/networking/v2.0/routers 1.649s
2025-12-08 18:51:43.174 65829 INFO tempest.lib.common.rest_client [req-1b46ee16-23c1-4284-a8ed-adaf574c016d req-1b46ee16-23c1-4284-a8ed-adaf574c016d ] Request (QuotasAdminTestV236:setUpClass): 200 GET http://10.180.1.21/identity/v3/domains?name=Default 0.077s
2025-12-08 18:51:43.195 65836 INFO tempest.lib.common.rest_client [req-4da0ee15-d774-42a1-94d7-e4aa949da266 req-4da0ee15-d774-42a1-94d7-e4aa949da266 ] Request (AttachInterfacesUnderV243Test:setUpClass): 201 POST http://10.180.1.21/identity/v3/auth/tokens 0.034s
2025-12-08 18:51:43.216 65829 INFO tempest.lib.common.rest_client [req-1a872daa-b5f9-4503-b6e3-262fd71e1443 req-1a872daa-b5f9-4503-b6e3-262fd71e1443 ] Request (QuotasAdminTestV236:setUpClass): 201 POST http://10.180.1.21/identity/v3/projects 0.041s
2025-12-08 18:51:43.223 65836 INFO tempest.lib.common.rest_client [req-7e1aa825-305e-4903-a0ef-12e5247068d6 req-7e1aa825-305e-4903-a0ef-12e5247068d6 ] Request (AttachInterfacesUnderV243Test:setUpClass): 200 GET http://10.180.1.21/identity/v3/domains?name=Default 0.028s
2025-12-08 18:51:43.271 65798 INFO tempest.lib.common.rest_client [req-ace47a0e-3058-436c-b106-a73f8de2c749 req-ace47a0e-3058-436c-b106-a73f8de2c749 ] Request (InstanceUsageAuditLogTestJSON:tearDownClass): 204 DELETE http://10.180.1.21/networking/v2.0/security-groups/ae6de5c3-ac9c-4ff8-a67c-f7e96cf8b118 0.148s
2025-12-08 18:51:43.289 65829 INFO tempest.lib.common.rest_client [req-ec206946-5858-40b7-ac1f-ec78041f7f1e req-ec206946-5858-40b7-ac1f-ec78041f7f1e ] Request (QuotasAdminTestV236:setUpClass): 201 POST http://10.180.1.21/identity/v3/users 0.072s
2025-12-08 18:51:43.320 65836 INFO tempest.lib.common.rest_client [req-171bb3b7-302f-497f-b7f7-a17bf5dad3ff req-171bb3b7-302f-497f-b7f7-a17bf5dad3ff ] Request (AttachInterfacesUnderV243Test:setUpClass): 201 POST http://10.180.1.21/identity/v3/projects 0.095s
2025-12-08 18:51:43.326 65842 INFO tempest.lib.common.rest_client [req-638943d0-0521-4a3f-82bb-a214855a26ca req-638943d0-0521-4a3f-82bb-a214855a26ca ] Request (TenantUsagesTestJSON:setUpClass): 200 GET http://10.180.1.21/compute/v2.1/servers/a03ef6fb-b10c-4570-8420-918abfcc6a28 5.371s
2025-12-08 18:51:43.365 65796 INFO tempest.lib.common.rest_client [req-cf1096f0-04c9-45cd-9c0d-b219286ec4c0 req-cf1096f0-04c9-45cd-9c0d-b219286ec4c0 ] Request (ServersWithSpecificFlavorTestJSON:test_verify_created_server_ephemeral_disk): 200 POST http://10.180.1.21/compute/v2.1/flavors/141536988/os-extra_specs 5.410s
2025-12-08 18:51:43.384 65798 INFO tempest.lib.common.rest_client [req-5b4a3a9b-5f58-4375-bab1-091cc9f72358 req-5b4a3a9b-5f58-4375-bab1-091cc9f72358 ] Request (InstanceUsageAuditLogTestJSON:tearDownClass): 204 DELETE http://10.180.1.21/identity/v3/projects/3db9de71d63b47c78143742cc240d090 0.113s
2025-12-08 18:51:43.435 65829 INFO tempest.lib.common.rest_client [req-35bc37cc-f2d7-4f03-b71d-f3f6d4d9d234 req-35bc37cc-f2d7-4f03-b71d-f3f6d4d9d234 ] Request (QuotasAdminTestV236:setUpClass): 200 GET http://10.180.1.21/identity/v3/roles 0.145s
2025-12-08 18:51:43.463 65798 INFO tempest.lib.common.rest_client [req-1e28bf6b-a8d5-4cda-b802-1336cda1f08f req-1e28bf6b-a8d5-4cda-b802-1336cda1f08f ] Request (ServersAdminNegativeTestJSON:setUpClass): 201 POST http://10.180.1.21/identity/v3/auth/tokens 0.075s
2025-12-08 18:51:43.473 65836 INFO tempest.lib.common.rest_client [req-150fca1f-e5d2-4cf3-bb4f-3d738444b65e req-150fca1f-e5d2-4cf3-bb4f-3d738444b65e ] Request (AttachInterfacesUnderV243Test:setUpClass): 201 POST http://10.180.1.21/identity/v3/users 0.153s
2025-12-08 18:51:43.508 65829 INFO tempest.lib.common.rest_client [req-e8abe243-4ce6-4ca5-a33f-d98e2620239b req-e8abe243-4ce6-4ca5-a33f-d98e2620239b ] Request (QuotasAdminTestV236:setUpClass): 204 PUT http://10.180.1.21/identity/v3/projects/64e42214853b49998de421d3c5d76f3d/users/4508e2b60c6145a08a05f19f3f4fcb8a/roles/61bfb24fbf5640f3b82f4de2ee5c94b0 0.072s
2025-12-08 18:51:43.509 65829 INFO tempest.lib.common.dynamic_creds [-] Dynamic test user 4508e2b60c6145a08a05f19f3f4fcb8a is created with scope project and roles: ['member']
2025-12-08 18:51:43.509 65829 INFO tempest.lib.common.dynamic_creds [-] Acquired dynamic creds: credentials: Credentials: {'domain_id': 'default', 'domain_name': 'Default', 'username': 'tempest-QuotasAdminTestV236-1205595182-project-member', 'project_domain_id': 'default', 'project_domain_name': 'Default', 'project_id': '64e42214853b49998de421d3c5d76f3d', 'project_name': 'tempest-QuotasAdminTestV236-1205595182', 'tenant_id': '64e42214853b49998de421d3c5d76f3d', 'tenant_name': 'tempest-QuotasAdminTestV236-1205595182', 'user_domain_id': 'default', 'user_domain_name': 'Default', 'user_id': '4508e2b60c6145a08a05f19f3f4fcb8a', 'system': None}, Network: None, Subnet: None, Router: None
2025-12-08 18:51:43.509 65829 INFO tempest.lib.common.dynamic_creds [-] Created isolated network resources for: credentials: Credentials: {'domain_id': 'default', 'domain_name': 'Default', 'username': 'tempest-QuotasAdminTestV236-1205595182-project-member', 'project_domain_id': 'default', 'project_domain_name': 'Default', 'project_id': '64e42214853b49998de421d3c5d76f3d', 'project_name': 'tempest-QuotasAdminTestV236-1205595182', 'tenant_id': '64e42214853b49998de421d3c5d76f3d', 'tenant_name': 'tempest-QuotasAdminTestV236-1205595182', 'user_domain_id': 'default', 'user_domain_name': 'Default', 'user_id': '4508e2b60c6145a08a05f19f3f4fcb8a', 'system': None}, Network: None, Subnet: None, Router: None
2025-12-08 18:51:43.565 65798 INFO tempest.lib.common.rest_client [req-c89c6882-0018-43ed-8c4d-7635ea20c94f req-c89c6882-0018-43ed-8c4d-7635ea20c94f ] Request (ServersAdminNegativeTestJSON:setUpClass): 201 POST http://10.180.1.21/identity/v3/auth/tokens 0.093s
2025-12-08 18:51:43.663 65836 INFO tempest.lib.common.rest_client [req-379fbe2a-ba85-481e-b72e-8da58a91d0fb req-379fbe2a-ba85-481e-b72e-8da58a91d0fb ] Request (AttachInterfacesUnderV243Test:setUpClass): 200 GET http://10.180.1.21/identity/v3/roles 0.189s
2025-12-08 18:51:43.707 65798 INFO tempest.lib.common.rest_client [req-261226db-06a9-4fab-805e-896712431f42 req-261226db-06a9-4fab-805e-896712431f42 ] Request (ServersAdminNegativeTestJSON:setUpClass): 200 GET http://10.180.1.21/identity/v3/domains?name=Default 0.141s
2025-12-08 18:51:43.712 65829 INFO tempest.lib.common.rest_client [req-894418b3-211d-4209-a5a4-e98f4f7a46fa req-894418b3-211d-4209-a5a4-e98f4f7a46fa ] Request (QuotasAdminTestV236:setUpClass): 201 POST http://10.180.1.21/identity/v3/auth/tokens 0.192s
2025-12-08 18:51:43.750 65798 INFO tempest.lib.common.rest_client [req-4d5d998b-89be-4632-821e-cc39b8116a60 req-4d5d998b-89be-4632-821e-cc39b8116a60 ] Request (ServersAdminNegativeTestJSON:setUpClass): 201 POST http://10.180.1.21/identity/v3/projects 0.041s
2025-12-08 18:51:43.752 65836 INFO tempest.lib.common.rest_client [req-5cbc55f9-4e72-4ba8-a01b-c80c561db33f req-5cbc55f9-4e72-4ba8-a01b-c80c561db33f ] Request (AttachInterfacesUnderV243Test:setUpClass): 204 PUT http://10.180.1.21/identity/v3/projects/71748e6827c341278fe7ae474f7fd3a9/users/4316eaed5e8849cdb35acadb4e77ae81/roles/61bfb24fbf5640f3b82f4de2ee5c94b0 0.088s
2025-12-08 18:51:43.752 65836 INFO tempest.lib.common.dynamic_creds [-] Dynamic test user 4316eaed5e8849cdb35acadb4e77ae81 is created with scope project and roles: ['member']
2025-12-08 18:51:43.752 65836 INFO tempest.lib.common.dynamic_creds [-] Acquired dynamic creds: credentials: Credentials: {'domain_id': 'default', 'domain_name': 'Default', 'username': 'tempest-AttachInterfacesUnderV243Test-1942065769-project-member', 'project_domain_id': 'default', 'project_domain_name': 'Default', 'project_id': '71748e6827c341278fe7ae474f7fd3a9', 'project_name': 'tempest-AttachInterfacesUnderV243Test-1942065769', 'tenant_id': '71748e6827c341278fe7ae474f7fd3a9', 'tenant_name': 'tempest-AttachInterfacesUnderV243Test-1942065769', 'user_domain_id': 'default', 'user_domain_name': 'Default', 'user_id': '4316eaed5e8849cdb35acadb4e77ae81', 'system': None}, Network: None, Subnet: None, Router: None
2025-12-08 18:51:43.761 65802 INFO tempest.lib.common.rest_client [req-051fcdb9-27a0-4de4-a1a6-7001a6216fe9 req-051fcdb9-27a0-4de4-a1a6-7001a6216fe9 ] Request (ImagesMetadataTestJSON:setUp): 200 PUT http://10.180.1.21/compute/v2.1/images/e8edd8fd-0eb8-49af-a405-73249dc847d1/metadata 5.772s
2025-12-08 18:51:43.865 65798 INFO tempest.lib.common.rest_client [req-15f2db4f-66a9-45bf-bf17-8869201118f9 req-15f2db4f-66a9-45bf-bf17-8869201118f9 ] Request (ServersAdminNegativeTestJSON:setUpClass): 201 POST http://10.180.1.21/identity/v3/users 0.113s
2025-12-08 18:51:43.867 65829 INFO tempest.lib.common.rest_client [req-7c2fbf8a-f7bd-45fd-8b62-031c36cccd60 req-7c2fbf8a-f7bd-45fd-8b62-031c36cccd60 ] Request (QuotasAdminTestV236:setUpClass): 201 POST http://10.180.1.21/identity/v3/projects 0.154s
2025-12-08 18:51:43.923 65836 INFO tempest.lib.common.rest_client [req-553d26e7-3654-4fc6-b4d4-ebf0052b152d req-553d26e7-3654-4fc6-b4d4-ebf0052b152d ] Request (AttachInterfacesUnderV243Test:setUpClass): 201 POST http://10.180.1.21/identity/v3/auth/tokens 0.170s
2025-12-08 18:51:43.924 65829 INFO tempest.lib.common.rest_client [req-275d321f-6170-44b3-90d7-c545f4956df9 req-275d321f-6170-44b3-90d7-c545f4956df9 ] Request (QuotasAdminTestV236:setUpClass): 201 POST http://10.180.1.21/identity/v3/users 0.057s
2025-12-08 18:51:43.942 65798 INFO tempest.lib.common.rest_client [req-48e0b420-b0ad-4184-9d71-407495c0eee0 req-48e0b420-b0ad-4184-9d71-407495c0eee0 ] Request (ServersAdminNegativeTestJSON:setUpClass): 200 GET http://10.180.1.21/identity/v3/roles 0.076s
2025-12-08 18:51:43.954 65829 INFO tempest.lib.common.rest_client [req-b8b6bada-f114-44df-baa5-9dc0a8d60cab req-b8b6bada-f114-44df-baa5-9dc0a8d60cab ] Request (QuotasAdminTestV236:setUpClass): 200 GET http://10.180.1.21/identity/v3/roles 0.030s
2025-12-08 18:51:43.974 65798 INFO tempest.lib.common.rest_client [req-29c3115c-4293-424b-8ae1-e55ac0b41ba5 req-29c3115c-4293-424b-8ae1-e55ac0b41ba5 ] Request (ServersAdminNegativeTestJSON:setUpClass): 204 PUT http://10.180.1.21/identity/v3/projects/2afa0793a293417491fb515532ed33b2/users/704e172392fb4d698f2e8d8d9db6eac7/roles/61bfb24fbf5640f3b82f4de2ee5c94b0 0.032s
2025-12-08 18:51:43.974 65798 INFO tempest.lib.common.dynamic_creds [-] Dynamic test user 704e172392fb4d698f2e8d8d9db6eac7 is created with scope project and roles: ['member']
2025-12-08 18:51:43.974 65798 INFO tempest.lib.common.dynamic_creds [-] Acquired dynamic creds: credentials: Credentials: {'domain_id': 'default', 'domain_name': 'Default', 'username': 'tempest-ServersAdminNegativeTestJSON-1657240494-project-member', 'project_domain_id': 'default', 'project_domain_name': 'Default', 'project_id': '2afa0793a293417491fb515532ed33b2', 'project_name': 'tempest-ServersAdminNegativeTestJSON-1657240494', 'tenant_id': '2afa0793a293417491fb515532ed33b2', 'tenant_name': 'tempest-ServersAdminNegativeTestJSON-1657240494', 'user_domain_id': 'default', 'user_domain_name': 'Default', 'user_id': '704e172392fb4d698f2e8d8d9db6eac7', 'system': None}, Network: None, Subnet: None, Router: None
2025-12-08 18:51:43.974 65798 INFO tempest.lib.common.dynamic_creds [-] Created isolated network resources for: credentials: Credentials: {'domain_id': 'default', 'domain_name': 'Default', 'username': 'tempest-ServersAdminNegativeTestJSON-1657240494-project-member', 'project_domain_id': 'default', 'project_domain_name': 'Default', 'project_id': '2afa0793a293417491fb515532ed33b2', 'project_name': 'tempest-ServersAdminNegativeTestJSON-1657240494', 'tenant_id': '2afa0793a293417491fb515532ed33b2', 'tenant_name': 'tempest-ServersAdminNegativeTestJSON-1657240494', 'user_domain_id': 'default', 'user_domain_name': 'Default', 'user_id': '704e172392fb4d698f2e8d8d9db6eac7', 'system': None}, Network: None, Subnet: None, Router: None
2025-12-08 18:51:43.999 65829 INFO tempest.lib.common.rest_client [req-c0f80226-0755-4a9d-8d79-e24d0aa7eb43 req-c0f80226-0755-4a9d-8d79-e24d0aa7eb43 ] Request (QuotasAdminTestV236:setUpClass): 204 PUT http://10.180.1.21/identity/v3/projects/3a30bce0bfc74a33b89f7adfe3021265/users/2d3ec8cf517d44f98361238c4f23eac1/roles/cb1c72f021924b3e95cbbeea645d4b8e 0.044s
2025-12-08 18:51:44.052 65798 INFO tempest.lib.common.rest_client [req-167dd21d-63fb-466e-97c7-d0a74e396640 req-167dd21d-63fb-466e-97c7-d0a74e396640 ] Request (ServersAdminNegativeTestJSON:setUpClass): 201 POST http://10.180.1.21/identity/v3/auth/tokens 0.074s
2025-12-08 18:51:44.066 65829 INFO tempest.lib.common.rest_client [req-de5d33fa-0089-4cbb-8819-0ed4175bdbb3 req-de5d33fa-0089-4cbb-8819-0ed4175bdbb3 ] Request (QuotasAdminTestV236:setUpClass): 200 GET http://10.180.1.21/identity/v3/roles 0.066s
2025-12-08 18:51:44.092 65798 INFO tempest.lib.common.rest_client [req-d2558835-be82-4976-96b5-cd9704f8df4f req-d2558835-be82-4976-96b5-cd9704f8df4f ] Request (ServersAdminNegativeTestJSON:setUpClass): 201 POST http://10.180.1.21/identity/v3/projects 0.039s
2025-12-08 18:51:44.141 65829 INFO tempest.lib.common.rest_client [req-f93cf9ac-5079-4c6e-87f7-7f3eeecf2b86 req-f93cf9ac-5079-4c6e-87f7-7f3eeecf2b86 ] Request (QuotasAdminTestV236:setUpClass): 204 PUT http://10.180.1.21/identity/v3/projects/3a30bce0bfc74a33b89f7adfe3021265/users/2d3ec8cf517d44f98361238c4f23eac1/roles/cb1c72f021924b3e95cbbeea645d4b8e 0.075s
2025-12-08 18:51:44.142 65829 INFO tempest.lib.common.dynamic_creds [-] Dynamic test user 2d3ec8cf517d44f98361238c4f23eac1 is created with scope project and roles: ['admin']
2025-12-08 18:51:44.142 65829 INFO tempest.lib.common.dynamic_creds [-] Acquired dynamic creds: credentials: Credentials: {'domain_id': 'default', 'domain_name': 'Default', 'username': 'tempest-QuotasAdminTestV236-1238696233-project-admin', 'project_domain_id': 'default', 'project_domain_name': 'Default', 'project_id': '3a30bce0bfc74a33b89f7adfe3021265', 'project_name': 'tempest-QuotasAdminTestV236-1238696233', 'tenant_id': '3a30bce0bfc74a33b89f7adfe3021265', 'tenant_name': 'tempest-QuotasAdminTestV236-1238696233', 'user_domain_id': 'default', 'user_domain_name': 'Default', 'user_id': '2d3ec8cf517d44f98361238c4f23eac1', 'system': None}, Network: None, Subnet: None, Router: None
2025-12-08 18:51:44.142 65829 INFO tempest.lib.common.dynamic_creds [-] Created isolated network resources for: credentials: Credentials: {'domain_id': 'default', 'domain_name': 'Default', 'username': 'tempest-QuotasAdminTestV236-1238696233-project-admin', 'project_domain_id': 'default', 'project_domain_name': 'Default', 'project_id': '3a30bce0bfc74a33b89f7adfe3021265', 'project_name': 'tempest-QuotasAdminTestV236-1238696233', 'tenant_id': '3a30bce0bfc74a33b89f7adfe3021265', 'tenant_name': 'tempest-QuotasAdminTestV236-1238696233', 'user_domain_id': 'default', 'user_domain_name': 'Default', 'user_id': '2d3ec8cf517d44f98361238c4f23eac1', 'system': None}, Network: None, Subnet: None, Router: None
2025-12-08 18:51:44.197 65798 INFO tempest.lib.common.rest_client [req-25eb355a-4014-43d5-9a38-a412677fbcaa req-25eb355a-4014-43d5-9a38-a412677fbcaa ] Request (ServersAdminNegativeTestJSON:setUpClass): 201 POST http://10.180.1.21/identity/v3/users 0.104s
2025-12-08 18:51:44.219 65798 INFO tempest.lib.common.rest_client [req-d8245be5-98b4-4453-b23d-2c7cfc2b4391 req-d8245be5-98b4-4453-b23d-2c7cfc2b4391 ] Request (ServersAdminNegativeTestJSON:setUpClass): 200 GET http://10.180.1.21/identity/v3/roles 0.022s
2025-12-08 18:51:44.222 65829 INFO tempest.lib.common.rest_client [req-63c8afec-f842-43e8-b144-2d841a556834 req-63c8afec-f842-43e8-b144-2d841a556834 ] Request (QuotasAdminTestV236:setUpClass): 201 POST http://10.180.1.21/identity/v3/auth/tokens 0.076s
2025-12-08 18:51:44.223 65829 WARNING tempest.lib.common.rest_client [-] Deprecated: "tenant_id" property is deprecated for removal, use "project_id" instead
2025-12-08 18:51:44.251 65829 INFO tempest.lib.common.rest_client [req-7541bd01-e15c-41a6-a829-b6d6a87d8bdd req-7541bd01-e15c-41a6-a829-b6d6a87d8bdd ] Request (QuotasAdminTestV236:test_get_updated_quotas): 200 GET http://10.180.1.21/identity/v3/domains?name=Default 0.027s
2025-12-08 18:51:44.260 65798 INFO tempest.lib.common.rest_client [req-9f3d32b6-0175-4738-9cdb-02eaca176eb5 req-9f3d32b6-0175-4738-9cdb-02eaca176eb5 ] Request (ServersAdminNegativeTestJSON:setUpClass): 204 PUT http://10.180.1.21/identity/v3/projects/51520ea843184b159239e878ea1e6dec/users/3dafbb2d9a4d40019948b477082ac431/roles/cb1c72f021924b3e95cbbeea645d4b8e 0.040s
2025-12-08 18:51:44.310 65840 INFO tempest.lib.common.rest_client [req-93c5669b-e6af-41a2-a994-55b3fd1c1562 req-93c5669b-e6af-41a2-a994-55b3fd1c1562 ] Request (ListServersNegativeTestJSON:setUpClass): 200 PUT http://10.180.1.21/networking/v2.0/routers/0024c592-54e7-461b-9399-50b7562e9c85/add_router_interface 1.150s
2025-12-08 18:51:44.310 65840 INFO tempest.lib.common.dynamic_creds [-] Created isolated network resources for: credentials: Credentials: {'domain_id': 'default', 'domain_name': 'Default', 'username': 'tempest-ListServersNegativeTestJSON-1663965301-project-member', 'project_domain_id': 'default', 'project_domain_name': 'Default', 'project_id': 'a0cb345ea2d246db8a0ab4e953674517', 'project_name': 'tempest-ListServersNegativeTestJSON-1663965301', 'tenant_id': 'a0cb345ea2d246db8a0ab4e953674517', 'tenant_name': 'tempest-ListServersNegativeTestJSON-1663965301', 'user_domain_id': 'default', 'user_domain_name': 'Default', 'user_id': 'b9666e298ed3445382d5f23818f05df5', 'system': None}, Network: {'id': 'e579564a-cb79-45af-8ba0-c35b54201c88', 'name': 'tempest-ListServersNegativeTestJSON-1798158842-network', 'tenant_id': 'a0cb345ea2d246db8a0ab4e953674517', 'project_id': 'a0cb345ea2d246db8a0ab4e953674517', 'admin_state_up': True, 'mtu': 8950, 'status': 'ACTIVE', 'subnets': [], 'shared': False, 'port_security_enabled': True, 'router:external': False, 'provider:network_type': 'vlan', 'provider:physical_network': 'default', 'provider:segmentation_id': 986, 'availability_zone_hints': [], 'availability_zones': [], 'ipv4_address_scope': None, 'ipv6_address_scope': None, 'description': '', 'tags': [], 'created_at': '2025-12-08T18:51:40Z', 'updated_at': '2025-12-08T18:51:40Z', 'revision_number': 1}, Subnet: {'id': '58806d38-9bd9-4ca1-bd4c-648b6ec9cc09', 'name': 'tempest-ListServersNegativeTestJSON-1798158842-subnet', 'tenant_id': 'a0cb345ea2d246db8a0ab4e953674517', 'network_id': 'e579564a-cb79-45af-8ba0-c35b54201c88', 'ip_version': 4, 'subnetpool_id': None, 'enable_dhcp': True, 'ipv6_ra_mode': None, 'ipv6_address_mode': None, 'gateway_ip': '192.168.128.1', 'cidr': '192.168.128.0/28', 'allocation_pools': [{'start': '192.168.128.2', 'end': '192.168.128.14'}], 'host_routes': [], 'dns_nameservers': [], 'description': '', 'router:external': False, 'service_types': [], 'tags': [], 'created_at': '2025-12-08T18:51:41Z', 'updated_at': '2025-12-08T18:51:41Z', 'revision_number': 0, 'project_id': 'a0cb345ea2d246db8a0ab4e953674517'}, Router: {'id': '0024c592-54e7-461b-9399-50b7562e9c85', 'name': 'tempest-ListServersNegativeTestJSON-1798158842-router', 'tenant_id': 'a0cb345ea2d246db8a0ab4e953674517', 'admin_state_up': True, 'status': 'ACTIVE', 'external_gateway_info': {'network_id': '02e80801-bf47-44f7-8c4c-00ed8ddf8fcf', 'external_fixed_ips': [{'subnet_id': '0df26d28-e4b1-4d10-b8fc-299bf1236404', 'ip_address': '10.180.180.186'}], 'enable_snat': True}, 'description': '', 'availability_zones': [], 'distributed': False, 'ha': False, 'availability_zone_hints': [], 'routes': [], 'flavor_id': None, 'tags': [], 'created_at': '2025-12-08T18:51:42Z', 'updated_at': '2025-12-08T18:51:42Z', 'revision_number': 2, 'project_id': 'a0cb345ea2d246db8a0ab4e953674517'}
2025-12-08 18:51:44.320 65798 INFO tempest.lib.common.rest_client [req-4b1f8ac6-a040-4897-9497-706970dea452 req-4b1f8ac6-a040-4897-9497-706970dea452 ] Request (ServersAdminNegativeTestJSON:setUpClass): 200 GET http://10.180.1.21/identity/v3/roles 0.060s
2025-12-08 18:51:44.331 65829 INFO tempest.lib.common.rest_client [req-ddac4fb9-4247-43a1-bead-4166f45de12c req-ddac4fb9-4247-43a1-bead-4166f45de12c ] Request (QuotasAdminTestV236:test_get_updated_quotas): 201 POST http://10.180.1.21/identity/v3/projects 0.079s
2025-12-08 18:51:44.358 65826 INFO tempest.lib.common.rest_client [req-0538c50b-506d-46e4-a639-a6518262d8fa req-0538c50b-506d-46e4-a639-a6518262d8fa ] Request (ImagesTestJSON:test_create_image_from_stopped_server): 200 GET http://10.180.1.21/compute/v2.1/servers/4a904e51-689e-4b05-8321-1c521909ac3a 6.313s
2025-12-08 18:51:44.369 65826 INFO tempest.common.waiters [-] State transition "BUILD/networking" ==> "BUILD/spawning" after 12 second wait
2025-12-08 18:51:44.377 65836 INFO tempest.lib.common.rest_client [req-5cae6592-e1dd-44e5-89ed-64f5e8b775b0 req-5cae6592-e1dd-44e5-89ed-64f5e8b775b0 ] Request (AttachInterfacesUnderV243Test:setUpClass): 201 POST http://10.180.1.21/networking/v2.0/networks 0.454s
2025-12-08 18:51:44.391 65798 INFO tempest.lib.common.rest_client [req-396d7c59-46ab-4c89-a8da-6fd5ea193008 req-396d7c59-46ab-4c89-a8da-6fd5ea193008 ] Request (ServersAdminNegativeTestJSON:setUpClass): 204 PUT http://10.180.1.21/identity/v3/projects/51520ea843184b159239e878ea1e6dec/users/3dafbb2d9a4d40019948b477082ac431/roles/cb1c72f021924b3e95cbbeea645d4b8e 0.070s
2025-12-08 18:51:44.392 65798 INFO tempest.lib.common.dynamic_creds [-] Dynamic test user 3dafbb2d9a4d40019948b477082ac431 is created with scope project and roles: ['admin']
2025-12-08 18:51:44.392 65798 INFO tempest.lib.common.dynamic_creds [-] Acquired dynamic creds: credentials: Credentials: {'domain_id': 'default', 'domain_name': 'Default', 'username': 'tempest-ServersAdminNegativeTestJSON-1925197416-project-admin', 'project_domain_id': 'default', 'project_domain_name': 'Default', 'project_id': '51520ea843184b159239e878ea1e6dec', 'project_name': 'tempest-ServersAdminNegativeTestJSON-1925197416', 'tenant_id': '51520ea843184b159239e878ea1e6dec', 'tenant_name': 'tempest-ServersAdminNegativeTestJSON-1925197416', 'user_domain_id': 'default', 'user_domain_name': 'Default', 'user_id': '3dafbb2d9a4d40019948b477082ac431', 'system': None}, Network: None, Subnet: None, Router: None
2025-12-08 18:51:44.392 65798 INFO tempest.lib.common.dynamic_creds [-] Created isolated network resources for: credentials: Credentials: {'domain_id': 'default', 'domain_name': 'Default', 'username': 'tempest-ServersAdminNegativeTestJSON-1925197416-project-admin', 'project_domain_id': 'default', 'project_domain_name': 'Default', 'project_id': '51520ea843184b159239e878ea1e6dec', 'project_name': 'tempest-ServersAdminNegativeTestJSON-1925197416', 'tenant_id': '51520ea843184b159239e878ea1e6dec', 'tenant_name': 'tempest-ServersAdminNegativeTestJSON-1925197416', 'user_domain_id': 'default', 'user_domain_name': 'Default', 'user_id': '3dafbb2d9a4d40019948b477082ac431', 'system': None}, Network: None, Subnet: None, Router: None
2025-12-08 18:51:44.392 65840 INFO tempest.lib.common.rest_client [req-f9d5d2d0-5ef4-4933-9af5-2f915f98da63 req-f9d5d2d0-5ef4-4933-9af5-2f915f98da63 ] Request (ListServersNegativeTestJSON:setUpClass): 201 POST http://10.180.1.21/identity/v3/auth/tokens 0.077s
2025-12-08 18:51:44.454 65840 INFO tempest.lib.common.rest_client [req-d7b3e088-0fd6-4a21-b37b-73d36bbed6f9 req-d7b3e088-0fd6-4a21-b37b-73d36bbed6f9 ] Request (ListServersNegativeTestJSON:setUpClass): 201 POST http://10.180.1.21/identity/v3/auth/tokens 0.059s
2025-12-08 18:51:44.455 65840 INFO tempest.lib.common.fixed_network [-] (ListServersNegativeTestJSON:setUpClass) Found network {'id': 'e579564a-cb79-45af-8ba0-c35b54201c88', 'name': 'tempest-ListServersNegativeTestJSON-1798158842-network', 'tenant_id': 'a0cb345ea2d246db8a0ab4e953674517', 'project_id': 'a0cb345ea2d246db8a0ab4e953674517', 'admin_state_up': True, 'mtu': 8950, 'status': 'ACTIVE', 'subnets': [], 'shared': False, 'port_security_enabled': True, 'router:external': False, 'provider:network_type': 'vlan', 'provider:physical_network': 'default', 'provider:segmentation_id': 986, 'availability_zone_hints': [], 'availability_zones': [], 'ipv4_address_scope': None, 'ipv6_address_scope': None, 'description': '', 'tags': [], 'created_at': '2025-12-08T18:51:40Z', 'updated_at': '2025-12-08T18:51:40Z', 'revision_number': 1} available for tenant
2025-12-08 18:51:44.465 65829 INFO tempest.lib.common.rest_client [req-eda60416-d8a5-4398-83a7-c7d021c35a20 req-eda60416-d8a5-4398-83a7-c7d021c35a20 ] Request (QuotasAdminTestV236:test_get_updated_quotas): 200 GET http://10.180.1.21/identity/v3/domains?name=Default 0.132s
2025-12-08 18:51:44.539 65798 INFO tempest.lib.common.rest_client [req-e7102776-69c6-4aba-a6ab-9a53384c9701 req-e7102776-69c6-4aba-a6ab-9a53384c9701 ] Request (ServersAdminNegativeTestJSON:setUpClass): 201 POST http://10.180.1.21/identity/v3/auth/tokens 0.143s
2025-12-08 18:51:44.539 65798 WARNING tempest.lib.common.rest_client [-] Deprecated: "tenant_id" property is deprecated for removal, use "project_id" instead
2025-12-08 18:51:44.621 65836 INFO tempest.lib.common.rest_client [req-7204630a-7a15-42a8-8828-c8169fb31975 req-7204630a-7a15-42a8-8828-c8169fb31975 ] Request (AttachInterfacesUnderV243Test:setUpClass): 201 POST http://10.180.1.21/networking/v2.0/subnets 0.243s
2025-12-08 18:51:44.623 65810 INFO tempest.lib.common.rest_client [req-4ab03df9-c92f-4d1c-a171-5902e6dbe790 req-4ab03df9-c92f-4d1c-a171-5902e6dbe790 ] Request (ServerExternalEventsTest:test_create_server_external_events): 200 GET http://10.180.1.21/compute/v2.1/servers/a4090fc6-7583-4339-b28d-c2f306431d4a 6.487s
2025-12-08 18:51:44.635 65810 INFO tempest.common.waiters [-] State transition "BUILD/None" ==> "BUILD/spawning" after 11 second wait
2025-12-08 18:51:44.644 65798 INFO tempest.lib.common.rest_client [req-1fe14fe2-1e31-4f69-821c-a8071640e5e1 req-1fe14fe2-1e31-4f69-821c-a8071640e5e1 ] Request (ServersAdminNegativeTestJSON:setUpClass): 201 POST http://10.180.1.21/identity/v3/auth/tokens 0.099s
2025-12-08 18:51:44.645 65798 INFO tempest.lib.common.fixed_network [-] (ServersAdminNegativeTestJSON:setUpClass) Found network None available for tenant
2025-12-08 18:51:44.697 65852 INFO tempest.lib.common.rest_client [req-44d8c905-ff57-4115-ab4b-8e39bcaa68a5 req-44d8c905-ff57-4115-ab4b-8e39bcaa68a5 ] Request (VolumesGetTestJSON:test_volume_create_get_delete): 200 GET http://10.180.1.21/compute/v2.1/os-volumes/b04e400b-fa84-46de-a7e7-b8d9ccc304b8 6.249s
2025-12-08 18:51:44.700 65852 INFO tempest.common.waiters [-] volume b04e400b-fa84-46de-a7e7-b8d9ccc304b8 reached available after waiting for 0.700677 seconds
2025-12-08 18:51:44.736 65820 INFO tempest.lib.common.rest_client [req-9d8c4431-e7b1-4da6-b713-b9b8ac7a141d req-9d8c4431-e7b1-4da6-b713-b9b8ac7a141d ] Request (KeyPairsNegativeTestJSON:test_keypair_create_with_invalid_pub_key): 400 POST http://10.180.1.21/compute/v2.1/os-keypairs 5.461s
2025-12-08 18:51:44.869 65806 INFO tempest.lib.common.rest_client [req-fdab7158-2f37-4cea-a65e-a3db6edfc601 req-fdab7158-2f37-4cea-a65e-a3db6edfc601 ] Request (AggregatesAdminNegativeTestJSON:test_aggregate_add_host_as_user): 403 POST http://10.180.1.21/compute/v2.1/os-aggregates/2/action 5.567s
