2025-12-08 18:54:55.106 65840 INFO tempest.lib.common.rest_client [req-b45b8db8-c01f-4f8f-8b47-68568b415286 req-b45b8db8-c01f-4f8f-8b47-68568b415286 ] Request (AttachVolumeShelveTestJSON:test_attach_volume_shelved_or_offload_server): 200 GET http://10.180.1.21/compute/v2.1/servers/ad0e7dd5-1cd6-4103-b70d-63fb830a64ba 0.466s
2025-12-08 18:54:55.146 65850 INFO tempest.lib.common.rest_client [req-f7b65219-d90d-47d9-9a15-65366d696791 req-f7b65219-d90d-47d9-9a15-65366d696791 ] Request (ImagesOneServerNegativeTestJSON:setUpClass): 200 GET http://10.180.1.21/compute/v2.1/servers/62d74885-a429-4ea7-959e-7b99bf230b17 0.361s
2025-12-08 18:54:55.232 65816 INFO tempest.lib.common.rest_client [req-029d2484-9c74-4691-8a2d-acddf7f6efcd req-029d2484-9c74-4691-8a2d-acddf7f6efcd ] Request (ServersAdminTestJSON:test_rebuild_server_in_error_state): 200 GET http://10.180.1.21/compute/v2.1/servers/1d465555-c64f-47ab-b68b-5f2d4e35777a 0.410s
2025-12-08 18:54:55.300 65822 INFO tempest.lib.common.rest_client [req-2fbcd84b-19f7-49c7-b368-40a722675d2f req-2fbcd84b-19f7-49c7-b368-40a722675d2f ] Request (SecurityGroupsTestJSON:test_update_security_groups): 200 PUT http://10.180.1.21/compute/v2.1/os-security-groups/e77016be-cc76-418a-99af-bb7c0eaa8188 0.425s
2025-12-08 18:54:55.319 65836 INFO tempest.lib.common.rest_client [req-ba2f8113-4f02-4204-994b-cf1ac4d22234 req-ba2f8113-4f02-4204-994b-cf1ac4d22234 ] Request (DeleteServersTestJSON:setUpClass): 201 POST http://10.180.1.21/networking/v2.0/networks 0.368s
2025-12-08 18:54:55.331 65826 INFO tempest.lib.common.rest_client [req-6a3f2e3c-4dc6-49ff-8659-ae3de9552ea9 req-6a3f2e3c-4dc6-49ff-8659-ae3de9552ea9 ] Request (ImagesTestJSON:test_create_server_from_snapshot): 200 GET http://10.180.1.21/compute/v2.1/servers/5be7f18d-3daa-4a93-a4b7-6be5c725ee76 0.240s
2025-12-08 18:54:55.344 65826 INFO tempest.common.waiters [-] State transition "BUILD/scheduling" ==> "BUILD/None" after 11 second wait
2025-12-08 18:54:55.382 65820 INFO tempest.lib.common.rest_client [req-02f7952e-85d8-4197-90db-eac5d174e3ee req-02f7952e-85d8-4197-90db-eac5d174e3ee ] Request (ServerGroupTestJSON:_run_cleanups): 200 GET http://10.180.1.21/compute/v2.1/servers/6748c5ab-2ddb-43c4-ae64-4b7b5d34ae5c 0.213s
2025-12-08 18:54:55.418 65830 INFO tempest.lib.common.rest_client [req-ed03452c-6cb5-4fa4-876c-5f362b7de0bf req-ed03452c-6cb5-4fa4-876c-5f362b7de0bf ] Request (ServersListShow2100Test:test_list_show_rebuild_update_server_2100): 200 GET http://10.180.1.21/compute/v2.1/servers/a10947ef-e4ef-4105-8a4f-ede6b83eb9b4 0.187s
2025-12-08 18:54:55.461 65804 INFO tempest.lib.common.rest_client [req-d1c7cd5c-cd90-4143-b5a2-ab631f0dc7c4 req-d1c7cd5c-cd90-4143-b5a2-ab631f0dc7c4 ] Request (MultipleCreateTestJSON:test_multiple_create): 200 GET http://10.180.1.21/compute/v2.1/servers/12e300af-19c4-4d1f-a516-e5a899ed1332 0.221s
2025-12-08 18:54:55.483 65822 INFO tempest.lib.common.rest_client [req-e6623645-d20b-4c43-a697-95e35838f54b req-e6623645-d20b-4c43-a697-95e35838f54b ] Request (SecurityGroupsTestJSON:test_update_security_groups): 200 GET http://10.180.1.21/compute/v2.1/os-security-groups/e77016be-cc76-418a-99af-bb7c0eaa8188 0.180s
2025-12-08 18:54:55.512 65836 INFO tempest.lib.common.rest_client [req-77d45191-2942-4d95-af50-97aa6d99ae45 req-77d45191-2942-4d95-af50-97aa6d99ae45 ] Request (DeleteServersTestJSON:setUpClass): 201 POST http://10.180.1.21/networking/v2.0/subnets 0.192s
2025-12-08 18:54:55.540 65798 INFO tempest.lib.common.rest_client [req-3aaadce4-b793-437b-af60-15b56adf2148 req-3aaadce4-b793-437b-af60-15b56adf2148 ] Request (ServersAdminNegativeTestJSON:tearDownClass): 200 GET http://10.180.1.21/compute/v2.1/servers/7522e9c0-08ea-450c-9c75-3dfc60df3963 0.212s
2025-12-08 18:54:55.653 65842 INFO tempest.lib.common.rest_client [req-b7b30f57-2aa9-4beb-8a18-9f197b2d5e7c req-b7b30f57-2aa9-4beb-8a18-9f197b2d5e7c ] Request (ListServerFiltersTestJSON:setUpClass): 200 GET http://10.180.1.21/compute/v2.1/servers/bfecf3e2-ac9c-4996-baf1-21cf0151e463 0.279s
2025-12-08 18:54:55.742 65822 INFO tempest.lib.common.rest_client [req-df95523e-0203-483a-b03f-55306d8539fe req-df95523e-0203-483a-b03f-55306d8539fe ] Request (SecurityGroupsTestJSON:tearDownClass): 202 DELETE http://10.180.1.21/compute/v2.1/os-security-groups/e77016be-cc76-418a-99af-bb7c0eaa8188 0.254s
2025-12-08 18:54:55.771 65824 INFO tempest.lib.common.rest_client [req-fcbbe200-9ca2-487c-a934-d1613dea3bcf req-fcbbe200-9ca2-487c-a934-d1613dea3bcf ] Request (ImagesNegativeTestJSON:test_create_image_from_deleted_server): 200 GET http://10.180.1.21/compute/v2.1/servers/8043c20f-b7e0-4397-9507-4cdb8f97ddc0 0.182s
2025-12-08 18:54:55.901 65818 WARNING tempest.lib.common.ssh [-] Failed to establish authenticated ssh connection to cirros@10.180.180.211 ([Errno None] Unable to connect to port 22 on 10.180.180.211). Number attempts: 1. Retry after 2 seconds.: paramiko.ssh_exception.NoValidConnectionsError: [Errno None] Unable to connect to port 22 on 10.180.180.211
2025-12-08 18:54:56.314 65836 INFO tempest.lib.common.rest_client [req-b6e1fafb-c561-4b9a-ae56-3f160a4b2eac req-b6e1fafb-c561-4b9a-ae56-3f160a4b2eac ] Request (DeleteServersTestJSON:setUpClass): 201 POST http://10.180.1.21/networking/v2.0/routers 0.801s
2025-12-08 18:54:56.353 65832 INFO tempest.lib.common.rest_client [req-7d8a3593-12cb-4429-8ba8-563f444f0487 req-7d8a3593-12cb-4429-8ba8-563f444f0487 ] Request (MigrationsAdminTest:test_resize_server_revert_deleted_flavor): 200 GET http://10.180.1.21/compute/v2.1/servers/1ce9da0b-46d2-423e-bb0b-9e0ab7aea7fc 0.641s
2025-12-08 18:54:56.373 65812 INFO tempest.lib.common.rest_client [req-72a05579-3f7d-43b7-a886-ef676f89df2a req-72a05579-3f7d-43b7-a886-ef676f89df2a ] Request (ListImageFiltersTestJSON:setUpClass): 200 GET http://10.180.1.21/compute/v2.1/servers/fb182103-aa1b-4bb7-ad9d-d5b965db471c 0.649s
2025-12-08 18:54:56.382 65812 INFO tempest.common.waiters [-] State transition "ACTIVE/image_uploading" ==> "ACTIVE/None" after 2 second wait
2025-12-08 18:54:56.386 65822 INFO tempest.lib.common.rest_client [req-0beaf7ab-14f2-430c-8fe3-369ad57d4e44 req-0beaf7ab-14f2-430c-8fe3-369ad57d4e44 ] Request (SecurityGroupsTestJSON:tearDownClass): 404 DELETE http://10.180.1.21/compute/v2.1/servers/1048f631-6c45-4ee6-b975-561c53b37c17 0.644s
2025-12-08 18:54:56.692 65794 INFO tempest.lib.common.rest_client [req-c6786023-f219-4b2a-b0ee-d85b1b93f447 req-c6786023-f219-4b2a-b0ee-d85b1b93f447 ] Request (ServersNegativeTestMultiTenantJSON:setUpClass): 200 GET http://10.180.1.21/compute/v2.1/servers/662d32d7-1d66-43cd-a4cc-61e56e45c86e 0.909s
2025-12-08 18:54:56.733 65796 WARNING tempest.lib.common.ssh [-] Failed to establish authenticated ssh connection to cirros@10.180.180.238 ([Errno None] Unable to connect to port 22 on 10.180.180.238). Number attempts: 3. Retry after 4 seconds.: paramiko.ssh_exception.NoValidConnectionsError: [Errno None] Unable to connect to port 22 on 10.180.180.238
2025-12-08 18:54:56.860 65814 WARNING tempest.lib.common.ssh [-] Failed to establish authenticated ssh connection to cirros@10.180.180.243 ([Errno None] Unable to connect to port 22 on 10.180.180.243). Number attempts: 8. Retry after 9 seconds.: paramiko.ssh_exception.NoValidConnectionsError: [Errno None] Unable to connect to port 22 on 10.180.180.243
2025-12-08 18:54:57.205 65836 INFO tempest.lib.common.rest_client [req-1d1400b6-f41b-45df-84ff-ab116004f5d4 req-1d1400b6-f41b-45df-84ff-ab116004f5d4 ] Request (DeleteServersTestJSON:setUpClass): 200 PUT http://10.180.1.21/networking/v2.0/routers/23d1683c-bc28-4eab-ab83-314849d2c54c/add_router_interface 0.890s
2025-12-08 18:54:57.205 65836 INFO tempest.lib.common.dynamic_creds [-] Created isolated network resources for: credentials: Credentials: {'domain_id': 'default', 'domain_name': 'Default', 'username': 'tempest-DeleteServersTestJSON-472767502-project-member', 'project_domain_id': 'default', 'project_domain_name': 'Default', 'project_id': '2cc4b36cdab44ce38667397a42395444', 'project_name': 'tempest-DeleteServersTestJSON-472767502', 'tenant_id': '2cc4b36cdab44ce38667397a42395444', 'tenant_name': 'tempest-DeleteServersTestJSON-472767502', 'user_domain_id': 'default', 'user_domain_name': 'Default', 'user_id': '9edb554c76cb45c59a35ab68a78961ed', 'system': None}, Network: {'id': 'cea072fa-aef2-40fc-884d-ffcc541b10de', 'name': 'tempest-DeleteServersTestJSON-1959370365-network', 'tenant_id': '2cc4b36cdab44ce38667397a42395444', 'project_id': '2cc4b36cdab44ce38667397a42395444', 'admin_state_up': True, 'mtu': 8950, 'status': 'ACTIVE', 'subnets': [], 'shared': False, 'port_security_enabled': True, 'router:external': False, 'provider:network_type': 'vlan', 'provider:physical_network': 'default', 'provider:segmentation_id': 531, 'availability_zone_hints': [], 'availability_zones': [], 'ipv4_address_scope': None, 'ipv6_address_scope': None, 'description': '', 'tags': [], 'created_at': '2025-12-08T18:54:55Z', 'updated_at': '2025-12-08T18:54:55Z', 'revision_number': 1}, Subnet: {'id': '236e624c-fb34-423b-82f0-a761d69e3c85', 'name': 'tempest-DeleteServersTestJSON-1959370365-subnet', 'tenant_id': '2cc4b36cdab44ce38667397a42395444', 'network_id': 'cea072fa-aef2-40fc-884d-ffcc541b10de', 'ip_version': 4, 'subnetpool_id': None, 'enable_dhcp': True, 'ipv6_ra_mode': None, 'ipv6_address_mode': None, 'gateway_ip': '192.168.128.1', 'cidr': '192.168.128.0/28', 'allocation_pools': [{'start': '192.168.128.2', 'end': '192.168.128.14'}], 'host_routes': [], 'dns_nameservers': [], 'description': '', 'router:external': False, 'service_types': [], 'tags': [], 'created_at': '2025-12-08T18:54:55Z', 'updated_at': '2025-12-08T18:54:55Z', 'revision_number': 0, 'project_id': '2cc4b36cdab44ce38667397a42395444'}, Router: {'id': '23d1683c-bc28-4eab-ab83-314849d2c54c', 'name': 'tempest-DeleteServersTestJSON-1959370365-router', 'tenant_id': '2cc4b36cdab44ce38667397a42395444', 'admin_state_up': True, 'status': 'ACTIVE', 'external_gateway_info': {'network_id': '02e80801-bf47-44f7-8c4c-00ed8ddf8fcf', 'external_fixed_ips': [{'subnet_id': '0df26d28-e4b1-4d10-b8fc-299bf1236404', 'ip_address': '10.180.180.176'}], 'enable_snat': True}, 'description': '', 'availability_zones': [], 'distributed': False, 'ha': False, 'availability_zone_hints': [], 'routes': [], 'flavor_id': None, 'tags': [], 'created_at': '2025-12-08T18:54:55Z', 'updated_at': '2025-12-08T18:54:55Z', 'revision_number': 2, 'project_id': '2cc4b36cdab44ce38667397a42395444'}
2025-12-08 18:54:57.251 65802 INFO tempest.lib.common.rest_client [req-8a125300-b83b-4604-b638-4de412168d3d req-8a125300-b83b-4604-b638-4de412168d3d ] Request (ServersTestMultiNic:_run_cleanups): 200 GET http://10.180.1.21/compute/v2.1/servers/cfdb4ef4-cb23-4754-b6b0-1df5ab1ebc79 1.281s
2025-12-08 18:54:57.259 65810 INFO tempest.lib.common.rest_client [req-755e4aa8-e466-4a1c-870c-d8989c57f084 req-755e4aa8-e466-4a1c-870c-d8989c57f084 ] Request (ServersTestManualDisk:setUpClass): 200 GET http://10.180.1.21/compute/v2.1/servers/afecb7a4-c675-472a-94cd-81aecf4a3f68 1.202s
2025-12-08 18:54:57.313 65836 INFO tempest.lib.common.rest_client [req-e39d90a7-d4c5-4b28-af97-0c8b68b23869 req-e39d90a7-d4c5-4b28-af97-0c8b68b23869 ] Request (DeleteServersTestJSON:setUpClass): 201 POST http://10.180.1.21/identity/v3/auth/tokens 0.105s
2025-12-08 18:54:57.342 65836 INFO tempest.lib.common.rest_client [req-3e77801f-ffc8-4d2e-816c-227362d72649 req-3e77801f-ffc8-4d2e-816c-227362d72649 ] Request (DeleteServersTestJSON:test_delete_active_server): 201 POST http://10.180.1.21/identity/v3/auth/tokens 0.024s
2025-12-08 18:54:57.343 65836 INFO tempest.lib.common.fixed_network [-] (DeleteServersTestJSON:test_delete_active_server) Found network {'id': 'cea072fa-aef2-40fc-884d-ffcc541b10de', 'name': 'tempest-DeleteServersTestJSON-1959370365-network', 'tenant_id': '2cc4b36cdab44ce38667397a42395444', 'project_id': '2cc4b36cdab44ce38667397a42395444', 'admin_state_up': True, 'mtu': 8950, 'status': 'ACTIVE', 'subnets': [], 'shared': False, 'port_security_enabled': True, 'router:external': False, 'provider:network_type': 'vlan', 'provider:physical_network': 'default', 'provider:segmentation_id': 531, 'availability_zone_hints': [], 'availability_zones': [], 'ipv4_address_scope': None, 'ipv6_address_scope': None, 'description': '', 'tags': [], 'created_at': '2025-12-08T18:54:55Z', 'updated_at': '2025-12-08T18:54:55Z', 'revision_number': 1} available for tenant
2025-12-08 18:54:57.361 65840 INFO tempest.lib.common.rest_client [req-845146ae-b961-4240-b826-303d26469bab req-845146ae-b961-4240-b826-303d26469bab ] Request (AttachVolumeShelveTestJSON:test_attach_volume_shelved_or_offload_server): 200 GET http://10.180.1.21/compute/v2.1/servers/ad0e7dd5-1cd6-4103-b70d-63fb830a64ba 1.245s
2025-12-08 18:54:57.379 65808 INFO tempest.lib.common.rest_client [req-41f21641-bd78-4bb3-9f5c-980c86a469cf req-41f21641-bd78-4bb3-9f5c-980c86a469cf ] Request (AttachInterfacesTestJSON:_run_cleanups): 200 GET http://10.180.1.21/compute/v2.1/servers/b8b4b6f5-8d9c-414d-a260-46c9b76655ab 1.281s
2025-12-08 18:54:57.951 65850 INFO tempest.lib.common.rest_client [req-d86ef232-c9dd-4c7e-a0fd-2b0b27d9636c req-d86ef232-c9dd-4c7e-a0fd-2b0b27d9636c ] Request (ImagesOneServerNegativeTestJSON:setUpClass): 200 GET http://10.180.1.21/compute/v2.1/servers/62d74885-a429-4ea7-959e-7b99bf230b17 1.796s
2025-12-08 18:54:57.957 65850 INFO tempest.common.waiters [-] State transition "BUILD/None" ==> "BUILD/spawning" after 47 second wait
2025-12-08 18:54:57.976 65816 INFO tempest.lib.common.rest_client [req-948f1e0d-e4c1-437c-b193-c1ec4aca4828 req-948f1e0d-e4c1-437c-b193-c1ec4aca4828 ] Request (ServersAdminTestJSON:test_rebuild_server_in_error_state): 200 GET http://10.180.1.21/compute/v2.1/servers/1d465555-c64f-47ab-b68b-5f2d4e35777a 1.733s
2025-12-08 18:54:57.985 65816 INFO tempest.common.waiters [-] State transition "REBUILD/rebuild_spawning" ==> "ACTIVE/None" after 12 second wait
2025-12-08 18:54:58.008 65826 INFO tempest.lib.common.rest_client [req-30de2720-e3be-4dc6-9255-3d0bdc2bce59 req-30de2720-e3be-4dc6-9255-3d0bdc2bce59 ] Request (ImagesTestJSON:test_create_server_from_snapshot): 200 GET http://10.180.1.21/compute/v2.1/servers/5be7f18d-3daa-4a93-a4b7-6be5c725ee76 1.663s
2025-12-08 18:54:58.029 65822 INFO tempest.lib.common.rest_client [req-d9d82d08-0a34-4947-ae8c-afd1f58ab33b req-d9d82d08-0a34-4947-ae8c-afd1f58ab33b ] Request (SecurityGroupsTestJSON:tearDownClass): 404 GET http://10.180.1.21/compute/v2.1/servers/1048f631-6c45-4ee6-b975-561c53b37c17 1.642s
2025-12-08 18:54:58.047 65812 INFO tempest.lib.common.rest_client [req-7d14cccc-c0cf-4e19-a9b7-627404247350 req-7d14cccc-c0cf-4e19-a9b7-627404247350 ] Request (ListImageFiltersTestJSON:test_list_images_filter_by_changes_since): 200 GET http://10.180.1.21/compute/v2.1/images?changes-since=2025-12-08T18%3A53%3A01Z 1.665s
2025-12-08 18:54:58.093 65820 INFO tempest.lib.common.rest_client [req-3b8d500d-6089-4be2-8970-da361d20cda8 req-3b8d500d-6089-4be2-8970-da361d20cda8 ] Request (ServerGroupTestJSON:_run_cleanups): 200 GET http://10.180.1.21/compute/v2.1/servers/6748c5ab-2ddb-43c4-ae64-4b7b5d34ae5c 1.696s
2025-12-08 18:54:58.115 65830 INFO tempest.lib.common.rest_client [req-2fbc6172-0949-4769-88f5-bf00f4a049c2 req-2fbc6172-0949-4769-88f5-bf00f4a049c2 ] Request (ServersListShow2100Test:test_list_show_rebuild_update_server_2100): 200 GET http://10.180.1.21/compute/v2.1/servers/a10947ef-e4ef-4105-8a4f-ede6b83eb9b4 1.680s
2025-12-08 18:54:58.143 65804 INFO tempest.lib.common.rest_client [req-e9d2b18b-95d9-4477-908d-eb1fdae64c18 req-e9d2b18b-95d9-4477-908d-eb1fdae64c18 ] Request (MultipleCreateTestJSON:test_multiple_create): 200 GET http://10.180.1.21/compute/v2.1/servers/12e300af-19c4-4d1f-a516-e5a899ed1332 1.673s
2025-12-08 18:54:58.170 65798 INFO tempest.lib.common.rest_client [req-2c3b249b-37c3-4621-8371-752c8fdef24f req-2c3b249b-37c3-4621-8371-752c8fdef24f ] Request (ServersAdminNegativeTestJSON:tearDownClass): 200 GET http://10.180.1.21/compute/v2.1/servers/7522e9c0-08ea-450c-9c75-3dfc60df3963 1.616s
2025-12-08 18:54:58.243 65824 INFO tempest.lib.common.rest_client [req-c1e1d9ed-724b-4ec3-ac1b-0fbe8d63383d req-c1e1d9ed-724b-4ec3-ac1b-0fbe8d63383d ] Request (ImagesNegativeTestJSON:test_create_image_from_deleted_server): 200 GET http://10.180.1.21/compute/v2.1/servers/8043c20f-b7e0-4397-9507-4cdb8f97ddc0 1.463s
2025-12-08 18:54:58.267 65842 INFO tempest.lib.common.rest_client [req-4bacbbf9-57e8-4ca1-b48f-6772e5e9e7bf req-4bacbbf9-57e8-4ca1-b48f-6772e5e9e7bf ] Request (ListServerFiltersTestJSON:setUpClass): 200 GET http://10.180.1.21/compute/v2.1/servers/bfecf3e2-ac9c-4996-baf1-21cf0151e463 1.604s
2025-12-08 18:54:58.394 65832 INFO tempest.lib.common.rest_client [req-a407ffcc-833b-402f-bec3-a59de8e57756 req-a407ffcc-833b-402f-bec3-a59de8e57756 ] Request (MigrationsAdminTest:test_resize_server_revert_deleted_flavor): 200 GET http://10.180.1.21/compute/v2.1/servers/1ce9da0b-46d2-423e-bb0b-9e0ab7aea7fc 1.025s
2025-12-08 18:54:58.406 65818 WARNING tempest.lib.common.ssh [-] Failed to establish authenticated ssh connection to cirros@10.180.180.211 ([Errno None] Unable to connect to port 22 on 10.180.180.211). Number attempts: 2. Retry after 3 seconds.: paramiko.ssh_exception.NoValidConnectionsError: [Errno None] Unable to connect to port 22 on 10.180.180.211
2025-12-08 18:54:58.474 65794 INFO tempest.lib.common.rest_client [req-2e2d590e-0c43-4213-a478-615e7ae277bc req-2e2d590e-0c43-4213-a478-615e7ae277bc ] Request (ServersNegativeTestMultiTenantJSON:setUpClass): 200 GET http://10.180.1.21/compute/v2.1/servers/662d32d7-1d66-43cd-a4cc-61e56e45c86e 0.774s
2025-12-08 18:54:58.573 65816 INFO tempest.lib.common.rest_client [req-81028093-3bd3-4a27-9290-474b2d6d4c81 req-81028093-3bd3-4a27-9290-474b2d6d4c81 ] Request (ServersAdminTestJSON:test_rebuild_server_in_error_state): 200 GET http://10.180.1.21/compute/v2.1/servers/1d465555-c64f-47ab-b68b-5f2d4e35777a 0.587s
2025-12-08 18:54:58.598 65822 INFO tempest.lib.common.rest_client [req-041487e9-9884-459d-99c1-36fed205b95c req-041487e9-9884-459d-99c1-36fed205b95c ] Request (SecurityGroupsTestJSON:tearDownClass): 404 DELETE http://10.180.1.21/compute/v2.1/os-security-groups/49af4a87-819f-4aa1-95d5-2d0c6d250b50 0.569s
2025-12-08 18:54:58.649 65812 INFO tempest.lib.common.rest_client [req-ba4566a4-2ab5-4b08-86d1-5f66717106b6 req-ba4566a4-2ab5-4b08-86d1-5f66717106b6 ] Request (ListImageFiltersTestJSON:test_list_images_filter_by_name): 200 GET http://10.180.1.21/compute/v2.1/images?name=tempest-ListImageFiltersTestJSON-image-201002414 0.599s
2025-12-08 18:54:58.681 65836 INFO tempest.lib.common.rest_client [req-9560a219-fe11-46dc-9846-444621128152 req-9560a219-fe11-46dc-9846-444621128152 ] Request (DeleteServersTestJSON:test_delete_active_server): 202 POST http://10.180.1.21/compute/v2.1/servers 1.338s
2025-12-08 18:54:58.732 65802 INFO tempest.lib.common.rest_client [req-f6dad775-55ee-4964-b02f-30491d5d20dd req-f6dad775-55ee-4964-b02f-30491d5d20dd ] Request (ServersTestMultiNic:_run_cleanups): 200 GET http://10.180.1.21/compute/v2.1/servers/cfdb4ef4-cb23-4754-b6b0-1df5ab1ebc79 0.473s
2025-12-08 18:54:58.739 65810 INFO tempest.lib.common.rest_client [req-b97b591a-fab5-47cd-97a4-262b3b247885 req-b97b591a-fab5-47cd-97a4-262b3b247885 ] Request (ServersTestManualDisk:setUpClass): 200 GET http://10.180.1.21/compute/v2.1/servers/afecb7a4-c675-472a-94cd-81aecf4a3f68 0.471s
2025-12-08 18:54:58.803 65840 INFO tempest.lib.common.rest_client [req-670a7774-5624-43b7-b3c7-c534710e1a86 req-670a7774-5624-43b7-b3c7-c534710e1a86 ] Request (AttachVolumeShelveTestJSON:test_attach_volume_shelved_or_offload_server): 200 GET http://10.180.1.21/compute/v2.1/servers/ad0e7dd5-1cd6-4103-b70d-63fb830a64ba 0.426s
2025-12-08 18:54:58.825 65808 INFO tempest.lib.common.rest_client [req-cadd887b-611b-4683-9ad2-462014cc6c2b req-cadd887b-611b-4683-9ad2-462014cc6c2b ] Request (AttachInterfacesTestJSON:_run_cleanups): 200 GET http://10.180.1.21/compute/v2.1/servers/b8b4b6f5-8d9c-414d-a260-46c9b76655ab 0.439s
2025-12-08 18:54:58.844 65822 INFO tempest.lib.common.rest_client [req-c155639f-af2f-4fc5-ae70-7db9bb9e6c8e req-c155639f-af2f-4fc5-ae70-7db9bb9e6c8e ] Request (SecurityGroupsTestJSON:tearDownClass): 404 DELETE http://10.180.1.21/compute/v2.1/os-security-groups/10cd27d7-6ccb-4e0c-8d91-604b994f5ac2 0.245s
2025-12-08 18:54:58.925 65812 INFO tempest.lib.common.rest_client [req-b3007df7-a236-473f-a161-0a3ea5dc0ca4 req-b3007df7-a236-473f-a161-0a3ea5dc0ca4 ] Request (ListImageFiltersTestJSON:test_list_images_filter_by_server_id): 200 GET http://10.180.1.21/compute/v2.1/images?server=fb182103-aa1b-4bb7-ad9d-d5b965db471c 0.268s
2025-12-08 18:54:58.986 65836 INFO tempest.lib.common.rest_client [req-7ecd3e31-8a89-4b4e-8f29-6c76f9800db7 req-7ecd3e31-8a89-4b4e-8f29-6c76f9800db7 ] Request (DeleteServersTestJSON:test_delete_active_server): 200 GET http://10.180.1.21/compute/v2.1/servers/842760ca-95bc-4d58-add8-fe8bd75d28d4 0.302s
2025-12-08 18:54:59.008 65822 INFO tempest.lib.common.rest_client [req-bb133e6d-dd7b-4a19-bda7-521f6590b98b req-bb133e6d-dd7b-4a19-bda7-521f6590b98b ] Request (SecurityGroupsTestJSON:tearDownClass): 404 DELETE http://10.180.1.21/compute/v2.1/os-security-groups/c2b5affd-66fc-4e50-b655-ae6a2953af8d 0.164s
2025-12-08 18:54:59.043 65816 INFO tempest.lib.common.rest_client [req-ccf13c92-e1e4-4471-a687-5f43eebf82f2 req-ccf13c92-e1e4-4471-a687-5f43eebf82f2 ] Request (ServersAdminTestJSON:_run_cleanups): 202 POST http://10.180.1.21/compute/v2.1/servers/1d465555-c64f-47ab-b68b-5f2d4e35777a/action 0.463s
2025-12-08 18:54:59.054 65812 INFO tempest.lib.common.rest_client [req-cab9036d-2a30-436a-9a66-e1bde86e24f1 req-cab9036d-2a30-436a-9a66-e1bde86e24f1 ] Request (ListImageFiltersTestJSON:test_list_images_filter_by_server_ref): 200 GET http://10.180.1.21/compute/v2.1/images?server=http%3A%2F%2F10.180.1.21%2Fcompute%2Fv2.1%2Fservers%2F3d92f012-0a9b-48ee-81d9-a6582cf94d75 0.124s
2025-12-08 18:54:59.081 65822 INFO tempest.lib.common.rest_client [req-eb618262-4b79-496b-a809-0951e0e158b3 req-eb618262-4b79-496b-a809-0951e0e158b3 ] Request (SecurityGroupsTestJSON:tearDownClass): 404 DELETE http://10.180.1.21/compute/v2.1/os-security-groups/c5da6462-bd3f-4e3c-a5df-52db75f8e4a5 0.072s
2025-12-08 18:54:59.137 65826 INFO tempest.lib.common.rest_client [req-b39449ce-d938-4b52-8edb-001609af419e req-b39449ce-d938-4b52-8edb-001609af419e ] Request (ImagesTestJSON:test_create_server_from_snapshot): 200 GET http://10.180.1.21/compute/v2.1/servers/5be7f18d-3daa-4a93-a4b7-6be5c725ee76 0.121s
2025-12-08 18:54:59.163 65850 INFO tempest.lib.common.rest_client [req-102c9bd3-bb2e-4af8-a59c-b5cb9abc3402 req-102c9bd3-bb2e-4af8-a59c-b5cb9abc3402 ] Request (ImagesOneServerNegativeTestJSON:setUpClass): 200 GET http://10.180.1.21/compute/v2.1/servers/62d74885-a429-4ea7-959e-7b99bf230b17 0.202s
2025-12-08 18:54:59.202 65812 INFO tempest.lib.common.rest_client [req-dfd1f222-1df2-4563-8191-a111a89d8f58 req-dfd1f222-1df2-4563-8191-a111a89d8f58 ] Request (ListImageFiltersTestJSON:test_list_images_filter_by_server_ref): 200 GET http://10.180.1.21/compute/v2.1/images?server=http%3A%2F%2F10.180.1.21%2Fcompute%2Fservers%2F3d92f012-0a9b-48ee-81d9-a6582cf94d75 0.145s
2025-12-08 18:54:59.240 65822 INFO tempest.lib.common.rest_client [req-7510e6ef-aa2f-401c-8292-30e5403b2072 req-7510e6ef-aa2f-401c-8292-30e5403b2072 ] Request (SecurityGroupsTestJSON:tearDownClass): 404 DELETE http://10.180.1.21/compute/v2.1/os-security-groups/ebc58048-b0c0-4bf3-b5ee-7e5467bc5f6d 0.158s
2025-12-08 18:54:59.279 65816 INFO tempest.lib.common.rest_client [req-70ab0397-8956-4fc5-a0b8-d70092b79a49 req-70ab0397-8956-4fc5-a0b8-d70092b79a49 ] Request (ServersAdminTestJSON:_run_cleanups): 200 GET http://10.180.1.21/compute/v2.1/servers/1d465555-c64f-47ab-b68b-5f2d4e35777a 0.230s
2025-12-08 18:54:59.320 65820 INFO tempest.lib.common.rest_client [req-0929bc0e-ea9b-41f8-866b-d90db2d21fe9 req-0929bc0e-ea9b-41f8-866b-d90db2d21fe9 ] Request (ServerGroupTestJSON:_run_cleanups): 200 GET http://10.180.1.21/compute/v2.1/servers/6748c5ab-2ddb-43c4-ae64-4b7b5d34ae5c 0.219s
2025-12-08 18:54:59.375 65830 INFO tempest.lib.common.rest_client [req-f82d5f5f-f225-44f1-8f12-09da1172a9b8 req-f82d5f5f-f225-44f1-8f12-09da1172a9b8 ] Request (ServersListShow2100Test:test_list_show_rebuild_update_server_2100): 200 GET http://10.180.1.21/compute/v2.1/servers/a10947ef-e4ef-4105-8a4f-ede6b83eb9b4 0.247s
2025-12-08 18:54:59.403 65804 INFO tempest.lib.common.rest_client [req-c889be10-1ded-4dff-9772-f718ca80c159 req-c889be10-1ded-4dff-9772-f718ca80c159 ] Request (MultipleCreateTestJSON:test_multiple_create): 200 GET http://10.180.1.21/compute/v2.1/servers/12e300af-19c4-4d1f-a516-e5a899ed1332 0.252s
2025-12-08 18:54:59.458 65798 INFO tempest.lib.common.rest_client [req-c58e413b-50d3-45f3-adb4-d279980fa204 req-c58e413b-50d3-45f3-adb4-d279980fa204 ] Request (ServersAdminNegativeTestJSON:tearDownClass): 200 GET http://10.180.1.21/compute/v2.1/servers/7522e9c0-08ea-450c-9c75-3dfc60df3963 0.279s
2025-12-08 18:54:59.485 65822 INFO tempest.lib.common.rest_client [req-aa54237f-1a5c-4295-b54e-b9c7c074e679 req-aa54237f-1a5c-4295-b54e-b9c7c074e679 ] Request (SecurityGroupsTestJSON:tearDownClass): 404 DELETE http://10.180.1.21/compute/v2.1/os-security-groups/248d6398-c0ae-47c0-9607-a2bb7bbfe386 0.245s
2025-12-08 18:54:59.496 65812 INFO tempest.lib.common.rest_client [req-2054941f-9767-4707-9a13-1c5f33b0457a req-2054941f-9767-4707-9a13-1c5f33b0457a ] Request (ListImageFiltersTestJSON:test_list_images_filter_by_status): 200 GET http://10.180.1.21/compute/v2.1/images?status=ACTIVE 0.289s
2025-12-08 18:54:59.599 65824 INFO tempest.lib.common.rest_client [req-ca12e2b9-69de-49ac-816f-00803d07f400 req-ca12e2b9-69de-49ac-816f-00803d07f400 ] Request (ImagesNegativeTestJSON:test_create_image_from_deleted_server): 200 GET http://10.180.1.21/compute/v2.1/servers/8043c20f-b7e0-4397-9507-4cdb8f97ddc0 0.347s
2025-12-08 18:54:59.656 65842 INFO tempest.lib.common.rest_client [req-76be6957-caed-4a05-8578-737fff824520 req-76be6957-caed-4a05-8578-737fff824520 ] Request (ListServerFiltersTestJSON:setUpClass): 200 GET http://10.180.1.21/compute/v2.1/servers/bfecf3e2-ac9c-4996-baf1-21cf0151e463 0.380s
2025-12-08 18:54:59.711 65794 INFO tempest.lib.common.rest_client [req-5448542a-1ab6-48fb-b8fe-6996bdf05d7a req-5448542a-1ab6-48fb-b8fe-6996bdf05d7a ] Request (ServersNegativeTestMultiTenantJSON:setUpClass): 200 GET http://10.180.1.21/compute/v2.1/servers/662d32d7-1d66-43cd-a4cc-61e56e45c86e 0.227s
2025-12-08 18:54:59.739 65832 INFO tempest.lib.common.rest_client [req-2cfec3f7-fe76-4663-b0b2-6d52ebe5820d req-2cfec3f7-fe76-4663-b0b2-6d52ebe5820d ] Request (MigrationsAdminTest:test_resize_server_revert_deleted_flavor): 200 GET http://10.180.1.21/compute/v2.1/servers/1ce9da0b-46d2-423e-bb0b-9e0ab7aea7fc 0.336s
2025-12-08 18:54:59.796 65812 INFO tempest.lib.common.rest_client [req-8ee4d6ce-82fa-4520-99e4-07895a71372a req-8ee4d6ce-82fa-4520-99e4-07895a71372a ] Request (ListImageFiltersTestJSON:test_list_images_filter_by_type): 200 GET http://10.180.1.21/compute/v2.1/images?type=snapshot 0.289s
2025-12-08 18:54:59.830 65822 INFO tempest.lib.common.rest_client [req-35dadd79-b4e4-485f-8e91-beb037b6b96b req-35dadd79-b4e4-485f-8e91-beb037b6b96b ] Request (SecurityGroupsTestJSON:tearDownClass): 204 DELETE http://10.180.1.21/compute/v2.1/servers/2eb9a091-9b09-48cb-b8e0-ca33cd81fcb2 0.344s
2025-12-08 18:54:59.892 65802 INFO tempest.lib.common.rest_client [req-b13db61c-e020-45c1-9d13-4e473ed6800f req-b13db61c-e020-45c1-9d13-4e473ed6800f ] Request (ServersTestMultiNic:_run_cleanups): 200 GET http://10.180.1.21/compute/v2.1/servers/cfdb4ef4-cb23-4754-b6b0-1df5ab1ebc79 0.145s
2025-12-08 18:54:59.899 65802 INFO tempest.common.waiters [-] State transition "ACTIVE/deleting" ==> "DELETED/None" after 5 second wait
2025-12-08 18:54:59.911 65810 INFO tempest.lib.common.rest_client [req-f25a9899-0a25-41c8-8240-cb2242806bee req-f25a9899-0a25-41c8-8240-cb2242806bee ] Request (ServersTestManualDisk:setUpClass): 200 GET http://10.180.1.21/compute/v2.1/servers/afecb7a4-c675-472a-94cd-81aecf4a3f68 0.165s
2025-12-08 18:54:59.956 65812 INFO tempest.lib.common.rest_client [req-8706c156-90ed-4afc-81b4-de718c02a13c req-8706c156-90ed-4afc-81b4-de718c02a13c ] Request (ListImageFiltersTestJSON:test_list_images_limit_results): 200 GET http://10.180.1.21/compute/v2.1/images?limit=1 0.156s
2025-12-08 18:54:59.979 65840 INFO tempest.lib.common.rest_client [req-9c2a7869-41e3-43b8-abf1-a35b76028ca2 req-9c2a7869-41e3-43b8-abf1-a35b76028ca2 ] Request (AttachVolumeShelveTestJSON:test_attach_volume_shelved_or_offload_server): 200 GET http://10.180.1.21/compute/v2.1/servers/ad0e7dd5-1cd6-4103-b70d-63fb830a64ba 0.164s
2025-12-08 18:55:00.089 65808 INFO tempest.lib.common.rest_client [req-2c2c7e59-3fb4-4ea6-aecc-43fd0a814ca5 req-2c2c7e59-3fb4-4ea6-aecc-43fd0a814ca5 ] Request (AttachInterfacesTestJSON:_run_cleanups): 200 GET http://10.180.1.21/compute/v2.1/servers/b8b4b6f5-8d9c-414d-a260-46c9b76655ab 0.253s
2025-12-08 18:55:00.125 65822 INFO tempest.lib.common.rest_client [req-597c9b46-6a84-4b46-b204-b11517f2ba8c req-597c9b46-6a84-4b46-b204-b11517f2ba8c ] Request (SecurityGroupsTestJSON:tearDownClass): 200 GET http://10.180.1.21/compute/v2.1/servers/2eb9a091-9b09-48cb-b8e0-ca33cd81fcb2 0.294s
2025-12-08 18:55:00.155 65812 INFO tempest.lib.common.rest_client [req-098dbe8d-d1a8-48a6-b121-e74ebe8fe6b6 req-098dbe8d-d1a8-48a6-b121-e74ebe8fe6b6 ] Request (ListImageFiltersTestJSON:test_list_images_with_detail_filter_by_changes_since): 200 GET http://10.180.1.21/compute/v2.1/images/detail?changes-since=2025-12-08T18%3A52%3A28Z 0.194s
2025-12-08 18:55:00.186 65836 INFO tempest.lib.common.rest_client [req-ce6406fc-fefd-492e-9d56-da6ab306e083 req-ce6406fc-fefd-492e-9d56-da6ab306e083 ] Request (DeleteServersTestJSON:test_delete_active_server): 200 GET http://10.180.1.21/compute/v2.1/servers/842760ca-95bc-4d58-add8-fe8bd75d28d4 0.193s
2025-12-08 18:55:00.194 65836 INFO tempest.common.waiters [-] State transition "BUILD/scheduling" ==> "BUILD/None" after 2 second wait
2025-12-08 18:55:00.218 65826 INFO tempest.lib.common.rest_client [req-179a6572-0c50-4438-a969-0f34f4d82241 req-179a6572-0c50-4438-a969-0f34f4d82241 ] Request (ImagesTestJSON:test_create_server_from_snapshot): 200 GET http://10.180.1.21/compute/v2.1/servers/5be7f18d-3daa-4a93-a4b7-6be5c725ee76 0.073s
2025-12-08 18:55:00.236 65812 INFO tempest.lib.common.rest_client [req-085f7162-02d8-4097-85ab-ccefcc2f2f4d req-085f7162-02d8-4097-85ab-ccefcc2f2f4d ] Request (ListImageFiltersTestJSON:test_list_images_with_detail_filter_by_name): 200 GET http://10.180.1.21/compute/v2.1/images/detail?name=tempest-ListImageFiltersTestJSON-image-201002414 0.073s
2025-12-08 18:55:00.295 65812 INFO tempest.lib.common.rest_client [req-ea9394e4-dab3-436c-bee6-8ca9818a91bf req-ea9394e4-dab3-436c-bee6-8ca9818a91bf ] Request (ListImageFiltersTestJSON:test_list_images_with_detail_filter_by_server_ref): 200 GET http://10.180.1.21/compute/v2.1/images/detail?server=http%3A%2F%2F10.180.1.21%2Fcompute%2Fv2.1%2Fservers%2F3d92f012-0a9b-48ee-81d9-a6582cf94d75 0.053s
2025-12-08 18:55:00.345 65850 INFO tempest.lib.common.rest_client [req-52750109-2dd8-4abe-91f8-f94d6c864e5e req-52750109-2dd8-4abe-91f8-f94d6c864e5e ] Request (ImagesOneServerNegativeTestJSON:setUpClass): 200 GET http://10.180.1.21/compute/v2.1/servers/62d74885-a429-4ea7-959e-7b99bf230b17 0.173s
2025-12-08 18:55:00.388 65812 INFO tempest.lib.common.rest_client [req-8e15874e-078e-4090-95ae-7eb2d564b521 req-8e15874e-078e-4090-95ae-7eb2d564b521 ] Request (ListImageFiltersTestJSON:test_list_images_with_detail_filter_by_server_ref): 200 GET http://10.180.1.21/compute/v2.1/images/detail?server=http%3A%2F%2F10.180.1.21%2Fcompute%2Fservers%2F3d92f012-0a9b-48ee-81d9-a6582cf94d75 0.089s
2025-12-08 18:55:00.408 65816 INFO tempest.lib.common.rest_client [req-3fbff151-bb2e-4b7d-affa-5436d8543734 req-3fbff151-bb2e-4b7d-affa-5436d8543734 ] Request (ServersAdminTestJSON:_run_cleanups): 200 GET http://10.180.1.21/compute/v2.1/servers/1d465555-c64f-47ab-b68b-5f2d4e35777a 0.117s
2025-12-08 18:55:00.465 65820 INFO tempest.lib.common.rest_client [req-7af8ff8e-286c-4507-90f3-86027be83ccb req-7af8ff8e-286c-4507-90f3-86027be83ccb ] Request (ServerGroupTestJSON:_run_cleanups): 200 GET http://10.180.1.21/compute/v2.1/servers/6748c5ab-2ddb-43c4-ae64-4b7b5d34ae5c 0.133s
2025-12-08 18:55:00.487 65830 INFO tempest.lib.common.rest_client [req-9fd3be1a-2b3b-4c22-b7b0-883a784bdfe6 req-9fd3be1a-2b3b-4c22-b7b0-883a784bdfe6 ] Request (ServersListShow2100Test:test_list_show_rebuild_update_server_2100): 200 GET http://10.180.1.21/compute/v2.1/servers/a10947ef-e4ef-4105-8a4f-ede6b83eb9b4 0.095s
2025-12-08 18:55:00.531 65812 INFO tempest.lib.common.rest_client [req-6c15c7ed-41c2-440a-bacb-cc7b9e198354 req-6c15c7ed-41c2-440a-bacb-cc7b9e198354 ] Request (ListImageFiltersTestJSON:test_list_images_with_detail_filter_by_status): 200 GET http://10.180.1.21/compute/v2.1/images/detail?status=ACTIVE 0.134s
2025-12-08 18:55:00.541 65804 INFO tempest.lib.common.rest_client [req-a8d2b36f-3dbd-46dc-90dd-034a9084cd29 req-a8d2b36f-3dbd-46dc-90dd-034a9084cd29 ] Request (MultipleCreateTestJSON:test_multiple_create): 200 GET http://10.180.1.21/compute/v2.1/servers/12e300af-19c4-4d1f-a516-e5a899ed1332 0.125s
2025-12-08 18:55:00.608 65812 INFO tempest.lib.common.rest_client [req-407a2fcf-341f-4218-a851-b4ef96496c29 req-407a2fcf-341f-4218-a851-b4ef96496c29 ] Request (ListImageFiltersTestJSON:test_list_images_with_detail_filter_by_type): 200 GET http://10.180.1.21/compute/v2.1/images/detail?type=snapshot 0.071s
2025-12-08 18:55:00.625 65798 INFO tempest.lib.common.rest_client [req-9920aebe-7625-4ba8-89c6-7518e066ff2f req-9920aebe-7625-4ba8-89c6-7518e066ff2f ] Request (ServersAdminNegativeTestJSON:tearDownClass): 200 GET http://10.180.1.21/compute/v2.1/servers/7522e9c0-08ea-450c-9c75-3dfc60df3963 0.154s
2025-12-08 18:55:00.662 65812 INFO tempest.lib.common.rest_client [req-0ca92287-1c2c-4d9e-a743-7fa7f21ad26c req-0ca92287-1c2c-4d9e-a743-7fa7f21ad26c ] Request (ListImageFiltersTestJSON:test_list_images_with_detail_filter_by_type): 200 GET http://10.180.1.21/compute/v2.1/images/5f9fc976-3b9f-4c5c-9c6c-52d3616c6dfa 0.050s
2025-12-08 18:55:00.688 65824 INFO tempest.lib.common.rest_client [req-ac1c110d-3948-49c7-9137-25a86105a507 req-ac1c110d-3948-49c7-9137-25a86105a507 ] Request (ImagesNegativeTestJSON:test_create_image_from_deleted_server): 200 GET http://10.180.1.21/compute/v2.1/servers/8043c20f-b7e0-4397-9507-4cdb8f97ddc0 0.078s
2025-12-08 18:55:00.711 65812 INFO tempest.lib.common.rest_client [req-9b324b9d-b41b-48ad-bb91-2bf738aefdf9 req-9b324b9d-b41b-48ad-bb91-2bf738aefdf9 ] Request (ListImageFiltersTestJSON:test_list_images_with_detail_limit_results): 200 GET http://10.180.1.21/compute/v2.1/images/detail?limit=1 0.044s
2025-12-08 18:55:00.811 65842 INFO tempest.lib.common.rest_client [req-93546b7a-0974-4824-80c5-9ed4f3a512c1 req-93546b7a-0974-4824-80c5-9ed4f3a512c1 ] Request (ListServerFiltersTestJSON:setUpClass): 200 GET http://10.180.1.21/compute/v2.1/servers/bfecf3e2-ac9c-4996-baf1-21cf0151e463 0.146s
2025-12-08 18:55:00.823 65842 INFO tempest.common.waiters [-] State transition "BUILD/spawning" ==> "ACTIVE/None" after 53 second wait
2025-12-08 18:55:00.865 65812 INFO tempest.lib.common.rest_client [req-96452834-6c77-4abc-9de7-b2203481951a req-96452834-6c77-4abc-9de7-b2203481951a ] Request (ListImageFiltersTestJSON:tearDownClass): 204 DELETE http://10.180.1.21/compute/v2.1/images/755541ab-a73c-45de-81d4-fcb22858785b 0.149s
2025-12-08 18:55:00.883 65794 INFO tempest.lib.common.rest_client [req-a294fcfa-a7b3-4bb4-8306-596e00bd5e38 req-a294fcfa-a7b3-4bb4-8306-596e00bd5e38 ] Request (ServersNegativeTestMultiTenantJSON:setUpClass): 200 GET http://10.180.1.21/compute/v2.1/servers/662d32d7-1d66-43cd-a4cc-61e56e45c86e 0.164s
2025-12-08 18:55:01.042 65832 INFO tempest.lib.common.rest_client [req-b29ca63f-9e1a-4e5e-b668-51b04e099e0a req-b29ca63f-9e1a-4e5e-b668-51b04e099e0a ] Request (MigrationsAdminTest:test_resize_server_revert_deleted_flavor): 200 GET http://10.180.1.21/compute/v2.1/servers/1ce9da0b-46d2-423e-bb0b-9e0ab7aea7fc 0.294s
2025-12-08 18:55:01.089 65842 INFO tempest.lib.common.rest_client [req-65348e45-dfc6-482c-b896-17c49bc856d7 req-65348e45-dfc6-482c-b896-17c49bc856d7 ] Request (ListServerFiltersTestJSON:setUpClass): 200 GET http://10.180.1.21/compute/v2.1/servers/48bb10f0-f712-40fb-9271-cb1a75cf7678 0.266s
2025-12-08 18:55:01.185 65802 INFO tempest.lib.common.rest_client [req-92caba61-3f4f-42a2-8cb1-f38872a06417 req-92caba61-3f4f-42a2-8cb1-f38872a06417 ] Request (ServersTestMultiNic:_run_cleanups): 200 GET http://10.180.1.21/compute/v2.1/servers/cfdb4ef4-cb23-4754-b6b0-1df5ab1ebc79 0.285s
2025-12-08 18:55:01.237 65812 INFO tempest.lib.common.rest_client [req-eb516599-a0dc-405d-9bca-568653f28147 req-eb516599-a0dc-405d-9bca-568653f28147 ] Request (ListImageFiltersTestJSON:tearDownClass): 204 DELETE http://10.180.1.21/compute/v2.1/images/00ba1ab1-2c27-4f04-af4b-3e4af6536e5d 0.372s
2025-12-08 18:55:01.252 65810 INFO tempest.lib.common.rest_client [req-d478a9f7-25ff-4f2f-b40e-7ce6fda9640d req-d478a9f7-25ff-4f2f-b40e-7ce6fda9640d ] Request (ServersTestManualDisk:setUpClass): 200 GET http://10.180.1.21/compute/v2.1/servers/afecb7a4-c675-472a-94cd-81aecf4a3f68 0.332s
2025-12-08 18:55:01.305 65840 INFO tempest.lib.common.rest_client [req-947b004a-1dfb-4c15-863c-da6ea178fec8 req-947b004a-1dfb-4c15-863c-da6ea178fec8 ] Request (AttachVolumeShelveTestJSON:test_attach_volume_shelved_or_offload_server): 200 GET http://10.180.1.21/compute/v2.1/servers/ad0e7dd5-1cd6-4103-b70d-63fb830a64ba 0.315s
2025-12-08 18:55:01.374 65842 INFO tempest.lib.common.rest_client [req-8863119d-9353-449c-b0c2-e83895d5ba42 req-8863119d-9353-449c-b0c2-e83895d5ba42 ] Request (ListServerFiltersTestJSON:setUpClass): 200 GET http://10.180.1.21/compute/v2.1/servers/8327c3a6-b36f-4ba5-b5fd-4b08eeb0ebba 0.276s
2025-12-08 18:55:01.397 65808 INFO tempest.lib.common.rest_client [req-d1030d24-db84-4877-afc0-29204cafc25a req-d1030d24-db84-4877-afc0-29204cafc25a ] Request (AttachInterfacesTestJSON:_run_cleanups): 200 GET http://10.180.1.21/compute/v2.1/servers/b8b4b6f5-8d9c-414d-a260-46c9b76655ab 0.296s
2025-12-08 18:55:01.506 65836 INFO tempest.lib.common.rest_client [req-ccaebeb3-3145-416b-b437-7f4b1a126ee9 req-ccaebeb3-3145-416b-b437-7f4b1a126ee9 ] Request (DeleteServersTestJSON:test_delete_active_server): 200 GET http://10.180.1.21/compute/v2.1/servers/842760ca-95bc-4d58-add8-fe8bd75d28d4 0.308s
2025-12-08 18:55:01.555 65822 INFO tempest.lib.common.rest_client [req-16238dad-6a85-437d-ba08-fcc7ea80d36c req-16238dad-6a85-437d-ba08-fcc7ea80d36c ] Request (SecurityGroupsTestJSON:tearDownClass): 200 GET http://10.180.1.21/compute/v2.1/servers/2eb9a091-9b09-48cb-b8e0-ca33cd81fcb2 0.419s
2025-12-08 18:55:01.576 65826 INFO tempest.lib.common.rest_client [req-b9b72224-ed76-4b82-b9f2-e4f0adb2c9c7 req-b9b72224-ed76-4b82-b9f2-e4f0adb2c9c7 ] Request (ImagesTestJSON:test_create_server_from_snapshot): 200 GET http://10.180.1.21/compute/v2.1/servers/5be7f18d-3daa-4a93-a4b7-6be5c725ee76 0.348s
2025-12-08 18:55:01.662 65812 INFO tempest.lib.common.rest_client [req-15f3dd30-c215-4045-bd09-0523a54f4e15 req-15f3dd30-c215-4045-bd09-0523a54f4e15 ] Request (ListImageFiltersTestJSON:tearDownClass): 204 DELETE http://10.180.1.21/compute/v2.1/images/daef7c5d-6405-4222-b0c1-3d1eb60cd677 0.424s
2025-12-08 18:55:01.681 65850 INFO tempest.lib.common.rest_client [req-1de840a1-5b8c-479b-a4fd-beae1c9a63fe req-1de840a1-5b8c-479b-a4fd-beae1c9a63fe ] Request (ImagesOneServerNegativeTestJSON:setUpClass): 200 GET http://10.180.1.21/compute/v2.1/servers/62d74885-a429-4ea7-959e-7b99bf230b17 0.328s
2025-12-08 18:55:01.792 65816 INFO tempest.lib.common.rest_client [req-cdadf09f-fcb2-4cfa-ad48-8b8e38965e61 req-cdadf09f-fcb2-4cfa-ad48-8b8e38965e61 ] Request (ServersAdminTestJSON:_run_cleanups): 200 GET http://10.180.1.21/compute/v2.1/servers/1d465555-c64f-47ab-b68b-5f2d4e35777a 0.373s
2025-12-08 18:55:01.911 65818 WARNING tempest.lib.common.ssh [-] Failed to establish authenticated ssh connection to cirros@10.180.180.211 ([Errno None] Unable to connect to port 22 on 10.180.180.211). Number attempts: 3. Retry after 4 seconds.: paramiko.ssh_exception.NoValidConnectionsError: [Errno None] Unable to connect to port 22 on 10.180.180.211
2025-12-08 18:55:01.922 65820 INFO tempest.lib.common.rest_client [req-fd2c5c16-5108-49a2-a159-d8e3c8bbddfb req-fd2c5c16-5108-49a2-a159-d8e3c8bbddfb ] Request (ServerGroupTestJSON:_run_cleanups): 200 GET http://10.180.1.21/compute/v2.1/servers/6748c5ab-2ddb-43c4-ae64-4b7b5d34ae5c 0.448s
2025-12-08 18:55:01.936 65842 INFO tempest.lib.common.rest_client [req-08b9c94a-de27-4052-90bc-3e7dfdfd6c66 req-08b9c94a-de27-4052-90bc-3e7dfdfd6c66 ] Request (ListServerFiltersTestJSON:test_list_servers_detailed_filter_by_flavor): 200 GET http://10.180.1.21/compute/v2.1/servers/detail?flavor=84 0.548s
2025-12-08 18:55:01.992 65830 INFO tempest.lib.common.rest_client [req-be1e74ec-73bc-41bc-ac3e-026cf8f75c05 req-be1e74ec-73bc-41bc-ac3e-026cf8f75c05 ] Request (ServersListShow2100Test:test_list_show_rebuild_update_server_2100): 200 GET http://10.180.1.21/compute/v2.1/servers/a10947ef-e4ef-4105-8a4f-ede6b83eb9b4 0.488s
2025-12-08 18:55:02.117 65798 INFO tempest.lib.common.rest_client [req-b543e9ca-8c0c-49e1-a5c6-09fd18679a27 req-b543e9ca-8c0c-49e1-a5c6-09fd18679a27 ] Request (ServersAdminNegativeTestJSON:tearDownClass): 200 GET http://10.180.1.21/compute/v2.1/servers/7522e9c0-08ea-450c-9c75-3dfc60df3963 0.482s
2025-12-08 18:55:02.149 65804 INFO tempest.lib.common.rest_client [req-269024e0-1b9e-41bf-b3e6-af403a23010b req-269024e0-1b9e-41bf-b3e6-af403a23010b ] Request (MultipleCreateTestJSON:test_multiple_create): 200 GET http://10.180.1.21/compute/v2.1/servers/12e300af-19c4-4d1f-a516-e5a899ed1332 0.598s
2025-12-08 18:55:02.156 65804 INFO tempest.common.waiters [-] State transition "BUILD/None" ==> "BUILD/networking" after 45 second wait
2025-12-08 18:55:02.237 65812 INFO tempest.lib.common.rest_client [req-6d84000f-3274-4e2a-abc1-8e21a1dc597a req-6d84000f-3274-4e2a-abc1-8e21a1dc597a ] Request (ListImageFiltersTestJSON:tearDownClass): 204 DELETE http://10.180.1.21/compute/v2.1/servers/3d92f012-0a9b-48ee-81d9-a6582cf94d75 0.573s
2025-12-08 18:55:02.319 65806 WARNING tempest.lib.common.ssh [-] Failed to establish authenticated ssh connection to cirros@10.180.180.132 ([Errno None] Unable to connect to port 22 on 10.180.180.132). Number attempts: 7. Retry after 8 seconds.: paramiko.ssh_exception.NoValidConnectionsError: [Errno None] Unable to connect to port 22 on 10.180.180.132
2025-12-08 18:55:02.390 65824 INFO tempest.lib.common.rest_client [req-fa2b372f-4432-4c27-b747-4a3e743cf393 req-fa2b372f-4432-4c27-b747-4a3e743cf393 ] Request (ImagesNegativeTestJSON:test_create_image_from_deleted_server): 200 GET http://10.180.1.21/compute/v2.1/servers/8043c20f-b7e0-4397-9507-4cdb8f97ddc0 0.691s
2025-12-08 18:55:02.409 65794 INFO tempest.lib.common.rest_client [req-8b33e960-1c2d-451f-863d-340afcc26912 req-8b33e960-1c2d-451f-863d-340afcc26912 ] Request (ServersNegativeTestMultiTenantJSON:setUpClass): 200 GET http://10.180.1.21/compute/v2.1/servers/662d32d7-1d66-43cd-a4cc-61e56e45c86e 0.515s
2025-12-08 18:55:02.470 65838 WARNING tempest.lib.common.ssh [-] Failed to establish authenticated ssh connection to cirros@10.180.180.220 ([Errno None] Unable to connect to port 22 on 10.180.180.220). Number attempts: 9. Retry after 10 seconds.: paramiko.ssh_exception.NoValidConnectionsError: [Errno None] Unable to connect to port 22 on 10.180.180.220
2025-12-08 18:55:02.564 65832 INFO tempest.lib.common.rest_client [req-f7bff067-fdcc-4ab9-b07a-2a5a6f5e579d req-f7bff067-fdcc-4ab9-b07a-2a5a6f5e579d ] Request (MigrationsAdminTest:test_resize_server_revert_deleted_flavor): 200 GET http://10.180.1.21/compute/v2.1/servers/1ce9da0b-46d2-423e-bb0b-9e0ab7aea7fc 0.510s
2025-12-08 18:55:02.656 65842 INFO tempest.lib.common.rest_client [req-82dc90a0-80a2-4389-a64f-c245a9a49dee req-82dc90a0-80a2-4389-a64f-c245a9a49dee ] Request (ListServerFiltersTestJSON:test_list_servers_detailed_filter_by_server_name): 200 GET http://10.180.1.21/compute/v2.1/servers/detail?name=tempest-ListServerFiltersTestJSON-instance-244183127 0.710s
2025-12-08 18:55:02.680 65802 INFO tempest.lib.common.rest_client [req-8df7f2a1-6ae2-47e2-a4e8-e44844f5288c req-8df7f2a1-6ae2-47e2-a4e8-e44844f5288c ] Request (ServersTestMultiNic:_run_cleanups): 200 GET http://10.180.1.21/compute/v2.1/servers/cfdb4ef4-cb23-4754-b6b0-1df5ab1ebc79 0.487s
2025-12-08 18:55:02.749 65810 INFO tempest.lib.common.rest_client [req-8c59fa4c-e4db-408c-8e43-0cd3e8b850a2 req-8c59fa4c-e4db-408c-8e43-0cd3e8b850a2 ] Request (ServersTestManualDisk:setUpClass): 200 GET http://10.180.1.21/compute/v2.1/servers/afecb7a4-c675-472a-94cd-81aecf4a3f68 0.489s
2025-12-08 18:55:02.772 65812 INFO tempest.lib.common.rest_client [req-a66f1725-7c02-4300-a16e-ab09af8d6457 req-a66f1725-7c02-4300-a16e-ab09af8d6457 ] Request (ListImageFiltersTestJSON:tearDownClass): 200 GET http://10.180.1.21/compute/v2.1/servers/3d92f012-0a9b-48ee-81d9-a6582cf94d75 0.535s
2025-12-08 18:55:02.809 65840 INFO tempest.lib.common.rest_client [req-2d667ecc-7319-4a0f-bea4-ee2ce89fee41 req-2d667ecc-7319-4a0f-bea4-ee2ce89fee41 ] Request (AttachVolumeShelveTestJSON:test_attach_volume_shelved_or_offload_server): 200 GET http://10.180.1.21/compute/v2.1/servers/ad0e7dd5-1cd6-4103-b70d-63fb830a64ba 0.492s
2025-12-08 18:55:02.843 65808 INFO tempest.lib.common.rest_client [req-edffa9d9-679b-43ad-bda8-2dd02cf922cf req-edffa9d9-679b-43ad-bda8-2dd02cf922cf ] Request (AttachInterfacesTestJSON:_run_cleanups): 200 GET http://10.180.1.21/compute/v2.1/servers/b8b4b6f5-8d9c-414d-a260-46c9b76655ab 0.434s
2025-12-08 18:55:02.869 65836 INFO tempest.lib.common.rest_client [req-289ade76-dbcd-490d-979c-10981dfb57fc req-289ade76-dbcd-490d-979c-10981dfb57fc ] Request (DeleteServersTestJSON:test_delete_active_server): 200 GET http://10.180.1.21/compute/v2.1/servers/842760ca-95bc-4d58-add8-fe8bd75d28d4 0.353s
2025-12-08 18:55:02.908 65822 INFO tempest.lib.common.rest_client [req-7d6f2521-4598-45a2-bce9-f82c9b8f2959 req-7d6f2521-4598-45a2-bce9-f82c9b8f2959 ] Request (SecurityGroupsTestJSON:tearDownClass): 200 GET http://10.180.1.21/compute/v2.1/servers/2eb9a091-9b09-48cb-b8e0-ca33cd81fcb2 0.344s
2025-12-08 18:55:02.951 65826 INFO tempest.lib.common.rest_client [req-1d55d8d4-4b2d-48a0-8030-7690c0ec6a66 req-1d55d8d4-4b2d-48a0-8030-7690c0ec6a66 ] Request (ImagesTestJSON:test_create_server_from_snapshot): 200 GET http://10.180.1.21/compute/v2.1/servers/5be7f18d-3daa-4a93-a4b7-6be5c725ee76 0.363s
2025-12-08 18:55:03.160 65850 INFO tempest.lib.common.rest_client [req-3350e0df-3153-47cf-882e-64b805fe467f req-3350e0df-3153-47cf-882e-64b805fe467f ] Request (ImagesOneServerNegativeTestJSON:setUpClass): 200 GET http://10.180.1.21/compute/v2.1/servers/62d74885-a429-4ea7-959e-7b99bf230b17 0.467s
2025-12-08 18:55:03.185 65842 INFO tempest.lib.common.rest_client [req-166de171-cb1b-49a4-9770-f195fe9d25ea req-166de171-cb1b-49a4-9770-f195fe9d25ea ] Request (ListServerFiltersTestJSON:test_list_servers_detailed_filter_by_server_status): 200 GET http://10.180.1.21/compute/v2.1/servers/detail?status=active 0.521s
2025-12-08 18:55:03.260 65820 INFO tempest.lib.common.rest_client [req-7bbb1c7a-0f98-4d3f-a711-7d965a0d5ab4 req-7bbb1c7a-0f98-4d3f-a711-7d965a0d5ab4 ] Request (ServerGroupTestJSON:_run_cleanups): 200 GET http://10.180.1.21/compute/v2.1/servers/6748c5ab-2ddb-43c4-ae64-4b7b5d34ae5c 0.329s
2025-12-08 18:55:03.351 65830 INFO tempest.lib.common.rest_client [req-66b41c03-02ee-4b06-8e82-b85a14df7d00 req-66b41c03-02ee-4b06-8e82-b85a14df7d00 ] Request (ServersListShow2100Test:test_list_show_rebuild_update_server_2100): 200 GET http://10.180.1.21/compute/v2.1/servers/a10947ef-e4ef-4105-8a4f-ede6b83eb9b4 0.346s
2025-12-08 18:55:03.439 65798 INFO tempest.lib.common.rest_client [req-163e58e2-9eeb-46e1-b2a8-7b28c85b7202 req-163e58e2-9eeb-46e1-b2a8-7b28c85b7202 ] Request (ServersAdminNegativeTestJSON:tearDownClass): 200 GET http://10.180.1.21/compute/v2.1/servers/7522e9c0-08ea-450c-9c75-3dfc60df3963 0.307s
2025-12-08 18:55:03.572 65804 INFO tempest.lib.common.rest_client [req-8a0efa93-124a-4681-97f3-3f86b05d210a req-8a0efa93-124a-4681-97f3-3f86b05d210a ] Request (MultipleCreateTestJSON:test_multiple_create): 200 GET http://10.180.1.21/compute/v2.1/servers/12e300af-19c4-4d1f-a516-e5a899ed1332 0.415s
2025-12-08 18:55:03.580 65804 INFO tempest.common.waiters [-] State transition "BUILD/networking" ==> "BUILD/spawning" after 46 second wait
2025-12-08 18:55:03.766 65816 INFO tempest.lib.common.rest_client [req-d768b278-3a49-4f75-a61d-3e487bd9f9c1 req-d768b278-3a49-4f75-a61d-3e487bd9f9c1 ] Request (ServersAdminTestJSON:_run_cleanups): 200 GET http://10.180.1.21/compute/v2.1/servers/1d465555-c64f-47ab-b68b-5f2d4e35777a 0.964s
2025-12-08 18:55:03.774 65816 INFO tempest.common.waiters [-] State transition "REBUILD/rebuilding" ==> "REBUILD/rebuild_spawning" after 4 second wait
2025-12-08 18:55:03.801 65842 INFO tempest.lib.common.rest_client [req-9e5744df-b367-45e1-a41e-1272b803355a req-9e5744df-b367-45e1-a41e-1272b803355a ] Request (ListServerFiltersTestJSON:test_list_servers_detailed_limit_results): 200 GET http://10.180.1.21/compute/v2.1/servers/detail?limit=1 0.606s
2025-12-08 18:55:03.810 65824 INFO tempest.lib.common.rest_client [req-d031b03a-aa03-4499-af39-930abc84e16c req-d031b03a-aa03-4499-af39-930abc84e16c ] Request (ImagesNegativeTestJSON:test_create_image_from_deleted_server): 404 GET http://10.180.1.21/compute/v2.1/servers/8043c20f-b7e0-4397-9507-4cdb8f97ddc0 0.413s
2025-12-08 18:55:03.878 65794 INFO tempest.lib.common.rest_client [req-4758ae59-b20e-4480-ae97-689cf5eea442 req-4758ae59-b20e-4480-ae97-689cf5eea442 ] Request (ServersNegativeTestMultiTenantJSON:setUpClass): 200 GET http://10.180.1.21/compute/v2.1/servers/662d32d7-1d66-43cd-a4cc-61e56e45c86e 0.460s
