2025-12-08 18:53:59.164 65824 INFO tempest.lib.common.rest_client [req-4d92d3d1-27e9-4aac-972c-8dcebcbaec65 req-4d92d3d1-27e9-4aac-972c-8dcebcbaec65 ] Request (ImagesNegativeTestJSON:test_create_image_from_deleted_server): 200 GET http://10.180.1.21/compute/v2.1/servers/8043c20f-b7e0-4397-9507-4cdb8f97ddc0 1.821s
2025-12-08 18:53:59.262 65814 WARNING tempest.lib.common.ssh [-] Failed to establish authenticated ssh connection to cirros@10.180.180.243 ([Errno None] Unable to connect to port 22 on 10.180.180.243). Number attempts: 1. Retry after 2 seconds.: paramiko.ssh_exception.NoValidConnectionsError: [Errno None] Unable to connect to port 22 on 10.180.180.243
2025-12-08 18:53:59.338 65844 INFO tempest.lib.common.rest_client [req-b2e5b1cf-85bc-494f-a2c1-db76cc6b8613 req-b2e5b1cf-85bc-494f-a2c1-db76cc6b8613 ] Request (ServerPasswordTestJSON:tearDownClass): 204 DELETE http://10.180.1.21/networking/v2.0/subnets/d1263e55-731d-48e7-8943-d54cbfd1bd8d 0.250s
2025-12-08 18:53:59.446 65826 INFO tempest.lib.common.rest_client [req-e6a09ea3-2670-4129-a9a8-7b742850cd20 req-e6a09ea3-2670-4129-a9a8-7b742850cd20 ] Request (ImagesTestJSON:test_create_server_from_snapshot): 200 GET http://10.180.1.21/compute/v2.1/servers/c4cb3598-7c57-491b-9365-57df7c835640 2.100s
2025-12-08 18:53:59.516 65802 INFO tempest.lib.common.rest_client [req-bc9fe3d9-a6df-44c0-a0ee-1925b3cd5b9f req-bc9fe3d9-a6df-44c0-a0ee-1925b3cd5b9f ] Request (ServersTestMultiNic:test_verify_multiple_nics_order): 202 POST http://10.180.1.21/compute/v2.1/servers 2.685s
2025-12-08 18:53:59.718 65818 WARNING tempest.lib.common.ssh [-] Failed to establish authenticated ssh connection to cirros@10.180.180.211 ([Errno None] Unable to connect to port 22 on 10.180.180.211). Number attempts: 2. Retry after 3 seconds.: paramiko.ssh_exception.NoValidConnectionsError: [Errno None] Unable to connect to port 22 on 10.180.180.211
2025-12-08 18:53:59.770 65844 INFO tempest.lib.common.rest_client [req-e2dfc96f-17f5-4056-a4d6-7366e9390a9a req-e2dfc96f-17f5-4056-a4d6-7366e9390a9a ] Request (ServerPasswordTestJSON:tearDownClass): 204 DELETE http://10.180.1.21/networking/v2.0/networks/0472641b-ef53-460c-a9b7-efd2ee8c1f28 0.432s
2025-12-08 18:53:59.858 65844 INFO tempest.lib.common.rest_client [req-16aec4bd-784a-4dba-9532-74c7d220ec43 req-16aec4bd-784a-4dba-9532-74c7d220ec43 ] Request (ServerPasswordTestJSON:tearDownClass): 204 DELETE http://10.180.1.21/identity/v3/users/ef77a7b5a5174d4293556377894a9922 0.087s
2025-12-08 18:53:59.858 65844 INFO tempest.lib.common.dynamic_creds [-] Deleting project and security group for project: f70647c637c24bca98f1304069c813bb
2025-12-08 18:54:00.054 65848 INFO tempest.lib.common.rest_client [req-11faf6dd-0360-45c4-b4e5-5950db0a219d req-11faf6dd-0360-45c4-b4e5-5950db0a219d ] Request (FloatingIPsAssociationNegativeTestJSON:test_dissociate_nonexistent_floating_ip): 404 POST http://10.180.1.21/compute/v2.1/servers/caa9ce6a-2d76-4481-abe3-ef1145bbaa62/action 2.670s
2025-12-08 18:54:00.091 65836 INFO tempest.lib.common.rest_client [req-40b64ec9-1b36-4247-a068-28e1a3606397 req-40b64ec9-1b36-4247-a068-28e1a3606397 ] Request (AttachInterfacesUnderV243Test:test_add_remove_fixed_ip): 200 GET http://10.180.1.21/compute/v2.1/servers/67e775e3-4488-43eb-9276-742d2fbdcce2/ips 2.681s
2025-12-08 18:54:00.113 65830 INFO tempest.lib.common.rest_client [req-4f5f0362-0d65-4d1b-9b85-b91e101356da req-4f5f0362-0d65-4d1b-9b85-b91e101356da ] Request (KeyPairsV22TestJSON:_run_cleanups): 204 DELETE http://10.180.1.21/compute/v2.1/os-keypairs/tempest-KeyPairsV22TestJSON-keypair-296960043 2.700s
2025-12-08 18:54:00.142 65850 INFO tempest.lib.common.rest_client [req-dd86e60d-d6b5-4949-a641-125e7f8cded2 req-dd86e60d-d6b5-4949-a641-125e7f8cded2 ] Request (FlavorsAdminTestJSON:_run_cleanups): 200 GET http://10.180.1.21/compute/v2.1/flavors/detail 2.710s
2025-12-08 18:54:00.153 65844 INFO tempest.lib.common.rest_client [req-be1b0da0-fc62-407f-afc1-9bc1c95b63a5 req-be1b0da0-fc62-407f-afc1-9bc1c95b63a5 ] Request (ServerPasswordTestJSON:tearDownClass): 200 GET http://10.180.1.21/networking/v2.0/security-groups?tenant_id=f70647c637c24bca98f1304069c813bb&name=default 0.294s
2025-12-08 18:54:00.292 65850 INFO tempest.lib.common.rest_client [req-9aad8d7b-8efb-45a8-844e-dca481309110 req-9aad8d7b-8efb-45a8-844e-dca481309110 ] Request (FlavorsAdminTestJSON:tearDownClass): 204 DELETE http://10.180.1.21/identity/v3/users/8657190382f34d9c97c19cbf2776af85 0.141s
2025-12-08 18:54:00.292 65844 INFO tempest.lib.common.rest_client [req-8892371d-0ff8-4b50-bdbc-a975617799b2 req-8892371d-0ff8-4b50-bdbc-a975617799b2 ] Request (ServerPasswordTestJSON:tearDownClass): 204 DELETE http://10.180.1.21/networking/v2.0/security-groups/f3ecfa29-cc41-40aa-a9b6-a40b9e88d9c7 0.138s
2025-12-08 18:54:00.316 65798 INFO tempest.lib.common.rest_client [req-2ee6605c-7e01-4094-aa3b-9db095219ec7 req-2ee6605c-7e01-4094-aa3b-9db095219ec7 ] Request (ServersAdminNegativeTestJSON:tearDownClass): 200 GET http://10.180.1.21/compute/v2.1/servers/c70804bf-3648-480c-9e3b-110ed3966a61 2.843s
2025-12-08 18:54:00.414 65850 INFO tempest.lib.common.rest_client [req-d3e85f47-9066-4e90-a14e-0bc7c0f0970b req-d3e85f47-9066-4e90-a14e-0bc7c0f0970b ] Request (FlavorsAdminTestJSON:tearDownClass): 204 DELETE http://10.180.1.21/identity/v3/users/4737d2b0452b48f6b573792afac6d27e 0.122s
2025-12-08 18:54:00.414 65844 INFO tempest.lib.common.rest_client [req-724f9435-e8ac-4037-86dc-4406bafede14 req-724f9435-e8ac-4037-86dc-4406bafede14 ] Request (ServerPasswordTestJSON:tearDownClass): 204 DELETE http://10.180.1.21/identity/v3/projects/f70647c637c24bca98f1304069c813bb 0.122s
2025-12-08 18:54:00.415 65850 INFO tempest.lib.common.dynamic_creds [-] Deleting project and security group for project: 7a2c4a32470741a084175a701a40f858
2025-12-08 18:54:00.415 65844 INFO tempest.test [-] raised in AttachVolumeMultiAttachTest.setUpClass. Invoking tearDownClass.
2025-12-08 18:54:00.476 65846 WARNING tempest.lib.common.ssh [-] Failed to establish authenticated ssh connection to cirros@10.180.180.209 ([Errno None] Unable to connect to port 22 on 10.180.180.209). Number attempts: 7. Retry after 8 seconds.: paramiko.ssh_exception.NoValidConnectionsError: [Errno None] Unable to connect to port 22 on 10.180.180.209
2025-12-08 18:54:00.488 65850 INFO tempest.lib.common.rest_client [req-0a24859a-6607-4681-98e9-551592b2c72a req-0a24859a-6607-4681-98e9-551592b2c72a ] Request (FlavorsAdminTestJSON:tearDownClass): 201 POST http://10.180.1.21/identity/v3/auth/tokens 0.073s
2025-12-08 18:54:00.553 65857 INFO tempest.lib.common.rest_client [req-5bad6984-47e9-4932-aa5d-ecee1895ddf4 req-5bad6984-47e9-4932-aa5d-ecee1895ddf4 ] Request (QuotasTestJSON:test_get_default_quotas): 200 GET http://10.180.1.21/compute/v2.1/os-quota-sets/a12cb9f4e0484336ac4da6368e0d22c4/defaults 3.040s
2025-12-08 18:54:00.615 65842 INFO tempest.lib.common.rest_client [req-a5a23edc-4e52-4044-8706-c996596a1fa7 req-a5a23edc-4e52-4044-8706-c996596a1fa7 ] Request (ListServerFiltersTestJSON:setUpClass): 202 POST http://10.180.1.21/compute/v2.1/servers 3.210s
2025-12-08 18:54:00.687 65842 INFO tempest.lib.common.rest_client [req-2ab70c88-1933-4017-b718-1f12e86c3efd req-2ab70c88-1933-4017-b718-1f12e86c3efd ] Request (ListServerFiltersTestJSON:setUpClass): 201 POST http://10.180.1.21/identity/v3/auth/tokens 0.066s
2025-12-08 18:54:00.688 65842 INFO tempest.lib.common.fixed_network [-] (ListServerFiltersTestJSON:setUpClass) Found network {'id': '261e1357-2b9f-4609-9319-4e44775df1dd', 'name': 'tempest-ListServerFiltersTestJSON-1193856044-network', 'tenant_id': '0023c1825df54489a64c6ec9a9630d30', 'project_id': '0023c1825df54489a64c6ec9a9630d30', 'admin_state_up': True, 'mtu': 8950, 'status': 'ACTIVE', 'subnets': [], 'shared': False, 'port_security_enabled': True, 'router:external': False, 'provider:network_type': 'vlan', 'provider:physical_network': 'default', 'provider:segmentation_id': 263, 'availability_zone_hints': [], 'availability_zones': [], 'ipv4_address_scope': None, 'ipv6_address_scope': None, 'description': '', 'tags': [], 'created_at': '2025-12-08T18:53:55Z', 'updated_at': '2025-12-08T18:53:55Z', 'revision_number': 1} available for tenant
2025-12-08 18:54:00.750 65850 INFO tempest.lib.common.rest_client [req-e3b1f150-d573-49a7-abbf-51b1e48c82fa req-e3b1f150-d573-49a7-abbf-51b1e48c82fa ] Request (FlavorsAdminTestJSON:tearDownClass): 200 GET http://10.180.1.21/networking/v2.0/security-groups?tenant_id=7a2c4a32470741a084175a701a40f858&name=default 0.261s
2025-12-08 18:54:00.781 65796 INFO tempest.lib.common.rest_client [req-08339e00-7261-4e09-b863-703af10435b0 req-08339e00-7261-4e09-b863-703af10435b0 ] Request (ServersWithSpecificFlavorTestJSON:test_verify_created_server_ephemeral_disk): 200 GET http://10.180.1.21/compute/v2.1/servers/bb829820-975e-4c67-ba67-6c27ffe832e3 3.215s
2025-12-08 18:54:00.800 65816 INFO tempest.lib.common.rest_client [req-e40de208-ab53-4ced-8127-27618883e0c8 req-e40de208-ab53-4ced-8127-27618883e0c8 ] Request (ServersAdminTestJSON:test_inject_network_info): 200 GET http://10.180.1.21/compute/v2.1/servers/e5070082-0590-4abb-a97b-4b19d5dc303f 3.163s
2025-12-08 18:54:00.893 65850 INFO tempest.lib.common.rest_client [req-2a3b5cb3-1822-4479-9245-9c45a77cc5d6 req-2a3b5cb3-1822-4479-9245-9c45a77cc5d6 ] Request (FlavorsAdminTestJSON:tearDownClass): 204 DELETE http://10.180.1.21/networking/v2.0/security-groups/2ff5d28c-1d0f-41f5-983e-077481925c78 0.142s
2025-12-08 18:54:00.925 65810 INFO tempest.lib.common.rest_client [req-fa737a4e-08e6-4f27-a438-8d0db2317b23 req-fa737a4e-08e6-4f27-a438-8d0db2317b23 ] Request (AttachInterfacesV270Test:tearDownClass): 200 GET http://10.180.1.21/compute/v2.1/servers/3692b583-c0d0-4327-9ead-ad3974be555c 3.261s
2025-12-08 18:54:00.932 65804 INFO tempest.lib.common.rest_client [req-c306e04c-42d4-4a69-a912-0891734bfb4d req-c306e04c-42d4-4a69-a912-0891734bfb4d ] Request (FloatingIPsAssociationTestJSON:tearDownClass): 200 GET http://10.180.1.21/compute/v2.1/servers/7cd3d1cd-efe0-4191-b582-731df32f0998 3.217s
2025-12-08 18:54:00.979 65850 INFO tempest.lib.common.rest_client [req-698c2703-8877-49c7-84bc-fa2f1a333ea6 req-698c2703-8877-49c7-84bc-fa2f1a333ea6 ] Request (FlavorsAdminTestJSON:tearDownClass): 204 DELETE http://10.180.1.21/identity/v3/projects/7a2c4a32470741a084175a701a40f858 0.085s
2025-12-08 18:54:00.979 65850 INFO tempest.lib.common.dynamic_creds [-] Deleting project and security group for project: 6a2318f2613a4441a90e4a8b43bcc487
2025-12-08 18:54:00.992 65820 INFO tempest.lib.common.rest_client [req-78ae631a-eb66-42e6-8647-d396cb42bf3a req-78ae631a-eb66-42e6-8647-d396cb42bf3a ] Request (ServerGroupTestJSON:test_create_server_with_scheduler_hint_group): 200 GET http://10.180.1.21/compute/v2.1/servers/6748c5ab-2ddb-43c4-ae64-4b7b5d34ae5c 3.103s
2025-12-08 18:54:01.164 65832 INFO tempest.lib.common.rest_client [req-a5c4cc87-33ae-4e5e-93dc-c1830e6c7768 req-a5c4cc87-33ae-4e5e-93dc-c1830e6c7768 ] Request (MigrationsAdminTest:test_resize_server_revert_deleted_flavor): 200 GET http://10.180.1.21/compute/v2.1/servers/1ce9da0b-46d2-423e-bb0b-9e0ab7aea7fc 3.187s
2025-12-08 18:54:01.164 65850 INFO tempest.lib.common.rest_client [req-720ba443-6f8b-4adc-8d2c-0042aee5da60 req-720ba443-6f8b-4adc-8d2c-0042aee5da60 ] Request (FlavorsAdminTestJSON:tearDownClass): 200 GET http://10.180.1.21/networking/v2.0/security-groups?tenant_id=6a2318f2613a4441a90e4a8b43bcc487&name=default 0.185s
2025-12-08 18:54:01.195 65806 INFO tempest.lib.common.rest_client [req-52ffc3e1-6833-48a8-a058-7a055bbadbc2 req-52ffc3e1-6833-48a8-a058-7a055bbadbc2 ] Request (VolumesAssistedSnapshotsTest:test_volume_assisted_snapshot_create_delete): 200 GET http://10.180.1.21/compute/v2.1/servers/62c09258-3ed8-4643-b02e-91dc1390c2af 3.389s
2025-12-08 18:54:01.205 65806 INFO tempest.common.waiters [-] State transition "BUILD/None" ==> "BUILD/spawning" after 16 second wait
2025-12-08 18:54:01.216 65834 INFO tempest.lib.common.rest_client [req-f9e654b7-0b82-4036-bec0-c31ba8eee04c req-f9e654b7-0b82-4036-bec0-c31ba8eee04c ] Request (VolumesAdminNegativeTest:tearDownClass): 404 GET http://10.180.1.21/compute/v2.1/servers/a554efec-fe30-446f-9993-778ffeeaad83 2.511s
2025-12-08 18:54:01.246 65840 INFO tempest.lib.common.rest_client [req-93de35ae-943e-4473-bc2e-a8243ddb7eab req-93de35ae-943e-4473-bc2e-a8243ddb7eab ] Request (ListServersNegativeTestJSON:tearDownClass): 200 GET http://10.180.1.21/compute/v2.1/servers/a69f725b-7da3-4f9a-9af4-3aa8446fed34 3.216s
2025-12-08 18:54:01.259 65812 INFO tempest.lib.common.rest_client [req-0ef13279-2761-40e3-b656-a82991185a32 req-0ef13279-2761-40e3-b656-a82991185a32 ] Request (ListImageFiltersTestJSON:setUpClass): 200 GET http://10.180.1.21/compute/v2.1/images/daef7c5d-6405-4222-b0c1-3d1eb60cd677 2.506s
2025-12-08 18:54:01.301 65850 INFO tempest.lib.common.rest_client [req-e3cef8b9-9ee9-4864-8ed1-ad45fbbcbec8 req-e3cef8b9-9ee9-4864-8ed1-ad45fbbcbec8 ] Request (FlavorsAdminTestJSON:tearDownClass): 204 DELETE http://10.180.1.21/networking/v2.0/security-groups/860fbe40-b23e-4760-8202-cad16f0b6377 0.137s
2025-12-08 18:54:01.406 65794 INFO tempest.lib.common.rest_client [req-79c48bf5-3948-4fbd-b182-dd7f55f969f5 req-79c48bf5-3948-4fbd-b182-dd7f55f969f5 ] Request (SecurityGroupRulesTestJSON:test_security_group_rules_list): 200 POST http://10.180.1.21/compute/v2.1/os-security-groups 2.404s
2025-12-08 18:54:01.417 65850 INFO tempest.lib.common.rest_client [req-3af4e838-4c17-4a1b-9857-39d84bfd8994 req-3af4e838-4c17-4a1b-9857-39d84bfd8994 ] Request (FlavorsAdminTestJSON:tearDownClass): 204 DELETE http://10.180.1.21/identity/v3/projects/6a2318f2613a4441a90e4a8b43bcc487 0.114s
2025-12-08 18:54:01.418 65850 INFO tempest.test [-] raised in UnshelveToHostMultiNodesTest.setUpClass. Invoking tearDownClass.
2025-12-08 18:54:01.483 65838 INFO tempest.lib.common.rest_client [req-3a7b3537-e476-4aba-b449-afa5c820c313 req-3a7b3537-e476-4aba-b449-afa5c820c313 ] Request (ServersTestJSON:setUpClass): 200 GET http://10.180.1.21/compute/v2.1/servers/9d93eab5-b7c3-40b9-9cfd-329c422eaf4d 2.582s
2025-12-08 18:54:01.491 65838 INFO tempest.lib.common.ssh [-] Creating ssh connection to '10.180.180.220:22' as 'cirros' with public key authentication
2025-12-08 18:54:01.518 65850 INFO tempest.lib.common.rest_client [req-1609c3b1-bbb6-45be-9ea2-52a02a3dd008 req-1609c3b1-bbb6-45be-9ea2-52a02a3dd008 ] Request (ImagesOneServerNegativeTestJSON:setUpClass): 201 POST http://10.180.1.21/identity/v3/auth/tokens 0.097s
2025-12-08 18:54:01.554 65802 INFO tempest.lib.common.rest_client [req-af05f36e-64a4-4236-9a09-2d5212c4f254 req-af05f36e-64a4-4236-9a09-2d5212c4f254 ] Request (ServersTestMultiNic:test_verify_multiple_nics_order): 200 GET http://10.180.1.21/compute/v2.1/servers/cfdb4ef4-cb23-4754-b6b0-1df5ab1ebc79 2.036s
2025-12-08 18:54:01.557 65850 INFO tempest.lib.common.rest_client [req-89de61ae-2a61-44ea-84f7-0f4e722fd929 req-89de61ae-2a61-44ea-84f7-0f4e722fd929 ] Request (ImagesOneServerNegativeTestJSON:setUpClass): 201 POST http://10.180.1.21/identity/v3/auth/tokens 0.035s
2025-12-08 18:54:01.583 65822 INFO tempest.lib.common.rest_client [req-06e540c7-176b-4896-be58-f4062145871e req-06e540c7-176b-4896-be58-f4062145871e ] Request (SecurityGroupsTestJSON:test_server_security_groups): 200 GET http://10.180.1.21/compute/v2.1/servers/1048f631-6c45-4ee6-b975-561c53b37c17 2.479s
2025-12-08 18:54:01.585 65850 INFO tempest.lib.common.rest_client [req-9cf5c96e-74b2-4b61-b653-12fbccb248fc req-9cf5c96e-74b2-4b61-b653-12fbccb248fc ] Request (ImagesOneServerNegativeTestJSON:setUpClass): 200 GET http://10.180.1.21/identity/v3/domains?name=Default 0.027s
2025-12-08 18:54:01.594 65822 INFO tempest.common.waiters [-] State transition "BUILD/spawning" ==> "ACTIVE/None" after 30 second wait
2025-12-08 18:54:01.627 65850 INFO tempest.lib.common.rest_client [req-44cc72de-b509-44c8-904b-6e174e3d8a0e req-44cc72de-b509-44c8-904b-6e174e3d8a0e ] Request (ImagesOneServerNegativeTestJSON:setUpClass): 201 POST http://10.180.1.21/identity/v3/projects 0.042s
2025-12-08 18:54:01.635 65829 INFO tempest.lib.common.rest_client [req-866f93f5-963b-46ee-bee5-1bacc2e85f44 req-866f93f5-963b-46ee-bee5-1bacc2e85f44 ] Request (ServerMetadataNegativeTestJSON:tearDownClass): 200 GET http://10.180.1.21/compute/v2.1/servers/35df3168-8a4c-4fcb-8428-184b277c1368 1.989s
2025-12-08 18:54:01.700 65848 INFO tempest.lib.common.rest_client [req-191b7c89-6350-48a6-a866-58ca1a32194b req-191b7c89-6350-48a6-a866-58ca1a32194b ] Request (FloatingIPsAssociationNegativeTestJSON:tearDownClass): 204 DELETE http://10.180.1.21/compute/v2.1/servers/caa9ce6a-2d76-4481-abe3-ef1145bbaa62 1.644s
2025-12-08 18:54:01.705 65850 INFO tempest.lib.common.rest_client [req-80a79f7e-399b-4844-b385-7bf76f102b07 req-80a79f7e-399b-4844-b385-7bf76f102b07 ] Request (ImagesOneServerNegativeTestJSON:setUpClass): 201 POST http://10.180.1.21/identity/v3/users 0.076s
2025-12-08 18:54:01.724 65830 INFO tempest.lib.common.rest_client [req-ad365c6b-f295-4d48-9da3-761390db18bb req-ad365c6b-f295-4d48-9da3-761390db18bb ] Request (KeyPairsV22TestJSON:_run_cleanups): 204 DELETE http://10.180.1.21/compute/v2.1/os-keypairs/tempest-KeyPairsV22TestJSON-keypair-1489436994 1.610s
2025-12-08 18:54:01.745 65850 INFO tempest.lib.common.rest_client [req-c77ad86d-803f-4f9e-973e-522af162dba5 req-c77ad86d-803f-4f9e-973e-522af162dba5 ] Request (ImagesOneServerNegativeTestJSON:setUpClass): 200 GET http://10.180.1.21/identity/v3/roles 0.040s
2025-12-08 18:54:01.779 65836 INFO tempest.lib.common.rest_client [req-66fb0a89-e417-4108-baa0-8015de9187f6 req-66fb0a89-e417-4108-baa0-8015de9187f6 ] Request (AttachInterfacesUnderV243Test:test_add_remove_fixed_ip): 200 GET http://10.180.1.21/compute/v2.1/servers/67e775e3-4488-43eb-9276-742d2fbdcce2 1.686s
2025-12-08 18:54:01.786 65850 INFO tempest.lib.common.rest_client [req-3091eb35-54a5-465a-8fe0-e0200654eb31 req-3091eb35-54a5-465a-8fe0-e0200654eb31 ] Request (ImagesOneServerNegativeTestJSON:setUpClass): 204 PUT http://10.180.1.21/identity/v3/projects/7f94538616854933884df31c3d748356/users/2dd59ca571a148019b14dfaec74b8264/roles/61bfb24fbf5640f3b82f4de2ee5c94b0 0.041s
2025-12-08 18:54:01.787 65850 INFO tempest.lib.common.dynamic_creds [-] Dynamic test user 2dd59ca571a148019b14dfaec74b8264 is created with scope project and roles: ['member']
2025-12-08 18:54:01.787 65850 INFO tempest.lib.common.dynamic_creds [-] Acquired dynamic creds: credentials: Credentials: {'domain_id': 'default', 'domain_name': 'Default', 'username': 'tempest-ImagesOneServerNegativeTestJSON-2035928043-project-member', 'project_domain_id': 'default', 'project_domain_name': 'Default', 'project_id': '7f94538616854933884df31c3d748356', 'project_name': 'tempest-ImagesOneServerNegativeTestJSON-2035928043', 'tenant_id': '7f94538616854933884df31c3d748356', 'tenant_name': 'tempest-ImagesOneServerNegativeTestJSON-2035928043', 'user_domain_id': 'default', 'user_domain_name': 'Default', 'user_id': '2dd59ca571a148019b14dfaec74b8264', 'system': None}, Network: None, Subnet: None, Router: None
2025-12-08 18:54:01.798 65824 INFO tempest.lib.common.rest_client [req-b14e09e3-ef28-4ad2-b352-e28f0d4809f5 req-b14e09e3-ef28-4ad2-b352-e28f0d4809f5 ] Request (ImagesNegativeTestJSON:test_create_image_from_deleted_server): 200 GET http://10.180.1.21/compute/v2.1/servers/8043c20f-b7e0-4397-9507-4cdb8f97ddc0 1.622s
2025-12-08 18:54:01.863 65850 INFO tempest.lib.common.rest_client [req-912747ff-7198-4ee3-9629-2ad91a4a598c req-912747ff-7198-4ee3-9629-2ad91a4a598c ] Request (ImagesOneServerNegativeTestJSON:setUpClass): 201 POST http://10.180.1.21/identity/v3/auth/tokens 0.076s
2025-12-08 18:54:01.908 65826 INFO tempest.lib.common.rest_client [req-06b1cb83-f817-43ab-8535-2aa9eaafbfb1 req-06b1cb83-f817-43ab-8535-2aa9eaafbfb1 ] Request (ImagesTestJSON:test_create_server_from_snapshot): 200 GET http://10.180.1.21/compute/v2.1/servers/c4cb3598-7c57-491b-9365-57df7c835640 1.453s
2025-12-08 18:54:01.942 65857 INFO tempest.lib.common.rest_client [req-a18bcf29-795e-4e94-98e2-0b448d3a73fe req-a18bcf29-795e-4e94-98e2-0b448d3a73fe ] Request (QuotasTestJSON:test_get_quotas): 200 GET http://10.180.1.21/compute/v2.1/os-quota-sets/a12cb9f4e0484336ac4da6368e0d22c4 1.381s
2025-12-08 18:54:02.153 65834 INFO tempest.lib.common.rest_client [req-5b40137e-209c-49d4-835a-7f74e3f94eb3 req-5b40137e-209c-49d4-835a-7f74e3f94eb3 ] Request (VolumesAdminNegativeTest:tearDownClass): 200 PUT http://10.180.1.21/networking/v2.0/routers/f234edcb-a95e-4931-ab2a-e50616f13a75/remove_router_interface 0.937s
2025-12-08 18:54:02.175 65850 INFO tempest.lib.common.rest_client [req-1554c603-2a59-43c4-8f6a-8a3ceda4d879 req-1554c603-2a59-43c4-8f6a-8a3ceda4d879 ] Request (ImagesOneServerNegativeTestJSON:setUpClass): 201 POST http://10.180.1.21/networking/v2.0/networks 0.311s
2025-12-08 18:54:02.217 65798 INFO tempest.lib.common.rest_client [req-b353e931-9700-4418-a292-60abe018fc34 req-b353e931-9700-4418-a292-60abe018fc34 ] Request (ServersAdminNegativeTestJSON:tearDownClass): 200 GET http://10.180.1.21/compute/v2.1/servers/c70804bf-3648-480c-9e3b-110ed3966a61 0.892s
2025-12-08 18:54:02.226 65798 INFO tempest.common.waiters [-] State transition "SUSPENDED/deleting" ==> "DELETED/None" after 2 second wait
2025-12-08 18:54:02.333 65814 WARNING tempest.lib.common.ssh [-] Failed to establish authenticated ssh connection to cirros@10.180.180.243 ([Errno None] Unable to connect to port 22 on 10.180.180.243). Number attempts: 2. Retry after 3 seconds.: paramiko.ssh_exception.NoValidConnectionsError: [Errno None] Unable to connect to port 22 on 10.180.180.243
2025-12-08 18:54:02.398 65850 INFO tempest.lib.common.rest_client [req-8a87c505-fe34-410b-b1c3-1c7807bc2bfa req-8a87c505-fe34-410b-b1c3-1c7807bc2bfa ] Request (ImagesOneServerNegativeTestJSON:setUpClass): 201 POST http://10.180.1.21/networking/v2.0/subnets 0.222s
2025-12-08 18:54:02.647 65834 INFO tempest.lib.common.rest_client [req-edab93c6-fafd-4b38-81e0-ba97ff85209c req-edab93c6-fafd-4b38-81e0-ba97ff85209c ] Request (VolumesAdminNegativeTest:tearDownClass): 204 DELETE http://10.180.1.21/networking/v2.0/routers/f234edcb-a95e-4931-ab2a-e50616f13a75 0.493s
2025-12-08 18:54:02.823 65794 INFO tempest.lib.common.rest_client [req-3df1ac02-184f-42eb-a247-52bfa854ecbd req-3df1ac02-184f-42eb-a247-52bfa854ecbd ] Request (SecurityGroupRulesTestJSON:test_security_group_rules_list): 200 POST http://10.180.1.21/compute/v2.1/os-security-group-rules 1.413s
2025-12-08 18:54:03.004 65834 INFO tempest.lib.common.rest_client [req-2570b596-6ea6-4152-9b75-886315514935 req-2570b596-6ea6-4152-9b75-886315514935 ] Request (VolumesAdminNegativeTest:tearDownClass): 204 DELETE http://10.180.1.21/networking/v2.0/subnets/dfa98d30-bfc0-41a5-b413-29d18865265a 0.356s
2025-12-08 18:54:03.227 65818 WARNING tempest.lib.common.ssh [-] Failed to establish authenticated ssh connection to cirros@10.180.180.211 ([Errno None] Unable to connect to port 22 on 10.180.180.211). Number attempts: 3. Retry after 4 seconds.: paramiko.ssh_exception.NoValidConnectionsError: [Errno None] Unable to connect to port 22 on 10.180.180.211
2025-12-08 18:54:03.335 65850 INFO tempest.lib.common.rest_client [req-413bb969-0af2-4c0b-88d6-26aa3a250ee0 req-413bb969-0af2-4c0b-88d6-26aa3a250ee0 ] Request (ImagesOneServerNegativeTestJSON:setUpClass): 201 POST http://10.180.1.21/networking/v2.0/routers 0.936s
2025-12-08 18:54:03.457 65834 INFO tempest.lib.common.rest_client [req-e4780752-6e67-4022-a184-4b5956d2bc4f req-e4780752-6e67-4022-a184-4b5956d2bc4f ] Request (VolumesAdminNegativeTest:tearDownClass): 204 DELETE http://10.180.1.21/networking/v2.0/networks/f570f91e-594f-40e1-aec5-3db3220343f0 0.453s
2025-12-08 18:54:03.515 65842 INFO tempest.lib.common.rest_client [req-52eda507-3b0e-4583-811c-e9079a22d83f req-52eda507-3b0e-4583-811c-e9079a22d83f ] Request (ListServerFiltersTestJSON:setUpClass): 202 POST http://10.180.1.21/compute/v2.1/servers 2.827s
2025-12-08 18:54:04.195 65808 WARNING tempest.lib.common.ssh [-] Failed to establish authenticated ssh connection to cirros@10.180.180.239 ([Errno None] Unable to connect to port 22 on 10.180.180.239). Number attempts: 7. Retry after 8 seconds.: paramiko.ssh_exception.NoValidConnectionsError: [Errno None] Unable to connect to port 22 on 10.180.180.239
2025-12-08 18:54:04.275 65834 INFO tempest.lib.common.rest_client [req-dd8d1d4e-e7aa-4c83-aca4-28cee3350c6b req-dd8d1d4e-e7aa-4c83-aca4-28cee3350c6b ] Request (VolumesAdminNegativeTest:tearDownClass): 200 PUT http://10.180.1.21/networking/v2.0/routers/3a502f99-d284-4048-a0ff-63c9da71a2a8/remove_router_interface 0.818s
2025-12-08 18:54:04.420 65850 INFO tempest.lib.common.rest_client [req-ce78f4b1-26b8-439c-b0f9-909ada0f5aae req-ce78f4b1-26b8-439c-b0f9-909ada0f5aae ] Request (ImagesOneServerNegativeTestJSON:setUpClass): 200 PUT http://10.180.1.21/networking/v2.0/routers/3b450a5f-45e8-4486-9e3b-c10d3f653fc6/add_router_interface 1.085s
2025-12-08 18:54:04.420 65850 INFO tempest.lib.common.dynamic_creds [-] Created isolated network resources for: credentials: Credentials: {'domain_id': 'default', 'domain_name': 'Default', 'username': 'tempest-ImagesOneServerNegativeTestJSON-2035928043-project-member', 'project_domain_id': 'default', 'project_domain_name': 'Default', 'project_id': '7f94538616854933884df31c3d748356', 'project_name': 'tempest-ImagesOneServerNegativeTestJSON-2035928043', 'tenant_id': '7f94538616854933884df31c3d748356', 'tenant_name': 'tempest-ImagesOneServerNegativeTestJSON-2035928043', 'user_domain_id': 'default', 'user_domain_name': 'Default', 'user_id': '2dd59ca571a148019b14dfaec74b8264', 'system': None}, Network: {'id': '46ebc585-459a-48d7-9bd8-da0d34295179', 'name': 'tempest-ImagesOneServerNegativeTestJSON-2075877829-network', 'tenant_id': '7f94538616854933884df31c3d748356', 'project_id': '7f94538616854933884df31c3d748356', 'admin_state_up': True, 'mtu': 8950, 'status': 'ACTIVE', 'subnets': [], 'shared': False, 'port_security_enabled': True, 'router:external': False, 'provider:network_type': 'vlan', 'provider:physical_network': 'default', 'provider:segmentation_id': 223, 'availability_zone_hints': [], 'availability_zones': [], 'ipv4_address_scope': None, 'ipv6_address_scope': None, 'description': '', 'tags': [], 'created_at': '2025-12-08T18:54:02Z', 'updated_at': '2025-12-08T18:54:02Z', 'revision_number': 1}, Subnet: {'id': 'e43fbe7b-1b19-426a-a3df-5b3af1405c34', 'name': 'tempest-ImagesOneServerNegativeTestJSON-2075877829-subnet', 'tenant_id': '7f94538616854933884df31c3d748356', 'network_id': '46ebc585-459a-48d7-9bd8-da0d34295179', 'ip_version': 4, 'subnetpool_id': None, 'enable_dhcp': True, 'ipv6_ra_mode': None, 'ipv6_address_mode': None, 'gateway_ip': '192.168.128.1', 'cidr': '192.168.128.0/28', 'allocation_pools': [{'start': '192.168.128.2', 'end': '192.168.128.14'}], 'host_routes': [], 'dns_nameservers': [], 'description': '', 'router:external': False, 'service_types': [], 'tags': [], 'created_at': '2025-12-08T18:54:02Z', 'updated_at': '2025-12-08T18:54:02Z', 'revision_number': 0, 'project_id': '7f94538616854933884df31c3d748356'}, Router: {'id': '3b450a5f-45e8-4486-9e3b-c10d3f653fc6', 'name': 'tempest-ImagesOneServerNegativeTestJSON-2075877829-router', 'tenant_id': '7f94538616854933884df31c3d748356', 'admin_state_up': True, 'status': 'ACTIVE', 'external_gateway_info': {'network_id': '02e80801-bf47-44f7-8c4c-00ed8ddf8fcf', 'external_fixed_ips': [{'subnet_id': '0df26d28-e4b1-4d10-b8fc-299bf1236404', 'ip_address': '10.180.180.225'}], 'enable_snat': True}, 'description': '', 'availability_zones': [], 'distributed': False, 'ha': False, 'availability_zone_hints': [], 'routes': [], 'flavor_id': None, 'tags': [], 'created_at': '2025-12-08T18:54:02Z', 'updated_at': '2025-12-08T18:54:02Z', 'revision_number': 2, 'project_id': '7f94538616854933884df31c3d748356'}
2025-12-08 18:54:04.564 65850 INFO tempest.lib.common.rest_client [req-86a68319-dcef-49ce-8a7a-eeb367775a4a req-86a68319-dcef-49ce-8a7a-eeb367775a4a ] Request (ImagesOneServerNegativeTestJSON:setUpClass): 201 POST http://10.180.1.21/identity/v3/auth/tokens 0.139s
2025-12-08 18:54:04.567 65822 INFO tempest.lib.common.rest_client [req-9d4f0941-5135-4f35-af4a-aadb4435e809 req-9d4f0941-5135-4f35-af4a-aadb4435e809 ] Request (SecurityGroupsTestJSON:test_server_security_groups): 202 POST http://10.180.1.21/compute/v2.1/servers/1048f631-6c45-4ee6-b975-561c53b37c17/action 2.971s
2025-12-08 18:54:04.577 65838 WARNING tempest.lib.common.ssh [-] Failed to establish authenticated ssh connection to cirros@10.180.180.220 ([Errno None] Unable to connect to port 22 on 10.180.180.220). Number attempts: 1. Retry after 2 seconds.: paramiko.ssh_exception.NoValidConnectionsError: [Errno None] Unable to connect to port 22 on 10.180.180.220
2025-12-08 18:54:04.611 65850 INFO tempest.lib.common.rest_client [req-c323d197-bd4a-493d-8b23-edd431affdbe req-c323d197-bd4a-493d-8b23-edd431affdbe ] Request (ImagesOneServerNegativeTestJSON:setUpClass): 201 POST http://10.180.1.21/identity/v3/auth/tokens 0.043s
2025-12-08 18:54:04.612 65850 INFO tempest.lib.common.fixed_network [-] (ImagesOneServerNegativeTestJSON:setUpClass) Found network {'id': '46ebc585-459a-48d7-9bd8-da0d34295179', 'name': 'tempest-ImagesOneServerNegativeTestJSON-2075877829-network', 'tenant_id': '7f94538616854933884df31c3d748356', 'project_id': '7f94538616854933884df31c3d748356', 'admin_state_up': True, 'mtu': 8950, 'status': 'ACTIVE', 'subnets': [], 'shared': False, 'port_security_enabled': True, 'router:external': False, 'provider:network_type': 'vlan', 'provider:physical_network': 'default', 'provider:segmentation_id': 223, 'availability_zone_hints': [], 'availability_zones': [], 'ipv4_address_scope': None, 'ipv6_address_scope': None, 'description': '', 'tags': [], 'created_at': '2025-12-08T18:54:02Z', 'updated_at': '2025-12-08T18:54:02Z', 'revision_number': 1} available for tenant
2025-12-08 18:54:04.626 65830 INFO tempest.lib.common.rest_client [req-a6f2c198-37b0-471c-9b07-d0429c26aba2 req-a6f2c198-37b0-471c-9b07-d0429c26aba2 ] Request (KeyPairsV22TestJSON:test_keypairsv22_create_list_show): 201 POST http://10.180.1.21/compute/v2.1/os-keypairs 2.900s
2025-12-08 18:54:04.662 65836 INFO tempest.lib.common.rest_client [req-efb78b99-3b9e-41f9-845e-89930e01eb07 req-efb78b99-3b9e-41f9-845e-89930e01eb07 ] Request (AttachInterfacesUnderV243Test:test_add_remove_fixed_ip): 202 POST http://10.180.1.21/compute/v2.1/servers/67e775e3-4488-43eb-9276-742d2fbdcce2/action 2.876s
2025-12-08 18:54:04.687 65848 INFO tempest.lib.common.rest_client [req-78171bf5-1d34-462c-a02b-4a7d5136bf21 req-78171bf5-1d34-462c-a02b-4a7d5136bf21 ] Request (FloatingIPsAssociationNegativeTestJSON:tearDownClass): 200 GET http://10.180.1.21/compute/v2.1/servers/caa9ce6a-2d76-4481-abe3-ef1145bbaa62 2.986s
2025-12-08 18:54:04.960 65796 INFO tempest.lib.common.rest_client [req-3d0b3aec-2001-4b9d-aa64-bcebb1a84b6a req-3d0b3aec-2001-4b9d-aa64-bcebb1a84b6a ] Request (ServersWithSpecificFlavorTestJSON:test_verify_created_server_ephemeral_disk): 200 GET http://10.180.1.21/compute/v2.1/servers/bb829820-975e-4c67-ba67-6c27ffe832e3 3.169s
2025-12-08 18:54:04.975 65816 INFO tempest.lib.common.rest_client [req-616f7c3c-e5dd-458d-821d-5bd0cc32b485 req-616f7c3c-e5dd-458d-821d-5bd0cc32b485 ] Request (ServersAdminTestJSON:test_inject_network_info): 200 GET http://10.180.1.21/compute/v2.1/servers/e5070082-0590-4abb-a97b-4b19d5dc303f 3.167s
2025-12-08 18:54:05.011 65804 INFO tempest.lib.common.rest_client [req-48b975ae-0613-44af-9b8d-3f4aab9c52b1 req-48b975ae-0613-44af-9b8d-3f4aab9c52b1 ] Request (FloatingIPsAssociationTestJSON:tearDownClass): 404 GET http://10.180.1.21/compute/v2.1/servers/7cd3d1cd-efe0-4191-b582-731df32f0998 3.071s
2025-12-08 18:54:05.082 65857 INFO tempest.lib.common.rest_client [req-b2b73f14-e91a-4a1f-be66-eb73b0ef5313 req-b2b73f14-e91a-4a1f-be66-eb73b0ef5313 ] Request (QuotasTestJSON:test_get_quotas): 200 GET http://10.180.1.21/compute/v2.1/os-quota-sets/a12cb9f4e0484336ac4da6368e0d22c4?user_id=d2844731e7e84be2b3d0a23eebe97bd1 3.138s
2025-12-08 18:54:05.102 65834 INFO tempest.lib.common.rest_client [req-61d734f9-846d-403b-80ba-cea4674e9581 req-61d734f9-846d-403b-80ba-cea4674e9581 ] Request (VolumesAdminNegativeTest:tearDownClass): 204 DELETE http://10.180.1.21/networking/v2.0/routers/3a502f99-d284-4048-a0ff-63c9da71a2a8 0.826s
2025-12-08 18:54:05.135 65810 INFO tempest.lib.common.rest_client [req-5bde3ce6-49dc-43e4-a733-123e6a037ebc req-5bde3ce6-49dc-43e4-a733-123e6a037ebc ] Request (AttachInterfacesV270Test:tearDownClass): 200 GET http://10.180.1.21/compute/v2.1/servers/3692b583-c0d0-4327-9ead-ad3974be555c 3.199s
2025-12-08 18:54:05.259 65857 INFO tempest.lib.common.rest_client [req-2f1557bc-4568-46ef-9512-7512671c5f11 req-2f1557bc-4568-46ef-9512-7512671c5f11 ] Request (QuotasTestJSON:tearDownClass): 204 DELETE http://10.180.1.21/identity/v3/users/d2844731e7e84be2b3d0a23eebe97bd1 0.174s
2025-12-08 18:54:05.259 65857 INFO tempest.lib.common.dynamic_creds [-] Deleting project and security group for project: a12cb9f4e0484336ac4da6368e0d22c4
2025-12-08 18:54:05.323 65834 INFO tempest.lib.common.rest_client [req-83dc6d74-bc3e-48c3-a00c-76c5e410ca8e req-83dc6d74-bc3e-48c3-a00c-76c5e410ca8e ] Request (VolumesAdminNegativeTest:tearDownClass): 204 DELETE http://10.180.1.21/networking/v2.0/subnets/0aa2e2ed-67fd-400a-9ac9-7e405b04ce23 0.220s
2025-12-08 18:54:05.338 65857 INFO tempest.lib.common.rest_client [req-4f0cfd45-d179-48ca-9ba5-84349330d173 req-4f0cfd45-d179-48ca-9ba5-84349330d173 ] Request (QuotasTestJSON:tearDownClass): 201 POST http://10.180.1.21/identity/v3/auth/tokens 0.079s
2025-12-08 18:54:05.356 65820 INFO tempest.lib.common.rest_client [req-e7765862-25c8-4406-b02a-cdcb12ef91da req-e7765862-25c8-4406-b02a-cdcb12ef91da ] Request (ServerGroupTestJSON:test_create_server_with_scheduler_hint_group): 200 GET http://10.180.1.21/compute/v2.1/servers/6748c5ab-2ddb-43c4-ae64-4b7b5d34ae5c 3.354s
2025-12-08 18:54:05.463 65832 INFO tempest.lib.common.rest_client [req-fc2459dd-e0c0-4772-a9d6-efb9743e7420 req-fc2459dd-e0c0-4772-a9d6-efb9743e7420 ] Request (MigrationsAdminTest:test_resize_server_revert_deleted_flavor): 200 GET http://10.180.1.21/compute/v2.1/servers/1ce9da0b-46d2-423e-bb0b-9e0ab7aea7fc 3.290s
2025-12-08 18:54:05.754 65834 INFO tempest.lib.common.rest_client [req-a344db13-8ca4-4a7f-a1f0-aa663fb7fb6a req-a344db13-8ca4-4a7f-a1f0-aa663fb7fb6a ] Request (VolumesAdminNegativeTest:tearDownClass): 204 DELETE http://10.180.1.21/networking/v2.0/networks/504dc869-a95a-4f09-90fb-cf8fbf2354e5 0.430s
2025-12-08 18:54:05.891 65804 INFO tempest.lib.common.rest_client [req-b2d99d4a-ff9b-4641-9496-4c82648b705d req-b2d99d4a-ff9b-4641-9496-4c82648b705d ] Request (FloatingIPsAssociationTestJSON:tearDownClass): 200 PUT http://10.180.1.21/networking/v2.0/routers/3f591dcc-aa9b-492f-8c6d-cdc7fa3d63b1/remove_router_interface 0.879s
2025-12-08 18:54:05.943 65857 INFO tempest.lib.common.rest_client [req-85b9efee-15ad-4aa7-b0a6-cece719bdb4e req-85b9efee-15ad-4aa7-b0a6-cece719bdb4e ] Request (QuotasTestJSON:tearDownClass): 200 GET http://10.180.1.21/networking/v2.0/security-groups?tenant_id=a12cb9f4e0484336ac4da6368e0d22c4&name=default 0.604s
2025-12-08 18:54:05.977 65840 INFO tempest.lib.common.rest_client [req-dec394a2-9d53-4882-a24a-1b36f6161b95 req-dec394a2-9d53-4882-a24a-1b36f6161b95 ] Request (ListServersNegativeTestJSON:tearDownClass): 200 GET http://10.180.1.21/compute/v2.1/servers/a69f725b-7da3-4f9a-9af4-3aa8446fed34 3.721s
2025-12-08 18:54:06.029 65812 INFO tempest.lib.common.rest_client [req-01671a4a-4c8b-40d1-9805-015e0363abf0 req-01671a4a-4c8b-40d1-9805-015e0363abf0 ] Request (ListImageFiltersTestJSON:setUpClass): 200 GET http://10.180.1.21/compute/v2.1/images/daef7c5d-6405-4222-b0c1-3d1eb60cd677 3.762s
2025-12-08 18:54:06.664 65804 INFO tempest.lib.common.rest_client [req-12d1a8ad-07d3-483f-8a92-94311bf104f1 req-12d1a8ad-07d3-483f-8a92-94311bf104f1 ] Request (FloatingIPsAssociationTestJSON:tearDownClass): 204 DELETE http://10.180.1.21/networking/v2.0/routers/3f591dcc-aa9b-492f-8c6d-cdc7fa3d63b1 0.773s
2025-12-08 18:54:06.698 65806 INFO tempest.lib.common.rest_client [req-09da27b3-c571-4704-941d-ab531bc13a94 req-09da27b3-c571-4704-941d-ab531bc13a94 ] Request (VolumesAssistedSnapshotsTest:test_volume_assisted_snapshot_create_delete): 200 GET http://10.180.1.21/compute/v2.1/servers/62c09258-3ed8-4643-b02e-91dc1390c2af 4.491s
2025-12-08 18:54:06.852 65834 INFO tempest.lib.common.rest_client [req-b920314b-3e1f-453c-913b-c2168e08c54e req-b920314b-3e1f-453c-913b-c2168e08c54e ] Request (VolumesAdminNegativeTest:tearDownClass): 200 PUT http://10.180.1.21/networking/v2.0/routers/e8aa2f7f-b7a3-4cb6-b4f0-575bf77302cb/remove_router_interface 1.097s
2025-12-08 18:54:06.878 65802 INFO tempest.lib.common.rest_client [req-042977c5-42df-4c1c-b069-8cb907c0d443 req-042977c5-42df-4c1c-b069-8cb907c0d443 ] Request (ServersTestMultiNic:test_verify_multiple_nics_order): 200 GET http://10.180.1.21/compute/v2.1/servers/cfdb4ef4-cb23-4754-b6b0-1df5ab1ebc79 4.316s
2025-12-08 18:54:06.879 65857 INFO tempest.lib.common.rest_client [req-92d3af0f-d521-4827-ba3c-a51b51a5a4f4 req-92d3af0f-d521-4827-ba3c-a51b51a5a4f4 ] Request (QuotasTestJSON:tearDownClass): 204 DELETE http://10.180.1.21/networking/v2.0/security-groups/3218e119-cc50-4c74-a569-fb0630426d27 0.936s
2025-12-08 18:54:06.980 65857 INFO tempest.lib.common.rest_client [req-b5923474-d0aa-4965-b4c8-15722f0ee83c req-b5923474-d0aa-4965-b4c8-15722f0ee83c ] Request (QuotasTestJSON:tearDownClass): 204 DELETE http://10.180.1.21/identity/v3/projects/a12cb9f4e0484336ac4da6368e0d22c4 0.099s
2025-12-08 18:54:06.994 65829 INFO tempest.lib.common.rest_client [req-9a8b2cd1-e53f-4f82-9c22-ffe6cb1ee900 req-9a8b2cd1-e53f-4f82-9c22-ffe6cb1ee900 ] Request (ServerMetadataNegativeTestJSON:tearDownClass): 200 GET http://10.180.1.21/compute/v2.1/servers/35df3168-8a4c-4fcb-8428-184b277c1368 4.350s
2025-12-08 18:54:07.059 65804 INFO tempest.lib.common.rest_client [req-b87b71d4-d869-43d1-a45f-77c4fd4622ca req-b87b71d4-d869-43d1-a45f-77c4fd4622ca ] Request (FloatingIPsAssociationTestJSON:tearDownClass): 204 DELETE http://10.180.1.21/networking/v2.0/subnets/e4a970d6-9e84-4080-ac07-04d85055ccbb 0.395s
2025-12-08 18:54:07.081 65824 INFO tempest.lib.common.rest_client [req-39cec0e6-db6c-415d-ace5-4543e5e1ac95 req-39cec0e6-db6c-415d-ace5-4543e5e1ac95 ] Request (ImagesNegativeTestJSON:test_create_image_from_deleted_server): 200 GET http://10.180.1.21/compute/v2.1/servers/8043c20f-b7e0-4397-9507-4cdb8f97ddc0 4.275s
2025-12-08 18:54:07.088 65857 INFO tempest.lib.common.rest_client [req-aa32a17b-aba6-4569-8e6e-cec035154363 req-aa32a17b-aba6-4569-8e6e-cec035154363 ] Request (ComputeTenantNetworksTest:setUpClass): 201 POST http://10.180.1.21/identity/v3/auth/tokens 0.107s
2025-12-08 18:54:07.132 65857 INFO tempest.lib.common.rest_client [req-94390f3a-c06c-4e7f-8ea1-51696eace5e3 req-94390f3a-c06c-4e7f-8ea1-51696eace5e3 ] Request (ComputeTenantNetworksTest:setUpClass): 201 POST http://10.180.1.21/identity/v3/auth/tokens 0.037s
2025-12-08 18:54:07.159 65857 INFO tempest.lib.common.rest_client [req-fbb36324-e848-4064-b9ee-0b84bcfc8b5c req-fbb36324-e848-4064-b9ee-0b84bcfc8b5c ] Request (ComputeTenantNetworksTest:setUpClass): 200 GET http://10.180.1.21/identity/v3/domains?name=Default 0.026s
2025-12-08 18:54:07.188 65857 INFO tempest.lib.common.rest_client [req-f06c2c99-73d6-49ae-ae62-a10d6cc2848f req-f06c2c99-73d6-49ae-ae62-a10d6cc2848f ] Request (ComputeTenantNetworksTest:setUpClass): 201 POST http://10.180.1.21/identity/v3/projects 0.029s
2025-12-08 18:54:07.250 65857 INFO tempest.lib.common.rest_client [req-add43e9c-7c2f-4fbf-87fd-9251f8bbffd8 req-add43e9c-7c2f-4fbf-87fd-9251f8bbffd8 ] Request (ComputeTenantNetworksTest:setUpClass): 201 POST http://10.180.1.21/identity/v3/users 0.061s
2025-12-08 18:54:07.276 65857 INFO tempest.lib.common.rest_client [req-8841f55c-2c5c-4035-b599-2dce46f75ac9 req-8841f55c-2c5c-4035-b599-2dce46f75ac9 ] Request (ComputeTenantNetworksTest:setUpClass): 200 GET http://10.180.1.21/identity/v3/roles 0.025s
2025-12-08 18:54:07.312 65857 INFO tempest.lib.common.rest_client [req-d4792b70-29cd-48c3-b7ed-e86e4618f277 req-d4792b70-29cd-48c3-b7ed-e86e4618f277 ] Request (ComputeTenantNetworksTest:setUpClass): 204 PUT http://10.180.1.21/identity/v3/projects/0bd85f423a634bf6820e130bf6a6733e/users/334b47b0419246f0808fb1fe4530b090/roles/61bfb24fbf5640f3b82f4de2ee5c94b0 0.035s
2025-12-08 18:54:07.312 65857 INFO tempest.lib.common.dynamic_creds [-] Dynamic test user 334b47b0419246f0808fb1fe4530b090 is created with scope project and roles: ['member']
2025-12-08 18:54:07.312 65857 INFO tempest.lib.common.dynamic_creds [-] Acquired dynamic creds: credentials: Credentials: {'domain_id': 'default', 'domain_name': 'Default', 'username': 'tempest-ComputeTenantNetworksTest-200163976-project-member', 'project_domain_id': 'default', 'project_domain_name': 'Default', 'project_id': '0bd85f423a634bf6820e130bf6a6733e', 'project_name': 'tempest-ComputeTenantNetworksTest-200163976', 'tenant_id': '0bd85f423a634bf6820e130bf6a6733e', 'tenant_name': 'tempest-ComputeTenantNetworksTest-200163976', 'user_domain_id': 'default', 'user_domain_name': 'Default', 'user_id': '334b47b0419246f0808fb1fe4530b090', 'system': None}, Network: None, Subnet: None, Router: None
2025-12-08 18:54:07.350 65834 INFO tempest.lib.common.rest_client [req-ee59e16b-31f5-493c-8a02-41ac9c82c814 req-ee59e16b-31f5-493c-8a02-41ac9c82c814 ] Request (VolumesAdminNegativeTest:tearDownClass): 204 DELETE http://10.180.1.21/networking/v2.0/routers/e8aa2f7f-b7a3-4cb6-b4f0-575bf77302cb 0.498s
2025-12-08 18:54:07.375 65857 INFO tempest.lib.common.rest_client [req-8e7c0f9d-0b50-4447-9384-1184b50c513f req-8e7c0f9d-0b50-4447-9384-1184b50c513f ] Request (ComputeTenantNetworksTest:setUpClass): 201 POST http://10.180.1.21/identity/v3/auth/tokens 0.061s
2025-12-08 18:54:07.376 65826 INFO tempest.lib.common.rest_client [req-7e5ce6a3-a4c8-4b46-8873-319cc0fc7fb2 req-7e5ce6a3-a4c8-4b46-8873-319cc0fc7fb2 ] Request (ImagesTestJSON:test_create_server_from_snapshot): 200 GET http://10.180.1.21/compute/v2.1/servers/c4cb3598-7c57-491b-9365-57df7c835640 4.460s
2025-12-08 18:54:07.451 65804 INFO tempest.lib.common.rest_client [req-0f188778-0a2c-434e-963b-6bccc84cce2a req-0f188778-0a2c-434e-963b-6bccc84cce2a ] Request (FloatingIPsAssociationTestJSON:tearDownClass): 204 DELETE http://10.180.1.21/networking/v2.0/networks/bb846a05-efa0-4e37-8edb-fecf0bd00d49 0.391s
2025-12-08 18:54:07.535 65794 INFO tempest.lib.common.rest_client [req-7665edfb-7839-432c-8289-45cd8c0a86ac req-7665edfb-7839-432c-8289-45cd8c0a86ac ] Request (SecurityGroupRulesTestJSON:test_security_group_rules_list): 200 POST http://10.180.1.21/compute/v2.1/os-security-group-rules 4.709s
2025-12-08 18:54:07.568 65804 INFO tempest.lib.common.rest_client [req-edc33b78-0ad2-43a7-a53c-0338a9998c73 req-edc33b78-0ad2-43a7-a53c-0338a9998c73 ] Request (FloatingIPsAssociationTestJSON:tearDownClass): 204 DELETE http://10.180.1.21/identity/v3/users/92398434969947d99ccbd3927296632d 0.115s
2025-12-08 18:54:07.568 65804 INFO tempest.lib.common.dynamic_creds [-] Deleting project and security group for project: 4b60a135d7af46bb80ff6db7faca166f
2025-12-08 18:54:07.592 65834 INFO tempest.lib.common.rest_client [req-817d8227-ff78-40cd-a159-2d308fa569aa req-817d8227-ff78-40cd-a159-2d308fa569aa ] Request (VolumesAdminNegativeTest:tearDownClass): 204 DELETE http://10.180.1.21/networking/v2.0/subnets/d9e71d77-e624-4778-9b29-44e15d4e2d8e 0.242s
2025-12-08 18:54:07.642 65798 INFO tempest.lib.common.rest_client [req-219f28fe-3e9c-4a92-90cf-a8cf9afa4f47 req-219f28fe-3e9c-4a92-90cf-a8cf9afa4f47 ] Request (ServersAdminNegativeTestJSON:tearDownClass): 200 GET http://10.180.1.21/compute/v2.1/servers/c70804bf-3648-480c-9e3b-110ed3966a61 4.414s
2025-12-08 18:54:07.645 65838 WARNING tempest.lib.common.ssh [-] Failed to establish authenticated ssh connection to cirros@10.180.180.220 ([Errno None] Unable to connect to port 22 on 10.180.180.220). Number attempts: 2. Retry after 3 seconds.: paramiko.ssh_exception.NoValidConnectionsError: [Errno None] Unable to connect to port 22 on 10.180.180.220
2025-12-08 18:54:07.653 65804 INFO tempest.lib.common.rest_client [req-3a7bb7ee-1d86-4486-88ca-3c63e2881412 req-3a7bb7ee-1d86-4486-88ca-3c63e2881412 ] Request (FloatingIPsAssociationTestJSON:tearDownClass): 200 GET http://10.180.1.21/networking/v2.0/security-groups?tenant_id=4b60a135d7af46bb80ff6db7faca166f&name=default 0.084s
2025-12-08 18:54:07.733 65818 WARNING tempest.lib.common.ssh [-] Failed to establish authenticated ssh connection to cirros@10.180.180.211 ([Errno None] Unable to connect to port 22 on 10.180.180.211). Number attempts: 4. Retry after 5 seconds.: paramiko.ssh_exception.NoValidConnectionsError: [Errno None] Unable to connect to port 22 on 10.180.180.211
2025-12-08 18:54:07.933 65857 INFO tempest.lib.common.rest_client [req-78f78c37-f43e-4bde-a9eb-6378a64ecaa9 req-78f78c37-f43e-4bde-a9eb-6378a64ecaa9 ] Request (ComputeTenantNetworksTest:setUpClass): 201 POST http://10.180.1.21/networking/v2.0/networks 0.557s
2025-12-08 18:54:07.933 65857 INFO tempest.lib.common.dynamic_creds [-] Created isolated network resources for: credentials: Credentials: {'domain_id': 'default', 'domain_name': 'Default', 'username': 'tempest-ComputeTenantNetworksTest-200163976-project-member', 'project_domain_id': 'default', 'project_domain_name': 'Default', 'project_id': '0bd85f423a634bf6820e130bf6a6733e', 'project_name': 'tempest-ComputeTenantNetworksTest-200163976', 'tenant_id': '0bd85f423a634bf6820e130bf6a6733e', 'tenant_name': 'tempest-ComputeTenantNetworksTest-200163976', 'user_domain_id': 'default', 'user_domain_name': 'Default', 'user_id': '334b47b0419246f0808fb1fe4530b090', 'system': None}, Network: {'id': 'edad8dab-3867-4645-a30c-61635f8f35a7', 'name': 'tempest-ComputeTenantNetworksTest-1209327629-network', 'tenant_id': '0bd85f423a634bf6820e130bf6a6733e', 'project_id': '0bd85f423a634bf6820e130bf6a6733e', 'admin_state_up': True, 'mtu': 8950, 'status': 'ACTIVE', 'subnets': [], 'shared': False, 'port_security_enabled': True, 'router:external': False, 'provider:network_type': 'vlan', 'provider:physical_network': 'default', 'provider:segmentation_id': 73, 'availability_zone_hints': [], 'availability_zones': [], 'ipv4_address_scope': None, 'ipv6_address_scope': None, 'description': '', 'tags': [], 'created_at': '2025-12-08T18:54:07Z', 'updated_at': '2025-12-08T18:54:07Z', 'revision_number': 1}, Subnet: None, Router: None
2025-12-08 18:54:07.941 65834 INFO tempest.lib.common.rest_client [req-c15885c4-f787-4e90-8622-0f2a9e5e8da0 req-c15885c4-f787-4e90-8622-0f2a9e5e8da0 ] Request (VolumesAdminNegativeTest:tearDownClass): 204 DELETE http://10.180.1.21/networking/v2.0/networks/217a9c0d-a97b-4754-8a6f-a48d85785054 0.344s
2025-12-08 18:54:07.963 65842 INFO tempest.lib.common.rest_client [req-b4314513-e01b-4b96-ad0f-919c538c065f req-b4314513-e01b-4b96-ad0f-919c538c065f ] Request (ListServerFiltersTestJSON:setUpClass): 200 GET http://10.180.1.21/compute/v2.1/servers/bfecf3e2-ac9c-4996-baf1-21cf0151e463 4.446s
2025-12-08 18:54:08.035 65857 INFO tempest.lib.common.rest_client [req-6c195fb7-d5a9-4d7a-b99f-c0ac3a7311fb req-6c195fb7-d5a9-4d7a-b99f-c0ac3a7311fb ] Request (ComputeTenantNetworksTest:setUpClass): 201 POST http://10.180.1.21/identity/v3/auth/tokens 0.099s
2025-12-08 18:54:08.039 65834 INFO tempest.lib.common.rest_client [req-9535cec0-780e-40aa-a0e9-9fb1cae334cf req-9535cec0-780e-40aa-a0e9-9fb1cae334cf ] Request (VolumesAdminNegativeTest:tearDownClass): 204 DELETE http://10.180.1.21/identity/v3/users/b14e6a0d50204279b450ea27f568be92 0.098s
2025-12-08 18:54:08.060 65804 INFO tempest.lib.common.rest_client [req-381f7e59-6c2f-404e-a66c-408b547da2e9 req-381f7e59-6c2f-404e-a66c-408b547da2e9 ] Request (FloatingIPsAssociationTestJSON:tearDownClass): 204 DELETE http://10.180.1.21/networking/v2.0/security-groups/e2672516-a041-4771-8116-d6fad1cb8523 0.405s
2025-12-08 18:54:08.067 65822 INFO tempest.lib.common.rest_client [req-da73052b-92e2-479c-8972-5e63928cc7b0 req-da73052b-92e2-479c-8972-5e63928cc7b0 ] Request (SecurityGroupsTestJSON:test_server_security_groups): 400 DELETE http://10.180.1.21/compute/v2.1/os-security-groups/10cd27d7-6ccb-4e0c-8d91-604b994f5ac2 3.499s
2025-12-08 18:54:08.085 65830 INFO tempest.lib.common.rest_client [req-fe2f5c52-d511-4ec1-9521-a7b54568167c req-fe2f5c52-d511-4ec1-9521-a7b54568167c ] Request (KeyPairsV22TestJSON:test_keypairsv22_create_list_show): 200 GET http://10.180.1.21/compute/v2.1/os-keypairs/tempest-keypair-704930840 3.457s
2025-12-08 18:54:08.145 65836 INFO tempest.lib.common.rest_client [req-e88ab8ff-2873-4b6e-8092-80b8576f69c3 req-e88ab8ff-2873-4b6e-8092-80b8576f69c3 ] Request (AttachInterfacesUnderV243Test:test_add_remove_fixed_ip): 200 GET http://10.180.1.21/compute/v2.1/servers/67e775e3-4488-43eb-9276-742d2fbdcce2/ips 3.482s
2025-12-08 18:54:08.178 65834 INFO tempest.lib.common.rest_client [req-ef5f916e-9b0d-498e-9b5b-c3d710d35508 req-ef5f916e-9b0d-498e-9b5b-c3d710d35508 ] Request (VolumesAdminNegativeTest:tearDownClass): 204 DELETE http://10.180.1.21/identity/v3/users/344eb6cec4a44b2094a03990bd719403 0.138s
2025-12-08 18:54:08.222 65848 INFO tempest.lib.common.rest_client [req-1a1e4df0-eb00-45b2-98b1-cd15d83f92e2 req-1a1e4df0-eb00-45b2-98b1-cd15d83f92e2 ] Request (FloatingIPsAssociationNegativeTestJSON:tearDownClass): 200 GET http://10.180.1.21/compute/v2.1/servers/caa9ce6a-2d76-4481-abe3-ef1145bbaa62 2.525s
2025-12-08 18:54:08.231 65848 INFO tempest.common.waiters [-] State transition "ACTIVE/deleting" ==> "DELETED/None" after 4 second wait
2025-12-08 18:54:08.249 65857 INFO tempest.lib.common.rest_client [req-4ba34a45-936a-4808-9482-6ce681db557a req-4ba34a45-936a-4808-9482-6ce681db557a ] Request (ComputeTenantNetworksTest:setUpClass): 201 POST http://10.180.1.21/identity/v3/auth/tokens 0.209s
