2025-12-08 18:55:11.396 65850 INFO tempest.lib.common.rest_client [req-02a72b66-a2f7-4766-8bf5-2acdffe1f4b5 req-02a72b66-a2f7-4766-8bf5-2acdffe1f4b5 ] Request (ImagesOneServerNegativeTestJSON:setUp): 200 GET http://10.180.1.21/compute/v2.1/servers/62d74885-a429-4ea7-959e-7b99bf230b17 0.333s
2025-12-08 18:55:11.454 65808 INFO tempest.lib.common.rest_client [req-95d28a4c-d269-405a-9f07-58b5473500bc req-95d28a4c-d269-405a-9f07-58b5473500bc ] Request (AttachInterfacesTestJSON:_run_cleanups): 200 GET http://10.180.1.21/compute/v2.1/servers/b8b4b6f5-8d9c-414d-a260-46c9b76655ab 0.315s
2025-12-08 18:55:11.466 65836 INFO tempest.lib.common.rest_client [req-3041c1a7-671e-471f-a279-f2f6a292010b req-3041c1a7-671e-471f-a279-f2f6a292010b ] Request (DeleteServersTestJSON:test_delete_active_server): 200 GET http://10.180.1.21/compute/v2.1/servers/842760ca-95bc-4d58-add8-fe8bd75d28d4 0.224s
2025-12-08 18:55:11.507 65826 INFO tempest.lib.common.rest_client [req-dbbb8cdb-4d64-46da-8c6d-aea223264639 req-dbbb8cdb-4d64-46da-8c6d-aea223264639 ] Request (ImagesTestJSON:test_create_server_from_snapshot): 200 GET http://10.180.1.21/compute/v2.1/servers/5be7f18d-3daa-4a93-a4b7-6be5c725ee76 0.213s
2025-12-08 18:55:11.514 65850 INFO tempest.lib.common.rest_client [req-05f26908-28c6-4897-b5f5-39d8fabcb8ed req-05f26908-28c6-4897-b5f5-39d8fabcb8ed ] Request (ImagesOneServerNegativeTestJSON:test_create_image_specify_name_over_character_limit): 400 POST http://10.180.1.21/compute/v2.1/servers/62d74885-a429-4ea7-959e-7b99bf230b17/action 0.109s
2025-12-08 18:55:11.524 65822 INFO tempest.lib.common.rest_client [req-50e8026c-719f-4b81-b08a-69f1980fde23 req-50e8026c-719f-4b81-b08a-69f1980fde23 ] Request (SecurityGroupsTestJSON:tearDownClass): 200 GET http://10.180.1.21/compute/v2.1/servers/2eb9a091-9b09-48cb-b8e0-ca33cd81fcb2 0.176s
2025-12-08 18:55:11.636 65850 INFO tempest.lib.common.rest_client [req-cde60446-75a1-4915-9810-5ed9e1e7ae24 req-cde60446-75a1-4915-9810-5ed9e1e7ae24 ] Request (ImagesOneServerNegativeTestJSON:tearDown): 200 GET http://10.180.1.21/compute/v2.1/servers/62d74885-a429-4ea7-959e-7b99bf230b17 0.121s
2025-12-08 18:55:11.656 65798 INFO tempest.lib.common.rest_client [req-44039659-8757-435a-989d-f9760a1b1693 req-44039659-8757-435a-989d-f9760a1b1693 ] Request (ServersAdminNegativeTestJSON:tearDownClass): 200 GET http://10.180.1.21/compute/v2.1/servers/7522e9c0-08ea-450c-9c75-3dfc60df3963 0.102s
2025-12-08 18:55:11.700 65794 INFO tempest.lib.common.rest_client [req-49801069-fb9d-4a21-a82b-f4cd8cbe6af4 req-49801069-fb9d-4a21-a82b-f4cd8cbe6af4 ] Request (ServersNegativeTestMultiTenantJSON:setUpClass): 200 GET http://10.180.1.21/compute/v2.1/servers/662d32d7-1d66-43cd-a4cc-61e56e45c86e 0.075s
2025-12-08 18:55:11.755 65830 INFO tempest.lib.common.rest_client [req-aa212ba9-9f1e-47f1-9896-5890a452a08b req-aa212ba9-9f1e-47f1-9896-5890a452a08b ] Request (ServersListShow2100Test:test_list_show_rebuild_update_server_2100): 200 GET http://10.180.1.21/compute/v2.1/servers/a10947ef-e4ef-4105-8a4f-ede6b83eb9b4 0.129s
2025-12-08 18:55:11.771 65830 INFO tempest.common.waiters [-] State transition "BUILD/None" ==> "BUILD/networking" after 51 second wait
2025-12-08 18:55:11.831 65850 INFO tempest.lib.common.rest_client [req-336eecf0-7de3-4043-ba49-ef94819fff31 req-336eecf0-7de3-4043-ba49-ef94819fff31 ] Request (ImagesOneServerNegativeTestJSON:setUp): 200 GET http://10.180.1.21/compute/v2.1/servers/62d74885-a429-4ea7-959e-7b99bf230b17 0.186s
2025-12-08 18:55:11.849 65802 INFO tempest.lib.common.rest_client [req-896c79b9-03d6-4b0a-af48-eb107b34e710 req-896c79b9-03d6-4b0a-af48-eb107b34e710 ] Request (ServersTestMultiNic:_run_cleanups): 200 GET http://10.180.1.21/compute/v2.1/servers/cfdb4ef4-cb23-4754-b6b0-1df5ab1ebc79 0.132s
2025-12-08 18:55:11.905 65824 INFO tempest.lib.common.rest_client [req-9786efc0-39ed-4f39-8cf4-db7a24d8a871 req-9786efc0-39ed-4f39-8cf4-db7a24d8a871 ] Request (ImagesOneServerTestJSON:setUpClass): 200 GET http://10.180.1.21/compute/v2.1/servers/19069c57-de7a-48c0-bc14-290b18adc5d7 0.129s
2025-12-08 18:55:11.921 65818 WARNING tempest.lib.common.ssh [-] Failed to establish authenticated ssh connection to cirros@10.180.180.211 ([Errno None] Unable to connect to port 22 on 10.180.180.211). Number attempts: 5. Retry after 6 seconds.: paramiko.ssh_exception.NoValidConnectionsError: [Errno None] Unable to connect to port 22 on 10.180.180.211
2025-12-08 18:55:11.982 65820 INFO tempest.lib.common.rest_client [req-52a97d0f-d471-4d10-a68a-f7f4c64c41e1 req-52a97d0f-d471-4d10-a68a-f7f4c64c41e1 ] Request (ServerGroupTestJSON:tearDownClass): 200 PUT http://10.180.1.21/networking/v2.0/routers/c98703ba-6374-440e-a28a-ab9813bdf49d/remove_router_interface 0.896s
2025-12-08 18:55:12.024 65804 INFO tempest.lib.common.rest_client [req-e765c690-cdce-4dcb-8acf-72a285a289ef req-e765c690-cdce-4dcb-8acf-72a285a289ef ] Request (MultipleCreateTestJSON:test_multiple_create): 200 GET http://10.180.1.21/compute/v2.1/servers/12e300af-19c4-4d1f-a516-e5a899ed1332 0.247s
2025-12-08 18:55:12.254 65810 INFO tempest.lib.common.rest_client [req-ba20e421-75e5-4414-b7c4-ab72f079cf33 req-ba20e421-75e5-4414-b7c4-ab72f079cf33 ] Request (ServersTestManualDisk:setUpClass): 200 GET http://10.180.1.21/compute/v2.1/servers/afecb7a4-c675-472a-94cd-81aecf4a3f68 0.319s
2025-12-08 18:55:12.419 65820 INFO tempest.lib.common.rest_client [req-f0fc8c45-6f00-488a-9d06-55ad16fcd396 req-f0fc8c45-6f00-488a-9d06-55ad16fcd396 ] Request (ServerGroupTestJSON:tearDownClass): 204 DELETE http://10.180.1.21/networking/v2.0/routers/c98703ba-6374-440e-a28a-ab9813bdf49d 0.434s
2025-12-08 18:55:12.474 65816 INFO tempest.lib.common.rest_client [req-e4c9a8e0-162e-4c98-a922-d564e21bc460 req-e4c9a8e0-162e-4c98-a922-d564e21bc460 ] Request (ServersAdminTestJSON:_run_cleanups): 200 GET http://10.180.1.21/compute/v2.1/servers/1d465555-c64f-47ab-b68b-5f2d4e35777a 0.509s
2025-12-08 18:55:12.487 65816 INFO tempest.common.waiters [-] State transition "REBUILD/rebuild_spawning" ==> "ACTIVE/None" after 13 second wait
2025-12-08 18:55:12.502 65850 INFO tempest.lib.common.rest_client [req-478fb6a9-6fe6-4707-a333-fb184a26c183 req-478fb6a9-6fe6-4707-a333-fb184a26c183 ] Request (ImagesOneServerNegativeTestJSON:test_create_second_image_when_first_image_is_being_saved): 202 POST http://10.180.1.21/compute/v2.1/servers/62d74885-a429-4ea7-959e-7b99bf230b17/action 0.650s
2025-12-08 18:55:12.614 65812 INFO tempest.lib.common.rest_client [req-c55bb0ed-2b6c-489b-bf51-3c81e03c981b req-c55bb0ed-2b6c-489b-bf51-3c81e03c981b ] Request (ListImageFiltersTestJSON:tearDownClass): 200 GET http://10.180.1.21/compute/v2.1/servers/3d92f012-0a9b-48ee-81d9-a6582cf94d75 0.578s
2025-12-08 18:55:12.642 65820 INFO tempest.lib.common.rest_client [req-67a56b4b-7577-4f06-b4c6-b86b9b5bb363 req-67a56b4b-7577-4f06-b4c6-b86b9b5bb363 ] Request (ServerGroupTestJSON:tearDownClass): 204 DELETE http://10.180.1.21/networking/v2.0/subnets/6265c969-4e62-4830-8c78-0acb1a9b0291 0.223s
2025-12-08 18:55:12.680 65832 INFO tempest.lib.common.rest_client [req-ca98da77-f81b-4797-870f-f8e616452f38 req-ca98da77-f81b-4797-870f-f8e616452f38 ] Request (MigrationsAdminTest:test_resize_server_revert_deleted_flavor): 200 GET http://10.180.1.21/compute/v2.1/servers/1ce9da0b-46d2-423e-bb0b-9e0ab7aea7fc 0.401s
2025-12-08 18:55:12.739 65842 INFO tempest.lib.common.rest_client [req-c70cd372-2e86-4e3a-9e14-b39f7ec2d57a req-c70cd372-2e86-4e3a-9e14-b39f7ec2d57a ] Request (ListServerFiltersTestJSON:test_list_servers_filter_by_shutoff_status): 200 GET http://10.180.1.21/compute/v2.1/servers/48bb10f0-f712-40fb-9271-cb1a75cf7678 0.427s
2025-12-08 18:55:12.760 65840 INFO tempest.lib.common.rest_client [req-e3b22814-ba59-4e68-bf5f-cf98f0c662b7 req-e3b22814-ba59-4e68-bf5f-cf98f0c662b7 ] Request (AttachVolumeShelveTestJSON:test_attach_volume_shelved_or_offload_server): 200 GET http://10.180.1.21/compute/v2.1/servers/ad0e7dd5-1cd6-4103-b70d-63fb830a64ba 0.374s
2025-12-08 18:55:12.830 65808 INFO tempest.lib.common.rest_client [req-0332be60-9eed-4443-a54a-5b2b85ccc441 req-0332be60-9eed-4443-a54a-5b2b85ccc441 ] Request (AttachInterfacesTestJSON:_run_cleanups): 200 GET http://10.180.1.21/compute/v2.1/servers/b8b4b6f5-8d9c-414d-a260-46c9b76655ab 0.367s
2025-12-08 18:55:12.845 65836 INFO tempest.lib.common.rest_client [req-d2479fc2-47bb-42fe-a5dc-e41358faf36b req-d2479fc2-47bb-42fe-a5dc-e41358faf36b ] Request (DeleteServersTestJSON:test_delete_active_server): 200 GET http://10.180.1.21/compute/v2.1/servers/842760ca-95bc-4d58-add8-fe8bd75d28d4 0.370s
2025-12-08 18:55:12.905 65850 INFO tempest.lib.common.rest_client [req-574550c1-28b9-4660-a1d1-62ae94427305 req-574550c1-28b9-4660-a1d1-62ae94427305 ] Request (ImagesOneServerNegativeTestJSON:test_create_second_image_when_first_image_is_being_saved): 409 POST http://10.180.1.21/compute/v2.1/servers/62d74885-a429-4ea7-959e-7b99bf230b17/action 0.401s
2025-12-08 18:55:12.925 65796 WARNING tempest.lib.common.ssh [-] Failed to establish authenticated ssh connection to cirros@10.180.180.238 ([Errno None] Unable to connect to port 22 on 10.180.180.238). Number attempts: 5. Retry after 6 seconds.: paramiko.ssh_exception.NoValidConnectionsError: [Errno None] Unable to connect to port 22 on 10.180.180.238
2025-12-08 18:55:12.932 65816 INFO tempest.lib.common.rest_client [req-98dc7567-989d-4a05-bdd6-2b9e63e6e8ca req-98dc7567-989d-4a05-bdd6-2b9e63e6e8ca ] Request (ServersAdminTestJSON:test_reset_state_server): 202 POST http://10.180.1.21/compute/v2.1/servers/1d465555-c64f-47ab-b68b-5f2d4e35777a/action 0.442s
2025-12-08 18:55:12.984 65826 INFO tempest.lib.common.rest_client [req-d217d8c4-ed65-4342-bd97-b037ca6d8730 req-d217d8c4-ed65-4342-bd97-b037ca6d8730 ] Request (ImagesTestJSON:test_create_server_from_snapshot): 200 GET http://10.180.1.21/compute/v2.1/servers/5be7f18d-3daa-4a93-a4b7-6be5c725ee76 0.464s
2025-12-08 18:55:12.985 65838 INFO paramiko.transport [-] Connected (version 2.0, client dropbear_2020.81)
2025-12-08 18:55:13.015 65820 INFO tempest.lib.common.rest_client [req-8cb04b97-3e1c-4394-b24a-60d4b7b91e60 req-8cb04b97-3e1c-4394-b24a-60d4b7b91e60 ] Request (ServerGroupTestJSON:tearDownClass): 204 DELETE http://10.180.1.21/networking/v2.0/networks/71067084-a3ae-48db-a205-cb64c5f56d32 0.372s
2025-12-08 18:55:13.029 65822 INFO tempest.lib.common.rest_client [req-d24c4460-e40c-42f4-98df-6363b995a468 req-d24c4460-e40c-42f4-98df-6363b995a468 ] Request (SecurityGroupsTestJSON:tearDownClass): 200 GET http://10.180.1.21/compute/v2.1/servers/2eb9a091-9b09-48cb-b8e0-ca33cd81fcb2 0.496s
2025-12-08 18:55:13.067 65798 INFO tempest.lib.common.rest_client [req-4f02fc46-6728-4ea9-9208-dd952fcf2ab2 req-4f02fc46-6728-4ea9-9208-dd952fcf2ab2 ] Request (ServersAdminNegativeTestJSON:tearDownClass): 200 GET http://10.180.1.21/compute/v2.1/servers/7522e9c0-08ea-450c-9c75-3dfc60df3963 0.401s
2025-12-08 18:55:13.092 65794 INFO tempest.lib.common.rest_client [req-2a6e90d9-2733-49f0-9f1c-384a317dc7cc req-2a6e90d9-2733-49f0-9f1c-384a317dc7cc ] Request (ServersNegativeTestMultiTenantJSON:setUpClass): 200 GET http://10.180.1.21/compute/v2.1/servers/662d32d7-1d66-43cd-a4cc-61e56e45c86e 0.384s
2025-12-08 18:55:13.097 65838 INFO paramiko.transport [-] Authentication (publickey) successful!
2025-12-08 18:55:13.097 65838 INFO tempest.lib.common.ssh [-] ssh connection to cirros@10.180.180.220 successfully created
2025-12-08 18:55:13.143 65820 INFO tempest.lib.common.rest_client [req-5fe0fc17-160d-43d5-8c4e-b370c17b2e53 req-5fe0fc17-160d-43d5-8c4e-b370c17b2e53 ] Request (ServerGroupTestJSON:tearDownClass): 204 DELETE http://10.180.1.21/identity/v3/users/66bc5edc4caf49dc9b166826c1fdcd49 0.128s
2025-12-08 18:55:13.143 65820 INFO tempest.lib.common.dynamic_creds [-] Deleting project and security group for project: 64c95b1a114c4075af0911471e64286e
2025-12-08 18:55:13.155 65830 INFO tempest.lib.common.rest_client [req-c2e69854-5237-4881-8858-4b151c0ffdd0 req-c2e69854-5237-4881-8858-4b151c0ffdd0 ] Request (ServersListShow2100Test:test_list_show_rebuild_update_server_2100): 200 GET http://10.180.1.21/compute/v2.1/servers/a10947ef-e4ef-4105-8a4f-ede6b83eb9b4 0.383s
2025-12-08 18:55:13.167 65830 INFO tempest.common.waiters [-] State transition "BUILD/networking" ==> "BUILD/spawning" after 53 second wait
2025-12-08 18:55:13.179 65820 INFO tempest.lib.common.rest_client [req-d3a5eb76-8f1c-4890-b583-175a22eb8202 req-d3a5eb76-8f1c-4890-b583-175a22eb8202 ] Request (ServerGroupTestJSON:tearDownClass): 200 GET http://10.180.1.21/networking/v2.0/security-groups?tenant_id=64c95b1a114c4075af0911471e64286e&name=default 0.035s
2025-12-08 18:55:13.190 65802 INFO tempest.lib.common.rest_client [req-5b81e8de-aa60-4b16-b796-cea96dbd2694 req-5b81e8de-aa60-4b16-b796-cea96dbd2694 ] Request (ServersTestMultiNic:_run_cleanups): 200 GET http://10.180.1.21/compute/v2.1/servers/cfdb4ef4-cb23-4754-b6b0-1df5ab1ebc79 0.329s
2025-12-08 18:55:13.241 65850 INFO tempest.lib.common.rest_client [req-20b10a84-c1de-4172-8596-dd2e6e60ddbc req-20b10a84-c1de-4172-8596-dd2e6e60ddbc ] Request (ImagesOneServerNegativeTestJSON:test_create_second_image_when_first_image_is_being_saved): 204 DELETE http://10.180.1.21/compute/v2.1/images/aa7aaa98-6391-45ca-aa0f-d500ed41059c 0.334s
2025-12-08 18:55:13.242 65824 INFO tempest.lib.common.rest_client [req-8c49f58a-38fa-4289-8d14-a63f212ddd6d req-8c49f58a-38fa-4289-8d14-a63f212ddd6d ] Request (ImagesOneServerTestJSON:setUpClass): 200 GET http://10.180.1.21/compute/v2.1/servers/19069c57-de7a-48c0-bc14-290b18adc5d7 0.327s
2025-12-08 18:55:13.249 65824 INFO tempest.common.waiters [-] State transition "BUILD/scheduling" ==> "BUILD/None" after 3 second wait
2025-12-08 18:55:13.283 65820 INFO tempest.lib.common.rest_client [req-414b2eab-fe93-4758-ba3d-570d6506d2dc req-414b2eab-fe93-4758-ba3d-570d6506d2dc ] Request (ServerGroupTestJSON:tearDownClass): 204 DELETE http://10.180.1.21/networking/v2.0/security-groups/e62a391c-4ac1-45fd-aaeb-6855060ddefd 0.103s
2025-12-08 18:55:13.339 65804 INFO tempest.lib.common.rest_client [req-c347a58d-1757-4522-914c-cfd3c15d5256 req-c347a58d-1757-4522-914c-cfd3c15d5256 ] Request (MultipleCreateTestJSON:test_multiple_create): 200 GET http://10.180.1.21/compute/v2.1/servers/12e300af-19c4-4d1f-a516-e5a899ed1332 0.307s
2025-12-08 18:55:13.347 65816 INFO tempest.lib.common.rest_client [req-3594ac71-06e6-4a00-b281-921cf299a88b req-3594ac71-06e6-4a00-b281-921cf299a88b ] Request (ServersAdminTestJSON:test_reset_state_server): 200 GET http://10.180.1.21/compute/v2.1/servers/1d465555-c64f-47ab-b68b-5f2d4e35777a 0.415s
2025-12-08 18:55:13.393 65820 INFO tempest.lib.common.rest_client [req-a2dd0604-5f9d-42c2-8c40-5c9b1b7e6dbb req-a2dd0604-5f9d-42c2-8c40-5c9b1b7e6dbb ] Request (ServerGroupTestJSON:tearDownClass): 204 DELETE http://10.180.1.21/identity/v3/projects/64c95b1a114c4075af0911471e64286e 0.110s
2025-12-08 18:55:13.415 65838 INFO tempest.lib.common.rest_client [req-04caa789-4a69-41c2-8c23-da34354b841a req-04caa789-4a69-41c2-8c23-da34354b841a ] Request (ServersTestJSON:test_list_servers): 200 GET http://10.180.1.21/compute/v2.1/servers 0.308s
2025-12-08 18:55:13.466 65820 INFO tempest.lib.common.rest_client [req-5186d518-36ed-43f9-b184-6de8caafa265 req-5186d518-36ed-43f9-b184-6de8caafa265 ] Request (ServerMetadataTestJSON:setUpClass): 201 POST http://10.180.1.21/identity/v3/auth/tokens 0.071s
2025-12-08 18:55:13.479 65850 INFO tempest.lib.common.rest_client [req-220f4ee1-fbbd-4512-b076-09cbd1478109 req-220f4ee1-fbbd-4512-b076-09cbd1478109 ] Request (ImagesOneServerNegativeTestJSON:tearDown): 200 GET http://10.180.1.21/compute/v2.1/servers/62d74885-a429-4ea7-959e-7b99bf230b17 0.237s
2025-12-08 18:55:13.496 65820 INFO tempest.lib.common.rest_client [req-2433e7fd-ed12-40f5-a11f-a0b7107723fa req-2433e7fd-ed12-40f5-a11f-a0b7107723fa ] Request (ServerMetadataTestJSON:setUpClass): 201 POST http://10.180.1.21/identity/v3/auth/tokens 0.027s
2025-12-08 18:55:13.522 65820 INFO tempest.lib.common.rest_client [req-be7d80ca-c52d-4e87-8489-28201be30980 req-be7d80ca-c52d-4e87-8489-28201be30980 ] Request (ServerMetadataTestJSON:setUpClass): 200 GET http://10.180.1.21/identity/v3/domains?name=Default 0.026s
2025-12-08 18:55:13.541 65816 INFO tempest.lib.common.rest_client [req-95cede55-0e9f-4470-b884-4229cb809656 req-95cede55-0e9f-4470-b884-4229cb809656 ] Request (ServersAdminTestJSON:test_reset_state_server): 202 POST http://10.180.1.21/compute/v2.1/servers/1d465555-c64f-47ab-b68b-5f2d4e35777a/action 0.185s
2025-12-08 18:55:13.568 65820 INFO tempest.lib.common.rest_client [req-8d1a7150-42cf-4b91-8c8b-148dbdf2abc7 req-8d1a7150-42cf-4b91-8c8b-148dbdf2abc7 ] Request (ServerMetadataTestJSON:setUpClass): 201 POST http://10.180.1.21/identity/v3/projects 0.046s
2025-12-08 18:55:13.577 65810 INFO tempest.lib.common.rest_client [req-02c7096d-ccbf-4ec0-a40a-42120c7c6d5e req-02c7096d-ccbf-4ec0-a40a-42120c7c6d5e ] Request (ServersTestManualDisk:setUpClass): 200 GET http://10.180.1.21/compute/v2.1/servers/afecb7a4-c675-472a-94cd-81aecf4a3f68 0.308s
2025-12-08 18:55:13.652 65820 INFO tempest.lib.common.rest_client [req-22a247a5-2800-41ec-beba-d34f96769061 req-22a247a5-2800-41ec-beba-d34f96769061 ] Request (ServerMetadataTestJSON:setUpClass): 201 POST http://10.180.1.21/identity/v3/users 0.083s
2025-12-08 18:55:13.679 65820 INFO tempest.lib.common.rest_client [req-e75d0113-e154-47ea-aaae-bb40e7beec43 req-e75d0113-e154-47ea-aaae-bb40e7beec43 ] Request (ServerMetadataTestJSON:setUpClass): 200 GET http://10.180.1.21/identity/v3/roles 0.026s
2025-12-08 18:55:13.696 65816 INFO tempest.lib.common.rest_client [req-a4ba95e8-c2d2-42fe-bd00-71be2e3645f9 req-a4ba95e8-c2d2-42fe-bd00-71be2e3645f9 ] Request (ServersAdminTestJSON:test_reset_state_server): 200 GET http://10.180.1.21/compute/v2.1/servers/1d465555-c64f-47ab-b68b-5f2d4e35777a 0.155s
2025-12-08 18:55:13.708 65820 INFO tempest.lib.common.rest_client [req-2af9aaea-c6f7-4724-8f8b-c68b1a625f47 req-2af9aaea-c6f7-4724-8f8b-c68b1a625f47 ] Request (ServerMetadataTestJSON:setUpClass): 204 PUT http://10.180.1.21/identity/v3/projects/d08341f69bdb46e394c19353a575a3f3/users/27add8e2a5074948a84700c3baaefe21/roles/61bfb24fbf5640f3b82f4de2ee5c94b0 0.028s
2025-12-08 18:55:13.708 65820 INFO tempest.lib.common.dynamic_creds [-] Dynamic test user 27add8e2a5074948a84700c3baaefe21 is created with scope project and roles: ['member']
2025-12-08 18:55:13.708 65820 INFO tempest.lib.common.dynamic_creds [-] Acquired dynamic creds: credentials: Credentials: {'domain_id': 'default', 'domain_name': 'Default', 'username': 'tempest-ServerMetadataTestJSON-1708909617-project-member', 'project_domain_id': 'default', 'project_domain_name': 'Default', 'project_id': 'd08341f69bdb46e394c19353a575a3f3', 'project_name': 'tempest-ServerMetadataTestJSON-1708909617', 'tenant_id': 'd08341f69bdb46e394c19353a575a3f3', 'tenant_name': 'tempest-ServerMetadataTestJSON-1708909617', 'user_domain_id': 'default', 'user_domain_name': 'Default', 'user_id': '27add8e2a5074948a84700c3baaefe21', 'system': None}, Network: None, Subnet: None, Router: None
2025-12-08 18:55:13.728 65838 INFO tempest.lib.common.rest_client [req-6c484f90-71d4-4caa-9014-8b2cd2e2658f req-6c484f90-71d4-4caa-9014-8b2cd2e2658f ] Request (ServersTestJSON:test_list_servers_with_detail): 200 GET http://10.180.1.21/compute/v2.1/servers/detail 0.309s
2025-12-08 18:55:13.756 65812 INFO tempest.lib.common.rest_client [req-fdca470d-cd62-4838-b39d-19c1bd22cac9 req-fdca470d-cd62-4838-b39d-19c1bd22cac9 ] Request (ListImageFiltersTestJSON:tearDownClass): 200 GET http://10.180.1.21/compute/v2.1/servers/3d92f012-0a9b-48ee-81d9-a6582cf94d75 0.133s
2025-12-08 18:55:13.773 65820 INFO tempest.lib.common.rest_client [req-36571970-1dee-4dd1-8261-4738bf1d989b req-36571970-1dee-4dd1-8261-4738bf1d989b ] Request (ServerMetadataTestJSON:setUpClass): 201 POST http://10.180.1.21/identity/v3/auth/tokens 0.064s
2025-12-08 18:55:13.848 65832 INFO tempest.lib.common.rest_client [req-3125c987-614d-4977-b91c-ceed963ec4c7 req-3125c987-614d-4977-b91c-ceed963ec4c7 ] Request (MigrationsAdminTest:test_resize_server_revert_deleted_flavor): 200 GET http://10.180.1.21/compute/v2.1/servers/1ce9da0b-46d2-423e-bb0b-9e0ab7aea7fc 0.155s
2025-12-08 18:55:13.853 65816 INFO tempest.lib.common.rest_client [req-f42c4888-3d32-4835-8213-7495df567a14 req-f42c4888-3d32-4835-8213-7495df567a14 ] Request (ServersAdminTestJSON:tearDownClass): 204 DELETE http://10.180.1.21/compute/v2.1/servers/e5070082-0590-4abb-a97b-4b19d5dc303f 0.147s
2025-12-08 18:55:13.870 65838 INFO tempest.lib.common.rest_client [req-e25cf144-0e4c-4fe9-bc89-4d6262bceefd req-e25cf144-0e4c-4fe9-bc89-4d6262bceefd ] Request (ServersTestJSON:test_verify_created_server_vcpus): 200 GET http://10.180.1.21/compute/v2.1/flavors/42 0.133s
2025-12-08 18:55:13.874 65838 INFO tempest.lib.common.ssh [-] Creating ssh connection to '10.180.180.220:22' as 'cirros' with public key authentication
2025-12-08 18:55:13.877 65838 INFO paramiko.transport [-] Connected (version 2.0, client dropbear_2020.81)
2025-12-08 18:55:13.935 65840 INFO tempest.lib.common.rest_client [req-7e17c966-3136-445f-9456-bb0693a623a8 req-7e17c966-3136-445f-9456-bb0693a623a8 ] Request (AttachVolumeShelveTestJSON:test_attach_volume_shelved_or_offload_server): 200 GET http://10.180.1.21/compute/v2.1/servers/ad0e7dd5-1cd6-4103-b70d-63fb830a64ba 0.159s
2025-12-08 18:55:13.977 65838 INFO paramiko.transport [-] Authentication (publickey) successful!
2025-12-08 18:55:13.978 65838 INFO tempest.lib.common.ssh [-] ssh connection to cirros@10.180.180.220 successfully created
2025-12-08 18:55:14.021 65808 INFO tempest.lib.common.rest_client [req-79381803-b0c0-4e8d-a6af-79787b70c6eb req-79381803-b0c0-4e8d-a6af-79787b70c6eb ] Request (AttachInterfacesTestJSON:_run_cleanups): 200 GET http://10.180.1.21/compute/v2.1/servers/b8b4b6f5-8d9c-414d-a260-46c9b76655ab 0.180s
2025-12-08 18:55:14.059 65842 INFO tempest.lib.common.rest_client [req-6f8db6f8-594a-4da3-a7cd-5240f914683a req-6f8db6f8-594a-4da3-a7cd-5240f914683a ] Request (ListServerFiltersTestJSON:test_list_servers_filter_by_shutoff_status): 200 GET http://10.180.1.21/compute/v2.1/servers/48bb10f0-f712-40fb-9271-cb1a75cf7678 0.307s
2025-12-08 18:55:14.110 65820 INFO tempest.lib.common.rest_client [req-6e2ba96f-186d-453f-9c1c-e364d9eed24d req-6e2ba96f-186d-453f-9c1c-e364d9eed24d ] Request (ServerMetadataTestJSON:setUpClass): 201 POST http://10.180.1.21/networking/v2.0/networks 0.337s
2025-12-08 18:55:14.135 65836 INFO tempest.lib.common.rest_client [req-83c1f2e4-9b61-4f46-932e-cb0359b40be8 req-83c1f2e4-9b61-4f46-932e-cb0359b40be8 ] Request (DeleteServersTestJSON:test_delete_active_server): 200 GET http://10.180.1.21/compute/v2.1/servers/842760ca-95bc-4d58-add8-fe8bd75d28d4 0.279s
2025-12-08 18:55:14.198 65816 INFO tempest.lib.common.rest_client [req-4da5f9fd-2279-4a85-979e-413f745a2fa0 req-4da5f9fd-2279-4a85-979e-413f745a2fa0 ] Request (ServersAdminTestJSON:tearDownClass): 200 GET http://10.180.1.21/compute/v2.1/servers/e5070082-0590-4abb-a97b-4b19d5dc303f 0.345s
2025-12-08 18:55:14.214 65838 INFO tempest.lib.common.rest_client [req-07f91e75-f127-4c86-9f0d-faf5984d53c5 req-07f91e75-f127-4c86-9f0d-faf5984d53c5 ] Request (ServersTestJSON:tearDownClass): 204 DELETE http://10.180.1.21/compute/v2.1/servers/9d93eab5-b7c3-40b9-9cfd-329c422eaf4d 0.230s
2025-12-08 18:55:14.251 65826 INFO tempest.lib.common.rest_client [req-6ed7f2fb-0be0-42a6-95ef-a309394b2713 req-6ed7f2fb-0be0-42a6-95ef-a309394b2713 ] Request (ImagesTestJSON:test_create_server_from_snapshot): 200 GET http://10.180.1.21/compute/v2.1/servers/5be7f18d-3daa-4a93-a4b7-6be5c725ee76 0.254s
2025-12-08 18:55:14.278 65798 INFO tempest.lib.common.rest_client [req-aea65128-9023-44a5-b188-44430e0c5bce req-aea65128-9023-44a5-b188-44430e0c5bce ] Request (ServersAdminNegativeTestJSON:tearDownClass): 404 GET http://10.180.1.21/compute/v2.1/servers/7522e9c0-08ea-450c-9c75-3dfc60df3963 0.202s
2025-12-08 18:55:14.283 65822 INFO tempest.lib.common.rest_client [req-c11586e2-f55f-41b8-99e0-e96b5d42a402 req-c11586e2-f55f-41b8-99e0-e96b5d42a402 ] Request (SecurityGroupsTestJSON:tearDownClass): 200 GET http://10.180.1.21/compute/v2.1/servers/2eb9a091-9b09-48cb-b8e0-ca33cd81fcb2 0.240s
2025-12-08 18:55:14.293 65820 INFO tempest.lib.common.rest_client [req-426765ef-9631-4a39-872e-25a40c407b66 req-426765ef-9631-4a39-872e-25a40c407b66 ] Request (ServerMetadataTestJSON:setUpClass): 201 POST http://10.180.1.21/networking/v2.0/subnets 0.182s
2025-12-08 18:55:14.329 65794 INFO tempest.lib.common.rest_client [req-ed69908a-dab8-42b4-8a36-55cacdc0fdb7 req-ed69908a-dab8-42b4-8a36-55cacdc0fdb7 ] Request (ServersNegativeTestMultiTenantJSON:setUpClass): 200 GET http://10.180.1.21/compute/v2.1/servers/662d32d7-1d66-43cd-a4cc-61e56e45c86e 0.228s
2025-12-08 18:55:14.364 65830 INFO tempest.lib.common.rest_client [req-8b111bd0-db0c-4d7d-9d57-168deaf98cf4 req-8b111bd0-db0c-4d7d-9d57-168deaf98cf4 ] Request (ServersListShow2100Test:test_list_show_rebuild_update_server_2100): 200 GET http://10.180.1.21/compute/v2.1/servers/a10947ef-e4ef-4105-8a4f-ede6b83eb9b4 0.196s
2025-12-08 18:55:14.389 65798 INFO tempest.lib.common.rest_client [req-40a9c5be-0983-4d28-ab72-0d4a0520c33f req-40a9c5be-0983-4d28-ab72-0d4a0520c33f ] Request (ServersAdminNegativeTestJSON:tearDownClass): 204 DELETE http://10.180.1.21/identity/v3/users/704e172392fb4d698f2e8d8d9db6eac7 0.110s
2025-12-08 18:55:14.416 65802 INFO tempest.lib.common.rest_client [req-92a65d84-fed4-4aae-9b4f-891cb4f9843c req-92a65d84-fed4-4aae-9b4f-891cb4f9843c ] Request (ServersTestMultiNic:_run_cleanups): 200 GET http://10.180.1.21/compute/v2.1/servers/cfdb4ef4-cb23-4754-b6b0-1df5ab1ebc79 0.218s
2025-12-08 18:55:14.482 65838 INFO tempest.lib.common.rest_client [req-904de43f-3c82-4e02-87d6-73b1963cba50 req-904de43f-3c82-4e02-87d6-73b1963cba50 ] Request (ServersTestJSON:tearDownClass): 200 GET http://10.180.1.21/compute/v2.1/servers/9d93eab5-b7c3-40b9-9cfd-329c422eaf4d 0.267s
2025-12-08 18:55:14.501 65824 INFO tempest.lib.common.rest_client [req-67a863ac-5142-468a-9daf-551815e967f9 req-67a863ac-5142-468a-9daf-551815e967f9 ] Request (ImagesOneServerTestJSON:setUpClass): 200 GET http://10.180.1.21/compute/v2.1/servers/19069c57-de7a-48c0-bc14-290b18adc5d7 0.251s
2025-12-08 18:55:14.504 65798 INFO tempest.lib.common.rest_client [req-2126feec-44a3-4198-b7e4-3cea53a97ad0 req-2126feec-44a3-4198-b7e4-3cea53a97ad0 ] Request (ServersAdminNegativeTestJSON:tearDownClass): 204 DELETE http://10.180.1.21/identity/v3/users/3dafbb2d9a4d40019948b477082ac431 0.114s
2025-12-08 18:55:14.504 65798 INFO tempest.lib.common.dynamic_creds [-] Deleting project and security group for project: 2afa0793a293417491fb515532ed33b2
2025-12-08 18:55:14.586 65798 INFO tempest.lib.common.rest_client [req-ce381a34-3a75-4364-a079-918a677b7c05 req-ce381a34-3a75-4364-a079-918a677b7c05 ] Request (ServersAdminNegativeTestJSON:tearDownClass): 201 POST http://10.180.1.21/identity/v3/auth/tokens 0.082s
2025-12-08 18:55:14.633 65804 INFO tempest.lib.common.rest_client [req-ec57e39b-e154-4038-9381-9a583d867755 req-ec57e39b-e154-4038-9381-9a583d867755 ] Request (MultipleCreateTestJSON:test_multiple_create): 200 GET http://10.180.1.21/compute/v2.1/servers/12e300af-19c4-4d1f-a516-e5a899ed1332 0.283s
2025-12-08 18:55:14.645 65804 INFO tempest.common.waiters [-] State transition "BUILD/spawning" ==> "ACTIVE/None" after 57 second wait
2025-12-08 18:55:14.733 65798 INFO tempest.lib.common.rest_client [req-7f0de038-1667-4c0f-8fa4-f4e5d2746e2e req-7f0de038-1667-4c0f-8fa4-f4e5d2746e2e ] Request (ServersAdminNegativeTestJSON:tearDownClass): 200 GET http://10.180.1.21/networking/v2.0/security-groups?tenant_id=2afa0793a293417491fb515532ed33b2&name=default 0.147s
2025-12-08 18:55:14.769 65850 INFO tempest.lib.common.rest_client [req-1845ce7e-2d0a-48f6-bdab-62e5f3f473cb req-1845ce7e-2d0a-48f6-bdab-62e5f3f473cb ] Request (ImagesOneServerNegativeTestJSON:tearDown): 200 GET http://10.180.1.21/compute/v2.1/servers/62d74885-a429-4ea7-959e-7b99bf230b17 0.283s
2025-12-08 18:55:14.776 65850 INFO tempest.common.waiters [-] State transition "ACTIVE/image_snapshot" ==> "ACTIVE/image_pending_upload" after 1 second wait
2025-12-08 18:55:14.912 65798 INFO tempest.lib.common.rest_client [req-acb900e2-7020-4710-a0ba-1c01961e12b9 req-acb900e2-7020-4710-a0ba-1c01961e12b9 ] Request (ServersAdminNegativeTestJSON:tearDownClass): 204 DELETE http://10.180.1.21/networking/v2.0/security-groups/476e77c1-1be7-4685-9e31-32edbf2bfec6 0.178s
2025-12-08 18:55:14.952 65810 INFO tempest.lib.common.rest_client [req-0a2cc968-2b9f-45fc-9593-78061f5d2010 req-0a2cc968-2b9f-45fc-9593-78061f5d2010 ] Request (ServersTestManualDisk:setUpClass): 200 GET http://10.180.1.21/compute/v2.1/servers/afecb7a4-c675-472a-94cd-81aecf4a3f68 0.362s
2025-12-08 18:55:14.999 65798 INFO tempest.lib.common.rest_client [req-199dc65e-9a6e-4294-af35-a9654453b714 req-199dc65e-9a6e-4294-af35-a9654453b714 ] Request (ServersAdminNegativeTestJSON:tearDownClass): 204 DELETE http://10.180.1.21/identity/v3/projects/2afa0793a293417491fb515532ed33b2 0.087s
2025-12-08 18:55:15.000 65798 INFO tempest.lib.common.dynamic_creds [-] Deleting project and security group for project: 51520ea843184b159239e878ea1e6dec
2025-12-08 18:55:15.035 65804 INFO tempest.lib.common.rest_client [req-d50f3b03-4273-421a-b797-3da4c1620d98 req-d50f3b03-4273-421a-b797-3da4c1620d98 ] Request (MultipleCreateTestJSON:test_multiple_create): 200 GET http://10.180.1.21/compute/v2.1/servers/0b470764-6747-40d4-a3b4-ca0bafbecb77 0.390s
2025-12-08 18:55:15.047 65798 INFO tempest.lib.common.rest_client [req-8a7ea5a8-9fba-4101-ba15-9ffd812565c0 req-8a7ea5a8-9fba-4101-ba15-9ffd812565c0 ] Request (ServersAdminNegativeTestJSON:tearDownClass): 200 GET http://10.180.1.21/networking/v2.0/security-groups?tenant_id=51520ea843184b159239e878ea1e6dec&name=default 0.047s
2025-12-08 18:55:15.078 65812 INFO tempest.lib.common.rest_client [req-1886fe42-09cc-4536-92ae-c32cdba0eeaa req-1886fe42-09cc-4536-92ae-c32cdba0eeaa ] Request (ListImageFiltersTestJSON:tearDownClass): 200 GET http://10.180.1.21/compute/v2.1/servers/3d92f012-0a9b-48ee-81d9-a6582cf94d75 0.315s
2025-12-08 18:55:15.169 65798 INFO tempest.lib.common.rest_client [req-0411a8a1-5363-4785-bf61-62550e09a72c req-0411a8a1-5363-4785-bf61-62550e09a72c ] Request (ServersAdminNegativeTestJSON:tearDownClass): 204 DELETE http://10.180.1.21/networking/v2.0/security-groups/fae8ae54-cd4c-4b90-a6aa-30ed78ee3da3 0.121s
2025-12-08 18:55:15.202 65820 INFO tempest.lib.common.rest_client [req-abaa7a8a-01ae-430f-ac94-2c4e2a633502 req-abaa7a8a-01ae-430f-ac94-2c4e2a633502 ] Request (ServerMetadataTestJSON:setUpClass): 201 POST http://10.180.1.21/networking/v2.0/routers 0.908s
2025-12-08 18:55:15.245 65840 INFO tempest.lib.common.rest_client [req-a85a5c62-786c-438a-9f71-9a4cb3e78f27 req-a85a5c62-786c-438a-9f71-9a4cb3e78f27 ] Request (AttachVolumeShelveTestJSON:test_attach_volume_shelved_or_offload_server): 200 GET http://10.180.1.21/compute/v2.1/servers/ad0e7dd5-1cd6-4103-b70d-63fb830a64ba 0.301s
2025-12-08 18:55:15.277 65832 INFO tempest.lib.common.rest_client [req-bc7c6151-5e1f-44d0-b20d-c816f8b9798f req-bc7c6151-5e1f-44d0-b20d-c816f8b9798f ] Request (MigrationsAdminTest:test_resize_server_revert_deleted_flavor): 200 GET http://10.180.1.21/compute/v2.1/servers/1ce9da0b-46d2-423e-bb0b-9e0ab7aea7fc 0.418s
2025-12-08 18:55:15.322 65798 INFO tempest.lib.common.rest_client [req-0dcecb3d-8b54-40f3-9e20-badc7aa2b535 req-0dcecb3d-8b54-40f3-9e20-badc7aa2b535 ] Request (ServersAdminNegativeTestJSON:tearDownClass): 204 DELETE http://10.180.1.21/identity/v3/projects/51520ea843184b159239e878ea1e6dec 0.152s
2025-12-08 18:55:15.334 65808 INFO tempest.lib.common.rest_client [req-4f9a7734-0d9c-49f8-8776-577c63c7337e req-4f9a7734-0d9c-49f8-8776-577c63c7337e ] Request (AttachInterfacesTestJSON:_run_cleanups): 200 GET http://10.180.1.21/compute/v2.1/servers/b8b4b6f5-8d9c-414d-a260-46c9b76655ab 0.306s
2025-12-08 18:55:15.387 65804 INFO tempest.lib.common.rest_client [req-bc8d1464-3e62-43dd-9b28-f1ecbb0f3592 req-bc8d1464-3e62-43dd-9b28-f1ecbb0f3592 ] Request (MultipleCreateTestJSON:_run_cleanups): 204 DELETE http://10.180.1.21/compute/v2.1/servers/0b470764-6747-40d4-a3b4-ca0bafbecb77 0.342s
2025-12-08 18:55:15.425 65798 INFO tempest.lib.common.rest_client [req-093765d0-c29c-48c9-a0ba-a4f2a762eeb9 req-093765d0-c29c-48c9-a0ba-a4f2a762eeb9 ] Request (FlavorsV2TestJSON:setUpClass): 201 POST http://10.180.1.21/identity/v3/auth/tokens 0.101s
2025-12-08 18:55:15.469 65798 INFO tempest.lib.common.rest_client [req-6423a0ce-5f92-4ad1-a422-90a8da5b367e req-6423a0ce-5f92-4ad1-a422-90a8da5b367e ] Request (FlavorsV2TestJSON:setUpClass): 201 POST http://10.180.1.21/identity/v3/auth/tokens 0.040s
2025-12-08 18:55:15.495 65842 INFO tempest.lib.common.rest_client [req-3fb8aed2-0ff3-431c-a647-314dbee71ba9 req-3fb8aed2-0ff3-431c-a647-314dbee71ba9 ] Request (ListServerFiltersTestJSON:test_list_servers_filter_by_shutoff_status): 200 GET http://10.180.1.21/compute/v2.1/servers/48bb10f0-f712-40fb-9271-cb1a75cf7678 0.427s
2025-12-08 18:55:15.507 65798 INFO tempest.lib.common.rest_client [req-278ef3b6-8431-4aa9-9f83-7945b2f6a1d9 req-278ef3b6-8431-4aa9-9f83-7945b2f6a1d9 ] Request (FlavorsV2TestJSON:setUpClass): 200 GET http://10.180.1.21/identity/v3/domains?name=Default 0.037s
2025-12-08 18:55:15.512 65842 INFO tempest.common.waiters [-] State transition "SHUTOFF/powering-on" ==> "ACTIVE/None" after 5 second wait
2025-12-08 18:55:15.519 65836 INFO tempest.lib.common.rest_client [req-9754218f-3dcc-4d14-b674-0ab1c8f634e5 req-9754218f-3dcc-4d14-b674-0ab1c8f634e5 ] Request (DeleteServersTestJSON:test_delete_active_server): 200 GET http://10.180.1.21/compute/v2.1/servers/842760ca-95bc-4d58-add8-fe8bd75d28d4 0.375s
2025-12-08 18:55:15.558 65798 INFO tempest.lib.common.rest_client [req-77b040b9-820f-4a96-9a1c-ee9790545ca0 req-77b040b9-820f-4a96-9a1c-ee9790545ca0 ] Request (FlavorsV2TestJSON:setUpClass): 201 POST http://10.180.1.21/identity/v3/projects 0.051s
2025-12-08 18:55:15.615 65826 INFO tempest.lib.common.rest_client [req-bbfa74d7-e3c0-4a43-9170-1ccd50919851 req-bbfa74d7-e3c0-4a43-9170-1ccd50919851 ] Request (ImagesTestJSON:test_create_server_from_snapshot): 200 GET http://10.180.1.21/compute/v2.1/servers/5be7f18d-3daa-4a93-a4b7-6be5c725ee76 0.355s
2025-12-08 18:55:15.655 65816 INFO tempest.lib.common.rest_client [req-bf361521-d251-4c7f-b5af-4879b3d9262e req-bf361521-d251-4c7f-b5af-4879b3d9262e ] Request (ServersAdminTestJSON:tearDownClass): 200 GET http://10.180.1.21/compute/v2.1/servers/e5070082-0590-4abb-a97b-4b19d5dc303f 0.448s
2025-12-08 18:55:15.685 65798 INFO tempest.lib.common.rest_client [req-4e2b7386-96f2-43a7-af0e-2edaf2b34a59 req-4e2b7386-96f2-43a7-af0e-2edaf2b34a59 ] Request (FlavorsV2TestJSON:setUpClass): 201 POST http://10.180.1.21/identity/v3/users 0.125s
2025-12-08 18:55:15.712 65798 INFO tempest.lib.common.rest_client [req-35723933-4c8a-42ec-9685-71df9dcc79df req-35723933-4c8a-42ec-9685-71df9dcc79df ] Request (FlavorsV2TestJSON:setUpClass): 200 GET http://10.180.1.21/identity/v3/roles 0.027s
2025-12-08 18:55:15.723 65822 INFO tempest.lib.common.rest_client [req-f46805d2-c307-43d9-b549-442a25ae9406 req-f46805d2-c307-43d9-b549-442a25ae9406 ] Request (SecurityGroupsTestJSON:tearDownClass): 200 GET http://10.180.1.21/compute/v2.1/servers/2eb9a091-9b09-48cb-b8e0-ca33cd81fcb2 0.432s
2025-12-08 18:55:15.741 65794 INFO tempest.lib.common.rest_client [req-cef570c9-60f0-4125-8f4e-6699662db8ac req-cef570c9-60f0-4125-8f4e-6699662db8ac ] Request (ServersNegativeTestMultiTenantJSON:setUpClass): 200 GET http://10.180.1.21/compute/v2.1/servers/662d32d7-1d66-43cd-a4cc-61e56e45c86e 0.399s
2025-12-08 18:55:15.749 65798 INFO tempest.lib.common.rest_client [req-b93fcc02-1b68-4996-90d2-38dd07f3f90f req-b93fcc02-1b68-4996-90d2-38dd07f3f90f ] Request (FlavorsV2TestJSON:setUpClass): 204 PUT http://10.180.1.21/identity/v3/projects/611f13ed875a4bd0b0316acea60f37ec/users/457ed3efe22a4a769c4c248d92472385/roles/61bfb24fbf5640f3b82f4de2ee5c94b0 0.036s
2025-12-08 18:55:15.750 65798 INFO tempest.lib.common.dynamic_creds [-] Dynamic test user 457ed3efe22a4a769c4c248d92472385 is created with scope project and roles: ['member']
2025-12-08 18:55:15.750 65798 INFO tempest.lib.common.dynamic_creds [-] Acquired dynamic creds: credentials: Credentials: {'domain_id': 'default', 'domain_name': 'Default', 'username': 'tempest-FlavorsV2TestJSON-683879417-project-member', 'project_domain_id': 'default', 'project_domain_name': 'Default', 'project_id': '611f13ed875a4bd0b0316acea60f37ec', 'project_name': 'tempest-FlavorsV2TestJSON-683879417', 'tenant_id': '611f13ed875a4bd0b0316acea60f37ec', 'tenant_name': 'tempest-FlavorsV2TestJSON-683879417', 'user_domain_id': 'default', 'user_domain_name': 'Default', 'user_id': '457ed3efe22a4a769c4c248d92472385', 'system': None}, Network: None, Subnet: None, Router: None
2025-12-08 18:55:15.750 65798 INFO tempest.lib.common.dynamic_creds [-] Created isolated network resources for: credentials: Credentials: {'domain_id': 'default', 'domain_name': 'Default', 'username': 'tempest-FlavorsV2TestJSON-683879417-project-member', 'project_domain_id': 'default', 'project_domain_name': 'Default', 'project_id': '611f13ed875a4bd0b0316acea60f37ec', 'project_name': 'tempest-FlavorsV2TestJSON-683879417', 'tenant_id': '611f13ed875a4bd0b0316acea60f37ec', 'tenant_name': 'tempest-FlavorsV2TestJSON-683879417', 'user_domain_id': 'default', 'user_domain_name': 'Default', 'user_id': '457ed3efe22a4a769c4c248d92472385', 'system': None}, Network: None, Subnet: None, Router: None
2025-12-08 18:55:15.813 65830 INFO tempest.lib.common.rest_client [req-41130b33-3732-45c5-85af-cd0919a3eb3e req-41130b33-3732-45c5-85af-cd0919a3eb3e ] Request (ServersListShow2100Test:test_list_show_rebuild_update_server_2100): 200 GET http://10.180.1.21/compute/v2.1/servers/a10947ef-e4ef-4105-8a4f-ede6b83eb9b4 0.432s
2025-12-08 18:55:15.850 65804 INFO tempest.lib.common.rest_client [req-7c628f92-bbe9-4197-a78a-de0b1683f370 req-7c628f92-bbe9-4197-a78a-de0b1683f370 ] Request (MultipleCreateTestJSON:_run_cleanups): 204 DELETE http://10.180.1.21/compute/v2.1/servers/12e300af-19c4-4d1f-a516-e5a899ed1332 0.462s
2025-12-08 18:55:15.859 65798 INFO tempest.lib.common.rest_client [req-4f591346-30ad-418d-b9b4-8cc34561f6c1 req-4f591346-30ad-418d-b9b4-8cc34561f6c1 ] Request (FlavorsV2TestJSON:setUpClass): 201 POST http://10.180.1.21/identity/v3/auth/tokens 0.106s
2025-12-08 18:55:15.907 65802 INFO tempest.lib.common.rest_client [req-74c50000-9369-4e5d-8aaf-09c96fb8bfe1 req-74c50000-9369-4e5d-8aaf-09c96fb8bfe1 ] Request (ServersTestMultiNic:_run_cleanups): 200 GET http://10.180.1.21/compute/v2.1/servers/cfdb4ef4-cb23-4754-b6b0-1df5ab1ebc79 0.483s
2025-12-08 18:55:15.919 65842 INFO tempest.lib.common.rest_client [req-45264d4f-d1fc-47b3-b771-cee318e7b508 req-45264d4f-d1fc-47b3-b771-cee318e7b508 ] Request (ListServerFiltersTestJSON:test_list_servers_filter_by_zero_limit): 200 GET http://10.180.1.21/compute/v2.1/servers?limit=0 0.406s
2025-12-08 18:55:15.997 65824 INFO tempest.lib.common.rest_client [req-a75aa82c-25e3-466c-9da6-6d9556392968 req-a75aa82c-25e3-466c-9da6-6d9556392968 ] Request (ImagesOneServerTestJSON:setUpClass): 200 GET http://10.180.1.21/compute/v2.1/servers/19069c57-de7a-48c0-bc14-290b18adc5d7 0.485s
2025-12-08 18:55:16.026 65838 INFO tempest.lib.common.rest_client [req-74b16b04-1291-4f19-a1b6-bafbfb8df438 req-74b16b04-1291-4f19-a1b6-bafbfb8df438 ] Request (ServersTestJSON:tearDownClass): 200 GET http://10.180.1.21/compute/v2.1/servers/9d93eab5-b7c3-40b9-9cfd-329c422eaf4d 0.537s
2025-12-08 18:55:16.223 65850 INFO tempest.lib.common.rest_client [req-7554856e-bbed-40b9-a5c5-fc3f56ba36ca req-7554856e-bbed-40b9-a5c5-fc3f56ba36ca ] Request (ImagesOneServerNegativeTestJSON:tearDown): 200 GET http://10.180.1.21/compute/v2.1/servers/62d74885-a429-4ea7-959e-7b99bf230b17 0.446s
2025-12-08 18:55:16.232 65850 INFO tempest.common.waiters [-] State transition "ACTIVE/image_pending_upload" ==> "ACTIVE/image_uploading" after 3 second wait
2025-12-08 18:55:16.312 65820 INFO tempest.lib.common.rest_client [req-e19f3e2f-2c9d-4e78-92ac-1588ff0003e3 req-e19f3e2f-2c9d-4e78-92ac-1588ff0003e3 ] Request (ServerMetadataTestJSON:setUpClass): 200 PUT http://10.180.1.21/networking/v2.0/routers/6fd43b8a-76a6-405d-8bf6-cc58d670e9e4/add_router_interface 1.110s
2025-12-08 18:55:16.313 65820 INFO tempest.lib.common.dynamic_creds [-] Created isolated network resources for: credentials: Credentials: {'domain_id': 'default', 'domain_name': 'Default', 'username': 'tempest-ServerMetadataTestJSON-1708909617-project-member', 'project_domain_id': 'default', 'project_domain_name': 'Default', 'project_id': 'd08341f69bdb46e394c19353a575a3f3', 'project_name': 'tempest-ServerMetadataTestJSON-1708909617', 'tenant_id': 'd08341f69bdb46e394c19353a575a3f3', 'tenant_name': 'tempest-ServerMetadataTestJSON-1708909617', 'user_domain_id': 'default', 'user_domain_name': 'Default', 'user_id': '27add8e2a5074948a84700c3baaefe21', 'system': None}, Network: {'id': 'a7c9f301-2614-4236-9add-f5e24bbb87d0', 'name': 'tempest-ServerMetadataTestJSON-2035813517-network', 'tenant_id': 'd08341f69bdb46e394c19353a575a3f3', 'project_id': 'd08341f69bdb46e394c19353a575a3f3', 'admin_state_up': True, 'mtu': 8950, 'status': 'ACTIVE', 'subnets': [], 'shared': False, 'port_security_enabled': True, 'router:external': False, 'provider:network_type': 'vlan', 'provider:physical_network': 'default', 'provider:segmentation_id': 236, 'availability_zone_hints': [], 'availability_zones': [], 'ipv4_address_scope': None, 'ipv6_address_scope': None, 'description': '', 'tags': [], 'created_at': '2025-12-08T18:55:14Z', 'updated_at': '2025-12-08T18:55:14Z', 'revision_number': 1}, Subnet: {'id': 'b6a1425f-005d-4600-a1d4-80bb4cf36b1b', 'name': 'tempest-ServerMetadataTestJSON-2035813517-subnet', 'tenant_id': 'd08341f69bdb46e394c19353a575a3f3', 'network_id': 'a7c9f301-2614-4236-9add-f5e24bbb87d0', 'ip_version': 4, 'subnetpool_id': None, 'enable_dhcp': True, 'ipv6_ra_mode': None, 'ipv6_address_mode': None, 'gateway_ip': '192.168.128.1', 'cidr': '192.168.128.0/28', 'allocation_pools': [{'start': '192.168.128.2', 'end': '192.168.128.14'}], 'host_routes': [], 'dns_nameservers': [], 'description': '', 'router:external': False, 'service_types': [], 'tags': [], 'created_at': '2025-12-08T18:55:14Z', 'updated_at': '2025-12-08T18:55:14Z', 'revision_number': 0, 'project_id': 'd08341f69bdb46e394c19353a575a3f3'}, Router: {'id': '6fd43b8a-76a6-405d-8bf6-cc58d670e9e4', 'name': 'tempest-ServerMetadataTestJSON-2035813517-router', 'tenant_id': 'd08341f69bdb46e394c19353a575a3f3', 'admin_state_up': True, 'status': 'ACTIVE', 'external_gateway_info': {'network_id': '02e80801-bf47-44f7-8c4c-00ed8ddf8fcf', 'external_fixed_ips': [{'subnet_id': '0df26d28-e4b1-4d10-b8fc-299bf1236404', 'ip_address': '10.180.180.249'}], 'enable_snat': True}, 'description': '', 'availability_zones': [], 'distributed': False, 'ha': False, 'availability_zone_hints': [], 'routes': [], 'flavor_id': None, 'tags': [], 'created_at': '2025-12-08T18:55:14Z', 'updated_at': '2025-12-08T18:55:14Z', 'revision_number': 2, 'project_id': 'd08341f69bdb46e394c19353a575a3f3'}
2025-12-08 18:55:16.336 65798 INFO tempest.lib.common.rest_client [req-94aac2a5-1a10-4163-b0de-a3ad5d9de0d6 req-94aac2a5-1a10-4163-b0de-a3ad5d9de0d6 ] Request (FlavorsV2TestJSON:test_get_flavor): 200 GET http://10.180.1.21/compute/v2.1/flavors/42 0.475s
2025-12-08 18:55:16.354 65804 INFO tempest.lib.common.rest_client [req-ad4e2127-a794-4b40-895b-c1fa2c06495d req-ad4e2127-a794-4b40-895b-c1fa2c06495d ] Request (MultipleCreateTestJSON:_run_cleanups): 200 GET http://10.180.1.21/compute/v2.1/servers/0b470764-6747-40d4-a3b4-ca0bafbecb77 0.504s
2025-12-08 18:55:16.413 65820 INFO tempest.lib.common.rest_client [req-90b2ea6f-8d4b-4eb9-8443-6e4e08072bf6 req-90b2ea6f-8d4b-4eb9-8443-6e4e08072bf6 ] Request (ServerMetadataTestJSON:setUpClass): 201 POST http://10.180.1.21/identity/v3/auth/tokens 0.096s
2025-12-08 18:55:16.443 65820 INFO tempest.lib.common.rest_client [req-f8a74533-6eeb-4ee3-a0e6-22e22023f9e0 req-f8a74533-6eeb-4ee3-a0e6-22e22023f9e0 ] Request (ServerMetadataTestJSON:setUpClass): 201 POST http://10.180.1.21/identity/v3/auth/tokens 0.027s
2025-12-08 18:55:16.444 65820 INFO tempest.lib.common.fixed_network [-] (ServerMetadataTestJSON:setUpClass) Found network {'id': 'a7c9f301-2614-4236-9add-f5e24bbb87d0', 'name': 'tempest-ServerMetadataTestJSON-2035813517-network', 'tenant_id': 'd08341f69bdb46e394c19353a575a3f3', 'project_id': 'd08341f69bdb46e394c19353a575a3f3', 'admin_state_up': True, 'mtu': 8950, 'status': 'ACTIVE', 'subnets': [], 'shared': False, 'port_security_enabled': True, 'router:external': False, 'provider:network_type': 'vlan', 'provider:physical_network': 'default', 'provider:segmentation_id': 236, 'availability_zone_hints': [], 'availability_zones': [], 'ipv4_address_scope': None, 'ipv6_address_scope': None, 'description': '', 'tags': [], 'created_at': '2025-12-08T18:55:14Z', 'updated_at': '2025-12-08T18:55:14Z', 'revision_number': 1} available for tenant
2025-12-08 18:55:16.543 65842 INFO tempest.lib.common.rest_client [req-b0a903d1-70bf-432c-bd32-7059cb2e3154 req-b0a903d1-70bf-432c-bd32-7059cb2e3154 ] Request (ListServerFiltersTestJSON:test_list_servers_filtered_by_ip): 200 GET http://10.180.1.21/compute/v2.1/servers/48bb10f0-f712-40fb-9271-cb1a75cf7678 0.620s
2025-12-08 18:55:16.582 65810 INFO tempest.lib.common.rest_client [req-2b441838-8138-494e-bff1-5eeab4ae1392 req-2b441838-8138-494e-bff1-5eeab4ae1392 ] Request (ServersTestManualDisk:setUpClass): 200 GET http://10.180.1.21/compute/v2.1/servers/afecb7a4-c675-472a-94cd-81aecf4a3f68 0.614s
2025-12-08 18:55:16.631 65812 INFO tempest.lib.common.rest_client [req-1ef88afa-8653-40f3-bdd6-11a7719063fa req-1ef88afa-8653-40f3-bdd6-11a7719063fa ] Request (ListImageFiltersTestJSON:tearDownClass): 200 GET http://10.180.1.21/compute/v2.1/servers/3d92f012-0a9b-48ee-81d9-a6582cf94d75 0.543s
2025-12-08 18:55:16.645 65840 INFO tempest.lib.common.rest_client [req-e05d8c24-7e8f-4dbb-a879-ef0ceda884fe req-e05d8c24-7e8f-4dbb-a879-ef0ceda884fe ] Request (AttachVolumeShelveTestJSON:test_attach_volume_shelved_or_offload_server): 200 GET http://10.180.1.21/compute/v2.1/servers/ad0e7dd5-1cd6-4103-b70d-63fb830a64ba 0.389s
2025-12-08 18:55:16.654 65840 INFO tempest.common.waiters [-] State transition "BUILD/None" ==> "BUILD/networking" after 44 second wait
2025-12-08 18:55:16.674 65798 INFO tempest.lib.common.rest_client [req-ec81b586-8751-4dc8-9960-4f721c742cf2 req-ec81b586-8751-4dc8-9960-4f721c742cf2 ] Request (FlavorsV2TestJSON:test_list_flavors): 200 GET http://10.180.1.21/compute/v2.1/flavors 0.331s
2025-12-08 18:55:16.773 65808 INFO tempest.lib.common.rest_client [req-b09f081e-4d07-4ba1-ba47-4593d56d39fd req-b09f081e-4d07-4ba1-ba47-4593d56d39fd ] Request (AttachInterfacesTestJSON:_run_cleanups): 200 GET http://10.180.1.21/compute/v2.1/servers/b8b4b6f5-8d9c-414d-a260-46c9b76655ab 0.427s
2025-12-08 18:55:16.892 65832 INFO tempest.lib.common.rest_client [req-07a08fb5-fbb3-432c-80a6-94b8451bb146 req-07a08fb5-fbb3-432c-80a6-94b8451bb146 ] Request (MigrationsAdminTest:test_resize_server_revert_deleted_flavor): 200 GET http://10.180.1.21/compute/v2.1/servers/1ce9da0b-46d2-423e-bb0b-9e0ab7aea7fc 0.604s
2025-12-08 18:55:17.119 65836 INFO tempest.lib.common.rest_client [req-744bc48e-002d-4958-ba0d-22c0709b8f1c req-744bc48e-002d-4958-ba0d-22c0709b8f1c ] Request (DeleteServersTestJSON:test_delete_active_server): 200 GET http://10.180.1.21/compute/v2.1/servers/842760ca-95bc-4d58-add8-fe8bd75d28d4 0.591s
2025-12-08 18:55:17.335 65842 INFO tempest.lib.common.rest_client [req-9f8d5d8e-2125-4a11-91b8-e6104c47ace7 req-9f8d5d8e-2125-4a11-91b8-e6104c47ace7 ] Request (ListServerFiltersTestJSON:test_list_servers_filtered_by_ip): 200 GET http://10.180.1.21/compute/v2.1/servers/8327c3a6-b36f-4ba5-b5fd-4b08eeb0ebba 0.782s
2025-12-08 18:55:17.397 65826 INFO tempest.lib.common.rest_client [req-d5b2b2b9-77e8-4061-b1d9-1c275f7cf027 req-d5b2b2b9-77e8-4061-b1d9-1c275f7cf027 ] Request (ImagesTestJSON:test_create_server_from_snapshot): 200 GET http://10.180.1.21/compute/v2.1/servers/5be7f18d-3daa-4a93-a4b7-6be5c725ee76 0.770s
2025-12-08 18:55:17.457 65816 INFO tempest.lib.common.rest_client [req-281399f4-9426-4216-9550-28e884f08eb7 req-281399f4-9426-4216-9550-28e884f08eb7 ] Request (ServersAdminTestJSON:tearDownClass): 200 GET http://10.180.1.21/compute/v2.1/servers/e5070082-0590-4abb-a97b-4b19d5dc303f 0.789s
2025-12-08 18:55:17.460 65820 INFO tempest.lib.common.rest_client [req-9bc36658-d285-4086-b5dc-ccfc650f78fd req-9bc36658-d285-4086-b5dc-ccfc650f78fd ] Request (ServerMetadataTestJSON:setUpClass): 202 POST http://10.180.1.21/compute/v2.1/servers 1.015s
2025-12-08 18:55:17.486 65798 INFO tempest.lib.common.rest_client [req-84a5403d-7881-4b69-8888-b3d4448d4e37 req-84a5403d-7881-4b69-8888-b3d4448d4e37 ] Request (FlavorsV2TestJSON:test_list_flavors): 200 GET http://10.180.1.21/compute/v2.1/flavors/42 0.807s
2025-12-08 18:55:17.545 65822 INFO tempest.lib.common.rest_client [req-ace54e7c-3602-4ef9-807c-73927062d0c5 req-ace54e7c-3602-4ef9-807c-73927062d0c5 ] Request (SecurityGroupsTestJSON:tearDownClass): 200 GET http://10.180.1.21/compute/v2.1/servers/2eb9a091-9b09-48cb-b8e0-ca33cd81fcb2 0.813s
2025-12-08 18:55:17.574 65794 INFO tempest.lib.common.rest_client [req-f7143b3a-5f4f-4af4-ad8d-9ed39ec06000 req-f7143b3a-5f4f-4af4-ad8d-9ed39ec06000 ] Request (ServersNegativeTestMultiTenantJSON:setUpClass): 200 GET http://10.180.1.21/compute/v2.1/servers/662d32d7-1d66-43cd-a4cc-61e56e45c86e 0.824s
2025-12-08 18:55:17.665 65830 INFO tempest.lib.common.rest_client [req-3aa445f0-4e66-4466-a07f-77de71b2c2bb req-3aa445f0-4e66-4466-a07f-77de71b2c2bb ] Request (ServersListShow2100Test:test_list_show_rebuild_update_server_2100): 200 GET http://10.180.1.21/compute/v2.1/servers/a10947ef-e4ef-4105-8a4f-ede6b83eb9b4 0.833s
