2025-12-08 19:24:17.601 66727 INFO tempest.lib.common.rest_client [req-99581743-2ba4-400e-a42b-3ec2f830a544 req-99581743-2ba4-400e-a42b-3ec2f830a544 ] Request (ServersTestFqdnHostnames:test_create_server_with_fqdn_name): 200 GET http://10.180.1.21/compute/v2.1/servers/9905c652-183e-436f-bd79-9bd6da763925 4.516s
2025-12-08 19:24:17.640 66709 INFO tempest.lib.common.rest_client [req-2d559858-7460-482e-a941-249d5973f875 req-2d559858-7460-482e-a941-249d5973f875 ] Request (AttachVolumeTestJSON:test_attach_detach_volume): 200 GET http://10.180.1.21/compute/v2.1/servers/e02c17d7-4549-4b59-a66b-9f146ac5c83b 4.401s
2025-12-08 19:24:17.651 66709 INFO tempest.common.waiters [-] State transition "BUILD/scheduling" ==> "BUILD/None" after 8 second wait
2025-12-08 19:24:17.690 66749 INFO tempest.lib.common.rest_client [req-5ab2ea82-2ac9-45b9-bcc8-dffad1b0d3f0 req-5ab2ea82-2ac9-45b9-bcc8-dffad1b0d3f0 ] Request (DeleteServersTestJSON:test_delete_active_server): 200 GET http://10.180.1.21/compute/v2.1/servers/7f1728b9-2f29-4ed9-988d-6aee363461d8 4.326s
2025-12-08 19:24:17.826 66715 INFO tempest.lib.common.rest_client [req-17f08f0b-73e8-41e1-a225-089e2de4ce24 req-17f08f0b-73e8-41e1-a225-089e2de4ce24 ] Request (MigrationsAdminTest:test_list_migrations_in_flavor_resize_situation): 200 GET http://10.180.1.21/compute/v2.1/servers/56247d6d-71ed-4e61-bb6a-0bafbce4ce1a 3.889s
2025-12-08 19:24:17.836 66715 INFO tempest.common.waiters [-] State transition "RESIZE/resize_migrating" ==> "RESIZE/resize_migrated" after 32 second wait
2025-12-08 19:24:18.091 66745 INFO tempest.lib.common.rest_client [req-062d144d-f5eb-42fd-9fb2-f2fb3855384a req-062d144d-f5eb-42fd-9fb2-f2fb3855384a ] Request (ServerAddressesNegativeTestJSON:tearDownClass): 200 PUT http://10.180.1.21/networking/v2.0/routers/0eeb58e7-adbf-43af-b600-244de5356655/remove_router_interface 0.865s
2025-12-08 19:24:18.352 66762 WARNING tempest.lib.common.ssh [-] Failed to establish authenticated ssh connection to cirros@10.180.180.212 ([Errno None] Unable to connect to port 22 on 10.180.180.212). Number attempts: 5. Retry after 6 seconds.: paramiko.ssh_exception.NoValidConnectionsError: [Errno None] Unable to connect to port 22 on 10.180.180.212
2025-12-08 19:24:18.396 66713 INFO tempest.lib.common.rest_client [req-2612d503-ffaf-4e0c-ae6e-0e0ec1ca44fb req-2612d503-ffaf-4e0c-ae6e-0e0ec1ca44fb ] Request (FloatingIPsAssociationNegativeTestJSON:setUpClass): 202 POST http://10.180.1.21/compute/v2.1/servers 2.822s
2025-12-08 19:24:18.422 66741 INFO tempest.lib.common.rest_client [req-cc1cdcad-3410-45a4-9b62-75fe4957aa61 req-cc1cdcad-3410-45a4-9b62-75fe4957aa61 ] Request (ImagesNegativeTestJSON:tearDownClass): 404 GET http://10.180.1.21/compute/v2.1/servers/06dbe83c-480b-4b60-be07-46cb36853d06 2.743s
2025-12-08 19:24:18.458 66711 INFO tempest.lib.common.rest_client [req-7f5418bc-4486-479b-9695-e696595ac9ca req-7f5418bc-4486-479b-9695-e696595ac9ca ] Request (AggregatesAdminNegativeTestJSON:_run_cleanups): 200 DELETE http://10.180.1.21/compute/v2.1/os-aggregates/8 2.731s
2025-12-08 19:24:18.551 66703 INFO tempest.lib.common.rest_client [req-779b5d88-768e-45a0-92d6-fddc8cffbc95 req-779b5d88-768e-45a0-92d6-fddc8cffbc95 ] Request (VolumesAdminNegativeTest:tearDownClass): 404 GET http://10.180.1.21/volume/v3/volumes/87c04602-0611-40d3-a0d8-eb208e7d0c22 0.030s
2025-12-08 19:24:18.561 66745 INFO tempest.lib.common.rest_client [req-7dc74aec-9119-424b-9e41-8d22830a797d req-7dc74aec-9119-424b-9e41-8d22830a797d ] Request (ServerAddressesNegativeTestJSON:tearDownClass): 204 DELETE http://10.180.1.21/networking/v2.0/routers/0eeb58e7-adbf-43af-b600-244de5356655 0.469s
2025-12-08 19:24:18.573 66717 INFO tempest.lib.common.rest_client [req-815aec1b-5e1e-4f57-94bb-7fb1356f2e51 req-815aec1b-5e1e-4f57-94bb-7fb1356f2e51 ] Request (ServersAdminNegativeTestJSON:test_resize_server_using_overlimit_ram): 200 GET http://10.180.1.21/compute/v2.1/os-quota-sets/256fe1afdfb14ff5b51b47107732ce3c 2.840s
2025-12-08 19:24:18.599 66735 INFO tempest.lib.common.rest_client [req-1d672555-eeeb-41c5-8d0d-ace28c4e2d68 req-1d672555-eeeb-41c5-8d0d-ace28c4e2d68 ] Request (FlavorsAdminTestJSON:_run_cleanups): 200 GET http://10.180.1.21/compute/v2.1/flavors/detail 2.840s
2025-12-08 19:24:18.623 66711 INFO tempest.lib.common.rest_client [req-8a663e71-fe44-47b5-b1a8-ff8a79c47663 req-8a663e71-fe44-47b5-b1a8-ff8a79c47663 ] Request (AggregatesAdminNegativeTestJSON:tearDownClass): 204 DELETE http://10.180.1.21/identity/v3/users/3536572245444fcaaee2f2341c64bc87 0.163s
2025-12-08 19:24:18.648 66707 INFO tempest.lib.common.rest_client [req-1fa488f1-04e6-4f2c-a7f2-ecd72bd08439 req-1fa488f1-04e6-4f2c-a7f2-ecd72bd08439 ] Request (ImagesMetadataTestJSON:test_set_image_metadata_item): 200 GET http://10.180.1.21/compute/v2.1/images/9d21ea9a-6024-4f1f-a72f-6f4ea6810127/metadata 2.539s
2025-12-08 19:24:18.673 66701 INFO tempest.lib.common.rest_client [req-7d8989b3-7b43-4cb9-b28a-e25a993254fb req-7d8989b3-7b43-4cb9-b28a-e25a993254fb ] Request (ImagesDeleteNegativeTestJSON:test_delete_non_existent_image): 404 DELETE http://10.180.1.21/compute/v2.1/images/85035378-a641-4f15-90e4-c8c52b88ca89 2.545s
2025-12-08 19:24:18.885 66701 INFO tempest.lib.common.rest_client [req-5bf1c935-5188-47ea-b7ff-cad6ba94eaf0 req-5bf1c935-5188-47ea-b7ff-cad6ba94eaf0 ] Request (ImagesDeleteNegativeTestJSON:tearDownClass): 204 DELETE http://10.180.1.21/identity/v3/users/87c81665e4c54d269e53450b4ce5f671 0.208s
2025-12-08 19:24:18.885 66701 INFO tempest.lib.common.dynamic_creds [-] Deleting project and security group for project: 74a36b32b20f45a19100c259b80d2a62
2025-12-08 19:24:18.888 66711 INFO tempest.lib.common.rest_client [req-28d01e33-2aa0-4571-b3d5-91b9de662f5b req-28d01e33-2aa0-4571-b3d5-91b9de662f5b ] Request (AggregatesAdminNegativeTestJSON:tearDownClass): 204 DELETE http://10.180.1.21/identity/v3/users/90233c83d2a84222a715ef47bbade678 0.264s
2025-12-08 19:24:18.889 66711 INFO tempest.lib.common.dynamic_creds [-] Deleting project and security group for project: 7dee544e0fc943f2a1530161b597e410
2025-12-08 19:24:18.898 66745 INFO tempest.lib.common.rest_client [req-f76ea01f-b992-428f-903a-42361c5dddb8 req-f76ea01f-b992-428f-903a-42361c5dddb8 ] Request (ServerAddressesNegativeTestJSON:tearDownClass): 204 DELETE http://10.180.1.21/networking/v2.0/subnets/a4ab8315-32b1-4284-8eba-21034906ad63 0.337s
2025-12-08 19:24:18.983 66701 INFO tempest.lib.common.rest_client [req-ddf66ff4-b128-4837-b2db-cc2849917d4d req-ddf66ff4-b128-4837-b2db-cc2849917d4d ] Request (ImagesDeleteNegativeTestJSON:tearDownClass): 201 POST http://10.180.1.21/identity/v3/auth/tokens 0.097s
2025-12-08 19:24:19.025 66711 INFO tempest.lib.common.rest_client [req-a831d391-e2e9-4bed-b8cf-13b40b321f4e req-a831d391-e2e9-4bed-b8cf-13b40b321f4e ] Request (AggregatesAdminNegativeTestJSON:tearDownClass): 201 POST http://10.180.1.21/identity/v3/auth/tokens 0.136s
2025-12-08 19:24:19.355 66745 INFO tempest.lib.common.rest_client [req-4403f6ee-cf87-4ade-aeea-6a4b37ad0d63 req-4403f6ee-cf87-4ade-aeea-6a4b37ad0d63 ] Request (ServerAddressesNegativeTestJSON:tearDownClass): 204 DELETE http://10.180.1.21/networking/v2.0/networks/faf66585-3b8e-4222-b9bd-69e83bcbcc5e 0.457s
2025-12-08 19:24:19.513 66745 INFO tempest.lib.common.rest_client [req-aec13f91-a742-46f7-a846-a5062fae1ca9 req-aec13f91-a742-46f7-a846-a5062fae1ca9 ] Request (ServerAddressesNegativeTestJSON:tearDownClass): 204 DELETE http://10.180.1.21/identity/v3/users/7fb609af160746fd9de93490ed3bf743 0.158s
2025-12-08 19:24:19.513 66745 INFO tempest.lib.common.dynamic_creds [-] Deleting project and security group for project: 73b9c9b2ab02451fa33e896b3a643bbd
2025-12-08 19:24:19.798 66701 INFO tempest.lib.common.rest_client [req-24be3aa3-54ea-4894-879e-a5be74ca68e2 req-24be3aa3-54ea-4894-879e-a5be74ca68e2 ] Request (ImagesDeleteNegativeTestJSON:tearDownClass): 200 GET http://10.180.1.21/networking/v2.0/security-groups?tenant_id=74a36b32b20f45a19100c259b80d2a62&name=default 0.815s
2025-12-08 19:24:19.991 66711 INFO tempest.lib.common.rest_client [req-d116a15d-1b15-465e-bcdd-a7a7f3e7fb28 req-d116a15d-1b15-465e-bcdd-a7a7f3e7fb28 ] Request (AggregatesAdminNegativeTestJSON:tearDownClass): 200 GET http://10.180.1.21/networking/v2.0/security-groups?tenant_id=7dee544e0fc943f2a1530161b597e410&name=default 0.966s
2025-12-08 19:24:20.101 66745 INFO tempest.lib.common.rest_client [req-06bac3ef-6825-4c7f-9fd2-f94618d6877e req-06bac3ef-6825-4c7f-9fd2-f94618d6877e ] Request (ServerAddressesNegativeTestJSON:tearDownClass): 200 GET http://10.180.1.21/networking/v2.0/security-groups?tenant_id=73b9c9b2ab02451fa33e896b3a643bbd&name=default 0.587s
2025-12-08 19:24:20.125 66741 INFO tempest.lib.common.rest_client [req-4fc9900b-953c-4ae0-a893-c50e91fea3e7 req-4fc9900b-953c-4ae0-a893-c50e91fea3e7 ] Request (ImagesNegativeTestJSON:tearDownClass): 200 PUT http://10.180.1.21/networking/v2.0/routers/c81b5720-cf7d-4b5c-b9c7-712b52583930/remove_router_interface 1.701s
2025-12-08 19:24:20.223 66701 INFO tempest.lib.common.rest_client [req-9fda62de-1be8-4478-a21e-65aea21698a1 req-9fda62de-1be8-4478-a21e-65aea21698a1 ] Request (ImagesDeleteNegativeTestJSON:tearDownClass): 204 DELETE http://10.180.1.21/networking/v2.0/security-groups/f928e326-52bc-4961-b70c-115eba47a771 0.424s
2025-12-08 19:24:20.232 66711 INFO tempest.lib.common.rest_client [req-c093f681-3a7b-48e7-b0f6-044299355c2c req-c093f681-3a7b-48e7-b0f6-044299355c2c ] Request (AggregatesAdminNegativeTestJSON:tearDownClass): 204 DELETE http://10.180.1.21/networking/v2.0/security-groups/7064804d-e427-4689-8b75-0db1f893ba2d 0.240s
2025-12-08 19:24:20.321 66701 INFO tempest.lib.common.rest_client [req-43e23855-16f8-46e7-90eb-1e4d492c0d68 req-43e23855-16f8-46e7-90eb-1e4d492c0d68 ] Request (ImagesDeleteNegativeTestJSON:tearDownClass): 204 DELETE http://10.180.1.21/identity/v3/projects/74a36b32b20f45a19100c259b80d2a62 0.097s
2025-12-08 19:24:20.334 66711 INFO tempest.lib.common.rest_client [req-85c4037d-7330-4bf1-b409-ef8c8b0ba2cc req-85c4037d-7330-4bf1-b409-ef8c8b0ba2cc ] Request (AggregatesAdminNegativeTestJSON:tearDownClass): 204 DELETE http://10.180.1.21/identity/v3/projects/7dee544e0fc943f2a1530161b597e410 0.101s
2025-12-08 19:24:20.334 66711 INFO tempest.lib.common.dynamic_creds [-] Deleting project and security group for project: c5df6c15a5784c46bebfb045f5bfbe4c
2025-12-08 19:24:20.338 66745 INFO tempest.lib.common.rest_client [req-edb746f8-c673-48b9-bdc5-2db2a274a98a req-edb746f8-c673-48b9-bdc5-2db2a274a98a ] Request (ServerAddressesNegativeTestJSON:tearDownClass): 204 DELETE http://10.180.1.21/networking/v2.0/security-groups/245b5e72-684b-48dd-a6aa-14376422f0b8 0.237s
2025-12-08 19:24:20.388 66719 INFO tempest.lib.common.rest_client [req-46c687f4-aa5b-46b6-8d9c-f28830616fa3 req-46c687f4-aa5b-46b6-8d9c-f28830616fa3 ] Request (FloatingIPsAssociationTestJSON:test_associate_already_associated_floating_ip): 409 POST http://10.180.1.21/compute/v2.1/servers/f873d3a3-33bf-48ee-9d46-ea2bc69f1173/action 3.686s
2025-12-08 19:24:20.397 66701 INFO tempest.lib.common.rest_client [req-c17ed4ec-ceb2-405c-a33a-6b1905fb3df1 req-c17ed4ec-ceb2-405c-a33a-6b1905fb3df1 ] Request (KeyPairsV2TestJSON:setUpClass): 201 POST http://10.180.1.21/identity/v3/auth/tokens 0.073s
2025-12-08 19:24:20.432 66701 INFO tempest.lib.common.rest_client [req-8cff6add-0cf4-4d61-98e7-0ea8f4bb1aee req-8cff6add-0cf4-4d61-98e7-0ea8f4bb1aee ] Request (KeyPairsV2TestJSON:setUpClass): 201 POST http://10.180.1.21/identity/v3/auth/tokens 0.030s
2025-12-08 19:24:20.464 66745 INFO tempest.lib.common.rest_client [req-0c5acf5a-d861-44e4-b9d7-7f3ea96fec55 req-0c5acf5a-d861-44e4-b9d7-7f3ea96fec55 ] Request (ServerAddressesNegativeTestJSON:tearDownClass): 204 DELETE http://10.180.1.21/identity/v3/projects/73b9c9b2ab02451fa33e896b3a643bbd 0.124s
2025-12-08 19:24:20.496 66701 INFO tempest.lib.common.rest_client [req-27b1e1df-f59d-4c5e-8a32-90b5353b60bf req-27b1e1df-f59d-4c5e-8a32-90b5353b60bf ] Request (KeyPairsV2TestJSON:setUpClass): 200 GET http://10.180.1.21/identity/v3/domains?name=Default 0.064s
2025-12-08 19:24:20.496 66745 INFO tempest.lib.common.rest_client [req-8ddaa96e-b2d5-41f1-a649-5d2e9defe179 req-8ddaa96e-b2d5-41f1-a649-5d2e9defe179 ] Request (ServerPasswordTestJSON:setUpClass): 201 POST http://10.180.1.21/identity/v3/auth/tokens 0.031s
2025-12-08 19:24:20.527 66711 INFO tempest.lib.common.rest_client [req-8d27f5db-ac3c-4793-9262-35399d4588df req-8d27f5db-ac3c-4793-9262-35399d4588df ] Request (AggregatesAdminNegativeTestJSON:tearDownClass): 200 GET http://10.180.1.21/networking/v2.0/security-groups?tenant_id=c5df6c15a5784c46bebfb045f5bfbe4c&name=default 0.192s
2025-12-08 19:24:20.532 66701 INFO tempest.lib.common.rest_client [req-114c936e-3678-4df2-a529-2def0fbdccea req-114c936e-3678-4df2-a529-2def0fbdccea ] Request (KeyPairsV2TestJSON:setUpClass): 201 POST http://10.180.1.21/identity/v3/projects 0.035s
2025-12-08 19:24:20.536 66745 INFO tempest.lib.common.rest_client [req-2a3bcdc7-d58b-43f0-9793-9d1a9daa52a9 req-2a3bcdc7-d58b-43f0-9793-9d1a9daa52a9 ] Request (ServerPasswordTestJSON:setUpClass): 201 POST http://10.180.1.21/identity/v3/auth/tokens 0.035s
2025-12-08 19:24:20.611 66745 INFO tempest.lib.common.rest_client [req-232872c5-f683-4ccf-a5ae-c1a22fba2d4c req-232872c5-f683-4ccf-a5ae-c1a22fba2d4c ] Request (ServerPasswordTestJSON:setUpClass): 200 GET http://10.180.1.21/identity/v3/domains?name=Default 0.074s
2025-12-08 19:24:20.623 66701 INFO tempest.lib.common.rest_client [req-800c6c96-3f40-412b-b5ce-4ca5521329d8 req-800c6c96-3f40-412b-b5ce-4ca5521329d8 ] Request (KeyPairsV2TestJSON:setUpClass): 201 POST http://10.180.1.21/identity/v3/users 0.090s
2025-12-08 19:24:20.646 66701 INFO tempest.lib.common.rest_client [req-7f35189b-c1ba-4d39-be50-66f3a506ffe5 req-7f35189b-c1ba-4d39-be50-66f3a506ffe5 ] Request (KeyPairsV2TestJSON:setUpClass): 200 GET http://10.180.1.21/identity/v3/roles 0.022s
2025-12-08 19:24:20.646 66745 INFO tempest.lib.common.rest_client [req-52508267-b413-40e5-958d-56deb2bc17cb req-52508267-b413-40e5-958d-56deb2bc17cb ] Request (ServerPasswordTestJSON:setUpClass): 201 POST http://10.180.1.21/identity/v3/projects 0.034s
2025-12-08 19:24:20.723 66711 INFO tempest.lib.common.rest_client [req-d44874ba-cfc9-4cd6-b040-bfc12066a4a2 req-d44874ba-cfc9-4cd6-b040-bfc12066a4a2 ] Request (AggregatesAdminNegativeTestJSON:tearDownClass): 204 DELETE http://10.180.1.21/networking/v2.0/security-groups/bc73881f-7b7a-4923-9458-d80050bd9fd0 0.195s
2025-12-08 19:24:20.759 66701 INFO tempest.lib.common.rest_client [req-bf21e78b-7b9c-418b-bc60-507ba53b7195 req-bf21e78b-7b9c-418b-bc60-507ba53b7195 ] Request (KeyPairsV2TestJSON:setUpClass): 204 PUT http://10.180.1.21/identity/v3/projects/078f75b2201246f0acd965b2f65ae917/users/3c3474be3a47404e90336584e9f92857/roles/7d2012bb191442c5b1786bc830410ced 0.112s
2025-12-08 19:24:20.759 66701 INFO tempest.lib.common.dynamic_creds [-] Dynamic test user 3c3474be3a47404e90336584e9f92857 is created with scope project and roles: ['member']
2025-12-08 19:24:20.759 66701 INFO tempest.lib.common.dynamic_creds [-] Acquired dynamic creds: credentials: Credentials: {'domain_id': 'default', 'domain_name': 'Default', 'username': 'tempest-KeyPairsV2TestJSON-1188560287-project-member', 'project_domain_id': 'default', 'project_domain_name': 'Default', 'project_id': '078f75b2201246f0acd965b2f65ae917', 'project_name': 'tempest-KeyPairsV2TestJSON-1188560287', 'tenant_id': '078f75b2201246f0acd965b2f65ae917', 'tenant_name': 'tempest-KeyPairsV2TestJSON-1188560287', 'user_domain_id': 'default', 'user_domain_name': 'Default', 'user_id': '3c3474be3a47404e90336584e9f92857', 'system': None}, Network: None, Subnet: None, Router: None
2025-12-08 19:24:20.759 66701 INFO tempest.lib.common.dynamic_creds [-] Created isolated network resources for: credentials: Credentials: {'domain_id': 'default', 'domain_name': 'Default', 'username': 'tempest-KeyPairsV2TestJSON-1188560287-project-member', 'project_domain_id': 'default', 'project_domain_name': 'Default', 'project_id': '078f75b2201246f0acd965b2f65ae917', 'project_name': 'tempest-KeyPairsV2TestJSON-1188560287', 'tenant_id': '078f75b2201246f0acd965b2f65ae917', 'tenant_name': 'tempest-KeyPairsV2TestJSON-1188560287', 'user_domain_id': 'default', 'user_domain_name': 'Default', 'user_id': '3c3474be3a47404e90336584e9f92857', 'system': None}, Network: None, Subnet: None, Router: None
2025-12-08 19:24:20.760 66745 INFO tempest.lib.common.rest_client [req-b010b3e8-47b9-445a-99cb-75e161103c80 req-b010b3e8-47b9-445a-99cb-75e161103c80 ] Request (ServerPasswordTestJSON:setUpClass): 201 POST http://10.180.1.21/identity/v3/users 0.114s
2025-12-08 19:24:20.768 66741 INFO tempest.lib.common.rest_client [req-4d71c60c-5f9e-4c84-9726-dfd47be58164 req-4d71c60c-5f9e-4c84-9726-dfd47be58164 ] Request (ImagesNegativeTestJSON:tearDownClass): 204 DELETE http://10.180.1.21/networking/v2.0/routers/c81b5720-cf7d-4b5c-b9c7-712b52583930 0.642s
2025-12-08 19:24:20.810 66721 INFO tempest.lib.common.rest_client [req-555b4af5-76de-4180-94f7-866ff580e731 req-555b4af5-76de-4180-94f7-866ff580e731 ] Request (ListServerFiltersTestJSON:test_list_servers_detailed_limit_results): 200 GET http://10.180.1.21/compute/v2.1/servers/detail?limit=1 4.008s
2025-12-08 19:24:20.842 66745 INFO tempest.lib.common.rest_client [req-6655632a-9f23-451b-87cc-cf232c11aab3 req-6655632a-9f23-451b-87cc-cf232c11aab3 ] Request (ServerPasswordTestJSON:setUpClass): 200 GET http://10.180.1.21/identity/v3/roles 0.080s
2025-12-08 19:24:20.877 66757 INFO tempest.lib.common.rest_client [req-adb8afc0-c0de-4d48-9bba-f16b76e3cfc4 req-adb8afc0-c0de-4d48-9bba-f16b76e3cfc4 ] Request (ServerRescueTestJSONUnderV235:test_rescued_vm_associate_dissociate_floating_ip): 202 POST http://10.180.1.21/compute/v2.1/servers/549ce049-06f9-4339-b198-71aaadf9cbcd/action 5.224s
2025-12-08 19:24:20.905 66747 INFO tempest.lib.common.rest_client [req-6918acf5-fd4c-4f22-b250-141e0c63f8b6 req-6918acf5-fd4c-4f22-b250-141e0c63f8b6 ] Request (SecurityGroupsTestJSON:test_list_security_groups_by_server): 200 GET http://10.180.1.21/compute/v2.1/servers/a4a43283-e3dc-4955-adda-10dea57b940a 4.062s
2025-12-08 19:24:20.917 66747 INFO tempest.common.waiters [-] State transition "BUILD/scheduling" ==> "BUILD/None" after 5 second wait
2025-12-08 19:24:20.929 66711 INFO tempest.lib.common.rest_client [req-a698b5e7-6f8c-4f68-a13e-fc9c8f76bb13 req-a698b5e7-6f8c-4f68-a13e-fc9c8f76bb13 ] Request (AggregatesAdminNegativeTestJSON:tearDownClass): 204 DELETE http://10.180.1.21/identity/v3/projects/c5df6c15a5784c46bebfb045f5bfbe4c 0.205s
2025-12-08 19:24:20.952 66701 INFO tempest.lib.common.rest_client [req-40ea6c11-5d56-4e80-b1c0-57ed0368be4d req-40ea6c11-5d56-4e80-b1c0-57ed0368be4d ] Request (KeyPairsV2TestJSON:setUpClass): 201 POST http://10.180.1.21/identity/v3/auth/tokens 0.183s
2025-12-08 19:24:20.969 66741 INFO tempest.lib.common.rest_client [req-e61dcef9-97bb-4142-bb38-fbaf76647ed6 req-e61dcef9-97bb-4142-bb38-fbaf76647ed6 ] Request (ImagesNegativeTestJSON:tearDownClass): 204 DELETE http://10.180.1.21/networking/v2.0/subnets/11c6d68c-0b3e-47f1-bc8d-b7c00c38ef5e 0.200s
2025-12-08 19:24:21.013 66745 INFO tempest.lib.common.rest_client [req-49be5fa8-4a73-4c04-aafe-08c4845162a3 req-49be5fa8-4a73-4c04-aafe-08c4845162a3 ] Request (ServerPasswordTestJSON:setUpClass): 204 PUT http://10.180.1.21/identity/v3/projects/2671d5d38483411bbde7043d5fa4b173/users/9d66adfa09094a71ba3c5d765b435f29/roles/7d2012bb191442c5b1786bc830410ced 0.171s
2025-12-08 19:24:21.014 66745 INFO tempest.lib.common.dynamic_creds [-] Dynamic test user 9d66adfa09094a71ba3c5d765b435f29 is created with scope project and roles: ['member']
2025-12-08 19:24:21.014 66745 INFO tempest.lib.common.dynamic_creds [-] Acquired dynamic creds: credentials: Credentials: {'domain_id': 'default', 'domain_name': 'Default', 'username': 'tempest-ServerPasswordTestJSON-1688975540-project-member', 'project_domain_id': 'default', 'project_domain_name': 'Default', 'project_id': '2671d5d38483411bbde7043d5fa4b173', 'project_name': 'tempest-ServerPasswordTestJSON-1688975540', 'tenant_id': '2671d5d38483411bbde7043d5fa4b173', 'tenant_name': 'tempest-ServerPasswordTestJSON-1688975540', 'user_domain_id': 'default', 'user_domain_name': 'Default', 'user_id': '9d66adfa09094a71ba3c5d765b435f29', 'system': None}, Network: None, Subnet: None, Router: None
2025-12-08 19:24:21.094 66731 INFO tempest.lib.common.rest_client [req-c0a4d3b2-21dd-4b2e-9945-d2eb4ea5d13b req-c0a4d3b2-21dd-4b2e-9945-d2eb4ea5d13b ] Request (AbsoluteLimitsTestJSON:test_absLimits_get): 200 GET http://10.180.1.21/compute/v2.1/limits 4.153s
2025-12-08 19:24:21.126 66711 INFO tempest.lib.common.rest_client [req-eb45bc49-aa5f-44cf-9f2f-f14e57d8e2ba req-eb45bc49-aa5f-44cf-9f2f-f14e57d8e2ba ] Request (FlavorsV2NegativeTest:setUpClass): 201 POST http://10.180.1.21/identity/v3/auth/tokens 0.196s
2025-12-08 19:24:21.156 66745 INFO tempest.lib.common.rest_client [req-5b27af0d-eaed-43d4-bed8-5e6a67406f73 req-5b27af0d-eaed-43d4-bed8-5e6a67406f73 ] Request (ServerPasswordTestJSON:setUpClass): 201 POST http://10.180.1.21/identity/v3/auth/tokens 0.142s
2025-12-08 19:24:21.170 66739 INFO tempest.lib.common.rest_client [req-e5cd0ec8-4b13-4602-b422-7cf3d3d24f58 req-e5cd0ec8-4b13-4602-b422-7cf3d3d24f58 ] Request (ValidationResourcesFixture:setUp): 200 POST http://10.180.1.21/compute/v2.1/os-keypairs 4.027s
2025-12-08 19:24:21.208 66743 INFO tempest.lib.common.rest_client [req-5e919f26-33e2-4862-aa7c-efbd37923318 req-5e919f26-33e2-4862-aa7c-efbd37923318 ] Request (ServersNegativeTestMultiTenantJSON:test_delete_a_server_of_another_tenant): 404 DELETE http://10.180.1.21/compute/v2.1/servers/1e915c7d-56ef-4d5e-8c77-a6897a7e6371 4.061s
2025-12-08 19:24:21.225 66755 INFO tempest.lib.common.rest_client [req-8db352c9-df02-466f-93f8-84618b1c3128 req-8db352c9-df02-466f-93f8-84618b1c3128 ] Request (ListImageFiltersTestJSON:setUpClass): 200 GET http://10.180.1.21/compute/v2.1/images/2f79d6cc-b9a4-483b-a2a2-b2542798db0c 4.022s
2025-12-08 19:24:21.285 66711 INFO tempest.lib.common.rest_client [req-8d24146e-5555-4b99-b34c-cb3d93da49bd req-8d24146e-5555-4b99-b34c-cb3d93da49bd ] Request (FlavorsV2NegativeTest:setUpClass): 201 POST http://10.180.1.21/identity/v3/auth/tokens 0.152s
2025-12-08 19:24:21.291 66731 INFO tempest.lib.common.rest_client [req-9955defc-b393-4949-923c-f1e34a1e11be req-9955defc-b393-4949-923c-f1e34a1e11be ] Request (AbsoluteLimitsTestJSON:tearDownClass): 204 DELETE http://10.180.1.21/identity/v3/users/bca9d07cd6ae48dbb3ddaa4131c63f5c 0.191s
2025-12-08 19:24:21.292 66731 INFO tempest.lib.common.dynamic_creds [-] Deleting project and security group for project: 6c068d81e8824f72ac04d7d60ae97cdc
2025-12-08 19:24:21.320 66741 INFO tempest.lib.common.rest_client [req-5eb7d29c-68a4-4ce4-9e0d-e5e0e67cc3d0 req-5eb7d29c-68a4-4ce4-9e0d-e5e0e67cc3d0 ] Request (ImagesNegativeTestJSON:tearDownClass): 204 DELETE http://10.180.1.21/networking/v2.0/networks/cd06d5e2-1cfb-4db6-a0e6-daefbd10d779 0.351s
2025-12-08 19:24:21.428 66699 INFO paramiko.transport [-] Connected (version 2.0, client dropbear_2020.81)
2025-12-08 19:24:21.452 66731 INFO tempest.lib.common.rest_client [req-d0c1d3bf-ff6b-4175-9a92-71257adbc947 req-d0c1d3bf-ff6b-4175-9a92-71257adbc947 ] Request (AbsoluteLimitsTestJSON:tearDownClass): 201 POST http://10.180.1.21/identity/v3/auth/tokens 0.160s
2025-12-08 19:24:21.452 66739 INFO tempest.lib.common.rest_client [req-dd6db404-2d86-40c6-a1ad-1da5239fbf76 req-dd6db404-2d86-40c6-a1ad-1da5239fbf76 ] Request (ValidationResourcesFixture:setUp): 201 POST http://10.180.1.21/networking/v2.0/security-groups 0.281s
2025-12-08 19:24:21.482 66711 INFO tempest.lib.common.rest_client [req-900d234b-5425-414d-a082-c3e933980625 req-900d234b-5425-414d-a082-c3e933980625 ] Request (FlavorsV2NegativeTest:setUpClass): 200 GET http://10.180.1.21/identity/v3/domains?name=Default 0.196s
2025-12-08 19:24:21.502 66725 INFO tempest.lib.common.rest_client [req-53e2eb07-65a1-4156-ae1d-2634eb1fe558 req-53e2eb07-65a1-4156-ae1d-2634eb1fe558 ] Request (ImagesTestJSON:test_create_image_from_stopped_server): 200 GET http://10.180.1.21/compute/v2.1/servers/a8de50dc-c51e-4903-aa25-0c4467bb618d 4.130s
2025-12-08 19:24:21.539 66699 INFO paramiko.transport [-] Authentication (publickey) successful!
2025-12-08 19:24:21.539 66699 INFO tempest.lib.common.ssh [-] ssh connection to cirros@10.180.180.245 successfully created
2025-12-08 19:24:21.571 66741 INFO tempest.lib.common.rest_client [req-04f5776b-cbbb-4ae6-b1a5-03868ce40365 req-04f5776b-cbbb-4ae6-b1a5-03868ce40365 ] Request (ImagesNegativeTestJSON:tearDownClass): 204 DELETE http://10.180.1.21/identity/v3/users/542a8380be504999a8c935a123347a80 0.246s
2025-12-08 19:24:21.571 66741 INFO tempest.lib.common.dynamic_creds [-] Deleting project and security group for project: 15cd13acc38d4d67a8ce2a045d5ee770
2025-12-08 19:24:21.586 66739 INFO tempest.lib.common.rest_client [req-bebfc27e-5df3-4a27-982a-3e17e8477859 req-bebfc27e-5df3-4a27-982a-3e17e8477859 ] Request (ValidationResourcesFixture:setUp): 201 POST http://10.180.1.21/networking/v2.0/security-group-rules 0.133s
2025-12-08 19:24:21.650 66711 INFO tempest.lib.common.rest_client [req-f3a49436-7535-430b-ba5d-66c8f64c1077 req-f3a49436-7535-430b-ba5d-66c8f64c1077 ] Request (FlavorsV2NegativeTest:setUpClass): 201 POST http://10.180.1.21/identity/v3/projects 0.167s
2025-12-08 19:24:21.713 66745 INFO tempest.lib.common.rest_client [req-aa3d2f16-a251-45f9-b8db-522ef99d9876 req-aa3d2f16-a251-45f9-b8db-522ef99d9876 ] Request (ServerPasswordTestJSON:setUpClass): 201 POST http://10.180.1.21/networking/v2.0/networks 0.557s
2025-12-08 19:24:21.740 66711 INFO tempest.lib.common.rest_client [req-91ef9b34-d138-4bf5-a18e-ee0cf2503db4 req-91ef9b34-d138-4bf5-a18e-ee0cf2503db4 ] Request (FlavorsV2NegativeTest:setUpClass): 201 POST http://10.180.1.21/identity/v3/users 0.089s
2025-12-08 19:24:21.766 66711 INFO tempest.lib.common.rest_client [req-4b4b0837-1467-45ca-9414-55430c1db3c8 req-4b4b0837-1467-45ca-9414-55430c1db3c8 ] Request (FlavorsV2NegativeTest:setUpClass): 200 GET http://10.180.1.21/identity/v3/roles 0.025s
2025-12-08 19:24:21.792 66741 INFO tempest.lib.common.rest_client [req-7f27c53a-b851-4c3c-8ec2-64c35872a0b8 req-7f27c53a-b851-4c3c-8ec2-64c35872a0b8 ] Request (ImagesNegativeTestJSON:tearDownClass): 200 GET http://10.180.1.21/networking/v2.0/security-groups?tenant_id=15cd13acc38d4d67a8ce2a045d5ee770&name=default 0.220s
2025-12-08 19:24:21.805 66711 INFO tempest.lib.common.rest_client [req-596eed3d-f61e-4b52-8367-01de3c5db2c5 req-596eed3d-f61e-4b52-8367-01de3c5db2c5 ] Request (FlavorsV2NegativeTest:setUpClass): 204 PUT http://10.180.1.21/identity/v3/projects/facc5d2e75564b8e97a52de923755ddb/users/b6428fa88d924764a6955bcab0aff635/roles/7d2012bb191442c5b1786bc830410ced 0.039s
2025-12-08 19:24:21.806 66711 INFO tempest.lib.common.dynamic_creds [-] Dynamic test user b6428fa88d924764a6955bcab0aff635 is created with scope project and roles: ['member']
2025-12-08 19:24:21.806 66711 INFO tempest.lib.common.dynamic_creds [-] Acquired dynamic creds: credentials: Credentials: {'domain_id': 'default', 'domain_name': 'Default', 'username': 'tempest-FlavorsV2NegativeTest-699423968-project-member', 'project_domain_id': 'default', 'project_domain_name': 'Default', 'project_id': 'facc5d2e75564b8e97a52de923755ddb', 'project_name': 'tempest-FlavorsV2NegativeTest-699423968', 'tenant_id': 'facc5d2e75564b8e97a52de923755ddb', 'tenant_name': 'tempest-FlavorsV2NegativeTest-699423968', 'user_domain_id': 'default', 'user_domain_name': 'Default', 'user_id': 'b6428fa88d924764a6955bcab0aff635', 'system': None}, Network: None, Subnet: None, Router: None
2025-12-08 19:24:21.806 66711 INFO tempest.lib.common.dynamic_creds [-] Created isolated network resources for: credentials: Credentials: {'domain_id': 'default', 'domain_name': 'Default', 'username': 'tempest-FlavorsV2NegativeTest-699423968-project-member', 'project_domain_id': 'default', 'project_domain_name': 'Default', 'project_id': 'facc5d2e75564b8e97a52de923755ddb', 'project_name': 'tempest-FlavorsV2NegativeTest-699423968', 'tenant_id': 'facc5d2e75564b8e97a52de923755ddb', 'tenant_name': 'tempest-FlavorsV2NegativeTest-699423968', 'user_domain_id': 'default', 'user_domain_name': 'Default', 'user_id': 'b6428fa88d924764a6955bcab0aff635', 'system': None}, Network: None, Subnet: None, Router: None
2025-12-08 19:24:21.844 66731 INFO tempest.lib.common.rest_client [req-2ee97a8a-6f43-4350-832a-2899623afc6f req-2ee97a8a-6f43-4350-832a-2899623afc6f ] Request (AbsoluteLimitsTestJSON:tearDownClass): 200 GET http://10.180.1.21/networking/v2.0/security-groups?tenant_id=6c068d81e8824f72ac04d7d60ae97cdc&name=default 0.391s
2025-12-08 19:24:21.896 66739 INFO tempest.lib.common.rest_client [req-94294225-af57-4f5c-bc12-0c6601736efb req-94294225-af57-4f5c-bc12-0c6601736efb ] Request (ValidationResourcesFixture:setUp): 201 POST http://10.180.1.21/networking/v2.0/security-group-rules 0.309s
2025-12-08 19:24:21.902 66711 INFO tempest.lib.common.rest_client [req-0b768d6a-06ae-4473-aac9-a106cbf827f9 req-0b768d6a-06ae-4473-aac9-a106cbf827f9 ] Request (FlavorsV2NegativeTest:setUpClass): 201 POST http://10.180.1.21/identity/v3/auth/tokens 0.092s
2025-12-08 19:24:21.929 66755 INFO tempest.lib.common.rest_client [req-12ebe09c-4ff0-422f-9466-fef4860f01af req-12ebe09c-4ff0-422f-9466-fef4860f01af ] Request (ListImageFiltersTestJSON:setUpClass): 201 POST http://10.180.1.21/image/v2/images 0.699s
2025-12-08 19:24:21.972 66705 INFO tempest.lib.common.rest_client [req-a295503a-aa1a-48eb-8dd3-fdb0f81666e0 req-a295503a-aa1a-48eb-8dd3-fdb0f81666e0 ] Request (AttachInterfacesTestJSON:test_create_list_show_delete_interfaces_by_fixed_ip): 200 GET http://10.180.1.21/compute/v2.1/servers/abb8880b-95ca-4023-ae10-6708cd7b884a 3.853s
2025-12-08 19:24:21.982 66705 INFO tempest.common.waiters [-] State transition "BUILD/spawning" ==> "ACTIVE/None" after 35 second wait
2025-12-08 19:24:22.059 66741 INFO tempest.lib.common.rest_client [req-79b7c8cd-cd17-4762-b97f-09e4e9e42757 req-79b7c8cd-cd17-4762-b97f-09e4e9e42757 ] Request (ImagesNegativeTestJSON:tearDownClass): 204 DELETE http://10.180.1.21/networking/v2.0/security-groups/5e22d997-afe8-4ec3-820c-89b3c5da258a 0.266s
2025-12-08 19:24:22.080 66745 INFO tempest.lib.common.rest_client [req-0ff3f4b2-5b83-4fcb-9228-89d88617aaa1 req-0ff3f4b2-5b83-4fcb-9228-89d88617aaa1 ] Request (ServerPasswordTestJSON:setUpClass): 201 POST http://10.180.1.21/networking/v2.0/subnets 0.366s
2025-12-08 19:24:22.141 66731 INFO tempest.lib.common.rest_client [req-ac8cbf83-1180-4e8f-9d45-49dd699d59e1 req-ac8cbf83-1180-4e8f-9d45-49dd699d59e1 ] Request (AbsoluteLimitsTestJSON:tearDownClass): 204 DELETE http://10.180.1.21/networking/v2.0/security-groups/11e14595-e448-4239-96e8-d533c30ad360 0.297s
2025-12-08 19:24:22.167 66759 INFO tempest.lib.common.rest_client [req-233a4266-d158-4824-b685-6c839fcc0850 req-233a4266-d158-4824-b685-6c839fcc0850 ] Request (ServersTestBootFromVolume:test_list_servers_with_detail): 200 GET http://10.180.1.21/compute/v2.1/servers/detail 4.644s
2025-12-08 19:24:22.188 66741 INFO tempest.lib.common.rest_client [req-5f0af0c4-d490-489b-8e23-d3f81f39fe8b req-5f0af0c4-d490-489b-8e23-d3f81f39fe8b ] Request (ImagesNegativeTestJSON:tearDownClass): 204 DELETE http://10.180.1.21/identity/v3/projects/15cd13acc38d4d67a8ce2a045d5ee770 0.129s
2025-12-08 19:24:22.218 66741 INFO tempest.lib.common.rest_client [req-6a791354-6926-4d1d-ba5c-32b2ccc70438 req-6a791354-6926-4d1d-ba5c-32b2ccc70438 ] Request (KeyPairsV22TestJSON:setUpClass): 201 POST http://10.180.1.21/identity/v3/auth/tokens 0.028s
2025-12-08 19:24:22.233 66737 INFO tempest.lib.common.rest_client [req-50cfde5e-d21f-45bc-8168-8a2cc8cd22fb req-50cfde5e-d21f-45bc-8168-8a2cc8cd22fb ] Request (ServersListShow296Test:test_list_show_update_rebuild_server_296): 200 GET http://10.180.1.21/compute/v2.1/servers/97829d5f-f110-46bf-a015-06c32b75744f 4.004s
2025-12-08 19:24:22.238 66731 INFO tempest.lib.common.rest_client [req-1ecba23a-1671-4b42-8c26-cd2ce5d35a45 req-1ecba23a-1671-4b42-8c26-cd2ce5d35a45 ] Request (AbsoluteLimitsTestJSON:tearDownClass): 204 DELETE http://10.180.1.21/identity/v3/projects/6c068d81e8824f72ac04d7d60ae97cdc 0.096s
2025-12-08 19:24:22.303 66741 INFO tempest.lib.common.rest_client [req-86b15833-4e82-4270-b54c-d5186b0e1567 req-86b15833-4e82-4270-b54c-d5186b0e1567 ] Request (KeyPairsV22TestJSON:setUpClass): 201 POST http://10.180.1.21/identity/v3/auth/tokens 0.080s
2025-12-08 19:24:22.327 66731 INFO tempest.lib.common.rest_client [req-7672cddc-296f-4b77-b410-a1b43fb6cf46 req-7672cddc-296f-4b77-b410-a1b43fb6cf46 ] Request (ServerDiskConfigTestJSON:setUpClass): 201 POST http://10.180.1.21/identity/v3/auth/tokens 0.087s
2025-12-08 19:24:22.328 66753 WARNING tempest.lib.common.ssh [-] Failed to establish authenticated ssh connection to cirros@10.180.180.242 ([Errno None] Unable to connect to port 22 on 10.180.180.242). Number attempts: 7. Retry after 8 seconds.: paramiko.ssh_exception.NoValidConnectionsError: [Errno None] Unable to connect to port 22 on 10.180.180.242
2025-12-08 19:24:22.330 66741 INFO tempest.lib.common.rest_client [req-464ec83f-f16e-46e9-80b6-53dd48edc045 req-464ec83f-f16e-46e9-80b6-53dd48edc045 ] Request (KeyPairsV22TestJSON:setUpClass): 200 GET http://10.180.1.21/identity/v3/domains?name=Default 0.026s
2025-12-08 19:24:22.357 66731 INFO tempest.lib.common.rest_client [req-f30f8147-1ba2-4855-a835-0737cdfd4fc7 req-f30f8147-1ba2-4855-a835-0737cdfd4fc7 ] Request (ServerDiskConfigTestJSON:setUpClass): 201 POST http://10.180.1.21/identity/v3/auth/tokens 0.027s
2025-12-08 19:24:22.359 66741 INFO tempest.lib.common.rest_client [req-8bd0b57e-5e59-42f8-abd8-4f514c0913cf req-8bd0b57e-5e59-42f8-abd8-4f514c0913cf ] Request (KeyPairsV22TestJSON:setUpClass): 201 POST http://10.180.1.21/identity/v3/projects 0.029s
2025-12-08 19:24:22.413 66731 INFO tempest.lib.common.rest_client [req-5ed99154-24d0-440e-9be0-2dafc0918e5a req-5ed99154-24d0-440e-9be0-2dafc0918e5a ] Request (ServerDiskConfigTestJSON:setUpClass): 200 GET http://10.180.1.21/identity/v3/domains?name=Default 0.055s
2025-12-08 19:24:22.423 66741 INFO tempest.lib.common.rest_client [req-47248ea7-9341-4234-82d7-ed4de3a1e677 req-47248ea7-9341-4234-82d7-ed4de3a1e677 ] Request (KeyPairsV22TestJSON:setUpClass): 201 POST http://10.180.1.21/identity/v3/users 0.063s
2025-12-08 19:24:22.450 66741 INFO tempest.lib.common.rest_client [req-4d3d8746-a015-4499-918a-3cf2c74cadcf req-4d3d8746-a015-4499-918a-3cf2c74cadcf ] Request (KeyPairsV22TestJSON:setUpClass): 200 GET http://10.180.1.21/identity/v3/roles 0.025s
2025-12-08 19:24:22.456 66731 INFO tempest.lib.common.rest_client [req-b6d87efe-5c6e-4679-b228-a6dd62fd97c2 req-b6d87efe-5c6e-4679-b228-a6dd62fd97c2 ] Request (ServerDiskConfigTestJSON:setUpClass): 201 POST http://10.180.1.21/identity/v3/projects 0.042s
2025-12-08 19:24:22.528 66741 INFO tempest.lib.common.rest_client [req-c7f89f3e-a5da-41ab-87c1-76aa5b4b6eb2 req-c7f89f3e-a5da-41ab-87c1-76aa5b4b6eb2 ] Request (KeyPairsV22TestJSON:setUpClass): 204 PUT http://10.180.1.21/identity/v3/projects/3a957028523848f2b77b4e9a464858f5/users/6aa9e77a41fe44cca340c12b44e34315/roles/7d2012bb191442c5b1786bc830410ced 0.078s
2025-12-08 19:24:22.528 66741 INFO tempest.lib.common.dynamic_creds [-] Dynamic test user 6aa9e77a41fe44cca340c12b44e34315 is created with scope project and roles: ['member']
2025-12-08 19:24:22.528 66741 INFO tempest.lib.common.dynamic_creds [-] Acquired dynamic creds: credentials: Credentials: {'domain_id': 'default', 'domain_name': 'Default', 'username': 'tempest-KeyPairsV22TestJSON-1031218321-project-member', 'project_domain_id': 'default', 'project_domain_name': 'Default', 'project_id': '3a957028523848f2b77b4e9a464858f5', 'project_name': 'tempest-KeyPairsV22TestJSON-1031218321', 'tenant_id': '3a957028523848f2b77b4e9a464858f5', 'tenant_name': 'tempest-KeyPairsV22TestJSON-1031218321', 'user_domain_id': 'default', 'user_domain_name': 'Default', 'user_id': '6aa9e77a41fe44cca340c12b44e34315', 'system': None}, Network: None, Subnet: None, Router: None
2025-12-08 19:24:22.529 66741 INFO tempest.lib.common.dynamic_creds [-] Created isolated network resources for: credentials: Credentials: {'domain_id': 'default', 'domain_name': 'Default', 'username': 'tempest-KeyPairsV22TestJSON-1031218321-project-member', 'project_domain_id': 'default', 'project_domain_name': 'Default', 'project_id': '3a957028523848f2b77b4e9a464858f5', 'project_name': 'tempest-KeyPairsV22TestJSON-1031218321', 'tenant_id': '3a957028523848f2b77b4e9a464858f5', 'tenant_name': 'tempest-KeyPairsV22TestJSON-1031218321', 'user_domain_id': 'default', 'user_domain_name': 'Default', 'user_id': '6aa9e77a41fe44cca340c12b44e34315', 'system': None}, Network: None, Subnet: None, Router: None
2025-12-08 19:24:22.531 66731 INFO tempest.lib.common.rest_client [req-bd19ad0c-1e34-46ca-bafe-1fcc6e8b0874 req-bd19ad0c-1e34-46ca-bafe-1fcc6e8b0874 ] Request (ServerDiskConfigTestJSON:setUpClass): 201 POST http://10.180.1.21/identity/v3/users 0.075s
2025-12-08 19:24:22.549 66739 INFO tempest.lib.common.rest_client [req-54e3ceb5-cd4f-4fd6-9c28-ef6ec1140d9d req-54e3ceb5-cd4f-4fd6-9c28-ef6ec1140d9d ] Request (ValidationResourcesFixture:setUp): 201 POST http://10.180.1.21/networking/v2.0/floatingips 0.653s
2025-12-08 19:24:22.582 66733 INFO tempest.lib.common.rest_client [req-07b71e29-6a4d-4eb4-8cae-b8b83a49842f req-07b71e29-6a4d-4eb4-8cae-b8b83a49842f ] Request (InstanceActionsNegativeTestJSON:setUpClass): 200 GET http://10.180.1.21/compute/v2.1/servers/2007d9ab-7ce6-48f2-80a0-f56cfebdc650 4.279s
2025-12-08 19:24:22.586 66731 INFO tempest.lib.common.rest_client [req-a374d4bb-fa82-46b1-9944-978adfafb1d6 req-a374d4bb-fa82-46b1-9944-978adfafb1d6 ] Request (ServerDiskConfigTestJSON:setUpClass): 200 GET http://10.180.1.21/identity/v3/roles 0.054s
2025-12-08 19:24:22.641 66741 INFO tempest.lib.common.rest_client [req-b51c41bd-4407-4041-b98a-55b669e0f086 req-b51c41bd-4407-4041-b98a-55b669e0f086 ] Request (KeyPairsV22TestJSON:setUpClass): 201 POST http://10.180.1.21/identity/v3/auth/tokens 0.108s
2025-12-08 19:24:22.656 66739 INFO tempest.lib.common.rest_client [req-2bdc4610-0b44-411e-a743-3d64f649876c req-2bdc4610-0b44-411e-a743-3d64f649876c ] Request (AttachInterfacesUnderV243Test:test_add_remove_fixed_ip): 201 POST http://10.180.1.21/identity/v3/auth/tokens 0.101s
2025-12-08 19:24:22.656 66739 INFO tempest.lib.common.fixed_network [-] (AttachInterfacesUnderV243Test:test_add_remove_fixed_ip) Found network {'id': '3737a61d-0b5b-4945-b084-6c74f4c23a26', 'name': 'tempest-AttachInterfacesUnderV243Test-1988122421-network', 'tenant_id': '125581ccdc4c403a8c456661fc989432', 'project_id': '125581ccdc4c403a8c456661fc989432', 'admin_state_up': True, 'mtu': 8950, 'status': 'ACTIVE', 'subnets': [], 'shared': False, 'port_security_enabled': True, 'router:external': False, 'provider:network_type': 'vlan', 'provider:physical_network': 'default', 'provider:segmentation_id': 112, 'availability_zone_hints': [], 'availability_zones': [], 'ipv4_address_scope': None, 'ipv6_address_scope': None, 'description': '', 'tags': [], 'created_at': '2025-12-08T19:24:14Z', 'updated_at': '2025-12-08T19:24:14Z', 'revision_number': 1} available for tenant
2025-12-08 19:24:22.682 66731 INFO tempest.lib.common.rest_client [req-05e19ff1-3ef8-41ee-a9ea-6f868267bb9e req-05e19ff1-3ef8-41ee-a9ea-6f868267bb9e ] Request (ServerDiskConfigTestJSON:setUpClass): 204 PUT http://10.180.1.21/identity/v3/projects/afd198f849824dfa8b65fb258b53387e/users/d82a6cb4a38d4a5c9980fe58c197e1b1/roles/7d2012bb191442c5b1786bc830410ced 0.094s
2025-12-08 19:24:22.682 66731 INFO tempest.lib.common.dynamic_creds [-] Dynamic test user d82a6cb4a38d4a5c9980fe58c197e1b1 is created with scope project and roles: ['member']
2025-12-08 19:24:22.683 66731 INFO tempest.lib.common.dynamic_creds [-] Acquired dynamic creds: credentials: Credentials: {'domain_id': 'default', 'domain_name': 'Default', 'username': 'tempest-ServerDiskConfigTestJSON-1142023947-project-member', 'project_domain_id': 'default', 'project_domain_name': 'Default', 'project_id': 'afd198f849824dfa8b65fb258b53387e', 'project_name': 'tempest-ServerDiskConfigTestJSON-1142023947', 'tenant_id': 'afd198f849824dfa8b65fb258b53387e', 'tenant_name': 'tempest-ServerDiskConfigTestJSON-1142023947', 'user_domain_id': 'default', 'user_domain_name': 'Default', 'user_id': 'd82a6cb4a38d4a5c9980fe58c197e1b1', 'system': None}, Network: None, Subnet: None, Router: None
2025-12-08 19:24:22.782 66731 INFO tempest.lib.common.rest_client [req-e8f81033-40b0-49f9-92f5-69b352e494be req-e8f81033-40b0-49f9-92f5-69b352e494be ] Request (ServerDiskConfigTestJSON:setUpClass): 201 POST http://10.180.1.21/identity/v3/auth/tokens 0.099s
2025-12-08 19:24:23.034 66729 INFO tempest.lib.common.rest_client [req-0390f391-25bf-4aa5-b8c1-49b76bda4100 req-0390f391-25bf-4aa5-b8c1-49b76bda4100 ] Request (ServerShowV247Test:test_update_rebuild_list_server): 200 GET http://10.180.1.21/compute/v2.1/servers/bd39db90-d98b-4f6c-9c54-4798ce2b53c1 4.662s
2025-12-08 19:24:23.043 66713 INFO tempest.lib.common.rest_client [req-cc3f3a91-ad17-4794-9e53-43d76d81f905 req-cc3f3a91-ad17-4794-9e53-43d76d81f905 ] Request (FloatingIPsAssociationNegativeTestJSON:setUpClass): 200 GET http://10.180.1.21/compute/v2.1/servers/cc87591c-268f-433c-8e29-273f66ad276b 4.645s
2025-12-08 19:24:23.048 66729 INFO tempest.common.waiters [-] State transition "BUILD/None" ==> "BUILD/spawning" after 24 second wait
2025-12-08 19:24:23.052 66745 INFO tempest.lib.common.rest_client [req-886cd10b-7f9e-4a17-8ad2-c3ef6a2dd727 req-886cd10b-7f9e-4a17-8ad2-c3ef6a2dd727 ] Request (ServerPasswordTestJSON:setUpClass): 201 POST http://10.180.1.21/networking/v2.0/routers 0.972s
2025-12-08 19:24:23.151 66703 INFO tempest.lib.common.rest_client [req-92f94ab1-ec90-4dd5-82cf-cab998eaef04 req-92f94ab1-ec90-4dd5-82cf-cab998eaef04 ] Request (VolumesAdminNegativeTest:tearDownClass): 204 DELETE http://10.180.1.21/compute/v2.1/servers/2f5b6ea6-ccca-4c1d-bcc1-ce79a65752ea 4.599s
2025-12-08 19:24:23.178 66717 INFO tempest.lib.common.rest_client [req-7deffa80-5cb4-43a0-af72-aec752314211 req-7deffa80-5cb4-43a0-af72-aec752314211 ] Request (ServersAdminNegativeTestJSON:test_resize_server_using_overlimit_ram): 200 POST http://10.180.1.21/compute/v2.1/flavors 4.600s
2025-12-08 19:24:23.200 66735 INFO tempest.lib.common.rest_client [req-b233043a-8564-418e-bd8c-641013e48a4a req-b233043a-8564-418e-bd8c-641013e48a4a ] Request (FlavorsAdminTestJSON:_run_cleanups): 202 DELETE http://10.180.1.21/compute/v2.1/flavors/1936365253 4.592s
2025-12-08 19:24:23.350 66731 INFO tempest.lib.common.rest_client [req-eefa0712-305f-4b01-afc6-807881de9400 req-eefa0712-305f-4b01-afc6-807881de9400 ] Request (ServerDiskConfigTestJSON:setUpClass): 201 POST http://10.180.1.21/networking/v2.0/networks 0.567s
2025-12-08 19:24:23.693 66755 INFO tempest.lib.common.rest_client [req-d0c96af1-08d0-4239-b453-43ed239646be req-d0c96af1-08d0-4239-b453-43ed239646be ] Request (ListImageFiltersTestJSON:setUpClass): 204 PUT http://10.180.1.21/image/v2/images/316f80a7-5e45-414d-b32a-118a81588b34/file 0.763s
2025-12-08 19:24:24.224 66745 INFO tempest.lib.common.rest_client [req-5115383d-6668-439b-a5fa-8affde908fdd req-5115383d-6668-439b-a5fa-8affde908fdd ] Request (ServerPasswordTestJSON:setUpClass): 200 PUT http://10.180.1.21/networking/v2.0/routers/c56faf0e-5945-4ee4-8f41-165088e1d54c/add_router_interface 1.171s
2025-12-08 19:24:24.224 66745 INFO tempest.lib.common.dynamic_creds [-] Created isolated network resources for: credentials: Credentials: {'domain_id': 'default', 'domain_name': 'Default', 'username': 'tempest-ServerPasswordTestJSON-1688975540-project-member', 'project_domain_id': 'default', 'project_domain_name': 'Default', 'project_id': '2671d5d38483411bbde7043d5fa4b173', 'project_name': 'tempest-ServerPasswordTestJSON-1688975540', 'tenant_id': '2671d5d38483411bbde7043d5fa4b173', 'tenant_name': 'tempest-ServerPasswordTestJSON-1688975540', 'user_domain_id': 'default', 'user_domain_name': 'Default', 'user_id': '9d66adfa09094a71ba3c5d765b435f29', 'system': None}, Network: {'id': 'd5299d73-3c68-4b1f-a186-09ecf1367dc9', 'name': 'tempest-ServerPasswordTestJSON-2075207539-network', 'tenant_id': '2671d5d38483411bbde7043d5fa4b173', 'project_id': '2671d5d38483411bbde7043d5fa4b173', 'admin_state_up': True, 'mtu': 8950, 'status': 'ACTIVE', 'subnets': [], 'shared': False, 'port_security_enabled': True, 'router:external': False, 'provider:network_type': 'vlan', 'provider:physical_network': 'default', 'provider:segmentation_id': 342, 'availability_zone_hints': [], 'availability_zones': [], 'ipv4_address_scope': None, 'ipv6_address_scope': None, 'description': '', 'tags': [], 'created_at': '2025-12-08T19:24:21Z', 'updated_at': '2025-12-08T19:24:21Z', 'revision_number': 1}, Subnet: {'id': '40bbf175-0cf5-48da-a579-7e97f2f035f9', 'name': 'tempest-ServerPasswordTestJSON-2075207539-subnet', 'tenant_id': '2671d5d38483411bbde7043d5fa4b173', 'network_id': 'd5299d73-3c68-4b1f-a186-09ecf1367dc9', 'ip_version': 4, 'subnetpool_id': None, 'enable_dhcp': True, 'ipv6_ra_mode': None, 'ipv6_address_mode': None, 'gateway_ip': '192.168.128.1', 'cidr': '192.168.128.0/28', 'allocation_pools': [{'start': '192.168.128.2', 'end': '192.168.128.14'}], 'host_routes': [], 'dns_nameservers': [], 'description': '', 'router:external': False, 'service_types': [], 'tags': [], 'created_at': '2025-12-08T19:24:21Z', 'updated_at': '2025-12-08T19:24:21Z', 'revision_number': 0, 'project_id': '2671d5d38483411bbde7043d5fa4b173'}, Router: {'id': 'c56faf0e-5945-4ee4-8f41-165088e1d54c', 'name': 'tempest-ServerPasswordTestJSON-2075207539-router', 'tenant_id': '2671d5d38483411bbde7043d5fa4b173', 'admin_state_up': True, 'status': 'ACTIVE', 'external_gateway_info': {'network_id': 'ca813f8a-dcb6-438e-a42e-ede9dfb0449f', 'external_fixed_ips': [{'subnet_id': '46c53e98-ecbb-46d2-aa8f-7daaeb90a632', 'ip_address': '10.180.180.205'}], 'enable_snat': True}, 'description': '', 'availability_zones': [], 'distributed': False, 'ha': False, 'availability_zone_hints': [], 'routes': [], 'flavor_id': None, 'tags': [], 'created_at': '2025-12-08T19:24:22Z', 'updated_at': '2025-12-08T19:24:22Z', 'revision_number': 2, 'project_id': '2671d5d38483411bbde7043d5fa4b173'}
2025-12-08 19:24:24.309 66745 INFO tempest.lib.common.rest_client [req-a84fa023-abbc-40f0-a657-3ef25e147dc8 req-a84fa023-abbc-40f0-a657-3ef25e147dc8 ] Request (ServerPasswordTestJSON:setUpClass): 201 POST http://10.180.1.21/identity/v3/auth/tokens 0.082s
2025-12-08 19:24:24.317 66727 INFO tempest.lib.common.rest_client [req-52d886e2-62b4-4788-bc4d-821a9c5f3c3d req-52d886e2-62b4-4788-bc4d-821a9c5f3c3d ] Request (ServersTestFqdnHostnames:test_create_server_with_fqdn_name): 200 GET http://10.180.1.21/compute/v2.1/servers/9905c652-183e-436f-bd79-9bd6da763925 5.704s
2025-12-08 19:24:24.345 66745 INFO tempest.lib.common.rest_client [req-fc644302-7f6d-4fc1-9053-a08a690bf31d req-fc644302-7f6d-4fc1-9053-a08a690bf31d ] Request (ServerPasswordTestJSON:setUpClass): 201 POST http://10.180.1.21/identity/v3/auth/tokens 0.032s
2025-12-08 19:24:24.345 66745 INFO tempest.lib.common.fixed_network [-] (ServerPasswordTestJSON:setUpClass) Found network {'id': 'd5299d73-3c68-4b1f-a186-09ecf1367dc9', 'name': 'tempest-ServerPasswordTestJSON-2075207539-network', 'tenant_id': '2671d5d38483411bbde7043d5fa4b173', 'project_id': '2671d5d38483411bbde7043d5fa4b173', 'admin_state_up': True, 'mtu': 8950, 'status': 'ACTIVE', 'subnets': [], 'shared': False, 'port_security_enabled': True, 'router:external': False, 'provider:network_type': 'vlan', 'provider:physical_network': 'default', 'provider:segmentation_id': 342, 'availability_zone_hints': [], 'availability_zones': [], 'ipv4_address_scope': None, 'ipv6_address_scope': None, 'description': '', 'tags': [], 'created_at': '2025-12-08T19:24:21Z', 'updated_at': '2025-12-08T19:24:21Z', 'revision_number': 1} available for tenant
2025-12-08 19:24:24.467 66731 INFO tempest.lib.common.rest_client [req-05538859-8089-4e66-a735-01b36487534f req-05538859-8089-4e66-a735-01b36487534f ] Request (ServerDiskConfigTestJSON:setUpClass): 201 POST http://10.180.1.21/networking/v2.0/subnets 1.117s
2025-12-08 19:24:24.520 66707 INFO tempest.lib.common.rest_client [req-fece2cfa-1322-4829-86c3-aee9224d18c1 req-fece2cfa-1322-4829-86c3-aee9224d18c1 ] Request (ImagesMetadataTestJSON:setUp): 200 PUT http://10.180.1.21/compute/v2.1/images/9d21ea9a-6024-4f1f-a72f-6f4ea6810127/metadata 5.870s
2025-12-08 19:24:24.533 66723 INFO tempest.lib.common.rest_client [req-1280b8a1-e60c-4b79-9aa1-211c4c537c20 req-1280b8a1-e60c-4b79-9aa1-211c4c537c20 ] Request (DeleteServersAdminTestJSON:test_delete_server_while_in_error_state): 200 GET http://10.180.1.21/compute/v2.1/servers/d1a600cd-c9bf-4e55-ab11-7057fa18d183 6.006s
2025-12-08 19:24:24.542 66723 INFO tempest.common.waiters [-] State transition "BUILD/spawning" ==> "ACTIVE/None" after 38 second wait
2025-12-08 19:24:24.729 66709 INFO tempest.lib.common.rest_client [req-5d52cd06-8685-4cd8-bc38-f900ce4a359a req-5d52cd06-8685-4cd8-bc38-f900ce4a359a ] Request (AttachVolumeTestJSON:test_attach_detach_volume): 200 GET http://10.180.1.21/compute/v2.1/servers/e02c17d7-4549-4b59-a66b-9f146ac5c83b 6.076s
2025-12-08 19:24:24.858 66762 WARNING tempest.lib.common.ssh [-] Failed to establish authenticated ssh connection to cirros@10.180.180.212 ([Errno None] Unable to connect to port 22 on 10.180.180.212). Number attempts: 6. Retry after 7 seconds.: paramiko.ssh_exception.NoValidConnectionsError: [Errno None] Unable to connect to port 22 on 10.180.180.212
2025-12-08 19:24:24.947 66749 INFO tempest.lib.common.rest_client [req-8e518295-4b2b-4971-a683-f7474d28f946 req-8e518295-4b2b-4971-a683-f7474d28f946 ] Request (DeleteServersTestJSON:test_delete_active_server): 200 GET http://10.180.1.21/compute/v2.1/servers/7f1728b9-2f29-4ed9-988d-6aee363461d8 6.244s
