2025-12-08 19:24:54.981 66703 INFO tempest.lib.common.rest_client [req-a50ef2b2-5a87-4bdd-a09e-4f8f012ca81d req-a50ef2b2-5a87-4bdd-a09e-4f8f012ca81d ] Request (VolumesAdminNegativeTest:tearDownClass): 204 DELETE http://10.180.1.21/networking/v2.0/networks/c0cc5826-6eb1-41f1-a5e4-c38e4b2593f7 0.410s
2025-12-08 19:24:55.029 66709 INFO tempest.lib.common.rest_client [req-0523095c-40f6-4ad5-abef-237b4df8b9b4 req-0523095c-40f6-4ad5-abef-237b4df8b9b4 ] Request (AttachVolumeTestJSON:test_attach_detach_volume): 200 GET http://10.180.1.21/compute/v2.1/servers/e02c17d7-4549-4b59-a66b-9f146ac5c83b 4.618s
2025-12-08 19:24:55.039 66709 INFO tempest.common.waiters [-] State transition "BUILD/spawning" ==> "ACTIVE/None" after 46 second wait
2025-12-08 19:24:55.092 66701 INFO tempest.lib.common.rest_client [req-562f602a-784c-4afb-9e1d-4503a1675aea req-562f602a-784c-4afb-9e1d-4503a1675aea ] Request (KeyPairsV2TestJSON:tearDownClass): 200 GET http://10.180.1.21/networking/v2.0/security-groups?tenant_id=078f75b2201246f0acd965b2f65ae917&name=default 0.515s
2025-12-08 19:24:55.835 66703 INFO tempest.lib.common.rest_client [req-fbc616df-5492-4832-8bdc-625acf4bc80c req-fbc616df-5492-4832-8bdc-625acf4bc80c ] Request (VolumesAdminNegativeTest:tearDownClass): 200 PUT http://10.180.1.21/networking/v2.0/routers/89099b2a-abeb-4bd9-aa8d-6b8dd96576a9/remove_router_interface 0.853s
2025-12-08 19:24:55.890 66757 INFO tempest.lib.common.rest_client [req-4d91454c-3d87-42a0-83e3-54232404d42b req-4d91454c-3d87-42a0-83e3-54232404d42b ] Request (ServerRescueTestJSONUnderV235:tearDownClass): 200 GET http://10.180.1.21/compute/v2.1/servers/549ce049-06f9-4339-b198-71aaadf9cbcd 5.244s
2025-12-08 19:24:55.914 66719 INFO tempest.lib.common.rest_client [req-8197fa7f-b50e-4e39-b975-10f70fe911ad req-8197fa7f-b50e-4e39-b975-10f70fe911ad ] Request (FloatingIPsAssociationTestJSON:tearDownClass): 404 GET http://10.180.1.21/compute/v2.1/servers/317b0130-b9ca-4ac8-9ce7-88aa7eb642e0 5.137s
2025-12-08 19:24:55.931 66727 WARNING tempest.lib.common.ssh [-] Failed to establish authenticated ssh connection to cirros@10.180.180.218 ([Errno None] Unable to connect to port 22 on 10.180.180.218). Number attempts: 1. Retry after 2 seconds.: paramiko.ssh_exception.NoValidConnectionsError: [Errno None] Unable to connect to port 22 on 10.180.180.218
2025-12-08 19:24:55.988 66701 INFO tempest.lib.common.rest_client [req-7b036967-fde2-4735-a691-364f2fdee5be req-7b036967-fde2-4735-a691-364f2fdee5be ] Request (KeyPairsV2TestJSON:tearDownClass): 204 DELETE http://10.180.1.21/networking/v2.0/security-groups/c9139c30-a40f-49c1-8d14-0132c7f3f94f 0.895s
2025-12-08 19:24:56.028 66739 INFO tempest.lib.common.rest_client [req-d6c96dcc-6a96-49af-8516-9d8bddd93712 req-d6c96dcc-6a96-49af-8516-9d8bddd93712 ] Request (AttachInterfacesUnderV243Test:test_add_remove_fixed_ip): 200 GET http://10.180.1.21/compute/v2.1/servers/891ac357-f0be-4a8a-b68b-b9450700eb89 5.501s
2025-12-08 19:24:56.038 66739 INFO tempest.common.waiters [-] State transition "BUILD/None" ==> "BUILD/spawning" after 26 second wait
2025-12-08 19:24:56.088 66701 INFO tempest.lib.common.rest_client [req-cf2d9abe-9abd-4356-8056-ac48ef933cd9 req-cf2d9abe-9abd-4356-8056-ac48ef933cd9 ] Request (KeyPairsV2TestJSON:tearDownClass): 204 DELETE http://10.180.1.21/identity/v3/projects/078f75b2201246f0acd965b2f65ae917 0.100s
2025-12-08 19:24:56.188 66701 INFO tempest.lib.common.rest_client [req-babd5488-f02c-4a91-8e77-800496805017 req-babd5488-f02c-4a91-8e77-800496805017 ] Request (SecurityGroupRulesNegativeTestJSON:setUpClass): 201 POST http://10.180.1.21/identity/v3/auth/tokens 0.098s
2025-12-08 19:24:56.232 66701 INFO tempest.lib.common.rest_client [req-7bc35b95-a928-481b-9202-bdedaca33043 req-7bc35b95-a928-481b-9202-bdedaca33043 ] Request (SecurityGroupRulesNegativeTestJSON:setUpClass): 201 POST http://10.180.1.21/identity/v3/auth/tokens 0.039s
2025-12-08 19:24:56.260 66701 INFO tempest.lib.common.rest_client [req-d4049ea7-aca0-4ab1-bdc8-4925f7729761 req-d4049ea7-aca0-4ab1-bdc8-4925f7729761 ] Request (SecurityGroupRulesNegativeTestJSON:setUpClass): 200 GET http://10.180.1.21/identity/v3/domains?name=Default 0.028s
2025-12-08 19:24:56.294 66701 INFO tempest.lib.common.rest_client [req-6ed52e8a-c59e-4408-b095-aca552db5524 req-6ed52e8a-c59e-4408-b095-aca552db5524 ] Request (SecurityGroupRulesNegativeTestJSON:setUpClass): 201 POST http://10.180.1.21/identity/v3/projects 0.034s
2025-12-08 19:24:56.374 66701 INFO tempest.lib.common.rest_client [req-b2b40472-0676-4137-a4fd-f1f402fd4a45 req-b2b40472-0676-4137-a4fd-f1f402fd4a45 ] Request (SecurityGroupRulesNegativeTestJSON:setUpClass): 201 POST http://10.180.1.21/identity/v3/users 0.079s
2025-12-08 19:24:56.406 66701 INFO tempest.lib.common.rest_client [req-6ac06d28-01b9-4859-955a-eee1871c1808 req-6ac06d28-01b9-4859-955a-eee1871c1808 ] Request (SecurityGroupRulesNegativeTestJSON:setUpClass): 200 GET http://10.180.1.21/identity/v3/roles 0.032s
2025-12-08 19:24:56.451 66701 INFO tempest.lib.common.rest_client [req-475138ea-05ae-42e2-b8d1-8cc351def101 req-475138ea-05ae-42e2-b8d1-8cc351def101 ] Request (SecurityGroupRulesNegativeTestJSON:setUpClass): 204 PUT http://10.180.1.21/identity/v3/projects/649ca5a940344145a04fa029d72e2b0f/users/a838d7ac61494330b54d97ed0f08ca3d/roles/7d2012bb191442c5b1786bc830410ced 0.044s
2025-12-08 19:24:56.451 66701 INFO tempest.lib.common.dynamic_creds [-] Dynamic test user a838d7ac61494330b54d97ed0f08ca3d is created with scope project and roles: ['member']
2025-12-08 19:24:56.452 66701 INFO tempest.lib.common.dynamic_creds [-] Acquired dynamic creds: credentials: Credentials: {'domain_id': 'default', 'domain_name': 'Default', 'username': 'tempest-SecurityGroupRulesNegativeTestJSON-702447077-project-member', 'project_domain_id': 'default', 'project_domain_name': 'Default', 'project_id': '649ca5a940344145a04fa029d72e2b0f', 'project_name': 'tempest-SecurityGroupRulesNegativeTestJSON-702447077', 'tenant_id': '649ca5a940344145a04fa029d72e2b0f', 'tenant_name': 'tempest-SecurityGroupRulesNegativeTestJSON-702447077', 'user_domain_id': 'default', 'user_domain_name': 'Default', 'user_id': 'a838d7ac61494330b54d97ed0f08ca3d', 'system': None}, Network: None, Subnet: None, Router: None
2025-12-08 19:24:56.461 66703 INFO tempest.lib.common.rest_client [req-ea5cd366-8b2f-4208-98ee-9fcc28e8471d req-ea5cd366-8b2f-4208-98ee-9fcc28e8471d ] Request (VolumesAdminNegativeTest:tearDownClass): 204 DELETE http://10.180.1.21/networking/v2.0/routers/89099b2a-abeb-4bd9-aa8d-6b8dd96576a9 0.625s
2025-12-08 19:24:56.534 66701 INFO tempest.lib.common.rest_client [req-bb40906e-4c39-4628-9281-c3dac91a4d6e req-bb40906e-4c39-4628-9281-c3dac91a4d6e ] Request (SecurityGroupRulesNegativeTestJSON:setUpClass): 201 POST http://10.180.1.21/identity/v3/auth/tokens 0.082s
2025-12-08 19:24:56.802 66703 INFO tempest.lib.common.rest_client [req-9af1b482-47ff-49f6-9335-5e75d2a60f51 req-9af1b482-47ff-49f6-9335-5e75d2a60f51 ] Request (VolumesAdminNegativeTest:tearDownClass): 204 DELETE http://10.180.1.21/networking/v2.0/subnets/fcc2f4e0-ade6-4d25-88ff-fd513a3b854c 0.340s
2025-12-08 19:24:56.850 66721 INFO tempest.lib.common.rest_client [req-15eb515c-03cc-4c95-b414-802cf6633725 req-15eb515c-03cc-4c95-b414-802cf6633725 ] Request (ListServerFiltersTestJSON:test_list_servers_filter_by_shutoff_status): 200 GET http://10.180.1.21/compute/v2.1/servers/3f5abafc-0f58-480f-b1c0-0fc5e1a5e392 6.039s
2025-12-08 19:24:56.858 66721 INFO tempest.common.waiters [-] State transition "SHUTOFF/powering-on" ==> "ACTIVE/None" after 7 second wait
2025-12-08 19:24:56.903 66745 INFO tempest.lib.common.rest_client [req-5c4f0f14-4a38-4003-9688-c4a90eae8973 req-5c4f0f14-4a38-4003-9688-c4a90eae8973 ] Request (ServerPasswordTestJSON:setUpClass): 200 GET http://10.180.1.21/compute/v2.1/servers/78619982-2c89-4c60-9784-92f82714633e 5.943s
2025-12-08 19:24:56.915 66745 INFO tempest.common.waiters [-] State transition "BUILD/None" ==> "BUILD/spawning" after 25 second wait
2025-12-08 19:24:57.023 66701 INFO tempest.lib.common.rest_client [req-7a47c504-d805-41d5-95b4-2289220daaae req-7a47c504-d805-41d5-95b4-2289220daaae ] Request (SecurityGroupRulesNegativeTestJSON:setUpClass): 201 POST http://10.180.1.21/networking/v2.0/networks 0.488s
2025-12-08 19:24:57.176 66703 INFO tempest.lib.common.rest_client [req-8db148ff-52e8-4429-9633-a51dead15e0d req-8db148ff-52e8-4429-9633-a51dead15e0d ] Request (VolumesAdminNegativeTest:tearDownClass): 204 DELETE http://10.180.1.21/networking/v2.0/networks/48c21c79-a027-4ebb-8322-02aff42c2f54 0.374s
2025-12-08 19:24:57.258 66747 INFO tempest.lib.common.rest_client [req-c31672ce-ff26-4fa0-9d9b-54351a62c7d3 req-c31672ce-ff26-4fa0-9d9b-54351a62c7d3 ] Request (SecurityGroupsTestJSON:test_list_security_groups_by_server): 200 GET http://10.180.1.21/compute/v2.1/servers/a4a43283-e3dc-4955-adda-10dea57b940a 6.267s
2025-12-08 19:24:57.270 66747 INFO tempest.common.waiters [-] State transition "BUILD/spawning" ==> "ACTIVE/None" after 42 second wait
2025-12-08 19:24:57.293 66703 INFO tempest.lib.common.rest_client [req-911a1768-caff-406a-9fd0-555a2b116a76 req-911a1768-caff-406a-9fd0-555a2b116a76 ] Request (VolumesAdminNegativeTest:tearDownClass): 204 DELETE http://10.180.1.21/identity/v3/users/8709612aa7e44ba8a9fc9a128265a458 0.116s
2025-12-08 19:24:57.330 66701 INFO tempest.lib.common.rest_client [req-55e85cc1-19ff-4733-b062-1a50940e7324 req-55e85cc1-19ff-4733-b062-1a50940e7324 ] Request (SecurityGroupRulesNegativeTestJSON:setUpClass): 201 POST http://10.180.1.21/networking/v2.0/subnets 0.307s
2025-12-08 19:24:57.348 66755 INFO tempest.lib.common.rest_client [req-a214099e-8ecf-44c9-b0a2-b4c8c9757863 req-a214099e-8ecf-44c9-b0a2-b4c8c9757863 ] Request (ListImageFiltersTestJSON:setUpClass): 200 GET http://10.180.1.21/compute/v2.1/servers/28c9be62-43a7-4b1c-a0c6-77133967ba7d 6.232s
2025-12-08 19:24:57.410 66743 INFO tempest.lib.common.rest_client [req-d7755a16-a92e-498d-a4d5-65d5c359fdb1 req-d7755a16-a92e-498d-a4d5-65d5c359fdb1 ] Request (ServersNegativeTestMultiTenantJSON:tearDownClass): 200 GET http://10.180.1.21/compute/v2.1/servers/1e915c7d-56ef-4d5e-8c77-a6897a7e6371 6.278s
2025-12-08 19:24:57.421 66703 INFO tempest.lib.common.rest_client [req-4f31b298-00c8-4c64-b5dc-0abb7661f117 req-4f31b298-00c8-4c64-b5dc-0abb7661f117 ] Request (VolumesAdminNegativeTest:tearDownClass): 204 DELETE http://10.180.1.21/identity/v3/users/1c96e6fec1e8409ea1c3d7ba3d2e5675 0.127s
2025-12-08 19:24:57.434 66741 INFO tempest.lib.common.rest_client [req-0cb9f777-1dc0-43e0-99b8-aaaff1ebe1c2 req-0cb9f777-1dc0-43e0-99b8-aaaff1ebe1c2 ] Request (KeyPairsV22TestJSON:_run_cleanups): 204 DELETE http://10.180.1.21/compute/v2.1/os-keypairs/tempest-KeyPairsV22TestJSON-keypair-1349927335 6.070s
2025-12-08 19:24:57.502 66699 INFO tempest.lib.common.rest_client [req-a78ec752-ba2e-4f1a-8ec1-01a6909d062f req-a78ec752-ba2e-4f1a-8ec1-01a6909d062f ] Request (ServerActionsTestOtherB:test_create_backup): 202 POST http://10.180.1.21/compute/v2.1/servers/0eff72f2-402c-4107-ac7a-86ab0dbc04a1/action 6.402s
2025-12-08 19:24:57.504 66749 INFO tempest.lib.common.rest_client [req-17e47284-a280-445d-9715-5d98d0a722f1 req-17e47284-a280-445d-9715-5d98d0a722f1 ] Request (DeleteServersTestJSON:test_delete_active_server): 200 GET http://10.180.1.21/compute/v2.1/servers/7f1728b9-2f29-4ed9-988d-6aee363461d8 5.992s
2025-12-08 19:24:57.524 66699 INFO tempest.lib.common.rest_client [req-004e0502-7645-45f7-bd7a-3f2befb7c0ee req-004e0502-7645-45f7-bd7a-3f2befb7c0ee ] Request (ServerActionsTestOtherB:test_create_backup): 200 GET http://10.180.1.21/image/v2/images/cc7bc732-8bdf-4a5e-b10b-a69aee990e59 0.021s
2025-12-08 19:24:57.559 66703 INFO tempest.lib.common.rest_client [req-d8914433-0d2b-4d7a-9ba0-37ac9be125f2 req-d8914433-0d2b-4d7a-9ba0-37ac9be125f2 ] Request (VolumesAdminNegativeTest:tearDownClass): 204 DELETE http://10.180.1.21/identity/v3/users/8071d3e7fd3b43b58507d4c6aa7a950f 0.137s
2025-12-08 19:24:57.559 66703 INFO tempest.lib.common.dynamic_creds [-] Deleting project and security group for project: 126caff88043418aabde4a159cbb417a
2025-12-08 19:24:57.590 66703 INFO tempest.lib.common.rest_client [req-4d114504-7042-4045-b7f4-3974efba1e3e req-4d114504-7042-4045-b7f4-3974efba1e3e ] Request (VolumesAdminNegativeTest:tearDownClass): 200 GET http://10.180.1.21/networking/v2.0/security-groups?tenant_id=126caff88043418aabde4a159cbb417a&name=default 0.030s
2025-12-08 19:24:57.611 66733 INFO tempest.lib.common.rest_client [req-d3e6f9cc-b62f-4e2e-bcf1-8aea51f62669 req-d3e6f9cc-b62f-4e2e-bcf1-8aea51f62669 ] Request (InstanceActionsNegativeTestJSON:tearDownClass): 200 GET http://10.180.1.21/compute/v2.1/servers/2007d9ab-7ce6-48f2-80a0-f56cfebdc650 5.257s
2025-12-08 19:24:57.712 66703 INFO tempest.lib.common.rest_client [req-0d495f11-c802-4859-a243-bf567db9161c req-0d495f11-c802-4859-a243-bf567db9161c ] Request (VolumesAdminNegativeTest:tearDownClass): 204 DELETE http://10.180.1.21/networking/v2.0/security-groups/986f912a-b4d1-4b7e-900b-2ad52693b49d 0.121s
2025-12-08 19:24:57.746 66731 INFO tempest.lib.common.rest_client [req-4f2eff1a-1cf0-4e07-a81f-c0abba432a9f req-4f2eff1a-1cf0-4e07-a81f-c0abba432a9f ] Request (ServerDiskConfigTestJSON:test_rebuild_server_with_auto_disk_config): 200 GET http://10.180.1.21/compute/v2.1/servers/cadaa9d2-98e9-450e-8d98-89d2e25de927 4.806s
2025-12-08 19:24:57.881 66703 INFO tempest.lib.common.rest_client [req-5a56e6f6-63c4-434c-ba39-a83d84bdf983 req-5a56e6f6-63c4-434c-ba39-a83d84bdf983 ] Request (VolumesAdminNegativeTest:tearDownClass): 204 DELETE http://10.180.1.21/identity/v3/projects/126caff88043418aabde4a159cbb417a 0.169s
2025-12-08 19:24:57.881 66703 INFO tempest.lib.common.dynamic_creds [-] Deleting project and security group for project: a5476bc67e574532aa7a0518f624dee8
2025-12-08 19:24:58.011 66703 INFO tempest.lib.common.rest_client [req-dec43188-6b9e-4880-a9ca-141fcd8057d7 req-dec43188-6b9e-4880-a9ca-141fcd8057d7 ] Request (VolumesAdminNegativeTest:tearDownClass): 200 GET http://10.180.1.21/networking/v2.0/security-groups?tenant_id=a5476bc67e574532aa7a0518f624dee8&name=default 0.129s
2025-12-08 19:24:58.066 66715 INFO tempest.lib.common.rest_client [req-18996202-4921-4f01-8905-11a81116fb22 req-18996202-4921-4f01-8905-11a81116fb22 ] Request (MigrationsAdminTest:test_list_migrations_in_flavor_resize_situation): 200 GET http://10.180.1.21/compute/v2.1/servers/56247d6d-71ed-4e61-bb6a-0bafbce4ce1a 4.919s
2025-12-08 19:24:58.074 66715 INFO tempest.common.waiters [-] State transition "VERIFY_RESIZE/None" ==> "ACTIVE/None" after 27 second wait
2025-12-08 19:24:58.218 66701 INFO tempest.lib.common.rest_client [req-9b447d65-35a0-446a-a325-a0ec70ae77ff req-9b447d65-35a0-446a-a325-a0ec70ae77ff ] Request (SecurityGroupRulesNegativeTestJSON:setUpClass): 201 POST http://10.180.1.21/networking/v2.0/routers 0.887s
2025-12-08 19:24:58.274 66717 INFO tempest.lib.common.rest_client [req-c93225b6-0f65-4424-9107-da5e0597574e req-c93225b6-0f65-4424-9107-da5e0597574e ] Request (ServersAdminNegativeTestJSON:tearDownClass): 200 GET http://10.180.1.21/compute/v2.1/servers/71d732d4-7e4a-406b-a61f-4b9b318afe3e 5.082s
2025-12-08 19:24:58.289 66703 INFO tempest.lib.common.rest_client [req-fb53660a-aacb-4c6b-ad49-f138516c855f req-fb53660a-aacb-4c6b-ad49-f138516c855f ] Request (VolumesAdminNegativeTest:tearDownClass): 204 DELETE http://10.180.1.21/networking/v2.0/security-groups/92012f02-ebfe-44a2-9cfb-03f6e18e290d 0.278s
2025-12-08 19:24:58.425 66703 INFO tempest.lib.common.rest_client [req-7c1d9479-6ad2-48cd-ab0b-95b945dd4809 req-7c1d9479-6ad2-48cd-ab0b-95b945dd4809 ] Request (VolumesAdminNegativeTest:tearDownClass): 204 DELETE http://10.180.1.21/identity/v3/projects/a5476bc67e574532aa7a0518f624dee8 0.136s
2025-12-08 19:24:58.426 66703 INFO tempest.lib.common.dynamic_creds [-] Deleting project and security group for project: 59ec0ee63b154379b2fb3036b0d72ce8
2025-12-08 19:24:58.447 66711 INFO tempest.lib.common.rest_client [req-601eeb04-b2f3-4b67-9c13-cf36015799a8 req-601eeb04-b2f3-4b67-9c13-cf36015799a8 ] Request (ImagesOneServerNegativeTestJSON:setUpClass): 200 GET http://10.180.1.21/compute/v2.1/servers/a30166c8-3b8e-4c4b-873d-3f63ebe9dcde 4.724s
2025-12-08 19:24:58.557 66703 INFO tempest.lib.common.rest_client [req-902d8c17-7c40-4d8f-b9f2-a3125f78f387 req-902d8c17-7c40-4d8f-b9f2-a3125f78f387 ] Request (VolumesAdminNegativeTest:tearDownClass): 200 GET http://10.180.1.21/networking/v2.0/security-groups?tenant_id=59ec0ee63b154379b2fb3036b0d72ce8&name=default 0.131s
2025-12-08 19:24:58.564 66707 INFO tempest.lib.common.rest_client [req-b0263497-6f87-4ae7-a9d3-8d4e66c5ff90 req-b0263497-6f87-4ae7-a9d3-8d4e66c5ff90 ] Request (InstanceActionsV221TestJSON:test_get_list_deleted_instance_actions): 202 POST http://10.180.1.21/compute/v2.1/servers 5.755s
2025-12-08 19:24:58.574 66699 INFO tempest.lib.common.rest_client [req-7351403f-5358-40c8-b207-bf2e655f850c req-7351403f-5358-40c8-b207-bf2e655f850c ] Request (ServerActionsTestOtherB:test_create_backup): 200 GET http://10.180.1.21/image/v2/images/cc7bc732-8bdf-4a5e-b10b-a69aee990e59 0.048s
2025-12-08 19:24:58.635 66705 INFO tempest.lib.common.rest_client [req-c14d10ce-a3c2-431e-a2fd-2e1aaa7a1b66 req-c14d10ce-a3c2-431e-a2fd-2e1aaa7a1b66 ] Request (AttachInterfacesTestJSON:test_create_list_show_delete_interfaces_by_fixed_ip): 200 GET http://10.180.1.21/compute/v2.1/servers/abb8880b-95ca-4023-ae10-6708cd7b884a/os-interface 4.893s
2025-12-08 19:24:58.782 66703 INFO tempest.lib.common.rest_client [req-39c335e5-bfc6-4d30-86d4-f256c5def2f3 req-39c335e5-bfc6-4d30-86d4-f256c5def2f3 ] Request (VolumesAdminNegativeTest:tearDownClass): 204 DELETE http://10.180.1.21/networking/v2.0/security-groups/ad19a656-2f96-4345-b0b0-e248afd71883 0.224s
2025-12-08 19:24:58.837 66735 INFO tempest.lib.common.rest_client [req-e9a1f83f-fbf6-41b2-87da-f4b6a8c1b9fd req-e9a1f83f-fbf6-41b2-87da-f4b6a8c1b9fd ] Request (NetworksTest:test_get_network): 200 GET http://10.180.1.21/compute/v2.1/os-networks/ca813f8a-dcb6-438e-a42e-ede9dfb0449f 5.047s
2025-12-08 19:24:58.919 66703 INFO tempest.lib.common.rest_client [req-8b833b8d-f1e3-4df9-9fd6-eb4f21be4d80 req-8b833b8d-f1e3-4df9-9fd6-eb4f21be4d80 ] Request (VolumesAdminNegativeTest:tearDownClass): 204 DELETE http://10.180.1.21/identity/v3/projects/59ec0ee63b154379b2fb3036b0d72ce8 0.137s
2025-12-08 19:24:59.002 66727 WARNING tempest.lib.common.ssh [-] Failed to establish authenticated ssh connection to cirros@10.180.180.218 ([Errno None] Unable to connect to port 22 on 10.180.180.218). Number attempts: 2. Retry after 3 seconds.: paramiko.ssh_exception.NoValidConnectionsError: [Errno None] Unable to connect to port 22 on 10.180.180.218
2025-12-08 19:24:59.006 66759 INFO tempest.lib.common.rest_client [req-aa6b4ee7-3479-4f8f-8aaf-2bda7c7048de req-aa6b4ee7-3479-4f8f-8aaf-2bda7c7048de ] Request (ServersTestBootFromVolume:tearDownClass): 200 GET http://10.180.1.21/compute/v2.1/servers/266930a5-0114-4b30-935e-7bc39abeb131 5.178s
2025-12-08 19:24:59.012 66703 INFO tempest.lib.common.rest_client [req-5f316927-dddb-4258-a7ed-160bf44c2cf5 req-5f316927-dddb-4258-a7ed-160bf44c2cf5 ] Request (FloatingIPsTestJSON:setUpClass): 201 POST http://10.180.1.21/identity/v3/auth/tokens 0.091s
2025-12-08 19:24:59.034 66713 INFO tempest.lib.common.rest_client [req-62a02240-1801-489a-9c1f-bb42adca3400 req-62a02240-1801-489a-9c1f-bb42adca3400 ] Request (FloatingIPsAssociationNegativeTestJSON:setUpClass): 200 GET http://10.180.1.21/compute/v2.1/servers/cc87591c-268f-433c-8e29-273f66ad276b 5.224s
2025-12-08 19:24:59.047 66713 INFO tempest.common.waiters [-] State transition "BUILD/spawning" ==> "ACTIVE/None" after 36 second wait
2025-12-08 19:24:59.056 66703 INFO tempest.lib.common.rest_client [req-8789dd9b-20e0-4b20-9159-fcd779c4ce7b req-8789dd9b-20e0-4b20-9159-fcd779c4ce7b ] Request (FloatingIPsTestJSON:setUpClass): 201 POST http://10.180.1.21/identity/v3/auth/tokens 0.041s
2025-12-08 19:24:59.086 66762 INFO tempest.lib.common.rest_client [req-8364d990-6227-462b-b6bf-558bce5071f4 req-8364d990-6227-462b-b6bf-558bce5071f4 ] Request (ServerActionsTestOtherA:test_rebuild_server_in_stop_state): 200 GET http://10.180.1.21/compute/v2.1/servers/2c45b08b-1189-443c-9108-fbbf0272b548 4.491s
2025-12-08 19:24:59.102 66703 INFO tempest.lib.common.rest_client [req-72c59c8f-e2d3-4632-b151-8090beb95c49 req-72c59c8f-e2d3-4632-b151-8090beb95c49 ] Request (FloatingIPsTestJSON:setUpClass): 200 GET http://10.180.1.21/identity/v3/domains?name=Default 0.042s
2025-12-08 19:24:59.133 66709 INFO tempest.lib.common.rest_client [req-9f650613-9492-4e24-8b0e-698a3227a7df req-9f650613-9492-4e24-8b0e-698a3227a7df ] Request (AttachVolumeTestJSON:test_attach_detach_volume): 200 GET http://10.180.1.21/compute/v2.1/servers/e02c17d7-4549-4b59-a66b-9f146ac5c83b/os-interface 4.094s
2025-12-08 19:24:59.154 66703 INFO tempest.lib.common.rest_client [req-ac0800cc-bc98-445e-98da-e342bedc4809 req-ac0800cc-bc98-445e-98da-e342bedc4809 ] Request (FloatingIPsTestJSON:setUpClass): 201 POST http://10.180.1.21/identity/v3/projects 0.051s
2025-12-08 19:24:59.268 66703 INFO tempest.lib.common.rest_client [req-5adad7f1-2c49-4a15-8648-44b70db036de req-5adad7f1-2c49-4a15-8648-44b70db036de ] Request (FloatingIPsTestJSON:setUpClass): 201 POST http://10.180.1.21/identity/v3/users 0.113s
2025-12-08 19:24:59.298 66703 INFO tempest.lib.common.rest_client [req-4f853281-1fa4-4b99-b12e-53a80baf25e1 req-4f853281-1fa4-4b99-b12e-53a80baf25e1 ] Request (FloatingIPsTestJSON:setUpClass): 200 GET http://10.180.1.21/identity/v3/roles 0.030s
2025-12-08 19:24:59.334 66703 INFO tempest.lib.common.rest_client [req-7e1010ec-d446-4678-b740-de3c14f80315 req-7e1010ec-d446-4678-b740-de3c14f80315 ] Request (FloatingIPsTestJSON:setUpClass): 204 PUT http://10.180.1.21/identity/v3/projects/f49480f8337e42e88c87be8ced09a9bb/users/43ebf84c9e8140448ea7273f88d2b71d/roles/7d2012bb191442c5b1786bc830410ced 0.035s
2025-12-08 19:24:59.334 66703 INFO tempest.lib.common.dynamic_creds [-] Dynamic test user 43ebf84c9e8140448ea7273f88d2b71d is created with scope project and roles: ['member']
2025-12-08 19:24:59.335 66703 INFO tempest.lib.common.dynamic_creds [-] Acquired dynamic creds: credentials: Credentials: {'domain_id': 'default', 'domain_name': 'Default', 'username': 'tempest-FloatingIPsTestJSON-2105696735-project-member', 'project_domain_id': 'default', 'project_domain_name': 'Default', 'project_id': 'f49480f8337e42e88c87be8ced09a9bb', 'project_name': 'tempest-FloatingIPsTestJSON-2105696735', 'tenant_id': 'f49480f8337e42e88c87be8ced09a9bb', 'tenant_name': 'tempest-FloatingIPsTestJSON-2105696735', 'user_domain_id': 'default', 'user_domain_name': 'Default', 'user_id': '43ebf84c9e8140448ea7273f88d2b71d', 'system': None}, Network: None, Subnet: None, Router: None
2025-12-08 19:24:59.406 66701 INFO tempest.lib.common.rest_client [req-5e62cbe6-344d-479e-88b2-5a7062165b92 req-5e62cbe6-344d-479e-88b2-5a7062165b92 ] Request (SecurityGroupRulesNegativeTestJSON:setUpClass): 200 PUT http://10.180.1.21/networking/v2.0/routers/e3228445-fa02-4580-a74b-59e7f1119ea0/add_router_interface 1.187s
2025-12-08 19:24:59.406 66701 INFO tempest.lib.common.dynamic_creds [-] Created isolated network resources for: credentials: Credentials: {'domain_id': 'default', 'domain_name': 'Default', 'username': 'tempest-SecurityGroupRulesNegativeTestJSON-702447077-project-member', 'project_domain_id': 'default', 'project_domain_name': 'Default', 'project_id': '649ca5a940344145a04fa029d72e2b0f', 'project_name': 'tempest-SecurityGroupRulesNegativeTestJSON-702447077', 'tenant_id': '649ca5a940344145a04fa029d72e2b0f', 'tenant_name': 'tempest-SecurityGroupRulesNegativeTestJSON-702447077', 'user_domain_id': 'default', 'user_domain_name': 'Default', 'user_id': 'a838d7ac61494330b54d97ed0f08ca3d', 'system': None}, Network: {'id': '0f653018-14a7-497a-bbe3-0c1142b97596', 'name': 'tempest-SecurityGroupRulesNegativeTestJSON-1983210001-network', 'tenant_id': '649ca5a940344145a04fa029d72e2b0f', 'project_id': '649ca5a940344145a04fa029d72e2b0f', 'admin_state_up': True, 'mtu': 8950, 'status': 'ACTIVE', 'subnets': [], 'shared': False, 'port_security_enabled': True, 'router:external': False, 'provider:network_type': 'vlan', 'provider:physical_network': 'default', 'provider:segmentation_id': 809, 'availability_zone_hints': [], 'availability_zones': [], 'ipv4_address_scope': None, 'ipv6_address_scope': None, 'description': '', 'tags': [], 'created_at': '2025-12-08T19:24:56Z', 'updated_at': '2025-12-08T19:24:56Z', 'revision_number': 1}, Subnet: {'id': 'f0f95152-b415-44f0-9df2-717948b6930a', 'name': 'tempest-SecurityGroupRulesNegativeTestJSON-1983210001-subnet', 'tenant_id': '649ca5a940344145a04fa029d72e2b0f', 'network_id': '0f653018-14a7-497a-bbe3-0c1142b97596', 'ip_version': 4, 'subnetpool_id': None, 'enable_dhcp': True, 'ipv6_ra_mode': None, 'ipv6_address_mode': None, 'gateway_ip': '192.168.128.1', 'cidr': '192.168.128.0/28', 'allocation_pools': [{'start': '192.168.128.2', 'end': '192.168.128.14'}], 'host_routes': [], 'dns_nameservers': [], 'description': '', 'router:external': False, 'service_types': [], 'tags': [], 'created_at': '2025-12-08T19:24:57Z', 'updated_at': '2025-12-08T19:24:57Z', 'revision_number': 0, 'project_id': '649ca5a940344145a04fa029d72e2b0f'}, Router: {'id': 'e3228445-fa02-4580-a74b-59e7f1119ea0', 'name': 'tempest-SecurityGroupRulesNegativeTestJSON-1983210001-router', 'tenant_id': '649ca5a940344145a04fa029d72e2b0f', 'admin_state_up': True, 'status': 'ACTIVE', 'external_gateway_info': {'network_id': 'ca813f8a-dcb6-438e-a42e-ede9dfb0449f', 'external_fixed_ips': [{'subnet_id': '46c53e98-ecbb-46d2-aa8f-7daaeb90a632', 'ip_address': '10.180.180.222'}], 'enable_snat': True}, 'description': '', 'availability_zones': [], 'distributed': False, 'ha': False, 'availability_zone_hints': [], 'routes': [], 'flavor_id': None, 'tags': [], 'created_at': '2025-12-08T19:24:57Z', 'updated_at': '2025-12-08T19:24:57Z', 'revision_number': 2, 'project_id': '649ca5a940344145a04fa029d72e2b0f'}
2025-12-08 19:24:59.407 66703 INFO tempest.lib.common.rest_client [req-2e973a31-7d39-423b-94e9-25a07e5ae4fe req-2e973a31-7d39-423b-94e9-25a07e5ae4fe ] Request (FloatingIPsTestJSON:setUpClass): 201 POST http://10.180.1.21/identity/v3/auth/tokens 0.072s
2025-12-08 19:24:59.439 66737 INFO tempest.lib.common.rest_client [req-38d44ab4-7e7a-46a4-b0f9-d90e307841fe req-38d44ab4-7e7a-46a4-b0f9-d90e307841fe ] Request (ServersListShow296Test:test_list_show_update_rebuild_server_296): 200 GET http://10.180.1.21/compute/v2.1/servers/97829d5f-f110-46bf-a015-06c32b75744f 4.129s
2025-12-08 19:24:59.446 66729 INFO tempest.lib.common.rest_client [req-bb577cb7-8ae2-45ca-bac3-ae34f045901b req-bb577cb7-8ae2-45ca-bac3-ae34f045901b ] Request (ServerShowV247Test:tearDownClass): 200 GET http://10.180.1.21/compute/v2.1/servers/bd39db90-d98b-4f6c-9c54-4798ce2b53c1 4.135s
2025-12-08 19:24:59.455 66737 INFO tempest.common.waiters [-] State transition "REBUILD/rebuild_spawning" ==> "ACTIVE/None" after 13 second wait
2025-12-08 19:24:59.460 66723 INFO tempest.lib.common.rest_client [req-5d442c01-eceb-4dae-9ead-aaaf8976df1c req-5d442c01-eceb-4dae-9ead-aaaf8976df1c ] Request (DeleteServersAdminTestJSON:test_delete_server_while_in_error_state): 404 GET http://10.180.1.21/compute/v2.1/servers/d1a600cd-c9bf-4e55-ab11-7057fa18d183 3.771s
2025-12-08 19:24:59.492 66725 INFO tempest.lib.common.rest_client [req-78f1dda9-8877-40ca-a16e-082a3a072ed3 req-78f1dda9-8877-40ca-a16e-082a3a072ed3 ] Request (ImagesTestJSON:test_create_image_from_stopped_server): 200 GET http://10.180.1.21/compute/v2.1/images/630347ae-50b2-4b0e-baf6-9a2934741763 3.770s
2025-12-08 19:24:59.503 66701 INFO tempest.lib.common.rest_client [req-59249681-1474-4662-9806-ead6cc375e97 req-59249681-1474-4662-9806-ead6cc375e97 ] Request (SecurityGroupRulesNegativeTestJSON:setUpClass): 201 POST http://10.180.1.21/identity/v3/auth/tokens 0.093s
2025-12-08 19:24:59.504 66721 INFO tempest.lib.common.rest_client [req-f3935cec-b649-4008-b8c0-5f34df141087 req-f3935cec-b649-4008-b8c0-5f34df141087 ] Request (ListServerFiltersTestJSON:test_list_servers_filter_by_zero_limit): 200 GET http://10.180.1.21/compute/v2.1/servers?limit=0 2.645s
2025-12-08 19:24:59.533 66757 INFO tempest.lib.common.rest_client [req-fedb4525-304b-426c-a3aa-78bab082f823 req-fedb4525-304b-426c-a3aa-78bab082f823 ] Request (ServerRescueTestJSONUnderV235:tearDownClass): 404 GET http://10.180.1.21/compute/v2.1/servers/549ce049-06f9-4339-b198-71aaadf9cbcd 2.631s
2025-12-08 19:24:59.592 66699 INFO tempest.lib.common.rest_client [req-e3a107ec-e63c-4969-a28d-afbedf050c03 req-e3a107ec-e63c-4969-a28d-afbedf050c03 ] Request (ServerActionsTestOtherB:test_create_backup): 200 GET http://10.180.1.21/image/v2/images/cc7bc732-8bdf-4a5e-b10b-a69aee990e59 0.017s
2025-12-08 19:24:59.717 66703 INFO tempest.lib.common.rest_client [req-968d82b5-e942-488b-8a23-f19140726cf6 req-968d82b5-e942-488b-8a23-f19140726cf6 ] Request (FloatingIPsTestJSON:setUpClass): 201 POST http://10.180.1.21/networking/v2.0/networks 0.309s
2025-12-08 19:24:59.750 66709 INFO tempest.lib.common.rest_client [req-72539fdc-2997-472b-a6cf-1f7e36351084 req-72539fdc-2997-472b-a6cf-1f7e36351084 ] Request (AttachVolumeTestJSON:test_attach_detach_volume): 200 PUT http://10.180.1.21/networking/v2.0/floatingips/7d142e20-de14-458c-be53-99414d56ab08 0.614s
2025-12-08 19:24:59.752 66709 INFO tempest.lib.common.ssh [-] Creating ssh connection to '10.180.180.204:22' as 'cirros' with public key authentication
2025-12-08 19:25:00.138 66703 INFO tempest.lib.common.rest_client [req-1a0c3c75-7d09-490f-bbbf-7d9967697a67 req-1a0c3c75-7d09-490f-bbbf-7d9967697a67 ] Request (FloatingIPsTestJSON:setUpClass): 201 POST http://10.180.1.21/networking/v2.0/subnets 0.420s
2025-12-08 19:25:00.222 66739 INFO tempest.lib.common.rest_client [req-790a42f0-5777-4a5a-ab08-020c68ef3677 req-790a42f0-5777-4a5a-ab08-020c68ef3677 ] Request (AttachInterfacesUnderV243Test:test_add_remove_fixed_ip): 200 GET http://10.180.1.21/compute/v2.1/servers/891ac357-f0be-4a8a-b68b-b9450700eb89 3.183s
2025-12-08 19:25:00.615 66699 INFO tempest.lib.common.rest_client [req-fbd0af73-dfed-4db8-8e41-516901575106 req-fbd0af73-dfed-4db8-8e41-516901575106 ] Request (ServerActionsTestOtherB:test_create_backup): 200 GET http://10.180.1.21/image/v2/images/cc7bc732-8bdf-4a5e-b10b-a69aee990e59 0.022s
2025-12-08 19:25:00.769 66757 INFO tempest.lib.common.rest_client [req-52f5bea2-d5fa-4bc9-8543-b9b4b70890ce req-52f5bea2-d5fa-4bc9-8543-b9b4b70890ce ] Request (ServerRescueTestJSONUnderV235:tearDownClass): 200 PUT http://10.180.1.21/networking/v2.0/routers/55483162-00e3-4d1c-8a3a-08c42ffaa1a0/remove_router_interface 1.236s
2025-12-08 19:25:01.521 66703 INFO tempest.lib.common.rest_client [req-8ca22e60-43dc-4b13-a704-df5e7e5c6774 req-8ca22e60-43dc-4b13-a704-df5e7e5c6774 ] Request (FloatingIPsTestJSON:setUpClass): 201 POST http://10.180.1.21/networking/v2.0/routers 1.382s
2025-12-08 19:25:01.638 66699 INFO tempest.lib.common.rest_client [req-0c55e6ff-ee00-4664-9f1e-18a64c356ff8 req-0c55e6ff-ee00-4664-9f1e-18a64c356ff8 ] Request (ServerActionsTestOtherB:test_create_backup): 200 GET http://10.180.1.21/image/v2/images/cc7bc732-8bdf-4a5e-b10b-a69aee990e59 0.019s
2025-12-08 19:25:01.936 66757 INFO tempest.lib.common.rest_client [req-ffab54ec-3b2b-4663-a380-dbd6e260357d req-ffab54ec-3b2b-4663-a380-dbd6e260357d ] Request (ServerRescueTestJSONUnderV235:tearDownClass): 204 DELETE http://10.180.1.21/networking/v2.0/routers/55483162-00e3-4d1c-8a3a-08c42ffaa1a0 1.166s
2025-12-08 19:25:02.552 66757 INFO tempest.lib.common.rest_client [req-e84e45dd-475d-42ac-b03c-d08d6585d832 req-e84e45dd-475d-42ac-b03c-d08d6585d832 ] Request (ServerRescueTestJSONUnderV235:tearDownClass): 204 DELETE http://10.180.1.21/networking/v2.0/subnets/3ed724b6-2b93-42e2-8634-d744ef4a02ed 0.616s
2025-12-08 19:25:02.679 66699 INFO tempest.lib.common.rest_client [req-6746621f-fffe-4a7c-9712-e197f775c39c req-6746621f-fffe-4a7c-9712-e197f775c39c ] Request (ServerActionsTestOtherB:test_create_backup): 200 GET http://10.180.1.21/image/v2/images/cc7bc732-8bdf-4a5e-b10b-a69aee990e59 0.040s
2025-12-08 19:25:02.765 66709 WARNING tempest.lib.common.ssh [-] Failed to establish authenticated ssh connection to cirros@10.180.180.204 ([Errno None] Unable to connect to port 22 on 10.180.180.204). Number attempts: 1. Retry after 2 seconds.: paramiko.ssh_exception.NoValidConnectionsError: [Errno None] Unable to connect to port 22 on 10.180.180.204
2025-12-08 19:25:02.996 66747 INFO tempest.lib.common.rest_client [req-1a94fb43-fa8b-4c41-9fc2-79ccbb8ca5e0 req-1a94fb43-fa8b-4c41-9fc2-79ccbb8ca5e0 ] Request (SecurityGroupsTestJSON:test_list_security_groups_by_server): 202 POST http://10.180.1.21/compute/v2.1/servers/a4a43283-e3dc-4955-adda-10dea57b940a/action 5.725s
2025-12-08 19:25:03.044 66741 INFO tempest.lib.common.rest_client [req-24a4afc3-43e4-4440-b97f-8a9c3557dfa4 req-24a4afc3-43e4-4440-b97f-8a9c3557dfa4 ] Request (KeyPairsV22TestJSON:test_keypairsv22_create_list_show): 201 POST http://10.180.1.21/compute/v2.1/os-keypairs 5.606s
2025-12-08 19:25:03.204 66757 INFO tempest.lib.common.rest_client [req-eca6301d-5d4f-4e13-ae12-69c5929f15d8 req-eca6301d-5d4f-4e13-ae12-69c5929f15d8 ] Request (ServerRescueTestJSONUnderV235:tearDownClass): 204 DELETE http://10.180.1.21/networking/v2.0/networks/1908c41f-c18f-4638-b31b-94847651729e 0.651s
2025-12-08 19:25:03.314 66757 INFO tempest.lib.common.rest_client [req-435b4bc8-e919-43ec-b994-feb1058ef611 req-435b4bc8-e919-43ec-b994-feb1058ef611 ] Request (ServerRescueTestJSONUnderV235:tearDownClass): 204 DELETE http://10.180.1.21/identity/v3/users/ad292bfc0e5044058fd4be884ee850be 0.109s
2025-12-08 19:25:03.314 66757 INFO tempest.lib.common.dynamic_creds [-] Deleting project and security group for project: 2786fd48feed4f7e871f6c7ad9e37202
2025-12-08 19:25:03.474 66719 INFO tempest.lib.common.rest_client [req-7dc00b9d-aaab-4e89-aa3a-ee5e80e0f860 req-7dc00b9d-aaab-4e89-aa3a-ee5e80e0f860 ] Request (FloatingIPsAssociationTestJSON:tearDownClass): 202 DELETE http://10.180.1.21/compute/v2.1/os-floating-ips/ef15248d-cb36-47ac-977a-c4bd4c5d6dee 7.559s
2025-12-08 19:25:03.549 66703 INFO tempest.lib.common.rest_client [req-20d7ecfb-17d1-4ae9-b872-3aa5eba07abb req-20d7ecfb-17d1-4ae9-b872-3aa5eba07abb ] Request (FloatingIPsTestJSON:setUpClass): 200 PUT http://10.180.1.21/networking/v2.0/routers/bda3761f-e8dc-46c8-9bcf-c0fc8990eac0/add_router_interface 2.028s
2025-12-08 19:25:03.550 66703 INFO tempest.lib.common.dynamic_creds [-] Created isolated network resources for: credentials: Credentials: {'domain_id': 'default', 'domain_name': 'Default', 'username': 'tempest-FloatingIPsTestJSON-2105696735-project-member', 'project_domain_id': 'default', 'project_domain_name': 'Default', 'project_id': 'f49480f8337e42e88c87be8ced09a9bb', 'project_name': 'tempest-FloatingIPsTestJSON-2105696735', 'tenant_id': 'f49480f8337e42e88c87be8ced09a9bb', 'tenant_name': 'tempest-FloatingIPsTestJSON-2105696735', 'user_domain_id': 'default', 'user_domain_name': 'Default', 'user_id': '43ebf84c9e8140448ea7273f88d2b71d', 'system': None}, Network: {'id': '0eed2806-46c7-4a06-927d-c09cb0ce8312', 'name': 'tempest-FloatingIPsTestJSON-1891140740-network', 'tenant_id': 'f49480f8337e42e88c87be8ced09a9bb', 'project_id': 'f49480f8337e42e88c87be8ced09a9bb', 'admin_state_up': True, 'mtu': 8950, 'status': 'ACTIVE', 'subnets': [], 'shared': False, 'port_security_enabled': True, 'router:external': False, 'provider:network_type': 'vlan', 'provider:physical_network': 'default', 'provider:segmentation_id': 779, 'availability_zone_hints': [], 'availability_zones': [], 'ipv4_address_scope': None, 'ipv6_address_scope': None, 'description': '', 'tags': [], 'created_at': '2025-12-08T19:24:59Z', 'updated_at': '2025-12-08T19:24:59Z', 'revision_number': 1}, Subnet: {'id': 'aab3d243-7640-48ba-9988-7d7fc3f51afa', 'name': 'tempest-FloatingIPsTestJSON-1891140740-subnet', 'tenant_id': 'f49480f8337e42e88c87be8ced09a9bb', 'network_id': '0eed2806-46c7-4a06-927d-c09cb0ce8312', 'ip_version': 4, 'subnetpool_id': None, 'enable_dhcp': True, 'ipv6_ra_mode': None, 'ipv6_address_mode': None, 'gateway_ip': '192.168.128.1', 'cidr': '192.168.128.0/28', 'allocation_pools': [{'start': '192.168.128.2', 'end': '192.168.128.14'}], 'host_routes': [], 'dns_nameservers': [], 'description': '', 'router:external': False, 'service_types': [], 'tags': [], 'created_at': '2025-12-08T19:24:59Z', 'updated_at': '2025-12-08T19:24:59Z', 'revision_number': 0, 'project_id': 'f49480f8337e42e88c87be8ced09a9bb'}, Router: {'id': 'bda3761f-e8dc-46c8-9bcf-c0fc8990eac0', 'name': 'tempest-FloatingIPsTestJSON-1891140740-router', 'tenant_id': 'f49480f8337e42e88c87be8ced09a9bb', 'admin_state_up': True, 'status': 'ACTIVE', 'external_gateway_info': {'network_id': 'ca813f8a-dcb6-438e-a42e-ede9dfb0449f', 'external_fixed_ips': [{'subnet_id': '46c53e98-ecbb-46d2-aa8f-7daaeb90a632', 'ip_address': '10.180.180.136'}], 'enable_snat': True}, 'description': '', 'availability_zones': [], 'distributed': False, 'ha': False, 'availability_zone_hints': [], 'routes': [], 'flavor_id': None, 'tags': [], 'created_at': '2025-12-08T19:25:00Z', 'updated_at': '2025-12-08T19:25:01Z', 'revision_number': 2, 'project_id': 'f49480f8337e42e88c87be8ced09a9bb'}
2025-12-08 19:25:03.657 66703 INFO tempest.lib.common.rest_client [req-b4923470-b434-476b-b869-c143e0e3c9a7 req-b4923470-b434-476b-b869-c143e0e3c9a7 ] Request (FloatingIPsTestJSON:setUpClass): 201 POST http://10.180.1.21/identity/v3/auth/tokens 0.104s
2025-12-08 19:25:03.657 66757 INFO tempest.lib.common.rest_client [req-0274df9c-87be-4921-8c24-54ba09b6dce3 req-0274df9c-87be-4921-8c24-54ba09b6dce3 ] Request (ServerRescueTestJSONUnderV235:tearDownClass): 200 GET http://10.180.1.21/networking/v2.0/security-groups?tenant_id=2786fd48feed4f7e871f6c7ad9e37202&name=default 0.343s
2025-12-08 19:25:03.711 66699 INFO tempest.lib.common.rest_client [req-05bca4e4-a2cf-4b83-90a7-f022db2614ca req-05bca4e4-a2cf-4b83-90a7-f022db2614ca ] Request (ServerActionsTestOtherB:test_create_backup): 200 GET http://10.180.1.21/image/v2/images/cc7bc732-8bdf-4a5e-b10b-a69aee990e59 0.029s
2025-12-08 19:25:03.848 66745 INFO tempest.lib.common.rest_client [req-ee9aa498-86d7-4579-80ed-458078653e2d req-ee9aa498-86d7-4579-80ed-458078653e2d ] Request (ServerPasswordTestJSON:setUpClass): 200 GET http://10.180.1.21/compute/v2.1/servers/78619982-2c89-4c60-9784-92f82714633e 5.930s
2025-12-08 19:25:03.994 66757 INFO tempest.lib.common.rest_client [req-c1d6e9df-c0c8-4233-bf53-06e5a0862d2a req-c1d6e9df-c0c8-4233-bf53-06e5a0862d2a ] Request (ServerRescueTestJSONUnderV235:tearDownClass): 204 DELETE http://10.180.1.21/networking/v2.0/security-groups/e3b2b645-d5fb-4ea1-b2be-3f9227695b8a 0.334s
2025-12-08 19:25:04.022 66755 INFO tempest.lib.common.rest_client [req-328b8d2c-9160-41b9-9826-4359837dfdf5 req-328b8d2c-9160-41b9-9826-4359837dfdf5 ] Request (ListImageFiltersTestJSON:setUpClass): 200 GET http://10.180.1.21/compute/v2.1/servers/28c9be62-43a7-4b1c-a0c6-77133967ba7d 5.663s
2025-12-08 19:25:04.028 66727 WARNING tempest.lib.common.ssh [-] Failed to establish authenticated ssh connection to cirros@10.180.180.218 ([Errno None] Unable to connect to port 22 on 10.180.180.218). Number attempts: 3. Retry after 4 seconds.: paramiko.ssh_exception.NoValidConnectionsError: [Errno None] Unable to connect to port 22 on 10.180.180.218
2025-12-08 19:25:04.030 66715 INFO tempest.lib.common.rest_client [req-3de2c59b-83f7-441c-9a2e-bf036d527ade req-3de2c59b-83f7-441c-9a2e-bf036d527ade ] Request (MigrationsAdminTest:test_list_migrations_in_flavor_resize_situation): 200 GET http://10.180.1.21/compute/v2.1/servers/56247d6d-71ed-4e61-bb6a-0bafbce4ce1a 5.955s
2025-12-08 19:25:04.073 66743 INFO tempest.lib.common.rest_client [req-839ef52f-518b-4705-99d9-b7d4ee28f69e req-839ef52f-518b-4705-99d9-b7d4ee28f69e ] Request (ServersNegativeTestMultiTenantJSON:tearDownClass): 404 GET http://10.180.1.21/compute/v2.1/servers/1e915c7d-56ef-4d5e-8c77-a6897a7e6371 5.650s
2025-12-08 19:25:04.169 66757 INFO tempest.lib.common.rest_client [req-ff585640-eb5d-4395-a200-1e2e68fa11a7 req-ff585640-eb5d-4395-a200-1e2e68fa11a7 ] Request (ServerRescueTestJSONUnderV235:tearDownClass): 204 DELETE http://10.180.1.21/identity/v3/projects/2786fd48feed4f7e871f6c7ad9e37202 0.174s
2025-12-08 19:25:04.252 66757 INFO tempest.lib.common.rest_client [req-1914fa75-43b0-4a74-bc0c-69993b3a6300 req-1914fa75-43b0-4a74-bc0c-69993b3a6300 ] Request (VolumesGetTestJSON:setUpClass): 201 POST http://10.180.1.21/identity/v3/auth/tokens 0.080s
2025-12-08 19:25:04.288 66757 INFO tempest.lib.common.rest_client [req-13f1ceae-802e-4510-8a22-e4f5a3c14fc0 req-13f1ceae-802e-4510-8a22-e4f5a3c14fc0 ] Request (VolumesGetTestJSON:setUpClass): 201 POST http://10.180.1.21/identity/v3/auth/tokens 0.033s
2025-12-08 19:25:04.320 66757 INFO tempest.lib.common.rest_client [req-c50f2f9c-eaa7-4aa8-bb06-18951dbffb71 req-c50f2f9c-eaa7-4aa8-bb06-18951dbffb71 ] Request (VolumesGetTestJSON:setUpClass): 200 GET http://10.180.1.21/identity/v3/domains?name=Default 0.031s
2025-12-08 19:25:04.355 66757 INFO tempest.lib.common.rest_client [req-d55bf9f6-e19b-4dbd-9a05-5108d2eff68f req-d55bf9f6-e19b-4dbd-9a05-5108d2eff68f ] Request (VolumesGetTestJSON:setUpClass): 201 POST http://10.180.1.21/identity/v3/projects 0.035s
2025-12-08 19:25:04.422 66757 INFO tempest.lib.common.rest_client [req-64337c0e-0596-4966-a84d-a849e4367fa5 req-64337c0e-0596-4966-a84d-a849e4367fa5 ] Request (VolumesGetTestJSON:setUpClass): 201 POST http://10.180.1.21/identity/v3/users 0.066s
2025-12-08 19:25:04.449 66757 INFO tempest.lib.common.rest_client [req-3e0f8faf-a2f8-414f-aadc-7af9acdade1b req-3e0f8faf-a2f8-414f-aadc-7af9acdade1b ] Request (VolumesGetTestJSON:setUpClass): 200 GET http://10.180.1.21/identity/v3/roles 0.026s
2025-12-08 19:25:04.486 66757 INFO tempest.lib.common.rest_client [req-a4ffeddf-41d5-473c-a145-903345ad328b req-a4ffeddf-41d5-473c-a145-903345ad328b ] Request (VolumesGetTestJSON:setUpClass): 204 PUT http://10.180.1.21/identity/v3/projects/709a46ce8b5341ad8dafbcac4b8a3c3b/users/48398f48f5524df0b7ba302f0b1d7575/roles/7d2012bb191442c5b1786bc830410ced 0.036s
2025-12-08 19:25:04.486 66757 INFO tempest.lib.common.dynamic_creds [-] Dynamic test user 48398f48f5524df0b7ba302f0b1d7575 is created with scope project and roles: ['member']
2025-12-08 19:25:04.486 66757 INFO tempest.lib.common.dynamic_creds [-] Acquired dynamic creds: credentials: Credentials: {'domain_id': 'default', 'domain_name': 'Default', 'username': 'tempest-VolumesGetTestJSON-1705540467-project-member', 'project_domain_id': 'default', 'project_domain_name': 'Default', 'project_id': '709a46ce8b5341ad8dafbcac4b8a3c3b', 'project_name': 'tempest-VolumesGetTestJSON-1705540467', 'tenant_id': '709a46ce8b5341ad8dafbcac4b8a3c3b', 'tenant_name': 'tempest-VolumesGetTestJSON-1705540467', 'user_domain_id': 'default', 'user_domain_name': 'Default', 'user_id': '48398f48f5524df0b7ba302f0b1d7575', 'system': None}, Network: None, Subnet: None, Router: None
2025-12-08 19:25:04.486 66757 INFO tempest.lib.common.dynamic_creds [-] Created isolated network resources for: credentials: Credentials: {'domain_id': 'default', 'domain_name': 'Default', 'username': 'tempest-VolumesGetTestJSON-1705540467-project-member', 'project_domain_id': 'default', 'project_domain_name': 'Default', 'project_id': '709a46ce8b5341ad8dafbcac4b8a3c3b', 'project_name': 'tempest-VolumesGetTestJSON-1705540467', 'tenant_id': '709a46ce8b5341ad8dafbcac4b8a3c3b', 'tenant_name': 'tempest-VolumesGetTestJSON-1705540467', 'user_domain_id': 'default', 'user_domain_name': 'Default', 'user_id': '48398f48f5524df0b7ba302f0b1d7575', 'system': None}, Network: None, Subnet: None, Router: None
2025-12-08 19:25:04.606 66757 INFO tempest.lib.common.rest_client [req-033a6f54-f6d6-455d-9b15-dc6bb12d69a3 req-033a6f54-f6d6-455d-9b15-dc6bb12d69a3 ] Request (VolumesGetTestJSON:setUpClass): 201 POST http://10.180.1.21/identity/v3/auth/tokens 0.117s
2025-12-08 19:25:04.731 66699 INFO tempest.lib.common.rest_client [req-ccd6e333-7da0-43fd-9074-32656df2c746 req-ccd6e333-7da0-43fd-9074-32656df2c746 ] Request (ServerActionsTestOtherB:test_create_backup): 200 GET http://10.180.1.21/image/v2/images/cc7bc732-8bdf-4a5e-b10b-a69aee990e59 0.019s
2025-12-08 19:25:04.901 66743 INFO tempest.lib.common.rest_client [req-8d36395b-c389-4e28-ba58-1dd0486911a9 req-8d36395b-c389-4e28-ba58-1dd0486911a9 ] Request (ServersNegativeTestMultiTenantJSON:tearDownClass): 200 PUT http://10.180.1.21/networking/v2.0/routers/81b54c89-76dd-496a-9746-899fa7779ca1/remove_router_interface 0.827s
2025-12-08 19:25:04.941 66749 INFO tempest.lib.common.rest_client [req-244f952f-5fbb-42ad-bbab-c13e89d4ad75 req-244f952f-5fbb-42ad-bbab-c13e89d4ad75 ] Request (DeleteServersTestJSON:test_delete_active_server): 200 GET http://10.180.1.21/compute/v2.1/servers/7f1728b9-2f29-4ed9-988d-6aee363461d8 6.427s
2025-12-08 19:25:04.954 66707 INFO tempest.lib.common.rest_client [req-f7489f5f-03fc-4702-b6de-221d1ea373cf req-f7489f5f-03fc-4702-b6de-221d1ea373cf ] Request (InstanceActionsV221TestJSON:test_get_list_deleted_instance_actions): 200 GET http://10.180.1.21/compute/v2.1/servers/e0252a6b-d2e8-48b6-a094-747099fa306c 6.388s
2025-12-08 19:25:05.269 66709 WARNING tempest.lib.common.ssh [-] Failed to establish authenticated ssh connection to cirros@10.180.180.204 ([Errno None] Unable to connect to port 22 on 10.180.180.204). Number attempts: 2. Retry after 3 seconds.: paramiko.ssh_exception.NoValidConnectionsError: [Errno None] Unable to connect to port 22 on 10.180.180.204
2025-12-08 19:25:05.427 66743 INFO tempest.lib.common.rest_client [req-147f47c1-fc15-491f-be1f-0fe694b05c50 req-147f47c1-fc15-491f-be1f-0fe694b05c50 ] Request (ServersNegativeTestMultiTenantJSON:tearDownClass): 204 DELETE http://10.180.1.21/networking/v2.0/routers/81b54c89-76dd-496a-9746-899fa7779ca1 0.525s
2025-12-08 19:25:05.456 66753 INFO paramiko.transport [-] Connected (version 2.0, client dropbear_2020.81)
2025-12-08 19:25:05.519 66753 INFO paramiko.transport [-] Authentication (publickey) successful!
2025-12-08 19:25:05.519 66753 INFO tempest.lib.common.ssh [-] ssh connection to cirros@10.180.180.242 successfully created
2025-12-08 19:25:05.552 66705 INFO tempest.lib.common.rest_client [req-025e99e2-556a-47e9-bfbf-9f4647eccffb req-025e99e2-556a-47e9-bfbf-9f4647eccffb ] Request (AttachInterfacesTestJSON:test_create_list_show_delete_interfaces_by_fixed_ip): 200 GET http://10.180.1.21/compute/v2.1/servers/abb8880b-95ca-4023-ae10-6708cd7b884a/os-interface/61b50adf-8f1b-49fe-9a88-ac3d08ebe4d1 6.914s
2025-12-08 19:25:05.581 66733 INFO tempest.lib.common.rest_client [req-c369264f-b71a-4394-94e3-dd385b3d1f1c req-c369264f-b71a-4394-94e3-dd385b3d1f1c ] Request (InstanceActionsNegativeTestJSON:tearDownClass): 200 GET http://10.180.1.21/compute/v2.1/servers/2007d9ab-7ce6-48f2-80a0-f56cfebdc650 6.961s
2025-12-08 19:25:05.738 66743 INFO tempest.lib.common.rest_client [req-255512cf-7f59-4c17-afa8-eb33e356580c req-255512cf-7f59-4c17-afa8-eb33e356580c ] Request (ServersNegativeTestMultiTenantJSON:tearDownClass): 204 DELETE http://10.180.1.21/networking/v2.0/subnets/b6a6b9c0-2e19-4471-a3f6-7fc59982c81f 0.311s
2025-12-08 19:25:05.763 66699 INFO tempest.lib.common.rest_client [req-991c1f61-85db-49c3-be69-3776119b41e4 req-991c1f61-85db-49c3-be69-3776119b41e4 ] Request (ServerActionsTestOtherB:test_create_backup): 200 GET http://10.180.1.21/image/v2/images/cc7bc732-8bdf-4a5e-b10b-a69aee990e59 0.030s
2025-12-08 19:25:05.804 66705 INFO tempest.lib.common.rest_client [req-6fb69b14-53bd-4230-bceb-c7abe67114c8 req-6fb69b14-53bd-4230-bceb-c7abe67114c8 ] Request (AttachInterfacesTestJSON:test_create_list_show_delete_interfaces_by_fixed_ip): 200 GET http://10.180.1.21/networking/v2.0/ports?network_id=61c86780-d479-4147-9bd4-42deb17c91af 0.250s
2025-12-08 19:25:05.927 66735 INFO tempest.lib.common.rest_client [req-a6969193-12b6-4362-b69b-3dfc2ef8b102 req-a6969193-12b6-4362-b69b-3dfc2ef8b102 ] Request (NetworksTest:test_list_all_networks): 200 GET http://10.180.1.21/compute/v2.1/os-networks 7.088s
2025-12-08 19:25:05.946 66705 INFO tempest.lib.common.rest_client [req-9f5a2495-0885-4439-a031-7ea29a3d68a4 req-9f5a2495-0885-4439-a031-7ea29a3d68a4 ] Request (AttachInterfacesTestJSON:test_create_list_show_delete_interfaces_by_fixed_ip): 200 GET http://10.180.1.21/networking/v2.0/subnets/1fa52ae0-5b32-4dc3-981d-170fb5f7e5e8 0.141s
2025-12-08 19:25:05.985 66731 INFO tempest.lib.common.rest_client [req-1fde3a96-6ee1-401e-a12e-c8625b061b78 req-1fde3a96-6ee1-401e-a12e-c8625b061b78 ] Request (ServerDiskConfigTestJSON:test_rebuild_server_with_auto_disk_config): 200 GET http://10.180.1.21/compute/v2.1/servers/cadaa9d2-98e9-450e-8d98-89d2e25de927 7.229s
2025-12-08 19:25:05.996 66731 INFO tempest.common.waiters [-] State transition "BUILD/None" ==> "BUILD/spawning" after 33 second wait
2025-12-08 19:25:06.103 66735 INFO tempest.lib.common.rest_client [req-8e2ccdcf-c593-43f3-9263-dfa8b94e8220 req-8e2ccdcf-c593-43f3-9263-dfa8b94e8220 ] Request (NetworksTest:tearDownClass): 204 DELETE http://10.180.1.21/identity/v3/users/9997ce7c98e846928c3fd11e92f0bea0 0.173s
2025-12-08 19:25:06.214 66743 INFO tempest.lib.common.rest_client [req-dd0593bb-4555-47e5-b8e1-b6c3cff6b90a req-dd0593bb-4555-47e5-b8e1-b6c3cff6b90a ] Request (ServersNegativeTestMultiTenantJSON:tearDownClass): 204 DELETE http://10.180.1.21/networking/v2.0/networks/bb7cb03c-55ea-40b3-a2d6-eaec0be43e80 0.476s
2025-12-08 19:25:06.226 66735 INFO tempest.lib.common.rest_client [req-9afe6104-2fb9-4462-bb46-97133f44c8a7 req-9afe6104-2fb9-4462-bb46-97133f44c8a7 ] Request (NetworksTest:tearDownClass): 204 DELETE http://10.180.1.21/identity/v3/users/36553abcf798400ba8d5f6613c4a9696 0.122s
2025-12-08 19:25:06.226 66735 INFO tempest.lib.common.dynamic_creds [-] Deleting project and security group for project: a7dc25bf518e4e748a3f765d4d8543d0
