2025-12-01 08:10:51.139 65913 INFO tempest.lib.common.rest_client [req-67078bb7-64c8-4f2a-a5c9-0015161c02e4 req-67078bb7-64c8-4f2a-a5c9-0015161c02e4 ] Request (VolumesAssistedSnapshotsTest:tearDownClass): 204 DELETE http://10.180.1.21/networking/v2.0/routers/6fde4f3f-1328-48c1-98fb-9e6ac2c79e23 0.491s
2025-12-01 08:10:51.294 65913 INFO tempest.lib.common.rest_client [req-779405eb-55ae-4f6c-b095-23bdb0d3512b req-779405eb-55ae-4f6c-b095-23bdb0d3512b ] Request (VolumesAssistedSnapshotsTest:tearDownClass): 204 DELETE http://10.180.1.21/networking/v2.0/subnets/be7ce790-e3d2-42b9-a74d-dc0ef53c3c43 0.155s
2025-12-01 08:10:51.508 65893 INFO tempest.lib.common.rest_client [req-6c60df86-5c11-477b-a0e3-611615a86051 req-6c60df86-5c11-477b-a0e3-611615a86051 ] Request (ServerAddressesNegativeTestJSON:setUpClass): 202 POST http://10.180.1.21/compute/v2.1/servers 4.368s
2025-12-01 08:10:51.516 65933 INFO tempest.lib.common.rest_client [req-56279cf1-801b-451d-a8d1-01b8252575a0 req-56279cf1-801b-451d-a8d1-01b8252575a0 ] Request (ServerDiagnosticsV248Test:test_get_server_diagnostics): 200 GET http://10.180.1.21/compute/v2.1/servers/144bab2e-c99c-4358-8fe2-5276703ee953/diagnostics 4.849s
2025-12-01 08:10:51.599 65879 WARNING tempest.lib.common.ssh [-] Failed to establish authenticated ssh connection to cirros@10.180.180.189 ([Errno None] Unable to connect to port 22 on 10.180.180.189). Number attempts: 8. Retry after 9 seconds.: paramiko.ssh_exception.NoValidConnectionsError: [Errno None] Unable to connect to port 22 on 10.180.180.189
2025-12-01 08:10:51.671 65897 INFO tempest.lib.common.rest_client [req-54909799-7392-4763-82e5-e47235d4bb07 req-54909799-7392-4763-82e5-e47235d4bb07 ] Request (ServerMetadataNegativeTestJSON:tearDownClass): 200 GET http://10.180.1.21/compute/v2.1/servers/16b3eb99-ce87-4179-8116-998c0a0d39d9 3.111s
2025-12-01 08:10:51.680 65913 INFO tempest.lib.common.rest_client [req-230a3a8f-de6d-40e5-a270-190d7af54138 req-230a3a8f-de6d-40e5-a270-190d7af54138 ] Request (VolumesAssistedSnapshotsTest:tearDownClass): 204 DELETE http://10.180.1.21/networking/v2.0/networks/9aadf691-4e1a-4ec9-92c1-fa533b084fe8 0.385s
2025-12-01 08:10:51.701 65895 INFO tempest.lib.common.rest_client [req-c533a751-3ddf-45a9-8eaa-037d262a0e06 req-c533a751-3ddf-45a9-8eaa-037d262a0e06 ] Request (ServerRescueTestJSON:test_rescue_unrescue_instance): 200 GET http://10.180.1.21/compute/v2.1/servers/85e5eb94-7a81-4f22-b150-eefb27043a98 4.001s
2025-12-01 08:10:51.813 65913 INFO tempest.lib.common.rest_client [req-70e6f211-2383-4142-a8dc-cff461e417ee req-70e6f211-2383-4142-a8dc-cff461e417ee ] Request (VolumesAssistedSnapshotsTest:tearDownClass): 204 DELETE http://10.180.1.21/identity/v3/users/30e76349ff0140f78bb1afe6270227be 0.132s
2025-12-01 08:10:51.867 65915 INFO tempest.lib.common.rest_client [req-2d822f01-1e20-4750-a846-75a96d84e024 req-2d822f01-1e20-4750-a846-75a96d84e024 ] Request (ServersAdminTestJSON:_run_cleanups): 200 GET http://10.180.1.21/compute/v2.1/servers/08a872c6-3de9-4727-9c10-89cdacef924e 2.843s
2025-12-01 08:10:51.939 65913 INFO tempest.lib.common.rest_client [req-6e692033-9574-4f2b-b1a3-fcf8a3bc749d req-6e692033-9574-4f2b-b1a3-fcf8a3bc749d ] Request (VolumesAssistedSnapshotsTest:tearDownClass): 204 DELETE http://10.180.1.21/identity/v3/users/5377f21d047a4a90b81ee47c153bf0d9 0.126s
2025-12-01 08:10:51.949 65917 INFO tempest.lib.common.rest_client [req-b4014376-6b8b-4ee7-9f42-593031034625 req-b4014376-6b8b-4ee7-9f42-593031034625 ] Request (ServersTestFqdnHostnames:test_create_server_with_fqdn_name): 200 GET http://10.180.1.21/compute/v2.1/servers/00b04950-cafe-4f36-b518-f7fa3a53b4fd/os-interface 2.178s
2025-12-01 08:10:52.105 65913 INFO tempest.lib.common.rest_client [req-e08ac727-0077-4d6f-bf7a-043d972d20ce req-e08ac727-0077-4d6f-bf7a-043d972d20ce ] Request (VolumesAssistedSnapshotsTest:tearDownClass): 204 DELETE http://10.180.1.21/identity/v3/users/e54e2904a7764662ae7e483b6d2284aa 0.165s
2025-12-01 08:10:52.105 65913 INFO tempest.lib.common.dynamic_creds [-] Deleting project and security group for project: 42fecc4be8ee4a218622158470db295c
2025-12-01 08:10:52.175 65885 WARNING tempest.lib.common.ssh [-] Failed to establish authenticated ssh connection to cirros@10.180.180.203 ([Errno None] Unable to connect to port 22 on 10.180.180.203). Number attempts: 1. Retry after 2 seconds.: paramiko.ssh_exception.NoValidConnectionsError: [Errno None] Unable to connect to port 22 on 10.180.180.203
2025-12-01 08:10:52.325 65913 INFO tempest.lib.common.rest_client [req-90131484-2ba4-45d5-be45-edd3c3f0aa12 req-90131484-2ba4-45d5-be45-edd3c3f0aa12 ] Request (VolumesAssistedSnapshotsTest:tearDownClass): 200 GET http://10.180.1.21/networking/v2.0/security-groups?tenant_id=42fecc4be8ee4a218622158470db295c&name=default 0.219s
2025-12-01 08:10:52.393 65905 INFO tempest.lib.common.rest_client [req-1eb7c07f-7f38-42c6-a961-d4555b7d2ad6 req-1eb7c07f-7f38-42c6-a961-d4555b7d2ad6 ] Request (MigrationsAdminTest:test_resize_server_revert_deleted_flavor): 200 GET http://10.180.1.21/compute/v2.1/servers/f4aee8ba-776e-492f-9da0-b1e3fd698acb 2.594s
2025-12-01 08:10:52.431 65935 INFO tempest.lib.common.rest_client [req-f92963bc-7224-4d91-98a5-128742bd961d req-f92963bc-7224-4d91-98a5-128742bd961d ] Request (ListServersNegativeTestJSON:setUpClass): 202 POST http://10.180.1.21/compute/v2.1/servers 3.522s
2025-12-01 08:10:52.628 65913 INFO tempest.lib.common.rest_client [req-5aed1538-8b44-4b46-8522-bc29753a712a req-5aed1538-8b44-4b46-8522-bc29753a712a ] Request (VolumesAssistedSnapshotsTest:tearDownClass): 204 DELETE http://10.180.1.21/networking/v2.0/security-groups/dac44479-9b9c-4730-8560-9abf47738ac6 0.303s
2025-12-01 08:10:52.773 65907 INFO tempest.lib.common.rest_client [req-2a83fb2e-e4cf-4b84-8c74-0a2e6564af09 req-2a83fb2e-e4cf-4b84-8c74-0a2e6564af09 ] Request (ServersTestBootFromVolume:setUpClass): 200 POST http://10.180.1.21/compute/v2.1/os-keypairs 2.530s
2025-12-01 08:10:52.778 65903 INFO tempest.lib.common.rest_client [req-03392c8b-dbf2-43c1-831c-259587991f0a req-03392c8b-dbf2-43c1-831c-259587991f0a ] Request (VolumesNegativeTest:test_delete_volume_without_passing_volume_id): 404 DELETE http://10.180.1.21/compute/v2.1/os-volumes/ 2.498s
2025-12-01 08:10:52.782 65923 INFO tempest.lib.common.rest_client [req-538ae50f-5549-4068-9189-2b2ba69f77b5 req-538ae50f-5549-4068-9189-2b2ba69f77b5 ] Request (ImagesTestJSON:test_create_image_from_stopped_server): 202 POST http://10.180.1.21/compute/v2.1/servers/f4f72a1f-a2ec-4dd0-a09a-d32c380c5ba9/action 2.622s
2025-12-01 08:10:52.814 65913 INFO tempest.lib.common.rest_client [req-1c6f2cea-e141-4cbc-8031-786fc2038cbd req-1c6f2cea-e141-4cbc-8031-786fc2038cbd ] Request (VolumesAssistedSnapshotsTest:tearDownClass): 204 DELETE http://10.180.1.21/identity/v3/projects/42fecc4be8ee4a218622158470db295c 0.185s
2025-12-01 08:10:52.814 65913 INFO tempest.lib.common.dynamic_creds [-] Deleting project and security group for project: e5a68eeb9dad4eeb97b9b37730e7e1fd
2025-12-01 08:10:52.881 65917 INFO tempest.lib.common.rest_client [req-da5cf9a9-d4cd-42ef-9283-8a14078a767f req-da5cf9a9-d4cd-42ef-9283-8a14078a767f ] Request (ServersTestFqdnHostnames:test_create_server_with_fqdn_name): 200 PUT http://10.180.1.21/networking/v2.0/floatingips/b05f0e74-65c0-4fba-a079-637cec0fba5b 0.930s
2025-12-01 08:10:52.882 65917 INFO tempest.lib.common.ssh [-] Creating ssh connection to '10.180.180.231:22' as 'cirros' with public key authentication
2025-12-01 08:10:52.887 65875 INFO tempest.lib.common.rest_client [req-548176e7-364f-4395-aa59-60e40326050a req-548176e7-364f-4395-aa59-60e40326050a ] Request (ServerActionsTestJSON:test_lock_unlock_server): 202 POST http://10.180.1.21/compute/v2.1/servers/f5e32dc3-018d-440e-89c0-4c20d7263301/action 2.533s
2025-12-01 08:10:52.914 65913 INFO tempest.lib.common.rest_client [req-e34440f9-29b7-4dcf-b642-e79747ff28d9 req-e34440f9-29b7-4dcf-b642-e79747ff28d9 ] Request (VolumesAssistedSnapshotsTest:tearDownClass): 200 GET http://10.180.1.21/networking/v2.0/security-groups?tenant_id=e5a68eeb9dad4eeb97b9b37730e7e1fd&name=default 0.100s
2025-12-01 08:10:52.936 65883 INFO tempest.lib.common.rest_client [req-7d8760e4-f52f-409d-a169-708ec4520d6b req-7d8760e4-f52f-409d-a169-708ec4520d6b ] Request (ImagesOneServerNegativeTestJSON:test_delete_image_that_is_not_yet_active): 204 DELETE http://10.180.1.21/compute/v2.1/images/a52b5396-1430-4c29-b410-3b3ef094e4db 2.631s
2025-12-01 08:10:52.953 65907 INFO tempest.lib.common.rest_client [req-0a9e8467-e068-4c52-ab3e-979089c13e65 req-0a9e8467-e068-4c52-ab3e-979089c13e65 ] Request (ServersTestBootFromVolume:setUpClass): 201 POST http://10.180.1.21/networking/v2.0/security-groups 0.178s
2025-12-01 08:10:53.058 65913 INFO tempest.lib.common.rest_client [req-1918a0a3-4157-421f-b527-6779d3f8514f req-1918a0a3-4157-421f-b527-6779d3f8514f ] Request (VolumesAssistedSnapshotsTest:tearDownClass): 204 DELETE http://10.180.1.21/networking/v2.0/security-groups/76e502f5-58d8-4b4a-be92-c5e80d18b7e4 0.144s
2025-12-01 08:10:53.075 65912 INFO tempest.lib.common.rest_client [req-76f9f93f-2174-4280-9b0c-4c6076db2f23 req-76f9f93f-2174-4280-9b0c-4c6076db2f23 ] Request (ServerShowV247Test:tearDownClass): 204 DELETE http://10.180.1.21/compute/v2.1/servers/af8697d8-4426-4936-95d2-80de3b798771 2.517s
2025-12-01 08:10:53.157 65919 INFO tempest.lib.common.rest_client [req-0d04a121-33a5-4b64-8d19-7abb75f40dcb req-0d04a121-33a5-4b64-8d19-7abb75f40dcb ] Request (ListImageFiltersTestJSON:test_list_images_filter_by_name): 200 GET http://10.180.1.21/compute/v2.1/images?name=tempest-ListImageFiltersTestJSON-image-2081634805 2.494s
2025-12-01 08:10:53.158 65901 INFO tempest.lib.common.rest_client [req-55298e9d-6eb7-413d-920f-37397d36137b req-55298e9d-6eb7-413d-920f-37397d36137b ] Request (ImagesOneServerTestJSON:test_create_image_specify_multibyte_character_image_name): 200 GET http://10.180.1.21/compute/v2.1/servers/c8a80f62-583b-400c-941d-1c50492582b4 2.740s
2025-12-01 08:10:53.215 65907 INFO tempest.lib.common.rest_client [req-63619288-befd-45d4-8274-0ba46bdc949d req-63619288-befd-45d4-8274-0ba46bdc949d ] Request (ServersTestBootFromVolume:setUpClass): 201 POST http://10.180.1.21/networking/v2.0/security-group-rules 0.261s
2025-12-01 08:10:53.224 65913 INFO tempest.lib.common.rest_client [req-e1d722e6-91de-4feb-8fb0-2e94f70dd664 req-e1d722e6-91de-4feb-8fb0-2e94f70dd664 ] Request (VolumesAssistedSnapshotsTest:tearDownClass): 204 DELETE http://10.180.1.21/identity/v3/projects/e5a68eeb9dad4eeb97b9b37730e7e1fd 0.165s
2025-12-01 08:10:53.224 65913 INFO tempest.lib.common.dynamic_creds [-] Deleting project and security group for project: e858ac64529e45ef9fcc89d62b6bf920
2025-12-01 08:10:53.247 65887 INFO tempest.lib.common.rest_client [req-758d8a42-19bf-487c-91b4-1d845fe27566 req-758d8a42-19bf-487c-91b4-1d845fe27566 ] Request (ListServerFiltersTestJSON:setUpClass): 200 GET http://10.180.1.21/compute/v2.1/servers/30e008eb-714c-4a47-b529-950393bdd6d5 1.987s
2025-12-01 08:10:53.273 65891 INFO tempest.lib.common.rest_client [req-0185d1c5-af68-4445-aa93-5975bfcbd9e8 req-0185d1c5-af68-4445-aa93-5975bfcbd9e8 ] Request (DeleteServersTestJSON:test_delete_server_while_in_attached_volume): 200 GET http://10.180.1.21/compute/v2.1/servers/29349353-ecae-479d-a75f-aed6261932c9 1.884s
2025-12-01 08:10:53.293 65913 INFO tempest.lib.common.rest_client [req-ab695c4e-6f42-4cd0-a58b-05812a197190 req-ab695c4e-6f42-4cd0-a58b-05812a197190 ] Request (VolumesAssistedSnapshotsTest:tearDownClass): 200 GET http://10.180.1.21/networking/v2.0/security-groups?tenant_id=e858ac64529e45ef9fcc89d62b6bf920&name=default 0.068s
2025-12-01 08:10:53.323 65907 INFO tempest.lib.common.rest_client [req-dd50755b-aac0-45ab-a19e-2ce1fbfc06bc req-dd50755b-aac0-45ab-a19e-2ce1fbfc06bc ] Request (ServersTestBootFromVolume:setUpClass): 201 POST http://10.180.1.21/networking/v2.0/security-group-rules 0.108s
2025-12-01 08:10:53.328 65893 INFO tempest.lib.common.rest_client [req-92099e93-dda2-41e5-8b0c-b60a91ea17c3 req-92099e93-dda2-41e5-8b0c-b60a91ea17c3 ] Request (ServerAddressesNegativeTestJSON:setUpClass): 200 GET http://10.180.1.21/compute/v2.1/servers/fa9c8b9e-795f-424f-93f9-8fa6f4aff069 1.816s
2025-12-01 08:10:53.559 65913 INFO tempest.lib.common.rest_client [req-d74d7023-0505-48f6-a9d2-72a766c73805 req-d74d7023-0505-48f6-a9d2-72a766c73805 ] Request (VolumesAssistedSnapshotsTest:tearDownClass): 204 DELETE http://10.180.1.21/networking/v2.0/security-groups/52869ad7-d7ac-4812-9140-6b9c8bf31d92 0.265s
2025-12-01 08:10:53.614 65889 INFO tempest.lib.common.rest_client [req-e692ebbf-7b48-4bb3-a1d3-fb205729a224 req-e692ebbf-7b48-4bb3-a1d3-fb205729a224 ] Request (ServersListShow2100Test:test_list_show_rebuild_update_server_2100): 200 GET http://10.180.1.21/compute/v2.1/servers/13199e43-85de-481e-a4de-30979c104ae9 2.089s
2025-12-01 08:10:53.635 65889 INFO tempest.common.waiters [-] State transition "BUILD/spawning" ==> "ACTIVE/None" after 36 second wait
2025-12-01 08:10:53.674 65909 INFO tempest.lib.common.rest_client [req-cbdd197f-e464-4502-9ec1-a31b6a00c293 req-cbdd197f-e464-4502-9ec1-a31b6a00c293 ] Request (ServersAdminNegativeTestJSON:tearDownClass): 200 GET http://10.180.1.21/compute/v2.1/servers/fe3c42b5-7735-4569-9abc-337202b6146e 2.107s
2025-12-01 08:10:53.730 65913 INFO tempest.lib.common.rest_client [req-65ec8457-684a-4695-b0fb-d55a53876607 req-65ec8457-684a-4695-b0fb-d55a53876607 ] Request (VolumesAssistedSnapshotsTest:tearDownClass): 204 DELETE http://10.180.1.21/identity/v3/projects/e858ac64529e45ef9fcc89d62b6bf920 0.170s
2025-12-01 08:10:53.756 65927 INFO tempest.lib.common.rest_client [req-e5340fa9-e2ff-474d-a432-03760f591bdf req-e5340fa9-e2ff-474d-a432-03760f591bdf ] Request (AttachInterfacesTestJSON:_run_cleanups): 200 GET http://10.180.1.21/compute/v2.1/servers/f674f6e5-584e-4851-9374-1519c9ae4876 2.011s
2025-12-01 08:10:53.826 65913 INFO tempest.lib.common.rest_client [req-d03f0ce0-ab0e-4529-9db0-b29f94b0da2a req-d03f0ce0-ab0e-4529-9db0-b29f94b0da2a ] Request (QuotasAdminTestJSON:setUpClass): 201 POST http://10.180.1.21/identity/v3/auth/tokens 0.094s
2025-12-01 08:10:53.874 65935 INFO tempest.lib.common.rest_client [req-c2958f2e-a131-4bf0-9715-c775ea9a5d3f req-c2958f2e-a131-4bf0-9715-c775ea9a5d3f ] Request (ListServersNegativeTestJSON:setUpClass): 200 GET http://10.180.1.21/compute/v2.1/servers 1.439s
2025-12-01 08:10:53.882 65913 INFO tempest.lib.common.rest_client [req-0b65dd02-0925-4241-a785-d4e8f22a1ac4 req-0b65dd02-0925-4241-a785-d4e8f22a1ac4 ] Request (QuotasAdminTestJSON:setUpClass): 201 POST http://10.180.1.21/identity/v3/auth/tokens 0.053s
2025-12-01 08:10:53.899 65881 INFO tempest.lib.common.rest_client [req-8da7f6df-9ff2-4f7a-9122-2d7b13a3d8f5 req-8da7f6df-9ff2-4f7a-9122-2d7b13a3d8f5 ] Request (SecurityGroupsTestJSON:test_server_security_groups): 200 GET http://10.180.1.21/compute/v2.1/servers/619b463b-2d21-45d9-ac77-764712f81793 1.934s
2025-12-01 08:10:53.907 65897 INFO tempest.lib.common.rest_client [req-03734ee5-3474-4456-bb1a-995f57acae6e req-03734ee5-3474-4456-bb1a-995f57acae6e ] Request (ServerMetadataNegativeTestJSON:tearDownClass): 404 GET http://10.180.1.21/compute/v2.1/servers/16b3eb99-ce87-4179-8116-998c0a0d39d9 1.221s
2025-12-01 08:10:53.925 65913 INFO tempest.lib.common.rest_client [req-3f0944af-3952-4554-8410-6c2364455ce6 req-3f0944af-3952-4554-8410-6c2364455ce6 ] Request (QuotasAdminTestJSON:setUpClass): 200 GET http://10.180.1.21/identity/v3/domains?name=Default 0.042s
2025-12-01 08:10:53.969 65913 INFO tempest.lib.common.rest_client [req-991e4801-1df1-4904-b92a-2be8fd3b45ed req-991e4801-1df1-4904-b92a-2be8fd3b45ed ] Request (QuotasAdminTestJSON:setUpClass): 201 POST http://10.180.1.21/identity/v3/projects 0.039s
2025-12-01 08:10:53.993 65907 INFO tempest.lib.common.rest_client [req-e6e69878-61e0-44ef-99f6-117c3468fa6b req-e6e69878-61e0-44ef-99f6-117c3468fa6b ] Request (ServersTestBootFromVolume:setUpClass): 201 POST http://10.180.1.21/networking/v2.0/floatingips 0.669s
2025-12-01 08:10:54.041 65913 INFO tempest.lib.common.rest_client [req-68cdc129-9ba6-49b3-83b6-0dbc59d19e1f req-68cdc129-9ba6-49b3-83b6-0dbc59d19e1f ] Request (QuotasAdminTestJSON:setUpClass): 201 POST http://10.180.1.21/identity/v3/users 0.072s
2025-12-01 08:10:54.065 65913 INFO tempest.lib.common.rest_client [req-c2b258d1-ad61-4d08-802e-26504a76ed22 req-c2b258d1-ad61-4d08-802e-26504a76ed22 ] Request (QuotasAdminTestJSON:setUpClass): 200 GET http://10.180.1.21/identity/v3/roles 0.023s
2025-12-01 08:10:54.065 65907 INFO tempest.lib.common.rest_client [req-7f5099ca-09ec-4c3c-9cb7-054d106c9f75 req-7f5099ca-09ec-4c3c-9cb7-054d106c9f75 ] Request (ServersTestBootFromVolume:setUpClass): 201 POST http://10.180.1.21/identity/v3/auth/tokens 0.068s
2025-12-01 08:10:54.066 65907 INFO tempest.lib.common.fixed_network [-] (ServersTestBootFromVolume:setUpClass) Found network {'id': 'd9c6fdf3-656e-43e3-a466-4621fa5a6456', 'name': 'tempest-ServersTestBootFromVolume-511912194-network', 'tenant_id': '8d903d4e54e34c88ac2adef0c0a5e9dd', 'project_id': '8d903d4e54e34c88ac2adef0c0a5e9dd', 'admin_state_up': True, 'mtu': 8950, 'status': 'ACTIVE', 'subnets': [], 'shared': False, 'port_security_enabled': True, 'router:external': False, 'provider:network_type': 'vlan', 'provider:physical_network': 'default', 'provider:segmentation_id': 644, 'availability_zone_hints': [], 'availability_zones': [], 'ipv4_address_scope': None, 'ipv6_address_scope': None, 'description': '', 'tags': [], 'created_at': '2025-12-01T08:10:45Z', 'updated_at': '2025-12-01T08:10:45Z', 'revision_number': 1} available for tenant
2025-12-01 08:10:54.120 65913 INFO tempest.lib.common.rest_client [req-e8f7eead-3271-43c0-bc4c-979469e42a96 req-e8f7eead-3271-43c0-bc4c-979469e42a96 ] Request (QuotasAdminTestJSON:setUpClass): 204 PUT http://10.180.1.21/identity/v3/projects/528b05d6d0bd42959e51e48dcaef0147/users/0825285eb53741d2ab635104fc6e346f/roles/5569963731b646d29510ba7e82eb5bed 0.055s
2025-12-01 08:10:54.121 65913 INFO tempest.lib.common.dynamic_creds [-] Dynamic test user 0825285eb53741d2ab635104fc6e346f is created with scope project and roles: ['member']
2025-12-01 08:10:54.121 65913 INFO tempest.lib.common.dynamic_creds [-] Acquired dynamic creds: credentials: Credentials: {'domain_id': 'default', 'domain_name': 'Default', 'username': 'tempest-QuotasAdminTestJSON-1639777730-project-member', 'project_domain_id': 'default', 'project_domain_name': 'Default', 'project_id': '528b05d6d0bd42959e51e48dcaef0147', 'project_name': 'tempest-QuotasAdminTestJSON-1639777730', 'tenant_id': '528b05d6d0bd42959e51e48dcaef0147', 'tenant_name': 'tempest-QuotasAdminTestJSON-1639777730', 'user_domain_id': 'default', 'user_domain_name': 'Default', 'user_id': '0825285eb53741d2ab635104fc6e346f', 'system': None}, Network: None, Subnet: None, Router: None
2025-12-01 08:10:54.121 65913 INFO tempest.lib.common.dynamic_creds [-] Created isolated network resources for: credentials: Credentials: {'domain_id': 'default', 'domain_name': 'Default', 'username': 'tempest-QuotasAdminTestJSON-1639777730-project-member', 'project_domain_id': 'default', 'project_domain_name': 'Default', 'project_id': '528b05d6d0bd42959e51e48dcaef0147', 'project_name': 'tempest-QuotasAdminTestJSON-1639777730', 'tenant_id': '528b05d6d0bd42959e51e48dcaef0147', 'tenant_name': 'tempest-QuotasAdminTestJSON-1639777730', 'user_domain_id': 'default', 'user_domain_name': 'Default', 'user_id': '0825285eb53741d2ab635104fc6e346f', 'system': None}, Network: None, Subnet: None, Router: None
2025-12-01 08:10:54.218 65913 INFO tempest.lib.common.rest_client [req-84a8bb96-d3c8-4bef-9579-cc74765a6b04 req-84a8bb96-d3c8-4bef-9579-cc74765a6b04 ] Request (QuotasAdminTestJSON:setUpClass): 201 POST http://10.180.1.21/identity/v3/auth/tokens 0.094s
2025-12-01 08:10:54.244 65895 INFO tempest.lib.common.rest_client [req-eae7a13d-967b-42c8-a497-29d64db50e75 req-eae7a13d-967b-42c8-a497-29d64db50e75 ] Request (ServerRescueTestJSON:test_rescue_unrescue_instance): 200 GET http://10.180.1.21/compute/v2.1/servers/85e5eb94-7a81-4f22-b150-eefb27043a98 1.533s
2025-12-01 08:10:54.247 65903 INFO tempest.lib.common.rest_client [req-ce27f5b7-1e53-42bf-bfd8-4ac0448573b3 req-ce27f5b7-1e53-42bf-bfd8-4ac0448573b3 ] Request (VolumesNegativeTest:test_get_volume_without_passing_volume_id): 404 GET http://10.180.1.21/compute/v2.1/os-volumes/ 1.464s
2025-12-01 08:10:54.253 65895 INFO tempest.common.waiters [-] State transition "RESCUE/unrescuing" ==> "ACTIVE/None" after 8 second wait
2025-12-01 08:10:54.273 65923 INFO tempest.lib.common.rest_client [req-ccbaebfc-7abc-42c8-a912-790b2b717ea1 req-ccbaebfc-7abc-42c8-a912-790b2b717ea1 ] Request (ImagesTestJSON:test_create_image_from_stopped_server): 200 GET http://10.180.1.21/compute/v2.1/servers/f4f72a1f-a2ec-4dd0-a09a-d32c380c5ba9 1.490s
2025-12-01 08:10:54.304 65913 INFO tempest.lib.common.rest_client [req-04280c6e-6a0c-4566-94f2-6a5710686b0d req-04280c6e-6a0c-4566-94f2-6a5710686b0d ] Request (QuotasAdminTestJSON:setUpClass): 201 POST http://10.180.1.21/identity/v3/projects 0.085s
2025-12-01 08:10:54.393 65913 INFO tempest.lib.common.rest_client [req-a8312135-b2cd-42f9-b248-560a5014629c req-a8312135-b2cd-42f9-b248-560a5014629c ] Request (QuotasAdminTestJSON:setUpClass): 201 POST http://10.180.1.21/identity/v3/users 0.089s
2025-12-01 08:10:54.440 65913 INFO tempest.lib.common.rest_client [req-82197777-75f7-42cd-a266-0f1d19a262a2 req-82197777-75f7-42cd-a266-0f1d19a262a2 ] Request (QuotasAdminTestJSON:setUpClass): 200 GET http://10.180.1.21/identity/v3/roles 0.045s
2025-12-01 08:10:54.514 65913 INFO tempest.lib.common.rest_client [req-fffce212-7e62-4b17-8402-4d91bc644f06 req-fffce212-7e62-4b17-8402-4d91bc644f06 ] Request (QuotasAdminTestJSON:setUpClass): 204 PUT http://10.180.1.21/identity/v3/projects/adb698e03e354f1891c1f9cc68ca8905/users/d9094975e7be4910a9c62148a3f3cd8c/roles/ed46f6705dde4447b2f9c0beda5eda31 0.074s
2025-12-01 08:10:54.649 65913 INFO tempest.lib.common.rest_client [req-ab96b136-3639-4fe3-a774-bc1a2e5bf3d6 req-ab96b136-3639-4fe3-a774-bc1a2e5bf3d6 ] Request (QuotasAdminTestJSON:setUpClass): 200 GET http://10.180.1.21/identity/v3/roles 0.134s
2025-12-01 08:10:54.683 65913 INFO tempest.lib.common.rest_client [req-62b65a59-6feb-4c1a-9798-5d09ef1ed250 req-62b65a59-6feb-4c1a-9798-5d09ef1ed250 ] Request (QuotasAdminTestJSON:setUpClass): 204 PUT http://10.180.1.21/identity/v3/projects/adb698e03e354f1891c1f9cc68ca8905/users/d9094975e7be4910a9c62148a3f3cd8c/roles/ed46f6705dde4447b2f9c0beda5eda31 0.033s
2025-12-01 08:10:54.683 65913 INFO tempest.lib.common.dynamic_creds [-] Dynamic test user d9094975e7be4910a9c62148a3f3cd8c is created with scope project and roles: ['admin']
2025-12-01 08:10:54.683 65913 INFO tempest.lib.common.dynamic_creds [-] Acquired dynamic creds: credentials: Credentials: {'domain_id': 'default', 'domain_name': 'Default', 'username': 'tempest-QuotasAdminTestJSON-959903229-project-admin', 'project_domain_id': 'default', 'project_domain_name': 'Default', 'project_id': 'adb698e03e354f1891c1f9cc68ca8905', 'project_name': 'tempest-QuotasAdminTestJSON-959903229', 'tenant_id': 'adb698e03e354f1891c1f9cc68ca8905', 'tenant_name': 'tempest-QuotasAdminTestJSON-959903229', 'user_domain_id': 'default', 'user_domain_name': 'Default', 'user_id': 'd9094975e7be4910a9c62148a3f3cd8c', 'system': None}, Network: None, Subnet: None, Router: None
2025-12-01 08:10:54.683 65913 INFO tempest.lib.common.dynamic_creds [-] Created isolated network resources for: credentials: Credentials: {'domain_id': 'default', 'domain_name': 'Default', 'username': 'tempest-QuotasAdminTestJSON-959903229-project-admin', 'project_domain_id': 'default', 'project_domain_name': 'Default', 'project_id': 'adb698e03e354f1891c1f9cc68ca8905', 'project_name': 'tempest-QuotasAdminTestJSON-959903229', 'tenant_id': 'adb698e03e354f1891c1f9cc68ca8905', 'tenant_name': 'tempest-QuotasAdminTestJSON-959903229', 'user_domain_id': 'default', 'user_domain_name': 'Default', 'user_id': 'd9094975e7be4910a9c62148a3f3cd8c', 'system': None}, Network: None, Subnet: None, Router: None
2025-12-01 08:10:54.689 65907 INFO tempest.lib.common.rest_client [req-01e0594f-b58a-4694-afa6-a9ab15d103ef req-01e0594f-b58a-4694-afa6-a9ab15d103ef ] Request (ServersTestBootFromVolume:setUpClass): 202 POST http://10.180.1.21/volume/v3/volumes 0.621s
2025-12-01 08:10:54.701 65877 INFO paramiko.transport [-] Connected (version 2.0, client dropbear_2020.81)
2025-12-01 08:10:54.740 65907 INFO tempest.lib.common.rest_client [req-dacf3aab-9fad-4e3c-8f64-72a44d8dcc0d req-dacf3aab-9fad-4e3c-8f64-72a44d8dcc0d ] Request (ServersTestBootFromVolume:setUpClass): 200 GET http://10.180.1.21/volume/v3/volumes/a333c7c8-1e69-4ef2-8a7e-a52505a28dd8 0.041s
2025-12-01 08:10:54.752 65915 INFO tempest.lib.common.rest_client [req-816e95f5-7b62-4dbb-8ddc-3618fff1c1f6 req-816e95f5-7b62-4dbb-8ddc-3618fff1c1f6 ] Request (ServersAdminTestJSON:_run_cleanups): 200 GET http://10.180.1.21/compute/v2.1/servers/08a872c6-3de9-4727-9c10-89cdacef924e 1.873s
2025-12-01 08:10:54.766 65915 INFO tempest.common.waiters [-] State transition "REBUILD/rebuilding" ==> "REBUILD/rebuild_spawning" after 3 second wait
2025-12-01 08:10:54.769 65877 INFO paramiko.transport [-] Authentication (publickey) successful!
2025-12-01 08:10:54.770 65877 INFO tempest.lib.common.ssh [-] ssh connection to cirros@10.180.180.145 successfully created
2025-12-01 08:10:54.782 65883 INFO tempest.lib.common.rest_client [req-028eaef2-b824-470c-9a1a-590d26b89324 req-028eaef2-b824-470c-9a1a-590d26b89324 ] Request (ImagesOneServerNegativeTestJSON:test_delete_image_that_is_not_yet_active): 404 GET http://10.180.1.21/compute/v2.1/images/a52b5396-1430-4c29-b410-3b3ef094e4db 1.845s
2025-12-01 08:10:54.788 65875 INFO tempest.lib.common.rest_client [req-fdaa7339-c7ea-43ba-8ee8-102f3861da6b req-fdaa7339-c7ea-43ba-8ee8-102f3861da6b ] Request (ServerActionsTestJSON:test_lock_unlock_server): 200 GET http://10.180.1.21/compute/v2.1/servers/f5e32dc3-018d-440e-89c0-4c20d7263301 1.900s
2025-12-01 08:10:54.822 65913 INFO tempest.lib.common.rest_client [req-c494bdaf-5dbe-499a-92fc-e196ae8feaed req-c494bdaf-5dbe-499a-92fc-e196ae8feaed ] Request (QuotasAdminTestJSON:setUpClass): 201 POST http://10.180.1.21/identity/v3/auth/tokens 0.130s
2025-12-01 08:10:54.823 65913 WARNING tempest.lib.common.rest_client [-] Deprecated: "tenant_id" property is deprecated for removal, use "project_id" instead
2025-12-01 08:10:54.871 65913 INFO tempest.lib.common.rest_client [req-81058f48-01d9-47ab-b08a-38f471e8852f req-81058f48-01d9-47ab-b08a-38f471e8852f ] Request (QuotasAdminTestJSON:test_delete_quota): 200 GET http://10.180.1.21/identity/v3/domains?name=Default 0.047s
2025-12-01 08:10:54.882 65925 INFO paramiko.transport [-] Connected (version 2.0, client dropbear_2020.81)
2025-12-01 08:10:54.883 65919 INFO tempest.lib.common.rest_client [req-473ee2bb-9249-4326-9a4a-9f20f0d16220 req-473ee2bb-9249-4326-9a4a-9f20f0d16220 ] Request (ListImageFiltersTestJSON:test_list_images_filter_by_server_id): 200 GET http://10.180.1.21/compute/v2.1/images?server=e3824f4f-7f90-4258-b6b7-2955476937e2 1.722s
2025-12-01 08:10:54.925 65913 INFO tempest.lib.common.rest_client [req-3e99fdb8-4b69-4766-b45d-c6d5fa8784be req-3e99fdb8-4b69-4766-b45d-c6d5fa8784be ] Request (QuotasAdminTestJSON:test_delete_quota): 201 POST http://10.180.1.21/identity/v3/projects 0.053s
2025-12-01 08:10:54.926 65912 INFO tempest.lib.common.rest_client [req-a81cffe6-c1da-4f23-b226-bb749fc49de2 req-a81cffe6-c1da-4f23-b226-bb749fc49de2 ] Request (ServerShowV247Test:tearDownClass): 200 GET http://10.180.1.21/compute/v2.1/servers/af8697d8-4426-4936-95d2-80de3b798771 1.851s
2025-12-01 08:10:54.952 65925 INFO paramiko.transport [-] Authentication (publickey) successful!
2025-12-01 08:10:54.952 65925 INFO tempest.lib.common.ssh [-] ssh connection to cirros@10.180.180.171 successfully created
2025-12-01 08:10:55.018 65913 INFO tempest.lib.common.rest_client [req-228495b8-9b55-4ff7-91a5-0df67c42740a req-228495b8-9b55-4ff7-91a5-0df67c42740a ] Request (QuotasAdminTestJSON:test_delete_quota): 200 GET http://10.180.1.21/identity/v3/domains?name=Default 0.092s
2025-12-01 08:10:55.025 65901 INFO tempest.lib.common.rest_client [req-2e751555-1dc1-4fa2-bc34-7dcf463363e1 req-2e751555-1dc1-4fa2-bc34-7dcf463363e1 ] Request (ImagesOneServerTestJSON:tearDownClass): 204 DELETE http://10.180.1.21/compute/v2.1/images/7228c200-1973-4153-89b3-5bd3c5544f07 1.853s
2025-12-01 08:10:55.072 65897 INFO tempest.lib.common.rest_client [req-286416f2-3b75-4248-a4e9-3658ebad0d6c req-286416f2-3b75-4248-a4e9-3658ebad0d6c ] Request (ServerMetadataNegativeTestJSON:tearDownClass): 200 PUT http://10.180.1.21/networking/v2.0/routers/674df0fd-d692-48a6-9ff6-9d976fdf67ff/remove_router_interface 1.164s
2025-12-01 08:10:55.170 65905 INFO tempest.lib.common.rest_client [req-db226a74-d069-40bf-a882-315eb6462325 req-db226a74-d069-40bf-a882-315eb6462325 ] Request (MigrationsAdminTest:test_resize_server_revert_deleted_flavor): 200 GET http://10.180.1.21/compute/v2.1/servers/f4aee8ba-776e-492f-9da0-b1e3fd698acb 1.759s
2025-12-01 08:10:55.184 65905 INFO tempest.common.waiters [-] State transition "RESIZE/resize_prep" ==> "RESIZE/resize_migrating" after 33 second wait
2025-12-01 08:10:55.227 65935 INFO tempest.lib.common.rest_client [req-6afff22e-ce46-47b5-a75c-cf297350a37c req-6afff22e-ce46-47b5-a75c-cf297350a37c ] Request (ListServersNegativeTestJSON:setUpClass): 200 GET http://10.180.1.21/compute/v2.1/servers/1018fade-eea4-4c6f-8dd9-7844d1dd7060 1.351s
2025-12-01 08:10:55.237 65889 INFO tempest.lib.common.rest_client [req-93ecdfeb-9324-406b-aa27-2581d325581b req-93ecdfeb-9324-406b-aa27-2581d325581b ] Request (ServersListShow2100Test:test_list_show_rebuild_update_server_2100): 200 GET http://10.180.1.21/compute/v2.1/servers/detail 1.601s
2025-12-01 08:10:55.253 65903 INFO tempest.lib.common.rest_client [req-37e0d7f6-947b-4278-a11f-5952f9f12445 req-37e0d7f6-947b-4278-a11f-5952f9f12445 ] Request (VolumesNegativeTest:test_volume_delete_nonexistent_volume_id): 404 DELETE http://10.180.1.21/compute/v2.1/os-volumes/dd39dabd-70cd-4d5d-9ac1-050c258208f2 1.005s
2025-12-01 08:10:55.317 65887 INFO tempest.lib.common.rest_client [req-6634d46d-0a39-4b64-a9c5-037f01799eb5 req-6634d46d-0a39-4b64-a9c5-037f01799eb5 ] Request (ListServerFiltersTestJSON:setUpClass): 200 GET http://10.180.1.21/compute/v2.1/servers/30e008eb-714c-4a47-b529-950393bdd6d5 1.058s
2025-12-01 08:10:55.345 65895 INFO tempest.lib.common.rest_client [req-e9a01895-9804-47ad-bf03-56925f53fb7f req-e9a01895-9804-47ad-bf03-56925f53fb7f ] Request (ServerRescueTestJSON:tearDownClass): 204 DELETE http://10.180.1.21/compute/v2.1/servers/85e5eb94-7a81-4f22-b150-eefb27043a98 1.089s
2025-12-01 08:10:55.387 65891 INFO tempest.lib.common.rest_client [req-f74f8725-afe9-4ba9-88d5-f54dd9bc3c11 req-f74f8725-afe9-4ba9-88d5-f54dd9bc3c11 ] Request (DeleteServersTestJSON:test_delete_server_while_in_attached_volume): 200 GET http://10.180.1.21/compute/v2.1/servers/29349353-ecae-479d-a75f-aed6261932c9 1.100s
2025-12-01 08:10:55.406 65893 INFO tempest.lib.common.rest_client [req-63103212-c927-4102-b2c4-8b512e5cbe35 req-63103212-c927-4102-b2c4-8b512e5cbe35 ] Request (ServerAddressesNegativeTestJSON:setUpClass): 200 GET http://10.180.1.21/compute/v2.1/servers/fa9c8b9e-795f-424f-93f9-8fa6f4aff069 1.064s
2025-12-01 08:10:55.461 65909 INFO tempest.lib.common.rest_client [req-5bd1e55a-6b2d-451f-bc3f-614c1febc984 req-5bd1e55a-6b2d-451f-bc3f-614c1febc984 ] Request (ServersAdminNegativeTestJSON:tearDownClass): 200 GET http://10.180.1.21/compute/v2.1/servers/fe3c42b5-7735-4569-9abc-337202b6146e 0.776s
2025-12-01 08:10:55.482 65927 INFO tempest.lib.common.rest_client [req-a207a860-f7d8-45e9-8ff8-9f49f43380bf req-a207a860-f7d8-45e9-8ff8-9f49f43380bf ] Request (AttachInterfacesTestJSON:_run_cleanups): 200 GET http://10.180.1.21/compute/v2.1/servers/f674f6e5-584e-4851-9374-1519c9ae4876 0.712s
2025-12-01 08:10:55.661 65897 INFO tempest.lib.common.rest_client [req-eeb8e7bc-7231-447c-ae14-a4d77d7a0c40 req-eeb8e7bc-7231-447c-ae14-a4d77d7a0c40 ] Request (ServerMetadataNegativeTestJSON:tearDownClass): 204 DELETE http://10.180.1.21/networking/v2.0/routers/674df0fd-d692-48a6-9ff6-9d976fdf67ff 0.588s
2025-12-01 08:10:55.707 65877 INFO tempest.lib.common.rest_client [req-2c097dae-49df-4694-a834-493947b98790 req-2c097dae-49df-4694-a834-493947b98790 ] Request (ServerActionsTestOtherA:setUp): 200 GET http://10.180.1.21/compute/v2.1/servers/369516ae-da46-432f-8643-bc808795d106 0.936s
2025-12-01 08:10:55.789 65907 INFO tempest.lib.common.rest_client [req-7b5a9e61-d75f-4ed1-bffc-4ea33e657a9e req-7b5a9e61-d75f-4ed1-bffc-4ea33e657a9e ] Request (ServersTestBootFromVolume:setUpClass): 200 GET http://10.180.1.21/volume/v3/volumes/a333c7c8-1e69-4ef2-8a7e-a52505a28dd8 0.038s
2025-12-01 08:10:55.789 65919 INFO tempest.lib.common.rest_client [req-1a8e1fc6-d51c-48a0-9805-408d8959858e req-1a8e1fc6-d51c-48a0-9805-408d8959858e ] Request (ListImageFiltersTestJSON:test_list_images_filter_by_server_ref): 200 GET http://10.180.1.21/compute/v2.1/images?server=http%3A%2F%2F10.180.1.21%2Fcompute%2Fv2.1%2Fservers%2Fa6dc1dbb-2fc1-4123-95bb-290c1dd40f65 0.901s
2025-12-01 08:10:55.798 65883 INFO tempest.lib.common.rest_client [req-27c38271-f280-4547-ada2-beded7a3e222 req-27c38271-f280-4547-ada2-beded7a3e222 ] Request (ImagesOneServerNegativeTestJSON:tearDown): 200 GET http://10.180.1.21/compute/v2.1/servers/e4efd5c7-72c4-41f4-b387-7a924c4b8df7 1.014s
2025-12-01 08:10:55.810 65877 INFO tempest.lib.common.rest_client [req-2cf21928-c4b9-4f18-aa57-2c3d42d8dc54 req-2cf21928-c4b9-4f18-aa57-2c3d42d8dc54 ] Request (ServerActionsTestOtherA:test_rebuild_server_in_stop_state): 201 POST http://10.180.1.21/identity/v3/auth/tokens 0.086s
2025-12-01 08:10:55.810 65877 INFO tempest.lib.common.fixed_network [-] (ServerActionsTestOtherA:test_rebuild_server_in_stop_state) Found network {'id': '149f870d-1fdb-4d95-9ac9-916bf51c04c6', 'name': 'tempest-ServerActionsTestOtherA-357861029-network', 'tenant_id': '03fe05b7a5814afb8916291129398e2e', 'project_id': '03fe05b7a5814afb8916291129398e2e', 'admin_state_up': True, 'mtu': 8950, 'status': 'ACTIVE', 'subnets': [], 'shared': False, 'port_security_enabled': True, 'router:external': False, 'provider:network_type': 'vlan', 'provider:physical_network': 'default', 'provider:segmentation_id': 604, 'availability_zone_hints': [], 'availability_zones': [], 'ipv4_address_scope': None, 'ipv6_address_scope': None, 'description': '', 'tags': [], 'created_at': '2025-12-01T08:09:37Z', 'updated_at': '2025-12-01T08:09:37Z', 'revision_number': 1} available for tenant
2025-12-01 08:10:55.889 65897 INFO tempest.lib.common.rest_client [req-a242c6c7-64c7-45a1-9523-fbfccf2c6e93 req-a242c6c7-64c7-45a1-9523-fbfccf2c6e93 ] Request (ServerMetadataNegativeTestJSON:tearDownClass): 204 DELETE http://10.180.1.21/networking/v2.0/subnets/e5b4fc92-fb2f-424c-ba67-55fe53d6c523 0.227s
2025-12-01 08:10:56.175 65925 INFO tempest.lib.common.rest_client [req-83e91e8e-8fbd-45a8-864e-ff714508f624 req-83e91e8e-8fbd-45a8-864e-ff714508f624 ] Request (ServerActionsTestOtherB:setUp): 200 GET http://10.180.1.21/compute/v2.1/servers/13139052-bc1b-488e-992f-1e5e477be1e9 1.221s
2025-12-01 08:10:56.194 65881 INFO tempest.lib.common.rest_client [req-4000be3f-0d17-44a2-bf3f-e26e8e48aa25 req-4000be3f-0d17-44a2-bf3f-e26e8e48aa25 ] Request (SecurityGroupsTestJSON:test_server_security_groups): 200 GET http://10.180.1.21/compute/v2.1/servers/619b463b-2d21-45d9-ac77-764712f81793 1.276s
2025-12-01 08:10:56.221 65901 INFO tempest.lib.common.rest_client [req-a8c2e87d-9181-4ad8-a9c4-7d927eb68a6d req-a8c2e87d-9181-4ad8-a9c4-7d927eb68a6d ] Request (ImagesOneServerTestJSON:tearDownClass): 404 DELETE http://10.180.1.21/compute/v2.1/images/e2e1f673-cd77-46d4-8008-ad6e0e12efef 1.196s
2025-12-01 08:10:56.250 65903 INFO tempest.lib.common.rest_client [req-70006d9a-ecc0-45dc-a83b-156cdd77fd03 req-70006d9a-ecc0-45dc-a83b-156cdd77fd03 ] Request (VolumesNegativeTest:test_volume_get_nonexistent_volume_id): 404 GET http://10.180.1.21/compute/v2.1/os-volumes/dcde2241-005b-43ae-8a84-3ed7442488ba 0.996s
2025-12-01 08:10:56.324 65913 INFO tempest.lib.common.rest_client [req-c2f4d86f-d838-4f4a-875f-e002c25b5456 req-c2f4d86f-d838-4f4a-875f-e002c25b5456 ] Request (QuotasAdminTestJSON:test_delete_quota): 200 GET http://10.180.1.21/compute/v2.1/os-quota-sets/890f83f0f5254f58ad088a623f43ea97 1.306s
2025-12-01 08:10:56.348 65897 INFO tempest.lib.common.rest_client [req-1137dfd9-22ec-4721-9d09-2f9f6f8790f3 req-1137dfd9-22ec-4721-9d09-2f9f6f8790f3 ] Request (ServerMetadataNegativeTestJSON:tearDownClass): 204 DELETE http://10.180.1.21/networking/v2.0/networks/a83be56c-c96e-41eb-b3b3-240af1637aad 0.458s
2025-12-01 08:10:56.411 65889 INFO tempest.lib.common.rest_client [req-d2271811-0105-44b6-88a1-76b7a0329407 req-d2271811-0105-44b6-88a1-76b7a0329407 ] Request (ServersListShow2100Test:test_list_show_rebuild_update_server_2100): 200 GET http://10.180.1.21/compute/v2.1/servers/13199e43-85de-481e-a4de-30979c104ae9 1.153s
2025-12-01 08:10:56.469 65903 INFO tempest.lib.common.rest_client [req-a8cbed5c-c413-4d0e-8116-7269c77186d6 req-a8cbed5c-c413-4d0e-8116-7269c77186d6 ] Request (VolumesNegativeTest:tearDownClass): 204 DELETE http://10.180.1.21/identity/v3/users/da258f3a6797492bb84eab49cecb25ba 0.215s
2025-12-01 08:10:56.469 65903 INFO tempest.lib.common.dynamic_creds [-] Deleting project and security group for project: 7d73ebb0c5954070ae0eeaa8cf07c02f
2025-12-01 08:10:56.499 65897 INFO tempest.lib.common.rest_client [req-d09a9619-dcb9-43f3-a9df-101bd4e68187 req-d09a9619-dcb9-43f3-a9df-101bd4e68187 ] Request (ServerMetadataNegativeTestJSON:tearDownClass): 204 DELETE http://10.180.1.21/identity/v3/users/176ca17344674c54ab911f6b735633c2 0.151s
2025-12-01 08:10:56.500 65897 INFO tempest.lib.common.dynamic_creds [-] Deleting project and security group for project: 87267ceb5956406d8282d5965c2a813f
2025-12-01 08:10:56.529 65923 INFO tempest.lib.common.rest_client [req-25806b46-aade-4351-9d5b-bf4ed24b54ea req-25806b46-aade-4351-9d5b-bf4ed24b54ea ] Request (ImagesTestJSON:test_create_image_from_stopped_server): 200 GET http://10.180.1.21/compute/v2.1/servers/f4f72a1f-a2ec-4dd0-a09a-d32c380c5ba9 1.246s
2025-12-01 08:10:56.539 65923 INFO tempest.common.waiters [-] State transition "ACTIVE/powering-off" ==> "SHUTOFF/None" after 2 second wait
2025-12-01 08:10:56.580 65903 INFO tempest.lib.common.rest_client [req-cb1eb414-3a37-41d2-96c4-bb85c366c77c req-cb1eb414-3a37-41d2-96c4-bb85c366c77c ] Request (VolumesNegativeTest:tearDownClass): 201 POST http://10.180.1.21/identity/v3/auth/tokens 0.111s
2025-12-01 08:10:56.608 65897 INFO tempest.lib.common.rest_client [req-984381fb-bdcb-4dfb-bafd-f4fd42539e92 req-984381fb-bdcb-4dfb-bafd-f4fd42539e92 ] Request (ServerMetadataNegativeTestJSON:tearDownClass): 200 GET http://10.180.1.21/networking/v2.0/security-groups?tenant_id=87267ceb5956406d8282d5965c2a813f&name=default 0.108s
2025-12-01 08:10:56.652 65895 INFO tempest.lib.common.rest_client [req-81556fa4-d657-44dd-b158-dfbee00b5685 req-81556fa4-d657-44dd-b158-dfbee00b5685 ] Request (ServerRescueTestJSON:tearDownClass): 200 GET http://10.180.1.21/compute/v2.1/servers/85e5eb94-7a81-4f22-b150-eefb27043a98 1.306s
2025-12-01 08:10:56.694 65919 INFO tempest.lib.common.rest_client [req-a11f7750-42bc-4c9a-8271-18e702cc08ba req-a11f7750-42bc-4c9a-8271-18e702cc08ba ] Request (ListImageFiltersTestJSON:test_list_images_filter_by_server_ref): 200 GET http://10.180.1.21/compute/v2.1/images?server=http%3A%2F%2F10.180.1.21%2Fcompute%2Fservers%2Fa6dc1dbb-2fc1-4123-95bb-290c1dd40f65 0.902s
2025-12-01 08:10:56.802 65903 INFO tempest.lib.common.rest_client [req-4890840b-7f3a-4b51-beeb-4755ce6b18da req-4890840b-7f3a-4b51-beeb-4755ce6b18da ] Request (VolumesNegativeTest:tearDownClass): 200 GET http://10.180.1.21/networking/v2.0/security-groups?tenant_id=7d73ebb0c5954070ae0eeaa8cf07c02f&name=default 0.221s
2025-12-01 08:10:56.824 65907 INFO tempest.lib.common.rest_client [req-49273094-c3d9-4c23-a133-0a0436649936 req-49273094-c3d9-4c23-a133-0a0436649936 ] Request (ServersTestBootFromVolume:setUpClass): 200 GET http://10.180.1.21/volume/v3/volumes/a333c7c8-1e69-4ef2-8a7e-a52505a28dd8 0.026s
2025-12-01 08:10:56.898 65897 INFO tempest.lib.common.rest_client [req-8f05ff8e-3625-471e-b613-1465f9fbdc3f req-8f05ff8e-3625-471e-b613-1465f9fbdc3f ] Request (ServerMetadataNegativeTestJSON:tearDownClass): 204 DELETE http://10.180.1.21/networking/v2.0/security-groups/964f8cb2-18ad-4766-ae61-bda439ab5514 0.289s
2025-12-01 08:10:56.966 65897 INFO tempest.lib.common.rest_client [req-1f78750f-55ac-4d8f-91fc-0121f6f9b9b4 req-1f78750f-55ac-4d8f-91fc-0121f6f9b9b4 ] Request (ServerMetadataNegativeTestJSON:tearDownClass): 204 DELETE http://10.180.1.21/identity/v3/projects/87267ceb5956406d8282d5965c2a813f 0.067s
2025-12-01 08:10:56.967 65897 INFO tempest.test [-] raised in ServerPersonalityTestJSON.setUpClass. Invoking tearDownClass.
2025-12-01 08:10:57.030 65897 INFO tempest.lib.common.rest_client [req-b54b7837-37aa-47c5-9443-0d687749ec4e req-b54b7837-37aa-47c5-9443-0d687749ec4e ] Request (ServerShowV257Test:setUpClass): 201 POST http://10.180.1.21/identity/v3/auth/tokens 0.060s
2025-12-01 08:10:57.038 65903 INFO tempest.lib.common.rest_client [req-c496b30b-d5a6-443e-acff-0cfb3c608b6b req-c496b30b-d5a6-443e-acff-0cfb3c608b6b ] Request (VolumesNegativeTest:tearDownClass): 204 DELETE http://10.180.1.21/networking/v2.0/security-groups/8d065139-8702-4067-89ce-406e2a1a05f8 0.236s
2025-12-01 08:10:57.067 65897 INFO tempest.lib.common.rest_client [req-68b19a9d-a14c-4149-bd64-6a8ee5ef8e21 req-68b19a9d-a14c-4149-bd64-6a8ee5ef8e21 ] Request (ServerShowV257Test:setUpClass): 201 POST http://10.180.1.21/identity/v3/auth/tokens 0.034s
2025-12-01 08:10:57.072 65915 INFO tempest.lib.common.rest_client [req-df927f9e-8a60-47bb-a763-375e4d5a7e84 req-df927f9e-8a60-47bb-a763-375e4d5a7e84 ] Request (ServersAdminTestJSON:_run_cleanups): 200 GET http://10.180.1.21/compute/v2.1/servers/08a872c6-3de9-4727-9c10-89cdacef924e 1.303s
2025-12-01 08:10:57.096 65875 INFO tempest.lib.common.rest_client [req-ae1337ff-b2dd-4f3c-8a1f-e4dc9d30f506 req-ae1337ff-b2dd-4f3c-8a1f-e4dc9d30f506 ] Request (ServerActionsTestJSON:test_lock_unlock_server): 200 GET http://10.180.1.21/compute/v2.1/servers/f5e32dc3-018d-440e-89c0-4c20d7263301 1.293s
2025-12-01 08:10:57.103 65875 INFO tempest.common.waiters [-] State transition "ACTIVE/powering-off" ==> "SHUTOFF/None" after 3 second wait
2025-12-01 08:10:57.111 65903 INFO tempest.lib.common.rest_client [req-12b3008e-a1e8-4781-9178-0235f2003d9c req-12b3008e-a1e8-4781-9178-0235f2003d9c ] Request (VolumesNegativeTest:tearDownClass): 204 DELETE http://10.180.1.21/identity/v3/projects/7d73ebb0c5954070ae0eeaa8cf07c02f 0.072s
2025-12-01 08:10:57.137 65897 INFO tempest.lib.common.rest_client [req-27ec9975-9b9a-49f6-84e9-3e949f92b9f1 req-27ec9975-9b9a-49f6-84e9-3e949f92b9f1 ] Request (ServerShowV257Test:setUpClass): 200 GET http://10.180.1.21/identity/v3/domains?name=Default 0.069s
2025-12-01 08:10:57.154 65912 INFO tempest.lib.common.rest_client [req-2a8fd9d7-bb7a-48ec-8d51-ffb62f464974 req-2a8fd9d7-bb7a-48ec-8d51-ffb62f464974 ] Request (ServerShowV247Test:tearDownClass): 200 GET http://10.180.1.21/compute/v2.1/servers/af8697d8-4426-4936-95d2-80de3b798771 1.210s
2025-12-01 08:10:57.188 65897 INFO tempest.lib.common.rest_client [req-baa06f0b-fb84-4491-a8ec-78f25abe2bf7 req-baa06f0b-fb84-4491-a8ec-78f25abe2bf7 ] Request (ServerShowV257Test:setUpClass): 201 POST http://10.180.1.21/identity/v3/projects 0.051s
2025-12-01 08:10:57.261 65897 INFO tempest.lib.common.rest_client [req-de36d810-b84a-4810-8f07-06fb88669d8f req-de36d810-b84a-4810-8f07-06fb88669d8f ] Request (ServerShowV257Test:setUpClass): 201 POST http://10.180.1.21/identity/v3/users 0.073s
2025-12-01 08:10:57.292 65897 INFO tempest.lib.common.rest_client [req-57fb0524-58a3-4522-88de-fad9c52a03a2 req-57fb0524-58a3-4522-88de-fad9c52a03a2 ] Request (ServerShowV257Test:setUpClass): 200 GET http://10.180.1.21/identity/v3/roles 0.030s
2025-12-01 08:10:57.330 65897 INFO tempest.lib.common.rest_client [req-8ee46a3f-cd31-481e-aa61-0cc130b142fe req-8ee46a3f-cd31-481e-aa61-0cc130b142fe ] Request (ServerShowV257Test:setUpClass): 204 PUT http://10.180.1.21/identity/v3/projects/7670d1599ca641d3a4b0c4062678dca1/users/91db81e486f64e348cd1e4b6ec376203/roles/5569963731b646d29510ba7e82eb5bed 0.037s
2025-12-01 08:10:57.330 65897 INFO tempest.lib.common.dynamic_creds [-] Dynamic test user 91db81e486f64e348cd1e4b6ec376203 is created with scope project and roles: ['member']
2025-12-01 08:10:57.330 65897 INFO tempest.lib.common.dynamic_creds [-] Acquired dynamic creds: credentials: Credentials: {'domain_id': 'default', 'domain_name': 'Default', 'username': 'tempest-ServerShowV257Test-2142533109-project-member', 'project_domain_id': 'default', 'project_domain_name': 'Default', 'project_id': '7670d1599ca641d3a4b0c4062678dca1', 'project_name': 'tempest-ServerShowV257Test-2142533109', 'tenant_id': '7670d1599ca641d3a4b0c4062678dca1', 'tenant_name': 'tempest-ServerShowV257Test-2142533109', 'user_domain_id': 'default', 'user_domain_name': 'Default', 'user_id': '91db81e486f64e348cd1e4b6ec376203', 'system': None}, Network: None, Subnet: None, Router: None
2025-12-01 08:10:57.330 65897 INFO tempest.lib.common.dynamic_creds [-] Created isolated network resources for: credentials: Credentials: {'domain_id': 'default', 'domain_name': 'Default', 'username': 'tempest-ServerShowV257Test-2142533109-project-member', 'project_domain_id': 'default', 'project_domain_name': 'Default', 'project_id': '7670d1599ca641d3a4b0c4062678dca1', 'project_name': 'tempest-ServerShowV257Test-2142533109', 'tenant_id': '7670d1599ca641d3a4b0c4062678dca1', 'tenant_name': 'tempest-ServerShowV257Test-2142533109', 'user_domain_id': 'default', 'user_domain_name': 'Default', 'user_id': '91db81e486f64e348cd1e4b6ec376203', 'system': None}, Network: None, Subnet: None, Router: None
2025-12-01 08:10:57.407 65897 INFO tempest.lib.common.rest_client [req-247b9350-4587-4253-8b22-0b2c8bfad2e8 req-247b9350-4587-4253-8b22-0b2c8bfad2e8 ] Request (ServerShowV257Test:setUpClass): 201 POST http://10.180.1.21/identity/v3/auth/tokens 0.073s
2025-12-01 08:10:57.460 65897 INFO tempest.lib.common.rest_client [req-2a0f98ef-64c5-4cb1-be26-ea233af5ba27 req-2a0f98ef-64c5-4cb1-be26-ea233af5ba27 ] Request (ServerShowV257Test:test_rebuild_server): 201 POST http://10.180.1.21/identity/v3/auth/tokens 0.047s
2025-12-01 08:10:57.460 65897 INFO tempest.lib.common.fixed_network [-] (ServerShowV257Test:test_rebuild_server) Found network None available for tenant
2025-12-01 08:10:57.486 65905 INFO tempest.lib.common.rest_client [req-bb36279a-11e3-4d71-99b5-db111fb62f4d req-bb36279a-11e3-4d71-99b5-db111fb62f4d ] Request (MigrationsAdminTest:test_resize_server_revert_deleted_flavor): 200 GET http://10.180.1.21/compute/v2.1/servers/f4aee8ba-776e-492f-9da0-b1e3fd698acb 1.301s
2025-12-01 08:10:57.743 65885 WARNING tempest.lib.common.ssh [-] Failed to establish authenticated ssh connection to cirros@10.180.180.203 ([Errno None] Unable to connect to port 22 on 10.180.180.203). Number attempts: 2. Retry after 3 seconds.: paramiko.ssh_exception.NoValidConnectionsError: [Errno None] Unable to connect to port 22 on 10.180.180.203
2025-12-01 08:10:57.780 65877 INFO tempest.lib.common.rest_client [req-8cfdb1ab-6e49-49f8-9cd1-f4c979fd8564 req-8cfdb1ab-6e49-49f8-9cd1-f4c979fd8564 ] Request (ServerActionsTestOtherA:test_rebuild_server_in_stop_state): 202 POST http://10.180.1.21/compute/v2.1/servers 1.969s
2025-12-01 08:10:57.882 65907 INFO tempest.lib.common.rest_client [req-f73244a3-0667-45a1-b6c0-8fd192b5c29a req-f73244a3-0667-45a1-b6c0-8fd192b5c29a ] Request (ServersTestBootFromVolume:setUpClass): 200 GET http://10.180.1.21/volume/v3/volumes/a333c7c8-1e69-4ef2-8a7e-a52505a28dd8 0.050s
2025-12-01 08:10:57.911 65901 INFO tempest.lib.common.rest_client [req-c1f1831f-32c4-41cf-be13-987f667f914c req-c1f1831f-32c4-41cf-be13-987f667f914c ] Request (ImagesOneServerTestJSON:tearDownClass): 204 DELETE http://10.180.1.21/compute/v2.1/servers/c8a80f62-583b-400c-941d-1c50492582b4 1.689s
2025-12-01 08:10:58.020 65917 WARNING tempest.lib.common.ssh [-] Failed to establish authenticated ssh connection to cirros@10.180.180.231 ([Errno None] Unable to connect to port 22 on 10.180.180.231). Number attempts: 1. Retry after 2 seconds.: paramiko.ssh_exception.NoValidConnectionsError: [Errno None] Unable to connect to port 22 on 10.180.180.231
2025-12-01 08:10:58.026 65925 INFO tempest.lib.common.rest_client [req-0f033f15-c463-4de5-bf71-5c0b37bcefc7 req-0f033f15-c463-4de5-bf71-5c0b37bcefc7 ] Request (ServerActionsTestOtherB:test_create_backup): 202 POST http://10.180.1.21/compute/v2.1/servers/13139052-bc1b-488e-992f-1e5e477be1e9/action 1.837s
2025-12-01 08:10:58.042 65925 INFO tempest.lib.common.rest_client [req-ba2b3b02-3b33-4cd7-96ea-0d591988e381 req-ba2b3b02-3b33-4cd7-96ea-0d591988e381 ] Request (ServerActionsTestOtherB:test_create_backup): 200 GET http://10.180.1.21/image/v2/images/56561f2f-bec3-4a70-aabc-da35aff52b66 0.015s
2025-12-01 08:10:58.050 65935 INFO tempest.lib.common.rest_client [req-d806b84e-7372-4007-bf1b-024073004071 req-d806b84e-7372-4007-bf1b-024073004071 ] Request (ListServersNegativeTestJSON:setUpClass): 200 GET http://10.180.1.21/compute/v2.1/servers/1018fade-eea4-4c6f-8dd9-7844d1dd7060 1.812s
2025-12-01 08:10:58.105 65887 INFO tempest.lib.common.rest_client [req-4f770430-0e1d-4615-a326-edb0c47ffb27 req-4f770430-0e1d-4615-a326-edb0c47ffb27 ] Request (ListServerFiltersTestJSON:setUpClass): 200 GET http://10.180.1.21/compute/v2.1/servers/30e008eb-714c-4a47-b529-950393bdd6d5 1.778s
2025-12-01 08:10:58.171 65891 INFO tempest.lib.common.rest_client [req-2db37edb-6638-4cb2-80f3-0807b75152ea req-2db37edb-6638-4cb2-80f3-0807b75152ea ] Request (DeleteServersTestJSON:test_delete_server_while_in_attached_volume): 200 GET http://10.180.1.21/compute/v2.1/servers/29349353-ecae-479d-a75f-aed6261932c9 1.775s
