2025-12-01 08:08:40.914 65915 INFO tempest.lib.common.rest_client [req-3fe7dc39-a5dd-4986-a65b-f2920a256693 req-3fe7dc39-a5dd-4986-a65b-f2920a256693 ] Request (ServersAdminTestJSON:setUpClass): 200 GET http://10.180.1.21/compute/v2.1/servers/08a872c6-3de9-4727-9c10-89cdacef924e 3.827s
2025-12-01 08:08:40.931 65909 INFO tempest.lib.common.rest_client [req-5e6993d0-bcfb-4553-8cfb-2819f1551f14 req-5e6993d0-bcfb-4553-8cfb-2819f1551f14 ] Request (QuotasAdminTestV257:_run_cleanups): 204 DELETE http://10.180.1.21/identity/v3/projects/12a3af187be74545bc9f251acca1bb72 0.142s
2025-12-01 08:08:40.993 65915 INFO tempest.lib.common.rest_client [req-8268c44e-1d4f-43e2-ba7c-d5150b22459f req-8268c44e-1d4f-43e2-ba7c-d5150b22459f ] Request (ServersAdminTestJSON:test_create_server_with_scheduling_hint): 201 POST http://10.180.1.21/identity/v3/auth/tokens 0.066s
2025-12-01 08:08:40.994 65915 INFO tempest.lib.common.fixed_network [-] (ServersAdminTestJSON:test_create_server_with_scheduling_hint) Found network {'id': '391df7f3-29ec-4ebb-a69d-18afa6d7882a', 'name': 'tempest-ServersAdminTestJSON-1974461526-network', 'tenant_id': 'e6700722a2f5402fa1d40f9205c1ffe5', 'project_id': 'e6700722a2f5402fa1d40f9205c1ffe5', 'admin_state_up': True, 'mtu': 8950, 'status': 'ACTIVE', 'subnets': [], 'shared': False, 'port_security_enabled': True, 'router:external': False, 'provider:network_type': 'vlan', 'provider:physical_network': 'default', 'provider:segmentation_id': 819, 'availability_zone_hints': [], 'availability_zones': [], 'ipv4_address_scope': None, 'ipv6_address_scope': None, 'description': '', 'tags': [], 'created_at': '2025-12-01T08:07:36Z', 'updated_at': '2025-12-01T08:07:36Z', 'revision_number': 1} available for tenant
2025-12-01 08:08:41.028 65897 INFO tempest.lib.common.rest_client [req-67285841-b13b-46ad-a936-eca43392c6e7 req-67285841-b13b-46ad-a936-eca43392c6e7 ] Request (ServerDiagnosticsNegativeTest:test_get_server_diagnostics_by_non_admin): 200 GET http://10.180.1.21/compute/v2.1/servers/331be4ec-9e9a-491d-8ae5-7b98ec732061 3.510s
2025-12-01 08:08:41.038 65889 INFO tempest.lib.common.rest_client [req-943c2847-ef97-4d86-a367-7dd0e065ca23 req-943c2847-ef97-4d86-a367-7dd0e065ca23 ] Request (HostsAdminNegativeTestJSON:test_update_host_without_param): 400 PUT http://10.180.1.21/compute/v2.1/os-hosts/devstack 3.318s
2025-12-01 08:08:41.050 65909 INFO tempest.lib.common.rest_client [req-ea8a329f-cd61-4a20-bcb7-5f0d0479d90d req-ea8a329f-cd61-4a20-bcb7-5f0d0479d90d ] Request (QuotasAdminTestV257:tearDownClass): 204 DELETE http://10.180.1.21/identity/v3/users/eae9f27cca0c4145a7fc06688bb1ed06 0.117s
2025-12-01 08:08:41.146 65879 INFO tempest.lib.common.rest_client [req-f637a056-904c-4e76-8a40-0a417bce7b69 req-f637a056-904c-4e76-8a40-0a417bce7b69 ] Request (ServerExternalEventsTest:tearDownClass): 200 GET http://10.180.1.21/compute/v2.1/servers/abe91d8c-8c78-45ab-ae21-8648edd647a0 3.373s
2025-12-01 08:08:41.204 65909 INFO tempest.lib.common.rest_client [req-6a994f7f-3e0d-47d6-9542-190f53db1ebc req-6a994f7f-3e0d-47d6-9542-190f53db1ebc ] Request (QuotasAdminTestV257:tearDownClass): 204 DELETE http://10.180.1.21/identity/v3/users/3188d35558fe48f5bbdd79bbdbb9dd54 0.153s
2025-12-01 08:08:41.204 65909 INFO tempest.lib.common.dynamic_creds [-] Deleting project and security group for project: 42314ad28a244176865eb7d2b0d76535
2025-12-01 08:08:41.284 65909 INFO tempest.lib.common.rest_client [req-587b4624-5b29-4955-b9f1-926fc60c073b req-587b4624-5b29-4955-b9f1-926fc60c073b ] Request (QuotasAdminTestV257:tearDownClass): 201 POST http://10.180.1.21/identity/v3/auth/tokens 0.080s
2025-12-01 08:08:41.441 65891 INFO tempest.lib.common.rest_client [req-4eb4dadf-4fee-4e61-81b9-d8582d4bc8cb req-4eb4dadf-4fee-4e61-81b9-d8582d4bc8cb ] Request (FloatingIPDetailsTestJSON:tearDownClass): 202 DELETE http://10.180.1.21/compute/v2.1/os-floating-ips/6fc119f1-3d59-4791-b36b-1c47cc59b0ad 3.822s
2025-12-01 08:08:41.483 65923 INFO tempest.lib.common.rest_client [req-ed505b66-901a-4aae-833d-3d6f2a12a6ed req-ed505b66-901a-4aae-833d-3d6f2a12a6ed ] Request (FlavorsExtraSpecsTestJSON:tearDownClass): 200 GET http://10.180.1.21/compute/v2.1/flavors/detail 3.520s
2025-12-01 08:08:41.542 65909 INFO tempest.lib.common.rest_client [req-bf334a19-abf4-4a77-b951-23f3d297927d req-bf334a19-abf4-4a77-b951-23f3d297927d ] Request (QuotasAdminTestV257:tearDownClass): 200 GET http://10.180.1.21/networking/v2.0/security-groups?tenant_id=42314ad28a244176865eb7d2b0d76535&name=default 0.257s
2025-12-01 08:08:41.564 65933 INFO tempest.lib.common.rest_client [req-a8b1e20a-4027-401c-8a43-48f80df3b7c6 req-a8b1e20a-4027-401c-8a43-48f80df3b7c6 ] Request (DeleteServersAdminTestJSON:test_delete_server_while_in_error_state): 202 POST http://10.180.1.21/compute/v2.1/servers 3.708s
2025-12-01 08:08:41.605 65925 INFO tempest.lib.common.rest_client [req-63f3894b-5636-4136-b453-5343cde6d097 req-63f3894b-5636-4136-b453-5343cde6d097 ] Request (ImagesNegativeTestJSON:test_create_image_from_deleted_server): 404 GET http://10.180.1.21/compute/v2.1/servers/1e87280d-d193-4bc5-ae66-7c468c524127 3.485s
2025-12-01 08:08:41.678 65923 INFO tempest.lib.common.rest_client [req-2c1e1371-5a2a-4906-9906-f0974fe4d99d req-2c1e1371-5a2a-4906-9906-f0974fe4d99d ] Request (FlavorsExtraSpecsTestJSON:tearDownClass): 204 DELETE http://10.180.1.21/identity/v3/users/dbf1cc0162de4b129f85f30cce5cbfc5 0.185s
2025-12-01 08:08:41.710 65909 INFO tempest.lib.common.rest_client [req-adedfec4-c86c-4d41-9468-e4b284cd91ff req-adedfec4-c86c-4d41-9468-e4b284cd91ff ] Request (QuotasAdminTestV257:tearDownClass): 204 DELETE http://10.180.1.21/networking/v2.0/security-groups/cc674040-15fa-45bc-950e-3ba9ff6a69d8 0.168s
2025-12-01 08:08:41.756 65901 INFO tempest.lib.common.rest_client [req-7c9b914c-1141-4b58-9891-d6966bc97ec8 req-7c9b914c-1141-4b58-9891-d6966bc97ec8 ] Request (VolumesAdminNegativeTest:tearDownClass): 200 GET http://10.180.1.21/compute/v2.1/servers/705a5211-ee12-40da-950a-51c6d4bf218d 3.635s
2025-12-01 08:08:41.848 65923 INFO tempest.lib.common.rest_client [req-92846dc8-50fa-4c30-add2-04d193a3f98d req-92846dc8-50fa-4c30-add2-04d193a3f98d ] Request (FlavorsExtraSpecsTestJSON:tearDownClass): 204 DELETE http://10.180.1.21/identity/v3/users/e83b97f998e4475bb5f2e057169c7bdf 0.169s
2025-12-01 08:08:41.848 65923 INFO tempest.lib.common.dynamic_creds [-] Deleting project and security group for project: 49ff665293db48c686005f3201d75c21
2025-12-01 08:08:41.868 65909 INFO tempest.lib.common.rest_client [req-53e9c345-ecb1-4d9a-89f8-5d7709eb9059 req-53e9c345-ecb1-4d9a-89f8-5d7709eb9059 ] Request (QuotasAdminTestV257:tearDownClass): 204 DELETE http://10.180.1.21/identity/v3/projects/42314ad28a244176865eb7d2b0d76535 0.157s
2025-12-01 08:08:41.868 65909 INFO tempest.lib.common.dynamic_creds [-] Deleting project and security group for project: 8c52bff4871a4db3a90adb724d228dc5
2025-12-01 08:08:41.922 65923 INFO tempest.lib.common.rest_client [req-2aa7e5c3-f495-4ee4-9a42-c9c077683fe9 req-2aa7e5c3-f495-4ee4-9a42-c9c077683fe9 ] Request (FlavorsExtraSpecsTestJSON:tearDownClass): 201 POST http://10.180.1.21/identity/v3/auth/tokens 0.073s
2025-12-01 08:08:42.034 65909 INFO tempest.lib.common.rest_client [req-56658a2e-7602-4a72-a0dd-2984228095e7 req-56658a2e-7602-4a72-a0dd-2984228095e7 ] Request (QuotasAdminTestV257:tearDownClass): 200 GET http://10.180.1.21/networking/v2.0/security-groups?tenant_id=8c52bff4871a4db3a90adb724d228dc5&name=default 0.166s
2025-12-01 08:08:42.210 65903 INFO tempest.lib.common.rest_client [req-92276f02-f22e-4fc9-9bd6-0479d789460f req-92276f02-f22e-4fc9-9bd6-0479d789460f ] Request (SecurityGroupRulesTestJSON:test_security_group_rules_delete_when_peer_group_deleted): 202 DELETE http://10.180.1.21/compute/v2.1/os-security-groups/5db17d83-08dd-4937-863d-8cd56b0e64b6 3.968s
2025-12-01 08:08:42.274 65899 INFO tempest.lib.common.rest_client [req-a05d041b-40e1-4e90-8ed9-f7d380fcc977 req-a05d041b-40e1-4e90-8ed9-f7d380fcc977 ] Request (ServerPasswordTestJSON:test_delete_server_password): 204 DELETE http://10.180.1.21/compute/v2.1/servers/54c853da-0214-45b8-b2ef-6b617484d95c/os-server-password 3.568s
2025-12-01 08:08:42.279 65907 INFO tempest.lib.common.rest_client [req-0722f885-6000-49e0-a75e-0a1c8803cbcc req-0722f885-6000-49e0-a75e-0a1c8803cbcc ] Request (AggregatesAdminNegativeTestJSON:test_aggregate_create_aggregate_name_length_less_than_1): 400 POST http://10.180.1.21/compute/v2.1/os-aggregates 3.570s
2025-12-01 08:08:42.343 65919 INFO tempest.lib.common.rest_client [req-471a475d-9d74-407c-89a3-a9bccdfbd1ef req-471a475d-9d74-407c-89a3-a9bccdfbd1ef ] Request (ListImageFiltersTestJSON:setUpClass): 202 POST http://10.180.1.21/compute/v2.1/servers 4.254s
2025-12-01 08:08:42.530 65923 INFO tempest.lib.common.rest_client [req-ffefa0ae-ac5e-437b-8bfa-8c6d029ad6e8 req-ffefa0ae-ac5e-437b-8bfa-8c6d029ad6e8 ] Request (FlavorsExtraSpecsTestJSON:tearDownClass): 200 GET http://10.180.1.21/networking/v2.0/security-groups?tenant_id=49ff665293db48c686005f3201d75c21&name=default 0.607s
2025-12-01 08:08:42.619 65909 INFO tempest.lib.common.rest_client [req-935bfa82-253e-4885-b09a-40e5ead758e0 req-935bfa82-253e-4885-b09a-40e5ead758e0 ] Request (QuotasAdminTestV257:tearDownClass): 204 DELETE http://10.180.1.21/networking/v2.0/security-groups/463a45fc-79c6-4654-8c3a-dfa892a19a66 0.584s
2025-12-01 08:08:42.712 65909 INFO tempest.lib.common.rest_client [req-40d986b4-772e-4055-9943-4f7ed54607aa req-40d986b4-772e-4055-9943-4f7ed54607aa ] Request (QuotasAdminTestV257:tearDownClass): 204 DELETE http://10.180.1.21/identity/v3/projects/8c52bff4871a4db3a90adb724d228dc5 0.092s
2025-12-01 08:08:42.827 65909 INFO tempest.lib.common.rest_client [req-5c516bbe-0c49-4e37-bdba-5ed42a5a73fd req-5c516bbe-0c49-4e37-bdba-5ed42a5a73fd ] Request (ServersAdminNegativeTestJSON:setUpClass): 201 POST http://10.180.1.21/identity/v3/auth/tokens 0.113s
2025-12-01 08:08:42.866 65909 INFO tempest.lib.common.rest_client [req-4f681ec8-9551-4c33-ada1-90b3c3cf4656 req-4f681ec8-9551-4c33-ada1-90b3c3cf4656 ] Request (ServersAdminNegativeTestJSON:setUpClass): 201 POST http://10.180.1.21/identity/v3/auth/tokens 0.034s
2025-12-01 08:08:42.915 65909 INFO tempest.lib.common.rest_client [req-84df54f3-ef0e-4dd2-a464-e410ffe5495d req-84df54f3-ef0e-4dd2-a464-e410ffe5495d ] Request (ServersAdminNegativeTestJSON:setUpClass): 200 GET http://10.180.1.21/identity/v3/domains?name=Default 0.049s
2025-12-01 08:08:42.947 65909 INFO tempest.lib.common.rest_client [req-2e9313e5-1aaf-4dc9-afd0-f4489a50094a req-2e9313e5-1aaf-4dc9-afd0-f4489a50094a ] Request (ServersAdminNegativeTestJSON:setUpClass): 201 POST http://10.180.1.21/identity/v3/projects 0.032s
2025-12-01 08:08:43.046 65909 INFO tempest.lib.common.rest_client [req-27e9a5e3-5f70-4897-880e-57764e741ab7 req-27e9a5e3-5f70-4897-880e-57764e741ab7 ] Request (ServersAdminNegativeTestJSON:setUpClass): 201 POST http://10.180.1.21/identity/v3/users 0.097s
2025-12-01 08:08:43.047 65891 INFO tempest.lib.common.rest_client [req-b4cf993d-84d8-435f-936a-64b1126cda7e req-b4cf993d-84d8-435f-936a-64b1126cda7e ] Request (FloatingIPDetailsTestJSON:tearDownClass): 200 PUT http://10.180.1.21/networking/v2.0/routers/5c28e331-e886-41e7-b911-0f482701c18e/remove_router_interface 1.605s
2025-12-01 08:08:43.084 65909 INFO tempest.lib.common.rest_client [req-91458977-92c2-4f20-9ee9-a6ab7fd525cc req-91458977-92c2-4f20-9ee9-a6ab7fd525cc ] Request (ServersAdminNegativeTestJSON:setUpClass): 200 GET http://10.180.1.21/identity/v3/roles 0.037s
2025-12-01 08:08:43.124 65909 INFO tempest.lib.common.rest_client [req-0a8b89f5-3516-4858-b967-9f57b1f2cdad req-0a8b89f5-3516-4858-b967-9f57b1f2cdad ] Request (ServersAdminNegativeTestJSON:setUpClass): 204 PUT http://10.180.1.21/identity/v3/projects/f9c241f90b9e40e7aca3f30c988dc162/users/b5da7fe6d42f4691a0a07388203abdfb/roles/5569963731b646d29510ba7e82eb5bed 0.040s
2025-12-01 08:08:43.124 65909 INFO tempest.lib.common.dynamic_creds [-] Dynamic test user b5da7fe6d42f4691a0a07388203abdfb is created with scope project and roles: ['member']
2025-12-01 08:08:43.124 65909 INFO tempest.lib.common.dynamic_creds [-] Acquired dynamic creds: credentials: Credentials: {'domain_id': 'default', 'domain_name': 'Default', 'username': 'tempest-ServersAdminNegativeTestJSON-511239178-project-member', 'project_domain_id': 'default', 'project_domain_name': 'Default', 'project_id': 'f9c241f90b9e40e7aca3f30c988dc162', 'project_name': 'tempest-ServersAdminNegativeTestJSON-511239178', 'tenant_id': 'f9c241f90b9e40e7aca3f30c988dc162', 'tenant_name': 'tempest-ServersAdminNegativeTestJSON-511239178', 'user_domain_id': 'default', 'user_domain_name': 'Default', 'user_id': 'b5da7fe6d42f4691a0a07388203abdfb', 'system': None}, Network: None, Subnet: None, Router: None
2025-12-01 08:08:43.125 65909 INFO tempest.lib.common.dynamic_creds [-] Created isolated network resources for: credentials: Credentials: {'domain_id': 'default', 'domain_name': 'Default', 'username': 'tempest-ServersAdminNegativeTestJSON-511239178-project-member', 'project_domain_id': 'default', 'project_domain_name': 'Default', 'project_id': 'f9c241f90b9e40e7aca3f30c988dc162', 'project_name': 'tempest-ServersAdminNegativeTestJSON-511239178', 'tenant_id': 'f9c241f90b9e40e7aca3f30c988dc162', 'tenant_name': 'tempest-ServersAdminNegativeTestJSON-511239178', 'user_domain_id': 'default', 'user_domain_name': 'Default', 'user_id': 'b5da7fe6d42f4691a0a07388203abdfb', 'system': None}, Network: None, Subnet: None, Router: None
2025-12-01 08:08:43.163 65923 INFO tempest.lib.common.rest_client [req-737955fe-d52d-429a-be4d-109f2dc34ad9 req-737955fe-d52d-429a-be4d-109f2dc34ad9 ] Request (FlavorsExtraSpecsTestJSON:tearDownClass): 204 DELETE http://10.180.1.21/networking/v2.0/security-groups/651c3da9-601a-4ee9-b6e6-b15b6f620cc1 0.633s
2025-12-01 08:08:43.236 65909 INFO tempest.lib.common.rest_client [req-9d5361ba-7e6b-49fc-bcba-9aff25e048c6 req-9d5361ba-7e6b-49fc-bcba-9aff25e048c6 ] Request (ServersAdminNegativeTestJSON:setUpClass): 201 POST http://10.180.1.21/identity/v3/auth/tokens 0.106s
2025-12-01 08:08:43.279 65909 INFO tempest.lib.common.rest_client [req-86bf6eb0-8530-4cd0-9212-8c58b054d0da req-86bf6eb0-8530-4cd0-9212-8c58b054d0da ] Request (ServersAdminNegativeTestJSON:setUpClass): 201 POST http://10.180.1.21/identity/v3/projects 0.043s
2025-12-01 08:08:43.289 65923 INFO tempest.lib.common.rest_client [req-a6bb762d-aad5-47aa-b0a3-d77cb821cf94 req-a6bb762d-aad5-47aa-b0a3-d77cb821cf94 ] Request (FlavorsExtraSpecsTestJSON:tearDownClass): 204 DELETE http://10.180.1.21/identity/v3/projects/49ff665293db48c686005f3201d75c21 0.126s
2025-12-01 08:08:43.290 65923 INFO tempest.lib.common.dynamic_creds [-] Deleting project and security group for project: 940a6c9104d545779974f907f2868964
2025-12-01 08:08:43.366 65909 INFO tempest.lib.common.rest_client [req-17762f10-b84d-428b-af59-e5ea469ab1ed req-17762f10-b84d-428b-af59-e5ea469ab1ed ] Request (ServersAdminNegativeTestJSON:setUpClass): 201 POST http://10.180.1.21/identity/v3/users 0.086s
2025-12-01 08:08:43.444 65909 INFO tempest.lib.common.rest_client [req-ae4eabe7-8b1e-4dc7-a1a1-dddabea4d912 req-ae4eabe7-8b1e-4dc7-a1a1-dddabea4d912 ] Request (ServersAdminNegativeTestJSON:setUpClass): 200 GET http://10.180.1.21/identity/v3/roles 0.078s
2025-12-01 08:08:43.482 65909 INFO tempest.lib.common.rest_client [req-3ca2e273-ebe2-4a0c-939f-1876ee45adc7 req-3ca2e273-ebe2-4a0c-939f-1876ee45adc7 ] Request (ServersAdminNegativeTestJSON:setUpClass): 204 PUT http://10.180.1.21/identity/v3/projects/e981ebd03351404ba107bb7ba1553756/users/7a0cca2a86f04314ac27b2332ea7840a/roles/ed46f6705dde4447b2f9c0beda5eda31 0.037s
2025-12-01 08:08:43.545 65909 INFO tempest.lib.common.rest_client [req-6bc32615-657c-4c3d-b5ac-0d266777b634 req-6bc32615-657c-4c3d-b5ac-0d266777b634 ] Request (ServersAdminNegativeTestJSON:setUpClass): 200 GET http://10.180.1.21/identity/v3/roles 0.063s
2025-12-01 08:08:43.567 65909 INFO tempest.lib.common.rest_client [req-a90e4c69-7cbd-4fba-9252-a80ad8339a4a req-a90e4c69-7cbd-4fba-9252-a80ad8339a4a ] Request (ServersAdminNegativeTestJSON:setUpClass): 204 PUT http://10.180.1.21/identity/v3/projects/e981ebd03351404ba107bb7ba1553756/users/7a0cca2a86f04314ac27b2332ea7840a/roles/ed46f6705dde4447b2f9c0beda5eda31 0.021s
2025-12-01 08:08:43.567 65909 INFO tempest.lib.common.dynamic_creds [-] Dynamic test user 7a0cca2a86f04314ac27b2332ea7840a is created with scope project and roles: ['admin']
2025-12-01 08:08:43.567 65909 INFO tempest.lib.common.dynamic_creds [-] Acquired dynamic creds: credentials: Credentials: {'domain_id': 'default', 'domain_name': 'Default', 'username': 'tempest-ServersAdminNegativeTestJSON-449016251-project-admin', 'project_domain_id': 'default', 'project_domain_name': 'Default', 'project_id': 'e981ebd03351404ba107bb7ba1553756', 'project_name': 'tempest-ServersAdminNegativeTestJSON-449016251', 'tenant_id': 'e981ebd03351404ba107bb7ba1553756', 'tenant_name': 'tempest-ServersAdminNegativeTestJSON-449016251', 'user_domain_id': 'default', 'user_domain_name': 'Default', 'user_id': '7a0cca2a86f04314ac27b2332ea7840a', 'system': None}, Network: None, Subnet: None, Router: None
2025-12-01 08:08:43.568 65909 INFO tempest.lib.common.dynamic_creds [-] Created isolated network resources for: credentials: Credentials: {'domain_id': 'default', 'domain_name': 'Default', 'username': 'tempest-ServersAdminNegativeTestJSON-449016251-project-admin', 'project_domain_id': 'default', 'project_domain_name': 'Default', 'project_id': 'e981ebd03351404ba107bb7ba1553756', 'project_name': 'tempest-ServersAdminNegativeTestJSON-449016251', 'tenant_id': 'e981ebd03351404ba107bb7ba1553756', 'tenant_name': 'tempest-ServersAdminNegativeTestJSON-449016251', 'user_domain_id': 'default', 'user_domain_name': 'Default', 'user_id': '7a0cca2a86f04314ac27b2332ea7840a', 'system': None}, Network: None, Subnet: None, Router: None
2025-12-01 08:08:43.653 65909 INFO tempest.lib.common.rest_client [req-27ebbb56-bf26-4ef4-81ea-4c06c490a79d req-27ebbb56-bf26-4ef4-81ea-4c06c490a79d ] Request (ServersAdminNegativeTestJSON:setUpClass): 201 POST http://10.180.1.21/identity/v3/auth/tokens 0.083s
2025-12-01 08:08:43.722 65909 INFO tempest.lib.common.rest_client [req-69d949ae-f022-4b52-806c-0cc42287a2ec req-69d949ae-f022-4b52-806c-0cc42287a2ec ] Request (ServersAdminNegativeTestJSON:setUpClass): 201 POST http://10.180.1.21/identity/v3/auth/tokens 0.063s
2025-12-01 08:08:43.723 65909 INFO tempest.lib.common.fixed_network [-] (ServersAdminNegativeTestJSON:setUpClass) Found network None available for tenant
2025-12-01 08:08:43.923 65891 INFO tempest.lib.common.rest_client [req-59360595-8401-475d-9208-667c7eb2ec1e req-59360595-8401-475d-9208-667c7eb2ec1e ] Request (FloatingIPDetailsTestJSON:tearDownClass): 204 DELETE http://10.180.1.21/networking/v2.0/routers/5c28e331-e886-41e7-b911-0f482701c18e 0.876s
2025-12-01 08:08:43.959 65881 INFO tempest.lib.common.rest_client [req-accf253a-5885-4d49-a629-7802417a66c8 req-accf253a-5885-4d49-a629-7802417a66c8 ] Request (SecurityGroupsTestJSON:test_list_security_groups_by_server): 200 GET http://10.180.1.21/compute/v2.1/servers/b0aa283b-2bc9-4d51-b192-c22ef4f38667 5.245s
2025-12-01 08:08:43.983 65905 INFO tempest.lib.common.rest_client [req-cac3528a-7f29-4f58-9d64-f3e1c69a364f req-cac3528a-7f29-4f58-9d64-f3e1c69a364f ] Request (MigrationsAdminTest:test_list_migrations_in_flavor_resize_situation): 200 GET http://10.180.1.21/compute/v2.1/servers/cd540761-9edc-4eec-a1cd-a5e39517e2ca 5.079s
2025-12-01 08:08:43.983 65935 INFO tempest.lib.common.rest_client [req-3097988d-1593-4eac-b7dc-ec930d2c13e7 req-3097988d-1593-4eac-b7dc-ec930d2c13e7 ] Request (FlavorsAdminTestJSON:_run_cleanups): 202 DELETE http://10.180.1.21/compute/v2.1/flavors/681d1cd5-832a-458b-8cd9-98a31fdbe798 5.062s
2025-12-01 08:08:43.986 65912 INFO tempest.lib.common.rest_client [req-b5150716-556b-4207-b5a9-f5f3b570250b req-b5150716-556b-4207-b5a9-f5f3b570250b ] Request (SecurityGroupsNegativeTestJSON:test_delete_security_group_without_passing_id): 404 DELETE http://10.180.1.21/compute/v2.1/os-security-groups/ 5.048s
2025-12-01 08:08:43.995 65905 INFO tempest.common.waiters [-] State transition "RESIZE/resize_prep" ==> "RESIZE/resize_migrating" after 15 second wait
2025-12-01 08:08:44.140 65923 INFO tempest.lib.common.rest_client [req-a46173a1-8ab7-40b2-818c-114bfe49c8ef req-a46173a1-8ab7-40b2-818c-114bfe49c8ef ] Request (FlavorsExtraSpecsTestJSON:tearDownClass): 200 GET http://10.180.1.21/networking/v2.0/security-groups?tenant_id=940a6c9104d545779974f907f2868964&name=default 0.850s
2025-12-01 08:08:44.336 65891 INFO tempest.lib.common.rest_client [req-2f5326c6-6a70-4d0c-89ee-132569dc1bc7 req-2f5326c6-6a70-4d0c-89ee-132569dc1bc7 ] Request (FloatingIPDetailsTestJSON:tearDownClass): 204 DELETE http://10.180.1.21/networking/v2.0/subnets/a645e786-6c84-4a7c-80a4-4dd98b31b7e7 0.412s
2025-12-01 08:08:44.442 65913 INFO tempest.lib.common.rest_client [req-8acb9266-2b34-45f1-b59b-d808c7a6d37f req-8acb9266-2b34-45f1-b59b-d808c7a6d37f ] Request (VolumesAssistedSnapshotsTest:test_volume_assisted_snapshot_create_delete): 200 GET http://10.180.1.21/compute/v2.1/servers/f1dea358-09f7-4ecf-bffe-ab4ae5997c99/os-interface 5.248s
2025-12-01 08:08:44.531 65923 INFO tempest.lib.common.rest_client [req-d9c2ed78-d3b2-42fb-bf42-a7e55e4831be req-d9c2ed78-d3b2-42fb-bf42-a7e55e4831be ] Request (FlavorsExtraSpecsTestJSON:tearDownClass): 204 DELETE http://10.180.1.21/networking/v2.0/security-groups/54c15e2c-46cf-4a49-a8e6-acf27f200d4a 0.390s
2025-12-01 08:08:44.643 65923 INFO tempest.lib.common.rest_client [req-5378f232-3bed-459e-a0dc-3babed6b1bc5 req-5378f232-3bed-459e-a0dc-3babed6b1bc5 ] Request (FlavorsExtraSpecsTestJSON:tearDownClass): 204 DELETE http://10.180.1.21/identity/v3/projects/940a6c9104d545779974f907f2868964 0.112s
2025-12-01 08:08:44.644 65923 INFO tempest.test [-] raised in LiveMigrationManagerWorkflowTest.setUpClass. Invoking tearDownClass.
2025-12-01 08:08:44.736 65923 INFO tempest.lib.common.rest_client [req-f82cf7df-4429-47ec-bc43-17721af9ea0c req-f82cf7df-4429-47ec-bc43-17721af9ea0c ] Request (FlavorsV2TestJSON:setUpClass): 201 POST http://10.180.1.21/identity/v3/auth/tokens 0.090s
2025-12-01 08:08:44.771 65923 INFO tempest.lib.common.rest_client [req-47f763f6-36c1-4604-9381-fc7179e29da7 req-47f763f6-36c1-4604-9381-fc7179e29da7 ] Request (FlavorsV2TestJSON:setUpClass): 201 POST http://10.180.1.21/identity/v3/auth/tokens 0.031s
2025-12-01 08:08:44.798 65923 INFO tempest.lib.common.rest_client [req-f387b8a6-1419-42e5-ad0c-c891d51cdacd req-f387b8a6-1419-42e5-ad0c-c891d51cdacd ] Request (FlavorsV2TestJSON:setUpClass): 200 GET http://10.180.1.21/identity/v3/domains?name=Default 0.026s
2025-12-01 08:08:44.845 65923 INFO tempest.lib.common.rest_client [req-97f172dc-7a94-4ae3-ab50-b4d1d5dc4320 req-97f172dc-7a94-4ae3-ab50-b4d1d5dc4320 ] Request (FlavorsV2TestJSON:setUpClass): 201 POST http://10.180.1.21/identity/v3/projects 0.046s
2025-12-01 08:08:44.878 65891 INFO tempest.lib.common.rest_client [req-2f12012e-3a67-4f88-8dbb-a96e8a6f1bca req-2f12012e-3a67-4f88-8dbb-a96e8a6f1bca ] Request (FloatingIPDetailsTestJSON:tearDownClass): 204 DELETE http://10.180.1.21/networking/v2.0/networks/1f175ec6-9b63-405f-9e28-39fb73d7dd75 0.541s
2025-12-01 08:08:44.912 65923 INFO tempest.lib.common.rest_client [req-62e3a883-8d09-4f13-9852-976d1458bb4c req-62e3a883-8d09-4f13-9852-976d1458bb4c ] Request (FlavorsV2TestJSON:setUpClass): 201 POST http://10.180.1.21/identity/v3/users 0.067s
2025-12-01 08:08:44.933 65923 INFO tempest.lib.common.rest_client [req-9482a794-9891-4f23-a13a-a0531c4fc6d1 req-9482a794-9891-4f23-a13a-a0531c4fc6d1 ] Request (FlavorsV2TestJSON:setUpClass): 200 GET http://10.180.1.21/identity/v3/roles 0.020s
2025-12-01 08:08:44.984 65891 INFO tempest.lib.common.rest_client [req-5947f8e7-c50f-4a82-a951-f673494dc42e req-5947f8e7-c50f-4a82-a951-f673494dc42e ] Request (FloatingIPDetailsTestJSON:tearDownClass): 204 DELETE http://10.180.1.21/identity/v3/users/73e191d1bdc7437cba861b982d720181 0.106s
2025-12-01 08:08:44.984 65891 INFO tempest.lib.common.dynamic_creds [-] Deleting project and security group for project: f4b09f63ff5a45a0aa1b0ec07f9544a4
2025-12-01 08:08:45.021 65923 INFO tempest.lib.common.rest_client [req-d1221d67-187e-4de1-af5c-12824fb88970 req-d1221d67-187e-4de1-af5c-12824fb88970 ] Request (FlavorsV2TestJSON:setUpClass): 204 PUT http://10.180.1.21/identity/v3/projects/7a70684add284c1c8f3d1ffcb31fdd71/users/e951ad03cfce4e09a862a2ee3de2db9d/roles/5569963731b646d29510ba7e82eb5bed 0.087s
2025-12-01 08:08:45.021 65923 INFO tempest.lib.common.dynamic_creds [-] Dynamic test user e951ad03cfce4e09a862a2ee3de2db9d is created with scope project and roles: ['member']
2025-12-01 08:08:45.021 65923 INFO tempest.lib.common.dynamic_creds [-] Acquired dynamic creds: credentials: Credentials: {'domain_id': 'default', 'domain_name': 'Default', 'username': 'tempest-FlavorsV2TestJSON-1795556056-project-member', 'project_domain_id': 'default', 'project_domain_name': 'Default', 'project_id': '7a70684add284c1c8f3d1ffcb31fdd71', 'project_name': 'tempest-FlavorsV2TestJSON-1795556056', 'tenant_id': '7a70684add284c1c8f3d1ffcb31fdd71', 'tenant_name': 'tempest-FlavorsV2TestJSON-1795556056', 'user_domain_id': 'default', 'user_domain_name': 'Default', 'user_id': 'e951ad03cfce4e09a862a2ee3de2db9d', 'system': None}, Network: None, Subnet: None, Router: None
2025-12-01 08:08:45.021 65923 INFO tempest.lib.common.dynamic_creds [-] Created isolated network resources for: credentials: Credentials: {'domain_id': 'default', 'domain_name': 'Default', 'username': 'tempest-FlavorsV2TestJSON-1795556056-project-member', 'project_domain_id': 'default', 'project_domain_name': 'Default', 'project_id': '7a70684add284c1c8f3d1ffcb31fdd71', 'project_name': 'tempest-FlavorsV2TestJSON-1795556056', 'tenant_id': '7a70684add284c1c8f3d1ffcb31fdd71', 'tenant_name': 'tempest-FlavorsV2TestJSON-1795556056', 'user_domain_id': 'default', 'user_domain_name': 'Default', 'user_id': 'e951ad03cfce4e09a862a2ee3de2db9d', 'system': None}, Network: None, Subnet: None, Router: None
2025-12-01 08:08:45.069 65921 INFO tempest.lib.common.rest_client [req-f840a1d4-65fe-4888-a121-d7e96328ac80 req-f840a1d4-65fe-4888-a121-d7e96328ac80 ] Request (InstanceActionsNegativeTestJSON:setUpClass): 200 GET http://10.180.1.21/compute/v2.1/servers/cf668cb1-21fb-41c3-bd5d-f8ef84fd61e1 5.172s
2025-12-01 08:08:45.089 65923 INFO tempest.lib.common.rest_client [req-9cc08395-580b-41bd-b8da-7234f98c77a9 req-9cc08395-580b-41bd-b8da-7234f98c77a9 ] Request (FlavorsV2TestJSON:setUpClass): 201 POST http://10.180.1.21/identity/v3/auth/tokens 0.065s
2025-12-01 08:08:45.189 65891 INFO tempest.lib.common.rest_client [req-ace78530-2a88-4ab1-83b3-416d8117326a req-ace78530-2a88-4ab1-83b3-416d8117326a ] Request (FloatingIPDetailsTestJSON:tearDownClass): 200 GET http://10.180.1.21/networking/v2.0/security-groups?tenant_id=f4b09f63ff5a45a0aa1b0ec07f9544a4&name=default 0.204s
2025-12-01 08:08:45.337 65913 INFO tempest.lib.common.rest_client [req-5aa903d9-a97f-44fe-b1e5-5b0605fa499d req-5aa903d9-a97f-44fe-b1e5-5b0605fa499d ] Request (VolumesAssistedSnapshotsTest:test_volume_assisted_snapshot_create_delete): 200 PUT http://10.180.1.21/networking/v2.0/floatingips/3521353b-061e-43be-8152-e821baa2216c 0.893s
2025-12-01 08:08:45.339 65913 INFO tempest.lib.common.ssh [-] Creating ssh connection to '10.180.180.156:22' as 'cirros' with public key authentication
2025-12-01 08:08:45.450 65891 INFO tempest.lib.common.rest_client [req-062d7a57-eec5-44e4-9598-0bfbc2b3f9a2 req-062d7a57-eec5-44e4-9598-0bfbc2b3f9a2 ] Request (FloatingIPDetailsTestJSON:tearDownClass): 204 DELETE http://10.180.1.21/networking/v2.0/security-groups/23d5a731-f314-411e-b5e1-3ff454ce4c80 0.261s
2025-12-01 08:08:45.589 65891 INFO tempest.lib.common.rest_client [req-1d6f973d-9db2-4cff-8393-6a518467225d req-1d6f973d-9db2-4cff-8393-6a518467225d ] Request (FloatingIPDetailsTestJSON:tearDownClass): 204 DELETE http://10.180.1.21/identity/v3/projects/f4b09f63ff5a45a0aa1b0ec07f9544a4 0.138s
2025-12-01 08:08:45.653 65891 INFO tempest.lib.common.rest_client [req-ef094b65-898c-43a3-a0de-4f33228cff9c req-ef094b65-898c-43a3-a0de-4f33228cff9c ] Request (FloatingIPDetailsNegativeTestJSON:setUpClass): 201 POST http://10.180.1.21/identity/v3/auth/tokens 0.062s
2025-12-01 08:08:45.683 65917 INFO tempest.lib.common.rest_client [req-8f8e9dc1-3d75-454c-bf96-b624f3bd5ee6 req-8f8e9dc1-3d75-454c-bf96-b624f3bd5ee6 ] Request (FloatingIPsAssociationNegativeTestJSON:test_associate_ip_to_server_with_floating_ip): 400 POST http://10.180.1.21/compute/v2.1/servers/5f9aeb03-0b9c-4714-b38c-a82ae8fc6ffb/action 5.657s
2025-12-01 08:08:45.688 65891 INFO tempest.lib.common.rest_client [req-99eed731-fb84-4c42-a09d-c359122be62f req-99eed731-fb84-4c42-a09d-c359122be62f ] Request (FloatingIPDetailsNegativeTestJSON:setUpClass): 201 POST http://10.180.1.21/identity/v3/auth/tokens 0.033s
2025-12-01 08:08:45.714 65927 INFO tempest.lib.common.rest_client [req-00b47131-dda3-4a05-b2b0-1a4f278c017e req-00b47131-dda3-4a05-b2b0-1a4f278c017e ] Request (AttachInterfacesTestJSON:test_create_list_show_delete_interfaces_by_fixed_ip): 202 POST http://10.180.1.21/compute/v2.1/servers 5.989s
2025-12-01 08:08:45.731 65891 INFO tempest.lib.common.rest_client [req-79321bb4-012c-45ec-8cd7-31c0947fb287 req-79321bb4-012c-45ec-8cd7-31c0947fb287 ] Request (FloatingIPDetailsNegativeTestJSON:setUpClass): 200 GET http://10.180.1.21/identity/v3/domains?name=Default 0.042s
2025-12-01 08:08:45.765 65891 INFO tempest.lib.common.rest_client [req-67b02238-2f9e-4c0e-b63d-2cb4f39475ea req-67b02238-2f9e-4c0e-b63d-2cb4f39475ea ] Request (FloatingIPDetailsNegativeTestJSON:setUpClass): 201 POST http://10.180.1.21/identity/v3/projects 0.033s
2025-12-01 08:08:45.833 65885 INFO tempest.lib.common.rest_client [req-f2dea633-d62c-4e4e-8179-47cfa6130513 req-f2dea633-d62c-4e4e-8179-47cfa6130513 ] Request (ServersWithSpecificFlavorTestJSON:test_verify_created_server_ephemeral_disk): 200 GET http://10.180.1.21/compute/v2.1/servers/5a014f78-9144-47aa-9f3d-50f24cc145a7 5.720s
2025-12-01 08:08:45.843 65885 INFO tempest.common.waiters [-] State transition "BUILD/None" ==> "BUILD/spawning" after 11 second wait
2025-12-01 08:08:45.845 65891 INFO tempest.lib.common.rest_client [req-016983a6-c0f8-469d-977b-b3f3285f5a4c req-016983a6-c0f8-469d-977b-b3f3285f5a4c ] Request (FloatingIPDetailsNegativeTestJSON:setUpClass): 201 POST http://10.180.1.21/identity/v3/users 0.079s
2025-12-01 08:08:45.868 65891 INFO tempest.lib.common.rest_client [req-d34ed676-60e5-4028-aad5-8f1fb8f0473f req-d34ed676-60e5-4028-aad5-8f1fb8f0473f ] Request (FloatingIPDetailsNegativeTestJSON:setUpClass): 200 GET http://10.180.1.21/identity/v3/roles 0.022s
2025-12-01 08:08:45.898 65891 INFO tempest.lib.common.rest_client [req-44c4c4db-fd62-436b-a64d-3d03c9b0c824 req-44c4c4db-fd62-436b-a64d-3d03c9b0c824 ] Request (FloatingIPDetailsNegativeTestJSON:setUpClass): 204 PUT http://10.180.1.21/identity/v3/projects/6a78d069d43d4aaa9dd073c0fc061763/users/eca50372bed64698a95bb68089bd7657/roles/5569963731b646d29510ba7e82eb5bed 0.029s
2025-12-01 08:08:45.898 65891 INFO tempest.lib.common.dynamic_creds [-] Dynamic test user eca50372bed64698a95bb68089bd7657 is created with scope project and roles: ['member']
2025-12-01 08:08:45.898 65891 INFO tempest.lib.common.dynamic_creds [-] Acquired dynamic creds: credentials: Credentials: {'domain_id': 'default', 'domain_name': 'Default', 'username': 'tempest-FloatingIPDetailsNegativeTestJSON-368450510-project-member', 'project_domain_id': 'default', 'project_domain_name': 'Default', 'project_id': '6a78d069d43d4aaa9dd073c0fc061763', 'project_name': 'tempest-FloatingIPDetailsNegativeTestJSON-368450510', 'tenant_id': '6a78d069d43d4aaa9dd073c0fc061763', 'tenant_name': 'tempest-FloatingIPDetailsNegativeTestJSON-368450510', 'user_domain_id': 'default', 'user_domain_name': 'Default', 'user_id': 'eca50372bed64698a95bb68089bd7657', 'system': None}, Network: None, Subnet: None, Router: None
2025-12-01 08:08:45.967 65929 INFO tempest.lib.common.rest_client [req-bfa7f96a-637a-4699-8a18-58ba09d39657 req-bfa7f96a-637a-4699-8a18-58ba09d39657 ] Request (QuotasAdminNegativeTest:_run_cleanups): 200 PUT http://10.180.1.21/compute/v2.1/os-quota-sets/547d3e94d7e0487a85db2178b09fd348 5.824s
2025-12-01 08:08:45.970 65891 INFO tempest.lib.common.rest_client [req-5f37bbd6-5da3-405f-951c-07bf25cdc079 req-5f37bbd6-5da3-405f-951c-07bf25cdc079 ] Request (FloatingIPDetailsNegativeTestJSON:setUpClass): 201 POST http://10.180.1.21/identity/v3/auth/tokens 0.071s
2025-12-01 08:08:46.030 65887 INFO tempest.lib.common.rest_client [req-f5bf9a58-ad75-44a1-839d-c67873ff8e77 req-f5bf9a58-ad75-44a1-839d-c67873ff8e77 ] Request (ServersV294TestFqdnHostnames:setUpClass): 200 GET http://10.180.1.21/compute/v2.1/servers/5c521196-65d9-4fd3-b05c-1646bc060a29 5.775s
2025-12-01 08:08:46.042 65887 INFO tempest.api.compute.base [-] Attempting to verify tagged devices in server 5c521196-65d9-4fd3-b05c-1646bc060a29 via the metadata service: http://169.254.169.254/openstack/latest/meta_data.json
2025-12-01 08:08:46.043 65887 INFO tempest.lib.common.ssh [-] Creating ssh connection to '10.180.180.166:22' as 'cirros' with public key authentication
2025-12-01 08:08:46.043 65931 INFO tempest.lib.common.rest_client [req-12cf6555-d6ba-4f9e-8192-1f320d8a2031 req-12cf6555-d6ba-4f9e-8192-1f320d8a2031 ] Request (ServersNegativeTestMultiTenantJSON:setUpClass): 200 GET http://10.180.1.21/compute/v2.1/servers/72e4cabb-11a5-4524-9795-5e41cdfdcd08 5.434s
2025-12-01 08:08:46.068 65875 INFO tempest.lib.common.rest_client [req-14cf9265-9990-471b-a9ee-6cb14ec1aee0 req-14cf9265-9990-471b-a9ee-6cb14ec1aee0 ] Request (ServicesAdminNegativeTestJSON:test_get_service_by_invalid_service_and_valid_host): 200 GET http://10.180.1.21/compute/v2.1/os-services?host=devstack&binary=xxx 5.234s
2025-12-01 08:08:46.162 65883 INFO tempest.lib.common.rest_client [req-c1a6223e-a599-4b95-9b41-2fc8f1be9d21 req-c1a6223e-a599-4b95-9b41-2fc8f1be9d21 ] Request (ImagesOneServerNegativeTestJSON:tearDown): 200 GET http://10.180.1.21/compute/v2.1/servers/3e558bb9-4025-4ec5-9c5f-b05e44940ec0 5.447s
2025-12-01 08:08:46.264 65891 INFO tempest.lib.common.rest_client [req-ac336e42-df2e-47da-8c48-21833b94ec4f req-ac336e42-df2e-47da-8c48-21833b94ec4f ] Request (FloatingIPDetailsNegativeTestJSON:setUpClass): 201 POST http://10.180.1.21/networking/v2.0/networks 0.294s
2025-12-01 08:08:46.313 65895 INFO tempest.lib.common.rest_client [req-ab566543-4e4a-463d-8e34-d59d83878d56 req-ab566543-4e4a-463d-8e34-d59d83878d56 ] Request (QuotaClassesAdminTestJSON:test_update_default_quotas): 200 GET http://10.180.1.21/compute/v2.1/os-quota-class-sets/default 5.370s
2025-12-01 08:08:46.474 65891 INFO tempest.lib.common.rest_client [req-a6ac8941-6e79-4d39-8739-7637dbccf66c req-a6ac8941-6e79-4d39-8739-7637dbccf66c ] Request (FloatingIPDetailsNegativeTestJSON:setUpClass): 201 POST http://10.180.1.21/networking/v2.0/subnets 0.209s
2025-12-01 08:08:46.553 65893 INFO tempest.lib.common.rest_client [req-b3766b5a-8293-459e-84fa-4d20ffcb13b7 req-b3766b5a-8293-459e-84fa-4d20ffcb13b7 ] Request (FloatingIPsAssociationTestJSON:test_associate_already_associated_floating_ip): 202 POST http://10.180.1.21/compute/v2.1/servers 5.679s
2025-12-01 08:08:46.564 65889 INFO tempest.lib.common.rest_client [req-976396ee-cb01-425c-a7a0-320142258578 req-976396ee-cb01-425c-a7a0-320142258578 ] Request (HostsAdminNegativeTestJSON:test_update_nonexistent_host): 404 PUT http://10.180.1.21/compute/v2.1/os-hosts/nonexistent_hostname 5.525s
2025-12-01 08:08:46.634 65933 INFO tempest.lib.common.rest_client [req-427e5be6-c075-44c6-832e-550779ee14ce req-427e5be6-c075-44c6-832e-550779ee14ce ] Request (DeleteServersAdminTestJSON:test_delete_server_while_in_error_state): 200 GET http://10.180.1.21/compute/v2.1/servers/255bfede-3980-4320-ba6a-8218ec86da92 5.067s
2025-12-01 08:08:46.656 65925 INFO tempest.lib.common.rest_client [req-330179a8-daa3-4de0-b7d9-7172ad6b4a4b req-330179a8-daa3-4de0-b7d9-7172ad6b4a4b ] Request (ImagesNegativeTestJSON:test_create_image_from_deleted_server): 404 POST http://10.180.1.21/compute/v2.1/servers/1e87280d-d193-4bc5-ae66-7c468c524127/action 5.048s
2025-12-01 08:08:46.680 65889 INFO tempest.lib.common.rest_client [req-632f8d9f-0b76-410b-ad0a-0e0b7c928f35 req-632f8d9f-0b76-410b-ad0a-0e0b7c928f35 ] Request (HostsAdminNegativeTestJSON:tearDownClass): 204 DELETE http://10.180.1.21/identity/v3/users/d3a40bc68f86419eb4a6c249f08a336b 0.114s
2025-12-01 08:08:46.768 65915 INFO tempest.lib.common.rest_client [req-4d375059-6cf1-424a-a679-f45d7178cbe9 req-4d375059-6cf1-424a-a679-f45d7178cbe9 ] Request (ServersAdminTestJSON:test_create_server_with_scheduling_hint): 202 POST http://10.180.1.21/compute/v2.1/servers 5.774s
2025-12-01 08:08:46.796 65879 INFO tempest.lib.common.rest_client [req-cb80c1c5-a2c8-480c-a4f8-2eedd19cf294 req-cb80c1c5-a2c8-480c-a4f8-2eedd19cf294 ] Request (ServerExternalEventsTest:tearDownClass): 404 GET http://10.180.1.21/compute/v2.1/servers/abe91d8c-8c78-45ab-ae21-8648edd647a0 4.640s
2025-12-01 08:08:46.816 65889 INFO tempest.lib.common.rest_client [req-294eec27-4359-4333-a3c5-e088d1d852c9 req-294eec27-4359-4333-a3c5-e088d1d852c9 ] Request (HostsAdminNegativeTestJSON:tearDownClass): 204 DELETE http://10.180.1.21/identity/v3/users/d0174b02a8934236821f9cdcb9322836 0.135s
2025-12-01 08:08:46.816 65889 INFO tempest.lib.common.dynamic_creds [-] Deleting project and security group for project: e6a7ce7e57b94c3eaf1ae10ef04ca173
2025-12-01 08:08:46.881 65889 INFO tempest.lib.common.rest_client [req-44ed2dc1-35d2-4f52-b928-0cda0113ce0d req-44ed2dc1-35d2-4f52-b928-0cda0113ce0d ] Request (HostsAdminNegativeTestJSON:tearDownClass): 201 POST http://10.180.1.21/identity/v3/auth/tokens 0.065s
2025-12-01 08:08:46.906 65897 INFO tempest.lib.common.rest_client [req-8fb1abe0-2a23-44ac-b361-fe797fc74ef5 req-8fb1abe0-2a23-44ac-b361-fe797fc74ef5 ] Request (ServerDiagnosticsNegativeTest:test_get_server_diagnostics_by_non_admin): 200 GET http://10.180.1.21/compute/v2.1/servers/331be4ec-9e9a-491d-8ae5-7b98ec732061 4.865s
2025-12-01 08:08:46.913 65879 INFO tempest.lib.common.rest_client [req-eab26aa6-67ab-42e0-ba1c-4c38f1cf7906 req-eab26aa6-67ab-42e0-ba1c-4c38f1cf7906 ] Request (ServerExternalEventsTest:tearDownClass): 204 DELETE http://10.180.1.21/identity/v3/users/2cb263af05b7464199388d588987052c 0.117s
2025-12-01 08:08:46.918 65897 INFO tempest.common.waiters [-] State transition "BUILD/spawning" ==> "ACTIVE/None" after 30 second wait
2025-12-01 08:08:46.921 65903 INFO tempest.lib.common.rest_client [req-629c2f50-c362-4516-94be-e22d2acb6b3a req-629c2f50-c362-4516-94be-e22d2acb6b3a ] Request (SecurityGroupRulesTestJSON:test_security_group_rules_delete_when_peer_group_deleted): 200 GET http://10.180.1.21/compute/v2.1/os-security-groups/79351043-2e58-4845-a520-8ec7e22ad8ed 4.709s
2025-12-01 08:08:46.931 65907 INFO tempest.lib.common.rest_client [req-d74b6084-5575-4882-8d3b-91849b4cb6b5 req-d74b6084-5575-4882-8d3b-91849b4cb6b5 ] Request (AggregatesAdminNegativeTestJSON:test_aggregate_create_as_user): 403 POST http://10.180.1.21/compute/v2.1/os-aggregates 4.651s
2025-12-01 08:08:46.961 65899 INFO tempest.lib.common.rest_client [req-225b90ec-4c6e-422d-b0a4-465bc7303640 req-225b90ec-4c6e-422d-b0a4-465bc7303640 ] Request (ServerPasswordTestJSON:test_get_server_password): 200 GET http://10.180.1.21/compute/v2.1/servers/54c853da-0214-45b8-b2ef-6b617484d95c/os-server-password 4.686s
2025-12-01 08:08:47.060 65879 INFO tempest.lib.common.rest_client [req-a7e91c21-5604-4885-9d70-253955e844d3 req-a7e91c21-5604-4885-9d70-253955e844d3 ] Request (ServerExternalEventsTest:tearDownClass): 204 DELETE http://10.180.1.21/identity/v3/users/b291b6609c8e4ee49a9b1a34508fbd85 0.146s
2025-12-01 08:08:47.192 65879 INFO tempest.lib.common.rest_client [req-f73c7167-2288-4d00-abf8-de333eb44cd3 req-f73c7167-2288-4d00-abf8-de333eb44cd3 ] Request (ServerExternalEventsTest:tearDownClass): 204 DELETE http://10.180.1.21/identity/v3/users/391db11db0e44addbdf8c696badff4d1 0.132s
2025-12-01 08:08:47.193 65879 INFO tempest.lib.common.dynamic_creds [-] Deleting project and security group for project: ba8447a4806643ec8efdf847984b2719
2025-12-01 08:08:47.254 65889 INFO tempest.lib.common.rest_client [req-230f9061-a680-4b7e-8dbc-f942037b72e6 req-230f9061-a680-4b7e-8dbc-f942037b72e6 ] Request (HostsAdminNegativeTestJSON:tearDownClass): 200 GET http://10.180.1.21/networking/v2.0/security-groups?tenant_id=e6a7ce7e57b94c3eaf1ae10ef04ca173&name=default 0.372s
2025-12-01 08:08:47.281 65919 INFO tempest.lib.common.rest_client [req-02e4e8f9-65f2-4fc7-b58d-4a039c817d98 req-02e4e8f9-65f2-4fc7-b58d-4a039c817d98 ] Request (ListImageFiltersTestJSON:setUpClass): 200 GET http://10.180.1.21/compute/v2.1/servers/a6dc1dbb-2fc1-4123-95bb-290c1dd40f65 4.935s
2025-12-01 08:08:47.301 65879 INFO tempest.lib.common.rest_client [req-7fc2b828-56d6-40bd-8e4d-38bbb2769ae1 req-7fc2b828-56d6-40bd-8e4d-38bbb2769ae1 ] Request (ServerExternalEventsTest:tearDownClass): 201 POST http://10.180.1.21/identity/v3/auth/tokens 0.108s
2025-12-01 08:08:47.350 65901 INFO tempest.lib.common.rest_client [req-50d156ec-e8da-48d9-9263-ed7cb6088823 req-50d156ec-e8da-48d9-9263-ed7cb6088823 ] Request (VolumesAdminNegativeTest:tearDownClass): 200 GET http://10.180.1.21/compute/v2.1/servers/705a5211-ee12-40da-950a-51c6d4bf218d 4.580s
2025-12-01 08:08:47.360 65891 INFO tempest.lib.common.rest_client [req-98e9ff23-9179-478b-8850-311c96db99cb req-98e9ff23-9179-478b-8850-311c96db99cb ] Request (FloatingIPDetailsNegativeTestJSON:setUpClass): 201 POST http://10.180.1.21/networking/v2.0/routers 0.885s
2025-12-01 08:08:47.361 65901 INFO tempest.common.waiters [-] State transition "ACTIVE/deleting" ==> "DELETED/None" after 6 second wait
2025-12-01 08:08:47.378 65935 INFO tempest.lib.common.rest_client [req-e47441b7-176d-4a83-a5c3-bfa1351162e8 req-e47441b7-176d-4a83-a5c3-bfa1351162e8 ] Request (FlavorsAdminTestJSON:_run_cleanups): 200 GET http://10.180.1.21/compute/v2.1/flavors/detail 3.394s
2025-12-01 08:08:47.515 65889 INFO tempest.lib.common.rest_client [req-aedcdcd7-e539-4d1d-80d2-76f862010b3f req-aedcdcd7-e539-4d1d-80d2-76f862010b3f ] Request (HostsAdminNegativeTestJSON:tearDownClass): 204 DELETE http://10.180.1.21/networking/v2.0/security-groups/6efd8db9-84b1-4a02-85ac-4b8b77934324 0.258s
2025-12-01 08:08:47.593 65879 INFO tempest.lib.common.rest_client [req-5aa437c6-a6e4-44a2-b43d-d16e6679a5c5 req-5aa437c6-a6e4-44a2-b43d-d16e6679a5c5 ] Request (ServerExternalEventsTest:tearDownClass): 200 GET http://10.180.1.21/networking/v2.0/security-groups?tenant_id=ba8447a4806643ec8efdf847984b2719&name=default 0.292s
2025-12-01 08:08:47.618 65889 INFO tempest.lib.common.rest_client [req-e99a7171-baa1-4a47-9627-fe277b18c8a9 req-e99a7171-baa1-4a47-9627-fe277b18c8a9 ] Request (HostsAdminNegativeTestJSON:tearDownClass): 204 DELETE http://10.180.1.21/identity/v3/projects/e6a7ce7e57b94c3eaf1ae10ef04ca173 0.103s
2025-12-01 08:08:47.618 65889 INFO tempest.lib.common.dynamic_creds [-] Deleting project and security group for project: 159f2015df304f7c981a190c92e9ca2a
2025-12-01 08:08:47.827 65879 INFO tempest.lib.common.rest_client [req-c37b9a6c-1b0a-4d52-b999-203982615a7e req-c37b9a6c-1b0a-4d52-b999-203982615a7e ] Request (ServerExternalEventsTest:tearDownClass): 204 DELETE http://10.180.1.21/networking/v2.0/security-groups/91fd4d37-0b4d-4965-9b7f-e8d44c85d84f 0.233s
2025-12-01 08:08:47.974 65879 INFO tempest.lib.common.rest_client [req-97ebb86b-2d4c-4f0e-abf0-fac7f6e666f1 req-97ebb86b-2d4c-4f0e-abf0-fac7f6e666f1 ] Request (ServerExternalEventsTest:tearDownClass): 204 DELETE http://10.180.1.21/identity/v3/projects/ba8447a4806643ec8efdf847984b2719 0.146s
2025-12-01 08:08:47.974 65879 INFO tempest.lib.common.dynamic_creds [-] Deleting project and security group for project: bd9e5ecaed714d6bb27ef0fdb4e91a99
2025-12-01 08:08:47.978 65889 INFO tempest.lib.common.rest_client [req-18531466-336f-48ca-9a49-534c551aedd2 req-18531466-336f-48ca-9a49-534c551aedd2 ] Request (HostsAdminNegativeTestJSON:tearDownClass): 200 GET http://10.180.1.21/networking/v2.0/security-groups?tenant_id=159f2015df304f7c981a190c92e9ca2a&name=default 0.359s
2025-12-01 08:08:48.606 65891 INFO tempest.lib.common.rest_client [req-b0ed844f-d7c4-4cec-8862-9ef8c11c4b3b req-b0ed844f-d7c4-4cec-8862-9ef8c11c4b3b ] Request (FloatingIPDetailsNegativeTestJSON:setUpClass): 200 PUT http://10.180.1.21/networking/v2.0/routers/69f0a98b-ca7d-4c7a-8f56-5190848f9966/add_router_interface 1.245s
2025-12-01 08:08:48.606 65891 INFO tempest.lib.common.dynamic_creds [-] Created isolated network resources for: credentials: Credentials: {'domain_id': 'default', 'domain_name': 'Default', 'username': 'tempest-FloatingIPDetailsNegativeTestJSON-368450510-project-member', 'project_domain_id': 'default', 'project_domain_name': 'Default', 'project_id': '6a78d069d43d4aaa9dd073c0fc061763', 'project_name': 'tempest-FloatingIPDetailsNegativeTestJSON-368450510', 'tenant_id': '6a78d069d43d4aaa9dd073c0fc061763', 'tenant_name': 'tempest-FloatingIPDetailsNegativeTestJSON-368450510', 'user_domain_id': 'default', 'user_domain_name': 'Default', 'user_id': 'eca50372bed64698a95bb68089bd7657', 'system': None}, Network: {'id': '38d9487e-71f4-409d-b593-f67d0a51ff8c', 'name': 'tempest-FloatingIPDetailsNegativeTestJSON-410945712-network', 'tenant_id': '6a78d069d43d4aaa9dd073c0fc061763', 'project_id': '6a78d069d43d4aaa9dd073c0fc061763', 'admin_state_up': True, 'mtu': 8950, 'status': 'ACTIVE', 'subnets': [], 'shared': False, 'port_security_enabled': True, 'router:external': False, 'provider:network_type': 'vlan', 'provider:physical_network': 'default', 'provider:segmentation_id': 486, 'availability_zone_hints': [], 'availability_zones': [], 'ipv4_address_scope': None, 'ipv6_address_scope': None, 'description': '', 'tags': [], 'created_at': '2025-12-01T08:08:46Z', 'updated_at': '2025-12-01T08:08:46Z', 'revision_number': 1}, Subnet: {'id': '23763b29-a6ce-49a7-a5b9-f3135937e373', 'name': 'tempest-FloatingIPDetailsNegativeTestJSON-410945712-subnet', 'tenant_id': '6a78d069d43d4aaa9dd073c0fc061763', 'network_id': '38d9487e-71f4-409d-b593-f67d0a51ff8c', 'ip_version': 4, 'subnetpool_id': None, 'enable_dhcp': True, 'ipv6_ra_mode': None, 'ipv6_address_mode': None, 'gateway_ip': '192.168.128.1', 'cidr': '192.168.128.0/28', 'allocation_pools': [{'start': '192.168.128.2', 'end': '192.168.128.14'}], 'host_routes': [], 'dns_nameservers': [], 'description': '', 'router:external': False, 'service_types': [], 'tags': [], 'created_at': '2025-12-01T08:08:46Z', 'updated_at': '2025-12-01T08:08:46Z', 'revision_number': 0, 'project_id': '6a78d069d43d4aaa9dd073c0fc061763'}, Router: {'id': '69f0a98b-ca7d-4c7a-8f56-5190848f9966', 'name': 'tempest-FloatingIPDetailsNegativeTestJSON-410945712-router', 'tenant_id': '6a78d069d43d4aaa9dd073c0fc061763', 'admin_state_up': True, 'status': 'ACTIVE', 'external_gateway_info': {'network_id': '230d7f3a-1fff-48f9-9898-5198f5e13070', 'external_fixed_ips': [{'subnet_id': '52b52d57-e5c3-4759-bcab-d4dd907a2651', 'ip_address': '10.180.180.188'}], 'enable_snat': True}, 'description': '', 'availability_zones': [], 'distributed': False, 'ha': False, 'availability_zone_hints': [], 'routes': [], 'flavor_id': None, 'tags': [], 'created_at': '2025-12-01T08:08:46Z', 'updated_at': '2025-12-01T08:08:46Z', 'revision_number': 2, 'project_id': '6a78d069d43d4aaa9dd073c0fc061763'}
2025-12-01 08:08:48.643 65879 INFO tempest.lib.common.rest_client [req-57bcfac9-7cc4-4320-8800-a6b9193f3281 req-57bcfac9-7cc4-4320-8800-a6b9193f3281 ] Request (ServerExternalEventsTest:tearDownClass): 200 GET http://10.180.1.21/networking/v2.0/security-groups?tenant_id=bd9e5ecaed714d6bb27ef0fdb4e91a99&name=default 0.668s
2025-12-01 08:08:48.682 65912 INFO tempest.lib.common.rest_client [req-00c551fc-bbc2-40ac-b709-d9c1ae628832 req-00c551fc-bbc2-40ac-b709-d9c1ae628832 ] Request (SecurityGroupsNegativeTestJSON:test_delete_the_default_security_group): 200 GET http://10.180.1.21/compute/v2.1/os-security-groups 4.692s
2025-12-01 08:08:48.728 65891 INFO tempest.lib.common.rest_client [req-c805db12-92e1-4297-aa43-0274adb59901 req-c805db12-92e1-4297-aa43-0274adb59901 ] Request (FloatingIPDetailsNegativeTestJSON:setUpClass): 201 POST http://10.180.1.21/identity/v3/auth/tokens 0.117s
2025-12-01 08:08:48.767 65889 INFO tempest.lib.common.rest_client [req-69174030-4dda-4a04-97bb-cc82da2dae57 req-69174030-4dda-4a04-97bb-cc82da2dae57 ] Request (HostsAdminNegativeTestJSON:tearDownClass): 204 DELETE http://10.180.1.21/networking/v2.0/security-groups/fbedbca6-d89e-4e7b-9ec6-25530b08cf85 0.788s
2025-12-01 08:08:48.929 65889 INFO tempest.lib.common.rest_client [req-0b15568b-44a7-4796-af06-ff4f499095b2 req-0b15568b-44a7-4796-af06-ff4f499095b2 ] Request (HostsAdminNegativeTestJSON:tearDownClass): 204 DELETE http://10.180.1.21/identity/v3/projects/159f2015df304f7c981a190c92e9ca2a 0.162s
2025-12-01 08:08:48.973 65879 INFO tempest.lib.common.rest_client [req-1d79c715-e793-43e6-86bb-fcd331b2fe59 req-1d79c715-e793-43e6-86bb-fcd331b2fe59 ] Request (ServerExternalEventsTest:tearDownClass): 204 DELETE http://10.180.1.21/networking/v2.0/security-groups/9d28d366-53ef-44cf-aae9-28a5d620d19b 0.329s
2025-12-01 08:08:49.011 65889 INFO tempest.lib.common.rest_client [req-503c8d4a-f3a0-4fba-b20e-0b7ca297a2b4 req-503c8d4a-f3a0-4fba-b20e-0b7ca297a2b4 ] Request (KeyPairsV210TestJSON:setUpClass): 201 POST http://10.180.1.21/identity/v3/auth/tokens 0.080s
2025-12-01 08:08:49.046 65889 INFO tempest.lib.common.rest_client [req-27fab70d-ca7b-4e84-b1d5-007007a0e120 req-27fab70d-ca7b-4e84-b1d5-007007a0e120 ] Request (KeyPairsV210TestJSON:setUpClass): 201 POST http://10.180.1.21/identity/v3/auth/tokens 0.031s
2025-12-01 08:08:49.070 65889 INFO tempest.lib.common.rest_client [req-b9c60917-be4b-4803-8bbe-607476fdf96a req-b9c60917-be4b-4803-8bbe-607476fdf96a ] Request (KeyPairsV210TestJSON:setUpClass): 200 GET http://10.180.1.21/identity/v3/domains?name=Default 0.024s
