2025-12-01 13:36:09.758 66268 INFO tempest.lib.common.rest_client [req-5d43c119-6808-440c-9272-d2b0ad7cf03f req-5d43c119-6808-440c-9272-d2b0ad7cf03f ] Request (ImagesTestJSON:test_create_image_from_suspended_server): 200 GET http://10.180.1.21/compute/v2.1/servers/41e601d6-622e-42c6-81e6-b0f2f55b77ca 1.534s
2025-12-01 13:36:09.785 66280 INFO tempest.lib.common.rest_client [req-2559f256-1c20-42b7-b24b-3dc9c9b5703f req-2559f256-1c20-42b7-b24b-3dc9c9b5703f ] Request (ServersTestJSON:test_create_server_with_ipv6_addr_only): 200 GET http://10.180.1.21/compute/v2.1/servers/21db3b79-4146-4b48-a198-657d2ca05b2b 1.435s
2025-12-01 13:36:09.805 66282 INFO tempest.lib.common.rest_client [req-55974c20-b320-4f98-8659-e4216c244a06 req-55974c20-b320-4f98-8659-e4216c244a06 ] Request (SecurityGroupsNegativeTestJSON:setUpClass): 201 POST http://10.180.1.21/networking/v2.0/routers 0.824s
2025-12-01 13:36:09.897 66287 INFO tempest.lib.common.rest_client [req-6033c586-121e-4e4c-b68e-e1933b391863 req-6033c586-121e-4e4c-b68e-e1933b391863 ] Request (ServerPasswordTestJSON:setUpClass): 200 GET http://10.180.1.21/compute/v2.1/servers/bf69b32f-1651-4ad8-ab6a-52f4d2b26233 1.521s
2025-12-01 13:36:09.906 66287 INFO tempest.common.waiters [-] State transition "BUILD/spawning" ==> "ACTIVE/None" after 36 second wait
2025-12-01 13:36:09.911 66260 INFO tempest.lib.common.rest_client [req-5477685f-dba2-4cdc-b279-65a1b9f57393 req-5477685f-dba2-4cdc-b279-65a1b9f57393 ] Request (MultipleCreateTestJSON:tearDownClass): 200 GET http://10.180.1.21/compute/v2.1/servers/e2942a34-ffad-423a-baff-0027c88faaa0 1.487s
2025-12-01 13:36:09.964 66302 INFO tempest.lib.common.rest_client [req-72480c5e-bc18-49dc-ad83-5c4440d70948 req-72480c5e-bc18-49dc-ad83-5c4440d70948 ] Request (ImagesOneServerNegativeTestJSON:_run_cleanups): 200 GET http://10.180.1.21/compute/v2.1/servers/5c6cd7e6-b057-42b7-b2e2-0da552ef2312 1.466s
2025-12-01 13:36:10.008 66274 INFO tempest.lib.common.rest_client [req-282a61e7-9e73-4ab1-97d9-6f8e3264caa8 req-282a61e7-9e73-4ab1-97d9-6f8e3264caa8 ] Request (ServerMetadataTestJSON:setUp): 200 PUT http://10.180.1.21/compute/v2.1/servers/35307382-fdf5-453f-9af8-02616b1441d1/metadata 1.471s
2025-12-01 13:36:10.143 66298 INFO tempest.lib.common.rest_client [req-39ec06d7-da89-4840-b14d-6619b86fa8ad req-39ec06d7-da89-4840-b14d-6619b86fa8ad ] Request (ServersListShow2100Test:tearDownClass): 200 GET http://10.180.1.21/compute/v2.1/servers/e1c8866a-3067-4716-b949-d488bc94e24d 1.429s
2025-12-01 13:36:10.167 66314 INFO tempest.lib.common.rest_client [req-38115ffc-dff0-401d-8c5a-f231e29cecbc req-38115ffc-dff0-401d-8c5a-f231e29cecbc ] Request (ServersTestMultiNic:test_verify_multiple_nics_order): 200 GET http://10.180.1.21/compute/v2.1/servers/643db833-afad-4ab7-b8f4-d56627a5bc8e 1.495s
2025-12-01 13:36:10.216 66306 INFO tempest.lib.common.rest_client [req-92be5ca5-18bd-4a95-9c3d-de6115449bcd req-92be5ca5-18bd-4a95-9c3d-de6115449bcd ] Request (ServersWithSpecificFlavorTestJSON:test_verify_created_server_ephemeral_disk): 200 GET http://10.180.1.21/compute/v2.1/servers/afbb5c92-d555-4b8f-b170-5cb53e87491d 1.329s
2025-12-01 13:36:10.280 66304 INFO tempest.lib.common.rest_client [req-7e95376e-9218-485f-bf87-92e8f7736d92 req-7e95376e-9218-485f-bf87-92e8f7736d92 ] Request (ServersAaction247Test:test_create_backup): 200 GET http://10.180.1.21/compute/v2.1/servers/3777e364-d298-4b29-a543-d6d053d8e9dd 1.302s
2025-12-01 13:36:10.346 66300 INFO tempest.lib.common.rest_client [req-cadc0b32-1cbb-490a-9d80-514b89786ce2 req-cadc0b32-1cbb-490a-9d80-514b89786ce2 ] Request (ImagesOneServerTestJSON:tearDownClass): 200 GET http://10.180.1.21/compute/v2.1/servers/98faf004-25ab-4aa9-8d4e-948a39bcf39a 1.361s
2025-12-01 13:36:10.366 66308 INFO tempest.lib.common.rest_client [req-946401ba-353a-422d-ba94-69c172fe9927 req-946401ba-353a-422d-ba94-69c172fe9927 ] Request (VolumesAdminNegativeTest:test_update_attached_volume_with_nonexistent_volume_in_uri): 404 PUT http://10.180.1.21/compute/v2.1/servers/5a692bc9-d8a2-42c2-b8c8-f71a56dd135d/os-volume_attachments/dfd770f8-7175-48e3-8f0f-f0bb254f648c 1.458s
2025-12-01 13:36:10.375 66278 INFO tempest.lib.common.rest_client [req-ae5758fd-af53-4236-8df6-6473ab3b37e6 req-ae5758fd-af53-4236-8df6-6473ab3b37e6 ] Request (ServicesAdminTestJSON:test_get_service_by_service_binary_name): 200 GET http://10.180.1.21/compute/v2.1/os-services?binary=nova-compute 1.340s
2025-12-01 13:36:10.419 66258 INFO tempest.lib.common.rest_client [req-4672b31b-2bc2-418c-aafc-bb6512508cad req-4672b31b-2bc2-418c-aafc-bb6512508cad ] Request (MigrationsAdminTest:test_resize_server_revert_deleted_flavor): 200 GET http://10.180.1.21/compute/v2.1/servers/ef5f0333-5109-4fb6-91be-179cdf2541fa 1.367s
2025-12-01 13:36:10.427 66308 INFO tempest.lib.common.rest_client [req-23f22d80-88b3-4ac9-9b8d-1ce708f3fd5e req-23f22d80-88b3-4ac9-9b8d-1ce708f3fd5e ] Request (VolumesAdminNegativeTest:tearDownClass): 202 DELETE http://10.180.1.21/volume/v3/volumes/737a88ed-677b-4d99-9f17-c29b1a9385cc 0.059s
2025-12-01 13:36:10.464 66308 INFO tempest.lib.common.rest_client [req-aef4d446-dc2c-46fa-93a3-c3537327139c req-aef4d446-dc2c-46fa-93a3-c3537327139c ] Request (VolumesAdminNegativeTest:tearDownClass): 200 GET http://10.180.1.21/volume/v3/volumes/737a88ed-677b-4d99-9f17-c29b1a9385cc 0.034s
2025-12-01 13:36:10.488 66310 INFO tempest.lib.common.rest_client [req-4795470f-d571-4dc7-b46d-b3b6e7641139 req-4795470f-d571-4dc7-b46d-b3b6e7641139 ] Request (ServersAdmin275Test:tearDownClass): 200 GET http://10.180.1.21/compute/v2.1/servers/242e40a3-2e0b-4825-ad80-5d2c512d17d9 1.391s
2025-12-01 13:36:10.501 66270 INFO tempest.lib.common.rest_client [req-3856fcb7-522a-41a7-b13e-6f596781b878 req-3856fcb7-522a-41a7-b13e-6f596781b878 ] Request (InstanceActionsNegativeTestJSON:setUpClass): 200 GET http://10.180.1.21/compute/v2.1/servers/60166c03-773a-4650-b278-b4d232488d77 1.310s
2025-12-01 13:36:10.582 66262 INFO tempest.lib.common.rest_client [req-a95e7e15-96ce-4d08-ba60-d0e82ed34c90 req-a95e7e15-96ce-4d08-ba60-d0e82ed34c90 ] Request (TenantUsagesTestJSON:setUpClass): 200 GET http://10.180.1.21/compute/v2.1/servers/4322180a-58fa-416b-89cb-bcdfbab348c6 1.279s
2025-12-01 13:36:10.654 66266 INFO tempest.lib.common.rest_client [req-a16372ad-115b-4a5c-9fe7-702417745a20 req-a16372ad-115b-4a5c-9fe7-702417745a20 ] Request (ServersAdminNegativeTestJSON:tearDownClass): 204 DELETE http://10.180.1.21/compute/v2.1/servers/02b3060f-2b55-4eee-9473-06a58a9bb5a1 0.921s
2025-12-01 13:36:10.744 66288 INFO tempest.lib.common.rest_client [req-0fe2bcf9-6e03-4bc4-953b-1e5f5ff071f0 req-0fe2bcf9-6e03-4bc4-953b-1e5f5ff071f0 ] Request (VolumesAssistedSnapshotsTest:test_volume_assisted_snapshot_create_delete): 200 GET http://10.180.1.21/volume/v3/volumes/8b1fb7b0-030d-4fa0-9bb7-1c6b6d86afe9 0.036s
2025-12-01 13:36:10.752 66288 INFO tempest.common.waiters [-] Attachment 14b8df54-d9ef-4289-a5ea-a02bc169a901 created for volume 8b1fb7b0-030d-4fa0-9bb7-1c6b6d86afe9 to server 01cca923-2ffe-43ea-9752-6bbafe920581 after waiting for 7.752655 seconds
2025-12-01 13:36:10.754 66290 INFO tempest.lib.common.rest_client [req-47db5376-a691-4ff3-8320-fa77bb3ce38c req-47db5376-a691-4ff3-8320-fa77bb3ce38c ] Request (ServerDiskConfigTestJSON:test_rebuild_server_with_manual_disk_config): 200 GET http://10.180.1.21/compute/v2.1/servers/a4d9ccd6-3815-4d7f-99a5-12f22b159c7c 0.909s
2025-12-01 13:36:10.764 66290 INFO tempest.common.waiters [-] State transition "BUILD/block_device_mapping" ==> "BUILD/spawning" after 35 second wait
2025-12-01 13:36:10.770 66294 INFO tempest.lib.common.rest_client [req-08a5fc2d-1cb5-414e-831c-ab211ae93490 req-08a5fc2d-1cb5-414e-831c-ab211ae93490 ] Request (ServerDiagnosticsTest:tearDownClass): 200 GET http://10.180.1.21/compute/v2.1/servers/38aaaf3b-96c1-4530-bdc6-7729ee563a57 0.915s
2025-12-01 13:36:10.782 66288 INFO tempest.lib.common.rest_client [req-51d362a3-9179-4a46-a4ba-0365a1c5f3ff req-51d362a3-9179-4a46-a4ba-0365a1c5f3ff ] Request (VolumesAssistedSnapshotsTest:test_volume_assisted_snapshot_create_delete): 200 GET http://10.180.1.21/volume/v3/volumes/8b1fb7b0-030d-4fa0-9bb7-1c6b6d86afe9 0.030s
2025-12-01 13:36:10.786 66282 INFO tempest.lib.common.rest_client [req-3475f5d0-b945-433a-b291-02deddfb1d4a req-3475f5d0-b945-433a-b291-02deddfb1d4a ] Request (SecurityGroupsNegativeTestJSON:setUpClass): 200 PUT http://10.180.1.21/networking/v2.0/routers/bcc986f3-6998-4f0b-bcc7-68baba522d8c/add_router_interface 0.980s
2025-12-01 13:36:10.786 66282 INFO tempest.lib.common.dynamic_creds [-] Created isolated network resources for: credentials: Credentials: {'domain_id': 'default', 'domain_name': 'Default', 'username': 'tempest-SecurityGroupsNegativeTestJSON-1390013239-project-member', 'project_domain_id': 'default', 'project_domain_name': 'Default', 'project_id': '275a94a6592949a08c1055efae6df039', 'project_name': 'tempest-SecurityGroupsNegativeTestJSON-1390013239', 'tenant_id': '275a94a6592949a08c1055efae6df039', 'tenant_name': 'tempest-SecurityGroupsNegativeTestJSON-1390013239', 'user_domain_id': 'default', 'user_domain_name': 'Default', 'user_id': '336c20a261744dbd9d97844b4fd4ea8a', 'system': None}, Network: {'id': 'e8a90b9c-f662-4601-be05-cb006f8ac70b', 'name': 'tempest-SecurityGroupsNegativeTestJSON-1861544429-network', 'tenant_id': '275a94a6592949a08c1055efae6df039', 'project_id': '275a94a6592949a08c1055efae6df039', 'admin_state_up': True, 'mtu': 8950, 'status': 'ACTIVE', 'subnets': [], 'shared': False, 'port_security_enabled': True, 'router:external': False, 'provider:network_type': 'vlan', 'provider:physical_network': 'default', 'provider:segmentation_id': 355, 'availability_zone_hints': [], 'availability_zones': [], 'ipv4_address_scope': None, 'ipv6_address_scope': None, 'description': '', 'tags': [], 'created_at': '2025-12-01T13:36:08Z', 'updated_at': '2025-12-01T13:36:08Z', 'revision_number': 1}, Subnet: {'id': '0cded7e3-0821-465c-bf22-d7aaa7bf90dc', 'name': 'tempest-SecurityGroupsNegativeTestJSON-1861544429-subnet', 'tenant_id': '275a94a6592949a08c1055efae6df039', 'network_id': 'e8a90b9c-f662-4601-be05-cb006f8ac70b', 'ip_version': 4, 'subnetpool_id': None, 'enable_dhcp': True, 'ipv6_ra_mode': None, 'ipv6_address_mode': None, 'gateway_ip': '192.168.128.1', 'cidr': '192.168.128.0/28', 'allocation_pools': [{'start': '192.168.128.2', 'end': '192.168.128.14'}], 'host_routes': [], 'dns_nameservers': [], 'description': '', 'router:external': False, 'service_types': [], 'tags': [], 'created_at': '2025-12-01T13:36:08Z', 'updated_at': '2025-12-01T13:36:08Z', 'revision_number': 0, 'project_id': '275a94a6592949a08c1055efae6df039'}, Router: {'id': 'bcc986f3-6998-4f0b-bcc7-68baba522d8c', 'name': 'tempest-SecurityGroupsNegativeTestJSON-1861544429-router', 'tenant_id': '275a94a6592949a08c1055efae6df039', 'admin_state_up': True, 'status': 'ACTIVE', 'external_gateway_info': {'network_id': '09e4c466-8622-42cd-bf6f-dc2d7a1ff01d', 'external_fixed_ips': [{'subnet_id': '4071e9db-12ab-49e8-839b-e034215275dd', 'ip_address': '10.180.180.248'}], 'enable_snat': True}, 'description': '', 'availability_zones': [], 'distributed': False, 'ha': False, 'availability_zone_hints': [], 'routes': [], 'flavor_id': None, 'tags': [], 'created_at': '2025-12-01T13:36:09Z', 'updated_at': '2025-12-01T13:36:09Z', 'revision_number': 2, 'project_id': '275a94a6592949a08c1055efae6df039'}
2025-12-01 13:36:10.797 66288 INFO tempest.common.waiters [-] volume 8b1fb7b0-030d-4fa0-9bb7-1c6b6d86afe9 reached in-use after waiting for 0.797158 seconds
2025-12-01 13:36:10.819 66274 INFO tempest.lib.common.rest_client [req-e13e73b1-02a5-4a04-99d7-85c164e22072 req-e13e73b1-02a5-4a04-99d7-85c164e22072 ] Request (ServerMetadataTestJSON:test_list_server_metadata): 200 GET http://10.180.1.21/compute/v2.1/servers/35307382-fdf5-453f-9af8-02616b1441d1/metadata 0.810s
2025-12-01 13:36:10.836 66287 INFO tempest.lib.common.rest_client [req-1f6f2cb6-2554-406c-b061-450c85c2008f req-1f6f2cb6-2554-406c-b061-450c85c2008f ] Request (ServerPasswordTestJSON:test_delete_server_password): 204 DELETE http://10.180.1.21/compute/v2.1/servers/bf69b32f-1651-4ad8-ab6a-52f4d2b26233/os-server-password 0.928s
2025-12-01 13:36:10.890 66256 INFO tempest.lib.common.rest_client [req-ecfbec6c-7883-4ecd-a476-32a3a0cbebc5 req-ecfbec6c-7883-4ecd-a476-32a3a0cbebc5 ] Request (ServersAdminTestJSON:setUpClass): 200 GET http://10.180.1.21/compute/v2.1/servers/6ee00201-4876-45bc-b04f-8bca396775b5 0.879s
2025-12-01 13:36:10.913 66272 INFO tempest.lib.common.rest_client [req-dfc8e5a7-cc89-40c1-9e76-4785c8a1b1ff req-dfc8e5a7-cc89-40c1-9e76-4785c8a1b1ff ] Request (FloatingIPsAssociationTestJSON:tearDownClass): 200 GET http://10.180.1.21/compute/v2.1/servers/2ae10234-340d-47bc-9a67-0342b8ebd821 0.882s
2025-12-01 13:36:10.924 66282 INFO tempest.lib.common.rest_client [req-3547b772-f53e-4482-8157-fb8bb3ef173e req-3547b772-f53e-4482-8157-fb8bb3ef173e ] Request (SecurityGroupsNegativeTestJSON:setUpClass): 201 POST http://10.180.1.21/identity/v3/auth/tokens 0.123s
2025-12-01 13:36:10.927 66278 INFO tempest.lib.common.rest_client [req-972421db-a891-42d7-a387-4edaef01c1e4 req-972421db-a891-42d7-a387-4edaef01c1e4 ] Request (ServicesAdminTestJSON:test_list_services): 200 GET http://10.180.1.21/compute/v2.1/os-services 0.547s
2025-12-01 13:36:10.962 66292 INFO tempest.lib.common.rest_client [req-0f1b23eb-24ee-4a12-ba9d-f54970493594 req-0f1b23eb-24ee-4a12-ba9d-f54970493594 ] Request (ServerGroupTestJSON:_run_cleanups): 404 GET http://10.180.1.21/compute/v2.1/servers/c8c68e1e-5066-46b9-9da0-fd415b0f79bb 0.265s
2025-12-01 13:36:11.040 66278 INFO tempest.lib.common.rest_client [req-0c2befbe-756d-43f3-bbba-123aee9c3b79 req-0c2befbe-756d-43f3-bbba-123aee9c3b79 ] Request (ServicesAdminTestJSON:tearDownClass): 204 DELETE http://10.180.1.21/identity/v3/users/e8e7399ae4b34db5a17f5f8155ed0695 0.109s
2025-12-01 13:36:11.042 66312 INFO tempest.lib.common.rest_client [req-2ab5cd37-bace-4166-9853-fec17802d840 req-2ab5cd37-bace-4166-9853-fec17802d840 ] Request (ServersTestManualDisk:tearDownClass): 200 GET http://10.180.1.21/compute/v2.1/servers/969b99f1-dcb0-4334-95a5-be1c95c8c8cc 0.334s
2025-12-01 13:36:11.090 66266 INFO tempest.lib.common.rest_client [req-90f77be2-24f8-43c9-bc63-b0f6fb56e7cb req-90f77be2-24f8-43c9-bc63-b0f6fb56e7cb ] Request (ServersAdminNegativeTestJSON:tearDownClass): 200 GET http://10.180.1.21/compute/v2.1/servers/02b3060f-2b55-4eee-9473-06a58a9bb5a1 0.435s
2025-12-01 13:36:11.104 66268 INFO tempest.lib.common.rest_client [req-324df345-b94e-42fb-b352-dac5a9237939 req-324df345-b94e-42fb-b352-dac5a9237939 ] Request (ImagesTestJSON:test_create_image_from_suspended_server): 200 GET http://10.180.1.21/compute/v2.1/servers/41e601d6-622e-42c6-81e6-b0f2f55b77ca 0.337s
2025-12-01 13:36:11.138 66296 WARNING tempest.lib.common.ssh [-] Failed to establish authenticated ssh connection to cirros@10.180.180.170 ([Errno None] Unable to connect to port 22 on 10.180.180.170). Number attempts: 8. Retry after 9 seconds.: paramiko.ssh_exception.NoValidConnectionsError: [Errno None] Unable to connect to port 22 on 10.180.180.170
2025-12-01 13:36:11.146 66280 INFO tempest.lib.common.rest_client [req-95a40d03-9ce8-4adb-809d-ebeca9ba0422 req-95a40d03-9ce8-4adb-809d-ebeca9ba0422 ] Request (ServersTestJSON:test_create_server_with_ipv6_addr_only): 200 GET http://10.180.1.21/compute/v2.1/servers/21db3b79-4146-4b48-a198-657d2ca05b2b 0.349s
2025-12-01 13:36:11.169 66278 INFO tempest.lib.common.rest_client [req-da54bb4d-8534-4444-8855-62aacd2230b1 req-da54bb4d-8534-4444-8855-62aacd2230b1 ] Request (ServicesAdminTestJSON:tearDownClass): 204 DELETE http://10.180.1.21/identity/v3/users/ae751978cffb4121a863fa51bb2d5d1a 0.128s
2025-12-01 13:36:11.169 66278 INFO tempest.lib.common.dynamic_creds [-] Deleting project and security group for project: 6cf66d243bbc45d9b66fd4103d8d5e66
2025-12-01 13:36:11.220 66274 INFO tempest.lib.common.rest_client [req-84c53867-5445-4909-a406-e522cc548886 req-84c53867-5445-4909-a406-e522cc548886 ] Request (ServerMetadataTestJSON:setUp): 200 PUT http://10.180.1.21/compute/v2.1/servers/35307382-fdf5-453f-9af8-02616b1441d1/metadata 0.398s
2025-12-01 13:36:11.235 66278 INFO tempest.lib.common.rest_client [req-0218fb55-3552-4c97-9acb-6fef05d2e578 req-0218fb55-3552-4c97-9acb-6fef05d2e578 ] Request (ServicesAdminTestJSON:tearDownClass): 201 POST http://10.180.1.21/identity/v3/auth/tokens 0.066s
2025-12-01 13:36:11.246 66287 INFO tempest.lib.common.rest_client [req-79366ed2-34b0-44a1-a360-8c048ac40805 req-79366ed2-34b0-44a1-a360-8c048ac40805 ] Request (ServerPasswordTestJSON:test_get_server_password): 200 GET http://10.180.1.21/compute/v2.1/servers/bf69b32f-1651-4ad8-ab6a-52f4d2b26233/os-server-password 0.407s
2025-12-01 13:36:11.300 66260 INFO tempest.lib.common.rest_client [req-ad667129-cf08-4aab-81b7-cba40f472f02 req-ad667129-cf08-4aab-81b7-cba40f472f02 ] Request (MultipleCreateTestJSON:tearDownClass): 200 GET http://10.180.1.21/compute/v2.1/servers/e2942a34-ffad-423a-baff-0027c88faaa0 0.375s
2025-12-01 13:36:11.311 66288 INFO tempest.lib.common.rest_client [req-b630c2b8-7f43-4dc3-b4c1-a1312d2d627e req-b630c2b8-7f43-4dc3-b4c1-a1312d2d627e ] Request (VolumesAssistedSnapshotsTest:test_volume_assisted_snapshot_create_delete): 200 POST http://10.180.1.21/compute/v2.1/os-assisted-volume-snapshots 0.513s
2025-12-01 13:36:11.335 66292 INFO tempest.lib.common.rest_client [req-27618ef7-d39b-450e-a196-62960fd4b227 req-27618ef7-d39b-450e-a196-62960fd4b227 ] Request (ServerGroupTestJSON:test_list_server_groups): 200 GET http://10.180.1.21/compute/v2.1/os-server-groups 0.372s
2025-12-01 13:36:11.389 66302 INFO tempest.lib.common.rest_client [req-7ed94443-fc92-4c60-92ea-73b8af7e698b req-7ed94443-fc92-4c60-92ea-73b8af7e698b ] Request (ImagesOneServerNegativeTestJSON:_run_cleanups): 200 GET http://10.180.1.21/compute/v2.1/servers/5c6cd7e6-b057-42b7-b2e2-0da552ef2312 0.413s
2025-12-01 13:36:11.424 66278 INFO tempest.lib.common.rest_client [req-846b16ff-0b91-4692-b476-caa323420e85 req-846b16ff-0b91-4692-b476-caa323420e85 ] Request (ServicesAdminTestJSON:tearDownClass): 200 GET http://10.180.1.21/networking/v2.0/security-groups?tenant_id=6cf66d243bbc45d9b66fd4103d8d5e66&name=default 0.189s
2025-12-01 13:36:11.424 66282 INFO tempest.lib.common.rest_client [req-4ce9f2f4-5a75-4cdf-994e-e1239a47cc2a req-4ce9f2f4-5a75-4cdf-994e-e1239a47cc2a ] Request (SecurityGroupsNegativeTestJSON:test_delete_nonexistent_security_group): 404 DELETE http://10.180.1.21/compute/v2.1/os-security-groups/1b886ef3-ee6d-48e7-bce7-4cfef2a048b9 0.499s
2025-12-01 13:36:11.484 66298 INFO tempest.lib.common.rest_client [req-7cc9cb9d-a27b-4542-a99b-e8bb7e539add req-7cc9cb9d-a27b-4542-a99b-e8bb7e539add ] Request (ServersListShow2100Test:tearDownClass): 200 GET http://10.180.1.21/compute/v2.1/servers/e1c8866a-3067-4716-b949-d488bc94e24d 0.324s
2025-12-01 13:36:11.489 66308 INFO tempest.lib.common.rest_client [req-7d20b5f8-b48f-4769-a012-2f59d3aaa941 req-7d20b5f8-b48f-4769-a012-2f59d3aaa941 ] Request (VolumesAdminNegativeTest:tearDownClass): 404 GET http://10.180.1.21/volume/v3/volumes/737a88ed-677b-4d99-9f17-c29b1a9385cc 0.014s
2025-12-01 13:36:11.521 66278 INFO tempest.lib.common.rest_client [req-6a612f6e-967c-4242-a6da-71e26f2c8a6e req-6a612f6e-967c-4242-a6da-71e26f2c8a6e ] Request (ServicesAdminTestJSON:tearDownClass): 204 DELETE http://10.180.1.21/networking/v2.0/security-groups/0747f51e-d34b-4ff7-9068-6049b104e619 0.096s
2025-12-01 13:36:11.565 66314 INFO tempest.lib.common.rest_client [req-77cfb07c-127d-4334-9e63-3fcf49918104 req-77cfb07c-127d-4334-9e63-3fcf49918104 ] Request (ServersTestMultiNic:test_verify_multiple_nics_order): 200 GET http://10.180.1.21/compute/v2.1/servers/643db833-afad-4ab7-b8f4-d56627a5bc8e 0.388s
2025-12-01 13:36:11.583 66284 WARNING tempest.lib.common.ssh [-] Failed to establish authenticated ssh connection to cirros@10.180.180.184 ([Errno None] Unable to connect to port 22 on 10.180.180.184). Number attempts: 5. Retry after 6 seconds.: paramiko.ssh_exception.NoValidConnectionsError: [Errno None] Unable to connect to port 22 on 10.180.180.184
2025-12-01 13:36:11.585 66274 INFO tempest.lib.common.rest_client [req-fe4d96c3-6584-4393-937c-c11fc69263c6 req-fe4d96c3-6584-4393-937c-c11fc69263c6 ] Request (ServerMetadataTestJSON:test_set_server_metadata): 200 PUT http://10.180.1.21/compute/v2.1/servers/35307382-fdf5-453f-9af8-02616b1441d1/metadata 0.365s
2025-12-01 13:36:11.603 66278 INFO tempest.lib.common.rest_client [req-f049a6da-46b8-4f6f-97aa-bf85367d6cca req-f049a6da-46b8-4f6f-97aa-bf85367d6cca ] Request (ServicesAdminTestJSON:tearDownClass): 204 DELETE http://10.180.1.21/identity/v3/projects/6cf66d243bbc45d9b66fd4103d8d5e66 0.081s
2025-12-01 13:36:11.603 66278 INFO tempest.lib.common.dynamic_creds [-] Deleting project and security group for project: a7855edb3b5f4d3d8bd8cd5eb348a21e
2025-12-01 13:36:11.641 66306 INFO tempest.lib.common.rest_client [req-c0989084-5d70-46f4-ac0b-0887cecdf38f req-c0989084-5d70-46f4-ac0b-0887cecdf38f ] Request (ServersWithSpecificFlavorTestJSON:test_verify_created_server_ephemeral_disk): 200 GET http://10.180.1.21/compute/v2.1/servers/afbb5c92-d555-4b8f-b170-5cb53e87491d 0.410s
2025-12-01 13:36:11.672 66287 INFO tempest.lib.common.rest_client [req-9820f8b4-c427-4b49-a241-7311b8899c69 req-9820f8b4-c427-4b49-a241-7311b8899c69 ] Request (ServerPasswordTestJSON:tearDownClass): 204 DELETE http://10.180.1.21/compute/v2.1/servers/bf69b32f-1651-4ad8-ab6a-52f4d2b26233 0.423s
2025-12-01 13:36:11.694 66288 INFO tempest.lib.common.rest_client [req-7e55b83e-1b72-4710-9d6a-09e1b6b75736 req-7e55b83e-1b72-4710-9d6a-09e1b6b75736 ] Request (VolumesAssistedSnapshotsTest:test_volume_assisted_snapshot_create_delete): 204 DELETE http://10.180.1.21/compute/v2.1/os-assisted-volume-snapshots/None?delete_info=%7B%22volume_id%22%3A+%228b1fb7b0-030d-4fa0-9bb7-1c6b6d86afe9%22%7D 0.382s
2025-12-01 13:36:11.706 66304 INFO tempest.lib.common.rest_client [req-6a83677a-3fa0-4c70-98c2-e324dc65bb64 req-6a83677a-3fa0-4c70-98c2-e324dc65bb64 ] Request (ServersAaction247Test:test_create_backup): 200 GET http://10.180.1.21/compute/v2.1/servers/3777e364-d298-4b29-a543-d6d053d8e9dd 0.411s
2025-12-01 13:36:11.723 66292 INFO tempest.lib.common.rest_client [req-f9f074c1-c3b8-4010-b70a-392e335cbbe1 req-f9f074c1-c3b8-4010-b70a-392e335cbbe1 ] Request (ServerGroupTestJSON:test_show_server_group): 200 GET http://10.180.1.21/compute/v2.1/os-server-groups/8d2bb0ae-4646-48d2-b6aa-d6a7586cc916 0.385s
2025-12-01 13:36:11.726 66282 INFO tempest.lib.common.rest_client [req-f56fcf00-f3eb-44e4-bfe5-8e17d6896a4f req-f56fcf00-f3eb-44e4-bfe5-8e17d6896a4f ] Request (SecurityGroupsNegativeTestJSON:test_delete_security_group_without_passing_id): 404 DELETE http://10.180.1.21/compute/v2.1/os-security-groups/ 0.300s
2025-12-01 13:36:11.726 66278 INFO tempest.lib.common.rest_client [req-47666f79-aef8-4d81-8974-343ac2d09e6b req-47666f79-aef8-4d81-8974-343ac2d09e6b ] Request (ServicesAdminTestJSON:tearDownClass): 200 GET http://10.180.1.21/networking/v2.0/security-groups?tenant_id=a7855edb3b5f4d3d8bd8cd5eb348a21e&name=default 0.122s
2025-12-01 13:36:11.741 66288 INFO tempest.lib.common.rest_client [req-296a7cde-778e-47c0-86a8-ccf601e30999 req-296a7cde-778e-47c0-86a8-ccf601e30999 ] Request (VolumesAssistedSnapshotsTest:_run_cleanups): 200 GET http://10.180.1.21/volume/v3/volumes/8b1fb7b0-030d-4fa0-9bb7-1c6b6d86afe9 0.047s
2025-12-01 13:36:11.790 66258 INFO tempest.lib.common.rest_client [req-eafedb48-da97-4b50-9bc4-c65722a87eb4 req-eafedb48-da97-4b50-9bc4-c65722a87eb4 ] Request (MigrationsAdminTest:test_resize_server_revert_deleted_flavor): 200 GET http://10.180.1.21/compute/v2.1/servers/ef5f0333-5109-4fb6-91be-179cdf2541fa 0.361s
2025-12-01 13:36:11.807 66300 INFO tempest.lib.common.rest_client [req-3c30954b-dadd-4849-b150-9a51d4fa7214 req-3c30954b-dadd-4849-b150-9a51d4fa7214 ] Request (ImagesOneServerTestJSON:tearDownClass): 200 GET http://10.180.1.21/compute/v2.1/servers/98faf004-25ab-4aa9-8d4e-948a39bcf39a 0.444s
2025-12-01 13:36:11.840 66278 INFO tempest.lib.common.rest_client [req-3f732c76-20ca-4281-ba0c-6a8002d2b173 req-3f732c76-20ca-4281-ba0c-6a8002d2b173 ] Request (ServicesAdminTestJSON:tearDownClass): 204 DELETE http://10.180.1.21/networking/v2.0/security-groups/521eed92-4e43-4f0e-b5df-cdc12436fe15 0.114s
2025-12-01 13:36:11.889 66308 INFO tempest.lib.common.rest_client [req-66db37ca-6108-4ed9-859d-43d9403fe0d8 req-66db37ca-6108-4ed9-859d-43d9403fe0d8 ] Request (VolumesAdminNegativeTest:tearDownClass): 204 DELETE http://10.180.1.21/compute/v2.1/servers/5a692bc9-d8a2-42c2-b8c8-f71a56dd135d 0.400s
2025-12-01 13:36:11.897 66310 INFO tempest.lib.common.rest_client [req-6f0a3c26-1e17-4f4e-858e-c94faa66c925 req-6f0a3c26-1e17-4f4e-858e-c94faa66c925 ] Request (ServersAdmin275Test:tearDownClass): 200 GET http://10.180.1.21/compute/v2.1/servers/242e40a3-2e0b-4825-ad80-5d2c512d17d9 0.395s
2025-12-01 13:36:11.930 66274 INFO tempest.lib.common.rest_client [req-1e1bc034-8cbc-4835-95e9-81b6a1845e98 req-1e1bc034-8cbc-4835-95e9-81b6a1845e98 ] Request (ServerMetadataTestJSON:test_set_server_metadata): 200 GET http://10.180.1.21/compute/v2.1/servers/35307382-fdf5-453f-9af8-02616b1441d1/metadata 0.344s
2025-12-01 13:36:11.960 66270 INFO tempest.lib.common.rest_client [req-52b2f5b0-3a3c-4c7f-88ae-dd99187f3026 req-52b2f5b0-3a3c-4c7f-88ae-dd99187f3026 ] Request (InstanceActionsNegativeTestJSON:setUpClass): 200 GET http://10.180.1.21/compute/v2.1/servers/60166c03-773a-4650-b278-b4d232488d77 0.442s
2025-12-01 13:36:11.978 66278 INFO tempest.lib.common.rest_client [req-951aff07-4560-4a1e-86cb-ba4fca9343e9 req-951aff07-4560-4a1e-86cb-ba4fca9343e9 ] Request (ServicesAdminTestJSON:tearDownClass): 204 DELETE http://10.180.1.21/identity/v3/projects/a7855edb3b5f4d3d8bd8cd5eb348a21e 0.137s
2025-12-01 13:36:11.994 66262 INFO tempest.lib.common.rest_client [req-c47b77f2-f03d-4871-83a1-961989b6587c req-c47b77f2-f03d-4871-83a1-961989b6587c ] Request (TenantUsagesTestJSON:setUpClass): 200 GET http://10.180.1.21/compute/v2.1/servers/4322180a-58fa-416b-89cb-bcdfbab348c6 0.403s
2025-12-01 13:36:12.067 66278 INFO tempest.lib.common.rest_client [req-f49d9265-20e9-43b5-9cbe-c2784b10612c req-f49d9265-20e9-43b5-9cbe-c2784b10612c ] Request (ListImageFiltersTestJSON:setUpClass): 201 POST http://10.180.1.21/identity/v3/auth/tokens 0.087s
2025-12-01 13:36:12.078 66287 INFO tempest.lib.common.rest_client [req-5c99faec-a5d0-4837-b947-7eb1c24c92dc req-5c99faec-a5d0-4837-b947-7eb1c24c92dc ] Request (ServerPasswordTestJSON:tearDownClass): 200 GET http://10.180.1.21/compute/v2.1/servers/bf69b32f-1651-4ad8-ab6a-52f4d2b26233 0.406s
2025-12-01 13:36:12.099 66276 WARNING tempest.lib.common.ssh [-] Failed to establish authenticated ssh connection to cirros@10.180.180.181 ([Errno None] Unable to connect to port 22 on 10.180.180.181). Number attempts: 2. Retry after 3 seconds.: paramiko.ssh_exception.NoValidConnectionsError: [Errno None] Unable to connect to port 22 on 10.180.180.181
2025-12-01 13:36:12.112 66292 INFO tempest.lib.common.rest_client [req-abc30fcf-e15e-4d04-80b1-d68c6ef4d008 req-abc30fcf-e15e-4d04-80b1-d68c6ef4d008 ] Request (ServerGroupTestJSON:tearDownClass): 404 DELETE http://10.180.1.21/compute/v2.1/servers/c8c68e1e-5066-46b9-9da0-fd415b0f79bb 0.375s
2025-12-01 13:36:12.119 66278 INFO tempest.lib.common.rest_client [req-1ec87a09-032c-4095-88d5-67a9e0ca607d req-1ec87a09-032c-4095-88d5-67a9e0ca607d ] Request (ListImageFiltersTestJSON:setUpClass): 201 POST http://10.180.1.21/identity/v3/auth/tokens 0.047s
2025-12-01 13:36:12.140 66282 INFO tempest.lib.common.rest_client [req-12739e98-282b-4d3a-a0cd-8ee5ee7a2e79 req-12739e98-282b-4d3a-a0cd-8ee5ee7a2e79 ] Request (SecurityGroupsNegativeTestJSON:test_delete_the_default_security_group): 200 GET http://10.180.1.21/compute/v2.1/os-security-groups 0.413s
2025-12-01 13:36:12.159 66278 INFO tempest.lib.common.rest_client [req-7eef7719-1951-45e3-8d8b-a70478082459 req-7eef7719-1951-45e3-8d8b-a70478082459 ] Request (ListImageFiltersTestJSON:setUpClass): 200 GET http://10.180.1.21/identity/v3/domains?name=Default 0.039s
2025-12-01 13:36:12.192 66278 INFO tempest.lib.common.rest_client [req-c8ea9f18-d34f-457c-a8c6-e476b2afd9cf req-c8ea9f18-d34f-457c-a8c6-e476b2afd9cf ] Request (ListImageFiltersTestJSON:setUpClass): 201 POST http://10.180.1.21/identity/v3/projects 0.033s
2025-12-01 13:36:12.251 66290 INFO tempest.lib.common.rest_client [req-1bb13285-22ec-4909-8b39-49bcfb71e473 req-1bb13285-22ec-4909-8b39-49bcfb71e473 ] Request (ServerDiskConfigTestJSON:test_rebuild_server_with_manual_disk_config): 200 GET http://10.180.1.21/compute/v2.1/servers/a4d9ccd6-3815-4d7f-99a5-12f22b159c7c 0.486s
2025-12-01 13:36:12.253 66278 INFO tempest.lib.common.rest_client [req-c60fe9e1-8d40-4fcf-9b1c-2a9b2c67735a req-c60fe9e1-8d40-4fcf-9b1c-2a9b2c67735a ] Request (ListImageFiltersTestJSON:setUpClass): 201 POST http://10.180.1.21/identity/v3/users 0.060s
2025-12-01 13:36:12.279 66288 INFO tempest.lib.common.rest_client [req-6a6bbfac-4c89-4ce7-bb1c-889e28b2055a req-6a6bbfac-4c89-4ce7-bb1c-889e28b2055a ] Request (VolumesAssistedSnapshotsTest:_run_cleanups): 202 DELETE http://10.180.1.21/compute/v2.1/servers/01cca923-2ffe-43ea-9752-6bbafe920581/os-volume_attachments/8b1fb7b0-030d-4fa0-9bb7-1c6b6d86afe9 0.525s
2025-12-01 13:36:12.280 66278 INFO tempest.lib.common.rest_client [req-66406e9c-40d3-4639-be79-6a5857ffba33 req-66406e9c-40d3-4639-be79-6a5857ffba33 ] Request (ListImageFiltersTestJSON:setUpClass): 200 GET http://10.180.1.21/identity/v3/roles 0.027s
2025-12-01 13:36:12.315 66278 INFO tempest.lib.common.rest_client [req-56c8ba0c-7654-4945-aee1-5b49f8c39b78 req-56c8ba0c-7654-4945-aee1-5b49f8c39b78 ] Request (ListImageFiltersTestJSON:setUpClass): 204 PUT http://10.180.1.21/identity/v3/projects/fc25511d75674c3985b0d48f3888c12d/users/24336ab73d9d43cf8c626582b0ac7ba8/roles/2ceb860eb75e46918a1da91a10e9b7d9 0.034s
2025-12-01 13:36:12.315 66278 INFO tempest.lib.common.dynamic_creds [-] Dynamic test user 24336ab73d9d43cf8c626582b0ac7ba8 is created with scope project and roles: ['member']
2025-12-01 13:36:12.316 66278 INFO tempest.lib.common.dynamic_creds [-] Acquired dynamic creds: credentials: Credentials: {'domain_id': 'default', 'domain_name': 'Default', 'username': 'tempest-ListImageFiltersTestJSON-259619039-project-member', 'project_domain_id': 'default', 'project_domain_name': 'Default', 'project_id': 'fc25511d75674c3985b0d48f3888c12d', 'project_name': 'tempest-ListImageFiltersTestJSON-259619039', 'tenant_id': 'fc25511d75674c3985b0d48f3888c12d', 'tenant_name': 'tempest-ListImageFiltersTestJSON-259619039', 'user_domain_id': 'default', 'user_domain_name': 'Default', 'user_id': '24336ab73d9d43cf8c626582b0ac7ba8', 'system': None}, Network: None, Subnet: None, Router: None
2025-12-01 13:36:12.316 66278 INFO tempest.lib.common.dynamic_creds [-] Created isolated network resources for: credentials: Credentials: {'domain_id': 'default', 'domain_name': 'Default', 'username': 'tempest-ListImageFiltersTestJSON-259619039-project-member', 'project_domain_id': 'default', 'project_domain_name': 'Default', 'project_id': 'fc25511d75674c3985b0d48f3888c12d', 'project_name': 'tempest-ListImageFiltersTestJSON-259619039', 'tenant_id': 'fc25511d75674c3985b0d48f3888c12d', 'tenant_name': 'tempest-ListImageFiltersTestJSON-259619039', 'user_domain_id': 'default', 'user_domain_name': 'Default', 'user_id': '24336ab73d9d43cf8c626582b0ac7ba8', 'system': None}, Network: None, Subnet: None, Router: None
2025-12-01 13:36:12.321 66294 INFO tempest.lib.common.rest_client [req-a7e39bc3-ea48-48ff-a5ad-02ac540a9f11 req-a7e39bc3-ea48-48ff-a5ad-02ac540a9f11 ] Request (ServerDiagnosticsTest:tearDownClass): 200 GET http://10.180.1.21/compute/v2.1/servers/38aaaf3b-96c1-4530-bdc6-7729ee563a57 0.541s
2025-12-01 13:36:12.389 66278 INFO tempest.lib.common.rest_client [req-c6360d14-aff1-4882-85dd-5619a61554c2 req-c6360d14-aff1-4882-85dd-5619a61554c2 ] Request (ListImageFiltersTestJSON:setUpClass): 201 POST http://10.180.1.21/identity/v3/auth/tokens 0.069s
2025-12-01 13:36:12.405 66256 INFO tempest.lib.common.rest_client [req-b326a309-dc0a-45eb-975d-c3afadae2a2c req-b326a309-dc0a-45eb-975d-c3afadae2a2c ] Request (ServersAdminTestJSON:setUpClass): 200 GET http://10.180.1.21/compute/v2.1/servers/6ee00201-4876-45bc-b04f-8bca396775b5 0.502s
2025-12-01 13:36:12.433 66308 INFO tempest.lib.common.rest_client [req-961fc000-412f-4c8d-8cc9-36beb451932f req-961fc000-412f-4c8d-8cc9-36beb451932f ] Request (VolumesAdminNegativeTest:tearDownClass): 200 GET http://10.180.1.21/compute/v2.1/servers/5a692bc9-d8a2-42c2-b8c8-f71a56dd135d 0.543s
2025-12-01 13:36:12.496 66272 INFO tempest.lib.common.rest_client [req-1524da1c-f33a-401a-9915-75bfc98228c3 req-1524da1c-f33a-401a-9915-75bfc98228c3 ] Request (FloatingIPsAssociationTestJSON:tearDownClass): 200 GET http://10.180.1.21/compute/v2.1/servers/2ae10234-340d-47bc-9a67-0342b8ebd821 0.568s
2025-12-01 13:36:12.554 66274 INFO tempest.lib.common.rest_client [req-f62c4319-e249-47be-9cb3-94ea3d973db8 req-f62c4319-e249-47be-9cb3-94ea3d973db8 ] Request (ServerMetadataTestJSON:setUp): 200 PUT http://10.180.1.21/compute/v2.1/servers/35307382-fdf5-453f-9af8-02616b1441d1/metadata 0.621s
2025-12-01 13:36:12.623 66312 INFO tempest.lib.common.rest_client [req-88330b1a-6b45-4660-bfdb-3aaf986edd4f req-88330b1a-6b45-4660-bfdb-3aaf986edd4f ] Request (ServersTestManualDisk:tearDownClass): 200 GET http://10.180.1.21/compute/v2.1/servers/969b99f1-dcb0-4334-95a5-be1c95c8c8cc 0.573s
2025-12-01 13:36:12.637 66266 INFO tempest.lib.common.rest_client [req-af3bf863-afd2-4e3d-8a32-b2ef43a80170 req-af3bf863-afd2-4e3d-8a32-b2ef43a80170 ] Request (ServersAdminNegativeTestJSON:tearDownClass): 200 GET http://10.180.1.21/compute/v2.1/servers/02b3060f-2b55-4eee-9473-06a58a9bb5a1 0.534s
2025-12-01 13:36:12.651 66292 INFO tempest.lib.common.rest_client [req-64a5d35b-0fae-4483-bd22-832ef7155a3b req-64a5d35b-0fae-4483-bd22-832ef7155a3b ] Request (ServerGroupTestJSON:tearDownClass): 404 GET http://10.180.1.21/compute/v2.1/servers/c8c68e1e-5066-46b9-9da0-fd415b0f79bb 0.538s
2025-12-01 13:36:12.719 66268 INFO tempest.lib.common.rest_client [req-d90f8b20-c8f6-486b-92ad-c3f75f56f4c8 req-d90f8b20-c8f6-486b-92ad-c3f75f56f4c8 ] Request (ImagesTestJSON:test_create_image_from_suspended_server): 200 GET http://10.180.1.21/compute/v2.1/servers/41e601d6-622e-42c6-81e6-b0f2f55b77ca 0.605s
2025-12-01 13:36:12.729 66268 INFO tempest.common.waiters [-] State transition "BUILD/None" ==> "BUILD/networking" after 37 second wait
2025-12-01 13:36:12.754 66282 INFO tempest.lib.common.rest_client [req-399e7ef4-aafc-4e78-82bb-a7eea8b3cc22 req-399e7ef4-aafc-4e78-82bb-a7eea8b3cc22 ] Request (SecurityGroupsNegativeTestJSON:test_delete_the_default_security_group): 400 DELETE http://10.180.1.21/compute/v2.1/os-security-groups/2d5cbf71-c36f-4f77-b6b1-d029ebc904f3 0.609s
2025-12-01 13:36:12.774 66280 INFO tempest.lib.common.rest_client [req-38f468f3-5480-4be1-9e3a-f83f1af1c948 req-38f468f3-5480-4be1-9e3a-f83f1af1c948 ] Request (ServersTestJSON:test_create_server_with_ipv6_addr_only): 200 GET http://10.180.1.21/compute/v2.1/servers/21db3b79-4146-4b48-a198-657d2ca05b2b 0.618s
2025-12-01 13:36:12.802 66288 INFO tempest.lib.common.rest_client [req-cab6fd95-e640-4967-8cac-0df8fb8e2b8e req-cab6fd95-e640-4967-8cac-0df8fb8e2b8e ] Request (VolumesAssistedSnapshotsTest:_run_cleanups): 200 GET http://10.180.1.21/compute/v2.1/servers/01cca923-2ffe-43ea-9752-6bbafe920581/os-volume_attachments 0.522s
2025-12-01 13:36:12.839 66260 INFO tempest.lib.common.rest_client [req-ab09299a-e791-41f0-afc3-ceb109da0195 req-ab09299a-e791-41f0-afc3-ceb109da0195 ] Request (MultipleCreateTestJSON:tearDownClass): 200 GET http://10.180.1.21/compute/v2.1/servers/e2942a34-ffad-423a-baff-0027c88faaa0 0.529s
2025-12-01 13:36:12.872 66302 INFO tempest.lib.common.rest_client [req-cbfe88bc-4962-4f04-a216-301930f34e5b req-cbfe88bc-4962-4f04-a216-301930f34e5b ] Request (ImagesOneServerNegativeTestJSON:_run_cleanups): 200 GET http://10.180.1.21/compute/v2.1/servers/5c6cd7e6-b057-42b7-b2e2-0da552ef2312 0.475s
2025-12-01 13:36:12.925 66278 INFO tempest.lib.common.rest_client [req-a1d198e2-c5a2-4ce8-9b5d-2cb9eb11848d req-a1d198e2-c5a2-4ce8-9b5d-2cb9eb11848d ] Request (ListImageFiltersTestJSON:setUpClass): 201 POST http://10.180.1.21/image/v2/images 0.534s
2025-12-01 13:36:12.936 66298 INFO tempest.lib.common.rest_client [req-5da55b2c-127b-420d-aebd-40bd987dddfa req-5da55b2c-127b-420d-aebd-40bd987dddfa ] Request (ServersListShow2100Test:tearDownClass): 200 GET http://10.180.1.21/compute/v2.1/servers/e1c8866a-3067-4716-b949-d488bc94e24d 0.439s
2025-12-01 13:36:12.994 66274 INFO tempest.lib.common.rest_client [req-40b9fcf3-58d7-440a-af44-10f7917b1c12 req-40b9fcf3-58d7-440a-af44-10f7917b1c12 ] Request (ServerMetadataTestJSON:test_set_server_metadata_item): 200 PUT http://10.180.1.21/compute/v2.1/servers/35307382-fdf5-453f-9af8-02616b1441d1/metadata/nova 0.438s
2025-12-01 13:36:13.054 66306 INFO tempest.lib.common.rest_client [req-4c3b98d2-f871-44af-bad1-a7b5be08f787 req-4c3b98d2-f871-44af-bad1-a7b5be08f787 ] Request (ServersWithSpecificFlavorTestJSON:test_verify_created_server_ephemeral_disk): 200 GET http://10.180.1.21/compute/v2.1/servers/afbb5c92-d555-4b8f-b170-5cb53e87491d 0.404s
2025-12-01 13:36:13.067 66292 INFO tempest.lib.common.rest_client [req-00e707eb-12a7-4376-81db-87646ed11d0a req-00e707eb-12a7-4376-81db-87646ed11d0a ] Request (ServerGroupTestJSON:tearDownClass): 404 DELETE http://10.180.1.21/compute/v2.1/os-server-groups/aaf9a1b1-637f-40f8-8a56-1f88873c4ece 0.416s
2025-12-01 13:36:13.130 66304 INFO tempest.lib.common.rest_client [req-c351cde7-2117-4f41-8fd0-273aa4d8a11a req-c351cde7-2117-4f41-8fd0-273aa4d8a11a ] Request (ServersAaction247Test:test_create_backup): 200 GET http://10.180.1.21/compute/v2.1/servers/3777e364-d298-4b29-a543-d6d053d8e9dd 0.408s
2025-12-01 13:36:13.167 66314 INFO tempest.lib.common.rest_client [req-cd6f5232-a46a-4c91-9d87-e1ad1bd46a23 req-cd6f5232-a46a-4c91-9d87-e1ad1bd46a23 ] Request (ServersTestMultiNic:test_verify_multiple_nics_order): 200 GET http://10.180.1.21/compute/v2.1/servers/643db833-afad-4ab7-b8f4-d56627a5bc8e 0.591s
2025-12-01 13:36:13.167 66282 INFO tempest.lib.common.rest_client [req-8ea07c69-3968-420f-8eeb-a18cf26ff661 req-8ea07c69-3968-420f-8eeb-a18cf26ff661 ] Request (SecurityGroupsNegativeTestJSON:test_security_group_get_nonexistent_group): 404 GET http://10.180.1.21/compute/v2.1/os-security-groups/44c53b43-5e97-47c1-a0f0-9b1b04c4a381 0.409s
2025-12-01 13:36:13.181 66314 INFO tempest.common.waiters [-] State transition "BUILD/spawning" ==> "ACTIVE/None" after 39 second wait
2025-12-01 13:36:13.231 66258 INFO tempest.lib.common.rest_client [req-f0a4b116-7972-436d-a357-c08eac1f0eb2 req-f0a4b116-7972-436d-a357-c08eac1f0eb2 ] Request (MigrationsAdminTest:test_resize_server_revert_deleted_flavor): 200 GET http://10.180.1.21/compute/v2.1/servers/ef5f0333-5109-4fb6-91be-179cdf2541fa 0.427s
2025-12-01 13:36:13.248 66300 INFO tempest.lib.common.rest_client [req-3d568ef5-9c5b-4c4f-8217-b2c7970c2637 req-3d568ef5-9c5b-4c4f-8217-b2c7970c2637 ] Request (ImagesOneServerTestJSON:tearDownClass): 200 GET http://10.180.1.21/compute/v2.1/servers/98faf004-25ab-4aa9-8d4e-948a39bcf39a 0.429s
2025-12-01 13:36:13.305 66310 INFO tempest.lib.common.rest_client [req-f1aec30f-ec35-4e6a-b791-7db195b27299 req-f1aec30f-ec35-4e6a-b791-7db195b27299 ] Request (ServersAdmin275Test:tearDownClass): 200 GET http://10.180.1.21/compute/v2.1/servers/242e40a3-2e0b-4825-ad80-5d2c512d17d9 0.392s
2025-12-01 13:36:13.315 66270 INFO tempest.lib.common.rest_client [req-a00e5976-ded1-457b-81bd-8dc81b151dd9 req-a00e5976-ded1-457b-81bd-8dc81b151dd9 ] Request (InstanceActionsNegativeTestJSON:setUpClass): 200 GET http://10.180.1.21/compute/v2.1/servers/60166c03-773a-4650-b278-b4d232488d77 0.345s
2025-12-01 13:36:13.345 66274 INFO tempest.lib.common.rest_client [req-e407d3f3-804c-4fb5-b337-a953ab9d41ed req-e407d3f3-804c-4fb5-b337-a953ab9d41ed ] Request (ServerMetadataTestJSON:test_set_server_metadata_item): 200 GET http://10.180.1.21/compute/v2.1/servers/35307382-fdf5-453f-9af8-02616b1441d1/metadata 0.351s
2025-12-01 13:36:13.355 66292 INFO tempest.lib.common.rest_client [req-7909d291-2028-4d04-9b7c-e1f69b10e50a req-7909d291-2028-4d04-9b7c-e1f69b10e50a ] Request (ServerGroupTestJSON:tearDownClass): 404 DELETE http://10.180.1.21/compute/v2.1/os-server-groups/f6d150ff-ce6b-4a69-a97d-417d7d615dcf 0.287s
2025-12-01 13:36:13.367 66262 INFO tempest.lib.common.rest_client [req-218fe6a0-76bf-4fcc-98fe-eae6fb3a50f0 req-218fe6a0-76bf-4fcc-98fe-eae6fb3a50f0 ] Request (TenantUsagesTestJSON:setUpClass): 200 GET http://10.180.1.21/compute/v2.1/servers/4322180a-58fa-416b-89cb-bcdfbab348c6 0.363s
2025-12-01 13:36:13.392 66282 INFO tempest.lib.common.rest_client [req-abf73ed5-729b-4a46-97be-7e4e0f9668c6 req-abf73ed5-729b-4a46-97be-7e4e0f9668c6 ] Request (SecurityGroupsNegativeTestJSON:test_update_non_existent_security_group): 404 PUT http://10.180.1.21/compute/v2.1/os-security-groups/7008a8b0-46cf-4a7b-9450-a8754c670dc7 0.223s
2025-12-01 13:36:13.423 66314 INFO tempest.lib.common.rest_client [req-4d269c05-a790-4ce4-b8d1-a85414316445 req-4d269c05-a790-4ce4-b8d1-a85414316445 ] Request (ServersTestMultiNic:test_verify_multiple_nics_order): 200 GET http://10.180.1.21/compute/v2.1/servers/643db833-afad-4ab7-b8f4-d56627a5bc8e/ips 0.241s
2025-12-01 13:36:14.533 66278 INFO tempest.lib.common.rest_client [req-a0c4faff-4c21-4ceb-83ad-09042e5fe2b4 req-a0c4faff-4c21-4ceb-83ad-09042e5fe2b4 ] Request (ListImageFiltersTestJSON:setUpClass): 204 PUT http://10.180.1.21/image/v2/images/1a97eea0-26ba-4023-8e74-579f980ae716/file 0.608s
2025-12-01 13:36:14.599 66264 WARNING tempest.lib.common.ssh [-] Failed to establish authenticated ssh connection to cirros@10.180.180.175 ([Errno None] Unable to connect to port 22 on 10.180.180.175). Number attempts: 7. Retry after 8 seconds.: paramiko.ssh_exception.NoValidConnectionsError: [Errno None] Unable to connect to port 22 on 10.180.180.175
2025-12-01 13:36:14.651 66282 INFO tempest.lib.common.rest_client [req-2ed2418d-9ab0-4ff4-a77e-965765f84106 req-2ed2418d-9ab0-4ff4-a77e-965765f84106 ] Request (SecurityGroupsNegativeTestJSON:tearDownClass): 200 PUT http://10.180.1.21/networking/v2.0/routers/bcc986f3-6998-4f0b-bcc7-68baba522d8c/remove_router_interface 1.255s
2025-12-01 13:36:14.709 66287 INFO tempest.lib.common.rest_client [req-a36fbe00-47e1-47cb-8492-db186c1c7c07 req-a36fbe00-47e1-47cb-8492-db186c1c7c07 ] Request (ServerPasswordTestJSON:tearDownClass): 200 GET http://10.180.1.21/compute/v2.1/servers/bf69b32f-1651-4ad8-ab6a-52f4d2b26233 1.605s
2025-12-01 13:36:14.839 66290 INFO tempest.lib.common.rest_client [req-e91cabe3-1c42-4f57-9117-6c6ad7b6556b req-e91cabe3-1c42-4f57-9117-6c6ad7b6556b ] Request (ServerDiskConfigTestJSON:test_rebuild_server_with_manual_disk_config): 200 GET http://10.180.1.21/compute/v2.1/servers/a4d9ccd6-3815-4d7f-99a5-12f22b159c7c 1.576s
2025-12-01 13:36:14.928 66274 INFO tempest.lib.common.rest_client [req-70171e7b-6354-40d8-9290-dbb21f8035c5 req-70171e7b-6354-40d8-9290-dbb21f8035c5 ] Request (ServerMetadataTestJSON:setUp): 200 PUT http://10.180.1.21/compute/v2.1/servers/35307382-fdf5-453f-9af8-02616b1441d1/metadata 1.580s
2025-12-01 13:36:14.934 66292 INFO tempest.lib.common.rest_client [req-f59f58d3-24e9-4ac3-9b7f-f73990ba4cf1 req-f59f58d3-24e9-4ac3-9b7f-f73990ba4cf1 ] Request (ServerGroupTestJSON:tearDownClass): 404 DELETE http://10.180.1.21/compute/v2.1/os-server-groups/55dd2f43-9ef1-40a7-b2ba-eb9a4e6af01c 1.578s
2025-12-01 13:36:15.191 66282 INFO tempest.lib.common.rest_client [req-83a75f6d-464d-4f41-b4ff-ac7c53287145 req-83a75f6d-464d-4f41-b4ff-ac7c53287145 ] Request (SecurityGroupsNegativeTestJSON:tearDownClass): 204 DELETE http://10.180.1.21/networking/v2.0/routers/bcc986f3-6998-4f0b-bcc7-68baba522d8c 0.539s
2025-12-01 13:36:15.220 66294 INFO tempest.lib.common.rest_client [req-9970ed51-8e34-4960-9973-8f3a6f6cab0a req-9970ed51-8e34-4960-9973-8f3a6f6cab0a ] Request (ServerDiagnosticsTest:tearDownClass): 200 GET http://10.180.1.21/compute/v2.1/servers/38aaaf3b-96c1-4530-bdc6-7729ee563a57 1.891s
2025-12-01 13:36:15.249 66256 INFO tempest.lib.common.rest_client [req-f3cadc0d-dcf7-4856-9f32-e0b06e83f1fe req-f3cadc0d-dcf7-4856-9f32-e0b06e83f1fe ] Request (ServersAdminTestJSON:setUpClass): 200 GET http://10.180.1.21/compute/v2.1/servers/6ee00201-4876-45bc-b04f-8bca396775b5 1.835s
2025-12-01 13:36:15.259 66256 INFO tempest.common.waiters [-] State transition "BUILD/scheduling" ==> "BUILD/None" after 9 second wait
2025-12-01 13:36:15.332 66314 INFO tempest.lib.common.rest_client [req-85ae9e4d-c273-4176-854a-4c51f6a41d00 req-85ae9e4d-c273-4176-854a-4c51f6a41d00 ] Request (ServersTestMultiNic:_run_cleanups): 204 DELETE http://10.180.1.21/compute/v2.1/servers/643db833-afad-4ab7-b8f4-d56627a5bc8e 1.908s
2025-12-01 13:36:15.402 66282 INFO tempest.lib.common.rest_client [req-3712b227-177f-48d8-bc8c-d1dbaf0159bb req-3712b227-177f-48d8-bc8c-d1dbaf0159bb ] Request (SecurityGroupsNegativeTestJSON:tearDownClass): 204 DELETE http://10.180.1.21/networking/v2.0/subnets/0cded7e3-0821-465c-bf22-d7aaa7bf90dc 0.210s
2025-12-01 13:36:15.421 66308 INFO tempest.lib.common.rest_client [req-1ecdea4b-f445-4dc4-b5a6-344f7d155cdb req-1ecdea4b-f445-4dc4-b5a6-344f7d155cdb ] Request (VolumesAdminNegativeTest:tearDownClass): 200 GET http://10.180.1.21/compute/v2.1/servers/5a692bc9-d8a2-42c2-b8c8-f71a56dd135d 1.972s
2025-12-01 13:36:15.489 66272 INFO tempest.lib.common.rest_client [req-2c80ecf0-3000-460d-8d8e-9aa40bfcc464 req-2c80ecf0-3000-460d-8d8e-9aa40bfcc464 ] Request (FloatingIPsAssociationTestJSON:tearDownClass): 200 GET http://10.180.1.21/compute/v2.1/servers/2ae10234-340d-47bc-9a67-0342b8ebd821 1.984s
2025-12-01 13:36:15.559 66312 INFO tempest.lib.common.rest_client [req-fda067c5-2179-431a-aede-c3e03c11575c req-fda067c5-2179-431a-aede-c3e03c11575c ] Request (ServersTestManualDisk:tearDownClass): 200 GET http://10.180.1.21/compute/v2.1/servers/969b99f1-dcb0-4334-95a5-be1c95c8c8cc 1.921s
2025-12-01 13:36:15.607 66282 INFO tempest.lib.common.rest_client [req-95537ea0-abf8-4eaa-9c9e-6f9e06684d69 req-95537ea0-abf8-4eaa-9c9e-6f9e06684d69 ] Request (SecurityGroupsNegativeTestJSON:tearDownClass): 204 DELETE http://10.180.1.21/networking/v2.0/networks/e8a90b9c-f662-4601-be05-cb006f8ac70b 0.204s
2025-12-01 13:36:15.667 66266 INFO tempest.lib.common.rest_client [req-fa8c1134-856d-4c54-9dcd-a6d4b4de8af8 req-fa8c1134-856d-4c54-9dcd-a6d4b4de8af8 ] Request (ServersAdminNegativeTestJSON:tearDownClass): 200 GET http://10.180.1.21/compute/v2.1/servers/02b3060f-2b55-4eee-9473-06a58a9bb5a1 2.019s
2025-12-01 13:36:15.675 66266 INFO tempest.common.waiters [-] State transition "SUSPENDED/deleting" ==> "DELETED/None" after 4 second wait
2025-12-01 13:36:15.754 66282 INFO tempest.lib.common.rest_client [req-23b39e5b-f94b-4966-be3b-12e3e57d1ec5 req-23b39e5b-f94b-4966-be3b-12e3e57d1ec5 ] Request (SecurityGroupsNegativeTestJSON:tearDownClass): 204 DELETE http://10.180.1.21/identity/v3/users/336c20a261744dbd9d97844b4fd4ea8a 0.146s
2025-12-01 13:36:15.754 66282 INFO tempest.lib.common.dynamic_creds [-] Deleting project and security group for project: 275a94a6592949a08c1055efae6df039
2025-12-01 13:36:15.770 66268 INFO tempest.lib.common.rest_client [req-e6522736-795b-44d2-8d54-98e7da8b68cb req-e6522736-795b-44d2-8d54-98e7da8b68cb ] Request (ImagesTestJSON:test_create_image_from_suspended_server): 200 GET http://10.180.1.21/compute/v2.1/servers/41e601d6-622e-42c6-81e6-b0f2f55b77ca 2.041s
2025-12-01 13:36:15.778 66268 INFO tempest.common.waiters [-] State transition "BUILD/networking" ==> "BUILD/spawning" after 40 second wait
2025-12-01 13:36:15.788 66280 INFO tempest.lib.common.rest_client [req-84becf55-23ac-47b1-8fc3-1ee0930d79fa req-84becf55-23ac-47b1-8fc3-1ee0930d79fa ] Request (ServersTestJSON:test_create_server_with_ipv6_addr_only): 200 GET http://10.180.1.21/compute/v2.1/servers/21db3b79-4146-4b48-a198-657d2ca05b2b 2.005s
2025-12-01 13:36:15.797 66280 INFO tempest.common.waiters [-] State transition "BUILD/None" ==> "BUILD/networking" after 35 second wait
2025-12-01 13:36:15.819 66288 INFO tempest.lib.common.rest_client [req-c3477c9d-715a-4568-9c58-a719875809d5 req-c3477c9d-715a-4568-9c58-a719875809d5 ] Request (VolumesAssistedSnapshotsTest:_run_cleanups): 200 GET http://10.180.1.21/compute/v2.1/servers/01cca923-2ffe-43ea-9752-6bbafe920581/os-volume_attachments 2.015s
2025-12-01 13:36:15.825 66282 INFO tempest.lib.common.rest_client [req-9a3f8284-e452-464e-96d0-142fd04d28b4 req-9a3f8284-e452-464e-96d0-142fd04d28b4 ] Request (SecurityGroupsNegativeTestJSON:tearDownClass): 200 GET http://10.180.1.21/networking/v2.0/security-groups?tenant_id=275a94a6592949a08c1055efae6df039&name=default 0.071s
2025-12-01 13:36:15.869 66288 INFO tempest.lib.common.rest_client [req-14a250c7-d821-4c8b-8e1b-101f5a71f760 req-14a250c7-d821-4c8b-8e1b-101f5a71f760 ] Request (VolumesAssistedSnapshotsTest:_run_cleanups): 200 GET http://10.180.1.21/volume/v3/volumes/8b1fb7b0-030d-4fa0-9bb7-1c6b6d86afe9 0.048s
2025-12-01 13:36:15.881 66288 INFO tempest.common.waiters [-] volume 8b1fb7b0-030d-4fa0-9bb7-1c6b6d86afe9 reached available after waiting for 0.881380 seconds
2025-12-01 13:36:15.941 66288 INFO tempest.lib.common.rest_client [req-e8364d2a-bfa0-4880-9d95-fbabdd701378 req-e8364d2a-bfa0-4880-9d95-fbabdd701378 ] Request (VolumesAssistedSnapshotsTest:_run_cleanups): 202 DELETE http://10.180.1.21/volume/v3/volumes/8b1fb7b0-030d-4fa0-9bb7-1c6b6d86afe9 0.059s
2025-12-01 13:36:15.942 66260 INFO tempest.lib.common.rest_client [req-82a87e3a-ee91-47d4-9671-70cdf9e6aeee req-82a87e3a-ee91-47d4-9671-70cdf9e6aeee ] Request (MultipleCreateTestJSON:tearDownClass): 200 GET http://10.180.1.21/compute/v2.1/servers/e2942a34-ffad-423a-baff-0027c88faaa0 2.095s
