2025-12-01 13:34:47.578 66304 INFO tempest.lib.common.dynamic_creds [-] Created isolated network resources for: credentials: Credentials: {'domain_id': 'default', 'domain_name': 'Default', 'username': 'tempest-SecurityGroupRulesTestJSON-1928462804-project-member', 'project_domain_id': 'default', 'project_domain_name': 'Default', 'project_id': 'fe11942a7ea443b8978335f5749e0aa3', 'project_name': 'tempest-SecurityGroupRulesTestJSON-1928462804', 'tenant_id': 'fe11942a7ea443b8978335f5749e0aa3', 'tenant_name': 'tempest-SecurityGroupRulesTestJSON-1928462804', 'user_domain_id': 'default', 'user_domain_name': 'Default', 'user_id': 'eddda8657493409b912df28a0b8a5a01', 'system': None}, Network: {'id': 'f6ab5149-d4ba-474f-8fc5-a62b52a89782', 'name': 'tempest-SecurityGroupRulesTestJSON-1030128497-network', 'tenant_id': 'fe11942a7ea443b8978335f5749e0aa3', 'project_id': 'fe11942a7ea443b8978335f5749e0aa3', 'admin_state_up': True, 'mtu': 8950, 'status': 'ACTIVE', 'subnets': [], 'shared': False, 'port_security_enabled': True, 'router:external': False, 'provider:network_type': 'vlan', 'provider:physical_network': 'default', 'provider:segmentation_id': 181, 'availability_zone_hints': [], 'availability_zones': [], 'ipv4_address_scope': None, 'ipv6_address_scope': None, 'description': '', 'tags': [], 'created_at': '2025-12-01T13:34:44Z', 'updated_at': '2025-12-01T13:34:44Z', 'revision_number': 1}, Subnet: {'id': 'c6466f8c-e6fc-4024-b62d-bf295fffbade', 'name': 'tempest-SecurityGroupRulesTestJSON-1030128497-subnet', 'tenant_id': 'fe11942a7ea443b8978335f5749e0aa3', 'network_id': 'f6ab5149-d4ba-474f-8fc5-a62b52a89782', 'ip_version': 4, 'subnetpool_id': None, 'enable_dhcp': True, 'ipv6_ra_mode': None, 'ipv6_address_mode': None, 'gateway_ip': '192.168.128.1', 'cidr': '192.168.128.0/28', 'allocation_pools': [{'start': '192.168.128.2', 'end': '192.168.128.14'}], 'host_routes': [], 'dns_nameservers': [], 'description': '', 'router:external': False, 'service_types': [], 'tags': [], 'created_at': '2025-12-01T13:34:44Z', 'updated_at': '2025-12-01T13:34:44Z', 'revision_number': 0, 'project_id': 'fe11942a7ea443b8978335f5749e0aa3'}, Router: {'id': '045d4748-9ae5-43fa-9603-e5c6348daf43', 'name': 'tempest-SecurityGroupRulesTestJSON-1030128497-router', 'tenant_id': 'fe11942a7ea443b8978335f5749e0aa3', 'admin_state_up': True, 'status': 'ACTIVE', 'external_gateway_info': {'network_id': '09e4c466-8622-42cd-bf6f-dc2d7a1ff01d', 'external_fixed_ips': [{'subnet_id': '4071e9db-12ab-49e8-839b-e034215275dd', 'ip_address': '10.180.180.248'}], 'enable_snat': True}, 'description': '', 'availability_zones': [], 'distributed': False, 'ha': False, 'availability_zone_hints': [], 'routes': [], 'flavor_id': None, 'tags': [], 'created_at': '2025-12-01T13:34:45Z', 'updated_at': '2025-12-01T13:34:45Z', 'revision_number': 2, 'project_id': 'fe11942a7ea443b8978335f5749e0aa3'}
2025-12-01 13:34:47.601 66260 INFO tempest.lib.common.rest_client [req-d5c3f2ea-6aca-458f-971e-5b1a0a6dade3 req-d5c3f2ea-6aca-458f-971e-5b1a0a6dade3 ] Request (MultipleCreateTestJSON:_run_cleanups): 404 GET http://10.180.1.21/compute/v2.1/servers/3dedb3ee-1b21-4963-a2bb-947cd2089760 4.592s
2025-12-01 13:34:47.673 66294 INFO tempest.lib.common.rest_client [req-23047e59-851a-4b0d-9435-0f4ea5d444b7 req-23047e59-851a-4b0d-9435-0f4ea5d444b7 ] Request (QuotasAdminTestV257:_run_cleanups): 204 DELETE http://10.180.1.21/identity/v3/users/278d5a79b1854c1789d3bd0f92e2f50b 0.107s
2025-12-01 13:34:47.698 66304 INFO tempest.lib.common.rest_client [req-fc3a626f-f93b-4c85-86f5-878bde081974 req-fc3a626f-f93b-4c85-86f5-878bde081974 ] Request (SecurityGroupRulesTestJSON:setUpClass): 201 POST http://10.180.1.21/identity/v3/auth/tokens 0.115s
2025-12-01 13:34:47.715 66274 INFO tempest.lib.common.rest_client [req-132fdd84-c215-4467-b286-0e7feb7c4c6a req-132fdd84-c215-4467-b286-0e7feb7c4c6a ] Request (AttachInterfacesV270Test:tearDownClass): 200 GET http://10.180.1.21/compute/v2.1/servers/193c2bdf-3ff2-47a3-9ff9-f9e2793ec924 4.524s
2025-12-01 13:34:47.754 66260 INFO tempest.lib.common.rest_client [req-a6ebd238-830d-4dc3-8e5a-97e10af2457e req-a6ebd238-830d-4dc3-8e5a-97e10af2457e ] Request (MultipleCreateTestJSON:test_multiple_create_with_reservation_return): 201 POST http://10.180.1.21/identity/v3/auth/tokens 0.145s
2025-12-01 13:34:47.755 66260 INFO tempest.lib.common.fixed_network [-] (MultipleCreateTestJSON:test_multiple_create_with_reservation_return) Found network {'id': '0d8aa76e-99ed-486d-ba86-9481aa7605c7', 'name': 'tempest-MultipleCreateTestJSON-570080026-network', 'tenant_id': '52bed304bd51494284849be165610ee4', 'project_id': '52bed304bd51494284849be165610ee4', 'admin_state_up': True, 'mtu': 8950, 'status': 'ACTIVE', 'subnets': [], 'shared': False, 'port_security_enabled': True, 'router:external': False, 'provider:network_type': 'vlan', 'provider:physical_network': 'default', 'provider:segmentation_id': 594, 'availability_zone_hints': [], 'availability_zones': [], 'ipv4_address_scope': None, 'ipv6_address_scope': None, 'description': '', 'tags': [], 'created_at': '2025-12-01T13:33:29Z', 'updated_at': '2025-12-01T13:33:29Z', 'revision_number': 1} available for tenant
2025-12-01 13:34:47.791 66278 INFO tempest.lib.common.rest_client [req-754956ff-497a-4fb1-9cbf-82d28650435b req-754956ff-497a-4fb1-9cbf-82d28650435b ] Request (DeleteServersAdminTestJSON:test_delete_server_while_in_error_state): 200 GET http://10.180.1.21/compute/v2.1/servers/f0fd04b9-d0d1-4dfa-b988-88aa2bd5d841 4.591s
2025-12-01 13:34:47.828 66276 INFO tempest.lib.common.rest_client [req-af1e0fb4-ffcf-4ca1-92e4-313a1d116605 req-af1e0fb4-ffcf-4ca1-92e4-313a1d116605 ] Request (KeyPairsNegativeTestJSON:test_create_keypair_with_empty_public_key): 400 POST http://10.180.1.21/compute/v2.1/os-keypairs 4.441s
2025-12-01 13:34:47.860 66294 INFO tempest.lib.common.rest_client [req-df5a42ef-7661-411a-bc5a-7f446a8fc2f4 req-df5a42ef-7661-411a-bc5a-7f446a8fc2f4 ] Request (QuotasAdminTestV257:_run_cleanups): 204 DELETE http://10.180.1.21/identity/v3/projects/53f2862b806441a3aa9ccd28fb6625e7 0.186s
2025-12-01 13:34:47.884 66280 INFO tempest.lib.common.rest_client [req-e8453ae7-5717-475d-bd49-8c5d9e07a711 req-e8453ae7-5717-475d-bd49-8c5d9e07a711 ] Request (ServersTestJSON:test_create_server_specify_multibyte_character_name): 200 GET http://10.180.1.21/compute/v2.1/servers/ccb8fe18-7c1e-4361-bebb-70daa4807985 4.484s
2025-12-01 13:34:47.981 66287 INFO tempest.lib.common.rest_client [req-71d63c56-7e24-4ca4-b77f-3020915b902f req-71d63c56-7e24-4ca4-b77f-3020915b902f ] Request (InstanceActionsTestJSON:tearDownClass): 204 DELETE http://10.180.1.21/compute/v2.1/servers/95c68283-51e8-43f3-8008-2c617b29faee 4.520s
2025-12-01 13:34:48.026 66264 INFO tempest.lib.common.rest_client [req-8778e926-7df2-4ee3-bee5-cc7b7eed2847 req-8778e926-7df2-4ee3-bee5-cc7b7eed2847 ] Request (ServersTestJSON:setUpClass): 202 POST http://10.180.1.21/compute/v2.1/servers 5.267s
2025-12-01 13:34:48.039 66294 INFO tempest.lib.common.rest_client [req-feaa90b6-d167-4d57-96bd-96b9514089b1 req-feaa90b6-d167-4d57-96bd-96b9514089b1 ] Request (QuotasAdminTestV257:tearDownClass): 204 DELETE http://10.180.1.21/identity/v3/users/e1e270f3c9114925bb5b8d0b0fd48d4e 0.172s
2025-12-01 13:34:48.170 66258 INFO tempest.lib.common.rest_client [req-157eea62-b9b6-4131-bcb1-fd29d791ca4f req-157eea62-b9b6-4131-bcb1-fd29d791ca4f ] Request (MigrationsAdminTest:test_list_migrations_in_flavor_resize_situation): 200 GET http://10.180.1.21/compute/v2.1/servers/efedb7d3-e2eb-4c07-b313-3e7c6059e7fc 4.245s
2025-12-01 13:34:48.179 66258 INFO tempest.common.waiters [-] State transition "RESIZE/resize_prep" ==> "RESIZE/resize_migrating" after 27 second wait
2025-12-01 13:34:48.187 66294 INFO tempest.lib.common.rest_client [req-bde86d47-74e9-4438-8c2c-005cf2a76a4f req-bde86d47-74e9-4438-8c2c-005cf2a76a4f ] Request (QuotasAdminTestV257:tearDownClass): 204 DELETE http://10.180.1.21/identity/v3/users/e9e8c566b4944972bd556123fa44a907 0.147s
2025-12-01 13:34:48.187 66294 INFO tempest.lib.common.dynamic_creds [-] Deleting project and security group for project: f4e3fb36577f42cc8188abc5f500223c
2025-12-01 13:34:48.210 66308 INFO tempest.lib.common.rest_client [req-652d475d-c190-47c5-a383-993d78b41eec req-652d475d-c190-47c5-a383-993d78b41eec ] Request (QuotasAdminNegativeTest:test_create_server_when_memory_quota_is_full): 200 GET http://10.180.1.21/compute/v2.1/os-quota-sets/f406679cb1714c42840a7d4fa8adcba8 4.380s
2025-12-01 13:34:48.277 66294 INFO tempest.lib.common.rest_client [req-b0619b9c-b68b-439e-b404-5a157590f3bf req-b0619b9c-b68b-439e-b404-5a157590f3bf ] Request (QuotasAdminTestV257:tearDownClass): 201 POST http://10.180.1.21/identity/v3/auth/tokens 0.090s
2025-12-01 13:34:48.291 66310 INFO tempest.lib.common.rest_client [req-b6a29ec5-4142-43c0-82f3-5e902ed7190c req-b6a29ec5-4142-43c0-82f3-5e902ed7190c ] Request (ServersAdmin275Test:test_rebuild_update_server_275): 200 GET http://10.180.1.21/compute/v2.1/servers/242e40a3-2e0b-4825-ad80-5d2c512d17d9 3.887s
2025-12-01 13:34:48.331 66302 INFO tempest.lib.common.rest_client [req-4cdc36e9-a0c8-410b-a478-f9c86a999ed9 req-4cdc36e9-a0c8-410b-a478-f9c86a999ed9 ] Request (ImagesOneServerNegativeTestJSON:setUp): 200 GET http://10.180.1.21/compute/v2.1/servers/21598e28-d360-479a-9587-acdcc6d4c32b 3.957s
2025-12-01 13:34:48.431 66316 INFO tempest.lib.common.rest_client [req-00c302be-a095-48f8-9580-60229aa6546a req-00c302be-a095-48f8-9580-60229aa6546a ] Request (ServerDiagnosticsV248Test:tearDownClass): 200 GET http://10.180.1.21/compute/v2.1/servers/3149da84-6eeb-41e9-b4da-099952955604 3.799s
2025-12-01 13:34:48.471 66268 INFO tempest.lib.common.rest_client [req-8c2c6527-a674-4070-b25c-43c8603ace04 req-8c2c6527-a674-4070-b25c-43c8603ace04 ] Request (ImagesTestJSON:test_create_image_from_stopped_server): 200 GET http://10.180.1.21/compute/v2.1/servers/0be4a054-fd1e-4700-9a63-cb2f82049f79 3.942s
2025-12-01 13:34:48.516 66294 INFO tempest.lib.common.rest_client [req-baaf1f76-e854-446f-9871-3db089a4b998 req-baaf1f76-e854-446f-9871-3db089a4b998 ] Request (QuotasAdminTestV257:tearDownClass): 200 GET http://10.180.1.21/networking/v2.0/security-groups?tenant_id=f4e3fb36577f42cc8188abc5f500223c&name=default 0.238s
2025-12-01 13:34:48.632 66266 INFO tempest.lib.common.rest_client [req-a2a33e77-3a17-4fa7-9484-cdbb40599fcf req-a2a33e77-3a17-4fa7-9484-cdbb40599fcf ] Request (ServersAdminNegativeTestJSON:setUpClass): 200 GET http://10.180.1.21/compute/v2.1/servers/32873e78-122d-4528-a442-4d3ea5c241d2 3.963s
2025-12-01 13:34:48.642 66266 INFO tempest.common.waiters [-] State transition "BUILD/spawning" ==> "ACTIVE/None" after 30 second wait
2025-12-01 13:34:48.659 66294 INFO tempest.lib.common.rest_client [req-efd461f6-d219-4905-b8c4-a6a4f5c1f007 req-efd461f6-d219-4905-b8c4-a6a4f5c1f007 ] Request (QuotasAdminTestV257:tearDownClass): 204 DELETE http://10.180.1.21/networking/v2.0/security-groups/d48eca70-7d32-4bec-8a0d-05c9ad20f3c4 0.142s
2025-12-01 13:34:48.732 66292 INFO tempest.lib.common.rest_client [req-89665a71-43d6-496b-b0e2-19bf6f54be8f req-89665a71-43d6-496b-b0e2-19bf6f54be8f ] Request (ServerGroupTestJSON:test_create_server_with_scheduler_hint_group): 200 GET http://10.180.1.21/compute/v2.1/servers/c8c68e1e-5066-46b9-9da0-fd415b0f79bb 1.801s
2025-12-01 13:34:48.767 66294 INFO tempest.lib.common.rest_client [req-ea168ba6-36f8-43c1-b1a8-d637b2b48c6b req-ea168ba6-36f8-43c1-b1a8-d637b2b48c6b ] Request (QuotasAdminTestV257:tearDownClass): 204 DELETE http://10.180.1.21/identity/v3/projects/f4e3fb36577f42cc8188abc5f500223c 0.108s
2025-12-01 13:34:48.768 66294 INFO tempest.lib.common.dynamic_creds [-] Deleting project and security group for project: cb753e30f25f49749a9a5513c57896a1
2025-12-01 13:34:48.914 66294 INFO tempest.lib.common.rest_client [req-70ff30c7-f35c-484f-b6f5-e9a2dfd00293 req-70ff30c7-f35c-484f-b6f5-e9a2dfd00293 ] Request (QuotasAdminTestV257:tearDownClass): 200 GET http://10.180.1.21/networking/v2.0/security-groups?tenant_id=cb753e30f25f49749a9a5513c57896a1&name=default 0.146s
2025-12-01 13:34:49.187 66294 INFO tempest.lib.common.rest_client [req-88646cae-6c15-4f63-81cc-524d52b767f2 req-88646cae-6c15-4f63-81cc-524d52b767f2 ] Request (QuotasAdminTestV257:tearDownClass): 204 DELETE http://10.180.1.21/networking/v2.0/security-groups/c9ffcc5a-4ae3-490d-88b0-106881082f08 0.272s
2025-12-01 13:34:49.337 66294 INFO tempest.lib.common.rest_client [req-2a757602-3372-4664-9ed6-65644b148e21 req-2a757602-3372-4664-9ed6-65644b148e21 ] Request (QuotasAdminTestV257:tearDownClass): 204 DELETE http://10.180.1.21/identity/v3/projects/cb753e30f25f49749a9a5513c57896a1 0.149s
2025-12-01 13:34:49.390 66284 INFO tempest.lib.common.rest_client [req-9880d0f1-8bea-4974-82ed-757a4150b35c req-9880d0f1-8bea-4974-82ed-757a4150b35c ] Request (AttachInterfacesUnderV243Test:test_add_remove_fixed_ip): 202 POST http://10.180.1.21/compute/v2.1/servers 3.951s
2025-12-01 13:34:49.468 66294 INFO tempest.lib.common.rest_client [req-097cd18b-c85b-4c9f-8541-00a5467806a9 req-097cd18b-c85b-4c9f-8541-00a5467806a9 ] Request (ServerDiagnosticsTest:setUpClass): 201 POST http://10.180.1.21/identity/v3/auth/tokens 0.129s
2025-12-01 13:34:49.514 66314 INFO tempest.lib.common.rest_client [req-1462ec68-e3b3-4ead-8db6-4ef1e4a29aa2 req-1462ec68-e3b3-4ead-8db6-4ef1e4a29aa2 ] Request (ServersTestMultiNic:_run_cleanups): 204 DELETE http://10.180.1.21/compute/v2.1/servers/5f65955b-309e-4249-aa8e-a2a00b851a66 2.276s
2025-12-01 13:34:49.521 66294 INFO tempest.lib.common.rest_client [req-fe375d20-d0e7-4bed-a95d-511be59abdf7 req-fe375d20-d0e7-4bed-a95d-511be59abdf7 ] Request (ServerDiagnosticsTest:setUpClass): 201 POST http://10.180.1.21/identity/v3/auth/tokens 0.049s
2025-12-01 13:34:49.539 66262 INFO tempest.lib.common.rest_client [req-95e832b2-691f-45e9-a3ec-620ddecf0514 req-95e832b2-691f-45e9-a3ec-620ddecf0514 ] Request (FlavorsAccessNegativeTestJSON:_run_cleanups): 202 DELETE http://10.180.1.21/compute/v2.1/flavors/891303456 2.168s
2025-12-01 13:34:49.558 66282 INFO tempest.lib.common.rest_client [req-08224c31-afac-404a-aac2-29fc625cb02d req-08224c31-afac-404a-aac2-29fc625cb02d ] Request (FlavorsAdminTestJSON:test_create_server_with_non_public_flavor): 200 POST http://10.180.1.21/compute/v2.1/flavors 2.157s
2025-12-01 13:34:49.565 66294 INFO tempest.lib.common.rest_client [req-5001df21-79f3-43d2-b482-e78f56b1b34d req-5001df21-79f3-43d2-b482-e78f56b1b34d ] Request (ServerDiagnosticsTest:setUpClass): 200 GET http://10.180.1.21/identity/v3/domains?name=Default 0.043s
2025-12-01 13:34:49.575 66318 INFO tempest.lib.common.rest_client [req-09e54a2d-48ce-4c49-bd0d-046497cd4c89 req-09e54a2d-48ce-4c49-bd0d-046497cd4c89 ] Request (FlavorsV2TestJSON:test_list_flavors_filter_by_min_ram): 200 GET http://10.180.1.21/compute/v2.1/flavors/42 2.146s
2025-12-01 13:34:49.591 66270 INFO tempest.lib.common.rest_client [req-9623b589-df5c-4dfb-8b02-da705b54f8e2 req-9623b589-df5c-4dfb-8b02-da705b54f8e2 ] Request (AggregatesAdminNegativeTestJSON:test_aggregate_delete_with_invalid_id): 404 DELETE http://10.180.1.21/compute/v2.1/os-aggregates/-1 2.137s
2025-12-01 13:34:49.613 66294 INFO tempest.lib.common.rest_client [req-807e72aa-570d-406f-88c6-61122e601820 req-807e72aa-570d-406f-88c6-61122e601820 ] Request (ServerDiagnosticsTest:setUpClass): 201 POST http://10.180.1.21/identity/v3/projects 0.047s
2025-12-01 13:34:49.690 66294 INFO tempest.lib.common.rest_client [req-215d6979-21f7-4bc5-8499-8d8bb30576a8 req-215d6979-21f7-4bc5-8499-8d8bb30576a8 ] Request (ServerDiagnosticsTest:setUpClass): 201 POST http://10.180.1.21/identity/v3/users 0.076s
2025-12-01 13:34:49.713 66294 INFO tempest.lib.common.rest_client [req-c1b97703-c92b-4650-a01a-fa20e096db35 req-c1b97703-c92b-4650-a01a-fa20e096db35 ] Request (ServerDiagnosticsTest:setUpClass): 200 GET http://10.180.1.21/identity/v3/roles 0.022s
2025-12-01 13:34:49.740 66294 INFO tempest.lib.common.rest_client [req-4752a4cb-e7a7-4996-88dd-a6ceec318b89 req-4752a4cb-e7a7-4996-88dd-a6ceec318b89 ] Request (ServerDiagnosticsTest:setUpClass): 204 PUT http://10.180.1.21/identity/v3/projects/7384ead101094d289a0f4322752864a5/users/5e04bdd2ac40479e8dd7189d6dbb210c/roles/2ceb860eb75e46918a1da91a10e9b7d9 0.026s
2025-12-01 13:34:49.740 66294 INFO tempest.lib.common.dynamic_creds [-] Dynamic test user 5e04bdd2ac40479e8dd7189d6dbb210c is created with scope project and roles: ['member']
2025-12-01 13:34:49.741 66294 INFO tempest.lib.common.dynamic_creds [-] Acquired dynamic creds: credentials: Credentials: {'domain_id': 'default', 'domain_name': 'Default', 'username': 'tempest-ServerDiagnosticsTest-1643466728-project-member', 'project_domain_id': 'default', 'project_domain_name': 'Default', 'project_id': '7384ead101094d289a0f4322752864a5', 'project_name': 'tempest-ServerDiagnosticsTest-1643466728', 'tenant_id': '7384ead101094d289a0f4322752864a5', 'tenant_name': 'tempest-ServerDiagnosticsTest-1643466728', 'user_domain_id': 'default', 'user_domain_name': 'Default', 'user_id': '5e04bdd2ac40479e8dd7189d6dbb210c', 'system': None}, Network: None, Subnet: None, Router: None
2025-12-01 13:34:49.741 66294 INFO tempest.lib.common.dynamic_creds [-] Created isolated network resources for: credentials: Credentials: {'domain_id': 'default', 'domain_name': 'Default', 'username': 'tempest-ServerDiagnosticsTest-1643466728-project-member', 'project_domain_id': 'default', 'project_domain_name': 'Default', 'project_id': '7384ead101094d289a0f4322752864a5', 'project_name': 'tempest-ServerDiagnosticsTest-1643466728', 'tenant_id': '7384ead101094d289a0f4322752864a5', 'tenant_name': 'tempest-ServerDiagnosticsTest-1643466728', 'user_domain_id': 'default', 'user_domain_name': 'Default', 'user_id': '5e04bdd2ac40479e8dd7189d6dbb210c', 'system': None}, Network: None, Subnet: None, Router: None
2025-12-01 13:34:49.822 66294 INFO tempest.lib.common.rest_client [req-ca2b9708-4403-4738-9201-3bc709241980 req-ca2b9708-4403-4738-9201-3bc709241980 ] Request (ServerDiagnosticsTest:setUpClass): 201 POST http://10.180.1.21/identity/v3/auth/tokens 0.079s
2025-12-01 13:34:49.882 66294 INFO tempest.lib.common.rest_client [req-20d96390-3a78-484e-bfff-95c24cc8e471 req-20d96390-3a78-484e-bfff-95c24cc8e471 ] Request (ServerDiagnosticsTest:setUpClass): 201 POST http://10.180.1.21/identity/v3/projects 0.059s
2025-12-01 13:34:49.961 66294 INFO tempest.lib.common.rest_client [req-2106f6eb-daf6-442d-87f2-ceda8af006c9 req-2106f6eb-daf6-442d-87f2-ceda8af006c9 ] Request (ServerDiagnosticsTest:setUpClass): 201 POST http://10.180.1.21/identity/v3/users 0.078s
2025-12-01 13:34:49.983 66294 INFO tempest.lib.common.rest_client [req-d6a2c16f-bed8-4230-8518-d4199042f4b2 req-d6a2c16f-bed8-4230-8518-d4199042f4b2 ] Request (ServerDiagnosticsTest:setUpClass): 200 GET http://10.180.1.21/identity/v3/roles 0.022s
2025-12-01 13:34:50.012 66294 INFO tempest.lib.common.rest_client [req-75ed7a91-8cbd-490c-8333-9d9a6c395702 req-75ed7a91-8cbd-490c-8333-9d9a6c395702 ] Request (ServerDiagnosticsTest:setUpClass): 204 PUT http://10.180.1.21/identity/v3/projects/8356ed5d2b324f2abd18262455a587eb/users/7787e280e02041b3a41dbe01e7cb7ce0/roles/2c584d7330e64f2bbd1e86b626e40451 0.028s
2025-12-01 13:34:50.064 66294 INFO tempest.lib.common.rest_client [req-aaf2bf41-ac30-4a71-a6c7-cf0d30592cae req-aaf2bf41-ac30-4a71-a6c7-cf0d30592cae ] Request (ServerDiagnosticsTest:setUpClass): 200 GET http://10.180.1.21/identity/v3/roles 0.052s
2025-12-01 13:34:50.085 66294 INFO tempest.lib.common.rest_client [req-628d24cb-ef47-4db4-a63c-ce682927f6f4 req-628d24cb-ef47-4db4-a63c-ce682927f6f4 ] Request (ServerDiagnosticsTest:setUpClass): 204 PUT http://10.180.1.21/identity/v3/projects/8356ed5d2b324f2abd18262455a587eb/users/7787e280e02041b3a41dbe01e7cb7ce0/roles/2c584d7330e64f2bbd1e86b626e40451 0.020s
2025-12-01 13:34:50.085 66294 INFO tempest.lib.common.dynamic_creds [-] Dynamic test user 7787e280e02041b3a41dbe01e7cb7ce0 is created with scope project and roles: ['admin']
2025-12-01 13:34:50.085 66294 INFO tempest.lib.common.dynamic_creds [-] Acquired dynamic creds: credentials: Credentials: {'domain_id': 'default', 'domain_name': 'Default', 'username': 'tempest-ServerDiagnosticsTest-2143581771-project-admin', 'project_domain_id': 'default', 'project_domain_name': 'Default', 'project_id': '8356ed5d2b324f2abd18262455a587eb', 'project_name': 'tempest-ServerDiagnosticsTest-2143581771', 'tenant_id': '8356ed5d2b324f2abd18262455a587eb', 'tenant_name': 'tempest-ServerDiagnosticsTest-2143581771', 'user_domain_id': 'default', 'user_domain_name': 'Default', 'user_id': '7787e280e02041b3a41dbe01e7cb7ce0', 'system': None}, Network: None, Subnet: None, Router: None
2025-12-01 13:34:50.086 66294 INFO tempest.lib.common.dynamic_creds [-] Created isolated network resources for: credentials: Credentials: {'domain_id': 'default', 'domain_name': 'Default', 'username': 'tempest-ServerDiagnosticsTest-2143581771-project-admin', 'project_domain_id': 'default', 'project_domain_name': 'Default', 'project_id': '8356ed5d2b324f2abd18262455a587eb', 'project_name': 'tempest-ServerDiagnosticsTest-2143581771', 'tenant_id': '8356ed5d2b324f2abd18262455a587eb', 'tenant_name': 'tempest-ServerDiagnosticsTest-2143581771', 'user_domain_id': 'default', 'user_domain_name': 'Default', 'user_id': '7787e280e02041b3a41dbe01e7cb7ce0', 'system': None}, Network: None, Subnet: None, Router: None
2025-12-01 13:34:50.168 66294 INFO tempest.lib.common.rest_client [req-4c221370-f757-4db8-8b05-e2aa1e803981 req-4c221370-f757-4db8-8b05-e2aa1e803981 ] Request (ServerDiagnosticsTest:setUpClass): 201 POST http://10.180.1.21/identity/v3/auth/tokens 0.080s
2025-12-01 13:34:50.227 66294 INFO tempest.lib.common.rest_client [req-09753568-9545-41ea-b59e-b16f5d3e826b req-09753568-9545-41ea-b59e-b16f5d3e826b ] Request (ServerDiagnosticsTest:test_get_server_diagnostics): 201 POST http://10.180.1.21/identity/v3/auth/tokens 0.054s
2025-12-01 13:34:50.228 66294 INFO tempest.lib.common.fixed_network [-] (ServerDiagnosticsTest:test_get_server_diagnostics) Found network None available for tenant
2025-12-01 13:34:50.894 66304 INFO tempest.lib.common.rest_client [req-269393fa-08af-47c0-9d95-7dc624f867e8 req-269393fa-08af-47c0-9d95-7dc624f867e8 ] Request (SecurityGroupRulesTestJSON:test_security_group_rules_create): 200 POST http://10.180.1.21/compute/v2.1/os-security-groups 3.194s
2025-12-01 13:34:51.675 66260 INFO tempest.lib.common.rest_client [req-a1ed1275-7d20-4679-bf41-2ad7b89054ef req-a1ed1275-7d20-4679-bf41-2ad7b89054ef ] Request (MultipleCreateTestJSON:test_multiple_create_with_reservation_return): 202 POST http://10.180.1.21/compute/v2.1/servers 3.920s
2025-12-01 13:34:51.681 66276 INFO tempest.lib.common.rest_client [req-b21ff245-141d-4584-b8f3-93972f17671d req-b21ff245-141d-4584-b8f3-93972f17671d ] Request (KeyPairsNegativeTestJSON:test_create_keypair_with_long_keynames): 400 POST http://10.180.1.21/compute/v2.1/os-keypairs 3.850s
2025-12-01 13:34:51.772 66287 INFO tempest.lib.common.rest_client [req-c5f179dd-f99c-477b-98c1-b70995c6072f req-c5f179dd-f99c-477b-98c1-b70995c6072f ] Request (InstanceActionsTestJSON:tearDownClass): 200 GET http://10.180.1.21/compute/v2.1/servers/95c68283-51e8-43f3-8008-2c617b29faee 3.790s
2025-12-01 13:34:51.899 66264 INFO tempest.lib.common.rest_client [req-7278d6e4-3e0b-477f-8fed-347a90872134 req-7278d6e4-3e0b-477f-8fed-347a90872134 ] Request (ServersTestJSON:setUpClass): 200 GET http://10.180.1.21/compute/v2.1/servers/0f63edfa-c3ae-407c-9722-7dc312700013 3.872s
2025-12-01 13:34:51.906 66306 WARNING tempest.lib.common.ssh [-] Failed to establish authenticated ssh connection to cirros@10.180.180.161 ([Errno None] Unable to connect to port 22 on 10.180.180.161). Number attempts: 2. Retry after 3 seconds.: paramiko.ssh_exception.NoValidConnectionsError: [Errno None] Unable to connect to port 22 on 10.180.180.161
2025-12-01 13:34:52.628 66290 INFO tempest.lib.common.rest_client [req-219a5f79-faea-4aa6-88fe-ac18ed2ffdb2 req-219a5f79-faea-4aa6-88fe-ac18ed2ffdb2 ] Request (ServerDiskConfigTestJSON:test_rebuild_server_with_auto_disk_config): 200 GET http://10.180.1.21/compute/v2.1/servers/1bf65515-3e7c-41ff-9cbc-fb2d89a9a9a1 4.490s
2025-12-01 13:34:52.729 66272 INFO tempest.lib.common.rest_client [req-45c90783-285a-4138-b3eb-a723963c103e req-45c90783-285a-4138-b3eb-a723963c103e ] Request (FloatingIPsAssociationTestJSON:test_associate_already_associated_floating_ip): 202 POST http://10.180.1.21/compute/v2.1/servers/20a280ae-828b-4c9c-a90f-bfa122c75c49/action 5.775s
2025-12-01 13:34:53.162 66312 INFO tempest.lib.common.rest_client [req-63180c18-43b2-4018-bdcb-02365a572fe4 req-63180c18-43b2-4018-bdcb-02365a572fe4 ] Request (ServersTestManualDisk:setUpClass): 200 GET http://10.180.1.21/compute/v2.1/servers/969b99f1-dcb0-4334-95a5-be1c95c8c8cc 4.994s
2025-12-01 13:34:53.169 66312 INFO tempest.common.waiters [-] State transition "BUILD/spawning" ==> "ACTIVE/None" after 34 second wait
2025-12-01 13:34:53.200 66300 INFO tempest.lib.common.rest_client [req-696ffba2-773e-463c-8d08-bc9dbf305dce req-696ffba2-773e-463c-8d08-bc9dbf305dce ] Request (ImagesOneServerTestJSON:test_create_delete_image): 200 GET http://10.180.1.21/compute/v2.1/images/0766ab38-89c9-40c1-92cd-013e656e3fa7 4.996s
2025-12-01 13:34:53.242 66296 INFO tempest.lib.common.rest_client [req-01a9bf7d-7ae6-467b-b314-038535a26650 req-01a9bf7d-7ae6-467b-b314-038535a26650 ] Request (ServersTestBootFromVolume:setUpClass): 200 GET http://10.180.1.21/compute/v2.1/servers/01299d31-ee63-4b30-b361-74757c5e3583 5.039s
2025-12-01 13:34:53.247 66302 INFO tempest.lib.common.rest_client [req-afd0b7c7-45da-446c-9034-3cb8181a1ef8 req-afd0b7c7-45da-446c-9034-3cb8181a1ef8 ] Request (ImagesOneServerNegativeTestJSON:test_create_image_specify_name_over_character_limit): 400 POST http://10.180.1.21/compute/v2.1/servers/21598e28-d360-479a-9587-acdcc6d4c32b/action 4.906s
2025-12-01 13:34:53.255 66296 INFO tempest.common.waiters [-] State transition "BUILD/None" ==> "BUILD/spawning" after 25 second wait
2025-12-01 13:34:53.333 66308 INFO tempest.lib.common.rest_client [req-d1904f75-3add-496f-b32a-144d6db5e10d req-d1904f75-3add-496f-b32a-144d6db5e10d ] Request (QuotasAdminNegativeTest:test_create_server_when_memory_quota_is_full): 200 PUT http://10.180.1.21/compute/v2.1/os-quota-sets/f406679cb1714c42840a7d4fa8adcba8 5.118s
2025-12-01 13:34:53.413 66256 INFO tempest.lib.common.rest_client [req-bbf8f080-6a11-43ff-8961-9c30ece84ae9 req-bbf8f080-6a11-43ff-8961-9c30ece84ae9 ] Request (ServerDiagnosticsNegativeTest:test_get_server_diagnostics_by_non_admin): 200 GET http://10.180.1.21/compute/v2.1/servers/d5df9cf1-6966-4e35-933d-7c9c3aacf039 4.943s
2025-12-01 13:34:53.424 66308 INFO tempest.lib.common.rest_client [req-5fe87a60-1c02-49f4-91ec-ef87ccb76735 req-5fe87a60-1c02-49f4-91ec-ef87ccb76735 ] Request (QuotasAdminNegativeTest:test_create_server_when_memory_quota_is_full): 201 POST http://10.180.1.21/identity/v3/auth/tokens 0.086s
2025-12-01 13:34:53.426 66308 INFO tempest.lib.common.fixed_network [-] (QuotasAdminNegativeTest:test_create_server_when_memory_quota_is_full) Found network None available for tenant
2025-12-01 13:34:53.588 66298 INFO tempest.lib.common.rest_client [req-12416b58-4650-4164-9445-d2c88e18c9ba req-12416b58-4650-4164-9445-d2c88e18c9ba ] Request (ServersListShow2100Test:test_list_show_rebuild_update_server_2100): 200 GET http://10.180.1.21/compute/v2.1/servers/e1c8866a-3067-4716-b949-d488bc94e24d 5.012s
2025-12-01 13:34:53.822 66266 INFO tempest.lib.common.rest_client [req-835b2e3d-0678-4e1a-b5b3-0398526258d5 req-835b2e3d-0678-4e1a-b5b3-0398526258d5 ] Request (ServersAdminNegativeTestJSON:test_migrate_non_existent_server): 404 POST http://10.180.1.21/compute/v2.1/servers/23341444-d726-4313-9e65-d68bec226cd8/action 5.178s
2025-12-01 13:34:53.857 66268 INFO tempest.lib.common.rest_client [req-3a8656b2-4e0b-4a0c-bc5a-7d82a8fa4990 req-3a8656b2-4e0b-4a0c-bc5a-7d82a8fa4990 ] Request (ImagesTestJSON:test_create_image_from_stopped_server): 202 POST http://10.180.1.21/compute/v2.1/servers/0be4a054-fd1e-4700-9a63-cb2f82049f79/action 5.377s
2025-12-01 13:34:53.893 66274 INFO tempest.lib.common.rest_client [req-4bee4c4b-ae98-439d-95a8-d1f5d2081189 req-4bee4c4b-ae98-439d-95a8-d1f5d2081189 ] Request (AttachInterfacesV270Test:tearDownClass): 200 GET http://10.180.1.21/compute/v2.1/servers/193c2bdf-3ff2-47a3-9ff9-f9e2793ec924 5.161s
2025-12-01 13:34:53.898 66266 INFO tempest.lib.common.rest_client [req-1e1f4178-4a94-49f5-ab40-28e4ad98c5c8 req-1e1f4178-4a94-49f5-ab40-28e4ad98c5c8 ] Request (ServersAdminNegativeTestJSON:test_migrate_server_invalid_state): 201 POST http://10.180.1.21/identity/v3/auth/tokens 0.072s
2025-12-01 13:34:53.899 66266 INFO tempest.lib.common.fixed_network [-] (ServersAdminNegativeTestJSON:test_migrate_server_invalid_state) Found network None available for tenant
2025-12-01 13:34:53.957 66280 INFO tempest.lib.common.rest_client [req-560927cb-8356-494c-823b-1e4aaaa3d0c5 req-560927cb-8356-494c-823b-1e4aaaa3d0c5 ] Request (ServersTestJSON:test_create_server_specify_multibyte_character_name): 200 GET http://10.180.1.21/compute/v2.1/servers/ccb8fe18-7c1e-4361-bebb-70daa4807985 5.061s
2025-12-01 13:34:53.999 66278 INFO tempest.lib.common.rest_client [req-8494772b-7ca5-4618-98d7-dc020a7b931a req-8494772b-7ca5-4618-98d7-dc020a7b931a ] Request (DeleteServersAdminTestJSON:test_delete_server_while_in_error_state): 200 GET http://10.180.1.21/compute/v2.1/servers/f0fd04b9-d0d1-4dfa-b988-88aa2bd5d841 5.195s
2025-12-01 13:34:54.010 66278 INFO tempest.common.waiters [-] State transition "BUILD/None" ==> "BUILD/spawning" after 18 second wait
2025-12-01 13:34:54.063 66258 INFO tempest.lib.common.rest_client [req-ccf8985d-50a4-4414-a901-f4779c8681d6 req-ccf8985d-50a4-4414-a901-f4779c8681d6 ] Request (MigrationsAdminTest:test_list_migrations_in_flavor_resize_situation): 200 GET http://10.180.1.21/compute/v2.1/servers/efedb7d3-e2eb-4c07-b313-3e7c6059e7fc 4.883s
2025-12-01 13:34:54.071 66258 INFO tempest.common.waiters [-] State transition "RESIZE/resize_migrating" ==> "RESIZE/resize_migrated" after 33 second wait
2025-12-01 13:34:54.074 66310 INFO tempest.lib.common.rest_client [req-f9a834db-7045-43bc-976a-33a16ef16c47 req-f9a834db-7045-43bc-976a-33a16ef16c47 ] Request (ServersAdmin275Test:test_rebuild_update_server_275): 200 GET http://10.180.1.21/compute/v2.1/servers/242e40a3-2e0b-4825-ad80-5d2c512d17d9 4.771s
2025-12-01 13:34:54.089 66310 INFO tempest.common.waiters [-] State transition "BUILD/None" ==> "BUILD/networking" after 11 second wait
2025-12-01 13:34:54.129 66284 INFO tempest.lib.common.rest_client [req-ee6b5044-e72a-41dd-b3e5-e96512a94ef5 req-ee6b5044-e72a-41dd-b3e5-e96512a94ef5 ] Request (AttachInterfacesUnderV243Test:test_add_remove_fixed_ip): 200 GET http://10.180.1.21/compute/v2.1/servers/50af18a1-8680-4d8f-b6c7-54dc299b3c52 4.736s
2025-12-01 13:34:54.149 66316 INFO tempest.lib.common.rest_client [req-ed079b24-fbe0-48bb-9ec8-80cf526882d0 req-ed079b24-fbe0-48bb-9ec8-80cf526882d0 ] Request (ServerDiagnosticsV248Test:tearDownClass): 200 GET http://10.180.1.21/compute/v2.1/servers/3149da84-6eeb-41e9-b4da-099952955604 4.705s
2025-12-01 13:34:54.158 66316 INFO tempest.common.waiters [-] State transition "ACTIVE/deleting" ==> "DELETED/None" after 6 second wait
2025-12-01 13:34:54.178 66262 INFO tempest.lib.common.rest_client [req-881d3b21-0148-4be0-a2cf-58327eaad1b2 req-881d3b21-0148-4be0-a2cf-58327eaad1b2 ] Request (FlavorsAccessNegativeTestJSON:_run_cleanups): 200 GET http://10.180.1.21/compute/v2.1/flavors/detail 4.638s
2025-12-01 13:34:54.189 66282 INFO tempest.lib.common.rest_client [req-fa8afaaf-3552-4bd6-8594-553e51a3acd7 req-fa8afaaf-3552-4bd6-8594-553e51a3acd7 ] Request (FlavorsAdminTestJSON:test_create_server_with_non_public_flavor): 400 POST http://10.180.1.21/compute/v2.1/servers 4.628s
2025-12-01 13:34:54.193 66314 INFO tempest.lib.common.rest_client [req-8f8e66bd-3537-40b3-9d4e-d445df52d80b req-8f8e66bd-3537-40b3-9d4e-d445df52d80b ] Request (ServersTestMultiNic:_run_cleanups): 200 GET http://10.180.1.21/compute/v2.1/servers/5f65955b-309e-4249-aa8e-a2a00b851a66 4.678s
2025-12-01 13:34:54.211 66318 INFO tempest.lib.common.rest_client [req-80e4d5c6-4fb2-44ae-a894-40c8abaa2ff2 req-80e4d5c6-4fb2-44ae-a894-40c8abaa2ff2 ] Request (FlavorsV2TestJSON:test_list_flavors_filter_by_min_ram): 200 GET http://10.180.1.21/compute/v2.1/flavors?minRam=193 4.631s
2025-12-01 13:34:54.216 66270 INFO tempest.lib.common.rest_client [req-7955a940-004c-4ca7-9d69-752d9a81df99 req-7955a940-004c-4ca7-9d69-752d9a81df99 ] Request (AggregatesAdminNegativeTestJSON:test_aggregate_get_details_as_user): 200 POST http://10.180.1.21/compute/v2.1/os-aggregates 4.623s
2025-12-01 13:34:54.269 66292 INFO tempest.lib.common.rest_client [req-ca61d54a-f129-4bbf-9fd0-7e011d014837 req-ca61d54a-f129-4bbf-9fd0-7e011d014837 ] Request (ServerGroupTestJSON:test_create_server_with_scheduler_hint_group): 200 GET http://10.180.1.21/compute/v2.1/servers/c8c68e1e-5066-46b9-9da0-fd415b0f79bb 4.523s
2025-12-01 13:34:54.309 66262 INFO tempest.lib.common.rest_client [req-b28b163c-e38d-4361-a63b-87d0e0328aa2 req-b28b163c-e38d-4361-a63b-87d0e0328aa2 ] Request (FlavorsAccessNegativeTestJSON:tearDownClass): 204 DELETE http://10.180.1.21/identity/v3/users/fa7071ec8e7c45959501863011e17fe5 0.125s
2025-12-01 13:34:54.415 66304 INFO tempest.lib.common.rest_client [req-7f6fa5e1-674a-45cf-98a5-07a752d237f5 req-7f6fa5e1-674a-45cf-98a5-07a752d237f5 ] Request (SecurityGroupRulesTestJSON:test_security_group_rules_create): 200 POST http://10.180.1.21/compute/v2.1/os-security-group-rules 3.518s
2025-12-01 13:34:54.417 66262 INFO tempest.lib.common.rest_client [req-92509a63-2e1d-46ac-b7c1-a3ef4ece785d req-92509a63-2e1d-46ac-b7c1-a3ef4ece785d ] Request (FlavorsAccessNegativeTestJSON:tearDownClass): 204 DELETE http://10.180.1.21/identity/v3/users/63a8e447ae724ae491acc46da22c2c70 0.107s
2025-12-01 13:34:54.503 66260 INFO tempest.lib.common.rest_client [req-9fb11fd9-3c50-4878-80fc-251cf0081f7f req-9fb11fd9-3c50-4878-80fc-251cf0081f7f ] Request (MultipleCreateTestJSON:test_multiple_create_with_reservation_return): 200 GET http://10.180.1.21/compute/v2.1/servers 2.827s
2025-12-01 13:34:54.527 66294 INFO tempest.lib.common.rest_client [req-055e2693-685c-482e-b6e3-909949fa502f req-055e2693-685c-482e-b6e3-909949fa502f ] Request (ServerDiagnosticsTest:test_get_server_diagnostics): 202 POST http://10.180.1.21/compute/v2.1/servers 4.298s
2025-12-01 13:34:54.532 66276 INFO tempest.lib.common.rest_client [req-97922b83-58de-4214-9b51-c66e9da77447 req-97922b83-58de-4214-9b51-c66e9da77447 ] Request (KeyPairsNegativeTestJSON:test_keypair_create_with_invalid_pub_key): 400 POST http://10.180.1.21/compute/v2.1/os-keypairs 2.849s
2025-12-01 13:34:54.552 66262 INFO tempest.lib.common.rest_client [req-b8d2c214-51d8-477a-8013-895277c831fb req-b8d2c214-51d8-477a-8013-895277c831fb ] Request (FlavorsAccessNegativeTestJSON:tearDownClass): 204 DELETE http://10.180.1.21/identity/v3/users/9ca3ff0284864bc286711d4bf56d040c 0.135s
2025-12-01 13:34:54.553 66262 INFO tempest.lib.common.dynamic_creds [-] Deleting project and security group for project: 0ad5e2392b974e19ab739032c2d43bf9
2025-12-01 13:34:54.606 66287 INFO tempest.lib.common.rest_client [req-90fc4da2-a5bf-4645-88fb-134f17031b55 req-90fc4da2-a5bf-4645-88fb-134f17031b55 ] Request (InstanceActionsTestJSON:tearDownClass): 200 GET http://10.180.1.21/compute/v2.1/servers/95c68283-51e8-43f3-8008-2c617b29faee 1.821s
2025-12-01 13:34:54.615 66287 INFO tempest.common.waiters [-] State transition "ACTIVE/deleting" ==> "DELETED/None" after 3 second wait
2025-12-01 13:34:54.627 66262 INFO tempest.lib.common.rest_client [req-4b555b2f-d1c9-4126-9e10-ae33fdeda746 req-4b555b2f-d1c9-4126-9e10-ae33fdeda746 ] Request (FlavorsAccessNegativeTestJSON:tearDownClass): 201 POST http://10.180.1.21/identity/v3/auth/tokens 0.074s
2025-12-01 13:34:54.659 66288 WARNING tempest.lib.common.ssh [-] Failed to establish authenticated ssh connection to cirros@10.180.180.214 ([Errno None] Unable to connect to port 22 on 10.180.180.214). Number attempts: 5. Retry after 6 seconds.: paramiko.ssh_exception.NoValidConnectionsError: [Errno None] Unable to connect to port 22 on 10.180.180.214
2025-12-01 13:34:54.738 66264 INFO tempest.lib.common.rest_client [req-930576ef-e581-405f-9549-81f34aab1d36 req-930576ef-e581-405f-9549-81f34aab1d36 ] Request (ServersTestJSON:setUpClass): 200 GET http://10.180.1.21/compute/v2.1/servers/0f63edfa-c3ae-407c-9722-7dc312700013 1.820s
2025-12-01 13:34:54.951 66262 INFO tempest.lib.common.rest_client [req-5caff734-b03f-4637-99a0-1851e2a13526 req-5caff734-b03f-4637-99a0-1851e2a13526 ] Request (FlavorsAccessNegativeTestJSON:tearDownClass): 200 GET http://10.180.1.21/networking/v2.0/security-groups?tenant_id=0ad5e2392b974e19ab739032c2d43bf9&name=default 0.324s
2025-12-01 13:34:55.002 66272 INFO tempest.lib.common.rest_client [req-b8163e73-f345-4031-a027-9cf3c1a54559 req-b8163e73-f345-4031-a027-9cf3c1a54559 ] Request (FloatingIPsAssociationTestJSON:test_associate_already_associated_floating_ip): 409 POST http://10.180.1.21/compute/v2.1/servers/2ae10234-340d-47bc-9a67-0342b8ebd821/action 2.273s
2025-12-01 13:34:55.024 66312 INFO tempest.lib.common.rest_client [req-12875f34-92c1-4813-b7d0-e6637e7bbb48 req-12875f34-92c1-4813-b7d0-e6637e7bbb48 ] Request (ServersTestManualDisk:setUpClass): 200 GET http://10.180.1.21/compute/v2.1/servers/969b99f1-dcb0-4334-95a5-be1c95c8c8cc/os-interface 1.855s
2025-12-01 13:34:55.047 66300 INFO tempest.lib.common.rest_client [req-c9d03ee5-29d9-4fbd-b55c-b0384c9688fe req-c9d03ee5-29d9-4fbd-b55c-b0384c9688fe ] Request (ImagesOneServerTestJSON:test_create_delete_image): 200 GET http://10.180.1.21/compute/v2.1/images/0766ab38-89c9-40c1-92cd-013e656e3fa7 1.843s
2025-12-01 13:34:55.144 66262 INFO tempest.lib.common.rest_client [req-bbe6daf1-b7ac-4c87-a2a2-bb5239c8f314 req-bbe6daf1-b7ac-4c87-a2a2-bb5239c8f314 ] Request (FlavorsAccessNegativeTestJSON:tearDownClass): 204 DELETE http://10.180.1.21/networking/v2.0/security-groups/e64ecba5-aed1-4a23-801c-0db1a5962b85 0.192s
2025-12-01 13:34:55.221 66262 INFO tempest.lib.common.rest_client [req-8da55c71-1a79-42b0-96d2-cedf04092559 req-8da55c71-1a79-42b0-96d2-cedf04092559 ] Request (FlavorsAccessNegativeTestJSON:tearDownClass): 204 DELETE http://10.180.1.21/identity/v3/projects/0ad5e2392b974e19ab739032c2d43bf9 0.077s
2025-12-01 13:34:55.222 66262 INFO tempest.lib.common.dynamic_creds [-] Deleting project and security group for project: 7ca7312b94fe400da67b61ec8ab0b042
2025-12-01 13:34:55.423 66262 INFO tempest.lib.common.rest_client [req-3c6a81e3-cd8f-4f6f-b8e8-ffe1dad2bc3a req-3c6a81e3-cd8f-4f6f-b8e8-ffe1dad2bc3a ] Request (FlavorsAccessNegativeTestJSON:tearDownClass): 200 GET http://10.180.1.21/networking/v2.0/security-groups?tenant_id=7ca7312b94fe400da67b61ec8ab0b042&name=default 0.201s
2025-12-01 13:34:55.468 66302 INFO tempest.lib.common.rest_client [req-217b9f8d-4d97-4d6d-8a66-b7de2bf7ed86 req-217b9f8d-4d97-4d6d-8a66-b7de2bf7ed86 ] Request (ImagesOneServerNegativeTestJSON:tearDown): 200 GET http://10.180.1.21/compute/v2.1/servers/21598e28-d360-479a-9587-acdcc6d4c32b 2.221s
2025-12-01 13:34:55.677 66262 INFO tempest.lib.common.rest_client [req-14ac3c3d-7187-4b5a-a34e-a21c1c574a99 req-14ac3c3d-7187-4b5a-a34e-a21c1c574a99 ] Request (FlavorsAccessNegativeTestJSON:tearDownClass): 204 DELETE http://10.180.1.21/networking/v2.0/security-groups/40b72939-5a72-43f6-be0a-6fc2a415f588 0.253s
2025-12-01 13:34:55.695 66312 INFO tempest.lib.common.rest_client [req-87fa096e-c71c-4b84-8771-6ce31ddc2cae req-87fa096e-c71c-4b84-8771-6ce31ddc2cae ] Request (ServersTestManualDisk:setUpClass): 200 PUT http://10.180.1.21/networking/v2.0/floatingips/644a15df-a70e-43c9-8b05-c9a52f478aaa 0.669s
2025-12-01 13:34:55.815 66262 INFO tempest.lib.common.rest_client [req-9f73d9f4-ff03-4c8c-b10a-f51675f004d8 req-9f73d9f4-ff03-4c8c-b10a-f51675f004d8 ] Request (FlavorsAccessNegativeTestJSON:tearDownClass): 204 DELETE http://10.180.1.21/identity/v3/projects/7ca7312b94fe400da67b61ec8ab0b042 0.138s
2025-12-01 13:34:55.816 66262 INFO tempest.lib.common.dynamic_creds [-] Deleting project and security group for project: aa48849483bb4a0e981e56bd91d05436
2025-12-01 13:34:55.817 66290 INFO tempest.lib.common.rest_client [req-f78c99fd-f46e-4374-96ed-631c72ca1a7c req-f78c99fd-f46e-4374-96ed-631c72ca1a7c ] Request (ServerDiskConfigTestJSON:test_rebuild_server_with_auto_disk_config): 200 GET http://10.180.1.21/compute/v2.1/servers/1bf65515-3e7c-41ff-9cbc-fb2d89a9a9a1 2.180s
2025-12-01 13:34:55.818 66308 INFO tempest.lib.common.rest_client [req-a2409ce7-d472-4069-a2ff-e19adde91893 req-a2409ce7-d472-4069-a2ff-e19adde91893 ] Request (QuotasAdminNegativeTest:test_create_server_when_memory_quota_is_full): 403 POST http://10.180.1.21/compute/v2.1/servers 2.391s
2025-12-01 13:34:55.831 66290 INFO tempest.common.waiters [-] State transition "BUILD/spawning" ==> "ACTIVE/None" after 30 second wait
2025-12-01 13:34:55.868 66268 INFO tempest.lib.common.rest_client [req-e8d53f0f-e0d1-4450-ab19-6ed003e61646 req-e8d53f0f-e0d1-4450-ab19-6ed003e61646 ] Request (ImagesTestJSON:test_create_image_from_stopped_server): 200 GET http://10.180.1.21/compute/v2.1/images/36bca464-750b-4513-94f3-a2f1da01946a 2.009s
2025-12-01 13:34:55.886 66282 INFO tempest.lib.common.rest_client [req-a36ffc4a-59c3-48c8-8205-d2600db31323 req-a36ffc4a-59c3-48c8-8205-d2600db31323 ] Request (FlavorsAdminTestJSON:_run_cleanups): 202 DELETE http://10.180.1.21/compute/v2.1/flavors/231821087 1.696s
2025-12-01 13:34:55.902 66318 INFO tempest.lib.common.rest_client [req-d9877a26-88e0-408a-9968-a5f0c2ffcba5 req-d9877a26-88e0-408a-9968-a5f0c2ffcba5 ] Request (FlavorsV2TestJSON:test_list_flavors_limit_results): 200 GET http://10.180.1.21/compute/v2.1/flavors?limit=1 1.686s
2025-12-01 13:34:55.909 66270 INFO tempest.lib.common.rest_client [req-1afec9c5-432e-41fc-bba5-fce3a29bec87 req-1afec9c5-432e-41fc-bba5-fce3a29bec87 ] Request (AggregatesAdminNegativeTestJSON:test_aggregate_get_details_as_user): 403 GET http://10.180.1.21/compute/v2.1/os-aggregates/6 1.690s
2025-12-01 13:34:55.970 66262 INFO tempest.lib.common.rest_client [req-020ce51e-386b-40c9-a774-925a36a6ebc5 req-020ce51e-386b-40c9-a774-925a36a6ebc5 ] Request (FlavorsAccessNegativeTestJSON:tearDownClass): 200 GET http://10.180.1.21/networking/v2.0/security-groups?tenant_id=aa48849483bb4a0e981e56bd91d05436&name=default 0.154s
2025-12-01 13:34:56.074 66296 INFO tempest.lib.common.rest_client [req-8f9b6072-9283-408f-a1c3-ad3809b5cef8 req-8f9b6072-9283-408f-a1c3-ad3809b5cef8 ] Request (ServersTestBootFromVolume:setUpClass): 200 GET http://10.180.1.21/compute/v2.1/servers/01299d31-ee63-4b30-b361-74757c5e3583 1.817s
2025-12-01 13:34:56.082 66262 INFO tempest.lib.common.rest_client [req-73bb8e7d-583c-4936-9543-5fd81de9ea9b req-73bb8e7d-583c-4936-9543-5fd81de9ea9b ] Request (FlavorsAccessNegativeTestJSON:tearDownClass): 204 DELETE http://10.180.1.21/networking/v2.0/security-groups/e3bca9ae-5429-4219-bbee-3e2560c7c07d 0.112s
2025-12-01 13:34:56.114 66266 INFO tempest.lib.common.rest_client [req-6bc6a784-6174-4b7b-966a-7777a1c0edb2 req-6bc6a784-6174-4b7b-966a-7777a1c0edb2 ] Request (ServersAdminNegativeTestJSON:test_migrate_server_invalid_state): 202 POST http://10.180.1.21/compute/v2.1/servers 2.214s
2025-12-01 13:34:56.189 66256 INFO tempest.lib.common.rest_client [req-9a29aa8e-6882-4a65-9d8f-9fefc271de84 req-9a29aa8e-6882-4a65-9d8f-9fefc271de84 ] Request (ServerDiagnosticsNegativeTest:test_get_server_diagnostics_by_non_admin): 200 GET http://10.180.1.21/compute/v2.1/servers/d5df9cf1-6966-4e35-933d-7c9c3aacf039 1.762s
2025-12-01 13:34:56.197 66256 INFO tempest.common.waiters [-] State transition "BUILD/None" ==> "BUILD/networking" after 16 second wait
2025-12-01 13:34:56.257 66262 INFO tempest.lib.common.rest_client [req-1466dd58-e934-4fdc-851a-0b90fc89f9a6 req-1466dd58-e934-4fdc-851a-0b90fc89f9a6 ] Request (FlavorsAccessNegativeTestJSON:tearDownClass): 204 DELETE http://10.180.1.21/identity/v3/projects/aa48849483bb4a0e981e56bd91d05436 0.173s
2025-12-01 13:34:56.260 66304 INFO tempest.lib.common.rest_client [req-f90aa8e5-b9cf-4e57-9271-77007527bffe req-f90aa8e5-b9cf-4e57-9271-77007527bffe ] Request (SecurityGroupRulesTestJSON:test_security_group_rules_create_with_optional_cidr): 200 POST http://10.180.1.21/compute/v2.1/os-security-groups 1.841s
2025-12-01 13:34:56.275 66260 INFO tempest.lib.common.rest_client [req-99673e7e-8a6e-486b-8170-eb0c6f49abb3 req-99673e7e-8a6e-486b-8170-eb0c6f49abb3 ] Request (MultipleCreateTestJSON:test_multiple_create_with_reservation_return): 200 GET http://10.180.1.21/compute/v2.1/servers/a23d9a87-a44b-4186-94e1-3db7eb6d55af 1.769s
2025-12-01 13:34:56.289 66276 INFO tempest.lib.common.rest_client [req-c1b9ebc2-e8da-4065-8cd1-0f10986aa72a req-c1b9ebc2-e8da-4065-8cd1-0f10986aa72a ] Request (KeyPairsNegativeTestJSON:test_keypair_delete_nonexistent_key): 404 DELETE http://10.180.1.21/compute/v2.1/os-keypairs/tempest-keypair-non-existent-851161673 1.756s
2025-12-01 13:34:56.331 66294 INFO tempest.lib.common.rest_client [req-020a23b9-7a6d-45dd-bbae-6d96f3f1d3b5 req-020a23b9-7a6d-45dd-bbae-6d96f3f1d3b5 ] Request (ServerDiagnosticsTest:test_get_server_diagnostics): 200 GET http://10.180.1.21/compute/v2.1/servers/38aaaf3b-96c1-4530-bdc6-7729ee563a57 1.802s
2025-12-01 13:34:56.375 66298 INFO tempest.lib.common.rest_client [req-d8a7e424-4b51-49f3-9fd5-39325ca8cc99 req-d8a7e424-4b51-49f3-9fd5-39325ca8cc99 ] Request (ServersListShow2100Test:test_list_show_rebuild_update_server_2100): 200 GET http://10.180.1.21/compute/v2.1/servers/e1c8866a-3067-4716-b949-d488bc94e24d 1.762s
2025-12-01 13:34:56.375 66262 INFO tempest.lib.common.rest_client [req-41154a00-f765-435c-aa2f-9730006166a4 req-41154a00-f765-435c-aa2f-9730006166a4 ] Request (QuotaClassesAdmin257Test:setUpClass): 201 POST http://10.180.1.21/identity/v3/auth/tokens 0.116s
2025-12-01 13:34:56.409 66274 INFO tempest.lib.common.rest_client [req-1c1de4a5-4fce-42c2-a770-7e505cf4edd2 req-1c1de4a5-4fce-42c2-a770-7e505cf4edd2 ] Request (AttachInterfacesV270Test:tearDownClass): 200 GET http://10.180.1.21/compute/v2.1/servers/193c2bdf-3ff2-47a3-9ff9-f9e2793ec924 1.503s
2025-12-01 13:34:56.436 66280 INFO tempest.lib.common.rest_client [req-c2301910-730e-48ed-9390-39359f3486a7 req-c2301910-730e-48ed-9390-39359f3486a7 ] Request (ServersTestJSON:test_create_server_specify_multibyte_character_name): 200 GET http://10.180.1.21/compute/v2.1/servers/ccb8fe18-7c1e-4361-bebb-70daa4807985 1.463s
2025-12-01 13:34:56.463 66276 INFO tempest.lib.common.rest_client [req-46fa9842-48b7-4924-8008-9a90f1ed8939 req-46fa9842-48b7-4924-8008-9a90f1ed8939 ] Request (KeyPairsNegativeTestJSON:tearDownClass): 204 DELETE http://10.180.1.21/identity/v3/users/4e25cf958c2e451590c1fcde7711456a 0.172s
2025-12-01 13:34:56.463 66276 INFO tempest.lib.common.dynamic_creds [-] Deleting project and security group for project: 4271643a7bbf498ba77724e945d9d303
2025-12-01 13:34:56.472 66262 INFO tempest.lib.common.rest_client [req-e2557ec6-7d54-43e7-8825-e438ac03d25f req-e2557ec6-7d54-43e7-8825-e438ac03d25f ] Request (QuotaClassesAdmin257Test:setUpClass): 201 POST http://10.180.1.21/identity/v3/auth/tokens 0.093s
2025-12-01 13:34:56.539 66276 INFO tempest.lib.common.rest_client [req-02953505-c3c9-4f74-bd6d-5b9159cae062 req-02953505-c3c9-4f74-bd6d-5b9159cae062 ] Request (KeyPairsNegativeTestJSON:tearDownClass): 201 POST http://10.180.1.21/identity/v3/auth/tokens 0.076s
2025-12-01 13:34:56.548 66262 INFO tempest.lib.common.rest_client [req-ffa08c2c-e77f-43cc-ad23-4d9d5e25b359 req-ffa08c2c-e77f-43cc-ad23-4d9d5e25b359 ] Request (QuotaClassesAdmin257Test:setUpClass): 200 GET http://10.180.1.21/identity/v3/domains?name=Default 0.076s
2025-12-01 13:34:56.587 66278 INFO tempest.lib.common.rest_client [req-19ef4a19-3e86-4d48-95be-97ab2ea1d8d0 req-19ef4a19-3e86-4d48-95be-97ab2ea1d8d0 ] Request (DeleteServersAdminTestJSON:test_delete_server_while_in_error_state): 200 GET http://10.180.1.21/compute/v2.1/servers/f0fd04b9-d0d1-4dfa-b988-88aa2bd5d841 1.576s
2025-12-01 13:34:56.589 66262 INFO tempest.lib.common.rest_client [req-bc97ad82-c331-4c4e-ba56-d96c38284a57 req-bc97ad82-c331-4c4e-ba56-d96c38284a57 ] Request (QuotaClassesAdmin257Test:setUpClass): 201 POST http://10.180.1.21/identity/v3/projects 0.040s
2025-12-01 13:34:56.674 66262 INFO tempest.lib.common.rest_client [req-18b0e2e6-4780-4883-b38a-0de7d86eb207 req-18b0e2e6-4780-4883-b38a-0de7d86eb207 ] Request (QuotaClassesAdmin257Test:setUpClass): 201 POST http://10.180.1.21/identity/v3/users 0.085s
2025-12-01 13:34:56.701 66262 INFO tempest.lib.common.rest_client [req-044f9399-5ca6-4935-9689-903fcd06f697 req-044f9399-5ca6-4935-9689-903fcd06f697 ] Request (QuotaClassesAdmin257Test:setUpClass): 200 GET http://10.180.1.21/identity/v3/roles 0.026s
2025-12-01 13:34:56.735 66262 INFO tempest.lib.common.rest_client [req-ac50ed01-f3bb-4ea3-9613-2cda7c2e5441 req-ac50ed01-f3bb-4ea3-9613-2cda7c2e5441 ] Request (QuotaClassesAdmin257Test:setUpClass): 204 PUT http://10.180.1.21/identity/v3/projects/6c1372c9fb034d6698abee11cdb49d01/users/dc14ef66b7004d4abde5596230e847a9/roles/2ceb860eb75e46918a1da91a10e9b7d9 0.033s
2025-12-01 13:34:56.735 66262 INFO tempest.lib.common.dynamic_creds [-] Dynamic test user dc14ef66b7004d4abde5596230e847a9 is created with scope project and roles: ['member']
2025-12-01 13:34:56.736 66262 INFO tempest.lib.common.dynamic_creds [-] Acquired dynamic creds: credentials: Credentials: {'domain_id': 'default', 'domain_name': 'Default', 'username': 'tempest-QuotaClassesAdmin257Test-592303325-project-member', 'project_domain_id': 'default', 'project_domain_name': 'Default', 'project_id': '6c1372c9fb034d6698abee11cdb49d01', 'project_name': 'tempest-QuotaClassesAdmin257Test-592303325', 'tenant_id': '6c1372c9fb034d6698abee11cdb49d01', 'tenant_name': 'tempest-QuotaClassesAdmin257Test-592303325', 'user_domain_id': 'default', 'user_domain_name': 'Default', 'user_id': 'dc14ef66b7004d4abde5596230e847a9', 'system': None}, Network: None, Subnet: None, Router: None
