2025-12-01 13:36:15.944 66282 INFO tempest.lib.common.rest_client [req-5c046441-a174-4f5d-9a0d-47d9836419cf req-5c046441-a174-4f5d-9a0d-47d9836419cf ] Request (SecurityGroupsNegativeTestJSON:tearDownClass): 204 DELETE http://10.180.1.21/networking/v2.0/security-groups/2d5cbf71-c36f-4f77-b6b1-d029ebc904f3 0.119s
2025-12-01 13:36:15.963 66302 INFO tempest.lib.common.rest_client [req-7dc157f7-7879-4be9-97dd-14d0cff45327 req-7dc157f7-7879-4be9-97dd-14d0cff45327 ] Request (ImagesOneServerNegativeTestJSON:_run_cleanups): 200 GET http://10.180.1.21/compute/v2.1/servers/5c6cd7e6-b057-42b7-b2e2-0da552ef2312 2.078s
2025-12-01 13:36:15.973 66288 INFO tempest.lib.common.rest_client [req-a09bdfed-acfe-480e-9ba3-2644c616f1e8 req-a09bdfed-acfe-480e-9ba3-2644c616f1e8 ] Request (VolumesAssistedSnapshotsTest:_run_cleanups): 200 GET http://10.180.1.21/volume/v3/volumes/8b1fb7b0-030d-4fa0-9bb7-1c6b6d86afe9 0.031s
2025-12-01 13:36:16.049 66306 INFO tempest.lib.common.rest_client [req-94a056e1-2770-4177-a7fd-f387e6054506 req-94a056e1-2770-4177-a7fd-f387e6054506 ] Request (ServersWithSpecificFlavorTestJSON:test_verify_created_server_ephemeral_disk): 200 GET http://10.180.1.21/compute/v2.1/servers/afbb5c92-d555-4b8f-b170-5cb53e87491d 1.980s
2025-12-01 13:36:16.067 66298 INFO tempest.lib.common.rest_client [req-81575c7a-ad0e-4beb-815d-f2aed7387dd7 req-81575c7a-ad0e-4beb-815d-f2aed7387dd7 ] Request (ServersListShow2100Test:tearDownClass): 200 GET http://10.180.1.21/compute/v2.1/servers/e1c8866a-3067-4716-b949-d488bc94e24d 2.114s
2025-12-01 13:36:16.108 66282 INFO tempest.lib.common.rest_client [req-ae46cb4d-8d8e-4a23-aa9a-7a8a7ae7046e req-ae46cb4d-8d8e-4a23-aa9a-7a8a7ae7046e ] Request (SecurityGroupsNegativeTestJSON:tearDownClass): 204 DELETE http://10.180.1.21/identity/v3/projects/275a94a6592949a08c1055efae6df039 0.164s
2025-12-01 13:36:16.137 66304 INFO tempest.lib.common.rest_client [req-a5803497-fd69-4507-bee0-36cbd7645416 req-a5803497-fd69-4507-bee0-36cbd7645416 ] Request (ServersAaction247Test:test_create_backup): 200 GET http://10.180.1.21/compute/v2.1/servers/3777e364-d298-4b29-a543-d6d053d8e9dd 1.995s
2025-12-01 13:36:16.155 66258 INFO tempest.lib.common.rest_client [req-d98b9792-237f-4a79-9e45-c5f4a419eea2 req-d98b9792-237f-4a79-9e45-c5f4a419eea2 ] Request (MigrationsAdminTest:test_resize_server_revert_deleted_flavor): 200 GET http://10.180.1.21/compute/v2.1/servers/ef5f0333-5109-4fb6-91be-179cdf2541fa 1.914s
2025-12-01 13:36:16.192 66282 INFO tempest.lib.common.rest_client [req-97d9b539-809a-412f-b4b0-98cac3274991 req-97d9b539-809a-412f-b4b0-98cac3274991 ] Request (ExtensionsTest:setUpClass): 201 POST http://10.180.1.21/identity/v3/auth/tokens 0.082s
2025-12-01 13:36:16.206 66300 INFO tempest.lib.common.rest_client [req-eca0d937-fd2a-4ba9-bc4b-f571cfc7eeec req-eca0d937-fd2a-4ba9-bc4b-f571cfc7eeec ] Request (ImagesOneServerTestJSON:tearDownClass): 200 GET http://10.180.1.21/compute/v2.1/servers/98faf004-25ab-4aa9-8d4e-948a39bcf39a 1.947s
2025-12-01 13:36:16.236 66282 INFO tempest.lib.common.rest_client [req-5ce2e0d8-ddba-4386-818e-5fa2bff30ddf req-5ce2e0d8-ddba-4386-818e-5fa2bff30ddf ] Request (ExtensionsTest:setUpClass): 201 POST http://10.180.1.21/identity/v3/auth/tokens 0.041s
2025-12-01 13:36:16.241 66310 INFO tempest.lib.common.rest_client [req-a384ff99-053f-4b20-8912-56a4bf20a954 req-a384ff99-053f-4b20-8912-56a4bf20a954 ] Request (ServersAdmin275Test:tearDownClass): 200 GET http://10.180.1.21/compute/v2.1/servers/242e40a3-2e0b-4825-ad80-5d2c512d17d9 1.926s
2025-12-01 13:36:16.266 66282 INFO tempest.lib.common.rest_client [req-df710d85-7d70-4124-b092-fb09366f1ce1 req-df710d85-7d70-4124-b092-fb09366f1ce1 ] Request (ExtensionsTest:setUpClass): 200 GET http://10.180.1.21/identity/v3/domains?name=Default 0.030s
2025-12-01 13:36:16.274 66270 INFO tempest.lib.common.rest_client [req-85764f0d-e6bc-4187-b089-1833e3414734 req-85764f0d-e6bc-4187-b089-1833e3414734 ] Request (InstanceActionsNegativeTestJSON:setUpClass): 200 GET http://10.180.1.21/compute/v2.1/servers/60166c03-773a-4650-b278-b4d232488d77 1.950s
2025-12-01 13:36:16.296 66262 INFO tempest.lib.common.rest_client [req-dba26936-d4ca-4a4e-8d66-4d3136a81cbd req-dba26936-d4ca-4a4e-8d66-4d3136a81cbd ] Request (TenantUsagesTestJSON:setUpClass): 200 GET http://10.180.1.21/compute/v2.1/servers/4322180a-58fa-416b-89cb-bcdfbab348c6 1.919s
2025-12-01 13:36:16.302 66282 INFO tempest.lib.common.rest_client [req-bd6c1a43-860c-4a53-96a9-930640d0759a req-bd6c1a43-860c-4a53-96a9-930640d0759a ] Request (ExtensionsTest:setUpClass): 201 POST http://10.180.1.21/identity/v3/projects 0.035s
2025-12-01 13:36:16.310 66278 INFO tempest.lib.common.rest_client [req-6d9f7f39-8143-4c18-b62b-6de5faf5c221 req-6d9f7f39-8143-4c18-b62b-6de5faf5c221 ] Request (ListImageFiltersTestJSON:setUpClass): 200 GET http://10.180.1.21/compute/v2.1/images/1a97eea0-26ba-4023-8e74-579f980ae716 1.777s
2025-12-01 13:36:16.332 66292 INFO tempest.lib.common.rest_client [req-8ee6b98a-f1bf-466a-9d2c-0a309ff80dab req-8ee6b98a-f1bf-466a-9d2c-0a309ff80dab ] Request (ServerGroupTestJSON:tearDownClass): 404 DELETE http://10.180.1.21/compute/v2.1/os-server-groups/db4ddb8f-6eb8-4454-91f8-ac053db7aa89 1.397s
2025-12-01 13:36:16.385 66282 INFO tempest.lib.common.rest_client [req-0475591e-3562-46c1-8c73-9e48c4c437c2 req-0475591e-3562-46c1-8c73-9e48c4c437c2 ] Request (ExtensionsTest:setUpClass): 201 POST http://10.180.1.21/identity/v3/users 0.082s
2025-12-01 13:36:16.393 66274 INFO tempest.lib.common.rest_client [req-b899ae35-8946-4d2b-809b-de4944c185c0 req-b899ae35-8946-4d2b-809b-de4944c185c0 ] Request (ServerMetadataTestJSON:test_update_metadata_empty_body): 200 POST http://10.180.1.21/compute/v2.1/servers/35307382-fdf5-453f-9af8-02616b1441d1/metadata 1.464s
2025-12-01 13:36:16.415 66282 INFO tempest.lib.common.rest_client [req-66297e4b-ccce-459c-8a58-9d200f4d3cb0 req-66297e4b-ccce-459c-8a58-9d200f4d3cb0 ] Request (ExtensionsTest:setUpClass): 200 GET http://10.180.1.21/identity/v3/roles 0.030s
2025-12-01 13:36:16.451 66282 INFO tempest.lib.common.rest_client [req-7429545e-94a4-4160-9bd8-179bcb93d8c8 req-7429545e-94a4-4160-9bd8-179bcb93d8c8 ] Request (ExtensionsTest:setUpClass): 204 PUT http://10.180.1.21/identity/v3/projects/84e3abe072ad4d589b776d55a62dcd2e/users/a8e93b723d4e42d3b80683eb87c594db/roles/2ceb860eb75e46918a1da91a10e9b7d9 0.035s
2025-12-01 13:36:16.451 66282 INFO tempest.lib.common.dynamic_creds [-] Dynamic test user a8e93b723d4e42d3b80683eb87c594db is created with scope project and roles: ['member']
2025-12-01 13:36:16.451 66282 INFO tempest.lib.common.dynamic_creds [-] Acquired dynamic creds: credentials: Credentials: {'domain_id': 'default', 'domain_name': 'Default', 'username': 'tempest-ExtensionsTest-1225588360-project-member', 'project_domain_id': 'default', 'project_domain_name': 'Default', 'project_id': '84e3abe072ad4d589b776d55a62dcd2e', 'project_name': 'tempest-ExtensionsTest-1225588360', 'tenant_id': '84e3abe072ad4d589b776d55a62dcd2e', 'tenant_name': 'tempest-ExtensionsTest-1225588360', 'user_domain_id': 'default', 'user_domain_name': 'Default', 'user_id': 'a8e93b723d4e42d3b80683eb87c594db', 'system': None}, Network: None, Subnet: None, Router: None
2025-12-01 13:36:16.451 66282 INFO tempest.lib.common.dynamic_creds [-] Created isolated network resources for: credentials: Credentials: {'domain_id': 'default', 'domain_name': 'Default', 'username': 'tempest-ExtensionsTest-1225588360-project-member', 'project_domain_id': 'default', 'project_domain_name': 'Default', 'project_id': '84e3abe072ad4d589b776d55a62dcd2e', 'project_name': 'tempest-ExtensionsTest-1225588360', 'tenant_id': '84e3abe072ad4d589b776d55a62dcd2e', 'tenant_name': 'tempest-ExtensionsTest-1225588360', 'user_domain_id': 'default', 'user_domain_name': 'Default', 'user_id': 'a8e93b723d4e42d3b80683eb87c594db', 'system': None}, Network: None, Subnet: None, Router: None
2025-12-01 13:36:16.550 66282 INFO tempest.lib.common.rest_client [req-7139adc3-2b33-458c-85de-5a9b68a6e1e3 req-7139adc3-2b33-458c-85de-5a9b68a6e1e3 ] Request (ExtensionsTest:setUpClass): 201 POST http://10.180.1.21/identity/v3/auth/tokens 0.095s
2025-12-01 13:36:16.557 66287 INFO tempest.lib.common.rest_client [req-9dae316a-e475-482a-9ac5-9df41ae91e59 req-9dae316a-e475-482a-9ac5-9df41ae91e59 ] Request (ServerPasswordTestJSON:tearDownClass): 200 GET http://10.180.1.21/compute/v2.1/servers/bf69b32f-1651-4ad8-ab6a-52f4d2b26233 0.839s
2025-12-01 13:36:16.564 66287 INFO tempest.common.waiters [-] State transition "ACTIVE/deleting" ==> "DELETED/None" after 4 second wait
2025-12-01 13:36:16.588 66314 INFO tempest.lib.common.rest_client [req-5ab55f7e-be63-43f0-8ce1-92b047645eaf req-5ab55f7e-be63-43f0-8ce1-92b047645eaf ] Request (ServersTestMultiNic:_run_cleanups): 200 GET http://10.180.1.21/compute/v2.1/servers/643db833-afad-4ab7-b8f4-d56627a5bc8e 1.255s
2025-12-01 13:36:16.703 66294 INFO tempest.lib.common.rest_client [req-935d865b-8d61-4004-8a49-c40c0605d637 req-935d865b-8d61-4004-8a49-c40c0605d637 ] Request (ServerDiagnosticsTest:tearDownClass): 200 GET http://10.180.1.21/compute/v2.1/servers/38aaaf3b-96c1-4530-bdc6-7729ee563a57 0.473s
2025-12-01 13:36:16.727 66290 INFO tempest.lib.common.rest_client [req-1bd57da8-4776-463b-bdc3-bde6974bf2f6 req-1bd57da8-4776-463b-bdc3-bde6974bf2f6 ] Request (ServerDiskConfigTestJSON:test_rebuild_server_with_manual_disk_config): 200 GET http://10.180.1.21/compute/v2.1/servers/a4d9ccd6-3815-4d7f-99a5-12f22b159c7c 0.872s
2025-12-01 13:36:16.752 66256 INFO tempest.lib.common.rest_client [req-5111b9c9-0d69-448b-9003-983123bfa6c9 req-5111b9c9-0d69-448b-9003-983123bfa6c9 ] Request (ServersAdminTestJSON:setUpClass): 200 GET http://10.180.1.21/compute/v2.1/servers/6ee00201-4876-45bc-b04f-8bca396775b5 0.489s
2025-12-01 13:36:16.760 66278 INFO tempest.lib.common.rest_client [req-ad378157-bfe8-4877-b6e4-1a1f4a504097 req-ad378157-bfe8-4877-b6e4-1a1f4a504097 ] Request (ListImageFiltersTestJSON:setUpClass): 200 GET http://10.180.1.21/compute/v2.1/images/1a97eea0-26ba-4023-8e74-579f980ae716 0.446s
2025-12-01 13:36:16.774 66292 INFO tempest.lib.common.rest_client [req-d181693c-4a59-4e6e-a52d-682711c999c6 req-d181693c-4a59-4e6e-a52d-682711c999c6 ] Request (ServerGroupTestJSON:tearDownClass): 204 DELETE http://10.180.1.21/compute/v2.1/os-server-groups/8d2bb0ae-4646-48d2-b6aa-d6a7586cc916 0.442s
2025-12-01 13:36:16.802 66274 INFO tempest.lib.common.rest_client [req-f84bfbd4-b071-496b-849f-5a42c173ffe6 req-f84bfbd4-b071-496b-849f-5a42c173ffe6 ] Request (ServerMetadataTestJSON:test_update_metadata_empty_body): 200 GET http://10.180.1.21/compute/v2.1/servers/35307382-fdf5-453f-9af8-02616b1441d1/metadata 0.408s
2025-12-01 13:36:17.010 66288 INFO tempest.lib.common.rest_client [req-5d30894d-0017-4f69-b1f7-57a7f03bddd2 req-5d30894d-0017-4f69-b1f7-57a7f03bddd2 ] Request (VolumesAssistedSnapshotsTest:_run_cleanups): 200 GET http://10.180.1.21/volume/v3/volumes/8b1fb7b0-030d-4fa0-9bb7-1c6b6d86afe9 0.030s
2025-12-01 13:36:17.152 66278 INFO tempest.lib.common.rest_client [req-e09830f7-e2ba-4850-9df2-31c17b6df17b req-e09830f7-e2ba-4850-9df2-31c17b6df17b ] Request (ListImageFiltersTestJSON:setUpClass): 201 POST http://10.180.1.21/image/v2/images 0.389s
2025-12-01 13:36:17.534 66292 INFO tempest.lib.common.rest_client [req-8de6f3a2-a7da-4ce2-a2ef-3fc425f4a701 req-8de6f3a2-a7da-4ce2-a2ef-3fc425f4a701 ] Request (ServerGroupTestJSON:tearDownClass): 200 PUT http://10.180.1.21/networking/v2.0/routers/3adf99d3-1935-4393-9ba7-fd3cbfab04ab/remove_router_interface 0.759s
2025-12-01 13:36:17.554 66308 INFO tempest.lib.common.rest_client [req-2e05a591-bc14-4240-9a62-31b0cee522ff req-2e05a591-bc14-4240-9a62-31b0cee522ff ] Request (VolumesAdminNegativeTest:tearDownClass): 200 GET http://10.180.1.21/compute/v2.1/servers/5a692bc9-d8a2-42c2-b8c8-f71a56dd135d 1.124s
2025-12-01 13:36:17.565 66308 INFO tempest.common.waiters [-] State transition "ACTIVE/deleting" ==> "DELETED/None" after 5 second wait
2025-12-01 13:36:17.571 66272 INFO tempest.lib.common.rest_client [req-0291c789-f922-4f77-bef6-106ccd036278 req-0291c789-f922-4f77-bef6-106ccd036278 ] Request (FloatingIPsAssociationTestJSON:tearDownClass): 200 GET http://10.180.1.21/compute/v2.1/servers/2ae10234-340d-47bc-9a67-0342b8ebd821 1.072s
2025-12-01 13:36:17.654 66282 INFO tempest.lib.common.rest_client [req-992f101f-a30f-42f8-bf17-f4b3366162f4 req-992f101f-a30f-42f8-bf17-f4b3366162f4 ] Request (ExtensionsTest:test_get_extension): 200 GET http://10.180.1.21/compute/v2.1/extensions/os-consoles 1.103s
2025-12-01 13:36:17.709 66312 INFO tempest.lib.common.rest_client [req-f5103748-e194-4c5a-a1a3-b00a10f47ba1 req-f5103748-e194-4c5a-a1a3-b00a10f47ba1 ] Request (ServersTestManualDisk:tearDownClass): 200 GET http://10.180.1.21/compute/v2.1/servers/969b99f1-dcb0-4334-95a5-be1c95c8c8cc 1.141s
2025-12-01 13:36:17.915 66266 INFO tempest.lib.common.rest_client [req-bcef4a64-2adb-4537-816b-b59e0d9e47bd req-bcef4a64-2adb-4537-816b-b59e0d9e47bd ] Request (ServersAdminNegativeTestJSON:tearDownClass): 200 GET http://10.180.1.21/compute/v2.1/servers/02b3060f-2b55-4eee-9473-06a58a9bb5a1 1.239s
2025-12-01 13:36:17.947 66292 INFO tempest.lib.common.rest_client [req-b2fbe214-d2cf-4bcb-b923-da15637a3b52 req-b2fbe214-d2cf-4bcb-b923-da15637a3b52 ] Request (ServerGroupTestJSON:tearDownClass): 204 DELETE http://10.180.1.21/networking/v2.0/routers/3adf99d3-1935-4393-9ba7-fd3cbfab04ab 0.413s
2025-12-01 13:36:18.007 66268 INFO tempest.lib.common.rest_client [req-a0292c7f-e7bf-4500-b588-298f495c4df8 req-a0292c7f-e7bf-4500-b588-298f495c4df8 ] Request (ImagesTestJSON:test_create_image_from_suspended_server): 200 GET http://10.180.1.21/compute/v2.1/servers/41e601d6-622e-42c6-81e6-b0f2f55b77ca 1.226s
2025-12-01 13:36:18.058 66288 INFO tempest.lib.common.rest_client [req-237d54e9-1f96-435f-9052-05d1989cb2c9 req-237d54e9-1f96-435f-9052-05d1989cb2c9 ] Request (VolumesAssistedSnapshotsTest:_run_cleanups): 404 GET http://10.180.1.21/volume/v3/volumes/8b1fb7b0-030d-4fa0-9bb7-1c6b6d86afe9 0.040s
2025-12-01 13:36:18.091 66284 WARNING tempest.lib.common.ssh [-] Failed to establish authenticated ssh connection to cirros@10.180.180.184 ([Errno None] Unable to connect to port 22 on 10.180.180.184). Number attempts: 6. Retry after 7 seconds.: paramiko.ssh_exception.NoValidConnectionsError: [Errno None] Unable to connect to port 22 on 10.180.180.184
2025-12-01 13:36:18.098 66274 INFO tempest.lib.common.rest_client [req-db31431a-e54a-462c-af51-81db676f8854 req-db31431a-e54a-462c-af51-81db676f8854 ] Request (ServerMetadataTestJSON:setUp): 200 PUT http://10.180.1.21/compute/v2.1/servers/35307382-fdf5-453f-9af8-02616b1441d1/metadata 1.294s
2025-12-01 13:36:18.195 66292 INFO tempest.lib.common.rest_client [req-c8436c6e-3082-49ce-9c97-8b3ae5b1c487 req-c8436c6e-3082-49ce-9c97-8b3ae5b1c487 ] Request (ServerGroupTestJSON:tearDownClass): 204 DELETE http://10.180.1.21/networking/v2.0/subnets/ea1fcd3c-8508-4f71-994b-2a976b235308 0.248s
2025-12-01 13:36:18.230 66280 INFO tempest.lib.common.rest_client [req-531b7afd-5cc5-4d4e-b81f-d21e7be13fc2 req-531b7afd-5cc5-4d4e-b81f-d21e7be13fc2 ] Request (ServersTestJSON:test_create_server_with_ipv6_addr_only): 200 GET http://10.180.1.21/compute/v2.1/servers/21db3b79-4146-4b48-a198-657d2ca05b2b 1.432s
2025-12-01 13:36:18.237 66280 INFO tempest.common.waiters [-] State transition "BUILD/networking" ==> "BUILD/spawning" after 38 second wait
2025-12-01 13:36:18.242 66260 INFO tempest.lib.common.rest_client [req-b20b4bc8-d17d-48b6-a5e4-e55b582f8d13 req-b20b4bc8-d17d-48b6-a5e4-e55b582f8d13 ] Request (MultipleCreateTestJSON:tearDownClass): 200 GET http://10.180.1.21/compute/v2.1/servers/e2942a34-ffad-423a-baff-0027c88faaa0 1.287s
2025-12-01 13:36:18.307 66302 INFO tempest.lib.common.rest_client [req-c9c34a0d-a8fb-4fd8-a076-d87377d79a77 req-c9c34a0d-a8fb-4fd8-a076-d87377d79a77 ] Request (ImagesOneServerNegativeTestJSON:_run_cleanups): 200 GET http://10.180.1.21/compute/v2.1/servers/5c6cd7e6-b057-42b7-b2e2-0da552ef2312 1.333s
2025-12-01 13:36:18.323 66306 INFO tempest.lib.common.rest_client [req-3291d3cd-b203-403b-930a-07ecfa7c1e79 req-3291d3cd-b203-403b-930a-07ecfa7c1e79 ] Request (ServersWithSpecificFlavorTestJSON:test_verify_created_server_ephemeral_disk): 200 GET http://10.180.1.21/compute/v2.1/servers/afbb5c92-d555-4b8f-b170-5cb53e87491d 1.260s
2025-12-01 13:36:18.392 66304 INFO tempest.lib.common.rest_client [req-b445d76e-e591-4a2b-a158-adb72f29384b req-b445d76e-e591-4a2b-a158-adb72f29384b ] Request (ServersAaction247Test:test_create_backup): 200 GET http://10.180.1.21/compute/v2.1/servers/3777e364-d298-4b29-a543-d6d053d8e9dd 1.247s
2025-12-01 13:36:18.430 66298 INFO tempest.lib.common.rest_client [req-5d49e775-a9f4-4ad2-8d79-c114a8bd9fa7 req-5d49e775-a9f4-4ad2-8d79-c114a8bd9fa7 ] Request (ServersListShow2100Test:tearDownClass): 200 GET http://10.180.1.21/compute/v2.1/servers/e1c8866a-3067-4716-b949-d488bc94e24d 1.344s
2025-12-01 13:36:18.452 66258 INFO tempest.lib.common.rest_client [req-b4545e8f-9352-4c4b-86cb-25af704173bc req-b4545e8f-9352-4c4b-86cb-25af704173bc ] Request (MigrationsAdminTest:test_resize_server_revert_deleted_flavor): 200 GET http://10.180.1.21/compute/v2.1/servers/ef5f0333-5109-4fb6-91be-179cdf2541fa 1.287s
2025-12-01 13:36:18.525 66300 INFO tempest.lib.common.rest_client [req-057720ed-6a6d-4b7d-aab9-b646bfbef78a req-057720ed-6a6d-4b7d-aab9-b646bfbef78a ] Request (ImagesOneServerTestJSON:tearDownClass): 200 GET http://10.180.1.21/compute/v2.1/servers/98faf004-25ab-4aa9-8d4e-948a39bcf39a 1.306s
2025-12-01 13:36:18.539 66310 INFO tempest.lib.common.rest_client [req-341ee127-b6e4-4bc7-b94b-992bb324dc6b req-341ee127-b6e4-4bc7-b94b-992bb324dc6b ] Request (ServersAdmin275Test:tearDownClass): 200 GET http://10.180.1.21/compute/v2.1/servers/242e40a3-2e0b-4825-ad80-5d2c512d17d9 1.287s
2025-12-01 13:36:18.584 66292 INFO tempest.lib.common.rest_client [req-1a2690f3-ec67-40da-bd74-47bf05643e84 req-1a2690f3-ec67-40da-bd74-47bf05643e84 ] Request (ServerGroupTestJSON:tearDownClass): 204 DELETE http://10.180.1.21/networking/v2.0/networks/0bf4c122-d7ae-43c3-be72-8b5843f731d8 0.389s
2025-12-01 13:36:18.611 66270 INFO tempest.lib.common.rest_client [req-54873143-c4e2-4837-b2b3-eaf24363405a req-54873143-c4e2-4837-b2b3-eaf24363405a ] Request (InstanceActionsNegativeTestJSON:setUpClass): 200 GET http://10.180.1.21/compute/v2.1/servers/60166c03-773a-4650-b278-b4d232488d77 1.327s
2025-12-01 13:36:18.611 66262 INFO tempest.lib.common.rest_client [req-3f63f529-3c0f-4fc7-9233-5d3a75abfaff req-3f63f529-3c0f-4fc7-9233-5d3a75abfaff ] Request (TenantUsagesTestJSON:setUpClass): 200 GET http://10.180.1.21/compute/v2.1/servers/4322180a-58fa-416b-89cb-bcdfbab348c6 1.307s
2025-12-01 13:36:18.690 66287 INFO tempest.lib.common.rest_client [req-4270df85-68c0-43fe-acfb-ae2113acb6e8 req-4270df85-68c0-43fe-acfb-ae2113acb6e8 ] Request (ServerPasswordTestJSON:tearDownClass): 200 GET http://10.180.1.21/compute/v2.1/servers/bf69b32f-1651-4ad8-ab6a-52f4d2b26233 1.124s
2025-12-01 13:36:18.690 66276 WARNING tempest.lib.common.ssh [-] Failed to establish authenticated ssh connection to cirros@10.180.180.181 ([Errno None] Unable to connect to port 22 on 10.180.180.181). Number attempts: 3. Retry after 4 seconds.: paramiko.ssh_exception.NoValidConnectionsError: [Errno None] Unable to connect to port 22 on 10.180.180.181
2025-12-01 13:36:18.708 66282 INFO tempest.lib.common.rest_client [req-57c8e18f-0664-4c69-a89b-cd27a9ff92fd req-57c8e18f-0664-4c69-a89b-cd27a9ff92fd ] Request (ExtensionsTest:test_list_extensions): 200 GET http://10.180.1.21/compute/v2.1/extensions 1.051s
2025-12-01 13:36:18.713 66314 INFO tempest.lib.common.rest_client [req-0f2b30ee-98eb-4a6c-a92d-1ad091cfd8d5 req-0f2b30ee-98eb-4a6c-a92d-1ad091cfd8d5 ] Request (ServersTestMultiNic:_run_cleanups): 200 GET http://10.180.1.21/compute/v2.1/servers/643db833-afad-4ab7-b8f4-d56627a5bc8e 1.116s
2025-12-01 13:36:18.747 66292 INFO tempest.lib.common.rest_client [req-bba53b7f-08fc-4e69-a534-d6faf669c160 req-bba53b7f-08fc-4e69-a534-d6faf669c160 ] Request (ServerGroupTestJSON:tearDownClass): 204 DELETE http://10.180.1.21/identity/v3/users/7dba299ed91348dd9f861721a99895a5 0.162s
2025-12-01 13:36:18.747 66292 INFO tempest.lib.common.dynamic_creds [-] Deleting project and security group for project: c987165dea3b485a93d3bc33180770f8
2025-12-01 13:36:18.778 66292 INFO tempest.lib.common.rest_client [req-92f19de3-fb5c-4ded-9425-55f4eb775f03 req-92f19de3-fb5c-4ded-9425-55f4eb775f03 ] Request (ServerGroupTestJSON:tearDownClass): 200 GET http://10.180.1.21/networking/v2.0/security-groups?tenant_id=c987165dea3b485a93d3bc33180770f8&name=default 0.031s
2025-12-01 13:36:18.810 66294 INFO tempest.lib.common.rest_client [req-e0be3d7f-05fa-4deb-93a9-39b3553d30ae req-e0be3d7f-05fa-4deb-93a9-39b3553d30ae ] Request (ServerDiagnosticsTest:tearDownClass): 200 GET http://10.180.1.21/compute/v2.1/servers/38aaaf3b-96c1-4530-bdc6-7729ee563a57 1.098s
2025-12-01 13:36:18.854 66282 INFO tempest.lib.common.rest_client [req-8a2dcb9b-a010-44dc-96ea-058f9c544e3e req-8a2dcb9b-a010-44dc-96ea-058f9c544e3e ] Request (ExtensionsTest:tearDownClass): 204 DELETE http://10.180.1.21/identity/v3/users/a8e93b723d4e42d3b80683eb87c594db 0.136s
2025-12-01 13:36:18.854 66282 INFO tempest.lib.common.dynamic_creds [-] Deleting project and security group for project: 84e3abe072ad4d589b776d55a62dcd2e
2025-12-01 13:36:18.880 66290 INFO tempest.lib.common.rest_client [req-ef7cd1b7-703d-4705-a46d-37fd18f10e80 req-ef7cd1b7-703d-4705-a46d-37fd18f10e80 ] Request (ServerDiskConfigTestJSON:test_rebuild_server_with_manual_disk_config): 200 GET http://10.180.1.21/compute/v2.1/servers/a4d9ccd6-3815-4d7f-99a5-12f22b159c7c 1.145s
2025-12-01 13:36:18.889 66290 INFO tempest.common.waiters [-] State transition "BUILD/spawning" ==> "ACTIVE/None" after 43 second wait
2025-12-01 13:36:18.910 66292 INFO tempest.lib.common.rest_client [req-2f4ecec2-6eb8-4be2-8ab7-819102adc1e2 req-2f4ecec2-6eb8-4be2-8ab7-819102adc1e2 ] Request (ServerGroupTestJSON:tearDownClass): 204 DELETE http://10.180.1.21/networking/v2.0/security-groups/74b82953-2e9f-4aa6-a354-b00bb79b7f59 0.132s
2025-12-01 13:36:18.926 66282 INFO tempest.lib.common.rest_client [req-d3a42018-8033-43af-895a-2d877071f51a req-d3a42018-8033-43af-895a-2d877071f51a ] Request (ExtensionsTest:tearDownClass): 201 POST http://10.180.1.21/identity/v3/auth/tokens 0.072s
2025-12-01 13:36:18.927 66256 INFO tempest.lib.common.rest_client [req-8a369ee9-0534-400f-8071-90200e050b60 req-8a369ee9-0534-400f-8071-90200e050b60 ] Request (ServersAdminTestJSON:setUpClass): 200 GET http://10.180.1.21/compute/v2.1/servers/6ee00201-4876-45bc-b04f-8bca396775b5 1.163s
2025-12-01 13:36:18.966 66288 INFO tempest.lib.common.rest_client [req-c1969357-0483-4ec2-a9b4-b82e91f33ea3 req-c1969357-0483-4ec2-a9b4-b82e91f33ea3 ] Request (VolumesAssistedSnapshotsTest:tearDownClass): 204 DELETE http://10.180.1.21/compute/v2.1/servers/01cca923-2ffe-43ea-9752-6bbafe920581 0.900s
2025-12-01 13:36:18.998 66278 INFO tempest.lib.common.rest_client [req-95bb487d-601d-4e02-9201-c91b5e94b9ec req-95bb487d-601d-4e02-9201-c91b5e94b9ec ] Request (ListImageFiltersTestJSON:setUpClass): 204 PUT http://10.180.1.21/image/v2/images/72be4fde-bf8d-4d58-8677-d8bde46016e1/file 0.844s
2025-12-01 13:36:19.015 66274 INFO tempest.lib.common.rest_client [req-1db7722e-409a-4bcc-9db7-90a44b50cda4 req-1db7722e-409a-4bcc-9db7-90a44b50cda4 ] Request (ServerMetadataTestJSON:test_update_server_metadata): 200 POST http://10.180.1.21/compute/v2.1/servers/35307382-fdf5-453f-9af8-02616b1441d1/metadata 0.916s
2025-12-01 13:36:19.015 66292 INFO tempest.lib.common.rest_client [req-2407a838-ea6c-42ec-980a-3f100af658a2 req-2407a838-ea6c-42ec-980a-3f100af658a2 ] Request (ServerGroupTestJSON:tearDownClass): 204 DELETE http://10.180.1.21/identity/v3/projects/c987165dea3b485a93d3bc33180770f8 0.104s
2025-12-01 13:36:19.074 66272 INFO tempest.lib.common.rest_client [req-7ce9b699-8279-4de1-bf62-23b1662ce6b5 req-7ce9b699-8279-4de1-bf62-23b1662ce6b5 ] Request (FloatingIPsAssociationTestJSON:tearDownClass): 200 GET http://10.180.1.21/compute/v2.1/servers/2ae10234-340d-47bc-9a67-0342b8ebd821 0.490s
2025-12-01 13:36:19.089 66308 INFO tempest.lib.common.rest_client [req-9fda328d-4330-497b-ad42-2ed69249284a req-9fda328d-4330-497b-ad42-2ed69249284a ] Request (VolumesAdminNegativeTest:tearDownClass): 200 GET http://10.180.1.21/compute/v2.1/servers/5a692bc9-d8a2-42c2-b8c8-f71a56dd135d 0.522s
2025-12-01 13:36:19.138 66312 INFO tempest.lib.common.rest_client [req-f762dec6-28a4-469e-81eb-3348096a409e req-f762dec6-28a4-469e-81eb-3348096a409e ] Request (ServersTestManualDisk:tearDownClass): 200 GET http://10.180.1.21/compute/v2.1/servers/969b99f1-dcb0-4334-95a5-be1c95c8c8cc 0.420s
2025-12-01 13:36:19.182 66282 INFO tempest.lib.common.rest_client [req-a4032346-82a5-45d5-a8e6-dcb5fe83c629 req-a4032346-82a5-45d5-a8e6-dcb5fe83c629 ] Request (ExtensionsTest:tearDownClass): 200 GET http://10.180.1.21/networking/v2.0/security-groups?tenant_id=84e3abe072ad4d589b776d55a62dcd2e&name=default 0.255s
2025-12-01 13:36:19.194 66266 INFO tempest.lib.common.rest_client [req-5efe7ab9-c602-4ac3-8163-4a8162b9bf24 req-5efe7ab9-c602-4ac3-8163-4a8162b9bf24 ] Request (ServersAdminNegativeTestJSON:tearDownClass): 200 GET http://10.180.1.21/compute/v2.1/servers/02b3060f-2b55-4eee-9473-06a58a9bb5a1 0.264s
2025-12-01 13:36:19.211 66290 INFO tempest.lib.common.rest_client [req-2dd14c95-fc34-49df-9c47-e41e8ae96186 req-2dd14c95-fc34-49df-9c47-e41e8ae96186 ] Request (ServerDiskConfigTestJSON:test_rebuild_server_with_manual_disk_config): 200 GET http://10.180.1.21/compute/v2.1/servers/a4d9ccd6-3815-4d7f-99a5-12f22b159c7c 0.321s
2025-12-01 13:36:19.254 66278 INFO tempest.lib.common.rest_client [req-5dc73368-073d-464f-8d1e-ed75c9222245 req-5dc73368-073d-464f-8d1e-ed75c9222245 ] Request (ListImageFiltersTestJSON:setUpClass): 200 GET http://10.180.1.21/compute/v2.1/images/72be4fde-bf8d-4d58-8677-d8bde46016e1 0.254s
2025-12-01 13:36:19.302 66282 INFO tempest.lib.common.rest_client [req-b7e07dc9-896c-40a3-9336-2950ae0c00f0 req-b7e07dc9-896c-40a3-9336-2950ae0c00f0 ] Request (ExtensionsTest:tearDownClass): 204 DELETE http://10.180.1.21/networking/v2.0/security-groups/81cfa272-cf7d-4e28-91c6-2844a24bc571 0.119s
2025-12-01 13:36:19.352 66288 INFO tempest.lib.common.rest_client [req-b15b099f-257e-49d1-bb98-326e9db6c1a0 req-b15b099f-257e-49d1-bb98-326e9db6c1a0 ] Request (VolumesAssistedSnapshotsTest:tearDownClass): 200 GET http://10.180.1.21/compute/v2.1/servers/01cca923-2ffe-43ea-9752-6bbafe920581 0.386s
2025-12-01 13:36:19.381 66274 INFO tempest.lib.common.rest_client [req-72f7a004-604b-476f-82c4-c9c230a64e0a req-72f7a004-604b-476f-82c4-c9c230a64e0a ] Request (ServerMetadataTestJSON:test_update_server_metadata): 200 GET http://10.180.1.21/compute/v2.1/servers/35307382-fdf5-453f-9af8-02616b1441d1/metadata 0.366s
2025-12-01 13:36:19.393 66282 INFO tempest.lib.common.rest_client [req-f0046367-64b2-41c4-9793-a0ec6d50c2df req-f0046367-64b2-41c4-9793-a0ec6d50c2df ] Request (ExtensionsTest:tearDownClass): 204 DELETE http://10.180.1.21/identity/v3/projects/84e3abe072ad4d589b776d55a62dcd2e 0.091s
2025-12-01 13:36:19.425 66268 INFO tempest.lib.common.rest_client [req-8ba064ee-c746-40e9-ade5-819eae1743b0 req-8ba064ee-c746-40e9-ade5-819eae1743b0 ] Request (ImagesTestJSON:test_create_image_from_suspended_server): 200 GET http://10.180.1.21/compute/v2.1/servers/41e601d6-622e-42c6-81e6-b0f2f55b77ca 0.409s
2025-12-01 13:36:19.441 66290 INFO tempest.lib.common.rest_client [req-c6d14cce-bebc-445e-a060-18d083bca8ff req-c6d14cce-bebc-445e-a060-18d083bca8ff ] Request (ServerDiskConfigTestJSON:test_rebuild_server_with_manual_disk_config): 200 PUT http://10.180.1.21/compute/v2.1/servers/a4d9ccd6-3815-4d7f-99a5-12f22b159c7c 0.221s
2025-12-01 13:36:19.463 66282 INFO tempest.lib.common.rest_client [req-f5ab52cd-d3ce-4780-9d03-f0ca0206dece req-f5ab52cd-d3ce-4780-9d03-f0ca0206dece ] Request (VolumesGetTestJSON:setUpClass): 201 POST http://10.180.1.21/identity/v3/auth/tokens 0.068s
2025-12-01 13:36:19.518 66260 INFO tempest.lib.common.rest_client [req-40c12dd6-4065-48ad-a2d2-d398eaa65c69 req-40c12dd6-4065-48ad-a2d2-d398eaa65c69 ] Request (MultipleCreateTestJSON:tearDownClass): 200 GET http://10.180.1.21/compute/v2.1/servers/e2942a34-ffad-423a-baff-0027c88faaa0 0.263s
2025-12-01 13:36:19.521 66282 INFO tempest.lib.common.rest_client [req-1fe6a208-e67d-4d82-9fd9-47fc575349c4 req-1fe6a208-e67d-4d82-9fd9-47fc575349c4 ] Request (VolumesGetTestJSON:setUpClass): 201 POST http://10.180.1.21/identity/v3/auth/tokens 0.054s
2025-12-01 13:36:19.553 66282 INFO tempest.lib.common.rest_client [req-089da1b5-b9a2-430c-acfb-cdf7d64d5cfa req-089da1b5-b9a2-430c-acfb-cdf7d64d5cfa ] Request (VolumesGetTestJSON:setUpClass): 200 GET http://10.180.1.21/identity/v3/domains?name=Default 0.031s
2025-12-01 13:36:19.563 66278 INFO tempest.lib.common.rest_client [req-7ea09ccc-9599-4507-87f5-75360cc9b3f8 req-7ea09ccc-9599-4507-87f5-75360cc9b3f8 ] Request (ListImageFiltersTestJSON:setUpClass): 200 GET http://10.180.1.21/compute/v2.1/images/72be4fde-bf8d-4d58-8677-d8bde46016e1 0.306s
2025-12-01 13:36:19.580 66280 INFO tempest.lib.common.rest_client [req-f7cca64d-63fb-4c92-a0c8-6c6c3f3396cf req-f7cca64d-63fb-4c92-a0c8-6c6c3f3396cf ] Request (ServersTestJSON:test_create_server_with_ipv6_addr_only): 200 GET http://10.180.1.21/compute/v2.1/servers/21db3b79-4146-4b48-a198-657d2ca05b2b 0.341s
2025-12-01 13:36:19.586 66282 INFO tempest.lib.common.rest_client [req-68a66a05-e46b-4541-b21d-bb72553432b2 req-68a66a05-e46b-4541-b21d-bb72553432b2 ] Request (VolumesGetTestJSON:setUpClass): 201 POST http://10.180.1.21/identity/v3/projects 0.033s
2025-12-01 13:36:19.627 66302 INFO tempest.lib.common.rest_client [req-6281539a-3058-4950-81af-0466912c8068 req-6281539a-3058-4950-81af-0466912c8068 ] Request (ImagesOneServerNegativeTestJSON:_run_cleanups): 200 GET http://10.180.1.21/compute/v2.1/servers/5c6cd7e6-b057-42b7-b2e2-0da552ef2312 0.311s
2025-12-01 13:36:19.634 66302 INFO tempest.common.waiters [-] State transition "BUILD/scheduling" ==> "BUILD/None" after 10 second wait
2025-12-01 13:36:19.642 66306 INFO tempest.lib.common.rest_client [req-fea581c4-0249-4d7d-9bb5-681790d06f36 req-fea581c4-0249-4d7d-9bb5-681790d06f36 ] Request (ServersWithSpecificFlavorTestJSON:test_verify_created_server_ephemeral_disk): 200 GET http://10.180.1.21/compute/v2.1/servers/afbb5c92-d555-4b8f-b170-5cb53e87491d 0.308s
2025-12-01 13:36:19.653 66282 INFO tempest.lib.common.rest_client [req-6973b972-c2f0-4951-8ad4-f0ebe67aa530 req-6973b972-c2f0-4951-8ad4-f0ebe67aa530 ] Request (VolumesGetTestJSON:setUpClass): 201 POST http://10.180.1.21/identity/v3/users 0.067s
2025-12-01 13:36:19.673 66282 INFO tempest.lib.common.rest_client [req-01bc88ef-6817-43f3-a27a-c4a17353d406 req-01bc88ef-6817-43f3-a27a-c4a17353d406 ] Request (VolumesGetTestJSON:setUpClass): 200 GET http://10.180.1.21/identity/v3/roles 0.019s
2025-12-01 13:36:19.697 66282 INFO tempest.lib.common.rest_client [req-0528267d-63f4-4073-8102-b5da1e8274c0 req-0528267d-63f4-4073-8102-b5da1e8274c0 ] Request (VolumesGetTestJSON:setUpClass): 204 PUT http://10.180.1.21/identity/v3/projects/f0978699244d45d4b22ca41cc628a68b/users/9bd1d89286454da4a2f5e20fe7aa0440/roles/2ceb860eb75e46918a1da91a10e9b7d9 0.024s
2025-12-01 13:36:19.697 66282 INFO tempest.lib.common.dynamic_creds [-] Dynamic test user 9bd1d89286454da4a2f5e20fe7aa0440 is created with scope project and roles: ['member']
2025-12-01 13:36:19.697 66282 INFO tempest.lib.common.dynamic_creds [-] Acquired dynamic creds: credentials: Credentials: {'domain_id': 'default', 'domain_name': 'Default', 'username': 'tempest-VolumesGetTestJSON-1603547488-project-member', 'project_domain_id': 'default', 'project_domain_name': 'Default', 'project_id': 'f0978699244d45d4b22ca41cc628a68b', 'project_name': 'tempest-VolumesGetTestJSON-1603547488', 'tenant_id': 'f0978699244d45d4b22ca41cc628a68b', 'tenant_name': 'tempest-VolumesGetTestJSON-1603547488', 'user_domain_id': 'default', 'user_domain_name': 'Default', 'user_id': '9bd1d89286454da4a2f5e20fe7aa0440', 'system': None}, Network: None, Subnet: None, Router: None
2025-12-01 13:36:19.698 66282 INFO tempest.lib.common.dynamic_creds [-] Created isolated network resources for: credentials: Credentials: {'domain_id': 'default', 'domain_name': 'Default', 'username': 'tempest-VolumesGetTestJSON-1603547488-project-member', 'project_domain_id': 'default', 'project_domain_name': 'Default', 'project_id': 'f0978699244d45d4b22ca41cc628a68b', 'project_name': 'tempest-VolumesGetTestJSON-1603547488', 'tenant_id': 'f0978699244d45d4b22ca41cc628a68b', 'tenant_name': 'tempest-VolumesGetTestJSON-1603547488', 'user_domain_id': 'default', 'user_domain_name': 'Default', 'user_id': '9bd1d89286454da4a2f5e20fe7aa0440', 'system': None}, Network: None, Subnet: None, Router: None
2025-12-01 13:36:19.699 66304 INFO tempest.lib.common.rest_client [req-9515b759-9e94-4d01-a6a2-c7873ca3a9d7 req-9515b759-9e94-4d01-a6a2-c7873ca3a9d7 ] Request (ServersAaction247Test:test_create_backup): 200 GET http://10.180.1.21/compute/v2.1/servers/3777e364-d298-4b29-a543-d6d053d8e9dd 0.295s
2025-12-01 13:36:19.722 66274 INFO tempest.lib.common.rest_client [req-a0761623-61a8-4e07-87df-d46d3654a6ef req-a0761623-61a8-4e07-87df-d46d3654a6ef ] Request (ServerMetadataTestJSON:tearDownClass): 204 DELETE http://10.180.1.21/compute/v2.1/servers/35307382-fdf5-453f-9af8-02616b1441d1 0.334s
2025-12-01 13:36:19.770 66282 INFO tempest.lib.common.rest_client [req-3f361a9b-9af6-488f-ac96-511334a2c721 req-3f361a9b-9af6-488f-ac96-511334a2c721 ] Request (VolumesGetTestJSON:setUpClass): 201 POST http://10.180.1.21/identity/v3/auth/tokens 0.069s
2025-12-01 13:36:19.776 66298 INFO tempest.lib.common.rest_client [req-04451849-ed6d-47ab-8921-ec4735944c5e req-04451849-ed6d-47ab-8921-ec4735944c5e ] Request (ServersListShow2100Test:tearDownClass): 200 GET http://10.180.1.21/compute/v2.1/servers/e1c8866a-3067-4716-b949-d488bc94e24d 0.334s
2025-12-01 13:36:19.823 66258 INFO tempest.lib.common.rest_client [req-a047d470-6f2d-4a52-8ea6-2714abb29812 req-a047d470-6f2d-4a52-8ea6-2714abb29812 ] Request (MigrationsAdminTest:test_resize_server_revert_deleted_flavor): 200 GET http://10.180.1.21/compute/v2.1/servers/ef5f0333-5109-4fb6-91be-179cdf2541fa 0.359s
2025-12-01 13:36:19.866 66290 INFO tempest.lib.common.rest_client [req-9369b2a6-58b2-4a3a-8eb8-025422adb10c req-9369b2a6-58b2-4a3a-8eb8-025422adb10c ] Request (ServerDiskConfigTestJSON:test_rebuild_server_with_manual_disk_config): 200 GET http://10.180.1.21/compute/v2.1/servers/a4d9ccd6-3815-4d7f-99a5-12f22b159c7c 0.419s
2025-12-01 13:36:19.887 66300 INFO tempest.lib.common.rest_client [req-a8e1414c-8099-4a3c-80e9-3fa9a8a7e88f req-a8e1414c-8099-4a3c-80e9-3fa9a8a7e88f ] Request (ImagesOneServerTestJSON:tearDownClass): 200 GET http://10.180.1.21/compute/v2.1/servers/98faf004-25ab-4aa9-8d4e-948a39bcf39a 0.347s
2025-12-01 13:36:19.906 66278 INFO tempest.lib.common.rest_client [req-40b12885-fb3d-4bf0-9208-1f196e7b0757 req-40b12885-fb3d-4bf0-9208-1f196e7b0757 ] Request (ListImageFiltersTestJSON:setUpClass): 201 POST http://10.180.1.21/image/v2/images 0.340s
2025-12-01 13:36:19.946 66270 INFO tempest.lib.common.rest_client [req-83879f39-5513-4bdb-9464-0b35ade82b81 req-83879f39-5513-4bdb-9464-0b35ade82b81 ] Request (InstanceActionsNegativeTestJSON:setUpClass): 200 GET http://10.180.1.21/compute/v2.1/servers/60166c03-773a-4650-b278-b4d232488d77 0.324s
2025-12-01 13:36:19.966 66310 INFO tempest.lib.common.rest_client [req-5924eabf-83d1-4c1d-a15a-9a940fbb3762 req-5924eabf-83d1-4c1d-a15a-9a940fbb3762 ] Request (ServersAdmin275Test:tearDownClass): 200 GET http://10.180.1.21/compute/v2.1/servers/242e40a3-2e0b-4825-ad80-5d2c512d17d9 0.416s
2025-12-01 13:36:20.001 66262 INFO tempest.lib.common.rest_client [req-dc0a6d6e-24f9-4191-b5a2-d4e7844d424e req-dc0a6d6e-24f9-4191-b5a2-d4e7844d424e ] Request (TenantUsagesTestJSON:setUpClass): 200 GET http://10.180.1.21/compute/v2.1/servers/4322180a-58fa-416b-89cb-bcdfbab348c6 0.378s
2025-12-01 13:36:20.030 66287 INFO tempest.lib.common.rest_client [req-130d261b-e3a0-4ec2-bcf1-e834696d3959 req-130d261b-e3a0-4ec2-bcf1-e834696d3959 ] Request (ServerPasswordTestJSON:tearDownClass): 200 GET http://10.180.1.21/compute/v2.1/servers/bf69b32f-1651-4ad8-ab6a-52f4d2b26233 0.331s
2025-12-01 13:36:20.087 66314 INFO tempest.lib.common.rest_client [req-a9e464c5-240d-4fb5-9bb5-7207b084d2ca req-a9e464c5-240d-4fb5-9bb5-7207b084d2ca ] Request (ServersTestMultiNic:_run_cleanups): 200 GET http://10.180.1.21/compute/v2.1/servers/643db833-afad-4ab7-b8f4-d56627a5bc8e 0.363s
2025-12-01 13:36:20.094 66314 INFO tempest.common.waiters [-] State transition "ACTIVE/deleting" ==> "DELETED/None" after 4 second wait
2025-12-01 13:36:20.145 66274 INFO tempest.lib.common.rest_client [req-985a3770-172d-483f-8c15-faa632ce363b req-985a3770-172d-483f-8c15-faa632ce363b ] Request (ServerMetadataTestJSON:tearDownClass): 200 GET http://10.180.1.21/compute/v2.1/servers/35307382-fdf5-453f-9af8-02616b1441d1 0.423s
2025-12-01 13:36:20.197 66294 INFO tempest.lib.common.rest_client [req-9c357975-8fd5-43fe-8468-2f71be0d19dd req-9c357975-8fd5-43fe-8468-2f71be0d19dd ] Request (ServerDiagnosticsTest:tearDownClass): 200 GET http://10.180.1.21/compute/v2.1/servers/38aaaf3b-96c1-4530-bdc6-7729ee563a57 0.380s
2025-12-01 13:36:20.296 66290 INFO tempest.lib.common.rest_client [req-57514cc6-787b-4b6f-8340-e7559078d308 req-57514cc6-787b-4b6f-8340-e7559078d308 ] Request (ServerDiskConfigTestJSON:test_rebuild_server_with_manual_disk_config): 200 GET http://10.180.1.21/compute/v2.1/servers/a4d9ccd6-3815-4d7f-99a5-12f22b159c7c 0.423s
2025-12-01 13:36:20.345 66282 INFO tempest.lib.common.rest_client [req-f86e7a97-734e-4be0-946f-4f4ac8023b20 req-f86e7a97-734e-4be0-946f-4f4ac8023b20 ] Request (VolumesGetTestJSON:test_volume_create_get_delete): 200 POST http://10.180.1.21/compute/v2.1/os-volumes 0.573s
2025-12-01 13:36:20.358 66256 INFO tempest.lib.common.rest_client [req-1eb71b9e-4676-4c4c-9975-85f3657f35cb req-1eb71b9e-4676-4c4c-9975-85f3657f35cb ] Request (ServersAdminTestJSON:setUpClass): 200 GET http://10.180.1.21/compute/v2.1/servers/6ee00201-4876-45bc-b04f-8bca396775b5 0.423s
2025-12-01 13:36:20.373 66272 INFO tempest.lib.common.rest_client [req-a0015792-fcd0-4313-80e0-4e941ea7f2c3 req-a0015792-fcd0-4313-80e0-4e941ea7f2c3 ] Request (FloatingIPsAssociationTestJSON:tearDownClass): 404 GET http://10.180.1.21/compute/v2.1/servers/2ae10234-340d-47bc-9a67-0342b8ebd821 0.289s
2025-12-01 13:36:20.439 66308 INFO tempest.lib.common.rest_client [req-0fa1c96c-3250-4c86-ae33-1dae0f637e33 req-0fa1c96c-3250-4c86-ae33-1dae0f637e33 ] Request (VolumesAdminNegativeTest:tearDownClass): 200 GET http://10.180.1.21/compute/v2.1/servers/5a692bc9-d8a2-42c2-b8c8-f71a56dd135d 0.341s
2025-12-01 13:36:20.459 66312 INFO tempest.lib.common.rest_client [req-a53fb16f-624f-4a99-bef8-7a9389832554 req-a53fb16f-624f-4a99-bef8-7a9389832554 ] Request (ServersTestManualDisk:tearDownClass): 200 GET http://10.180.1.21/compute/v2.1/servers/969b99f1-dcb0-4334-95a5-be1c95c8c8cc 0.314s
2025-12-01 13:36:20.504 66266 INFO tempest.lib.common.rest_client [req-8e11e75d-ca1a-4746-aeec-9715fdb83581 req-8e11e75d-ca1a-4746-aeec-9715fdb83581 ] Request (ServersAdminNegativeTestJSON:tearDownClass): 200 GET http://10.180.1.21/compute/v2.1/servers/02b3060f-2b55-4eee-9473-06a58a9bb5a1 0.301s
2025-12-01 13:36:20.563 66282 INFO tempest.lib.common.rest_client [req-8953fae5-a7b4-47eb-b6a6-6c6e171d6946 req-8953fae5-a7b4-47eb-b6a6-6c6e171d6946 ] Request (VolumesGetTestJSON:test_volume_create_get_delete): 200 GET http://10.180.1.21/compute/v2.1/os-volumes/39ad4714-72b8-4fbd-99a4-36254b8f464c 0.214s
2025-12-01 13:36:20.566 66282 INFO tempest.common.waiters [-] volume 39ad4714-72b8-4fbd-99a4-36254b8f464c reached available after waiting for 0.566582 seconds
2025-12-01 13:36:20.650 66290 INFO tempest.lib.common.rest_client [req-9b4d761f-4087-4fd0-a730-14d335174e44 req-9b4d761f-4087-4fd0-a730-14d335174e44 ] Request (ServerDiskConfigTestJSON:test_rebuild_server_with_manual_disk_config): 202 POST http://10.180.1.21/compute/v2.1/servers/a4d9ccd6-3815-4d7f-99a5-12f22b159c7c/action 0.346s
2025-12-01 13:36:20.702 66288 INFO tempest.lib.common.rest_client [req-786385bb-9f8c-4a12-9410-df5f20069057 req-786385bb-9f8c-4a12-9410-df5f20069057 ] Request (VolumesAssistedSnapshotsTest:tearDownClass): 200 GET http://10.180.1.21/compute/v2.1/servers/01cca923-2ffe-43ea-9752-6bbafe920581 0.341s
2025-12-01 13:36:20.789 66260 INFO tempest.lib.common.rest_client [req-b7b3fc4b-3780-47e9-a94c-418df7ea8dfb req-b7b3fc4b-3780-47e9-a94c-418df7ea8dfb ] Request (MultipleCreateTestJSON:tearDownClass): 200 GET http://10.180.1.21/compute/v2.1/servers/e2942a34-ffad-423a-baff-0027c88faaa0 0.263s
2025-12-01 13:36:20.821 66268 INFO tempest.lib.common.rest_client [req-d6ce8e3e-a98f-45f2-b8d4-9a15a4732830 req-d6ce8e3e-a98f-45f2-b8d4-9a15a4732830 ] Request (ImagesTestJSON:test_create_image_from_suspended_server): 200 GET http://10.180.1.21/compute/v2.1/servers/41e601d6-622e-42c6-81e6-b0f2f55b77ca 0.388s
2025-12-01 13:36:20.838 66282 INFO tempest.lib.common.rest_client [req-1e303d5d-bc08-459f-bb1c-849d6a220f04 req-1e303d5d-bc08-459f-bb1c-849d6a220f04 ] Request (VolumesGetTestJSON:test_volume_create_get_delete): 200 GET http://10.180.1.21/compute/v2.1/os-volumes/39ad4714-72b8-4fbd-99a4-36254b8f464c 0.271s
2025-12-01 13:36:20.915 66302 INFO tempest.lib.common.rest_client [req-e4594060-bf04-4183-9582-0df8f057bc41 req-e4594060-bf04-4183-9582-0df8f057bc41 ] Request (ImagesOneServerNegativeTestJSON:_run_cleanups): 200 GET http://10.180.1.21/compute/v2.1/servers/5c6cd7e6-b057-42b7-b2e2-0da552ef2312 0.280s
2025-12-01 13:36:20.941 66280 INFO tempest.lib.common.rest_client [req-701307d8-d1c4-4758-8913-f116dfb01ba6 req-701307d8-d1c4-4758-8913-f116dfb01ba6 ] Request (ServersTestJSON:test_create_server_with_ipv6_addr_only): 200 GET http://10.180.1.21/compute/v2.1/servers/21db3b79-4146-4b48-a198-657d2ca05b2b 0.353s
2025-12-01 13:36:20.970 66306 INFO tempest.lib.common.rest_client [req-db53710a-532a-4732-ad1f-46605c29f724 req-db53710a-532a-4732-ad1f-46605c29f724 ] Request (ServersWithSpecificFlavorTestJSON:test_verify_created_server_ephemeral_disk): 200 GET http://10.180.1.21/compute/v2.1/servers/afbb5c92-d555-4b8f-b170-5cb53e87491d 0.319s
2025-12-01 13:36:21.046 66290 INFO tempest.lib.common.rest_client [req-de2a68f5-b227-4cf7-88e6-75673f24b4f9 req-de2a68f5-b227-4cf7-88e6-75673f24b4f9 ] Request (ServerDiskConfigTestJSON:test_rebuild_server_with_manual_disk_config): 200 GET http://10.180.1.21/compute/v2.1/servers/a4d9ccd6-3815-4d7f-99a5-12f22b159c7c 0.390s
2025-12-01 13:36:21.067 66304 INFO tempest.lib.common.rest_client [req-d92da507-d1aa-4981-a5a1-745cbfcd8f57 req-d92da507-d1aa-4981-a5a1-745cbfcd8f57 ] Request (ServersAaction247Test:test_create_backup): 200 GET http://10.180.1.21/compute/v2.1/servers/3777e364-d298-4b29-a543-d6d053d8e9dd 0.358s
2025-12-01 13:36:21.125 66298 INFO tempest.lib.common.rest_client [req-bfbaed60-4c9b-499a-9ea6-026e5b33f043 req-bfbaed60-4c9b-499a-9ea6-026e5b33f043 ] Request (ServersListShow2100Test:tearDownClass): 200 GET http://10.180.1.21/compute/v2.1/servers/e1c8866a-3067-4716-b949-d488bc94e24d 0.335s
2025-12-01 13:36:21.137 66258 INFO tempest.lib.common.rest_client [req-ef8f5865-08b8-40be-b2be-0562086e5ac1 req-ef8f5865-08b8-40be-b2be-0562086e5ac1 ] Request (MigrationsAdminTest:test_resize_server_revert_deleted_flavor): 200 GET http://10.180.1.21/compute/v2.1/servers/ef5f0333-5109-4fb6-91be-179cdf2541fa 0.305s
2025-12-01 13:36:21.179 66282 INFO tempest.lib.common.rest_client [req-ca5ec80a-84fb-41b6-a7b1-916af79a7136 req-ca5ec80a-84fb-41b6-a7b1-916af79a7136 ] Request (VolumesGetTestJSON:tearDownClass): 202 DELETE http://10.180.1.21/compute/v2.1/os-volumes/39ad4714-72b8-4fbd-99a4-36254b8f464c 0.333s
2025-12-01 13:36:21.188 66272 INFO tempest.lib.common.rest_client [req-9f0238b6-a460-4ece-8962-1bb67bc97ec6 req-9f0238b6-a460-4ece-8962-1bb67bc97ec6 ] Request (FloatingIPsAssociationTestJSON:tearDownClass): 200 PUT http://10.180.1.21/networking/v2.0/routers/5c81cc18-4bee-4754-ab96-4e86e8f8624b/remove_router_interface 0.815s
2025-12-01 13:36:21.624 66272 INFO tempest.lib.common.rest_client [req-619a3f16-34ed-4c50-a1dd-d02a9d625f55 req-619a3f16-34ed-4c50-a1dd-d02a9d625f55 ] Request (FloatingIPsAssociationTestJSON:tearDownClass): 204 DELETE http://10.180.1.21/networking/v2.0/routers/5c81cc18-4bee-4754-ab96-4e86e8f8624b 0.435s
2025-12-01 13:36:21.651 66300 INFO tempest.lib.common.rest_client [req-f9f6b2c9-45a4-454e-8a1c-c19216a61ede req-f9f6b2c9-45a4-454e-8a1c-c19216a61ede ] Request (ImagesOneServerTestJSON:tearDownClass): 200 GET http://10.180.1.21/compute/v2.1/servers/98faf004-25ab-4aa9-8d4e-948a39bcf39a 0.757s
2025-12-01 13:36:21.659 66278 INFO tempest.lib.common.rest_client [req-910d6230-1e63-4a18-b715-93081c854cf4 req-910d6230-1e63-4a18-b715-93081c854cf4 ] Request (ListImageFiltersTestJSON:setUpClass): 204 PUT http://10.180.1.21/image/v2/images/1a7c5bc4-0864-48f1-b40a-5eb568772834/file 0.751s
2025-12-01 13:36:21.668 66270 INFO tempest.lib.common.rest_client [req-77d80032-614a-40f7-9e8d-0edd93e7027d req-77d80032-614a-40f7-9e8d-0edd93e7027d ] Request (InstanceActionsNegativeTestJSON:setUpClass): 200 GET http://10.180.1.21/compute/v2.1/servers/60166c03-773a-4650-b278-b4d232488d77 0.712s
2025-12-01 13:36:21.760 66310 INFO tempest.lib.common.rest_client [req-2ef94c76-3b20-4a3a-a0b6-f80fda7869cc req-2ef94c76-3b20-4a3a-a0b6-f80fda7869cc ] Request (ServersAdmin275Test:tearDownClass): 200 GET http://10.180.1.21/compute/v2.1/servers/242e40a3-2e0b-4825-ad80-5d2c512d17d9 0.781s
2025-12-01 13:36:21.770 66262 INFO tempest.lib.common.rest_client [req-0297323b-5fe2-46d0-8937-5950d4584614 req-0297323b-5fe2-46d0-8937-5950d4584614 ] Request (TenantUsagesTestJSON:setUpClass): 200 GET http://10.180.1.21/compute/v2.1/servers/4322180a-58fa-416b-89cb-bcdfbab348c6 0.758s
2025-12-01 13:36:21.826 66272 INFO tempest.lib.common.rest_client [req-4ed8fbd2-ba93-494d-8825-96ef49c8c466 req-4ed8fbd2-ba93-494d-8825-96ef49c8c466 ] Request (FloatingIPsAssociationTestJSON:tearDownClass): 204 DELETE http://10.180.1.21/networking/v2.0/subnets/6d932a92-9f35-4f93-b3aa-a5732c71ca44 0.202s
2025-12-01 13:36:21.828 66287 INFO tempest.lib.common.rest_client [req-836fec54-b0e9-4d41-a0d9-9d8631ebdea9 req-836fec54-b0e9-4d41-a0d9-9d8631ebdea9 ] Request (ServerPasswordTestJSON:tearDownClass): 200 GET http://10.180.1.21/compute/v2.1/servers/bf69b32f-1651-4ad8-ab6a-52f4d2b26233 0.789s
2025-12-01 13:36:21.850 66314 INFO tempest.lib.common.rest_client [req-7ad75342-e4d5-475d-b1f7-946347ed6af7 req-7ad75342-e4d5-475d-b1f7-946347ed6af7 ] Request (ServersTestMultiNic:_run_cleanups): 200 GET http://10.180.1.21/compute/v2.1/servers/643db833-afad-4ab7-b8f4-d56627a5bc8e 0.754s
2025-12-01 13:36:21.885 66282 INFO tempest.lib.common.rest_client [req-8514b0e9-991c-48ab-8dd0-0392c147a8e2 req-8514b0e9-991c-48ab-8dd0-0392c147a8e2 ] Request (VolumesGetTestJSON:tearDownClass): 404 GET http://10.180.1.21/compute/v2.1/os-volumes/39ad4714-72b8-4fbd-99a4-36254b8f464c 0.705s
2025-12-01 13:36:22.034 66282 INFO tempest.lib.common.rest_client [req-7e534d3f-d86c-4135-bf88-d3800fa510d7 req-7e534d3f-d86c-4135-bf88-d3800fa510d7 ] Request (VolumesGetTestJSON:tearDownClass): 204 DELETE http://10.180.1.21/identity/v3/users/9bd1d89286454da4a2f5e20fe7aa0440 0.148s
2025-12-01 13:36:22.034 66282 INFO tempest.lib.common.dynamic_creds [-] Deleting project and security group for project: f0978699244d45d4b22ca41cc628a68b
2025-12-01 13:36:22.055 66294 INFO tempest.lib.common.rest_client [req-d0cb0af8-4f2e-4054-9374-af5670d2f564 req-d0cb0af8-4f2e-4054-9374-af5670d2f564 ] Request (ServerDiagnosticsTest:tearDownClass): 200 GET http://10.180.1.21/compute/v2.1/servers/38aaaf3b-96c1-4530-bdc6-7729ee563a57 0.848s
2025-12-01 13:36:22.082 66274 INFO tempest.lib.common.rest_client [req-cc31ffee-6476-4cbd-9855-88e41d17b9f8 req-cc31ffee-6476-4cbd-9855-88e41d17b9f8 ] Request (ServerMetadataTestJSON:tearDownClass): 200 GET http://10.180.1.21/compute/v2.1/servers/35307382-fdf5-453f-9af8-02616b1441d1 0.924s
2025-12-01 13:36:22.126 66282 INFO tempest.lib.common.rest_client [req-7e32d379-c700-43bc-ad8e-4a46f74ffb61 req-7e32d379-c700-43bc-ad8e-4a46f74ffb61 ] Request (VolumesGetTestJSON:tearDownClass): 201 POST http://10.180.1.21/identity/v3/auth/tokens 0.092s
2025-12-01 13:36:22.147 66272 INFO tempest.lib.common.rest_client [req-23d182bf-f31a-40b5-84b8-8ec3a05ae8b9 req-23d182bf-f31a-40b5-84b8-8ec3a05ae8b9 ] Request (FloatingIPsAssociationTestJSON:tearDownClass): 204 DELETE http://10.180.1.21/networking/v2.0/networks/e0d19fc7-0c30-486e-a8a4-096ab240b657 0.320s
2025-12-01 13:36:22.170 66256 INFO tempest.lib.common.rest_client [req-093b7d02-bcb6-4f63-b2fc-c59db4984108 req-093b7d02-bcb6-4f63-b2fc-c59db4984108 ] Request (ServersAdminTestJSON:setUpClass): 200 GET http://10.180.1.21/compute/v2.1/servers/6ee00201-4876-45bc-b04f-8bca396775b5 0.797s
2025-12-01 13:36:22.259 66272 INFO tempest.lib.common.rest_client [req-cda93573-5044-4a7a-9c08-012b5bb2188b req-cda93573-5044-4a7a-9c08-012b5bb2188b ] Request (FloatingIPsAssociationTestJSON:tearDownClass): 204 DELETE http://10.180.1.21/identity/v3/users/ee00407851d14d5e8804cb23053fb4ea 0.112s
2025-12-01 13:36:22.259 66272 INFO tempest.lib.common.dynamic_creds [-] Deleting project and security group for project: 7eda4f71a73749aebe02ab428da092b3
2025-12-01 13:36:22.325 66308 INFO tempest.lib.common.rest_client [req-0d0cfcff-bcd6-433d-bbc9-4788b4c44ba9 req-0d0cfcff-bcd6-433d-bbc9-4788b4c44ba9 ] Request (VolumesAdminNegativeTest:tearDownClass): 200 GET http://10.180.1.21/compute/v2.1/servers/5a692bc9-d8a2-42c2-b8c8-f71a56dd135d 0.878s
2025-12-01 13:36:22.344 66312 INFO tempest.lib.common.rest_client [req-92a81c49-6be7-4180-af2b-5da89d4bf2a4 req-92a81c49-6be7-4180-af2b-5da89d4bf2a4 ] Request (ServersTestManualDisk:tearDownClass): 200 GET http://10.180.1.21/compute/v2.1/servers/969b99f1-dcb0-4334-95a5-be1c95c8c8cc 0.876s
