2025-12-01 13:33:31.762 66302 INFO tempest.lib.common.dynamic_creds [-] Acquired dynamic creds: credentials: Credentials: {'domain_id': 'default', 'domain_name': 'Default', 'username': 'tempest-HypervisorAdminV253TestBase-161974768-project-admin', 'project_domain_id': 'default', 'project_domain_name': 'Default', 'project_id': '0a1df537091a4462bbb9e68b717fffde', 'project_name': 'tempest-HypervisorAdminV253TestBase-161974768', 'tenant_id': '0a1df537091a4462bbb9e68b717fffde', 'tenant_name': 'tempest-HypervisorAdminV253TestBase-161974768', 'user_domain_id': 'default', 'user_domain_name': 'Default', 'user_id': 'b96e68a5cd2144bf8c3d71382524ede2', 'system': None}, Network: None, Subnet: None, Router: None
2025-12-01 13:33:31.762 66302 INFO tempest.lib.common.dynamic_creds [-] Created isolated network resources for: credentials: Credentials: {'domain_id': 'default', 'domain_name': 'Default', 'username': 'tempest-HypervisorAdminV253TestBase-161974768-project-admin', 'project_domain_id': 'default', 'project_domain_name': 'Default', 'project_id': '0a1df537091a4462bbb9e68b717fffde', 'project_name': 'tempest-HypervisorAdminV253TestBase-161974768', 'tenant_id': '0a1df537091a4462bbb9e68b717fffde', 'tenant_name': 'tempest-HypervisorAdminV253TestBase-161974768', 'user_domain_id': 'default', 'user_domain_name': 'Default', 'user_id': 'b96e68a5cd2144bf8c3d71382524ede2', 'system': None}, Network: None, Subnet: None, Router: None
2025-12-01 13:33:31.764 66278 INFO tempest.lib.common.rest_client [req-bef98a57-33ab-4379-91e6-4922cae139ba req-bef98a57-33ab-4379-91e6-4922cae139ba ] Request (DeleteServersAdminTestJSON:setUpClass): 204 PUT http://10.180.1.21/identity/v3/projects/1f28cda045f94d4894850c8a6c2e85af/users/9c5b80410cba403baf7d559776ae0cc2/roles/2c584d7330e64f2bbd1e86b626e40451 0.467s
2025-12-01 13:33:31.764 66278 INFO tempest.lib.common.dynamic_creds [-] Dynamic test user 9c5b80410cba403baf7d559776ae0cc2 is created with scope project and roles: ['admin']
2025-12-01 13:33:31.764 66278 INFO tempest.lib.common.dynamic_creds [-] Acquired dynamic creds: credentials: Credentials: {'domain_id': 'default', 'domain_name': 'Default', 'username': 'tempest-DeleteServersAdminTestJSON-2100208714-project-admin', 'project_domain_id': 'default', 'project_domain_name': 'Default', 'project_id': '1f28cda045f94d4894850c8a6c2e85af', 'project_name': 'tempest-DeleteServersAdminTestJSON-2100208714', 'tenant_id': '1f28cda045f94d4894850c8a6c2e85af', 'tenant_name': 'tempest-DeleteServersAdminTestJSON-2100208714', 'user_domain_id': 'default', 'user_domain_name': 'Default', 'user_id': '9c5b80410cba403baf7d559776ae0cc2', 'system': None}, Network: None, Subnet: None, Router: None
2025-12-01 13:33:31.765 66278 INFO tempest.lib.common.dynamic_creds [-] Created isolated network resources for: credentials: Credentials: {'domain_id': 'default', 'domain_name': 'Default', 'username': 'tempest-DeleteServersAdminTestJSON-2100208714-project-admin', 'project_domain_id': 'default', 'project_domain_name': 'Default', 'project_id': '1f28cda045f94d4894850c8a6c2e85af', 'project_name': 'tempest-DeleteServersAdminTestJSON-2100208714', 'tenant_id': '1f28cda045f94d4894850c8a6c2e85af', 'tenant_name': 'tempest-DeleteServersAdminTestJSON-2100208714', 'user_domain_id': 'default', 'user_domain_name': 'Default', 'user_id': '9c5b80410cba403baf7d559776ae0cc2', 'system': None}, Network: None, Subnet: None, Router: None
2025-12-01 13:33:31.787 66310 INFO tempest.lib.common.rest_client [req-e49863ef-8c07-456b-b45a-c692a280519d req-e49863ef-8c07-456b-b45a-c692a280519d ] Request (AZAdminNegativeTestJSON:tearDownClass): 204 DELETE http://10.180.1.21/networking/v2.0/security-groups/0c99e0ae-39f8-453b-bde5-f3c615230e71 0.749s
2025-12-01 13:33:31.808 66256 INFO tempest.lib.common.rest_client [req-99c09259-4fae-4936-a9c9-d6b908630a04 req-99c09259-4fae-4936-a9c9-d6b908630a04 ] Request (QuotasAdminTestJSON:setUpClass): 204 PUT http://10.180.1.21/identity/v3/projects/35420c5377174c9ca182730208b9df4e/users/7219deee4f4241a58b5eb632fc0efa0b/roles/2c584d7330e64f2bbd1e86b626e40451 0.502s
2025-12-01 13:33:31.808 66256 INFO tempest.lib.common.dynamic_creds [-] Dynamic test user 7219deee4f4241a58b5eb632fc0efa0b is created with scope project and roles: ['admin']
2025-12-01 13:33:31.809 66256 INFO tempest.lib.common.dynamic_creds [-] Acquired dynamic creds: credentials: Credentials: {'domain_id': 'default', 'domain_name': 'Default', 'username': 'tempest-QuotasAdminTestJSON-191685892-project-admin', 'project_domain_id': 'default', 'project_domain_name': 'Default', 'project_id': '35420c5377174c9ca182730208b9df4e', 'project_name': 'tempest-QuotasAdminTestJSON-191685892', 'tenant_id': '35420c5377174c9ca182730208b9df4e', 'tenant_name': 'tempest-QuotasAdminTestJSON-191685892', 'user_domain_id': 'default', 'user_domain_name': 'Default', 'user_id': '7219deee4f4241a58b5eb632fc0efa0b', 'system': None}, Network: None, Subnet: None, Router: None
2025-12-01 13:33:31.809 66256 INFO tempest.lib.common.dynamic_creds [-] Created isolated network resources for: credentials: Credentials: {'domain_id': 'default', 'domain_name': 'Default', 'username': 'tempest-QuotasAdminTestJSON-191685892-project-admin', 'project_domain_id': 'default', 'project_domain_name': 'Default', 'project_id': '35420c5377174c9ca182730208b9df4e', 'project_name': 'tempest-QuotasAdminTestJSON-191685892', 'tenant_id': '35420c5377174c9ca182730208b9df4e', 'tenant_name': 'tempest-QuotasAdminTestJSON-191685892', 'user_domain_id': 'default', 'user_domain_name': 'Default', 'user_id': '7219deee4f4241a58b5eb632fc0efa0b', 'system': None}, Network: None, Subnet: None, Router: None
2025-12-01 13:33:31.809 66282 INFO tempest.lib.common.rest_client [req-06f6e9c6-660c-4235-92d2-e97e95087337 req-06f6e9c6-660c-4235-92d2-e97e95087337 ] Request (FlavorsAdminTestJSON:setUpClass): 204 PUT http://10.180.1.21/identity/v3/projects/bcc3475ad5864fd28959cb10afd6c231/users/9ebfabfd128f4a5b8aec38a0b6e7215a/roles/2c584d7330e64f2bbd1e86b626e40451 0.497s
2025-12-01 13:33:31.809 66282 INFO tempest.lib.common.dynamic_creds [-] Dynamic test user 9ebfabfd128f4a5b8aec38a0b6e7215a is created with scope project and roles: ['admin']
2025-12-01 13:33:31.810 66282 INFO tempest.lib.common.dynamic_creds [-] Acquired dynamic creds: credentials: Credentials: {'domain_id': 'default', 'domain_name': 'Default', 'username': 'tempest-FlavorsAdminTestJSON-1295948275-project-admin', 'project_domain_id': 'default', 'project_domain_name': 'Default', 'project_id': 'bcc3475ad5864fd28959cb10afd6c231', 'project_name': 'tempest-FlavorsAdminTestJSON-1295948275', 'tenant_id': 'bcc3475ad5864fd28959cb10afd6c231', 'tenant_name': 'tempest-FlavorsAdminTestJSON-1295948275', 'user_domain_id': 'default', 'user_domain_name': 'Default', 'user_id': '9ebfabfd128f4a5b8aec38a0b6e7215a', 'system': None}, Network: None, Subnet: None, Router: None
2025-12-01 13:33:31.810 66282 INFO tempest.lib.common.dynamic_creds [-] Created isolated network resources for: credentials: Credentials: {'domain_id': 'default', 'domain_name': 'Default', 'username': 'tempest-FlavorsAdminTestJSON-1295948275-project-admin', 'project_domain_id': 'default', 'project_domain_name': 'Default', 'project_id': 'bcc3475ad5864fd28959cb10afd6c231', 'project_name': 'tempest-FlavorsAdminTestJSON-1295948275', 'tenant_id': 'bcc3475ad5864fd28959cb10afd6c231', 'tenant_name': 'tempest-FlavorsAdminTestJSON-1295948275', 'user_domain_id': 'default', 'user_domain_name': 'Default', 'user_id': '9ebfabfd128f4a5b8aec38a0b6e7215a', 'system': None}, Network: None, Subnet: None, Router: None
2025-12-01 13:33:31.891 66287 INFO tempest.lib.common.rest_client [req-262dd674-e0ee-4480-986f-36af4c30ebd2 req-262dd674-e0ee-4480-986f-36af4c30ebd2 ] Request (HypervisorAdminUnderV252Test:setUpClass): 204 PUT http://10.180.1.21/identity/v3/projects/1091c28e38e54bcdb8b795fc4e439a01/users/db805b93f4f24b25a2b3fe6582423db8/roles/2c584d7330e64f2bbd1e86b626e40451 0.567s
2025-12-01 13:33:31.891 66287 INFO tempest.lib.common.dynamic_creds [-] Dynamic test user db805b93f4f24b25a2b3fe6582423db8 is created with scope project and roles: ['admin']
2025-12-01 13:33:31.891 66287 INFO tempest.lib.common.dynamic_creds [-] Acquired dynamic creds: credentials: Credentials: {'domain_id': 'default', 'domain_name': 'Default', 'username': 'tempest-HypervisorAdminUnderV252Test-965193087-project-admin', 'project_domain_id': 'default', 'project_domain_name': 'Default', 'project_id': '1091c28e38e54bcdb8b795fc4e439a01', 'project_name': 'tempest-HypervisorAdminUnderV252Test-965193087', 'tenant_id': '1091c28e38e54bcdb8b795fc4e439a01', 'tenant_name': 'tempest-HypervisorAdminUnderV252Test-965193087', 'user_domain_id': 'default', 'user_domain_name': 'Default', 'user_id': 'db805b93f4f24b25a2b3fe6582423db8', 'system': None}, Network: None, Subnet: None, Router: None
2025-12-01 13:33:31.892 66287 INFO tempest.lib.common.dynamic_creds [-] Created isolated network resources for: credentials: Credentials: {'domain_id': 'default', 'domain_name': 'Default', 'username': 'tempest-HypervisorAdminUnderV252Test-965193087-project-admin', 'project_domain_id': 'default', 'project_domain_name': 'Default', 'project_id': '1091c28e38e54bcdb8b795fc4e439a01', 'project_name': 'tempest-HypervisorAdminUnderV252Test-965193087', 'tenant_id': '1091c28e38e54bcdb8b795fc4e439a01', 'tenant_name': 'tempest-HypervisorAdminUnderV252Test-965193087', 'user_domain_id': 'default', 'user_domain_name': 'Default', 'user_id': 'db805b93f4f24b25a2b3fe6582423db8', 'system': None}, Network: None, Subnet: None, Router: None
2025-12-01 13:33:31.906 66270 INFO tempest.lib.common.rest_client [req-400a2ece-bbe0-4da4-b738-8471090e0168 req-400a2ece-bbe0-4da4-b738-8471090e0168 ] Request (AggregatesAdminNegativeTestJSON:setUpClass): 201 POST http://10.180.1.21/identity/v3/auth/tokens 0.577s
2025-12-01 13:33:31.943 66280 INFO tempest.lib.common.rest_client [req-851bdda2-559a-4e44-847f-4db4aa665185 req-851bdda2-559a-4e44-847f-4db4aa665185 ] Request (ServicesAdminNegativeTestJSON:setUpClass): 204 PUT http://10.180.1.21/identity/v3/projects/0027fa06344c465f9bd1375b4561ad2f/users/3d8a1c7ee43747168fc127078a66cc95/roles/2c584d7330e64f2bbd1e86b626e40451 0.561s
2025-12-01 13:33:31.944 66280 INFO tempest.lib.common.dynamic_creds [-] Dynamic test user 3d8a1c7ee43747168fc127078a66cc95 is created with scope project and roles: ['admin']
2025-12-01 13:33:31.946 66280 INFO tempest.lib.common.dynamic_creds [-] Acquired dynamic creds: credentials: Credentials: {'domain_id': 'default', 'domain_name': 'Default', 'username': 'tempest-ServicesAdminNegativeTestJSON-1336744510-project-admin', 'project_domain_id': 'default', 'project_domain_name': 'Default', 'project_id': '0027fa06344c465f9bd1375b4561ad2f', 'project_name': 'tempest-ServicesAdminNegativeTestJSON-1336744510', 'tenant_id': '0027fa06344c465f9bd1375b4561ad2f', 'tenant_name': 'tempest-ServicesAdminNegativeTestJSON-1336744510', 'user_domain_id': 'default', 'user_domain_name': 'Default', 'user_id': '3d8a1c7ee43747168fc127078a66cc95', 'system': None}, Network: None, Subnet: None, Router: None
2025-12-01 13:33:31.946 66280 INFO tempest.lib.common.dynamic_creds [-] Created isolated network resources for: credentials: Credentials: {'domain_id': 'default', 'domain_name': 'Default', 'username': 'tempest-ServicesAdminNegativeTestJSON-1336744510-project-admin', 'project_domain_id': 'default', 'project_domain_name': 'Default', 'project_id': '0027fa06344c465f9bd1375b4561ad2f', 'project_name': 'tempest-ServicesAdminNegativeTestJSON-1336744510', 'tenant_id': '0027fa06344c465f9bd1375b4561ad2f', 'tenant_name': 'tempest-ServicesAdminNegativeTestJSON-1336744510', 'user_domain_id': 'default', 'user_domain_name': 'Default', 'user_id': '3d8a1c7ee43747168fc127078a66cc95', 'system': None}, Network: None, Subnet: None, Router: None
2025-12-01 13:33:31.988 66300 INFO tempest.lib.common.rest_client [req-c1527966-1f76-47f4-8b5d-5023eee712cd req-c1527966-1f76-47f4-8b5d-5023eee712cd ] Request (HypervisorAdminTestJSON:setUpClass): 201 POST http://10.180.1.21/identity/v3/auth/tokens 0.604s
2025-12-01 13:33:31.991 66298 INFO tempest.lib.common.rest_client [req-204a22c8-abd2-4af3-ad00-7e253aa57945 req-204a22c8-abd2-4af3-ad00-7e253aa57945 ] Request (ServerExternalEventsTest:setUpClass): 204 PUT http://10.180.1.21/identity/v3/projects/a2304bf178b14e8f9febeff3e1d88187/users/87af4c17fdd34f299005c228bed5a7db/roles/2c584d7330e64f2bbd1e86b626e40451 0.560s
2025-12-01 13:33:31.991 66298 INFO tempest.lib.common.dynamic_creds [-] Dynamic test user 87af4c17fdd34f299005c228bed5a7db is created with scope project and roles: ['admin']
2025-12-01 13:33:31.992 66298 INFO tempest.lib.common.dynamic_creds [-] Acquired dynamic creds: credentials: Credentials: {'domain_id': 'default', 'domain_name': 'Default', 'username': 'tempest-ServerExternalEventsTest-645624869-project-admin', 'project_domain_id': 'default', 'project_domain_name': 'Default', 'project_id': 'a2304bf178b14e8f9febeff3e1d88187', 'project_name': 'tempest-ServerExternalEventsTest-645624869', 'tenant_id': 'a2304bf178b14e8f9febeff3e1d88187', 'tenant_name': 'tempest-ServerExternalEventsTest-645624869', 'user_domain_id': 'default', 'user_domain_name': 'Default', 'user_id': '87af4c17fdd34f299005c228bed5a7db', 'system': None}, Network: None, Subnet: None, Router: None
2025-12-01 13:33:31.992 66298 INFO tempest.lib.common.dynamic_creds [-] Created isolated network resources for: credentials: Credentials: {'domain_id': 'default', 'domain_name': 'Default', 'username': 'tempest-ServerExternalEventsTest-645624869-project-admin', 'project_domain_id': 'default', 'project_domain_name': 'Default', 'project_id': 'a2304bf178b14e8f9febeff3e1d88187', 'project_name': 'tempest-ServerExternalEventsTest-645624869', 'tenant_id': 'a2304bf178b14e8f9febeff3e1d88187', 'tenant_name': 'tempest-ServerExternalEventsTest-645624869', 'user_domain_id': 'default', 'user_domain_name': 'Default', 'user_id': '87af4c17fdd34f299005c228bed5a7db', 'system': None}, Network: None, Subnet: None, Router: None
2025-12-01 13:33:32.041 66290 INFO tempest.lib.common.rest_client [req-85b6af0f-c69f-4ee9-87ec-f1a24d44fa92 req-85b6af0f-c69f-4ee9-87ec-f1a24d44fa92 ] Request (HostsAdminTestJSON:setUpClass): 204 PUT http://10.180.1.21/identity/v3/projects/2a0a3a30a0744c3295611f96ca90e9e9/users/173d013413894cbb9f2d660a61e2bbc3/roles/2c584d7330e64f2bbd1e86b626e40451 0.551s
2025-12-01 13:33:32.042 66290 INFO tempest.lib.common.dynamic_creds [-] Dynamic test user 173d013413894cbb9f2d660a61e2bbc3 is created with scope project and roles: ['admin']
2025-12-01 13:33:32.042 66290 INFO tempest.lib.common.dynamic_creds [-] Acquired dynamic creds: credentials: Credentials: {'domain_id': 'default', 'domain_name': 'Default', 'username': 'tempest-HostsAdminTestJSON-1098032228-project-admin', 'project_domain_id': 'default', 'project_domain_name': 'Default', 'project_id': '2a0a3a30a0744c3295611f96ca90e9e9', 'project_name': 'tempest-HostsAdminTestJSON-1098032228', 'tenant_id': '2a0a3a30a0744c3295611f96ca90e9e9', 'tenant_name': 'tempest-HostsAdminTestJSON-1098032228', 'user_domain_id': 'default', 'user_domain_name': 'Default', 'user_id': '173d013413894cbb9f2d660a61e2bbc3', 'system': None}, Network: None, Subnet: None, Router: None
2025-12-01 13:33:32.042 66290 INFO tempest.lib.common.dynamic_creds [-] Created isolated network resources for: credentials: Credentials: {'domain_id': 'default', 'domain_name': 'Default', 'username': 'tempest-HostsAdminTestJSON-1098032228-project-admin', 'project_domain_id': 'default', 'project_domain_name': 'Default', 'project_id': '2a0a3a30a0744c3295611f96ca90e9e9', 'project_name': 'tempest-HostsAdminTestJSON-1098032228', 'tenant_id': '2a0a3a30a0744c3295611f96ca90e9e9', 'tenant_name': 'tempest-HostsAdminTestJSON-1098032228', 'user_domain_id': 'default', 'user_domain_name': 'Default', 'user_id': '173d013413894cbb9f2d660a61e2bbc3', 'system': None}, Network: None, Subnet: None, Router: None
2025-12-01 13:33:32.051 66294 INFO tempest.lib.common.rest_client [req-1a29796d-463b-4f54-8228-8ea88d884d89 req-1a29796d-463b-4f54-8228-8ea88d884d89 ] Request (QuotasAdminTestV257:setUpClass): 201 POST http://10.180.1.21/identity/v3/auth/tokens 0.617s
2025-12-01 13:33:32.052 66294 WARNING tempest.lib.common.rest_client [-] Deprecated: "tenant_id" property is deprecated for removal, use "project_id" instead
2025-12-01 13:33:32.104 66316 INFO tempest.lib.common.rest_client [req-e89906fa-71fe-4fac-a6bc-c8626680d373 req-e89906fa-71fe-4fac-a6bc-c8626680d373 ] Request (NetworksTest:setUpClass): 204 PUT http://10.180.1.21/identity/v3/projects/9703b4ce77d24b628c284d3a5394f026/users/7a1eb8a357034341bd26045f243098e0/roles/2c584d7330e64f2bbd1e86b626e40451 0.592s
2025-12-01 13:33:32.105 66316 INFO tempest.lib.common.dynamic_creds [-] Dynamic test user 7a1eb8a357034341bd26045f243098e0 is created with scope project and roles: ['admin']
2025-12-01 13:33:32.105 66316 INFO tempest.lib.common.dynamic_creds [-] Acquired dynamic creds: credentials: Credentials: {'domain_id': 'default', 'domain_name': 'Default', 'username': 'tempest-NetworksTest-456062711-project-admin', 'project_domain_id': 'default', 'project_domain_name': 'Default', 'project_id': '9703b4ce77d24b628c284d3a5394f026', 'project_name': 'tempest-NetworksTest-456062711', 'tenant_id': '9703b4ce77d24b628c284d3a5394f026', 'tenant_name': 'tempest-NetworksTest-456062711', 'user_domain_id': 'default', 'user_domain_name': 'Default', 'user_id': '7a1eb8a357034341bd26045f243098e0', 'system': None}, Network: None, Subnet: None, Router: None
2025-12-01 13:33:32.105 66316 INFO tempest.lib.common.dynamic_creds [-] Created isolated network resources for: credentials: Credentials: {'domain_id': 'default', 'domain_name': 'Default', 'username': 'tempest-NetworksTest-456062711-project-admin', 'project_domain_id': 'default', 'project_domain_name': 'Default', 'project_id': '9703b4ce77d24b628c284d3a5394f026', 'project_name': 'tempest-NetworksTest-456062711', 'tenant_id': '9703b4ce77d24b628c284d3a5394f026', 'tenant_name': 'tempest-NetworksTest-456062711', 'user_domain_id': 'default', 'user_domain_name': 'Default', 'user_id': '7a1eb8a357034341bd26045f243098e0', 'system': None}, Network: None, Subnet: None, Router: None
2025-12-01 13:33:32.156 66306 INFO tempest.lib.common.rest_client [req-3966ea62-3b5f-4fe5-9f07-5f66a6ffa75c req-3966ea62-3b5f-4fe5-9f07-5f66a6ffa75c ] Request (ServersWithSpecificFlavorTestJSON:setUpClass): 200 PUT http://10.180.1.21/networking/v2.0/routers/6ae6577a-b38e-46b2-a9c2-c0457ef26c67/add_router_interface 1.815s
2025-12-01 13:33:32.156 66306 INFO tempest.lib.common.dynamic_creds [-] Created isolated network resources for: credentials: Credentials: {'domain_id': 'default', 'domain_name': 'Default', 'username': 'tempest-ServersWithSpecificFlavorTestJSON-70459085-project-member', 'project_domain_id': 'default', 'project_domain_name': 'Default', 'project_id': 'babd0d22a0ae49fe938851b7659127d0', 'project_name': 'tempest-ServersWithSpecificFlavorTestJSON-70459085', 'tenant_id': 'babd0d22a0ae49fe938851b7659127d0', 'tenant_name': 'tempest-ServersWithSpecificFlavorTestJSON-70459085', 'user_domain_id': 'default', 'user_domain_name': 'Default', 'user_id': '8431b7cae6ae4242a4178a7c6638fee9', 'system': None}, Network: {'id': 'c9ad5beb-5f35-4bb8-ab21-b955a9ff9d40', 'name': 'tempest-ServersWithSpecificFlavorTestJSON-1370689363-network', 'tenant_id': 'babd0d22a0ae49fe938851b7659127d0', 'project_id': 'babd0d22a0ae49fe938851b7659127d0', 'admin_state_up': True, 'mtu': 8950, 'status': 'ACTIVE', 'subnets': [], 'shared': False, 'port_security_enabled': True, 'router:external': False, 'provider:network_type': 'vlan', 'provider:physical_network': 'default', 'provider:segmentation_id': 383, 'availability_zone_hints': [], 'availability_zones': [], 'ipv4_address_scope': None, 'ipv6_address_scope': None, 'description': '', 'tags': [], 'created_at': '2025-12-01T13:33:29Z', 'updated_at': '2025-12-01T13:33:29Z', 'revision_number': 1}, Subnet: {'id': '0cc91551-d29c-4f05-8cc3-c45fd7955332', 'name': 'tempest-ServersWithSpecificFlavorTestJSON-1370689363-subnet', 'tenant_id': 'babd0d22a0ae49fe938851b7659127d0', 'network_id': 'c9ad5beb-5f35-4bb8-ab21-b955a9ff9d40', 'ip_version': 4, 'subnetpool_id': None, 'enable_dhcp': True, 'ipv6_ra_mode': None, 'ipv6_address_mode': None, 'gateway_ip': '192.168.128.1', 'cidr': '192.168.128.0/28', 'allocation_pools': [{'start': '192.168.128.2', 'end': '192.168.128.14'}], 'host_routes': [], 'dns_nameservers': [], 'description': '', 'router:external': False, 'service_types': [], 'tags': [], 'created_at': '2025-12-01T13:33:29Z', 'updated_at': '2025-12-01T13:33:29Z', 'revision_number': 0, 'project_id': 'babd0d22a0ae49fe938851b7659127d0'}, Router: {'id': '6ae6577a-b38e-46b2-a9c2-c0457ef26c67', 'name': 'tempest-ServersWithSpecificFlavorTestJSON-1370689363-router', 'tenant_id': 'babd0d22a0ae49fe938851b7659127d0', 'admin_state_up': True, 'status': 'ACTIVE', 'external_gateway_info': {'network_id': '09e4c466-8622-42cd-bf6f-dc2d7a1ff01d', 'external_fixed_ips': [{'subnet_id': '4071e9db-12ab-49e8-839b-e034215275dd', 'ip_address': '10.180.180.153'}], 'enable_snat': True}, 'description': '', 'availability_zones': [], 'distributed': False, 'ha': False, 'availability_zone_hints': [], 'routes': [], 'flavor_id': None, 'tags': [], 'created_at': '2025-12-01T13:33:29Z', 'updated_at': '2025-12-01T13:33:30Z', 'revision_number': 2, 'project_id': 'babd0d22a0ae49fe938851b7659127d0'}
2025-12-01 13:33:32.172 66258 INFO tempest.lib.common.rest_client [req-c24b94d5-e96f-445d-94ff-9c233c4fdf08 req-c24b94d5-e96f-445d-94ff-9c233c4fdf08 ] Request (HypervisorAdminV228Test:setUpClass): 201 POST http://10.180.1.21/identity/v3/auth/tokens 0.638s
2025-12-01 13:33:32.174 66318 INFO tempest.lib.common.rest_client [req-a30d1092-ddb2-4e71-b7b2-6baa504e2275 req-a30d1092-ddb2-4e71-b7b2-6baa504e2275 ] Request (KeyPairsV210TestJSON:setUpClass): 201 POST http://10.180.1.21/identity/v3/auth/tokens 0.598s
2025-12-01 13:33:32.239 66308 INFO tempest.lib.common.rest_client [req-6065215f-c1de-4484-8c04-21ad26f3aa5e req-6065215f-c1de-4484-8c04-21ad26f3aa5e ] Request (FlavorsAccessTestJSON:setUpClass): 201 POST http://10.180.1.21/identity/v3/auth/tokens 0.621s
2025-12-01 13:33:32.240 66308 WARNING tempest.lib.common.rest_client [-] Deprecated: "tenant_id" property is deprecated for removal, use "project_id" instead
2025-12-01 13:33:32.267 66292 INFO tempest.lib.common.rest_client [req-b15991aa-4152-4f9b-b9c3-6a337965414a req-b15991aa-4152-4f9b-b9c3-6a337965414a ] Request (FlavorsV2NegativeTest:test_boot_with_low_ram): 201 POST http://10.180.1.21/image/v2/images 2.206s
2025-12-01 13:33:32.311 66288 INFO tempest.lib.common.rest_client [req-c04079b0-38c6-4603-be87-3ebdf1f39fa1 req-c04079b0-38c6-4603-be87-3ebdf1f39fa1 ] Request (VolumesAssistedSnapshotsTest:setUpClass): 201 POST http://10.180.1.21/identity/v3/projects 0.595s
2025-12-01 13:33:32.320 66314 INFO tempest.lib.common.rest_client [req-03286a75-148f-400f-a72a-b7b979ce6471 req-03286a75-148f-400f-a72a-b7b979ce6471 ] Request (InstanceUsageAuditLogNegativeTestJSON:setUpClass): 201 POST http://10.180.1.21/identity/v3/auth/tokens 0.601s
2025-12-01 13:33:32.401 66302 INFO tempest.lib.common.rest_client [req-a5cbc950-84cd-4d5f-8b5e-9ca2e4d53fc4 req-a5cbc950-84cd-4d5f-8b5e-9ca2e4d53fc4 ] Request (HypervisorAdminV253TestBase:setUpClass): 201 POST http://10.180.1.21/identity/v3/auth/tokens 0.636s
2025-12-01 13:33:32.401 66278 INFO tempest.lib.common.rest_client [req-5d186c85-d6c3-45d4-b097-b3b9caa7387e req-5d186c85-d6c3-45d4-b097-b3b9caa7387e ] Request (DeleteServersAdminTestJSON:setUpClass): 201 POST http://10.180.1.21/identity/v3/auth/tokens 0.634s
2025-12-01 13:33:32.491 66256 INFO tempest.lib.common.rest_client [req-25a9fa16-eb2d-4081-a548-8288c82f9aff req-25a9fa16-eb2d-4081-a548-8288c82f9aff ] Request (QuotasAdminTestJSON:setUpClass): 201 POST http://10.180.1.21/identity/v3/auth/tokens 0.679s
2025-12-01 13:33:32.492 66256 WARNING tempest.lib.common.rest_client [-] Deprecated: "tenant_id" property is deprecated for removal, use "project_id" instead
2025-12-01 13:33:32.533 66310 INFO tempest.lib.common.rest_client [req-f93493f2-119e-4e3c-bf5a-58b77860eec9 req-f93493f2-119e-4e3c-bf5a-58b77860eec9 ] Request (AZAdminNegativeTestJSON:tearDownClass): 204 DELETE http://10.180.1.21/identity/v3/projects/d36579c285a041ffba5c6d2891f4e3a9 0.745s
2025-12-01 13:33:32.533 66310 INFO tempest.lib.common.dynamic_creds [-] Deleting project and security group for project: 88cb6496efe14a5c954e942aaf469af2
2025-12-01 13:33:32.572 66282 INFO tempest.lib.common.rest_client [req-7cdd3d86-a377-4409-9148-a52861c8e149 req-7cdd3d86-a377-4409-9148-a52861c8e149 ] Request (FlavorsAdminTestJSON:setUpClass): 201 POST http://10.180.1.21/identity/v3/auth/tokens 0.759s
2025-12-01 13:33:32.648 66287 INFO tempest.lib.common.rest_client [req-ae3fb300-bc21-47cb-a7fb-1657e1ffe87e req-ae3fb300-bc21-47cb-a7fb-1657e1ffe87e ] Request (HypervisorAdminUnderV252Test:setUpClass): 201 POST http://10.180.1.21/identity/v3/auth/tokens 0.753s
2025-12-01 13:33:32.672 66260 INFO tempest.lib.common.rest_client [req-9f51edb4-d7b6-4002-8c9a-27f8eb1f199f req-9f51edb4-d7b6-4002-8c9a-27f8eb1f199f ] Request (MultipleCreateTestJSON:setUpClass): 200 PUT http://10.180.1.21/networking/v2.0/routers/a7241dc2-ca39-40e3-8b60-4c0ab0bd839e/add_router_interface 0.982s
2025-12-01 13:33:32.672 66260 INFO tempest.lib.common.dynamic_creds [-] Created isolated network resources for: credentials: Credentials: {'domain_id': 'default', 'domain_name': 'Default', 'username': 'tempest-MultipleCreateTestJSON-1204153984-project-member', 'project_domain_id': 'default', 'project_domain_name': 'Default', 'project_id': '52bed304bd51494284849be165610ee4', 'project_name': 'tempest-MultipleCreateTestJSON-1204153984', 'tenant_id': '52bed304bd51494284849be165610ee4', 'tenant_name': 'tempest-MultipleCreateTestJSON-1204153984', 'user_domain_id': 'default', 'user_domain_name': 'Default', 'user_id': 'a939ecebe0744c5296a72b07f1aeabb3', 'system': None}, Network: {'id': '0d8aa76e-99ed-486d-ba86-9481aa7605c7', 'name': 'tempest-MultipleCreateTestJSON-570080026-network', 'tenant_id': '52bed304bd51494284849be165610ee4', 'project_id': '52bed304bd51494284849be165610ee4', 'admin_state_up': True, 'mtu': 8950, 'status': 'ACTIVE', 'subnets': [], 'shared': False, 'port_security_enabled': True, 'router:external': False, 'provider:network_type': 'vlan', 'provider:physical_network': 'default', 'provider:segmentation_id': 594, 'availability_zone_hints': [], 'availability_zones': [], 'ipv4_address_scope': None, 'ipv6_address_scope': None, 'description': '', 'tags': [], 'created_at': '2025-12-01T13:33:29Z', 'updated_at': '2025-12-01T13:33:29Z', 'revision_number': 1}, Subnet: {'id': '08f40ece-7d6e-4b5e-9d1f-039dfb9d80a9', 'name': 'tempest-MultipleCreateTestJSON-570080026-subnet', 'tenant_id': '52bed304bd51494284849be165610ee4', 'network_id': '0d8aa76e-99ed-486d-ba86-9481aa7605c7', 'ip_version': 4, 'subnetpool_id': None, 'enable_dhcp': True, 'ipv6_ra_mode': None, 'ipv6_address_mode': None, 'gateway_ip': '192.168.128.1', 'cidr': '192.168.128.0/28', 'allocation_pools': [{'start': '192.168.128.2', 'end': '192.168.128.14'}], 'host_routes': [], 'dns_nameservers': [], 'description': '', 'router:external': False, 'service_types': [], 'tags': [], 'created_at': '2025-12-01T13:33:30Z', 'updated_at': '2025-12-01T13:33:30Z', 'revision_number': 0, 'project_id': '52bed304bd51494284849be165610ee4'}, Router: {'id': 'a7241dc2-ca39-40e3-8b60-4c0ab0bd839e', 'name': 'tempest-MultipleCreateTestJSON-570080026-router', 'tenant_id': '52bed304bd51494284849be165610ee4', 'admin_state_up': True, 'status': 'ACTIVE', 'external_gateway_info': {'network_id': '09e4c466-8622-42cd-bf6f-dc2d7a1ff01d', 'external_fixed_ips': [{'subnet_id': '4071e9db-12ab-49e8-839b-e034215275dd', 'ip_address': '10.180.180.182'}], 'enable_snat': True}, 'description': '', 'availability_zones': [], 'distributed': False, 'ha': False, 'availability_zone_hints': [], 'routes': [], 'flavor_id': None, 'tags': [], 'created_at': '2025-12-01T13:33:31Z', 'updated_at': '2025-12-01T13:33:31Z', 'revision_number': 2, 'project_id': '52bed304bd51494284849be165610ee4'}
2025-12-01 13:33:32.682 66310 INFO tempest.lib.common.rest_client [req-d0577d2c-ee22-4a71-a187-1f6de8304183 req-d0577d2c-ee22-4a71-a187-1f6de8304183 ] Request (AZAdminNegativeTestJSON:tearDownClass): 200 GET http://10.180.1.21/networking/v2.0/security-groups?tenant_id=88cb6496efe14a5c954e942aaf469af2&name=default 0.146s
2025-12-01 13:33:32.709 66280 INFO tempest.lib.common.rest_client [req-8bdb36ff-9d01-4752-aac4-fcedaced8d74 req-8bdb36ff-9d01-4752-aac4-fcedaced8d74 ] Request (ServicesAdminNegativeTestJSON:setUpClass): 201 POST http://10.180.1.21/identity/v3/auth/tokens 0.758s
2025-12-01 13:33:32.715 66298 INFO tempest.lib.common.rest_client [req-fc330396-53b4-4a09-b442-60069ea93c2a req-fc330396-53b4-4a09-b442-60069ea93c2a ] Request (ServerExternalEventsTest:setUpClass): 201 POST http://10.180.1.21/identity/v3/auth/tokens 0.720s
2025-12-01 13:33:32.777 66310 INFO tempest.lib.common.rest_client [req-91881222-a833-4e59-b89b-9dd59d4694a3 req-91881222-a833-4e59-b89b-9dd59d4694a3 ] Request (AZAdminNegativeTestJSON:tearDownClass): 204 DELETE http://10.180.1.21/networking/v2.0/security-groups/e6033cf5-90bc-4a13-ad51-046adcb9caf2 0.095s
2025-12-01 13:33:32.785 66290 INFO tempest.lib.common.rest_client [req-01f73eab-7282-4f73-a2e5-2046ecfb23b2 req-01f73eab-7282-4f73-a2e5-2046ecfb23b2 ] Request (HostsAdminTestJSON:setUpClass): 201 POST http://10.180.1.21/identity/v3/auth/tokens 0.741s
2025-12-01 13:33:32.852 66316 INFO tempest.lib.common.rest_client [req-ef047c1a-7d60-4d99-85bb-b07ea49d5491 req-ef047c1a-7d60-4d99-85bb-b07ea49d5491 ] Request (NetworksTest:setUpClass): 201 POST http://10.180.1.21/identity/v3/auth/tokens 0.744s
2025-12-01 13:33:32.861 66284 INFO tempest.lib.common.rest_client [req-6fab34d0-e067-4c42-9c0b-47cb129286ca req-6fab34d0-e067-4c42-9c0b-47cb129286ca ] Request (ImagesMetadataTestJSON:setUpClass): 201 POST http://10.180.1.21/image/v2/images 4.557s
2025-12-01 13:33:32.864 66306 INFO tempest.lib.common.rest_client [req-88bdc1ab-7c96-4535-8b0e-d6865c10021c req-88bdc1ab-7c96-4535-8b0e-d6865c10021c ] Request (ServersWithSpecificFlavorTestJSON:setUpClass): 201 POST http://10.180.1.21/identity/v3/auth/tokens 0.702s
2025-12-01 13:33:32.927 66288 INFO tempest.lib.common.rest_client [req-456484f3-1982-45e7-8429-4906bb5afaf5 req-456484f3-1982-45e7-8429-4906bb5afaf5 ] Request (VolumesAssistedSnapshotsTest:setUpClass): 201 POST http://10.180.1.21/identity/v3/users 0.616s
2025-12-01 13:33:32.973 66278 INFO tempest.lib.common.rest_client [req-bb76da67-2821-4d0c-94f1-47e525faba44 req-bb76da67-2821-4d0c-94f1-47e525faba44 ] Request (DeleteServersAdminTestJSON:test_admin_delete_servers_of_others): 201 POST http://10.180.1.21/identity/v3/auth/tokens 0.567s
2025-12-01 13:33:32.973 66278 INFO tempest.lib.common.fixed_network [-] (DeleteServersAdminTestJSON:test_admin_delete_servers_of_others) Found network None available for tenant
2025-12-01 13:33:33.019 66298 INFO tempest.lib.common.rest_client [req-13271c8e-47c3-4795-848c-eacc9715567d req-13271c8e-47c3-4795-848c-eacc9715567d ] Request (ServerExternalEventsTest:setUpClass): 201 POST http://10.180.1.21/identity/v3/projects 0.303s
2025-12-01 13:33:33.032 66260 INFO tempest.lib.common.rest_client [req-035f8d8f-9c9a-42a6-9709-b2608297aab0 req-035f8d8f-9c9a-42a6-9709-b2608297aab0 ] Request (MultipleCreateTestJSON:setUpClass): 201 POST http://10.180.1.21/identity/v3/auth/tokens 0.355s
2025-12-01 13:33:33.117 66310 INFO tempest.lib.common.rest_client [req-af84b38e-473f-4eda-9600-3dd4b123265e req-af84b38e-473f-4eda-9600-3dd4b123265e ] Request (AZAdminNegativeTestJSON:tearDownClass): 204 DELETE http://10.180.1.21/identity/v3/projects/88cb6496efe14a5c954e942aaf469af2 0.339s
2025-12-01 13:33:33.151 66306 INFO tempest.lib.common.rest_client [req-70c2627d-8011-4850-bd7b-aec88f37db20 req-70c2627d-8011-4850-bd7b-aec88f37db20 ] Request (ServersWithSpecificFlavorTestJSON:setUpClass): 201 POST http://10.180.1.21/identity/v3/projects 0.286s
2025-12-01 13:33:33.178 66304 INFO tempest.lib.common.rest_client [req-51ca291e-2d14-4606-a516-0f61da0510ed req-51ca291e-2d14-4606-a516-0f61da0510ed ] Request (ImagesNegativeTestJSON:test_create_image_from_deleted_server): 202 POST http://10.180.1.21/compute/v2.1/servers 6.814s
2025-12-01 13:33:33.241 66288 INFO tempest.lib.common.rest_client [req-85a89620-433a-4107-a88f-b49644d8c830 req-85a89620-433a-4107-a88f-b49644d8c830 ] Request (VolumesAssistedSnapshotsTest:setUpClass): 200 GET http://10.180.1.21/identity/v3/roles 0.314s
2025-12-01 13:33:33.250 66298 INFO tempest.lib.common.rest_client [req-02eedf00-e4d6-48ca-a259-b94492be9444 req-02eedf00-e4d6-48ca-a259-b94492be9444 ] Request (ServerExternalEventsTest:setUpClass): 201 POST http://10.180.1.21/identity/v3/users 0.231s
2025-12-01 13:33:33.286 66310 INFO tempest.lib.common.rest_client [req-42cc0fcc-d74a-4f5d-bca1-4b4b7e4eff2d req-42cc0fcc-d74a-4f5d-bca1-4b4b7e4eff2d ] Request (HostsAdminNegativeTestJSON:setUpClass): 201 POST http://10.180.1.21/identity/v3/auth/tokens 0.163s
2025-12-01 13:33:33.309 66260 INFO tempest.lib.common.rest_client [req-3ae8b729-a626-4a95-bd2f-696bf7eef92b req-3ae8b729-a626-4a95-bd2f-696bf7eef92b ] Request (MultipleCreateTestJSON:test_multiple_create): 201 POST http://10.180.1.21/identity/v3/auth/tokens 0.273s
2025-12-01 13:33:33.310 66260 INFO tempest.lib.common.fixed_network [-] (MultipleCreateTestJSON:test_multiple_create) Found network {'id': '0d8aa76e-99ed-486d-ba86-9481aa7605c7', 'name': 'tempest-MultipleCreateTestJSON-570080026-network', 'tenant_id': '52bed304bd51494284849be165610ee4', 'project_id': '52bed304bd51494284849be165610ee4', 'admin_state_up': True, 'mtu': 8950, 'status': 'ACTIVE', 'subnets': [], 'shared': False, 'port_security_enabled': True, 'router:external': False, 'provider:network_type': 'vlan', 'provider:physical_network': 'default', 'provider:segmentation_id': 594, 'availability_zone_hints': [], 'availability_zones': [], 'ipv4_address_scope': None, 'ipv6_address_scope': None, 'description': '', 'tags': [], 'created_at': '2025-12-01T13:33:29Z', 'updated_at': '2025-12-01T13:33:29Z', 'revision_number': 1} available for tenant
2025-12-01 13:33:33.324 66306 INFO tempest.lib.common.rest_client [req-ff5d3139-395b-4f18-a617-7e313637b4d9 req-ff5d3139-395b-4f18-a617-7e313637b4d9 ] Request (ServersWithSpecificFlavorTestJSON:setUpClass): 201 POST http://10.180.1.21/identity/v3/users 0.173s
2025-12-01 13:33:33.455 66298 INFO tempest.lib.common.rest_client [req-5f9e975c-a90f-4d42-8893-9799f06c718d req-5f9e975c-a90f-4d42-8893-9799f06c718d ] Request (ServerExternalEventsTest:setUpClass): 200 GET http://10.180.1.21/identity/v3/roles 0.205s
2025-12-01 13:33:33.462 66288 INFO tempest.lib.common.rest_client [req-dc0d4a0f-d57e-4867-b323-8e31c68e59ca req-dc0d4a0f-d57e-4867-b323-8e31c68e59ca ] Request (VolumesAssistedSnapshotsTest:setUpClass): 204 PUT http://10.180.1.21/identity/v3/projects/b89d441b82f3412bb08c25968d74307e/users/a7f5e2f18dbb4fd0be6dbb39c7a88855/roles/2c584d7330e64f2bbd1e86b626e40451 0.221s
2025-12-01 13:33:33.516 66310 INFO tempest.lib.common.rest_client [req-426e5fc2-5b64-446b-89c3-84c182d8dec7 req-426e5fc2-5b64-446b-89c3-84c182d8dec7 ] Request (HostsAdminNegativeTestJSON:setUpClass): 201 POST http://10.180.1.21/identity/v3/auth/tokens 0.226s
2025-12-01 13:33:33.532 66306 INFO tempest.lib.common.rest_client [req-fec67d3f-a336-4532-99c3-43d1280871ee req-fec67d3f-a336-4532-99c3-43d1280871ee ] Request (ServersWithSpecificFlavorTestJSON:setUpClass): 200 GET http://10.180.1.21/identity/v3/roles 0.207s
2025-12-01 13:33:33.570 66262 INFO tempest.lib.common.rest_client [req-164e179f-b8ba-425e-bf9d-37195501973a req-164e179f-b8ba-425e-bf9d-37195501973a ] Request (FlavorsAccessNegativeTestJSON:test_add_flavor_access_duplicate): 200 POST http://10.180.1.21/compute/v2.1/flavors/624071112/action 4.817s
2025-12-01 13:33:33.620 66298 INFO tempest.lib.common.rest_client [req-2a2154b5-14a4-43f8-be2f-208ad84fc332 req-2a2154b5-14a4-43f8-be2f-208ad84fc332 ] Request (ServerExternalEventsTest:setUpClass): 204 PUT http://10.180.1.21/identity/v3/projects/30476b8676a4422faac1fbff0ce04052/users/d6622d70fdb249f6a764768badbe2831/roles/2c584d7330e64f2bbd1e86b626e40451 0.164s
2025-12-01 13:33:33.669 66288 INFO tempest.lib.common.rest_client [req-e77ff7c5-0b7e-45e7-8dc9-e72b39c7eb0a req-e77ff7c5-0b7e-45e7-8dc9-e72b39c7eb0a ] Request (VolumesAssistedSnapshotsTest:setUpClass): 200 GET http://10.180.1.21/identity/v3/roles 0.206s
2025-12-01 13:33:33.677 66310 INFO tempest.lib.common.rest_client [req-7cc5d8d4-8803-4d27-8d9d-7ff0635d9f1c req-7cc5d8d4-8803-4d27-8d9d-7ff0635d9f1c ] Request (HostsAdminNegativeTestJSON:setUpClass): 200 GET http://10.180.1.21/identity/v3/domains?name=Default 0.161s
2025-12-01 13:33:33.680 66266 INFO tempest.lib.common.rest_client [req-d7a045fc-1e86-4d2e-a185-ab987e8f37bb req-d7a045fc-1e86-4d2e-a185-ab987e8f37bb ] Request (FlavorMetadataValidation:test_flavor_update_with_custom_namespace): 200 POST http://10.180.1.21/compute/v2.1/flavors/2041456551/os-extra_specs 4.187s
2025-12-01 13:33:33.700 66306 INFO tempest.lib.common.rest_client [req-1c46eea2-fcfe-44b6-b37b-4e110fe2f683 req-1c46eea2-fcfe-44b6-b37b-4e110fe2f683 ] Request (ServersWithSpecificFlavorTestJSON:setUpClass): 204 PUT http://10.180.1.21/identity/v3/projects/1d0df6001547422884ebea8f813ffb33/users/2260488b757b46d0aa11a865d5e3ecde/roles/2c584d7330e64f2bbd1e86b626e40451 0.167s
2025-12-01 13:33:33.749 66298 INFO tempest.lib.common.rest_client [req-2fefd666-7796-4cf8-aa85-5fcc73bd3189 req-2fefd666-7796-4cf8-aa85-5fcc73bd3189 ] Request (ServerExternalEventsTest:setUpClass): 200 GET http://10.180.1.21/identity/v3/roles 0.128s
2025-12-01 13:33:33.771 66288 INFO tempest.lib.common.rest_client [req-ac2c96c8-1f47-400b-80cc-e87014e52e78 req-ac2c96c8-1f47-400b-80cc-e87014e52e78 ] Request (VolumesAssistedSnapshotsTest:setUpClass): 204 PUT http://10.180.1.21/identity/v3/projects/b89d441b82f3412bb08c25968d74307e/users/a7f5e2f18dbb4fd0be6dbb39c7a88855/roles/2c584d7330e64f2bbd1e86b626e40451 0.102s
2025-12-01 13:33:33.771 66288 INFO tempest.lib.common.dynamic_creds [-] Dynamic test user a7f5e2f18dbb4fd0be6dbb39c7a88855 is created with scope project and roles: ['admin']
2025-12-01 13:33:33.771 66288 INFO tempest.lib.common.dynamic_creds [-] Acquired dynamic creds: credentials: Credentials: {'domain_id': 'default', 'domain_name': 'Default', 'username': 'tempest-VolumesAssistedSnapshotsTest-487928840-project-admin', 'project_domain_id': 'default', 'project_domain_name': 'Default', 'project_id': 'b89d441b82f3412bb08c25968d74307e', 'project_name': 'tempest-VolumesAssistedSnapshotsTest-487928840', 'tenant_id': 'b89d441b82f3412bb08c25968d74307e', 'tenant_name': 'tempest-VolumesAssistedSnapshotsTest-487928840', 'user_domain_id': 'default', 'user_domain_name': 'Default', 'user_id': 'a7f5e2f18dbb4fd0be6dbb39c7a88855', 'system': None}, Network: None, Subnet: None, Router: None
2025-12-01 13:33:33.842 66310 INFO tempest.lib.common.rest_client [req-e4ee3b0a-a744-42e6-9bc0-d852b7699aea req-e4ee3b0a-a744-42e6-9bc0-d852b7699aea ] Request (HostsAdminNegativeTestJSON:setUpClass): 201 POST http://10.180.1.21/identity/v3/projects 0.165s
2025-12-01 13:33:33.906 66306 INFO tempest.lib.common.rest_client [req-a6196998-27a9-4f72-aa76-ebcbf878686c req-a6196998-27a9-4f72-aa76-ebcbf878686c ] Request (ServersWithSpecificFlavorTestJSON:setUpClass): 200 GET http://10.180.1.21/identity/v3/roles 0.206s
2025-12-01 13:33:33.924 66298 INFO tempest.lib.common.rest_client [req-118db141-20c5-4b98-9a56-b1011d223e50 req-118db141-20c5-4b98-9a56-b1011d223e50 ] Request (ServerExternalEventsTest:setUpClass): 204 PUT http://10.180.1.21/identity/v3/projects/30476b8676a4422faac1fbff0ce04052/users/d6622d70fdb249f6a764768badbe2831/roles/b0732d66023a4f1c914975c21011d0e7 0.174s
2025-12-01 13:33:33.925 66298 INFO tempest.lib.common.dynamic_creds [-] Dynamic test user d6622d70fdb249f6a764768badbe2831 is created with scope project and roles: ['admin', 'service']
2025-12-01 13:33:33.925 66298 INFO tempest.lib.common.dynamic_creds [-] Acquired dynamic creds: credentials: Credentials: {'domain_id': 'default', 'domain_name': 'Default', 'username': 'tempest-ServerExternalEventsTest-1886364596-project', 'project_domain_id': 'default', 'project_domain_name': 'Default', 'project_id': '30476b8676a4422faac1fbff0ce04052', 'project_name': 'tempest-ServerExternalEventsTest-1886364596', 'tenant_id': '30476b8676a4422faac1fbff0ce04052', 'tenant_name': 'tempest-ServerExternalEventsTest-1886364596', 'user_domain_id': 'default', 'user_domain_name': 'Default', 'user_id': 'd6622d70fdb249f6a764768badbe2831', 'system': None}, Network: None, Subnet: None, Router: None
2025-12-01 13:33:33.926 66298 INFO tempest.lib.common.dynamic_creds [-] Created isolated network resources for: credentials: Credentials: {'domain_id': 'default', 'domain_name': 'Default', 'username': 'tempest-ServerExternalEventsTest-1886364596-project', 'project_domain_id': 'default', 'project_domain_name': 'Default', 'project_id': '30476b8676a4422faac1fbff0ce04052', 'project_name': 'tempest-ServerExternalEventsTest-1886364596', 'tenant_id': '30476b8676a4422faac1fbff0ce04052', 'tenant_name': 'tempest-ServerExternalEventsTest-1886364596', 'user_domain_id': 'default', 'user_domain_name': 'Default', 'user_id': 'd6622d70fdb249f6a764768badbe2831', 'system': None}, Network: None, Subnet: None, Router: None
2025-12-01 13:33:33.966 66274 INFO tempest.lib.common.rest_client [req-c41ac58c-a1c2-482a-bc24-0b02dfe98efb req-c41ac58c-a1c2-482a-bc24-0b02dfe98efb ] Request (AZAdminV2TestJSON:test_get_availability_zone_list): 200 GET http://10.180.1.21/compute/v2.1/os-availability-zone 3.948s
2025-12-01 13:33:33.981 66288 INFO tempest.lib.common.rest_client [req-ca77b0e9-57d5-4983-866f-9a369e533996 req-ca77b0e9-57d5-4983-866f-9a369e533996 ] Request (VolumesAssistedSnapshotsTest:setUpClass): 201 POST http://10.180.1.21/networking/v2.0/networks 0.209s
2025-12-01 13:33:34.053 66310 INFO tempest.lib.common.rest_client [req-7f8630a8-23a7-4ebb-a1f7-4e4d17cabf46 req-7f8630a8-23a7-4ebb-a1f7-4e4d17cabf46 ] Request (HostsAdminNegativeTestJSON:setUpClass): 201 POST http://10.180.1.21/identity/v3/users 0.210s
2025-12-01 13:33:34.076 66306 INFO tempest.lib.common.rest_client [req-34716c38-2e15-4ed7-9f2c-414816d92bff req-34716c38-2e15-4ed7-9f2c-414816d92bff ] Request (ServersWithSpecificFlavorTestJSON:setUpClass): 204 PUT http://10.180.1.21/identity/v3/projects/1d0df6001547422884ebea8f813ffb33/users/2260488b757b46d0aa11a865d5e3ecde/roles/2c584d7330e64f2bbd1e86b626e40451 0.169s
2025-12-01 13:33:34.076 66306 INFO tempest.lib.common.dynamic_creds [-] Dynamic test user 2260488b757b46d0aa11a865d5e3ecde is created with scope project and roles: ['admin']
2025-12-01 13:33:34.076 66306 INFO tempest.lib.common.dynamic_creds [-] Acquired dynamic creds: credentials: Credentials: {'domain_id': 'default', 'domain_name': 'Default', 'username': 'tempest-ServersWithSpecificFlavorTestJSON-583954988-project-admin', 'project_domain_id': 'default', 'project_domain_name': 'Default', 'project_id': '1d0df6001547422884ebea8f813ffb33', 'project_name': 'tempest-ServersWithSpecificFlavorTestJSON-583954988', 'tenant_id': '1d0df6001547422884ebea8f813ffb33', 'tenant_name': 'tempest-ServersWithSpecificFlavorTestJSON-583954988', 'user_domain_id': 'default', 'user_domain_name': 'Default', 'user_id': '2260488b757b46d0aa11a865d5e3ecde', 'system': None}, Network: None, Subnet: None, Router: None
2025-12-01 13:33:34.123 66298 INFO tempest.lib.common.rest_client [req-7b970773-d391-4842-b20d-fd5e75a547ce req-7b970773-d391-4842-b20d-fd5e75a547ce ] Request (ServerExternalEventsTest:setUpClass): 201 POST http://10.180.1.21/identity/v3/auth/tokens 0.195s
2025-12-01 13:33:34.161 66288 INFO tempest.lib.common.rest_client [req-987cfa38-ba0b-4c67-9623-b092a16a4338 req-987cfa38-ba0b-4c67-9623-b092a16a4338 ] Request (VolumesAssistedSnapshotsTest:setUpClass): 201 POST http://10.180.1.21/networking/v2.0/subnets 0.179s
2025-12-01 13:33:34.213 66264 INFO tempest.lib.common.rest_client [req-8d6d6e27-d5da-419b-8365-7c1fad520e28 req-8d6d6e27-d5da-419b-8365-7c1fad520e28 ] Request (FlavorsExtraSpecsNegativeTestJSON:setUpClass): 200 POST http://10.180.1.21/compute/v2.1/flavors 4.083s
2025-12-01 13:33:34.250 66310 INFO tempest.lib.common.rest_client [req-afec1757-8242-46cf-b3b9-be0ca283b2c9 req-afec1757-8242-46cf-b3b9-be0ca283b2c9 ] Request (HostsAdminNegativeTestJSON:setUpClass): 200 GET http://10.180.1.21/identity/v3/roles 0.197s
2025-12-01 13:33:34.310 66298 INFO tempest.lib.common.rest_client [req-dffea7dd-a412-4318-ab96-c104cffdad80 req-dffea7dd-a412-4318-ab96-c104cffdad80 ] Request (ServerExternalEventsTest:test_create_server_external_events): 201 POST http://10.180.1.21/identity/v3/auth/tokens 0.181s
2025-12-01 13:33:34.310 66298 INFO tempest.lib.common.fixed_network [-] (ServerExternalEventsTest:test_create_server_external_events) Found network None available for tenant
2025-12-01 13:33:34.323 66306 INFO tempest.lib.common.rest_client [req-00f8d9ea-7b32-4368-88fb-1497962de4c6 req-00f8d9ea-7b32-4368-88fb-1497962de4c6 ] Request (ServersWithSpecificFlavorTestJSON:setUpClass): 201 POST http://10.180.1.21/networking/v2.0/networks 0.247s
2025-12-01 13:33:34.376 66268 INFO tempest.lib.common.rest_client [req-a2b93e1c-4155-4dd6-a1e3-679986906649 req-a2b93e1c-4155-4dd6-a1e3-679986906649 ] Request (HypervisorAdminNegativeTestJSON:test_get_hypervisor_list_details_with_non_admin_user): 403 GET http://10.180.1.21/compute/v2.1/os-hypervisors/detail 3.537s
2025-12-01 13:33:34.407 66310 INFO tempest.lib.common.rest_client [req-8c3cfd66-140d-486f-ae70-d79117a26210 req-8c3cfd66-140d-486f-ae70-d79117a26210 ] Request (HostsAdminNegativeTestJSON:setUpClass): 204 PUT http://10.180.1.21/identity/v3/projects/94a41a280d2a4423a7e5989a4200c2b0/users/c1d0a17c8bce4fd896874b97e68caff1/roles/2ceb860eb75e46918a1da91a10e9b7d9 0.156s
2025-12-01 13:33:34.407 66310 INFO tempest.lib.common.dynamic_creds [-] Dynamic test user c1d0a17c8bce4fd896874b97e68caff1 is created with scope project and roles: ['member']
2025-12-01 13:33:34.408 66310 INFO tempest.lib.common.dynamic_creds [-] Acquired dynamic creds: credentials: Credentials: {'domain_id': 'default', 'domain_name': 'Default', 'username': 'tempest-HostsAdminNegativeTestJSON-1162490534-project-member', 'project_domain_id': 'default', 'project_domain_name': 'Default', 'project_id': '94a41a280d2a4423a7e5989a4200c2b0', 'project_name': 'tempest-HostsAdminNegativeTestJSON-1162490534', 'tenant_id': '94a41a280d2a4423a7e5989a4200c2b0', 'tenant_name': 'tempest-HostsAdminNegativeTestJSON-1162490534', 'user_domain_id': 'default', 'user_domain_name': 'Default', 'user_id': 'c1d0a17c8bce4fd896874b97e68caff1', 'system': None}, Network: None, Subnet: None, Router: None
2025-12-01 13:33:34.408 66310 INFO tempest.lib.common.dynamic_creds [-] Created isolated network resources for: credentials: Credentials: {'domain_id': 'default', 'domain_name': 'Default', 'username': 'tempest-HostsAdminNegativeTestJSON-1162490534-project-member', 'project_domain_id': 'default', 'project_domain_name': 'Default', 'project_id': '94a41a280d2a4423a7e5989a4200c2b0', 'project_name': 'tempest-HostsAdminNegativeTestJSON-1162490534', 'tenant_id': '94a41a280d2a4423a7e5989a4200c2b0', 'tenant_name': 'tempest-HostsAdminNegativeTestJSON-1162490534', 'user_domain_id': 'default', 'user_domain_name': 'Default', 'user_id': 'c1d0a17c8bce4fd896874b97e68caff1', 'system': None}, Network: None, Subnet: None, Router: None
2025-12-01 13:33:34.470 66292 INFO tempest.lib.common.rest_client [req-912df41a-9d07-4bfd-ad2b-5f49886fb3d5 req-912df41a-9d07-4bfd-ad2b-5f49886fb3d5 ] Request (FlavorsV2NegativeTest:test_boot_with_low_ram): 204 PUT http://10.180.1.21/image/v2/images/f202b913-4a56-4c19-a96e-b3b61f84b7d1/file 2.201s
2025-12-01 13:33:34.524 66284 INFO tempest.lib.common.rest_client [req-6fc78aa5-645b-46bc-b8f5-55ad96605fc5 req-6fc78aa5-645b-46bc-b8f5-55ad96605fc5 ] Request (ImagesMetadataTestJSON:setUpClass): 204 PUT http://10.180.1.21/image/v2/images/880fe993-962c-4926-8e5c-7e7f08870f64/file 1.662s
2025-12-01 13:33:34.526 66306 INFO tempest.lib.common.rest_client [req-c0f2ace2-1a57-47d4-bace-fa7344bf8be5 req-c0f2ace2-1a57-47d4-bace-fa7344bf8be5 ] Request (ServersWithSpecificFlavorTestJSON:setUpClass): 201 POST http://10.180.1.21/networking/v2.0/subnets 0.202s
2025-12-01 13:33:34.561 66296 INFO tempest.lib.common.rest_client [req-20a26ab3-cf54-42b0-938c-8549aef74ea2 req-20a26ab3-cf54-42b0-938c-8549aef74ea2 ] Request (QuotaClassesAdminTestJSON:test_update_default_quotas): 200 GET http://10.180.1.21/compute/v2.1/os-quota-class-sets/default 3.315s
2025-12-01 13:33:34.582 66310 INFO tempest.lib.common.rest_client [req-ae8f0fa7-4bed-43ad-a1fd-9f18281be0b9 req-ae8f0fa7-4bed-43ad-a1fd-9f18281be0b9 ] Request (HostsAdminNegativeTestJSON:setUpClass): 201 POST http://10.180.1.21/identity/v3/auth/tokens 0.170s
2025-12-01 13:33:34.598 66292 INFO tempest.lib.common.rest_client [req-ecafb10f-e6c3-49d2-ac09-c23199fde74d req-ecafb10f-e6c3-49d2-ac09-c23199fde74d ] Request (FlavorsV2NegativeTest:test_boot_with_low_ram): 201 POST http://10.180.1.21/identity/v3/auth/tokens 0.125s
2025-12-01 13:33:34.599 66292 INFO tempest.lib.common.fixed_network [-] (FlavorsV2NegativeTest:test_boot_with_low_ram) Found network None available for tenant
2025-12-01 13:33:34.666 66276 INFO tempest.lib.common.rest_client [req-e393e967-dd6f-4919-9327-405f5c8fab14 req-e393e967-dd6f-4919-9327-405f5c8fab14 ] Request (FlavorsExtraSpecsTestJSON:setUpClass): 200 POST http://10.180.1.21/compute/v2.1/flavors 3.099s
2025-12-01 13:33:34.704 66310 INFO tempest.lib.common.rest_client [req-14b731d3-4b71-485b-b0c9-c1acc3a4190f req-14b731d3-4b71-485b-b0c9-c1acc3a4190f ] Request (HostsAdminNegativeTestJSON:setUpClass): 201 POST http://10.180.1.21/identity/v3/projects 0.121s
