2025-12-01 13:35:46.943 66272 INFO tempest.lib.common.rest_client [req-901913bf-b686-4812-8436-4344844fa2cd req-901913bf-b686-4812-8436-4344844fa2cd ] Request (FloatingIPsAssociationTestJSON:tearDownClass): 200 GET http://10.180.1.21/compute/v2.1/servers/2ae10234-340d-47bc-9a67-0342b8ebd821 2.124s
2025-12-01 13:35:46.983 66270 INFO tempest.lib.common.rest_client [req-1541b0ec-1e9b-4498-84e2-47064c918f14 req-1541b0ec-1e9b-4498-84e2-47064c918f14 ] Request (InstanceActionsNegativeTestJSON:setUpClass): 201 POST http://10.180.1.21/networking/v2.0/subnets 0.278s
2025-12-01 13:35:47.052 66312 INFO tempest.lib.common.rest_client [req-30d92a63-0f19-44e0-bbcd-60f01241b5fd req-30d92a63-0f19-44e0-bbcd-60f01241b5fd ] Request (ServersTestManualDisk:test_list_servers): 200 GET http://10.180.1.21/compute/v2.1/servers 2.227s
2025-12-01 13:35:47.097 66262 INFO tempest.lib.common.rest_client [req-b439f603-34ba-4c31-94ba-89ab0c535272 req-b439f603-34ba-4c31-94ba-89ab0c535272 ] Request (SecurityGroupsTestAdminJSON:tearDownClass): 204 DELETE http://10.180.1.21/identity/v3/users/d90afba9b15848e7beb77b5aba8689bc 0.160s
2025-12-01 13:35:47.097 66262 INFO tempest.lib.common.dynamic_creds [-] Deleting project and security group for project: 4ad2469f8b5646c0958aa864633fb274
2025-12-01 13:35:47.173 66262 INFO tempest.lib.common.rest_client [req-9b2d42cd-b65a-4a49-8974-fd8742092286 req-9b2d42cd-b65a-4a49-8974-fd8742092286 ] Request (SecurityGroupsTestAdminJSON:tearDownClass): 201 POST http://10.180.1.21/identity/v3/auth/tokens 0.075s
2025-12-01 13:35:47.443 66292 INFO tempest.lib.common.rest_client [req-e72e527f-a177-468c-9a2a-d7d368e05822 req-e72e527f-a177-468c-9a2a-d7d368e05822 ] Request (ServerGroupTestJSON:_run_cleanups): 200 GET http://10.180.1.21/compute/v2.1/servers/c8c68e1e-5066-46b9-9da0-fd415b0f79bb 2.489s
2025-12-01 13:35:47.458 66264 WARNING tempest.lib.common.ssh [-] Failed to establish authenticated ssh connection to cirros@10.180.180.175 ([Errno None] Unable to connect to port 22 on 10.180.180.175). Number attempts: 3. Retry after 4 seconds.: paramiko.ssh_exception.NoValidConnectionsError: [Errno None] Unable to connect to port 22 on 10.180.180.175
2025-12-01 13:35:47.553 66262 INFO tempest.lib.common.rest_client [req-f9bc67b4-9a2a-433a-a9c6-039584a58e56 req-f9bc67b4-9a2a-433a-a9c6-039584a58e56 ] Request (SecurityGroupsTestAdminJSON:tearDownClass): 200 GET http://10.180.1.21/networking/v2.0/security-groups?tenant_id=4ad2469f8b5646c0958aa864633fb274&name=default 0.380s
2025-12-01 13:35:48.153 66270 INFO tempest.lib.common.rest_client [req-baf93af6-76a5-4f80-af0f-35022eb1bbb5 req-baf93af6-76a5-4f80-af0f-35022eb1bbb5 ] Request (InstanceActionsNegativeTestJSON:setUpClass): 201 POST http://10.180.1.21/networking/v2.0/routers 1.169s
2025-12-01 13:35:48.187 66274 INFO tempest.lib.common.rest_client [req-f57640e8-0cbf-4624-92ef-d4103bb8fdb7 req-f57640e8-0cbf-4624-92ef-d4103bb8fdb7 ] Request (ServerMetadataTestJSON:setUpClass): 200 GET http://10.180.1.21/compute/v2.1/servers/35307382-fdf5-453f-9af8-02616b1441d1 3.289s
2025-12-01 13:35:48.193 66274 INFO tempest.common.waiters [-] State transition "BUILD/None" ==> "BUILD/networking" after 27 second wait
2025-12-01 13:35:48.201 66287 INFO tempest.lib.common.rest_client [req-5b2f819a-0243-4b36-b9cb-f474a5e6f46e req-5b2f819a-0243-4b36-b9cb-f474a5e6f46e ] Request (ServerPasswordTestJSON:setUpClass): 200 GET http://10.180.1.21/compute/v2.1/servers/bf69b32f-1651-4ad8-ab6a-52f4d2b26233 3.217s
2025-12-01 13:35:48.272 66262 INFO tempest.lib.common.rest_client [req-4cc4318b-8f8b-4dee-8b4d-a9947a812f66 req-4cc4318b-8f8b-4dee-8b4d-a9947a812f66 ] Request (SecurityGroupsTestAdminJSON:tearDownClass): 204 DELETE http://10.180.1.21/networking/v2.0/security-groups/a50f8341-9f4f-42fd-9761-8503b431eecc 0.718s
2025-12-01 13:35:48.352 66262 INFO tempest.lib.common.rest_client [req-fc7dd077-e9b8-4e53-8f0b-ee9517c133b4 req-fc7dd077-e9b8-4e53-8f0b-ee9517c133b4 ] Request (SecurityGroupsTestAdminJSON:tearDownClass): 204 DELETE http://10.180.1.21/identity/v3/projects/4ad2469f8b5646c0958aa864633fb274 0.080s
2025-12-01 13:35:48.352 66262 INFO tempest.lib.common.dynamic_creds [-] Deleting project and security group for project: dcd32c0d9f1246b8b6b2d96e70307d59
2025-12-01 13:35:48.994 66296 WARNING tempest.lib.common.ssh [-] Failed to establish authenticated ssh connection to cirros@10.180.180.170 ([Errno None] Unable to connect to port 22 on 10.180.180.170). Number attempts: 6. Retry after 7 seconds.: paramiko.ssh_exception.NoValidConnectionsError: [Errno None] Unable to connect to port 22 on 10.180.180.170
2025-12-01 13:35:49.058 66284 WARNING tempest.lib.common.ssh [-] Failed to establish authenticated ssh connection to cirros@10.180.180.184 ([Errno None] Unable to connect to port 22 on 10.180.180.184). Number attempts: 2. Retry after 3 seconds.: paramiko.ssh_exception.NoValidConnectionsError: [Errno None] Unable to connect to port 22 on 10.180.180.184
2025-12-01 13:35:49.091 66270 INFO tempest.lib.common.rest_client [req-42817053-3159-4cf4-b227-d9aaa484bbd2 req-42817053-3159-4cf4-b227-d9aaa484bbd2 ] Request (InstanceActionsNegativeTestJSON:setUpClass): 200 PUT http://10.180.1.21/networking/v2.0/routers/1b9c2620-ab72-4001-bf2a-5dc43e9077f1/add_router_interface 0.937s
2025-12-01 13:35:49.091 66270 INFO tempest.lib.common.dynamic_creds [-] Created isolated network resources for: credentials: Credentials: {'domain_id': 'default', 'domain_name': 'Default', 'username': 'tempest-InstanceActionsNegativeTestJSON-1551325804-project-member', 'project_domain_id': 'default', 'project_domain_name': 'Default', 'project_id': '4064e2c8ed7c4bc198f5e163f677164a', 'project_name': 'tempest-InstanceActionsNegativeTestJSON-1551325804', 'tenant_id': '4064e2c8ed7c4bc198f5e163f677164a', 'tenant_name': 'tempest-InstanceActionsNegativeTestJSON-1551325804', 'user_domain_id': 'default', 'user_domain_name': 'Default', 'user_id': 'c6532009edd84f369d6ee417658149df', 'system': None}, Network: {'id': '35d83161-9dfc-4b7e-9290-d2685790e02d', 'name': 'tempest-InstanceActionsNegativeTestJSON-902775927-network', 'tenant_id': '4064e2c8ed7c4bc198f5e163f677164a', 'project_id': '4064e2c8ed7c4bc198f5e163f677164a', 'admin_state_up': True, 'mtu': 8950, 'status': 'ACTIVE', 'subnets': [], 'shared': False, 'port_security_enabled': True, 'router:external': False, 'provider:network_type': 'vlan', 'provider:physical_network': 'default', 'provider:segmentation_id': 452, 'availability_zone_hints': [], 'availability_zones': [], 'ipv4_address_scope': None, 'ipv6_address_scope': None, 'description': '', 'tags': [], 'created_at': '2025-12-01T13:35:46Z', 'updated_at': '2025-12-01T13:35:46Z', 'revision_number': 1}, Subnet: {'id': '3ad0216a-04f1-4ce9-bc35-7ae58b037a85', 'name': 'tempest-InstanceActionsNegativeTestJSON-902775927-subnet', 'tenant_id': '4064e2c8ed7c4bc198f5e163f677164a', 'network_id': '35d83161-9dfc-4b7e-9290-d2685790e02d', 'ip_version': 4, 'subnetpool_id': None, 'enable_dhcp': True, 'ipv6_ra_mode': None, 'ipv6_address_mode': None, 'gateway_ip': '192.168.128.1', 'cidr': '192.168.128.0/28', 'allocation_pools': [{'start': '192.168.128.2', 'end': '192.168.128.14'}], 'host_routes': [], 'dns_nameservers': [], 'description': '', 'router:external': False, 'service_types': [], 'tags': [], 'created_at': '2025-12-01T13:35:46Z', 'updated_at': '2025-12-01T13:35:46Z', 'revision_number': 0, 'project_id': '4064e2c8ed7c4bc198f5e163f677164a'}, Router: {'id': '1b9c2620-ab72-4001-bf2a-5dc43e9077f1', 'name': 'tempest-InstanceActionsNegativeTestJSON-902775927-router', 'tenant_id': '4064e2c8ed7c4bc198f5e163f677164a', 'admin_state_up': True, 'status': 'ACTIVE', 'external_gateway_info': {'network_id': '09e4c466-8622-42cd-bf6f-dc2d7a1ff01d', 'external_fixed_ips': [{'subnet_id': '4071e9db-12ab-49e8-839b-e034215275dd', 'ip_address': '10.180.180.203'}], 'enable_snat': True}, 'description': '', 'availability_zones': [], 'distributed': False, 'ha': False, 'availability_zone_hints': [], 'routes': [], 'flavor_id': None, 'tags': [], 'created_at': '2025-12-01T13:35:47Z', 'updated_at': '2025-12-01T13:35:47Z', 'revision_number': 2, 'project_id': '4064e2c8ed7c4bc198f5e163f677164a'}
2025-12-01 13:35:49.120 66268 INFO tempest.lib.common.rest_client [req-a06fec6d-0d5c-4be0-a0d4-4cdebfabe4a9 req-a06fec6d-0d5c-4be0-a0d4-4cdebfabe4a9 ] Request (ImagesTestJSON:test_create_image_from_suspended_server): 200 GET http://10.180.1.21/compute/v2.1/servers/41e601d6-622e-42c6-81e6-b0f2f55b77ca 4.118s
2025-12-01 13:35:49.132 66280 INFO tempest.lib.common.rest_client [req-70e1f1c2-9b77-4f28-bd6e-1a6444675b52 req-70e1f1c2-9b77-4f28-bd6e-1a6444675b52 ] Request (ServersTestJSON:test_create_server_with_ipv6_addr_only): 200 GET http://10.180.1.21/compute/v2.1/servers/21db3b79-4146-4b48-a198-657d2ca05b2b 4.055s
2025-12-01 13:35:49.151 66262 INFO tempest.lib.common.rest_client [req-7910983a-3e80-4a88-9b24-3b57a41674af req-7910983a-3e80-4a88-9b24-3b57a41674af ] Request (SecurityGroupsTestAdminJSON:tearDownClass): 200 GET http://10.180.1.21/networking/v2.0/security-groups?tenant_id=dcd32c0d9f1246b8b6b2d96e70307d59&name=default 0.798s
2025-12-01 13:35:49.193 66270 INFO tempest.lib.common.rest_client [req-23ab1f6c-dad0-44e5-8c2a-70c476f90bb4 req-23ab1f6c-dad0-44e5-8c2a-70c476f90bb4 ] Request (InstanceActionsNegativeTestJSON:setUpClass): 201 POST http://10.180.1.21/identity/v3/auth/tokens 0.099s
2025-12-01 13:35:49.228 66260 INFO tempest.lib.common.rest_client [req-3d338801-926e-4f66-82cd-a536714f554a req-3d338801-926e-4f66-82cd-a536714f554a ] Request (MultipleCreateTestJSON:tearDownClass): 200 GET http://10.180.1.21/compute/v2.1/servers/e2942a34-ffad-423a-baff-0027c88faaa0 4.147s
2025-12-01 13:35:49.233 66270 INFO tempest.lib.common.rest_client [req-ab1c5905-8db0-41a2-85f4-eaf6fddf19e6 req-ab1c5905-8db0-41a2-85f4-eaf6fddf19e6 ] Request (InstanceActionsNegativeTestJSON:setUpClass): 201 POST http://10.180.1.21/identity/v3/auth/tokens 0.035s
2025-12-01 13:35:49.233 66270 INFO tempest.lib.common.fixed_network [-] (InstanceActionsNegativeTestJSON:setUpClass) Found network {'id': '35d83161-9dfc-4b7e-9290-d2685790e02d', 'name': 'tempest-InstanceActionsNegativeTestJSON-902775927-network', 'tenant_id': '4064e2c8ed7c4bc198f5e163f677164a', 'project_id': '4064e2c8ed7c4bc198f5e163f677164a', 'admin_state_up': True, 'mtu': 8950, 'status': 'ACTIVE', 'subnets': [], 'shared': False, 'port_security_enabled': True, 'router:external': False, 'provider:network_type': 'vlan', 'provider:physical_network': 'default', 'provider:segmentation_id': 452, 'availability_zone_hints': [], 'availability_zones': [], 'ipv4_address_scope': None, 'ipv6_address_scope': None, 'description': '', 'tags': [], 'created_at': '2025-12-01T13:35:46Z', 'updated_at': '2025-12-01T13:35:46Z', 'revision_number': 1} available for tenant
2025-12-01 13:35:49.240 66260 INFO tempest.common.waiters [-] State transition "ACTIVE/deleting" ==> "DELETED/None" after 5 second wait
2025-12-01 13:35:49.243 66256 INFO tempest.lib.common.rest_client [req-5fe8df1c-2773-41e4-8ab5-08c8dd39ecf1 req-5fe8df1c-2773-41e4-8ab5-08c8dd39ecf1 ] Request (ServerDiagnosticsNegativeTest:tearDownClass): 200 GET http://10.180.1.21/compute/v2.1/servers/d5df9cf1-6966-4e35-933d-7c9c3aacf039 3.998s
2025-12-01 13:35:49.259 66262 INFO tempest.lib.common.rest_client [req-cac7495d-115d-448b-9735-3671670e526a req-cac7495d-115d-448b-9735-3671670e526a ] Request (SecurityGroupsTestAdminJSON:tearDownClass): 204 DELETE http://10.180.1.21/networking/v2.0/security-groups/9ba1c389-6c45-431f-91bc-026273e69af4 0.107s
2025-12-01 13:35:49.296 66304 INFO tempest.lib.common.rest_client [req-4481c742-d3f7-4303-9feb-7b681767474e req-4481c742-d3f7-4303-9feb-7b681767474e ] Request (SecurityGroupRulesTestJSON:tearDownClass): 404 DELETE http://10.180.1.21/compute/v2.1/os-security-groups/55cf476c-cc57-4756-9332-ab4a6fae68b5 3.802s
2025-12-01 13:35:49.300 66308 INFO tempest.lib.common.rest_client [req-766470bd-a9f9-4d24-ae1e-aa3c17ff4624 req-766470bd-a9f9-4d24-ae1e-aa3c17ff4624 ] Request (VolumesAdminNegativeTest:test_update_attached_volume_with_nonexistent_volume_in_uri): 200 GET http://10.180.1.21/compute/v2.1/servers/5a692bc9-d8a2-42c2-b8c8-f71a56dd135d 4.018s
2025-12-01 13:35:49.359 66314 INFO tempest.lib.common.rest_client [req-2346c28e-1a07-4f91-b3ab-32bcdf15be42 req-2346c28e-1a07-4f91-b3ab-32bcdf15be42 ] Request (ServersTestMultiNic:test_verify_multiple_nics_order): 200 GET http://10.180.1.21/compute/v2.1/servers/643db833-afad-4ab7-b8f4-d56627a5bc8e 3.743s
2025-12-01 13:35:49.369 66302 INFO tempest.lib.common.rest_client [req-5c441446-a39f-4fd7-a0ed-79b0e3858b78 req-5c441446-a39f-4fd7-a0ed-79b0e3858b78 ] Request (ImagesOneServerNegativeTestJSON:_run_cleanups): 200 GET http://10.180.1.21/compute/v2.1/servers/21598e28-d360-479a-9587-acdcc6d4c32b 3.839s
2025-12-01 13:35:49.410 66262 INFO tempest.lib.common.rest_client [req-28dd4522-3ee9-4778-910f-b3ae94b3f98a req-28dd4522-3ee9-4778-910f-b3ae94b3f98a ] Request (SecurityGroupsTestAdminJSON:tearDownClass): 204 DELETE http://10.180.1.21/identity/v3/projects/dcd32c0d9f1246b8b6b2d96e70307d59 0.150s
2025-12-01 13:35:49.452 66278 INFO tempest.lib.common.rest_client [req-de7eeb5d-672f-4025-bb3f-cc992199a3d2 req-de7eeb5d-672f-4025-bb3f-cc992199a3d2 ] Request (DeleteServersAdminTestJSON:test_delete_server_while_in_error_state): 200 GET http://10.180.1.21/compute/v2.1/servers/f0fd04b9-d0d1-4dfa-b988-88aa2bd5d841 3.705s
2025-12-01 13:35:49.490 66316 INFO tempest.lib.common.rest_client [req-9a8f8e2b-3647-4ca9-96a4-ab8e3c715868 req-9a8f8e2b-3647-4ca9-96a4-ab8e3c715868 ] Request (SecurityGroupRulesNegativeTestJSON:test_create_security_group_rule_with_invalid_to_port): 200 POST http://10.180.1.21/compute/v2.1/os-security-groups 3.810s
2025-12-01 13:35:49.490 66262 INFO tempest.lib.common.rest_client [req-baac787c-7bcc-4ea4-9e1f-9ae728c4fe0e req-baac787c-7bcc-4ea4-9e1f-9ae728c4fe0e ] Request (TenantUsagesTestJSON:setUpClass): 201 POST http://10.180.1.21/identity/v3/auth/tokens 0.079s
2025-12-01 13:35:49.532 66262 INFO tempest.lib.common.rest_client [req-8300394e-9143-40dc-b309-7435ff04a9cd req-8300394e-9143-40dc-b309-7435ff04a9cd ] Request (TenantUsagesTestJSON:setUpClass): 201 POST http://10.180.1.21/identity/v3/auth/tokens 0.040s
2025-12-01 13:35:49.533 66298 INFO tempest.lib.common.rest_client [req-9327ced3-57de-47d2-93ed-8c2903ab154c req-9327ced3-57de-47d2-93ed-8c2903ab154c ] Request (ServersListShow2100Test:test_list_show_rebuild_update_server_2100): 200 GET http://10.180.1.21/compute/v2.1/servers/e1c8866a-3067-4716-b949-d488bc94e24d 3.698s
2025-12-01 13:35:49.545 66298 INFO tempest.common.waiters [-] State transition "REBUILD/rebuild_spawning" ==> "ACTIVE/None" after 12 second wait
2025-12-01 13:35:49.547 66306 INFO tempest.lib.common.rest_client [req-ab1ce4b1-4ad5-49d1-9034-9dd99c676ff1 req-ab1ce4b1-4ad5-49d1-9034-9dd99c676ff1 ] Request (ServersWithSpecificFlavorTestJSON:test_verify_created_server_ephemeral_disk): 200 GET http://10.180.1.21/compute/v2.1/servers/afbb5c92-d555-4b8f-b170-5cb53e87491d 3.511s
2025-12-01 13:35:49.565 66262 INFO tempest.lib.common.rest_client [req-6f9d4f3b-6657-4096-9104-d308b846ad3c req-6f9d4f3b-6657-4096-9104-d308b846ad3c ] Request (TenantUsagesTestJSON:setUpClass): 200 GET http://10.180.1.21/identity/v3/domains?name=Default 0.032s
2025-12-01 13:35:49.595 66262 INFO tempest.lib.common.rest_client [req-d777b48a-62ca-4e2b-9362-1fab87d49a3a req-d777b48a-62ca-4e2b-9362-1fab87d49a3a ] Request (TenantUsagesTestJSON:setUpClass): 201 POST http://10.180.1.21/identity/v3/projects 0.029s
2025-12-01 13:35:49.610 66300 INFO tempest.lib.common.rest_client [req-c421a62c-15e6-45bf-993c-de438307ea39 req-c421a62c-15e6-45bf-993c-de438307ea39 ] Request (ImagesOneServerTestJSON:tearDownClass): 200 GET http://10.180.1.21/compute/v2.1/servers/98faf004-25ab-4aa9-8d4e-948a39bcf39a 3.423s
2025-12-01 13:35:49.618 66300 INFO tempest.common.waiters [-] State transition "ACTIVE/deleting" ==> "DELETED/None" after 4 second wait
2025-12-01 13:35:49.651 66266 INFO tempest.lib.common.rest_client [req-8eb1a720-9f14-498e-99c0-75daa51dac24 req-8eb1a720-9f14-498e-99c0-75daa51dac24 ] Request (ServersAdminNegativeTestJSON:test_migrate_server_invalid_state): 409 POST http://10.180.1.21/compute/v2.1/servers/02b3060f-2b55-4eee-9473-06a58a9bb5a1/action 3.233s
2025-12-01 13:35:49.680 66262 INFO tempest.lib.common.rest_client [req-430a3da0-0582-495e-80d0-0711624ed309 req-430a3da0-0582-495e-80d0-0711624ed309 ] Request (TenantUsagesTestJSON:setUpClass): 201 POST http://10.180.1.21/identity/v3/users 0.084s
2025-12-01 13:35:49.681 66310 INFO tempest.lib.common.rest_client [req-8ac64a19-c05e-45b8-8a67-29408f89cdce req-8ac64a19-c05e-45b8-8a67-29408f89cdce ] Request (ServersAdmin275Test:tearDownClass): 200 GET http://10.180.1.21/compute/v2.1/servers/242e40a3-2e0b-4825-ad80-5d2c512d17d9 3.152s
2025-12-01 13:35:49.692 66310 INFO tempest.common.waiters [-] State transition "ACTIVE/deleting" ==> "DELETED/None" after 4 second wait
2025-12-01 13:35:49.700 66258 INFO tempest.lib.common.rest_client [req-748d9c29-fbb9-4e88-9140-c47cc476841e req-748d9c29-fbb9-4e88-9140-c47cc476841e ] Request (MigrationsAdminTest:test_resize_server_revert_deleted_flavor): 200 GET http://10.180.1.21/compute/v2.1/servers/ef5f0333-5109-4fb6-91be-179cdf2541fa 3.132s
2025-12-01 13:35:49.702 66262 INFO tempest.lib.common.rest_client [req-377ea73d-bc3f-49a7-93a1-9fbea2604eec req-377ea73d-bc3f-49a7-93a1-9fbea2604eec ] Request (TenantUsagesTestJSON:setUpClass): 200 GET http://10.180.1.21/identity/v3/roles 0.021s
2025-12-01 13:35:49.706 66282 INFO tempest.lib.common.rest_client [req-d9d59c3e-ada0-47cd-a71c-63fae2d4e84b req-d9d59c3e-ada0-47cd-a71c-63fae2d4e84b ] Request (FlavorsAdminTestJSON:test_list_non_public_flavor): 200 GET http://10.180.1.21/compute/v2.1/flavors/detail 2.875s
2025-12-01 13:35:49.730 66262 INFO tempest.lib.common.rest_client [req-5fd1e498-f715-42db-a2a3-6e46b277aeb3 req-5fd1e498-f715-42db-a2a3-6e46b277aeb3 ] Request (TenantUsagesTestJSON:setUpClass): 204 PUT http://10.180.1.21/identity/v3/projects/310defb2d87d4590a504e3b4c34eb133/users/d9e223d8b5fa4ec298c8391cdaaee419/roles/2ceb860eb75e46918a1da91a10e9b7d9 0.027s
2025-12-01 13:35:49.730 66262 INFO tempest.lib.common.dynamic_creds [-] Dynamic test user d9e223d8b5fa4ec298c8391cdaaee419 is created with scope project and roles: ['member']
2025-12-01 13:35:49.730 66262 INFO tempest.lib.common.dynamic_creds [-] Acquired dynamic creds: credentials: Credentials: {'domain_id': 'default', 'domain_name': 'Default', 'username': 'tempest-TenantUsagesTestJSON-1090419199-project-member', 'project_domain_id': 'default', 'project_domain_name': 'Default', 'project_id': '310defb2d87d4590a504e3b4c34eb133', 'project_name': 'tempest-TenantUsagesTestJSON-1090419199', 'tenant_id': '310defb2d87d4590a504e3b4c34eb133', 'tenant_name': 'tempest-TenantUsagesTestJSON-1090419199', 'user_domain_id': 'default', 'user_domain_name': 'Default', 'user_id': 'd9e223d8b5fa4ec298c8391cdaaee419', 'system': None}, Network: None, Subnet: None, Router: None
2025-12-01 13:35:49.730 66262 INFO tempest.lib.common.dynamic_creds [-] Created isolated network resources for: credentials: Credentials: {'domain_id': 'default', 'domain_name': 'Default', 'username': 'tempest-TenantUsagesTestJSON-1090419199-project-member', 'project_domain_id': 'default', 'project_domain_name': 'Default', 'project_id': '310defb2d87d4590a504e3b4c34eb133', 'project_name': 'tempest-TenantUsagesTestJSON-1090419199', 'tenant_id': '310defb2d87d4590a504e3b4c34eb133', 'tenant_name': 'tempest-TenantUsagesTestJSON-1090419199', 'user_domain_id': 'default', 'user_domain_name': 'Default', 'user_id': 'd9e223d8b5fa4ec298c8391cdaaee419', 'system': None}, Network: None, Subnet: None, Router: None
2025-12-01 13:35:49.802 66262 INFO tempest.lib.common.rest_client [req-3900561a-5283-4458-a56b-717fa3a9f862 req-3900561a-5283-4458-a56b-717fa3a9f862 ] Request (TenantUsagesTestJSON:setUpClass): 201 POST http://10.180.1.21/identity/v3/auth/tokens 0.069s
2025-12-01 13:35:49.865 66262 INFO tempest.lib.common.rest_client [req-3235f901-a8c5-432a-b261-983a2bc0da46 req-3235f901-a8c5-432a-b261-983a2bc0da46 ] Request (TenantUsagesTestJSON:setUpClass): 201 POST http://10.180.1.21/identity/v3/projects 0.062s
2025-12-01 13:35:49.876 66276 INFO tempest.lib.common.rest_client [req-235dca96-8364-4d07-a119-6f7871e29687 req-235dca96-8364-4d07-a119-6f7871e29687 ] Request (ServersV294TestFqdnHostnames:setUpClass): 200 GET http://10.180.1.21/compute/v2.1/servers/1990c844-de8b-4d17-bc8e-a864f6c81f05 2.758s
2025-12-01 13:35:49.925 66312 INFO tempest.lib.common.rest_client [req-3a5fb9d4-c51b-4d12-b4f2-91c40d11b630 req-3a5fb9d4-c51b-4d12-b4f2-91c40d11b630 ] Request (ServersTestManualDisk:test_list_servers_with_detail): 200 GET http://10.180.1.21/compute/v2.1/servers/detail 2.867s
2025-12-01 13:35:49.926 66262 INFO tempest.lib.common.rest_client [req-dd77c032-466a-4641-9cf3-e97e147779fa req-dd77c032-466a-4641-9cf3-e97e147779fa ] Request (TenantUsagesTestJSON:setUpClass): 201 POST http://10.180.1.21/identity/v3/users 0.060s
2025-12-01 13:35:49.946 66294 INFO tempest.lib.common.rest_client [req-9d3b60a0-6a07-4811-8eab-f622b25ba9d4 req-9d3b60a0-6a07-4811-8eab-f622b25ba9d4 ] Request (ServerDiagnosticsTest:tearDownClass): 200 GET http://10.180.1.21/compute/v2.1/servers/38aaaf3b-96c1-4530-bdc6-7729ee563a57 2.130s
2025-12-01 13:35:49.949 66262 INFO tempest.lib.common.rest_client [req-29e70646-48b0-489e-9907-48ea6982fde2 req-29e70646-48b0-489e-9907-48ea6982fde2 ] Request (TenantUsagesTestJSON:setUpClass): 200 GET http://10.180.1.21/identity/v3/roles 0.022s
2025-12-01 13:35:49.954 66294 INFO tempest.common.waiters [-] State transition "ACTIVE/deleting" ==> "DELETED/None" after 6 second wait
2025-12-01 13:35:49.980 66262 INFO tempest.lib.common.rest_client [req-21a27f0c-792f-46b0-b2b7-b2954d73afc0 req-21a27f0c-792f-46b0-b2b7-b2954d73afc0 ] Request (TenantUsagesTestJSON:setUpClass): 204 PUT http://10.180.1.21/identity/v3/projects/8b2ceb0cc1ca42b5bb65709c45a133aa/users/725306b1b84845df99b56719e2bcbb22/roles/2c584d7330e64f2bbd1e86b626e40451 0.030s
2025-12-01 13:35:49.985 66290 INFO tempest.lib.common.rest_client [req-ff82b250-d38e-47c8-a681-771483079580 req-ff82b250-d38e-47c8-a681-771483079580 ] Request (ServerDiskConfigTestJSON:test_rebuild_server_with_manual_disk_config): 200 GET http://10.180.1.21/compute/v2.1/servers/a4d9ccd6-3815-4d7f-99a5-12f22b159c7c 2.045s
2025-12-01 13:35:50.008 66272 INFO tempest.lib.common.rest_client [req-c46960ff-99eb-433d-b88c-27642d2a15b7 req-c46960ff-99eb-433d-b88c-27642d2a15b7 ] Request (FloatingIPsAssociationTestJSON:tearDownClass): 200 GET http://10.180.1.21/compute/v2.1/servers/2ae10234-340d-47bc-9a67-0342b8ebd821 2.053s
2025-12-01 13:35:50.045 66262 INFO tempest.lib.common.rest_client [req-ec107c43-5b02-4f61-8947-1baba5a421b6 req-ec107c43-5b02-4f61-8947-1baba5a421b6 ] Request (TenantUsagesTestJSON:setUpClass): 200 GET http://10.180.1.21/identity/v3/roles 0.064s
2025-12-01 13:35:50.052 66292 INFO tempest.lib.common.rest_client [req-cd183d76-4143-473e-97d0-83913046ab45 req-cd183d76-4143-473e-97d0-83913046ab45 ] Request (ServerGroupTestJSON:_run_cleanups): 200 GET http://10.180.1.21/compute/v2.1/servers/c8c68e1e-5066-46b9-9da0-fd415b0f79bb 1.601s
2025-12-01 13:35:50.077 66262 INFO tempest.lib.common.rest_client [req-a60d328d-0a7f-46e9-9644-7283ca4b949a req-a60d328d-0a7f-46e9-9644-7283ca4b949a ] Request (TenantUsagesTestJSON:setUpClass): 204 PUT http://10.180.1.21/identity/v3/projects/8b2ceb0cc1ca42b5bb65709c45a133aa/users/725306b1b84845df99b56719e2bcbb22/roles/2c584d7330e64f2bbd1e86b626e40451 0.032s
2025-12-01 13:35:50.078 66262 INFO tempest.lib.common.dynamic_creds [-] Dynamic test user 725306b1b84845df99b56719e2bcbb22 is created with scope project and roles: ['admin']
2025-12-01 13:35:50.078 66262 INFO tempest.lib.common.dynamic_creds [-] Acquired dynamic creds: credentials: Credentials: {'domain_id': 'default', 'domain_name': 'Default', 'username': 'tempest-TenantUsagesTestJSON-636791214-project-admin', 'project_domain_id': 'default', 'project_domain_name': 'Default', 'project_id': '8b2ceb0cc1ca42b5bb65709c45a133aa', 'project_name': 'tempest-TenantUsagesTestJSON-636791214', 'tenant_id': '8b2ceb0cc1ca42b5bb65709c45a133aa', 'tenant_name': 'tempest-TenantUsagesTestJSON-636791214', 'user_domain_id': 'default', 'user_domain_name': 'Default', 'user_id': '725306b1b84845df99b56719e2bcbb22', 'system': None}, Network: None, Subnet: None, Router: None
2025-12-01 13:35:50.078 66262 INFO tempest.lib.common.dynamic_creds [-] Created isolated network resources for: credentials: Credentials: {'domain_id': 'default', 'domain_name': 'Default', 'username': 'tempest-TenantUsagesTestJSON-636791214-project-admin', 'project_domain_id': 'default', 'project_domain_name': 'Default', 'project_id': '8b2ceb0cc1ca42b5bb65709c45a133aa', 'project_name': 'tempest-TenantUsagesTestJSON-636791214', 'tenant_id': '8b2ceb0cc1ca42b5bb65709c45a133aa', 'tenant_name': 'tempest-TenantUsagesTestJSON-636791214', 'user_domain_id': 'default', 'user_domain_name': 'Default', 'user_id': '725306b1b84845df99b56719e2bcbb22', 'system': None}, Network: None, Subnet: None, Router: None
2025-12-01 13:35:50.110 66287 INFO tempest.lib.common.rest_client [req-3dc37538-dfe6-44e6-a0ae-7804f3e7cd86 req-3dc37538-dfe6-44e6-a0ae-7804f3e7cd86 ] Request (ServerPasswordTestJSON:setUpClass): 200 GET http://10.180.1.21/compute/v2.1/servers/bf69b32f-1651-4ad8-ab6a-52f4d2b26233 0.901s
2025-12-01 13:35:50.123 66274 INFO tempest.lib.common.rest_client [req-367d6c30-9009-442f-8fe0-427b1db3f4ff req-367d6c30-9009-442f-8fe0-427b1db3f4ff ] Request (ServerMetadataTestJSON:setUpClass): 200 GET http://10.180.1.21/compute/v2.1/servers/35307382-fdf5-453f-9af8-02616b1441d1 0.929s
2025-12-01 13:35:50.130 66274 INFO tempest.common.waiters [-] State transition "BUILD/networking" ==> "BUILD/spawning" after 29 second wait
2025-12-01 13:35:50.176 66262 INFO tempest.lib.common.rest_client [req-bc3550f0-50d3-4bbf-bab8-07533175e567 req-bc3550f0-50d3-4bbf-bab8-07533175e567 ] Request (TenantUsagesTestJSON:setUpClass): 201 POST http://10.180.1.21/identity/v3/auth/tokens 0.094s
2025-12-01 13:35:50.251 66262 INFO tempest.lib.common.rest_client [req-b7633572-ea44-4d9a-a6e0-bc4df14848d4 req-b7633572-ea44-4d9a-a6e0-bc4df14848d4 ] Request (TenantUsagesTestJSON:setUpClass): 201 POST http://10.180.1.21/identity/v3/auth/tokens 0.071s
2025-12-01 13:35:50.252 66262 INFO tempest.lib.common.fixed_network [-] (TenantUsagesTestJSON:setUpClass) Found network None available for tenant
2025-12-01 13:35:50.261 66304 INFO tempest.lib.common.rest_client [req-c61d5d70-ea74-4c45-9293-a76945a5d80d req-c61d5d70-ea74-4c45-9293-a76945a5d80d ] Request (SecurityGroupRulesTestJSON:tearDownClass): 202 DELETE http://10.180.1.21/compute/v2.1/os-security-groups/61b1f543-0e7f-4124-bfe3-7095e734804a 0.964s
2025-12-01 13:35:50.297 66316 INFO tempest.lib.common.rest_client [req-cab38b1a-39d5-4aba-a3ed-95301394ce78 req-cab38b1a-39d5-4aba-a3ed-95301394ce78 ] Request (SecurityGroupRulesNegativeTestJSON:test_create_security_group_rule_with_invalid_to_port): 400 POST http://10.180.1.21/compute/v2.1/os-security-group-rules 0.802s
2025-12-01 13:35:50.416 66298 INFO tempest.lib.common.rest_client [req-58dbceda-8a50-49a8-aea6-fdb2a0ca8b17 req-58dbceda-8a50-49a8-aea6-fdb2a0ca8b17 ] Request (ServersListShow2100Test:tearDownClass): 204 DELETE http://10.180.1.21/compute/v2.1/servers/e1c8866a-3067-4716-b949-d488bc94e24d 0.869s
2025-12-01 13:35:50.419 66266 INFO tempest.lib.common.rest_client [req-b4336512-75b6-47d4-a391-bc326f68f4ab req-b4336512-75b6-47d4-a391-bc326f68f4ab ] Request (ServersAdminNegativeTestJSON:test_reset_state_server_invalid_state): 400 POST http://10.180.1.21/compute/v2.1/servers/32873e78-122d-4528-a442-4d3ea5c241d2/action 0.767s
2025-12-01 13:35:50.443 66282 INFO tempest.lib.common.rest_client [req-b8fe13a5-4fbe-470a-9de6-f110a8c5273a req-b8fe13a5-4fbe-470a-9de6-f110a8c5273a ] Request (FlavorsAdminTestJSON:_run_cleanups): 202 DELETE http://10.180.1.21/compute/v2.1/flavors/679671815 0.732s
2025-12-01 13:35:50.460 66312 INFO tempest.lib.common.rest_client [req-0f4e31eb-34ce-4808-82c5-d47c47ed8d80 req-0f4e31eb-34ce-4808-82c5-d47c47ed8d80 ] Request (ServersTestManualDisk:test_verify_created_server_vcpus): 200 GET http://10.180.1.21/compute/v2.1/flavors/42 0.523s
2025-12-01 13:35:50.464 66312 INFO tempest.lib.common.ssh [-] Creating ssh connection to '10.180.180.197:22' as 'cirros' with public key authentication
2025-12-01 13:35:50.468 66312 INFO paramiko.transport [-] Connected (version 2.0, client dropbear_2020.81)
2025-12-01 13:35:50.543 66268 INFO tempest.lib.common.rest_client [req-56cad981-c6a9-443e-9cb6-dd8706e652f9 req-56cad981-c6a9-443e-9cb6-dd8706e652f9 ] Request (ImagesTestJSON:test_create_image_from_suspended_server): 200 GET http://10.180.1.21/compute/v2.1/servers/41e601d6-622e-42c6-81e6-b0f2f55b77ca 0.412s
2025-12-01 13:35:50.571 66312 INFO paramiko.transport [-] Authentication (publickey) successful!
2025-12-01 13:35:50.572 66312 INFO tempest.lib.common.ssh [-] ssh connection to cirros@10.180.180.197 successfully created
2025-12-01 13:35:50.622 66280 INFO tempest.lib.common.rest_client [req-f4e7c4e2-fd6e-4ec1-bcc1-a1006718205d req-f4e7c4e2-fd6e-4ec1-bcc1-a1006718205d ] Request (ServersTestJSON:test_create_server_with_ipv6_addr_only): 200 GET http://10.180.1.21/compute/v2.1/servers/21db3b79-4146-4b48-a198-657d2ca05b2b 0.478s
2025-12-01 13:35:50.683 66260 INFO tempest.lib.common.rest_client [req-a083d175-7257-4125-9cd6-d6c33655cddc req-a083d175-7257-4125-9cd6-d6c33655cddc ] Request (MultipleCreateTestJSON:tearDownClass): 200 GET http://10.180.1.21/compute/v2.1/servers/e2942a34-ffad-423a-baff-0027c88faaa0 0.443s
2025-12-01 13:35:50.874 66270 INFO tempest.lib.common.rest_client [req-dd255e12-bb93-41d0-8d47-0ab8654353cc req-dd255e12-bb93-41d0-8d47-0ab8654353cc ] Request (InstanceActionsNegativeTestJSON:setUpClass): 202 POST http://10.180.1.21/compute/v2.1/servers 1.640s
2025-12-01 13:35:50.914 66262 INFO tempest.lib.common.rest_client [req-b5c8fa77-4f35-4dbb-892e-d1b73848d935 req-b5c8fa77-4f35-4dbb-892e-d1b73848d935 ] Request (TenantUsagesTestJSON:setUpClass): 202 POST http://10.180.1.21/compute/v2.1/servers 0.661s
2025-12-01 13:35:50.949 66256 INFO tempest.lib.common.rest_client [req-802da3ab-4873-4839-bf94-11f453d405c6 req-802da3ab-4873-4839-bf94-11f453d405c6 ] Request (ServerDiagnosticsNegativeTest:tearDownClass): 200 GET http://10.180.1.21/compute/v2.1/servers/d5df9cf1-6966-4e35-933d-7c9c3aacf039 0.694s
2025-12-01 13:35:50.969 66316 INFO tempest.lib.common.rest_client [req-cc3127a6-fbe7-4134-bccc-d67ffbcb9c9d req-cc3127a6-fbe7-4134-bccc-d67ffbcb9c9d ] Request (SecurityGroupRulesNegativeTestJSON:test_create_security_group_rule_with_non_existent_id): 404 POST http://10.180.1.21/compute/v2.1/os-security-group-rules 0.670s
2025-12-01 13:35:51.043 66308 INFO tempest.lib.common.rest_client [req-8d7b5b32-38bc-4ef1-9114-aa040668bb10 req-8d7b5b32-38bc-4ef1-9114-aa040668bb10 ] Request (VolumesAdminNegativeTest:test_update_attached_volume_with_nonexistent_volume_in_uri): 200 GET http://10.180.1.21/compute/v2.1/servers/5a692bc9-d8a2-42c2-b8c8-f71a56dd135d 0.734s
2025-12-01 13:35:51.095 66304 INFO tempest.lib.common.rest_client [req-f1fe52f3-bea6-49c6-aedf-79e21c1e81b5 req-f1fe52f3-bea6-49c6-aedf-79e21c1e81b5 ] Request (SecurityGroupRulesTestJSON:tearDownClass): 202 DELETE http://10.180.1.21/compute/v2.1/os-security-groups/f8680949-f12f-462d-bd8d-0bec89a676bd 0.834s
2025-12-01 13:35:51.127 66314 INFO tempest.lib.common.rest_client [req-68838a11-dbc2-42f9-9cfc-98cad0daf7ca req-68838a11-dbc2-42f9-9cfc-98cad0daf7ca ] Request (ServersTestMultiNic:test_verify_multiple_nics_order): 200 GET http://10.180.1.21/compute/v2.1/servers/643db833-afad-4ab7-b8f4-d56627a5bc8e 0.759s
2025-12-01 13:35:51.180 66302 INFO tempest.lib.common.rest_client [req-16dd3aba-f944-4a0c-9e5d-f81dc6c72bbe req-16dd3aba-f944-4a0c-9e5d-f81dc6c72bbe ] Request (ImagesOneServerNegativeTestJSON:_run_cleanups): 200 GET http://10.180.1.21/compute/v2.1/servers/21598e28-d360-479a-9587-acdcc6d4c32b 0.802s
2025-12-01 13:35:51.185 66266 INFO tempest.lib.common.rest_client [req-25702bda-c7c5-495e-9f2c-4615ed1e2f58 req-25702bda-c7c5-495e-9f2c-4615ed1e2f58 ] Request (ServersAdminNegativeTestJSON:test_reset_state_server_invalid_type): 400 POST http://10.180.1.21/compute/v2.1/servers/32873e78-122d-4528-a442-4d3ea5c241d2/action 0.764s
2025-12-01 13:35:51.193 66298 INFO tempest.lib.common.rest_client [req-e3057863-0628-4db8-b927-ce4eece32513 req-e3057863-0628-4db8-b927-ce4eece32513 ] Request (ServersListShow2100Test:tearDownClass): 200 GET http://10.180.1.21/compute/v2.1/servers/e1c8866a-3067-4716-b949-d488bc94e24d 0.777s
2025-12-01 13:35:51.218 66282 INFO tempest.lib.common.rest_client [req-1d3fe2d9-65e7-4662-beea-a6fa3568a7ab req-1d3fe2d9-65e7-4662-beea-a6fa3568a7ab ] Request (FlavorsAdminTestJSON:_run_cleanups): 200 GET http://10.180.1.21/compute/v2.1/flavors/detail 0.775s
2025-12-01 13:35:51.259 66278 INFO tempest.lib.common.rest_client [req-d9ef4f06-3ba8-4f9d-a67f-3e5796ae8492 req-d9ef4f06-3ba8-4f9d-a67f-3e5796ae8492 ] Request (DeleteServersAdminTestJSON:test_delete_server_while_in_error_state): 200 GET http://10.180.1.21/compute/v2.1/servers/f0fd04b9-d0d1-4dfa-b988-88aa2bd5d841 0.799s
2025-12-01 13:35:51.268 66306 INFO tempest.lib.common.rest_client [req-a1e3ae92-e741-4332-abbf-63f943c34051 req-a1e3ae92-e741-4332-abbf-63f943c34051 ] Request (ServersWithSpecificFlavorTestJSON:test_verify_created_server_ephemeral_disk): 200 GET http://10.180.1.21/compute/v2.1/servers/afbb5c92-d555-4b8f-b170-5cb53e87491d 0.711s
2025-12-01 13:35:51.332 66300 INFO tempest.lib.common.rest_client [req-51714f5a-9871-42cc-a1b8-ba28104df4e3 req-51714f5a-9871-42cc-a1b8-ba28104df4e3 ] Request (ImagesOneServerTestJSON:tearDownClass): 200 GET http://10.180.1.21/compute/v2.1/servers/98faf004-25ab-4aa9-8d4e-948a39bcf39a 0.714s
2025-12-01 13:35:51.339 66312 INFO tempest.lib.common.rest_client [req-3e04a03d-0592-4424-8af4-6d5388e046f2 req-3e04a03d-0592-4424-8af4-6d5388e046f2 ] Request (ServersTestManualDisk:tearDownClass): 204 DELETE http://10.180.1.21/compute/v2.1/servers/969b99f1-dcb0-4334-95a5-be1c95c8c8cc 0.754s
2025-12-01 13:35:51.397 66258 INFO tempest.lib.common.rest_client [req-b1c08678-ba9b-48fa-a9a1-96c224d8505d req-b1c08678-ba9b-48fa-a9a1-96c224d8505d ] Request (MigrationsAdminTest:test_resize_server_revert_deleted_flavor): 200 GET http://10.180.1.21/compute/v2.1/servers/ef5f0333-5109-4fb6-91be-179cdf2541fa 0.690s
2025-12-01 13:35:51.409 66310 INFO tempest.lib.common.rest_client [req-8f7d92b1-213f-42a7-ae69-2bab4b7318d3 req-8f7d92b1-213f-42a7-ae69-2bab4b7318d3 ] Request (ServersAdmin275Test:tearDownClass): 200 GET http://10.180.1.21/compute/v2.1/servers/242e40a3-2e0b-4825-ad80-5d2c512d17d9 0.717s
2025-12-01 13:35:51.454 66270 INFO tempest.lib.common.rest_client [req-f4fa3329-1990-4c19-9dfa-73e6ba794cd9 req-f4fa3329-1990-4c19-9dfa-73e6ba794cd9 ] Request (InstanceActionsNegativeTestJSON:setUpClass): 200 GET http://10.180.1.21/compute/v2.1/servers/60166c03-773a-4650-b278-b4d232488d77 0.579s
2025-12-01 13:35:51.509 66262 INFO tempest.lib.common.rest_client [req-ccdd0aee-3121-47a1-8034-a98513ae5c26 req-ccdd0aee-3121-47a1-8034-a98513ae5c26 ] Request (TenantUsagesTestJSON:setUpClass): 200 GET http://10.180.1.21/compute/v2.1/servers/4322180a-58fa-416b-89cb-bcdfbab348c6 0.593s
2025-12-01 13:35:51.571 66276 INFO tempest.lib.common.rest_client [req-186b0e25-e8b3-4c8d-ab1a-4122a2839617 req-186b0e25-e8b3-4c8d-ab1a-4122a2839617 ] Request (ServersV294TestFqdnHostnames:setUpClass): 200 GET http://10.180.1.21/compute/v2.1/servers/1990c844-de8b-4d17-bc8e-a864f6c81f05 0.683s
2025-12-01 13:35:51.599 66316 INFO tempest.lib.common.rest_client [req-16a006e2-75f8-48cf-ab2e-c2b318f488d6 req-16a006e2-75f8-48cf-ab2e-c2b318f488d6 ] Request (SecurityGroupRulesNegativeTestJSON:test_delete_security_group_rule_with_non_existent_id): 404 DELETE http://10.180.1.21/compute/v2.1/os-security-group-rules/f77a386a-9ab2-48e4-8ede-39d85952726c 0.628s
2025-12-01 13:35:51.611 66294 INFO tempest.lib.common.rest_client [req-1a1074ca-0f08-42e0-92eb-fe7fe2047172 req-1a1074ca-0f08-42e0-92eb-fe7fe2047172 ] Request (ServerDiagnosticsTest:tearDownClass): 200 GET http://10.180.1.21/compute/v2.1/servers/38aaaf3b-96c1-4530-bdc6-7729ee563a57 0.655s
2025-12-01 13:35:51.658 66290 INFO tempest.lib.common.rest_client [req-47e43a61-4b7b-40cb-a829-5c72e2002491 req-47e43a61-4b7b-40cb-a829-5c72e2002491 ] Request (ServerDiskConfigTestJSON:test_rebuild_server_with_manual_disk_config): 200 GET http://10.180.1.21/compute/v2.1/servers/a4d9ccd6-3815-4d7f-99a5-12f22b159c7c 0.662s
2025-12-01 13:35:51.673 66272 INFO tempest.lib.common.rest_client [req-6c9c10d7-71e1-4c9d-92a4-2c135eda486a req-6c9c10d7-71e1-4c9d-92a4-2c135eda486a ] Request (FloatingIPsAssociationTestJSON:tearDownClass): 200 GET http://10.180.1.21/compute/v2.1/servers/2ae10234-340d-47bc-9a67-0342b8ebd821 0.648s
2025-12-01 13:35:51.719 66292 INFO tempest.lib.common.rest_client [req-b734a258-5642-4ffd-81ba-706bb2f2814f req-b734a258-5642-4ffd-81ba-706bb2f2814f ] Request (ServerGroupTestJSON:_run_cleanups): 200 GET http://10.180.1.21/compute/v2.1/servers/c8c68e1e-5066-46b9-9da0-fd415b0f79bb 0.655s
2025-12-01 13:35:51.781 66287 INFO tempest.lib.common.rest_client [req-beb917ae-0621-48f2-948a-a7f5bcdd0b73 req-beb917ae-0621-48f2-948a-a7f5bcdd0b73 ] Request (ServerPasswordTestJSON:setUpClass): 200 GET http://10.180.1.21/compute/v2.1/servers/bf69b32f-1651-4ad8-ab6a-52f4d2b26233 0.662s
2025-12-01 13:35:51.793 66304 INFO tempest.lib.common.rest_client [req-ea28b3f9-f34a-4de0-8b7a-8c479ee1de23 req-ea28b3f9-f34a-4de0-8b7a-8c479ee1de23 ] Request (SecurityGroupRulesTestJSON:tearDownClass): 202 DELETE http://10.180.1.21/compute/v2.1/os-security-groups/3d7ffc3e-a6d0-4b96-a6a7-05b9d6db7c29 0.697s
2025-12-01 13:35:51.800 66266 INFO tempest.lib.common.rest_client [req-26f2211a-6d63-4f2d-8b47-314420c5f221 req-26f2211a-6d63-4f2d-8b47-314420c5f221 ] Request (ServersAdminNegativeTestJSON:test_reset_state_server_nonexistent_server): 404 POST http://10.180.1.21/compute/v2.1/servers/999/action 0.614s
2025-12-01 13:35:51.816 66282 INFO tempest.lib.common.rest_client [req-752ef84c-00ad-4a70-a67d-0dddd255f33e req-752ef84c-00ad-4a70-a67d-0dddd255f33e ] Request (FlavorsAdminTestJSON:test_list_public_flavor_with_other_user): 200 POST http://10.180.1.21/compute/v2.1/flavors 0.588s
2025-12-01 13:35:51.920 66274 INFO tempest.lib.common.rest_client [req-60f0f3ac-724c-4c7c-a6e1-b71f47d8354b req-60f0f3ac-724c-4c7c-a6e1-b71f47d8354b ] Request (ServerMetadataTestJSON:setUpClass): 200 GET http://10.180.1.21/compute/v2.1/servers/35307382-fdf5-453f-9af8-02616b1441d1 0.789s
2025-12-01 13:35:51.927 66312 INFO tempest.lib.common.rest_client [req-1760360d-5b7a-478f-aeef-b0d0c4478831 req-1760360d-5b7a-478f-aeef-b0d0c4478831 ] Request (ServersTestManualDisk:tearDownClass): 200 GET http://10.180.1.21/compute/v2.1/servers/969b99f1-dcb0-4334-95a5-be1c95c8c8cc 0.587s
2025-12-01 13:35:51.969 66268 INFO tempest.lib.common.rest_client [req-d74f193f-59e4-4195-9823-6515ef5fb1d0 req-d74f193f-59e4-4195-9823-6515ef5fb1d0 ] Request (ImagesTestJSON:test_create_image_from_suspended_server): 200 GET http://10.180.1.21/compute/v2.1/servers/41e601d6-622e-42c6-81e6-b0f2f55b77ca 0.418s
2025-12-01 13:35:52.034 66280 INFO tempest.lib.common.rest_client [req-9415e71e-be0e-47df-a2fa-4f1e7c5c2d18 req-9415e71e-be0e-47df-a2fa-4f1e7c5c2d18 ] Request (ServersTestJSON:test_create_server_with_ipv6_addr_only): 200 GET http://10.180.1.21/compute/v2.1/servers/21db3b79-4146-4b48-a198-657d2ca05b2b 0.404s
2025-12-01 13:35:52.050 66316 INFO tempest.lib.common.rest_client [req-def79953-df88-46a0-9cc5-3196e9cfa0f6 req-def79953-df88-46a0-9cc5-3196e9cfa0f6 ] Request (SecurityGroupRulesNegativeTestJSON:tearDownClass): 202 DELETE http://10.180.1.21/compute/v2.1/os-security-groups/a6b6e417-4944-478b-916e-967914b5a959 0.445s
2025-12-01 13:35:52.091 66260 INFO tempest.lib.common.rest_client [req-9140f169-1dbf-4d50-a597-58eabb546360 req-9140f169-1dbf-4d50-a597-58eabb546360 ] Request (MultipleCreateTestJSON:tearDownClass): 200 GET http://10.180.1.21/compute/v2.1/servers/e2942a34-ffad-423a-baff-0027c88faaa0 0.399s
2025-12-01 13:35:52.161 66304 INFO tempest.lib.common.rest_client [req-f05886bf-c67c-4e30-9691-43052b17a33e req-f05886bf-c67c-4e30-9691-43052b17a33e ] Request (SecurityGroupRulesTestJSON:tearDownClass): 202 DELETE http://10.180.1.21/compute/v2.1/os-security-groups/e9dfea96-dec3-4267-b7c0-a9aa19b181fe 0.367s
2025-12-01 13:35:52.170 66266 INFO tempest.lib.common.rest_client [req-6d097662-2653-4fcb-8bc4-77593bc3c01b req-6d097662-2653-4fcb-8bc4-77593bc3c01b ] Request (ServersAdminNegativeTestJSON:test_resize_server_using_overlimit_ram): 200 GET http://10.180.1.21/compute/v2.1/os-quota-sets/898961541109438b89bcea270b078370 0.369s
2025-12-01 13:35:52.184 66282 INFO tempest.lib.common.rest_client [req-f3732f3c-0862-44f3-80d1-35c4d308f16d req-f3732f3c-0862-44f3-80d1-35c4d308f16d ] Request (FlavorsAdminTestJSON:test_list_public_flavor_with_other_user): 200 GET http://10.180.1.21/compute/v2.1/flavors/detail 0.366s
2025-12-01 13:35:52.189 66256 INFO tempest.lib.common.rest_client [req-b92f9ff7-59a9-4589-85c8-fd7ec1cdde46 req-b92f9ff7-59a9-4589-85c8-fd7ec1cdde46 ] Request (ServerDiagnosticsNegativeTest:tearDownClass): 404 GET http://10.180.1.21/compute/v2.1/servers/d5df9cf1-6966-4e35-933d-7c9c3aacf039 0.227s
2025-12-01 13:35:52.235 66308 INFO tempest.lib.common.rest_client [req-7df8996e-7fab-4bb0-b88b-81d6a609f913 req-7df8996e-7fab-4bb0-b88b-81d6a609f913 ] Request (VolumesAdminNegativeTest:test_update_attached_volume_with_nonexistent_volume_in_uri): 200 GET http://10.180.1.21/compute/v2.1/servers/5a692bc9-d8a2-42c2-b8c8-f71a56dd135d 0.180s
2025-12-01 13:35:52.243 66308 INFO tempest.common.waiters [-] State transition "BUILD/None" ==> "BUILD/networking" after 21 second wait
2025-12-01 13:35:52.299 66316 INFO tempest.lib.common.rest_client [req-a3a1966f-687b-4453-8186-62ae484c0cef req-a3a1966f-687b-4453-8186-62ae484c0cef ] Request (SecurityGroupRulesNegativeTestJSON:tearDownClass): 202 DELETE http://10.180.1.21/compute/v2.1/os-security-groups/5beeb47a-9837-4625-bc19-8136c32c63bb 0.248s
2025-12-01 13:35:52.306 66314 INFO tempest.lib.common.rest_client [req-81dbf46c-2746-4279-92e4-0f0dc1c10745 req-81dbf46c-2746-4279-92e4-0f0dc1c10745 ] Request (ServersTestMultiNic:test_verify_multiple_nics_order): 200 GET http://10.180.1.21/compute/v2.1/servers/643db833-afad-4ab7-b8f4-d56627a5bc8e 0.171s
2025-12-01 13:35:52.317 66256 INFO tempest.lib.common.rest_client [req-df5bbd99-973e-483c-b693-9ed057ea3355 req-df5bbd99-973e-483c-b693-9ed057ea3355 ] Request (ServerDiagnosticsNegativeTest:tearDownClass): 204 DELETE http://10.180.1.21/identity/v3/users/d25975b0a86c47e588aa7a6c14305c73 0.128s
2025-12-01 13:35:52.324 66266 INFO tempest.lib.common.rest_client [req-0c08464f-c468-4c74-98fc-0854a86435d7 req-0c08464f-c468-4c74-98fc-0854a86435d7 ] Request (ServersAdminNegativeTestJSON:test_resize_server_using_overlimit_ram): 200 POST http://10.180.1.21/compute/v2.1/flavors 0.151s
2025-12-01 13:35:52.340 66282 INFO tempest.lib.common.rest_client [req-9d686a0a-73ce-4c4b-9ebf-b02f86ae4afd req-9d686a0a-73ce-4c4b-9ebf-b02f86ae4afd ] Request (FlavorsAdminTestJSON:_run_cleanups): 202 DELETE http://10.180.1.21/compute/v2.1/flavors/589831198 0.151s
2025-12-01 13:35:52.426 66304 INFO tempest.lib.common.rest_client [req-1b80517a-fda0-4117-ab5a-82e74db74fcc req-1b80517a-fda0-4117-ab5a-82e74db74fcc ] Request (SecurityGroupRulesTestJSON:tearDownClass): 202 DELETE http://10.180.1.21/compute/v2.1/os-security-groups/ce78905e-a84a-4d7c-a054-40d41012f2b6 0.265s
2025-12-01 13:35:52.431 66256 INFO tempest.lib.common.rest_client [req-7740d64e-5784-41bc-b8de-28265c8b8ad2 req-7740d64e-5784-41bc-b8de-28265c8b8ad2 ] Request (ServerDiagnosticsNegativeTest:tearDownClass): 204 DELETE http://10.180.1.21/identity/v3/users/ba39810ffbeb42eaa3536a878d163ca2 0.113s
2025-12-01 13:35:52.431 66256 INFO tempest.lib.common.dynamic_creds [-] Deleting project and security group for project: 1f1cda6f58754ff8aa43ed54e6c4ce98
2025-12-01 13:35:52.445 66302 INFO tempest.lib.common.rest_client [req-9c6b719a-ee1c-4812-bfb1-273b7f14f277 req-9c6b719a-ee1c-4812-bfb1-273b7f14f277 ] Request (ImagesOneServerNegativeTestJSON:_run_cleanups): 200 GET http://10.180.1.21/compute/v2.1/servers/21598e28-d360-479a-9587-acdcc6d4c32b 0.255s
2025-12-01 13:35:52.480 66278 INFO tempest.lib.common.rest_client [req-ea9efe03-e4e6-4378-9565-5e0ab5aedca8 req-ea9efe03-e4e6-4378-9565-5e0ab5aedca8 ] Request (DeleteServersAdminTestJSON:test_delete_server_while_in_error_state): 404 GET http://10.180.1.21/compute/v2.1/servers/f0fd04b9-d0d1-4dfa-b988-88aa2bd5d841 0.210s
2025-12-01 13:35:52.543 66256 INFO tempest.lib.common.rest_client [req-69fa8714-3c64-4220-bcb9-c61f50fae543 req-69fa8714-3c64-4220-bcb9-c61f50fae543 ] Request (ServerDiagnosticsNegativeTest:tearDownClass): 201 POST http://10.180.1.21/identity/v3/auth/tokens 0.111s
2025-12-01 13:35:52.775 66298 INFO tempest.lib.common.rest_client [req-05da093c-51cf-4cf6-bc0e-4bc58b168a0a req-05da093c-51cf-4cf6-bc0e-4bc58b168a0a ] Request (ServersListShow2100Test:tearDownClass): 200 GET http://10.180.1.21/compute/v2.1/servers/e1c8866a-3067-4716-b949-d488bc94e24d 0.570s
2025-12-01 13:35:52.789 66306 INFO tempest.lib.common.rest_client [req-4e1e2998-7459-418e-925e-df61b311f8f6 req-4e1e2998-7459-418e-925e-df61b311f8f6 ] Request (ServersWithSpecificFlavorTestJSON:test_verify_created_server_ephemeral_disk): 200 GET http://10.180.1.21/compute/v2.1/servers/afbb5c92-d555-4b8f-b170-5cb53e87491d 0.512s
2025-12-01 13:35:52.924 66266 INFO tempest.lib.common.rest_client [req-4dd9d9e8-77fa-450e-91fb-ba2722613558 req-4dd9d9e8-77fa-450e-91fb-ba2722613558 ] Request (ServersAdminNegativeTestJSON:test_resize_server_using_overlimit_ram): 403 POST http://10.180.1.21/compute/v2.1/servers/32873e78-122d-4528-a442-4d3ea5c241d2/action 0.598s
2025-12-01 13:35:52.950 66282 INFO tempest.lib.common.rest_client [req-029cd5a3-2d20-4f90-af3f-618f3209dbe5 req-029cd5a3-2d20-4f90-af3f-618f3209dbe5 ] Request (FlavorsAdminTestJSON:_run_cleanups): 200 GET http://10.180.1.21/compute/v2.1/flavors/detail 0.609s
2025-12-01 13:35:52.985 66256 INFO tempest.lib.common.rest_client [req-a10e2c14-4c2e-43dc-b58d-c314036db389 req-a10e2c14-4c2e-43dc-b58d-c314036db389 ] Request (ServerDiagnosticsNegativeTest:tearDownClass): 200 GET http://10.180.1.21/networking/v2.0/security-groups?tenant_id=1f1cda6f58754ff8aa43ed54e6c4ce98&name=default 0.442s
2025-12-01 13:35:53.070 66282 INFO tempest.lib.common.rest_client [req-e966b8ee-c840-4622-8e1d-6bd334b86852 req-e966b8ee-c840-4622-8e1d-6bd334b86852 ] Request (FlavorsAdminTestJSON:tearDownClass): 204 DELETE http://10.180.1.21/identity/v3/users/b1a7045ac053433284e67db9e6a3c929 0.110s
2025-12-01 13:35:53.185 66282 INFO tempest.lib.common.rest_client [req-11e9e925-865f-4d2a-9c84-7ceef68df5f6 req-11e9e925-865f-4d2a-9c84-7ceef68df5f6 ] Request (FlavorsAdminTestJSON:tearDownClass): 204 DELETE http://10.180.1.21/identity/v3/users/9ebfabfd128f4a5b8aec38a0b6e7215a 0.114s
2025-12-01 13:35:53.185 66282 INFO tempest.lib.common.dynamic_creds [-] Deleting project and security group for project: bcc3475ad5864fd28959cb10afd6c231
2025-12-01 13:35:53.249 66282 INFO tempest.lib.common.rest_client [req-96774131-77d2-409c-97b2-280fa90ced1d req-96774131-77d2-409c-97b2-280fa90ced1d ] Request (FlavorsAdminTestJSON:tearDownClass): 201 POST http://10.180.1.21/identity/v3/auth/tokens 0.064s
2025-12-01 13:35:53.283 66304 INFO tempest.lib.common.rest_client [req-caf95028-ea1b-4917-b950-9c92a9db7685 req-caf95028-ea1b-4917-b950-9c92a9db7685 ] Request (SecurityGroupRulesTestJSON:tearDownClass): 200 PUT http://10.180.1.21/networking/v2.0/routers/045d4748-9ae5-43fa-9603-e5c6348daf43/remove_router_interface 0.856s
2025-12-01 13:35:53.432 66256 INFO tempest.lib.common.rest_client [req-f735834e-4a98-4ebd-9e57-fbf13d507d08 req-f735834e-4a98-4ebd-9e57-fbf13d507d08 ] Request (ServerDiagnosticsNegativeTest:tearDownClass): 204 DELETE http://10.180.1.21/networking/v2.0/security-groups/7f5ebf94-f983-4fce-b87b-73da0edbb5f6 0.446s
2025-12-01 13:35:53.456 66300 INFO tempest.lib.common.rest_client [req-07cee8f8-4a27-4249-a6d7-69ff288cd272 req-07cee8f8-4a27-4249-a6d7-69ff288cd272 ] Request (ImagesOneServerTestJSON:tearDownClass): 200 GET http://10.180.1.21/compute/v2.1/servers/98faf004-25ab-4aa9-8d4e-948a39bcf39a 1.113s
2025-12-01 13:35:53.524 66256 INFO tempest.lib.common.rest_client [req-26fd2fff-f4e1-4bdd-8c61-00f649aaa2ca req-26fd2fff-f4e1-4bdd-8c61-00f649aaa2ca ] Request (ServerDiagnosticsNegativeTest:tearDownClass): 204 DELETE http://10.180.1.21/identity/v3/projects/1f1cda6f58754ff8aa43ed54e6c4ce98 0.091s
2025-12-01 13:35:53.524 66256 INFO tempest.lib.common.dynamic_creds [-] Deleting project and security group for project: 4069a7d555bc4d9a85ce060e43bb3dbc
2025-12-01 13:35:53.716 66282 INFO tempest.lib.common.rest_client [req-5c4c4370-5f63-489e-ba24-421639284319 req-5c4c4370-5f63-489e-ba24-421639284319 ] Request (FlavorsAdminTestJSON:tearDownClass): 200 GET http://10.180.1.21/networking/v2.0/security-groups?tenant_id=bcc3475ad5864fd28959cb10afd6c231&name=default 0.466s
2025-12-01 13:35:54.123 66304 INFO tempest.lib.common.rest_client [req-bb98b72d-8dbd-4c99-8a3a-61a3cad8a294 req-bb98b72d-8dbd-4c99-8a3a-61a3cad8a294 ] Request (SecurityGroupRulesTestJSON:tearDownClass): 204 DELETE http://10.180.1.21/networking/v2.0/routers/045d4748-9ae5-43fa-9603-e5c6348daf43 0.840s
2025-12-01 13:35:54.209 66316 INFO tempest.lib.common.rest_client [req-5a91b745-575f-4d79-9d48-28b91d6ece9e req-5a91b745-575f-4d79-9d48-28b91d6ece9e ] Request (SecurityGroupRulesNegativeTestJSON:tearDownClass): 202 DELETE http://10.180.1.21/compute/v2.1/os-security-groups/a8efc497-109b-4438-ad6d-e8db420c3257 1.910s
