2025-12-01 15:04:59.572 66259 INFO tempest.lib.common.rest_client [req-39c89e84-32cd-4d95-9380-bab0f4a4b2f5 req-39c89e84-32cd-4d95-9380-bab0f4a4b2f5 ] Request (FlavorsV2NegativeTest:tearDownClass): 200 GET http://10.180.1.21/networking/v2.0/security-groups?tenant_id=53b15b1b54354c82a1b505028dc9cbe7&name=default 0.642s
2025-12-01 15:04:59.585 66280 INFO tempest.lib.common.rest_client [req-32453e9c-a72b-4570-8be2-d48add2273da req-32453e9c-a72b-4570-8be2-d48add2273da ] Request (ServerDiagnosticsTest:setUpClass): 200 GET http://10.180.1.21/identity/v3/roles 0.026s
2025-12-01 15:04:59.616 66280 INFO tempest.lib.common.rest_client [req-e2dd381c-17fc-412b-9cc2-f3518cdf2836 req-e2dd381c-17fc-412b-9cc2-f3518cdf2836 ] Request (ServerDiagnosticsTest:setUpClass): 204 PUT http://10.180.1.21/identity/v3/projects/587399f0a5bc4a2eb83ca320c908c218/users/3a03fa8b1eca408ca83a5eb2becc03aa/roles/b79f92b8b2bd424a8d89491652687a81 0.030s
2025-12-01 15:04:59.616 66280 INFO tempest.lib.common.dynamic_creds [-] Dynamic test user 3a03fa8b1eca408ca83a5eb2becc03aa is created with scope project and roles: ['member']
2025-12-01 15:04:59.617 66280 INFO tempest.lib.common.dynamic_creds [-] Acquired dynamic creds: credentials: Credentials: {'domain_id': 'default', 'domain_name': 'Default', 'username': 'tempest-ServerDiagnosticsTest-1033369372-project-member', 'project_domain_id': 'default', 'project_domain_name': 'Default', 'project_id': '587399f0a5bc4a2eb83ca320c908c218', 'project_name': 'tempest-ServerDiagnosticsTest-1033369372', 'tenant_id': '587399f0a5bc4a2eb83ca320c908c218', 'tenant_name': 'tempest-ServerDiagnosticsTest-1033369372', 'user_domain_id': 'default', 'user_domain_name': 'Default', 'user_id': '3a03fa8b1eca408ca83a5eb2becc03aa', 'system': None}, Network: None, Subnet: None, Router: None
2025-12-01 15:04:59.617 66280 INFO tempest.lib.common.dynamic_creds [-] Created isolated network resources for: credentials: Credentials: {'domain_id': 'default', 'domain_name': 'Default', 'username': 'tempest-ServerDiagnosticsTest-1033369372-project-member', 'project_domain_id': 'default', 'project_domain_name': 'Default', 'project_id': '587399f0a5bc4a2eb83ca320c908c218', 'project_name': 'tempest-ServerDiagnosticsTest-1033369372', 'tenant_id': '587399f0a5bc4a2eb83ca320c908c218', 'tenant_name': 'tempest-ServerDiagnosticsTest-1033369372', 'user_domain_id': 'default', 'user_domain_name': 'Default', 'user_id': '3a03fa8b1eca408ca83a5eb2becc03aa', 'system': None}, Network: None, Subnet: None, Router: None
2025-12-01 15:04:59.707 66280 INFO tempest.lib.common.rest_client [req-7930415a-42c9-4a07-b286-457619283c7c req-7930415a-42c9-4a07-b286-457619283c7c ] Request (ServerDiagnosticsTest:setUpClass): 201 POST http://10.180.1.21/identity/v3/auth/tokens 0.086s
2025-12-01 15:04:59.780 66280 INFO tempest.lib.common.rest_client [req-c848677f-9319-492f-b68f-9362adfa45e1 req-c848677f-9319-492f-b68f-9362adfa45e1 ] Request (ServerDiagnosticsTest:setUpClass): 201 POST http://10.180.1.21/identity/v3/projects 0.072s
2025-12-01 15:04:59.798 66262 INFO tempest.lib.common.rest_client [req-56e4f148-9e75-4b58-9be7-e00f61b17fe7 req-56e4f148-9e75-4b58-9be7-e00f61b17fe7 ] Request (VolumesAssistedSnapshotsTest:setUpClass): 200 PUT http://10.180.1.21/networking/v2.0/routers/f6ed1cab-c9c7-46e1-af7d-0c6d06504c82/add_router_interface 1.194s
2025-12-01 15:04:59.799 66262 INFO tempest.lib.common.dynamic_creds [-] Created isolated network resources for: credentials: Credentials: {'domain_id': 'default', 'domain_name': 'Default', 'username': 'tempest-VolumesAssistedSnapshotsTest-1022581998-project', 'project_domain_id': 'default', 'project_domain_name': 'Default', 'project_id': '3425406a33524d34a11b96858114a7a0', 'project_name': 'tempest-VolumesAssistedSnapshotsTest-1022581998', 'tenant_id': '3425406a33524d34a11b96858114a7a0', 'tenant_name': 'tempest-VolumesAssistedSnapshotsTest-1022581998', 'user_domain_id': 'default', 'user_domain_name': 'Default', 'user_id': '8fae71616f6641068a642c6c59272761', 'system': None}, Network: {'id': 'e5fe2286-8881-4d1a-98dd-811df237443c', 'name': 'tempest-VolumesAssistedSnapshotsTest-1412417738-network', 'tenant_id': '3425406a33524d34a11b96858114a7a0', 'project_id': '3425406a33524d34a11b96858114a7a0', 'admin_state_up': True, 'mtu': 8950, 'status': 'ACTIVE', 'subnets': [], 'shared': False, 'port_security_enabled': True, 'router:external': False, 'provider:network_type': 'vlan', 'provider:physical_network': 'default', 'provider:segmentation_id': 162, 'availability_zone_hints': [], 'availability_zones': [], 'ipv4_address_scope': None, 'ipv6_address_scope': None, 'description': '', 'tags': [], 'created_at': '2025-12-01T15:04:56Z', 'updated_at': '2025-12-01T15:04:56Z', 'revision_number': 1}, Subnet: {'id': 'a6805bf7-61c6-4c67-b515-f8d77382a42e', 'name': 'tempest-VolumesAssistedSnapshotsTest-1412417738-subnet', 'tenant_id': '3425406a33524d34a11b96858114a7a0', 'network_id': 'e5fe2286-8881-4d1a-98dd-811df237443c', 'ip_version': 4, 'subnetpool_id': None, 'enable_dhcp': True, 'ipv6_ra_mode': None, 'ipv6_address_mode': None, 'gateway_ip': '192.168.128.1', 'cidr': '192.168.128.0/28', 'allocation_pools': [{'start': '192.168.128.2', 'end': '192.168.128.14'}], 'host_routes': [], 'dns_nameservers': [], 'description': '', 'router:external': False, 'service_types': [], 'tags': [], 'created_at': '2025-12-01T15:04:57Z', 'updated_at': '2025-12-01T15:04:57Z', 'revision_number': 0, 'project_id': '3425406a33524d34a11b96858114a7a0'}, Router: {'id': 'f6ed1cab-c9c7-46e1-af7d-0c6d06504c82', 'name': 'tempest-VolumesAssistedSnapshotsTest-1412417738-router', 'tenant_id': '3425406a33524d34a11b96858114a7a0', 'admin_state_up': True, 'status': 'ACTIVE', 'external_gateway_info': {'network_id': 'e8882898-8dfa-4b1a-b4c1-8f11a96968cb', 'external_fixed_ips': [{'subnet_id': '388c5414-fc28-45c1-a006-49d0778f45d1', 'ip_address': '10.180.180.167'}], 'enable_snat': True}, 'description': '', 'availability_zones': [], 'distributed': False, 'ha': False, 'availability_zone_hints': [], 'routes': [], 'flavor_id': None, 'tags': [], 'created_at': '2025-12-01T15:04:57Z', 'updated_at': '2025-12-01T15:04:58Z', 'revision_number': 2, 'project_id': '3425406a33524d34a11b96858114a7a0'}
2025-12-01 15:04:59.850 66230 INFO tempest.lib.common.rest_client [req-93b923d7-f98f-46b7-a93e-885787079507 req-93b923d7-f98f-46b7-a93e-885787079507 ] Request (NetworksTest:test_get_network): 200 GET http://10.180.1.21/compute/v2.1/os-networks/e8882898-8dfa-4b1a-b4c1-8f11a96968cb 8.776s
2025-12-01 15:04:59.878 66252 INFO tempest.lib.common.rest_client [req-3bbb263b-7a1f-4f0c-9db6-fb6fcfe3c9f8 req-3bbb263b-7a1f-4f0c-9db6-fb6fcfe3c9f8 ] Request (ImagesMetadataNegativeTestJSON:test_list_nonexistent_image_metadata): 404 GET http://10.180.1.21/compute/v2.1/images/be5998fa-e5f7-468e-a093-02e6170dfb7e/metadata 8.779s
2025-12-01 15:04:59.883 66280 INFO tempest.lib.common.rest_client [req-185fb846-8677-439c-bd08-e4cc9b597f50 req-185fb846-8677-439c-bd08-e4cc9b597f50 ] Request (ServerDiagnosticsTest:setUpClass): 201 POST http://10.180.1.21/identity/v3/users 0.102s
2025-12-01 15:04:59.905 66280 INFO tempest.lib.common.rest_client [req-c1eeb647-8aad-412f-8af2-d0779acfec37 req-c1eeb647-8aad-412f-8af2-d0779acfec37 ] Request (ServerDiagnosticsTest:setUpClass): 200 GET http://10.180.1.21/identity/v3/roles 0.021s
2025-12-01 15:04:59.934 66262 INFO tempest.lib.common.rest_client [req-37917645-0823-4d9d-9fc1-80756e119219 req-37917645-0823-4d9d-9fc1-80756e119219 ] Request (VolumesAssistedSnapshotsTest:setUpClass): 201 POST http://10.180.1.21/identity/v3/auth/tokens 0.131s
2025-12-01 15:04:59.958 66280 INFO tempest.lib.common.rest_client [req-0c20545a-6340-4914-be23-4d92672dcd24 req-0c20545a-6340-4914-be23-4d92672dcd24 ] Request (ServerDiagnosticsTest:setUpClass): 204 PUT http://10.180.1.21/identity/v3/projects/4b9302f9587b435cad2f1c26ffa3bdc0/users/b4b3dce4bbf1411db8eab35139b307e4/roles/0d31ab0b04aa48b2b2cf1df5346c22ab 0.053s
2025-12-01 15:05:00.014 66244 INFO tempest.lib.common.rest_client [req-28ff68aa-367b-4fcc-acc3-150fddbe6c82 req-28ff68aa-367b-4fcc-acc3-150fddbe6c82 ] Request (ServerMetadataTestJSON:setUpClass): 202 POST http://10.180.1.21/compute/v2.1/servers 9.999s
2025-12-01 15:05:00.020 66259 INFO tempest.lib.common.rest_client [req-9f2bfb09-9d03-4913-93ac-f6c79fbc520d req-9f2bfb09-9d03-4913-93ac-f6c79fbc520d ] Request (FlavorsV2NegativeTest:tearDownClass): 204 DELETE http://10.180.1.21/networking/v2.0/security-groups/fbc6015b-8bd9-48bb-9ef2-0e6ed5790b0d 0.448s
2025-12-01 15:05:00.036 66280 INFO tempest.lib.common.rest_client [req-8f496459-e57f-4c1e-8cff-396ae5015ea4 req-8f496459-e57f-4c1e-8cff-396ae5015ea4 ] Request (ServerDiagnosticsTest:setUpClass): 200 GET http://10.180.1.21/identity/v3/roles 0.076s
2025-12-01 15:05:00.095 66232 INFO tempest.lib.common.rest_client [req-08585fe3-cac7-49c2-8540-d8f07fea8688 req-08585fe3-cac7-49c2-8540-d8f07fea8688 ] Request (AggregatesAdminNegativeTestJSON:test_aggregate_add_existent_host): 409 POST http://10.180.1.21/compute/v2.1/os-aggregates/1/action 8.201s
2025-12-01 15:05:00.174 66259 INFO tempest.lib.common.rest_client [req-1acaf492-10e1-4db3-b5a9-88e7c6c6b8ba req-1acaf492-10e1-4db3-b5a9-88e7c6c6b8ba ] Request (FlavorsV2NegativeTest:tearDownClass): 204 DELETE http://10.180.1.21/identity/v3/projects/53b15b1b54354c82a1b505028dc9cbe7 0.151s
2025-12-01 15:05:00.237 66280 INFO tempest.lib.common.rest_client [req-1f5389d6-d44e-40c2-8b35-bdaac3251831 req-1f5389d6-d44e-40c2-8b35-bdaac3251831 ] Request (ServerDiagnosticsTest:setUpClass): 204 PUT http://10.180.1.21/identity/v3/projects/4b9302f9587b435cad2f1c26ffa3bdc0/users/b4b3dce4bbf1411db8eab35139b307e4/roles/0d31ab0b04aa48b2b2cf1df5346c22ab 0.201s
2025-12-01 15:05:00.238 66280 INFO tempest.lib.common.dynamic_creds [-] Dynamic test user b4b3dce4bbf1411db8eab35139b307e4 is created with scope project and roles: ['admin']
2025-12-01 15:05:00.238 66280 INFO tempest.lib.common.dynamic_creds [-] Acquired dynamic creds: credentials: Credentials: {'domain_id': 'default', 'domain_name': 'Default', 'username': 'tempest-ServerDiagnosticsTest-1133903083-project-admin', 'project_domain_id': 'default', 'project_domain_name': 'Default', 'project_id': '4b9302f9587b435cad2f1c26ffa3bdc0', 'project_name': 'tempest-ServerDiagnosticsTest-1133903083', 'tenant_id': '4b9302f9587b435cad2f1c26ffa3bdc0', 'tenant_name': 'tempest-ServerDiagnosticsTest-1133903083', 'user_domain_id': 'default', 'user_domain_name': 'Default', 'user_id': 'b4b3dce4bbf1411db8eab35139b307e4', 'system': None}, Network: None, Subnet: None, Router: None
2025-12-01 15:05:00.238 66280 INFO tempest.lib.common.dynamic_creds [-] Created isolated network resources for: credentials: Credentials: {'domain_id': 'default', 'domain_name': 'Default', 'username': 'tempest-ServerDiagnosticsTest-1133903083-project-admin', 'project_domain_id': 'default', 'project_domain_name': 'Default', 'project_id': '4b9302f9587b435cad2f1c26ffa3bdc0', 'project_name': 'tempest-ServerDiagnosticsTest-1133903083', 'tenant_id': '4b9302f9587b435cad2f1c26ffa3bdc0', 'tenant_name': 'tempest-ServerDiagnosticsTest-1133903083', 'user_domain_id': 'default', 'user_domain_name': 'Default', 'user_id': 'b4b3dce4bbf1411db8eab35139b307e4', 'system': None}, Network: None, Subnet: None, Router: None
2025-12-01 15:05:00.331 66259 INFO tempest.lib.common.rest_client [req-19ed14db-f419-4551-8360-23acfec241d5 req-19ed14db-f419-4551-8360-23acfec241d5 ] Request (SecurityGroupsTestJSON:setUpClass): 201 POST http://10.180.1.21/identity/v3/auth/tokens 0.155s
2025-12-01 15:05:00.408 66266 INFO tempest.lib.common.rest_client [req-816e68cb-34bb-43dc-ad6d-2383e155314a req-816e68cb-34bb-43dc-ad6d-2383e155314a ] Request (HypervisorAdminNegativeUnderV252Test:test_search_hypervisor_with_non_admin_user): 403 GET http://10.180.1.21/compute/v2.1/os-hypervisors/domain-c8.fc996f14-c53b-4953-92e3-bdfa48f5cc28/search 8.425s
2025-12-01 15:05:00.420 66242 INFO tempest.lib.common.rest_client [req-fa349942-9ea3-4ad5-bf84-8784ea4ea845 req-fa349942-9ea3-4ad5-bf84-8784ea4ea845 ] Request (AttachInterfacesV270Test:test_create_get_list_interfaces): 200 GET http://10.180.1.21/compute/v2.1/servers/156fac2d-d14e-4129-a9f2-24f2d07e9b69 8.904s
2025-12-01 15:05:00.454 66268 INFO tempest.lib.common.rest_client [req-6859a146-778a-4eca-8b37-5ebf2e43d193 req-6859a146-778a-4eca-8b37-5ebf2e43d193 ] Request (HostsAdminTestJSON:test_list_hosts_with_a_blank_zone): 200 GET http://10.180.1.21/compute/v2.1/os-hosts?zone= 8.370s
2025-12-01 15:05:00.469 66280 INFO tempest.lib.common.rest_client [req-9f934186-102b-4f03-ac1c-81d7011ff845 req-9f934186-102b-4f03-ac1c-81d7011ff845 ] Request (ServerDiagnosticsTest:setUpClass): 201 POST http://10.180.1.21/identity/v3/auth/tokens 0.226s
2025-12-01 15:05:00.471 66259 INFO tempest.lib.common.rest_client [req-dcb82b21-bea2-45e7-b567-97ea5a27291d req-dcb82b21-bea2-45e7-b567-97ea5a27291d ] Request (SecurityGroupsTestJSON:setUpClass): 201 POST http://10.180.1.21/identity/v3/auth/tokens 0.138s
2025-12-01 15:05:00.513 66259 INFO tempest.lib.common.rest_client [req-94229e22-74bd-4043-8db1-4679494f7f66 req-94229e22-74bd-4043-8db1-4679494f7f66 ] Request (SecurityGroupsTestJSON:setUpClass): 200 GET http://10.180.1.21/identity/v3/domains?name=Default 0.041s
2025-12-01 15:05:00.586 66238 INFO tempest.lib.common.rest_client [req-6d63ae74-02b7-4bd0-ab51-8cfbde92ebe6 req-6d63ae74-02b7-4bd0-ab51-8cfbde92ebe6 ] Request (FlavorMetadataValidation:test_flavor_update_with_custom_namespace): 200 POST http://10.180.1.21/compute/v2.1/flavors/763229922/os-extra_specs 8.367s
2025-12-01 15:05:00.594 66250 INFO tempest.lib.common.rest_client [req-c79fab6e-26e8-45dd-96e8-d0778cdfd5fc req-c79fab6e-26e8-45dd-96e8-d0778cdfd5fc ] Request (InstanceUsageAuditLogNegativeTestJSON:test_instance_usage_audit_logs_with_nonadmin_user): 403 GET http://10.180.1.21/compute/v2.1/os-instance_usage_audit_log/2025-12-01%2015%3A04%3A52 8.190s
2025-12-01 15:05:00.612 66290 INFO tempest.lib.common.rest_client [req-7f98d9bc-701d-42fb-b953-bb5fd8ca2d4f req-7f98d9bc-701d-42fb-b953-bb5fd8ca2d4f ] Request (FlavorsV255TestJSON:test_crud_flavor): 200 GET http://10.180.1.21/compute/v2.1/flavors/381113718 8.284s
2025-12-01 15:05:00.615 66280 INFO tempest.lib.common.rest_client [req-c019548b-c97e-4044-ac82-7491006ed739 req-c019548b-c97e-4044-ac82-7491006ed739 ] Request (ServerDiagnosticsTest:test_get_server_diagnostics): 201 POST http://10.180.1.21/identity/v3/auth/tokens 0.135s
2025-12-01 15:05:00.616 66280 INFO tempest.lib.common.fixed_network [-] (ServerDiagnosticsTest:test_get_server_diagnostics) Found network None available for tenant
2025-12-01 15:05:00.616 66287 INFO tempest.lib.common.rest_client [req-247d355a-a3ad-49cd-b396-55eb754d07aa req-247d355a-a3ad-49cd-b396-55eb754d07aa ] Request (QuotaClassesAdmin257Test:test_update_default_quotas): 200 GET http://10.180.1.21/compute/v2.1/os-quota-class-sets/default 8.073s
2025-12-01 15:05:00.629 66264 INFO tempest.lib.common.rest_client [req-796d145c-0abb-4c7e-8b84-e443ee86df62 req-796d145c-0abb-4c7e-8b84-e443ee86df62 ] Request (HypervisorAdminNegativeTestJSON:test_get_hypervisor_stats_with_non_admin_user): 403 GET http://10.180.1.21/compute/v2.1/os-hypervisors/statistics 8.079s
2025-12-01 15:05:00.635 66259 INFO tempest.lib.common.rest_client [req-c55419c3-0f92-4f27-87ed-3331898c8c8b req-c55419c3-0f92-4f27-87ed-3331898c8c8b ] Request (SecurityGroupsTestJSON:setUpClass): 201 POST http://10.180.1.21/identity/v3/projects 0.119s
2025-12-01 15:05:00.638 66262 INFO tempest.lib.common.rest_client [req-f01cb9b3-b2ec-4efe-ac82-6984bd7b3521 req-f01cb9b3-b2ec-4efe-ac82-6984bd7b3521 ] Request (VolumesAssistedSnapshotsTest:test_volume_assisted_snapshot_create_delete): 202 POST http://10.180.1.21/volume/v3/volumes 0.701s
2025-12-01 15:05:00.739 66262 INFO tempest.lib.common.rest_client [req-3513186a-e5b4-474d-ac60-c4ab546abe5d req-3513186a-e5b4-474d-ac60-c4ab546abe5d ] Request (VolumesAssistedSnapshotsTest:test_volume_assisted_snapshot_create_delete): 200 GET http://10.180.1.21/volume/v3/volumes/54f20e3e-e427-4481-b248-ed78adc494a3 0.095s
2025-12-01 15:05:00.787 66250 INFO tempest.lib.common.rest_client [req-dd98fef4-1c8e-4a81-a160-0f244d22bb4c req-dd98fef4-1c8e-4a81-a160-0f244d22bb4c ] Request (InstanceUsageAuditLogNegativeTestJSON:tearDownClass): 204 DELETE http://10.180.1.21/identity/v3/users/ccdfb80cf1974077a2a0dcc909b7a714 0.189s
2025-12-01 15:05:00.810 66236 INFO tempest.lib.common.rest_client [req-f2c26e19-d523-4aaf-9418-d18081006e0d req-f2c26e19-d523-4aaf-9418-d18081006e0d ] Request (FlavorsAccessTestJSON:test_flavor_access_add_remove): 200 GET http://10.180.1.21/compute/v2.1/flavors/detail 8.080s
2025-12-01 15:05:00.878 66259 INFO tempest.lib.common.rest_client [req-5be2755f-ce58-494a-9f44-58a803b92128 req-5be2755f-ce58-494a-9f44-58a803b92128 ] Request (SecurityGroupsTestJSON:setUpClass): 201 POST http://10.180.1.21/identity/v3/users 0.243s
2025-12-01 15:05:00.922 66271 INFO tempest.lib.common.rest_client [req-b2a54d2f-c149-497b-93ce-e1fa131016cf req-b2a54d2f-c149-497b-93ce-e1fa131016cf ] Request (FlavorsAccessNegativeTestJSON:test_add_flavor_access_duplicate): 200 POST http://10.180.1.21/compute/v2.1/flavors/1820685990/action 8.274s
2025-12-01 15:05:00.995 66250 INFO tempest.lib.common.rest_client [req-c615d1d8-a89b-4aa5-97b4-8130b69c1968 req-c615d1d8-a89b-4aa5-97b4-8130b69c1968 ] Request (InstanceUsageAuditLogNegativeTestJSON:tearDownClass): 204 DELETE http://10.180.1.21/identity/v3/users/93ad2ab2c9df49fab32a5308387aafe3 0.207s
2025-12-01 15:05:00.995 66250 INFO tempest.lib.common.dynamic_creds [-] Deleting project and security group for project: 3e2182c2fa1c4b9fb5028f2b0c252594
2025-12-01 15:05:01.058 66259 INFO tempest.lib.common.rest_client [req-61ea2ae8-c76b-4852-8569-1261eefd45e5 req-61ea2ae8-c76b-4852-8569-1261eefd45e5 ] Request (SecurityGroupsTestJSON:setUpClass): 200 GET http://10.180.1.21/identity/v3/roles 0.179s
2025-12-01 15:05:01.106 66250 INFO tempest.lib.common.rest_client [req-5a0ecd5e-11b7-48d9-b73d-35d3651ec814 req-5a0ecd5e-11b7-48d9-b73d-35d3651ec814 ] Request (InstanceUsageAuditLogNegativeTestJSON:tearDownClass): 201 POST http://10.180.1.21/identity/v3/auth/tokens 0.109s
2025-12-01 15:05:01.133 66259 INFO tempest.lib.common.rest_client [req-67b0e387-d114-4fab-a614-281263a9a781 req-67b0e387-d114-4fab-a614-281263a9a781 ] Request (SecurityGroupsTestJSON:setUpClass): 204 PUT http://10.180.1.21/identity/v3/projects/9ddb07a3508d4b6f917a5b440a6519af/users/cc4707c72b4c46b09967360efd7a7570/roles/b79f92b8b2bd424a8d89491652687a81 0.074s
2025-12-01 15:05:01.133 66259 INFO tempest.lib.common.dynamic_creds [-] Dynamic test user cc4707c72b4c46b09967360efd7a7570 is created with scope project and roles: ['member']
2025-12-01 15:05:01.133 66259 INFO tempest.lib.common.dynamic_creds [-] Acquired dynamic creds: credentials: Credentials: {'domain_id': 'default', 'domain_name': 'Default', 'username': 'tempest-SecurityGroupsTestJSON-1003182679-project-member', 'project_domain_id': 'default', 'project_domain_name': 'Default', 'project_id': '9ddb07a3508d4b6f917a5b440a6519af', 'project_name': 'tempest-SecurityGroupsTestJSON-1003182679', 'tenant_id': '9ddb07a3508d4b6f917a5b440a6519af', 'tenant_name': 'tempest-SecurityGroupsTestJSON-1003182679', 'user_domain_id': 'default', 'user_domain_name': 'Default', 'user_id': 'cc4707c72b4c46b09967360efd7a7570', 'system': None}, Network: None, Subnet: None, Router: None
2025-12-01 15:05:01.209 66272 INFO tempest.lib.common.rest_client [req-842a169c-4d85-47db-b43a-fd390b6c82df req-842a169c-4d85-47db-b43a-fd390b6c82df ] Request (FloatingIPDetailsNegativeTestJSON:tearDownClass): 200 PUT http://10.180.1.21/networking/v2.0/routers/4d976ecb-2abb-4e70-a8e4-164d93fcd11f/remove_router_interface 2.167s
2025-12-01 15:05:01.210 66240 INFO tempest.lib.common.rest_client [req-14b3190f-5d06-43a4-b2e0-3816509cc0a1 req-14b3190f-5d06-43a4-b2e0-3816509cc0a1 ] Request (ServersWithSpecificFlavorTestJSON:test_verify_created_server_ephemeral_disk): 200 GET http://10.180.1.21/compute/v2.1/flavors/42 7.154s
2025-12-01 15:05:01.247 66259 INFO tempest.lib.common.rest_client [req-5cb98fcf-527e-460f-a4d5-6299bbde7c8c req-5cb98fcf-527e-460f-a4d5-6299bbde7c8c ] Request (SecurityGroupsTestJSON:setUpClass): 201 POST http://10.180.1.21/identity/v3/auth/tokens 0.114s
2025-12-01 15:05:01.307 66260 INFO tempest.lib.common.rest_client [req-09ba52c7-be98-4574-bfda-6a4b97a13c17 req-09ba52c7-be98-4574-bfda-6a4b97a13c17 ] Request (QuotasAdminNegativeTest:test_create_server_when_cpu_quota_is_full): 200 GET http://10.180.1.21/compute/v2.1/os-quota-sets/9b4b135c05e2446aa90486b4387199a6 7.319s
2025-12-01 15:05:01.471 66250 INFO tempest.lib.common.rest_client [req-971378e1-4444-4720-acf2-7cd09e0c891e req-971378e1-4444-4720-acf2-7cd09e0c891e ] Request (InstanceUsageAuditLogNegativeTestJSON:tearDownClass): 200 GET http://10.180.1.21/networking/v2.0/security-groups?tenant_id=3e2182c2fa1c4b9fb5028f2b0c252594&name=default 0.364s
2025-12-01 15:05:01.732 66259 INFO tempest.lib.common.rest_client [req-f939a156-d750-4e50-b342-682797506ba8 req-f939a156-d750-4e50-b342-682797506ba8 ] Request (SecurityGroupsTestJSON:setUpClass): 201 POST http://10.180.1.21/networking/v2.0/networks 0.481s
2025-12-01 15:05:01.796 66262 INFO tempest.lib.common.rest_client [req-81174c3c-8ce6-4339-b392-e9951e2e80e6 req-81174c3c-8ce6-4339-b392-e9951e2e80e6 ] Request (VolumesAssistedSnapshotsTest:test_volume_assisted_snapshot_create_delete): 200 GET http://10.180.1.21/volume/v3/volumes/54f20e3e-e427-4481-b248-ed78adc494a3 0.046s
2025-12-01 15:05:01.804 66262 INFO tempest.common.waiters [-] volume 54f20e3e-e427-4481-b248-ed78adc494a3 reached available after waiting for 1.804389 seconds
2025-12-01 15:05:01.912 66250 INFO tempest.lib.common.rest_client [req-3128c9bf-ede3-458c-895c-e9ecb264b625 req-3128c9bf-ede3-458c-895c-e9ecb264b625 ] Request (InstanceUsageAuditLogNegativeTestJSON:tearDownClass): 204 DELETE http://10.180.1.21/networking/v2.0/security-groups/0dad9848-0ff1-4762-8a95-26707d2300a4 0.440s
2025-12-01 15:05:01.968 66272 INFO tempest.lib.common.rest_client [req-c08d37dc-6da1-4697-bf46-f1c29f223cd2 req-c08d37dc-6da1-4697-bf46-f1c29f223cd2 ] Request (FloatingIPDetailsNegativeTestJSON:tearDownClass): 204 DELETE http://10.180.1.21/networking/v2.0/routers/4d976ecb-2abb-4e70-a8e4-164d93fcd11f 0.758s
2025-12-01 15:05:01.995 66250 INFO tempest.lib.common.rest_client [req-3e833112-761c-4fc0-a6d9-82aac6c066e5 req-3e833112-761c-4fc0-a6d9-82aac6c066e5 ] Request (InstanceUsageAuditLogNegativeTestJSON:tearDownClass): 204 DELETE http://10.180.1.21/identity/v3/projects/3e2182c2fa1c4b9fb5028f2b0c252594 0.082s
2025-12-01 15:05:01.995 66250 INFO tempest.lib.common.dynamic_creds [-] Deleting project and security group for project: 6e2644cecbbd42b594334f616f4e626d
2025-12-01 15:05:02.268 66259 INFO tempest.lib.common.rest_client [req-20084aac-4c64-4a7a-b79b-2ae1f2bfb098 req-20084aac-4c64-4a7a-b79b-2ae1f2bfb098 ] Request (SecurityGroupsTestJSON:setUpClass): 201 POST http://10.180.1.21/networking/v2.0/subnets 0.534s
2025-12-01 15:05:02.480 66272 INFO tempest.lib.common.rest_client [req-d320ce60-1694-407f-a585-a781199a571c req-d320ce60-1694-407f-a585-a781199a571c ] Request (FloatingIPDetailsNegativeTestJSON:tearDownClass): 204 DELETE http://10.180.1.21/networking/v2.0/subnets/d05873a4-75ce-41c9-b415-d985628c7f6c 0.511s
2025-12-01 15:05:02.594 66250 INFO tempest.lib.common.rest_client [req-642f84fc-e5f6-4f33-b82f-37a7e78e03fd req-642f84fc-e5f6-4f33-b82f-37a7e78e03fd ] Request (InstanceUsageAuditLogNegativeTestJSON:tearDownClass): 200 GET http://10.180.1.21/networking/v2.0/security-groups?tenant_id=6e2644cecbbd42b594334f616f4e626d&name=default 0.599s
2025-12-01 15:05:02.649 66246 INFO tempest.lib.common.rest_client [req-31fcd405-a27c-4403-9977-ea5fdf6d78ac req-31fcd405-a27c-4403-9977-ea5fdf6d78ac ] Request (DeleteServersAdminTestJSON:test_admin_delete_servers_of_others): 200 GET http://10.180.1.21/compute/v2.1/servers/ef43c37c-6d6e-428c-be2a-9211cb708a6f 7.193s
2025-12-01 15:05:03.414 66259 INFO tempest.lib.common.rest_client [req-1a118135-cb1e-4ff9-8bed-743d8e1b2127 req-1a118135-cb1e-4ff9-8bed-743d8e1b2127 ] Request (SecurityGroupsTestJSON:setUpClass): 201 POST http://10.180.1.21/networking/v2.0/routers 1.146s
2025-12-01 15:05:03.790 66250 INFO tempest.lib.common.rest_client [req-86d8b903-cb18-4786-96e0-7cbbe43b8ef6 req-86d8b903-cb18-4786-96e0-7cbbe43b8ef6 ] Request (InstanceUsageAuditLogNegativeTestJSON:tearDownClass): 204 DELETE http://10.180.1.21/networking/v2.0/security-groups/8dce1e09-69ad-487b-a594-c2f221f8a83a 1.195s
2025-12-01 15:05:03.893 66272 INFO tempest.lib.common.rest_client [req-c72f4ee4-a19e-42ee-b0b5-daad7ca2d9a8 req-c72f4ee4-a19e-42ee-b0b5-daad7ca2d9a8 ] Request (FloatingIPDetailsNegativeTestJSON:tearDownClass): 204 DELETE http://10.180.1.21/networking/v2.0/networks/883d6d27-5308-4cdf-9926-47f9845aaf80 1.412s
2025-12-01 15:05:03.964 66250 INFO tempest.lib.common.rest_client [req-df44eb46-7420-47b1-9c08-db625350355e req-df44eb46-7420-47b1-9c08-db625350355e ] Request (InstanceUsageAuditLogNegativeTestJSON:tearDownClass): 204 DELETE http://10.180.1.21/identity/v3/projects/6e2644cecbbd42b594334f616f4e626d 0.174s
2025-12-01 15:05:04.039 66250 INFO tempest.lib.common.rest_client [req-13319734-ae95-45f1-814f-e00e41beae56 req-13319734-ae95-45f1-814f-e00e41beae56 ] Request (ServersAdminNegativeTestJSON:setUpClass): 201 POST http://10.180.1.21/identity/v3/auth/tokens 0.072s
2025-12-01 15:05:04.086 66272 INFO tempest.lib.common.rest_client [req-c4d4e35a-d458-4dec-9f26-100bb0a3edb4 req-c4d4e35a-d458-4dec-9f26-100bb0a3edb4 ] Request (FloatingIPDetailsNegativeTestJSON:tearDownClass): 204 DELETE http://10.180.1.21/identity/v3/users/e7bb1e4a7a0c4335a0c327ecf251219b 0.193s
2025-12-01 15:05:04.087 66272 INFO tempest.lib.common.dynamic_creds [-] Deleting project and security group for project: ec96bca94249408ba0847f97820ddec9
2025-12-01 15:05:04.173 66250 INFO tempest.lib.common.rest_client [req-7b790a59-0e2f-46c7-b92b-e6c73e43c653 req-7b790a59-0e2f-46c7-b92b-e6c73e43c653 ] Request (ServersAdminNegativeTestJSON:setUpClass): 201 POST http://10.180.1.21/identity/v3/auth/tokens 0.130s
2025-12-01 15:05:04.213 66250 INFO tempest.lib.common.rest_client [req-4550e0f2-0c94-4265-bf02-156f7b221586 req-4550e0f2-0c94-4265-bf02-156f7b221586 ] Request (ServersAdminNegativeTestJSON:setUpClass): 200 GET http://10.180.1.21/identity/v3/domains?name=Default 0.039s
2025-12-01 15:05:04.259 66250 INFO tempest.lib.common.rest_client [req-3afa66de-022b-438d-9f53-9d95fa48fbb3 req-3afa66de-022b-438d-9f53-9d95fa48fbb3 ] Request (ServersAdminNegativeTestJSON:setUpClass): 201 POST http://10.180.1.21/identity/v3/projects 0.045s
2025-12-01 15:05:04.352 66250 INFO tempest.lib.common.rest_client [req-d622f0e0-44f4-4200-b3c2-008e9423363b req-d622f0e0-44f4-4200-b3c2-008e9423363b ] Request (ServersAdminNegativeTestJSON:setUpClass): 201 POST http://10.180.1.21/identity/v3/users 0.092s
2025-12-01 15:05:04.382 66250 INFO tempest.lib.common.rest_client [req-da60e510-6a7b-4f1c-8989-9bb5f3898163 req-da60e510-6a7b-4f1c-8989-9bb5f3898163 ] Request (ServersAdminNegativeTestJSON:setUpClass): 200 GET http://10.180.1.21/identity/v3/roles 0.029s
2025-12-01 15:05:04.424 66250 INFO tempest.lib.common.rest_client [req-ce5d7c58-16af-4c2b-9c72-3a7d385f2307 req-ce5d7c58-16af-4c2b-9c72-3a7d385f2307 ] Request (ServersAdminNegativeTestJSON:setUpClass): 204 PUT http://10.180.1.21/identity/v3/projects/5bce64d7860d448b82e6e8c3541f5cb8/users/f8e07aa473f0419bb6038ef8b99c7036/roles/b79f92b8b2bd424a8d89491652687a81 0.042s
2025-12-01 15:05:04.424 66250 INFO tempest.lib.common.dynamic_creds [-] Dynamic test user f8e07aa473f0419bb6038ef8b99c7036 is created with scope project and roles: ['member']
2025-12-01 15:05:04.425 66250 INFO tempest.lib.common.dynamic_creds [-] Acquired dynamic creds: credentials: Credentials: {'domain_id': 'default', 'domain_name': 'Default', 'username': 'tempest-ServersAdminNegativeTestJSON-1196358161-project-member', 'project_domain_id': 'default', 'project_domain_name': 'Default', 'project_id': '5bce64d7860d448b82e6e8c3541f5cb8', 'project_name': 'tempest-ServersAdminNegativeTestJSON-1196358161', 'tenant_id': '5bce64d7860d448b82e6e8c3541f5cb8', 'tenant_name': 'tempest-ServersAdminNegativeTestJSON-1196358161', 'user_domain_id': 'default', 'user_domain_name': 'Default', 'user_id': 'f8e07aa473f0419bb6038ef8b99c7036', 'system': None}, Network: None, Subnet: None, Router: None
2025-12-01 15:05:04.425 66250 INFO tempest.lib.common.dynamic_creds [-] Created isolated network resources for: credentials: Credentials: {'domain_id': 'default', 'domain_name': 'Default', 'username': 'tempest-ServersAdminNegativeTestJSON-1196358161-project-member', 'project_domain_id': 'default', 'project_domain_name': 'Default', 'project_id': '5bce64d7860d448b82e6e8c3541f5cb8', 'project_name': 'tempest-ServersAdminNegativeTestJSON-1196358161', 'tenant_id': '5bce64d7860d448b82e6e8c3541f5cb8', 'tenant_name': 'tempest-ServersAdminNegativeTestJSON-1196358161', 'user_domain_id': 'default', 'user_domain_name': 'Default', 'user_id': 'f8e07aa473f0419bb6038ef8b99c7036', 'system': None}, Network: None, Subnet: None, Router: None
2025-12-01 15:05:04.481 66272 INFO tempest.lib.common.rest_client [req-0084d19c-2f6e-476a-aaf0-e61853e7b494 req-0084d19c-2f6e-476a-aaf0-e61853e7b494 ] Request (FloatingIPDetailsNegativeTestJSON:tearDownClass): 200 GET http://10.180.1.21/networking/v2.0/security-groups?tenant_id=ec96bca94249408ba0847f97820ddec9&name=default 0.391s
2025-12-01 15:05:04.517 66250 INFO tempest.lib.common.rest_client [req-3538df6e-9854-41ca-976c-9c0f1e894329 req-3538df6e-9854-41ca-976c-9c0f1e894329 ] Request (ServersAdminNegativeTestJSON:setUpClass): 201 POST http://10.180.1.21/identity/v3/auth/tokens 0.088s
2025-12-01 15:05:04.558 66275 INFO tempest.lib.common.rest_client [req-7b953a94-83d3-4b2b-8859-fd4673fdf5f9 req-7b953a94-83d3-4b2b-8859-fd4673fdf5f9 ] Request (DeleteServersTestJSON:test_delete_active_server): 202 POST http://10.180.1.21/compute/v2.1/servers 9.580s
2025-12-01 15:05:04.610 66250 INFO tempest.lib.common.rest_client [req-864943f6-9b13-4c96-8b49-985ba037bc1e req-864943f6-9b13-4c96-8b49-985ba037bc1e ] Request (ServersAdminNegativeTestJSON:setUpClass): 201 POST http://10.180.1.21/identity/v3/projects 0.093s
2025-12-01 15:05:04.692 66250 INFO tempest.lib.common.rest_client [req-d788319d-0beb-410b-b2af-91ea8ec4a04f req-d788319d-0beb-410b-b2af-91ea8ec4a04f ] Request (ServersAdminNegativeTestJSON:setUpClass): 201 POST http://10.180.1.21/identity/v3/users 0.081s
2025-12-01 15:05:04.715 66250 INFO tempest.lib.common.rest_client [req-1c3129f8-7979-4f49-8089-2b44978c05af req-1c3129f8-7979-4f49-8089-2b44978c05af ] Request (ServersAdminNegativeTestJSON:setUpClass): 200 GET http://10.180.1.21/identity/v3/roles 0.023s
2025-12-01 15:05:04.748 66250 INFO tempest.lib.common.rest_client [req-a16498f8-47e5-4654-94b2-99249d6daa38 req-a16498f8-47e5-4654-94b2-99249d6daa38 ] Request (ServersAdminNegativeTestJSON:setUpClass): 204 PUT http://10.180.1.21/identity/v3/projects/ba687d78c0c74703869751bc122ae0c1/users/d8f09e4f6c2746afa77dbc56688404e5/roles/0d31ab0b04aa48b2b2cf1df5346c22ab 0.032s
2025-12-01 15:05:04.801 66259 INFO tempest.lib.common.rest_client [req-bb3c5d0f-9e90-4da2-b89b-3e54ba3a6c61 req-bb3c5d0f-9e90-4da2-b89b-3e54ba3a6c61 ] Request (SecurityGroupsTestJSON:setUpClass): 200 PUT http://10.180.1.21/networking/v2.0/routers/e59d4934-8dd1-44e2-9d9e-a641d7556381/add_router_interface 1.386s
2025-12-01 15:05:04.803 66259 INFO tempest.lib.common.dynamic_creds [-] Created isolated network resources for: credentials: Credentials: {'domain_id': 'default', 'domain_name': 'Default', 'username': 'tempest-SecurityGroupsTestJSON-1003182679-project-member', 'project_domain_id': 'default', 'project_domain_name': 'Default', 'project_id': '9ddb07a3508d4b6f917a5b440a6519af', 'project_name': 'tempest-SecurityGroupsTestJSON-1003182679', 'tenant_id': '9ddb07a3508d4b6f917a5b440a6519af', 'tenant_name': 'tempest-SecurityGroupsTestJSON-1003182679', 'user_domain_id': 'default', 'user_domain_name': 'Default', 'user_id': 'cc4707c72b4c46b09967360efd7a7570', 'system': None}, Network: {'id': '01bdd821-d0cc-4a08-851c-fcd720b3d880', 'name': 'tempest-SecurityGroupsTestJSON-161747045-network', 'tenant_id': '9ddb07a3508d4b6f917a5b440a6519af', 'project_id': '9ddb07a3508d4b6f917a5b440a6519af', 'admin_state_up': True, 'mtu': 8950, 'status': 'ACTIVE', 'subnets': [], 'shared': False, 'port_security_enabled': True, 'router:external': False, 'provider:network_type': 'vlan', 'provider:physical_network': 'default', 'provider:segmentation_id': 302, 'availability_zone_hints': [], 'availability_zones': [], 'ipv4_address_scope': None, 'ipv6_address_scope': None, 'description': '', 'tags': [], 'created_at': '2025-12-01T15:05:01Z', 'updated_at': '2025-12-01T15:05:01Z', 'revision_number': 1}, Subnet: {'id': '93b64407-96d3-44e4-a1ea-e6698e894519', 'name': 'tempest-SecurityGroupsTestJSON-161747045-subnet', 'tenant_id': '9ddb07a3508d4b6f917a5b440a6519af', 'network_id': '01bdd821-d0cc-4a08-851c-fcd720b3d880', 'ip_version': 4, 'subnetpool_id': None, 'enable_dhcp': True, 'ipv6_ra_mode': None, 'ipv6_address_mode': None, 'gateway_ip': '192.168.128.1', 'cidr': '192.168.128.0/28', 'allocation_pools': [{'start': '192.168.128.2', 'end': '192.168.128.14'}], 'host_routes': [], 'dns_nameservers': [], 'description': '', 'router:external': False, 'service_types': [], 'tags': [], 'created_at': '2025-12-01T15:05:02Z', 'updated_at': '2025-12-01T15:05:02Z', 'revision_number': 0, 'project_id': '9ddb07a3508d4b6f917a5b440a6519af'}, Router: {'id': 'e59d4934-8dd1-44e2-9d9e-a641d7556381', 'name': 'tempest-SecurityGroupsTestJSON-161747045-router', 'tenant_id': '9ddb07a3508d4b6f917a5b440a6519af', 'admin_state_up': True, 'status': 'ACTIVE', 'external_gateway_info': {'network_id': 'e8882898-8dfa-4b1a-b4c1-8f11a96968cb', 'external_fixed_ips': [{'subnet_id': '388c5414-fc28-45c1-a006-49d0778f45d1', 'ip_address': '10.180.180.236'}], 'enable_snat': True}, 'description': '', 'availability_zones': [], 'distributed': False, 'ha': False, 'availability_zone_hints': [], 'routes': [], 'flavor_id': None, 'tags': [], 'created_at': '2025-12-01T15:05:02Z', 'updated_at': '2025-12-01T15:05:03Z', 'revision_number': 2, 'project_id': '9ddb07a3508d4b6f917a5b440a6519af'}
2025-12-01 15:05:04.807 66250 INFO tempest.lib.common.rest_client [req-da7668e5-85d6-44ea-85bd-43b20a31c747 req-da7668e5-85d6-44ea-85bd-43b20a31c747 ] Request (ServersAdminNegativeTestJSON:setUpClass): 200 GET http://10.180.1.21/identity/v3/roles 0.058s
2025-12-01 15:05:04.813 66282 INFO tempest.lib.common.rest_client [req-bd6f065e-9515-47e3-b3d7-781d68cd685b req-bd6f065e-9515-47e3-b3d7-781d68cd685b ] Request (FloatingIPsTestJSON:test_allocate_floating_ip): 200 GET http://10.180.1.21/compute/v2.1/os-floating-ips/49731279-24be-4604-9393-5423827c2737 9.124s
2025-12-01 15:05:04.830 66250 INFO tempest.lib.common.rest_client [req-8a9ed401-50f6-428e-b9be-de84c8bcb632 req-8a9ed401-50f6-428e-b9be-de84c8bcb632 ] Request (ServersAdminNegativeTestJSON:setUpClass): 204 PUT http://10.180.1.21/identity/v3/projects/ba687d78c0c74703869751bc122ae0c1/users/d8f09e4f6c2746afa77dbc56688404e5/roles/0d31ab0b04aa48b2b2cf1df5346c22ab 0.022s
2025-12-01 15:05:04.830 66250 INFO tempest.lib.common.dynamic_creds [-] Dynamic test user d8f09e4f6c2746afa77dbc56688404e5 is created with scope project and roles: ['admin']
2025-12-01 15:05:04.831 66250 INFO tempest.lib.common.dynamic_creds [-] Acquired dynamic creds: credentials: Credentials: {'domain_id': 'default', 'domain_name': 'Default', 'username': 'tempest-ServersAdminNegativeTestJSON-918780948-project-admin', 'project_domain_id': 'default', 'project_domain_name': 'Default', 'project_id': 'ba687d78c0c74703869751bc122ae0c1', 'project_name': 'tempest-ServersAdminNegativeTestJSON-918780948', 'tenant_id': 'ba687d78c0c74703869751bc122ae0c1', 'tenant_name': 'tempest-ServersAdminNegativeTestJSON-918780948', 'user_domain_id': 'default', 'user_domain_name': 'Default', 'user_id': 'd8f09e4f6c2746afa77dbc56688404e5', 'system': None}, Network: None, Subnet: None, Router: None
2025-12-01 15:05:04.831 66250 INFO tempest.lib.common.dynamic_creds [-] Created isolated network resources for: credentials: Credentials: {'domain_id': 'default', 'domain_name': 'Default', 'username': 'tempest-ServersAdminNegativeTestJSON-918780948-project-admin', 'project_domain_id': 'default', 'project_domain_name': 'Default', 'project_id': 'ba687d78c0c74703869751bc122ae0c1', 'project_name': 'tempest-ServersAdminNegativeTestJSON-918780948', 'tenant_id': 'ba687d78c0c74703869751bc122ae0c1', 'tenant_name': 'tempest-ServersAdminNegativeTestJSON-918780948', 'user_domain_id': 'default', 'user_domain_name': 'Default', 'user_id': 'd8f09e4f6c2746afa77dbc56688404e5', 'system': None}, Network: None, Subnet: None, Router: None
2025-12-01 15:05:04.835 66256 INFO tempest.lib.common.rest_client [req-5ca781ec-d2e5-4763-a2a3-14bc224dff1b req-5ca781ec-d2e5-4763-a2a3-14bc224dff1b ] Request (HypervisorAdminUnderV252Test:test_search_hypervisor): 200 GET http://10.180.1.21/compute/v2.1/os-hypervisors/domain-c8.fc996f14-c53b-4953-92e3-bdfa48f5cc28/search 8.738s
2025-12-01 15:05:04.896 66259 INFO tempest.lib.common.rest_client [req-d668b48b-2b0d-40e1-9bb5-d3ebcd7a1634 req-d668b48b-2b0d-40e1-9bb5-d3ebcd7a1634 ] Request (SecurityGroupsTestJSON:setUpClass): 201 POST http://10.180.1.21/identity/v3/auth/tokens 0.088s
2025-12-01 15:05:04.931 66250 INFO tempest.lib.common.rest_client [req-24146e6c-ac06-4c28-968a-8cc3972fac5d req-24146e6c-ac06-4c28-968a-8cc3972fac5d ] Request (ServersAdminNegativeTestJSON:setUpClass): 201 POST http://10.180.1.21/identity/v3/auth/tokens 0.096s
2025-12-01 15:05:04.932 66250 WARNING tempest.lib.common.rest_client [-] Deprecated: "tenant_id" property is deprecated for removal, use "project_id" instead
2025-12-01 15:05:04.938 66272 INFO tempest.lib.common.rest_client [req-62145d9d-2236-4ca9-ba32-9a064ffc382d req-62145d9d-2236-4ca9-ba32-9a064ffc382d ] Request (FloatingIPDetailsNegativeTestJSON:tearDownClass): 204 DELETE http://10.180.1.21/networking/v2.0/security-groups/f106480e-c631-45be-b050-9bdbb9bf1149 0.456s
2025-12-01 15:05:04.974 66254 INFO tempest.lib.common.rest_client [req-b16ad2cd-4d2d-4c9c-9264-80692fb5814c req-b16ad2cd-4d2d-4c9c-9264-80692fb5814c ] Request (ServersAdmin275Test:test_rebuild_update_server_275): 200 GET http://10.180.1.21/compute/v2.1/servers/fef62d14-ead7-43f0-926e-df3c24e18c10 8.893s
2025-12-01 15:05:04.991 66228 INFO tempest.lib.common.rest_client [req-ecffaf9a-309b-4072-8279-28584b669a8a req-ecffaf9a-309b-4072-8279-28584b669a8a ] Request (FlavorsExtraSpecsNegativeTestJSON:test_flavor_non_admin_set_keys): 403 POST http://10.180.1.21/compute/v2.1/flavors/426513988/os-extra_specs 8.759s
2025-12-01 15:05:05.017 66288 INFO tempest.lib.common.rest_client [req-73b083a3-a0c4-458f-b1d8-d22afc66ece6 req-73b083a3-a0c4-458f-b1d8-d22afc66ece6 ] Request (HypervisorAdminV253TestBase:test_list_show_detail_hypervisors): 200 GET http://10.180.1.21/compute/v2.1/os-hypervisors/e451596b-0717-47dc-adce-524a66c2c130 8.772s
2025-12-01 15:05:05.046 66256 INFO tempest.lib.common.rest_client [req-5bffb91a-4e34-41fb-81f2-d4ab1c6339ac req-5bffb91a-4e34-41fb-81f2-d4ab1c6339ac ] Request (HypervisorAdminUnderV252Test:tearDownClass): 204 DELETE http://10.180.1.21/identity/v3/users/9c7fcae052dd4393af2ddf3fe423d6e1 0.208s
2025-12-01 15:05:05.046 66272 INFO tempest.lib.common.rest_client [req-a7e06290-bdce-4ef7-92a3-527709b05f4f req-a7e06290-bdce-4ef7-92a3-527709b05f4f ] Request (FloatingIPDetailsNegativeTestJSON:tearDownClass): 204 DELETE http://10.180.1.21/identity/v3/projects/ec96bca94249408ba0847f97820ddec9 0.108s
2025-12-01 15:05:05.055 66284 INFO tempest.lib.common.rest_client [req-36e1c8da-331c-4c75-bb04-704fd6e2413d req-36e1c8da-331c-4c75-bb04-704fd6e2413d ] Request (FlavorsAdminTestJSON:_run_cleanups): 200 GET http://10.180.1.21/compute/v2.1/flavors/detail 8.768s
2025-12-01 15:05:05.064 66276 INFO tempest.lib.common.rest_client [req-db1009ba-18d2-4f36-bfa8-9a425ade5970 req-db1009ba-18d2-4f36-bfa8-9a425ade5970 ] Request (KeyPairsV210TestJSON:test_admin_manage_keypairs_for_other_users): 200 GET http://10.180.1.21/compute/v2.1/os-keypairs/tempest-keypair-269104194?user_id=69227e34559d4731a6d99e707f173bff 8.719s
2025-12-01 15:05:05.105 66250 INFO tempest.lib.common.rest_client [req-cbb8acf6-895c-40fe-b79d-60ab50e7b411 req-cbb8acf6-895c-40fe-b79d-60ab50e7b411 ] Request (ServersAdminNegativeTestJSON:setUpClass): 201 POST http://10.180.1.21/identity/v3/auth/tokens 0.165s
2025-12-01 15:05:05.105 66250 INFO tempest.lib.common.fixed_network [-] (ServersAdminNegativeTestJSON:setUpClass) Found network None available for tenant
2025-12-01 15:05:05.140 66278 INFO tempest.lib.common.rest_client [req-7dff3b63-68c1-40d1-866a-89318b8e3e63 req-7dff3b63-68c1-40d1-866a-89318b8e3e63 ] Request (ServerExternalEventsTest:test_create_server_external_events): 200 GET http://10.180.1.21/compute/v2.1/servers/9c1738fc-4a79-4e06-80d4-0e3348bc4ffe 8.956s
2025-12-01 15:05:05.190 66288 INFO tempest.lib.common.rest_client [req-cb3bb090-3060-4995-8585-d8763e43816b req-cb3bb090-3060-4995-8585-d8763e43816b ] Request (HypervisorAdminV253TestBase:tearDownClass): 204 DELETE http://10.180.1.21/identity/v3/users/a0a97a8d94ac43a3a19ecb3dfbbc73fe 0.159s
2025-12-01 15:05:05.212 66256 INFO tempest.lib.common.rest_client [req-1e65bbe9-53a8-4535-aa68-7d222a65738c req-1e65bbe9-53a8-4535-aa68-7d222a65738c ] Request (HypervisorAdminUnderV252Test:tearDownClass): 204 DELETE http://10.180.1.21/identity/v3/users/1d216567f8b642889fa3f4dfe4e6f280 0.166s
2025-12-01 15:05:05.213 66256 INFO tempest.lib.common.dynamic_creds [-] Deleting project and security group for project: b9bc8f3db2c94d6fa95f8a1acaf30b35
2025-12-01 15:05:05.287 66272 INFO tempest.lib.common.rest_client [req-7d0c3130-71aa-49c9-972a-a6d03196eb2a req-7d0c3130-71aa-49c9-972a-a6d03196eb2a ] Request (ServerActionsTestOtherB:setUpClass): 201 POST http://10.180.1.21/identity/v3/auth/tokens 0.239s
2025-12-01 15:05:05.368 66234 INFO tempest.lib.common.rest_client [req-9d1bc7ad-3056-476d-8672-238adb12031f req-9d1bc7ad-3056-476d-8672-238adb12031f ] Request (FlavorsExtraSpecsTestJSON:test_flavor_non_admin_get_all_keys): 200 GET http://10.180.1.21/compute/v2.1/flavors/1779614451/os-extra_specs 8.957s
2025-12-01 15:05:05.388 66256 INFO tempest.lib.common.rest_client [req-d1fd5f4d-f730-429a-a83b-4ac2882abb69 req-d1fd5f4d-f730-429a-a83b-4ac2882abb69 ] Request (HypervisorAdminUnderV252Test:tearDownClass): 201 POST http://10.180.1.21/identity/v3/auth/tokens 0.174s
2025-12-01 15:05:05.416 66288 INFO tempest.lib.common.rest_client [req-9f365286-7012-4605-a1f4-7046d66d955c req-9f365286-7012-4605-a1f4-7046d66d955c ] Request (HypervisorAdminV253TestBase:tearDownClass): 204 DELETE http://10.180.1.21/identity/v3/users/08751fb1e7174dbc9df602237f2885a3 0.226s
2025-12-01 15:05:05.417 66288 INFO tempest.lib.common.dynamic_creds [-] Deleting project and security group for project: 377afc75c4724e49b1fa7b4a7b15c049
2025-12-01 15:05:05.448 66272 INFO tempest.lib.common.rest_client [req-05f192a9-1924-43ac-b5a1-6574a8d78c1f req-05f192a9-1924-43ac-b5a1-6574a8d78c1f ] Request (ServerActionsTestOtherB:setUpClass): 201 POST http://10.180.1.21/identity/v3/auth/tokens 0.159s
2025-12-01 15:05:05.544 66288 INFO tempest.lib.common.rest_client [req-d33cf3d3-5d12-4ec4-b720-274fb046a40c req-d33cf3d3-5d12-4ec4-b720-274fb046a40c ] Request (HypervisorAdminV253TestBase:tearDownClass): 201 POST http://10.180.1.21/identity/v3/auth/tokens 0.126s
2025-12-01 15:05:05.565 66272 INFO tempest.lib.common.rest_client [req-c26e9e29-7c19-407d-a7a4-fa1f038f60d3 req-c26e9e29-7c19-407d-a7a4-fa1f038f60d3 ] Request (ServerActionsTestOtherB:setUpClass): 200 GET http://10.180.1.21/identity/v3/domains?name=Default 0.117s
2025-12-01 15:05:05.610 66272 INFO tempest.lib.common.rest_client [req-6cfc02fa-c2c4-4532-b475-10fba8dcf484 req-6cfc02fa-c2c4-4532-b475-10fba8dcf484 ] Request (ServerActionsTestOtherB:setUpClass): 201 POST http://10.180.1.21/identity/v3/projects 0.044s
2025-12-01 15:05:05.681 66256 INFO tempest.lib.common.rest_client [req-2f0ece80-8bb5-4382-9b57-ef708b699a45 req-2f0ece80-8bb5-4382-9b57-ef708b699a45 ] Request (HypervisorAdminUnderV252Test:tearDownClass): 200 GET http://10.180.1.21/networking/v2.0/security-groups?tenant_id=b9bc8f3db2c94d6fa95f8a1acaf30b35&name=default 0.293s
2025-12-01 15:05:05.684 66272 INFO tempest.lib.common.rest_client [req-9ae8b89f-4184-4302-9a42-f6bd68892220 req-9ae8b89f-4184-4302-9a42-f6bd68892220 ] Request (ServerActionsTestOtherB:setUpClass): 201 POST http://10.180.1.21/identity/v3/users 0.073s
2025-12-01 15:05:05.711 66272 INFO tempest.lib.common.rest_client [req-d8a0e5e5-f6ef-46f4-9f6f-f6c2d7510026 req-d8a0e5e5-f6ef-46f4-9f6f-f6c2d7510026 ] Request (ServerActionsTestOtherB:setUpClass): 200 GET http://10.180.1.21/identity/v3/roles 0.026s
2025-12-01 15:05:05.742 66272 INFO tempest.lib.common.rest_client [req-16793475-60ae-46a5-9954-afc47d7d50c9 req-16793475-60ae-46a5-9954-afc47d7d50c9 ] Request (ServerActionsTestOtherB:setUpClass): 204 PUT http://10.180.1.21/identity/v3/projects/af72f0e181b04b63a9f5bd37d9078aca/users/23e180ffce9d46749f27efff1105829e/roles/b79f92b8b2bd424a8d89491652687a81 0.030s
2025-12-01 15:05:05.742 66272 INFO tempest.lib.common.dynamic_creds [-] Dynamic test user 23e180ffce9d46749f27efff1105829e is created with scope project and roles: ['member']
2025-12-01 15:05:05.742 66272 INFO tempest.lib.common.dynamic_creds [-] Acquired dynamic creds: credentials: Credentials: {'domain_id': 'default', 'domain_name': 'Default', 'username': 'tempest-ServerActionsTestOtherB-199528981-project-member', 'project_domain_id': 'default', 'project_domain_name': 'Default', 'project_id': 'af72f0e181b04b63a9f5bd37d9078aca', 'project_name': 'tempest-ServerActionsTestOtherB-199528981', 'tenant_id': 'af72f0e181b04b63a9f5bd37d9078aca', 'tenant_name': 'tempest-ServerActionsTestOtherB-199528981', 'user_domain_id': 'default', 'user_domain_name': 'Default', 'user_id': '23e180ffce9d46749f27efff1105829e', 'system': None}, Network: None, Subnet: None, Router: None
2025-12-01 15:05:05.809 66272 INFO tempest.lib.common.rest_client [req-17615d51-dbee-4191-8784-bb538aacbac4 req-17615d51-dbee-4191-8784-bb538aacbac4 ] Request (ServerActionsTestOtherB:setUpClass): 201 POST http://10.180.1.21/identity/v3/auth/tokens 0.067s
2025-12-01 15:05:05.960 66288 INFO tempest.lib.common.rest_client [req-24975dc4-0f0c-4f44-8157-c512701ad420 req-24975dc4-0f0c-4f44-8157-c512701ad420 ] Request (HypervisorAdminV253TestBase:tearDownClass): 200 GET http://10.180.1.21/networking/v2.0/security-groups?tenant_id=377afc75c4724e49b1fa7b4a7b15c049&name=default 0.416s
2025-12-01 15:05:06.103 66230 INFO tempest.lib.common.rest_client [req-6e7ad0f0-6e00-4a27-a682-e03f497e4834 req-6e7ad0f0-6e00-4a27-a682-e03f497e4834 ] Request (NetworksTest:test_list_all_networks): 200 GET http://10.180.1.21/compute/v2.1/os-networks 6.243s
2025-12-01 15:05:06.126 66252 INFO tempest.lib.common.rest_client [req-c0899172-7bf6-4f31-9e42-6b945de18c24 req-c0899172-7bf6-4f31-9e42-6b945de18c24 ] Request (ImagesMetadataNegativeTestJSON:test_set_nonexistent_image_metadata): 404 PUT http://10.180.1.21/compute/v2.1/images/6e754ea4-d01a-4846-aca7-ebb911e58404/metadata 6.246s
2025-12-01 15:05:06.247 66230 INFO tempest.lib.common.rest_client [req-f7edb1c0-2e54-4b35-bf71-b16b22445cc9 req-f7edb1c0-2e54-4b35-bf71-b16b22445cc9 ] Request (NetworksTest:tearDownClass): 204 DELETE http://10.180.1.21/identity/v3/users/7a66e6cdd997476686877434398e4ed6 0.141s
2025-12-01 15:05:06.253 66256 INFO tempest.lib.common.rest_client [req-169e7573-6b34-4c6c-aee9-3fb282acb81f req-169e7573-6b34-4c6c-aee9-3fb282acb81f ] Request (HypervisorAdminUnderV252Test:tearDownClass): 204 DELETE http://10.180.1.21/networking/v2.0/security-groups/7c95347d-2431-46e1-8686-c288841b2d0d 0.571s
2025-12-01 15:05:06.377 66288 INFO tempest.lib.common.rest_client [req-7dd7a4e7-9589-4adc-bd29-87a03b9fb700 req-7dd7a4e7-9589-4adc-bd29-87a03b9fb700 ] Request (HypervisorAdminV253TestBase:tearDownClass): 204 DELETE http://10.180.1.21/networking/v2.0/security-groups/9868895a-17be-41c0-8f89-e8ded7496cf3 0.416s
2025-12-01 15:05:06.400 66256 INFO tempest.lib.common.rest_client [req-39746f0d-1307-46b0-8ab0-91dd8974a2ac req-39746f0d-1307-46b0-8ab0-91dd8974a2ac ] Request (HypervisorAdminUnderV252Test:tearDownClass): 204 DELETE http://10.180.1.21/identity/v3/projects/b9bc8f3db2c94d6fa95f8a1acaf30b35 0.146s
2025-12-01 15:05:06.401 66256 INFO tempest.lib.common.dynamic_creds [-] Deleting project and security group for project: f86c3835feb94536a6557c71e04f4162
2025-12-01 15:05:06.402 66230 INFO tempest.lib.common.rest_client [req-c30ca464-284e-4a84-b262-c9459877da61 req-c30ca464-284e-4a84-b262-c9459877da61 ] Request (NetworksTest:tearDownClass): 204 DELETE http://10.180.1.21/identity/v3/users/7fc1d656e0534491af25458e4390e582 0.155s
2025-12-01 15:05:06.403 66230 INFO tempest.lib.common.dynamic_creds [-] Deleting project and security group for project: 0108c5ac7cef4d6d8b5481f6db78f012
2025-12-01 15:05:06.405 66272 INFO tempest.lib.common.rest_client [req-b3a96668-c2d0-41df-a4e4-450125866222 req-b3a96668-c2d0-41df-a4e4-450125866222 ] Request (ServerActionsTestOtherB:setUpClass): 201 POST http://10.180.1.21/networking/v2.0/networks 0.594s
2025-12-01 15:05:06.432 66244 INFO tempest.lib.common.rest_client [req-2ec323e9-aedc-4c1f-b306-293566e2b165 req-2ec323e9-aedc-4c1f-b306-293566e2b165 ] Request (ServerMetadataTestJSON:setUpClass): 200 GET http://10.180.1.21/compute/v2.1/servers/a69d1f46-5eae-4344-912a-57719ae52147 6.416s
2025-12-01 15:05:06.462 66230 INFO tempest.lib.common.rest_client [req-3730abe9-47d7-4480-8c09-ae0e2794016e req-3730abe9-47d7-4480-8c09-ae0e2794016e ] Request (NetworksTest:tearDownClass): 201 POST http://10.180.1.21/identity/v3/auth/tokens 0.059s
