2025-12-01 15:07:51.045 66254 INFO tempest.lib.common.rest_client [req-ec552949-980d-4578-a896-064eb43976a3 req-ec552949-980d-4578-a896-064eb43976a3 ] Request (ServerActionsTestJSON:setUpClass): 202 POST http://10.180.1.21/compute/v2.1/servers 3.140s
2025-12-01 15:07:51.059 66228 INFO tempest.lib.common.rest_client [req-226aecd4-c759-4c46-b4d0-bb012e2745fd req-226aecd4-c759-4c46-b4d0-bb012e2745fd ] Request (KeyPairsV22TestJSON:test_keypairsv22_create_list_show_with_type): 200 GET http://10.180.1.21/compute/v2.1/os-keypairs/tempest-keypair-148142939 2.393s
2025-12-01 15:07:51.086 66290 INFO tempest.lib.common.rest_client [req-dcb1ba9e-b2e2-4b59-b8a2-79dd86e42201 req-dcb1ba9e-b2e2-4b59-b8a2-79dd86e42201 ] Request (VolumesTestJSON:test_volume_list_with_detail_param_offset_and_limit): 200 GET http://10.180.1.21/compute/v2.1/os-volumes/detail?offset=1&limit=1 2.651s
2025-12-01 15:07:51.763 66264 INFO tempest.lib.common.rest_client [req-72253f17-d578-45af-86d3-32926846b776 req-72253f17-d578-45af-86d3-32926846b776 ] Request (AttachVolumeTestJSON:test_attach_detach_volume): 200 GET http://10.180.1.21/volume/v3/volumes/f5341d6e-b8ce-4def-bbc1-4f16aae40a6f 0.035s
2025-12-01 15:07:51.889 66242 INFO tempest.lib.common.rest_client [req-0aa9fa65-3572-45fd-8c1d-91d75a4cf79c req-0aa9fa65-3572-45fd-8c1d-91d75a4cf79c ] Request (ServersTestJSON:tearDownClass): 204 DELETE http://10.180.1.21/networking/v2.0/routers/2b5d0389-8251-4468-ac64-912b23cd032f 0.991s
2025-12-01 15:07:52.039 66242 INFO tempest.lib.common.rest_client [req-4cf4bd30-65d1-4253-a799-4065859f10fe req-4cf4bd30-65d1-4253-a799-4065859f10fe ] Request (ServersTestJSON:tearDownClass): 204 DELETE http://10.180.1.21/networking/v2.0/subnets/c30755c7-e33d-41d7-8bb6-7578f645323b 0.149s
2025-12-01 15:07:52.413 66242 INFO tempest.lib.common.rest_client [req-673b71f3-8d11-4a06-9139-e3a4219367ed req-673b71f3-8d11-4a06-9139-e3a4219367ed ] Request (ServersTestJSON:tearDownClass): 204 DELETE http://10.180.1.21/networking/v2.0/networks/43ce86cf-d33d-4a2e-bee2-e39c1bea8b70 0.374s
2025-12-01 15:07:52.526 66242 INFO tempest.lib.common.rest_client [req-caf741ae-dadc-4209-a917-49808a65be91 req-caf741ae-dadc-4209-a917-49808a65be91 ] Request (ServersTestJSON:tearDownClass): 204 DELETE http://10.180.1.21/identity/v3/users/27a956f20f2a4911a809aaed6eaf5795 0.112s
2025-12-01 15:07:52.526 66242 INFO tempest.lib.common.dynamic_creds [-] Deleting project and security group for project: a5abab51479b43449335193c122d8797
2025-12-01 15:07:52.742 66246 INFO tempest.lib.common.rest_client [req-4b1e0990-64d2-4692-9320-5732c0f8f2f7 req-4b1e0990-64d2-4692-9320-5732c0f8f2f7 ] Request (FloatingIPsAssociationNegativeTestJSON:_run_cleanups): 202 DELETE http://10.180.1.21/compute/v2.1/os-floating-ips/70aff8e5-239b-489b-a51f-0093ea138359 3.793s
2025-12-01 15:07:52.804 66242 INFO tempest.lib.common.rest_client [req-05b7cdc4-feec-42c5-af7f-f529979f602f req-05b7cdc4-feec-42c5-af7f-f529979f602f ] Request (ServersTestJSON:tearDownClass): 200 GET http://10.180.1.21/networking/v2.0/security-groups?tenant_id=a5abab51479b43449335193c122d8797&name=default 0.278s
2025-12-01 15:07:52.809 66264 INFO tempest.lib.common.rest_client [req-3c9c17a3-4cd7-4577-b865-3cf3a9275cd5 req-3c9c17a3-4cd7-4577-b865-3cf3a9275cd5 ] Request (AttachVolumeTestJSON:test_attach_detach_volume): 200 GET http://10.180.1.21/volume/v3/volumes/f5341d6e-b8ce-4def-bbc1-4f16aae40a6f 0.035s
2025-12-01 15:07:52.816 66264 INFO tempest.common.waiters [-] Attachment 2c70291e-cad1-4fee-b248-4c904753e03c created for volume f5341d6e-b8ce-4def-bbc1-4f16aae40a6f to server 7d97b48c-d88a-4d00-950b-215b1d68e813 after waiting for 7.816677 seconds
2025-12-01 15:07:52.842 66264 INFO tempest.lib.common.rest_client [req-4504e33e-45dc-4f99-9e58-0e7231d35db1 req-4504e33e-45dc-4f99-9e58-0e7231d35db1 ] Request (AttachVolumeTestJSON:test_attach_detach_volume): 200 GET http://10.180.1.21/volume/v3/volumes/f5341d6e-b8ce-4def-bbc1-4f16aae40a6f 0.025s
2025-12-01 15:07:52.848 66264 INFO tempest.common.waiters [-] volume f5341d6e-b8ce-4def-bbc1-4f16aae40a6f reached in-use after waiting for 0.848850 seconds
2025-12-01 15:07:52.860 66275 INFO tempest.lib.common.rest_client [req-d19386f6-5b04-4529-acaa-5476f8f2efac req-d19386f6-5b04-4529-acaa-5476f8f2efac ] Request (DeleteServersTestJSON:test_delete_server_while_in_shelved_state): 202 POST http://10.180.1.21/compute/v2.1/servers 4.030s
2025-12-01 15:07:52.952 66242 INFO tempest.lib.common.rest_client [req-030c57df-bdb9-4a71-bd5f-e90ea1c8b766 req-030c57df-bdb9-4a71-bd5f-e90ea1c8b766 ] Request (ServersTestJSON:tearDownClass): 204 DELETE http://10.180.1.21/networking/v2.0/security-groups/1181cbae-08de-4ed6-917f-0faf27602693 0.146s
2025-12-01 15:07:52.987 66232 INFO tempest.lib.common.rest_client [req-66944f75-f2f1-46d4-96a6-05d920a6139e req-66944f75-f2f1-46d4-96a6-05d920a6139e ] Request (MigrationsAdminTest:test_list_migrations_in_flavor_resize_situation): 200 GET http://10.180.1.21/compute/v2.1/servers/563d577d-d191-4ad6-b08a-901cb4a69b70 3.976s
2025-12-01 15:07:53.098 66242 INFO tempest.lib.common.rest_client [req-9071202a-51b7-4d83-afab-bec95143ae70 req-9071202a-51b7-4d83-afab-bec95143ae70 ] Request (ServersTestJSON:tearDownClass): 204 DELETE http://10.180.1.21/identity/v3/projects/a5abab51479b43449335193c122d8797 0.145s
2025-12-01 15:07:53.099 66236 INFO tempest.lib.common.rest_client [req-86835d14-23e6-48dc-83c3-cae6aff5d380 req-86835d14-23e6-48dc-83c3-cae6aff5d380 ] Request (SecurityGroupRulesTestJSON:test_security_group_rules_delete_when_peer_group_deleted): 200 POST http://10.180.1.21/compute/v2.1/os-security-groups 3.861s
2025-12-01 15:07:53.121 66230 INFO tempest.lib.common.rest_client [req-3d6954f0-e72c-4185-9bec-92c82043bb88 req-3d6954f0-e72c-4185-9bec-92c82043bb88 ] Request (ImagesTestJSON:test_create_server_from_snapshot): 200 GET http://10.180.1.21/compute/v2.1/servers/58736a75-9f77-4d41-8b2e-3b563750f19f 3.330s
2025-12-01 15:07:53.121 66284 INFO tempest.lib.common.rest_client [req-7bac7937-bc82-40ba-8392-51e19ee56e5b req-7bac7937-bc82-40ba-8392-51e19ee56e5b ] Request (FlavorsAdminTestJSON:test_list_public_flavor_with_other_user): 200 POST http://10.180.1.21/compute/v2.1/flavors 3.111s
2025-12-01 15:07:53.183 66242 INFO tempest.lib.common.rest_client [req-33cee00a-a91e-4819-911d-a9cf496b25ee req-33cee00a-a91e-4819-911d-a9cf496b25ee ] Request (ServerGroup264TestJSON:setUpClass): 201 POST http://10.180.1.21/identity/v3/auth/tokens 0.083s
2025-12-01 15:07:53.223 66242 INFO tempest.lib.common.rest_client [req-42a4eb13-0ca5-45a3-b3ed-7b62b04db828 req-42a4eb13-0ca5-45a3-b3ed-7b62b04db828 ] Request (ServerGroup264TestJSON:setUpClass): 201 POST http://10.180.1.21/identity/v3/auth/tokens 0.036s
2025-12-01 15:07:53.225 66276 INFO tempest.lib.common.rest_client [req-2d2d1e95-1925-474a-898b-0a7754123ca4 req-2d2d1e95-1925-474a-898b-0a7754123ca4 ] Request (ImagesOneServerNegativeTestJSON:_run_cleanups): 200 GET http://10.180.1.21/compute/v2.1/servers/5c8c4b35-73de-49bc-8438-8810350eaa0c 2.848s
2025-12-01 15:07:53.255 66278 INFO tempest.lib.common.rest_client [req-e6b98bbb-7e47-40ce-98fc-10c2fd5a4ee4 req-e6b98bbb-7e47-40ce-98fc-10c2fd5a4ee4 ] Request (ServerActionsTestOtherA:setUpClass): 200 GET http://10.180.1.21/compute/v2.1/servers/24c118d2-475e-49e6-bb33-de50db812bad 3.157s
2025-12-01 15:07:53.260 66242 INFO tempest.lib.common.rest_client [req-d5709fa3-e57d-41b4-9ed3-9eae94334650 req-d5709fa3-e57d-41b4-9ed3-9eae94334650 ] Request (ServerGroup264TestJSON:setUpClass): 200 GET http://10.180.1.21/identity/v3/domains?name=Default 0.037s
2025-12-01 15:07:53.266 66278 INFO tempest.common.waiters [-] State transition "BUILD/spawning" ==> "ACTIVE/None" after 25 second wait
2025-12-01 15:07:53.298 66271 INFO tempest.lib.common.rest_client [req-4b89e82e-1766-4f8c-b3ca-157d17bfe084 req-4b89e82e-1766-4f8c-b3ca-157d17bfe084 ] Request (ServerDiskConfigTestJSON:test_rebuild_server_with_manual_disk_config): 200 GET http://10.180.1.21/compute/v2.1/servers/a60a5b43-3304-4240-8b69-23da7ba6f8df 2.792s
2025-12-01 15:07:53.305 66242 INFO tempest.lib.common.rest_client [req-7f9d8ba3-4f64-4fcf-b803-a4ad18348b0a req-7f9d8ba3-4f64-4fcf-b803-a4ad18348b0a ] Request (ServerGroup264TestJSON:setUpClass): 201 POST http://10.180.1.21/identity/v3/projects 0.044s
2025-12-01 15:07:53.384 66256 INFO tempest.lib.common.rest_client [req-88d600fc-4607-455f-b55b-65964917b5ed req-88d600fc-4607-455f-b55b-65964917b5ed ] Request (ServersAdminTestJSON:test_list_servers_filter_by_error_status): 200 GET http://10.180.1.21/compute/v2.1/servers/0cc64eff-6dc8-4f5b-b101-5287d77e875f 2.833s
2025-12-01 15:07:53.401 66242 INFO tempest.lib.common.rest_client [req-b756f9d8-a88c-448d-bb8d-8c449edaefaa req-b756f9d8-a88c-448d-bb8d-8c449edaefaa ] Request (ServerGroup264TestJSON:setUpClass): 201 POST http://10.180.1.21/identity/v3/users 0.096s
2025-12-01 15:07:53.428 66242 INFO tempest.lib.common.rest_client [req-63100f88-5c81-4e3b-87ec-134928cfa721 req-63100f88-5c81-4e3b-87ec-134928cfa721 ] Request (ServerGroup264TestJSON:setUpClass): 200 GET http://10.180.1.21/identity/v3/roles 0.026s
2025-12-01 15:07:53.478 66242 INFO tempest.lib.common.rest_client [req-d04ddd63-065c-452f-a0b0-9e2e2f5558fa req-d04ddd63-065c-452f-a0b0-9e2e2f5558fa ] Request (ServerGroup264TestJSON:setUpClass): 204 PUT http://10.180.1.21/identity/v3/projects/4781e7bc1b0e4da9bf2171c62451a176/users/7eaa29620d8c460981a73a751f5ce826/roles/b79f92b8b2bd424a8d89491652687a81 0.049s
2025-12-01 15:07:53.478 66242 INFO tempest.lib.common.dynamic_creds [-] Dynamic test user 7eaa29620d8c460981a73a751f5ce826 is created with scope project and roles: ['member']
2025-12-01 15:07:53.478 66242 INFO tempest.lib.common.dynamic_creds [-] Acquired dynamic creds: credentials: Credentials: {'domain_id': 'default', 'domain_name': 'Default', 'username': 'tempest-ServerGroup264TestJSON-263787693-project-member', 'project_domain_id': 'default', 'project_domain_name': 'Default', 'project_id': '4781e7bc1b0e4da9bf2171c62451a176', 'project_name': 'tempest-ServerGroup264TestJSON-263787693', 'tenant_id': '4781e7bc1b0e4da9bf2171c62451a176', 'tenant_name': 'tempest-ServerGroup264TestJSON-263787693', 'user_domain_id': 'default', 'user_domain_name': 'Default', 'user_id': '7eaa29620d8c460981a73a751f5ce826', 'system': None}, Network: None, Subnet: None, Router: None
2025-12-01 15:07:53.501 66272 INFO tempest.lib.common.rest_client [req-0ca93bcf-70ec-4fbc-9670-92e3be662bf2 req-0ca93bcf-70ec-4fbc-9670-92e3be662bf2 ] Request (ServerActionsTestOtherB:setUp): 200 GET http://10.180.1.21/compute/v2.1/servers/8c6c6418-e5af-4dd9-99fe-f41e9d7c635a 2.774s
2025-12-01 15:07:53.543 66242 INFO tempest.lib.common.rest_client [req-e2c0e455-050b-44ba-9a58-ff96a9227630 req-e2c0e455-050b-44ba-9a58-ff96a9227630 ] Request (ServerGroup264TestJSON:setUpClass): 201 POST http://10.180.1.21/identity/v3/auth/tokens 0.064s
2025-12-01 15:07:53.548 66259 INFO tempest.lib.common.rest_client [req-fe1958ba-ba0d-47fd-bd6d-c5c7853db837 req-fe1958ba-ba0d-47fd-bd6d-c5c7853db837 ] Request (SecurityGroupsTestJSON:test_server_security_groups): 200 GET http://10.180.1.21/compute/v2.1/servers/9f389dca-c4ca-4f75-99c4-55079950860c 2.711s
2025-12-01 15:07:53.559 66259 INFO tempest.common.waiters [-] State transition "HARD_REBOOT/rebooting_hard" ==> "ACTIVE/None" after 4 second wait
2025-12-01 15:07:53.568 66262 INFO tempest.lib.common.rest_client [req-8338d40a-867f-407f-a78a-8e614487e1ae req-8338d40a-867f-407f-a78a-8e614487e1ae ] Request (ServerDiagnosticsV248Test:test_get_server_diagnostics): 200 GET http://10.180.1.21/compute/v2.1/servers/c1fee941-f706-46d7-b11f-7aab941a7209 2.580s
2025-12-01 15:07:53.577 66262 INFO tempest.common.waiters [-] State transition "BUILD/spawning" ==> "ACTIVE/None" after 25 second wait
2025-12-01 15:07:53.613 66282 INFO tempest.lib.common.rest_client [req-c613426b-7dc4-41f2-a5d1-d9a3a864a388 req-c613426b-7dc4-41f2-a5d1-d9a3a864a388 ] Request (ServerTagsTestJSON:tearDownClass): 200 GET http://10.180.1.21/compute/v2.1/servers/55b73223-3e95-4fff-9e75-ac20745361d2 2.570s
2025-12-01 15:07:53.622 66282 INFO tempest.common.waiters [-] State transition "ACTIVE/deleting" ==> "DELETED/None" after 3 second wait
2025-12-01 15:07:53.625 66254 INFO tempest.lib.common.rest_client [req-c949c967-bd64-4804-8597-2e011b9a07e7 req-c949c967-bd64-4804-8597-2e011b9a07e7 ] Request (ServerActionsTestJSON:setUpClass): 200 GET http://10.180.1.21/compute/v2.1/servers/075e2c29-0e5f-48ab-82bd-ce267f310d65 2.578s
2025-12-01 15:07:53.627 66228 INFO tempest.lib.common.rest_client [req-188a78b1-d71b-42ac-a888-1e7e1fe4ab8b req-188a78b1-d71b-42ac-a888-1e7e1fe4ab8b ] Request (KeyPairsV22TestJSON:test_keypairsv22_create_list_show_with_type): 200 GET http://10.180.1.21/compute/v2.1/os-keypairs 2.566s
2025-12-01 15:07:53.667 66290 INFO tempest.lib.common.rest_client [req-95f70a13-59cb-4416-9931-5fec3c2db8d1 req-95f70a13-59cb-4416-9931-5fec3c2db8d1 ] Request (VolumesTestJSON:test_volume_list_with_details): 200 GET http://10.180.1.21/compute/v2.1/os-volumes/detail 2.573s
2025-12-01 15:07:53.715 66290 INFO tempest.lib.common.rest_client [req-0cff4232-e5f3-464d-8e71-92f5ac9eeca2 req-0cff4232-e5f3-464d-8e71-92f5ac9eeca2 ] Request (VolumesTestJSON:tearDownClass): 202 DELETE http://10.180.1.21/volume/v3/volumes/94209f06-65fa-41d3-b1d5-6b8db198ee5f 0.041s
2025-12-01 15:07:53.747 66290 INFO tempest.lib.common.rest_client [req-5b039b71-c04c-4293-9df1-3e43f720e357 req-5b039b71-c04c-4293-9df1-3e43f720e357 ] Request (VolumesTestJSON:tearDownClass): 200 GET http://10.180.1.21/volume/v3/volumes/94209f06-65fa-41d3-b1d5-6b8db198ee5f 0.031s
2025-12-01 15:07:53.759 66234 INFO tempest.lib.common.rest_client [req-0ece72d7-b805-4c5c-bf6d-5839a8f7e52b req-0ece72d7-b805-4c5c-bf6d-5839a8f7e52b ] Request (ServerActionsV293TestJSON:setUpClass): 200 GET http://10.180.1.21/compute/v2.1/servers/00fd9c0f-dd14-4c03-a7c4-0ade6c82efd1 2.606s
2025-12-01 15:07:53.789 66244 INFO tempest.lib.common.rest_client [req-a7f3e46e-4091-4dfb-ba0b-685494b5bf7b req-a7f3e46e-4091-4dfb-ba0b-685494b5bf7b ] Request (ServersNegativeTestJSON:setUpClass): 200 GET http://10.180.1.21/compute/v2.1/servers/b7cb8f6f-b207-46c6-9ceb-ce7b505c2ff4 2.680s
2025-12-01 15:07:53.797 66244 INFO tempest.common.waiters [-] State transition "BUILD/None" ==> "BUILD/spawning" after 7 second wait
2025-12-01 15:07:53.859 66250 INFO tempest.lib.common.rest_client [req-e59feab1-a876-4447-a453-ab7228d64f6b req-e59feab1-a876-4447-a453-ab7228d64f6b ] Request (ServersAdminNegativeTestJSON:tearDownClass): 200 GET http://10.180.1.21/compute/v2.1/servers/2c10648d-2475-45d3-bdfd-01d92ab42fec 2.620s
2025-12-01 15:07:53.866 66246 INFO tempest.lib.common.rest_client [req-e08b804c-3091-4638-9ac1-4f1308247be6 req-e08b804c-3091-4638-9ac1-4f1308247be6 ] Request (FloatingIPsAssociationNegativeTestJSON:test_associate_ip_to_server_without_passing_floating_ip): 400 POST http://10.180.1.21/compute/v2.1/servers/78819c2d-8198-477a-83f2-32c3d12a4842/action 1.121s
2025-12-01 15:07:53.866 66242 INFO tempest.lib.common.rest_client [req-e04e950f-c798-44e1-9352-eaa44f44f338 req-e04e950f-c798-44e1-9352-eaa44f44f338 ] Request (ServerGroup264TestJSON:setUpClass): 201 POST http://10.180.1.21/networking/v2.0/networks 0.323s
2025-12-01 15:07:53.879 66287 INFO tempest.lib.common.rest_client [req-97494c03-15a1-490d-ad08-234588a9c5ae req-97494c03-15a1-490d-ad08-234588a9c5ae ] Request (FloatingIPsAssociationTestJSON:tearDownClass): 200 GET http://10.180.1.21/compute/v2.1/servers/654b6330-65a0-427e-8565-e93f19e6dffc 1.845s
2025-12-01 15:07:53.889 66287 INFO tempest.common.waiters [-] State transition "ACTIVE/deleting" ==> "DELETED/None" after 2 second wait
2025-12-01 15:07:53.949 66275 INFO tempest.lib.common.rest_client [req-83c07e9d-6c43-4a71-914a-6ac1288d31b5 req-83c07e9d-6c43-4a71-914a-6ac1288d31b5 ] Request (DeleteServersTestJSON:test_delete_server_while_in_shelved_state): 200 GET http://10.180.1.21/compute/v2.1/servers/5fea3fe4-f3d8-42e1-9189-7de4cb4924f8 1.087s
2025-12-01 15:07:53.960 66264 INFO tempest.lib.common.rest_client [req-9630c40f-1403-470b-916b-cab69f25ded2 req-9630c40f-1403-470b-916b-cab69f25ded2 ] Request (AttachVolumeTestJSON:test_attach_detach_volume): 202 POST http://10.180.1.21/compute/v2.1/servers/7d97b48c-d88a-4d00-950b-215b1d68e813/action 1.111s
2025-12-01 15:07:53.988 66284 INFO tempest.lib.common.rest_client [req-ab559ecf-6f02-4615-93e4-b699013f6eb9 req-ab559ecf-6f02-4615-93e4-b699013f6eb9 ] Request (FlavorsAdminTestJSON:test_list_public_flavor_with_other_user): 200 GET http://10.180.1.21/compute/v2.1/flavors/detail 0.862s
2025-12-01 15:07:54.085 66242 INFO tempest.lib.common.rest_client [req-328f9d28-26f6-4cce-b79e-60ca36ca2aa4 req-328f9d28-26f6-4cce-b79e-60ca36ca2aa4 ] Request (ServerGroup264TestJSON:setUpClass): 201 POST http://10.180.1.21/networking/v2.0/subnets 0.219s
2025-12-01 15:07:54.138 66236 INFO tempest.lib.common.rest_client [req-f5853c05-ac7d-458a-95a9-2710ffedabef req-f5853c05-ac7d-458a-95a9-2710ffedabef ] Request (SecurityGroupRulesTestJSON:test_security_group_rules_delete_when_peer_group_deleted): 200 POST http://10.180.1.21/compute/v2.1/os-security-groups 1.035s
2025-12-01 15:07:54.188 66278 INFO tempest.lib.common.rest_client [req-c7ea6565-bbef-4aeb-b1c2-bb7eeac08d68 req-c7ea6565-bbef-4aeb-b1c2-bb7eeac08d68 ] Request (ServerActionsTestOtherA:setUpClass): 200 GET http://10.180.1.21/compute/v2.1/servers/24c118d2-475e-49e6-bb33-de50db812bad/os-interface 0.921s
2025-12-01 15:07:54.732 66278 INFO tempest.lib.common.rest_client [req-092ff2d9-e13f-4dff-8e27-4904bb4bdbd4 req-092ff2d9-e13f-4dff-8e27-4904bb4bdbd4 ] Request (ServerActionsTestOtherA:setUpClass): 200 PUT http://10.180.1.21/networking/v2.0/floatingips/8f0d7869-c9be-49b8-b843-0bdb55f2a2fb 0.539s
2025-12-01 15:07:54.734 66278 INFO tempest.lib.common.ssh [-] Creating ssh connection to '10.180.180.237:22' as 'cirros' with public key authentication
2025-12-01 15:07:54.771 66290 INFO tempest.lib.common.rest_client [req-5b9eacfc-a191-4c9a-b7ea-17f4ef87e55e req-5b9eacfc-a191-4c9a-b7ea-17f4ef87e55e ] Request (VolumesTestJSON:tearDownClass): 404 GET http://10.180.1.21/volume/v3/volumes/94209f06-65fa-41d3-b1d5-6b8db198ee5f 0.013s
2025-12-01 15:07:54.823 66290 INFO tempest.lib.common.rest_client [req-9f9ae808-9885-4123-8db3-c3b2ce2d1f35 req-9f9ae808-9885-4123-8db3-c3b2ce2d1f35 ] Request (VolumesTestJSON:tearDownClass): 202 DELETE http://10.180.1.21/volume/v3/volumes/283ff9d2-f631-4b84-a984-b973aae205df 0.052s
2025-12-01 15:07:54.851 66290 INFO tempest.lib.common.rest_client [req-9e63ef7e-1014-43e0-861a-a55659f9ee82 req-9e63ef7e-1014-43e0-861a-a55659f9ee82 ] Request (VolumesTestJSON:tearDownClass): 200 GET http://10.180.1.21/volume/v3/volumes/283ff9d2-f631-4b84-a984-b973aae205df 0.027s
2025-12-01 15:07:54.877 66242 INFO tempest.lib.common.rest_client [req-9f22c06d-a7df-42b1-b69b-4ba39bc24ba0 req-9f22c06d-a7df-42b1-b69b-4ba39bc24ba0 ] Request (ServerGroup264TestJSON:setUpClass): 201 POST http://10.180.1.21/networking/v2.0/routers 0.791s
2025-12-01 15:07:54.928 66256 INFO tempest.lib.common.rest_client [req-c3382ab1-83ff-4389-8ca6-1f45027398ee req-c3382ab1-83ff-4389-8ca6-1f45027398ee ] Request (ServersAdminTestJSON:test_list_servers_filter_by_exist_host): 200 GET http://10.180.1.21/compute/v2.1/servers/0cc64eff-6dc8-4f5b-b101-5287d77e875f 1.533s
2025-12-01 15:07:54.934 66272 INFO tempest.lib.common.rest_client [req-f7ed750f-b001-4b40-aff7-184dd675aee9 req-f7ed750f-b001-4b40-aff7-184dd675aee9 ] Request (ServerActionsTestOtherB:tearDown): 200 GET http://10.180.1.21/compute/v2.1/servers/8c6c6418-e5af-4dd9-99fe-f41e9d7c635a 1.426s
2025-12-01 15:07:55.457 66259 INFO tempest.lib.common.rest_client [req-b2f20e7b-d8da-41e0-92f3-d48ad3e90e91 req-b2f20e7b-d8da-41e0-92f3-d48ad3e90e91 ] Request (SecurityGroupsTestJSON:test_server_security_groups): 202 POST http://10.180.1.21/compute/v2.1/servers/9f389dca-c4ca-4f75-99c4-55079950860c/action 1.898s
2025-12-01 15:07:55.480 66228 INFO tempest.lib.common.rest_client [req-50aded60-c1b8-4626-a5a4-3cf1a292bd1a req-50aded60-c1b8-4626-a5a4-3cf1a292bd1a ] Request (KeyPairsV22TestJSON:_run_cleanups): 204 DELETE http://10.180.1.21/compute/v2.1/os-keypairs/tempest-keypair-148142939 1.852s
2025-12-01 15:07:55.574 66228 INFO tempest.lib.common.rest_client [req-4e5f5fcd-0452-4c52-a089-7e14c615f737 req-4e5f5fcd-0452-4c52-a089-7e14c615f737 ] Request (KeyPairsV22TestJSON:tearDownClass): 204 DELETE http://10.180.1.21/identity/v3/users/fdb28ea9ef4347adbc034c088eaf25a2 0.093s
2025-12-01 15:07:55.575 66228 INFO tempest.lib.common.dynamic_creds [-] Deleting project and security group for project: da02a2a8f9954f82b58ef041cce95013
2025-12-01 15:07:55.604 66262 INFO tempest.lib.common.rest_client [req-49372ba6-0944-42be-a213-f0ec55c30bf3 req-49372ba6-0944-42be-a213-f0ec55c30bf3 ] Request (ServerDiagnosticsV248Test:test_get_server_diagnostics): 200 GET http://10.180.1.21/compute/v2.1/servers/c1fee941-f706-46d7-b11f-7aab941a7209/diagnostics 2.027s
2025-12-01 15:07:55.612 66246 INFO tempest.lib.common.rest_client [req-0c3d1bf8-fd17-4e5c-ada3-80e37bf3ab9e req-0c3d1bf8-fd17-4e5c-ada3-80e37bf3ab9e ] Request (FloatingIPsAssociationNegativeTestJSON:test_associate_nonexistent_floating_ip): 404 POST http://10.180.1.21/compute/v2.1/servers/78819c2d-8198-477a-83f2-32c3d12a4842/action 1.744s
2025-12-01 15:07:55.634 66284 INFO tempest.lib.common.rest_client [req-67d469be-5586-496b-bbdd-c410a2047f32 req-67d469be-5586-496b-bbdd-c410a2047f32 ] Request (FlavorsAdminTestJSON:_run_cleanups): 202 DELETE http://10.180.1.21/compute/v2.1/flavors/1046519738 1.641s
2025-12-01 15:07:55.657 66228 INFO tempest.lib.common.rest_client [req-e2b9ab35-3010-4cc9-82f4-11b4207395f5 req-e2b9ab35-3010-4cc9-82f4-11b4207395f5 ] Request (KeyPairsV22TestJSON:tearDownClass): 201 POST http://10.180.1.21/identity/v3/auth/tokens 0.082s
2025-12-01 15:07:55.807 66242 INFO tempest.lib.common.rest_client [req-702d2bb8-bc41-4698-b8cc-708b3c1bb0b5 req-702d2bb8-bc41-4698-b8cc-708b3c1bb0b5 ] Request (ServerGroup264TestJSON:setUpClass): 200 PUT http://10.180.1.21/networking/v2.0/routers/fcae8d8d-c5a7-45da-9407-58adcb3e04f2/add_router_interface 0.930s
2025-12-01 15:07:55.808 66242 INFO tempest.lib.common.dynamic_creds [-] Created isolated network resources for: credentials: Credentials: {'domain_id': 'default', 'domain_name': 'Default', 'username': 'tempest-ServerGroup264TestJSON-263787693-project-member', 'project_domain_id': 'default', 'project_domain_name': 'Default', 'project_id': '4781e7bc1b0e4da9bf2171c62451a176', 'project_name': 'tempest-ServerGroup264TestJSON-263787693', 'tenant_id': '4781e7bc1b0e4da9bf2171c62451a176', 'tenant_name': 'tempest-ServerGroup264TestJSON-263787693', 'user_domain_id': 'default', 'user_domain_name': 'Default', 'user_id': '7eaa29620d8c460981a73a751f5ce826', 'system': None}, Network: {'id': '08cad5d6-6298-41ec-99d5-ef2d79d1eb91', 'name': 'tempest-ServerGroup264TestJSON-1312318473-network', 'tenant_id': '4781e7bc1b0e4da9bf2171c62451a176', 'project_id': '4781e7bc1b0e4da9bf2171c62451a176', 'admin_state_up': True, 'mtu': 8950, 'status': 'ACTIVE', 'subnets': [], 'shared': False, 'port_security_enabled': True, 'router:external': False, 'provider:network_type': 'vlan', 'provider:physical_network': 'default', 'provider:segmentation_id': 324, 'availability_zone_hints': [], 'availability_zones': [], 'ipv4_address_scope': None, 'ipv6_address_scope': None, 'description': '', 'tags': [], 'created_at': '2025-12-01T15:07:53Z', 'updated_at': '2025-12-01T15:07:53Z', 'revision_number': 1}, Subnet: {'id': 'fcf85021-83c2-4e5f-85ef-3fbc58510bc7', 'name': 'tempest-ServerGroup264TestJSON-1312318473-subnet', 'tenant_id': '4781e7bc1b0e4da9bf2171c62451a176', 'network_id': '08cad5d6-6298-41ec-99d5-ef2d79d1eb91', 'ip_version': 4, 'subnetpool_id': None, 'enable_dhcp': True, 'ipv6_ra_mode': None, 'ipv6_address_mode': None, 'gateway_ip': '192.168.128.1', 'cidr': '192.168.128.0/28', 'allocation_pools': [{'start': '192.168.128.2', 'end': '192.168.128.14'}], 'host_routes': [], 'dns_nameservers': [], 'description': '', 'router:external': False, 'service_types': [], 'tags': [], 'created_at': '2025-12-01T15:07:53Z', 'updated_at': '2025-12-01T15:07:53Z', 'revision_number': 0, 'project_id': '4781e7bc1b0e4da9bf2171c62451a176'}, Router: {'id': 'fcae8d8d-c5a7-45da-9407-58adcb3e04f2', 'name': 'tempest-ServerGroup264TestJSON-1312318473-router', 'tenant_id': '4781e7bc1b0e4da9bf2171c62451a176', 'admin_state_up': True, 'status': 'ACTIVE', 'external_gateway_info': {'network_id': 'e8882898-8dfa-4b1a-b4c1-8f11a96968cb', 'external_fixed_ips': [{'subnet_id': '388c5414-fc28-45c1-a006-49d0778f45d1', 'ip_address': '10.180.180.137'}], 'enable_snat': True}, 'description': '', 'availability_zones': [], 'distributed': False, 'ha': False, 'availability_zone_hints': [], 'routes': [], 'flavor_id': None, 'tags': [], 'created_at': '2025-12-01T15:07:54Z', 'updated_at': '2025-12-01T15:07:54Z', 'revision_number': 2, 'project_id': '4781e7bc1b0e4da9bf2171c62451a176'}
2025-12-01 15:07:55.846 66228 INFO tempest.lib.common.rest_client [req-8e11b193-d1cd-427c-a2a2-0497b5cd656b req-8e11b193-d1cd-427c-a2a2-0497b5cd656b ] Request (KeyPairsV22TestJSON:tearDownClass): 200 GET http://10.180.1.21/networking/v2.0/security-groups?tenant_id=da02a2a8f9954f82b58ef041cce95013&name=default 0.188s
2025-12-01 15:07:55.883 66290 INFO tempest.lib.common.rest_client [req-009b197a-5a7e-4d0e-a1a8-6af2d0cf7d11 req-009b197a-5a7e-4d0e-a1a8-6af2d0cf7d11 ] Request (VolumesTestJSON:tearDownClass): 404 GET http://10.180.1.21/volume/v3/volumes/283ff9d2-f631-4b84-a984-b973aae205df 0.022s
2025-12-01 15:07:55.907 66242 INFO tempest.lib.common.rest_client [req-d403ee47-6228-42d7-a6a8-4c862c3c400c req-d403ee47-6228-42d7-a6a8-4c862c3c400c ] Request (ServerGroup264TestJSON:setUpClass): 201 POST http://10.180.1.21/identity/v3/auth/tokens 0.096s
2025-12-01 15:07:55.934 66290 INFO tempest.lib.common.rest_client [req-5347a232-0f7f-461d-b1ac-704aa70e7590 req-5347a232-0f7f-461d-b1ac-704aa70e7590 ] Request (VolumesTestJSON:tearDownClass): 202 DELETE http://10.180.1.21/volume/v3/volumes/e5bcd80b-721a-45f4-888b-3cc43c222194 0.050s
2025-12-01 15:07:55.947 66264 INFO tempest.lib.common.rest_client [req-cf42a2f4-3b53-42b5-aa46-2cba0801e394 req-cf42a2f4-3b53-42b5-aa46-2cba0801e394 ] Request (AttachVolumeTestJSON:test_attach_detach_volume): 200 GET http://10.180.1.21/compute/v2.1/servers/7d97b48c-d88a-4d00-950b-215b1d68e813 1.987s
2025-12-01 15:07:55.974 66290 INFO tempest.lib.common.rest_client [req-0fba482b-36e8-440b-af1b-1aa451f0913f req-0fba482b-36e8-440b-af1b-1aa451f0913f ] Request (VolumesTestJSON:tearDownClass): 200 GET http://10.180.1.21/volume/v3/volumes/e5bcd80b-721a-45f4-888b-3cc43c222194 0.039s
2025-12-01 15:07:56.008 66232 INFO tempest.lib.common.rest_client [req-e6b7332a-621f-4f20-b23d-e7a8b41e4504 req-e6b7332a-621f-4f20-b23d-e7a8b41e4504 ] Request (MigrationsAdminTest:test_list_migrations_in_flavor_resize_situation): 200 GET http://10.180.1.21/compute/v2.1/servers/563d577d-d191-4ad6-b08a-901cb4a69b70 2.006s
2025-12-01 15:07:56.028 66230 INFO tempest.lib.common.rest_client [req-50ac7790-7693-498c-8dd9-eb03af67fed2 req-50ac7790-7693-498c-8dd9-eb03af67fed2 ] Request (ImagesTestJSON:test_create_server_from_snapshot): 200 GET http://10.180.1.21/compute/v2.1/servers/58736a75-9f77-4d41-8b2e-3b563750f19f 1.900s
2025-12-01 15:07:56.042 66228 INFO tempest.lib.common.rest_client [req-4d12df43-21b8-4171-814d-4f1666b31447 req-4d12df43-21b8-4171-814d-4f1666b31447 ] Request (KeyPairsV22TestJSON:tearDownClass): 204 DELETE http://10.180.1.21/networking/v2.0/security-groups/73bfa94d-2a39-43f7-8bfd-b5c43029c8bf 0.195s
2025-12-01 15:07:56.066 66252 WARNING tempest.lib.common.ssh [-] Failed to establish authenticated ssh connection to cirros@10.180.180.248 ([Errno None] Unable to connect to port 22 on 10.180.180.248). Number attempts: 6. Retry after 7 seconds.: paramiko.ssh_exception.NoValidConnectionsError: [Errno None] Unable to connect to port 22 on 10.180.180.248
2025-12-01 15:07:56.092 66276 INFO tempest.lib.common.rest_client [req-a0227ee6-46d0-4412-a5d7-f5f27c9511d8 req-a0227ee6-46d0-4412-a5d7-f5f27c9511d8 ] Request (ImagesOneServerNegativeTestJSON:_run_cleanups): 200 GET http://10.180.1.21/compute/v2.1/servers/5c8c4b35-73de-49bc-8438-8810350eaa0c 1.859s
2025-12-01 15:07:56.143 66228 INFO tempest.lib.common.rest_client [req-8ca87227-dc19-4b76-b94b-24aba99ecf98 req-8ca87227-dc19-4b76-b94b-24aba99ecf98 ] Request (KeyPairsV22TestJSON:tearDownClass): 204 DELETE http://10.180.1.21/identity/v3/projects/da02a2a8f9954f82b58ef041cce95013 0.100s
2025-12-01 15:07:56.154 66271 INFO tempest.lib.common.rest_client [req-6d03e04f-7ee8-4f3e-8927-50de692d4f57 req-6d03e04f-7ee8-4f3e-8927-50de692d4f57 ] Request (ServerDiskConfigTestJSON:test_rebuild_server_with_manual_disk_config): 200 GET http://10.180.1.21/compute/v2.1/servers/a60a5b43-3304-4240-8b69-23da7ba6f8df 1.847s
2025-12-01 15:07:56.190 66236 INFO tempest.lib.common.rest_client [req-9e31be45-6186-4167-ba2e-aabe7bd7210a req-9e31be45-6186-4167-ba2e-aabe7bd7210a ] Request (SecurityGroupRulesTestJSON:test_security_group_rules_delete_when_peer_group_deleted): 200 POST http://10.180.1.21/compute/v2.1/os-security-group-rules 2.049s
2025-12-01 15:07:56.228 66282 INFO tempest.lib.common.rest_client [req-beeee483-8373-4235-9ef1-3b6e1a807bdf req-beeee483-8373-4235-9ef1-3b6e1a807bdf ] Request (ServerTagsTestJSON:tearDownClass): 200 GET http://10.180.1.21/compute/v2.1/servers/55b73223-3e95-4fff-9e75-ac20745361d2 1.605s
2025-12-01 15:07:56.233 66228 INFO tempest.lib.common.rest_client [req-a80c6bd5-7cda-4ef0-81da-db3e88c890f7 req-a80c6bd5-7cda-4ef0-81da-db3e88c890f7 ] Request (ServersV294TestFqdnHostnames:setUpClass): 201 POST http://10.180.1.21/identity/v3/auth/tokens 0.088s
2025-12-01 15:07:56.262 66254 INFO tempest.lib.common.rest_client [req-689f0f5f-adc2-4a65-b524-3aca89becbc7 req-689f0f5f-adc2-4a65-b524-3aca89becbc7 ] Request (ServerActionsTestJSON:setUpClass): 200 GET http://10.180.1.21/compute/v2.1/servers/075e2c29-0e5f-48ab-82bd-ce267f310d65 1.625s
2025-12-01 15:07:56.272 66228 INFO tempest.lib.common.rest_client [req-00513d67-3e8f-4e04-bacc-a69e5f6a6121 req-00513d67-3e8f-4e04-bacc-a69e5f6a6121 ] Request (ServersV294TestFqdnHostnames:setUpClass): 201 POST http://10.180.1.21/identity/v3/auth/tokens 0.036s
2025-12-01 15:07:56.300 66234 INFO tempest.lib.common.rest_client [req-e28a1fbc-3bb5-4023-be3e-acb00ee02fce req-e28a1fbc-3bb5-4023-be3e-acb00ee02fce ] Request (ServerActionsV293TestJSON:setUpClass): 200 GET http://10.180.1.21/compute/v2.1/servers/00fd9c0f-dd14-4c03-a7c4-0ade6c82efd1 1.525s
2025-12-01 15:07:56.301 66228 INFO tempest.lib.common.rest_client [req-0e7fc1ae-170c-4888-8224-2f47a8253133 req-0e7fc1ae-170c-4888-8224-2f47a8253133 ] Request (ServersV294TestFqdnHostnames:setUpClass): 200 GET http://10.180.1.21/identity/v3/domains?name=Default 0.028s
2025-12-01 15:07:56.352 66228 INFO tempest.lib.common.rest_client [req-fdda851b-2ad8-48ff-998c-c84a2be34269 req-fdda851b-2ad8-48ff-998c-c84a2be34269 ] Request (ServersV294TestFqdnHostnames:setUpClass): 201 POST http://10.180.1.21/identity/v3/projects 0.050s
2025-12-01 15:07:56.401 66244 INFO tempest.lib.common.rest_client [req-80ffc672-d36a-457d-8a2b-cfd6ae37e02f req-80ffc672-d36a-457d-8a2b-cfd6ae37e02f ] Request (ServersNegativeTestJSON:setUpClass): 200 GET http://10.180.1.21/compute/v2.1/servers/b7cb8f6f-b207-46c6-9ceb-ce7b505c2ff4 1.602s
2025-12-01 15:07:56.410 66250 INFO tempest.lib.common.rest_client [req-9ff40f68-3c30-4b4f-9b6b-05c3fc93dd89 req-9ff40f68-3c30-4b4f-9b6b-05c3fc93dd89 ] Request (ServersAdminNegativeTestJSON:tearDownClass): 200 GET http://10.180.1.21/compute/v2.1/servers/2c10648d-2475-45d3-bdfd-01d92ab42fec 1.541s
2025-12-01 15:07:56.436 66228 INFO tempest.lib.common.rest_client [req-a58ff9aa-9264-40c8-8c5a-6d567ecdee47 req-a58ff9aa-9264-40c8-8c5a-6d567ecdee47 ] Request (ServersV294TestFqdnHostnames:setUpClass): 201 POST http://10.180.1.21/identity/v3/users 0.083s
2025-12-01 15:07:56.469 66228 INFO tempest.lib.common.rest_client [req-ad8d2f02-4be0-48b7-946b-761f3566e9de req-ad8d2f02-4be0-48b7-946b-761f3566e9de ] Request (ServersV294TestFqdnHostnames:setUpClass): 200 GET http://10.180.1.21/identity/v3/roles 0.032s
2025-12-01 15:07:56.482 66287 INFO tempest.lib.common.rest_client [req-4ee2ae96-6a1e-4fc9-b773-8b43e4512606 req-4ee2ae96-6a1e-4fc9-b773-8b43e4512606 ] Request (FloatingIPsAssociationTestJSON:tearDownClass): 200 GET http://10.180.1.21/compute/v2.1/servers/654b6330-65a0-427e-8565-e93f19e6dffc 1.591s
2025-12-01 15:07:56.507 66228 INFO tempest.lib.common.rest_client [req-ece3c321-1edc-4f39-bc90-1bab5a76e6d3 req-ece3c321-1edc-4f39-bc90-1bab5a76e6d3 ] Request (ServersV294TestFqdnHostnames:setUpClass): 204 PUT http://10.180.1.21/identity/v3/projects/2b854927b13b4c69a0aa430aceaa10a4/users/a5baf640d8f3413fba3222d09d2709c3/roles/b79f92b8b2bd424a8d89491652687a81 0.038s
2025-12-01 15:07:56.507 66228 INFO tempest.lib.common.dynamic_creds [-] Dynamic test user a5baf640d8f3413fba3222d09d2709c3 is created with scope project and roles: ['member']
2025-12-01 15:07:56.507 66228 INFO tempest.lib.common.dynamic_creds [-] Acquired dynamic creds: credentials: Credentials: {'domain_id': 'default', 'domain_name': 'Default', 'username': 'tempest-ServersV294TestFqdnHostnames-2114065503-project-member', 'project_domain_id': 'default', 'project_domain_name': 'Default', 'project_id': '2b854927b13b4c69a0aa430aceaa10a4', 'project_name': 'tempest-ServersV294TestFqdnHostnames-2114065503', 'tenant_id': '2b854927b13b4c69a0aa430aceaa10a4', 'tenant_name': 'tempest-ServersV294TestFqdnHostnames-2114065503', 'user_domain_id': 'default', 'user_domain_name': 'Default', 'user_id': 'a5baf640d8f3413fba3222d09d2709c3', 'system': None}, Network: None, Subnet: None, Router: None
2025-12-01 15:07:56.529 66256 INFO tempest.lib.common.rest_client [req-0589d2bd-5102-419d-92c5-fcefc49c6689 req-0589d2bd-5102-419d-92c5-fcefc49c6689 ] Request (ServersAdminTestJSON:test_list_servers_filter_by_exist_host): 200 GET http://10.180.1.21/compute/v2.1/servers?host=cpu-1&all_tenants=1 1.591s
2025-12-01 15:07:56.597 66275 INFO tempest.lib.common.rest_client [req-b65fe457-3705-4485-922c-d987e48dbf3b req-b65fe457-3705-4485-922c-d987e48dbf3b ] Request (DeleteServersTestJSON:test_delete_server_while_in_shelved_state): 200 GET http://10.180.1.21/compute/v2.1/servers/5fea3fe4-f3d8-42e1-9189-7de4cb4924f8 1.639s
2025-12-01 15:07:56.599 66228 INFO tempest.lib.common.rest_client [req-018a06d5-cebb-4882-88c7-d62651660813 req-018a06d5-cebb-4882-88c7-d62651660813 ] Request (ServersV294TestFqdnHostnames:setUpClass): 201 POST http://10.180.1.21/identity/v3/auth/tokens 0.091s
2025-12-01 15:07:56.607 66275 INFO tempest.common.waiters [-] State transition "BUILD/scheduling" ==> "BUILD/None" after 3 second wait
2025-12-01 15:07:56.643 66272 INFO tempest.lib.common.rest_client [req-40f8b05c-e43f-4640-b8b2-45487dfce65f req-40f8b05c-e43f-4640-b8b2-45487dfce65f ] Request (ServerActionsTestOtherB:setUp): 200 GET http://10.180.1.21/compute/v2.1/servers/8c6c6418-e5af-4dd9-99fe-f41e9d7c635a 1.696s
2025-12-01 15:07:56.695 66246 INFO tempest.lib.common.rest_client [req-7c000828-1fb5-40e5-bb04-f288580803eb req-7c000828-1fb5-40e5-bb04-f288580803eb ] Request (FloatingIPsAssociationNegativeTestJSON:test_dissociate_nonexistent_floating_ip): 404 POST http://10.180.1.21/compute/v2.1/servers/78819c2d-8198-477a-83f2-32c3d12a4842/action 1.082s
2025-12-01 15:07:56.716 66259 INFO tempest.lib.common.rest_client [req-4ac1d7ef-89a5-4022-9f46-740eddb73b90 req-4ac1d7ef-89a5-4022-9f46-740eddb73b90 ] Request (SecurityGroupsTestJSON:test_server_security_groups): 400 DELETE http://10.180.1.21/compute/v2.1/os-security-groups/3e6016ed-13dc-4a0c-a60f-c324303a72c2 1.259s
2025-12-01 15:07:56.724 66284 INFO tempest.lib.common.rest_client [req-c780279d-3652-4eea-9977-1917398ffe44 req-c780279d-3652-4eea-9977-1917398ffe44 ] Request (FlavorsAdminTestJSON:_run_cleanups): 200 GET http://10.180.1.21/compute/v2.1/flavors/detail 1.089s
2025-12-01 15:07:56.817 66284 INFO tempest.lib.common.rest_client [req-7413498d-ade6-450d-aba5-d024a6d8a00b req-7413498d-ade6-450d-aba5-d024a6d8a00b ] Request (FlavorsAdminTestJSON:tearDownClass): 204 DELETE http://10.180.1.21/identity/v3/users/1ef894830d784833af9fcfafb09381ac 0.087s
2025-12-01 15:07:56.860 66228 INFO tempest.lib.common.rest_client [req-b150b157-f5b1-4ebc-b132-b58d7ccb1822 req-b150b157-f5b1-4ebc-b132-b58d7ccb1822 ] Request (ServersV294TestFqdnHostnames:setUpClass): 201 POST http://10.180.1.21/networking/v2.0/networks 0.260s
2025-12-01 15:07:56.872 66236 INFO tempest.lib.common.rest_client [req-7ff0dfb7-108f-411d-962d-6db5574e2cdd req-7ff0dfb7-108f-411d-962d-6db5574e2cdd ] Request (SecurityGroupRulesTestJSON:test_security_group_rules_delete_when_peer_group_deleted): 202 DELETE http://10.180.1.21/compute/v2.1/os-security-groups/0b052496-4577-4e9c-b574-95f28773efb0 0.680s
2025-12-01 15:07:56.937 66256 INFO tempest.lib.common.rest_client [req-75f2ae34-cbb9-496b-a8c8-5cad522b683d req-75f2ae34-cbb9-496b-a8c8-5cad522b683d ] Request (ServersAdminTestJSON:test_list_servers_filter_by_exist_host): 200 GET http://10.180.1.21/compute/v2.1/servers?host=nonexistent_host&all_tenants=1 0.403s
2025-12-01 15:07:56.961 66242 INFO tempest.lib.common.rest_client [req-5fc40435-f285-4ef9-8f75-0926561c3198 req-5fc40435-f285-4ef9-8f75-0926561c3198 ] Request (ServerGroup264TestJSON:test_create_get_server_group): 200 POST http://10.180.1.21/compute/v2.1/os-server-groups 1.052s
2025-12-01 15:07:56.989 66284 INFO tempest.lib.common.rest_client [req-2aa107b2-a6f1-4343-b163-c34a25b54452 req-2aa107b2-a6f1-4343-b163-c34a25b54452 ] Request (FlavorsAdminTestJSON:tearDownClass): 204 DELETE http://10.180.1.21/identity/v3/users/2ede445453b84b38a958821ff5ba61e6 0.171s
2025-12-01 15:07:56.990 66284 INFO tempest.lib.common.dynamic_creds [-] Deleting project and security group for project: 69e0421662ca4f40a432a8ae9ca01ebc
2025-12-01 15:07:57.012 66290 INFO tempest.lib.common.rest_client [req-0ca3efb5-b850-48f8-8c7c-459f628bc5e5 req-0ca3efb5-b850-48f8-8c7c-459f628bc5e5 ] Request (VolumesTestJSON:tearDownClass): 404 GET http://10.180.1.21/volume/v3/volumes/e5bcd80b-721a-45f4-888b-3cc43c222194 0.024s
2025-12-01 15:07:57.038 66272 INFO tempest.lib.common.rest_client [req-8c46fc8c-140b-424b-8d23-8499c78e20e8 req-8c46fc8c-140b-424b-8d23-8499c78e20e8 ] Request (ServerActionsTestOtherB:test_resize_server_confirm_from_stopped): 202 POST http://10.180.1.21/compute/v2.1/servers/8c6c6418-e5af-4dd9-99fe-f41e9d7c635a/action 0.386s
2025-12-01 15:07:57.076 66246 INFO tempest.lib.common.rest_client [req-31e76dea-54ef-4ee8-998e-1008c24e7672 req-31e76dea-54ef-4ee8-998e-1008c24e7672 ] Request (FloatingIPsAssociationNegativeTestJSON:tearDownClass): 204 DELETE http://10.180.1.21/compute/v2.1/servers/78819c2d-8198-477a-83f2-32c3d12a4842 0.375s
2025-12-01 15:07:57.090 66284 INFO tempest.lib.common.rest_client [req-ea3e652e-67b2-4c89-baaa-cfc3c9061c0c req-ea3e652e-67b2-4c89-baaa-cfc3c9061c0c ] Request (FlavorsAdminTestJSON:tearDownClass): 201 POST http://10.180.1.21/identity/v3/auth/tokens 0.100s
2025-12-01 15:07:57.113 66228 INFO tempest.lib.common.rest_client [req-d50e8cd1-af33-4798-9178-cc7f854361b1 req-d50e8cd1-af33-4798-9178-cc7f854361b1 ] Request (ServersV294TestFqdnHostnames:setUpClass): 201 POST http://10.180.1.21/networking/v2.0/subnets 0.252s
2025-12-01 15:07:57.122 66236 INFO tempest.lib.common.rest_client [req-dc381dc4-4b99-47a9-9369-bebc5b21dc12 req-dc381dc4-4b99-47a9-9369-bebc5b21dc12 ] Request (SecurityGroupRulesTestJSON:test_security_group_rules_delete_when_peer_group_deleted): 200 GET http://10.180.1.21/compute/v2.1/os-security-groups/f035ba70-3303-4949-9427-56c9b0854849 0.249s
2025-12-01 15:07:57.140 66259 INFO tempest.lib.common.rest_client [req-9cb1ac01-6c79-41ad-af54-3888a9daa821 req-9cb1ac01-6c79-41ad-af54-3888a9daa821 ] Request (SecurityGroupsTestJSON:test_server_security_groups): 204 DELETE http://10.180.1.21/compute/v2.1/servers/9f389dca-c4ca-4f75-99c4-55079950860c 0.423s
2025-12-01 15:07:57.182 66290 INFO tempest.lib.common.rest_client [req-eceb7e19-fd77-48c5-9cf2-b284712f797b req-eceb7e19-fd77-48c5-9cf2-b284712f797b ] Request (VolumesTestJSON:tearDownClass): 204 DELETE http://10.180.1.21/identity/v3/users/b8f2b69300ec46fa87d85086e60176ea 0.169s
2025-12-01 15:07:57.182 66290 INFO tempest.lib.common.dynamic_creds [-] Deleting project and security group for project: bb3fb7710a414c1b974477b804c70219
2025-12-01 15:07:57.220 66256 INFO tempest.lib.common.rest_client [req-ae956df0-9fa3-4dee-87e5-6e9d2507d421 req-ae956df0-9fa3-4dee-87e5-6e9d2507d421 ] Request (ServersAdminTestJSON:test_rebuild_server_in_error_state): 202 POST http://10.180.1.21/compute/v2.1/servers/0cc64eff-6dc8-4f5b-b101-5287d77e875f/action 0.279s
2025-12-01 15:07:57.241 66242 INFO tempest.lib.common.rest_client [req-1c2b083b-ab8f-4fe9-9fa2-ebf87ea96b30 req-1c2b083b-ab8f-4fe9-9fa2-ebf87ea96b30 ] Request (ServerGroup264TestJSON:test_create_get_server_group): 200 GET http://10.180.1.21/compute/v2.1/os-server-groups 0.278s
2025-12-01 15:07:57.263 66290 INFO tempest.lib.common.rest_client [req-9cf1a8e6-0b2f-473a-a565-e51e0026ad06 req-9cf1a8e6-0b2f-473a-a565-e51e0026ad06 ] Request (VolumesTestJSON:tearDownClass): 201 POST http://10.180.1.21/identity/v3/auth/tokens 0.080s
2025-12-01 15:07:57.436 66284 INFO tempest.lib.common.rest_client [req-64cf7f0c-a831-4a51-bb31-68958250bbee req-64cf7f0c-a831-4a51-bb31-68958250bbee ] Request (FlavorsAdminTestJSON:tearDownClass): 200 GET http://10.180.1.21/networking/v2.0/security-groups?tenant_id=69e0421662ca4f40a432a8ae9ca01ebc&name=default 0.345s
2025-12-01 15:07:57.732 66290 INFO tempest.lib.common.rest_client [req-60336125-2653-4b37-8a84-200d8510fe2e req-60336125-2653-4b37-8a84-200d8510fe2e ] Request (VolumesTestJSON:tearDownClass): 200 GET http://10.180.1.21/networking/v2.0/security-groups?tenant_id=bb3fb7710a414c1b974477b804c70219&name=default 0.469s
2025-12-01 15:07:57.879 66284 INFO tempest.lib.common.rest_client [req-63c47011-120d-4227-b02f-bfdf63a18caa req-63c47011-120d-4227-b02f-bfdf63a18caa ] Request (FlavorsAdminTestJSON:tearDownClass): 204 DELETE http://10.180.1.21/networking/v2.0/security-groups/3b7be6aa-c938-4e5f-98ec-867005143d01 0.442s
2025-12-01 15:07:57.888 66228 INFO tempest.lib.common.rest_client [req-2a633cec-5491-4242-8606-3e91fdfede1d req-2a633cec-5491-4242-8606-3e91fdfede1d ] Request (ServersV294TestFqdnHostnames:setUpClass): 201 POST http://10.180.1.21/networking/v2.0/routers 0.774s
2025-12-01 15:07:57.953 66284 INFO tempest.lib.common.rest_client [req-233ec625-09b2-4464-9aff-0d01d159c37d req-233ec625-09b2-4464-9aff-0d01d159c37d ] Request (FlavorsAdminTestJSON:tearDownClass): 204 DELETE http://10.180.1.21/identity/v3/projects/69e0421662ca4f40a432a8ae9ca01ebc 0.074s
2025-12-01 15:07:57.953 66284 INFO tempest.lib.common.dynamic_creds [-] Deleting project and security group for project: 9bd9d6128e374749b10c7bc199306161
2025-12-01 15:07:57.955 66264 INFO tempest.lib.common.rest_client [req-6293083a-0ab1-4d99-a680-51e7b7ffaf1a req-6293083a-0ab1-4d99-a680-51e7b7ffaf1a ] Request (AttachVolumeTestJSON:test_attach_detach_volume): 200 GET http://10.180.1.21/compute/v2.1/servers/7d97b48c-d88a-4d00-950b-215b1d68e813 0.995s
2025-12-01 15:07:57.962 66264 INFO tempest.common.waiters [-] State transition "ACTIVE/powering-off" ==> "SHUTOFF/None" after 2 second wait
2025-12-01 15:07:57.971 66232 INFO tempest.lib.common.rest_client [req-74665612-8ff9-4960-952a-c1de11a31a6a req-74665612-8ff9-4960-952a-c1de11a31a6a ] Request (MigrationsAdminTest:test_list_migrations_in_flavor_resize_situation): 200 GET http://10.180.1.21/compute/v2.1/servers/563d577d-d191-4ad6-b08a-901cb4a69b70 0.951s
2025-12-01 15:07:58.004 66290 INFO tempest.lib.common.rest_client [req-e610e93e-e48b-475d-a1be-55ff52985bd7 req-e610e93e-e48b-475d-a1be-55ff52985bd7 ] Request (VolumesTestJSON:tearDownClass): 204 DELETE http://10.180.1.21/networking/v2.0/security-groups/a4783933-54b3-41bc-8ce5-682ba1121222 0.271s
2025-12-01 15:07:58.133 66290 INFO tempest.lib.common.rest_client [req-c5f3a3f4-7123-4dca-a97e-a17f6297edef req-c5f3a3f4-7123-4dca-a97e-a17f6297edef ] Request (VolumesTestJSON:tearDownClass): 204 DELETE http://10.180.1.21/identity/v3/projects/bb3fb7710a414c1b974477b804c70219 0.129s
2025-12-01 15:07:58.147 66284 INFO tempest.lib.common.rest_client [req-dc944d38-6864-4b8d-8564-8cb4d862e0fd req-dc944d38-6864-4b8d-8564-8cb4d862e0fd ] Request (FlavorsAdminTestJSON:tearDownClass): 200 GET http://10.180.1.21/networking/v2.0/security-groups?tenant_id=9bd9d6128e374749b10c7bc199306161&name=default 0.193s
2025-12-01 15:07:58.285 66230 INFO tempest.lib.common.rest_client [req-47ea48d4-a1b1-4d57-ba20-a959bb8a67da req-47ea48d4-a1b1-4d57-ba20-a959bb8a67da ] Request (ImagesTestJSON:test_create_server_from_snapshot): 200 GET http://10.180.1.21/compute/v2.1/servers/58736a75-9f77-4d41-8b2e-3b563750f19f 1.244s
2025-12-01 15:07:58.432 66284 INFO tempest.lib.common.rest_client [req-1280bfe5-89ec-4706-a5c1-cc6d57a8573e req-1280bfe5-89ec-4706-a5c1-cc6d57a8573e ] Request (FlavorsAdminTestJSON:tearDownClass): 204 DELETE http://10.180.1.21/networking/v2.0/security-groups/175a9468-8c63-48b7-9c28-9c08415527ef 0.285s
2025-12-01 15:07:58.476 66272 INFO tempest.lib.common.rest_client [req-e1bba415-d608-498b-b9a6-2dca610d43e1 req-e1bba415-d608-498b-b9a6-2dca610d43e1 ] Request (ServerActionsTestOtherB:test_resize_server_confirm_from_stopped): 200 GET http://10.180.1.21/compute/v2.1/servers/8c6c6418-e5af-4dd9-99fe-f41e9d7c635a 1.437s
2025-12-01 15:07:58.584 66284 INFO tempest.lib.common.rest_client [req-61d4c0b7-2060-44db-9001-edc7a64bac0d req-61d4c0b7-2060-44db-9001-edc7a64bac0d ] Request (FlavorsAdminTestJSON:tearDownClass): 204 DELETE http://10.180.1.21/identity/v3/projects/9bd9d6128e374749b10c7bc199306161 0.152s
2025-12-01 15:07:58.640 66276 INFO tempest.lib.common.rest_client [req-70606571-9e51-44d7-ab9d-8182b916a567 req-70606571-9e51-44d7-ab9d-8182b916a567 ] Request (ImagesOneServerNegativeTestJSON:_run_cleanups): 200 GET http://10.180.1.21/compute/v2.1/servers/5c8c4b35-73de-49bc-8438-8810350eaa0c 1.538s
2025-12-01 15:07:58.682 66284 INFO tempest.lib.common.rest_client [req-ccc4cb2b-999d-4342-8821-1a90d50da076 req-ccc4cb2b-999d-4342-8821-1a90d50da076 ] Request (ServerDiagnosticsNegativeTest:setUpClass): 201 POST http://10.180.1.21/identity/v3/auth/tokens 0.096s
2025-12-01 15:07:58.704 66246 INFO tempest.lib.common.rest_client [req-c1040c46-613f-4f25-89a2-f9e3854a2100 req-c1040c46-613f-4f25-89a2-f9e3854a2100 ] Request (FloatingIPsAssociationNegativeTestJSON:tearDownClass): 200 GET http://10.180.1.21/compute/v2.1/servers/78819c2d-8198-477a-83f2-32c3d12a4842 1.628s
2025-12-01 15:07:58.718 66284 INFO tempest.lib.common.rest_client [req-0ec028de-2937-4cd1-a4e7-da258a556974 req-0ec028de-2937-4cd1-a4e7-da258a556974 ] Request (ServerDiagnosticsNegativeTest:setUpClass): 201 POST http://10.180.1.21/identity/v3/auth/tokens 0.031s
2025-12-01 15:07:58.747 66248 WARNING tempest.lib.common.ssh [-] Failed to establish authenticated ssh connection to cirros@10.180.180.252 ([Errno None] Unable to connect to port 22 on 10.180.180.252). Number attempts: 5. Retry after 6 seconds.: paramiko.ssh_exception.NoValidConnectionsError: [Errno None] Unable to connect to port 22 on 10.180.180.252
2025-12-01 15:07:58.754 66284 INFO tempest.lib.common.rest_client [req-f8e05005-9162-4519-b74d-53aa9068ec62 req-f8e05005-9162-4519-b74d-53aa9068ec62 ] Request (ServerDiagnosticsNegativeTest:setUpClass): 200 GET http://10.180.1.21/identity/v3/domains?name=Default 0.036s
2025-12-01 15:07:58.787 66284 INFO tempest.lib.common.rest_client [req-c5a1fa7d-8775-4168-94a7-d76a4cf976f2 req-c5a1fa7d-8775-4168-94a7-d76a4cf976f2 ] Request (ServerDiagnosticsNegativeTest:setUpClass): 201 POST http://10.180.1.21/identity/v3/projects 0.032s
2025-12-01 15:07:58.883 66284 INFO tempest.lib.common.rest_client [req-b339ebb8-ad41-451e-9f90-d769f054407d req-b339ebb8-ad41-451e-9f90-d769f054407d ] Request (ServerDiagnosticsNegativeTest:setUpClass): 201 POST http://10.180.1.21/identity/v3/users 0.095s
2025-12-01 15:07:58.916 66284 INFO tempest.lib.common.rest_client [req-5fe5f3b5-e334-470d-9d94-0e997e6b1187 req-5fe5f3b5-e334-470d-9d94-0e997e6b1187 ] Request (ServerDiagnosticsNegativeTest:setUpClass): 200 GET http://10.180.1.21/identity/v3/roles 0.032s
2025-12-01 15:07:58.951 66284 INFO tempest.lib.common.rest_client [req-b019ec1d-fc6d-4115-846b-039c226e5d2f req-b019ec1d-fc6d-4115-846b-039c226e5d2f ] Request (ServerDiagnosticsNegativeTest:setUpClass): 204 PUT http://10.180.1.21/identity/v3/projects/09a653b011984c12b666891678283f9b/users/25d887178e4d44609150d0b68cdce870/roles/b79f92b8b2bd424a8d89491652687a81 0.034s
2025-12-01 15:07:58.951 66284 INFO tempest.lib.common.dynamic_creds [-] Dynamic test user 25d887178e4d44609150d0b68cdce870 is created with scope project and roles: ['member']
2025-12-01 15:07:58.952 66284 INFO tempest.lib.common.dynamic_creds [-] Acquired dynamic creds: credentials: Credentials: {'domain_id': 'default', 'domain_name': 'Default', 'username': 'tempest-ServerDiagnosticsNegativeTest-217116381-project-member', 'project_domain_id': 'default', 'project_domain_name': 'Default', 'project_id': '09a653b011984c12b666891678283f9b', 'project_name': 'tempest-ServerDiagnosticsNegativeTest-217116381', 'tenant_id': '09a653b011984c12b666891678283f9b', 'tenant_name': 'tempest-ServerDiagnosticsNegativeTest-217116381', 'user_domain_id': 'default', 'user_domain_name': 'Default', 'user_id': '25d887178e4d44609150d0b68cdce870', 'system': None}, Network: None, Subnet: None, Router: None
