2025-12-01 15:06:33.732 66254 INFO tempest.lib.common.rest_client [req-462d4f76-40a4-4352-8fcb-36fb69600656 req-462d4f76-40a4-4352-8fcb-36fb69600656 ] Request (ImagesMetadataTestJSON:setUpClass): 200 GET http://10.180.1.21/compute/v2.1/images/7ee715bb-f05f-4b34-8c5b-adbbe41f3360 1.959s
2025-12-01 15:06:33.740 66228 INFO tempest.lib.common.rest_client [req-741c5b93-b7e0-49d3-84f0-41c375fa8713 req-741c5b93-b7e0-49d3-84f0-41c375fa8713 ] Request (SecurityGroupsTestAdminJSON:tearDownClass): 204 DELETE http://10.180.1.21/networking/v2.0/security-groups/8e6e9a84-9711-4e51-ac3c-99d1c524dd3f 0.287s
2025-12-01 15:06:33.750 66268 INFO tempest.lib.common.rest_client [req-b73596df-dfb9-496a-a9e8-c44cf9598c8b req-b73596df-dfb9-496a-a9e8-c44cf9598c8b ] Request (MultipleCreateNegativeTestJSON:setUpClass): 201 POST http://10.180.1.21/identity/v3/projects 0.058s
2025-12-01 15:06:33.759 66234 INFO tempest.lib.common.rest_client [req-11a49803-b2f0-44b1-a227-9ea76dbff014 req-11a49803-b2f0-44b1-a227-9ea76dbff014 ] Request (QuotasAdminTestJSON:test_get_updated_quotas): 201 POST http://10.180.1.21/identity/v3/users 0.039s
2025-12-01 15:06:33.821 66244 INFO tempest.lib.common.rest_client [req-03911422-3f4c-40a0-ae5d-cafa799da4af req-03911422-3f4c-40a0-ae5d-cafa799da4af ] Request (ServerMetadataTestJSON:setUp): 200 PUT http://10.180.1.21/compute/v2.1/servers/a69d1f46-5eae-4344-912a-57719ae52147/metadata 2.044s
2025-12-01 15:06:33.835 66232 INFO tempest.lib.common.rest_client [req-4f642c60-2ec0-4587-8d08-63595b0005b8 req-4f642c60-2ec0-4587-8d08-63595b0005b8 ] Request (AggregatesAdminNegativeTestJSON:test_aggregate_get_details_with_invalid_id): 404 GET http://10.180.1.21/compute/v2.1/os-aggregates/-1 1.893s
2025-12-01 15:06:33.836 66268 INFO tempest.lib.common.rest_client [req-4286cb96-5df5-4fcf-bbbc-d61303638291 req-4286cb96-5df5-4fcf-bbbc-d61303638291 ] Request (MultipleCreateNegativeTestJSON:setUpClass): 201 POST http://10.180.1.21/identity/v3/users 0.086s
2025-12-01 15:06:33.857 66284 INFO tempest.lib.common.rest_client [req-261c07b0-ea15-4396-a49a-976866f16378 req-261c07b0-ea15-4396-a49a-976866f16378 ] Request (FlavorsAdminTestJSON:_run_cleanups): 202 DELETE http://10.180.1.21/compute/v2.1/flavors/813672085 1.901s
2025-12-01 15:06:33.884 66280 INFO tempest.lib.common.rest_client [req-75f538ff-b34c-480d-b0be-2427774877b4 req-75f538ff-b34c-480d-b0be-2427774877b4 ] Request (ServicesAdminNegativeV253TestJSON:test_get_service_with_valid_service_and_invalid_host): 200 GET http://10.180.1.21/compute/v2.1/os-services 1.900s
2025-12-01 15:06:33.893 66228 INFO tempest.lib.common.rest_client [req-288262be-eb4f-451d-a76b-cafa3fcf091b req-288262be-eb4f-451d-a76b-cafa3fcf091b ] Request (SecurityGroupsTestAdminJSON:tearDownClass): 204 DELETE http://10.180.1.21/identity/v3/projects/ff43965fe3f547a6ac768f4899cd00bc 0.153s
2025-12-01 15:06:33.893 66228 INFO tempest.lib.common.dynamic_creds [-] Deleting project and security group for project: 8db2ad730b6b48658afca4656f38d600
2025-12-01 15:06:33.907 66259 INFO tempest.lib.common.rest_client [req-9a764848-79c4-4d55-90a8-856c512a829b req-9a764848-79c4-4d55-90a8-856c512a829b ] Request (SecurityGroupsTestJSON:test_security_groups_create_list_delete): 200 GET http://10.180.1.21/compute/v2.1/os-security-groups 2.174s
2025-12-01 15:06:33.981 66234 INFO tempest.lib.common.rest_client [req-b1a38d9b-15f9-4859-8bfb-b6d17b42b66f req-b1a38d9b-15f9-4859-8bfb-b6d17b42b66f ] Request (QuotasAdminTestJSON:test_get_updated_quotas): 200 GET http://10.180.1.21/identity/v3/domains?name=Default 0.221s
2025-12-01 15:06:34.041 66268 INFO tempest.lib.common.rest_client [req-99f2ef2c-34f8-4d23-889b-ea970b32c985 req-99f2ef2c-34f8-4d23-889b-ea970b32c985 ] Request (MultipleCreateNegativeTestJSON:setUpClass): 200 GET http://10.180.1.21/identity/v3/roles 0.204s
2025-12-01 15:06:34.076 66268 INFO tempest.lib.common.rest_client [req-f8a644e0-0140-45c8-832e-527118d0549e req-f8a644e0-0140-45c8-832e-527118d0549e ] Request (MultipleCreateNegativeTestJSON:setUpClass): 204 PUT http://10.180.1.21/identity/v3/projects/cd73b2db79a44b598392c2a3e5572823/users/f166838beab94e929fad323c4bdc45ff/roles/b79f92b8b2bd424a8d89491652687a81 0.034s
2025-12-01 15:06:34.076 66268 INFO tempest.lib.common.dynamic_creds [-] Dynamic test user f166838beab94e929fad323c4bdc45ff is created with scope project and roles: ['member']
2025-12-01 15:06:34.076 66268 INFO tempest.lib.common.dynamic_creds [-] Acquired dynamic creds: credentials: Credentials: {'domain_id': 'default', 'domain_name': 'Default', 'username': 'tempest-MultipleCreateNegativeTestJSON-187262755-project-member', 'project_domain_id': 'default', 'project_domain_name': 'Default', 'project_id': 'cd73b2db79a44b598392c2a3e5572823', 'project_name': 'tempest-MultipleCreateNegativeTestJSON-187262755', 'tenant_id': 'cd73b2db79a44b598392c2a3e5572823', 'tenant_name': 'tempest-MultipleCreateNegativeTestJSON-187262755', 'user_domain_id': 'default', 'user_domain_name': 'Default', 'user_id': 'f166838beab94e929fad323c4bdc45ff', 'system': None}, Network: None, Subnet: None, Router: None
2025-12-01 15:06:34.076 66268 INFO tempest.lib.common.dynamic_creds [-] Created isolated network resources for: credentials: Credentials: {'domain_id': 'default', 'domain_name': 'Default', 'username': 'tempest-MultipleCreateNegativeTestJSON-187262755-project-member', 'project_domain_id': 'default', 'project_domain_name': 'Default', 'project_id': 'cd73b2db79a44b598392c2a3e5572823', 'project_name': 'tempest-MultipleCreateNegativeTestJSON-187262755', 'tenant_id': 'cd73b2db79a44b598392c2a3e5572823', 'tenant_name': 'tempest-MultipleCreateNegativeTestJSON-187262755', 'user_domain_id': 'default', 'user_domain_name': 'Default', 'user_id': 'f166838beab94e929fad323c4bdc45ff', 'system': None}, Network: None, Subnet: None, Router: None
2025-12-01 15:06:34.123 66260 INFO tempest.lib.common.rest_client [req-a43939fe-1c40-44e1-aa6c-c43dcf78a4f3 req-a43939fe-1c40-44e1-aa6c-c43dcf78a4f3 ] Request (ServicesAdminNegativeTestJSON:tearDownClass): 200 GET http://10.180.1.21/networking/v2.0/security-groups?tenant_id=b28a934e74954b28b3de6eaa0cdb6b3f&name=default 0.501s
2025-12-01 15:06:34.152 66228 INFO tempest.lib.common.rest_client [req-1311e6af-5113-4584-80d6-3f483f258d11 req-1311e6af-5113-4584-80d6-3f483f258d11 ] Request (SecurityGroupsTestAdminJSON:tearDownClass): 200 GET http://10.180.1.21/networking/v2.0/security-groups?tenant_id=8db2ad730b6b48658afca4656f38d600&name=default 0.259s
2025-12-01 15:06:34.163 66268 INFO tempest.lib.common.rest_client [req-973a0704-c388-4dd3-a8a0-36121463106d req-973a0704-c388-4dd3-a8a0-36121463106d ] Request (MultipleCreateNegativeTestJSON:setUpClass): 201 POST http://10.180.1.21/identity/v3/auth/tokens 0.083s
2025-12-01 15:06:34.207 66268 INFO tempest.lib.common.rest_client [req-0b3f7af1-c181-439e-9fd8-69e63c750063 req-0b3f7af1-c181-439e-9fd8-69e63c750063 ] Request (MultipleCreateNegativeTestJSON:test_max_count_less_than_min_count): 201 POST http://10.180.1.21/identity/v3/auth/tokens 0.037s
2025-12-01 15:06:34.208 66268 INFO tempest.lib.common.fixed_network [-] (MultipleCreateNegativeTestJSON:test_max_count_less_than_min_count) Found network None available for tenant
2025-12-01 15:06:34.430 66248 INFO tempest.lib.common.rest_client [req-2be56ece-206f-40c7-82b8-86e963f47d53 req-2be56ece-206f-40c7-82b8-86e963f47d53 ] Request (ServersTestBootFromVolume:setUpClass): 200 GET http://10.180.1.21/volume/v3/volumes/0d5becf8-a63d-4202-8f02-8b42d6595657 0.050s
2025-12-01 15:06:34.517 66260 INFO tempest.lib.common.rest_client [req-c9ca3b07-98fe-46b8-876c-9a8666ca69b3 req-c9ca3b07-98fe-46b8-876c-9a8666ca69b3 ] Request (ServicesAdminNegativeTestJSON:tearDownClass): 204 DELETE http://10.180.1.21/networking/v2.0/security-groups/df629d72-aab2-42c2-a55c-583bf2b9625a 0.393s
2025-12-01 15:06:34.525 66275 INFO tempest.lib.common.rest_client [req-c2dcb944-f9e3-4e25-b1fa-5e01080a6cd3 req-c2dcb944-f9e3-4e25-b1fa-5e01080a6cd3 ] Request (DeleteServersTestJSON:test_delete_server_while_in_attached_volume): 200 GET http://10.180.1.21/volume/v3/volumes/9c29c4aa-942f-432a-bb86-1d5073bd85ea 0.044s
2025-12-01 15:06:34.610 66228 INFO tempest.lib.common.rest_client [req-2f3eb98f-273d-4117-9a74-5f397ee3175e req-2f3eb98f-273d-4117-9a74-5f397ee3175e ] Request (SecurityGroupsTestAdminJSON:tearDownClass): 204 DELETE http://10.180.1.21/networking/v2.0/security-groups/bf00b819-d530-4c23-ab3f-6b93166a140e 0.457s
2025-12-01 15:06:34.705 66276 INFO tempest.lib.common.rest_client [req-e512e55f-deeb-4da7-9b6f-dea3b2a98102 req-e512e55f-deeb-4da7-9b6f-dea3b2a98102 ] Request (ImagesOneServerNegativeTestJSON:setUp): 200 GET http://10.180.1.21/compute/v2.1/servers/598c6e68-0dfc-451a-9b31-d8781b3eb4d1 2.526s
2025-12-01 15:06:34.708 66272 INFO tempest.lib.common.rest_client [req-028074ed-1a78-4fd6-8f9d-ae24408d942f req-028074ed-1a78-4fd6-8f9d-ae24408d942f ] Request (ServerActionsTestOtherB:test_create_backup): 200 GET http://10.180.1.21/image/v2/images/2198ea8d-7d14-4a64-965b-bf5a93857574 0.030s
2025-12-01 15:06:34.785 66228 INFO tempest.lib.common.rest_client [req-495cfe01-eb0e-4df2-b1a0-2cd18b190efb req-495cfe01-eb0e-4df2-b1a0-2cd18b190efb ] Request (SecurityGroupsTestAdminJSON:tearDownClass): 204 DELETE http://10.180.1.21/identity/v3/projects/8db2ad730b6b48658afca4656f38d600 0.175s
2025-12-01 15:06:34.804 66260 INFO tempest.lib.common.rest_client [req-b91377e1-eec6-47db-b2cc-f03e19688f68 req-b91377e1-eec6-47db-b2cc-f03e19688f68 ] Request (ServicesAdminNegativeTestJSON:tearDownClass): 204 DELETE http://10.180.1.21/identity/v3/projects/b28a934e74954b28b3de6eaa0cdb6b3f 0.286s
2025-12-01 15:06:34.804 66260 INFO tempest.lib.common.dynamic_creds [-] Deleting project and security group for project: 2c741b89442448009738cd1c60a3307a
2025-12-01 15:06:34.873 66228 INFO tempest.lib.common.rest_client [req-047dfd1e-4b85-4be8-8300-93065659064e req-047dfd1e-4b85-4be8-8300-93065659064e ] Request (KeyPairsV22TestJSON:setUpClass): 201 POST http://10.180.1.21/identity/v3/auth/tokens 0.085s
2025-12-01 15:06:34.912 66228 INFO tempest.lib.common.rest_client [req-3713cfca-a0ca-49f0-85cb-764c5cdac8f0 req-3713cfca-a0ca-49f0-85cb-764c5cdac8f0 ] Request (KeyPairsV22TestJSON:setUpClass): 201 POST http://10.180.1.21/identity/v3/auth/tokens 0.035s
2025-12-01 15:06:34.957 66228 INFO tempest.lib.common.rest_client [req-c55bc3c1-2cd2-4958-bec4-7b1c6394ea0e req-c55bc3c1-2cd2-4958-bec4-7b1c6394ea0e ] Request (KeyPairsV22TestJSON:setUpClass): 200 GET http://10.180.1.21/identity/v3/domains?name=Default 0.045s
2025-12-01 15:06:35.009 66228 INFO tempest.lib.common.rest_client [req-8cece7df-f5d8-4985-bc16-9e4aba3f12fd req-8cece7df-f5d8-4985-bc16-9e4aba3f12fd ] Request (KeyPairsV22TestJSON:setUpClass): 201 POST http://10.180.1.21/identity/v3/projects 0.051s
2025-12-01 15:06:35.138 66228 INFO tempest.lib.common.rest_client [req-2a3ae894-7102-45b8-976c-433e23e3868f req-2a3ae894-7102-45b8-976c-433e23e3868f ] Request (KeyPairsV22TestJSON:setUpClass): 201 POST http://10.180.1.21/identity/v3/users 0.129s
2025-12-01 15:06:35.168 66228 INFO tempest.lib.common.rest_client [req-e84bd5f5-60ea-4801-a75f-f89c8bf978e9 req-e84bd5f5-60ea-4801-a75f-f89c8bf978e9 ] Request (KeyPairsV22TestJSON:setUpClass): 200 GET http://10.180.1.21/identity/v3/roles 0.029s
2025-12-01 15:06:35.209 66228 INFO tempest.lib.common.rest_client [req-982f9eaa-7ba3-42b4-91f8-eadddc91ffa2 req-982f9eaa-7ba3-42b4-91f8-eadddc91ffa2 ] Request (KeyPairsV22TestJSON:setUpClass): 204 PUT http://10.180.1.21/identity/v3/projects/da02a2a8f9954f82b58ef041cce95013/users/fdb28ea9ef4347adbc034c088eaf25a2/roles/b79f92b8b2bd424a8d89491652687a81 0.040s
2025-12-01 15:06:35.209 66228 INFO tempest.lib.common.dynamic_creds [-] Dynamic test user fdb28ea9ef4347adbc034c088eaf25a2 is created with scope project and roles: ['member']
2025-12-01 15:06:35.210 66228 INFO tempest.lib.common.dynamic_creds [-] Acquired dynamic creds: credentials: Credentials: {'domain_id': 'default', 'domain_name': 'Default', 'username': 'tempest-KeyPairsV22TestJSON-1256866406-project-member', 'project_domain_id': 'default', 'project_domain_name': 'Default', 'project_id': 'da02a2a8f9954f82b58ef041cce95013', 'project_name': 'tempest-KeyPairsV22TestJSON-1256866406', 'tenant_id': 'da02a2a8f9954f82b58ef041cce95013', 'tenant_name': 'tempest-KeyPairsV22TestJSON-1256866406', 'user_domain_id': 'default', 'user_domain_name': 'Default', 'user_id': 'fdb28ea9ef4347adbc034c088eaf25a2', 'system': None}, Network: None, Subnet: None, Router: None
2025-12-01 15:06:35.210 66228 INFO tempest.lib.common.dynamic_creds [-] Created isolated network resources for: credentials: Credentials: {'domain_id': 'default', 'domain_name': 'Default', 'username': 'tempest-KeyPairsV22TestJSON-1256866406-project-member', 'project_domain_id': 'default', 'project_domain_name': 'Default', 'project_id': 'da02a2a8f9954f82b58ef041cce95013', 'project_name': 'tempest-KeyPairsV22TestJSON-1256866406', 'tenant_id': 'da02a2a8f9954f82b58ef041cce95013', 'tenant_name': 'tempest-KeyPairsV22TestJSON-1256866406', 'user_domain_id': 'default', 'user_domain_name': 'Default', 'user_id': 'fdb28ea9ef4347adbc034c088eaf25a2', 'system': None}, Network: None, Subnet: None, Router: None
2025-12-01 15:06:35.304 66228 INFO tempest.lib.common.rest_client [req-75ea802b-536c-4e15-8bf8-8fcc4fc7e1c8 req-75ea802b-536c-4e15-8bf8-8fcc4fc7e1c8 ] Request (KeyPairsV22TestJSON:setUpClass): 201 POST http://10.180.1.21/identity/v3/auth/tokens 0.090s
2025-12-01 15:06:35.427 66260 INFO tempest.lib.common.rest_client [req-d559c0e3-6303-4cdf-9d96-400da31df174 req-d559c0e3-6303-4cdf-9d96-400da31df174 ] Request (ServicesAdminNegativeTestJSON:tearDownClass): 200 GET http://10.180.1.21/networking/v2.0/security-groups?tenant_id=2c741b89442448009738cd1c60a3307a&name=default 0.622s
2025-12-01 15:06:35.469 66248 INFO tempest.lib.common.rest_client [req-06f4723b-22f0-4513-931c-c711dafaa968 req-06f4723b-22f0-4513-931c-c711dafaa968 ] Request (ServersTestBootFromVolume:setUpClass): 200 GET http://10.180.1.21/volume/v3/volumes/0d5becf8-a63d-4202-8f02-8b42d6595657 0.028s
2025-12-01 15:06:35.570 66275 INFO tempest.lib.common.rest_client [req-ac66a34b-c87d-4003-8ae3-8a6f289918c2 req-ac66a34b-c87d-4003-8ae3-8a6f289918c2 ] Request (DeleteServersTestJSON:test_delete_server_while_in_attached_volume): 200 GET http://10.180.1.21/volume/v3/volumes/9c29c4aa-942f-432a-bb86-1d5073bd85ea 0.034s
2025-12-01 15:06:35.617 66260 INFO tempest.lib.common.rest_client [req-e1d1375d-a1c8-4a79-9fc8-17493c959afc req-e1d1375d-a1c8-4a79-9fc8-17493c959afc ] Request (ServicesAdminNegativeTestJSON:tearDownClass): 204 DELETE http://10.180.1.21/networking/v2.0/security-groups/80486a3a-4656-476b-ae65-842337af0431 0.190s
2025-12-01 15:06:35.735 66272 INFO tempest.lib.common.rest_client [req-1f9a19aa-fbe5-4af7-bf37-5def58a6127d req-1f9a19aa-fbe5-4af7-bf37-5def58a6127d ] Request (ServerActionsTestOtherB:test_create_backup): 200 GET http://10.180.1.21/image/v2/images/2198ea8d-7d14-4a64-965b-bf5a93857574 0.025s
2025-12-01 15:06:35.797 66260 INFO tempest.lib.common.rest_client [req-798998ee-4597-4538-ad5b-eb4deca62ee1 req-798998ee-4597-4538-ad5b-eb4deca62ee1 ] Request (ServicesAdminNegativeTestJSON:tearDownClass): 204 DELETE http://10.180.1.21/identity/v3/projects/2c741b89442448009738cd1c60a3307a 0.180s
2025-12-01 15:06:35.897 66260 INFO tempest.lib.common.rest_client [req-f2430a36-e980-44e2-9e2f-0deb2d385bdc req-f2430a36-e980-44e2-9e2f-0deb2d385bdc ] Request (ListImagesTestJSON:setUpClass): 201 POST http://10.180.1.21/identity/v3/auth/tokens 0.094s
2025-12-01 15:06:35.934 66260 INFO tempest.lib.common.rest_client [req-771c14a1-e1e5-4ef8-969f-0a9d5cf34a01 req-771c14a1-e1e5-4ef8-969f-0a9d5cf34a01 ] Request (ListImagesTestJSON:setUpClass): 201 POST http://10.180.1.21/identity/v3/auth/tokens 0.033s
2025-12-01 15:06:35.961 66266 INFO tempest.lib.common.rest_client [req-a7867678-5397-41f8-bb15-2017f5b341fb req-a7867678-5397-41f8-bb15-2017f5b341fb ] Request (FloatingIPDetailsTestJSON:tearDownClass): 202 DELETE http://10.180.1.21/compute/v2.1/os-floating-ips/e945e959-3712-4e18-a424-e0747b597e8b 3.681s
2025-12-01 15:06:35.970 66260 INFO tempest.lib.common.rest_client [req-42f005d8-fbdf-4873-8e1e-5031830c04ad req-42f005d8-fbdf-4873-8e1e-5031830c04ad ] Request (ListImagesTestJSON:setUpClass): 200 GET http://10.180.1.21/identity/v3/domains?name=Default 0.034s
2025-12-01 15:06:35.997 66240 WARNING tempest.lib.common.ssh [-] Failed to establish authenticated ssh connection to cirros@10.180.180.227 ([Errno None] Unable to connect to port 22 on 10.180.180.227). Number attempts: 2. Retry after 3 seconds.: paramiko.ssh_exception.NoValidConnectionsError: [Errno None] Unable to connect to port 22 on 10.180.180.227
2025-12-01 15:06:36.021 66260 INFO tempest.lib.common.rest_client [req-ca0c949f-4ea2-4de7-bef5-6592110fb2e5 req-ca0c949f-4ea2-4de7-bef5-6592110fb2e5 ] Request (ListImagesTestJSON:setUpClass): 201 POST http://10.180.1.21/identity/v3/projects 0.050s
2025-12-01 15:06:36.076 66238 INFO tempest.lib.common.rest_client [req-0ed0e187-aad8-49dd-ad43-82e8f802a056 req-0ed0e187-aad8-49dd-ad43-82e8f802a056 ] Request (MultipleCreateTestJSON:test_multiple_create_with_reservation_return): 202 POST http://10.180.1.21/compute/v2.1/servers 3.781s
2025-12-01 15:06:36.095 66260 INFO tempest.lib.common.rest_client [req-508792f8-f3f9-40b5-b735-e64a4f1e725b req-508792f8-f3f9-40b5-b735-e64a4f1e725b ] Request (ListImagesTestJSON:setUpClass): 201 POST http://10.180.1.21/identity/v3/users 0.073s
2025-12-01 15:06:36.100 66242 INFO tempest.lib.common.rest_client [req-062ed4e3-7195-4753-a941-99bc34fd8903 req-062ed4e3-7195-4753-a941-99bc34fd8903 ] Request (ServersTestJSON:setUpClass): 200 GET http://10.180.1.21/compute/v2.1/servers/55303ba2-091f-4572-b20a-7fa3b5158f34 3.785s
2025-12-01 15:06:36.107 66242 INFO tempest.common.waiters [-] State transition "BUILD/spawning" ==> "ACTIVE/None" after 33 second wait
2025-12-01 15:06:36.125 66260 INFO tempest.lib.common.rest_client [req-781d88c1-9429-4ce7-b7ce-658200cd5307 req-781d88c1-9429-4ce7-b7ce-658200cd5307 ] Request (ListImagesTestJSON:setUpClass): 200 GET http://10.180.1.21/identity/v3/roles 0.029s
2025-12-01 15:06:36.158 66260 INFO tempest.lib.common.rest_client [req-2a6bafac-d8d5-4fce-9d8a-86e2c9b0dbcb req-2a6bafac-d8d5-4fce-9d8a-86e2c9b0dbcb ] Request (ListImagesTestJSON:setUpClass): 204 PUT http://10.180.1.21/identity/v3/projects/e4dcb6703a364a64ad4e54b7b60a6c12/users/5b941cadc5074866bf04f0c9414c8020/roles/b79f92b8b2bd424a8d89491652687a81 0.032s
2025-12-01 15:06:36.158 66260 INFO tempest.lib.common.dynamic_creds [-] Dynamic test user 5b941cadc5074866bf04f0c9414c8020 is created with scope project and roles: ['member']
2025-12-01 15:06:36.158 66260 INFO tempest.lib.common.dynamic_creds [-] Acquired dynamic creds: credentials: Credentials: {'domain_id': 'default', 'domain_name': 'Default', 'username': 'tempest-ListImagesTestJSON-1334887559-project-member', 'project_domain_id': 'default', 'project_domain_name': 'Default', 'project_id': 'e4dcb6703a364a64ad4e54b7b60a6c12', 'project_name': 'tempest-ListImagesTestJSON-1334887559', 'tenant_id': 'e4dcb6703a364a64ad4e54b7b60a6c12', 'tenant_name': 'tempest-ListImagesTestJSON-1334887559', 'user_domain_id': 'default', 'user_domain_name': 'Default', 'user_id': '5b941cadc5074866bf04f0c9414c8020', 'system': None}, Network: None, Subnet: None, Router: None
2025-12-01 15:06:36.158 66260 INFO tempest.lib.common.dynamic_creds [-] Created isolated network resources for: credentials: Credentials: {'domain_id': 'default', 'domain_name': 'Default', 'username': 'tempest-ListImagesTestJSON-1334887559-project-member', 'project_domain_id': 'default', 'project_domain_name': 'Default', 'project_id': 'e4dcb6703a364a64ad4e54b7b60a6c12', 'project_name': 'tempest-ListImagesTestJSON-1334887559', 'tenant_id': 'e4dcb6703a364a64ad4e54b7b60a6c12', 'tenant_name': 'tempest-ListImagesTestJSON-1334887559', 'user_domain_id': 'default', 'user_domain_name': 'Default', 'user_id': '5b941cadc5074866bf04f0c9414c8020', 'system': None}, Network: None, Subnet: None, Router: None
2025-12-01 15:06:36.263 66262 INFO tempest.lib.common.rest_client [req-eb334fa4-86d2-4943-a973-425397c17882 req-eb334fa4-86d2-4943-a973-425397c17882 ] Request (VolumesAssistedSnapshotsTest:_run_cleanups): 202 DELETE http://10.180.1.21/compute/v2.1/servers/63bb7c58-4dc1-40f1-a93e-678135f33d78/os-volume_attachments/54f20e3e-e427-4481-b248-ed78adc494a3 3.896s
2025-12-01 15:06:36.276 66260 INFO tempest.lib.common.rest_client [req-b36de79a-ad8b-4feb-86f7-bef8ecee5e6b req-b36de79a-ad8b-4feb-86f7-bef8ecee5e6b ] Request (ListImagesTestJSON:setUpClass): 201 POST http://10.180.1.21/identity/v3/auth/tokens 0.112s
2025-12-01 15:06:36.298 66246 INFO tempest.lib.common.rest_client [req-aef0b11d-c02a-49b3-b23a-42196aa969cf req-aef0b11d-c02a-49b3-b23a-42196aa969cf ] Request (DeleteServersAdminTestJSON:test_delete_server_while_in_error_state): 404 GET http://10.180.1.21/compute/v2.1/servers/11c0a3b0-dc4e-4c18-8c94-5eb08811e591 3.854s
2025-12-01 15:06:36.321 66282 INFO tempest.lib.common.rest_client [req-a3ac456d-52d0-4f30-b81b-fadea1e0a190 req-a3ac456d-52d0-4f30-b81b-fadea1e0a190 ] Request (ServerTagsTestJSON:test_check_tag_existence): 204 GET http://10.180.1.21/compute/v2.1/servers/55b73223-3e95-4fff-9e75-ac20745361d2/tags/tempest-tag-1335182722 3.873s
2025-12-01 15:06:36.473 66290 INFO tempest.lib.common.rest_client [req-fe46e928-5050-4ff1-85b3-3bd5b26b496e req-fe46e928-5050-4ff1-85b3-3bd5b26b496e ] Request (ServerAddressesNegativeTestJSON:setUpClass): 200 GET http://10.180.1.21/compute/v2.1/servers/9c7e0bf8-7817-4d35-be4c-c0f07110db2b 3.860s
2025-12-01 15:06:36.508 66248 INFO tempest.lib.common.rest_client [req-0f9745db-1ec8-4ed0-87cb-ca4c1d7738ee req-0f9745db-1ec8-4ed0-87cb-ca4c1d7738ee ] Request (ServersTestBootFromVolume:setUpClass): 200 GET http://10.180.1.21/volume/v3/volumes/0d5becf8-a63d-4202-8f02-8b42d6595657 0.026s
2025-12-01 15:06:36.519 66230 INFO tempest.lib.common.rest_client [req-00a3be5d-62f3-4b5c-b58f-86eaf46be39c req-00a3be5d-62f3-4b5c-b58f-86eaf46be39c ] Request (ImagesTestJSON:test_create_image_from_suspended_server): 202 POST http://10.180.1.21/compute/v2.1/servers 4.096s
2025-12-01 15:06:36.540 66264 INFO tempest.lib.common.rest_client [req-ef84982f-abf4-4d7a-9472-71ca8881e79f req-ef84982f-abf4-4d7a-9472-71ca8881e79f ] Request (AttachVolumeTestJSON:test_attach_detach_volume): 200 GET http://10.180.1.21/compute/v2.1/servers/7d97b48c-d88a-4d00-950b-215b1d68e813 3.681s
2025-12-01 15:06:36.545 66271 INFO tempest.lib.common.rest_client [req-7de31d6e-b7da-45ea-ad9f-07bb94d2705f req-7de31d6e-b7da-45ea-ad9f-07bb94d2705f ] Request (FlavorsAccessNegativeTestJSON:_run_cleanups): 200 GET http://10.180.1.21/compute/v2.1/flavors/detail 3.655s
2025-12-01 15:06:36.552 66236 INFO tempest.lib.common.rest_client [req-102dc38e-14a4-4ae3-b57e-d41b8390893b req-102dc38e-14a4-4ae3-b57e-d41b8390893b ] Request (HostsAdminNegativeTestJSON:test_update_host_without_param): 400 PUT http://10.180.1.21/compute/v2.1/os-hosts/devstack 3.556s
2025-12-01 15:06:36.612 66275 INFO tempest.lib.common.rest_client [req-aadd0fbd-a804-4dcb-89e5-daba1f7aecf3 req-aadd0fbd-a804-4dcb-89e5-daba1f7aecf3 ] Request (DeleteServersTestJSON:test_delete_server_while_in_attached_volume): 200 GET http://10.180.1.21/volume/v3/volumes/9c29c4aa-942f-432a-bb86-1d5073bd85ea 0.031s
2025-12-01 15:06:36.634 66278 INFO tempest.lib.common.rest_client [req-6dbd4f7c-d706-4f8b-947a-dfd34fbef852 req-6dbd4f7c-d706-4f8b-947a-dfd34fbef852 ] Request (InstanceActionsV221TestJSON:test_get_list_deleted_instance_actions): 204 DELETE http://10.180.1.21/compute/v2.1/servers/a5971702-c8ec-44d7-9b73-172400d93d58 3.635s
2025-12-01 15:06:36.672 66256 INFO tempest.lib.common.rest_client [req-97651add-e997-419e-9074-b4a36c29ed32 req-97651add-e997-419e-9074-b4a36c29ed32 ] Request (ServersAdminTestJSON:test_create_server_with_scheduling_hint): 200 GET http://10.180.1.21/compute/v2.1/servers/3c949aba-7361-4470-b49d-713cbfbe9ad5 3.747s
2025-12-01 15:06:36.682 66256 INFO tempest.common.waiters [-] State transition "BUILD/spawning" ==> "ACTIVE/None" after 32 second wait
2025-12-01 15:06:36.718 66271 INFO tempest.lib.common.rest_client [req-b4dde2b4-57d0-4481-ba10-96864e806fd9 req-b4dde2b4-57d0-4481-ba10-96864e806fd9 ] Request (FlavorsAccessNegativeTestJSON:tearDownClass): 204 DELETE http://10.180.1.21/identity/v3/users/d50cf359d6df46f6a293e48403b68b9f 0.164s
2025-12-01 15:06:36.771 66272 INFO tempest.lib.common.rest_client [req-41c92a18-d282-4e26-93d0-1e2cb0ab852f req-41c92a18-d282-4e26-93d0-1e2cb0ab852f ] Request (ServerActionsTestOtherB:test_create_backup): 200 GET http://10.180.1.21/image/v2/images/2198ea8d-7d14-4a64-965b-bf5a93857574 0.029s
2025-12-01 15:06:36.807 66252 INFO tempest.lib.common.rest_client [req-df8fc5d3-8583-4e5f-9823-b9c6f75c8561 req-df8fc5d3-8583-4e5f-9823-b9c6f75c8561 ] Request (SecurityGroupRulesNegativeTestJSON:tearDownClass): 202 DELETE http://10.180.1.21/compute/v2.1/os-security-groups/4d459e4d-f29e-4ec9-af67-909617720f9b 3.570s
2025-12-01 15:06:36.825 66256 INFO tempest.lib.common.rest_client [req-4f9ea215-75a6-4e90-89f5-87e5bce4635a req-4f9ea215-75a6-4e90-89f5-87e5bce4635a ] Request (ServersAdminTestJSON:test_inject_network_info): 201 POST http://10.180.1.21/identity/v3/auth/tokens 0.139s
2025-12-01 15:06:36.826 66256 INFO tempest.lib.common.fixed_network [-] (ServersAdminTestJSON:test_inject_network_info) Found network {'id': 'fa4746a8-7e3e-4cce-90da-4abd2e88a7e8', 'name': 'tempest-ServersAdminTestJSON-1865090940-network', 'tenant_id': 'cf8fe61b4d1c4570bdbf86cc999e4892', 'project_id': 'cf8fe61b4d1c4570bdbf86cc999e4892', 'admin_state_up': True, 'mtu': 8950, 'status': 'ACTIVE', 'subnets': [], 'shared': False, 'port_security_enabled': True, 'router:external': False, 'provider:network_type': 'vlan', 'provider:physical_network': 'default', 'provider:segmentation_id': 266, 'availability_zone_hints': [], 'availability_zones': [], 'ipv4_address_scope': None, 'ipv6_address_scope': None, 'description': '', 'tags': [], 'created_at': '2025-12-01T15:05:08Z', 'updated_at': '2025-12-01T15:05:08Z', 'revision_number': 1} available for tenant
2025-12-01 15:06:36.903 66288 INFO tempest.lib.common.rest_client [req-7a795b0c-c3d5-4024-869b-ad593d22df7a req-7a795b0c-c3d5-4024-869b-ad593d22df7a ] Request (ImagesDeleteNegativeTestJSON:test_delete_image_blank_id): 404 DELETE http://10.180.1.21/compute/v2.1/images/ 3.608s
2025-12-01 15:06:36.908 66250 INFO tempest.lib.common.rest_client [req-1c965a1a-4a96-453d-9f4d-d9e718752946 req-1c965a1a-4a96-453d-9f4d-d9e718752946 ] Request (ServersAdminNegativeTestJSON:test_reset_state_server_invalid_state): 400 POST http://10.180.1.21/compute/v2.1/servers/599711f2-ff30-4d3c-8a03-9d54888ee59a/action 3.448s
2025-12-01 15:06:36.944 66287 INFO tempest.lib.common.rest_client [req-2bd77aea-e57f-473a-95dd-0208ce99f4b1 req-2bd77aea-e57f-473a-95dd-0208ce99f4b1 ] Request (FloatingIPsAssociationTestJSON:test_associate_already_associated_floating_ip): 200 GET http://10.180.1.21/compute/v2.1/servers/c007a14d-783d-4491-af01-87dddb7090a7 3.520s
2025-12-01 15:06:36.949 66271 INFO tempest.lib.common.rest_client [req-864083c0-a333-4db1-86bf-c5d7437289f6 req-864083c0-a333-4db1-86bf-c5d7437289f6 ] Request (FlavorsAccessNegativeTestJSON:tearDownClass): 204 DELETE http://10.180.1.21/identity/v3/users/b1ed37e8dd6a4d10bcc71edaea0818a9 0.231s
2025-12-01 15:06:36.951 66287 INFO tempest.common.waiters [-] State transition "BUILD/None" ==> "BUILD/spawning" after 13 second wait
2025-12-01 15:06:37.029 66244 INFO tempest.lib.common.rest_client [req-9db922a3-93a1-44f2-b747-86237050862f req-9db922a3-93a1-44f2-b747-86237050862f ] Request (ServerMetadataTestJSON:test_update_server_metadata): 200 POST http://10.180.1.21/compute/v2.1/servers/a69d1f46-5eae-4344-912a-57719ae52147/metadata 3.206s
2025-12-01 15:06:37.040 66232 INFO tempest.lib.common.rest_client [req-715918ba-d815-4a87-a6d9-7e050a969f07 req-715918ba-d815-4a87-a6d9-7e050a969f07 ] Request (AggregatesAdminNegativeTestJSON:test_aggregate_list_as_user): 403 GET http://10.180.1.21/compute/v2.1/os-aggregates 3.202s
2025-12-01 15:06:37.072 66284 INFO tempest.lib.common.rest_client [req-04ddf4f1-ab0a-4af2-8c7f-bd4bf8587451 req-04ddf4f1-ab0a-4af2-8c7f-bd4bf8587451 ] Request (FlavorsAdminTestJSON:_run_cleanups): 200 GET http://10.180.1.21/compute/v2.1/flavors/detail 3.214s
2025-12-01 15:06:37.109 66280 INFO tempest.lib.common.rest_client [req-1f346eb7-1e9c-4842-b692-8859dde6584c req-1f346eb7-1e9c-4842-b692-8859dde6584c ] Request (ServicesAdminNegativeV253TestJSON:test_get_service_with_valid_service_and_invalid_host): 200 GET http://10.180.1.21/compute/v2.1/os-services?host=xxx&binary=nova-scheduler 3.223s
2025-12-01 15:06:37.130 66271 INFO tempest.lib.common.rest_client [req-742893b2-f7b1-4818-a60a-4e40bd653eb0 req-742893b2-f7b1-4818-a60a-4e40bd653eb0 ] Request (FlavorsAccessNegativeTestJSON:tearDownClass): 204 DELETE http://10.180.1.21/identity/v3/users/74016481f9c94aabb45b76c6ee58641b 0.180s
2025-12-01 15:06:37.130 66271 INFO tempest.lib.common.dynamic_creds [-] Deleting project and security group for project: eac9899967e74813bec70da4ab8a57fe
2025-12-01 15:06:37.190 66254 INFO tempest.lib.common.rest_client [req-336378e6-8f04-4d52-a4f9-56a3d257b25a req-336378e6-8f04-4d52-a4f9-56a3d257b25a ] Request (ImagesMetadataTestJSON:setUp): 200 PUT http://10.180.1.21/compute/v2.1/images/7ee715bb-f05f-4b34-8c5b-adbbe41f3360/metadata 3.451s
2025-12-01 15:06:37.251 66271 INFO tempest.lib.common.rest_client [req-381fea8b-4f79-44b2-83ad-b4d3795c6e89 req-381fea8b-4f79-44b2-83ad-b4d3795c6e89 ] Request (FlavorsAccessNegativeTestJSON:tearDownClass): 201 POST http://10.180.1.21/identity/v3/auth/tokens 0.120s
2025-12-01 15:06:37.398 66259 INFO tempest.lib.common.rest_client [req-bef17d82-16eb-41ac-9731-dc1aa93371a8 req-bef17d82-16eb-41ac-9731-dc1aa93371a8 ] Request (SecurityGroupsTestJSON:test_security_groups_create_list_delete): 202 DELETE http://10.180.1.21/compute/v2.1/os-security-groups/3d1bead4-0987-4994-8b65-09b7685c1782 3.486s
2025-12-01 15:06:37.448 66234 INFO tempest.lib.common.rest_client [req-bc4ba59d-4333-4778-886f-3a8bb76a4871 req-bc4ba59d-4333-4778-886f-3a8bb76a4871 ] Request (QuotasAdminTestJSON:test_get_updated_quotas): 200 PUT http://10.180.1.21/compute/v2.1/os-quota-sets/e2536931c93642dfb8ddb8ac51909443?user_id=f8e01bf0127c4115a0060b5e5d7d08ce 3.467s
2025-12-01 15:06:37.497 66276 INFO tempest.lib.common.rest_client [req-39e99692-3005-413e-a5a9-88078a84f570 req-39e99692-3005-413e-a5a9-88078a84f570 ] Request (ImagesOneServerNegativeTestJSON:test_create_image_specify_name_over_character_limit): 400 POST http://10.180.1.21/compute/v2.1/servers/598c6e68-0dfc-451a-9b31-d8781b3eb4d1/action 2.779s
2025-12-01 15:06:37.502 66268 INFO tempest.lib.common.rest_client [req-f6b3f9de-d90d-4955-bb6f-d73aa94b270b req-f6b3f9de-d90d-4955-bb6f-d73aa94b270b ] Request (MultipleCreateNegativeTestJSON:test_max_count_less_than_min_count): 400 POST http://10.180.1.21/compute/v2.1/servers 3.293s
2025-12-01 15:06:37.514 66271 INFO tempest.lib.common.rest_client [req-ab913257-8407-4115-9174-05f42defc449 req-ab913257-8407-4115-9174-05f42defc449 ] Request (FlavorsAccessNegativeTestJSON:tearDownClass): 200 GET http://10.180.1.21/networking/v2.0/security-groups?tenant_id=eac9899967e74813bec70da4ab8a57fe&name=default 0.262s
2025-12-01 15:06:37.551 66268 INFO tempest.lib.common.rest_client [req-031dbfe7-56af-4fdf-b0eb-1db003cbea10 req-031dbfe7-56af-4fdf-b0eb-1db003cbea10 ] Request (MultipleCreateNegativeTestJSON:test_max_count_less_than_one): 201 POST http://10.180.1.21/identity/v3/auth/tokens 0.043s
2025-12-01 15:06:37.552 66268 INFO tempest.lib.common.fixed_network [-] (MultipleCreateNegativeTestJSON:test_max_count_less_than_one) Found network None available for tenant
2025-12-01 15:06:37.561 66248 INFO tempest.lib.common.rest_client [req-7fb3eacf-058e-45a3-8d12-1cfef484212b req-7fb3eacf-058e-45a3-8d12-1cfef484212b ] Request (ServersTestBootFromVolume:setUpClass): 200 GET http://10.180.1.21/volume/v3/volumes/0d5becf8-a63d-4202-8f02-8b42d6595657 0.046s
2025-12-01 15:06:37.624 66228 INFO tempest.lib.common.rest_client [req-dd2d8e05-4929-46f4-a8f7-e23b4231c01b req-dd2d8e05-4929-46f4-a8f7-e23b4231c01b ] Request (KeyPairsV22TestJSON:test_get_keypair_detail): 201 POST http://10.180.1.21/compute/v2.1/os-keypairs 2.317s
2025-12-01 15:06:37.665 66271 INFO tempest.lib.common.rest_client [req-b483a5ae-78b4-491e-b3ae-7b31f371f49a req-b483a5ae-78b4-491e-b3ae-7b31f371f49a ] Request (FlavorsAccessNegativeTestJSON:tearDownClass): 204 DELETE http://10.180.1.21/networking/v2.0/security-groups/750f9a0e-9897-4170-a7d4-c81be2cf61ec 0.151s
2025-12-01 15:06:37.674 66275 INFO tempest.lib.common.rest_client [req-167958b4-88af-4a04-917d-53bd732a7c09 req-167958b4-88af-4a04-917d-53bd732a7c09 ] Request (DeleteServersTestJSON:test_delete_server_while_in_attached_volume): 200 GET http://10.180.1.21/volume/v3/volumes/9c29c4aa-942f-432a-bb86-1d5073bd85ea 0.051s
2025-12-01 15:06:37.758 66238 INFO tempest.lib.common.rest_client [req-ee3fbd4a-730d-4d0b-911b-1a5a7016deaa req-ee3fbd4a-730d-4d0b-911b-1a5a7016deaa ] Request (MultipleCreateTestJSON:test_multiple_create_with_reservation_return): 200 GET http://10.180.1.21/compute/v2.1/servers 1.680s
2025-12-01 15:06:37.780 66271 INFO tempest.lib.common.rest_client [req-1012edbe-759e-4c31-b251-a4f66d103fd0 req-1012edbe-759e-4c31-b251-a4f66d103fd0 ] Request (FlavorsAccessNegativeTestJSON:tearDownClass): 204 DELETE http://10.180.1.21/identity/v3/projects/eac9899967e74813bec70da4ab8a57fe 0.115s
2025-12-01 15:06:37.781 66271 INFO tempest.lib.common.dynamic_creds [-] Deleting project and security group for project: d70d605ca40843ddb1e12f928cf9a3ca
2025-12-01 15:06:37.798 66272 INFO tempest.lib.common.rest_client [req-e51cf306-54fe-46aa-85ac-195813398f7d req-e51cf306-54fe-46aa-85ac-195813398f7d ] Request (ServerActionsTestOtherB:test_create_backup): 200 GET http://10.180.1.21/image/v2/images/2198ea8d-7d14-4a64-965b-bf5a93857574 0.025s
2025-12-01 15:06:37.961 66271 INFO tempest.lib.common.rest_client [req-d37ef805-04a6-42b3-b101-913a6e8d8188 req-d37ef805-04a6-42b3-b101-913a6e8d8188 ] Request (FlavorsAccessNegativeTestJSON:tearDownClass): 200 GET http://10.180.1.21/networking/v2.0/security-groups?tenant_id=d70d605ca40843ddb1e12f928cf9a3ca&name=default 0.180s
2025-12-01 15:06:38.057 66242 INFO tempest.lib.common.rest_client [req-ce996eaf-3f66-48fb-a6fc-b2eebc3fb53e req-ce996eaf-3f66-48fb-a6fc-b2eebc3fb53e ] Request (ServersTestJSON:setUpClass): 200 GET http://10.180.1.21/compute/v2.1/servers/55303ba2-091f-4572-b20a-7fa3b5158f34/os-interface 1.949s
2025-12-01 15:06:38.082 66266 INFO tempest.lib.common.rest_client [req-5d1f81b0-1db3-48f1-bcdb-c094149f190d req-5d1f81b0-1db3-48f1-bcdb-c094149f190d ] Request (FloatingIPDetailsTestJSON:tearDownClass): 202 DELETE http://10.180.1.21/compute/v2.1/os-floating-ips/6477b739-53a9-4a5f-8794-255d91d82237 2.120s
2025-12-01 15:06:38.127 66262 INFO tempest.lib.common.rest_client [req-ce609789-a9db-4cfc-a5e7-d1018b630efd req-ce609789-a9db-4cfc-a5e7-d1018b630efd ] Request (VolumesAssistedSnapshotsTest:_run_cleanups): 200 GET http://10.180.1.21/compute/v2.1/servers/63bb7c58-4dc1-40f1-a93e-678135f33d78/os-volume_attachments 1.863s
2025-12-01 15:06:38.147 66246 INFO tempest.lib.common.rest_client [req-bb38fa8f-7a8a-4ce6-aa02-2374e37d94e7 req-bb38fa8f-7a8a-4ce6-aa02-2374e37d94e7 ] Request (DeleteServersAdminTestJSON:tearDownClass): 404 DELETE http://10.180.1.21/compute/v2.1/servers/11c0a3b0-dc4e-4c18-8c94-5eb08811e591 1.847s
2025-12-01 15:06:38.193 66271 INFO tempest.lib.common.rest_client [req-0897cfce-596e-4840-bb22-fb920eea4cca req-0897cfce-596e-4840-bb22-fb920eea4cca ] Request (FlavorsAccessNegativeTestJSON:tearDownClass): 204 DELETE http://10.180.1.21/networking/v2.0/security-groups/c377cd36-dc28-4ee2-b196-17f28b9b363a 0.231s
2025-12-01 15:06:38.258 66282 INFO tempest.lib.common.rest_client [req-17f730bd-5890-46a2-8fe3-d0e00f5c13d0 req-17f730bd-5890-46a2-8fe3-d0e00f5c13d0 ] Request (ServerTagsTestJSON:_run_cleanups): 204 DELETE http://10.180.1.21/compute/v2.1/servers/55b73223-3e95-4fff-9e75-ac20745361d2/tags 1.935s
2025-12-01 15:06:38.307 66260 INFO tempest.lib.common.rest_client [req-1196ed99-57ae-43c0-9bbd-bd9072c93017 req-1196ed99-57ae-43c0-9bbd-bd9072c93017 ] Request (ListImagesTestJSON:test_get_image): 200 GET http://10.180.1.21/compute/v2.1/images/5f5a5a5c-90ba-4026-9381-8b050c12c591 2.029s
2025-12-01 15:06:38.331 66236 INFO tempest.lib.common.rest_client [req-a63d1d25-ce3e-4dd2-b9ca-a57d85c45853 req-a63d1d25-ce3e-4dd2-b9ca-a57d85c45853 ] Request (HostsAdminNegativeTestJSON:test_update_nonexistent_host): 404 PUT http://10.180.1.21/compute/v2.1/os-hosts/nonexistent_hostname 1.778s
2025-12-01 15:06:38.427 66271 INFO tempest.lib.common.rest_client [req-21228716-4b66-4273-9b0b-ff0f80329aae req-21228716-4b66-4273-9b0b-ff0f80329aae ] Request (FlavorsAccessNegativeTestJSON:tearDownClass): 204 DELETE http://10.180.1.21/identity/v3/projects/d70d605ca40843ddb1e12f928cf9a3ca 0.233s
2025-12-01 15:06:38.427 66271 INFO tempest.lib.common.dynamic_creds [-] Deleting project and security group for project: 62e8f1f18ee947a289cde9a2ee428926
2025-12-01 15:06:38.508 66236 INFO tempest.lib.common.rest_client [req-de99dbe6-dc47-4be3-964c-8104035da574 req-de99dbe6-dc47-4be3-964c-8104035da574 ] Request (HostsAdminNegativeTestJSON:tearDownClass): 204 DELETE http://10.180.1.21/identity/v3/users/12f2d6887eeb45379d0631ed9d35c48b 0.175s
2025-12-01 15:06:38.629 66248 INFO tempest.lib.common.rest_client [req-3e5d80ff-3201-4bed-b7fb-93220b52ebb2 req-3e5d80ff-3201-4bed-b7fb-93220b52ebb2 ] Request (ServersTestBootFromVolume:setUpClass): 200 GET http://10.180.1.21/volume/v3/volumes/0d5becf8-a63d-4202-8f02-8b42d6595657 0.051s
2025-12-01 15:06:38.643 66236 INFO tempest.lib.common.rest_client [req-5f8012f9-ea67-4359-8e22-3ab54f154b5e req-5f8012f9-ea67-4359-8e22-3ab54f154b5e ] Request (HostsAdminNegativeTestJSON:tearDownClass): 204 DELETE http://10.180.1.21/identity/v3/users/cd107d1de9fd4434b545e5fc21b49263 0.134s
2025-12-01 15:06:38.643 66236 INFO tempest.lib.common.dynamic_creds [-] Deleting project and security group for project: 757cc74311f0494fbbb182dab0d9b28f
2025-12-01 15:06:38.713 66236 INFO tempest.lib.common.rest_client [req-09321972-bdbf-4f01-9610-606ccfe8a23a req-09321972-bdbf-4f01-9610-606ccfe8a23a ] Request (HostsAdminNegativeTestJSON:tearDownClass): 201 POST http://10.180.1.21/identity/v3/auth/tokens 0.070s
2025-12-01 15:06:38.717 66275 INFO tempest.lib.common.rest_client [req-50a2eeee-a7e6-4bd5-a985-ab1dadb6959e req-50a2eeee-a7e6-4bd5-a985-ab1dadb6959e ] Request (DeleteServersTestJSON:test_delete_server_while_in_attached_volume): 200 GET http://10.180.1.21/volume/v3/volumes/9c29c4aa-942f-432a-bb86-1d5073bd85ea 0.034s
2025-12-01 15:06:38.827 66272 INFO tempest.lib.common.rest_client [req-8473fe34-05a9-4f81-b0e0-cac0e48535a1 req-8473fe34-05a9-4f81-b0e0-cac0e48535a1 ] Request (ServerActionsTestOtherB:test_create_backup): 200 GET http://10.180.1.21/image/v2/images/2198ea8d-7d14-4a64-965b-bf5a93857574 0.028s
2025-12-01 15:06:38.832 66242 INFO tempest.lib.common.rest_client [req-aeb2ff10-8b4f-4a2a-8645-e1188db72ad4 req-aeb2ff10-8b4f-4a2a-8645-e1188db72ad4 ] Request (ServersTestJSON:setUpClass): 200 PUT http://10.180.1.21/networking/v2.0/floatingips/aa2d65a5-3708-49f6-aafd-f4f2c1cced96 0.773s
2025-12-01 15:06:38.862 66230 INFO tempest.lib.common.rest_client [req-1f0b0a32-22ff-4196-af1a-07cd352cfac9 req-1f0b0a32-22ff-4196-af1a-07cd352cfac9 ] Request (ImagesTestJSON:test_create_image_from_suspended_server): 200 GET http://10.180.1.21/compute/v2.1/servers/325cf4bd-ccf2-4c7d-8f11-35c72af61e99 2.340s
2025-12-01 15:06:39.064 66271 INFO tempest.lib.common.rest_client [req-8fb4531c-4044-46fa-a243-1e32c03d5f80 req-8fb4531c-4044-46fa-a243-1e32c03d5f80 ] Request (FlavorsAccessNegativeTestJSON:tearDownClass): 200 GET http://10.180.1.21/networking/v2.0/security-groups?tenant_id=62e8f1f18ee947a289cde9a2ee428926&name=default 0.636s
2025-12-01 15:06:39.171 66266 INFO tempest.lib.common.rest_client [req-39cf33ce-2658-4133-b012-f38b92d70660 req-39cf33ce-2658-4133-b012-f38b92d70660 ] Request (FloatingIPDetailsTestJSON:tearDownClass): 200 PUT http://10.180.1.21/networking/v2.0/routers/57d8a7eb-c71a-4362-a62c-46bd09e4f974/remove_router_interface 1.088s
2025-12-01 15:06:39.350 66278 INFO tempest.lib.common.rest_client [req-1a3c1884-0f9f-4c7b-befb-b95d60ac5fe2 req-1a3c1884-0f9f-4c7b-befb-b95d60ac5fe2 ] Request (InstanceActionsV221TestJSON:test_get_list_deleted_instance_actions): 200 GET http://10.180.1.21/compute/v2.1/servers/a5971702-c8ec-44d7-9b73-172400d93d58 2.716s
2025-12-01 15:06:39.379 66236 INFO tempest.lib.common.rest_client [req-cf7868a1-690f-4943-aa24-d17fdf3c4b2a req-cf7868a1-690f-4943-aa24-d17fdf3c4b2a ] Request (HostsAdminNegativeTestJSON:tearDownClass): 200 GET http://10.180.1.21/networking/v2.0/security-groups?tenant_id=757cc74311f0494fbbb182dab0d9b28f&name=default 0.665s
2025-12-01 15:06:39.439 66271 INFO tempest.lib.common.rest_client [req-61c1d9f7-1183-4ceb-a55b-7a1f58a68f9c req-61c1d9f7-1183-4ceb-a55b-7a1f58a68f9c ] Request (FlavorsAccessNegativeTestJSON:tearDownClass): 204 DELETE http://10.180.1.21/networking/v2.0/security-groups/3d7437f7-f835-4c03-8cb1-cf3b075e3b62 0.375s
2025-12-01 15:06:39.527 66271 INFO tempest.lib.common.rest_client [req-e0da57c7-4823-4f26-9935-d63b42900087 req-e0da57c7-4823-4f26-9935-d63b42900087 ] Request (FlavorsAccessNegativeTestJSON:tearDownClass): 204 DELETE http://10.180.1.21/identity/v3/projects/62e8f1f18ee947a289cde9a2ee428926 0.087s
2025-12-01 15:06:39.528 66271 INFO tempest.test [-] raised in LiveMigrationManagerWorkflowTest.setUpClass. Invoking tearDownClass.
2025-12-01 15:06:39.606 66271 INFO tempest.lib.common.rest_client [req-c0701667-1110-4caf-b779-c7ea9052e291 req-c0701667-1110-4caf-b779-c7ea9052e291 ] Request (ServerDiskConfigTestJSON:setUpClass): 201 POST http://10.180.1.21/identity/v3/auth/tokens 0.073s
2025-12-01 15:06:39.655 66271 INFO tempest.lib.common.rest_client [req-9287d606-c5f7-4728-b062-59592a1aaf72 req-9287d606-c5f7-4728-b062-59592a1aaf72 ] Request (ServerDiskConfigTestJSON:setUpClass): 201 POST http://10.180.1.21/identity/v3/auth/tokens 0.046s
2025-12-01 15:06:39.681 66248 INFO tempest.lib.common.rest_client [req-09d8766d-f9b7-4c95-8cd5-1ad48b9bf5db req-09d8766d-f9b7-4c95-8cd5-1ad48b9bf5db ] Request (ServersTestBootFromVolume:setUpClass): 200 GET http://10.180.1.21/volume/v3/volumes/0d5becf8-a63d-4202-8f02-8b42d6595657 0.043s
2025-12-01 15:06:39.694 66271 INFO tempest.lib.common.rest_client [req-8f690ee2-0981-4b83-8422-c4c6ec5ae396 req-8f690ee2-0981-4b83-8422-c4c6ec5ae396 ] Request (ServerDiskConfigTestJSON:setUpClass): 200 GET http://10.180.1.21/identity/v3/domains?name=Default 0.038s
2025-12-01 15:06:39.737 66271 INFO tempest.lib.common.rest_client [req-0e68d436-6564-4e58-ad3d-def45d6e22a0 req-0e68d436-6564-4e58-ad3d-def45d6e22a0 ] Request (ServerDiskConfigTestJSON:setUpClass): 201 POST http://10.180.1.21/identity/v3/projects 0.043s
2025-12-01 15:06:39.764 66275 INFO tempest.lib.common.rest_client [req-9a196ba0-a2d0-4c24-963a-1b8507aceeaa req-9a196ba0-a2d0-4c24-963a-1b8507aceeaa ] Request (DeleteServersTestJSON:test_delete_server_while_in_attached_volume): 200 GET http://10.180.1.21/volume/v3/volumes/9c29c4aa-942f-432a-bb86-1d5073bd85ea 0.038s
2025-12-01 15:06:39.824 66252 INFO tempest.lib.common.rest_client [req-1f522e45-da54-48e4-80ea-947cf91df38d req-1f522e45-da54-48e4-80ea-947cf91df38d ] Request (SecurityGroupRulesNegativeTestJSON:tearDownClass): 202 DELETE http://10.180.1.21/compute/v2.1/os-security-groups/284d5f09-a642-4ca6-9911-418de83550a5 3.016s
2025-12-01 15:06:39.828 66271 INFO tempest.lib.common.rest_client [req-d3f77703-8346-4c3d-b55a-abff0bd0a358 req-d3f77703-8346-4c3d-b55a-abff0bd0a358 ] Request (ServerDiskConfigTestJSON:setUpClass): 201 POST http://10.180.1.21/identity/v3/users 0.091s
2025-12-01 15:06:39.848 66288 INFO tempest.lib.common.rest_client [req-200a8cde-61c7-4e17-94c3-cac8180b9398 req-200a8cde-61c7-4e17-94c3-cac8180b9398 ] Request (ImagesDeleteNegativeTestJSON:test_delete_image_negative_image_id): 404 DELETE http://10.180.1.21/compute/v2.1/images/-1 2.943s
2025-12-01 15:06:39.853 66271 INFO tempest.lib.common.rest_client [req-718893c2-7609-4b97-8533-bfcaaf891dd3 req-718893c2-7609-4b97-8533-bfcaaf891dd3 ] Request (ServerDiskConfigTestJSON:setUpClass): 200 GET http://10.180.1.21/identity/v3/roles 0.024s
2025-12-01 15:06:39.856 66250 INFO tempest.lib.common.rest_client [req-c86c0790-9103-4414-8f27-e155de7fe561 req-c86c0790-9103-4414-8f27-e155de7fe561 ] Request (ServersAdminNegativeTestJSON:test_reset_state_server_invalid_type): 400 POST http://10.180.1.21/compute/v2.1/servers/599711f2-ff30-4d3c-8a03-9d54888ee59a/action 2.946s
2025-12-01 15:06:39.874 66272 INFO tempest.lib.common.rest_client [req-ac8e4e6e-5307-49b3-a217-d64fd46dcc41 req-ac8e4e6e-5307-49b3-a217-d64fd46dcc41 ] Request (ServerActionsTestOtherB:test_create_backup): 200 GET http://10.180.1.21/image/v2/images/2198ea8d-7d14-4a64-965b-bf5a93857574 0.045s
2025-12-01 15:06:39.879 66266 INFO tempest.lib.common.rest_client [req-9f824a96-edcc-47ee-b40e-9e77b221eafe req-9f824a96-edcc-47ee-b40e-9e77b221eafe ] Request (FloatingIPDetailsTestJSON:tearDownClass): 204 DELETE http://10.180.1.21/networking/v2.0/routers/57d8a7eb-c71a-4362-a62c-46bd09e4f974 0.708s
2025-12-01 15:06:39.884 66271 INFO tempest.lib.common.rest_client [req-bbde9a0e-1c9b-4f89-87ed-55d515e6ccc7 req-bbde9a0e-1c9b-4f89-87ed-55d515e6ccc7 ] Request (ServerDiskConfigTestJSON:setUpClass): 204 PUT http://10.180.1.21/identity/v3/projects/eb556b479feb441cbe7cf02f8441336c/users/935f20218b2b4e1485c42437e91396fd/roles/b79f92b8b2bd424a8d89491652687a81 0.030s
2025-12-01 15:06:39.884 66271 INFO tempest.lib.common.dynamic_creds [-] Dynamic test user 935f20218b2b4e1485c42437e91396fd is created with scope project and roles: ['member']
2025-12-01 15:06:39.884 66271 INFO tempest.lib.common.dynamic_creds [-] Acquired dynamic creds: credentials: Credentials: {'domain_id': 'default', 'domain_name': 'Default', 'username': 'tempest-ServerDiskConfigTestJSON-435034562-project-member', 'project_domain_id': 'default', 'project_domain_name': 'Default', 'project_id': 'eb556b479feb441cbe7cf02f8441336c', 'project_name': 'tempest-ServerDiskConfigTestJSON-435034562', 'tenant_id': 'eb556b479feb441cbe7cf02f8441336c', 'tenant_name': 'tempest-ServerDiskConfigTestJSON-435034562', 'user_domain_id': 'default', 'user_domain_name': 'Default', 'user_id': '935f20218b2b4e1485c42437e91396fd', 'system': None}, Network: None, Subnet: None, Router: None
2025-12-01 15:06:39.908 66244 INFO tempest.lib.common.rest_client [req-dd8e5383-1d5e-46c2-80b0-8140e61f3545 req-dd8e5383-1d5e-46c2-80b0-8140e61f3545 ] Request (ServerMetadataTestJSON:test_update_server_metadata): 200 GET http://10.180.1.21/compute/v2.1/servers/a69d1f46-5eae-4344-912a-57719ae52147/metadata 2.878s
2025-12-01 15:06:39.913 66236 INFO tempest.lib.common.rest_client [req-eb95fd6c-5892-4534-add9-60e0ee5df70b req-eb95fd6c-5892-4534-add9-60e0ee5df70b ] Request (HostsAdminNegativeTestJSON:tearDownClass): 204 DELETE http://10.180.1.21/networking/v2.0/security-groups/27df6139-c625-4a46-a8cd-4b8566d376ed 0.533s
2025-12-01 15:06:39.944 66232 INFO tempest.lib.common.rest_client [req-996086dd-d2cb-4786-b8c2-3673c28d1eac req-996086dd-d2cb-4786-b8c2-3673c28d1eac ] Request (AggregatesAdminNegativeTestJSON:test_aggregate_remove_host_as_user): 200 POST http://10.180.1.21/compute/v2.1/os-aggregates 2.903s
2025-12-01 15:06:39.954 66271 INFO tempest.lib.common.rest_client [req-98e17db8-a92b-44e4-8d9f-4c9b1b572722 req-98e17db8-a92b-44e4-8d9f-4c9b1b572722 ] Request (ServerDiskConfigTestJSON:setUpClass): 201 POST http://10.180.1.21/identity/v3/auth/tokens 0.070s
2025-12-01 15:06:39.970 66284 INFO tempest.lib.common.rest_client [req-1ec97c77-771b-4784-a381-43aec00fbfad req-1ec97c77-771b-4784-a381-43aec00fbfad ] Request (FlavorsAdminTestJSON:test_is_public_string_variations): 200 POST http://10.180.1.21/compute/v2.1/flavors 2.888s
2025-12-01 15:06:40.037 66236 INFO tempest.lib.common.rest_client [req-d8233622-3866-494a-b27c-f1297e92e6af req-d8233622-3866-494a-b27c-f1297e92e6af ] Request (HostsAdminNegativeTestJSON:tearDownClass): 204 DELETE http://10.180.1.21/identity/v3/projects/757cc74311f0494fbbb182dab0d9b28f 0.123s
2025-12-01 15:06:40.037 66236 INFO tempest.lib.common.dynamic_creds [-] Deleting project and security group for project: 8fa2f695ad264591b0fb8911a8c0dda0
2025-12-01 15:06:40.087 66266 INFO tempest.lib.common.rest_client [req-e9a36fad-4145-459a-9c83-68b3e45669c1 req-e9a36fad-4145-459a-9c83-68b3e45669c1 ] Request (FloatingIPDetailsTestJSON:tearDownClass): 204 DELETE http://10.180.1.21/networking/v2.0/subnets/c1d13760-e69d-473e-b067-3be7160da561 0.208s
2025-12-01 15:06:40.154 66280 INFO tempest.lib.common.rest_client [req-769d7c8d-9899-4117-9bea-a5667c8f1a7d req-769d7c8d-9899-4117-9bea-a5667c8f1a7d ] Request (ServicesAdminNegativeV253TestJSON:test_list_services_with_non_admin_user): 403 GET http://10.180.1.21/compute/v2.1/os-services 3.040s
2025-12-01 15:06:40.310 66280 INFO tempest.lib.common.rest_client [req-5e77c409-e714-4fa0-b1ec-2552f474818a req-5e77c409-e714-4fa0-b1ec-2552f474818a ] Request (ServicesAdminNegativeV253TestJSON:tearDownClass): 204 DELETE http://10.180.1.21/identity/v3/users/5f4d315088a741e09543d606aa692cfb 0.150s
2025-12-01 15:06:40.375 66254 INFO tempest.lib.common.rest_client [req-6141127a-3ace-4583-8cdc-694ad0fac7e7 req-6141127a-3ace-4583-8cdc-694ad0fac7e7 ] Request (ImagesMetadataTestJSON:test_delete_image_metadata_item): 204 DELETE http://10.180.1.21/compute/v2.1/images/7ee715bb-f05f-4b34-8c5b-adbbe41f3360/metadata/os_version 3.183s
