2025-12-01 15:08:39.096 66272 INFO tempest.lib.common.rest_client [req-3787379d-00c7-4fec-b5d5-e21eed225850 req-3787379d-00c7-4fec-b5d5-e21eed225850 ] Request (ServerActionsTestOtherB:test_resize_server_confirm_from_stopped): 200 GET http://10.180.1.21/compute/v2.1/servers/8c6c6418-e5af-4dd9-99fe-f41e9d7c635a 0.551s
2025-12-01 15:08:39.108 66272 INFO tempest.common.waiters [-] State transition "RESIZE/resize_migrating" ==> "RESIZE/resize_migrated" after 35 second wait
2025-12-01 15:08:39.156 66287 INFO tempest.lib.common.rest_client [req-0bf52832-eba0-478b-8f96-d8f53ee91361 req-0bf52832-eba0-478b-8f96-d8f53ee91361 ] Request (ServerRescueTestJSONUnderV235:setUpClass): 200 GET http://10.180.1.21/compute/v2.1/servers/54d43c7b-8926-4012-bde7-a8ed1c831682 0.193s
2025-12-01 15:08:39.178 66271 INFO tempest.lib.common.rest_client [req-aa8c5f9f-ae3a-450e-9661-2f487773c18d req-aa8c5f9f-ae3a-450e-9661-2f487773c18d ] Request (ServerDiskConfigTestJSON:test_resize_server_from_auto_to_manual): 200 GET http://10.180.1.21/compute/v2.1/servers/6af12243-3748-47a5-9c8f-8a3ebf6395e1 0.363s
2025-12-01 15:08:39.314 66276 INFO tempest.lib.common.rest_client [req-4cbc6947-7517-47ec-a9f3-b9b5ef550399 req-4cbc6947-7517-47ec-a9f3-b9b5ef550399 ] Request (ImagesOneServerNegativeTestJSON:_run_cleanups): 200 GET http://10.180.1.21/compute/v2.1/servers/5c8c4b35-73de-49bc-8438-8810350eaa0c 0.194s
2025-12-01 15:08:39.379 66240 INFO tempest.lib.common.rest_client [req-e19f6e92-3774-470b-979e-d92c0d1eb1ec req-e19f6e92-3774-470b-979e-d92c0d1eb1ec ] Request (ServersWithSpecificFlavorTestJSON:test_verify_created_server_ephemeral_disk): 200 GET http://10.180.1.21/compute/v2.1/servers/4be3a7da-ba6b-405c-ae17-ce51ec76bd24 0.390s
2025-12-01 15:08:39.386 66240 INFO tempest.common.waiters [-] State transition "BUILD/networking" ==> "BUILD/spawning" after 30 second wait
2025-12-01 15:08:39.408 66256 INFO tempest.lib.common.rest_client [req-ac33ec65-730d-4fd3-8312-b0b6e5ca1175 req-ac33ec65-730d-4fd3-8312-b0b6e5ca1175 ] Request (ServersAdminTestJSON:tearDownClass): 200 GET http://10.180.1.21/compute/v2.1/servers/8afd34ac-f7c7-491d-b324-ce4245ebda55 0.278s
2025-12-01 15:08:39.449 66246 INFO tempest.lib.common.rest_client [req-c295fed7-f220-4a53-9a60-049ab1ca73e7 req-c295fed7-f220-4a53-9a60-049ab1ca73e7 ] Request (ListServersNegativeTestJSON:setUpClass): 200 GET http://10.180.1.21/compute/v2.1/servers/ea0cf392-e395-4e14-9a49-6216b16cc35e 0.232s
2025-12-01 15:08:39.485 66252 INFO tempest.lib.common.rest_client [req-d6d88605-f10c-4d33-960d-2af22c1876c5 req-d6d88605-f10c-4d33-960d-2af22c1876c5 ] Request (AttachInterfacesUnderV243Test:_run_cleanups): 200 GET http://10.180.1.21/compute/v2.1/servers/39296d25-7d0b-47af-8909-b10cc5c99d6c 0.208s
2025-12-01 15:08:39.512 66244 INFO tempest.lib.common.rest_client [req-0c18837a-f549-4e34-b7fc-7efce1d43abd req-0c18837a-f549-4e34-b7fc-7efce1d43abd ] Request (ServersNegativeTestJSON:setUpClass): 200 GET http://10.180.1.21/compute/v2.1/servers/b7cb8f6f-b207-46c6-9ceb-ce7b505c2ff4 0.204s
2025-12-01 15:08:39.519 66230 INFO tempest.lib.common.rest_client [req-d07bf1e7-c529-4792-870d-669d819a78e9 req-d07bf1e7-c529-4792-870d-669d819a78e9 ] Request (ImagesTestJSON:test_create_server_from_snapshot): 200 GET http://10.180.1.21/compute/v2.1/images/b0d0c905-85dc-4d61-a673-528d2e70c690 0.062s
2025-12-01 15:08:39.708 66250 INFO tempest.lib.common.rest_client [req-6e1eb69a-abae-474e-bab8-d0422affa195 req-6e1eb69a-abae-474e-bab8-d0422affa195 ] Request (ServersAdminNegativeTestJSON:tearDownClass): 200 GET http://10.180.1.21/compute/v2.1/servers/599711f2-ff30-4d3c-8a03-9d54888ee59a 0.150s
2025-12-01 15:08:39.750 66228 INFO tempest.lib.common.rest_client [req-1e67d337-3403-4745-9140-b2b112ad1739 req-1e67d337-3403-4745-9140-b2b112ad1739 ] Request (ServersV294TestFqdnHostnames:setUpClass): 200 GET http://10.180.1.21/compute/v2.1/servers/d84e330d-28e3-4d40-b0d4-4c6fc5887a3d 0.259s
2025-12-01 15:08:39.806 66278 INFO tempest.lib.common.rest_client [req-8ee7680e-c978-4c6a-9ec2-8f3044c58696 req-8ee7680e-c978-4c6a-9ec2-8f3044c58696 ] Request (ServerActionsTestOtherA:test_rebuild_server_in_stop_state): 200 GET http://10.180.1.21/compute/v2.1/servers/6b99c407-110a-415b-922e-1adc72e58ef9 0.216s
2025-12-01 15:08:39.861 66262 INFO tempest.lib.common.rest_client [req-74bf1496-4e32-4708-998b-d0870dec5e05 req-74bf1496-4e32-4708-998b-d0870dec5e05 ] Request (ServerDiagnosticsV248Test:tearDownClass): 200 GET http://10.180.1.21/compute/v2.1/servers/c1fee941-f706-46d7-b11f-7aab941a7209 0.223s
2025-12-01 15:08:40.006 66248 INFO paramiko.transport [-] Connected (version 2.0, client dropbear_2020.81)
2025-12-01 15:08:40.043 66232 INFO tempest.lib.common.rest_client [req-e1914ebc-8c84-47bf-94b7-b45ac7603379 req-e1914ebc-8c84-47bf-94b7-b45ac7603379 ] Request (MigrationsAdminTest:test_list_migrations_in_flavor_resize_situation): 200 GET http://10.180.1.21/compute/v2.1/servers/563d577d-d191-4ad6-b08a-901cb4a69b70 0.303s
2025-12-01 15:08:40.075 66234 WARNING tempest.lib.common.ssh [-] Failed to establish authenticated ssh connection to cirros@10.180.180.140 ([Errno None] Unable to connect to port 22 on 10.180.180.140). Number attempts: 4. Retry after 5 seconds.: paramiko.ssh_exception.NoValidConnectionsError: [Errno None] Unable to connect to port 22 on 10.180.180.140
2025-12-01 15:08:40.111 66248 INFO paramiko.transport [-] Authentication (publickey) failed.
2025-12-01 15:08:40.118 66275 INFO tempest.lib.common.rest_client [req-3de3be69-c0a8-463a-9fd7-deffb9a37683 req-3de3be69-c0a8-463a-9fd7-deffb9a37683 ] Request (DeleteServersTestJSON:test_delete_server_while_in_shelved_state): 200 GET http://10.180.1.21/compute/v2.1/servers/5fea3fe4-f3d8-42e1-9189-7de4cb4924f8 0.234s
2025-12-01 15:08:40.186 66242 INFO tempest.lib.common.rest_client [req-657012dc-eea1-4017-8144-4749d0beab3d req-657012dc-eea1-4017-8144-4749d0beab3d ] Request (ServerMetadataNegativeTestJSON:setUpClass): 200 GET http://10.180.1.21/compute/v2.1/servers/5479e286-c259-4215-bc86-6d3cbd0b27b9 0.189s
2025-12-01 15:08:40.198 66284 INFO tempest.lib.common.rest_client [req-ff85221f-928f-40e2-8c42-99c966743fd7 req-ff85221f-928f-40e2-8c42-99c966743fd7 ] Request (ServerDiagnosticsNegativeTest:tearDownClass): 200 GET http://10.180.1.21/compute/v2.1/servers/7bc6b762-fb79-4423-8b3f-628a93b6349d 0.297s
2025-12-01 15:08:40.266 66259 INFO tempest.lib.common.rest_client [req-50342d41-acbc-4b7b-97ea-308a39402964 req-50342d41-acbc-4b7b-97ea-308a39402964 ] Request (SecurityGroupsTestJSON:tearDownClass): 200 GET http://10.180.1.21/compute/v2.1/servers/4ebaa212-5c16-4ec4-9853-8098fafafa53 0.189s
2025-12-01 15:08:40.324 66287 INFO tempest.lib.common.rest_client [req-d02438cd-dc2f-459f-b12f-2dd9002aa616 req-d02438cd-dc2f-459f-b12f-2dd9002aa616 ] Request (ServerRescueTestJSONUnderV235:setUpClass): 200 GET http://10.180.1.21/compute/v2.1/servers/54d43c7b-8926-4012-bde7-a8ed1c831682 0.160s
2025-12-01 15:08:40.358 66272 INFO tempest.lib.common.rest_client [req-649f1185-c774-4618-a252-808a89ac9363 req-649f1185-c774-4618-a252-808a89ac9363 ] Request (ServerActionsTestOtherB:test_resize_server_confirm_from_stopped): 200 GET http://10.180.1.21/compute/v2.1/servers/8c6c6418-e5af-4dd9-99fe-f41e9d7c635a 0.250s
2025-12-01 15:08:40.407 66271 INFO tempest.lib.common.rest_client [req-4a7d9006-0a0b-40e5-8b92-0dc5eecba5b9 req-4a7d9006-0a0b-40e5-8b92-0dc5eecba5b9 ] Request (ServerDiskConfigTestJSON:test_resize_server_from_auto_to_manual): 200 GET http://10.180.1.21/compute/v2.1/servers/6af12243-3748-47a5-9c8f-8a3ebf6395e1 0.221s
2025-12-01 15:08:40.408 66248 INFO paramiko.transport [-] Authentication (password) failed.
2025-12-01 15:08:40.408 66248 WARNING tempest.lib.common.ssh [-] Failed to establish authenticated ssh connection to cirros@10.180.180.252 (Authentication failed.). Number attempts: 9. Retry after 10 seconds.: paramiko.ssh_exception.AuthenticationException: Authentication failed.
2025-12-01 15:08:40.448 66276 INFO tempest.lib.common.rest_client [req-136b039f-bb37-4482-b2be-59425daf8c3f req-136b039f-bb37-4482-b2be-59425daf8c3f ] Request (ImagesOneServerNegativeTestJSON:_run_cleanups): 200 GET http://10.180.1.21/compute/v2.1/servers/5c8c4b35-73de-49bc-8438-8810350eaa0c 0.121s
2025-12-01 15:08:40.479 66254 WARNING tempest.lib.common.ssh [-] Failed to establish authenticated ssh connection to cirros@10.180.180.254 ([Errno None] Unable to connect to port 22 on 10.180.180.254). Number attempts: 1. Retry after 2 seconds.: paramiko.ssh_exception.NoValidConnectionsError: [Errno None] Unable to connect to port 22 on 10.180.180.254
2025-12-01 15:08:40.551 66240 INFO tempest.lib.common.rest_client [req-6f75ff4e-bdc7-45cc-9e0f-71b052f422f1 req-6f75ff4e-bdc7-45cc-9e0f-71b052f422f1 ] Request (ServersWithSpecificFlavorTestJSON:test_verify_created_server_ephemeral_disk): 200 GET http://10.180.1.21/compute/v2.1/servers/4be3a7da-ba6b-405c-ae17-ce51ec76bd24 0.164s
2025-12-01 15:08:40.565 66256 INFO tempest.lib.common.rest_client [req-7d0c58c7-4a68-4d0a-bf87-2b7235c09590 req-7d0c58c7-4a68-4d0a-bf87-2b7235c09590 ] Request (ServersAdminTestJSON:tearDownClass): 200 GET http://10.180.1.21/compute/v2.1/servers/8afd34ac-f7c7-491d-b324-ce4245ebda55 0.149s
2025-12-01 15:08:40.630 66246 INFO tempest.lib.common.rest_client [req-fd6fbd5d-85c5-4011-ac71-df255f9d2b54 req-fd6fbd5d-85c5-4011-ac71-df255f9d2b54 ] Request (ListServersNegativeTestJSON:setUpClass): 200 GET http://10.180.1.21/compute/v2.1/servers/ea0cf392-e395-4e14-9a49-6216b16cc35e 0.172s
2025-12-01 15:08:40.662 66244 INFO tempest.lib.common.rest_client [req-e929e635-8db2-4003-8bc7-d96cc777073d req-e929e635-8db2-4003-8bc7-d96cc777073d ] Request (ServersNegativeTestJSON:setUpClass): 404 GET http://10.180.1.21/compute/v2.1/servers/b7cb8f6f-b207-46c6-9ceb-ce7b505c2ff4 0.141s
2025-12-01 15:08:40.662 66252 INFO tempest.lib.common.rest_client [req-57151bf1-fb8a-4e42-a6f7-ad8600189722 req-57151bf1-fb8a-4e42-a6f7-ad8600189722 ] Request (AttachInterfacesUnderV243Test:_run_cleanups): 200 GET http://10.180.1.21/compute/v2.1/servers/39296d25-7d0b-47af-8909-b10cc5c99d6c 0.168s
2025-12-01 15:08:40.835 66244 INFO tempest.lib.common.rest_client [req-165e566a-7876-4cee-9f02-5cacc74e2a8c req-165e566a-7876-4cee-9f02-5cacc74e2a8c ] Request (ServersNegativeTestJSON:setUp): 200 GET http://10.180.1.21/compute/v2.1/servers/3749706b-6cdd-4521-bb10-c3082a215cdc 0.172s
2025-12-01 15:08:40.909 66250 INFO tempest.lib.common.rest_client [req-87f28b1e-8617-4d85-8092-3abdbbbd32ae req-87f28b1e-8617-4d85-8092-3abdbbbd32ae ] Request (ServersAdminNegativeTestJSON:tearDownClass): 200 GET http://10.180.1.21/compute/v2.1/servers/599711f2-ff30-4d3c-8a03-9d54888ee59a 0.192s
2025-12-01 15:08:40.938 66244 INFO tempest.lib.common.rest_client [req-68935f89-2893-4fc2-b5db-17839d8e41ad req-68935f89-2893-4fc2-b5db-17839d8e41ad ] Request (ServersNegativeTestJSON:test_create_numeric_server_name): 201 POST http://10.180.1.21/identity/v3/auth/tokens 0.087s
2025-12-01 15:08:40.939 66244 INFO tempest.lib.common.fixed_network [-] (ServersNegativeTestJSON:test_create_numeric_server_name) Found network {'id': 'ba943fd1-ab4d-4765-bd28-740c0ae10f0c', 'name': 'tempest-ServersNegativeTestJSON-284762467-network', 'tenant_id': '8f2176c399a54cee880bf09706874c19', 'project_id': '8f2176c399a54cee880bf09706874c19', 'admin_state_up': True, 'mtu': 8950, 'status': 'ACTIVE', 'subnets': [], 'shared': False, 'port_security_enabled': True, 'router:external': False, 'provider:network_type': 'vlan', 'provider:physical_network': 'default', 'provider:segmentation_id': 67, 'availability_zone_hints': [], 'availability_zones': [], 'ipv4_address_scope': None, 'ipv6_address_scope': None, 'description': '', 'tags': [], 'created_at': '2025-12-01T15:07:04Z', 'updated_at': '2025-12-01T15:07:04Z', 'revision_number': 1} available for tenant
2025-12-01 15:08:41.059 66228 INFO tempest.lib.common.rest_client [req-11ea504f-fb44-4487-b155-1d8b2da9d823 req-11ea504f-fb44-4487-b155-1d8b2da9d823 ] Request (ServersV294TestFqdnHostnames:setUpClass): 200 GET http://10.180.1.21/compute/v2.1/servers/d84e330d-28e3-4d40-b0d4-4c6fc5887a3d 0.297s
2025-12-01 15:08:41.125 66278 INFO tempest.lib.common.rest_client [req-7e1e3b67-f8d0-4a06-8562-26dedb9a7499 req-7e1e3b67-f8d0-4a06-8562-26dedb9a7499 ] Request (ServerActionsTestOtherA:test_rebuild_server_in_stop_state): 200 GET http://10.180.1.21/compute/v2.1/servers/6b99c407-110a-415b-922e-1adc72e58ef9 0.310s
2025-12-01 15:08:41.199 66262 INFO tempest.lib.common.rest_client [req-0947ebf8-29ab-4ba3-95af-0e8f268e595c req-0947ebf8-29ab-4ba3-95af-0e8f268e595c ] Request (ServerDiagnosticsV248Test:tearDownClass): 200 GET http://10.180.1.21/compute/v2.1/servers/c1fee941-f706-46d7-b11f-7aab941a7209 0.325s
2025-12-01 15:08:41.234 66244 INFO tempest.lib.common.rest_client [req-033886cc-e1f0-4bb7-9a91-df2f07223323 req-033886cc-e1f0-4bb7-9a91-df2f07223323 ] Request (ServersNegativeTestJSON:test_create_numeric_server_name): 400 POST http://10.180.1.21/compute/v2.1/servers 0.294s
2025-12-01 15:08:41.372 66232 INFO tempest.lib.common.rest_client [req-71f2ce61-a721-4056-b1e8-9e536577658c req-71f2ce61-a721-4056-b1e8-9e536577658c ] Request (MigrationsAdminTest:test_list_migrations_in_flavor_resize_situation): 200 GET http://10.180.1.21/compute/v2.1/servers/563d577d-d191-4ad6-b08a-901cb4a69b70 0.312s
2025-12-01 15:08:41.539 66275 INFO tempest.lib.common.rest_client [req-558be3ff-cc27-41ab-a724-5a1574694a94 req-558be3ff-cc27-41ab-a724-5a1574694a94 ] Request (DeleteServersTestJSON:test_delete_server_while_in_shelved_state): 200 GET http://10.180.1.21/compute/v2.1/servers/5fea3fe4-f3d8-42e1-9189-7de4cb4924f8 0.407s
2025-12-01 15:08:41.595 66242 INFO tempest.lib.common.rest_client [req-00ee3461-f2d8-4740-85d6-566f6d21a45a req-00ee3461-f2d8-4740-85d6-566f6d21a45a ] Request (ServerMetadataNegativeTestJSON:setUpClass): 200 GET http://10.180.1.21/compute/v2.1/servers/5479e286-c259-4215-bc86-6d3cbd0b27b9 0.398s
2025-12-01 15:08:41.651 66284 INFO tempest.lib.common.rest_client [req-fcf1bc97-44a5-46df-92c0-c1bdf762ab0e req-fcf1bc97-44a5-46df-92c0-c1bdf762ab0e ] Request (ServerDiagnosticsNegativeTest:tearDownClass): 200 GET http://10.180.1.21/compute/v2.1/servers/7bc6b762-fb79-4423-8b3f-628a93b6349d 0.440s
2025-12-01 15:08:41.775 66244 INFO tempest.lib.common.rest_client [req-888b9f4b-f374-4f9b-b1f8-d7ba661e6f6e req-888b9f4b-f374-4f9b-b1f8-d7ba661e6f6e ] Request (ServersNegativeTestJSON:tearDown): 200 GET http://10.180.1.21/compute/v2.1/servers/3749706b-6cdd-4521-bb10-c3082a215cdc 0.541s
2025-12-01 15:08:41.852 66259 INFO tempest.lib.common.rest_client [req-fa9caff7-e3db-494b-83e0-7ef9f88f2171 req-fa9caff7-e3db-494b-83e0-7ef9f88f2171 ] Request (SecurityGroupsTestJSON:tearDownClass): 200 GET http://10.180.1.21/compute/v2.1/servers/4ebaa212-5c16-4ec4-9853-8098fafafa53 0.576s
2025-12-01 15:08:41.915 66287 INFO tempest.lib.common.rest_client [req-144acd63-a1a6-4a12-adaa-b39f233e0142 req-144acd63-a1a6-4a12-adaa-b39f233e0142 ] Request (ServerRescueTestJSONUnderV235:setUpClass): 200 GET http://10.180.1.21/compute/v2.1/servers/54d43c7b-8926-4012-bde7-a8ed1c831682 0.582s
2025-12-01 15:08:42.032 66272 INFO tempest.lib.common.rest_client [req-5efd868b-76ad-41eb-bc24-3c03e43243b0 req-5efd868b-76ad-41eb-bc24-3c03e43243b0 ] Request (ServerActionsTestOtherB:test_resize_server_confirm_from_stopped): 200 GET http://10.180.1.21/compute/v2.1/servers/8c6c6418-e5af-4dd9-99fe-f41e9d7c635a 0.664s
2025-12-01 15:08:42.043 66272 INFO tempest.common.waiters [-] State transition "RESIZE/resize_migrated" ==> "RESIZE/resize_finish" after 38 second wait
2025-12-01 15:08:42.104 66271 INFO tempest.lib.common.rest_client [req-b624d0b4-840d-4140-96f7-e0b2dc5d601b req-b624d0b4-840d-4140-96f7-e0b2dc5d601b ] Request (ServerDiskConfigTestJSON:test_resize_server_from_auto_to_manual): 200 GET http://10.180.1.21/compute/v2.1/servers/6af12243-3748-47a5-9c8f-8a3ebf6395e1 0.686s
2025-12-01 15:08:42.172 66276 INFO tempest.lib.common.rest_client [req-029b526b-01ac-47d5-b97c-9771cbd2eec3 req-029b526b-01ac-47d5-b97c-9771cbd2eec3 ] Request (ImagesOneServerNegativeTestJSON:_run_cleanups): 200 GET http://10.180.1.21/compute/v2.1/servers/5c8c4b35-73de-49bc-8438-8810350eaa0c 0.712s
2025-12-01 15:08:42.284 66240 INFO tempest.lib.common.rest_client [req-258b9d13-01c1-471d-a0d9-74f58bafd578 req-258b9d13-01c1-471d-a0d9-74f58bafd578 ] Request (ServersWithSpecificFlavorTestJSON:test_verify_created_server_ephemeral_disk): 200 GET http://10.180.1.21/compute/v2.1/servers/4be3a7da-ba6b-405c-ae17-ce51ec76bd24 0.722s
2025-12-01 15:08:42.350 66256 INFO tempest.lib.common.rest_client [req-5e1fdd8a-668a-43b9-a38c-f1da6d6390e9 req-5e1fdd8a-668a-43b9-a38c-f1da6d6390e9 ] Request (ServersAdminTestJSON:tearDownClass): 200 GET http://10.180.1.21/compute/v2.1/servers/8afd34ac-f7c7-491d-b324-ce4245ebda55 0.774s
2025-12-01 15:08:42.419 66246 INFO tempest.lib.common.rest_client [req-b66cec4f-d4d6-4855-b588-5b442c3a6dff req-b66cec4f-d4d6-4855-b588-5b442c3a6dff ] Request (ListServersNegativeTestJSON:setUpClass): 200 GET http://10.180.1.21/compute/v2.1/servers/ea0cf392-e395-4e14-9a49-6216b16cc35e 0.779s
2025-12-01 15:08:42.492 66252 INFO tempest.lib.common.rest_client [req-3327fccc-ae80-40ba-bd41-07ee668d0c28 req-3327fccc-ae80-40ba-bd41-07ee668d0c28 ] Request (AttachInterfacesUnderV243Test:_run_cleanups): 200 GET http://10.180.1.21/compute/v2.1/servers/39296d25-7d0b-47af-8909-b10cc5c99d6c 0.818s
2025-12-01 15:08:42.594 66244 INFO tempest.lib.common.rest_client [req-ec083c0f-c813-45a1-8295-0ef826e125dd req-ec083c0f-c813-45a1-8295-0ef826e125dd ] Request (ServersNegativeTestJSON:setUp): 200 GET http://10.180.1.21/compute/v2.1/servers/3749706b-6cdd-4521-bb10-c3082a215cdc 0.809s
2025-12-01 15:08:42.664 66250 INFO tempest.lib.common.rest_client [req-f337e325-4733-488c-a3be-48b5db2f264c req-f337e325-4733-488c-a3be-48b5db2f264c ] Request (ServersAdminNegativeTestJSON:tearDownClass): 200 GET http://10.180.1.21/compute/v2.1/servers/599711f2-ff30-4d3c-8a03-9d54888ee59a 0.746s
2025-12-01 15:08:42.784 66244 INFO tempest.lib.common.rest_client [req-77b7ad38-d993-4b05-97bc-88009f39fff7 req-77b7ad38-d993-4b05-97bc-88009f39fff7 ] Request (ServersNegativeTestJSON:test_create_server_from_non_bootable_volume): 202 POST http://10.180.1.21/volume/v3/volumes 0.182s
2025-12-01 15:08:42.817 66244 INFO tempest.lib.common.rest_client [req-89cc6868-a121-40f5-b1d0-2ec9b2755548 req-89cc6868-a121-40f5-b1d0-2ec9b2755548 ] Request (ServersNegativeTestJSON:test_create_server_from_non_bootable_volume): 200 GET http://10.180.1.21/volume/v3/volumes/3f7385ca-2e3e-4dcd-a96b-9614633b9610 0.028s
2025-12-01 15:08:42.826 66228 INFO tempest.lib.common.rest_client [req-0934d583-00b1-4ea8-9b56-15df22b59e2b req-0934d583-00b1-4ea8-9b56-15df22b59e2b ] Request (ServersV294TestFqdnHostnames:setUpClass): 200 GET http://10.180.1.21/compute/v2.1/servers/d84e330d-28e3-4d40-b0d4-4c6fc5887a3d 0.754s
2025-12-01 15:08:42.884 66278 INFO tempest.lib.common.rest_client [req-58911a4f-878e-4016-90dd-ab871ec0787f req-58911a4f-878e-4016-90dd-ab871ec0787f ] Request (ServerActionsTestOtherA:test_rebuild_server_in_stop_state): 200 GET http://10.180.1.21/compute/v2.1/servers/6b99c407-110a-415b-922e-1adc72e58ef9 0.750s
2025-12-01 15:08:42.941 66262 INFO tempest.lib.common.rest_client [req-bad65d99-0573-4a5b-a131-26a2c44a97d4 req-bad65d99-0573-4a5b-a131-26a2c44a97d4 ] Request (ServerDiagnosticsV248Test:tearDownClass): 200 GET http://10.180.1.21/compute/v2.1/servers/c1fee941-f706-46d7-b11f-7aab941a7209 0.731s
2025-12-01 15:08:43.084 66232 INFO tempest.lib.common.rest_client [req-87d41f3c-52ae-4ee1-b337-54579bd56aea req-87d41f3c-52ae-4ee1-b337-54579bd56aea ] Request (MigrationsAdminTest:test_list_migrations_in_flavor_resize_situation): 200 GET http://10.180.1.21/compute/v2.1/servers/563d577d-d191-4ad6-b08a-901cb4a69b70 0.704s
2025-12-01 15:08:43.178 66275 INFO tempest.lib.common.rest_client [req-e7e03b54-bb83-4245-a5ef-8117f4bcb100 req-e7e03b54-bb83-4245-a5ef-8117f4bcb100 ] Request (DeleteServersTestJSON:test_delete_server_while_in_shelved_state): 200 GET http://10.180.1.21/compute/v2.1/servers/5fea3fe4-f3d8-42e1-9189-7de4cb4924f8 0.629s
2025-12-01 15:08:43.228 66242 INFO tempest.lib.common.rest_client [req-53aa0941-8d93-437a-84e0-4b2f77e6c145 req-53aa0941-8d93-437a-84e0-4b2f77e6c145 ] Request (ServerMetadataNegativeTestJSON:setUpClass): 200 GET http://10.180.1.21/compute/v2.1/servers/5479e286-c259-4215-bc86-6d3cbd0b27b9 0.624s
2025-12-01 15:08:43.235 66242 INFO tempest.common.waiters [-] State transition "BUILD/None" ==> "BUILD/networking" after 32 second wait
2025-12-01 15:08:43.287 66284 INFO tempest.lib.common.rest_client [req-a5611e57-4748-47df-b195-55debd00bc28 req-a5611e57-4748-47df-b195-55debd00bc28 ] Request (ServerDiagnosticsNegativeTest:tearDownClass): 200 GET http://10.180.1.21/compute/v2.1/servers/7bc6b762-fb79-4423-8b3f-628a93b6349d 0.626s
2025-12-01 15:08:43.294 66284 INFO tempest.common.waiters [-] State transition "ACTIVE/deleting" ==> "DELETED/None" after 5 second wait
2025-12-01 15:08:43.356 66259 INFO tempest.lib.common.rest_client [req-faab609e-9c0c-4a6b-aa1a-fcbfbefac9cb req-faab609e-9c0c-4a6b-aa1a-fcbfbefac9cb ] Request (SecurityGroupsTestJSON:tearDownClass): 200 GET http://10.180.1.21/compute/v2.1/servers/4ebaa212-5c16-4ec4-9853-8098fafafa53 0.495s
2025-12-01 15:08:43.417 66287 INFO tempest.lib.common.rest_client [req-3392f73e-9d23-4e18-a825-c7b1490da0c9 req-3392f73e-9d23-4e18-a825-c7b1490da0c9 ] Request (ServerRescueTestJSONUnderV235:setUpClass): 200 GET http://10.180.1.21/compute/v2.1/servers/54d43c7b-8926-4012-bde7-a8ed1c831682 0.494s
2025-12-01 15:08:43.533 66272 INFO tempest.lib.common.rest_client [req-39d89fb2-79b9-4e74-83be-be752b4e0dc5 req-39d89fb2-79b9-4e74-83be-be752b4e0dc5 ] Request (ServerActionsTestOtherB:test_resize_server_confirm_from_stopped): 200 GET http://10.180.1.21/compute/v2.1/servers/8c6c6418-e5af-4dd9-99fe-f41e9d7c635a 0.488s
2025-12-01 15:08:43.539 66272 INFO tempest.common.waiters [-] State transition "RESIZE/resize_finish" ==> "VERIFY_RESIZE/None" after 39 second wait
2025-12-01 15:08:43.547 66254 WARNING tempest.lib.common.ssh [-] Failed to establish authenticated ssh connection to cirros@10.180.180.254 ([Errno None] Unable to connect to port 22 on 10.180.180.254). Number attempts: 2. Retry after 3 seconds.: paramiko.ssh_exception.NoValidConnectionsError: [Errno None] Unable to connect to port 22 on 10.180.180.254
2025-12-01 15:08:43.584 66271 INFO tempest.lib.common.rest_client [req-fc270822-e420-4b87-8a19-08d9e7a5a957 req-fc270822-e420-4b87-8a19-08d9e7a5a957 ] Request (ServerDiskConfigTestJSON:test_resize_server_from_auto_to_manual): 200 GET http://10.180.1.21/compute/v2.1/servers/6af12243-3748-47a5-9c8f-8a3ebf6395e1 0.472s
2025-12-01 15:08:43.653 66276 INFO tempest.lib.common.rest_client [req-4333f210-5c9c-4789-aae6-877ed12c8e55 req-4333f210-5c9c-4789-aae6-877ed12c8e55 ] Request (ImagesOneServerNegativeTestJSON:_run_cleanups): 200 GET http://10.180.1.21/compute/v2.1/servers/5c8c4b35-73de-49bc-8438-8810350eaa0c 0.473s
2025-12-01 15:08:43.760 66240 INFO tempest.lib.common.rest_client [req-f23ef12c-f0a0-427a-a3bc-c8afaedc57d1 req-f23ef12c-f0a0-427a-a3bc-c8afaedc57d1 ] Request (ServersWithSpecificFlavorTestJSON:test_verify_created_server_ephemeral_disk): 200 GET http://10.180.1.21/compute/v2.1/servers/4be3a7da-ba6b-405c-ae17-ce51ec76bd24 0.466s
2025-12-01 15:08:43.837 66256 INFO tempest.lib.common.rest_client [req-5b8cfca5-85c4-45ba-ad25-c0e11c3e3bbe req-5b8cfca5-85c4-45ba-ad25-c0e11c3e3bbe ] Request (ServersAdminTestJSON:tearDownClass): 200 GET http://10.180.1.21/compute/v2.1/servers/8afd34ac-f7c7-491d-b324-ce4245ebda55 0.477s
2025-12-01 15:08:43.856 66244 INFO tempest.lib.common.rest_client [req-a7964f3f-8506-4ece-ade7-591972dde8e9 req-a7964f3f-8506-4ece-ade7-591972dde8e9 ] Request (ServersNegativeTestJSON:test_create_server_from_non_bootable_volume): 200 GET http://10.180.1.21/volume/v3/volumes/3f7385ca-2e3e-4dcd-a96b-9614633b9610 0.030s
2025-12-01 15:08:43.865 66244 INFO tempest.common.waiters [-] volume 3f7385ca-2e3e-4dcd-a96b-9614633b9610 reached available after waiting for 1.865860 seconds
2025-12-01 15:08:43.894 66246 INFO tempest.lib.common.rest_client [req-14b8c02b-8079-47db-80ca-5478650ea24e req-14b8c02b-8079-47db-80ca-5478650ea24e ] Request (ListServersNegativeTestJSON:setUpClass): 200 GET http://10.180.1.21/compute/v2.1/servers/ea0cf392-e395-4e14-9a49-6216b16cc35e 0.465s
2025-12-01 15:08:43.937 66244 INFO tempest.lib.common.rest_client [req-515fed99-c32d-4c45-a76c-29a3d11eb610 req-515fed99-c32d-4c45-a76c-29a3d11eb610 ] Request (ServersNegativeTestJSON:test_create_server_from_non_bootable_volume): 200 POST http://10.180.1.21/volume/v3/volumes/3f7385ca-2e3e-4dcd-a96b-9614633b9610/action 0.071s
2025-12-01 15:08:43.980 66244 INFO tempest.lib.common.rest_client [req-6b1b93c9-2460-41ec-be31-8a8a8ab5d353 req-6b1b93c9-2460-41ec-be31-8a8a8ab5d353 ] Request (ServersNegativeTestJSON:test_create_server_from_non_bootable_volume): 200 GET http://10.180.1.21/volume/v3/volumes/3f7385ca-2e3e-4dcd-a96b-9614633b9610 0.042s
2025-12-01 15:08:44.001 66252 INFO tempest.lib.common.rest_client [req-4a1a33bc-d292-4a96-8aa5-a1f135647599 req-4a1a33bc-d292-4a96-8aa5-a1f135647599 ] Request (AttachInterfacesUnderV243Test:_run_cleanups): 200 GET http://10.180.1.21/compute/v2.1/servers/39296d25-7d0b-47af-8909-b10cc5c99d6c 0.499s
2025-12-01 15:08:44.033 66244 INFO tempest.lib.common.rest_client [req-582a2782-18cb-4caf-964b-46962a51a6a9 req-582a2782-18cb-4caf-964b-46962a51a6a9 ] Request (ServersNegativeTestJSON:test_create_server_from_non_bootable_volume): 201 POST http://10.180.1.21/identity/v3/auth/tokens 0.042s
2025-12-01 15:08:44.033 66244 INFO tempest.lib.common.fixed_network [-] (ServersNegativeTestJSON:test_create_server_from_non_bootable_volume) Found network {'id': 'ba943fd1-ab4d-4765-bd28-740c0ae10f0c', 'name': 'tempest-ServersNegativeTestJSON-284762467-network', 'tenant_id': '8f2176c399a54cee880bf09706874c19', 'project_id': '8f2176c399a54cee880bf09706874c19', 'admin_state_up': True, 'mtu': 8950, 'status': 'ACTIVE', 'subnets': [], 'shared': False, 'port_security_enabled': True, 'router:external': False, 'provider:network_type': 'vlan', 'provider:physical_network': 'default', 'provider:segmentation_id': 67, 'availability_zone_hints': [], 'availability_zones': [], 'ipv4_address_scope': None, 'ipv6_address_scope': None, 'description': '', 'tags': [], 'created_at': '2025-12-01T15:07:04Z', 'updated_at': '2025-12-01T15:07:04Z', 'revision_number': 1} available for tenant
2025-12-01 15:08:44.058 66272 INFO tempest.lib.common.rest_client [req-937ad4b6-24aa-4ebb-b910-d4834a9a00cd req-937ad4b6-24aa-4ebb-b910-d4834a9a00cd ] Request (ServerActionsTestOtherB:test_resize_server_confirm_from_stopped): 204 POST http://10.180.1.21/compute/v2.1/servers/8c6c6418-e5af-4dd9-99fe-f41e9d7c635a/action 0.518s
2025-12-01 15:08:44.125 66250 INFO tempest.lib.common.rest_client [req-52eca1c1-d2c7-44ff-be59-938a37b949d2 req-52eca1c1-d2c7-44ff-be59-938a37b949d2 ] Request (ServersAdminNegativeTestJSON:tearDownClass): 200 GET http://10.180.1.21/compute/v2.1/servers/599711f2-ff30-4d3c-8a03-9d54888ee59a 0.452s
2025-12-01 15:08:44.231 66228 INFO tempest.lib.common.rest_client [req-14e72594-015d-4945-a8e0-9d2a8891e853 req-14e72594-015d-4945-a8e0-9d2a8891e853 ] Request (ServersV294TestFqdnHostnames:setUpClass): 200 GET http://10.180.1.21/compute/v2.1/servers/d84e330d-28e3-4d40-b0d4-4c6fc5887a3d 0.395s
2025-12-01 15:08:44.243 66228 INFO tempest.common.waiters [-] State transition "BUILD/spawning" ==> "ACTIVE/None" after 39 second wait
2025-12-01 15:08:44.282 66278 INFO tempest.lib.common.rest_client [req-1a936711-b0a2-442c-89ac-d29e5122378c req-1a936711-b0a2-442c-89ac-d29e5122378c ] Request (ServerActionsTestOtherA:test_rebuild_server_in_stop_state): 200 GET http://10.180.1.21/compute/v2.1/servers/6b99c407-110a-415b-922e-1adc72e58ef9 0.390s
2025-12-01 15:08:44.351 66262 INFO tempest.lib.common.rest_client [req-5d0b4e06-4fd0-433e-a410-d4b864b98ed1 req-5d0b4e06-4fd0-433e-a410-d4b864b98ed1 ] Request (ServerDiagnosticsV248Test:tearDownClass): 200 GET http://10.180.1.21/compute/v2.1/servers/c1fee941-f706-46d7-b11f-7aab941a7209 0.400s
2025-12-01 15:08:44.396 66244 INFO tempest.lib.common.rest_client [req-dcc8754b-8158-427c-a0f6-e059fd5dbd57 req-dcc8754b-8158-427c-a0f6-e059fd5dbd57 ] Request (ServersNegativeTestJSON:test_create_server_from_non_bootable_volume): 400 POST http://10.180.1.21/compute/v2.1/servers 0.362s
2025-12-01 15:08:44.514 66272 INFO tempest.lib.common.rest_client [req-6fb463da-bd64-44a9-8ce2-65f5f08ff303 req-6fb463da-bd64-44a9-8ce2-65f5f08ff303 ] Request (ServerActionsTestOtherB:test_resize_server_confirm_from_stopped): 200 GET http://10.180.1.21/compute/v2.1/servers/8c6c6418-e5af-4dd9-99fe-f41e9d7c635a 0.456s
2025-12-01 15:08:44.533 66264 INFO paramiko.transport [-] Connected (version 2.0, client dropbear_2020.81)
2025-12-01 15:08:44.641 66264 INFO paramiko.transport [-] Authentication (publickey) successful!
2025-12-01 15:08:44.642 66264 INFO tempest.lib.common.ssh [-] ssh connection to cirros@10.180.180.231 successfully created
2025-12-01 15:08:44.664 66232 INFO tempest.lib.common.rest_client [req-302c8056-6f9e-487b-9b17-9fa32b1f7cdc req-302c8056-6f9e-487b-9b17-9fa32b1f7cdc ] Request (MigrationsAdminTest:test_list_migrations_in_flavor_resize_situation): 200 GET http://10.180.1.21/compute/v2.1/servers/563d577d-d191-4ad6-b08a-901cb4a69b70 0.570s
2025-12-01 15:08:44.794 66275 INFO tempest.lib.common.rest_client [req-b3b9ae99-1877-4bc3-8cca-2769298a2e4a req-b3b9ae99-1877-4bc3-8cca-2769298a2e4a ] Request (DeleteServersTestJSON:test_delete_server_while_in_shelved_state): 200 GET http://10.180.1.21/compute/v2.1/servers/5fea3fe4-f3d8-42e1-9189-7de4cb4924f8 0.608s
2025-12-01 15:08:44.893 66242 INFO tempest.lib.common.rest_client [req-d74fede3-d92d-41c6-adb8-e8d3e5018271 req-d74fede3-d92d-41c6-adb8-e8d3e5018271 ] Request (ServerMetadataNegativeTestJSON:setUpClass): 200 GET http://10.180.1.21/compute/v2.1/servers/5479e286-c259-4215-bc86-6d3cbd0b27b9 0.657s
2025-12-01 15:08:44.902 66242 INFO tempest.common.waiters [-] State transition "BUILD/networking" ==> "BUILD/spawning" after 33 second wait
2025-12-01 15:08:44.975 66228 INFO tempest.lib.common.rest_client [req-90515e5a-4ee1-4097-bcae-d7a4a45c0351 req-90515e5a-4ee1-4097-bcae-d7a4a45c0351 ] Request (ServersV294TestFqdnHostnames:setUpClass): 200 GET http://10.180.1.21/compute/v2.1/servers/d84e330d-28e3-4d40-b0d4-4c6fc5887a3d/os-interface 0.732s
2025-12-01 15:08:45.403 66230 INFO tempest.lib.common.rest_client [req-2fb4f5e5-5880-419d-9944-b36301cb5814 req-2fb4f5e5-5880-419d-9944-b36301cb5814 ] Request (ImagesTestJSON:test_create_server_from_snapshot): 200 GET http://10.180.1.21/compute/v2.1/images/b0d0c905-85dc-4d61-a673-528d2e70c690 4.880s
2025-12-01 15:08:45.530 66228 INFO tempest.lib.common.rest_client [req-12b90ed3-966a-4242-a253-5b52a470c687 req-12b90ed3-966a-4242-a253-5b52a470c687 ] Request (ServersV294TestFqdnHostnames:setUpClass): 200 PUT http://10.180.1.21/networking/v2.0/floatingips/32b0380b-bdae-455f-9eb6-c3b5861724c6 0.552s
2025-12-01 15:08:45.557 66284 INFO tempest.lib.common.rest_client [req-5f654474-a729-48e6-aee7-1c7ca7a97fcf req-5f654474-a729-48e6-aee7-1c7ca7a97fcf ] Request (ServerDiagnosticsNegativeTest:tearDownClass): 200 GET http://10.180.1.21/compute/v2.1/servers/7bc6b762-fb79-4423-8b3f-628a93b6349d 1.262s
2025-12-01 15:08:45.583 66234 WARNING tempest.lib.common.ssh [-] Failed to establish authenticated ssh connection to cirros@10.180.180.140 ([Errno None] Unable to connect to port 22 on 10.180.180.140). Number attempts: 5. Retry after 6 seconds.: paramiko.ssh_exception.NoValidConnectionsError: [Errno None] Unable to connect to port 22 on 10.180.180.140
2025-12-01 15:08:45.649 66259 INFO tempest.lib.common.rest_client [req-7debc9ef-04ac-42ee-bb32-4b1b5ca05c43 req-7debc9ef-04ac-42ee-bb32-4b1b5ca05c43 ] Request (SecurityGroupsTestJSON:tearDownClass): 200 GET http://10.180.1.21/compute/v2.1/servers/4ebaa212-5c16-4ec4-9853-8098fafafa53 1.285s
2025-12-01 15:08:45.714 66287 INFO tempest.lib.common.rest_client [req-eaacec99-0f1f-48b3-ae5b-69d65439d57e req-eaacec99-0f1f-48b3-ae5b-69d65439d57e ] Request (ServerRescueTestJSONUnderV235:setUpClass): 200 GET http://10.180.1.21/compute/v2.1/servers/54d43c7b-8926-4012-bde7-a8ed1c831682 1.288s
2025-12-01 15:08:45.737 66244 INFO tempest.lib.common.rest_client [req-2efc2f2b-1167-4b0a-bfa1-38a887041f70 req-2efc2f2b-1167-4b0a-bfa1-38a887041f70 ] Request (ServersNegativeTestJSON:tearDown): 200 GET http://10.180.1.21/compute/v2.1/servers/3749706b-6cdd-4521-bb10-c3082a215cdc 1.340s
2025-12-01 15:08:45.782 66271 INFO tempest.lib.common.rest_client [req-3214f338-79ab-4121-bd32-3a47c0b13cc3 req-3214f338-79ab-4121-bd32-3a47c0b13cc3 ] Request (ServerDiskConfigTestJSON:test_resize_server_from_auto_to_manual): 200 GET http://10.180.1.21/compute/v2.1/servers/6af12243-3748-47a5-9c8f-8a3ebf6395e1 1.190s
2025-12-01 15:08:45.845 66276 INFO tempest.lib.common.rest_client [req-835fb890-888b-4b48-9625-82647ad86862 req-835fb890-888b-4b48-9625-82647ad86862 ] Request (ImagesOneServerNegativeTestJSON:_run_cleanups): 200 GET http://10.180.1.21/compute/v2.1/servers/5c8c4b35-73de-49bc-8438-8810350eaa0c 1.183s
2025-12-01 15:08:45.912 66264 INFO tempest.lib.common.rest_client [req-cdfd352c-93eb-4275-9e4f-fb4abb43f5df req-cdfd352c-93eb-4275-9e4f-fb4abb43f5df ] Request (AttachVolumeTestJSON:test_attach_detach_volume): 202 DELETE http://10.180.1.21/compute/v2.1/servers/7d97b48c-d88a-4d00-950b-215b1d68e813/os-volume_attachments/f5341d6e-b8ce-4def-bbc1-4f16aae40a6f 1.260s
2025-12-01 15:08:45.939 66264 INFO tempest.lib.common.rest_client [req-664a1984-3093-4354-9db6-0f5d5216947d req-664a1984-3093-4354-9db6-0f5d5216947d ] Request (AttachVolumeTestJSON:test_attach_detach_volume): 200 GET http://10.180.1.21/volume/v3/volumes/f5341d6e-b8ce-4def-bbc1-4f16aae40a6f 0.027s
2025-12-01 15:08:45.964 66240 INFO tempest.lib.common.rest_client [req-e22377af-a4a7-4613-b0d4-005a2ea6c0a2 req-e22377af-a4a7-4613-b0d4-005a2ea6c0a2 ] Request (ServersWithSpecificFlavorTestJSON:test_verify_created_server_ephemeral_disk): 200 GET http://10.180.1.21/compute/v2.1/servers/4be3a7da-ba6b-405c-ae17-ce51ec76bd24 1.196s
2025-12-01 15:08:45.970 66256 INFO tempest.lib.common.rest_client [req-7dcf3477-b30e-489e-b70b-e2d5a7341e81 req-7dcf3477-b30e-489e-b70b-e2d5a7341e81 ] Request (ServersAdminTestJSON:tearDownClass): 200 GET http://10.180.1.21/compute/v2.1/servers/8afd34ac-f7c7-491d-b324-ce4245ebda55 1.124s
2025-12-01 15:08:46.017 66246 INFO tempest.lib.common.rest_client [req-0f330321-8f91-4594-9c90-7c0eaf5e538d req-0f330321-8f91-4594-9c90-7c0eaf5e538d ] Request (ListServersNegativeTestJSON:setUpClass): 200 GET http://10.180.1.21/compute/v2.1/servers/ea0cf392-e395-4e14-9a49-6216b16cc35e 1.112s
2025-12-01 15:08:46.026 66252 INFO tempest.lib.common.rest_client [req-fbaec927-61b4-45d4-9e7c-5726a6519df8 req-fbaec927-61b4-45d4-9e7c-5726a6519df8 ] Request (AttachInterfacesUnderV243Test:_run_cleanups): 200 GET http://10.180.1.21/compute/v2.1/servers/39296d25-7d0b-47af-8909-b10cc5c99d6c 1.015s
2025-12-01 15:08:46.039 66250 INFO tempest.lib.common.rest_client [req-21e19da0-98e6-454e-ac2a-fa51b8956ed6 req-21e19da0-98e6-454e-ac2a-fa51b8956ed6 ] Request (ServersAdminNegativeTestJSON:tearDownClass): 404 GET http://10.180.1.21/compute/v2.1/servers/599711f2-ff30-4d3c-8a03-9d54888ee59a 0.906s
2025-12-01 15:08:46.093 66278 INFO tempest.lib.common.rest_client [req-f5999117-d340-45bb-ad25-f2799784e9da req-f5999117-d340-45bb-ad25-f2799784e9da ] Request (ServerActionsTestOtherA:test_rebuild_server_in_stop_state): 200 GET http://10.180.1.21/compute/v2.1/servers/6b99c407-110a-415b-922e-1adc72e58ef9 0.803s
2025-12-01 15:08:46.112 66262 INFO tempest.lib.common.rest_client [req-304f09ee-112f-4054-aa42-3c2ce5ca9bd9 req-304f09ee-112f-4054-aa42-3c2ce5ca9bd9 ] Request (ServerDiagnosticsV248Test:tearDownClass): 200 GET http://10.180.1.21/compute/v2.1/servers/c1fee941-f706-46d7-b11f-7aab941a7209 0.751s
2025-12-01 15:08:46.139 66230 INFO tempest.lib.common.rest_client [req-18834998-cb8f-4cf2-af21-f746154c6996 req-18834998-cb8f-4cf2-af21-f746154c6996 ] Request (ImagesTestJSON:test_create_server_from_snapshot): 200 GET http://10.180.1.21/compute/v2.1/images/b0d0c905-85dc-4d61-a673-528d2e70c690 0.733s
2025-12-01 15:08:46.142 66250 INFO tempest.lib.common.rest_client [req-cbbe0e40-856e-439d-8e2d-e153d42ce18f req-cbbe0e40-856e-439d-8e2d-e153d42ce18f ] Request (ServersAdminNegativeTestJSON:tearDownClass): 204 DELETE http://10.180.1.21/identity/v3/users/f8e07aa473f0419bb6038ef8b99c7036 0.102s
2025-12-01 15:08:46.224 66230 INFO tempest.lib.common.rest_client [req-8df0278f-10b1-471b-8e36-b03e5c9fbdb3 req-8df0278f-10b1-471b-8e36-b03e5c9fbdb3 ] Request (ImagesTestJSON:test_create_server_from_snapshot): 201 POST http://10.180.1.21/identity/v3/auth/tokens 0.077s
2025-12-01 15:08:46.225 66230 INFO tempest.lib.common.fixed_network [-] (ImagesTestJSON:test_create_server_from_snapshot) Found network {'id': '250da739-b017-4489-bd46-e8d282ec4496', 'name': 'tempest-ImagesTestJSON-2031244327-network', 'tenant_id': 'e266d32f376844ff97abe1a413f77244', 'project_id': 'e266d32f376844ff97abe1a413f77244', 'admin_state_up': True, 'mtu': 8950, 'status': 'ACTIVE', 'subnets': [], 'shared': False, 'port_security_enabled': True, 'router:external': False, 'provider:network_type': 'vlan', 'provider:physical_network': 'default', 'provider:segmentation_id': 809, 'availability_zone_hints': [], 'availability_zones': [], 'ipv4_address_scope': None, 'ipv6_address_scope': None, 'description': '', 'tags': [], 'created_at': '2025-12-01T15:05:09Z', 'updated_at': '2025-12-01T15:05:09Z', 'revision_number': 1} available for tenant
2025-12-01 15:08:46.283 66272 INFO tempest.lib.common.rest_client [req-7f89fd52-b634-4ac4-9f52-c86ee7d9d16f req-7f89fd52-b634-4ac4-9f52-c86ee7d9d16f ] Request (ServerActionsTestOtherB:test_resize_server_confirm_from_stopped): 200 GET http://10.180.1.21/compute/v2.1/servers/8c6c6418-e5af-4dd9-99fe-f41e9d7c635a 0.762s
2025-12-01 15:08:46.295 66250 INFO tempest.lib.common.rest_client [req-0e22a898-f9fd-4b93-b91b-cac79fea7188 req-0e22a898-f9fd-4b93-b91b-cac79fea7188 ] Request (ServersAdminNegativeTestJSON:tearDownClass): 204 DELETE http://10.180.1.21/identity/v3/users/d8f09e4f6c2746afa77dbc56688404e5 0.152s
2025-12-01 15:08:46.295 66250 INFO tempest.lib.common.dynamic_creds [-] Deleting project and security group for project: ba687d78c0c74703869751bc122ae0c1
2025-12-01 15:08:46.359 66228 INFO tempest.lib.common.rest_client [req-fdda9831-e863-43bc-8257-739c3ba5f360 req-fdda9831-e863-43bc-8257-739c3ba5f360 ] Request (ServersV294TestFqdnHostnames:setUpClass): 200 GET http://10.180.1.21/compute/v2.1/servers/d84e330d-28e3-4d40-b0d4-4c6fc5887a3d 0.829s
2025-12-01 15:08:46.371 66228 INFO tempest.api.compute.base [-] Attempting to verify tagged devices in server d84e330d-28e3-4d40-b0d4-4c6fc5887a3d via the metadata service: http://169.254.169.254/openstack/latest/meta_data.json
2025-12-01 15:08:46.372 66228 INFO tempest.lib.common.ssh [-] Creating ssh connection to '10.180.180.141:22' as 'cirros' with public key authentication
2025-12-01 15:08:46.445 66250 INFO tempest.lib.common.rest_client [req-4435a707-1598-4e3a-8653-6bb34c8b0ab7 req-4435a707-1598-4e3a-8653-6bb34c8b0ab7 ] Request (ServersAdminNegativeTestJSON:tearDownClass): 201 POST http://10.180.1.21/identity/v3/auth/tokens 0.149s
2025-12-01 15:08:46.487 66232 INFO tempest.lib.common.rest_client [req-dccd0d5e-8bcc-4db2-9613-6854490d4513 req-dccd0d5e-8bcc-4db2-9613-6854490d4513 ] Request (MigrationsAdminTest:test_list_migrations_in_flavor_resize_situation): 200 GET http://10.180.1.21/compute/v2.1/servers/563d577d-d191-4ad6-b08a-901cb4a69b70 0.814s
2025-12-01 15:08:46.552 66244 INFO tempest.lib.common.rest_client [req-daf51d35-60bc-4f89-8335-104a66d6add9 req-daf51d35-60bc-4f89-8335-104a66d6add9 ] Request (ServersNegativeTestJSON:setUp): 200 GET http://10.180.1.21/compute/v2.1/servers/3749706b-6cdd-4521-bb10-c3082a215cdc 0.806s
2025-12-01 15:08:46.568 66250 INFO tempest.lib.common.rest_client [req-ac1471d0-1563-4ddb-88b9-ba6054b5a4d3 req-ac1471d0-1563-4ddb-88b9-ba6054b5a4d3 ] Request (ServersAdminNegativeTestJSON:tearDownClass): 200 GET http://10.180.1.21/networking/v2.0/security-groups?tenant_id=ba687d78c0c74703869751bc122ae0c1&name=default 0.122s
2025-12-01 15:08:46.621 66275 INFO tempest.lib.common.rest_client [req-f52794d0-a8d8-4aa0-b173-f51c12338cda req-f52794d0-a8d8-4aa0-b173-f51c12338cda ] Request (DeleteServersTestJSON:test_delete_server_while_in_shelved_state): 200 GET http://10.180.1.21/compute/v2.1/servers/5fea3fe4-f3d8-42e1-9189-7de4cb4924f8 0.819s
2025-12-01 15:08:46.695 66242 INFO tempest.lib.common.rest_client [req-cbba9d1a-0695-4d35-841b-dd62ca1e1de8 req-cbba9d1a-0695-4d35-841b-dd62ca1e1de8 ] Request (ServerMetadataNegativeTestJSON:setUpClass): 200 GET http://10.180.1.21/compute/v2.1/servers/5479e286-c259-4215-bc86-6d3cbd0b27b9 0.791s
2025-12-01 15:08:46.704 66250 INFO tempest.lib.common.rest_client [req-be18e729-a019-41b5-b315-1242581f6192 req-be18e729-a019-41b5-b315-1242581f6192 ] Request (ServersAdminNegativeTestJSON:tearDownClass): 204 DELETE http://10.180.1.21/networking/v2.0/security-groups/79efdd94-5341-46c3-b4a1-758d6afa4818 0.134s
2025-12-01 15:08:46.712 66244 INFO tempest.lib.common.rest_client [req-20a29c13-0a21-45ab-ac5f-24a9ae8f67c0 req-20a29c13-0a21-45ab-ac5f-24a9ae8f67c0 ] Request (ServersNegativeTestJSON:test_create_server_invalid_bdm_in_2nd_dict): 202 POST http://10.180.1.21/volume/v3/volumes 0.151s
2025-12-01 15:08:46.761 66244 INFO tempest.lib.common.rest_client [req-6bd46c3e-e000-4094-bd28-fcf564409e18 req-6bd46c3e-e000-4094-bd28-fcf564409e18 ] Request (ServersNegativeTestJSON:test_create_server_invalid_bdm_in_2nd_dict): 200 GET http://10.180.1.21/volume/v3/volumes/5ee7fa2a-0367-497a-b0e8-6a39f07b2fd3 0.043s
2025-12-01 15:08:46.781 66284 INFO tempest.lib.common.rest_client [req-9248623f-b5bf-4317-9ab8-220017d0b278 req-9248623f-b5bf-4317-9ab8-220017d0b278 ] Request (ServerDiagnosticsNegativeTest:tearDownClass): 200 GET http://10.180.1.21/compute/v2.1/servers/7bc6b762-fb79-4423-8b3f-628a93b6349d 0.213s
2025-12-01 15:08:46.787 66250 INFO tempest.lib.common.rest_client [req-40d992da-edd4-4d2f-a85f-0127a81e2627 req-40d992da-edd4-4d2f-a85f-0127a81e2627 ] Request (ServersAdminNegativeTestJSON:tearDownClass): 204 DELETE http://10.180.1.21/identity/v3/projects/ba687d78c0c74703869751bc122ae0c1 0.082s
2025-12-01 15:08:46.787 66250 INFO tempest.lib.common.dynamic_creds [-] Deleting project and security group for project: 5bce64d7860d448b82e6e8c3541f5cb8
2025-12-01 15:08:46.851 66250 INFO tempest.lib.common.rest_client [req-699f8c9a-4cce-4808-a5da-c1851cd0eab9 req-699f8c9a-4cce-4808-a5da-c1851cd0eab9 ] Request (ServersAdminNegativeTestJSON:tearDownClass): 200 GET http://10.180.1.21/networking/v2.0/security-groups?tenant_id=5bce64d7860d448b82e6e8c3541f5cb8&name=default 0.063s
2025-12-01 15:08:46.901 66259 INFO tempest.lib.common.rest_client [req-d627d078-460f-486a-8d79-b025baa37885 req-d627d078-460f-486a-8d79-b025baa37885 ] Request (SecurityGroupsTestJSON:tearDownClass): 200 GET http://10.180.1.21/compute/v2.1/servers/4ebaa212-5c16-4ec4-9853-8098fafafa53 0.242s
2025-12-01 15:08:46.975 66264 INFO tempest.lib.common.rest_client [req-040382d7-ab9e-4741-b437-56506052b2f5 req-040382d7-ab9e-4741-b437-56506052b2f5 ] Request (AttachVolumeTestJSON:test_attach_detach_volume): 200 GET http://10.180.1.21/volume/v3/volumes/f5341d6e-b8ce-4def-bbc1-4f16aae40a6f 0.029s
2025-12-01 15:08:46.993 66250 INFO tempest.lib.common.rest_client [req-b462dd2f-7ca3-4bf0-a07c-bdf44dc75aa5 req-b462dd2f-7ca3-4bf0-a07c-bdf44dc75aa5 ] Request (ServersAdminNegativeTestJSON:tearDownClass): 204 DELETE http://10.180.1.21/networking/v2.0/security-groups/537042bf-36e4-4533-a653-225839aa6e6d 0.141s
2025-12-01 15:08:47.037 66287 INFO tempest.lib.common.rest_client [req-540c60f7-2493-420a-902f-fb42de0b82ef req-540c60f7-2493-420a-902f-fb42de0b82ef ] Request (ServerRescueTestJSONUnderV235:setUpClass): 200 GET http://10.180.1.21/compute/v2.1/servers/54d43c7b-8926-4012-bde7-a8ed1c831682 0.309s
2025-12-01 15:08:47.052 66254 WARNING tempest.lib.common.ssh [-] Failed to establish authenticated ssh connection to cirros@10.180.180.254 ([Errno None] Unable to connect to port 22 on 10.180.180.254). Number attempts: 3. Retry after 4 seconds.: paramiko.ssh_exception.NoValidConnectionsError: [Errno None] Unable to connect to port 22 on 10.180.180.254
2025-12-01 15:08:47.102 66250 INFO tempest.lib.common.rest_client [req-ca868dcf-fb71-4cf4-b07d-97ed4457b3c9 req-ca868dcf-fb71-4cf4-b07d-97ed4457b3c9 ] Request (ServersAdminNegativeTestJSON:tearDownClass): 204 DELETE http://10.180.1.21/identity/v3/projects/5bce64d7860d448b82e6e8c3541f5cb8 0.109s
2025-12-01 15:08:47.110 66271 INFO tempest.lib.common.rest_client [req-a48cc7ce-9233-4c12-8cf6-15615b526815 req-a48cc7ce-9233-4c12-8cf6-15615b526815 ] Request (ServerDiskConfigTestJSON:test_resize_server_from_auto_to_manual): 200 GET http://10.180.1.21/compute/v2.1/servers/6af12243-3748-47a5-9c8f-8a3ebf6395e1 0.320s
2025-12-01 15:08:47.149 66230 INFO tempest.lib.common.rest_client [req-9250ad49-07bf-45bc-9455-ab1811213ccf req-9250ad49-07bf-45bc-9455-ab1811213ccf ] Request (ImagesTestJSON:test_create_server_from_snapshot): 202 POST http://10.180.1.21/compute/v2.1/servers 0.924s
2025-12-01 15:08:47.190 66250 INFO tempest.lib.common.rest_client [req-6385363a-cc21-453e-8452-bf154ed73a86 req-6385363a-cc21-453e-8452-bf154ed73a86 ] Request (ServersTestFqdnHostnames:setUpClass): 201 POST http://10.180.1.21/identity/v3/auth/tokens 0.086s
2025-12-01 15:08:47.208 66276 INFO tempest.lib.common.rest_client [req-e79f84f2-9cd8-4754-bd83-0626c067f785 req-e79f84f2-9cd8-4754-bd83-0626c067f785 ] Request (ImagesOneServerNegativeTestJSON:_run_cleanups): 200 GET http://10.180.1.21/compute/v2.1/servers/5c8c4b35-73de-49bc-8438-8810350eaa0c 0.354s
2025-12-01 15:08:47.226 66250 INFO tempest.lib.common.rest_client [req-0644565d-d07d-4b6c-8443-0544d0a7d1b8 req-0644565d-d07d-4b6c-8443-0544d0a7d1b8 ] Request (ServersTestFqdnHostnames:setUpClass): 201 POST http://10.180.1.21/identity/v3/auth/tokens 0.033s
2025-12-01 15:08:47.267 66250 INFO tempest.lib.common.rest_client [req-e189ec76-0c0b-4cf2-92b0-387c130a7f76 req-e189ec76-0c0b-4cf2-92b0-387c130a7f76 ] Request (ServersTestFqdnHostnames:setUpClass): 200 GET http://10.180.1.21/identity/v3/domains?name=Default 0.040s
2025-12-01 15:08:47.284 66240 INFO tempest.lib.common.rest_client [req-1698f96d-719e-4e39-91d6-78c732ec6717 req-1698f96d-719e-4e39-91d6-78c732ec6717 ] Request (ServersWithSpecificFlavorTestJSON:test_verify_created_server_ephemeral_disk): 200 GET http://10.180.1.21/compute/v2.1/servers/4be3a7da-ba6b-405c-ae17-ce51ec76bd24 0.313s
2025-12-01 15:08:47.290 66256 INFO tempest.lib.common.rest_client [req-a9430ca7-e317-47a3-932f-e902b14ff071 req-a9430ca7-e317-47a3-932f-e902b14ff071 ] Request (ServersAdminTestJSON:tearDownClass): 200 GET http://10.180.1.21/compute/v2.1/servers/8afd34ac-f7c7-491d-b324-ce4245ebda55 0.313s
2025-12-01 15:08:47.310 66250 INFO tempest.lib.common.rest_client [req-2ad66d06-e2f4-43ff-ac09-f937b92981b3 req-2ad66d06-e2f4-43ff-ac09-f937b92981b3 ] Request (ServersTestFqdnHostnames:setUpClass): 201 POST http://10.180.1.21/identity/v3/projects 0.043s
2025-12-01 15:08:47.357 66246 INFO tempest.lib.common.rest_client [req-711d6659-56c1-44a8-8ac4-a58950b8f214 req-711d6659-56c1-44a8-8ac4-a58950b8f214 ] Request (ListServersNegativeTestJSON:setUpClass): 200 GET http://10.180.1.21/compute/v2.1/servers/ea0cf392-e395-4e14-9a49-6216b16cc35e 0.331s
2025-12-01 15:08:47.375 66252 INFO tempest.lib.common.rest_client [req-3b516010-2999-4870-ab01-c985cdc72184 req-3b516010-2999-4870-ab01-c985cdc72184 ] Request (AttachInterfacesUnderV243Test:_run_cleanups): 200 GET http://10.180.1.21/compute/v2.1/servers/39296d25-7d0b-47af-8909-b10cc5c99d6c 0.341s
2025-12-01 15:08:47.447 66278 INFO tempest.lib.common.rest_client [req-437ab250-86c6-4fff-8131-95ba7f1656af req-437ab250-86c6-4fff-8131-95ba7f1656af ] Request (ServerActionsTestOtherA:test_rebuild_server_in_stop_state): 200 GET http://10.180.1.21/compute/v2.1/servers/6b99c407-110a-415b-922e-1adc72e58ef9 0.346s
2025-12-01 15:08:47.466 66250 INFO tempest.lib.common.rest_client [req-884a50e3-524b-499b-a432-19548f03cbf4 req-884a50e3-524b-499b-a432-19548f03cbf4 ] Request (ServersTestFqdnHostnames:setUpClass): 201 POST http://10.180.1.21/identity/v3/users 0.155s
2025-12-01 15:08:47.470 66262 INFO tempest.lib.common.rest_client [req-cdb013e0-ebbe-4bf7-8841-94fff7db347f req-cdb013e0-ebbe-4bf7-8841-94fff7db347f ] Request (ServerDiagnosticsV248Test:tearDownClass): 200 GET http://10.180.1.21/compute/v2.1/servers/c1fee941-f706-46d7-b11f-7aab941a7209 0.345s
2025-12-01 15:08:47.500 66250 INFO tempest.lib.common.rest_client [req-b44d3662-d715-4e34-aa52-7bd3ff323f24 req-b44d3662-d715-4e34-aa52-7bd3ff323f24 ] Request (ServersTestFqdnHostnames:setUpClass): 200 GET http://10.180.1.21/identity/v3/roles 0.033s
2025-12-01 15:08:47.502 66230 INFO tempest.lib.common.rest_client [req-538f1e9c-2acd-4d32-8b3c-61ba828d516a req-538f1e9c-2acd-4d32-8b3c-61ba828d516a ] Request (ImagesTestJSON:test_create_server_from_snapshot): 200 GET http://10.180.1.21/compute/v2.1/servers/047859ab-0ca6-40d0-a5e4-91a2c3639ccc 0.348s
2025-12-01 15:08:47.537 66250 INFO tempest.lib.common.rest_client [req-e48c248b-6faa-49d6-8d5d-d8e908191e86 req-e48c248b-6faa-49d6-8d5d-d8e908191e86 ] Request (ServersTestFqdnHostnames:setUpClass): 204 PUT http://10.180.1.21/identity/v3/projects/260ea53e33b6472a973bceff0da117db/users/5f3f34f705d64b44965ef2cc5d6e03f5/roles/b79f92b8b2bd424a8d89491652687a81 0.037s
2025-12-01 15:08:47.537 66250 INFO tempest.lib.common.dynamic_creds [-] Dynamic test user 5f3f34f705d64b44965ef2cc5d6e03f5 is created with scope project and roles: ['member']
