2025-12-01 15:06:40.434 66280 INFO tempest.lib.common.rest_client [req-b782ef40-29e7-4b80-8c59-ec8d02aceb1d req-b782ef40-29e7-4b80-8c59-ec8d02aceb1d ] Request (ServicesAdminNegativeV253TestJSON:tearDownClass): 204 DELETE http://10.180.1.21/identity/v3/users/9c83f1670ec744c8a470d1838892678d 0.124s
2025-12-01 15:06:40.434 66280 INFO tempest.lib.common.dynamic_creds [-] Deleting project and security group for project: 836c9cb3effc40f0abc55d7495981c47
2025-12-01 15:06:40.491 66236 INFO tempest.lib.common.rest_client [req-51fc663b-accc-449e-94dd-48437b8ffdb2 req-51fc663b-accc-449e-94dd-48437b8ffdb2 ] Request (HostsAdminNegativeTestJSON:tearDownClass): 200 GET http://10.180.1.21/networking/v2.0/security-groups?tenant_id=8fa2f695ad264591b0fb8911a8c0dda0&name=default 0.453s
2025-12-01 15:06:40.503 66280 INFO tempest.lib.common.rest_client [req-24f64b91-4dac-4dc7-8013-5336e29001ad req-24f64b91-4dac-4dc7-8013-5336e29001ad ] Request (ServicesAdminNegativeV253TestJSON:tearDownClass): 201 POST http://10.180.1.21/identity/v3/auth/tokens 0.068s
2025-12-01 15:06:40.528 66271 INFO tempest.lib.common.rest_client [req-caa5cb19-e036-489d-9b7a-c5135c044644 req-caa5cb19-e036-489d-9b7a-c5135c044644 ] Request (ServerDiskConfigTestJSON:setUpClass): 201 POST http://10.180.1.21/networking/v2.0/networks 0.573s
2025-12-01 15:06:40.573 66259 INFO tempest.lib.common.rest_client [req-1cf5dfee-602d-4ec7-8bdd-2c0a9257d501 req-1cf5dfee-602d-4ec7-8bdd-2c0a9257d501 ] Request (SecurityGroupsTestJSON:test_security_groups_create_list_delete): 404 GET http://10.180.1.21/compute/v2.1/os-security-groups/3d1bead4-0987-4994-8b65-09b7685c1782 3.175s
2025-12-01 15:06:40.620 66266 INFO tempest.lib.common.rest_client [req-49777975-27f5-4298-94f9-2382d8e2649b req-49777975-27f5-4298-94f9-2382d8e2649b ] Request (FloatingIPDetailsTestJSON:tearDownClass): 204 DELETE http://10.180.1.21/networking/v2.0/networks/7e3051cd-ca80-41e2-9e03-625c68d89ff4 0.532s
2025-12-01 15:06:40.700 66266 INFO tempest.lib.common.rest_client [req-e8708bcd-adbb-4ba7-b01c-c9afd6c9e053 req-e8708bcd-adbb-4ba7-b01c-c9afd6c9e053 ] Request (FloatingIPDetailsTestJSON:tearDownClass): 204 DELETE http://10.180.1.21/identity/v3/users/c365a594aca241f89ba522ef98652155 0.080s
2025-12-01 15:06:40.701 66266 INFO tempest.lib.common.dynamic_creds [-] Deleting project and security group for project: 5ff80f3099e5419bab9edda85fe35f4a
2025-12-01 15:06:40.708 66236 INFO tempest.lib.common.rest_client [req-3dc3dee1-8435-47df-a073-d303b5b48424 req-3dc3dee1-8435-47df-a073-d303b5b48424 ] Request (HostsAdminNegativeTestJSON:tearDownClass): 204 DELETE http://10.180.1.21/networking/v2.0/security-groups/74fde5a4-27b0-4a61-9be7-561a54a0a2bb 0.217s
2025-12-01 15:06:40.727 66248 INFO tempest.lib.common.rest_client [req-20c64702-2733-4e5b-aadd-635778d03305 req-20c64702-2733-4e5b-aadd-635778d03305 ] Request (ServersTestBootFromVolume:setUpClass): 200 GET http://10.180.1.21/volume/v3/volumes/0d5becf8-a63d-4202-8f02-8b42d6595657 0.036s
2025-12-01 15:06:40.756 66234 INFO tempest.lib.common.rest_client [req-bdecd2bc-e0d3-4642-a05a-e2463b166f9c req-bdecd2bc-e0d3-4642-a05a-e2463b166f9c ] Request (QuotasAdminTestJSON:test_get_updated_quotas): 200 GET http://10.180.1.21/compute/v2.1/os-quota-sets/e2536931c93642dfb8ddb8ac51909443?user_id=f8e01bf0127c4115a0060b5e5d7d08ce 3.305s
2025-12-01 15:06:40.833 66275 INFO tempest.lib.common.rest_client [req-3ad18860-d158-4363-ab97-50ba6b5685c2 req-3ad18860-d158-4363-ab97-50ba6b5685c2 ] Request (DeleteServersTestJSON:test_delete_server_while_in_attached_volume): 200 GET http://10.180.1.21/volume/v3/volumes/9c29c4aa-942f-432a-bb86-1d5073bd85ea 0.061s
2025-12-01 15:06:40.842 66275 INFO tempest.common.waiters [-] Attachment d5cf54d0-ecd1-4f0f-af07-d63aa8e235b4 created for volume 9c29c4aa-942f-432a-bb86-1d5073bd85ea to server d9c0dc4a-5082-45fc-ad62-764a79a9ae53 after waiting for 9.842561 seconds
2025-12-01 15:06:40.878 66236 INFO tempest.lib.common.rest_client [req-45203d3b-e8c3-4fac-8217-b9bafad3862a req-45203d3b-e8c3-4fac-8217-b9bafad3862a ] Request (HostsAdminNegativeTestJSON:tearDownClass): 204 DELETE http://10.180.1.21/identity/v3/projects/8fa2f695ad264591b0fb8911a8c0dda0 0.170s
2025-12-01 15:06:40.882 66275 INFO tempest.lib.common.rest_client [req-2986e3d2-1906-4b62-8e36-54185a1eee10 req-2986e3d2-1906-4b62-8e36-54185a1eee10 ] Request (DeleteServersTestJSON:test_delete_server_while_in_attached_volume): 200 GET http://10.180.1.21/volume/v3/volumes/9c29c4aa-942f-432a-bb86-1d5073bd85ea 0.039s
2025-12-01 15:06:40.891 66275 INFO tempest.common.waiters [-] volume 9c29c4aa-942f-432a-bb86-1d5073bd85ea reached in-use after waiting for 0.891903 seconds
2025-12-01 15:06:40.903 66272 INFO tempest.lib.common.rest_client [req-827cd252-a960-42a9-8c68-8c232aedcec2 req-827cd252-a960-42a9-8c68-8c232aedcec2 ] Request (ServerActionsTestOtherB:test_create_backup): 200 GET http://10.180.1.21/image/v2/images/2198ea8d-7d14-4a64-965b-bf5a93857574 0.028s
2025-12-01 15:06:40.966 66236 INFO tempest.lib.common.rest_client [req-7de1c552-9500-4a9b-b440-66020ecd62d9 req-7de1c552-9500-4a9b-b440-66020ecd62d9 ] Request (HypervisorAdminTestJSON:setUpClass): 201 POST http://10.180.1.21/identity/v3/auth/tokens 0.085s
2025-12-01 15:06:41.005 66236 INFO tempest.lib.common.rest_client [req-9b21e295-d61d-40ba-b299-ee4b1ab87853 req-9b21e295-d61d-40ba-b299-ee4b1ab87853 ] Request (HypervisorAdminTestJSON:setUpClass): 201 POST http://10.180.1.21/identity/v3/auth/tokens 0.037s
2025-12-01 15:06:41.010 66280 INFO tempest.lib.common.rest_client [req-a8df6205-e5f6-48b3-a0e1-da02ec819572 req-a8df6205-e5f6-48b3-a0e1-da02ec819572 ] Request (ServicesAdminNegativeV253TestJSON:tearDownClass): 200 GET http://10.180.1.21/networking/v2.0/security-groups?tenant_id=836c9cb3effc40f0abc55d7495981c47&name=default 0.506s
2025-12-01 15:06:41.044 66236 INFO tempest.lib.common.rest_client [req-cfe31107-f13a-4a1e-a739-a49167bb3703 req-cfe31107-f13a-4a1e-a739-a49167bb3703 ] Request (HypervisorAdminTestJSON:setUpClass): 200 GET http://10.180.1.21/identity/v3/domains?name=Default 0.038s
2025-12-01 15:06:41.084 66234 INFO tempest.lib.common.rest_client [req-4dbed2ac-a713-42d7-9891-b35fef76ea41 req-4dbed2ac-a713-42d7-9891-b35fef76ea41 ] Request (QuotasAdminTestJSON:_run_cleanups): 204 DELETE http://10.180.1.21/identity/v3/users/f8e01bf0127c4115a0060b5e5d7d08ce 0.323s
2025-12-01 15:06:41.121 66236 INFO tempest.lib.common.rest_client [req-cbcff568-9912-4a90-8496-a53c26af5bab req-cbcff568-9912-4a90-8496-a53c26af5bab ] Request (HypervisorAdminTestJSON:setUpClass): 201 POST http://10.180.1.21/identity/v3/projects 0.076s
2025-12-01 15:06:41.187 66236 INFO tempest.lib.common.rest_client [req-e8cc1e83-1864-445a-84b4-90fee8835b73 req-e8cc1e83-1864-445a-84b4-90fee8835b73 ] Request (HypervisorAdminTestJSON:setUpClass): 201 POST http://10.180.1.21/identity/v3/users 0.066s
2025-12-01 15:06:41.208 66236 INFO tempest.lib.common.rest_client [req-6b3239ef-7c6c-425a-a9da-7ae97f30ab2e req-6b3239ef-7c6c-425a-a9da-7ae97f30ab2e ] Request (HypervisorAdminTestJSON:setUpClass): 200 GET http://10.180.1.21/identity/v3/roles 0.020s
2025-12-01 15:06:41.209 66271 INFO tempest.lib.common.rest_client [req-3f163076-6b08-4c9a-9f83-29025a70e943 req-3f163076-6b08-4c9a-9f83-29025a70e943 ] Request (ServerDiskConfigTestJSON:setUpClass): 201 POST http://10.180.1.21/networking/v2.0/subnets 0.681s
2025-12-01 15:06:41.258 66234 INFO tempest.lib.common.rest_client [req-b21b3d62-b786-4364-b936-5bd44334ad9f req-b21b3d62-b786-4364-b936-5bd44334ad9f ] Request (QuotasAdminTestJSON:_run_cleanups): 204 DELETE http://10.180.1.21/identity/v3/projects/e2536931c93642dfb8ddb8ac51909443 0.173s
2025-12-01 15:06:41.292 66266 INFO tempest.lib.common.rest_client [req-dd0e8f48-a680-4002-ab8c-f24fb0c5e55e req-dd0e8f48-a680-4002-ab8c-f24fb0c5e55e ] Request (FloatingIPDetailsTestJSON:tearDownClass): 200 GET http://10.180.1.21/networking/v2.0/security-groups?tenant_id=5ff80f3099e5419bab9edda85fe35f4a&name=default 0.591s
2025-12-01 15:06:41.316 66236 INFO tempest.lib.common.rest_client [req-b9578cee-5cbd-49ee-9593-204a2746e419 req-b9578cee-5cbd-49ee-9593-204a2746e419 ] Request (HypervisorAdminTestJSON:setUpClass): 204 PUT http://10.180.1.21/identity/v3/projects/d08638da7dcc46f892ed5caca8bb3a0a/users/039247e2e5214867b53cbc73c7c5dea6/roles/b79f92b8b2bd424a8d89491652687a81 0.107s
2025-12-01 15:06:41.316 66236 INFO tempest.lib.common.dynamic_creds [-] Dynamic test user 039247e2e5214867b53cbc73c7c5dea6 is created with scope project and roles: ['member']
2025-12-01 15:06:41.317 66236 INFO tempest.lib.common.dynamic_creds [-] Acquired dynamic creds: credentials: Credentials: {'domain_id': 'default', 'domain_name': 'Default', 'username': 'tempest-HypervisorAdminTestJSON-1379834597-project-member', 'project_domain_id': 'default', 'project_domain_name': 'Default', 'project_id': 'd08638da7dcc46f892ed5caca8bb3a0a', 'project_name': 'tempest-HypervisorAdminTestJSON-1379834597', 'tenant_id': 'd08638da7dcc46f892ed5caca8bb3a0a', 'tenant_name': 'tempest-HypervisorAdminTestJSON-1379834597', 'user_domain_id': 'default', 'user_domain_name': 'Default', 'user_id': '039247e2e5214867b53cbc73c7c5dea6', 'system': None}, Network: None, Subnet: None, Router: None
2025-12-01 15:06:41.317 66236 INFO tempest.lib.common.dynamic_creds [-] Created isolated network resources for: credentials: Credentials: {'domain_id': 'default', 'domain_name': 'Default', 'username': 'tempest-HypervisorAdminTestJSON-1379834597-project-member', 'project_domain_id': 'default', 'project_domain_name': 'Default', 'project_id': 'd08638da7dcc46f892ed5caca8bb3a0a', 'project_name': 'tempest-HypervisorAdminTestJSON-1379834597', 'tenant_id': 'd08638da7dcc46f892ed5caca8bb3a0a', 'tenant_name': 'tempest-HypervisorAdminTestJSON-1379834597', 'user_domain_id': 'default', 'user_domain_name': 'Default', 'user_id': '039247e2e5214867b53cbc73c7c5dea6', 'system': None}, Network: None, Subnet: None, Router: None
2025-12-01 15:06:41.363 66256 INFO tempest.lib.common.rest_client [req-7e5f0881-65b6-47ea-a35b-0f7708c36638 req-7e5f0881-65b6-47ea-a35b-0f7708c36638 ] Request (ServersAdminTestJSON:test_inject_network_info): 202 POST http://10.180.1.21/compute/v2.1/servers 4.536s
2025-12-01 15:06:41.416 66236 INFO tempest.lib.common.rest_client [req-541e68c6-20ec-4a4c-9e01-69cba6e19202 req-541e68c6-20ec-4a4c-9e01-69cba6e19202 ] Request (HypervisorAdminTestJSON:setUpClass): 201 POST http://10.180.1.21/identity/v3/auth/tokens 0.095s
2025-12-01 15:06:41.450 66280 INFO tempest.lib.common.rest_client [req-e36e9da6-bade-4a2a-a30f-fdbccacda370 req-e36e9da6-bade-4a2a-a30f-fdbccacda370 ] Request (ServicesAdminNegativeV253TestJSON:tearDownClass): 204 DELETE http://10.180.1.21/networking/v2.0/security-groups/18232ed8-3d4a-48f8-a113-fecab8a099ce 0.439s
2025-12-01 15:06:41.519 66236 INFO tempest.lib.common.rest_client [req-5c081fb2-7016-4ca9-b487-df1e8ca291ca req-5c081fb2-7016-4ca9-b487-df1e8ca291ca ] Request (HypervisorAdminTestJSON:setUpClass): 201 POST http://10.180.1.21/identity/v3/projects 0.102s
2025-12-01 15:06:41.564 66280 INFO tempest.lib.common.rest_client [req-a0914c1f-d6e1-4aeb-88da-6c245b8be316 req-a0914c1f-d6e1-4aeb-88da-6c245b8be316 ] Request (ServicesAdminNegativeV253TestJSON:tearDownClass): 204 DELETE http://10.180.1.21/identity/v3/projects/836c9cb3effc40f0abc55d7495981c47 0.114s
2025-12-01 15:06:41.564 66280 INFO tempest.lib.common.dynamic_creds [-] Deleting project and security group for project: a971281aa2e84ccc97ed3fd68ed02a80
2025-12-01 15:06:41.617 66236 INFO tempest.lib.common.rest_client [req-01108896-cc10-431a-a9bc-572e56ebe7d9 req-01108896-cc10-431a-a9bc-572e56ebe7d9 ] Request (HypervisorAdminTestJSON:setUpClass): 201 POST http://10.180.1.21/identity/v3/users 0.097s
2025-12-01 15:06:41.654 66236 INFO tempest.lib.common.rest_client [req-821878d4-e9cf-4633-af65-b4cc3ab9de4f req-821878d4-e9cf-4633-af65-b4cc3ab9de4f ] Request (HypervisorAdminTestJSON:setUpClass): 200 GET http://10.180.1.21/identity/v3/roles 0.036s
2025-12-01 15:06:41.688 66236 INFO tempest.lib.common.rest_client [req-cd1b481d-16f7-49d0-a6c1-e3a4bb1f31cb req-cd1b481d-16f7-49d0-a6c1-e3a4bb1f31cb ] Request (HypervisorAdminTestJSON:setUpClass): 204 PUT http://10.180.1.21/identity/v3/projects/a66f64bd8dfb42d6914ef345fd07791d/users/27b6404b6d0f4fa7b8fdb605fd00334f/roles/0d31ab0b04aa48b2b2cf1df5346c22ab 0.033s
2025-12-01 15:06:41.740 66236 INFO tempest.lib.common.rest_client [req-792d98bb-5b65-4536-8373-d51acff696c1 req-792d98bb-5b65-4536-8373-d51acff696c1 ] Request (HypervisorAdminTestJSON:setUpClass): 200 GET http://10.180.1.21/identity/v3/roles 0.051s
2025-12-01 15:06:41.774 66248 INFO tempest.lib.common.rest_client [req-b6cee720-12a1-4f00-b35f-60d353eda133 req-b6cee720-12a1-4f00-b35f-60d353eda133 ] Request (ServersTestBootFromVolume:setUpClass): 200 GET http://10.180.1.21/volume/v3/volumes/0d5becf8-a63d-4202-8f02-8b42d6595657 0.039s
2025-12-01 15:06:41.775 66236 INFO tempest.lib.common.rest_client [req-b13bb949-6f96-4310-9640-02801e476169 req-b13bb949-6f96-4310-9640-02801e476169 ] Request (HypervisorAdminTestJSON:setUpClass): 204 PUT http://10.180.1.21/identity/v3/projects/a66f64bd8dfb42d6914ef345fd07791d/users/27b6404b6d0f4fa7b8fdb605fd00334f/roles/0d31ab0b04aa48b2b2cf1df5346c22ab 0.034s
2025-12-01 15:06:41.775 66236 INFO tempest.lib.common.dynamic_creds [-] Dynamic test user 27b6404b6d0f4fa7b8fdb605fd00334f is created with scope project and roles: ['admin']
2025-12-01 15:06:41.775 66236 INFO tempest.lib.common.dynamic_creds [-] Acquired dynamic creds: credentials: Credentials: {'domain_id': 'default', 'domain_name': 'Default', 'username': 'tempest-HypervisorAdminTestJSON-905047154-project-admin', 'project_domain_id': 'default', 'project_domain_name': 'Default', 'project_id': 'a66f64bd8dfb42d6914ef345fd07791d', 'project_name': 'tempest-HypervisorAdminTestJSON-905047154', 'tenant_id': 'a66f64bd8dfb42d6914ef345fd07791d', 'tenant_name': 'tempest-HypervisorAdminTestJSON-905047154', 'user_domain_id': 'default', 'user_domain_name': 'Default', 'user_id': '27b6404b6d0f4fa7b8fdb605fd00334f', 'system': None}, Network: None, Subnet: None, Router: None
2025-12-01 15:06:41.776 66236 INFO tempest.lib.common.dynamic_creds [-] Created isolated network resources for: credentials: Credentials: {'domain_id': 'default', 'domain_name': 'Default', 'username': 'tempest-HypervisorAdminTestJSON-905047154-project-admin', 'project_domain_id': 'default', 'project_domain_name': 'Default', 'project_id': 'a66f64bd8dfb42d6914ef345fd07791d', 'project_name': 'tempest-HypervisorAdminTestJSON-905047154', 'tenant_id': 'a66f64bd8dfb42d6914ef345fd07791d', 'tenant_name': 'tempest-HypervisorAdminTestJSON-905047154', 'user_domain_id': 'default', 'user_domain_name': 'Default', 'user_id': '27b6404b6d0f4fa7b8fdb605fd00334f', 'system': None}, Network: None, Subnet: None, Router: None
2025-12-01 15:06:41.858 66236 INFO tempest.lib.common.rest_client [req-e67d8e6b-e46e-4268-a2a9-1e54251cac87 req-e67d8e6b-e46e-4268-a2a9-1e54251cac87 ] Request (HypervisorAdminTestJSON:setUpClass): 201 POST http://10.180.1.21/identity/v3/auth/tokens 0.078s
2025-12-01 15:06:41.941 66272 INFO tempest.lib.common.rest_client [req-efdb42f9-043f-460a-af2b-b3599ce02eca req-efdb42f9-043f-460a-af2b-b3599ce02eca ] Request (ServerActionsTestOtherB:test_create_backup): 200 GET http://10.180.1.21/image/v2/images/2198ea8d-7d14-4a64-965b-bf5a93857574 0.037s
2025-12-01 15:06:42.476 66266 INFO tempest.lib.common.rest_client [req-5bf2ff11-b05e-4d39-a113-f7fa4cf14399 req-5bf2ff11-b05e-4d39-a113-f7fa4cf14399 ] Request (FloatingIPDetailsTestJSON:tearDownClass): 204 DELETE http://10.180.1.21/networking/v2.0/security-groups/9d77cadf-406b-4acb-a394-a4d2796a92a7 1.183s
2025-12-01 15:06:42.516 66290 INFO tempest.lib.common.rest_client [req-6c3cf9b4-b3e4-486a-bfa8-13396f290a6e req-6c3cf9b4-b3e4-486a-bfa8-13396f290a6e ] Request (ServerAddressesNegativeTestJSON:setUpClass): 200 GET http://10.180.1.21/compute/v2.1/servers/9c7e0bf8-7817-4d35-be4c-c0f07110db2b 5.034s
2025-12-01 15:06:42.525 66290 INFO tempest.common.waiters [-] State transition "BUILD/spawning" ==> "ACTIVE/None" after 27 second wait
2025-12-01 15:06:42.587 66240 WARNING tempest.lib.common.ssh [-] Failed to establish authenticated ssh connection to cirros@10.180.180.227 ([Errno None] Unable to connect to port 22 on 10.180.180.227). Number attempts: 3. Retry after 4 seconds.: paramiko.ssh_exception.NoValidConnectionsError: [Errno None] Unable to connect to port 22 on 10.180.180.227
2025-12-01 15:06:42.613 66266 INFO tempest.lib.common.rest_client [req-c43d2b63-b36f-4916-b8c0-4f6c5d8b51b0 req-c43d2b63-b36f-4916-b8c0-4f6c5d8b51b0 ] Request (FloatingIPDetailsTestJSON:tearDownClass): 204 DELETE http://10.180.1.21/identity/v3/projects/5ff80f3099e5419bab9edda85fe35f4a 0.137s
2025-12-01 15:06:42.672 66266 INFO tempest.lib.common.rest_client [req-7b7828b7-75ea-4893-83df-24166aae5c88 req-7b7828b7-75ea-4893-83df-24166aae5c88 ] Request (KeyPairsV2TestJSON:setUpClass): 201 POST http://10.180.1.21/identity/v3/auth/tokens 0.057s
2025-12-01 15:06:42.698 66280 INFO tempest.lib.common.rest_client [req-734211c0-8f5a-4d0f-ac35-88bfafd5b248 req-734211c0-8f5a-4d0f-ac35-88bfafd5b248 ] Request (ServicesAdminNegativeV253TestJSON:tearDownClass): 200 GET http://10.180.1.21/networking/v2.0/security-groups?tenant_id=a971281aa2e84ccc97ed3fd68ed02a80&name=default 1.133s
2025-12-01 15:06:42.705 66266 INFO tempest.lib.common.rest_client [req-7bbeaac2-6064-4ed2-aa1b-5315dae446b0 req-7bbeaac2-6064-4ed2-aa1b-5315dae446b0 ] Request (KeyPairsV2TestJSON:setUpClass): 201 POST http://10.180.1.21/identity/v3/auth/tokens 0.030s
2025-12-01 15:06:42.732 66266 INFO tempest.lib.common.rest_client [req-e6c41999-7935-4d46-9cf2-fa2588cc850f req-e6c41999-7935-4d46-9cf2-fa2588cc850f ] Request (KeyPairsV2TestJSON:setUpClass): 200 GET http://10.180.1.21/identity/v3/domains?name=Default 0.027s
2025-12-01 15:06:42.760 66266 INFO tempest.lib.common.rest_client [req-f516626d-5add-451c-a088-c9bee7fd3a4f req-f516626d-5add-451c-a088-c9bee7fd3a4f ] Request (KeyPairsV2TestJSON:setUpClass): 201 POST http://10.180.1.21/identity/v3/projects 0.027s
2025-12-01 15:06:42.787 66276 INFO tempest.lib.common.rest_client [req-81856401-fe14-4e25-85df-c2f7cc7cf76a req-81856401-fe14-4e25-85df-c2f7cc7cf76a ] Request (ImagesOneServerNegativeTestJSON:tearDown): 200 GET http://10.180.1.21/compute/v2.1/servers/598c6e68-0dfc-451a-9b31-d8781b3eb4d1 5.289s
2025-12-01 15:06:42.801 66268 INFO tempest.lib.common.rest_client [req-b989ea78-510a-47a5-96a0-0c6a78ca9fb1 req-b989ea78-510a-47a5-96a0-0c6a78ca9fb1 ] Request (MultipleCreateNegativeTestJSON:test_max_count_less_than_one): 400 POST http://10.180.1.21/compute/v2.1/servers 5.248s
2025-12-01 15:06:42.803 66271 INFO tempest.lib.common.rest_client [req-b0525b18-9c7e-4472-90ec-8a576daed068 req-b0525b18-9c7e-4472-90ec-8a576daed068 ] Request (ServerDiskConfigTestJSON:setUpClass): 201 POST http://10.180.1.21/networking/v2.0/routers 1.594s
2025-12-01 15:06:42.820 66228 INFO tempest.lib.common.rest_client [req-0d47d09a-c3a6-4ac4-aceb-979dfbfc8fc2 req-0d47d09a-c3a6-4ac4-aceb-979dfbfc8fc2 ] Request (KeyPairsV22TestJSON:test_get_keypair_detail): 200 GET http://10.180.1.21/compute/v2.1/os-keypairs/tempest-keypair-1281913281 5.194s
2025-12-01 15:06:42.830 66248 INFO tempest.lib.common.rest_client [req-1186520c-6559-4440-b25d-bad2b3e32266 req-1186520c-6559-4440-b25d-bad2b3e32266 ] Request (ServersTestBootFromVolume:setUpClass): 200 GET http://10.180.1.21/volume/v3/volumes/0d5becf8-a63d-4202-8f02-8b42d6595657 0.042s
2025-12-01 15:06:42.836 66266 INFO tempest.lib.common.rest_client [req-048056f3-a97d-4f8f-92ad-cf6141e7fa0b req-048056f3-a97d-4f8f-92ad-cf6141e7fa0b ] Request (KeyPairsV2TestJSON:setUpClass): 201 POST http://10.180.1.21/identity/v3/users 0.073s
2025-12-01 15:06:42.840 66264 INFO tempest.lib.common.rest_client [req-9fb35c8f-13fe-4d2c-a795-5f16a996a251 req-9fb35c8f-13fe-4d2c-a795-5f16a996a251 ] Request (AttachVolumeTestJSON:test_attach_detach_volume): 200 GET http://10.180.1.21/compute/v2.1/servers/7d97b48c-d88a-4d00-950b-215b1d68e813 5.291s
2025-12-01 15:06:42.853 66264 INFO tempest.common.waiters [-] State transition "BUILD/None" ==> "BUILD/spawning" after 6 second wait
2025-12-01 15:06:42.871 66266 INFO tempest.lib.common.rest_client [req-f71b0129-f1de-4d23-8226-5fe9f2d3b92e req-f71b0129-f1de-4d23-8226-5fe9f2d3b92e ] Request (KeyPairsV2TestJSON:setUpClass): 200 GET http://10.180.1.21/identity/v3/roles 0.034s
2025-12-01 15:06:42.886 66280 INFO tempest.lib.common.rest_client [req-3e9f77b8-5fcc-46bc-9743-2844c5a358de req-3e9f77b8-5fcc-46bc-9743-2844c5a358de ] Request (ServicesAdminNegativeV253TestJSON:tearDownClass): 204 DELETE http://10.180.1.21/networking/v2.0/security-groups/67be1a21-8bbf-418b-8b0a-516969ccecc9 0.188s
2025-12-01 15:06:42.910 66266 INFO tempest.lib.common.rest_client [req-167cd5b9-ddaa-4cbb-a5fe-0a2f21bb8815 req-167cd5b9-ddaa-4cbb-a5fe-0a2f21bb8815 ] Request (KeyPairsV2TestJSON:setUpClass): 204 PUT http://10.180.1.21/identity/v3/projects/94043d0fb98e4a12bbc26295811fe4ef/users/5a1a8466f37b46409b6083d06535acbb/roles/b79f92b8b2bd424a8d89491652687a81 0.038s
2025-12-01 15:06:42.911 66266 INFO tempest.lib.common.dynamic_creds [-] Dynamic test user 5a1a8466f37b46409b6083d06535acbb is created with scope project and roles: ['member']
2025-12-01 15:06:42.911 66266 INFO tempest.lib.common.dynamic_creds [-] Acquired dynamic creds: credentials: Credentials: {'domain_id': 'default', 'domain_name': 'Default', 'username': 'tempest-KeyPairsV2TestJSON-138644497-project-member', 'project_domain_id': 'default', 'project_domain_name': 'Default', 'project_id': '94043d0fb98e4a12bbc26295811fe4ef', 'project_name': 'tempest-KeyPairsV2TestJSON-138644497', 'tenant_id': '94043d0fb98e4a12bbc26295811fe4ef', 'tenant_name': 'tempest-KeyPairsV2TestJSON-138644497', 'user_domain_id': 'default', 'user_domain_name': 'Default', 'user_id': '5a1a8466f37b46409b6083d06535acbb', 'system': None}, Network: None, Subnet: None, Router: None
2025-12-01 15:06:42.911 66266 INFO tempest.lib.common.dynamic_creds [-] Created isolated network resources for: credentials: Credentials: {'domain_id': 'default', 'domain_name': 'Default', 'username': 'tempest-KeyPairsV2TestJSON-138644497-project-member', 'project_domain_id': 'default', 'project_domain_name': 'Default', 'project_id': '94043d0fb98e4a12bbc26295811fe4ef', 'project_name': 'tempest-KeyPairsV2TestJSON-138644497', 'tenant_id': '94043d0fb98e4a12bbc26295811fe4ef', 'tenant_name': 'tempest-KeyPairsV2TestJSON-138644497', 'user_domain_id': 'default', 'user_domain_name': 'Default', 'user_id': '5a1a8466f37b46409b6083d06535acbb', 'system': None}, Network: None, Subnet: None, Router: None
2025-12-01 15:06:42.918 66238 INFO tempest.lib.common.rest_client [req-d698ae28-f0f6-4601-b9c4-f8929e7e02d6 req-d698ae28-f0f6-4601-b9c4-f8929e7e02d6 ] Request (MultipleCreateTestJSON:test_multiple_create_with_reservation_return): 200 GET http://10.180.1.21/compute/v2.1/servers/794722af-f9f5-44c0-893c-7333ee26e645 5.156s
2025-12-01 15:06:42.933 66268 INFO tempest.lib.common.rest_client [req-eba73d49-ed1c-4a4e-b349-bce57e1354b6 req-eba73d49-ed1c-4a4e-b349-bce57e1354b6 ] Request (MultipleCreateNegativeTestJSON:test_max_count_non_integer): 201 POST http://10.180.1.21/identity/v3/auth/tokens 0.124s
2025-12-01 15:06:42.933 66268 INFO tempest.lib.common.fixed_network [-] (MultipleCreateNegativeTestJSON:test_max_count_non_integer) Found network None available for tenant
2025-12-01 15:06:42.946 66246 INFO tempest.lib.common.rest_client [req-f405e0f3-a356-4e49-a338-5cda6e9fc1c5 req-f405e0f3-a356-4e49-a338-5cda6e9fc1c5 ] Request (DeleteServersAdminTestJSON:tearDownClass): 404 GET http://10.180.1.21/compute/v2.1/servers/11c0a3b0-dc4e-4c18-8c94-5eb08811e591 4.799s
2025-12-01 15:06:42.965 66282 INFO tempest.lib.common.rest_client [req-c4a85a46-1dd4-4f0c-bc54-0f41658afb86 req-c4a85a46-1dd4-4f0c-bc54-0f41658afb86 ] Request (ServerTagsTestJSON:test_create_delete_tag): 200 GET http://10.180.1.21/compute/v2.1/servers/55b73223-3e95-4fff-9e75-ac20745361d2/tags 4.705s
2025-12-01 15:06:42.969 66272 INFO tempest.lib.common.rest_client [req-5e0a4cc6-cfca-4735-b356-afefc8d8499e req-5e0a4cc6-cfca-4735-b356-afefc8d8499e ] Request (ServerActionsTestOtherB:test_create_backup): 200 GET http://10.180.1.21/image/v2/images/2198ea8d-7d14-4a64-965b-bf5a93857574 0.025s
2025-12-01 15:06:43.026 66266 INFO tempest.lib.common.rest_client [req-cd15d467-f651-440d-93b0-87c24b96bb8d req-cd15d467-f651-440d-93b0-87c24b96bb8d ] Request (KeyPairsV2TestJSON:setUpClass): 201 POST http://10.180.1.21/identity/v3/auth/tokens 0.111s
2025-12-01 15:06:43.032 66260 INFO tempest.lib.common.rest_client [req-daa1add9-af1b-4a63-91d5-91f367faaf4f req-daa1add9-af1b-4a63-91d5-91f367faaf4f ] Request (ListImagesTestJSON:test_list_images): 200 GET http://10.180.1.21/compute/v2.1/images 4.719s
2025-12-01 15:06:43.036 66287 INFO tempest.lib.common.rest_client [req-62b33cd4-75ea-477d-9dc0-5099c7c15f63 req-62b33cd4-75ea-477d-9dc0-5099c7c15f63 ] Request (FloatingIPsAssociationTestJSON:test_associate_already_associated_floating_ip): 200 GET http://10.180.1.21/compute/v2.1/servers/c007a14d-783d-4491-af01-87dddb7090a7 5.083s
2025-12-01 15:06:43.080 66280 INFO tempest.lib.common.rest_client [req-53736941-22b7-4266-b852-5f857dd910d2 req-53736941-22b7-4266-b852-5f857dd910d2 ] Request (ServicesAdminNegativeV253TestJSON:tearDownClass): 204 DELETE http://10.180.1.21/identity/v3/projects/a971281aa2e84ccc97ed3fd68ed02a80 0.194s
2025-12-01 15:06:43.082 66262 INFO tempest.lib.common.rest_client [req-ea809580-c499-4ebc-911a-461033ae165f req-ea809580-c499-4ebc-911a-461033ae165f ] Request (VolumesAssistedSnapshotsTest:_run_cleanups): 200 GET http://10.180.1.21/compute/v2.1/servers/63bb7c58-4dc1-40f1-a93e-678135f33d78/os-volume_attachments 3.954s
2025-12-01 15:06:43.133 66262 INFO tempest.lib.common.rest_client [req-c9a6ad90-5651-4209-a20d-9676a89f0042 req-c9a6ad90-5651-4209-a20d-9676a89f0042 ] Request (VolumesAssistedSnapshotsTest:_run_cleanups): 200 GET http://10.180.1.21/volume/v3/volumes/54f20e3e-e427-4481-b248-ed78adc494a3 0.048s
2025-12-01 15:06:43.143 66262 INFO tempest.common.waiters [-] volume 54f20e3e-e427-4481-b248-ed78adc494a3 reached available after waiting for 0.143373 seconds
2025-12-01 15:06:43.172 66280 INFO tempest.lib.common.rest_client [req-8b06594d-e8c5-46d4-ac65-66a4e4f06a41 req-8b06594d-e8c5-46d4-ac65-66a4e4f06a41 ] Request (ExtensionsTest:setUpClass): 201 POST http://10.180.1.21/identity/v3/auth/tokens 0.088s
2025-12-01 15:06:43.198 66262 INFO tempest.lib.common.rest_client [req-50120e65-0467-4318-a876-2dd6497ef4d7 req-50120e65-0467-4318-a876-2dd6497ef4d7 ] Request (VolumesAssistedSnapshotsTest:_run_cleanups): 202 DELETE http://10.180.1.21/volume/v3/volumes/54f20e3e-e427-4481-b248-ed78adc494a3 0.055s
2025-12-01 15:06:43.211 66280 INFO tempest.lib.common.rest_client [req-749c7583-a599-4817-87a6-7fcf0a86e890 req-749c7583-a599-4817-87a6-7fcf0a86e890 ] Request (ExtensionsTest:setUpClass): 201 POST http://10.180.1.21/identity/v3/auth/tokens 0.037s
2025-12-01 15:06:43.236 66262 INFO tempest.lib.common.rest_client [req-a152ad1c-240f-4cdc-ae0f-6e2da196c13a req-a152ad1c-240f-4cdc-ae0f-6e2da196c13a ] Request (VolumesAssistedSnapshotsTest:_run_cleanups): 200 GET http://10.180.1.21/volume/v3/volumes/54f20e3e-e427-4481-b248-ed78adc494a3 0.038s
2025-12-01 15:06:43.250 66280 INFO tempest.lib.common.rest_client [req-55baf594-30e8-4c98-bb3b-0bbaf76b9802 req-55baf594-30e8-4c98-bb3b-0bbaf76b9802 ] Request (ExtensionsTest:setUpClass): 200 GET http://10.180.1.21/identity/v3/domains?name=Default 0.038s
2025-12-01 15:06:43.257 66242 INFO tempest.lib.common.rest_client [req-8117e957-fc86-4875-ba65-497379f4afa8 req-8117e957-fc86-4875-ba65-497379f4afa8 ] Request (ServersTestJSON:setUpClass): 200 GET http://10.180.1.21/compute/v2.1/servers/55303ba2-091f-4572-b20a-7fa3b5158f34 4.424s
2025-12-01 15:06:43.271 66242 INFO tempest.lib.common.ssh [-] Creating ssh connection to '10.180.180.209:22' as 'cirros' with public key authentication
2025-12-01 15:06:43.278 66288 INFO tempest.lib.common.rest_client [req-ffa747c0-12dc-4af9-8673-2a46c53be615 req-ffa747c0-12dc-4af9-8673-2a46c53be615 ] Request (ImagesDeleteNegativeTestJSON:test_delete_image_non_hex_string_id): 404 DELETE http://10.180.1.21/compute/v2.1/images/80e581e2-aa72-494d-8a20-75570dbb9a1j 3.428s
2025-12-01 15:06:43.286 66250 INFO tempest.lib.common.rest_client [req-c5f656c9-9c46-48e5-aeba-5d67be704329 req-c5f656c9-9c46-48e5-aeba-5d67be704329 ] Request (ServersAdminNegativeTestJSON:test_reset_state_server_nonexistent_server): 404 POST http://10.180.1.21/compute/v2.1/servers/999/action 3.428s
2025-12-01 15:06:43.290 66280 INFO tempest.lib.common.rest_client [req-e0f6ed9f-bf01-4c7d-975b-b547a8a535ab req-e0f6ed9f-bf01-4c7d-975b-b547a8a535ab ] Request (ExtensionsTest:setUpClass): 201 POST http://10.180.1.21/identity/v3/projects 0.040s
2025-12-01 15:06:43.362 66252 INFO tempest.lib.common.rest_client [req-f26547fd-5b08-4b30-ba63-2fe08cd1e405 req-f26547fd-5b08-4b30-ba63-2fe08cd1e405 ] Request (SecurityGroupRulesNegativeTestJSON:tearDownClass): 202 DELETE http://10.180.1.21/compute/v2.1/os-security-groups/d1caf2bf-f2e4-492f-825a-987d3dc4f650 3.538s
2025-12-01 15:06:43.382 66280 INFO tempest.lib.common.rest_client [req-8c160896-7c53-4a33-9d8b-3481038b3306 req-8c160896-7c53-4a33-9d8b-3481038b3306 ] Request (ExtensionsTest:setUpClass): 201 POST http://10.180.1.21/identity/v3/users 0.091s
2025-12-01 15:06:43.389 66230 INFO tempest.lib.common.rest_client [req-3099d042-7455-4a06-9e73-50240ddda9df req-3099d042-7455-4a06-9e73-50240ddda9df ] Request (ImagesTestJSON:test_create_image_from_suspended_server): 200 GET http://10.180.1.21/compute/v2.1/servers/325cf4bd-ccf2-4c7d-8f11-35c72af61e99 3.513s
2025-12-01 15:06:43.420 66280 INFO tempest.lib.common.rest_client [req-8f981d54-bd07-45c8-bedd-66dc4b1054e7 req-8f981d54-bd07-45c8-bedd-66dc4b1054e7 ] Request (ExtensionsTest:setUpClass): 200 GET http://10.180.1.21/identity/v3/roles 0.037s
2025-12-01 15:06:43.462 66280 INFO tempest.lib.common.rest_client [req-f2b9a260-ced5-4e60-b294-4b3ae8a4b45a req-f2b9a260-ced5-4e60-b294-4b3ae8a4b45a ] Request (ExtensionsTest:setUpClass): 204 PUT http://10.180.1.21/identity/v3/projects/9e4aef5ccb1340298616daf8c21cef54/users/30360515ac824b49bef190991f727f9a/roles/b79f92b8b2bd424a8d89491652687a81 0.041s
2025-12-01 15:06:43.462 66280 INFO tempest.lib.common.dynamic_creds [-] Dynamic test user 30360515ac824b49bef190991f727f9a is created with scope project and roles: ['member']
2025-12-01 15:06:43.462 66280 INFO tempest.lib.common.dynamic_creds [-] Acquired dynamic creds: credentials: Credentials: {'domain_id': 'default', 'domain_name': 'Default', 'username': 'tempest-ExtensionsTest-1539509700-project-member', 'project_domain_id': 'default', 'project_domain_name': 'Default', 'project_id': '9e4aef5ccb1340298616daf8c21cef54', 'project_name': 'tempest-ExtensionsTest-1539509700', 'tenant_id': '9e4aef5ccb1340298616daf8c21cef54', 'tenant_name': 'tempest-ExtensionsTest-1539509700', 'user_domain_id': 'default', 'user_domain_name': 'Default', 'user_id': '30360515ac824b49bef190991f727f9a', 'system': None}, Network: None, Subnet: None, Router: None
2025-12-01 15:06:43.462 66280 INFO tempest.lib.common.dynamic_creds [-] Created isolated network resources for: credentials: Credentials: {'domain_id': 'default', 'domain_name': 'Default', 'username': 'tempest-ExtensionsTest-1539509700-project-member', 'project_domain_id': 'default', 'project_domain_name': 'Default', 'project_id': '9e4aef5ccb1340298616daf8c21cef54', 'project_name': 'tempest-ExtensionsTest-1539509700', 'tenant_id': '9e4aef5ccb1340298616daf8c21cef54', 'tenant_name': 'tempest-ExtensionsTest-1539509700', 'user_domain_id': 'default', 'user_domain_name': 'Default', 'user_id': '30360515ac824b49bef190991f727f9a', 'system': None}, Network: None, Subnet: None, Router: None
2025-12-01 15:06:43.495 66244 INFO tempest.lib.common.rest_client [req-193c0979-0218-48a4-8505-736d35fc23be req-193c0979-0218-48a4-8505-736d35fc23be ] Request (ServerMetadataTestJSON:tearDownClass): 204 DELETE http://10.180.1.21/compute/v2.1/servers/a69d1f46-5eae-4344-912a-57719ae52147 3.585s
2025-12-01 15:06:43.519 66284 INFO tempest.lib.common.rest_client [req-c11aeecc-8acd-4249-8ed4-2b9ac1743df5 req-c11aeecc-8acd-4249-8ed4-2b9ac1743df5 ] Request (FlavorsAdminTestJSON:test_is_public_string_variations): 200 POST http://10.180.1.21/compute/v2.1/flavors 3.547s
2025-12-01 15:06:43.563 66280 INFO tempest.lib.common.rest_client [req-7b760ee1-a9fe-4e3f-8f91-985467d8adbf req-7b760ee1-a9fe-4e3f-8f91-985467d8adbf ] Request (ExtensionsTest:setUpClass): 201 POST http://10.180.1.21/identity/v3/auth/tokens 0.097s
2025-12-01 15:06:43.585 66232 INFO tempest.lib.common.rest_client [req-204be5d4-38e2-4208-9cd6-4a9d0d639989 req-204be5d4-38e2-4208-9cd6-4a9d0d639989 ] Request (AggregatesAdminNegativeTestJSON:test_aggregate_remove_host_as_user): 200 POST http://10.180.1.21/compute/v2.1/os-aggregates/7/action 3.636s
2025-12-01 15:06:43.621 66254 INFO tempest.lib.common.rest_client [req-4ead4fba-4cb9-4135-a123-e3a36b88664b req-4ead4fba-4cb9-4135-a123-e3a36b88664b ] Request (ImagesMetadataTestJSON:test_delete_image_metadata_item): 200 GET http://10.180.1.21/compute/v2.1/images/7ee715bb-f05f-4b34-8c5b-adbbe41f3360/metadata 3.246s
2025-12-01 15:06:43.873 66271 INFO tempest.lib.common.rest_client [req-8224db3e-2c64-4ef4-9913-b2c9b3ea5516 req-8224db3e-2c64-4ef4-9913-b2c9b3ea5516 ] Request (ServerDiskConfigTestJSON:setUpClass): 200 PUT http://10.180.1.21/networking/v2.0/routers/c4518c85-abc5-4dc4-9b8d-3e5b8f139a59/add_router_interface 1.066s
2025-12-01 15:06:43.873 66271 INFO tempest.lib.common.dynamic_creds [-] Created isolated network resources for: credentials: Credentials: {'domain_id': 'default', 'domain_name': 'Default', 'username': 'tempest-ServerDiskConfigTestJSON-435034562-project-member', 'project_domain_id': 'default', 'project_domain_name': 'Default', 'project_id': 'eb556b479feb441cbe7cf02f8441336c', 'project_name': 'tempest-ServerDiskConfigTestJSON-435034562', 'tenant_id': 'eb556b479feb441cbe7cf02f8441336c', 'tenant_name': 'tempest-ServerDiskConfigTestJSON-435034562', 'user_domain_id': 'default', 'user_domain_name': 'Default', 'user_id': '935f20218b2b4e1485c42437e91396fd', 'system': None}, Network: {'id': '1125496c-a9f0-4fdf-ad8a-b56e2f30f89f', 'name': 'tempest-ServerDiskConfigTestJSON-567454421-network', 'tenant_id': 'eb556b479feb441cbe7cf02f8441336c', 'project_id': 'eb556b479feb441cbe7cf02f8441336c', 'admin_state_up': True, 'mtu': 8950, 'status': 'ACTIVE', 'subnets': [], 'shared': False, 'port_security_enabled': True, 'router:external': False, 'provider:network_type': 'vlan', 'provider:physical_network': 'default', 'provider:segmentation_id': 546, 'availability_zone_hints': [], 'availability_zones': [], 'ipv4_address_scope': None, 'ipv6_address_scope': None, 'description': '', 'tags': [], 'created_at': '2025-12-01T15:06:40Z', 'updated_at': '2025-12-01T15:06:40Z', 'revision_number': 1}, Subnet: {'id': 'e0b1c536-fe2c-4ecf-9da0-1e2dffc6a341', 'name': 'tempest-ServerDiskConfigTestJSON-567454421-subnet', 'tenant_id': 'eb556b479feb441cbe7cf02f8441336c', 'network_id': '1125496c-a9f0-4fdf-ad8a-b56e2f30f89f', 'ip_version': 4, 'subnetpool_id': None, 'enable_dhcp': True, 'ipv6_ra_mode': None, 'ipv6_address_mode': None, 'gateway_ip': '192.168.128.1', 'cidr': '192.168.128.0/28', 'allocation_pools': [{'start': '192.168.128.2', 'end': '192.168.128.14'}], 'host_routes': [], 'dns_nameservers': [], 'description': '', 'router:external': False, 'service_types': [], 'tags': [], 'created_at': '2025-12-01T15:06:41Z', 'updated_at': '2025-12-01T15:06:41Z', 'revision_number': 0, 'project_id': 'eb556b479feb441cbe7cf02f8441336c'}, Router: {'id': 'c4518c85-abc5-4dc4-9b8d-3e5b8f139a59', 'name': 'tempest-ServerDiskConfigTestJSON-567454421-router', 'tenant_id': 'eb556b479feb441cbe7cf02f8441336c', 'admin_state_up': True, 'status': 'ACTIVE', 'external_gateway_info': {'network_id': 'e8882898-8dfa-4b1a-b4c1-8f11a96968cb', 'external_fixed_ips': [{'subnet_id': '388c5414-fc28-45c1-a006-49d0778f45d1', 'ip_address': '10.180.180.180'}], 'enable_snat': True}, 'description': '', 'availability_zones': [], 'distributed': False, 'ha': False, 'availability_zone_hints': [], 'routes': [], 'flavor_id': None, 'tags': [], 'created_at': '2025-12-01T15:06:41Z', 'updated_at': '2025-12-01T15:06:42Z', 'revision_number': 2, 'project_id': 'eb556b479feb441cbe7cf02f8441336c'}
2025-12-01 15:06:43.877 66248 INFO tempest.lib.common.rest_client [req-b7c61467-52fa-4e39-a02e-d99d4cbf9eda req-b7c61467-52fa-4e39-a02e-d99d4cbf9eda ] Request (ServersTestBootFromVolume:setUpClass): 200 GET http://10.180.1.21/volume/v3/volumes/0d5becf8-a63d-4202-8f02-8b42d6595657 0.037s
2025-12-01 15:06:43.950 66278 INFO tempest.lib.common.rest_client [req-34ab5277-4803-475d-b143-005ce985bda9 req-34ab5277-4803-475d-b143-005ce985bda9 ] Request (InstanceActionsV221TestJSON:test_get_list_deleted_instance_actions): 200 GET http://10.180.1.21/compute/v2.1/servers/a5971702-c8ec-44d7-9b73-172400d93d58 3.590s
2025-12-01 15:06:43.960 66278 INFO tempest.common.waiters [-] State transition "ACTIVE/deleting" ==> "DELETED/None" after 4 second wait
2025-12-01 15:06:43.991 66272 INFO tempest.lib.common.rest_client [req-f396ad67-869c-4736-8fb7-2b3f097f18e9 req-f396ad67-869c-4736-8fb7-2b3f097f18e9 ] Request (ServerActionsTestOtherB:test_create_backup): 200 GET http://10.180.1.21/image/v2/images/2198ea8d-7d14-4a64-965b-bf5a93857574 0.021s
2025-12-01 15:06:43.996 66271 INFO tempest.lib.common.rest_client [req-573c27de-4efd-4fdd-897c-a38679e56dd4 req-573c27de-4efd-4fdd-897c-a38679e56dd4 ] Request (ServerDiskConfigTestJSON:setUpClass): 201 POST http://10.180.1.21/identity/v3/auth/tokens 0.117s
2025-12-01 15:06:44.043 66271 INFO tempest.lib.common.rest_client [req-80466845-6890-4f97-b1a3-44e1d256b6fe req-80466845-6890-4f97-b1a3-44e1d256b6fe ] Request (ServerDiskConfigTestJSON:test_rebuild_server_with_auto_disk_config): 201 POST http://10.180.1.21/identity/v3/auth/tokens 0.042s
2025-12-01 15:06:44.044 66271 INFO tempest.lib.common.fixed_network [-] (ServerDiskConfigTestJSON:test_rebuild_server_with_auto_disk_config) Found network {'id': '1125496c-a9f0-4fdf-ad8a-b56e2f30f89f', 'name': 'tempest-ServerDiskConfigTestJSON-567454421-network', 'tenant_id': 'eb556b479feb441cbe7cf02f8441336c', 'project_id': 'eb556b479feb441cbe7cf02f8441336c', 'admin_state_up': True, 'mtu': 8950, 'status': 'ACTIVE', 'subnets': [], 'shared': False, 'port_security_enabled': True, 'router:external': False, 'provider:network_type': 'vlan', 'provider:physical_network': 'default', 'provider:segmentation_id': 546, 'availability_zone_hints': [], 'availability_zones': [], 'ipv4_address_scope': None, 'ipv6_address_scope': None, 'description': '', 'tags': [], 'created_at': '2025-12-01T15:06:40Z', 'updated_at': '2025-12-01T15:06:40Z', 'revision_number': 1} available for tenant
2025-12-01 15:06:44.098 66275 INFO tempest.lib.common.rest_client [req-7ab8b6ac-86ae-4388-83ff-82f2ab3e9f79 req-7ab8b6ac-86ae-4388-83ff-82f2ab3e9f79 ] Request (DeleteServersTestJSON:test_delete_server_while_in_attached_volume): 204 DELETE http://10.180.1.21/compute/v2.1/servers/d9c0dc4a-5082-45fc-ad62-764a79a9ae53 3.206s
2025-12-01 15:06:44.219 66252 INFO tempest.lib.common.rest_client [req-7301df17-f0cd-4071-ab70-c6f29dca87d5 req-7301df17-f0cd-4071-ab70-c6f29dca87d5 ] Request (SecurityGroupRulesNegativeTestJSON:tearDownClass): 200 PUT http://10.180.1.21/networking/v2.0/routers/aa2e19f3-9e94-4a9d-8641-5a0831822aa0/remove_router_interface 0.856s
2025-12-01 15:06:44.221 66259 INFO tempest.lib.common.rest_client [req-534169ea-b630-444c-9445-5a810a6fc3b7 req-534169ea-b630-444c-9445-5a810a6fc3b7 ] Request (SecurityGroupsTestJSON:test_security_groups_create_list_delete): 202 DELETE http://10.180.1.21/compute/v2.1/os-security-groups/9a1d79ba-3b71-4b17-b745-006da05668ae 3.647s
2025-12-01 15:06:44.223 66234 INFO tempest.lib.common.rest_client [req-ce59f6bb-d4e2-4bdc-924c-32f385344e97 req-ce59f6bb-d4e2-4bdc-924c-32f385344e97 ] Request (QuotasAdminTestJSON:test_update_all_quota_resources_for_tenant): 200 GET http://10.180.1.21/compute/v2.1/os-quota-sets/5296eebe9c1947bfaeff5c71ae9301d3/defaults 2.964s
2025-12-01 15:06:44.292 66262 INFO tempest.lib.common.rest_client [req-fa915969-0d57-42ad-8747-4b1a4caf0279 req-fa915969-0d57-42ad-8747-4b1a4caf0279 ] Request (VolumesAssistedSnapshotsTest:_run_cleanups): 200 GET http://10.180.1.21/volume/v3/volumes/54f20e3e-e427-4481-b248-ed78adc494a3 0.047s
2025-12-01 15:06:44.354 66236 INFO tempest.lib.common.rest_client [req-3de5c103-b73a-494c-9dd0-825cd1a3c397 req-3de5c103-b73a-494c-9dd0-825cd1a3c397 ] Request (HypervisorAdminTestJSON:test_get_hypervisor_list): 200 GET http://10.180.1.21/compute/v2.1/os-hypervisors 2.494s
2025-12-01 15:06:44.412 66290 INFO tempest.lib.common.rest_client [req-c6a80c09-008b-4052-a3b1-57d147d32f5a req-c6a80c09-008b-4052-a3b1-57d147d32f5a ] Request (ServerAddressesNegativeTestJSON:test_list_server_addresses_by_network_neg): 404 GET http://10.180.1.21/compute/v2.1/servers/9c7e0bf8-7817-4d35-be4c-c0f07110db2b/ips/invalid 1.886s
2025-12-01 15:06:44.743 66256 INFO tempest.lib.common.rest_client [req-5ac0991c-0af4-4d5a-9dde-b8eb7e94a564 req-5ac0991c-0af4-4d5a-9dde-b8eb7e94a564 ] Request (ServersAdminTestJSON:test_inject_network_info): 200 GET http://10.180.1.21/compute/v2.1/servers/8afd34ac-f7c7-491d-b324-ce4245ebda55 3.376s
2025-12-01 15:06:44.769 66228 INFO tempest.lib.common.rest_client [req-b94e84ab-4582-46cf-8a70-61e5818b0b2e req-b94e84ab-4582-46cf-8a70-61e5818b0b2e ] Request (KeyPairsV22TestJSON:_run_cleanups): 204 DELETE http://10.180.1.21/compute/v2.1/os-keypairs/tempest-keypair-1281913281 1.946s
2025-12-01 15:06:44.777 66268 INFO tempest.lib.common.rest_client [req-3a6d7a19-e3f7-4d69-82d8-56d8c45ea4ea req-3a6d7a19-e3f7-4d69-82d8-56d8c45ea4ea ] Request (MultipleCreateNegativeTestJSON:test_max_count_non_integer): 400 POST http://10.180.1.21/compute/v2.1/servers 1.843s
2025-12-01 15:06:44.783 66252 INFO tempest.lib.common.rest_client [req-5ab26c99-1ee0-45b6-8feb-d91347f92741 req-5ab26c99-1ee0-45b6-8feb-d91347f92741 ] Request (SecurityGroupRulesNegativeTestJSON:tearDownClass): 204 DELETE http://10.180.1.21/networking/v2.0/routers/aa2e19f3-9e94-4a9d-8641-5a0831822aa0 0.564s
2025-12-01 15:06:44.808 66246 INFO tempest.lib.common.rest_client [req-cebd08b9-8f1f-40c2-bc5a-c52fb4954320 req-cebd08b9-8f1f-40c2-bc5a-c52fb4954320 ] Request (DeleteServersAdminTestJSON:tearDownClass): 404 DELETE http://10.180.1.21/compute/v2.1/servers/ef43c37c-6d6e-428c-be2a-9211cb708a6f 1.861s
2025-12-01 15:06:44.875 66268 INFO tempest.lib.common.rest_client [req-e2670378-c759-4de0-b2f0-b1397c096f6e req-e2670378-c759-4de0-b2f0-b1397c096f6e ] Request (MultipleCreateNegativeTestJSON:test_min_count_less_than_one): 201 POST http://10.180.1.21/identity/v3/auth/tokens 0.090s
2025-12-01 15:06:44.876 66268 INFO tempest.lib.common.fixed_network [-] (MultipleCreateNegativeTestJSON:test_min_count_less_than_one) Found network None available for tenant
2025-12-01 15:06:44.898 66282 INFO tempest.lib.common.rest_client [req-4fd3fa24-fe6a-4793-8ac2-3bf1263c5c84 req-4fd3fa24-fe6a-4793-8ac2-3bf1263c5c84 ] Request (ServerTagsTestJSON:test_create_delete_tag): 201 PUT http://10.180.1.21/compute/v2.1/servers/55b73223-3e95-4fff-9e75-ac20745361d2/tags/tempest-tag-1591834909 1.932s
2025-12-01 15:06:44.932 66248 INFO tempest.lib.common.rest_client [req-1b02fcca-e136-4191-9172-072dc426cbc9 req-1b02fcca-e136-4191-9172-072dc426cbc9 ] Request (ServersTestBootFromVolume:setUpClass): 200 GET http://10.180.1.21/volume/v3/volumes/0d5becf8-a63d-4202-8f02-8b42d6595657 0.039s
2025-12-01 15:06:45.028 66272 INFO tempest.lib.common.rest_client [req-20baa792-584e-4cf4-b16b-eccf56db4935 req-20baa792-584e-4cf4-b16b-eccf56db4935 ] Request (ServerActionsTestOtherB:test_create_backup): 200 GET http://10.180.1.21/image/v2/images/2198ea8d-7d14-4a64-965b-bf5a93857574 0.036s
2025-12-01 15:06:45.050 66252 INFO tempest.lib.common.rest_client [req-f9030738-912a-4003-84a5-10fb869e7929 req-f9030738-912a-4003-84a5-10fb869e7929 ] Request (SecurityGroupRulesNegativeTestJSON:tearDownClass): 204 DELETE http://10.180.1.21/networking/v2.0/subnets/eecf3c32-c1e3-41cf-9a0f-84a80d998ba7 0.266s
2025-12-01 15:06:45.052 66266 INFO tempest.lib.common.rest_client [req-852c6268-4a7c-4b97-b4dd-58a0d8016728 req-852c6268-4a7c-4b97-b4dd-58a0d8016728 ] Request (KeyPairsV2TestJSON:test_get_keypair_detail): 200 POST http://10.180.1.21/compute/v2.1/os-keypairs 2.022s
2025-12-01 15:06:45.095 66260 INFO tempest.lib.common.rest_client [req-c3f08c7b-b66d-4971-8133-9d4c4cd79ad7 req-c3f08c7b-b66d-4971-8133-9d4c4cd79ad7 ] Request (ListImagesTestJSON:test_list_images_with_detail): 200 GET http://10.180.1.21/compute/v2.1/images/detail 2.060s
2025-12-01 15:06:45.104 66276 INFO tempest.lib.common.rest_client [req-4a5f6a97-8c6a-4678-b61b-437313ac2f27 req-4a5f6a97-8c6a-4678-b61b-437313ac2f27 ] Request (ImagesOneServerNegativeTestJSON:setUp): 200 GET http://10.180.1.21/compute/v2.1/servers/598c6e68-0dfc-451a-9b31-d8781b3eb4d1 2.307s
2025-12-01 15:06:45.115 66288 INFO tempest.lib.common.rest_client [req-787a9f89-753b-43e6-8245-5e5a8710bb9c req-787a9f89-753b-43e6-8245-5e5a8710bb9c ] Request (ImagesDeleteNegativeTestJSON:test_delete_image_with_id_over_character_limit): 404 DELETE http://10.180.1.21/compute/v2.1/images/9d51fd15-3113-4f47-8fa2-2eadc5183a1b1 1.836s
2025-12-01 15:06:45.148 66284 INFO tempest.lib.common.rest_client [req-596ae183-446f-42c9-aafc-1d1066b232fb req-596ae183-446f-42c9-aafc-1d1066b232fb ] Request (FlavorsAdminTestJSON:test_is_public_string_variations): 200 GET http://10.180.1.21/compute/v2.1/flavors/detail?is_public=f 1.625s
2025-12-01 15:06:45.202 66280 INFO tempest.lib.common.rest_client [req-0bc07cc0-0052-4304-8566-6de111c9a506 req-0bc07cc0-0052-4304-8566-6de111c9a506 ] Request (ExtensionsTest:test_get_extension): 200 GET http://10.180.1.21/compute/v2.1/extensions/os-consoles 1.637s
2025-12-01 15:06:45.211 66232 INFO tempest.lib.common.rest_client [req-553d96d5-51fa-4145-bc8d-bba4a7048351 req-553d96d5-51fa-4145-bc8d-bba4a7048351 ] Request (AggregatesAdminNegativeTestJSON:test_aggregate_remove_host_as_user): 403 POST http://10.180.1.21/compute/v2.1/os-aggregates/7/action 1.623s
2025-12-01 15:06:45.330 66260 INFO tempest.lib.common.rest_client [req-a0cefc89-5c2b-42cd-bc13-24a5c74e9cfc req-a0cefc89-5c2b-42cd-bc13-24a5c74e9cfc ] Request (ListImagesTestJSON:tearDownClass): 204 DELETE http://10.180.1.21/identity/v3/users/5b941cadc5074866bf04f0c9414c8020 0.221s
2025-12-01 15:06:45.330 66260 INFO tempest.lib.common.dynamic_creds [-] Deleting project and security group for project: e4dcb6703a364a64ad4e54b7b60a6c12
2025-12-01 15:06:45.345 66262 INFO tempest.lib.common.rest_client [req-8684fb46-1030-4018-aed1-2ec7ac774985 req-8684fb46-1030-4018-aed1-2ec7ac774985 ] Request (VolumesAssistedSnapshotsTest:_run_cleanups): 200 GET http://10.180.1.21/volume/v3/volumes/54f20e3e-e427-4481-b248-ed78adc494a3 0.042s
2025-12-01 15:06:45.436 66260 INFO tempest.lib.common.rest_client [req-254b6aed-e4c7-497b-b2e4-1b303d7cf16e req-254b6aed-e4c7-497b-b2e4-1b303d7cf16e ] Request (ListImagesTestJSON:tearDownClass): 201 POST http://10.180.1.21/identity/v3/auth/tokens 0.105s
2025-12-01 15:06:45.478 66254 INFO tempest.lib.common.rest_client [req-9e340abe-5e7d-4c41-9ffb-e0af07d8ae5a req-9e340abe-5e7d-4c41-9ffb-e0af07d8ae5a ] Request (ImagesMetadataTestJSON:setUp): 200 PUT http://10.180.1.21/compute/v2.1/images/7ee715bb-f05f-4b34-8c5b-adbbe41f3360/metadata 1.855s
2025-12-01 15:06:45.634 66252 INFO tempest.lib.common.rest_client [req-d332e0a2-f03f-412e-a496-81cfd9f59200 req-d332e0a2-f03f-412e-a496-81cfd9f59200 ] Request (SecurityGroupRulesNegativeTestJSON:tearDownClass): 204 DELETE http://10.180.1.21/networking/v2.0/networks/d3abc917-5c59-44c3-9819-c22d7eb20b37 0.584s
2025-12-01 15:06:45.732 66252 INFO tempest.lib.common.rest_client [req-21a463e3-e13d-41de-9e7c-69485576c262 req-21a463e3-e13d-41de-9e7c-69485576c262 ] Request (SecurityGroupRulesNegativeTestJSON:tearDownClass): 204 DELETE http://10.180.1.21/identity/v3/users/f304e4cefab0495fb15cd8416ee3b6a9 0.097s
2025-12-01 15:06:45.733 66252 INFO tempest.lib.common.dynamic_creds [-] Deleting project and security group for project: 022618f9c579470c9efae74ad2f37fc1
2025-12-01 15:06:45.971 66248 INFO tempest.lib.common.rest_client [req-45271d65-3017-4530-8571-c15d7eb568c4 req-45271d65-3017-4530-8571-c15d7eb568c4 ] Request (ServersTestBootFromVolume:setUpClass): 200 GET http://10.180.1.21/volume/v3/volumes/0d5becf8-a63d-4202-8f02-8b42d6595657 0.030s
2025-12-01 15:06:46.010 66260 INFO tempest.lib.common.rest_client [req-13584356-2f01-4cb9-896d-731e37b15168 req-13584356-2f01-4cb9-896d-731e37b15168 ] Request (ListImagesTestJSON:tearDownClass): 200 GET http://10.180.1.21/networking/v2.0/security-groups?tenant_id=e4dcb6703a364a64ad4e54b7b60a6c12&name=default 0.574s
2025-12-01 15:06:46.047 66272 INFO tempest.lib.common.rest_client [req-353a931e-410c-4e35-baeb-1fcc84e14ede req-353a931e-410c-4e35-baeb-1fcc84e14ede ] Request (ServerActionsTestOtherB:test_create_backup): 200 GET http://10.180.1.21/image/v2/images/2198ea8d-7d14-4a64-965b-bf5a93857574 0.016s
2025-12-01 15:06:46.185 66244 INFO tempest.lib.common.rest_client [req-de2f6ba5-f4f6-4a7e-a336-86464fbb8589 req-de2f6ba5-f4f6-4a7e-a336-86464fbb8589 ] Request (ServerMetadataTestJSON:tearDownClass): 200 GET http://10.180.1.21/compute/v2.1/servers/a69d1f46-5eae-4344-912a-57719ae52147 2.690s
2025-12-01 15:06:46.199 66252 INFO tempest.lib.common.rest_client [req-b3a77c6d-7a60-47d2-b82c-61afecf90d94 req-b3a77c6d-7a60-47d2-b82c-61afecf90d94 ] Request (SecurityGroupRulesNegativeTestJSON:tearDownClass): 200 GET http://10.180.1.21/networking/v2.0/security-groups?tenant_id=022618f9c579470c9efae74ad2f37fc1&name=default 0.466s
