2025-12-09 01:48:33.749 66310 INFO tempest.lib.common.rest_client [req-bc298492-126a-4af7-b518-b085e0ffccb0 req-bc298492-126a-4af7-b518-b085e0ffccb0 ] Request (QuotasAdminTestV236:_run_cleanups): 204 DELETE http://10.180.1.21/identity/v3/projects/22b55ef2fe37447ca55e14fe6b0be79f 0.126s
2025-12-09 01:48:33.790 66360 INFO tempest.lib.common.rest_client [req-9251f3d1-ace8-4ae0-9098-a888691e8716 req-9251f3d1-ace8-4ae0-9098-a888691e8716 ] Request (ListImageFiltersTestJSON:setUpClass): 200 GET http://10.180.1.21/compute/v2.1/images/92178b27-42d4-4a0a-87dc-33b028800ec4 0.127s
2025-12-09 01:48:33.798 66368 INFO tempest.lib.common.rest_client [req-5b9ada27-586e-4378-852c-0a2b3dd92a81 req-5b9ada27-586e-4378-852c-0a2b3dd92a81 ] Request (VolumesAdminNegativeTest:tearDownClass): 204 DELETE http://10.180.1.21/compute/v2.1/servers/d5f6b40d-0a53-4b4f-8402-e2dfc798c766 0.229s
2025-12-09 01:48:33.890 66354 INFO tempest.lib.common.rest_client [req-f5ef3b9c-015e-4cda-8ea1-e1465918d658 req-f5ef3b9c-015e-4cda-8ea1-e1465918d658 ] Request (DeleteServersAdminTestJSON:test_delete_server_while_in_error_state): 200 GET http://10.180.1.21/compute/v2.1/servers/2a244155-d879-41fb-ba71-2030db3a6629 0.106s
2025-12-09 01:48:33.926 66310 INFO tempest.lib.common.rest_client [req-22037b73-83d0-4468-acc6-9eb9b831c68d req-22037b73-83d0-4468-acc6-9eb9b831c68d ] Request (QuotasAdminTestV236:tearDownClass): 204 DELETE http://10.180.1.21/identity/v3/users/4704e314950f4327bc1eba2584a94272 0.175s
2025-12-09 01:48:33.934 66348 INFO tempest.lib.common.rest_client [req-ebeca540-001c-4747-aad4-2d6bbcc20cdd req-ebeca540-001c-4747-aad4-2d6bbcc20cdd ] Request (ServersAdminTestJSON:setUpClass): 200 GET http://10.180.1.21/compute/v2.1/servers/8316103d-3017-4143-b0e5-ff9f4cd76ef2 0.235s
2025-12-09 01:48:33.945 66348 INFO tempest.common.waiters [-] State transition "BUILD/block_device_mapping" ==> "BUILD/spawning" after 24 second wait
2025-12-09 01:48:34.040 66368 INFO tempest.lib.common.rest_client [req-dff18e71-6428-491e-8986-fb3f0919befc req-dff18e71-6428-491e-8986-fb3f0919befc ] Request (VolumesAdminNegativeTest:tearDownClass): 200 GET http://10.180.1.21/compute/v2.1/servers/d5f6b40d-0a53-4b4f-8402-e2dfc798c766 0.241s
2025-12-09 01:48:34.043 66310 INFO tempest.lib.common.rest_client [req-0ca978d2-36b8-440f-9c93-a7484ca1fb28 req-0ca978d2-36b8-440f-9c93-a7484ca1fb28 ] Request (QuotasAdminTestV236:tearDownClass): 204 DELETE http://10.180.1.21/identity/v3/users/fb8e8d8fac004f94981313748807de7a 0.117s
2025-12-09 01:48:34.044 66310 INFO tempest.lib.common.dynamic_creds [-] Deleting project and security group for project: 8dba8d14168d4711b47efa3a0ea82fc0
2025-12-09 01:48:34.047 66320 INFO tempest.lib.common.rest_client [req-599decc2-8c3a-4eb5-82f7-51b08bcc044a req-599decc2-8c3a-4eb5-82f7-51b08bcc044a ] Request (ServersWithSpecificFlavorTestJSON:test_verify_created_server_ephemeral_disk): 200 GET http://10.180.1.21/compute/v2.1/servers/6627faa5-d684-4589-9492-a565e5e65da0 0.122s
2025-12-09 01:48:34.105 66332 INFO tempest.lib.common.rest_client [req-2c7adfa8-42ae-4c1d-97f8-f4bd53790184 req-2c7adfa8-42ae-4c1d-97f8-f4bd53790184 ] Request (ServerShowV254Test:tearDownClass): 200 GET http://10.180.1.21/compute/v2.1/servers/32222c16-daad-4ce2-80ab-5e0c94016496 0.158s
2025-12-09 01:48:34.112 66310 INFO tempest.lib.common.rest_client [req-9ed571e0-44ad-4b01-b16e-adc76f8e674f req-9ed571e0-44ad-4b01-b16e-adc76f8e674f ] Request (QuotasAdminTestV236:tearDownClass): 201 POST http://10.180.1.21/identity/v3/auth/tokens 0.068s
2025-12-09 01:48:34.115 66332 INFO tempest.common.waiters [-] State transition "ACTIVE/deleting" ==> "DELETED/None" after 4 second wait
2025-12-09 01:48:34.119 66312 INFO tempest.lib.common.rest_client [req-10e9c7cf-6354-4c1e-a5d0-d292ea81685f req-10e9c7cf-6354-4c1e-a5d0-d292ea81685f ] Request (InstanceActionsTestJSON:tearDownClass): 200 GET http://10.180.1.21/compute/v2.1/servers/938b7e34-d6b1-4e9f-b9a9-21addfef60a8 0.120s
2025-12-09 01:48:34.158 66324 INFO tempest.lib.common.rest_client [req-959c15aa-68a8-4589-96f1-42b44f7ed644 req-959c15aa-68a8-4589-96f1-42b44f7ed644 ] Request (ServersNegativeTestJSON:setUpClass): 200 GET http://10.180.1.21/compute/v2.1/servers/866e22bf-ebe9-4f7d-91a5-393648cd6eeb 0.152s
2025-12-09 01:48:34.195 66358 INFO tempest.lib.common.rest_client [req-efff7d94-1be2-448a-afe2-3e1c7f904922 req-efff7d94-1be2-448a-afe2-3e1c7f904922 ] Request (ServersAdminNegativeTestJSON:tearDownClass): 200 GET http://10.180.1.21/compute/v2.1/servers/1ad90e2f-6c66-4329-a575-57366095e221 0.115s
2025-12-09 01:48:34.297 66310 INFO tempest.lib.common.rest_client [req-925b7a9d-982a-4d6e-a0b4-a9f6c6793fbd req-925b7a9d-982a-4d6e-a0b4-a9f6c6793fbd ] Request (QuotasAdminTestV236:tearDownClass): 200 GET http://10.180.1.21/networking/v2.0/security-groups?tenant_id=8dba8d14168d4711b47efa3a0ea82fc0&name=default 0.185s
2025-12-09 01:48:34.319 66336 INFO tempest.lib.common.rest_client [req-3eb61304-7dd0-43c3-81cd-b467fc0440e8 req-3eb61304-7dd0-43c3-81cd-b467fc0440e8 ] Request (MigrationsAdminTest:test_resize_server_revert_deleted_flavor): 200 GET http://10.180.1.21/compute/v2.1/servers/9bd6ec87-7382-4c1b-9dec-cff5685da34f 0.084s
2025-12-09 01:48:34.337 66308 INFO tempest.lib.common.rest_client [req-cbecda79-2bf1-4a03-9462-a799efad7811 req-cbecda79-2bf1-4a03-9462-a799efad7811 ] Request (SecurityGroupsTestJSON:test_list_security_groups_by_server): 200 GET http://10.180.1.21/compute/v2.1/servers/36eb2a6b-8bf8-4e7c-a9f7-b4f3de0a02b9 0.109s
2025-12-09 01:48:34.348 66308 INFO tempest.common.waiters [-] State transition "BUILD/None" ==> "BUILD/networking" after 25 second wait
2025-12-09 01:48:34.446 66310 INFO tempest.lib.common.rest_client [req-dccc951b-827a-4526-b535-08b2c00576ea req-dccc951b-827a-4526-b535-08b2c00576ea ] Request (QuotasAdminTestV236:tearDownClass): 204 DELETE http://10.180.1.21/networking/v2.0/security-groups/a05b269b-5656-4d68-b2df-e76557ac9a26 0.149s
2025-12-09 01:48:34.485 66316 INFO tempest.lib.common.rest_client [req-fd8b6b54-5157-4e6c-8bb5-41d0ba44de60 req-fd8b6b54-5157-4e6c-8bb5-41d0ba44de60 ] Request (ServersTestBootFromVolume:setUpClass): 200 GET http://10.180.1.21/volume/v3/volumes/f67012e2-4a9c-41d9-b2c5-640a2d50c42e 0.038s
2025-12-09 01:48:34.505 66340 INFO tempest.lib.common.rest_client [req-24b5375c-10ad-43cd-a8eb-7d30bc878772 req-24b5375c-10ad-43cd-a8eb-7d30bc878772 ] Request (VolumesAssistedSnapshotsTest:tearDownClass): 200 GET http://10.180.1.21/compute/v2.1/servers/8ab34219-78fb-4397-81bc-be811e709ede 0.110s
2025-12-09 01:48:34.538 66310 INFO tempest.lib.common.rest_client [req-a47a9fa9-e21f-44a7-9fcd-c08e1d030f06 req-a47a9fa9-e21f-44a7-9fcd-c08e1d030f06 ] Request (QuotasAdminTestV236:tearDownClass): 204 DELETE http://10.180.1.21/identity/v3/projects/8dba8d14168d4711b47efa3a0ea82fc0 0.091s
2025-12-09 01:48:34.539 66310 INFO tempest.lib.common.dynamic_creds [-] Deleting project and security group for project: 709af24360cf42cf8a57593fc8ed9191
2025-12-09 01:48:34.687 66310 INFO tempest.lib.common.rest_client [req-f4fdd0ed-2404-47c6-9eff-7822a36aaff5 req-f4fdd0ed-2404-47c6-9eff-7822a36aaff5 ] Request (QuotasAdminTestV236:tearDownClass): 200 GET http://10.180.1.21/networking/v2.0/security-groups?tenant_id=709af24360cf42cf8a57593fc8ed9191&name=default 0.148s
2025-12-09 01:48:34.703 66306 WARNING tempest.lib.common.ssh [-] Failed to establish authenticated ssh connection to cirros@10.180.180.210 ([Errno None] Unable to connect to port 22 on 10.180.180.210). Number attempts: 5. Retry after 6 seconds.: paramiko.ssh_exception.NoValidConnectionsError: [Errno None] Unable to connect to port 22 on 10.180.180.210
2025-12-09 01:48:34.710 66342 INFO tempest.lib.common.rest_client [req-c21d2133-768c-42cc-ae5f-8bed7edff1b2 req-c21d2133-768c-42cc-ae5f-8bed7edff1b2 ] Request (ListServersNegativeTestJSON:tearDownClass): 200 GET http://10.180.1.21/compute/v2.1/servers/c3ea459f-35cd-498f-b425-d8d6d53766d8 0.202s
2025-12-09 01:48:34.729 66322 INFO tempest.lib.common.rest_client [req-3aca68d8-34a2-4178-82b8-d880806841d3 req-3aca68d8-34a2-4178-82b8-d880806841d3 ] Request (ImagesOneServerTestJSON:test_create_image_specify_multibyte_character_image_name): 200 GET http://10.180.1.21/compute/v2.1/servers/7315701e-da37-4379-9448-65ee289ef71f 0.306s
2025-12-09 01:48:34.734 66346 INFO tempest.lib.common.rest_client [req-ecf1ea77-3034-40bd-bf51-2304f94f3a73 req-ecf1ea77-3034-40bd-bf51-2304f94f3a73 ] Request (DeleteServersTestJSON:test_delete_active_server): 404 GET http://10.180.1.21/compute/v2.1/servers/7da935e8-431b-493f-8453-2be9d2bce734 0.123s
2025-12-09 01:48:34.812 66346 INFO tempest.lib.common.rest_client [req-03b5132c-5111-4b7f-80fb-2247b0f0a2f5 req-03b5132c-5111-4b7f-80fb-2247b0f0a2f5 ] Request (DeleteServersTestJSON:test_delete_server_while_in_attached_volume): 201 POST http://10.180.1.21/identity/v3/auth/tokens 0.073s
2025-12-09 01:48:34.813 66346 INFO tempest.lib.common.fixed_network [-] (DeleteServersTestJSON:test_delete_server_while_in_attached_volume) Found network {'id': 'aba78f57-f4d7-4dde-a7dd-5a075aec8514', 'name': 'tempest-DeleteServersTestJSON-1218564545-network', 'tenant_id': '6337a35d557842689003ba7670cfc3a1', 'project_id': '6337a35d557842689003ba7670cfc3a1', 'admin_state_up': True, 'mtu': 8950, 'status': 'ACTIVE', 'subnets': [], 'shared': False, 'port_security_enabled': True, 'router:external': False, 'provider:network_type': 'vlan', 'provider:physical_network': 'default', 'provider:segmentation_id': 709, 'availability_zone_hints': [], 'availability_zones': [], 'ipv4_address_scope': None, 'ipv6_address_scope': None, 'description': '', 'tags': [], 'created_at': '2025-12-09T01:47:21Z', 'updated_at': '2025-12-09T01:47:21Z', 'revision_number': 1} available for tenant
2025-12-09 01:48:34.825 66310 INFO tempest.lib.common.rest_client [req-f5ba272e-2808-422d-9d5b-7344e39d91c2 req-f5ba272e-2808-422d-9d5b-7344e39d91c2 ] Request (QuotasAdminTestV236:tearDownClass): 204 DELETE http://10.180.1.21/networking/v2.0/security-groups/31f94026-de63-4b1a-8e1a-150cc77fb0d4 0.138s
2025-12-09 01:48:34.842 66314 INFO tempest.lib.common.rest_client [req-900ebfa9-8175-4b4d-bcdd-c536c5bd5b8a req-900ebfa9-8175-4b4d-bcdd-c536c5bd5b8a ] Request (FloatingIPsAssociationTestJSON:tearDownClass): 200 GET http://10.180.1.21/compute/v2.1/servers/8d7507d3-7d2f-4d8f-a5bf-00d78283dbfe 0.220s
2025-12-09 01:48:34.865 66338 INFO tempest.lib.common.rest_client [req-32859b39-8930-42bf-94e5-81a3b9820f25 req-32859b39-8930-42bf-94e5-81a3b9820f25 ] Request (ServerActionsV293TestJSON:setUpClass): 200 GET http://10.180.1.21/compute/v2.1/servers/455affa9-4be8-469d-812d-19494323239d 0.174s
2025-12-09 01:48:34.939 66344 INFO tempest.lib.common.rest_client [req-fd0a1477-90fe-4031-a7ec-0d6f664efc48 req-fd0a1477-90fe-4031-a7ec-0d6f664efc48 ] Request (ServerDiskConfigTestJSON:test_rebuild_server_with_manual_disk_config): 200 GET http://10.180.1.21/compute/v2.1/servers/3d1c711e-52fa-4c41-9ede-8b7881c305ca 0.233s
2025-12-09 01:48:34.964 66362 INFO tempest.lib.common.rest_client [req-c3cbca41-2c7e-423d-b05a-92e43e971e36 req-c3cbca41-2c7e-423d-b05a-92e43e971e36 ] Request (ServerTagsTestJSON:setUpClass): 200 GET http://10.180.1.21/compute/v2.1/servers/a221a04d-dd8a-45db-81ef-7b7bc0c06b03 0.212s
2025-12-09 01:48:34.966 66310 INFO tempest.lib.common.rest_client [req-db613db3-476f-4da4-827b-a41bb4153f40 req-db613db3-476f-4da4-827b-a41bb4153f40 ] Request (QuotasAdminTestV236:tearDownClass): 204 DELETE http://10.180.1.21/identity/v3/projects/709af24360cf42cf8a57593fc8ed9191 0.140s
2025-12-09 01:48:34.988 66360 INFO tempest.lib.common.rest_client [req-04a28074-8957-457c-bfc2-57de93e94457 req-04a28074-8957-457c-bfc2-57de93e94457 ] Request (ListImageFiltersTestJSON:setUpClass): 200 GET http://10.180.1.21/compute/v2.1/images/92178b27-42d4-4a0a-87dc-33b028800ec4 0.193s
2025-12-09 01:48:35.023 66350 WARNING tempest.lib.common.ssh [-] Failed to establish authenticated ssh connection to cirros@10.180.180.224 ([Errno None] Unable to connect to port 22 on 10.180.180.224). Number attempts: 5. Retry after 6 seconds.: paramiko.ssh_exception.NoValidConnectionsError: [Errno None] Unable to connect to port 22 on 10.180.180.224
2025-12-09 01:48:35.057 66310 INFO tempest.lib.common.rest_client [req-92511a0b-bb31-4055-be9b-04412622fdee req-92511a0b-bb31-4055-be9b-04412622fdee ] Request (FloatingIPsAssociationNegativeTestJSON:setUpClass): 201 POST http://10.180.1.21/identity/v3/auth/tokens 0.089s
2025-12-09 01:48:35.103 66310 INFO tempest.lib.common.rest_client [req-89da8702-b60d-459c-a9bf-014fdb3460bb req-89da8702-b60d-459c-a9bf-014fdb3460bb ] Request (FloatingIPsAssociationNegativeTestJSON:setUpClass): 201 POST http://10.180.1.21/identity/v3/auth/tokens 0.043s
2025-12-09 01:48:35.138 66354 INFO tempest.lib.common.rest_client [req-7c69445c-3222-4efb-9560-39abab8c9600 req-7c69445c-3222-4efb-9560-39abab8c9600 ] Request (DeleteServersAdminTestJSON:test_delete_server_while_in_error_state): 200 GET http://10.180.1.21/compute/v2.1/servers/2a244155-d879-41fb-ba71-2030db3a6629 0.240s
2025-12-09 01:48:35.141 66310 INFO tempest.lib.common.rest_client [req-832c6f2b-e2c8-4d3c-9d72-bb309da8fc20 req-832c6f2b-e2c8-4d3c-9d72-bb309da8fc20 ] Request (FloatingIPsAssociationNegativeTestJSON:setUpClass): 200 GET http://10.180.1.21/identity/v3/domains?name=Default 0.038s
2025-12-09 01:48:35.180 66310 INFO tempest.lib.common.rest_client [req-15a06e0a-af34-4b61-9bd6-e882bf26e131 req-15a06e0a-af34-4b61-9bd6-e882bf26e131 ] Request (FloatingIPsAssociationNegativeTestJSON:setUpClass): 201 POST http://10.180.1.21/identity/v3/projects 0.038s
2025-12-09 01:48:35.245 66310 INFO tempest.lib.common.rest_client [req-ce7f1cb5-ebf1-45fe-a125-80253dda0562 req-ce7f1cb5-ebf1-45fe-a125-80253dda0562 ] Request (FloatingIPsAssociationNegativeTestJSON:setUpClass): 201 POST http://10.180.1.21/identity/v3/users 0.065s
2025-12-09 01:48:35.276 66310 INFO tempest.lib.common.rest_client [req-9faef1a2-20de-49d2-9153-8f36645aa3ce req-9faef1a2-20de-49d2-9153-8f36645aa3ce ] Request (FloatingIPsAssociationNegativeTestJSON:setUpClass): 200 GET http://10.180.1.21/identity/v3/roles 0.030s
2025-12-09 01:48:35.313 66310 INFO tempest.lib.common.rest_client [req-579f3744-3340-4978-b6d9-293448cbb21a req-579f3744-3340-4978-b6d9-293448cbb21a ] Request (FloatingIPsAssociationNegativeTestJSON:setUpClass): 204 PUT http://10.180.1.21/identity/v3/projects/a615d44393a74c70aadb4ded3bacdbb5/users/24d9aba64b404968a54ad02197258410/roles/5b4c57925c054eecad4d27791a48abc0 0.037s
2025-12-09 01:48:35.314 66310 INFO tempest.lib.common.dynamic_creds [-] Dynamic test user 24d9aba64b404968a54ad02197258410 is created with scope project and roles: ['member']
2025-12-09 01:48:35.314 66310 INFO tempest.lib.common.dynamic_creds [-] Acquired dynamic creds: credentials: Credentials: {'domain_id': 'default', 'domain_name': 'Default', 'username': 'tempest-FloatingIPsAssociationNegativeTestJSON-1166418249-project-member', 'project_domain_id': 'default', 'project_domain_name': 'Default', 'project_id': 'a615d44393a74c70aadb4ded3bacdbb5', 'project_name': 'tempest-FloatingIPsAssociationNegativeTestJSON-1166418249', 'tenant_id': 'a615d44393a74c70aadb4ded3bacdbb5', 'tenant_name': 'tempest-FloatingIPsAssociationNegativeTestJSON-1166418249', 'user_domain_id': 'default', 'user_domain_name': 'Default', 'user_id': '24d9aba64b404968a54ad02197258410', 'system': None}, Network: None, Subnet: None, Router: None
2025-12-09 01:48:35.356 66348 INFO tempest.lib.common.rest_client [req-691a4f27-8490-4620-a3ab-81199f104e87 req-691a4f27-8490-4620-a3ab-81199f104e87 ] Request (ServersAdminTestJSON:setUpClass): 200 GET http://10.180.1.21/compute/v2.1/servers/8316103d-3017-4143-b0e5-ff9f4cd76ef2 0.410s
2025-12-09 01:48:35.389 66310 INFO tempest.lib.common.rest_client [req-6cc2a7ed-f9f4-4501-b614-7f1a90df9f8c req-6cc2a7ed-f9f4-4501-b614-7f1a90df9f8c ] Request (FloatingIPsAssociationNegativeTestJSON:setUpClass): 201 POST http://10.180.1.21/identity/v3/auth/tokens 0.075s
2025-12-09 01:48:35.485 66346 INFO tempest.lib.common.rest_client [req-8557a4ea-cc63-46b2-802c-5f5dc502e9b4 req-8557a4ea-cc63-46b2-802c-5f5dc502e9b4 ] Request (DeleteServersTestJSON:test_delete_server_while_in_attached_volume): 202 POST http://10.180.1.21/compute/v2.1/servers 0.671s
2025-12-09 01:48:35.533 66316 INFO tempest.lib.common.rest_client [req-3fb48d3a-342a-4126-aeb1-8617abda501d req-3fb48d3a-342a-4126-aeb1-8617abda501d ] Request (ServersTestBootFromVolume:setUpClass): 200 GET http://10.180.1.21/volume/v3/volumes/f67012e2-4a9c-41d9-b2c5-640a2d50c42e 0.036s
2025-12-09 01:48:35.697 66310 INFO tempest.lib.common.rest_client [req-77da93f8-2686-4034-98d6-d86e5e6c3eb0 req-77da93f8-2686-4034-98d6-d86e5e6c3eb0 ] Request (FloatingIPsAssociationNegativeTestJSON:setUpClass): 201 POST http://10.180.1.21/networking/v2.0/networks 0.307s
2025-12-09 01:48:35.982 66310 INFO tempest.lib.common.rest_client [req-af8126c3-6ea0-473c-b3f2-494bd39f74b5 req-af8126c3-6ea0-473c-b3f2-494bd39f74b5 ] Request (FloatingIPsAssociationNegativeTestJSON:setUpClass): 201 POST http://10.180.1.21/networking/v2.0/subnets 0.284s
2025-12-09 01:48:36.028 66368 INFO tempest.lib.common.rest_client [req-414693d3-6f3d-4985-ae2a-89854acc87e1 req-414693d3-6f3d-4985-ae2a-89854acc87e1 ] Request (VolumesAdminNegativeTest:tearDownClass): 200 GET http://10.180.1.21/compute/v2.1/servers/d5f6b40d-0a53-4b4f-8402-e2dfc798c766 0.979s
2025-12-09 01:48:36.055 66320 INFO tempest.lib.common.rest_client [req-6d65fc69-54c2-4ec8-9506-55ad59430a9a req-6d65fc69-54c2-4ec8-9506-55ad59430a9a ] Request (ServersWithSpecificFlavorTestJSON:test_verify_created_server_ephemeral_disk): 200 GET http://10.180.1.21/compute/v2.1/servers/6627faa5-d684-4589-9492-a565e5e65da0 0.998s
2025-12-09 01:48:36.266 66330 WARNING tempest.lib.common.ssh [-] Failed to establish authenticated ssh connection to cirros@10.180.180.168 ([Errno None] Unable to connect to port 22 on 10.180.180.168). Number attempts: 4. Retry after 5 seconds.: paramiko.ssh_exception.NoValidConnectionsError: [Errno None] Unable to connect to port 22 on 10.180.180.168
2025-12-09 01:48:36.555 66332 INFO tempest.lib.common.rest_client [req-b5837d52-70a0-479f-832d-1f15707713a2 req-b5837d52-70a0-479f-832d-1f15707713a2 ] Request (ServerShowV254Test:tearDownClass): 200 GET http://10.180.1.21/compute/v2.1/servers/32222c16-daad-4ce2-80ab-5e0c94016496 1.438s
2025-12-09 01:48:36.588 66316 INFO tempest.lib.common.rest_client [req-ddb3158c-3f94-4918-a6ea-ea716cd9d9c1 req-ddb3158c-3f94-4918-a6ea-ea716cd9d9c1 ] Request (ServersTestBootFromVolume:setUpClass): 200 GET http://10.180.1.21/volume/v3/volumes/f67012e2-4a9c-41d9-b2c5-640a2d50c42e 0.045s
2025-12-09 01:48:36.816 66312 INFO tempest.lib.common.rest_client [req-6bac9076-997e-493c-b15e-3b39f1a9f053 req-6bac9076-997e-493c-b15e-3b39f1a9f053 ] Request (InstanceActionsTestJSON:tearDownClass): 200 GET http://10.180.1.21/compute/v2.1/servers/938b7e34-d6b1-4e9f-b9a9-21addfef60a8 1.689s
2025-12-09 01:48:36.834 66310 INFO tempest.lib.common.rest_client [req-d80f73a1-94bc-404d-b195-57b0577d6ab2 req-d80f73a1-94bc-404d-b195-57b0577d6ab2 ] Request (FloatingIPsAssociationNegativeTestJSON:setUpClass): 201 POST http://10.180.1.21/networking/v2.0/routers 0.852s
2025-12-09 01:48:36.857 66324 INFO tempest.lib.common.rest_client [req-c2ef3cc6-f9c4-445b-ac95-167a9e33e396 req-c2ef3cc6-f9c4-445b-ac95-167a9e33e396 ] Request (ServersNegativeTestJSON:setUpClass): 200 GET http://10.180.1.21/compute/v2.1/servers/866e22bf-ebe9-4f7d-91a5-393648cd6eeb 1.692s
2025-12-09 01:48:36.899 66358 INFO tempest.lib.common.rest_client [req-bd4d9b98-c495-4458-84df-ba6d47087977 req-bd4d9b98-c495-4458-84df-ba6d47087977 ] Request (ServersAdminNegativeTestJSON:tearDownClass): 200 GET http://10.180.1.21/compute/v2.1/servers/1ad90e2f-6c66-4329-a575-57366095e221 1.693s
2025-12-09 01:48:36.922 66336 INFO tempest.lib.common.rest_client [req-de99fd86-6021-4a24-90cb-b1118c55c498 req-de99fd86-6021-4a24-90cb-b1118c55c498 ] Request (MigrationsAdminTest:test_resize_server_revert_deleted_flavor): 200 GET http://10.180.1.21/compute/v2.1/servers/9bd6ec87-7382-4c1b-9dec-cff5685da34f 1.596s
2025-12-09 01:48:37.015 66346 INFO tempest.lib.common.rest_client [req-1e6435d9-d76a-41f1-87b1-83841be2615b req-1e6435d9-d76a-41f1-87b1-83841be2615b ] Request (DeleteServersTestJSON:test_delete_server_while_in_attached_volume): 200 GET http://10.180.1.21/compute/v2.1/servers/007223d6-88d1-4b23-92d1-d33f1a374b65 1.529s
2025-12-09 01:48:37.048 66308 INFO tempest.lib.common.rest_client [req-e619b3b7-f305-42fd-b0c7-293d954572ae req-e619b3b7-f305-42fd-b0c7-293d954572ae ] Request (SecurityGroupsTestJSON:test_list_security_groups_by_server): 200 GET http://10.180.1.21/compute/v2.1/servers/36eb2a6b-8bf8-4e7c-a9f7-b4f3de0a02b9 1.699s
2025-12-09 01:48:37.055 66308 INFO tempest.common.waiters [-] State transition "BUILD/networking" ==> "BUILD/spawning" after 28 second wait
2025-12-09 01:48:37.083 66340 INFO tempest.lib.common.rest_client [req-80f829d5-6588-45d3-8dc8-bc54f9cb6a08 req-80f829d5-6588-45d3-8dc8-bc54f9cb6a08 ] Request (VolumesAssistedSnapshotsTest:tearDownClass): 200 GET http://10.180.1.21/compute/v2.1/servers/8ab34219-78fb-4397-81bc-be811e709ede 1.563s
2025-12-09 01:48:37.112 66342 INFO tempest.lib.common.rest_client [req-7f00de44-bfda-4c9b-b765-f9b92ffb2d6e req-7f00de44-bfda-4c9b-b765-f9b92ffb2d6e ] Request (ListServersNegativeTestJSON:tearDownClass): 200 GET http://10.180.1.21/compute/v2.1/servers/c3ea459f-35cd-498f-b425-d8d6d53766d8 1.395s
2025-12-09 01:48:37.195 66322 INFO tempest.lib.common.rest_client [req-bd98f680-4cea-4b17-b13f-8e26c47819f0 req-bd98f680-4cea-4b17-b13f-8e26c47819f0 ] Request (ImagesOneServerTestJSON:test_create_image_specify_multibyte_character_image_name): 200 GET http://10.180.1.21/compute/v2.1/servers/7315701e-da37-4379-9448-65ee289ef71f 1.453s
2025-12-09 01:48:37.206 66322 INFO tempest.common.waiters [-] State transition "ACTIVE/image_uploading" ==> "ACTIVE/None" after 4 second wait
2025-12-09 01:48:37.265 66314 INFO tempest.lib.common.rest_client [req-4a05d0ef-cba5-430e-945b-e5c84139b6ee req-4a05d0ef-cba5-430e-945b-e5c84139b6ee ] Request (FloatingIPsAssociationTestJSON:tearDownClass): 200 GET http://10.180.1.21/compute/v2.1/servers/8d7507d3-7d2f-4d8f-a5bf-00d78283dbfe 1.411s
2025-12-09 01:48:37.292 66338 INFO tempest.lib.common.rest_client [req-be4497b9-d9eb-4693-a5f4-1d8222316375 req-be4497b9-d9eb-4693-a5f4-1d8222316375 ] Request (ServerActionsV293TestJSON:setUpClass): 200 GET http://10.180.1.21/compute/v2.1/servers/455affa9-4be8-469d-812d-19494323239d 1.410s
2025-12-09 01:48:37.619 66364 WARNING tempest.lib.common.ssh [-] Failed to establish authenticated ssh connection to cirros@10.180.180.229 ([Errno None] Unable to connect to port 22 on 10.180.180.229). Number attempts: 5. Retry after 6 seconds.: paramiko.ssh_exception.NoValidConnectionsError: [Errno None] Unable to connect to port 22 on 10.180.180.229
2025-12-09 01:48:37.632 66316 INFO tempest.lib.common.rest_client [req-503745e7-d1e3-4565-a52b-41665b094b9d req-503745e7-d1e3-4565-a52b-41665b094b9d ] Request (ServersTestBootFromVolume:setUpClass): 200 GET http://10.180.1.21/volume/v3/volumes/f67012e2-4a9c-41d9-b2c5-640a2d50c42e 0.035s
2025-12-09 01:48:37.668 66344 INFO tempest.lib.common.rest_client [req-d87ce472-58e4-4d7d-9a9c-d7de1bbccbf4 req-d87ce472-58e4-4d7d-9a9c-d7de1bbccbf4 ] Request (ServerDiskConfigTestJSON:test_rebuild_server_with_manual_disk_config): 200 GET http://10.180.1.21/compute/v2.1/servers/3d1c711e-52fa-4c41-9ede-8b7881c305ca 1.711s
2025-12-09 01:48:37.682 66362 INFO tempest.lib.common.rest_client [req-cb7c7b68-e339-4df1-a42f-e262e957e178 req-cb7c7b68-e339-4df1-a42f-e262e957e178 ] Request (ServerTagsTestJSON:setUpClass): 200 GET http://10.180.1.21/compute/v2.1/servers/a221a04d-dd8a-45db-81ef-7b7bc0c06b03 1.706s
2025-12-09 01:48:37.718 66354 INFO tempest.lib.common.rest_client [req-3696bf82-6fa9-4ee2-8886-f996694e554e req-3696bf82-6fa9-4ee2-8886-f996694e554e ] Request (DeleteServersAdminTestJSON:test_delete_server_while_in_error_state): 404 GET http://10.180.1.21/compute/v2.1/servers/2a244155-d879-41fb-ba71-2030db3a6629 1.569s
2025-12-09 01:48:37.722 66360 INFO tempest.lib.common.rest_client [req-47ffe4bf-0fc9-4ed6-a04c-6ac6b9d25fc3 req-47ffe4bf-0fc9-4ed6-a04c-6ac6b9d25fc3 ] Request (ListImageFiltersTestJSON:setUpClass): 200 GET http://10.180.1.21/compute/v2.1/images/92178b27-42d4-4a0a-87dc-33b028800ec4 1.730s
2025-12-09 01:48:37.773 66310 INFO tempest.lib.common.rest_client [req-b618a08d-0be6-4dc6-b11b-62624c014ec4 req-b618a08d-0be6-4dc6-b11b-62624c014ec4 ] Request (FloatingIPsAssociationNegativeTestJSON:setUpClass): 200 PUT http://10.180.1.21/networking/v2.0/routers/f2d78c6c-9a20-4219-99f7-cb10f90ea0b6/add_router_interface 0.938s
2025-12-09 01:48:37.773 66310 INFO tempest.lib.common.dynamic_creds [-] Created isolated network resources for: credentials: Credentials: {'domain_id': 'default', 'domain_name': 'Default', 'username': 'tempest-FloatingIPsAssociationNegativeTestJSON-1166418249-project-member', 'project_domain_id': 'default', 'project_domain_name': 'Default', 'project_id': 'a615d44393a74c70aadb4ded3bacdbb5', 'project_name': 'tempest-FloatingIPsAssociationNegativeTestJSON-1166418249', 'tenant_id': 'a615d44393a74c70aadb4ded3bacdbb5', 'tenant_name': 'tempest-FloatingIPsAssociationNegativeTestJSON-1166418249', 'user_domain_id': 'default', 'user_domain_name': 'Default', 'user_id': '24d9aba64b404968a54ad02197258410', 'system': None}, Network: {'id': '773fe2eb-acfb-4bd5-8eb2-5b6701757279', 'name': 'tempest-FloatingIPsAssociationNegativeTestJSON-1749407622-network', 'tenant_id': 'a615d44393a74c70aadb4ded3bacdbb5', 'project_id': 'a615d44393a74c70aadb4ded3bacdbb5', 'admin_state_up': True, 'mtu': 8950, 'status': 'ACTIVE', 'subnets': [], 'shared': False, 'port_security_enabled': True, 'router:external': False, 'provider:network_type': 'vlan', 'provider:physical_network': 'default', 'provider:segmentation_id': 18, 'availability_zone_hints': [], 'availability_zones': [], 'ipv4_address_scope': None, 'ipv6_address_scope': None, 'description': '', 'tags': [], 'created_at': '2025-12-09T01:48:35Z', 'updated_at': '2025-12-09T01:48:35Z', 'revision_number': 1}, Subnet: {'id': 'dbd295b8-610d-4e96-b8f5-a705db3a51b8', 'name': 'tempest-FloatingIPsAssociationNegativeTestJSON-1749407622-subnet', 'tenant_id': 'a615d44393a74c70aadb4ded3bacdbb5', 'network_id': '773fe2eb-acfb-4bd5-8eb2-5b6701757279', 'ip_version': 4, 'subnetpool_id': None, 'enable_dhcp': True, 'ipv6_ra_mode': None, 'ipv6_address_mode': None, 'gateway_ip': '192.168.128.1', 'cidr': '192.168.128.0/28', 'allocation_pools': [{'start': '192.168.128.2', 'end': '192.168.128.14'}], 'host_routes': [], 'dns_nameservers': [], 'description': '', 'router:external': False, 'service_types': [], 'tags': [], 'created_at': '2025-12-09T01:48:35Z', 'updated_at': '2025-12-09T01:48:35Z', 'revision_number': 0, 'project_id': 'a615d44393a74c70aadb4ded3bacdbb5'}, Router: {'id': 'f2d78c6c-9a20-4219-99f7-cb10f90ea0b6', 'name': 'tempest-FloatingIPsAssociationNegativeTestJSON-1749407622-router', 'tenant_id': 'a615d44393a74c70aadb4ded3bacdbb5', 'admin_state_up': True, 'status': 'ACTIVE', 'external_gateway_info': {'network_id': '9a43d4d8-5d78-4777-8779-d21f73e96684', 'external_fixed_ips': [{'subnet_id': 'a8d04fb8-f370-4a94-91da-f0c98890efc0', 'ip_address': '10.180.180.223'}], 'enable_snat': True}, 'description': '', 'availability_zones': [], 'distributed': False, 'ha': False, 'availability_zone_hints': [], 'routes': [], 'flavor_id': None, 'tags': [], 'created_at': '2025-12-09T01:48:36Z', 'updated_at': '2025-12-09T01:48:36Z', 'revision_number': 2, 'project_id': 'a615d44393a74c70aadb4ded3bacdbb5'}
2025-12-09 01:48:37.841 66318 WARNING tempest.lib.common.ssh [-] Failed to establish authenticated ssh connection to cirros@10.180.180.254 ([Errno None] Unable to connect to port 22 on 10.180.180.254). Number attempts: 2. Retry after 3 seconds.: paramiko.ssh_exception.NoValidConnectionsError: [Errno None] Unable to connect to port 22 on 10.180.180.254
2025-12-09 01:48:37.885 66310 INFO tempest.lib.common.rest_client [req-915dc319-b8b0-4421-a81f-5ce9b58c4b66 req-915dc319-b8b0-4421-a81f-5ce9b58c4b66 ] Request (FloatingIPsAssociationNegativeTestJSON:setUpClass): 201 POST http://10.180.1.21/identity/v3/auth/tokens 0.108s
2025-12-09 01:48:37.927 66368 INFO tempest.lib.common.rest_client [req-b2d07535-5445-472b-b0dd-87c0a2097273 req-b2d07535-5445-472b-b0dd-87c0a2097273 ] Request (VolumesAdminNegativeTest:tearDownClass): 200 GET http://10.180.1.21/compute/v2.1/servers/d5f6b40d-0a53-4b4f-8402-e2dfc798c766 0.890s
2025-12-09 01:48:37.933 66310 INFO tempest.lib.common.rest_client [req-4dcf6bf5-f8a0-47cc-a379-8e91a8e4e281 req-4dcf6bf5-f8a0-47cc-a379-8e91a8e4e281 ] Request (FloatingIPsAssociationNegativeTestJSON:setUpClass): 201 POST http://10.180.1.21/identity/v3/auth/tokens 0.043s
2025-12-09 01:48:37.934 66310 INFO tempest.lib.common.fixed_network [-] (FloatingIPsAssociationNegativeTestJSON:setUpClass) Found network {'id': '773fe2eb-acfb-4bd5-8eb2-5b6701757279', 'name': 'tempest-FloatingIPsAssociationNegativeTestJSON-1749407622-network', 'tenant_id': 'a615d44393a74c70aadb4ded3bacdbb5', 'project_id': 'a615d44393a74c70aadb4ded3bacdbb5', 'admin_state_up': True, 'mtu': 8950, 'status': 'ACTIVE', 'subnets': [], 'shared': False, 'port_security_enabled': True, 'router:external': False, 'provider:network_type': 'vlan', 'provider:physical_network': 'default', 'provider:segmentation_id': 18, 'availability_zone_hints': [], 'availability_zones': [], 'ipv4_address_scope': None, 'ipv6_address_scope': None, 'description': '', 'tags': [], 'created_at': '2025-12-09T01:48:35Z', 'updated_at': '2025-12-09T01:48:35Z', 'revision_number': 1} available for tenant
2025-12-09 01:48:37.999 66348 INFO tempest.lib.common.rest_client [req-bfd14970-d363-4b87-9683-6c4b86216d30 req-bfd14970-d363-4b87-9683-6c4b86216d30 ] Request (ServersAdminTestJSON:setUpClass): 200 GET http://10.180.1.21/compute/v2.1/servers/8316103d-3017-4143-b0e5-ff9f4cd76ef2 1.633s
2025-12-09 01:48:38.117 66322 INFO tempest.lib.common.rest_client [req-00b4a805-cef7-4a26-840e-8045558add6c req-00b4a805-cef7-4a26-840e-8045558add6c ] Request (ImagesOneServerTestJSON:tearDownClass): 204 DELETE http://10.180.1.21/compute/v2.1/images/403e377d-2ad4-4f89-85ba-672483a60e10 0.910s
2025-12-09 01:48:38.249 66320 INFO tempest.lib.common.rest_client [req-b0d6481a-6e80-4f1a-8030-e824d8bfd6fa req-b0d6481a-6e80-4f1a-8030-e824d8bfd6fa ] Request (ServersWithSpecificFlavorTestJSON:test_verify_created_server_ephemeral_disk): 200 GET http://10.180.1.21/compute/v2.1/servers/6627faa5-d684-4589-9492-a565e5e65da0 1.181s
2025-12-09 01:48:38.265 66332 INFO tempest.lib.common.rest_client [req-88df7f35-75b5-4eda-9701-fd2cfcdf6880 req-88df7f35-75b5-4eda-9701-fd2cfcdf6880 ] Request (ServerShowV254Test:tearDownClass): 200 GET http://10.180.1.21/compute/v2.1/servers/32222c16-daad-4ce2-80ab-5e0c94016496 0.698s
2025-12-09 01:48:38.272 66354 INFO tempest.lib.common.rest_client [req-6f729153-d40a-4f0e-84d3-17106912b0cf req-6f729153-d40a-4f0e-84d3-17106912b0cf ] Request (DeleteServersAdminTestJSON:tearDownClass): 404 DELETE http://10.180.1.21/compute/v2.1/servers/2a244155-d879-41fb-ba71-2030db3a6629 0.552s
2025-12-09 01:48:38.449 66312 INFO tempest.lib.common.rest_client [req-26d86b29-8526-4ca4-961e-4f4a2460023b req-26d86b29-8526-4ca4-961e-4f4a2460023b ] Request (InstanceActionsTestJSON:tearDownClass): 200 GET http://10.180.1.21/compute/v2.1/servers/938b7e34-d6b1-4e9f-b9a9-21addfef60a8 0.624s
2025-12-09 01:48:38.521 66324 INFO tempest.lib.common.rest_client [req-b30633c4-3566-4114-aa43-8fa01d8c8fa1 req-b30633c4-3566-4114-aa43-8fa01d8c8fa1 ] Request (ServersNegativeTestJSON:setUpClass): 200 GET http://10.180.1.21/compute/v2.1/servers/866e22bf-ebe9-4f7d-91a5-393648cd6eeb 0.655s
2025-12-09 01:48:38.530 66324 INFO tempest.common.waiters [-] State transition "BUILD/None" ==> "BUILD/spawning" after 24 second wait
2025-12-09 01:48:38.540 66358 INFO tempest.lib.common.rest_client [req-0fdf6c35-26f7-4f10-ac36-988b66377f10 req-0fdf6c35-26f7-4f10-ac36-988b66377f10 ] Request (ServersAdminNegativeTestJSON:tearDownClass): 200 GET http://10.180.1.21/compute/v2.1/servers/1ad90e2f-6c66-4329-a575-57366095e221 0.632s
2025-12-09 01:48:38.587 66336 INFO tempest.lib.common.rest_client [req-41abb391-4112-4c5f-b9c1-fd6a45361236 req-41abb391-4112-4c5f-b9c1-fd6a45361236 ] Request (MigrationsAdminTest:test_resize_server_revert_deleted_flavor): 200 GET http://10.180.1.21/compute/v2.1/servers/9bd6ec87-7382-4c1b-9dec-cff5685da34f 0.656s
2025-12-09 01:48:38.648 66346 INFO tempest.lib.common.rest_client [req-8a289461-d4b7-468c-80c1-1c43082a1735 req-8a289461-d4b7-468c-80c1-1c43082a1735 ] Request (DeleteServersTestJSON:test_delete_server_while_in_attached_volume): 200 GET http://10.180.1.21/compute/v2.1/servers/007223d6-88d1-4b23-92d1-d33f1a374b65 0.621s
2025-12-09 01:48:38.678 66316 INFO tempest.lib.common.rest_client [req-7a1b45c8-8dc1-44ee-9ad5-0737510df2b8 req-7a1b45c8-8dc1-44ee-9ad5-0737510df2b8 ] Request (ServersTestBootFromVolume:setUpClass): 200 GET http://10.180.1.21/volume/v3/volumes/f67012e2-4a9c-41d9-b2c5-640a2d50c42e 0.037s
2025-12-09 01:48:38.819 66308 INFO tempest.lib.common.rest_client [req-55645836-65cc-41a7-b1d7-576560637819 req-55645836-65cc-41a7-b1d7-576560637819 ] Request (SecurityGroupsTestJSON:test_list_security_groups_by_server): 200 GET http://10.180.1.21/compute/v2.1/servers/36eb2a6b-8bf8-4e7c-a9f7-b4f3de0a02b9 0.763s
2025-12-09 01:48:38.918 66340 INFO tempest.lib.common.rest_client [req-8147d405-28ec-41f0-83cd-11b335cb4a24 req-8147d405-28ec-41f0-83cd-11b335cb4a24 ] Request (VolumesAssistedSnapshotsTest:tearDownClass): 200 GET http://10.180.1.21/compute/v2.1/servers/8ab34219-78fb-4397-81bc-be811e709ede 0.827s
2025-12-09 01:48:38.936 66322 INFO tempest.lib.common.rest_client [req-8054a7c8-26b6-4cce-8cc4-866154d0bb1a req-8054a7c8-26b6-4cce-8cc4-866154d0bb1a ] Request (ImagesOneServerTestJSON:tearDownClass): 404 DELETE http://10.180.1.21/compute/v2.1/images/3e57261c-cf2c-4caf-bfe4-37e94563cc61 0.819s
2025-12-09 01:48:39.010 66342 INFO tempest.lib.common.rest_client [req-b1bf3b27-e3fb-4783-b245-eca8dfe3d208 req-b1bf3b27-e3fb-4783-b245-eca8dfe3d208 ] Request (ListServersNegativeTestJSON:tearDownClass): 200 GET http://10.180.1.21/compute/v2.1/servers/c3ea459f-35cd-498f-b425-d8d6d53766d8 0.889s
2025-12-09 01:48:39.031 66354 INFO tempest.lib.common.rest_client [req-27d07532-20cc-4280-b156-a63cec206d39 req-27d07532-20cc-4280-b156-a63cec206d39 ] Request (DeleteServersAdminTestJSON:tearDownClass): 404 GET http://10.180.1.21/compute/v2.1/servers/2a244155-d879-41fb-ba71-2030db3a6629 0.758s
2025-12-09 01:48:39.075 66310 INFO tempest.lib.common.rest_client [req-186c5a75-9ea4-440c-b1fd-efa5d5ffaa41 req-186c5a75-9ea4-440c-b1fd-efa5d5ffaa41 ] Request (FloatingIPsAssociationNegativeTestJSON:setUpClass): 202 POST http://10.180.1.21/compute/v2.1/servers 1.141s
2025-12-09 01:48:39.092 66314 INFO tempest.lib.common.rest_client [req-ad3927cf-0288-49d6-b1af-e99744441623 req-ad3927cf-0288-49d6-b1af-e99744441623 ] Request (FloatingIPsAssociationTestJSON:tearDownClass): 200 GET http://10.180.1.21/compute/v2.1/servers/8d7507d3-7d2f-4d8f-a5bf-00d78283dbfe 0.815s
2025-12-09 01:48:39.145 66338 INFO tempest.lib.common.rest_client [req-bd581ea6-6990-4274-a942-d656556cd6c7 req-bd581ea6-6990-4274-a942-d656556cd6c7 ] Request (ServerActionsV293TestJSON:setUpClass): 200 GET http://10.180.1.21/compute/v2.1/servers/455affa9-4be8-469d-812d-19494323239d 0.836s
2025-12-09 01:48:39.162 66344 INFO tempest.lib.common.rest_client [req-66460734-e20f-47df-9cba-3cd70b48538c req-66460734-e20f-47df-9cba-3cd70b48538c ] Request (ServerDiskConfigTestJSON:test_rebuild_server_with_manual_disk_config): 200 GET http://10.180.1.21/compute/v2.1/servers/3d1c711e-52fa-4c41-9ede-8b7881c305ca 0.477s
2025-12-09 01:48:39.208 66360 INFO tempest.lib.common.rest_client [req-ac645333-c472-424d-b3a7-5458122d9f79 req-ac645333-c472-424d-b3a7-5458122d9f79 ] Request (ListImageFiltersTestJSON:setUpClass): 200 GET http://10.180.1.21/compute/v2.1/images/92178b27-42d4-4a0a-87dc-33b028800ec4 0.481s
2025-12-09 01:48:39.209 66362 INFO tempest.lib.common.rest_client [req-322f94b0-d18e-45a8-b485-c441a3af45ea req-322f94b0-d18e-45a8-b485-c441a3af45ea ] Request (ServerTagsTestJSON:setUpClass): 200 GET http://10.180.1.21/compute/v2.1/servers/a221a04d-dd8a-45db-81ef-7b7bc0c06b03 0.515s
2025-12-09 01:48:39.283 66368 INFO tempest.lib.common.rest_client [req-8a7671b7-bc3a-4d38-aa5a-4983ff0f53ac req-8a7671b7-bc3a-4d38-aa5a-4983ff0f53ac ] Request (VolumesAdminNegativeTest:tearDownClass): 200 GET http://10.180.1.21/compute/v2.1/servers/d5f6b40d-0a53-4b4f-8402-e2dfc798c766 0.344s
2025-12-09 01:48:39.290 66368 INFO tempest.common.waiters [-] State transition "ACTIVE/deleting" ==> "DELETED/None" after 5 second wait
2025-12-09 01:48:39.311 66322 INFO tempest.lib.common.rest_client [req-90b8bcc4-8e1d-4625-853a-0f4c6f07d44e req-90b8bcc4-8e1d-4625-853a-0f4c6f07d44e ] Request (ImagesOneServerTestJSON:tearDownClass): 204 DELETE http://10.180.1.21/compute/v2.1/servers/7315701e-da37-4379-9448-65ee289ef71f 0.374s
2025-12-09 01:48:39.339 66354 INFO tempest.lib.common.rest_client [req-69419882-0491-4637-b0c4-00129444c76e req-69419882-0491-4637-b0c4-00129444c76e ] Request (DeleteServersAdminTestJSON:tearDownClass): 404 DELETE http://10.180.1.21/compute/v2.1/servers/8ba2823f-36ca-43fc-b43b-1ebdc84e1eec 0.307s
2025-12-09 01:48:39.375 66356 WARNING tempest.lib.common.ssh [-] Failed to establish authenticated ssh connection to cirros@10.180.180.191 ([Errno None] Unable to connect to port 22 on 10.180.180.191). Number attempts: 7. Retry after 8 seconds.: paramiko.ssh_exception.NoValidConnectionsError: [Errno None] Unable to connect to port 22 on 10.180.180.191
2025-12-09 01:48:39.386 66310 INFO tempest.lib.common.rest_client [req-46ceefb6-147c-44dd-bd4e-7fe2590b3e05 req-46ceefb6-147c-44dd-bd4e-7fe2590b3e05 ] Request (FloatingIPsAssociationNegativeTestJSON:setUpClass): 200 GET http://10.180.1.21/compute/v2.1/servers/0ac8350f-1f51-4ac7-94b6-f83966393f13 0.308s
2025-12-09 01:48:39.427 66348 INFO tempest.lib.common.rest_client [req-a2f6c2e9-6155-49f8-bfbb-70a85f10ee3a req-a2f6c2e9-6155-49f8-bfbb-70a85f10ee3a ] Request (ServersAdminTestJSON:setUpClass): 200 GET http://10.180.1.21/compute/v2.1/servers/8316103d-3017-4143-b0e5-ff9f4cd76ef2 0.419s
2025-12-09 01:48:39.499 66332 INFO tempest.lib.common.rest_client [req-e5318d3c-1ce8-4e02-a21d-161e600bd89b req-e5318d3c-1ce8-4e02-a21d-161e600bd89b ] Request (ServerShowV254Test:tearDownClass): 200 GET http://10.180.1.21/compute/v2.1/servers/32222c16-daad-4ce2-80ab-5e0c94016496 0.219s
2025-12-09 01:48:39.526 66320 INFO tempest.lib.common.rest_client [req-5fda37c0-86d6-4a4e-9e43-840432c26b6d req-5fda37c0-86d6-4a4e-9e43-840432c26b6d ] Request (ServersWithSpecificFlavorTestJSON:test_verify_created_server_ephemeral_disk): 200 GET http://10.180.1.21/compute/v2.1/servers/6627faa5-d684-4589-9492-a565e5e65da0 0.267s
2025-12-09 01:48:39.559 66354 INFO tempest.lib.common.rest_client [req-c841f74f-444b-4bed-9c84-47e2141bbca9 req-c841f74f-444b-4bed-9c84-47e2141bbca9 ] Request (DeleteServersAdminTestJSON:tearDownClass): 404 GET http://10.180.1.21/compute/v2.1/servers/8ba2823f-36ca-43fc-b43b-1ebdc84e1eec 0.219s
2025-12-09 01:48:39.637 66322 INFO tempest.lib.common.rest_client [req-62c433b0-eed7-4f05-b04f-5c73f31c5f64 req-62c433b0-eed7-4f05-b04f-5c73f31c5f64 ] Request (ImagesOneServerTestJSON:tearDownClass): 200 GET http://10.180.1.21/compute/v2.1/servers/7315701e-da37-4379-9448-65ee289ef71f 0.325s
2025-12-09 01:48:39.652 66312 INFO tempest.lib.common.rest_client [req-153409c7-3c88-4d88-ae45-a19d56f3b8d8 req-153409c7-3c88-4d88-ae45-a19d56f3b8d8 ] Request (InstanceActionsTestJSON:tearDownClass): 200 GET http://10.180.1.21/compute/v2.1/servers/938b7e34-d6b1-4e9f-b9a9-21addfef60a8 0.195s
2025-12-09 01:48:39.683 66354 INFO tempest.lib.common.rest_client [req-66c106a7-dd03-485e-bfb3-536501cf0b00 req-66c106a7-dd03-485e-bfb3-536501cf0b00 ] Request (DeleteServersAdminTestJSON:tearDownClass): 204 DELETE http://10.180.1.21/identity/v3/users/555a3783586b4df29c7b154d418532df 0.123s
2025-12-09 01:48:39.724 66316 INFO tempest.lib.common.rest_client [req-bd9b9564-7ced-407a-8dc6-dc41b0c96dfb req-bd9b9564-7ced-407a-8dc6-dc41b0c96dfb ] Request (ServersTestBootFromVolume:setUpClass): 200 GET http://10.180.1.21/volume/v3/volumes/f67012e2-4a9c-41d9-b2c5-640a2d50c42e 0.037s
2025-12-09 01:48:39.772 66358 INFO tempest.lib.common.rest_client [req-47eb71a2-0994-468f-89d6-1cd751091f5a req-47eb71a2-0994-468f-89d6-1cd751091f5a ] Request (ServersAdminNegativeTestJSON:tearDownClass): 200 GET http://10.180.1.21/compute/v2.1/servers/1ad90e2f-6c66-4329-a575-57366095e221 0.220s
2025-12-09 01:48:39.825 66324 INFO tempest.lib.common.rest_client [req-e617995e-2e85-4de2-8df1-828fa0ba24bb req-e617995e-2e85-4de2-8df1-828fa0ba24bb ] Request (ServersNegativeTestJSON:setUpClass): 200 GET http://10.180.1.21/compute/v2.1/servers/866e22bf-ebe9-4f7d-91a5-393648cd6eeb 0.286s
2025-12-09 01:48:39.842 66336 INFO tempest.lib.common.rest_client [req-eef5e30d-d2ec-4d47-8909-88532575f0fe req-eef5e30d-d2ec-4d47-8909-88532575f0fe ] Request (MigrationsAdminTest:test_resize_server_revert_deleted_flavor): 200 GET http://10.180.1.21/compute/v2.1/servers/9bd6ec87-7382-4c1b-9dec-cff5685da34f 0.247s
2025-12-09 01:48:39.846 66354 INFO tempest.lib.common.rest_client [req-9756d96f-f65b-40ae-bca2-d32b70aa31c0 req-9756d96f-f65b-40ae-bca2-d32b70aa31c0 ] Request (DeleteServersAdminTestJSON:tearDownClass): 204 DELETE http://10.180.1.21/identity/v3/users/df5f4b6997d84e098c3f11f842b692c5 0.163s
2025-12-09 01:48:39.846 66354 INFO tempest.lib.common.dynamic_creds [-] Deleting project and security group for project: 806d443eb10342feacf50ab86a41e3ee
2025-12-09 01:48:39.854 66336 INFO tempest.common.waiters [-] State transition "BUILD/None" ==> "BUILD/networking" after 18 second wait
2025-12-09 01:48:39.887 66346 INFO tempest.lib.common.rest_client [req-12e9c977-bed3-4fad-a10c-fcd41bfeda82 req-12e9c977-bed3-4fad-a10c-fcd41bfeda82 ] Request (DeleteServersTestJSON:test_delete_server_while_in_attached_volume): 200 GET http://10.180.1.21/compute/v2.1/servers/007223d6-88d1-4b23-92d1-d33f1a374b65 0.226s
2025-12-09 01:48:39.932 66354 INFO tempest.lib.common.rest_client [req-c14993b0-1eb6-4803-a581-eef33878e791 req-c14993b0-1eb6-4803-a581-eef33878e791 ] Request (DeleteServersAdminTestJSON:tearDownClass): 201 POST http://10.180.1.21/identity/v3/auth/tokens 0.085s
2025-12-09 01:48:40.057 66340 INFO tempest.lib.common.rest_client [req-cfa69ac8-ddfc-4051-a3d5-3530a9e6953f req-cfa69ac8-ddfc-4051-a3d5-3530a9e6953f ] Request (VolumesAssistedSnapshotsTest:tearDownClass): 200 GET http://10.180.1.21/compute/v2.1/servers/8ab34219-78fb-4397-81bc-be811e709ede 0.129s
2025-12-09 01:48:40.102 66308 INFO tempest.lib.common.rest_client [req-277a29a8-f965-42c5-81a2-769ac29547a2 req-277a29a8-f965-42c5-81a2-769ac29547a2 ] Request (SecurityGroupsTestJSON:test_list_security_groups_by_server): 200 GET http://10.180.1.21/compute/v2.1/servers/36eb2a6b-8bf8-4e7c-a9f7-b4f3de0a02b9 0.275s
2025-12-09 01:48:40.156 66354 INFO tempest.lib.common.rest_client [req-36cc002f-6613-4fbf-a0c4-82e87e90861a req-36cc002f-6613-4fbf-a0c4-82e87e90861a ] Request (DeleteServersAdminTestJSON:tearDownClass): 200 GET http://10.180.1.21/networking/v2.0/security-groups?tenant_id=806d443eb10342feacf50ab86a41e3ee&name=default 0.224s
2025-12-09 01:48:40.167 66342 INFO tempest.lib.common.rest_client [req-500d872c-9629-4f64-a0f7-883d5b84471c req-500d872c-9629-4f64-a0f7-883d5b84471c ] Request (ListServersNegativeTestJSON:tearDownClass): 200 GET http://10.180.1.21/compute/v2.1/servers/c3ea459f-35cd-498f-b425-d8d6d53766d8 0.148s
2025-12-09 01:48:40.274 66354 INFO tempest.lib.common.rest_client [req-a3f70650-e39b-4ce7-ac07-31e247365d0c req-a3f70650-e39b-4ce7-ac07-31e247365d0c ] Request (DeleteServersAdminTestJSON:tearDownClass): 204 DELETE http://10.180.1.21/networking/v2.0/security-groups/a950d93c-a9fe-4fdf-9aa4-88024c4cc317 0.116s
2025-12-09 01:48:40.302 66314 INFO tempest.lib.common.rest_client [req-fe0cc94c-a524-48bd-aefb-27da70b99613 req-fe0cc94c-a524-48bd-aefb-27da70b99613 ] Request (FloatingIPsAssociationTestJSON:tearDownClass): 200 GET http://10.180.1.21/compute/v2.1/servers/8d7507d3-7d2f-4d8f-a5bf-00d78283dbfe 0.197s
2025-12-09 01:48:40.327 66338 INFO tempest.lib.common.rest_client [req-f155d4de-bd9f-48a0-ae1b-3485af6a7272 req-f155d4de-bd9f-48a0-ae1b-3485af6a7272 ] Request (ServerActionsV293TestJSON:setUpClass): 200 GET http://10.180.1.21/compute/v2.1/servers/455affa9-4be8-469d-812d-19494323239d 0.168s
2025-12-09 01:48:40.393 66360 INFO tempest.lib.common.rest_client [req-03a989da-20c0-4e8e-8dbe-5fac2a508321 req-03a989da-20c0-4e8e-8dbe-5fac2a508321 ] Request (ListImageFiltersTestJSON:setUpClass): 200 GET http://10.180.1.21/compute/v2.1/images/92178b27-42d4-4a0a-87dc-33b028800ec4 0.180s
2025-12-09 01:48:40.402 66344 INFO tempest.lib.common.rest_client [req-d2f49c14-5b94-44fe-bc4f-682213e45e7a req-d2f49c14-5b94-44fe-bc4f-682213e45e7a ] Request (ServerDiskConfigTestJSON:test_rebuild_server_with_manual_disk_config): 200 GET http://10.180.1.21/compute/v2.1/servers/3d1c711e-52fa-4c41-9ede-8b7881c305ca 0.228s
2025-12-09 01:48:40.417 66354 INFO tempest.lib.common.rest_client [req-7b69a6a2-21ed-4db2-8f96-b2950d70e8bd req-7b69a6a2-21ed-4db2-8f96-b2950d70e8bd ] Request (DeleteServersAdminTestJSON:tearDownClass): 204 DELETE http://10.180.1.21/identity/v3/projects/806d443eb10342feacf50ab86a41e3ee 0.142s
2025-12-09 01:48:40.417 66354 INFO tempest.lib.common.dynamic_creds [-] Deleting project and security group for project: 6f90f0ce648d454b9b56425aaf42a935
2025-12-09 01:48:40.529 66354 INFO tempest.lib.common.rest_client [req-a3676d85-2cbe-42e6-99fa-92937e2b847f req-a3676d85-2cbe-42e6-99fa-92937e2b847f ] Request (DeleteServersAdminTestJSON:tearDownClass): 200 GET http://10.180.1.21/networking/v2.0/security-groups?tenant_id=6f90f0ce648d454b9b56425aaf42a935&name=default 0.111s
2025-12-09 01:48:40.570 66362 INFO tempest.lib.common.rest_client [req-bb549b6f-7372-436d-94fc-1d423af7fb02 req-bb549b6f-7372-436d-94fc-1d423af7fb02 ] Request (ServerTagsTestJSON:setUpClass): 200 GET http://10.180.1.21/compute/v2.1/servers/a221a04d-dd8a-45db-81ef-7b7bc0c06b03 0.350s
2025-12-09 01:48:40.579 66368 INFO tempest.lib.common.rest_client [req-67b952b7-6f06-475b-af11-3abdf55501b5 req-67b952b7-6f06-475b-af11-3abdf55501b5 ] Request (VolumesAdminNegativeTest:tearDownClass): 200 GET http://10.180.1.21/compute/v2.1/servers/d5f6b40d-0a53-4b4f-8402-e2dfc798c766 0.288s
2025-12-09 01:48:40.708 66310 INFO tempest.lib.common.rest_client [req-7d83f966-afd8-4f0a-b3a4-49f115f30ced req-7d83f966-afd8-4f0a-b3a4-49f115f30ced ] Request (FloatingIPsAssociationNegativeTestJSON:setUpClass): 200 GET http://10.180.1.21/compute/v2.1/servers/0ac8350f-1f51-4ac7-94b6-f83966393f13 0.313s
2025-12-09 01:48:40.717 66310 INFO tempest.common.waiters [-] State transition "BUILD/scheduling" ==> "BUILD/None" after 1 second wait
2025-12-09 01:48:40.761 66354 INFO tempest.lib.common.rest_client [req-639ebf90-cc67-464b-88f9-7d1905ad7225 req-639ebf90-cc67-464b-88f9-7d1905ad7225 ] Request (DeleteServersAdminTestJSON:tearDownClass): 204 DELETE http://10.180.1.21/networking/v2.0/security-groups/6e1a0ad8-91a2-40e9-aa2f-9aa367995f40 0.231s
2025-12-09 01:48:40.773 66316 INFO tempest.lib.common.rest_client [req-089748cb-a59f-4cb5-99ac-1e650acbd773 req-089748cb-a59f-4cb5-99ac-1e650acbd773 ] Request (ServersTestBootFromVolume:setUpClass): 200 GET http://10.180.1.21/volume/v3/volumes/f67012e2-4a9c-41d9-b2c5-640a2d50c42e 0.038s
2025-12-09 01:48:40.812 66348 INFO tempest.lib.common.rest_client [req-7816ef68-ee35-4daa-870d-d41cc3d60800 req-7816ef68-ee35-4daa-870d-d41cc3d60800 ] Request (ServersAdminTestJSON:setUpClass): 200 GET http://10.180.1.21/compute/v2.1/servers/8316103d-3017-4143-b0e5-ff9f4cd76ef2 0.376s
2025-12-09 01:48:40.857 66332 INFO tempest.lib.common.rest_client [req-f9aa3169-b744-4143-a363-835f4cae762a req-f9aa3169-b744-4143-a363-835f4cae762a ] Request (ServerShowV254Test:tearDownClass): 200 GET http://10.180.1.21/compute/v2.1/servers/32222c16-daad-4ce2-80ab-5e0c94016496 0.343s
2025-12-09 01:48:40.916 66354 INFO tempest.lib.common.rest_client [req-87e78b9b-fcf7-4f10-9440-c123501b96a0 req-87e78b9b-fcf7-4f10-9440-c123501b96a0 ] Request (DeleteServersAdminTestJSON:tearDownClass): 204 DELETE http://10.180.1.21/identity/v3/projects/6f90f0ce648d454b9b56425aaf42a935 0.155s
2025-12-09 01:48:41.024 66354 INFO tempest.lib.common.rest_client [req-03b20226-9bef-4f67-8906-fc585cacd495 req-03b20226-9bef-4f67-8906-fc585cacd495 ] Request (QuotasAdminTestJSON:setUpClass): 201 POST http://10.180.1.21/identity/v3/auth/tokens 0.105s
2025-12-09 01:48:41.087 66354 INFO tempest.lib.common.rest_client [req-aed6f7b8-9457-402c-9c1e-ceead7e11d07 req-aed6f7b8-9457-402c-9c1e-ceead7e11d07 ] Request (QuotasAdminTestJSON:setUpClass): 201 POST http://10.180.1.21/identity/v3/auth/tokens 0.059s
2025-12-09 01:48:41.091 66320 INFO tempest.lib.common.rest_client [req-e121e25f-42a1-4caf-b503-abdddfcccd20 req-e121e25f-42a1-4caf-b503-abdddfcccd20 ] Request (ServersWithSpecificFlavorTestJSON:test_verify_created_server_ephemeral_disk): 200 GET http://10.180.1.21/compute/v2.1/servers/6627faa5-d684-4589-9492-a565e5e65da0 0.549s
2025-12-09 01:48:41.143 66354 INFO tempest.lib.common.rest_client [req-87bdc402-da39-469f-ac4f-24346bd6a8b7 req-87bdc402-da39-469f-ac4f-24346bd6a8b7 ] Request (QuotasAdminTestJSON:setUpClass): 200 GET http://10.180.1.21/identity/v3/domains?name=Default 0.055s
2025-12-09 01:48:41.192 66322 INFO tempest.lib.common.rest_client [req-72e2d673-86c0-42b8-9a27-222a19dfe28d req-72e2d673-86c0-42b8-9a27-222a19dfe28d ] Request (ImagesOneServerTestJSON:tearDownClass): 200 GET http://10.180.1.21/compute/v2.1/servers/7315701e-da37-4379-9448-65ee289ef71f 0.543s
