2025-12-09 01:48:46.839 66312 INFO tempest.lib.common.rest_client [req-b34e9821-67f1-47e2-82d0-296ea0dd31d9 req-b34e9821-67f1-47e2-82d0-296ea0dd31d9 ] Request (ListServerFiltersTestJSON:setUpClass): 201 POST http://10.180.1.21/networking/v2.0/subnets 0.162s
2025-12-09 01:48:46.840 66312 INFO tempest.lib.common.dynamic_creds [-] Created isolated network resources for: credentials: Credentials: {'domain_id': 'default', 'domain_name': 'Default', 'username': 'tempest-ListServerFiltersTestJSON-1675603105-project-member', 'project_domain_id': 'default', 'project_domain_name': 'Default', 'project_id': 'ca84db0ee8144fe58f02279ddc4d4842', 'project_name': 'tempest-ListServerFiltersTestJSON-1675603105', 'tenant_id': 'ca84db0ee8144fe58f02279ddc4d4842', 'tenant_name': 'tempest-ListServerFiltersTestJSON-1675603105', 'user_domain_id': 'default', 'user_domain_name': 'Default', 'user_id': '6788df21da714017be9a73a3ff073ce1', 'system': None}, Network: {'id': 'bd073bb8-82e0-449f-beeb-5d9a0a3b2033', 'name': 'tempest-ListServerFiltersTestJSON-1064922472-network', 'tenant_id': 'ca84db0ee8144fe58f02279ddc4d4842', 'project_id': 'ca84db0ee8144fe58f02279ddc4d4842', 'admin_state_up': True, 'mtu': 8950, 'status': 'ACTIVE', 'subnets': [], 'shared': False, 'port_security_enabled': True, 'router:external': False, 'provider:network_type': 'vlan', 'provider:physical_network': 'default', 'provider:segmentation_id': 952, 'availability_zone_hints': [], 'availability_zones': [], 'ipv4_address_scope': None, 'ipv6_address_scope': None, 'description': '', 'tags': [], 'created_at': '2025-12-09T01:48:46Z', 'updated_at': '2025-12-09T01:48:46Z', 'revision_number': 1}, Subnet: {'id': '0af68ab4-d619-40cc-88bf-9810a774cca3', 'name': 'tempest-ListServerFiltersTestJSON-1064922472-subnet', 'tenant_id': 'ca84db0ee8144fe58f02279ddc4d4842', 'network_id': 'bd073bb8-82e0-449f-beeb-5d9a0a3b2033', 'ip_version': 4, 'subnetpool_id': None, 'enable_dhcp': True, 'ipv6_ra_mode': None, 'ipv6_address_mode': None, 'gateway_ip': '192.168.128.1', 'cidr': '192.168.128.0/28', 'allocation_pools': [{'start': '192.168.128.2', 'end': '192.168.128.14'}], 'host_routes': [], 'dns_nameservers': [], 'description': '', 'router:external': False, 'service_types': [], 'tags': [], 'created_at': '2025-12-09T01:48:46Z', 'updated_at': '2025-12-09T01:48:46Z', 'revision_number': 0, 'project_id': 'ca84db0ee8144fe58f02279ddc4d4842'}, Router: None
2025-12-09 01:48:46.867 66340 INFO tempest.lib.common.rest_client [req-fb98dc45-e68b-4ea0-9fe4-4f07b729053a req-fb98dc45-e68b-4ea0-9fe4-4f07b729053a ] Request (VolumesAssistedSnapshotsTest:tearDownClass): 404 GET http://10.180.1.21/compute/v2.1/servers/8ab34219-78fb-4397-81bc-be811e709ede 0.392s
2025-12-09 01:48:46.920 66354 INFO tempest.lib.common.rest_client [req-f074e2fc-997c-4358-9dab-02144c9337bb req-f074e2fc-997c-4358-9dab-02144c9337bb ] Request (QuotasAdminTestJSON:_run_cleanups): 200 PUT http://10.180.1.21/compute/v2.1/os-quota-sets/2d5e0f6672cb44658d1838f3640f8ca9 0.738s
2025-12-09 01:48:46.948 66312 INFO tempest.lib.common.rest_client [req-445b32f5-d67a-4c4a-9cd5-9021d02193a5 req-445b32f5-d67a-4c4a-9cd5-9021d02193a5 ] Request (ListServerFiltersTestJSON:setUpClass): 201 POST http://10.180.1.21/identity/v3/auth/tokens 0.105s
2025-12-09 01:48:46.983 66312 INFO tempest.lib.common.rest_client [req-2238556a-f4c8-420b-999b-6d150a675f1d req-2238556a-f4c8-420b-999b-6d150a675f1d ] Request (ListServerFiltersTestJSON:setUpClass): 201 POST http://10.180.1.21/identity/v3/auth/tokens 0.031s
2025-12-09 01:48:46.983 66312 INFO tempest.lib.common.fixed_network [-] (ListServerFiltersTestJSON:setUpClass) Found network {'id': 'bd073bb8-82e0-449f-beeb-5d9a0a3b2033', 'name': 'tempest-ListServerFiltersTestJSON-1064922472-network', 'tenant_id': 'ca84db0ee8144fe58f02279ddc4d4842', 'project_id': 'ca84db0ee8144fe58f02279ddc4d4842', 'admin_state_up': True, 'mtu': 8950, 'status': 'ACTIVE', 'subnets': [], 'shared': False, 'port_security_enabled': True, 'router:external': False, 'provider:network_type': 'vlan', 'provider:physical_network': 'default', 'provider:segmentation_id': 952, 'availability_zone_hints': [], 'availability_zones': [], 'ipv4_address_scope': None, 'ipv6_address_scope': None, 'description': '', 'tags': [], 'created_at': '2025-12-09T01:48:46Z', 'updated_at': '2025-12-09T01:48:46Z', 'revision_number': 1} available for tenant
2025-12-09 01:48:47.046 66354 INFO tempest.lib.common.rest_client [req-3e4ebaed-a725-46a8-8a9f-0f91634cef57 req-3e4ebaed-a725-46a8-8a9f-0f91634cef57 ] Request (QuotasAdminTestJSON:tearDownClass): 204 DELETE http://10.180.1.21/identity/v3/users/239426772c4f4ca1a349722a51ad2527 0.122s
2025-12-09 01:48:47.065 66312 INFO tempest.lib.common.rest_client [req-87ea55c3-fa94-49f7-8605-9a63c54ec4f4 req-87ea55c3-fa94-49f7-8605-9a63c54ec4f4 ] Request (ListServerFiltersTestJSON:setUpClass): 201 POST http://10.180.1.21/identity/v3/auth/tokens 0.078s
2025-12-09 01:48:47.065 66312 INFO tempest.lib.common.fixed_network [-] (ListServerFiltersTestJSON:setUpClass) Found network {'id': 'bd073bb8-82e0-449f-beeb-5d9a0a3b2033', 'name': 'tempest-ListServerFiltersTestJSON-1064922472-network', 'tenant_id': 'ca84db0ee8144fe58f02279ddc4d4842', 'project_id': 'ca84db0ee8144fe58f02279ddc4d4842', 'admin_state_up': True, 'mtu': 8950, 'status': 'ACTIVE', 'subnets': [], 'shared': False, 'port_security_enabled': True, 'router:external': False, 'provider:network_type': 'vlan', 'provider:physical_network': 'default', 'provider:segmentation_id': 952, 'availability_zone_hints': [], 'availability_zones': [], 'ipv4_address_scope': None, 'ipv6_address_scope': None, 'description': '', 'tags': [], 'created_at': '2025-12-09T01:48:46Z', 'updated_at': '2025-12-09T01:48:46Z', 'revision_number': 1} available for tenant
2025-12-09 01:48:47.080 66324 INFO tempest.lib.common.rest_client [req-19bd942d-ca7c-4fa5-8df9-4ca06a8b2e3f req-19bd942d-ca7c-4fa5-8df9-4ca06a8b2e3f ] Request (ServersNegativeTestJSON:setUpClass): 200 GET http://10.180.1.21/compute/v2.1/servers/866e22bf-ebe9-4f7d-91a5-393648cd6eeb 0.537s
2025-12-09 01:48:47.091 66316 INFO tempest.lib.common.rest_client [req-5d167192-485f-4f2c-92cf-f08f460d400f req-5d167192-485f-4f2c-92cf-f08f460d400f ] Request (ServersTestBootFromVolume:setUpClass): 200 GET http://10.180.1.21/volume/v3/volumes/f67012e2-4a9c-41d9-b2c5-640a2d50c42e 0.039s
2025-12-09 01:48:47.169 66354 INFO tempest.lib.common.rest_client [req-b446c5c1-4a94-42f0-a298-e444d5dcfd2c req-b446c5c1-4a94-42f0-a298-e444d5dcfd2c ] Request (QuotasAdminTestJSON:tearDownClass): 204 DELETE http://10.180.1.21/identity/v3/users/0df5d89503a74698a24926dcfc2bc4fd 0.122s
2025-12-09 01:48:47.169 66354 INFO tempest.lib.common.dynamic_creds [-] Deleting project and security group for project: 6319649b43644184b921ec2285cdc211
2025-12-09 01:48:47.226 66336 INFO tempest.lib.common.rest_client [req-16563672-33e4-4ecf-9ffd-779a918f6fb9 req-16563672-33e4-4ecf-9ffd-779a918f6fb9 ] Request (MigrationsAdminTest:test_resize_server_revert_deleted_flavor): 200 GET http://10.180.1.21/compute/v2.1/servers/9bd6ec87-7382-4c1b-9dec-cff5685da34f 0.579s
2025-12-09 01:48:47.231 66354 INFO tempest.lib.common.rest_client [req-26114300-3653-4d1a-859c-19b457d55ff0 req-26114300-3653-4d1a-859c-19b457d55ff0 ] Request (QuotasAdminTestJSON:tearDownClass): 201 POST http://10.180.1.21/identity/v3/auth/tokens 0.061s
2025-12-09 01:48:47.332 66308 INFO tempest.lib.common.rest_client [req-3bfdff56-3799-4d27-88df-81cc9e543f40 req-3bfdff56-3799-4d27-88df-81cc9e543f40 ] Request (SecurityGroupsTestJSON:test_list_security_groups_by_server): 202 POST http://10.180.1.21/compute/v2.1/servers/36eb2a6b-8bf8-4e7c-a9f7-b4f3de0a02b9/action 0.790s
2025-12-09 01:48:47.359 66342 INFO tempest.lib.common.rest_client [req-c4d38b0f-c89b-4bce-838f-7b77f364027b req-c4d38b0f-c89b-4bce-838f-7b77f364027b ] Request (ListServersNegativeTestJSON:tearDownClass): 200 GET http://10.180.1.21/compute/v2.1/servers/c3ea459f-35cd-498f-b425-d8d6d53766d8 0.636s
2025-12-09 01:48:47.420 66360 INFO tempest.lib.common.rest_client [req-6a6f930a-9b7a-4fda-a5d4-dc3dd6f723df req-6a6f930a-9b7a-4fda-a5d4-dc3dd6f723df ] Request (ListImageFiltersTestJSON:test_list_images_filter_by_changes_since): 200 GET http://10.180.1.21/compute/v2.1/images?changes-since=2025-12-09T01%3A46%3A22Z 0.629s
2025-12-09 01:48:47.431 66354 INFO tempest.lib.common.rest_client [req-64fee227-bdb8-4331-8221-fd89b5f1e34f req-64fee227-bdb8-4331-8221-fd89b5f1e34f ] Request (QuotasAdminTestJSON:tearDownClass): 200 GET http://10.180.1.21/networking/v2.0/security-groups?tenant_id=6319649b43644184b921ec2285cdc211&name=default 0.199s
2025-12-09 01:48:47.446 66340 INFO tempest.lib.common.rest_client [req-6080ecc9-2f76-4b36-96ba-3b948f67014e req-6080ecc9-2f76-4b36-96ba-3b948f67014e ] Request (VolumesAssistedSnapshotsTest:tearDownClass): 202 DELETE http://10.180.1.21/compute/v2.1/os-keypairs/tempest-keypair-774772396 0.579s
2025-12-09 01:48:47.464 66314 INFO tempest.lib.common.rest_client [req-da05680d-90e5-4772-a784-3c662a07d523 req-da05680d-90e5-4772-a784-3c662a07d523 ] Request (FloatingIPsAssociationTestJSON:tearDownClass): 200 GET http://10.180.1.21/compute/v2.1/servers/8d7507d3-7d2f-4d8f-a5bf-00d78283dbfe 0.609s
2025-12-09 01:48:47.565 66354 INFO tempest.lib.common.rest_client [req-56661ce7-4058-43df-aa69-7225a5c93dfe req-56661ce7-4058-43df-aa69-7225a5c93dfe ] Request (QuotasAdminTestJSON:tearDownClass): 204 DELETE http://10.180.1.21/networking/v2.0/security-groups/6cc9e33a-e2fe-458d-bd72-867917bf33ca 0.133s
2025-12-09 01:48:47.569 66340 INFO tempest.lib.common.rest_client [req-f04a7700-5dec-473e-8ada-ae5d5cffa8f2 req-f04a7700-5dec-473e-8ada-ae5d5cffa8f2 ] Request (VolumesAssistedSnapshotsTest:tearDownClass): 204 DELETE http://10.180.1.21/networking/v2.0/security-groups/d2bb3b7e-c5a0-44a5-a935-ca7ffdd8db0f 0.121s
2025-12-09 01:48:47.602 66338 INFO tempest.lib.common.rest_client [req-1d90804d-fc41-4d63-b60f-16db5ad0120b req-1d90804d-fc41-4d63-b60f-16db5ad0120b ] Request (ServerActionsV293TestJSON:setUpClass): 200 GET http://10.180.1.21/compute/v2.1/servers/455affa9-4be8-469d-812d-19494323239d 0.644s
2025-12-09 01:48:47.610 66344 INFO tempest.lib.common.rest_client [req-8c553211-6d1c-41c9-8536-4b699e3d9b99 req-8c553211-6d1c-41c9-8536-4b699e3d9b99 ] Request (ServerDiskConfigTestJSON:test_rebuild_server_with_manual_disk_config): 200 GET http://10.180.1.21/compute/v2.1/servers/3d1c711e-52fa-4c41-9ede-8b7881c305ca 0.563s
2025-12-09 01:48:47.611 66340 INFO tempest.lib.common.rest_client [req-36d53d39-4548-42dc-a7ce-009b33003919 req-36d53d39-4548-42dc-a7ce-009b33003919 ] Request (VolumesAssistedSnapshotsTest:tearDownClass): 404 GET http://10.180.1.21/networking/v2.0/security-groups/d2bb3b7e-c5a0-44a5-a935-ca7ffdd8db0f 0.042s
2025-12-09 01:48:47.662 66354 INFO tempest.lib.common.rest_client [req-8cef50f6-3ee5-4862-ae62-3f448ee99186 req-8cef50f6-3ee5-4862-ae62-3f448ee99186 ] Request (QuotasAdminTestJSON:tearDownClass): 204 DELETE http://10.180.1.21/identity/v3/projects/6319649b43644184b921ec2285cdc211 0.096s
2025-12-09 01:48:47.662 66354 INFO tempest.lib.common.dynamic_creds [-] Deleting project and security group for project: 2d5e0f6672cb44658d1838f3640f8ca9
2025-12-09 01:48:47.698 66362 INFO tempest.lib.common.rest_client [req-25b080e4-f827-4ebb-820f-36361779e475 req-25b080e4-f827-4ebb-820f-36361779e475 ] Request (ServerTagsTestJSON:setUpClass): 200 GET http://10.180.1.21/compute/v2.1/servers/a221a04d-dd8a-45db-81ef-7b7bc0c06b03 0.577s
2025-12-09 01:48:47.811 66354 INFO tempest.lib.common.rest_client [req-f6cf623f-d56a-4488-8817-401daa95630f req-f6cf623f-d56a-4488-8817-401daa95630f ] Request (QuotasAdminTestJSON:tearDownClass): 200 GET http://10.180.1.21/networking/v2.0/security-groups?tenant_id=2d5e0f6672cb44658d1838f3640f8ca9&name=default 0.148s
2025-12-09 01:48:47.872 66368 INFO tempest.lib.common.rest_client [req-464ae78a-ddc5-4888-9203-b8b812547fdf req-464ae78a-ddc5-4888-9203-b8b812547fdf ] Request (VolumesAdminNegativeTest:tearDownClass): 200 GET http://10.180.1.21/compute/v2.1/servers/d5f6b40d-0a53-4b4f-8402-e2dfc798c766 0.613s
2025-12-09 01:48:47.898 66340 INFO tempest.lib.common.rest_client [req-3175668e-7afd-4bf9-bbc8-f5d14afcbaf2 req-3175668e-7afd-4bf9-bbc8-f5d14afcbaf2 ] Request (VolumesAssistedSnapshotsTest:tearDownClass): 204 DELETE http://10.180.1.21/networking/v2.0/floatingips/ed8e0960-7029-432d-a58e-37f1c46cd976 0.286s
2025-12-09 01:48:47.915 66340 INFO tempest.lib.common.rest_client [req-aa1eab9e-7f25-4b1a-a98d-0f235271b1a3 req-aa1eab9e-7f25-4b1a-a98d-0f235271b1a3 ] Request (VolumesAssistedSnapshotsTest:tearDownClass): 404 DELETE http://10.180.1.21/volume/v3/volumes/92192546-15d0-4064-8f36-629aa9d4f5bc 0.017s
2025-12-09 01:48:47.935 66340 INFO tempest.lib.common.rest_client [req-1c6bdd42-71da-4d45-bde9-d6a130f0613a req-1c6bdd42-71da-4d45-bde9-d6a130f0613a ] Request (VolumesAssistedSnapshotsTest:tearDownClass): 404 GET http://10.180.1.21/volume/v3/volumes/92192546-15d0-4064-8f36-629aa9d4f5bc 0.019s
2025-12-09 01:48:47.946 66354 INFO tempest.lib.common.rest_client [req-4d7ae8cb-a060-4e08-936e-b9dbe02968b7 req-4d7ae8cb-a060-4e08-936e-b9dbe02968b7 ] Request (QuotasAdminTestJSON:tearDownClass): 204 DELETE http://10.180.1.21/networking/v2.0/security-groups/9ba672e5-2836-48b6-886b-2f66843d0312 0.135s
2025-12-09 01:48:47.974 66310 INFO tempest.lib.common.rest_client [req-87ad6276-f7e0-47ed-a4c4-c4c7db142a23 req-87ad6276-f7e0-47ed-a4c4-c4c7db142a23 ] Request (FloatingIPsAssociationNegativeTestJSON:setUpClass): 200 GET http://10.180.1.21/compute/v2.1/servers/0ac8350f-1f51-4ac7-94b6-f83966393f13 0.651s
2025-12-09 01:48:48.103 66354 INFO tempest.lib.common.rest_client [req-141942f1-6453-4cb4-ab7a-3a6e9ea7d54a req-141942f1-6453-4cb4-ab7a-3a6e9ea7d54a ] Request (QuotasAdminTestJSON:tearDownClass): 204 DELETE http://10.180.1.21/identity/v3/projects/2d5e0f6672cb44658d1838f3640f8ca9 0.156s
2025-12-09 01:48:48.136 66308 INFO tempest.lib.common.rest_client [req-88df2fc5-0cb4-4395-9eb8-2ff1930c5796 req-88df2fc5-0cb4-4395-9eb8-2ff1930c5796 ] Request (SecurityGroupsTestJSON:test_list_security_groups_by_server): 200 GET http://10.180.1.21/compute/v2.1/servers/36eb2a6b-8bf8-4e7c-a9f7-b4f3de0a02b9/os-security-groups 0.803s
2025-12-09 01:48:48.148 66316 INFO tempest.lib.common.rest_client [req-2241dfef-b471-46a8-9786-f5d0cc887424 req-2241dfef-b471-46a8-9786-f5d0cc887424 ] Request (ServersTestBootFromVolume:setUpClass): 200 GET http://10.180.1.21/volume/v3/volumes/f67012e2-4a9c-41d9-b2c5-640a2d50c42e 0.048s
2025-12-09 01:48:48.200 66354 INFO tempest.lib.common.rest_client [req-40b978c8-459d-4593-bab3-15b315b8f0f5 req-40b978c8-459d-4593-bab3-15b315b8f0f5 ] Request (ServerMetadataTestJSON:setUpClass): 201 POST http://10.180.1.21/identity/v3/auth/tokens 0.094s
2025-12-09 01:48:48.245 66354 INFO tempest.lib.common.rest_client [req-05a23857-c830-4f5e-a62e-d434fdc327de req-05a23857-c830-4f5e-a62e-d434fdc327de ] Request (ServerMetadataTestJSON:setUpClass): 201 POST http://10.180.1.21/identity/v3/auth/tokens 0.042s
2025-12-09 01:48:48.254 66332 INFO tempest.lib.common.rest_client [req-c21af4cd-b73e-4e79-95f4-c895340087b2 req-c21af4cd-b73e-4e79-95f4-c895340087b2 ] Request (ServerShowV254Test:tearDownClass): 200 GET http://10.180.1.21/compute/v2.1/servers/32222c16-daad-4ce2-80ab-5e0c94016496 0.839s
2025-12-09 01:48:48.276 66354 INFO tempest.lib.common.rest_client [req-58eabdba-38be-4821-94fe-18530345e3ab req-58eabdba-38be-4821-94fe-18530345e3ab ] Request (ServerMetadataTestJSON:setUpClass): 200 GET http://10.180.1.21/identity/v3/domains?name=Default 0.030s
2025-12-09 01:48:48.277 66330 WARNING tempest.lib.common.ssh [-] Failed to establish authenticated ssh connection to cirros@10.180.180.168 ([Errno None] Unable to connect to port 22 on 10.180.180.168). Number attempts: 6. Retry after 7 seconds.: paramiko.ssh_exception.NoValidConnectionsError: [Errno None] Unable to connect to port 22 on 10.180.180.168
2025-12-09 01:48:48.304 66312 INFO tempest.lib.common.rest_client [req-b6cfd58f-598a-4fe2-afbb-f214baa663e1 req-b6cfd58f-598a-4fe2-afbb-f214baa663e1 ] Request (ListServerFiltersTestJSON:setUpClass): 202 POST http://10.180.1.21/compute/v2.1/servers 1.239s
2025-12-09 01:48:48.328 66360 INFO tempest.lib.common.rest_client [req-13b3686e-ef43-44c8-8fa2-8645cb684dd9 req-13b3686e-ef43-44c8-8fa2-8645cb684dd9 ] Request (ListImageFiltersTestJSON:test_list_images_filter_by_name): 200 GET http://10.180.1.21/compute/v2.1/images?name=tempest-ListImageFiltersTestJSON-image-1358495640 0.898s
2025-12-09 01:48:48.332 66354 INFO tempest.lib.common.rest_client [req-e23acb15-99ae-471d-ad93-4c1319677399 req-e23acb15-99ae-471d-ad93-4c1319677399 ] Request (ServerMetadataTestJSON:setUpClass): 201 POST http://10.180.1.21/identity/v3/projects 0.056s
2025-12-09 01:48:48.394 66348 INFO tempest.lib.common.rest_client [req-645a407e-29a8-47ac-82b7-9b6b39b9a55c req-645a407e-29a8-47ac-82b7-9b6b39b9a55c ] Request (ServersAdminTestJSON:test_create_server_with_scheduling_hint): 200 GET http://10.180.1.21/compute/v2.1/servers/3da87ec0-85b2-446e-9a92-9a1f235be3f5 0.817s
2025-12-09 01:48:48.404 66312 INFO tempest.lib.common.rest_client [req-49dde520-146b-4fed-9edd-5955194b1d0f req-49dde520-146b-4fed-9edd-5955194b1d0f ] Request (ListServerFiltersTestJSON:setUpClass): 201 POST http://10.180.1.21/identity/v3/auth/tokens 0.094s
2025-12-09 01:48:48.404 66312 INFO tempest.lib.common.fixed_network [-] (ListServerFiltersTestJSON:setUpClass) Found network {'id': 'bd073bb8-82e0-449f-beeb-5d9a0a3b2033', 'name': 'tempest-ListServerFiltersTestJSON-1064922472-network', 'tenant_id': 'ca84db0ee8144fe58f02279ddc4d4842', 'project_id': 'ca84db0ee8144fe58f02279ddc4d4842', 'admin_state_up': True, 'mtu': 8950, 'status': 'ACTIVE', 'subnets': [], 'shared': False, 'port_security_enabled': True, 'router:external': False, 'provider:network_type': 'vlan', 'provider:physical_network': 'default', 'provider:segmentation_id': 952, 'availability_zone_hints': [], 'availability_zones': [], 'ipv4_address_scope': None, 'ipv6_address_scope': None, 'description': '', 'tags': [], 'created_at': '2025-12-09T01:48:46Z', 'updated_at': '2025-12-09T01:48:46Z', 'revision_number': 1} available for tenant
2025-12-09 01:48:48.430 66322 INFO tempest.lib.common.rest_client [req-d27cfca8-5f02-4c68-a6c4-a40eb40b250f req-d27cfca8-5f02-4c68-a6c4-a40eb40b250f ] Request (ImagesOneServerTestJSON:tearDownClass): 200 GET http://10.180.1.21/compute/v2.1/servers/7315701e-da37-4379-9448-65ee289ef71f 0.796s
2025-12-09 01:48:48.439 66354 INFO tempest.lib.common.rest_client [req-44203805-531f-43d2-92ae-631087feddf0 req-44203805-531f-43d2-92ae-631087feddf0 ] Request (ServerMetadataTestJSON:setUpClass): 201 POST http://10.180.1.21/identity/v3/users 0.106s
2025-12-09 01:48:48.463 66354 INFO tempest.lib.common.rest_client [req-3a1851dc-c39b-4b1e-8484-decfc4a46972 req-3a1851dc-c39b-4b1e-8484-decfc4a46972 ] Request (ServerMetadataTestJSON:setUpClass): 200 GET http://10.180.1.21/identity/v3/roles 0.024s
2025-12-09 01:48:48.483 66358 INFO tempest.lib.common.rest_client [req-d49916b1-f164-4ae4-bc1e-726c969cf24d req-d49916b1-f164-4ae4-bc1e-726c969cf24d ] Request (ServersAdminNegativeTestJSON:tearDownClass): 200 GET http://10.180.1.21/compute/v2.1/servers/1ad90e2f-6c66-4329-a575-57366095e221 0.832s
2025-12-09 01:48:48.504 66354 INFO tempest.lib.common.rest_client [req-69c00098-8d5b-4c32-bb19-dedbb0c8f6ff req-69c00098-8d5b-4c32-bb19-dedbb0c8f6ff ] Request (ServerMetadataTestJSON:setUpClass): 204 PUT http://10.180.1.21/identity/v3/projects/9cd44cca1b674479b2ac6ed7f2d8ca55/users/eefe30980a024d0aa91033e76aff46fb/roles/5b4c57925c054eecad4d27791a48abc0 0.041s
2025-12-09 01:48:48.505 66354 INFO tempest.lib.common.dynamic_creds [-] Dynamic test user eefe30980a024d0aa91033e76aff46fb is created with scope project and roles: ['member']
2025-12-09 01:48:48.505 66354 INFO tempest.lib.common.dynamic_creds [-] Acquired dynamic creds: credentials: Credentials: {'domain_id': 'default', 'domain_name': 'Default', 'username': 'tempest-ServerMetadataTestJSON-1616019637-project-member', 'project_domain_id': 'default', 'project_domain_name': 'Default', 'project_id': '9cd44cca1b674479b2ac6ed7f2d8ca55', 'project_name': 'tempest-ServerMetadataTestJSON-1616019637', 'tenant_id': '9cd44cca1b674479b2ac6ed7f2d8ca55', 'tenant_name': 'tempest-ServerMetadataTestJSON-1616019637', 'user_domain_id': 'default', 'user_domain_name': 'Default', 'user_id': 'eefe30980a024d0aa91033e76aff46fb', 'system': None}, Network: None, Subnet: None, Router: None
2025-12-09 01:48:48.506 66346 INFO tempest.lib.common.rest_client [req-ce0e4cd6-91a8-4827-b82b-fdc6c3571f05 req-ce0e4cd6-91a8-4827-b82b-fdc6c3571f05 ] Request (DeleteServersTestJSON:test_delete_server_while_in_attached_volume): 200 GET http://10.180.1.21/compute/v2.1/servers/007223d6-88d1-4b23-92d1-d33f1a374b65 0.665s
2025-12-09 01:48:48.604 66354 INFO tempest.lib.common.rest_client [req-0849cf5c-0eb8-4b14-93d5-6a8f09781fe6 req-0849cf5c-0eb8-4b14-93d5-6a8f09781fe6 ] Request (ServerMetadataTestJSON:setUpClass): 201 POST http://10.180.1.21/identity/v3/auth/tokens 0.098s
2025-12-09 01:48:48.637 66308 INFO tempest.lib.common.rest_client [req-1a6d1eed-5fca-4064-88ba-354c9cf29303 req-1a6d1eed-5fca-4064-88ba-354c9cf29303 ] Request (SecurityGroupsTestJSON:test_security_group_create_get_delete): 200 POST http://10.180.1.21/compute/v2.1/os-security-groups 0.495s
2025-12-09 01:48:48.726 66306 WARNING tempest.lib.common.ssh [-] Failed to establish authenticated ssh connection to cirros@10.180.180.210 ([Errno None] Unable to connect to port 22 on 10.180.180.210). Number attempts: 7. Retry after 8 seconds.: paramiko.ssh_exception.NoValidConnectionsError: [Errno None] Unable to connect to port 22 on 10.180.180.210
2025-12-09 01:48:48.840 66340 INFO tempest.lib.common.rest_client [req-30000c84-477f-4d44-b88d-866b4a925681 req-30000c84-477f-4d44-b88d-866b4a925681 ] Request (VolumesAssistedSnapshotsTest:tearDownClass): 200 PUT http://10.180.1.21/networking/v2.0/routers/153a1f85-fa2f-4dfb-9312-cbabc0f9b228/remove_router_interface 0.904s
2025-12-09 01:48:48.920 66324 INFO tempest.lib.common.rest_client [req-20c7df5b-871a-41a7-8208-765fba4c65a6 req-20c7df5b-871a-41a7-8208-765fba4c65a6 ] Request (ServersNegativeTestJSON:setUpClass): 200 GET http://10.180.1.21/compute/v2.1/servers/866e22bf-ebe9-4f7d-91a5-393648cd6eeb 0.830s
2025-12-09 01:48:48.962 66354 INFO tempest.lib.common.rest_client [req-1ebc9364-5d67-4763-8110-7fbc1ae2e191 req-1ebc9364-5d67-4763-8110-7fbc1ae2e191 ] Request (ServerMetadataTestJSON:setUpClass): 201 POST http://10.180.1.21/networking/v2.0/networks 0.358s
2025-12-09 01:48:49.001 66360 INFO tempest.lib.common.rest_client [req-0f88ea38-3a88-4c82-8823-2d16183df6b4 req-0f88ea38-3a88-4c82-8823-2d16183df6b4 ] Request (ListImageFiltersTestJSON:test_list_images_filter_by_server_id): 200 GET http://10.180.1.21/compute/v2.1/images?server=65029a9a-71f3-4bbf-b436-c858499cf233 0.666s
2025-12-09 01:48:49.007 66336 INFO tempest.lib.common.rest_client [req-6fc0f761-063c-440f-a51f-0dbec2fe371e req-6fc0f761-063c-440f-a51f-0dbec2fe371e ] Request (MigrationsAdminTest:test_resize_server_revert_deleted_flavor): 200 GET http://10.180.1.21/compute/v2.1/servers/9bd6ec87-7382-4c1b-9dec-cff5685da34f 0.773s
2025-12-09 01:48:49.192 66316 INFO tempest.lib.common.rest_client [req-e9c54459-8a8b-4fc9-a6ca-dcb8034d7103 req-e9c54459-8a8b-4fc9-a6ca-dcb8034d7103 ] Request (ServersTestBootFromVolume:setUpClass): 200 GET http://10.180.1.21/volume/v3/volumes/f67012e2-4a9c-41d9-b2c5-640a2d50c42e 0.035s
2025-12-09 01:48:49.204 66316 INFO tempest.common.waiters [-] volume f67012e2-4a9c-41d9-b2c5-640a2d50c42e reached available after waiting for 20.204697 seconds
2025-12-09 01:48:49.213 66354 INFO tempest.lib.common.rest_client [req-afc553b2-d1b4-4b4d-bcc4-cf4a389c2ddb req-afc553b2-d1b4-4b4d-bcc4-cf4a389c2ddb ] Request (ServerMetadataTestJSON:setUpClass): 201 POST http://10.180.1.21/networking/v2.0/subnets 0.249s
2025-12-09 01:48:49.288 66342 INFO tempest.lib.common.rest_client [req-b53291a9-0037-4efd-a99e-9b72630fedf1 req-b53291a9-0037-4efd-a99e-9b72630fedf1 ] Request (ListServersNegativeTestJSON:tearDownClass): 200 GET http://10.180.1.21/compute/v2.1/servers/c3ea459f-35cd-498f-b425-d8d6d53766d8 0.915s
2025-12-09 01:48:49.312 66314 INFO tempest.lib.common.rest_client [req-b96eeb42-0e22-4d2d-8867-77ee1c2ba6aa req-b96eeb42-0e22-4d2d-8867-77ee1c2ba6aa ] Request (FloatingIPsAssociationTestJSON:tearDownClass): 404 GET http://10.180.1.21/compute/v2.1/servers/8d7507d3-7d2f-4d8f-a5bf-00d78283dbfe 0.834s
2025-12-09 01:48:49.395 66340 INFO tempest.lib.common.rest_client [req-e95d39f2-19a7-48dc-8f07-c81088817066 req-e95d39f2-19a7-48dc-8f07-c81088817066 ] Request (VolumesAssistedSnapshotsTest:tearDownClass): 204 DELETE http://10.180.1.21/networking/v2.0/routers/153a1f85-fa2f-4dfb-9312-cbabc0f9b228 0.555s
2025-12-09 01:48:49.487 66320 WARNING tempest.lib.common.ssh [-] Failed to establish authenticated ssh connection to cirros@10.180.180.170 ([Errno None] Unable to connect to port 22 on 10.180.180.170). Number attempts: 2. Retry after 3 seconds.: paramiko.ssh_exception.NoValidConnectionsError: [Errno None] Unable to connect to port 22 on 10.180.180.170
2025-12-09 01:48:50.127 66354 INFO tempest.lib.common.rest_client [req-31be6561-e750-44fa-957f-3ebb2a7f0732 req-31be6561-e750-44fa-957f-3ebb2a7f0732 ] Request (ServerMetadataTestJSON:setUpClass): 201 POST http://10.180.1.21/networking/v2.0/routers 0.914s
2025-12-09 01:48:50.169 66338 INFO tempest.lib.common.rest_client [req-2c4d7048-e6d6-48c2-b3d1-8dc915b3c5fc req-2c4d7048-e6d6-48c2-b3d1-8dc915b3c5fc ] Request (ServerActionsV293TestJSON:setUpClass): 200 GET http://10.180.1.21/compute/v2.1/servers/455affa9-4be8-469d-812d-19494323239d 1.551s
2025-12-09 01:48:50.261 66314 INFO tempest.lib.common.rest_client [req-ffdd5d16-f94e-488c-9bc0-8b703c25a870 req-ffdd5d16-f94e-488c-9bc0-8b703c25a870 ] Request (FloatingIPsAssociationTestJSON:tearDownClass): 200 PUT http://10.180.1.21/networking/v2.0/routers/09c08281-a31e-4efa-9879-6ee99e5fef44/remove_router_interface 0.948s
2025-12-09 01:48:50.281 66340 INFO tempest.lib.common.rest_client [req-cecfedff-b03a-4684-a4f4-f446f69c644b req-cecfedff-b03a-4684-a4f4-f446f69c644b ] Request (VolumesAssistedSnapshotsTest:tearDownClass): 204 DELETE http://10.180.1.21/networking/v2.0/subnets/a6d21397-6247-40f8-b17d-5c8728fea464 0.884s
2025-12-09 01:48:50.322 66344 INFO tempest.lib.common.rest_client [req-74c8301f-d2fc-4e99-8741-da284074f780 req-74c8301f-d2fc-4e99-8741-da284074f780 ] Request (ServerDiskConfigTestJSON:test_rebuild_server_with_manual_disk_config): 200 GET http://10.180.1.21/compute/v2.1/servers/3d1c711e-52fa-4c41-9ede-8b7881c305ca 1.700s
2025-12-09 01:48:50.793 66314 INFO tempest.lib.common.rest_client [req-09fd74b0-bda3-49d2-9822-2420a71a2fb9 req-09fd74b0-bda3-49d2-9822-2420a71a2fb9 ] Request (FloatingIPsAssociationTestJSON:tearDownClass): 204 DELETE http://10.180.1.21/networking/v2.0/routers/09c08281-a31e-4efa-9879-6ee99e5fef44 0.532s
2025-12-09 01:48:50.958 66356 WARNING tempest.lib.common.ssh [-] Failed to establish authenticated ssh connection to cirros@10.180.180.191 ([Errno None] Unable to connect to port 22 on 10.180.180.191). Number attempts: 8. Retry after 9 seconds.: paramiko.ssh_exception.NoValidConnectionsError: [Errno None] Unable to connect to port 22 on 10.180.180.191
2025-12-09 01:48:51.074 66340 INFO tempest.lib.common.rest_client [req-98f4fc31-33dc-4986-9840-579ae022dc90 req-98f4fc31-33dc-4986-9840-579ae022dc90 ] Request (VolumesAssistedSnapshotsTest:tearDownClass): 204 DELETE http://10.180.1.21/networking/v2.0/networks/6e2e6625-2b76-492f-9741-bda53ad72739 0.793s
2025-12-09 01:48:51.141 66308 INFO tempest.lib.common.rest_client [req-97b30499-2034-47d5-9c3d-f37d41aaa939 req-97b30499-2034-47d5-9c3d-f37d41aaa939 ] Request (SecurityGroupsTestJSON:test_security_group_create_get_delete): 200 GET http://10.180.1.21/compute/v2.1/os-security-groups/476ce31f-951a-4ef2-b3fb-10e6fa3cbe80 2.501s
2025-12-09 01:48:51.249 66354 INFO tempest.lib.common.rest_client [req-95fbb8f1-e9d3-49d4-8002-b947f6c124e0 req-95fbb8f1-e9d3-49d4-8002-b947f6c124e0 ] Request (ServerMetadataTestJSON:setUpClass): 200 PUT http://10.180.1.21/networking/v2.0/routers/c6fa3f47-d8a3-4ef2-927f-e1f00d3f68d6/add_router_interface 1.119s
2025-12-09 01:48:51.249 66354 INFO tempest.lib.common.dynamic_creds [-] Created isolated network resources for: credentials: Credentials: {'domain_id': 'default', 'domain_name': 'Default', 'username': 'tempest-ServerMetadataTestJSON-1616019637-project-member', 'project_domain_id': 'default', 'project_domain_name': 'Default', 'project_id': '9cd44cca1b674479b2ac6ed7f2d8ca55', 'project_name': 'tempest-ServerMetadataTestJSON-1616019637', 'tenant_id': '9cd44cca1b674479b2ac6ed7f2d8ca55', 'tenant_name': 'tempest-ServerMetadataTestJSON-1616019637', 'user_domain_id': 'default', 'user_domain_name': 'Default', 'user_id': 'eefe30980a024d0aa91033e76aff46fb', 'system': None}, Network: {'id': '672c3691-68cf-4ec0-ba3f-af539c12f6ea', 'name': 'tempest-ServerMetadataTestJSON-368181863-network', 'tenant_id': '9cd44cca1b674479b2ac6ed7f2d8ca55', 'project_id': '9cd44cca1b674479b2ac6ed7f2d8ca55', 'admin_state_up': True, 'mtu': 8950, 'status': 'ACTIVE', 'subnets': [], 'shared': False, 'port_security_enabled': True, 'router:external': False, 'provider:network_type': 'vlan', 'provider:physical_network': 'default', 'provider:segmentation_id': 925, 'availability_zone_hints': [], 'availability_zones': [], 'ipv4_address_scope': None, 'ipv6_address_scope': None, 'description': '', 'tags': [], 'created_at': '2025-12-09T01:48:48Z', 'updated_at': '2025-12-09T01:48:48Z', 'revision_number': 1}, Subnet: {'id': '85477c8d-6807-416c-95d5-432170b46d93', 'name': 'tempest-ServerMetadataTestJSON-368181863-subnet', 'tenant_id': '9cd44cca1b674479b2ac6ed7f2d8ca55', 'network_id': '672c3691-68cf-4ec0-ba3f-af539c12f6ea', 'ip_version': 4, 'subnetpool_id': None, 'enable_dhcp': True, 'ipv6_ra_mode': None, 'ipv6_address_mode': None, 'gateway_ip': '192.168.128.1', 'cidr': '192.168.128.0/28', 'allocation_pools': [{'start': '192.168.128.2', 'end': '192.168.128.14'}], 'host_routes': [], 'dns_nameservers': [], 'description': '', 'router:external': False, 'service_types': [], 'tags': [], 'created_at': '2025-12-09T01:48:49Z', 'updated_at': '2025-12-09T01:48:49Z', 'revision_number': 0, 'project_id': '9cd44cca1b674479b2ac6ed7f2d8ca55'}, Router: {'id': 'c6fa3f47-d8a3-4ef2-927f-e1f00d3f68d6', 'name': 'tempest-ServerMetadataTestJSON-368181863-router', 'tenant_id': '9cd44cca1b674479b2ac6ed7f2d8ca55', 'admin_state_up': True, 'status': 'ACTIVE', 'external_gateway_info': {'network_id': '9a43d4d8-5d78-4777-8779-d21f73e96684', 'external_fixed_ips': [{'subnet_id': 'a8d04fb8-f370-4a94-91da-f0c98890efc0', 'ip_address': '10.180.180.195'}], 'enable_snat': True}, 'description': '', 'availability_zones': [], 'distributed': False, 'ha': False, 'availability_zone_hints': [], 'routes': [], 'flavor_id': None, 'tags': [], 'created_at': '2025-12-09T01:48:49Z', 'updated_at': '2025-12-09T01:48:49Z', 'revision_number': 2, 'project_id': '9cd44cca1b674479b2ac6ed7f2d8ca55'}
2025-12-09 01:48:51.273 66314 INFO tempest.lib.common.rest_client [req-2247c8c9-0b2c-497b-8c8a-250914f1cb34 req-2247c8c9-0b2c-497b-8c8a-250914f1cb34 ] Request (FloatingIPsAssociationTestJSON:tearDownClass): 204 DELETE http://10.180.1.21/networking/v2.0/subnets/c43053ab-6100-4788-b4a1-dbf6f482a140 0.479s
2025-12-09 01:48:51.358 66354 INFO tempest.lib.common.rest_client [req-0f9291e9-6421-4e32-a2ef-87055caa9c5f req-0f9291e9-6421-4e32-a2ef-87055caa9c5f ] Request (ServerMetadataTestJSON:setUpClass): 201 POST http://10.180.1.21/identity/v3/auth/tokens 0.103s
2025-12-09 01:48:51.365 66318 WARNING tempest.lib.common.ssh [-] Failed to establish authenticated ssh connection to cirros@10.180.180.254 ([Errno None] Unable to connect to port 22 on 10.180.180.254). Number attempts: 5. Retry after 6 seconds.: paramiko.ssh_exception.NoValidConnectionsError: [Errno None] Unable to connect to port 22 on 10.180.180.254
2025-12-09 01:48:51.385 66362 INFO tempest.lib.common.rest_client [req-2e729e31-4781-447c-af5d-a7ba61d72ecc req-2e729e31-4781-447c-af5d-a7ba61d72ecc ] Request (ServerTagsTestJSON:setUpClass): 200 GET http://10.180.1.21/compute/v2.1/servers/a221a04d-dd8a-45db-81ef-7b7bc0c06b03 2.675s
2025-12-09 01:48:51.400 66354 INFO tempest.lib.common.rest_client [req-3b89d4e9-bc81-4cb3-809f-3f7db67f9742 req-3b89d4e9-bc81-4cb3-809f-3f7db67f9742 ] Request (ServerMetadataTestJSON:setUpClass): 201 POST http://10.180.1.21/identity/v3/auth/tokens 0.037s
2025-12-09 01:48:51.400 66354 INFO tempest.lib.common.fixed_network [-] (ServerMetadataTestJSON:setUpClass) Found network {'id': '672c3691-68cf-4ec0-ba3f-af539c12f6ea', 'name': 'tempest-ServerMetadataTestJSON-368181863-network', 'tenant_id': '9cd44cca1b674479b2ac6ed7f2d8ca55', 'project_id': '9cd44cca1b674479b2ac6ed7f2d8ca55', 'admin_state_up': True, 'mtu': 8950, 'status': 'ACTIVE', 'subnets': [], 'shared': False, 'port_security_enabled': True, 'router:external': False, 'provider:network_type': 'vlan', 'provider:physical_network': 'default', 'provider:segmentation_id': 925, 'availability_zone_hints': [], 'availability_zones': [], 'ipv4_address_scope': None, 'ipv6_address_scope': None, 'description': '', 'tags': [], 'created_at': '2025-12-09T01:48:48Z', 'updated_at': '2025-12-09T01:48:48Z', 'revision_number': 1} available for tenant
2025-12-09 01:48:51.455 66312 INFO tempest.lib.common.rest_client [req-019b480f-7e70-46d8-8416-892bdcf20f27 req-019b480f-7e70-46d8-8416-892bdcf20f27 ] Request (ListServerFiltersTestJSON:setUpClass): 202 POST http://10.180.1.21/compute/v2.1/servers 3.050s
2025-12-09 01:48:51.544 66312 INFO tempest.lib.common.rest_client [req-c9a4b18d-8d00-465b-b894-04c620ecbfa9 req-c9a4b18d-8d00-465b-b894-04c620ecbfa9 ] Request (ListServerFiltersTestJSON:setUpClass): 201 POST http://10.180.1.21/identity/v3/auth/tokens 0.085s
2025-12-09 01:48:51.545 66312 INFO tempest.lib.common.fixed_network [-] (ListServerFiltersTestJSON:setUpClass) Found network {'id': 'bd073bb8-82e0-449f-beeb-5d9a0a3b2033', 'name': 'tempest-ListServerFiltersTestJSON-1064922472-network', 'tenant_id': 'ca84db0ee8144fe58f02279ddc4d4842', 'project_id': 'ca84db0ee8144fe58f02279ddc4d4842', 'admin_state_up': True, 'mtu': 8950, 'status': 'ACTIVE', 'subnets': [], 'shared': False, 'port_security_enabled': True, 'router:external': False, 'provider:network_type': 'vlan', 'provider:physical_network': 'default', 'provider:segmentation_id': 952, 'availability_zone_hints': [], 'availability_zones': [], 'ipv4_address_scope': None, 'ipv6_address_scope': None, 'description': '', 'tags': [], 'created_at': '2025-12-09T01:48:46Z', 'updated_at': '2025-12-09T01:48:46Z', 'revision_number': 1} available for tenant
2025-12-09 01:48:51.631 66364 WARNING tempest.lib.common.ssh [-] Failed to establish authenticated ssh connection to cirros@10.180.180.229 ([Errno None] Unable to connect to port 22 on 10.180.180.229). Number attempts: 7. Retry after 8 seconds.: paramiko.ssh_exception.NoValidConnectionsError: [Errno None] Unable to connect to port 22 on 10.180.180.229
2025-12-09 01:48:51.704 66314 INFO tempest.lib.common.rest_client [req-211bafc8-cb16-4056-9781-82b1d196a778 req-211bafc8-cb16-4056-9781-82b1d196a778 ] Request (FloatingIPsAssociationTestJSON:tearDownClass): 204 DELETE http://10.180.1.21/networking/v2.0/networks/139ec3d1-2b73-4ea5-bed7-a33020abe680 0.431s
2025-12-09 01:48:51.766 66368 INFO tempest.lib.common.rest_client [req-b98ef3f5-376b-4a96-b3c9-3f2a636cfcdb req-b98ef3f5-376b-4a96-b3c9-3f2a636cfcdb ] Request (VolumesAdminNegativeTest:tearDownClass): 200 GET http://10.180.1.21/compute/v2.1/servers/d5f6b40d-0a53-4b4f-8402-e2dfc798c766 2.885s
2025-12-09 01:48:51.781 66310 INFO tempest.lib.common.rest_client [req-d9861e3e-0d34-4737-97e3-e00d2a75ca1a req-d9861e3e-0d34-4737-97e3-e00d2a75ca1a ] Request (FloatingIPsAssociationNegativeTestJSON:setUpClass): 200 GET http://10.180.1.21/compute/v2.1/servers/0ac8350f-1f51-4ac7-94b6-f83966393f13 2.794s
2025-12-09 01:48:51.809 66314 INFO tempest.lib.common.rest_client [req-9efaf1b9-1262-4f65-8c89-a1abf4ef8c9e req-9efaf1b9-1262-4f65-8c89-a1abf4ef8c9e ] Request (FloatingIPsAssociationTestJSON:tearDownClass): 204 DELETE http://10.180.1.21/identity/v3/users/25809da364df4da18de7dd55288cd24e 0.104s
2025-12-09 01:48:51.809 66314 INFO tempest.lib.common.dynamic_creds [-] Deleting project and security group for project: 7b21870594c0466c86193b0c178b27e1
2025-12-09 01:48:51.820 66360 INFO tempest.lib.common.rest_client [req-cd24a693-5976-49c6-b60c-85eeffb025b1 req-cd24a693-5976-49c6-b60c-85eeffb025b1 ] Request (ListImageFiltersTestJSON:test_list_images_filter_by_server_ref): 200 GET http://10.180.1.21/compute/v2.1/images?server=http%3A%2F%2F10.180.1.21%2Fcompute%2Fv2.1%2Fservers%2F5bc1b653-a7c5-4d19-9a19-f1f8f98b6af5 2.814s
2025-12-09 01:48:51.873 66314 INFO tempest.lib.common.rest_client [req-34dae529-52d1-4667-a1c9-4ec003d9d89b req-34dae529-52d1-4667-a1c9-4ec003d9d89b ] Request (FloatingIPsAssociationTestJSON:tearDownClass): 200 GET http://10.180.1.21/networking/v2.0/security-groups?tenant_id=7b21870594c0466c86193b0c178b27e1&name=default 0.064s
2025-12-09 01:48:51.998 66314 INFO tempest.lib.common.rest_client [req-f5e9c43e-70ec-4503-9b3f-9279105fa228 req-f5e9c43e-70ec-4503-9b3f-9279105fa228 ] Request (FloatingIPsAssociationTestJSON:tearDownClass): 204 DELETE http://10.180.1.21/networking/v2.0/security-groups/348dabce-86d7-4f0c-b2ef-296d6d016ce3 0.124s
2025-12-09 01:48:52.026 66332 INFO tempest.lib.common.rest_client [req-997da5dc-961e-43ca-b2c1-aaa99f209a97 req-997da5dc-961e-43ca-b2c1-aaa99f209a97 ] Request (ServerShowV254Test:tearDownClass): 200 GET http://10.180.1.21/compute/v2.1/servers/32222c16-daad-4ce2-80ab-5e0c94016496 2.760s
2025-12-09 01:48:52.105 66348 INFO tempest.lib.common.rest_client [req-981de06b-3c9a-4d5c-b0af-0f2901adb16b req-981de06b-3c9a-4d5c-b0af-0f2901adb16b ] Request (ServersAdminTestJSON:test_create_server_with_scheduling_hint): 200 GET http://10.180.1.21/compute/v2.1/servers/3da87ec0-85b2-446e-9a92-9a1f235be3f5 2.697s
2025-12-09 01:48:52.136 66314 INFO tempest.lib.common.rest_client [req-3e5177a0-c76a-4e77-83f7-e86de1e2a53e req-3e5177a0-c76a-4e77-83f7-e86de1e2a53e ] Request (FloatingIPsAssociationTestJSON:tearDownClass): 204 DELETE http://10.180.1.21/identity/v3/projects/7b21870594c0466c86193b0c178b27e1 0.138s
2025-12-09 01:48:52.196 66340 INFO tempest.lib.common.rest_client [req-c1932db2-4bb9-4c17-ae7f-1c8b96d44777 req-c1932db2-4bb9-4c17-ae7f-1c8b96d44777 ] Request (VolumesAssistedSnapshotsTest:tearDownClass): 200 PUT http://10.180.1.21/networking/v2.0/routers/c8680aeb-951e-4d41-9a09-50ce7f8a52d5/remove_router_interface 1.122s
2025-12-09 01:48:52.239 66314 INFO tempest.lib.common.rest_client [req-2360ce6d-07f9-4a5f-8967-7232d641b3ee req-2360ce6d-07f9-4a5f-8967-7232d641b3ee ] Request (FloatingIPsTestJSON:setUpClass): 201 POST http://10.180.1.21/identity/v3/auth/tokens 0.101s
2025-12-09 01:48:52.242 66322 INFO tempest.lib.common.rest_client [req-a434c241-533b-4223-b95c-040ca5d6f102 req-a434c241-533b-4223-b95c-040ca5d6f102 ] Request (ImagesOneServerTestJSON:tearDownClass): 200 GET http://10.180.1.21/compute/v2.1/servers/7315701e-da37-4379-9448-65ee289ef71f 2.801s
2025-12-09 01:48:52.282 66314 INFO tempest.lib.common.rest_client [req-5f18e16c-dbb2-4e1b-85e8-921784a6635c req-5f18e16c-dbb2-4e1b-85e8-921784a6635c ] Request (FloatingIPsTestJSON:setUpClass): 201 POST http://10.180.1.21/identity/v3/auth/tokens 0.037s
2025-12-09 01:48:52.321 66314 INFO tempest.lib.common.rest_client [req-63dac88a-7147-4ca0-ad01-1c5663603c64 req-63dac88a-7147-4ca0-ad01-1c5663603c64 ] Request (FloatingIPsTestJSON:setUpClass): 200 GET http://10.180.1.21/identity/v3/domains?name=Default 0.039s
2025-12-09 01:48:52.354 66314 INFO tempest.lib.common.rest_client [req-a0d6559f-4255-4c0d-b96c-dbaf5415a01f req-a0d6559f-4255-4c0d-b96c-dbaf5415a01f ] Request (FloatingIPsTestJSON:setUpClass): 201 POST http://10.180.1.21/identity/v3/projects 0.032s
2025-12-09 01:48:52.356 66358 INFO tempest.lib.common.rest_client [req-bf3f86ab-9f81-4ee7-822b-c24bb20c6cea req-bf3f86ab-9f81-4ee7-822b-c24bb20c6cea ] Request (ServersAdminNegativeTestJSON:tearDownClass): 200 GET http://10.180.1.21/compute/v2.1/servers/1ad90e2f-6c66-4329-a575-57366095e221 2.861s
2025-12-09 01:48:52.434 66346 INFO tempest.lib.common.rest_client [req-5a7d6898-2932-4171-bf08-878866fb6013 req-5a7d6898-2932-4171-bf08-878866fb6013 ] Request (DeleteServersTestJSON:test_delete_server_while_in_attached_volume): 200 GET http://10.180.1.21/compute/v2.1/servers/007223d6-88d1-4b23-92d1-d33f1a374b65 2.920s
2025-12-09 01:48:52.449 66314 INFO tempest.lib.common.rest_client [req-8e3438ad-2c57-4398-86fe-2d4694eeb41f req-8e3438ad-2c57-4398-86fe-2d4694eeb41f ] Request (FloatingIPsTestJSON:setUpClass): 201 POST http://10.180.1.21/identity/v3/users 0.095s
2025-12-09 01:48:52.496 66314 INFO tempest.lib.common.rest_client [req-74ac7f52-0d09-472d-a695-96edd7ce1f0f req-74ac7f52-0d09-472d-a695-96edd7ce1f0f ] Request (FloatingIPsTestJSON:setUpClass): 200 GET http://10.180.1.21/identity/v3/roles 0.046s
2025-12-09 01:48:52.537 66314 INFO tempest.lib.common.rest_client [req-6795b9ba-d27d-4fa5-913b-63ebd7e42144 req-6795b9ba-d27d-4fa5-913b-63ebd7e42144 ] Request (FloatingIPsTestJSON:setUpClass): 204 PUT http://10.180.1.21/identity/v3/projects/62a10a7a4d3247079f7b1254b74481c1/users/2fc315a7c0b94f7f9ee23c78205314c8/roles/5b4c57925c054eecad4d27791a48abc0 0.040s
2025-12-09 01:48:52.537 66314 INFO tempest.lib.common.dynamic_creds [-] Dynamic test user 2fc315a7c0b94f7f9ee23c78205314c8 is created with scope project and roles: ['member']
2025-12-09 01:48:52.538 66314 INFO tempest.lib.common.dynamic_creds [-] Acquired dynamic creds: credentials: Credentials: {'domain_id': 'default', 'domain_name': 'Default', 'username': 'tempest-FloatingIPsTestJSON-779375423-project-member', 'project_domain_id': 'default', 'project_domain_name': 'Default', 'project_id': '62a10a7a4d3247079f7b1254b74481c1', 'project_name': 'tempest-FloatingIPsTestJSON-779375423', 'tenant_id': '62a10a7a4d3247079f7b1254b74481c1', 'tenant_name': 'tempest-FloatingIPsTestJSON-779375423', 'user_domain_id': 'default', 'user_domain_name': 'Default', 'user_id': '2fc315a7c0b94f7f9ee23c78205314c8', 'system': None}, Network: None, Subnet: None, Router: None
2025-12-09 01:48:52.593 66316 INFO tempest.lib.common.rest_client [req-4bada9fb-22ea-4c5b-8dbf-0d7599bc2f0b req-4bada9fb-22ea-4c5b-8dbf-0d7599bc2f0b ] Request (ServersTestBootFromVolume:setUpClass): 202 POST http://10.180.1.21/compute/v2.1/servers 3.388s
2025-12-09 01:48:52.618 66314 INFO tempest.lib.common.rest_client [req-bc463299-b791-41d2-9af0-6f85be842145 req-bc463299-b791-41d2-9af0-6f85be842145 ] Request (FloatingIPsTestJSON:setUpClass): 201 POST http://10.180.1.21/identity/v3/auth/tokens 0.080s
2025-12-09 01:48:52.646 66324 INFO tempest.lib.common.rest_client [req-9e9e77f6-1b05-4561-9154-7e13da233dd1 req-9e9e77f6-1b05-4561-9154-7e13da233dd1 ] Request (ServersNegativeTestJSON:setUpClass): 200 GET http://10.180.1.21/compute/v2.1/servers/866e22bf-ebe9-4f7d-91a5-393648cd6eeb 2.716s
2025-12-09 01:48:52.654 66324 INFO tempest.common.waiters [-] State transition "BUILD/spawning" ==> "ACTIVE/None" after 38 second wait
2025-12-09 01:48:52.681 66342 INFO tempest.lib.common.rest_client [req-d404d351-804e-455c-a50d-7524e8bd3732 req-d404d351-804e-455c-a50d-7524e8bd3732 ] Request (ListServersNegativeTestJSON:tearDownClass): 404 GET http://10.180.1.21/compute/v2.1/servers/c3ea459f-35cd-498f-b425-d8d6d53766d8 2.385s
2025-12-09 01:48:52.783 66340 INFO tempest.lib.common.rest_client [req-6550f240-ae4c-4be4-aaee-f1ed780347e8 req-6550f240-ae4c-4be4-aaee-f1ed780347e8 ] Request (VolumesAssistedSnapshotsTest:tearDownClass): 204 DELETE http://10.180.1.21/networking/v2.0/routers/c8680aeb-951e-4d41-9a09-50ce7f8a52d5 0.586s
2025-12-09 01:48:52.931 66314 INFO tempest.lib.common.rest_client [req-67cc516d-d04d-4594-a7d7-66d99a42e5f7 req-67cc516d-d04d-4594-a7d7-66d99a42e5f7 ] Request (FloatingIPsTestJSON:setUpClass): 201 POST http://10.180.1.21/networking/v2.0/networks 0.311s
2025-12-09 01:48:52.967 66336 INFO tempest.lib.common.rest_client [req-80504350-a9d2-4238-b08d-cdabfb47f3bd req-80504350-a9d2-4238-b08d-cdabfb47f3bd ] Request (MigrationsAdminTest:test_resize_server_revert_deleted_flavor): 200 GET http://10.180.1.21/compute/v2.1/servers/9bd6ec87-7382-4c1b-9dec-cff5685da34f 2.951s
2025-12-09 01:48:52.975 66336 INFO tempest.common.waiters [-] State transition "BUILD/spawning" ==> "ACTIVE/None" after 31 second wait
2025-12-09 01:48:53.068 66340 INFO tempest.lib.common.rest_client [req-26b52cbd-fa64-4c28-8bda-dfd0f8bf31d3 req-26b52cbd-fa64-4c28-8bda-dfd0f8bf31d3 ] Request (VolumesAssistedSnapshotsTest:tearDownClass): 204 DELETE http://10.180.1.21/networking/v2.0/subnets/48fa99ed-3cf0-4f1f-b603-0d338f466ee5 0.285s
2025-12-09 01:48:53.147 66308 INFO tempest.lib.common.rest_client [req-9fbc555f-1ba5-4651-962c-a9c7bd2071f7 req-9fbc555f-1ba5-4651-962c-a9c7bd2071f7 ] Request (SecurityGroupsTestJSON:test_security_group_create_get_delete): 202 DELETE http://10.180.1.21/compute/v2.1/os-security-groups/476ce31f-951a-4ef2-b3fb-10e6fa3cbe80 2.001s
2025-12-09 01:48:53.328 66314 INFO tempest.lib.common.rest_client [req-c035f2d3-18f5-457e-83fc-6fa34007425e req-c035f2d3-18f5-457e-83fc-6fa34007425e ] Request (FloatingIPsTestJSON:setUpClass): 201 POST http://10.180.1.21/networking/v2.0/subnets 0.397s
2025-12-09 01:48:53.364 66338 INFO tempest.lib.common.rest_client [req-4ec4f3b9-8ac9-4ce0-afc4-b5b741df9b09 req-4ec4f3b9-8ac9-4ce0-afc4-b5b741df9b09 ] Request (ServerActionsV293TestJSON:setUpClass): 200 GET http://10.180.1.21/compute/v2.1/servers/455affa9-4be8-469d-812d-19494323239d 2.183s
2025-12-09 01:48:53.408 66344 INFO tempest.lib.common.rest_client [req-df346411-9d63-43b9-8332-1d8f9afb2a39 req-df346411-9d63-43b9-8332-1d8f9afb2a39 ] Request (ServerDiskConfigTestJSON:test_rebuild_server_with_manual_disk_config): 200 GET http://10.180.1.21/compute/v2.1/servers/3d1c711e-52fa-4c41-9ede-8b7881c305ca 2.075s
2025-12-09 01:48:53.672 66340 INFO tempest.lib.common.rest_client [req-c16b0f5e-2296-48c5-9a79-f544daa6b4ec req-c16b0f5e-2296-48c5-9a79-f544daa6b4ec ] Request (VolumesAssistedSnapshotsTest:tearDownClass): 204 DELETE http://10.180.1.21/networking/v2.0/networks/63050ccc-b932-4c49-980b-3700e5b0894d 0.603s
2025-12-09 01:48:54.147 66314 INFO tempest.lib.common.rest_client [req-feda01ed-d007-42ee-b087-cb723d98b4c9 req-feda01ed-d007-42ee-b087-cb723d98b4c9 ] Request (FloatingIPsTestJSON:setUpClass): 201 POST http://10.180.1.21/networking/v2.0/routers 0.818s
2025-12-09 01:48:54.946 66340 INFO tempest.lib.common.rest_client [req-9de468a7-e427-466f-957c-eca12476ad07 req-9de468a7-e427-466f-957c-eca12476ad07 ] Request (VolumesAssistedSnapshotsTest:tearDownClass): 200 PUT http://10.180.1.21/networking/v2.0/routers/1d8d6db1-525f-4537-8f54-1e78b7c49003/remove_router_interface 1.273s
2025-12-09 01:48:55.182 66350 WARNING tempest.lib.common.ssh [-] Failed to establish authenticated ssh connection to cirros@10.180.180.224 ([Errno None] Unable to connect to port 22 on 10.180.180.224). Number attempts: 7. Retry after 8 seconds.: paramiko.ssh_exception.NoValidConnectionsError: [Errno None] Unable to connect to port 22 on 10.180.180.224
2025-12-09 01:48:55.709 66340 INFO tempest.lib.common.rest_client [req-73990595-a02b-45d8-9f6b-b9b585b595cf req-73990595-a02b-45d8-9f6b-b9b585b595cf ] Request (VolumesAssistedSnapshotsTest:tearDownClass): 204 DELETE http://10.180.1.21/networking/v2.0/routers/1d8d6db1-525f-4537-8f54-1e78b7c49003 0.763s
2025-12-09 01:48:55.787 66330 INFO paramiko.transport [-] Connected (version 2.0, client dropbear_2020.81)
2025-12-09 01:48:55.848 66330 INFO paramiko.transport [-] Authentication (publickey) successful!
2025-12-09 01:48:55.849 66330 INFO tempest.lib.common.ssh [-] ssh connection to cirros@10.180.180.168 successfully created
2025-12-09 01:48:55.958 66340 INFO tempest.lib.common.rest_client [req-21b4e611-c9cd-4be7-9d29-eefa2d21ed93 req-21b4e611-c9cd-4be7-9d29-eefa2d21ed93 ] Request (VolumesAssistedSnapshotsTest:tearDownClass): 204 DELETE http://10.180.1.21/networking/v2.0/subnets/a8e3121b-cd76-45c7-b6a7-7a494bfe1934 0.249s
2025-12-09 01:48:56.079 66320 WARNING tempest.lib.common.ssh [-] Failed to establish authenticated ssh connection to cirros@10.180.180.170 ([Errno None] Unable to connect to port 22 on 10.180.180.170). Number attempts: 3. Retry after 4 seconds.: paramiko.ssh_exception.NoValidConnectionsError: [Errno None] Unable to connect to port 22 on 10.180.180.170
2025-12-09 01:48:56.202 66314 INFO tempest.lib.common.rest_client [req-4fd910be-5980-4793-be38-3fa3fbab1af0 req-4fd910be-5980-4793-be38-3fa3fbab1af0 ] Request (FloatingIPsTestJSON:setUpClass): 200 PUT http://10.180.1.21/networking/v2.0/routers/4d8a87fc-d55b-481e-ac54-7945848ca994/add_router_interface 2.055s
