2025-12-09 01:46:51.294 66330 WARNING tempest.lib.common.ssh [-] Failed to establish authenticated ssh connection to cirros@10.180.180.168 ([Errno None] Unable to connect to port 22 on 10.180.180.168). Number attempts: 3. Retry after 4 seconds.: paramiko.ssh_exception.NoValidConnectionsError: [Errno None] Unable to connect to port 22 on 10.180.180.168
2025-12-09 01:46:51.504 66350 INFO tempest.lib.common.rest_client [req-6750a257-4c45-4bd6-9fd2-885c009f36df req-6750a257-4c45-4bd6-9fd2-885c009f36df ] Request (ServersTestJSON:setUpClass): 201 POST http://10.180.1.21/networking/v2.0/networks 0.461s
2025-12-09 01:46:51.620 66362 INFO tempest.lib.common.rest_client [req-e6e3ef32-8fd3-4419-b729-b84138ae8b80 req-e6e3ef32-8fd3-4419-b729-b84138ae8b80 ] Request (FlavorsExtraSpecsNegativeTestJSON:tearDownClass): 204 DELETE http://10.180.1.21/networking/v2.0/security-groups/5db46da4-4aef-456a-b003-80fbb30a4585 0.517s
2025-12-09 01:46:51.727 66362 INFO tempest.lib.common.rest_client [req-f3f4c0e1-9c34-435c-ac4a-d1fe63618d98 req-f3f4c0e1-9c34-435c-ac4a-d1fe63618d98 ] Request (FlavorsExtraSpecsNegativeTestJSON:tearDownClass): 204 DELETE http://10.180.1.21/identity/v3/projects/8f6b511d66fc4ad9ac24863bf1060ad1 0.107s
2025-12-09 01:46:51.728 66362 INFO tempest.lib.common.dynamic_creds [-] Deleting project and security group for project: d1a08e27d7e541c0866947936205b650
2025-12-09 01:46:51.793 66360 INFO tempest.lib.common.rest_client [req-9833b095-9614-4377-9c42-540cf76db95f req-9833b095-9614-4377-9c42-540cf76db95f ] Request (ListImageFiltersTestJSON:setUpClass): 200 GET http://10.180.1.21/compute/v2.1/servers/5bc1b653-a7c5-4d19-9a19-f1f8f98b6af5 9.435s
2025-12-09 01:46:51.801 66360 INFO tempest.common.waiters [-] State transition "BUILD/scheduling" ==> "BUILD/None" after 13 second wait
2025-12-09 01:46:51.957 66350 INFO tempest.lib.common.rest_client [req-8343f770-5e0e-4820-95aa-76c1fbe50851 req-8343f770-5e0e-4820-95aa-76c1fbe50851 ] Request (ServersTestJSON:setUpClass): 201 POST http://10.180.1.21/networking/v2.0/subnets 0.452s
2025-12-09 01:46:52.164 66340 INFO tempest.lib.common.rest_client [req-2c811908-52d7-492a-b3c8-414da474eb9c req-2c811908-52d7-492a-b3c8-414da474eb9c ] Request (VolumesAssistedSnapshotsTest:test_volume_assisted_snapshot_create_delete): 200 GET http://10.180.1.21/compute/v2.1/servers/8ab34219-78fb-4397-81bc-be811e709ede 9.729s
2025-12-09 01:46:52.175 66340 INFO tempest.common.waiters [-] State transition "BUILD/networking" ==> "BUILD/spawning" after 25 second wait
2025-12-09 01:46:52.212 66362 INFO tempest.lib.common.rest_client [req-c765d4e1-1a9c-43e0-91b0-7a13e9b53810 req-c765d4e1-1a9c-43e0-91b0-7a13e9b53810 ] Request (FlavorsExtraSpecsNegativeTestJSON:tearDownClass): 200 GET http://10.180.1.21/networking/v2.0/security-groups?tenant_id=d1a08e27d7e541c0866947936205b650&name=default 0.484s
2025-12-09 01:46:52.641 66358 INFO tempest.lib.common.rest_client [req-99488a4d-3a91-42d1-92d7-eb6208ccc10f req-99488a4d-3a91-42d1-92d7-eb6208ccc10f ] Request (ServersAdminNegativeTestJSON:setUpClass): 200 GET http://10.180.1.21/compute/v2.1/servers/f96ab152-e1b9-42c0-a2b3-9d8168b18948 10.115s
2025-12-09 01:46:52.649 66358 INFO tempest.common.waiters [-] State transition "BUILD/spawning" ==> "ACTIVE/None" after 29 second wait
2025-12-09 01:46:52.658 66354 INFO tempest.lib.common.rest_client [req-1260d552-d821-4f34-9887-4c974f8ef20e req-1260d552-d821-4f34-9887-4c974f8ef20e ] Request (DeleteServersAdminTestJSON:test_admin_delete_servers_of_others): 200 GET http://10.180.1.21/compute/v2.1/servers/8ba2823f-36ca-43fc-b43b-1ebdc84e1eec 9.737s
2025-12-09 01:46:52.665 66354 INFO tempest.common.waiters [-] State transition "ACTIVE/deleting" ==> "DELETED/None" after 11 second wait
2025-12-09 01:46:52.763 66362 INFO tempest.lib.common.rest_client [req-51092d6b-93b8-4308-b658-6978dfd0d88d req-51092d6b-93b8-4308-b658-6978dfd0d88d ] Request (FlavorsExtraSpecsNegativeTestJSON:tearDownClass): 204 DELETE http://10.180.1.21/networking/v2.0/security-groups/f18b80b7-6b0a-493e-abf7-4b383f17dad1 0.551s
2025-12-09 01:46:52.840 66332 INFO tempest.lib.common.rest_client [req-92f3ae38-e613-4b15-8a53-aaa595f31d03 req-92f3ae38-e613-4b15-8a53-aaa595f31d03 ] Request (ServerExternalEventsTest:test_create_server_external_events): 200 GET http://10.180.1.21/compute/v2.1/servers/620d63ff-8c16-4479-af97-dbd45f121e0f 8.813s
2025-12-09 01:46:52.852 66332 INFO tempest.common.waiters [-] State transition "BUILD/spawning" ==> "ACTIVE/None" after 34 second wait
2025-12-09 01:46:52.880 66362 INFO tempest.lib.common.rest_client [req-04cca9fe-c44c-4755-a2f5-588914f6eb23 req-04cca9fe-c44c-4755-a2f5-588914f6eb23 ] Request (FlavorsExtraSpecsNegativeTestJSON:tearDownClass): 204 DELETE http://10.180.1.21/identity/v3/projects/d1a08e27d7e541c0866947936205b650 0.117s
2025-12-09 01:46:52.955 66362 INFO tempest.lib.common.rest_client [req-1f393f1a-de55-4533-9a6f-ccddbeec614f req-1f393f1a-de55-4533-9a6f-ccddbeec614f ] Request (ServerDiagnosticsV248Test:setUpClass): 201 POST http://10.180.1.21/identity/v3/auth/tokens 0.073s
2025-12-09 01:46:52.998 66362 INFO tempest.lib.common.rest_client [req-368dab9f-a9ac-4f77-ad73-8f196203ee82 req-368dab9f-a9ac-4f77-ad73-8f196203ee82 ] Request (ServerDiagnosticsV248Test:setUpClass): 201 POST http://10.180.1.21/identity/v3/auth/tokens 0.037s
2025-12-09 01:46:53.015 66334 INFO tempest.lib.common.rest_client [req-4b6d98fc-c239-4379-8243-4ce1e73da8b1 req-4b6d98fc-c239-4379-8243-4ce1e73da8b1 ] Request (FloatingIPDetailsTestJSON:test_list_floating_ips): 200 GET http://10.180.1.21/compute/v2.1/os-floating-ips 7.965s
2025-12-09 01:46:53.034 66362 INFO tempest.lib.common.rest_client [req-c1154495-7380-4008-9d08-446f6b08a547 req-c1154495-7380-4008-9d08-446f6b08a547 ] Request (ServerDiagnosticsV248Test:setUpClass): 200 GET http://10.180.1.21/identity/v3/domains?name=Default 0.035s
2025-12-09 01:46:53.061 66350 INFO tempest.lib.common.rest_client [req-89c68aa5-66be-4bb4-a502-8d8d5ec6b514 req-89c68aa5-66be-4bb4-a502-8d8d5ec6b514 ] Request (ServersTestJSON:setUpClass): 201 POST http://10.180.1.21/networking/v2.0/routers 1.103s
2025-12-09 01:46:53.079 66362 INFO tempest.lib.common.rest_client [req-51f7a400-7385-4764-9c47-1546181e4f3b req-51f7a400-7385-4764-9c47-1546181e4f3b ] Request (ServerDiagnosticsV248Test:setUpClass): 201 POST http://10.180.1.21/identity/v3/projects 0.044s
2025-12-09 01:46:53.136 66352 INFO tempest.lib.common.rest_client [req-bcb740a7-966d-4fa3-9bed-a9eff03ec56e req-bcb740a7-966d-4fa3-9bed-a9eff03ec56e ] Request (ServersListShow296Test:test_list_show_update_rebuild_server_296): 200 GET http://10.180.1.21/compute/v2.1/servers/c959ccc2-6edc-45ee-8d78-0780b6fdfa22 7.823s
2025-12-09 01:46:53.146 66352 INFO tempest.common.waiters [-] State transition "BUILD/scheduling" ==> "BUILD/None" after 9 second wait
2025-12-09 01:46:53.205 66362 INFO tempest.lib.common.rest_client [req-d321ccda-ec62-420a-88a3-942723c3d5f5 req-d321ccda-ec62-420a-88a3-942723c3d5f5 ] Request (ServerDiagnosticsV248Test:setUpClass): 201 POST http://10.180.1.21/identity/v3/users 0.124s
2025-12-09 01:46:53.232 66362 INFO tempest.lib.common.rest_client [req-816a2da1-9b3e-41d1-bfc1-66ef3406077c req-816a2da1-9b3e-41d1-bfc1-66ef3406077c ] Request (ServerDiagnosticsV248Test:setUpClass): 200 GET http://10.180.1.21/identity/v3/roles 0.027s
2025-12-09 01:46:53.271 66362 INFO tempest.lib.common.rest_client [req-d22fee6a-cebf-434d-b492-218f490b9f25 req-d22fee6a-cebf-434d-b492-218f490b9f25 ] Request (ServerDiagnosticsV248Test:setUpClass): 204 PUT http://10.180.1.21/identity/v3/projects/a9b75fe00ff7478ea9538343f2deed17/users/6d794da712a24b15a703d3b3e301abfb/roles/5b4c57925c054eecad4d27791a48abc0 0.038s
2025-12-09 01:46:53.271 66362 INFO tempest.lib.common.dynamic_creds [-] Dynamic test user 6d794da712a24b15a703d3b3e301abfb is created with scope project and roles: ['member']
2025-12-09 01:46:53.271 66362 INFO tempest.lib.common.dynamic_creds [-] Acquired dynamic creds: credentials: Credentials: {'domain_id': 'default', 'domain_name': 'Default', 'username': 'tempest-ServerDiagnosticsV248Test-230363814-project-member', 'project_domain_id': 'default', 'project_domain_name': 'Default', 'project_id': 'a9b75fe00ff7478ea9538343f2deed17', 'project_name': 'tempest-ServerDiagnosticsV248Test-230363814', 'tenant_id': 'a9b75fe00ff7478ea9538343f2deed17', 'tenant_name': 'tempest-ServerDiagnosticsV248Test-230363814', 'user_domain_id': 'default', 'user_domain_name': 'Default', 'user_id': '6d794da712a24b15a703d3b3e301abfb', 'system': None}, Network: None, Subnet: None, Router: None
2025-12-09 01:46:53.271 66362 INFO tempest.lib.common.dynamic_creds [-] Created isolated network resources for: credentials: Credentials: {'domain_id': 'default', 'domain_name': 'Default', 'username': 'tempest-ServerDiagnosticsV248Test-230363814-project-member', 'project_domain_id': 'default', 'project_domain_name': 'Default', 'project_id': 'a9b75fe00ff7478ea9538343f2deed17', 'project_name': 'tempest-ServerDiagnosticsV248Test-230363814', 'tenant_id': 'a9b75fe00ff7478ea9538343f2deed17', 'tenant_name': 'tempest-ServerDiagnosticsV248Test-230363814', 'user_domain_id': 'default', 'user_domain_name': 'Default', 'user_id': '6d794da712a24b15a703d3b3e301abfb', 'system': None}, Network: None, Subnet: None, Router: None
2025-12-09 01:46:53.363 66322 INFO tempest.lib.common.rest_client [req-b4117fd1-6031-4a62-8417-ee3d0d051696 req-b4117fd1-6031-4a62-8417-ee3d0d051696 ] Request (ImagesOneServerTestJSON:setUpClass): 202 POST http://10.180.1.21/compute/v2.1/servers 8.694s
2025-12-09 01:46:53.374 66362 INFO tempest.lib.common.rest_client [req-9e1f0aa7-fcd2-4e5d-a9be-a58c5ca44758 req-9e1f0aa7-fcd2-4e5d-a9be-a58c5ca44758 ] Request (ServerDiagnosticsV248Test:setUpClass): 201 POST http://10.180.1.21/identity/v3/auth/tokens 0.099s
2025-12-09 01:46:53.462 66362 INFO tempest.lib.common.rest_client [req-e3043aff-7700-4d49-9c81-2b90cc600edf req-e3043aff-7700-4d49-9c81-2b90cc600edf ] Request (ServerDiagnosticsV248Test:setUpClass): 201 POST http://10.180.1.21/identity/v3/projects 0.086s
2025-12-09 01:46:53.482 66318 INFO tempest.lib.common.rest_client [req-650d1245-aa82-4c16-9225-fcb1c112ac58 req-650d1245-aa82-4c16-9225-fcb1c112ac58 ] Request (InstanceActionsV221TestJSON:test_get_list_deleted_instance_actions): 200 GET http://10.180.1.21/compute/v2.1/servers/7d2183b7-66eb-4aa0-9336-34e9f79c97a3 7.413s
2025-12-09 01:46:53.491 66318 INFO tempest.common.waiters [-] State transition "BUILD/spawning" ==> "ACTIVE/None" after 35 second wait
2025-12-09 01:46:53.524 66310 INFO tempest.lib.common.rest_client [req-fd97d23e-b005-4006-b682-4514202465c6 req-fd97d23e-b005-4006-b682-4514202465c6 ] Request (FlavorsAdminTestJSON:_run_cleanups): 200 GET http://10.180.1.21/compute/v2.1/flavors/detail 7.035s
2025-12-09 01:46:53.605 66344 INFO tempest.lib.common.rest_client [req-a863e1fc-bca2-4fc8-a0a5-9201e1ff9bb7 req-a863e1fc-bca2-4fc8-a0a5-9201e1ff9bb7 ] Request (SecurityGroupsNegativeTestJSON:test_delete_the_default_security_group): 400 DELETE http://10.180.1.21/compute/v2.1/os-security-groups/bcdc040f-a68a-4a93-ac64-e19269df2922 7.130s
2025-12-09 01:46:53.606 66362 INFO tempest.lib.common.rest_client [req-20f6c967-b89b-48ad-bac4-ef90bbfaee62 req-20f6c967-b89b-48ad-bac4-ef90bbfaee62 ] Request (ServerDiagnosticsV248Test:setUpClass): 201 POST http://10.180.1.21/identity/v3/users 0.144s
2025-12-09 01:46:53.646 66362 INFO tempest.lib.common.rest_client [req-764844a7-8edb-4331-83a6-885b12fd93df req-764844a7-8edb-4331-83a6-885b12fd93df ] Request (ServerDiagnosticsV248Test:setUpClass): 200 GET http://10.180.1.21/identity/v3/roles 0.040s
2025-12-09 01:46:53.663 66324 INFO tempest.lib.common.rest_client [req-a7e0558d-34c0-42ba-b4e1-209868b5d61f req-a7e0558d-34c0-42ba-b4e1-209868b5d61f ] Request (ImagesMetadataTestJSON:test_set_image_metadata): 200 GET http://10.180.1.21/compute/v2.1/images/5f57396f-9c1a-4851-a420-c724c7210b29/metadata 5.508s
2025-12-09 01:46:53.717 66362 INFO tempest.lib.common.rest_client [req-8dcc4107-6957-407e-ad7c-7e34d8381d34 req-8dcc4107-6957-407e-ad7c-7e34d8381d34 ] Request (ServerDiagnosticsV248Test:setUpClass): 204 PUT http://10.180.1.21/identity/v3/projects/fe54b8eb156e4db9841cbb74138aa9bd/users/b264ad3510d94198af9271314098082f/roles/55f9d1ad6d3f47768192633d728725d6 0.070s
2025-12-09 01:46:53.803 66362 INFO tempest.lib.common.rest_client [req-a500c158-5fd7-4c55-9440-95f7dfe244d4 req-a500c158-5fd7-4c55-9440-95f7dfe244d4 ] Request (ServerDiagnosticsV248Test:setUpClass): 200 GET http://10.180.1.21/identity/v3/roles 0.085s
2025-12-09 01:46:53.830 66362 INFO tempest.lib.common.rest_client [req-b5f92a64-fd24-410e-8005-9dce14eadbca req-b5f92a64-fd24-410e-8005-9dce14eadbca ] Request (ServerDiagnosticsV248Test:setUpClass): 204 PUT http://10.180.1.21/identity/v3/projects/fe54b8eb156e4db9841cbb74138aa9bd/users/b264ad3510d94198af9271314098082f/roles/55f9d1ad6d3f47768192633d728725d6 0.026s
2025-12-09 01:46:53.830 66362 INFO tempest.lib.common.dynamic_creds [-] Dynamic test user b264ad3510d94198af9271314098082f is created with scope project and roles: ['admin']
2025-12-09 01:46:53.830 66362 INFO tempest.lib.common.dynamic_creds [-] Acquired dynamic creds: credentials: Credentials: {'domain_id': 'default', 'domain_name': 'Default', 'username': 'tempest-ServerDiagnosticsV248Test-598937919-project-admin', 'project_domain_id': 'default', 'project_domain_name': 'Default', 'project_id': 'fe54b8eb156e4db9841cbb74138aa9bd', 'project_name': 'tempest-ServerDiagnosticsV248Test-598937919', 'tenant_id': 'fe54b8eb156e4db9841cbb74138aa9bd', 'tenant_name': 'tempest-ServerDiagnosticsV248Test-598937919', 'user_domain_id': 'default', 'user_domain_name': 'Default', 'user_id': 'b264ad3510d94198af9271314098082f', 'system': None}, Network: None, Subnet: None, Router: None
2025-12-09 01:46:53.830 66362 INFO tempest.lib.common.dynamic_creds [-] Created isolated network resources for: credentials: Credentials: {'domain_id': 'default', 'domain_name': 'Default', 'username': 'tempest-ServerDiagnosticsV248Test-598937919-project-admin', 'project_domain_id': 'default', 'project_domain_name': 'Default', 'project_id': 'fe54b8eb156e4db9841cbb74138aa9bd', 'project_name': 'tempest-ServerDiagnosticsV248Test-598937919', 'tenant_id': 'fe54b8eb156e4db9841cbb74138aa9bd', 'tenant_name': 'tempest-ServerDiagnosticsV248Test-598937919', 'user_domain_id': 'default', 'user_domain_name': 'Default', 'user_id': 'b264ad3510d94198af9271314098082f', 'system': None}, Network: None, Subnet: None, Router: None
2025-12-09 01:46:53.913 66336 INFO tempest.lib.common.rest_client [req-494abec6-72e2-446a-8a90-2ba701e5ee9a req-494abec6-72e2-446a-8a90-2ba701e5ee9a ] Request (MigrationsAdminTest:test_list_migrations_in_flavor_resize_situation): 202 POST http://10.180.1.21/compute/v2.1/servers/ae070d68-c3cf-4aab-aad6-64cd55a55b2f/action 5.994s
2025-12-09 01:46:53.936 66326 INFO tempest.lib.common.rest_client [req-7eda4ee5-247f-4b6a-94a7-3860d3183624 req-7eda4ee5-247f-4b6a-94a7-3860d3183624 ] Request (FlavorsV2TestJSON:test_list_flavors_detailed_limit_results): 200 GET http://10.180.1.21/compute/v2.1/flavors/detail?limit=1 4.506s
2025-12-09 01:46:53.954 66342 INFO tempest.lib.common.rest_client [req-9534079e-ace2-473a-b118-e4a1b67ff7d0 req-9534079e-ace2-473a-b118-e4a1b67ff7d0 ] Request (ListServersNegativeTestJSON:setUpClass): 200 GET http://10.180.1.21/compute/v2.1/servers/19b8f889-9b7d-4749-8275-1ae8f68d02c0 4.940s
2025-12-09 01:46:53.961 66362 INFO tempest.lib.common.rest_client [req-6ced93e6-b87f-4387-898f-037ecb09af54 req-6ced93e6-b87f-4387-898f-037ecb09af54 ] Request (ServerDiagnosticsV248Test:setUpClass): 201 POST http://10.180.1.21/identity/v3/auth/tokens 0.127s
2025-12-09 01:46:53.962 66328 INFO tempest.lib.common.rest_client [req-552e596c-f5a4-4440-9d2b-8a20d8a1d5e4 req-552e596c-f5a4-4440-9d2b-8a20d8a1d5e4 ] Request (FlavorsAccessNegativeTestJSON:test_flavor_non_admin_remove): 200 POST http://10.180.1.21/compute/v2.1/flavors 4.509s
2025-12-09 01:46:53.976 66342 INFO tempest.common.waiters [-] State transition "BUILD/networking" ==> "BUILD/spawning" after 22 second wait
2025-12-09 01:46:53.997 66316 INFO tempest.lib.common.rest_client [req-f655c639-918d-4773-9c9e-a2458cec8ea8 req-f655c639-918d-4773-9c9e-a2458cec8ea8 ] Request (AggregatesAdminNegativeTestJSON:test_aggregate_create_with_existent_aggregate_name): 200 POST http://10.180.1.21/compute/v2.1/os-aggregates 4.464s
2025-12-09 01:46:54.020 66346 INFO tempest.lib.common.rest_client [req-2e54b13a-1018-47f3-a504-ebdd5379cb93 req-2e54b13a-1018-47f3-a504-ebdd5379cb93 ] Request (HypervisorAdminTestJSON:test_get_hypervisor_stats): 200 GET http://10.180.1.21/compute/v2.1/os-hypervisors/statistics 4.430s
2025-12-09 01:46:54.045 66362 INFO tempest.lib.common.rest_client [req-8442ab25-4db9-44b3-863a-005a501a4a83 req-8442ab25-4db9-44b3-863a-005a501a4a83 ] Request (ServerDiagnosticsV248Test:test_get_server_diagnostics): 201 POST http://10.180.1.21/identity/v3/auth/tokens 0.072s
2025-12-09 01:46:54.045 66362 INFO tempest.lib.common.fixed_network [-] (ServerDiagnosticsV248Test:test_get_server_diagnostics) Found network None available for tenant
2025-12-09 01:46:54.090 66312 INFO tempest.lib.common.rest_client [req-83fff737-95eb-4839-9ca1-f20b04e1b6f8 req-83fff737-95eb-4839-9ca1-f20b04e1b6f8 ] Request (ServerDiagnosticsNegativeTest:tearDownClass): 200 GET http://10.180.1.21/compute/v2.1/servers/8228e7a3-8040-4410-b086-e9b697508cd2 4.562s
2025-12-09 01:46:54.156 66350 INFO tempest.lib.common.rest_client [req-091b5b36-4135-472d-9431-56b8d92db1c8 req-091b5b36-4135-472d-9431-56b8d92db1c8 ] Request (ServersTestJSON:setUpClass): 200 PUT http://10.180.1.21/networking/v2.0/routers/d393e3d1-d19b-46bf-bbd7-bc3223264663/add_router_interface 1.095s
2025-12-09 01:46:54.157 66314 INFO tempest.lib.common.rest_client [req-3586374e-769d-49b1-8ae3-3c25b62b950b req-3586374e-769d-49b1-8ae3-3c25b62b950b ] Request (FloatingIPsAssociationTestJSON:test_associate_already_associated_floating_ip): 200 GET http://10.180.1.21/compute/v2.1/servers/c3c55e3a-6542-4cb3-8e56-c2f4218dd68f 3.750s
2025-12-09 01:46:54.157 66350 INFO tempest.lib.common.dynamic_creds [-] Created isolated network resources for: credentials: Credentials: {'domain_id': 'default', 'domain_name': 'Default', 'username': 'tempest-ServersTestJSON-859800729-project-member', 'project_domain_id': 'default', 'project_domain_name': 'Default', 'project_id': '13997c89250b4b7d9edf9cc03a11d15c', 'project_name': 'tempest-ServersTestJSON-859800729', 'tenant_id': '13997c89250b4b7d9edf9cc03a11d15c', 'tenant_name': 'tempest-ServersTestJSON-859800729', 'user_domain_id': 'default', 'user_domain_name': 'Default', 'user_id': '154b9bfe951b46e5befd850213b669e0', 'system': None}, Network: {'id': 'f916fffd-2353-4454-ad51-3891e5ded4f1', 'name': 'tempest-ServersTestJSON-1676435824-network', 'tenant_id': '13997c89250b4b7d9edf9cc03a11d15c', 'project_id': '13997c89250b4b7d9edf9cc03a11d15c', 'admin_state_up': True, 'mtu': 8950, 'status': 'ACTIVE', 'subnets': [], 'shared': False, 'port_security_enabled': True, 'router:external': False, 'provider:network_type': 'vlan', 'provider:physical_network': 'default', 'provider:segmentation_id': 691, 'availability_zone_hints': [], 'availability_zones': [], 'ipv4_address_scope': None, 'ipv6_address_scope': None, 'description': '', 'tags': [], 'created_at': '2025-12-09T01:46:51Z', 'updated_at': '2025-12-09T01:46:51Z', 'revision_number': 1}, Subnet: {'id': 'ee754194-d600-4d8c-9766-b4fa49bcbcb8', 'name': 'tempest-ServersTestJSON-1676435824-subnet', 'tenant_id': '13997c89250b4b7d9edf9cc03a11d15c', 'network_id': 'f916fffd-2353-4454-ad51-3891e5ded4f1', 'ip_version': 4, 'subnetpool_id': None, 'enable_dhcp': True, 'ipv6_ra_mode': None, 'ipv6_address_mode': None, 'gateway_ip': '192.168.128.1', 'cidr': '192.168.128.0/28', 'allocation_pools': [{'start': '192.168.128.2', 'end': '192.168.128.14'}], 'host_routes': [], 'dns_nameservers': [], 'description': '', 'router:external': False, 'service_types': [], 'tags': [], 'created_at': '2025-12-09T01:46:51Z', 'updated_at': '2025-12-09T01:46:51Z', 'revision_number': 0, 'project_id': '13997c89250b4b7d9edf9cc03a11d15c'}, Router: {'id': 'd393e3d1-d19b-46bf-bbd7-bc3223264663', 'name': 'tempest-ServersTestJSON-1676435824-router', 'tenant_id': '13997c89250b4b7d9edf9cc03a11d15c', 'admin_state_up': True, 'status': 'ACTIVE', 'external_gateway_info': {'network_id': '9a43d4d8-5d78-4777-8779-d21f73e96684', 'external_fixed_ips': [{'subnet_id': 'a8d04fb8-f370-4a94-91da-f0c98890efc0', 'ip_address': '10.180.180.143'}], 'enable_snat': True}, 'description': '', 'availability_zones': [], 'distributed': False, 'ha': False, 'availability_zone_hints': [], 'routes': [], 'flavor_id': None, 'tags': [], 'created_at': '2025-12-09T01:46:52Z', 'updated_at': '2025-12-09T01:46:52Z', 'revision_number': 2, 'project_id': '13997c89250b4b7d9edf9cc03a11d15c'}
2025-12-09 01:46:54.199 66346 INFO tempest.lib.common.rest_client [req-177b06da-fd17-448d-a324-323400aecc12 req-177b06da-fd17-448d-a324-323400aecc12 ] Request (HypervisorAdminTestJSON:tearDownClass): 204 DELETE http://10.180.1.21/identity/v3/users/bc9e3d77ad644d5fb52a7f37fa48c82a 0.172s
2025-12-09 01:46:54.210 66356 INFO tempest.lib.common.rest_client [req-ec5d5ab4-86e5-4ebf-ba97-94e8564997f5 req-ec5d5ab4-86e5-4ebf-ba97-94e8564997f5 ] Request (ServersTestFqdnHostnames:test_create_server_with_fqdn_name): 200 POST http://10.180.1.21/compute/v2.1/os-keypairs 4.452s
2025-12-09 01:46:54.339 66350 INFO tempest.lib.common.rest_client [req-49b875fa-5037-4657-b0e2-6d1a10602e7e req-49b875fa-5037-4657-b0e2-6d1a10602e7e ] Request (ServersTestJSON:setUpClass): 201 POST http://10.180.1.21/identity/v3/auth/tokens 0.177s
2025-12-09 01:46:54.493 66356 INFO tempest.lib.common.rest_client [req-e725791d-fc92-4a9f-9b80-2fa2c9a00549 req-e725791d-fc92-4a9f-9b80-2fa2c9a00549 ] Request (ServersTestFqdnHostnames:test_create_server_with_fqdn_name): 201 POST http://10.180.1.21/networking/v2.0/security-groups 0.280s
2025-12-09 01:46:54.514 66366 INFO tempest.lib.common.rest_client [req-6b4fa1ff-e9a8-485f-a1cb-cf84f31b5362 req-6b4fa1ff-e9a8-485f-a1cb-cf84f31b5362 ] Request (FloatingIPsNegativeTestJSON:setUpClass): 200 GET http://10.180.1.21/compute/v2.1/os-floating-ips 4.027s
2025-12-09 01:46:54.521 66346 INFO tempest.lib.common.rest_client [req-1f5f6130-848e-49a9-aef8-84e9a2cc74ab req-1f5f6130-848e-49a9-aef8-84e9a2cc74ab ] Request (HypervisorAdminTestJSON:tearDownClass): 204 DELETE http://10.180.1.21/identity/v3/users/5466eff4eb8e4985a18b73645e1f1fff 0.321s
2025-12-09 01:46:54.521 66346 INFO tempest.lib.common.dynamic_creds [-] Deleting project and security group for project: 388affbea7e847ebbf805a42f93b89dc
2025-12-09 01:46:54.543 66306 INFO tempest.lib.common.rest_client [req-18b6e7ba-62a2-4b72-9297-35707c02e40a req-18b6e7ba-62a2-4b72-9297-35707c02e40a ] Request (ImagesDeleteNegativeTestJSON:test_delete_non_existent_image): 404 DELETE http://10.180.1.21/compute/v2.1/images/008bf81e-bfd6-4b69-9b53-8ca7a8e6445f 3.728s
2025-12-09 01:46:54.575 66368 INFO tempest.lib.common.rest_client [req-89eb90e8-8397-4486-98e6-afbdf67f2494 req-89eb90e8-8397-4486-98e6-afbdf67f2494 ] Request (TenantUsagesTestJSON:test_get_usage_tenant): 200 GET http://10.180.1.21/compute/v2.1/os-simple-tenant-usage/1a246ad5ef3246a8b887eb5e1ef3a6a3?start=2025-12-08T01%3A46%3A50.794104&end=2025-12-10T01%3A46%3A50.794104 3.780s
2025-12-09 01:46:54.588 66364 INFO tempest.lib.common.rest_client [req-3bbba1c7-1389-4ef3-a44f-a9a3649514ef req-3bbba1c7-1389-4ef3-a44f-a9a3649514ef ] Request (KeyPairsV22TestJSON:test_keypairs_create_list_delete): 200 GET http://10.180.1.21/compute/v2.1/os-keypairs 3.667s
2025-12-09 01:46:54.603 66346 INFO tempest.lib.common.rest_client [req-92fddc3d-ade3-41c3-8bd7-c03b4144de0d req-92fddc3d-ade3-41c3-8bd7-c03b4144de0d ] Request (HypervisorAdminTestJSON:tearDownClass): 201 POST http://10.180.1.21/identity/v3/auth/tokens 0.080s
2025-12-09 01:46:54.629 66356 INFO tempest.lib.common.rest_client [req-5a96e50b-03d5-4ae6-a896-5c626485e95d req-5a96e50b-03d5-4ae6-a896-5c626485e95d ] Request (ServersTestFqdnHostnames:test_create_server_with_fqdn_name): 201 POST http://10.180.1.21/networking/v2.0/security-group-rules 0.135s
2025-12-09 01:46:54.684 66306 INFO tempest.lib.common.rest_client [req-4693feae-2b16-49fe-8134-4b5145a6517d req-4693feae-2b16-49fe-8134-4b5145a6517d ] Request (ImagesDeleteNegativeTestJSON:tearDownClass): 204 DELETE http://10.180.1.21/identity/v3/users/63d1c19cd1b849b0b9994efd5c4e8b2c 0.139s
2025-12-09 01:46:54.684 66306 INFO tempest.lib.common.dynamic_creds [-] Deleting project and security group for project: ef77574e9e7e450ab76958675c3db95d
2025-12-09 01:46:54.797 66306 INFO tempest.lib.common.rest_client [req-3e2be046-6331-418d-ab68-d11d385df5ec req-3e2be046-6331-418d-ab68-d11d385df5ec ] Request (ImagesDeleteNegativeTestJSON:tearDownClass): 201 POST http://10.180.1.21/identity/v3/auth/tokens 0.113s
2025-12-09 01:46:54.877 66346 INFO tempest.lib.common.rest_client [req-0cef0ffc-a444-4708-b6f9-04ff33b9ca1a req-0cef0ffc-a444-4708-b6f9-04ff33b9ca1a ] Request (HypervisorAdminTestJSON:tearDownClass): 200 GET http://10.180.1.21/networking/v2.0/security-groups?tenant_id=388affbea7e847ebbf805a42f93b89dc&name=default 0.273s
2025-12-09 01:46:54.906 66308 INFO tempest.lib.common.rest_client [req-d5867534-cedc-49fd-9e7f-05443f5a5505 req-d5867534-cedc-49fd-9e7f-05443f5a5505 ] Request (ServerDiagnosticsTest:tearDownClass): 200 GET http://10.180.1.21/compute/v2.1/servers/ffcc6ad3-9fee-4f81-995d-e134df2867b6 3.056s
2025-12-09 01:46:54.984 66356 INFO tempest.lib.common.rest_client [req-ec245609-e456-4b64-b639-561c2398bd9e req-ec245609-e456-4b64-b639-561c2398bd9e ] Request (ServersTestFqdnHostnames:test_create_server_with_fqdn_name): 201 POST http://10.180.1.21/networking/v2.0/security-group-rules 0.355s
2025-12-09 01:46:55.019 66338 INFO tempest.lib.common.rest_client [req-7e3a2412-358a-4562-8704-58ea7f963de7 req-7e3a2412-358a-4562-8704-58ea7f963de7 ] Request (SecurityGroupRulesNegativeTestJSON:test_create_security_group_rule_duplicate): 200 POST http://10.180.1.21/compute/v2.1/os-security-groups 4.161s
2025-12-09 01:46:55.118 66346 INFO tempest.lib.common.rest_client [req-d1aa3cdc-cc78-47ef-b35e-4af9a64bb137 req-d1aa3cdc-cc78-47ef-b35e-4af9a64bb137 ] Request (HypervisorAdminTestJSON:tearDownClass): 204 DELETE http://10.180.1.21/networking/v2.0/security-groups/a46a6215-1ece-43cd-b455-61346aea2fcf 0.241s
2025-12-09 01:46:55.127 66306 INFO tempest.lib.common.rest_client [req-b5824fc7-40f7-462a-b312-bbbb43fc3957 req-b5824fc7-40f7-462a-b312-bbbb43fc3957 ] Request (ImagesDeleteNegativeTestJSON:tearDownClass): 200 GET http://10.180.1.21/networking/v2.0/security-groups?tenant_id=ef77574e9e7e450ab76958675c3db95d&name=default 0.329s
2025-12-09 01:46:55.147 66348 INFO tempest.lib.common.rest_client [req-71d3e239-b5aa-4202-aff5-645a298bf970 req-71d3e239-b5aa-4202-aff5-645a298bf970 ] Request (ServersAdmin275Test:test_rebuild_update_server_275): 200 GET http://10.180.1.21/compute/v2.1/servers/b8022429-7880-4173-b59c-4e58beca833d 2.947s
2025-12-09 01:46:55.159 66320 INFO tempest.lib.common.rest_client [req-c66c33b2-c3c1-42ab-9e92-aa72a3f0a0bd req-c66c33b2-c3c1-42ab-9e92-aa72a3f0a0bd ] Request (ServersWithSpecificFlavorTestJSON:test_verify_created_server_ephemeral_disk): 200 GET http://10.180.1.21/compute/v2.1/servers/65a64c3a-c8f7-45a1-bdd5-a62e72ba24fb 2.953s
2025-12-09 01:46:55.161 66348 INFO tempest.common.waiters [-] State transition "REBUILD/rebuild_spawning" ==> "ACTIVE/None" after 14 second wait
2025-12-09 01:46:55.204 66346 INFO tempest.lib.common.rest_client [req-af0270bf-2fe8-47ff-a507-bd98e808cfad req-af0270bf-2fe8-47ff-a507-bd98e808cfad ] Request (HypervisorAdminTestJSON:tearDownClass): 204 DELETE http://10.180.1.21/identity/v3/projects/388affbea7e847ebbf805a42f93b89dc 0.086s
2025-12-09 01:46:55.205 66346 INFO tempest.lib.common.dynamic_creds [-] Deleting project and security group for project: 3091d8f06fc749c6a33ecc98a58be184
2025-12-09 01:46:55.248 66306 INFO tempest.lib.common.rest_client [req-e3add914-0f3f-458b-a58d-f9113fc175f0 req-e3add914-0f3f-458b-a58d-f9113fc175f0 ] Request (ImagesDeleteNegativeTestJSON:tearDownClass): 204 DELETE http://10.180.1.21/networking/v2.0/security-groups/e5ee4686-0e6a-4114-bae4-42d65d6ed8cb 0.121s
2025-12-09 01:46:55.278 66358 INFO tempest.lib.common.rest_client [req-c0ab6b22-d502-42b3-ac9b-701af70c5866 req-c0ab6b22-d502-42b3-ac9b-701af70c5866 ] Request (ServersAdminNegativeTestJSON:test_migrate_non_existent_server): 404 POST http://10.180.1.21/compute/v2.1/servers/0086f4ce-f902-48df-804d-bd6d6afdd00b/action 2.628s
2025-12-09 01:46:55.288 66360 INFO tempest.lib.common.rest_client [req-e340ce80-1320-410b-a38a-a1d6685bc91d req-e340ce80-1320-410b-a38a-a1d6685bc91d ] Request (ListImageFiltersTestJSON:setUpClass): 200 GET http://10.180.1.21/compute/v2.1/servers/5bc1b653-a7c5-4d19-9a19-f1f8f98b6af5 2.484s
2025-12-09 01:46:55.408 66332 INFO tempest.lib.common.rest_client [req-f7ce0364-37eb-4d16-a965-1e216f329f97 req-f7ce0364-37eb-4d16-a965-1e216f329f97 ] Request (ServerExternalEventsTest:test_create_server_external_events): 200 POST http://10.180.1.21/compute/v2.1/os-server-external-events 2.555s
2025-12-09 01:46:55.437 66306 INFO tempest.lib.common.rest_client [req-fbd9d991-2116-443f-84c4-b7c3a19c3ac5 req-fbd9d991-2116-443f-84c4-b7c3a19c3ac5 ] Request (ImagesDeleteNegativeTestJSON:tearDownClass): 204 DELETE http://10.180.1.21/identity/v3/projects/ef77574e9e7e450ab76958675c3db95d 0.188s
2025-12-09 01:46:55.444 66346 INFO tempest.lib.common.rest_client [req-cc713039-b8c6-4304-a20e-9bbea52b6582 req-cc713039-b8c6-4304-a20e-9bbea52b6582 ] Request (HypervisorAdminTestJSON:tearDownClass): 200 GET http://10.180.1.21/networking/v2.0/security-groups?tenant_id=3091d8f06fc749c6a33ecc98a58be184&name=default 0.239s
2025-12-09 01:46:55.454 66358 INFO tempest.lib.common.rest_client [req-9fd37563-8943-4e9e-bc9e-1f7e9eec5250 req-9fd37563-8943-4e9e-bc9e-1f7e9eec5250 ] Request (ServersAdminNegativeTestJSON:test_migrate_server_invalid_state): 201 POST http://10.180.1.21/identity/v3/auth/tokens 0.165s
2025-12-09 01:46:55.454 66358 INFO tempest.lib.common.fixed_network [-] (ServersAdminNegativeTestJSON:test_migrate_server_invalid_state) Found network None available for tenant
2025-12-09 01:46:55.517 66306 INFO tempest.lib.common.rest_client [req-b2c11c7d-d397-4aa1-b73a-b3e3bfd31ea3 req-b2c11c7d-d397-4aa1-b73a-b3e3bfd31ea3 ] Request (AttachInterfacesUnderV243Test:setUpClass): 201 POST http://10.180.1.21/identity/v3/auth/tokens 0.077s
2025-12-09 01:46:55.552 66306 INFO tempest.lib.common.rest_client [req-113193d7-71ee-41a1-859f-3b14949b7ad7 req-113193d7-71ee-41a1-859f-3b14949b7ad7 ] Request (AttachInterfacesUnderV243Test:setUpClass): 201 POST http://10.180.1.21/identity/v3/auth/tokens 0.032s
2025-12-09 01:46:55.585 66306 INFO tempest.lib.common.rest_client [req-6e4d8144-4a38-448c-aea6-91b0f1ddfe79 req-6e4d8144-4a38-448c-aea6-91b0f1ddfe79 ] Request (AttachInterfacesUnderV243Test:setUpClass): 200 GET http://10.180.1.21/identity/v3/domains?name=Default 0.032s
2025-12-09 01:46:55.589 66346 INFO tempest.lib.common.rest_client [req-94e6dca2-3818-4a27-9e7b-65b4280a76c3 req-94e6dca2-3818-4a27-9e7b-65b4280a76c3 ] Request (HypervisorAdminTestJSON:tearDownClass): 204 DELETE http://10.180.1.21/networking/v2.0/security-groups/aa0abc87-984c-454d-8534-eadcf18ff42b 0.144s
2025-12-09 01:46:55.617 66306 INFO tempest.lib.common.rest_client [req-e1cd7f15-291a-48e6-89c8-eb7287b60a5e req-e1cd7f15-291a-48e6-89c8-eb7287b60a5e ] Request (AttachInterfacesUnderV243Test:setUpClass): 201 POST http://10.180.1.21/identity/v3/projects 0.032s
2025-12-09 01:46:55.650 66356 INFO tempest.lib.common.rest_client [req-eb414e82-8d1d-405b-90d1-8bef959e357b req-eb414e82-8d1d-405b-90d1-8bef959e357b ] Request (ServersTestFqdnHostnames:test_create_server_with_fqdn_name): 201 POST http://10.180.1.21/networking/v2.0/floatingips 0.665s
2025-12-09 01:46:55.668 66346 INFO tempest.lib.common.rest_client [req-3238717f-99a9-4bd6-8c8f-a4720c060cdc req-3238717f-99a9-4bd6-8c8f-a4720c060cdc ] Request (HypervisorAdminTestJSON:tearDownClass): 204 DELETE http://10.180.1.21/identity/v3/projects/3091d8f06fc749c6a33ecc98a58be184 0.078s
2025-12-09 01:46:55.718 66356 INFO tempest.lib.common.rest_client [req-c08c9439-9f9e-4d49-a89a-d2fe2076dc23 req-c08c9439-9f9e-4d49-a89a-d2fe2076dc23 ] Request (ServersTestFqdnHostnames:test_create_server_with_fqdn_name): 201 POST http://10.180.1.21/identity/v3/auth/tokens 0.064s
2025-12-09 01:46:55.719 66356 INFO tempest.lib.common.fixed_network [-] (ServersTestFqdnHostnames:test_create_server_with_fqdn_name) Found network {'id': 'f6f121ec-a163-41d3-a9e3-b3d180b7472f', 'name': 'tempest-ServersTestFqdnHostnames-2022349533-network', 'tenant_id': '6c47eaabf7204dda938c9c9a6f8ac894', 'project_id': '6c47eaabf7204dda938c9c9a6f8ac894', 'admin_state_up': True, 'mtu': 8950, 'status': 'ACTIVE', 'subnets': [], 'shared': False, 'port_security_enabled': True, 'router:external': False, 'provider:network_type': 'vlan', 'provider:physical_network': 'default', 'provider:segmentation_id': 896, 'availability_zone_hints': [], 'availability_zones': [], 'ipv4_address_scope': None, 'ipv6_address_scope': None, 'description': '', 'tags': [], 'created_at': '2025-12-09T01:46:45Z', 'updated_at': '2025-12-09T01:46:45Z', 'revision_number': 1} available for tenant
2025-12-09 01:46:55.728 66306 INFO tempest.lib.common.rest_client [req-ea12b864-347b-496e-8168-d7e97f78d1de req-ea12b864-347b-496e-8168-d7e97f78d1de ] Request (AttachInterfacesUnderV243Test:setUpClass): 201 POST http://10.180.1.21/identity/v3/users 0.110s
2025-12-09 01:46:55.730 66340 INFO tempest.lib.common.rest_client [req-988716a7-70d8-4564-9a4a-657ab1083347 req-988716a7-70d8-4564-9a4a-657ab1083347 ] Request (VolumesAssistedSnapshotsTest:test_volume_assisted_snapshot_create_delete): 200 GET http://10.180.1.21/compute/v2.1/servers/8ab34219-78fb-4397-81bc-be811e709ede 2.554s
2025-12-09 01:46:55.765 66346 INFO tempest.lib.common.rest_client [req-6baf15c0-9770-444f-80da-a1dbddf0a4ca req-6baf15c0-9770-444f-80da-a1dbddf0a4ca ] Request (KeyPairsV210TestJSON:setUpClass): 201 POST http://10.180.1.21/identity/v3/auth/tokens 0.096s
2025-12-09 01:46:55.788 66306 INFO tempest.lib.common.rest_client [req-0f51e412-c2d0-431a-a4f5-06de564d6959 req-0f51e412-c2d0-431a-a4f5-06de564d6959 ] Request (AttachInterfacesUnderV243Test:setUpClass): 200 GET http://10.180.1.21/identity/v3/roles 0.059s
2025-12-09 01:46:55.801 66330 WARNING tempest.lib.common.ssh [-] Failed to establish authenticated ssh connection to cirros@10.180.180.168 ([Errno None] Unable to connect to port 22 on 10.180.180.168). Number attempts: 4. Retry after 5 seconds.: paramiko.ssh_exception.NoValidConnectionsError: [Errno None] Unable to connect to port 22 on 10.180.180.168
2025-12-09 01:46:55.813 66346 INFO tempest.lib.common.rest_client [req-a0e4e237-a8ac-439a-8836-6c24a2e479db req-a0e4e237-a8ac-439a-8836-6c24a2e479db ] Request (KeyPairsV210TestJSON:setUpClass): 201 POST http://10.180.1.21/identity/v3/auth/tokens 0.044s
2025-12-09 01:46:55.831 66306 INFO tempest.lib.common.rest_client [req-9e90ef74-210f-4fbb-8d57-2ffd0b4b3e9d req-9e90ef74-210f-4fbb-8d57-2ffd0b4b3e9d ] Request (AttachInterfacesUnderV243Test:setUpClass): 204 PUT http://10.180.1.21/identity/v3/projects/e3a1eea70e2344d98330ab0178fdc5e7/users/35add98dacd943a3a98a927e5e2c3b56/roles/5b4c57925c054eecad4d27791a48abc0 0.042s
2025-12-09 01:46:55.831 66306 INFO tempest.lib.common.dynamic_creds [-] Dynamic test user 35add98dacd943a3a98a927e5e2c3b56 is created with scope project and roles: ['member']
2025-12-09 01:46:55.831 66306 INFO tempest.lib.common.dynamic_creds [-] Acquired dynamic creds: credentials: Credentials: {'domain_id': 'default', 'domain_name': 'Default', 'username': 'tempest-AttachInterfacesUnderV243Test-391716978-project-member', 'project_domain_id': 'default', 'project_domain_name': 'Default', 'project_id': 'e3a1eea70e2344d98330ab0178fdc5e7', 'project_name': 'tempest-AttachInterfacesUnderV243Test-391716978', 'tenant_id': 'e3a1eea70e2344d98330ab0178fdc5e7', 'tenant_name': 'tempest-AttachInterfacesUnderV243Test-391716978', 'user_domain_id': 'default', 'user_domain_name': 'Default', 'user_id': '35add98dacd943a3a98a927e5e2c3b56', 'system': None}, Network: None, Subnet: None, Router: None
2025-12-09 01:46:55.837 66346 INFO tempest.lib.common.rest_client [req-4a2a2bac-b1db-4485-9531-82e7be5b85ec req-4a2a2bac-b1db-4485-9531-82e7be5b85ec ] Request (KeyPairsV210TestJSON:setUpClass): 200 GET http://10.180.1.21/identity/v3/domains?name=Default 0.024s
2025-12-09 01:46:55.887 66306 INFO tempest.lib.common.rest_client [req-473b08d2-e6f3-4f32-a2a0-97cdf42b056e req-473b08d2-e6f3-4f32-a2a0-97cdf42b056e ] Request (AttachInterfacesUnderV243Test:setUpClass): 201 POST http://10.180.1.21/identity/v3/auth/tokens 0.055s
2025-12-09 01:46:55.891 66322 INFO tempest.lib.common.rest_client [req-a4fb9290-06a3-4390-bf22-29368ad8487b req-a4fb9290-06a3-4390-bf22-29368ad8487b ] Request (ImagesOneServerTestJSON:setUpClass): 200 GET http://10.180.1.21/compute/v2.1/servers/7315701e-da37-4379-9448-65ee289ef71f 2.526s
2025-12-09 01:46:55.900 66346 INFO tempest.lib.common.rest_client [req-b949ca2d-578b-4632-afdd-b31860466f6b req-b949ca2d-578b-4632-afdd-b31860466f6b ] Request (KeyPairsV210TestJSON:setUpClass): 201 POST http://10.180.1.21/identity/v3/projects 0.063s
2025-12-09 01:46:55.968 66346 INFO tempest.lib.common.rest_client [req-3ec5c903-ea78-4c54-a13a-8f36652e102f req-3ec5c903-ea78-4c54-a13a-8f36652e102f ] Request (KeyPairsV210TestJSON:setUpClass): 201 POST http://10.180.1.21/identity/v3/users 0.068s
2025-12-09 01:46:55.976 66318 INFO tempest.lib.common.rest_client [req-aa8af5bb-b951-4adb-872d-8d99deb93a1b req-aa8af5bb-b951-4adb-872d-8d99deb93a1b ] Request (InstanceActionsV221TestJSON:test_get_list_deleted_instance_actions): 204 DELETE http://10.180.1.21/compute/v2.1/servers/7d2183b7-66eb-4aa0-9336-34e9f79c97a3 2.485s
2025-12-09 01:46:55.992 66346 INFO tempest.lib.common.rest_client [req-aee4e0f1-d426-4722-9133-a8dd4629b299 req-aee4e0f1-d426-4722-9133-a8dd4629b299 ] Request (KeyPairsV210TestJSON:setUpClass): 200 GET http://10.180.1.21/identity/v3/roles 0.023s
2025-12-09 01:46:55.997 66310 INFO tempest.lib.common.rest_client [req-9156df5c-5c49-455d-9f51-77977926617b req-9156df5c-5c49-455d-9f51-77977926617b ] Request (FlavorsAdminTestJSON:test_create_list_flavor_without_extra_data): 200 POST http://10.180.1.21/compute/v2.1/flavors 2.464s
2025-12-09 01:46:56.030 66346 INFO tempest.lib.common.rest_client [req-7cf9349a-dafd-4eb1-bdde-42709ea89173 req-7cf9349a-dafd-4eb1-bdde-42709ea89173 ] Request (KeyPairsV210TestJSON:setUpClass): 204 PUT http://10.180.1.21/identity/v3/projects/41e0c48a7ad74c33b3d68e61d1dc6b1f/users/892cde57952444c3904915dc11c2fa5f/roles/5b4c57925c054eecad4d27791a48abc0 0.037s
2025-12-09 01:46:56.031 66346 INFO tempest.lib.common.dynamic_creds [-] Dynamic test user 892cde57952444c3904915dc11c2fa5f is created with scope project and roles: ['member']
2025-12-09 01:46:56.031 66346 INFO tempest.lib.common.dynamic_creds [-] Acquired dynamic creds: credentials: Credentials: {'domain_id': 'default', 'domain_name': 'Default', 'username': 'tempest-KeyPairsV210TestJSON-1251006860-project-member', 'project_domain_id': 'default', 'project_domain_name': 'Default', 'project_id': '41e0c48a7ad74c33b3d68e61d1dc6b1f', 'project_name': 'tempest-KeyPairsV210TestJSON-1251006860', 'tenant_id': '41e0c48a7ad74c33b3d68e61d1dc6b1f', 'tenant_name': 'tempest-KeyPairsV210TestJSON-1251006860', 'user_domain_id': 'default', 'user_domain_name': 'Default', 'user_id': '892cde57952444c3904915dc11c2fa5f', 'system': None}, Network: None, Subnet: None, Router: None
2025-12-09 01:46:56.031 66346 INFO tempest.lib.common.dynamic_creds [-] Created isolated network resources for: credentials: Credentials: {'domain_id': 'default', 'domain_name': 'Default', 'username': 'tempest-KeyPairsV210TestJSON-1251006860-project-member', 'project_domain_id': 'default', 'project_domain_name': 'Default', 'project_id': '41e0c48a7ad74c33b3d68e61d1dc6b1f', 'project_name': 'tempest-KeyPairsV210TestJSON-1251006860', 'tenant_id': '41e0c48a7ad74c33b3d68e61d1dc6b1f', 'tenant_name': 'tempest-KeyPairsV210TestJSON-1251006860', 'user_domain_id': 'default', 'user_domain_name': 'Default', 'user_id': '892cde57952444c3904915dc11c2fa5f', 'system': None}, Network: None, Subnet: None, Router: None
2025-12-09 01:46:56.120 66334 INFO tempest.lib.common.rest_client [req-693baf4a-3577-4590-b514-613cc2608128 req-693baf4a-3577-4590-b514-613cc2608128 ] Request (FloatingIPDetailsTestJSON:tearDownClass): 202 DELETE http://10.180.1.21/compute/v2.1/os-floating-ips/50096fc2-5c08-4124-bd0d-829cd3f080c8 3.097s
2025-12-09 01:46:56.126 66346 INFO tempest.lib.common.rest_client [req-8260786b-e534-4846-80e4-45cf45df3758 req-8260786b-e534-4846-80e4-45cf45df3758 ] Request (KeyPairsV210TestJSON:setUpClass): 201 POST http://10.180.1.21/identity/v3/auth/tokens 0.091s
2025-12-09 01:46:56.162 66344 INFO tempest.lib.common.rest_client [req-c562ce4e-5c3f-4904-b679-0f5fdefef75f req-c562ce4e-5c3f-4904-b679-0f5fdefef75f ] Request (SecurityGroupsNegativeTestJSON:test_security_group_get_nonexistent_group): 404 GET http://10.180.1.21/compute/v2.1/os-security-groups/022d3f04-6966-45e3-be00-dca3f0be516d 2.551s
2025-12-09 01:46:56.214 66346 INFO tempest.lib.common.rest_client [req-06ffd975-fa6f-4714-80b5-db19ff0c912a req-06ffd975-fa6f-4714-80b5-db19ff0c912a ] Request (KeyPairsV210TestJSON:setUpClass): 201 POST http://10.180.1.21/identity/v3/projects 0.088s
2025-12-09 01:46:56.309 66346 INFO tempest.lib.common.rest_client [req-235b6787-7c05-4e67-ab78-d874d60aa45e req-235b6787-7c05-4e67-ab78-d874d60aa45e ] Request (KeyPairsV210TestJSON:setUpClass): 201 POST http://10.180.1.21/identity/v3/users 0.094s
2025-12-09 01:46:56.341 66346 INFO tempest.lib.common.rest_client [req-f86046a5-b139-4f76-8489-dc99f3e02249 req-f86046a5-b139-4f76-8489-dc99f3e02249 ] Request (KeyPairsV210TestJSON:setUpClass): 200 GET http://10.180.1.21/identity/v3/roles 0.032s
2025-12-09 01:46:56.384 66346 INFO tempest.lib.common.rest_client [req-435e2ad7-da79-4c5d-8c28-a366ad2a2737 req-435e2ad7-da79-4c5d-8c28-a366ad2a2737 ] Request (KeyPairsV210TestJSON:setUpClass): 204 PUT http://10.180.1.21/identity/v3/projects/bf4fa7997d1f4bb2aae63e046f9957fb/users/1031e8a87c2842e9b8083bddf124209c/roles/55f9d1ad6d3f47768192633d728725d6 0.042s
2025-12-09 01:46:56.461 66306 INFO tempest.lib.common.rest_client [req-bb02dac2-2ece-4f0d-8bf9-ca47bfebb769 req-bb02dac2-2ece-4f0d-8bf9-ca47bfebb769 ] Request (AttachInterfacesUnderV243Test:setUpClass): 201 POST http://10.180.1.21/networking/v2.0/networks 0.573s
2025-12-09 01:46:56.470 66324 INFO tempest.lib.common.rest_client [req-03b79daf-116d-4cc0-b48f-abd24edccd16 req-03b79daf-116d-4cc0-b48f-abd24edccd16 ] Request (ImagesMetadataTestJSON:setUp): 200 PUT http://10.180.1.21/compute/v2.1/images/5f57396f-9c1a-4851-a420-c724c7210b29/metadata 2.802s
2025-12-09 01:46:56.471 66346 INFO tempest.lib.common.rest_client [req-fab4b590-9d40-43d4-81b4-152aa04e8815 req-fab4b590-9d40-43d4-81b4-152aa04e8815 ] Request (KeyPairsV210TestJSON:setUpClass): 200 GET http://10.180.1.21/identity/v3/roles 0.086s
2025-12-09 01:46:56.494 66346 INFO tempest.lib.common.rest_client [req-a8b34e76-c988-47e2-959a-de2f7374a0d7 req-a8b34e76-c988-47e2-959a-de2f7374a0d7 ] Request (KeyPairsV210TestJSON:setUpClass): 204 PUT http://10.180.1.21/identity/v3/projects/bf4fa7997d1f4bb2aae63e046f9957fb/users/1031e8a87c2842e9b8083bddf124209c/roles/55f9d1ad6d3f47768192633d728725d6 0.023s
2025-12-09 01:46:56.495 66346 INFO tempest.lib.common.dynamic_creds [-] Dynamic test user 1031e8a87c2842e9b8083bddf124209c is created with scope project and roles: ['admin']
2025-12-09 01:46:56.495 66346 INFO tempest.lib.common.dynamic_creds [-] Acquired dynamic creds: credentials: Credentials: {'domain_id': 'default', 'domain_name': 'Default', 'username': 'tempest-KeyPairsV210TestJSON-2146060425-project-admin', 'project_domain_id': 'default', 'project_domain_name': 'Default', 'project_id': 'bf4fa7997d1f4bb2aae63e046f9957fb', 'project_name': 'tempest-KeyPairsV210TestJSON-2146060425', 'tenant_id': 'bf4fa7997d1f4bb2aae63e046f9957fb', 'tenant_name': 'tempest-KeyPairsV210TestJSON-2146060425', 'user_domain_id': 'default', 'user_domain_name': 'Default', 'user_id': '1031e8a87c2842e9b8083bddf124209c', 'system': None}, Network: None, Subnet: None, Router: None
2025-12-09 01:46:56.495 66346 INFO tempest.lib.common.dynamic_creds [-] Created isolated network resources for: credentials: Credentials: {'domain_id': 'default', 'domain_name': 'Default', 'username': 'tempest-KeyPairsV210TestJSON-2146060425-project-admin', 'project_domain_id': 'default', 'project_domain_name': 'Default', 'project_id': 'bf4fa7997d1f4bb2aae63e046f9957fb', 'project_name': 'tempest-KeyPairsV210TestJSON-2146060425', 'tenant_id': 'bf4fa7997d1f4bb2aae63e046f9957fb', 'tenant_name': 'tempest-KeyPairsV210TestJSON-2146060425', 'user_domain_id': 'default', 'user_domain_name': 'Default', 'user_id': '1031e8a87c2842e9b8083bddf124209c', 'system': None}, Network: None, Subnet: None, Router: None
2025-12-09 01:46:56.539 66354 INFO tempest.lib.common.rest_client [req-5dfdf70f-8b53-42f6-bac8-55682dbec496 req-5dfdf70f-8b53-42f6-bac8-55682dbec496 ] Request (DeleteServersAdminTestJSON:test_admin_delete_servers_of_others): 200 GET http://10.180.1.21/compute/v2.1/servers/8ba2823f-36ca-43fc-b43b-1ebdc84e1eec 2.873s
2025-12-09 01:46:56.555 66326 INFO tempest.lib.common.rest_client [req-e37cba24-7d7f-485a-a533-d22b711fa325 req-e37cba24-7d7f-485a-a533-d22b711fa325 ] Request (FlavorsV2TestJSON:test_list_flavors_detailed_using_marker): 200 GET http://10.180.1.21/compute/v2.1/flavors/42 2.615s
2025-12-09 01:46:56.615 66346 INFO tempest.lib.common.rest_client [req-ac666067-f747-4457-9ae5-af92035ebba3 req-ac666067-f747-4457-9ae5-af92035ebba3 ] Request (KeyPairsV210TestJSON:setUpClass): 201 POST http://10.180.1.21/identity/v3/auth/tokens 0.117s
2025-12-09 01:46:56.702 66306 INFO tempest.lib.common.rest_client [req-1a0fdc39-3c26-414d-89a5-60b0fade2b50 req-1a0fdc39-3c26-414d-89a5-60b0fade2b50 ] Request (AttachInterfacesUnderV243Test:setUpClass): 201 POST http://10.180.1.21/networking/v2.0/subnets 0.239s
2025-12-09 01:46:56.706 66328 INFO tempest.lib.common.rest_client [req-7e6d8b84-ca86-4707-8f41-2425530ada5e req-7e6d8b84-ca86-4707-8f41-2425530ada5e ] Request (FlavorsAccessNegativeTestJSON:test_flavor_non_admin_remove): 200 POST http://10.180.1.21/compute/v2.1/flavors/881374111/action 2.738s
2025-12-09 01:46:56.728 66316 INFO tempest.lib.common.rest_client [req-5ae5afb5-8807-4305-aaaa-421ec56ab0f2 req-5ae5afb5-8807-4305-aaaa-421ec56ab0f2 ] Request (AggregatesAdminNegativeTestJSON:test_aggregate_create_with_existent_aggregate_name): 409 POST http://10.180.1.21/compute/v2.1/os-aggregates 2.728s
2025-12-09 01:46:56.915 66362 INFO tempest.lib.common.rest_client [req-4b0677c1-7f31-44dc-89d8-5e3a0d82cf50 req-4b0677c1-7f31-44dc-89d8-5e3a0d82cf50 ] Request (ServerDiagnosticsV248Test:test_get_server_diagnostics): 202 POST http://10.180.1.21/compute/v2.1/servers 2.869s
2025-12-09 01:46:57.596 66306 INFO tempest.lib.common.rest_client [req-4e8a999f-edee-4cde-9dc4-0868de9b0657 req-4e8a999f-edee-4cde-9dc4-0868de9b0657 ] Request (AttachInterfacesUnderV243Test:setUpClass): 201 POST http://10.180.1.21/networking/v2.0/routers 0.893s
2025-12-09 01:46:57.633 66336 INFO tempest.lib.common.rest_client [req-9f4d7295-d09b-4530-b99d-918c9dc3c9d2 req-9f4d7295-d09b-4530-b99d-918c9dc3c9d2 ] Request (MigrationsAdminTest:test_list_migrations_in_flavor_resize_situation): 200 GET http://10.180.1.21/compute/v2.1/servers/ae070d68-c3cf-4aab-aad6-64cd55a55b2f 3.719s
2025-12-09 01:46:57.687 66352 INFO tempest.lib.common.rest_client [req-575aa5b0-5530-4605-a0c2-ed79ddab76ce req-575aa5b0-5530-4605-a0c2-ed79ddab76ce ] Request (ServersListShow296Test:test_list_show_update_rebuild_server_296): 200 GET http://10.180.1.21/compute/v2.1/servers/c959ccc2-6edc-45ee-8d78-0780b6fdfa22 3.539s
2025-12-09 01:46:57.768 66350 INFO tempest.lib.common.rest_client [req-bb2f5b08-68fa-4cab-adbb-47a625aae777 req-bb2f5b08-68fa-4cab-adbb-47a625aae777 ] Request (ServersTestJSON:setUpClass): 200 POST http://10.180.1.21/compute/v2.1/os-keypairs 3.426s
2025-12-09 01:46:57.796 66368 INFO tempest.lib.common.rest_client [req-45455c03-223c-4ce1-8013-f9b5c8bf9c56 req-45455c03-223c-4ce1-8013-f9b5c8bf9c56 ] Request (TenantUsagesTestJSON:test_get_usage_tenant_with_non_admin_user): 200 GET http://10.180.1.21/compute/v2.1/os-simple-tenant-usage/1a246ad5ef3246a8b887eb5e1ef3a6a3?start=2025-12-08T01%3A46%3A50.794104&end=2025-12-10T01%3A46%3A50.794104 3.212s
2025-12-09 01:46:57.814 66364 INFO tempest.lib.common.rest_client [req-442c8154-4b02-420d-abb4-e156fd6b3dba req-442c8154-4b02-420d-abb4-e156fd6b3dba ] Request (KeyPairsV22TestJSON:_run_cleanups): 204 DELETE http://10.180.1.21/compute/v2.1/os-keypairs/tempest-KeyPairsV22TestJSON-keypair-1997007119 3.223s
2025-12-09 01:46:57.886 66366 INFO tempest.lib.common.rest_client [req-662b0bcf-3cdd-4705-af3a-dfd13c715e27 req-662b0bcf-3cdd-4705-af3a-dfd13c715e27 ] Request (FloatingIPsNegativeTestJSON:test_allocate_floating_ip_from_nonexistent_pool): 404 POST http://10.180.1.21/compute/v2.1/os-floating-ips 3.369s
2025-12-09 01:46:58.014 66350 INFO tempest.lib.common.rest_client [req-db21f232-ab8a-47f3-a47d-bdfd9556e7a8 req-db21f232-ab8a-47f3-a47d-bdfd9556e7a8 ] Request (ServersTestJSON:setUpClass): 201 POST http://10.180.1.21/networking/v2.0/security-groups 0.243s
2025-12-09 01:46:58.213 66350 INFO tempest.lib.common.rest_client [req-2a8d7fc3-999e-4895-9a57-a9cbfa6f2e98 req-2a8d7fc3-999e-4895-9a57-a9cbfa6f2e98 ] Request (ServersTestJSON:setUpClass): 201 POST http://10.180.1.21/networking/v2.0/security-group-rules 0.198s
