2025-12-09 01:48:41.201 66354 INFO tempest.lib.common.rest_client [req-a1a1629d-4501-4296-9043-34811119bdf1 req-a1a1629d-4501-4296-9043-34811119bdf1 ] Request (QuotasAdminTestJSON:setUpClass): 201 POST http://10.180.1.21/identity/v3/projects 0.057s
2025-12-09 01:48:41.212 66306 WARNING tempest.lib.common.ssh [-] Failed to establish authenticated ssh connection to cirros@10.180.180.210 ([Errno None] Unable to connect to port 22 on 10.180.180.210). Number attempts: 6. Retry after 7 seconds.: paramiko.ssh_exception.NoValidConnectionsError: [Errno None] Unable to connect to port 22 on 10.180.180.210
2025-12-09 01:48:41.238 66312 INFO tempest.lib.common.rest_client [req-e959004d-7fd0-433a-a47a-79a653f0d4e4 req-e959004d-7fd0-433a-a47a-79a653f0d4e4 ] Request (InstanceActionsTestJSON:tearDownClass): 200 GET http://10.180.1.21/compute/v2.1/servers/938b7e34-d6b1-4e9f-b9a9-21addfef60a8 0.572s
2025-12-09 01:48:41.291 66358 INFO tempest.lib.common.rest_client [req-9eb7553f-3dc6-4c09-8b01-3cf547c7c0df req-9eb7553f-3dc6-4c09-8b01-3cf547c7c0df ] Request (ServersAdminNegativeTestJSON:tearDownClass): 200 GET http://10.180.1.21/compute/v2.1/servers/1ad90e2f-6c66-4329-a575-57366095e221 0.505s
2025-12-09 01:48:41.296 66354 INFO tempest.lib.common.rest_client [req-63aff45e-f75d-47e3-ab65-2c142f9d2089 req-63aff45e-f75d-47e3-ab65-2c142f9d2089 ] Request (QuotasAdminTestJSON:setUpClass): 201 POST http://10.180.1.21/identity/v3/users 0.095s
2025-12-09 01:48:41.328 66354 INFO tempest.lib.common.rest_client [req-69526ebb-22eb-4bee-b923-fda00c684f8d req-69526ebb-22eb-4bee-b923-fda00c684f8d ] Request (QuotasAdminTestJSON:setUpClass): 200 GET http://10.180.1.21/identity/v3/roles 0.031s
2025-12-09 01:48:41.347 66318 WARNING tempest.lib.common.ssh [-] Failed to establish authenticated ssh connection to cirros@10.180.180.254 ([Errno None] Unable to connect to port 22 on 10.180.180.254). Number attempts: 3. Retry after 4 seconds.: paramiko.ssh_exception.NoValidConnectionsError: [Errno None] Unable to connect to port 22 on 10.180.180.254
2025-12-09 01:48:41.376 66354 INFO tempest.lib.common.rest_client [req-ebb83261-966d-4837-adfd-fb5da66313ba req-ebb83261-966d-4837-adfd-fb5da66313ba ] Request (QuotasAdminTestJSON:setUpClass): 204 PUT http://10.180.1.21/identity/v3/projects/2d5e0f6672cb44658d1838f3640f8ca9/users/239426772c4f4ca1a349722a51ad2527/roles/5b4c57925c054eecad4d27791a48abc0 0.047s
2025-12-09 01:48:41.377 66354 INFO tempest.lib.common.dynamic_creds [-] Dynamic test user 239426772c4f4ca1a349722a51ad2527 is created with scope project and roles: ['member']
2025-12-09 01:48:41.377 66354 INFO tempest.lib.common.dynamic_creds [-] Acquired dynamic creds: credentials: Credentials: {'domain_id': 'default', 'domain_name': 'Default', 'username': 'tempest-QuotasAdminTestJSON-1895807405-project-member', 'project_domain_id': 'default', 'project_domain_name': 'Default', 'project_id': '2d5e0f6672cb44658d1838f3640f8ca9', 'project_name': 'tempest-QuotasAdminTestJSON-1895807405', 'tenant_id': '2d5e0f6672cb44658d1838f3640f8ca9', 'tenant_name': 'tempest-QuotasAdminTestJSON-1895807405', 'user_domain_id': 'default', 'user_domain_name': 'Default', 'user_id': '239426772c4f4ca1a349722a51ad2527', 'system': None}, Network: None, Subnet: None, Router: None
2025-12-09 01:48:41.377 66354 INFO tempest.lib.common.dynamic_creds [-] Created isolated network resources for: credentials: Credentials: {'domain_id': 'default', 'domain_name': 'Default', 'username': 'tempest-QuotasAdminTestJSON-1895807405-project-member', 'project_domain_id': 'default', 'project_domain_name': 'Default', 'project_id': '2d5e0f6672cb44658d1838f3640f8ca9', 'project_name': 'tempest-QuotasAdminTestJSON-1895807405', 'tenant_id': '2d5e0f6672cb44658d1838f3640f8ca9', 'tenant_name': 'tempest-QuotasAdminTestJSON-1895807405', 'user_domain_id': 'default', 'user_domain_name': 'Default', 'user_id': '239426772c4f4ca1a349722a51ad2527', 'system': None}, Network: None, Subnet: None, Router: None
2025-12-09 01:48:41.479 66354 INFO tempest.lib.common.rest_client [req-8dd02736-5be6-4b0b-a30d-dce09e4961e0 req-8dd02736-5be6-4b0b-a30d-dce09e4961e0 ] Request (QuotasAdminTestJSON:setUpClass): 201 POST http://10.180.1.21/identity/v3/auth/tokens 0.097s
2025-12-09 01:48:41.486 66324 INFO tempest.lib.common.rest_client [req-630c3b3e-2987-493d-b461-713699936e22 req-630c3b3e-2987-493d-b461-713699936e22 ] Request (ServersNegativeTestJSON:setUpClass): 200 GET http://10.180.1.21/compute/v2.1/servers/866e22bf-ebe9-4f7d-91a5-393648cd6eeb 0.652s
2025-12-09 01:48:41.506 66336 INFO tempest.lib.common.rest_client [req-3d306174-6648-4f2c-8bc8-6158478887dc req-3d306174-6648-4f2c-8bc8-6158478887dc ] Request (MigrationsAdminTest:test_resize_server_revert_deleted_flavor): 200 GET http://10.180.1.21/compute/v2.1/servers/9bd6ec87-7382-4c1b-9dec-cff5685da34f 0.652s
2025-12-09 01:48:41.513 66336 INFO tempest.common.waiters [-] State transition "BUILD/networking" ==> "BUILD/spawning" after 20 second wait
2025-12-09 01:48:41.566 66354 INFO tempest.lib.common.rest_client [req-04932140-4e8f-4773-b3f8-8002a3d9480a req-04932140-4e8f-4773-b3f8-8002a3d9480a ] Request (QuotasAdminTestJSON:setUpClass): 201 POST http://10.180.1.21/identity/v3/projects 0.086s
2025-12-09 01:48:41.569 66346 INFO tempest.lib.common.rest_client [req-fadd5432-6244-4b73-9d8a-dc728c3d0b65 req-fadd5432-6244-4b73-9d8a-dc728c3d0b65 ] Request (DeleteServersTestJSON:test_delete_server_while_in_attached_volume): 200 GET http://10.180.1.21/compute/v2.1/servers/007223d6-88d1-4b23-92d1-d33f1a374b65 0.672s
2025-12-09 01:48:41.585 66340 INFO tempest.lib.common.rest_client [req-304be9e2-1cd6-4929-b6e1-56ce309fa840 req-304be9e2-1cd6-4929-b6e1-56ce309fa840 ] Request (VolumesAssistedSnapshotsTest:tearDownClass): 200 GET http://10.180.1.21/compute/v2.1/servers/8ab34219-78fb-4397-81bc-be811e709ede 0.519s
2025-12-09 01:48:41.683 66354 INFO tempest.lib.common.rest_client [req-447e4570-e5aa-47e0-8d35-c271b7f2f09e req-447e4570-e5aa-47e0-8d35-c271b7f2f09e ] Request (QuotasAdminTestJSON:setUpClass): 201 POST http://10.180.1.21/identity/v3/users 0.116s
2025-12-09 01:48:41.698 66342 INFO tempest.lib.common.rest_client [req-48899152-f139-4bee-9615-bd478673b5e0 req-48899152-f139-4bee-9615-bd478673b5e0 ] Request (ListServersNegativeTestJSON:tearDownClass): 200 GET http://10.180.1.21/compute/v2.1/servers/c3ea459f-35cd-498f-b425-d8d6d53766d8 0.521s
2025-12-09 01:48:41.713 66354 INFO tempest.lib.common.rest_client [req-f70c0fd7-2437-4e8e-8fb8-260868861ceb req-f70c0fd7-2437-4e8e-8fb8-260868861ceb ] Request (QuotasAdminTestJSON:setUpClass): 200 GET http://10.180.1.21/identity/v3/roles 0.030s
2025-12-09 01:48:41.738 66308 INFO tempest.lib.common.rest_client [req-02ad5846-0218-4f79-9a10-5cd77525cc0f req-02ad5846-0218-4f79-9a10-5cd77525cc0f ] Request (SecurityGroupsTestJSON:test_list_security_groups_by_server): 200 GET http://10.180.1.21/compute/v2.1/servers/36eb2a6b-8bf8-4e7c-a9f7-b4f3de0a02b9 0.622s
2025-12-09 01:48:41.753 66354 INFO tempest.lib.common.rest_client [req-b4cb976d-5b78-490e-b9fd-0b698aa9756b req-b4cb976d-5b78-490e-b9fd-0b698aa9756b ] Request (QuotasAdminTestJSON:setUpClass): 204 PUT http://10.180.1.21/identity/v3/projects/6319649b43644184b921ec2285cdc211/users/0df5d89503a74698a24926dcfc2bc4fd/roles/55f9d1ad6d3f47768192633d728725d6 0.039s
2025-12-09 01:48:41.766 66314 INFO tempest.lib.common.rest_client [req-638d3371-5920-45a6-aa08-3d44a910ad0f req-638d3371-5920-45a6-aa08-3d44a910ad0f ] Request (FloatingIPsAssociationTestJSON:tearDownClass): 200 GET http://10.180.1.21/compute/v2.1/servers/8d7507d3-7d2f-4d8f-a5bf-00d78283dbfe 0.451s
2025-12-09 01:48:41.768 66330 WARNING tempest.lib.common.ssh [-] Failed to establish authenticated ssh connection to cirros@10.180.180.168 ([Errno None] Unable to connect to port 22 on 10.180.180.168). Number attempts: 5. Retry after 6 seconds.: paramiko.ssh_exception.NoValidConnectionsError: [Errno None] Unable to connect to port 22 on 10.180.180.168
2025-12-09 01:48:41.806 66338 INFO tempest.lib.common.rest_client [req-1bf766c2-c924-4c06-b310-560fa25ae6e6 req-1bf766c2-c924-4c06-b310-560fa25ae6e6 ] Request (ServerActionsV293TestJSON:setUpClass): 200 GET http://10.180.1.21/compute/v2.1/servers/455affa9-4be8-469d-812d-19494323239d 0.463s
2025-12-09 01:48:41.808 66360 INFO tempest.lib.common.rest_client [req-503e2abe-05a7-4eab-bf98-31c0cde799a3 req-503e2abe-05a7-4eab-bf98-31c0cde799a3 ] Request (ListImageFiltersTestJSON:setUpClass): 200 GET http://10.180.1.21/compute/v2.1/images/92178b27-42d4-4a0a-87dc-33b028800ec4 0.407s
2025-12-09 01:48:41.821 66354 INFO tempest.lib.common.rest_client [req-3548bdc3-6993-48d2-b96f-1aa5f7290a6e req-3548bdc3-6993-48d2-b96f-1aa5f7290a6e ] Request (QuotasAdminTestJSON:setUpClass): 200 GET http://10.180.1.21/identity/v3/roles 0.068s
2025-12-09 01:48:41.828 66316 INFO tempest.lib.common.rest_client [req-16e7cd3a-59e4-4de3-a785-28e75f5fdbbf req-16e7cd3a-59e4-4de3-a785-28e75f5fdbbf ] Request (ServersTestBootFromVolume:setUpClass): 200 GET http://10.180.1.21/volume/v3/volumes/f67012e2-4a9c-41d9-b2c5-640a2d50c42e 0.042s
2025-12-09 01:48:41.845 66354 INFO tempest.lib.common.rest_client [req-39f35083-b3c1-4c33-83d1-e9b0223dd50f req-39f35083-b3c1-4c33-83d1-e9b0223dd50f ] Request (QuotasAdminTestJSON:setUpClass): 204 PUT http://10.180.1.21/identity/v3/projects/6319649b43644184b921ec2285cdc211/users/0df5d89503a74698a24926dcfc2bc4fd/roles/55f9d1ad6d3f47768192633d728725d6 0.024s
2025-12-09 01:48:41.846 66354 INFO tempest.lib.common.dynamic_creds [-] Dynamic test user 0df5d89503a74698a24926dcfc2bc4fd is created with scope project and roles: ['admin']
2025-12-09 01:48:41.846 66354 INFO tempest.lib.common.dynamic_creds [-] Acquired dynamic creds: credentials: Credentials: {'domain_id': 'default', 'domain_name': 'Default', 'username': 'tempest-QuotasAdminTestJSON-1230942862-project-admin', 'project_domain_id': 'default', 'project_domain_name': 'Default', 'project_id': '6319649b43644184b921ec2285cdc211', 'project_name': 'tempest-QuotasAdminTestJSON-1230942862', 'tenant_id': '6319649b43644184b921ec2285cdc211', 'tenant_name': 'tempest-QuotasAdminTestJSON-1230942862', 'user_domain_id': 'default', 'user_domain_name': 'Default', 'user_id': '0df5d89503a74698a24926dcfc2bc4fd', 'system': None}, Network: None, Subnet: None, Router: None
2025-12-09 01:48:41.846 66354 INFO tempest.lib.common.dynamic_creds [-] Created isolated network resources for: credentials: Credentials: {'domain_id': 'default', 'domain_name': 'Default', 'username': 'tempest-QuotasAdminTestJSON-1230942862-project-admin', 'project_domain_id': 'default', 'project_domain_name': 'Default', 'project_id': '6319649b43644184b921ec2285cdc211', 'project_name': 'tempest-QuotasAdminTestJSON-1230942862', 'tenant_id': '6319649b43644184b921ec2285cdc211', 'tenant_name': 'tempest-QuotasAdminTestJSON-1230942862', 'user_domain_id': 'default', 'user_domain_name': 'Default', 'user_id': '0df5d89503a74698a24926dcfc2bc4fd', 'system': None}, Network: None, Subnet: None, Router: None
2025-12-09 01:48:41.871 66344 INFO tempest.lib.common.rest_client [req-376b7de0-dec9-4210-a09b-d88b401e1ff7 req-376b7de0-dec9-4210-a09b-d88b401e1ff7 ] Request (ServerDiskConfigTestJSON:test_rebuild_server_with_manual_disk_config): 200 GET http://10.180.1.21/compute/v2.1/servers/3d1c711e-52fa-4c41-9ede-8b7881c305ca 0.458s
2025-12-09 01:48:41.888 66362 INFO tempest.lib.common.rest_client [req-118e7cc0-34b2-413a-ac21-7736b3683523 req-118e7cc0-34b2-413a-ac21-7736b3683523 ] Request (ServerTagsTestJSON:setUpClass): 200 GET http://10.180.1.21/compute/v2.1/servers/a221a04d-dd8a-45db-81ef-7b7bc0c06b03 0.300s
2025-12-09 01:48:41.933 66368 INFO tempest.lib.common.rest_client [req-d443e326-515a-41ba-aedf-76258c91c7c6 req-d443e326-515a-41ba-aedf-76258c91c7c6 ] Request (VolumesAdminNegativeTest:tearDownClass): 200 GET http://10.180.1.21/compute/v2.1/servers/d5f6b40d-0a53-4b4f-8402-e2dfc798c766 0.338s
2025-12-09 01:48:41.936 66354 INFO tempest.lib.common.rest_client [req-5f2c077e-7f40-421e-908b-64e5d92b61ed req-5f2c077e-7f40-421e-908b-64e5d92b61ed ] Request (QuotasAdminTestJSON:setUpClass): 201 POST http://10.180.1.21/identity/v3/auth/tokens 0.088s
2025-12-09 01:48:41.937 66354 WARNING tempest.lib.common.rest_client [-] Deprecated: "tenant_id" property is deprecated for removal, use "project_id" instead
2025-12-09 01:48:41.950 66310 INFO tempest.lib.common.rest_client [req-20f3a909-c903-4320-9988-1537e8ed1ee6 req-20f3a909-c903-4320-9988-1537e8ed1ee6 ] Request (FloatingIPsAssociationNegativeTestJSON:setUpClass): 200 GET http://10.180.1.21/compute/v2.1/servers/0ac8350f-1f51-4ac7-94b6-f83966393f13 0.232s
2025-12-09 01:48:41.974 66354 INFO tempest.lib.common.rest_client [req-c09e9847-5b5a-42b3-93c8-b76df282a656 req-c09e9847-5b5a-42b3-93c8-b76df282a656 ] Request (QuotasAdminTestJSON:test_delete_quota): 200 GET http://10.180.1.21/identity/v3/domains?name=Default 0.035s
2025-12-09 01:48:42.002 66354 INFO tempest.lib.common.rest_client [req-32940811-8969-4293-a163-b768d999f596 req-32940811-8969-4293-a163-b768d999f596 ] Request (QuotasAdminTestJSON:test_delete_quota): 201 POST http://10.180.1.21/identity/v3/projects 0.027s
2025-12-09 01:48:42.053 66354 INFO tempest.lib.common.rest_client [req-0577220d-b2b3-450f-adf0-5d637791dc5d req-0577220d-b2b3-450f-adf0-5d637791dc5d ] Request (QuotasAdminTestJSON:test_delete_quota): 200 GET http://10.180.1.21/identity/v3/domains?name=Default 0.050s
2025-12-09 01:48:42.054 66332 INFO tempest.lib.common.rest_client [req-26da77e5-5ae8-4925-a0bf-4245974553db req-26da77e5-5ae8-4925-a0bf-4245974553db ] Request (ServerShowV254Test:tearDownClass): 200 GET http://10.180.1.21/compute/v2.1/servers/32222c16-daad-4ce2-80ab-5e0c94016496 0.181s
2025-12-09 01:48:42.076 66348 INFO tempest.lib.common.rest_client [req-ebd027fd-e365-44c5-b29a-dccf5a670b7d req-ebd027fd-e365-44c5-b29a-dccf5a670b7d ] Request (ServersAdminTestJSON:setUpClass): 200 GET http://10.180.1.21/compute/v2.1/servers/8316103d-3017-4143-b0e5-ff9f4cd76ef2 0.256s
2025-12-09 01:48:42.195 66354 INFO tempest.lib.common.rest_client [req-0eaf9876-207d-4ffe-8863-8c190518a1c5 req-0eaf9876-207d-4ffe-8863-8c190518a1c5 ] Request (QuotasAdminTestJSON:test_delete_quota): 200 GET http://10.180.1.21/compute/v2.1/os-quota-sets/9372cee337ae4ff48b785811d3f18986 0.141s
2025-12-09 01:48:42.270 66354 INFO tempest.lib.common.rest_client [req-227b9456-6a08-464f-a7ec-c99a141c2b93 req-227b9456-6a08-464f-a7ec-c99a141c2b93 ] Request (QuotasAdminTestJSON:test_delete_quota): 200 PUT http://10.180.1.21/compute/v2.1/os-quota-sets/9372cee337ae4ff48b785811d3f18986 0.073s
2025-12-09 01:48:42.458 66322 INFO tempest.lib.common.rest_client [req-9edc32c1-8897-46ae-b3de-a586b9e0b2aa req-9edc32c1-8897-46ae-b3de-a586b9e0b2aa ] Request (ImagesOneServerTestJSON:tearDownClass): 200 GET http://10.180.1.21/compute/v2.1/servers/7315701e-da37-4379-9448-65ee289ef71f 0.253s
2025-12-09 01:48:42.489 66320 INFO tempest.lib.common.rest_client [req-8e78daf8-4611-4bfd-bab9-e3755066aa49 req-8e78daf8-4611-4bfd-bab9-e3755066aa49 ] Request (ServersWithSpecificFlavorTestJSON:test_verify_created_server_ephemeral_disk): 200 GET http://10.180.1.21/compute/v2.1/servers/6627faa5-d684-4589-9492-a565e5e65da0 0.386s
2025-12-09 01:48:42.501 66320 INFO tempest.common.waiters [-] State transition "BUILD/spawning" ==> "ACTIVE/None" after 34 second wait
2025-12-09 01:48:42.512 66354 INFO tempest.lib.common.rest_client [req-f26eb4e8-36b8-4ff1-8d7c-1942a9940322 req-f26eb4e8-36b8-4ff1-8d7c-1942a9940322 ] Request (QuotasAdminTestJSON:test_delete_quota): 202 DELETE http://10.180.1.21/compute/v2.1/os-quota-sets/9372cee337ae4ff48b785811d3f18986 0.239s
2025-12-09 01:48:42.539 66312 INFO tempest.lib.common.rest_client [req-1e7c0434-4b4f-4f54-a11b-1df40b8290a1 req-1e7c0434-4b4f-4f54-a11b-1df40b8290a1 ] Request (InstanceActionsTestJSON:tearDownClass): 200 GET http://10.180.1.21/compute/v2.1/servers/938b7e34-d6b1-4e9f-b9a9-21addfef60a8 0.290s
2025-12-09 01:48:42.589 66358 INFO tempest.lib.common.rest_client [req-c77874e9-cefa-45ad-8594-1a35d63012ad req-c77874e9-cefa-45ad-8594-1a35d63012ad ] Request (ServersAdminNegativeTestJSON:tearDownClass): 200 GET http://10.180.1.21/compute/v2.1/servers/1ad90e2f-6c66-4329-a575-57366095e221 0.286s
2025-12-09 01:48:42.658 66320 INFO tempest.lib.common.rest_client [req-619b34ac-80b6-4a76-bdf3-5524c310159b req-619b34ac-80b6-4a76-bdf3-5524c310159b ] Request (ServersWithSpecificFlavorTestJSON:test_verify_created_server_ephemeral_disk): 200 GET http://10.180.1.21/compute/v2.1/servers/6627faa5-d684-4589-9492-a565e5e65da0/os-interface 0.156s
2025-12-09 01:48:42.690 66324 INFO tempest.lib.common.rest_client [req-36e81a4b-46df-4012-8dad-399504e781bd req-36e81a4b-46df-4012-8dad-399504e781bd ] Request (ServersNegativeTestJSON:setUpClass): 200 GET http://10.180.1.21/compute/v2.1/servers/866e22bf-ebe9-4f7d-91a5-393648cd6eeb 0.192s
2025-12-09 01:48:42.723 66354 INFO tempest.lib.common.rest_client [req-eb21b555-435d-40d3-b71f-2ec89e113b91 req-eb21b555-435d-40d3-b71f-2ec89e113b91 ] Request (QuotasAdminTestJSON:test_delete_quota): 200 GET http://10.180.1.21/compute/v2.1/os-quota-sets/9372cee337ae4ff48b785811d3f18986 0.211s
2025-12-09 01:48:42.804 66354 INFO tempest.lib.common.rest_client [req-6cd9381e-3cab-4bfb-b85d-01c9c457ff92 req-6cd9381e-3cab-4bfb-b85d-01c9c457ff92 ] Request (QuotasAdminTestJSON:_run_cleanups): 204 DELETE http://10.180.1.21/identity/v3/projects/9372cee337ae4ff48b785811d3f18986 0.078s
2025-12-09 01:48:42.814 66346 INFO tempest.lib.common.rest_client [req-4b60a812-82f2-4b9c-9720-d1e1d6baaa01 req-4b60a812-82f2-4b9c-9720-d1e1d6baaa01 ] Request (DeleteServersTestJSON:test_delete_server_while_in_attached_volume): 200 GET http://10.180.1.21/compute/v2.1/servers/007223d6-88d1-4b23-92d1-d33f1a374b65 0.237s
2025-12-09 01:48:42.840 66336 INFO tempest.lib.common.rest_client [req-2bfe9c95-579b-4656-861a-7e898653098e req-2bfe9c95-579b-4656-861a-7e898653098e ] Request (MigrationsAdminTest:test_resize_server_revert_deleted_flavor): 200 GET http://10.180.1.21/compute/v2.1/servers/9bd6ec87-7382-4c1b-9dec-cff5685da34f 0.326s
2025-12-09 01:48:42.867 66316 INFO tempest.lib.common.rest_client [req-8d47f0b5-30d8-45a6-bbf1-7e17aac4bd75 req-8d47f0b5-30d8-45a6-bbf1-7e17aac4bd75 ] Request (ServersTestBootFromVolume:setUpClass): 200 GET http://10.180.1.21/volume/v3/volumes/f67012e2-4a9c-41d9-b2c5-640a2d50c42e 0.030s
2025-12-09 01:48:42.892 66340 INFO tempest.lib.common.rest_client [req-8b2003eb-dab8-45b5-8fa6-d0b73bf6075f req-8b2003eb-dab8-45b5-8fa6-d0b73bf6075f ] Request (VolumesAssistedSnapshotsTest:tearDownClass): 200 GET http://10.180.1.21/compute/v2.1/servers/8ab34219-78fb-4397-81bc-be811e709ede 0.299s
2025-12-09 01:48:42.949 66342 INFO tempest.lib.common.rest_client [req-4c349222-b23a-4814-9335-5de2d541ca6e req-4c349222-b23a-4814-9335-5de2d541ca6e ] Request (ListServersNegativeTestJSON:tearDownClass): 200 GET http://10.180.1.21/compute/v2.1/servers/c3ea459f-35cd-498f-b425-d8d6d53766d8 0.238s
2025-12-09 01:48:43.032 66308 INFO tempest.lib.common.rest_client [req-662f891d-e991-4c58-be6f-c36b0ba544c4 req-662f891d-e991-4c58-be6f-c36b0ba544c4 ] Request (SecurityGroupsTestJSON:test_list_security_groups_by_server): 200 GET http://10.180.1.21/compute/v2.1/servers/36eb2a6b-8bf8-4e7c-a9f7-b4f3de0a02b9 0.284s
2025-12-09 01:48:43.046 66314 INFO tempest.lib.common.rest_client [req-5f74d872-4e27-437b-abd2-2b6e771bc254 req-5f74d872-4e27-437b-abd2-2b6e771bc254 ] Request (FloatingIPsAssociationTestJSON:tearDownClass): 200 GET http://10.180.1.21/compute/v2.1/servers/8d7507d3-7d2f-4d8f-a5bf-00d78283dbfe 0.272s
2025-12-09 01:48:43.097 66360 INFO tempest.lib.common.rest_client [req-377c492f-50b2-462d-9bc0-03dbd01fb144 req-377c492f-50b2-462d-9bc0-03dbd01fb144 ] Request (ListImageFiltersTestJSON:setUpClass): 200 GET http://10.180.1.21/compute/v2.1/images/92178b27-42d4-4a0a-87dc-33b028800ec4 0.279s
2025-12-09 01:48:43.178 66354 INFO tempest.lib.common.rest_client [req-a46205ff-85ad-4ea4-9149-38277b5fa7d3 req-a46205ff-85ad-4ea4-9149-38277b5fa7d3 ] Request (QuotasAdminTestJSON:test_get_default_quotas): 200 GET http://10.180.1.21/compute/v2.1/os-quota-sets/2d5e0f6672cb44658d1838f3640f8ca9/defaults 0.371s
2025-12-09 01:48:43.187 66338 INFO tempest.lib.common.rest_client [req-2d0746fc-b339-4f52-b391-aada2e01d3c2 req-2d0746fc-b339-4f52-b391-aada2e01d3c2 ] Request (ServerActionsV293TestJSON:setUpClass): 200 GET http://10.180.1.21/compute/v2.1/servers/455affa9-4be8-469d-812d-19494323239d 0.366s
2025-12-09 01:48:43.215 66354 INFO tempest.lib.common.rest_client [req-59f189c4-6420-4894-8cf8-845a63ee1fb1 req-59f189c4-6420-4894-8cf8-845a63ee1fb1 ] Request (QuotasAdminTestJSON:test_get_updated_quotas): 200 GET http://10.180.1.21/identity/v3/domains?name=Default 0.033s
2025-12-09 01:48:43.244 66344 INFO tempest.lib.common.rest_client [req-f68ccca7-5e4f-4ff3-a79b-b11a7e542194 req-f68ccca7-5e4f-4ff3-a79b-b11a7e542194 ] Request (ServerDiskConfigTestJSON:test_rebuild_server_with_manual_disk_config): 200 GET http://10.180.1.21/compute/v2.1/servers/3d1c711e-52fa-4c41-9ede-8b7881c305ca 0.364s
2025-12-09 01:48:43.245 66320 INFO tempest.lib.common.rest_client [req-8bc317b8-5d62-488a-acdf-fb00ce73b645 req-8bc317b8-5d62-488a-acdf-fb00ce73b645 ] Request (ServersWithSpecificFlavorTestJSON:test_verify_created_server_ephemeral_disk): 200 PUT http://10.180.1.21/networking/v2.0/floatingips/a64029e8-af3b-4b7c-befb-9a8d31715b5c 0.584s
2025-12-09 01:48:43.253 66354 INFO tempest.lib.common.rest_client [req-50177fab-eb42-4ee4-ae4c-ea3b2ec5ddef req-50177fab-eb42-4ee4-ae4c-ea3b2ec5ddef ] Request (QuotasAdminTestJSON:test_get_updated_quotas): 201 POST http://10.180.1.21/identity/v3/projects 0.037s
2025-12-09 01:48:43.265 66362 INFO tempest.lib.common.rest_client [req-563e39db-2071-4e1f-afd4-08a79b68ef4f req-563e39db-2071-4e1f-afd4-08a79b68ef4f ] Request (ServerTagsTestJSON:setUpClass): 200 GET http://10.180.1.21/compute/v2.1/servers/a221a04d-dd8a-45db-81ef-7b7bc0c06b03 0.367s
2025-12-09 01:48:43.313 66354 INFO tempest.lib.common.rest_client [req-ce4190ae-1cc7-4e93-be23-8001d3ab1b8a req-ce4190ae-1cc7-4e93-be23-8001d3ab1b8a ] Request (QuotasAdminTestJSON:test_get_updated_quotas): 200 GET http://10.180.1.21/identity/v3/domains?name=Default 0.060s
2025-12-09 01:48:43.317 66368 INFO tempest.lib.common.rest_client [req-7add6771-4725-4827-801e-8179b18291cb req-7add6771-4725-4827-801e-8179b18291cb ] Request (VolumesAdminNegativeTest:tearDownClass): 200 GET http://10.180.1.21/compute/v2.1/servers/d5f6b40d-0a53-4b4f-8402-e2dfc798c766 0.369s
2025-12-09 01:48:43.332 66310 INFO tempest.lib.common.rest_client [req-9e079b9d-edd4-4b52-b0e4-83a8f33d01b9 req-9e079b9d-edd4-4b52-b0e4-83a8f33d01b9 ] Request (FloatingIPsAssociationNegativeTestJSON:setUpClass): 200 GET http://10.180.1.21/compute/v2.1/servers/0ac8350f-1f51-4ac7-94b6-f83966393f13 0.372s
2025-12-09 01:48:43.406 66332 INFO tempest.lib.common.rest_client [req-f72d3e05-9db9-4c0d-aa80-5d0639159a2d req-f72d3e05-9db9-4c0d-aa80-5d0639159a2d ] Request (ServerShowV254Test:tearDownClass): 200 GET http://10.180.1.21/compute/v2.1/servers/32222c16-daad-4ce2-80ab-5e0c94016496 0.342s
2025-12-09 01:48:43.513 66348 INFO tempest.lib.common.rest_client [req-9eeeec8e-6965-4b48-8c01-7ac1e212327a req-9eeeec8e-6965-4b48-8c01-7ac1e212327a ] Request (ServersAdminTestJSON:setUpClass): 200 GET http://10.180.1.21/compute/v2.1/servers/8316103d-3017-4143-b0e5-ff9f4cd76ef2 0.429s
2025-12-09 01:48:43.522 66348 INFO tempest.common.waiters [-] State transition "BUILD/spawning" ==> "ACTIVE/None" after 34 second wait
2025-12-09 01:48:43.565 66320 INFO tempest.lib.common.rest_client [req-2f300d7d-ec52-4df1-88c9-ecd208646dc4 req-2f300d7d-ec52-4df1-88c9-ecd208646dc4 ] Request (ServersWithSpecificFlavorTestJSON:test_verify_created_server_ephemeral_disk): 200 GET http://10.180.1.21/compute/v2.1/servers/6627faa5-d684-4589-9492-a565e5e65da0 0.319s
2025-12-09 01:48:43.575 66320 INFO tempest.lib.common.ssh [-] Creating ssh connection to '10.180.180.170:22' as 'cirros' with public key authentication
2025-12-09 01:48:43.630 66354 INFO tempest.lib.common.rest_client [req-b271f2c7-7a33-4650-bc39-0906358cf16b req-b271f2c7-7a33-4650-bc39-0906358cf16b ] Request (QuotasAdminTestJSON:test_get_updated_quotas): 200 PUT http://10.180.1.21/compute/v2.1/os-quota-sets/dfcaebcdcdb44b6299661ec708ba8475 0.315s
2025-12-09 01:48:43.642 66322 INFO tempest.lib.common.rest_client [req-99dfcd8b-ae71-4b19-8727-3ab40690d22f req-99dfcd8b-ae71-4b19-8727-3ab40690d22f ] Request (ImagesOneServerTestJSON:tearDownClass): 200 GET http://10.180.1.21/compute/v2.1/servers/7315701e-da37-4379-9448-65ee289ef71f 0.176s
2025-12-09 01:48:43.649 66322 INFO tempest.common.waiters [-] State transition "ACTIVE/deleting" ==> "DELETED/None" after 4 second wait
2025-12-09 01:48:43.663 66312 INFO tempest.lib.common.rest_client [req-b76345f1-2069-4f8f-957c-c5c9d9fe35b6 req-b76345f1-2069-4f8f-957c-c5c9d9fe35b6 ] Request (InstanceActionsTestJSON:tearDownClass): 404 GET http://10.180.1.21/compute/v2.1/servers/938b7e34-d6b1-4e9f-b9a9-21addfef60a8 0.112s
2025-12-09 01:48:43.811 66358 INFO tempest.lib.common.rest_client [req-ece45090-f7bc-4755-a7a3-713529a41262 req-ece45090-f7bc-4755-a7a3-713529a41262 ] Request (ServersAdminNegativeTestJSON:tearDownClass): 200 GET http://10.180.1.21/compute/v2.1/servers/1ad90e2f-6c66-4329-a575-57366095e221 0.215s
2025-12-09 01:48:43.859 66348 INFO tempest.lib.common.rest_client [req-a7c3b2f8-98bc-471a-8060-48078614b02b req-a7c3b2f8-98bc-471a-8060-48078614b02b ] Request (ServersAdminTestJSON:setUpClass): 200 GET http://10.180.1.21/compute/v2.1/servers/0634a5aa-04c2-4a9b-af4c-109803fda7c2 0.337s
2025-12-09 01:48:43.880 66320 WARNING tempest.lib.common.ssh [-] Failed to establish authenticated ssh connection to cirros@10.180.180.170 ([Errno None] Unable to connect to port 22 on 10.180.180.170). Number attempts: 1. Retry after 2 seconds.: paramiko.ssh_exception.NoValidConnectionsError: [Errno None] Unable to connect to port 22 on 10.180.180.170
2025-12-09 01:48:43.901 66354 INFO tempest.lib.common.rest_client [req-4880328e-6f04-4b90-ba85-2c57cc6a9d1d req-4880328e-6f04-4b90-ba85-2c57cc6a9d1d ] Request (QuotasAdminTestJSON:test_get_updated_quotas): 200 GET http://10.180.1.21/compute/v2.1/os-quota-sets/dfcaebcdcdb44b6299661ec708ba8475/detail 0.269s
2025-12-09 01:48:43.948 66354 INFO tempest.lib.common.rest_client [req-92ba5227-06e8-46d1-8215-d682ee9264e0 req-92ba5227-06e8-46d1-8215-d682ee9264e0 ] Request (QuotasAdminTestJSON:test_get_updated_quotas): 200 GET http://10.180.1.21/identity/v3/domains?name=Default 0.038s
2025-12-09 01:48:43.947 66316 INFO tempest.lib.common.rest_client [req-e8e01980-768b-477c-8a5c-bc577f6f47cb req-e8e01980-768b-477c-8a5c-bc577f6f47cb ] Request (ServersTestBootFromVolume:setUpClass): 200 GET http://10.180.1.21/volume/v3/volumes/f67012e2-4a9c-41d9-b2c5-640a2d50c42e 0.066s
2025-12-09 01:48:43.997 66348 INFO tempest.lib.common.rest_client [req-11e98585-5df4-44ea-9fb2-a2d1ee004836 req-11e98585-5df4-44ea-9fb2-a2d1ee004836 ] Request (ServersAdminTestJSON:test_create_server_with_scheduling_hint): 201 POST http://10.180.1.21/identity/v3/auth/tokens 0.119s
2025-12-09 01:48:43.997 66348 INFO tempest.lib.common.fixed_network [-] (ServersAdminTestJSON:test_create_server_with_scheduling_hint) Found network {'id': '991efc81-f313-472d-8d2d-1d209f7a1761', 'name': 'tempest-ServersAdminTestJSON-1441686567-network', 'tenant_id': '6fb49112654640959b81ad15359ffacf', 'project_id': '6fb49112654640959b81ad15359ffacf', 'admin_state_up': True, 'mtu': 8950, 'status': 'ACTIVE', 'subnets': [], 'shared': False, 'port_security_enabled': True, 'router:external': False, 'provider:network_type': 'vlan', 'provider:physical_network': 'default', 'provider:segmentation_id': 813, 'availability_zone_hints': [], 'availability_zones': [], 'ipv4_address_scope': None, 'ipv6_address_scope': None, 'description': '', 'tags': [], 'created_at': '2025-12-09T01:47:50Z', 'updated_at': '2025-12-09T01:47:50Z', 'revision_number': 1} available for tenant
2025-12-09 01:48:43.997 66354 INFO tempest.lib.common.rest_client [req-5f1fade4-8347-4fc4-b76a-016be046386f req-5f1fade4-8347-4fc4-b76a-016be046386f ] Request (QuotasAdminTestJSON:test_get_updated_quotas): 201 POST http://10.180.1.21/identity/v3/users 0.049s
2025-12-09 01:48:44.026 66354 INFO tempest.lib.common.rest_client [req-dd00f6ba-eb2e-43b8-bccc-73475b5e2948 req-dd00f6ba-eb2e-43b8-bccc-73475b5e2948 ] Request (QuotasAdminTestJSON:test_get_updated_quotas): 200 GET http://10.180.1.21/identity/v3/domains?name=Default 0.028s
2025-12-09 01:48:44.044 66346 INFO tempest.lib.common.rest_client [req-dd13c689-2d67-49e5-9222-13db9eee174e req-dd13c689-2d67-49e5-9222-13db9eee174e ] Request (DeleteServersTestJSON:test_delete_server_while_in_attached_volume): 200 GET http://10.180.1.21/compute/v2.1/servers/007223d6-88d1-4b23-92d1-d33f1a374b65 0.219s
2025-12-09 01:48:44.065 66324 INFO tempest.lib.common.rest_client [req-0726367a-9402-4659-99bc-16dddb70e56f req-0726367a-9402-4659-99bc-16dddb70e56f ] Request (ServersNegativeTestJSON:setUpClass): 200 GET http://10.180.1.21/compute/v2.1/servers/866e22bf-ebe9-4f7d-91a5-393648cd6eeb 0.366s
2025-12-09 01:48:44.127 66364 WARNING tempest.lib.common.ssh [-] Failed to establish authenticated ssh connection to cirros@10.180.180.229 ([Errno None] Unable to connect to port 22 on 10.180.180.229). Number attempts: 6. Retry after 7 seconds.: paramiko.ssh_exception.NoValidConnectionsError: [Errno None] Unable to connect to port 22 on 10.180.180.229
2025-12-09 01:48:44.165 66340 INFO tempest.lib.common.rest_client [req-a53bfdbf-7d28-4c4b-b98f-80c5f1a5bf17 req-a53bfdbf-7d28-4c4b-b98f-80c5f1a5bf17 ] Request (VolumesAssistedSnapshotsTest:tearDownClass): 200 GET http://10.180.1.21/compute/v2.1/servers/8ab34219-78fb-4397-81bc-be811e709ede 0.265s
2025-12-09 01:48:44.192 66336 INFO tempest.lib.common.rest_client [req-60ed2285-fb02-46ab-abf0-ad5de04c902e req-60ed2285-fb02-46ab-abf0-ad5de04c902e ] Request (MigrationsAdminTest:test_resize_server_revert_deleted_flavor): 200 GET http://10.180.1.21/compute/v2.1/servers/9bd6ec87-7382-4c1b-9dec-cff5685da34f 0.341s
2025-12-09 01:48:44.235 66342 INFO tempest.lib.common.rest_client [req-cd16c3e5-f3e5-41dc-a10c-7427b2ad2c42 req-cd16c3e5-f3e5-41dc-a10c-7427b2ad2c42 ] Request (ListServersNegativeTestJSON:tearDownClass): 200 GET http://10.180.1.21/compute/v2.1/servers/c3ea459f-35cd-498f-b425-d8d6d53766d8 0.273s
2025-12-09 01:48:44.350 66354 INFO tempest.lib.common.rest_client [req-13c0c898-aaef-4527-8da8-c11bb4d202ac req-13c0c898-aaef-4527-8da8-c11bb4d202ac ] Request (QuotasAdminTestJSON:test_get_updated_quotas): 200 PUT http://10.180.1.21/compute/v2.1/os-quota-sets/dfcaebcdcdb44b6299661ec708ba8475?user_id=e668749ae78c4b79af5ebba5684b62f1 0.323s
2025-12-09 01:48:44.524 66312 INFO tempest.lib.common.rest_client [req-5e9a8b3a-2d6e-4e5d-9fd9-8a8d2086c5b3 req-5e9a8b3a-2d6e-4e5d-9fd9-8a8d2086c5b3 ] Request (InstanceActionsTestJSON:tearDownClass): 200 PUT http://10.180.1.21/networking/v2.0/routers/3fb4def1-8cf4-46f8-a2d5-b2ae0eb21c01/remove_router_interface 0.861s
2025-12-09 01:48:44.574 66308 INFO tempest.lib.common.rest_client [req-0b1025c1-c861-4a92-afe3-1cb8562e0736 req-0b1025c1-c861-4a92-afe3-1cb8562e0736 ] Request (SecurityGroupsTestJSON:test_list_security_groups_by_server): 200 GET http://10.180.1.21/compute/v2.1/servers/36eb2a6b-8bf8-4e7c-a9f7-b4f3de0a02b9 0.532s
2025-12-09 01:48:44.626 66350 WARNING tempest.lib.common.ssh [-] Failed to establish authenticated ssh connection to cirros@10.180.180.224 ([Errno None] Unable to connect to port 22 on 10.180.180.224). Number attempts: 6. Retry after 7 seconds.: paramiko.ssh_exception.NoValidConnectionsError: [Errno None] Unable to connect to port 22 on 10.180.180.224
2025-12-09 01:48:44.635 66348 INFO tempest.lib.common.rest_client [req-15c904c4-f77a-4ee4-b398-f423486d16f3 req-15c904c4-f77a-4ee4-b398-f423486d16f3 ] Request (ServersAdminTestJSON:test_create_server_with_scheduling_hint): 202 POST http://10.180.1.21/compute/v2.1/servers 0.637s
2025-12-09 01:48:44.656 66314 INFO tempest.lib.common.rest_client [req-1f399e19-a533-4109-8b0d-f159334094c8 req-1f399e19-a533-4109-8b0d-f159334094c8 ] Request (FloatingIPsAssociationTestJSON:tearDownClass): 200 GET http://10.180.1.21/compute/v2.1/servers/8d7507d3-7d2f-4d8f-a5bf-00d78283dbfe 0.598s
2025-12-09 01:48:44.714 66360 INFO tempest.lib.common.rest_client [req-af896e02-f3f4-4f6a-9210-3b961fb462a3 req-af896e02-f3f4-4f6a-9210-3b961fb462a3 ] Request (ListImageFiltersTestJSON:setUpClass): 200 GET http://10.180.1.21/compute/v2.1/images/92178b27-42d4-4a0a-87dc-33b028800ec4 0.612s
2025-12-09 01:48:44.764 66338 INFO tempest.lib.common.rest_client [req-93c3b6b2-1668-4776-8f4e-006b968de82f req-93c3b6b2-1668-4776-8f4e-006b968de82f ] Request (ServerActionsV293TestJSON:setUpClass): 200 GET http://10.180.1.21/compute/v2.1/servers/455affa9-4be8-469d-812d-19494323239d 0.563s
2025-12-09 01:48:44.785 66344 INFO tempest.lib.common.rest_client [req-bb14f3f8-19b1-4fe6-9c09-ae71a98e713a req-bb14f3f8-19b1-4fe6-9c09-ae71a98e713a ] Request (ServerDiskConfigTestJSON:test_rebuild_server_with_manual_disk_config): 200 GET http://10.180.1.21/compute/v2.1/servers/3d1c711e-52fa-4c41-9ede-8b7881c305ca 0.532s
2025-12-09 01:48:44.845 66362 INFO tempest.lib.common.rest_client [req-e6b41ef2-1544-4431-95fd-9a3bca715926 req-e6b41ef2-1544-4431-95fd-9a3bca715926 ] Request (ServerTagsTestJSON:setUpClass): 200 GET http://10.180.1.21/compute/v2.1/servers/a221a04d-dd8a-45db-81ef-7b7bc0c06b03 0.566s
2025-12-09 01:48:44.875 66368 INFO tempest.lib.common.rest_client [req-20b905a3-d9b7-466e-8ccd-b394da55bb33 req-20b905a3-d9b7-466e-8ccd-b394da55bb33 ] Request (VolumesAdminNegativeTest:tearDownClass): 200 GET http://10.180.1.21/compute/v2.1/servers/d5f6b40d-0a53-4b4f-8402-e2dfc798c766 0.549s
2025-12-09 01:48:44.909 66310 INFO tempest.lib.common.rest_client [req-67fa3f5f-48c2-43cf-9fe1-e891350f02de req-67fa3f5f-48c2-43cf-9fe1-e891350f02de ] Request (FloatingIPsAssociationNegativeTestJSON:setUpClass): 200 GET http://10.180.1.21/compute/v2.1/servers/0ac8350f-1f51-4ac7-94b6-f83966393f13 0.567s
2025-12-09 01:48:44.938 66354 INFO tempest.lib.common.rest_client [req-3ceb548f-e803-4729-83a8-f354f0794874 req-3ceb548f-e803-4729-83a8-f354f0794874 ] Request (QuotasAdminTestJSON:test_get_updated_quotas): 200 GET http://10.180.1.21/compute/v2.1/os-quota-sets/dfcaebcdcdb44b6299661ec708ba8475?user_id=e668749ae78c4b79af5ebba5684b62f1 0.586s
2025-12-09 01:48:44.979 66332 INFO tempest.lib.common.rest_client [req-25c76c1e-14c9-4aaa-9829-59b66fabb285 req-25c76c1e-14c9-4aaa-9829-59b66fabb285 ] Request (ServerShowV254Test:tearDownClass): 200 GET http://10.180.1.21/compute/v2.1/servers/32222c16-daad-4ce2-80ab-5e0c94016496 0.562s
2025-12-09 01:48:44.994 66348 INFO tempest.lib.common.rest_client [req-727fbee9-3c0b-4e31-ac00-a4eaea006d5b req-727fbee9-3c0b-4e31-ac00-a4eaea006d5b ] Request (ServersAdminTestJSON:test_create_server_with_scheduling_hint): 200 GET http://10.180.1.21/compute/v2.1/servers/3da87ec0-85b2-446e-9a92-9a1f235be3f5 0.355s
2025-12-09 01:48:44.994 66316 INFO tempest.lib.common.rest_client [req-fe107a5d-9444-4b90-b4db-e23822de9b50 req-fe107a5d-9444-4b90-b4db-e23822de9b50 ] Request (ServersTestBootFromVolume:setUpClass): 200 GET http://10.180.1.21/volume/v3/volumes/f67012e2-4a9c-41d9-b2c5-640a2d50c42e 0.030s
2025-12-09 01:48:45.041 66312 INFO tempest.lib.common.rest_client [req-6d195ee0-0f8a-44dd-a5a3-788f69d17ef5 req-6d195ee0-0f8a-44dd-a5a3-788f69d17ef5 ] Request (InstanceActionsTestJSON:tearDownClass): 204 DELETE http://10.180.1.21/networking/v2.0/routers/3fb4def1-8cf4-46f8-a2d5-b2ae0eb21c01 0.517s
2025-12-09 01:48:45.046 66360 INFO tempest.lib.common.rest_client [req-2d635d79-2a56-4609-aadc-a2419ce63b9f req-2d635d79-2a56-4609-aadc-a2419ce63b9f ] Request (ListImageFiltersTestJSON:setUpClass): 200 GET http://10.180.1.21/compute/v2.1/images/92178b27-42d4-4a0a-87dc-33b028800ec4 0.327s
2025-12-09 01:48:45.056 66322 INFO tempest.lib.common.rest_client [req-0e3d7b2c-d4d3-4bcc-b6d7-96f7d51bb1f5 req-0e3d7b2c-d4d3-4bcc-b6d7-96f7d51bb1f5 ] Request (ImagesOneServerTestJSON:tearDownClass): 200 GET http://10.180.1.21/compute/v2.1/servers/7315701e-da37-4379-9448-65ee289ef71f 0.406s
2025-12-09 01:48:45.057 66354 INFO tempest.lib.common.rest_client [req-ad3556e2-f2b5-4347-967d-0a41cf50e511 req-ad3556e2-f2b5-4347-967d-0a41cf50e511 ] Request (QuotasAdminTestJSON:_run_cleanups): 204 DELETE http://10.180.1.21/identity/v3/users/e668749ae78c4b79af5ebba5684b62f1 0.116s
2025-12-09 01:48:45.159 66358 INFO tempest.lib.common.rest_client [req-07d7181a-0569-4b95-8435-436f78c66b5b req-07d7181a-0569-4b95-8435-436f78c66b5b ] Request (ServersAdminNegativeTestJSON:tearDownClass): 200 GET http://10.180.1.21/compute/v2.1/servers/1ad90e2f-6c66-4329-a575-57366095e221 0.334s
2025-12-09 01:48:45.219 66354 INFO tempest.lib.common.rest_client [req-4ee71647-fc3b-453e-a4b3-350da9737671 req-4ee71647-fc3b-453e-a4b3-350da9737671 ] Request (QuotasAdminTestJSON:_run_cleanups): 204 DELETE http://10.180.1.21/identity/v3/projects/dfcaebcdcdb44b6299661ec708ba8475 0.162s
2025-12-09 01:48:45.227 66312 INFO tempest.lib.common.rest_client [req-248216df-d231-4254-baba-d4d83a1ac995 req-248216df-d231-4254-baba-d4d83a1ac995 ] Request (InstanceActionsTestJSON:tearDownClass): 204 DELETE http://10.180.1.21/networking/v2.0/subnets/a2adcf81-2d88-4c41-b934-5813bc869cfc 0.185s
2025-12-09 01:48:45.228 66360 INFO tempest.lib.common.rest_client [req-d3f08b1e-67a1-4592-a39f-172209f1dce4 req-d3f08b1e-67a1-4592-a39f-172209f1dce4 ] Request (ListImageFiltersTestJSON:setUpClass): 200 GET http://10.180.1.21/compute/v2.1/servers/65029a9a-71f3-4bbf-b436-c858499cf233 0.177s
2025-12-09 01:48:45.255 66346 INFO tempest.lib.common.rest_client [req-d2fccae8-0793-4d66-9406-ae8db5594f12 req-d2fccae8-0793-4d66-9406-ae8db5594f12 ] Request (DeleteServersTestJSON:test_delete_server_while_in_attached_volume): 200 GET http://10.180.1.21/compute/v2.1/servers/007223d6-88d1-4b23-92d1-d33f1a374b65 0.201s
2025-12-09 01:48:45.467 66340 INFO tempest.lib.common.rest_client [req-532e116c-7e85-46a1-b119-53180b708317 req-532e116c-7e85-46a1-b119-53180b708317 ] Request (VolumesAssistedSnapshotsTest:tearDownClass): 200 GET http://10.180.1.21/compute/v2.1/servers/8ab34219-78fb-4397-81bc-be811e709ede 0.290s
2025-12-09 01:48:45.533 66324 INFO tempest.lib.common.rest_client [req-ebb16b9d-5bb1-4948-bae6-98bc5ed08b6c req-ebb16b9d-5bb1-4948-bae6-98bc5ed08b6c ] Request (ServersNegativeTestJSON:setUpClass): 200 GET http://10.180.1.21/compute/v2.1/servers/866e22bf-ebe9-4f7d-91a5-393648cd6eeb 0.460s
2025-12-09 01:48:45.557 66312 INFO tempest.lib.common.rest_client [req-643421c7-9b26-45ec-b7e2-4fdd88771215 req-643421c7-9b26-45ec-b7e2-4fdd88771215 ] Request (InstanceActionsTestJSON:tearDownClass): 204 DELETE http://10.180.1.21/networking/v2.0/networks/490af63a-9609-4904-a09a-5920a32c6e5e 0.330s
2025-12-09 01:48:45.631 66336 INFO tempest.lib.common.rest_client [req-0003aa2d-7645-46a1-ab5b-40a9643841d1 req-0003aa2d-7645-46a1-ab5b-40a9643841d1 ] Request (MigrationsAdminTest:test_resize_server_revert_deleted_flavor): 200 GET http://10.180.1.21/compute/v2.1/servers/9bd6ec87-7382-4c1b-9dec-cff5685da34f 0.431s
2025-12-09 01:48:45.670 66312 INFO tempest.lib.common.rest_client [req-bdcea4f8-e5d8-4af5-adb3-08a7f9e4d103 req-bdcea4f8-e5d8-4af5-adb3-08a7f9e4d103 ] Request (InstanceActionsTestJSON:tearDownClass): 204 DELETE http://10.180.1.21/identity/v3/users/bfd868667ced43c9aecd721591a08cfa 0.112s
2025-12-09 01:48:45.671 66312 INFO tempest.lib.common.dynamic_creds [-] Deleting project and security group for project: 82db927f0a9c4cc6aff490f830957bcb
2025-12-09 01:48:45.700 66312 INFO tempest.lib.common.rest_client [req-be72e874-e08c-4243-8465-03802d20ff89 req-be72e874-e08c-4243-8465-03802d20ff89 ] Request (InstanceActionsTestJSON:tearDownClass): 200 GET http://10.180.1.21/networking/v2.0/security-groups?tenant_id=82db927f0a9c4cc6aff490f830957bcb&name=default 0.029s
2025-12-09 01:48:45.711 66342 INFO tempest.lib.common.rest_client [req-6d922cd3-c8cc-45ff-aead-b7882308b6db req-6d922cd3-c8cc-45ff-aead-b7882308b6db ] Request (ListServersNegativeTestJSON:tearDownClass): 200 GET http://10.180.1.21/compute/v2.1/servers/c3ea459f-35cd-498f-b425-d8d6d53766d8 0.467s
2025-12-09 01:48:45.714 66354 INFO tempest.lib.common.rest_client [req-f119950c-3fad-4f35-961c-778a7a19bb19 req-f119950c-3fad-4f35-961c-778a7a19bb19 ] Request (QuotasAdminTestJSON:test_update_all_quota_resources_for_tenant): 200 GET http://10.180.1.21/compute/v2.1/os-quota-sets/2d5e0f6672cb44658d1838f3640f8ca9/defaults 0.491s
2025-12-09 01:48:45.819 66312 INFO tempest.lib.common.rest_client [req-69264381-38b4-42c1-9b76-36815b01239d req-69264381-38b4-42c1-9b76-36815b01239d ] Request (InstanceActionsTestJSON:tearDownClass): 204 DELETE http://10.180.1.21/networking/v2.0/security-groups/694b6225-75d9-4488-937d-60ac5f06c261 0.118s
2025-12-09 01:48:45.845 66314 INFO tempest.lib.common.rest_client [req-13696a5b-cc95-47b4-b510-29eb2b141ac7 req-13696a5b-cc95-47b4-b510-29eb2b141ac7 ] Request (FloatingIPsAssociationTestJSON:tearDownClass): 200 GET http://10.180.1.21/compute/v2.1/servers/8d7507d3-7d2f-4d8f-a5bf-00d78283dbfe 0.178s
2025-12-09 01:48:45.857 66318 WARNING tempest.lib.common.ssh [-] Failed to establish authenticated ssh connection to cirros@10.180.180.254 ([Errno None] Unable to connect to port 22 on 10.180.180.254). Number attempts: 4. Retry after 5 seconds.: paramiko.ssh_exception.NoValidConnectionsError: [Errno None] Unable to connect to port 22 on 10.180.180.254
2025-12-09 01:48:45.872 66308 INFO tempest.lib.common.rest_client [req-bde128f3-0a0d-4b5f-ba02-7acb4c5a10d1 req-bde128f3-0a0d-4b5f-ba02-7acb4c5a10d1 ] Request (SecurityGroupsTestJSON:test_list_security_groups_by_server): 200 GET http://10.180.1.21/compute/v2.1/servers/36eb2a6b-8bf8-4e7c-a9f7-b4f3de0a02b9 0.288s
2025-12-09 01:48:45.880 66308 INFO tempest.common.waiters [-] State transition "BUILD/spawning" ==> "ACTIVE/None" after 36 second wait
2025-12-09 01:48:45.943 66338 INFO tempest.lib.common.rest_client [req-96ab2671-1a6e-4e49-afc4-12613ddadc04 req-96ab2671-1a6e-4e49-afc4-12613ddadc04 ] Request (ServerActionsV293TestJSON:setUpClass): 200 GET http://10.180.1.21/compute/v2.1/servers/455affa9-4be8-469d-812d-19494323239d 0.164s
2025-12-09 01:48:45.972 66312 INFO tempest.lib.common.rest_client [req-35da6527-ed03-4867-9e58-d2375beffc59 req-35da6527-ed03-4867-9e58-d2375beffc59 ] Request (InstanceActionsTestJSON:tearDownClass): 204 DELETE http://10.180.1.21/identity/v3/projects/82db927f0a9c4cc6aff490f830957bcb 0.151s
2025-12-09 01:48:46.038 66344 INFO tempest.lib.common.rest_client [req-aa624e85-6d47-4235-898f-d76aaeb23a4f req-aa624e85-6d47-4235-898f-d76aaeb23a4f ] Request (ServerDiskConfigTestJSON:test_rebuild_server_with_manual_disk_config): 200 GET http://10.180.1.21/compute/v2.1/servers/3d1c711e-52fa-4c41-9ede-8b7881c305ca 0.241s
2025-12-09 01:48:46.042 66316 INFO tempest.lib.common.rest_client [req-936ea8ba-2251-4191-befc-bee2e02ee7ff req-936ea8ba-2251-4191-befc-bee2e02ee7ff ] Request (ServersTestBootFromVolume:setUpClass): 200 GET http://10.180.1.21/volume/v3/volumes/f67012e2-4a9c-41d9-b2c5-640a2d50c42e 0.036s
2025-12-09 01:48:46.063 66312 INFO tempest.lib.common.rest_client [req-8bb22813-e8db-418e-914a-5418c21e4144 req-8bb22813-e8db-418e-914a-5418c21e4144 ] Request (ListServerFiltersTestJSON:setUpClass): 201 POST http://10.180.1.21/identity/v3/auth/tokens 0.087s
2025-12-09 01:48:46.101 66312 INFO tempest.lib.common.rest_client [req-e1629482-c155-4d7e-bb95-9f03e9cdb6ef req-e1629482-c155-4d7e-bb95-9f03e9cdb6ef ] Request (ListServerFiltersTestJSON:setUpClass): 201 POST http://10.180.1.21/identity/v3/auth/tokens 0.033s
2025-12-09 01:48:46.109 66362 INFO tempest.lib.common.rest_client [req-15cff9f9-9210-4c4a-b551-96128dcf7d99 req-15cff9f9-9210-4c4a-b551-96128dcf7d99 ] Request (ServerTagsTestJSON:setUpClass): 200 GET http://10.180.1.21/compute/v2.1/servers/a221a04d-dd8a-45db-81ef-7b7bc0c06b03 0.253s
2025-12-09 01:48:46.134 66312 INFO tempest.lib.common.rest_client [req-7a2fcee8-0a29-4112-9f21-d06d224aee02 req-7a2fcee8-0a29-4112-9f21-d06d224aee02 ] Request (ListServerFiltersTestJSON:setUpClass): 200 GET http://10.180.1.21/identity/v3/domains?name=Default 0.032s
2025-12-09 01:48:46.166 66312 INFO tempest.lib.common.rest_client [req-5ecbca1e-19c5-44cc-a08e-e40dd93da043 req-5ecbca1e-19c5-44cc-a08e-e40dd93da043 ] Request (ListServerFiltersTestJSON:setUpClass): 201 POST http://10.180.1.21/identity/v3/projects 0.031s
2025-12-09 01:48:46.180 66354 INFO tempest.lib.common.rest_client [req-0a30c408-3399-4e4a-87bc-429bb4f6c433 req-0a30c408-3399-4e4a-87bc-429bb4f6c433 ] Request (QuotasAdminTestJSON:test_update_all_quota_resources_for_tenant): 200 PUT http://10.180.1.21/compute/v2.1/os-quota-sets/2d5e0f6672cb44658d1838f3640f8ca9 0.463s
2025-12-09 01:48:46.237 66312 INFO tempest.lib.common.rest_client [req-9c921080-95b9-4c31-8d26-01e9dac2e730 req-9c921080-95b9-4c31-8d26-01e9dac2e730 ] Request (ListServerFiltersTestJSON:setUpClass): 201 POST http://10.180.1.21/identity/v3/users 0.070s
2025-12-09 01:48:46.251 66368 INFO tempest.lib.common.rest_client [req-0be66cff-0136-4486-9704-2200eeb44b8f req-0be66cff-0136-4486-9704-2200eeb44b8f ] Request (VolumesAdminNegativeTest:tearDownClass): 200 GET http://10.180.1.21/compute/v2.1/servers/d5f6b40d-0a53-4b4f-8402-e2dfc798c766 0.368s
2025-12-09 01:48:46.267 66312 INFO tempest.lib.common.rest_client [req-7f86ccdd-a1b1-44c1-8827-680b7c0225be req-7f86ccdd-a1b1-44c1-8827-680b7c0225be ] Request (ListServerFiltersTestJSON:setUpClass): 200 GET http://10.180.1.21/identity/v3/roles 0.029s
2025-12-09 01:48:46.312 66312 INFO tempest.lib.common.rest_client [req-62d71b92-e608-47ea-9a8d-d2a7f2204249 req-62d71b92-e608-47ea-9a8d-d2a7f2204249 ] Request (ListServerFiltersTestJSON:setUpClass): 204 PUT http://10.180.1.21/identity/v3/projects/ca84db0ee8144fe58f02279ddc4d4842/users/6788df21da714017be9a73a3ff073ce1/roles/5b4c57925c054eecad4d27791a48abc0 0.045s
2025-12-09 01:48:46.312 66312 INFO tempest.lib.common.dynamic_creds [-] Dynamic test user 6788df21da714017be9a73a3ff073ce1 is created with scope project and roles: ['member']
2025-12-09 01:48:46.313 66312 INFO tempest.lib.common.dynamic_creds [-] Acquired dynamic creds: credentials: Credentials: {'domain_id': 'default', 'domain_name': 'Default', 'username': 'tempest-ListServerFiltersTestJSON-1675603105-project-member', 'project_domain_id': 'default', 'project_domain_name': 'Default', 'project_id': 'ca84db0ee8144fe58f02279ddc4d4842', 'project_name': 'tempest-ListServerFiltersTestJSON-1675603105', 'tenant_id': 'ca84db0ee8144fe58f02279ddc4d4842', 'tenant_name': 'tempest-ListServerFiltersTestJSON-1675603105', 'user_domain_id': 'default', 'user_domain_name': 'Default', 'user_id': '6788df21da714017be9a73a3ff073ce1', 'system': None}, Network: None, Subnet: None, Router: None
2025-12-09 01:48:46.314 66310 INFO tempest.lib.common.rest_client [req-416b328b-b2b5-4b07-85e8-5ab7ca7e7931 req-416b328b-b2b5-4b07-85e8-5ab7ca7e7931 ] Request (FloatingIPsAssociationNegativeTestJSON:setUpClass): 200 GET http://10.180.1.21/compute/v2.1/servers/0ac8350f-1f51-4ac7-94b6-f83966393f13 0.395s
2025-12-09 01:48:46.395 66312 INFO tempest.lib.common.rest_client [req-d48dd5d9-a7c3-4619-a662-690ba498b061 req-d48dd5d9-a7c3-4619-a662-690ba498b061 ] Request (ListServerFiltersTestJSON:setUpClass): 201 POST http://10.180.1.21/identity/v3/auth/tokens 0.082s
2025-12-09 01:48:46.397 66332 INFO tempest.lib.common.rest_client [req-259d8565-6aed-4b70-96a4-a73b71212315 req-259d8565-6aed-4b70-96a4-a73b71212315 ] Request (ServerShowV254Test:tearDownClass): 200 GET http://10.180.1.21/compute/v2.1/servers/32222c16-daad-4ce2-80ab-5e0c94016496 0.406s
2025-12-09 01:48:46.541 66308 INFO tempest.lib.common.rest_client [req-57a8f3b4-f278-4100-85e6-e7ca9be7e7b3 req-57a8f3b4-f278-4100-85e6-e7ca9be7e7b3 ] Request (SecurityGroupsTestJSON:test_list_security_groups_by_server): 202 POST http://10.180.1.21/compute/v2.1/servers/36eb2a6b-8bf8-4e7c-a9f7-b4f3de0a02b9/action 0.661s
2025-12-09 01:48:46.569 66348 INFO tempest.lib.common.rest_client [req-299cfea1-c7a4-4f4b-adff-41ab93c62f0b req-299cfea1-c7a4-4f4b-adff-41ab93c62f0b ] Request (ServersAdminTestJSON:test_create_server_with_scheduling_hint): 200 GET http://10.180.1.21/compute/v2.1/servers/3da87ec0-85b2-446e-9a92-9a1f235be3f5 0.564s
2025-12-09 01:48:46.576 66348 INFO tempest.common.waiters [-] State transition "BUILD/scheduling" ==> "BUILD/None" after 1 second wait
2025-12-09 01:48:46.624 66322 INFO tempest.lib.common.rest_client [req-e4edd648-6e9b-4b95-badc-938ce056554b req-e4edd648-6e9b-4b95-badc-938ce056554b ] Request (ImagesOneServerTestJSON:tearDownClass): 200 GET http://10.180.1.21/compute/v2.1/servers/7315701e-da37-4379-9448-65ee289ef71f 0.557s
2025-12-09 01:48:46.638 66358 INFO tempest.lib.common.rest_client [req-6fac99ab-da8c-4f18-b045-044a8a1f1cc8 req-6fac99ab-da8c-4f18-b045-044a8a1f1cc8 ] Request (ServersAdminNegativeTestJSON:tearDownClass): 200 GET http://10.180.1.21/compute/v2.1/servers/1ad90e2f-6c66-4329-a575-57366095e221 0.465s
2025-12-09 01:48:46.677 66312 INFO tempest.lib.common.rest_client [req-f12a1321-bb13-4f0a-a3b3-fba3dd5833a9 req-f12a1321-bb13-4f0a-a3b3-fba3dd5833a9 ] Request (ListServerFiltersTestJSON:setUpClass): 201 POST http://10.180.1.21/networking/v2.0/networks 0.281s
2025-12-09 01:48:46.780 66360 INFO tempest.lib.common.rest_client [req-fe75d77d-7a47-41cd-bf05-946b8afc2609 req-fe75d77d-7a47-41cd-bf05-946b8afc2609 ] Request (ListImageFiltersTestJSON:setUpClass): 200 GET http://10.180.1.21/compute/v2.1/servers/65029a9a-71f3-4bbf-b436-c858499cf233 0.541s
2025-12-09 01:48:46.790 66360 INFO tempest.common.waiters [-] State transition "ACTIVE/image_uploading" ==> "ACTIVE/None" after 1 second wait
2025-12-09 01:48:46.833 66346 INFO tempest.lib.common.rest_client [req-5b0cf04b-662f-48d0-a688-9bb7d32baca0 req-5b0cf04b-662f-48d0-a688-9bb7d32baca0 ] Request (DeleteServersTestJSON:test_delete_server_while_in_attached_volume): 200 GET http://10.180.1.21/compute/v2.1/servers/007223d6-88d1-4b23-92d1-d33f1a374b65 0.569s
