2025-12-09 03:48:10.387 65460 INFO tempest.lib.common.rest_client [req-2c30c299-fae7-4b40-8e30-e8600adf161f req-2c30c299-fae7-4b40-8e30-e8600adf161f ] Request (DeleteServersAdminTestJSON:tearDownClass): 204 DELETE http://10.180.1.21/identity/v3/projects/f7e37c0e229e4206abc97994b088f955 0.150s
2025-12-09 03:48:10.388 65460 INFO tempest.lib.common.dynamic_creds [-] Deleting project and security group for project: 491f21a86f8943dfab39a2229994a908
2025-12-09 03:48:10.399 65462 INFO tempest.lib.common.rest_client [req-d3347a3f-25f2-4123-89bd-fbdda27fa4f7 req-d3347a3f-25f2-4123-89bd-fbdda27fa4f7 ] Request (ServerMetadataTestJSON:test_update_metadata_empty_body): 200 POST http://10.180.1.21/compute/v2.1/servers/b7ac9365-02c8-446b-ac43-1147311918ca/metadata 1.532s
2025-12-09 03:48:10.408 65442 INFO tempest.lib.common.rest_client [req-7a82dc35-73db-4ba1-adf0-dcf0c9255721 req-7a82dc35-73db-4ba1-adf0-dcf0c9255721 ] Request (ListServersNegativeTestJSON:setUpClass): 200 GET http://10.180.1.21/compute/v2.1/servers/101a5d6c-cab0-4eef-bb01-8344f4058199 1.381s
2025-12-09 03:48:10.520 65440 INFO tempest.lib.common.rest_client [req-d9896c8b-780b-4429-8b64-bcff733f7715 req-d9896c8b-780b-4429-8b64-bcff733f7715 ] Request (InstanceUsageAuditLogTestJSON:tearDownClass): 200 GET http://10.180.1.21/networking/v2.0/security-groups?tenant_id=a1d033fe4abb4d57a47e7c07e4fa5399&name=default 0.181s
2025-12-09 03:48:10.559 65460 INFO tempest.lib.common.rest_client [req-d4abeca9-8151-4035-a796-c811c2b4b078 req-d4abeca9-8151-4035-a796-c811c2b4b078 ] Request (DeleteServersAdminTestJSON:tearDownClass): 200 GET http://10.180.1.21/networking/v2.0/security-groups?tenant_id=491f21a86f8943dfab39a2229994a908&name=default 0.171s
2025-12-09 03:48:10.602 65465 INFO tempest.lib.common.rest_client [req-a7f2527c-9fd3-4377-af5c-bda3f5b42552 req-a7f2527c-9fd3-4377-af5c-bda3f5b42552 ] Request (ServersNegativeTestMultiTenantJSON:tearDownClass): 200 GET http://10.180.1.21/compute/v2.1/servers/a462be20-8242-4bc9-b711-cd1227d036ac 1.544s
2025-12-09 03:48:10.696 65440 INFO tempest.lib.common.rest_client [req-40d8f58f-d16b-401c-bbcf-d95daecdfda6 req-40d8f58f-d16b-401c-bbcf-d95daecdfda6 ] Request (InstanceUsageAuditLogTestJSON:tearDownClass): 204 DELETE http://10.180.1.21/networking/v2.0/security-groups/1d02e88d-ed64-465f-acda-3c25522b3fdc 0.175s
2025-12-09 03:48:10.734 65460 INFO tempest.lib.common.rest_client [req-a60fa278-7afe-4cf9-b264-1a06b040f1aa req-a60fa278-7afe-4cf9-b264-1a06b040f1aa ] Request (DeleteServersAdminTestJSON:tearDownClass): 204 DELETE http://10.180.1.21/networking/v2.0/security-groups/bbc9511a-e07b-4388-bc1a-89996b750a52 0.175s
2025-12-09 03:48:10.736 65418 INFO tempest.lib.common.rest_client [req-ce537574-aff2-4275-818f-6e3cf9ca2eb2 req-ce537574-aff2-4275-818f-6e3cf9ca2eb2 ] Request (ServerActionsTestOtherB:test_create_backup): 200 GET http://10.180.1.21/image/v2/images/b8e0d0b9-3fba-4e5e-ab14-776a762891a2 0.025s
2025-12-09 03:48:10.776 65468 INFO tempest.lib.common.rest_client [req-6d2d5b1d-19ba-4569-827d-ccca4ef112b9 req-6d2d5b1d-19ba-4569-827d-ccca4ef112b9 ] Request (DeleteServersTestJSON:test_delete_server_while_in_attached_volume): 200 GET http://10.180.1.21/compute/v2.1/servers/2144a7c9-fa09-4dad-b9c0-efece13c8374 1.610s
2025-12-09 03:48:10.789 65468 INFO tempest.common.waiters [-] State transition "ACTIVE/deleting" ==> "DELETED/None" after 4 second wait
2025-12-09 03:48:10.891 65460 INFO tempest.lib.common.rest_client [req-77d5bac9-8554-4907-a6c6-48b282585235 req-77d5bac9-8554-4907-a6c6-48b282585235 ] Request (DeleteServersAdminTestJSON:tearDownClass): 204 DELETE http://10.180.1.21/identity/v3/projects/491f21a86f8943dfab39a2229994a908 0.156s
2025-12-09 03:48:10.897 65440 INFO tempest.lib.common.rest_client [req-0937aceb-8745-4832-bf47-0f450f355623 req-0937aceb-8745-4832-bf47-0f450f355623 ] Request (InstanceUsageAuditLogTestJSON:tearDownClass): 204 DELETE http://10.180.1.21/identity/v3/projects/a1d033fe4abb4d57a47e7c07e4fa5399 0.200s
2025-12-09 03:48:10.899 65440 INFO tempest.test [-] raised in SpiceDirectConsoleTestJSON.setUpClass. Invoking tearDownClass.
2025-12-09 03:48:10.930 65476 WARNING tempest.lib.common.ssh [-] Failed to establish authenticated ssh connection to cirros@10.180.180.227 ([Errno None] Unable to connect to port 22 on 10.180.180.227). Number attempts: 4. Retry after 5 seconds.: paramiko.ssh_exception.NoValidConnectionsError: [Errno None] Unable to connect to port 22 on 10.180.180.227
2025-12-09 03:48:10.968 65460 INFO tempest.lib.common.rest_client [req-7657bb41-550e-4c9f-9c92-4bf404c1fd3e req-7657bb41-550e-4c9f-9c92-4bf404c1fd3e ] Request (FlavorsV255TestJSON:setUpClass): 201 POST http://10.180.1.21/identity/v3/auth/tokens 0.075s
2025-12-09 03:48:10.976 65440 INFO tempest.lib.common.rest_client [req-e29200d7-37b8-4d80-9866-7f6c4b21dd73 req-e29200d7-37b8-4d80-9866-7f6c4b21dd73 ] Request (AttachInterfacesTestJSON:setUpClass): 201 POST http://10.180.1.21/identity/v3/auth/tokens 0.072s
2025-12-09 03:48:11.005 65460 INFO tempest.lib.common.rest_client [req-345f8804-5bde-450c-859a-e8d5f05d10ca req-345f8804-5bde-450c-859a-e8d5f05d10ca ] Request (FlavorsV255TestJSON:setUpClass): 201 POST http://10.180.1.21/identity/v3/auth/tokens 0.034s
2025-12-09 03:48:11.013 65440 INFO tempest.lib.common.rest_client [req-8e0ff4fc-448d-4465-9aa8-2b8e2408f685 req-8e0ff4fc-448d-4465-9aa8-2b8e2408f685 ] Request (AttachInterfacesTestJSON:setUpClass): 201 POST http://10.180.1.21/identity/v3/auth/tokens 0.033s
2025-12-09 03:48:11.035 65460 INFO tempest.lib.common.rest_client [req-812896b7-b71f-437a-94b8-68f9904740dd req-812896b7-b71f-437a-94b8-68f9904740dd ] Request (FlavorsV255TestJSON:setUpClass): 200 GET http://10.180.1.21/identity/v3/domains?name=Default 0.029s
2025-12-09 03:48:11.042 65440 INFO tempest.lib.common.rest_client [req-3a37f948-3f9c-41ee-bf42-fa6daa08777f req-3a37f948-3f9c-41ee-bf42-fa6daa08777f ] Request (AttachInterfacesTestJSON:setUpClass): 200 GET http://10.180.1.21/identity/v3/domains?name=Default 0.028s
2025-12-09 03:48:11.070 65460 INFO tempest.lib.common.rest_client [req-1d1a340d-5216-46b6-b605-9865f1a63378 req-1d1a340d-5216-46b6-b605-9865f1a63378 ] Request (FlavorsV255TestJSON:setUpClass): 201 POST http://10.180.1.21/identity/v3/projects 0.035s
2025-12-09 03:48:11.084 65440 INFO tempest.lib.common.rest_client [req-5929086b-18fc-48d0-a2aa-8018444390fd req-5929086b-18fc-48d0-a2aa-8018444390fd ] Request (AttachInterfacesTestJSON:setUpClass): 201 POST http://10.180.1.21/identity/v3/projects 0.041s
2025-12-09 03:48:11.151 65420 INFO tempest.lib.common.rest_client [req-b9f555e3-cbe2-4c8e-af4e-b68474dee631 req-b9f555e3-cbe2-4c8e-af4e-b68474dee631 ] Request (ListImageFiltersTestJSON:setUpClass): 200 GET http://10.180.1.21/compute/v2.1/servers/df1ced50-4706-4514-8268-bed82480f9c7 1.822s
2025-12-09 03:48:11.167 65420 INFO tempest.common.waiters [-] State transition "BUILD/networking" ==> "BUILD/spawning" after 45 second wait
2025-12-09 03:48:11.181 65440 INFO tempest.lib.common.rest_client [req-63cbe68b-b0b2-4c13-b553-a2b43bd4daf1 req-63cbe68b-b0b2-4c13-b553-a2b43bd4daf1 ] Request (AttachInterfacesTestJSON:setUpClass): 201 POST http://10.180.1.21/identity/v3/users 0.096s
2025-12-09 03:48:11.237 65440 INFO tempest.lib.common.rest_client [req-939efaa3-55e0-476f-8bc7-3aee0fedbf7d req-939efaa3-55e0-476f-8bc7-3aee0fedbf7d ] Request (AttachInterfacesTestJSON:setUpClass): 200 GET http://10.180.1.21/identity/v3/roles 0.055s
2025-12-09 03:48:11.254 65460 INFO tempest.lib.common.rest_client [req-85d35b70-216e-4acb-aef7-1993cdf8a1b8 req-85d35b70-216e-4acb-aef7-1993cdf8a1b8 ] Request (FlavorsV255TestJSON:setUpClass): 201 POST http://10.180.1.21/identity/v3/users 0.183s
2025-12-09 03:48:11.279 65460 INFO tempest.lib.common.rest_client [req-29ddf5ce-b15a-40a7-9fdb-38081238c167 req-29ddf5ce-b15a-40a7-9fdb-38081238c167 ] Request (FlavorsV255TestJSON:setUpClass): 200 GET http://10.180.1.21/identity/v3/roles 0.024s
2025-12-09 03:48:11.305 65440 INFO tempest.lib.common.rest_client [req-a03a6c43-3fc9-4b06-b4b1-94277d2575a4 req-a03a6c43-3fc9-4b06-b4b1-94277d2575a4 ] Request (AttachInterfacesTestJSON:setUpClass): 204 PUT http://10.180.1.21/identity/v3/projects/2f3d431fd3a041e3a26a4085f729f634/users/709dd29291674acbbcf0c5d855f9caf3/roles/b8c0c669669d4be4bf2fc9c839d2d575 0.067s
2025-12-09 03:48:11.305 65440 INFO tempest.lib.common.dynamic_creds [-] Dynamic test user 709dd29291674acbbcf0c5d855f9caf3 is created with scope project and roles: ['member']
2025-12-09 03:48:11.305 65456 INFO tempest.lib.common.rest_client [req-d9026756-4ae7-4a88-a95f-b93c54821cbf req-d9026756-4ae7-4a88-a95f-b93c54821cbf ] Request (ImagesTestJSON:test_create_image_from_suspended_server): 202 POST http://10.180.1.21/compute/v2.1/servers 2.266s
2025-12-09 03:48:11.305 65440 INFO tempest.lib.common.dynamic_creds [-] Acquired dynamic creds: credentials: Credentials: {'domain_id': 'default', 'domain_name': 'Default', 'username': 'tempest-AttachInterfacesTestJSON-1133181043-project-member', 'project_domain_id': 'default', 'project_domain_name': 'Default', 'project_id': '2f3d431fd3a041e3a26a4085f729f634', 'project_name': 'tempest-AttachInterfacesTestJSON-1133181043', 'tenant_id': '2f3d431fd3a041e3a26a4085f729f634', 'tenant_name': 'tempest-AttachInterfacesTestJSON-1133181043', 'user_domain_id': 'default', 'user_domain_name': 'Default', 'user_id': '709dd29291674acbbcf0c5d855f9caf3', 'system': None}, Network: None, Subnet: None, Router: None
2025-12-09 03:48:11.329 65444 INFO tempest.lib.common.rest_client [req-16d5daf4-6c95-4bb1-b2d1-5b789305688c req-16d5daf4-6c95-4bb1-b2d1-5b789305688c ] Request (ServerRescueNegativeTestJSON:setUpClass): 200 GET http://10.180.1.21/compute/v2.1/servers/d1f2e702-147c-4aec-88a6-3b8129488973 1.915s
2025-12-09 03:48:11.338 65460 INFO tempest.lib.common.rest_client [req-b3b5d262-68af-4b2b-8fc3-7d309696dacd req-b3b5d262-68af-4b2b-8fc3-7d309696dacd ] Request (FlavorsV255TestJSON:setUpClass): 204 PUT http://10.180.1.21/identity/v3/projects/177a30768a6347d7baffea877d59ea75/users/43ecae7973b64d8eb6b51cb0840a0dde/roles/b8c0c669669d4be4bf2fc9c839d2d575 0.058s
2025-12-09 03:48:11.338 65460 INFO tempest.lib.common.dynamic_creds [-] Dynamic test user 43ecae7973b64d8eb6b51cb0840a0dde is created with scope project and roles: ['member']
2025-12-09 03:48:11.339 65460 INFO tempest.lib.common.dynamic_creds [-] Acquired dynamic creds: credentials: Credentials: {'domain_id': 'default', 'domain_name': 'Default', 'username': 'tempest-FlavorsV255TestJSON-1556497475-project-member', 'project_domain_id': 'default', 'project_domain_name': 'Default', 'project_id': '177a30768a6347d7baffea877d59ea75', 'project_name': 'tempest-FlavorsV255TestJSON-1556497475', 'tenant_id': '177a30768a6347d7baffea877d59ea75', 'tenant_name': 'tempest-FlavorsV255TestJSON-1556497475', 'user_domain_id': 'default', 'user_domain_name': 'Default', 'user_id': '43ecae7973b64d8eb6b51cb0840a0dde', 'system': None}, Network: None, Subnet: None, Router: None
2025-12-09 03:48:11.339 65460 INFO tempest.lib.common.dynamic_creds [-] Created isolated network resources for: credentials: Credentials: {'domain_id': 'default', 'domain_name': 'Default', 'username': 'tempest-FlavorsV255TestJSON-1556497475-project-member', 'project_domain_id': 'default', 'project_domain_name': 'Default', 'project_id': '177a30768a6347d7baffea877d59ea75', 'project_name': 'tempest-FlavorsV255TestJSON-1556497475', 'tenant_id': '177a30768a6347d7baffea877d59ea75', 'tenant_name': 'tempest-FlavorsV255TestJSON-1556497475', 'user_domain_id': 'default', 'user_domain_name': 'Default', 'user_id': '43ecae7973b64d8eb6b51cb0840a0dde', 'system': None}, Network: None, Subnet: None, Router: None
2025-12-09 03:48:11.349 65466 INFO tempest.lib.common.rest_client [req-72920833-2fb9-4b0e-aa7a-ff2baf115a7a req-72920833-2fb9-4b0e-aa7a-ff2baf115a7a ] Request (MigrationsAdminTest:test_resize_server_revert_deleted_flavor): 200 POST http://10.180.1.21/compute/v2.1/flavors 1.864s
2025-12-09 03:48:11.397 65426 INFO tempest.lib.common.rest_client [req-963933ed-4c90-445b-ab44-a94f759f7e1e req-963933ed-4c90-445b-ab44-a94f759f7e1e ] Request (FlavorsAdminTestJSON:_run_cleanups): 202 DELETE http://10.180.1.21/compute/v2.1/flavors/636019083 1.840s
2025-12-09 03:48:11.444 65440 INFO tempest.lib.common.rest_client [req-29ed378f-0f5f-43c0-a6b5-d892b42aadff req-29ed378f-0f5f-43c0-a6b5-d892b42aadff ] Request (AttachInterfacesTestJSON:setUpClass): 201 POST http://10.180.1.21/identity/v3/auth/tokens 0.138s
2025-12-09 03:48:11.470 65460 INFO tempest.lib.common.rest_client [req-88389d4d-8ecb-4543-9317-cad16f978f17 req-88389d4d-8ecb-4543-9317-cad16f978f17 ] Request (FlavorsV255TestJSON:setUpClass): 201 POST http://10.180.1.21/identity/v3/auth/tokens 0.127s
2025-12-09 03:48:11.475 65480 INFO tempest.lib.common.rest_client [req-76cd0503-3fb3-4b60-8562-4f5ef1453dc4 req-76cd0503-3fb3-4b60-8562-4f5ef1453dc4 ] Request (ServersTestJSON:setUpClass): 200 GET http://10.180.1.21/compute/v2.1/servers/6176ef8b-a5f3-498d-8d1d-586848af6e2c 1.988s
2025-12-09 03:48:11.506 65460 INFO tempest.lib.common.rest_client [req-7939f9c9-a70c-47f5-98be-1b9088c5df39 req-7939f9c9-a70c-47f5-98be-1b9088c5df39 ] Request (FlavorsV255TestJSON:setUpClass): 201 POST http://10.180.1.21/identity/v3/projects 0.036s
2025-12-09 03:48:11.585 65460 INFO tempest.lib.common.rest_client [req-f0b3b660-8eab-49d0-9cf2-e8f4c06a26e9 req-f0b3b660-8eab-49d0-9cf2-e8f4c06a26e9 ] Request (FlavorsV255TestJSON:setUpClass): 201 POST http://10.180.1.21/identity/v3/users 0.078s
2025-12-09 03:48:11.613 65460 INFO tempest.lib.common.rest_client [req-f8022fd8-9300-4dcf-a91a-86847d940866 req-f8022fd8-9300-4dcf-a91a-86847d940866 ] Request (FlavorsV255TestJSON:setUpClass): 200 GET http://10.180.1.21/identity/v3/roles 0.027s
2025-12-09 03:48:11.650 65460 INFO tempest.lib.common.rest_client [req-6b8ca26b-c13d-48fe-baa9-339a12c60950 req-6b8ca26b-c13d-48fe-baa9-339a12c60950 ] Request (FlavorsV255TestJSON:setUpClass): 204 PUT http://10.180.1.21/identity/v3/projects/0d3dc15e1e694312877064543ed8dd01/users/df2f68fd40094f57b9dc77f8f6ccf999/roles/043686875b1a4b7b801b58d47717c2ba 0.036s
2025-12-09 03:48:11.726 65460 INFO tempest.lib.common.rest_client [req-2ad8678a-397f-4587-9e2a-bc3b9d3ab066 req-2ad8678a-397f-4587-9e2a-bc3b9d3ab066 ] Request (FlavorsV255TestJSON:setUpClass): 200 GET http://10.180.1.21/identity/v3/roles 0.076s
2025-12-09 03:48:11.758 65418 INFO tempest.lib.common.rest_client [req-254c7919-4df4-4b1d-ae02-d10b9cf95782 req-254c7919-4df4-4b1d-ae02-d10b9cf95782 ] Request (ServerActionsTestOtherB:test_create_backup): 200 GET http://10.180.1.21/image/v2/images/b8e0d0b9-3fba-4e5e-ab14-776a762891a2 0.020s
2025-12-09 03:48:11.765 65460 INFO tempest.lib.common.rest_client [req-f0cd17c5-bd5d-4dee-8e0f-125e4e246767 req-f0cd17c5-bd5d-4dee-8e0f-125e4e246767 ] Request (FlavorsV255TestJSON:setUpClass): 204 PUT http://10.180.1.21/identity/v3/projects/0d3dc15e1e694312877064543ed8dd01/users/df2f68fd40094f57b9dc77f8f6ccf999/roles/043686875b1a4b7b801b58d47717c2ba 0.038s
2025-12-09 03:48:11.765 65460 INFO tempest.lib.common.dynamic_creds [-] Dynamic test user df2f68fd40094f57b9dc77f8f6ccf999 is created with scope project and roles: ['admin']
2025-12-09 03:48:11.765 65460 INFO tempest.lib.common.dynamic_creds [-] Acquired dynamic creds: credentials: Credentials: {'domain_id': 'default', 'domain_name': 'Default', 'username': 'tempest-FlavorsV255TestJSON-1961728262-project-admin', 'project_domain_id': 'default', 'project_domain_name': 'Default', 'project_id': '0d3dc15e1e694312877064543ed8dd01', 'project_name': 'tempest-FlavorsV255TestJSON-1961728262', 'tenant_id': '0d3dc15e1e694312877064543ed8dd01', 'tenant_name': 'tempest-FlavorsV255TestJSON-1961728262', 'user_domain_id': 'default', 'user_domain_name': 'Default', 'user_id': 'df2f68fd40094f57b9dc77f8f6ccf999', 'system': None}, Network: None, Subnet: None, Router: None
2025-12-09 03:48:11.766 65460 INFO tempest.lib.common.dynamic_creds [-] Created isolated network resources for: credentials: Credentials: {'domain_id': 'default', 'domain_name': 'Default', 'username': 'tempest-FlavorsV255TestJSON-1961728262-project-admin', 'project_domain_id': 'default', 'project_domain_name': 'Default', 'project_id': '0d3dc15e1e694312877064543ed8dd01', 'project_name': 'tempest-FlavorsV255TestJSON-1961728262', 'tenant_id': '0d3dc15e1e694312877064543ed8dd01', 'tenant_name': 'tempest-FlavorsV255TestJSON-1961728262', 'user_domain_id': 'default', 'user_domain_name': 'Default', 'user_id': 'df2f68fd40094f57b9dc77f8f6ccf999', 'system': None}, Network: None, Subnet: None, Router: None
2025-12-09 03:48:11.846 65440 INFO tempest.lib.common.rest_client [req-bd2c9754-1409-4243-859c-cf24600bb626 req-bd2c9754-1409-4243-859c-cf24600bb626 ] Request (AttachInterfacesTestJSON:setUpClass): 201 POST http://10.180.1.21/networking/v2.0/networks 0.402s
2025-12-09 03:48:11.870 65460 INFO tempest.lib.common.rest_client [req-5fa4814e-ed3e-4b29-b755-b85b93890ab0 req-5fa4814e-ed3e-4b29-b755-b85b93890ab0 ] Request (FlavorsV255TestJSON:setUpClass): 201 POST http://10.180.1.21/identity/v3/auth/tokens 0.101s
2025-12-09 03:48:11.973 65430 INFO tempest.lib.common.rest_client [req-68c2c87b-c23a-4987-84b7-3d4749b69946 req-68c2c87b-c23a-4987-84b7-3d4749b69946 ] Request (ServersAdminNegativeTestJSON:test_migrate_server_invalid_state): 200 GET http://10.180.1.21/compute/v2.1/servers/9475d772-f9c9-4207-952b-100ba068dac9 2.343s
2025-12-09 03:48:12.316 65440 INFO tempest.lib.common.rest_client [req-10d1a466-26da-4127-8c49-3e73f921be14 req-10d1a466-26da-4127-8c49-3e73f921be14 ] Request (AttachInterfacesTestJSON:setUpClass): 201 POST http://10.180.1.21/networking/v2.0/subnets 0.469s
2025-12-09 03:48:12.359 65458 INFO tempest.lib.common.rest_client [req-789a95ea-7cb6-47e4-bcac-8e6f3fcd0d18 req-789a95ea-7cb6-47e4-bcac-8e6f3fcd0d18 ] Request (SecurityGroupsTestJSON:test_list_security_groups_by_server): 200 GET http://10.180.1.21/compute/v2.1/servers/85392aca-80bd-46ce-b21d-4cb5761174e8 2.777s
2025-12-09 03:48:12.367 65458 INFO tempest.common.waiters [-] State transition "BUILD/None" ==> "BUILD/block_device_mapping" after 40 second wait
2025-12-09 03:48:12.425 65478 INFO tempest.lib.common.rest_client [req-ea8934a4-6a7a-4f1c-beac-f27c6c9525ce req-ea8934a4-6a7a-4f1c-beac-f27c6c9525ce ] Request (FloatingIPsAssociationTestJSON:tearDownClass): 200 GET http://10.180.1.21/compute/v2.1/servers/bf06024c-8a26-4c99-a3d3-9de2f601bfb6 2.737s
2025-12-09 03:48:12.780 65418 INFO tempest.lib.common.rest_client [req-77e948f7-ed09-4ae0-9d41-e5953c005ac2 req-77e948f7-ed09-4ae0-9d41-e5953c005ac2 ] Request (ServerActionsTestOtherB:test_create_backup): 200 GET http://10.180.1.21/image/v2/images/b8e0d0b9-3fba-4e5e-ab14-776a762891a2 0.020s
2025-12-09 03:48:12.939 65446 INFO paramiko.transport [-] Connected (version 2.0, client dropbear_2020.81)
2025-12-09 03:48:13.053 65446 INFO paramiko.transport [-] Authentication (publickey) successful!
2025-12-09 03:48:13.053 65446 INFO tempest.lib.common.ssh [-] ssh connection to cirros@10.180.180.220 successfully created
2025-12-09 03:48:13.062 65446 INFO tempest.lib.common.ssh [-] Creating ssh connection to '10.180.180.220:22' as 'cirros' with public key authentication
2025-12-09 03:48:13.066 65446 INFO paramiko.transport [-] Connected (version 2.0, client dropbear_2020.81)
2025-12-09 03:48:13.082 65432 INFO tempest.lib.common.rest_client [req-120452c6-ccd9-40a8-a73f-9da002d712d0 req-120452c6-ccd9-40a8-a73f-9da002d712d0 ] Request (ServerDiagnosticsTest:test_get_server_diagnostics): 200 GET http://10.180.1.21/compute/v2.1/servers/87b82af3-d0ee-45b1-888d-a69ffa266cff 3.317s
2025-12-09 03:48:13.092 65424 INFO tempest.lib.common.rest_client [req-796736d1-5ad2-483a-b4f0-d03a958b0fc7 req-796736d1-5ad2-483a-b4f0-d03a958b0fc7 ] Request (ServersAdminTestJSON:test_inject_network_info): 200 GET http://10.180.1.21/compute/v2.1/servers/d7316cd3-4b6d-43db-86d6-25b472a2d2f3 3.214s
2025-12-09 03:48:13.167 65446 INFO paramiko.transport [-] Authentication (publickey) successful!
2025-12-09 03:48:13.169 65446 INFO tempest.lib.common.ssh [-] ssh connection to cirros@10.180.180.220 successfully created
2025-12-09 03:48:13.263 65448 INFO tempest.lib.common.rest_client [req-1843916d-78fd-4880-8829-dd5bcbda90e6 req-1843916d-78fd-4880-8829-dd5bcbda90e6 ] Request (ServersAaction247Test:tearDownClass): 200 GET http://10.180.1.21/compute/v2.1/servers/d9daea26-6557-4187-b9e1-b0ea11b3ed8c 3.318s
2025-12-09 03:48:13.292 65454 INFO tempest.lib.common.rest_client [req-2cca87aa-6512-40b8-94aa-b85d6aea5948 req-2cca87aa-6512-40b8-94aa-b85d6aea5948 ] Request (ServerDiskConfigTestJSON:test_rebuild_server_with_manual_disk_config): 200 GET http://10.180.1.21/compute/v2.1/servers/1cf523cd-8d31-4cd6-b88d-985e48cee3d8 3.186s
2025-12-09 03:48:13.388 65438 INFO tempest.lib.common.rest_client [req-1c6d0c9c-a286-4f7d-a850-46edf0123f72 req-1c6d0c9c-a286-4f7d-a850-46edf0123f72 ] Request (ServerRescueTestJSON:setUpClass): 200 GET http://10.180.1.21/compute/v2.1/servers/26e16a48-ef2e-45d7-9919-5041f0184275 3.165s
2025-12-09 03:48:13.501 65440 INFO tempest.lib.common.rest_client [req-eba47ee7-bf5d-427a-a9e2-859a8d16301a req-eba47ee7-bf5d-427a-a9e2-859a8d16301a ] Request (AttachInterfacesTestJSON:setUpClass): 201 POST http://10.180.1.21/networking/v2.0/routers 1.183s
2025-12-09 03:48:13.622 65436 INFO tempest.lib.common.rest_client [req-b0716491-82a3-4aeb-ba11-09428027c612 req-b0716491-82a3-4aeb-ba11-09428027c612 ] Request (SecurityGroupRulesNegativeTestJSON:test_create_security_group_rule_with_invalid_from_port): 200 POST http://10.180.1.21/compute/v2.1/os-security-groups 3.328s
2025-12-09 03:48:13.659 65462 INFO tempest.lib.common.rest_client [req-f7bc7c1e-69ce-42f3-9512-10a8a1e5b7b8 req-f7bc7c1e-69ce-42f3-9512-10a8a1e5b7b8 ] Request (ServerMetadataTestJSON:test_update_metadata_empty_body): 200 GET http://10.180.1.21/compute/v2.1/servers/b7ac9365-02c8-446b-ac43-1147311918ca/metadata 3.259s
2025-12-09 03:48:13.670 65474 INFO tempest.lib.common.rest_client [req-13597546-6269-4233-8215-01699c7f02dd req-13597546-6269-4233-8215-01699c7f02dd ] Request (ServerActionsV293TestJSON:setUpClass): 200 GET http://10.180.1.21/compute/v2.1/servers/85492d6d-3c76-419b-ba24-d068e42f4ade 3.489s
2025-12-09 03:48:13.802 65418 INFO tempest.lib.common.rest_client [req-2dfd028b-af4c-4f8e-b202-e6a16f26c3e6 req-2dfd028b-af4c-4f8e-b202-e6a16f26c3e6 ] Request (ServerActionsTestOtherB:test_create_backup): 200 GET http://10.180.1.21/image/v2/images/b8e0d0b9-3fba-4e5e-ab14-776a762891a2 0.021s
2025-12-09 03:48:14.101 65428 INFO tempest.lib.common.rest_client [req-b5cd7a89-a355-478d-9128-291fa5e70385 req-b5cd7a89-a355-478d-9128-291fa5e70385 ] Request (ServersTestBootFromVolume:tearDownClass): 200 GET http://10.180.1.21/compute/v2.1/servers/1b3db09d-60a4-4d93-8e35-bb0bcb4770f3 3.633s
2025-12-09 03:48:14.688 65440 INFO tempest.lib.common.rest_client [req-7f947e9d-8530-4e2a-ac69-23a1f6c57e6e req-7f947e9d-8530-4e2a-ac69-23a1f6c57e6e ] Request (AttachInterfacesTestJSON:setUpClass): 200 PUT http://10.180.1.21/networking/v2.0/routers/86487141-79d5-4ebe-b642-878f4d26e4c2/add_router_interface 1.186s
2025-12-09 03:48:14.688 65440 INFO tempest.lib.common.dynamic_creds [-] Created isolated network resources for: credentials: Credentials: {'domain_id': 'default', 'domain_name': 'Default', 'username': 'tempest-AttachInterfacesTestJSON-1133181043-project-member', 'project_domain_id': 'default', 'project_domain_name': 'Default', 'project_id': '2f3d431fd3a041e3a26a4085f729f634', 'project_name': 'tempest-AttachInterfacesTestJSON-1133181043', 'tenant_id': '2f3d431fd3a041e3a26a4085f729f634', 'tenant_name': 'tempest-AttachInterfacesTestJSON-1133181043', 'user_domain_id': 'default', 'user_domain_name': 'Default', 'user_id': '709dd29291674acbbcf0c5d855f9caf3', 'system': None}, Network: {'id': '3ca23136-90e0-4af3-81f3-a6275008ab89', 'name': 'tempest-AttachInterfacesTestJSON-328477108-network', 'tenant_id': '2f3d431fd3a041e3a26a4085f729f634', 'project_id': '2f3d431fd3a041e3a26a4085f729f634', 'admin_state_up': True, 'mtu': 8950, 'status': 'ACTIVE', 'subnets': [], 'shared': False, 'port_security_enabled': True, 'router:external': False, 'provider:network_type': 'vlan', 'provider:physical_network': 'default', 'provider:segmentation_id': 731, 'availability_zone_hints': [], 'availability_zones': [], 'ipv4_address_scope': None, 'ipv6_address_scope': None, 'description': '', 'tags': [], 'created_at': '2025-12-09T03:48:11Z', 'updated_at': '2025-12-09T03:48:11Z', 'revision_number': 1}, Subnet: {'id': '165205ce-17ff-4b7a-9727-fe047fd1c90f', 'name': 'tempest-AttachInterfacesTestJSON-328477108-subnet', 'tenant_id': '2f3d431fd3a041e3a26a4085f729f634', 'network_id': '3ca23136-90e0-4af3-81f3-a6275008ab89', 'ip_version': 4, 'subnetpool_id': None, 'enable_dhcp': True, 'ipv6_ra_mode': None, 'ipv6_address_mode': None, 'gateway_ip': '192.168.128.1', 'cidr': '192.168.128.0/28', 'allocation_pools': [{'start': '192.168.128.2', 'end': '192.168.128.14'}], 'host_routes': [], 'dns_nameservers': [], 'description': '', 'router:external': False, 'service_types': [], 'tags': [], 'created_at': '2025-12-09T03:48:12Z', 'updated_at': '2025-12-09T03:48:12Z', 'revision_number': 0, 'project_id': '2f3d431fd3a041e3a26a4085f729f634'}, Router: {'id': '86487141-79d5-4ebe-b642-878f4d26e4c2', 'name': 'tempest-AttachInterfacesTestJSON-328477108-router', 'tenant_id': '2f3d431fd3a041e3a26a4085f729f634', 'admin_state_up': True, 'status': 'ACTIVE', 'external_gateway_info': {'network_id': '56386bd5-28f8-4d04-ab57-b20b9f17da54', 'external_fixed_ips': [{'subnet_id': 'cb358666-0ff3-4378-aaf2-fc06073342c0', 'ip_address': '10.180.180.131'}], 'enable_snat': True}, 'description': '', 'availability_zones': [], 'distributed': False, 'ha': False, 'availability_zone_hints': [], 'routes': [], 'flavor_id': None, 'tags': [], 'created_at': '2025-12-09T03:48:12Z', 'updated_at': '2025-12-09T03:48:13Z', 'revision_number': 2, 'project_id': '2f3d431fd3a041e3a26a4085f729f634'}
2025-12-09 03:48:14.726 65422 INFO tempest.lib.common.rest_client [req-f66feae1-7ffc-4867-83da-916f89fc1686 req-f66feae1-7ffc-4867-83da-916f89fc1686 ] Request (ServersAdmin275Test:test_rebuild_update_server_275): 200 GET http://10.180.1.21/compute/v2.1/servers/d274e297-c796-41ee-b240-ce422195a3e6 3.610s
2025-12-09 03:48:14.749 65434 INFO tempest.lib.common.rest_client [req-9321022e-a2f5-4865-bb47-f77561e76214 req-9321022e-a2f5-4865-bb47-f77561e76214 ] Request (ServersTestMultiNic:test_verify_multiple_nics_order): 200 GET http://10.180.1.21/compute/v2.1/servers/ff0c5b7d-6f4b-43f9-9960-b2d394483594 3.966s
2025-12-09 03:48:14.759 65434 INFO tempest.common.waiters [-] State transition "BUILD/spawning" ==> "ACTIVE/None" after 49 second wait
2025-12-09 03:48:14.780 65440 INFO tempest.lib.common.rest_client [req-8e255d7c-5ff5-4317-bf69-d59cf5bb23d0 req-8e255d7c-5ff5-4317-bf69-d59cf5bb23d0 ] Request (AttachInterfacesTestJSON:setUpClass): 201 POST http://10.180.1.21/identity/v3/auth/tokens 0.089s
2025-12-09 03:48:14.825 65418 INFO tempest.lib.common.rest_client [req-6a67c2e9-5949-4364-a357-3c8d6514b624 req-6a67c2e9-5949-4364-a357-3c8d6514b624 ] Request (ServerActionsTestOtherB:test_create_backup): 200 GET http://10.180.1.21/image/v2/images/b8e0d0b9-3fba-4e5e-ab14-776a762891a2 0.020s
2025-12-09 03:48:14.828 65472 INFO tempest.lib.common.rest_client [req-6213880d-8339-4cdd-ab79-1ebe0f7f27ba req-6213880d-8339-4cdd-ab79-1ebe0f7f27ba ] Request (ImagesOneServerTestJSON:tearDownClass): 200 GET http://10.180.1.21/compute/v2.1/servers/5457da64-f471-4ecb-9604-50b437ec8734 3.539s
2025-12-09 03:48:14.844 65466 INFO tempest.lib.common.rest_client [req-76513695-91d7-4344-a1ad-36852ac89776 req-76513695-91d7-4344-a1ad-36852ac89776 ] Request (MigrationsAdminTest:test_resize_server_revert_deleted_flavor): 200 GET http://10.180.1.21/compute/v2.1/flavors/42/os-extra_specs 3.493s
2025-12-09 03:48:14.874 65456 INFO tempest.lib.common.rest_client [req-833001c1-ccc2-4afb-8d91-f8997809dd58 req-833001c1-ccc2-4afb-8d91-f8997809dd58 ] Request (ImagesTestJSON:test_create_image_from_suspended_server): 200 GET http://10.180.1.21/compute/v2.1/servers/fccbce03-47f0-4e27-84d0-f5bd8e1b9ca6 3.566s
2025-12-09 03:48:14.876 65426 INFO tempest.lib.common.rest_client [req-d5ca551f-3569-4fbe-9972-78fed256c829 req-d5ca551f-3569-4fbe-9972-78fed256c829 ] Request (FlavorsAdminTestJSON:_run_cleanups): 200 GET http://10.180.1.21/compute/v2.1/flavors/detail 3.477s
2025-12-09 03:48:14.975 65442 INFO tempest.lib.common.rest_client [req-ef8e7747-18d0-4398-889d-7e631df7a1f5 req-ef8e7747-18d0-4398-889d-7e631df7a1f5 ] Request (ListServersNegativeTestJSON:setUpClass): 200 GET http://10.180.1.21/compute/v2.1/servers/101a5d6c-cab0-4eef-bb01-8344f4058199 3.559s
2025-12-09 03:48:15.000 65465 INFO tempest.lib.common.rest_client [req-8508dde4-5f53-459f-8dac-96d8bb7c8952 req-8508dde4-5f53-459f-8dac-96d8bb7c8952 ] Request (ServersNegativeTestMultiTenantJSON:tearDownClass): 200 GET http://10.180.1.21/compute/v2.1/servers/a462be20-8242-4bc9-b711-cd1227d036ac 3.386s
2025-12-09 03:48:15.012 65465 INFO tempest.common.waiters [-] State transition "ACTIVE/deleting" ==> "DELETED/None" after 7 second wait
2025-12-09 03:48:15.092 65468 INFO tempest.lib.common.rest_client [req-65e899e8-f7f9-4686-bc01-d21faeae876a req-65e899e8-f7f9-4686-bc01-d21faeae876a ] Request (DeleteServersTestJSON:test_delete_server_while_in_attached_volume): 200 GET http://10.180.1.21/compute/v2.1/servers/2144a7c9-fa09-4dad-b9c0-efece13c8374 3.301s
2025-12-09 03:48:15.174 65460 INFO tempest.lib.common.rest_client [req-af798570-8821-4664-8b7f-deb2b12d7563 req-af798570-8821-4664-8b7f-deb2b12d7563 ] Request (FlavorsV255TestJSON:test_crud_flavor): 200 POST http://10.180.1.21/compute/v2.1/flavors 3.303s
2025-12-09 03:48:15.229 65420 INFO tempest.lib.common.rest_client [req-d6876f61-91d0-4e3d-a37b-83108ed153bb req-d6876f61-91d0-4e3d-a37b-83108ed153bb ] Request (ListImageFiltersTestJSON:setUpClass): 200 GET http://10.180.1.21/compute/v2.1/servers/df1ced50-4706-4514-8268-bed82480f9c7 3.060s
2025-12-09 03:48:15.244 65444 INFO tempest.lib.common.rest_client [req-0405be77-e364-4af7-9489-525963e1f698 req-0405be77-e364-4af7-9489-525963e1f698 ] Request (ServerRescueNegativeTestJSON:setUpClass): 200 GET http://10.180.1.21/compute/v2.1/servers/d1f2e702-147c-4aec-88a6-3b8129488973 2.904s
2025-12-09 03:48:15.290 65480 INFO tempest.lib.common.rest_client [req-610b8b3b-39e6-46f7-b7f5-3af998d45182 req-610b8b3b-39e6-46f7-b7f5-3af998d45182 ] Request (ServersTestJSON:setUpClass): 200 GET http://10.180.1.21/compute/v2.1/servers/6176ef8b-a5f3-498d-8d1d-586848af6e2c 2.804s
2025-12-09 03:48:15.298 65480 INFO tempest.common.waiters [-] State transition "BUILD/scheduling" ==> "BUILD/None" after 18 second wait
2025-12-09 03:48:15.308 65430 INFO tempest.lib.common.rest_client [req-5570df15-d35e-454d-87ab-17e290dbca17 req-5570df15-d35e-454d-87ab-17e290dbca17 ] Request (ServersAdminNegativeTestJSON:test_migrate_server_invalid_state): 200 GET http://10.180.1.21/compute/v2.1/servers/9475d772-f9c9-4207-952b-100ba068dac9 2.326s
2025-12-09 03:48:15.404 65478 INFO tempest.lib.common.rest_client [req-9f1b8a11-4770-4e02-b8ef-559592c8fa31 req-9f1b8a11-4770-4e02-b8ef-559592c8fa31 ] Request (FloatingIPsAssociationTestJSON:tearDownClass): 200 GET http://10.180.1.21/compute/v2.1/servers/bf06024c-8a26-4c99-a3d3-9de2f601bfb6 1.970s
2025-12-09 03:48:15.435 65458 INFO tempest.lib.common.rest_client [req-baedc90e-2eb4-49bf-b575-c8f98221fe9a req-baedc90e-2eb4-49bf-b575-c8f98221fe9a ] Request (SecurityGroupsTestJSON:test_list_security_groups_by_server): 200 GET http://10.180.1.21/compute/v2.1/servers/85392aca-80bd-46ce-b21d-4cb5761174e8 2.067s
2025-12-09 03:48:15.444 65458 INFO tempest.common.waiters [-] State transition "BUILD/block_device_mapping" ==> "BUILD/spawning" after 43 second wait
2025-12-09 03:48:15.451 65436 INFO tempest.lib.common.rest_client [req-3aefd1fd-d648-4eb2-afb0-d344d4a2187c req-3aefd1fd-d648-4eb2-afb0-d344d4a2187c ] Request (SecurityGroupRulesNegativeTestJSON:test_create_security_group_rule_with_invalid_from_port): 400 POST http://10.180.1.21/compute/v2.1/os-security-group-rules 1.824s
2025-12-09 03:48:15.504 65432 INFO tempest.lib.common.rest_client [req-34c49743-0609-434d-b4d1-d65edd435c26 req-34c49743-0609-434d-b4d1-d65edd435c26 ] Request (ServerDiagnosticsTest:test_get_server_diagnostics): 200 GET http://10.180.1.21/compute/v2.1/servers/87b82af3-d0ee-45b1-888d-a69ffa266cff 1.411s
2025-12-09 03:48:15.519 65462 INFO tempest.lib.common.rest_client [req-f78d843e-bd36-4ae4-8ba0-0c154a94fc4b req-f78d843e-bd36-4ae4-8ba0-0c154a94fc4b ] Request (ServerMetadataTestJSON:setUp): 200 PUT http://10.180.1.21/compute/v2.1/servers/b7ac9365-02c8-446b-ac43-1147311918ca/metadata 1.857s
2025-12-09 03:48:15.621 65446 INFO tempest.lib.common.rest_client [req-b94fb02c-b4dd-4420-8d6c-c82b01d52584 req-b94fb02c-b4dd-4420-8d6c-c82b01d52584 ] Request (ServersV294TestFqdnHostnames:tearDownClass): 204 DELETE http://10.180.1.21/compute/v2.1/servers/a7430109-0066-47d6-b6ab-b87316ce7555 1.421s
2025-12-09 03:48:15.813 65448 INFO tempest.lib.common.rest_client [req-61ef2571-3939-4f90-a3bc-54cb9cb7c275 req-61ef2571-3939-4f90-a3bc-54cb9cb7c275 ] Request (ServersAaction247Test:tearDownClass): 200 GET http://10.180.1.21/compute/v2.1/servers/d9daea26-6557-4187-b9e1-b0ea11b3ed8c 1.541s
2025-12-09 03:48:15.846 65424 INFO tempest.lib.common.rest_client [req-cb0ef752-5ae4-47c9-9a75-4780aeaabac1 req-cb0ef752-5ae4-47c9-9a75-4780aeaabac1 ] Request (ServersAdminTestJSON:test_inject_network_info): 200 GET http://10.180.1.21/compute/v2.1/servers/d7316cd3-4b6d-43db-86d6-25b472a2d2f3 1.744s
2025-12-09 03:48:15.854 65424 INFO tempest.common.waiters [-] State transition "BUILD/None" ==> "BUILD/spawning" after 37 second wait
2025-12-09 03:48:15.855 65418 INFO tempest.lib.common.rest_client [req-6a188361-d99e-4b76-9d9e-641e911570e9 req-6a188361-d99e-4b76-9d9e-641e911570e9 ] Request (ServerActionsTestOtherB:test_create_backup): 200 GET http://10.180.1.21/image/v2/images/b8e0d0b9-3fba-4e5e-ab14-776a762891a2 0.029s
2025-12-09 03:48:15.862 65471 WARNING tempest.lib.common.ssh [-] Failed to establish authenticated ssh connection to cirros@10.180.180.253 ([Errno None] Unable to connect to port 22 on 10.180.180.253). Number attempts: 7. Retry after 8 seconds.: paramiko.ssh_exception.NoValidConnectionsError: [Errno None] Unable to connect to port 22 on 10.180.180.253
2025-12-09 03:48:15.958 65438 INFO tempest.lib.common.rest_client [req-743871cd-66ff-4b34-9db0-32bdd4a9e0a4 req-743871cd-66ff-4b34-9db0-32bdd4a9e0a4 ] Request (ServerRescueTestJSON:setUpClass): 200 GET http://10.180.1.21/compute/v2.1/servers/26e16a48-ef2e-45d7-9919-5041f0184275 1.561s
2025-12-09 03:48:15.982 65454 INFO tempest.lib.common.rest_client [req-f4c3832e-1e7b-4076-a34d-ebb3be35be48 req-f4c3832e-1e7b-4076-a34d-ebb3be35be48 ] Request (ServerDiskConfigTestJSON:test_rebuild_server_with_manual_disk_config): 200 GET http://10.180.1.21/compute/v2.1/servers/1cf523cd-8d31-4cd6-b88d-985e48cee3d8 1.674s
2025-12-09 03:48:16.013 65434 INFO tempest.lib.common.rest_client [req-e84edc43-3ef1-4e5b-ace5-4fe70e292afe req-e84edc43-3ef1-4e5b-ace5-4fe70e292afe ] Request (ServersTestMultiNic:test_verify_multiple_nics_order): 200 GET http://10.180.1.21/compute/v2.1/servers/ff0c5b7d-6f4b-43f9-9960-b2d394483594/ips 1.253s
2025-12-09 03:48:16.091 65440 INFO tempest.lib.common.rest_client [req-4ae129ca-e684-4d68-b2f4-0207fc25a1d5 req-4ae129ca-e684-4d68-b2f4-0207fc25a1d5 ] Request (ValidationResourcesFixture:setUp): 200 POST http://10.180.1.21/compute/v2.1/os-keypairs 1.308s
2025-12-09 03:48:16.146 65466 INFO tempest.lib.common.rest_client [req-9f03d0f7-a707-4606-8da7-9778cb1c8df5 req-9f03d0f7-a707-4606-8da7-9778cb1c8df5 ] Request (MigrationsAdminTest:test_resize_server_revert_deleted_flavor): 200 POST http://10.180.1.21/compute/v2.1/flavors/3a73c14e-063e-4a16-9de7-80b45c305424/os-extra_specs 1.301s
2025-12-09 03:48:16.155 65474 INFO tempest.lib.common.rest_client [req-6765ae9b-88aa-4d65-83f9-d1e758145662 req-6765ae9b-88aa-4d65-83f9-d1e758145662 ] Request (ServerActionsV293TestJSON:setUpClass): 200 GET http://10.180.1.21/compute/v2.1/servers/85492d6d-3c76-419b-ba24-d068e42f4ade 1.474s
2025-12-09 03:48:16.171 65426 INFO tempest.lib.common.rest_client [req-2e48903a-4528-4bb2-a602-46bcbe388b99 req-2e48903a-4528-4bb2-a602-46bcbe388b99 ] Request (FlavorsAdminTestJSON:test_list_public_flavor_with_other_user): 200 POST http://10.180.1.21/compute/v2.1/flavors 1.287s
2025-12-09 03:48:16.249 65466 INFO tempest.lib.common.rest_client [req-61eecdcf-0f15-42bf-8651-b0aee304f879 req-61eecdcf-0f15-42bf-8651-b0aee304f879 ] Request (MigrationsAdminTest:test_resize_server_revert_deleted_flavor): 201 POST http://10.180.1.21/identity/v3/auth/tokens 0.096s
2025-12-09 03:48:16.249 65466 INFO tempest.lib.common.fixed_network [-] (MigrationsAdminTest:test_resize_server_revert_deleted_flavor) Found network None available for tenant
2025-12-09 03:48:16.272 65460 INFO tempest.lib.common.rest_client [req-07fcb777-7fce-4f3f-bab4-f8ae02257d09 req-07fcb777-7fce-4f3f-bab4-f8ae02257d09 ] Request (FlavorsV255TestJSON:test_crud_flavor): 200 GET http://10.180.1.21/compute/v2.1/flavors/839802525 1.094s
2025-12-09 03:48:16.280 65440 INFO tempest.lib.common.rest_client [req-1a9adce7-7a61-4ecd-ab01-cd9420251f81 req-1a9adce7-7a61-4ecd-ab01-cd9420251f81 ] Request (ValidationResourcesFixture:setUp): 201 POST http://10.180.1.21/networking/v2.0/security-groups 0.187s
2025-12-09 03:48:16.310 65436 INFO tempest.lib.common.rest_client [req-cd357fe5-1a45-4ecb-849f-6399f879d65d req-cd357fe5-1a45-4ecb-849f-6399f879d65d ] Request (SecurityGroupRulesNegativeTestJSON:test_create_security_group_rule_with_invalid_id): 400 POST http://10.180.1.21/compute/v2.1/os-security-group-rules 0.858s
2025-12-09 03:48:16.373 65428 INFO tempest.lib.common.rest_client [req-a9ff5608-03e7-4ea2-9e7e-b51fd4371055 req-a9ff5608-03e7-4ea2-9e7e-b51fd4371055 ] Request (ServersTestBootFromVolume:tearDownClass): 200 GET http://10.180.1.21/compute/v2.1/servers/1b3db09d-60a4-4d93-8e35-bb0bcb4770f3 1.257s
2025-12-09 03:48:16.385 65428 INFO tempest.common.waiters [-] State transition "ACTIVE/deleting" ==> "DELETED/None" after 7 second wait
2025-12-09 03:48:16.419 65462 INFO tempest.lib.common.rest_client [req-4748139c-136d-44ed-8c12-a70219e37296 req-4748139c-136d-44ed-8c12-a70219e37296 ] Request (ServerMetadataTestJSON:test_update_server_metadata): 200 POST http://10.180.1.21/compute/v2.1/servers/b7ac9365-02c8-446b-ac43-1147311918ca/metadata 0.899s
2025-12-09 03:48:16.432 65452 INFO paramiko.transport [-] Connected (version 2.0, client dropbear_2020.81)
2025-12-09 03:48:16.470 65440 INFO tempest.lib.common.rest_client [req-5760ed17-5bea-4496-80b7-7b43b1922482 req-5760ed17-5bea-4496-80b7-7b43b1922482 ] Request (ValidationResourcesFixture:setUp): 201 POST http://10.180.1.21/networking/v2.0/security-group-rules 0.189s
2025-12-09 03:48:16.541 65452 INFO paramiko.transport [-] Authentication (publickey) successful!
2025-12-09 03:48:16.542 65452 INFO tempest.lib.common.ssh [-] ssh connection to cirros@10.180.180.254 successfully created
2025-12-09 03:48:16.552 65422 INFO tempest.lib.common.rest_client [req-5d58a3d9-37b4-4ae6-8ae0-cd309ad41a1e req-5d58a3d9-37b4-4ae6-8ae0-cd309ad41a1e ] Request (ServersAdmin275Test:test_rebuild_update_server_275): 200 GET http://10.180.1.21/compute/v2.1/servers/d274e297-c796-41ee-b240-ce422195a3e6 0.812s
2025-12-09 03:48:16.627 65440 INFO tempest.lib.common.rest_client [req-f4b75867-4d5f-4e86-a5d1-e38f75915abe req-f4b75867-4d5f-4e86-a5d1-e38f75915abe ] Request (ValidationResourcesFixture:setUp): 201 POST http://10.180.1.21/networking/v2.0/security-group-rules 0.157s
2025-12-09 03:48:16.678 65446 INFO tempest.lib.common.rest_client [req-b4d50a20-687d-4016-ac1e-675cb557e1ea req-b4d50a20-687d-4016-ac1e-675cb557e1ea ] Request (ServersV294TestFqdnHostnames:tearDownClass): 200 GET http://10.180.1.21/compute/v2.1/servers/a7430109-0066-47d6-b6ab-b87316ce7555 1.056s
2025-12-09 03:48:16.687 65472 INFO tempest.lib.common.rest_client [req-c53d2ba6-5a62-4237-a00c-3fb4728e6f71 req-c53d2ba6-5a62-4237-a00c-3fb4728e6f71 ] Request (ImagesOneServerTestJSON:tearDownClass): 200 GET http://10.180.1.21/compute/v2.1/servers/5457da64-f471-4ecb-9604-50b437ec8734 0.851s
2025-12-09 03:48:16.875 65418 INFO tempest.lib.common.rest_client [req-8a1d08db-cd83-48cc-9b8d-13b98da8fb86 req-8a1d08db-cd83-48cc-9b8d-13b98da8fb86 ] Request (ServerActionsTestOtherB:test_create_backup): 200 GET http://10.180.1.21/image/v2/images/b8e0d0b9-3fba-4e5e-ab14-776a762891a2 0.019s
2025-12-09 03:48:16.947 65456 INFO tempest.lib.common.rest_client [req-64f1ebed-af5f-4df0-9964-076bb119147d req-64f1ebed-af5f-4df0-9964-076bb119147d ] Request (ImagesTestJSON:test_create_image_from_suspended_server): 200 GET http://10.180.1.21/compute/v2.1/servers/fccbce03-47f0-4e27-84d0-f5bd8e1b9ca6 1.065s
2025-12-09 03:48:16.963 65442 INFO tempest.lib.common.rest_client [req-fb27348a-e36b-42bb-8995-24392b0b0ee7 req-fb27348a-e36b-42bb-8995-24392b0b0ee7 ] Request (ListServersNegativeTestJSON:setUpClass): 200 GET http://10.180.1.21/compute/v2.1/servers/101a5d6c-cab0-4eef-bb01-8344f4058199 0.980s
2025-12-09 03:48:17.090 65434 INFO tempest.lib.common.rest_client [req-3b0d55be-b6d2-42c6-a730-d50bbc24810c req-3b0d55be-b6d2-42c6-a730-d50bbc24810c ] Request (ServersTestMultiNic:_run_cleanups): 204 DELETE http://10.180.1.21/compute/v2.1/servers/ff0c5b7d-6f4b-43f9-9960-b2d394483594 1.075s
2025-12-09 03:48:17.191 65440 INFO tempest.lib.common.rest_client [req-2d7b63b3-e630-4284-b9d6-20738630864f req-2d7b63b3-e630-4284-b9d6-20738630864f ] Request (ValidationResourcesFixture:setUp): 201 POST http://10.180.1.21/networking/v2.0/floatingips 0.563s
2025-12-09 03:48:17.220 65465 INFO tempest.lib.common.rest_client [req-ae524aa9-640d-4b32-8925-a0c94cff8775 req-ae524aa9-640d-4b32-8925-a0c94cff8775 ] Request (ServersNegativeTestMultiTenantJSON:tearDownClass): 200 GET http://10.180.1.21/compute/v2.1/servers/a462be20-8242-4bc9-b711-cd1227d036ac 1.206s
2025-12-09 03:48:17.245 65440 INFO tempest.lib.common.rest_client [req-96ef84e1-e505-4746-8b4b-99e9a59eb859 req-96ef84e1-e505-4746-8b4b-99e9a59eb859 ] Request (AttachInterfacesTestJSON:test_create_list_show_delete_interfaces_by_fixed_ip): 201 POST http://10.180.1.21/identity/v3/auth/tokens 0.049s
2025-12-09 03:48:17.245 65440 INFO tempest.lib.common.fixed_network [-] (AttachInterfacesTestJSON:test_create_list_show_delete_interfaces_by_fixed_ip) Found network {'id': '3ca23136-90e0-4af3-81f3-a6275008ab89', 'name': 'tempest-AttachInterfacesTestJSON-328477108-network', 'tenant_id': '2f3d431fd3a041e3a26a4085f729f634', 'project_id': '2f3d431fd3a041e3a26a4085f729f634', 'admin_state_up': True, 'mtu': 8950, 'status': 'ACTIVE', 'subnets': [], 'shared': False, 'port_security_enabled': True, 'router:external': False, 'provider:network_type': 'vlan', 'provider:physical_network': 'default', 'provider:segmentation_id': 731, 'availability_zone_hints': [], 'availability_zones': [], 'ipv4_address_scope': None, 'ipv6_address_scope': None, 'description': '', 'tags': [], 'created_at': '2025-12-09T03:48:11Z', 'updated_at': '2025-12-09T03:48:11Z', 'revision_number': 1} available for tenant
2025-12-09 03:48:17.245 65468 INFO tempest.lib.common.rest_client [req-b8823a5b-f0a1-4fc8-a220-0d02b63fd6be req-b8823a5b-f0a1-4fc8-a220-0d02b63fd6be ] Request (DeleteServersTestJSON:test_delete_server_while_in_attached_volume): 200 GET http://10.180.1.21/compute/v2.1/servers/2144a7c9-fa09-4dad-b9c0-efece13c8374 1.141s
2025-12-09 03:48:17.259 65426 INFO tempest.lib.common.rest_client [req-20fd7b84-b107-445d-b1d1-bc8b0ec48740 req-20fd7b84-b107-445d-b1d1-bc8b0ec48740 ] Request (FlavorsAdminTestJSON:test_list_public_flavor_with_other_user): 200 GET http://10.180.1.21/compute/v2.1/flavors/detail 1.083s
2025-12-09 03:48:17.436 65420 INFO tempest.lib.common.rest_client [req-460749a3-9c3c-485a-bd11-0fb05942e6ea req-460749a3-9c3c-485a-bd11-0fb05942e6ea ] Request (ListImageFiltersTestJSON:setUpClass): 200 GET http://10.180.1.21/compute/v2.1/servers/df1ced50-4706-4514-8268-bed82480f9c7 1.195s
2025-12-09 03:48:17.502 65444 INFO tempest.lib.common.rest_client [req-2af9e0a2-6854-4e21-b6c4-d7ab9ea0bdec req-2af9e0a2-6854-4e21-b6c4-d7ab9ea0bdec ] Request (ServerRescueNegativeTestJSON:setUpClass): 200 GET http://10.180.1.21/compute/v2.1/servers/d1f2e702-147c-4aec-88a6-3b8129488973 1.250s
2025-12-09 03:48:17.525 65460 INFO tempest.lib.common.rest_client [req-dbab11de-280f-42df-8cde-8059cb712167 req-dbab11de-280f-42df-8cde-8059cb712167 ] Request (FlavorsV255TestJSON:test_crud_flavor): 200 PUT http://10.180.1.21/compute/v2.1/flavors/839802525 1.249s
2025-12-09 03:48:17.609 65480 INFO tempest.lib.common.rest_client [req-04d7fae7-44a5-43da-a700-27015527f1e5 req-04d7fae7-44a5-43da-a700-27015527f1e5 ] Request (ServersTestJSON:setUpClass): 200 GET http://10.180.1.21/compute/v2.1/servers/6176ef8b-a5f3-498d-8d1d-586848af6e2c 1.309s
2025-12-09 03:48:17.646 65466 INFO tempest.lib.common.rest_client [req-57f327a3-6c50-4366-9778-888a72bd9f10 req-57f327a3-6c50-4366-9778-888a72bd9f10 ] Request (MigrationsAdminTest:test_resize_server_revert_deleted_flavor): 202 POST http://10.180.1.21/compute/v2.1/servers 1.396s
2025-12-09 03:48:17.740 65436 INFO tempest.lib.common.rest_client [req-6a934b29-c94b-48c1-8d2c-e997e9ef1f0d req-6a934b29-c94b-48c1-8d2c-e997e9ef1f0d ] Request (SecurityGroupRulesNegativeTestJSON:test_create_security_group_rule_with_invalid_ip_protocol): 200 POST http://10.180.1.21/compute/v2.1/os-security-groups 1.427s
2025-12-09 03:48:17.801 65430 INFO tempest.lib.common.rest_client [req-9af13ec4-0c10-48b0-b5fa-316537c6617d req-9af13ec4-0c10-48b0-b5fa-316537c6617d ] Request (ServersAdminNegativeTestJSON:test_migrate_server_invalid_state): 200 GET http://10.180.1.21/compute/v2.1/servers/9475d772-f9c9-4207-952b-100ba068dac9 1.483s
2025-12-09 03:48:17.846 65462 INFO tempest.lib.common.rest_client [req-73301580-bcd1-425f-ac95-6a22675a1af0 req-73301580-bcd1-425f-ac95-6a22675a1af0 ] Request (ServerMetadataTestJSON:test_update_server_metadata): 200 GET http://10.180.1.21/compute/v2.1/servers/b7ac9365-02c8-446b-ac43-1147311918ca/metadata 1.426s
2025-12-09 03:48:17.897 65418 INFO tempest.lib.common.rest_client [req-433b7354-8323-4570-9e94-dd32aaf7a656 req-433b7354-8323-4570-9e94-dd32aaf7a656 ] Request (ServerActionsTestOtherB:test_create_backup): 200 GET http://10.180.1.21/image/v2/images/b8e0d0b9-3fba-4e5e-ab14-776a762891a2 0.021s
2025-12-09 03:48:17.925 65478 INFO tempest.lib.common.rest_client [req-c51865a1-6d10-4af7-be06-f71fd346f2bb req-c51865a1-6d10-4af7-be06-f71fd346f2bb ] Request (FloatingIPsAssociationTestJSON:tearDownClass): 200 GET http://10.180.1.21/compute/v2.1/servers/bf06024c-8a26-4c99-a3d3-9de2f601bfb6 1.509s
2025-12-09 03:48:18.691 65432 INFO tempest.lib.common.rest_client [req-dc2299e1-f512-4977-b2d0-46412128a464 req-dc2299e1-f512-4977-b2d0-46412128a464 ] Request (ServerDiagnosticsTest:test_get_server_diagnostics): 200 GET http://10.180.1.21/compute/v2.1/servers/87b82af3-d0ee-45b1-888d-a69ffa266cff 2.177s
2025-12-09 03:48:18.704 65458 INFO tempest.lib.common.rest_client [req-542044dd-5580-48c1-85b6-1a2b6b54f847 req-542044dd-5580-48c1-85b6-1a2b6b54f847 ] Request (SecurityGroupsTestJSON:test_list_security_groups_by_server): 200 GET http://10.180.1.21/compute/v2.1/servers/85392aca-80bd-46ce-b21d-4cb5761174e8 2.258s
2025-12-09 03:48:18.800 65448 INFO tempest.lib.common.rest_client [req-a4e21ccc-6cab-4688-b800-541dbcf748f2 req-a4e21ccc-6cab-4688-b800-541dbcf748f2 ] Request (ServersAaction247Test:tearDownClass): 200 GET http://10.180.1.21/compute/v2.1/servers/d9daea26-6557-4187-b9e1-b0ea11b3ed8c 1.974s
2025-12-09 03:48:18.911 65424 INFO tempest.lib.common.rest_client [req-dd3c5578-c42e-481b-bca3-af338ab636af req-dd3c5578-c42e-481b-bca3-af338ab636af ] Request (ServersAdminTestJSON:test_inject_network_info): 200 GET http://10.180.1.21/compute/v2.1/servers/d7316cd3-4b6d-43db-86d6-25b472a2d2f3 2.056s
2025-12-09 03:48:18.921 65418 INFO tempest.lib.common.rest_client [req-54eee9a9-12bf-4a52-9b51-c7b99c523551 req-54eee9a9-12bf-4a52-9b51-c7b99c523551 ] Request (ServerActionsTestOtherB:test_create_backup): 200 GET http://10.180.1.21/image/v2/images/b8e0d0b9-3fba-4e5e-ab14-776a762891a2 0.021s
2025-12-09 03:48:18.969 65438 INFO tempest.lib.common.rest_client [req-1a2a886e-5768-4f0e-8cd5-5c510a68d73d req-1a2a886e-5768-4f0e-8cd5-5c510a68d73d ] Request (ServerRescueTestJSON:setUpClass): 200 GET http://10.180.1.21/compute/v2.1/servers/26e16a48-ef2e-45d7-9919-5041f0184275 2.000s
2025-12-09 03:48:18.977 65438 INFO tempest.common.waiters [-] State transition "BUILD/scheduling" ==> "BUILD/None" after 13 second wait
2025-12-09 03:48:19.088 65454 INFO tempest.lib.common.rest_client [req-3d8d18b0-298a-4b5a-9ae0-b6961ee63470 req-3d8d18b0-298a-4b5a-9ae0-b6961ee63470 ] Request (ServerDiskConfigTestJSON:test_rebuild_server_with_manual_disk_config): 200 GET http://10.180.1.21/compute/v2.1/servers/1cf523cd-8d31-4cd6-b88d-985e48cee3d8 2.095s
2025-12-09 03:48:19.096 65454 INFO tempest.common.waiters [-] State transition "BUILD/spawning" ==> "ACTIVE/None" after 53 second wait
2025-12-09 03:48:19.294 65434 INFO tempest.lib.common.rest_client [req-387ca5d4-a084-4e07-bd9c-79790143b28c req-387ca5d4-a084-4e07-bd9c-79790143b28c ] Request (ServersTestMultiNic:_run_cleanups): 200 GET http://10.180.1.21/compute/v2.1/servers/ff0c5b7d-6f4b-43f9-9960-b2d394483594 2.203s
2025-12-09 03:48:19.449 65474 INFO tempest.lib.common.rest_client [req-83631e7f-fa84-4113-9b3c-47b34c7142e8 req-83631e7f-fa84-4113-9b3c-47b34c7142e8 ] Request (ServerActionsV293TestJSON:setUpClass): 200 GET http://10.180.1.21/compute/v2.1/servers/85492d6d-3c76-419b-ba24-d068e42f4ade 2.277s
2025-12-09 03:48:19.464 65474 INFO tempest.common.waiters [-] State transition "BUILD/spawning" ==> "ACTIVE/None" after 53 second wait
