2025-12-09 03:46:58.892 65478 INFO tempest.lib.common.fixed_network [-] (FloatingIPsAssociationTestJSON:test_associate_already_associated_floating_ip) Found network {'id': '299b6b2f-cb8f-491a-b16b-6f5eed102e46', 'name': 'tempest-FloatingIPsAssociationTestJSON-695304256-network', 'tenant_id': 'e2533bc0bd6749caa870d232b8e61ecb', 'project_id': 'e2533bc0bd6749caa870d232b8e61ecb', 'admin_state_up': True, 'mtu': 8950, 'status': 'ACTIVE', 'subnets': [], 'shared': False, 'port_security_enabled': True, 'router:external': False, 'provider:network_type': 'vlan', 'provider:physical_network': 'default', 'provider:segmentation_id': 14, 'availability_zone_hints': [], 'availability_zones': [], 'ipv4_address_scope': None, 'ipv6_address_scope': None, 'description': '', 'tags': [], 'created_at': '2025-12-09T03:46:16Z', 'updated_at': '2025-12-09T03:46:16Z', 'revision_number': 1} available for tenant
2025-12-09 03:46:58.900 65430 INFO tempest.lib.common.rest_client [req-ca30a686-b741-4fd1-9e29-7157ad4d841d req-ca30a686-b741-4fd1-9e29-7157ad4d841d ] Request (ServersAdminNegativeTestJSON:setUpClass): 201 POST http://10.180.1.21/identity/v3/projects 0.067s
2025-12-09 03:46:58.915 65476 INFO tempest.lib.common.rest_client [req-a2e5a3e3-0a45-42cc-a175-21d2d6752bdc req-a2e5a3e3-0a45-42cc-a175-21d2d6752bdc ] Request (FloatingIPDetailsTestJSON:tearDownClass): 204 DELETE http://10.180.1.21/networking/v2.0/routers/ed991110-f0d1-4d7d-bc30-f05b588483b8 0.771s
2025-12-09 03:46:59.020 65436 INFO tempest.lib.common.rest_client [req-59f28a42-49bd-41cc-b05b-ad20a85fe2c4 req-59f28a42-49bd-41cc-b05b-ad20a85fe2c4 ] Request (SecurityGroupRulesTestJSON:test_security_group_rules_create_with_optional_cidr): 200 POST http://10.180.1.21/compute/v2.1/os-security-group-rules 3.067s
2025-12-09 03:46:59.049 65430 INFO tempest.lib.common.rest_client [req-471b69ad-af82-494f-8ba5-e490432026cc req-471b69ad-af82-494f-8ba5-e490432026cc ] Request (ServersAdminNegativeTestJSON:setUpClass): 201 POST http://10.180.1.21/identity/v3/users 0.146s
2025-12-09 03:46:59.081 65430 INFO tempest.lib.common.rest_client [req-9dfc64a7-c391-419e-a3b1-3539ffeff90f req-9dfc64a7-c391-419e-a3b1-3539ffeff90f ] Request (ServersAdminNegativeTestJSON:setUpClass): 200 GET http://10.180.1.21/identity/v3/roles 0.032s
2025-12-09 03:46:59.095 65446 INFO tempest.lib.common.rest_client [req-edff697f-58fa-4469-b817-b39d4180072d req-edff697f-58fa-4469-b817-b39d4180072d ] Request (ServersV294TestFqdnHostnames:setUpClass): 201 POST http://10.180.1.21/compute/v2.1/os-keypairs 3.135s
2025-12-09 03:46:59.138 65430 INFO tempest.lib.common.rest_client [req-8513ce8e-63ef-4592-acda-789b8730e937 req-8513ce8e-63ef-4592-acda-789b8730e937 ] Request (ServersAdminNegativeTestJSON:setUpClass): 204 PUT http://10.180.1.21/identity/v3/projects/21b0986b580c4af391c80490bbdaf6a9/users/02f1cf511ae44b1b9947200525c21863/roles/b8c0c669669d4be4bf2fc9c839d2d575 0.057s
2025-12-09 03:46:59.138 65430 INFO tempest.lib.common.dynamic_creds [-] Dynamic test user 02f1cf511ae44b1b9947200525c21863 is created with scope project and roles: ['member']
2025-12-09 03:46:59.139 65430 INFO tempest.lib.common.dynamic_creds [-] Acquired dynamic creds: credentials: Credentials: {'domain_id': 'default', 'domain_name': 'Default', 'username': 'tempest-ServersAdminNegativeTestJSON-2103935225-project-member', 'project_domain_id': 'default', 'project_domain_name': 'Default', 'project_id': '21b0986b580c4af391c80490bbdaf6a9', 'project_name': 'tempest-ServersAdminNegativeTestJSON-2103935225', 'tenant_id': '21b0986b580c4af391c80490bbdaf6a9', 'tenant_name': 'tempest-ServersAdminNegativeTestJSON-2103935225', 'user_domain_id': 'default', 'user_domain_name': 'Default', 'user_id': '02f1cf511ae44b1b9947200525c21863', 'system': None}, Network: None, Subnet: None, Router: None
2025-12-09 03:46:59.139 65430 INFO tempest.lib.common.dynamic_creds [-] Created isolated network resources for: credentials: Credentials: {'domain_id': 'default', 'domain_name': 'Default', 'username': 'tempest-ServersAdminNegativeTestJSON-2103935225-project-member', 'project_domain_id': 'default', 'project_domain_name': 'Default', 'project_id': '21b0986b580c4af391c80490bbdaf6a9', 'project_name': 'tempest-ServersAdminNegativeTestJSON-2103935225', 'tenant_id': '21b0986b580c4af391c80490bbdaf6a9', 'tenant_name': 'tempest-ServersAdminNegativeTestJSON-2103935225', 'user_domain_id': 'default', 'user_domain_name': 'Default', 'user_id': '02f1cf511ae44b1b9947200525c21863', 'system': None}, Network: None, Subnet: None, Router: None
2025-12-09 03:46:59.236 65458 INFO tempest.lib.common.rest_client [req-5c407359-6db2-43c0-886f-2b274fbe83bf req-5c407359-6db2-43c0-886f-2b274fbe83bf ] Request (FlavorsAccessTestJSON:tearDownClass): 200 GET http://10.180.1.21/networking/v2.0/security-groups?tenant_id=4449e0f98c264b8c83ecee0a4ecfde7d&name=default 0.371s
2025-12-09 03:46:59.242 65476 INFO tempest.lib.common.rest_client [req-662ffc1f-17d3-4583-a9b4-dae9d663bff1 req-662ffc1f-17d3-4583-a9b4-dae9d663bff1 ] Request (FloatingIPDetailsTestJSON:tearDownClass): 204 DELETE http://10.180.1.21/networking/v2.0/subnets/a815305f-f4a6-4856-8430-173c517e247e 0.327s
2025-12-09 03:46:59.256 65432 INFO tempest.lib.common.rest_client [req-0d87cfa1-ec31-493f-a7dc-8899ab3c2312 req-0d87cfa1-ec31-493f-a7dc-8899ab3c2312 ] Request (QuotasAdminTestJSON:test_get_default_quotas): 200 GET http://10.180.1.21/compute/v2.1/os-quota-sets/7febe8fac94b449e895e393f229e96f0/defaults 3.169s
2025-12-09 03:46:59.257 65430 INFO tempest.lib.common.rest_client [req-16bf0bb1-c915-4cf5-9116-bd766f64c145 req-16bf0bb1-c915-4cf5-9116-bd766f64c145 ] Request (ServersAdminNegativeTestJSON:setUpClass): 201 POST http://10.180.1.21/identity/v3/auth/tokens 0.112s
2025-12-09 03:46:59.290 65432 INFO tempest.lib.common.rest_client [req-7b8e0749-4740-4cd1-82e7-4d406d1c7586 req-7b8e0749-4740-4cd1-82e7-4d406d1c7586 ] Request (QuotasAdminTestJSON:test_get_updated_quotas): 200 GET http://10.180.1.21/identity/v3/domains?name=Default 0.027s
2025-12-09 03:46:59.300 65462 INFO tempest.lib.common.rest_client [req-501deb4c-db8a-4ebd-a71b-2ca705e9c3da req-501deb4c-db8a-4ebd-a71b-2ca705e9c3da ] Request (ImagesNegativeTestJSON:tearDownClass): 404 GET http://10.180.1.21/compute/v2.1/servers/8372e116-2973-4879-8cd8-5537be1ee623 3.132s
2025-12-09 03:46:59.320 65426 INFO tempest.lib.common.rest_client [req-60e19918-9961-40d1-ba7b-c85cccc04db4 req-60e19918-9961-40d1-ba7b-c85cccc04db4 ] Request (FlavorsAdminTestJSON:_run_cleanups): 202 DELETE http://10.180.1.21/compute/v2.1/flavors/afb3070c-21e7-4119-a004-4489b9281924 3.127s
2025-12-09 03:46:59.326 65432 INFO tempest.lib.common.rest_client [req-cd3e794b-b436-41c8-9578-90e074a2a07e req-cd3e794b-b436-41c8-9578-90e074a2a07e ] Request (QuotasAdminTestJSON:test_get_updated_quotas): 201 POST http://10.180.1.21/identity/v3/projects 0.035s
2025-12-09 03:46:59.369 65446 INFO tempest.lib.common.rest_client [req-9dbaf1fd-3c85-4820-a714-3ac29a0b5524 req-9dbaf1fd-3c85-4820-a714-3ac29a0b5524 ] Request (ServersV294TestFqdnHostnames:setUpClass): 201 POST http://10.180.1.21/networking/v2.0/security-groups 0.269s
2025-12-09 03:46:59.371 65420 INFO tempest.lib.common.rest_client [req-62956b61-4cd5-4394-8b71-3c436fd8e135 req-62956b61-4cd5-4394-8b71-3c436fd8e135 ] Request (ListImageFiltersTestJSON:setUpClass): 200 GET http://10.180.1.21/compute/v2.1/images/765346e4-9263-4472-b682-4a51dd1b4048 3.155s
2025-12-09 03:46:59.372 65458 INFO tempest.lib.common.rest_client [req-060e970e-829e-4419-a646-a55cf2143db2 req-060e970e-829e-4419-a646-a55cf2143db2 ] Request (FlavorsAccessTestJSON:tearDownClass): 204 DELETE http://10.180.1.21/networking/v2.0/security-groups/0f831365-0a3c-4ef4-b2ca-edd66b49d8d2 0.134s
2025-12-09 03:46:59.406 65432 INFO tempest.lib.common.rest_client [req-f8dd424d-781e-442b-9efc-57e2a8838215 req-f8dd424d-781e-442b-9efc-57e2a8838215 ] Request (QuotasAdminTestJSON:test_get_updated_quotas): 200 GET http://10.180.1.21/identity/v3/domains?name=Default 0.079s
2025-12-09 03:46:59.429 65430 INFO tempest.lib.common.rest_client [req-424019e5-0941-4ca2-b004-3682ae12163c req-424019e5-0941-4ca2-b004-3682ae12163c ] Request (ServersAdminNegativeTestJSON:setUpClass): 201 POST http://10.180.1.21/identity/v3/projects 0.171s
2025-12-09 03:46:59.482 65474 INFO tempest.lib.common.rest_client [req-0df0215e-2ebf-439c-8b2e-22d25a33e87b req-0df0215e-2ebf-439c-8b2e-22d25a33e87b ] Request (ServerActionsV293TestJSON:setUpClass): 200 GET http://10.180.1.21/volume/v3/volumes/9ebeeaf9-9db9-4209-9e27-b69406c0e990 0.043s
2025-12-09 03:46:59.493 65458 INFO tempest.lib.common.rest_client [req-e30595b8-2b8d-4e89-a355-af0734ed47f4 req-e30595b8-2b8d-4e89-a355-af0734ed47f4 ] Request (FlavorsAccessTestJSON:tearDownClass): 204 DELETE http://10.180.1.21/identity/v3/projects/4449e0f98c264b8c83ecee0a4ecfde7d 0.121s
2025-12-09 03:46:59.494 65458 INFO tempest.lib.common.dynamic_creds [-] Deleting project and security group for project: 0552e39ef3e54a6093adb7907808e034
2025-12-09 03:46:59.565 65430 INFO tempest.lib.common.rest_client [req-c8ec5fce-5b5e-47cb-ba01-bc424aa40cd4 req-c8ec5fce-5b5e-47cb-ba01-bc424aa40cd4 ] Request (ServersAdminNegativeTestJSON:setUpClass): 201 POST http://10.180.1.21/identity/v3/users 0.135s
2025-12-09 03:46:59.572 65452 WARNING tempest.lib.common.ssh [-] Failed to establish authenticated ssh connection to cirros@10.180.180.254 ([Errno None] Unable to connect to port 22 on 10.180.180.254). Number attempts: 2. Retry after 3 seconds.: paramiko.ssh_exception.NoValidConnectionsError: [Errno None] Unable to connect to port 22 on 10.180.180.254
2025-12-09 03:46:59.587 65430 INFO tempest.lib.common.rest_client [req-e70fe358-990d-4fff-8b79-80219dc5627c req-e70fe358-990d-4fff-8b79-80219dc5627c ] Request (ServersAdminNegativeTestJSON:setUpClass): 200 GET http://10.180.1.21/identity/v3/roles 0.021s
2025-12-09 03:46:59.631 65430 INFO tempest.lib.common.rest_client [req-f538771c-11e4-4094-84bc-dc0b43c7e465 req-f538771c-11e4-4094-84bc-dc0b43c7e465 ] Request (ServersAdminNegativeTestJSON:setUpClass): 204 PUT http://10.180.1.21/identity/v3/projects/d606757fdffe4ca2a71f7bcc99e0eac6/users/602e8001892c48ea96278c977f02fe49/roles/043686875b1a4b7b801b58d47717c2ba 0.044s
2025-12-09 03:46:59.658 65476 INFO tempest.lib.common.rest_client [req-3beacf3c-9424-426e-970f-dbb2cd68c600 req-3beacf3c-9424-426e-970f-dbb2cd68c600 ] Request (FloatingIPDetailsTestJSON:tearDownClass): 204 DELETE http://10.180.1.21/networking/v2.0/networks/df9bf052-a16f-4c3a-86d6-2fe8b1d73e86 0.415s
2025-12-09 03:46:59.687 65430 INFO tempest.lib.common.rest_client [req-f4d9c24c-b537-490b-8a1f-289ace218138 req-f4d9c24c-b537-490b-8a1f-289ace218138 ] Request (ServersAdminNegativeTestJSON:setUpClass): 200 GET http://10.180.1.21/identity/v3/roles 0.055s
2025-12-09 03:46:59.759 65446 INFO tempest.lib.common.rest_client [req-2470b652-1607-43b1-8aba-06f17be9e61a req-2470b652-1607-43b1-8aba-06f17be9e61a ] Request (ServersV294TestFqdnHostnames:setUpClass): 201 POST http://10.180.1.21/networking/v2.0/security-group-rules 0.389s
2025-12-09 03:46:59.770 65476 INFO tempest.lib.common.rest_client [req-92d42d54-b699-42a6-97fa-d920cbd26a3f req-92d42d54-b699-42a6-97fa-d920cbd26a3f ] Request (FloatingIPDetailsTestJSON:tearDownClass): 204 DELETE http://10.180.1.21/identity/v3/users/75f13dff773d4152aee1e43001e35c11 0.111s
2025-12-09 03:46:59.770 65476 INFO tempest.lib.common.dynamic_creds [-] Deleting project and security group for project: 7c1dba9477bf4008bcab3b302fbb504a
2025-12-09 03:46:59.812 65420 INFO tempest.lib.common.rest_client [req-5494312d-3e65-40e1-90de-ada6502a4aac req-5494312d-3e65-40e1-90de-ada6502a4aac ] Request (ListImageFiltersTestJSON:setUpClass): 201 POST http://10.180.1.21/image/v2/images 0.436s
2025-12-09 03:46:59.859 65430 INFO tempest.lib.common.rest_client [req-6b911c6a-43c4-4a62-945e-4ab7cff95776 req-6b911c6a-43c4-4a62-945e-4ab7cff95776 ] Request (ServersAdminNegativeTestJSON:setUpClass): 204 PUT http://10.180.1.21/identity/v3/projects/d606757fdffe4ca2a71f7bcc99e0eac6/users/602e8001892c48ea96278c977f02fe49/roles/043686875b1a4b7b801b58d47717c2ba 0.171s
2025-12-09 03:46:59.859 65430 INFO tempest.lib.common.dynamic_creds [-] Dynamic test user 602e8001892c48ea96278c977f02fe49 is created with scope project and roles: ['admin']
2025-12-09 03:46:59.860 65430 INFO tempest.lib.common.dynamic_creds [-] Acquired dynamic creds: credentials: Credentials: {'domain_id': 'default', 'domain_name': 'Default', 'username': 'tempest-ServersAdminNegativeTestJSON-1152319600-project-admin', 'project_domain_id': 'default', 'project_domain_name': 'Default', 'project_id': 'd606757fdffe4ca2a71f7bcc99e0eac6', 'project_name': 'tempest-ServersAdminNegativeTestJSON-1152319600', 'tenant_id': 'd606757fdffe4ca2a71f7bcc99e0eac6', 'tenant_name': 'tempest-ServersAdminNegativeTestJSON-1152319600', 'user_domain_id': 'default', 'user_domain_name': 'Default', 'user_id': '602e8001892c48ea96278c977f02fe49', 'system': None}, Network: None, Subnet: None, Router: None
2025-12-09 03:46:59.860 65430 INFO tempest.lib.common.dynamic_creds [-] Created isolated network resources for: credentials: Credentials: {'domain_id': 'default', 'domain_name': 'Default', 'username': 'tempest-ServersAdminNegativeTestJSON-1152319600-project-admin', 'project_domain_id': 'default', 'project_domain_name': 'Default', 'project_id': 'd606757fdffe4ca2a71f7bcc99e0eac6', 'project_name': 'tempest-ServersAdminNegativeTestJSON-1152319600', 'tenant_id': 'd606757fdffe4ca2a71f7bcc99e0eac6', 'tenant_name': 'tempest-ServersAdminNegativeTestJSON-1152319600', 'user_domain_id': 'default', 'user_domain_name': 'Default', 'user_id': '602e8001892c48ea96278c977f02fe49', 'system': None}, Network: None, Subnet: None, Router: None
2025-12-09 03:46:59.934 65430 INFO tempest.lib.common.rest_client [req-87c55fb6-ac61-4986-8ea6-2efb57065de6 req-87c55fb6-ac61-4986-8ea6-2efb57065de6 ] Request (ServersAdminNegativeTestJSON:setUpClass): 201 POST http://10.180.1.21/identity/v3/auth/tokens 0.071s
2025-12-09 03:46:59.934 65430 WARNING tempest.lib.common.rest_client [-] Deprecated: "tenant_id" property is deprecated for removal, use "project_id" instead
2025-12-09 03:46:59.939 65458 INFO tempest.lib.common.rest_client [req-074921d9-2635-4ec4-958e-31f2e2e708be req-074921d9-2635-4ec4-958e-31f2e2e708be ] Request (FlavorsAccessTestJSON:tearDownClass): 200 GET http://10.180.1.21/networking/v2.0/security-groups?tenant_id=0552e39ef3e54a6093adb7907808e034&name=default 0.444s
2025-12-09 03:46:59.994 65430 INFO tempest.lib.common.rest_client [req-0a4b5a7e-43b5-4939-b571-0cc06cf4b00a req-0a4b5a7e-43b5-4939-b571-0cc06cf4b00a ] Request (ServersAdminNegativeTestJSON:setUpClass): 201 POST http://10.180.1.21/identity/v3/auth/tokens 0.055s
2025-12-09 03:46:59.994 65430 INFO tempest.lib.common.fixed_network [-] (ServersAdminNegativeTestJSON:setUpClass) Found network None available for tenant
2025-12-09 03:47:00.019 65446 INFO tempest.lib.common.rest_client [req-a60eb5ed-d0c5-4cfc-a256-d6a9c6872208 req-a60eb5ed-d0c5-4cfc-a256-d6a9c6872208 ] Request (ServersV294TestFqdnHostnames:setUpClass): 201 POST http://10.180.1.21/networking/v2.0/security-group-rules 0.259s
2025-12-09 03:47:00.039 65476 INFO tempest.lib.common.rest_client [req-04e1d2dd-e507-4ce8-92ad-963ca93e8c2b req-04e1d2dd-e507-4ce8-92ad-963ca93e8c2b ] Request (FloatingIPDetailsTestJSON:tearDownClass): 200 GET http://10.180.1.21/networking/v2.0/security-groups?tenant_id=7c1dba9477bf4008bcab3b302fbb504a&name=default 0.269s
2025-12-09 03:47:00.074 65454 INFO tempest.lib.common.rest_client [req-2e89fca0-df53-44c1-9fa4-9177fa86eb32 req-2e89fca0-df53-44c1-9fa4-9177fa86eb32 ] Request (ServerDiskConfigTestJSON:test_rebuild_server_with_auto_disk_config): 200 GET http://10.180.1.21/compute/v2.1/servers/4341cbe5-cedd-4dbf-ae8d-990a324f41ae 3.729s
2025-12-09 03:47:00.169 65458 INFO tempest.lib.common.rest_client [req-9181433f-2e14-4df2-8509-8269f7d008c3 req-9181433f-2e14-4df2-8509-8269f7d008c3 ] Request (FlavorsAccessTestJSON:tearDownClass): 204 DELETE http://10.180.1.21/networking/v2.0/security-groups/bdc2b478-d58a-48a4-8066-fc50e89f5115 0.230s
2025-12-09 03:47:00.174 65462 INFO tempest.lib.common.rest_client [req-b6324987-2676-46fe-9d9b-7170f8001cd8 req-b6324987-2676-46fe-9d9b-7170f8001cd8 ] Request (ImagesNegativeTestJSON:tearDownClass): 200 PUT http://10.180.1.21/networking/v2.0/routers/8017b3f9-7049-46d8-9bf6-9b7b1f45f121/remove_router_interface 0.871s
2025-12-09 03:47:00.276 65476 INFO tempest.lib.common.rest_client [req-15762f69-8261-43bd-b416-4acac3c56e78 req-15762f69-8261-43bd-b416-4acac3c56e78 ] Request (FloatingIPDetailsTestJSON:tearDownClass): 204 DELETE http://10.180.1.21/networking/v2.0/security-groups/7a8c46be-28fc-4c9d-98b1-52c9aa042670 0.236s
2025-12-09 03:47:00.326 65458 INFO tempest.lib.common.rest_client [req-a8530814-a820-4936-8dc5-334f3e9de467 req-a8530814-a820-4936-8dc5-334f3e9de467 ] Request (FlavorsAccessTestJSON:tearDownClass): 204 DELETE http://10.180.1.21/identity/v3/projects/0552e39ef3e54a6093adb7907808e034 0.157s
2025-12-09 03:47:00.362 65458 INFO tempest.lib.common.rest_client [req-8a12de0d-3f69-4084-be99-d93ba6c9bd43 req-8a12de0d-3f69-4084-be99-d93ba6c9bd43 ] Request (FlavorsV2NegativeTest:setUpClass): 201 POST http://10.180.1.21/identity/v3/auth/tokens 0.030s
2025-12-09 03:47:00.426 65476 INFO tempest.lib.common.rest_client [req-be460f5c-0911-4d61-be8e-af698a67a545 req-be460f5c-0911-4d61-be8e-af698a67a545 ] Request (FloatingIPDetailsTestJSON:tearDownClass): 204 DELETE http://10.180.1.21/identity/v3/projects/7c1dba9477bf4008bcab3b302fbb504a 0.149s
2025-12-09 03:47:00.446 65458 INFO tempest.lib.common.rest_client [req-106e077c-bacc-4254-9b1d-5e85d1693b9a req-106e077c-bacc-4254-9b1d-5e85d1693b9a ] Request (FlavorsV2NegativeTest:setUpClass): 201 POST http://10.180.1.21/identity/v3/auth/tokens 0.079s
2025-12-09 03:47:00.462 65476 INFO tempest.lib.common.rest_client [req-9ad50b20-863e-4a07-84f4-18dc0193d990 req-9ad50b20-863e-4a07-84f4-18dc0193d990 ] Request (AttachInterfacesUnderV243Test:setUpClass): 201 POST http://10.180.1.21/identity/v3/auth/tokens 0.034s
2025-12-09 03:47:00.474 65458 INFO tempest.lib.common.rest_client [req-983b4396-29e2-48e4-bf6b-a5897f62e1c4 req-983b4396-29e2-48e4-bf6b-a5897f62e1c4 ] Request (FlavorsV2NegativeTest:setUpClass): 200 GET http://10.180.1.21/identity/v3/domains?name=Default 0.027s
2025-12-09 03:47:00.509 65458 INFO tempest.lib.common.rest_client [req-6c8e82a3-5b21-49c1-b9af-2f6ba53e6266 req-6c8e82a3-5b21-49c1-b9af-2f6ba53e6266 ] Request (FlavorsV2NegativeTest:setUpClass): 201 POST http://10.180.1.21/identity/v3/projects 0.034s
2025-12-09 03:47:00.509 65476 INFO tempest.lib.common.rest_client [req-9c7518ff-4295-47fe-9efe-4ffdbfdeec73 req-9c7518ff-4295-47fe-9efe-4ffdbfdeec73 ] Request (AttachInterfacesUnderV243Test:setUpClass): 201 POST http://10.180.1.21/identity/v3/auth/tokens 0.045s
2025-12-09 03:47:00.528 65474 INFO tempest.lib.common.rest_client [req-29313694-064a-438a-abed-72ac3ae8630a req-29313694-064a-438a-abed-72ac3ae8630a ] Request (ServerActionsV293TestJSON:setUpClass): 200 GET http://10.180.1.21/volume/v3/volumes/9ebeeaf9-9db9-4209-9e27-b69406c0e990 0.035s
2025-12-09 03:47:00.586 65476 INFO tempest.lib.common.rest_client [req-b6503fcf-819c-432d-862b-cffd2257f89b req-b6503fcf-819c-432d-862b-cffd2257f89b ] Request (AttachInterfacesUnderV243Test:setUpClass): 200 GET http://10.180.1.21/identity/v3/domains?name=Default 0.075s
2025-12-09 03:47:00.591 65458 INFO tempest.lib.common.rest_client [req-a6b81618-0b15-4a3b-8faa-68d94c9aef7d req-a6b81618-0b15-4a3b-8faa-68d94c9aef7d ] Request (FlavorsV2NegativeTest:setUpClass): 201 POST http://10.180.1.21/identity/v3/users 0.081s
2025-12-09 03:47:00.614 65458 INFO tempest.lib.common.rest_client [req-837a290c-fb91-44aa-9ba4-65f141d93fc0 req-837a290c-fb91-44aa-9ba4-65f141d93fc0 ] Request (FlavorsV2NegativeTest:setUpClass): 200 GET http://10.180.1.21/identity/v3/roles 0.022s
2025-12-09 03:47:00.637 65476 INFO tempest.lib.common.rest_client [req-d856e9cb-0975-4648-a6d7-92fd27a7eeca req-d856e9cb-0975-4648-a6d7-92fd27a7eeca ] Request (AttachInterfacesUnderV243Test:setUpClass): 201 POST http://10.180.1.21/identity/v3/projects 0.051s
2025-12-09 03:47:00.655 65458 INFO tempest.lib.common.rest_client [req-37e55441-73e1-4c24-abed-17658e3b03b8 req-37e55441-73e1-4c24-abed-17658e3b03b8 ] Request (FlavorsV2NegativeTest:setUpClass): 204 PUT http://10.180.1.21/identity/v3/projects/ad44bb405fb14f0d9104418287a71a8d/users/574304365c634c0fb9a3a3263805a28b/roles/b8c0c669669d4be4bf2fc9c839d2d575 0.040s
2025-12-09 03:47:00.655 65458 INFO tempest.lib.common.dynamic_creds [-] Dynamic test user 574304365c634c0fb9a3a3263805a28b is created with scope project and roles: ['member']
2025-12-09 03:47:00.656 65458 INFO tempest.lib.common.dynamic_creds [-] Acquired dynamic creds: credentials: Credentials: {'domain_id': 'default', 'domain_name': 'Default', 'username': 'tempest-FlavorsV2NegativeTest-766469078-project-member', 'project_domain_id': 'default', 'project_domain_name': 'Default', 'project_id': 'ad44bb405fb14f0d9104418287a71a8d', 'project_name': 'tempest-FlavorsV2NegativeTest-766469078', 'tenant_id': 'ad44bb405fb14f0d9104418287a71a8d', 'tenant_name': 'tempest-FlavorsV2NegativeTest-766469078', 'user_domain_id': 'default', 'user_domain_name': 'Default', 'user_id': '574304365c634c0fb9a3a3263805a28b', 'system': None}, Network: None, Subnet: None, Router: None
2025-12-09 03:47:00.656 65458 INFO tempest.lib.common.dynamic_creds [-] Created isolated network resources for: credentials: Credentials: {'domain_id': 'default', 'domain_name': 'Default', 'username': 'tempest-FlavorsV2NegativeTest-766469078-project-member', 'project_domain_id': 'default', 'project_domain_name': 'Default', 'project_id': 'ad44bb405fb14f0d9104418287a71a8d', 'project_name': 'tempest-FlavorsV2NegativeTest-766469078', 'tenant_id': 'ad44bb405fb14f0d9104418287a71a8d', 'tenant_name': 'tempest-FlavorsV2NegativeTest-766469078', 'user_domain_id': 'default', 'user_domain_name': 'Default', 'user_id': '574304365c634c0fb9a3a3263805a28b', 'system': None}, Network: None, Subnet: None, Router: None
2025-12-09 03:47:00.708 65446 INFO tempest.lib.common.rest_client [req-78465e2b-72a3-4aa5-a64a-5634f1ef80ff req-78465e2b-72a3-4aa5-a64a-5634f1ef80ff ] Request (ServersV294TestFqdnHostnames:setUpClass): 201 POST http://10.180.1.21/networking/v2.0/floatingips 0.688s
2025-12-09 03:47:00.749 65458 INFO tempest.lib.common.rest_client [req-e80e452b-104c-48d6-9326-e964134e458d req-e80e452b-104c-48d6-9326-e964134e458d ] Request (FlavorsV2NegativeTest:setUpClass): 201 POST http://10.180.1.21/identity/v3/auth/tokens 0.090s
2025-12-09 03:47:00.752 65472 INFO tempest.lib.common.rest_client [req-b67082c8-7803-4b85-b687-a96d7585db3d req-b67082c8-7803-4b85-b687-a96d7585db3d ] Request (ImagesOneServerTestJSON:test_create_delete_image): 200 GET http://10.180.1.21/compute/v2.1/servers/5457da64-f471-4ecb-9604-50b437ec8734 4.336s
2025-12-09 03:47:00.768 65476 INFO tempest.lib.common.rest_client [req-1003ef8e-6d8f-4094-ae4d-43a2d6ed70f9 req-1003ef8e-6d8f-4094-ae4d-43a2d6ed70f9 ] Request (AttachInterfacesUnderV243Test:setUpClass): 201 POST http://10.180.1.21/identity/v3/users 0.130s
2025-12-09 03:47:00.789 65456 INFO tempest.lib.common.rest_client [req-fcdcc496-63c9-4e21-90de-e73a3f5e7d0d req-fcdcc496-63c9-4e21-90de-e73a3f5e7d0d ] Request (ServerDiagnosticsV248Test:tearDownClass): 404 GET http://10.180.1.21/compute/v2.1/servers/6845ff3e-be27-41be-b604-db17e3d08b5b 4.261s
2025-12-09 03:47:00.795 65476 INFO tempest.lib.common.rest_client [req-e8002bf4-7854-4148-96be-d3829f6ef066 req-e8002bf4-7854-4148-96be-d3829f6ef066 ] Request (AttachInterfacesUnderV243Test:setUpClass): 200 GET http://10.180.1.21/identity/v3/roles 0.026s
2025-12-09 03:47:00.805 65446 INFO tempest.lib.common.rest_client [req-a3a594ba-3771-4960-b2a9-bcae6c83d269 req-a3a594ba-3771-4960-b2a9-bcae6c83d269 ] Request (ServersV294TestFqdnHostnames:setUpClass): 201 POST http://10.180.1.21/identity/v3/auth/tokens 0.095s
2025-12-09 03:47:00.806 65446 INFO tempest.lib.common.fixed_network [-] (ServersV294TestFqdnHostnames:setUpClass) Found network {'id': '8a4bd229-68ea-44bc-a608-0574b070d45d', 'name': 'tempest-ServersV294TestFqdnHostnames-136019215-network', 'tenant_id': '3f6c68e33f374669b9831fd830e97cc2', 'project_id': '3f6c68e33f374669b9831fd830e97cc2', 'admin_state_up': True, 'mtu': 8950, 'status': 'ACTIVE', 'subnets': [], 'shared': False, 'port_security_enabled': True, 'router:external': False, 'provider:network_type': 'vlan', 'provider:physical_network': 'default', 'provider:segmentation_id': 675, 'availability_zone_hints': [], 'availability_zones': [], 'ipv4_address_scope': None, 'ipv6_address_scope': None, 'description': '', 'tags': [], 'created_at': '2025-12-09T03:46:51Z', 'updated_at': '2025-12-09T03:46:51Z', 'revision_number': 1} available for tenant
2025-12-09 03:47:00.846 65476 INFO tempest.lib.common.rest_client [req-db171911-ca40-4763-b6b6-a77e33276d83 req-db171911-ca40-4763-b6b6-a77e33276d83 ] Request (AttachInterfacesUnderV243Test:setUpClass): 204 PUT http://10.180.1.21/identity/v3/projects/597a7d45d74b4e3b9737e9e32d0fd872/users/0d911b8090e3479b8cedfe4a0964dc59/roles/b8c0c669669d4be4bf2fc9c839d2d575 0.050s
2025-12-09 03:47:00.847 65476 INFO tempest.lib.common.dynamic_creds [-] Dynamic test user 0d911b8090e3479b8cedfe4a0964dc59 is created with scope project and roles: ['member']
2025-12-09 03:47:00.847 65476 INFO tempest.lib.common.dynamic_creds [-] Acquired dynamic creds: credentials: Credentials: {'domain_id': 'default', 'domain_name': 'Default', 'username': 'tempest-AttachInterfacesUnderV243Test-1778452482-project-member', 'project_domain_id': 'default', 'project_domain_name': 'Default', 'project_id': '597a7d45d74b4e3b9737e9e32d0fd872', 'project_name': 'tempest-AttachInterfacesUnderV243Test-1778452482', 'tenant_id': '597a7d45d74b4e3b9737e9e32d0fd872', 'tenant_name': 'tempest-AttachInterfacesUnderV243Test-1778452482', 'user_domain_id': 'default', 'user_domain_name': 'Default', 'user_id': '0d911b8090e3479b8cedfe4a0964dc59', 'system': None}, Network: None, Subnet: None, Router: None
2025-12-09 03:47:00.867 65462 INFO tempest.lib.common.rest_client [req-935d1bfe-f74e-46de-9d38-b6653b52a9ff req-935d1bfe-f74e-46de-9d38-b6653b52a9ff ] Request (ImagesNegativeTestJSON:tearDownClass): 204 DELETE http://10.180.1.21/networking/v2.0/routers/8017b3f9-7049-46d8-9bf6-9b7b1f45f121 0.693s
2025-12-09 03:47:00.909 65456 INFO tempest.lib.common.rest_client [req-e23aa23f-ccb5-499d-92af-9350d0cd5676 req-e23aa23f-ccb5-499d-92af-9350d0cd5676 ] Request (ServerDiagnosticsV248Test:tearDownClass): 204 DELETE http://10.180.1.21/identity/v3/users/612870084daa4faf854b4ef1e90fa95a 0.119s
2025-12-09 03:47:00.969 65476 INFO tempest.lib.common.rest_client [req-94d7ceff-8eb4-4069-bd6c-918282c60f65 req-94d7ceff-8eb4-4069-bd6c-918282c60f65 ] Request (AttachInterfacesUnderV243Test:setUpClass): 201 POST http://10.180.1.21/identity/v3/auth/tokens 0.121s
2025-12-09 03:47:00.980 65428 INFO tempest.lib.common.rest_client [req-47e63c6c-9ba8-48b6-9c3c-8bfb614d8dd7 req-47e63c6c-9ba8-48b6-9c3c-8bfb614d8dd7 ] Request (ServersTestBootFromVolume:setUpClass): 200 GET http://10.180.1.21/compute/v2.1/servers/1b3db09d-60a4-4d93-8e35-bb0bcb4770f3 4.429s
2025-12-09 03:47:01.004 65462 INFO tempest.lib.common.rest_client [req-9f5ee067-39a3-452e-b840-17f59f0f11ef req-9f5ee067-39a3-452e-b840-17f59f0f11ef ] Request (ImagesNegativeTestJSON:tearDownClass): 204 DELETE http://10.180.1.21/networking/v2.0/subnets/cb5d7b27-5b19-4512-bf98-e91d890a4195 0.137s
2025-12-09 03:47:01.056 65456 INFO tempest.lib.common.rest_client [req-faaeee83-af99-432e-8a17-209614f99361 req-faaeee83-af99-432e-8a17-209614f99361 ] Request (ServerDiagnosticsV248Test:tearDownClass): 204 DELETE http://10.180.1.21/identity/v3/users/53e82d64ad334a07a6d1d60e3d32e188 0.146s
2025-12-09 03:47:01.056 65456 INFO tempest.lib.common.dynamic_creds [-] Deleting project and security group for project: 4bd1642f662e4303a0a0582d9cb8d439
2025-12-09 03:47:01.167 65456 INFO tempest.lib.common.rest_client [req-5e5ffcfe-dc0d-47e1-923a-f70b1a5a3c09 req-5e5ffcfe-dc0d-47e1-923a-f70b1a5a3c09 ] Request (ServerDiagnosticsV248Test:tearDownClass): 201 POST http://10.180.1.21/identity/v3/auth/tokens 0.111s
2025-12-09 03:47:01.363 65462 INFO tempest.lib.common.rest_client [req-8a8b7527-983b-4d57-a890-2dd63d2aeecc req-8a8b7527-983b-4d57-a890-2dd63d2aeecc ] Request (ImagesNegativeTestJSON:tearDownClass): 204 DELETE http://10.180.1.21/networking/v2.0/networks/649bd4c3-1e8e-4164-b810-09b554f63e81 0.358s
2025-12-09 03:47:01.396 65434 INFO tempest.lib.common.rest_client [req-4aed61cd-3418-4eb0-9800-8509efdb5494 req-4aed61cd-3418-4eb0-9800-8509efdb5494 ] Request (ServersTestMultiNic:_run_cleanups): 200 GET http://10.180.1.21/compute/v2.1/servers/334844ad-1cb9-4917-9ca4-67face46946c 4.795s
2025-12-09 03:47:01.408 65434 INFO tempest.common.waiters [-] State transition "ACTIVE/deleting" ==> "DELETED/None" after 6 second wait
2025-12-09 03:47:01.518 65476 INFO tempest.lib.common.rest_client [req-e1320695-cb76-4680-a8f2-3d28cc546833 req-e1320695-cb76-4680-a8f2-3d28cc546833 ] Request (AttachInterfacesUnderV243Test:setUpClass): 201 POST http://10.180.1.21/networking/v2.0/networks 0.549s
2025-12-09 03:47:01.566 65468 INFO tempest.lib.common.rest_client [req-36e08c0a-83c0-49ac-91bd-25610dbfad92 req-36e08c0a-83c0-49ac-91bd-25610dbfad92 ] Request (DeleteServersTestJSON:test_delete_active_server): 200 GET http://10.180.1.21/compute/v2.1/servers/0fc015f7-6b30-481a-adc9-07ee8bc27994 4.783s
2025-12-09 03:47:01.585 65474 INFO tempest.lib.common.rest_client [req-42c2df97-3a65-4c18-b4e0-b6653b215a93 req-42c2df97-3a65-4c18-b4e0-b6653b215a93 ] Request (ServerActionsV293TestJSON:setUpClass): 200 GET http://10.180.1.21/volume/v3/volumes/9ebeeaf9-9db9-4209-9e27-b69406c0e990 0.049s
2025-12-09 03:47:01.591 65462 INFO tempest.lib.common.rest_client [req-2c669c9e-da73-4a9d-9bf2-122803132937 req-2c669c9e-da73-4a9d-9bf2-122803132937 ] Request (ImagesNegativeTestJSON:tearDownClass): 204 DELETE http://10.180.1.21/identity/v3/users/072252b1f93b45bfbdd72836491207c3 0.227s
2025-12-09 03:47:01.591 65462 INFO tempest.lib.common.dynamic_creds [-] Deleting project and security group for project: 8de2404ee2db4a629531c604c2cd0762
2025-12-09 03:47:01.631 65456 INFO tempest.lib.common.rest_client [req-1c139cc0-c051-488b-80cf-23a63baf151d req-1c139cc0-c051-488b-80cf-23a63baf151d ] Request (ServerDiagnosticsV248Test:tearDownClass): 200 GET http://10.180.1.21/networking/v2.0/security-groups?tenant_id=4bd1642f662e4303a0a0582d9cb8d439&name=default 0.464s
2025-12-09 03:47:01.657 65462 INFO tempest.lib.common.rest_client [req-9ed761c4-dba8-4a3f-a6db-2a04a02651fd req-9ed761c4-dba8-4a3f-a6db-2a04a02651fd ] Request (ImagesNegativeTestJSON:tearDownClass): 200 GET http://10.180.1.21/networking/v2.0/security-groups?tenant_id=8de2404ee2db4a629531c604c2cd0762&name=default 0.065s
2025-12-09 03:47:01.757 65476 INFO tempest.lib.common.rest_client [req-7132b3de-f28c-4928-8b38-36f318de9108 req-7132b3de-f28c-4928-8b38-36f318de9108 ] Request (AttachInterfacesUnderV243Test:setUpClass): 201 POST http://10.180.1.21/networking/v2.0/subnets 0.237s
2025-12-09 03:47:01.811 65456 INFO tempest.lib.common.rest_client [req-2bc56885-8394-4e7c-86db-c6021df9f927 req-2bc56885-8394-4e7c-86db-c6021df9f927 ] Request (ServerDiagnosticsV248Test:tearDownClass): 204 DELETE http://10.180.1.21/networking/v2.0/security-groups/7dd3343f-51d7-4b24-8923-647073d13e55 0.180s
2025-12-09 03:47:01.815 65420 INFO tempest.lib.common.rest_client [req-6b079a06-6c08-4230-bdc2-3e809dd008ba req-6b079a06-6c08-4230-bdc2-3e809dd008ba ] Request (ListImageFiltersTestJSON:setUpClass): 204 PUT http://10.180.1.21/image/v2/images/2140b298-16b3-414a-84ea-8abda54c977b/file 1.002s
2025-12-09 03:47:01.846 65462 INFO tempest.lib.common.rest_client [req-615e355a-c19c-456d-9ed7-35b5549c8cd9 req-615e355a-c19c-456d-9ed7-35b5549c8cd9 ] Request (ImagesNegativeTestJSON:tearDownClass): 204 DELETE http://10.180.1.21/networking/v2.0/security-groups/4d792878-6d10-49dd-b190-04454883a85e 0.188s
2025-12-09 03:47:01.847 65466 INFO tempest.lib.common.rest_client [req-7fb81464-fd60-4843-8a84-46c22257026c req-7fb81464-fd60-4843-8a84-46c22257026c ] Request (MigrationsAdminTest:test_list_migrations_in_flavor_resize_situation): 200 GET http://10.180.1.21/compute/v2.1/servers/541bc7da-fe78-468c-9e5d-020385733cfc 4.935s
2025-12-09 03:47:01.955 65456 INFO tempest.lib.common.rest_client [req-e5e4f6a8-0da3-4fb7-a2fb-4804a9a5d6f5 req-e5e4f6a8-0da3-4fb7-a2fb-4804a9a5d6f5 ] Request (ServerDiagnosticsV248Test:tearDownClass): 204 DELETE http://10.180.1.21/identity/v3/projects/4bd1642f662e4303a0a0582d9cb8d439 0.143s
2025-12-09 03:47:01.955 65456 INFO tempest.lib.common.dynamic_creds [-] Deleting project and security group for project: 72d3d4bd9a1f4270aaf66a57e1b1f142
2025-12-09 03:47:01.971 65462 INFO tempest.lib.common.rest_client [req-33105572-8e6a-4d30-b638-63d85d3df00a req-33105572-8e6a-4d30-b638-63d85d3df00a ] Request (ImagesNegativeTestJSON:tearDownClass): 204 DELETE http://10.180.1.21/identity/v3/projects/8de2404ee2db4a629531c604c2cd0762 0.125s
2025-12-09 03:47:02.070 65462 INFO tempest.lib.common.rest_client [req-69827767-15a0-4304-a428-3957748d3754 req-69827767-15a0-4304-a428-3957748d3754 ] Request (ServerMetadataTestJSON:setUpClass): 201 POST http://10.180.1.21/identity/v3/auth/tokens 0.097s
2025-12-09 03:47:02.115 65480 INFO tempest.lib.common.rest_client [req-afd7d6c3-d810-4e75-bf37-e8342f6b582a req-afd7d6c3-d810-4e75-bf37-e8342f6b582a ] Request (ImagesMetadataTestJSON:setUp): 200 PUT http://10.180.1.21/compute/v2.1/images/e63e4c9e-c978-4050-8896-8bed39237984/metadata 4.996s
2025-12-09 03:47:02.118 65462 INFO tempest.lib.common.rest_client [req-81b1e4e1-1d9b-4f1a-aa05-d950839af422 req-81b1e4e1-1d9b-4f1a-aa05-d950839af422 ] Request (ServerMetadataTestJSON:setUpClass): 201 POST http://10.180.1.21/identity/v3/auth/tokens 0.043s
2025-12-09 03:47:02.122 65456 INFO tempest.lib.common.rest_client [req-d49b64c3-d5b8-4a18-bc43-5bf533623a6e req-d49b64c3-d5b8-4a18-bc43-5bf533623a6e ] Request (ServerDiagnosticsV248Test:tearDownClass): 200 GET http://10.180.1.21/networking/v2.0/security-groups?tenant_id=72d3d4bd9a1f4270aaf66a57e1b1f142&name=default 0.167s
2025-12-09 03:47:02.150 65462 INFO tempest.lib.common.rest_client [req-40023590-49fe-4920-9145-1d5081d9f32d req-40023590-49fe-4920-9145-1d5081d9f32d ] Request (ServerMetadataTestJSON:setUpClass): 200 GET http://10.180.1.21/identity/v3/domains?name=Default 0.031s
2025-12-09 03:47:02.151 65444 INFO tempest.lib.common.rest_client [req-1d09a967-4b65-4b11-b94c-9f80d5389f0b req-1d09a967-4b65-4b11-b94c-9f80d5389f0b ] Request (AttachInterfacesV270Test:test_create_get_list_interfaces): 400 POST http://10.180.1.21/compute/v2.1/servers/ec35a596-80dc-4878-a6ed-331b12a53c2c/os-interface 5.996s
2025-12-09 03:47:02.159 65440 INFO tempest.lib.common.rest_client [req-6fbf940d-1be6-4624-b33c-83e5f3eabd4d req-6fbf940d-1be6-4624-b33c-83e5f3eabd4d ] Request (AggregatesAdminNegativeTestJSON:test_aggregate_create_aggregate_name_length_exceeds_255): 400 POST http://10.180.1.21/compute/v2.1/os-aggregates 5.004s
2025-12-09 03:47:02.187 65462 INFO tempest.lib.common.rest_client [req-33f9289d-d40f-4357-9965-f81c53993e61 req-33f9289d-d40f-4357-9965-f81c53993e61 ] Request (ServerMetadataTestJSON:setUpClass): 201 POST http://10.180.1.21/identity/v3/projects 0.036s
2025-12-09 03:47:02.257 65456 INFO tempest.lib.common.rest_client [req-112f26af-a468-4b5f-9023-260a0efbe5f9 req-112f26af-a468-4b5f-9023-260a0efbe5f9 ] Request (ServerDiagnosticsV248Test:tearDownClass): 204 DELETE http://10.180.1.21/networking/v2.0/security-groups/5b0f8383-41ee-41d1-ba86-5e81b253d856 0.134s
2025-12-09 03:47:02.281 65462 INFO tempest.lib.common.rest_client [req-3a4fc1bd-4e92-42d1-9eee-637c4d41f119 req-3a4fc1bd-4e92-42d1-9eee-637c4d41f119 ] Request (ServerMetadataTestJSON:setUpClass): 201 POST http://10.180.1.21/identity/v3/users 0.093s
2025-12-09 03:47:02.291 65442 INFO tempest.lib.common.rest_client [req-4ae1b6d0-f1b6-4092-8540-c2ab8ae45044 req-4ae1b6d0-f1b6-4092-8540-c2ab8ae45044 ] Request (TenantUsagesTestJSON:test_get_usage_tenant): 200 GET http://10.180.1.21/compute/v2.1/os-simple-tenant-usage/f7d81a54b872410aa546e448a3a2a083?start=2025-12-08T03%3A46%3A57.123350&end=2025-12-10T03%3A46%3A57.123350 5.167s
2025-12-09 03:47:02.310 65462 INFO tempest.lib.common.rest_client [req-3e743196-905b-4726-be1e-269358662aff req-3e743196-905b-4726-be1e-269358662aff ] Request (ServerMetadataTestJSON:setUpClass): 200 GET http://10.180.1.21/identity/v3/roles 0.029s
2025-12-09 03:47:02.357 65456 INFO tempest.lib.common.rest_client [req-be286117-3ad5-4dfc-9f00-f53c0f78e93a req-be286117-3ad5-4dfc-9f00-f53c0f78e93a ] Request (ServerDiagnosticsV248Test:tearDownClass): 204 DELETE http://10.180.1.21/identity/v3/projects/72d3d4bd9a1f4270aaf66a57e1b1f142 0.099s
2025-12-09 03:47:02.391 65462 INFO tempest.lib.common.rest_client [req-75d579d3-e97d-43bc-b4ef-a6e530874202 req-75d579d3-e97d-43bc-b4ef-a6e530874202 ] Request (ServerMetadataTestJSON:setUpClass): 204 PUT http://10.180.1.21/identity/v3/projects/a1bb22993bd342bbbe7b9421ac016f55/users/6a41f9a49f114461bfd4421642d093d0/roles/b8c0c669669d4be4bf2fc9c839d2d575 0.080s
2025-12-09 03:47:02.391 65462 INFO tempest.lib.common.dynamic_creds [-] Dynamic test user 6a41f9a49f114461bfd4421642d093d0 is created with scope project and roles: ['member']
2025-12-09 03:47:02.392 65462 INFO tempest.lib.common.dynamic_creds [-] Acquired dynamic creds: credentials: Credentials: {'domain_id': 'default', 'domain_name': 'Default', 'username': 'tempest-ServerMetadataTestJSON-608595898-project-member', 'project_domain_id': 'default', 'project_domain_name': 'Default', 'project_id': 'a1bb22993bd342bbbe7b9421ac016f55', 'project_name': 'tempest-ServerMetadataTestJSON-608595898', 'tenant_id': 'a1bb22993bd342bbbe7b9421ac016f55', 'tenant_name': 'tempest-ServerMetadataTestJSON-608595898', 'user_domain_id': 'default', 'user_domain_name': 'Default', 'user_id': '6a41f9a49f114461bfd4421642d093d0', 'system': None}, Network: None, Subnet: None, Router: None
2025-12-09 03:47:02.399 65460 INFO tempest.lib.common.rest_client [req-3f6be225-2502-4e6c-a273-7a01e7d486b1 req-3f6be225-2502-4e6c-a273-7a01e7d486b1 ] Request (DeleteServersAdminTestJSON:test_delete_server_while_in_error_state): 200 GET http://10.180.1.21/compute/v2.1/servers/dd0d9c00-1a1b-432f-9269-3fee5b925aad 5.116s
2025-12-09 03:47:02.428 65450 INFO tempest.lib.common.rest_client [req-3f50aeed-a840-4313-b343-00454b041926 req-3f50aeed-a840-4313-b343-00454b041926 ] Request (ServerExternalEventsTest:tearDownClass): 404 GET http://10.180.1.21/compute/v2.1/servers/6439d5e4-e5cb-46db-b3e4-9311878509e5 5.063s
2025-12-09 03:47:02.431 65418 INFO tempest.lib.common.rest_client [req-f288179a-c4b3-4eb8-87d0-75dd7b13d7d7 req-f288179a-c4b3-4eb8-87d0-75dd7b13d7d7 ] Request (ServerActionsTestOtherB:setUpClass): 200 GET http://10.180.1.21/compute/v2.1/servers/52695f26-0a55-43cd-b800-5ef399ffa53d 5.273s
2025-12-09 03:47:02.454 65456 INFO tempest.lib.common.rest_client [req-f0c909df-39f2-48c0-b93e-39f583c98b4b req-f0c909df-39f2-48c0-b93e-39f583c98b4b ] Request (ImagesTestJSON:setUpClass): 201 POST http://10.180.1.21/identity/v3/auth/tokens 0.095s
2025-12-09 03:47:02.459 65422 INFO tempest.lib.common.rest_client [req-ca885818-6239-46ea-a5a3-846b361dd2fe req-ca885818-6239-46ea-a5a3-846b361dd2fe ] Request (FlavorsAccessNegativeTestJSON:_run_cleanups): 200 GET http://10.180.1.21/compute/v2.1/flavors/detail 4.972s
2025-12-09 03:47:02.463 65462 INFO tempest.lib.common.rest_client [req-5520980e-9e5f-474a-9c7e-63a809eee7fc req-5520980e-9e5f-474a-9c7e-63a809eee7fc ] Request (ServerMetadataTestJSON:setUpClass): 201 POST http://10.180.1.21/identity/v3/auth/tokens 0.071s
2025-12-09 03:47:02.475 65438 INFO tempest.lib.common.rest_client [req-6f34b75f-9b2f-494b-82b7-a3d859a2debc req-6f34b75f-9b2f-494b-82b7-a3d859a2debc ] Request (FlavorsExtraSpecsNegativeTestJSON:test_flavor_non_admin_unset_keys): 403 DELETE http://10.180.1.21/compute/v2.1/flavors/1056209082/os-extra_specs/hw:numa_nodes 4.095s
2025-12-09 03:47:02.491 65456 INFO tempest.lib.common.rest_client [req-b812d86b-5813-432e-9862-9fa0c1bde4ae req-b812d86b-5813-432e-9862-9fa0c1bde4ae ] Request (ImagesTestJSON:setUpClass): 201 POST http://10.180.1.21/identity/v3/auth/tokens 0.034s
2025-12-09 03:47:02.550 65450 INFO tempest.lib.common.rest_client [req-e45db979-ab87-42b9-8535-eb9df509ab9d req-e45db979-ab87-42b9-8535-eb9df509ab9d ] Request (ServerExternalEventsTest:tearDownClass): 204 DELETE http://10.180.1.21/identity/v3/users/7abadb4ae08c47cc868adb2dbea8f1e3 0.120s
2025-12-09 03:47:02.608 65456 INFO tempest.lib.common.rest_client [req-bd5e39e1-588d-4e17-8496-8b1addb7bc3f req-bd5e39e1-588d-4e17-8496-8b1addb7bc3f ] Request (ImagesTestJSON:setUpClass): 200 GET http://10.180.1.21/identity/v3/domains?name=Default 0.116s
2025-12-09 03:47:02.629 65474 INFO tempest.lib.common.rest_client [req-d0178368-b25a-4da8-b499-399828d18e6d req-d0178368-b25a-4da8-b499-399828d18e6d ] Request (ServerActionsV293TestJSON:setUpClass): 200 GET http://10.180.1.21/volume/v3/volumes/9ebeeaf9-9db9-4209-9e27-b69406c0e990 0.031s
2025-12-09 03:47:02.640 65456 INFO tempest.lib.common.rest_client [req-636a2b6d-707c-4c72-893c-0fa8b2176913 req-636a2b6d-707c-4c72-893c-0fa8b2176913 ] Request (ImagesTestJSON:setUpClass): 201 POST http://10.180.1.21/identity/v3/projects 0.031s
2025-12-09 03:47:02.666 65450 INFO tempest.lib.common.rest_client [req-a50ce177-75cd-41c6-ae09-ae630e071837 req-a50ce177-75cd-41c6-ae09-ae630e071837 ] Request (ServerExternalEventsTest:tearDownClass): 204 DELETE http://10.180.1.21/identity/v3/users/0670fc047b5c4759a05cf51c2b14125c 0.116s
2025-12-09 03:47:02.725 65456 INFO tempest.lib.common.rest_client [req-526355af-0dfe-4d61-a493-6bdd63a2718b req-526355af-0dfe-4d61-a493-6bdd63a2718b ] Request (ImagesTestJSON:setUpClass): 201 POST http://10.180.1.21/identity/v3/users 0.085s
2025-12-09 03:47:02.755 65476 INFO tempest.lib.common.rest_client [req-e1c4d910-4b0c-4311-b96f-05924ba85932 req-e1c4d910-4b0c-4311-b96f-05924ba85932 ] Request (AttachInterfacesUnderV243Test:setUpClass): 201 POST http://10.180.1.21/networking/v2.0/routers 0.997s
2025-12-09 03:47:02.762 65450 INFO tempest.lib.common.rest_client [req-b041d8bd-68f8-4366-a553-ddb158bf37f7 req-b041d8bd-68f8-4366-a553-ddb158bf37f7 ] Request (ServerExternalEventsTest:tearDownClass): 204 DELETE http://10.180.1.21/identity/v3/users/129639ce2d3540f9b76a7fc3bce64bb2 0.096s
2025-12-09 03:47:02.763 65450 INFO tempest.lib.common.dynamic_creds [-] Deleting project and security group for project: e83bb7f8359245bb93774d683acf1058
2025-12-09 03:47:02.767 65448 INFO tempest.lib.common.rest_client [req-285d095f-6661-43ef-b3b7-4d21e9248bcf req-285d095f-6661-43ef-b3b7-4d21e9248bcf ] Request (SecurityGroupsNegativeTestJSON:test_security_group_get_nonexistent_group): 404 GET http://10.180.1.21/compute/v2.1/os-security-groups/01959a49-ef7f-4c0a-b423-7300e6aea731 3.913s
2025-12-09 03:47:02.790 65424 INFO tempest.lib.common.rest_client [req-72924080-7e1c-42cc-baa3-cbc7297b76fc req-72924080-7e1c-42cc-baa3-cbc7297b76fc ] Request (ServersAdminTestJSON:test_create_server_with_scheduling_hint): 200 GET http://10.180.1.21/compute/v2.1/servers/ea2735fa-aa79-4a03-9cd6-95e614afb65f 4.319s
2025-12-09 03:47:02.794 65456 INFO tempest.lib.common.rest_client [req-be52b5e2-e421-4b95-9798-e9e3d71069f5 req-be52b5e2-e421-4b95-9798-e9e3d71069f5 ] Request (ImagesTestJSON:setUpClass): 200 GET http://10.180.1.21/identity/v3/roles 0.068s
2025-12-09 03:47:02.841 65450 INFO tempest.lib.common.rest_client [req-f3a363a4-006f-417e-8518-2a011b2f55ac req-f3a363a4-006f-417e-8518-2a011b2f55ac ] Request (ServerExternalEventsTest:tearDownClass): 201 POST http://10.180.1.21/identity/v3/auth/tokens 0.078s
2025-12-09 03:47:02.858 65462 INFO tempest.lib.common.rest_client [req-1cd74f01-28ba-4e06-a459-166938c349a2 req-1cd74f01-28ba-4e06-a459-166938c349a2 ] Request (ServerMetadataTestJSON:setUpClass): 201 POST http://10.180.1.21/networking/v2.0/networks 0.394s
2025-12-09 03:47:02.869 65456 INFO tempest.lib.common.rest_client [req-17e37c44-16a5-4791-b314-3b9dfe1adf71 req-17e37c44-16a5-4791-b314-3b9dfe1adf71 ] Request (ImagesTestJSON:setUpClass): 204 PUT http://10.180.1.21/identity/v3/projects/c6ea38e0ccfb4bc3a434db4520ced8e3/users/120c398e65a74680ac514a950a62c92b/roles/b8c0c669669d4be4bf2fc9c839d2d575 0.075s
2025-12-09 03:47:02.869 65456 INFO tempest.lib.common.dynamic_creds [-] Dynamic test user 120c398e65a74680ac514a950a62c92b is created with scope project and roles: ['member']
2025-12-09 03:47:02.869 65456 INFO tempest.lib.common.dynamic_creds [-] Acquired dynamic creds: credentials: Credentials: {'domain_id': 'default', 'domain_name': 'Default', 'username': 'tempest-ImagesTestJSON-1309032847-project-member', 'project_domain_id': 'default', 'project_domain_name': 'Default', 'project_id': 'c6ea38e0ccfb4bc3a434db4520ced8e3', 'project_name': 'tempest-ImagesTestJSON-1309032847', 'tenant_id': 'c6ea38e0ccfb4bc3a434db4520ced8e3', 'tenant_name': 'tempest-ImagesTestJSON-1309032847', 'user_domain_id': 'default', 'user_domain_name': 'Default', 'user_id': '120c398e65a74680ac514a950a62c92b', 'system': None}, Network: None, Subnet: None, Router: None
2025-12-09 03:47:02.940 65456 INFO tempest.lib.common.rest_client [req-00ed62cf-db40-45db-b465-d775dc9b0bff req-00ed62cf-db40-45db-b465-d775dc9b0bff ] Request (ImagesTestJSON:setUpClass): 201 POST http://10.180.1.21/identity/v3/auth/tokens 0.070s
2025-12-09 03:47:02.983 65436 INFO tempest.lib.common.rest_client [req-03c61bd0-f8b6-45e3-928e-d2424070442a req-03c61bd0-f8b6-45e3-928e-d2424070442a ] Request (SecurityGroupRulesTestJSON:test_security_group_rules_create_with_optional_group_id): 200 POST http://10.180.1.21/compute/v2.1/os-security-groups 3.958s
2025-12-09 03:47:03.008 65426 INFO tempest.lib.common.rest_client [req-7699f612-60a0-4c4a-8093-a687b9f424f4 req-7699f612-60a0-4c4a-8093-a687b9f424f4 ] Request (FlavorsAdminTestJSON:_run_cleanups): 200 GET http://10.180.1.21/compute/v2.1/flavors/detail 3.687s
2025-12-09 03:47:03.037 65465 INFO tempest.lib.common.rest_client [req-0d198877-2e7a-4e99-b2e3-9bd20d5fe2d2 req-0d198877-2e7a-4e99-b2e3-9bd20d5fe2d2 ] Request (ServerAddressesNegativeTestJSON:tearDownClass): 404 GET http://10.180.1.21/compute/v2.1/servers/78ba875b-5bf7-4d90-b9df-be35f0e50969 3.696s
2025-12-09 03:47:03.163 65450 INFO tempest.lib.common.rest_client [req-6261b2b4-fc47-413f-9ee3-304eb94d7e83 req-6261b2b4-fc47-413f-9ee3-304eb94d7e83 ] Request (ServerExternalEventsTest:tearDownClass): 200 GET http://10.180.1.21/networking/v2.0/security-groups?tenant_id=e83bb7f8359245bb93774d683acf1058&name=default 0.322s
2025-12-09 03:47:03.269 65432 INFO tempest.lib.common.rest_client [req-5b2de96b-9c00-41ad-91b3-3298bb706110 req-5b2de96b-9c00-41ad-91b3-3298bb706110 ] Request (QuotasAdminTestJSON:test_get_updated_quotas): 200 PUT http://10.180.1.21/compute/v2.1/os-quota-sets/78c4b58df3714cb0960cc9239f272e56 3.863s
2025-12-09 03:47:03.380 65462 INFO tempest.lib.common.rest_client [req-7bccef23-ca89-4462-ac98-215cbfe02cd4 req-7bccef23-ca89-4462-ac98-215cbfe02cd4 ] Request (ServerMetadataTestJSON:setUpClass): 201 POST http://10.180.1.21/networking/v2.0/subnets 0.521s
2025-12-09 03:47:03.599 65456 INFO tempest.lib.common.rest_client [req-712c08a7-8626-451f-bfbb-f97740d708d7 req-712c08a7-8626-451f-bfbb-f97740d708d7 ] Request (ImagesTestJSON:setUpClass): 201 POST http://10.180.1.21/networking/v2.0/networks 0.658s
2025-12-09 03:47:03.667 65474 INFO tempest.lib.common.rest_client [req-456fb2db-0356-4648-8b2c-c9ff7e7345b0 req-456fb2db-0356-4648-8b2c-c9ff7e7345b0 ] Request (ServerActionsV293TestJSON:setUpClass): 200 GET http://10.180.1.21/volume/v3/volumes/9ebeeaf9-9db9-4209-9e27-b69406c0e990 0.030s
2025-12-09 03:47:03.718 65476 INFO tempest.lib.common.rest_client [req-565cc903-6030-4266-aa9c-8b2c8408798a req-565cc903-6030-4266-aa9c-8b2c8408798a ] Request (AttachInterfacesUnderV243Test:setUpClass): 200 PUT http://10.180.1.21/networking/v2.0/routers/4c3c268f-daa2-4813-a7d7-8a2ed4ff4516/add_router_interface 0.963s
