2025-12-09 03:50:27.111 65468 INFO tempest.lib.common.rest_client [req-20518bf5-9654-410b-88ae-ec7c10d3691a req-20518bf5-9654-410b-88ae-ec7c10d3691a ] Request (DeleteServersTestJSON:test_delete_server_while_in_shelved_state): 200 GET http://10.180.1.21/compute/v2.1/servers/d001c979-3e3a-47e8-81f3-125ad9b9fd68 0.113s
2025-12-09 03:50:27.127 65444 INFO tempest.lib.common.rest_client [req-7addc2a5-f982-4ab1-9de8-524eebf28740 req-7addc2a5-f982-4ab1-9de8-524eebf28740 ] Request (ServerRescueNegativeTestJSON:test_rescued_vm_detach_volume): 200 GET http://10.180.1.21/compute/v2.1/servers/b1881c3d-410e-406e-8849-fea493db27ed 0.051s
2025-12-09 03:50:27.212 65458 INFO tempest.lib.common.rest_client [req-e436f898-bfb4-4646-8a58-5b5952230326 req-e436f898-bfb4-4646-8a58-5b5952230326 ] Request (SecurityGroupsTestJSON:test_server_security_groups): 200 GET http://10.180.1.21/compute/v2.1/servers/f76e6651-9753-499b-91d6-10d12bbc0cea 0.066s
2025-12-09 03:50:27.377 65466 INFO tempest.lib.common.rest_client [req-5ea8eb83-8176-40c2-9223-213f793b2715 req-5ea8eb83-8176-40c2-9223-213f793b2715 ] Request (MigrationsAdminTest:test_resize_server_revert_deleted_flavor): 200 GET http://10.180.1.21/compute/v2.1/servers/38856b94-b688-4e4a-999a-0b0d35543999 0.141s
2025-12-09 03:50:27.385 65466 INFO tempest.common.waiters [-] State transition "RESIZE/resize_prep" ==> "RESIZE/resize_migrating" after 46 second wait
2025-12-09 03:50:27.391 65480 INFO tempest.lib.common.rest_client [req-72e1b9d5-9ec0-4aeb-b22d-bf68de15fff8 req-72e1b9d5-9ec0-4aeb-b22d-bf68de15fff8 ] Request (ServersTestJSON:tearDownClass): 200 GET http://10.180.1.21/compute/v2.1/servers/6176ef8b-a5f3-498d-8d1d-586848af6e2c 0.092s
2025-12-09 03:50:27.476 65422 INFO tempest.lib.common.rest_client [req-0268137d-1244-4bbf-a478-fc20c4c2412b req-0268137d-1244-4bbf-a478-fc20c4c2412b ] Request (FloatingIPsTestJSON:tearDownClass): 200 PUT http://10.180.1.21/networking/v2.0/routers/457468d6-dfe3-4ee4-823b-2373ce69811a/remove_router_interface 0.727s
2025-12-09 03:50:27.478 65476 INFO tempest.lib.common.rest_client [req-ddeec6d4-e7e5-4f06-811e-59f864dcc7de req-ddeec6d4-e7e5-4f06-811e-59f864dcc7de ] Request (AttachInterfacesUnderV243Test:_run_cleanups): 200 GET http://10.180.1.21/compute/v2.1/servers/a2442ad3-1663-45fa-a1be-f2de983f56b3 0.124s
2025-12-09 03:50:27.527 65462 INFO tempest.lib.common.rest_client [req-58f82aae-e61e-4302-abca-dd55ded79912 req-58f82aae-e61e-4302-abca-dd55ded79912 ] Request (ServerTagsTestJSON:tearDownClass): 200 GET http://10.180.1.21/compute/v2.1/servers/e38426ee-3b44-4941-a46b-742f441cd8b6 0.109s
2025-12-09 03:50:27.620 65428 INFO tempest.lib.common.rest_client [req-e34a76ba-0f39-4fdc-ae59-2e1d4a8e3218 req-e34a76ba-0f39-4fdc-ae59-2e1d4a8e3218 ] Request (ServersTestJSON:test_create_server_with_ipv6_addr_only): 200 GET http://10.180.1.21/compute/v2.1/servers/f5607475-cb47-44d3-beb7-2673e5fc18d5 0.142s
2025-12-09 03:50:27.642 65434 INFO tempest.lib.common.rest_client [req-021d913d-c341-4103-8416-a8b6ca4a85ae req-021d913d-c341-4103-8416-a8b6ca4a85ae ] Request (AttachVolumeTestJSON:test_attach_detach_volume): 200 GET http://10.180.1.21/compute/v2.1/servers/fe8f8c21-25c5-4c28-b3bf-f70417fb34c4 0.172s
2025-12-09 03:50:27.733 65442 INFO tempest.lib.common.rest_client [req-0a35d39a-b1f1-49fd-adb7-6fa83bee6631 req-0a35d39a-b1f1-49fd-adb7-6fa83bee6631 ] Request (ListServersNegativeTestJSON:tearDownClass): 200 GET http://10.180.1.21/compute/v2.1/servers/4fc5682d-3ea5-487b-8517-7ba536a99535 0.195s
2025-12-09 03:50:27.752 65430 INFO tempest.lib.common.rest_client [req-e3085619-8ea3-4919-8f80-3b87e4a1af2d req-e3085619-8ea3-4919-8f80-3b87e4a1af2d ] Request (ServersAdminNegativeTestJSON:tearDownClass): 200 GET http://10.180.1.21/compute/v2.1/servers/07716d2e-2167-4706-9825-57244f60506a 0.202s
2025-12-09 03:50:27.901 65454 INFO tempest.lib.common.rest_client [req-b3c0f7fb-0e78-47c2-8922-886e7c1e7cae req-b3c0f7fb-0e78-47c2-8922-886e7c1e7cae ] Request (ServerDiskConfigTestJSON:test_resize_server_from_auto_to_manual): 200 GET http://10.180.1.21/compute/v2.1/servers/cf238738-4c6e-42c0-9ec2-e1052fb0a2dc 0.212s
2025-12-09 03:50:27.921 65422 INFO tempest.lib.common.rest_client [req-3d135881-dec5-42b7-bf07-78f848f165bc req-3d135881-dec5-42b7-bf07-78f848f165bc ] Request (FloatingIPsTestJSON:tearDownClass): 204 DELETE http://10.180.1.21/networking/v2.0/routers/457468d6-dfe3-4ee4-823b-2373ce69811a 0.444s
2025-12-09 03:50:27.928 65438 INFO tempest.lib.common.rest_client [req-9f49a2f0-efdb-4dd4-b611-3364be15dc76 req-9f49a2f0-efdb-4dd4-b611-3364be15dc76 ] Request (ServerRescueTestJSON:test_rescue_unrescue_instance): 200 GET http://10.180.1.21/compute/v2.1/servers/930ed30e-d4d3-4fcd-a983-ec3e40904b7c 0.226s
2025-12-09 03:50:27.937 65438 INFO tempest.common.waiters [-] State transition "BUILD/spawning" ==> "ACTIVE/None" after 60 second wait
2025-12-09 03:50:27.978 65472 INFO tempest.lib.common.rest_client [req-12aa9627-a60c-40a9-958a-2db6ba29a087 req-12aa9627-a60c-40a9-958a-2db6ba29a087 ] Request (ImagesOneServerNegativeTestJSON:_run_cleanups): 200 GET http://10.180.1.21/compute/v2.1/servers/f3255458-b8b7-49aa-9523-09ae037e71c8 0.205s
2025-12-09 03:50:27.997 65436 INFO tempest.lib.common.rest_client [req-8ed353ad-ca27-4ae9-8706-09d77ed8c02b req-8ed353ad-ca27-4ae9-8706-09d77ed8c02b ] Request (InstanceActionsTestJSON:tearDownClass): 200 GET http://10.180.1.21/compute/v2.1/servers/0bf2263d-d539-4b1e-98b9-e7a341ce1a9e 0.137s
2025-12-09 03:50:28.052 65422 INFO tempest.lib.common.rest_client [req-ffca51c6-f341-4d7c-bf26-ff2ac13afc8b req-ffca51c6-f341-4d7c-bf26-ff2ac13afc8b ] Request (FloatingIPsTestJSON:tearDownClass): 204 DELETE http://10.180.1.21/networking/v2.0/subnets/4db17ace-154c-49be-a171-4b421335ccdd 0.130s
2025-12-09 03:50:28.072 65456 INFO tempest.lib.common.rest_client [req-ebb9d748-2f07-4604-89f6-6d0e8f56df90 req-ebb9d748-2f07-4604-89f6-6d0e8f56df90 ] Request (ImagesTestJSON:test_create_server_from_snapshot): 200 GET http://10.180.1.21/compute/v2.1/servers/8aa77d38-3ae3-447b-8d82-eb91667c3658 0.162s
2025-12-09 03:50:28.107 65418 INFO tempest.lib.common.rest_client [req-5568f94a-47d7-425d-a7d7-eacd6aaaf517 req-5568f94a-47d7-425d-a7d7-eacd6aaaf517 ] Request (ServerActionsTestOtherB:test_resize_server_confirm_from_stopped): 200 GET http://10.180.1.21/compute/v2.1/servers/52695f26-0a55-43cd-b800-5ef399ffa53d 0.223s
2025-12-09 03:50:28.167 65446 INFO tempest.lib.common.rest_client [req-a8ce5025-e52d-47c0-a35f-5524ac14bf1e req-a8ce5025-e52d-47c0-a35f-5524ac14bf1e ] Request (ServerGroupTestJSON:test_create_server_with_scheduler_hint_group): 200 GET http://10.180.1.21/compute/v2.1/servers/73826a19-7536-42c6-8349-aae9eed7bd82 0.231s
2025-12-09 03:50:28.207 65438 INFO tempest.lib.common.rest_client [req-ccf6bc28-b4b6-47af-80d4-b5872646099c req-ccf6bc28-b4b6-47af-80d4-b5872646099c ] Request (ServerRescueTestJSON:test_rescue_unrescue_instance): 200 POST http://10.180.1.21/compute/v2.1/servers/930ed30e-d4d3-4fcd-a983-ec3e40904b7c/action 0.269s
2025-12-09 03:50:28.208 65422 INFO tempest.lib.common.rest_client [req-942e1b6f-e777-49f0-b8ae-93d4cb3ab4a6 req-942e1b6f-e777-49f0-b8ae-93d4cb3ab4a6 ] Request (FloatingIPsTestJSON:tearDownClass): 204 DELETE http://10.180.1.21/networking/v2.0/networks/6c890a3b-56f0-405b-958d-f304c2671aff 0.156s
2025-12-09 03:50:28.296 65420 INFO tempest.lib.common.rest_client [req-254ae470-c510-4b22-a431-428cc3dd2ca5 req-254ae470-c510-4b22-a431-428cc3dd2ca5 ] Request (ListImageFiltersTestJSON:tearDownClass): 200 GET http://10.180.1.21/compute/v2.1/servers/df1ced50-4706-4514-8268-bed82480f9c7 0.329s
2025-12-09 03:50:28.304 65422 INFO tempest.lib.common.rest_client [req-eabe2ff1-0fcb-4404-bd26-62763e86001e req-eabe2ff1-0fcb-4404-bd26-62763e86001e ] Request (FloatingIPsTestJSON:tearDownClass): 204 DELETE http://10.180.1.21/identity/v3/users/5e7a833ee1774288aaf8846b30099cc6 0.095s
2025-12-09 03:50:28.304 65422 INFO tempest.lib.common.dynamic_creds [-] Deleting project and security group for project: 75428dc2547a432296c8390dbdb1b997
2025-12-09 03:50:28.319 65452 INFO tempest.lib.common.rest_client [req-9713f6ec-95fa-405c-b834-f223bf209de6 req-9713f6ec-95fa-405c-b834-f223bf209de6 ] Request (ServersTestFqdnHostnames:test_create_server_with_fqdn_name): 200 GET http://10.180.1.21/compute/v2.1/servers/6a58ad47-580d-4e2f-ac80-a4415ed13a78 0.329s
2025-12-09 03:50:28.369 65422 INFO tempest.lib.common.rest_client [req-60d0ee37-4554-4377-a908-b45be8b8cda6 req-60d0ee37-4554-4377-a908-b45be8b8cda6 ] Request (FloatingIPsTestJSON:tearDownClass): 200 GET http://10.180.1.21/networking/v2.0/security-groups?tenant_id=75428dc2547a432296c8390dbdb1b997&name=default 0.064s
2025-12-09 03:50:28.392 65426 INFO tempest.lib.common.rest_client [req-d212023e-1e37-42d6-9a32-b4312816c189 req-d212023e-1e37-42d6-9a32-b4312816c189 ] Request (InstanceActionsV221TestJSON:test_get_list_deleted_instance_actions): 200 GET http://10.180.1.21/compute/v2.1/servers/91d67ae3-63b2-40ee-b112-110d3409a1b9 0.370s
2025-12-09 03:50:28.400 65426 INFO tempest.common.waiters [-] State transition "BUILD/None" ==> "BUILD/networking" after 50 second wait
2025-12-09 03:50:28.452 65424 INFO tempest.lib.common.rest_client [req-9869be8c-ba7e-4082-8180-80d947b08de0 req-9869be8c-ba7e-4082-8180-80d947b08de0 ] Request (ServersAdminTestJSON:tearDownClass): 200 GET http://10.180.1.21/compute/v2.1/servers/d7316cd3-4b6d-43db-86d6-25b472a2d2f3 0.414s
2025-12-09 03:50:28.571 65422 INFO tempest.lib.common.rest_client [req-9b0f163a-652d-4ec2-8a00-56e8c27e6116 req-9b0f163a-652d-4ec2-8a00-56e8c27e6116 ] Request (FloatingIPsTestJSON:tearDownClass): 204 DELETE http://10.180.1.21/networking/v2.0/security-groups/a28b2060-09c3-474e-952f-cd929cb8ba8b 0.201s
2025-12-09 03:50:28.633 65444 INFO tempest.lib.common.rest_client [req-38024465-5262-4c93-84f1-b9f510daa2ad req-38024465-5262-4c93-84f1-b9f510daa2ad ] Request (ServerRescueNegativeTestJSON:test_rescued_vm_detach_volume): 200 GET http://10.180.1.21/compute/v2.1/servers/b1881c3d-410e-406e-8849-fea493db27ed 0.497s
2025-12-09 03:50:28.695 65468 INFO tempest.lib.common.rest_client [req-75a46ac1-1c3b-4691-a2c9-c738a5df1855 req-75a46ac1-1c3b-4691-a2c9-c738a5df1855 ] Request (DeleteServersTestJSON:test_delete_server_while_in_shelved_state): 200 GET http://10.180.1.21/compute/v2.1/servers/d001c979-3e3a-47e8-81f3-125ad9b9fd68 0.577s
2025-12-09 03:50:28.724 65422 INFO tempest.lib.common.rest_client [req-ffe7a30c-2200-4add-8d40-c98ed9ee9b42 req-ffe7a30c-2200-4add-8d40-c98ed9ee9b42 ] Request (FloatingIPsTestJSON:tearDownClass): 204 DELETE http://10.180.1.21/identity/v3/projects/75428dc2547a432296c8390dbdb1b997 0.153s
2025-12-09 03:50:28.796 65422 INFO tempest.lib.common.rest_client [req-7431c94b-ea01-4eb8-adee-9109eb8385c8 req-7431c94b-ea01-4eb8-adee-9109eb8385c8 ] Request (ServerAddressesTestJSON:setUpClass): 201 POST http://10.180.1.21/identity/v3/auth/tokens 0.068s
2025-12-09 03:50:28.846 65422 INFO tempest.lib.common.rest_client [req-4a6d56a3-bc62-478b-977a-389649bb4be7 req-4a6d56a3-bc62-478b-977a-389649bb4be7 ] Request (ServerAddressesTestJSON:setUpClass): 201 POST http://10.180.1.21/identity/v3/auth/tokens 0.048s
2025-12-09 03:50:28.847 65458 INFO tempest.lib.common.rest_client [req-47045dca-a177-49cb-91c5-8cdb41b8135e req-47045dca-a177-49cb-91c5-8cdb41b8135e ] Request (SecurityGroupsTestJSON:test_server_security_groups): 200 GET http://10.180.1.21/compute/v2.1/servers/f76e6651-9753-499b-91d6-10d12bbc0cea 0.626s
2025-12-09 03:50:28.872 65422 INFO tempest.lib.common.rest_client [req-febc27f8-4edb-40c8-a097-2948caa55fe9 req-febc27f8-4edb-40c8-a097-2948caa55fe9 ] Request (ServerAddressesTestJSON:setUpClass): 200 GET http://10.180.1.21/identity/v3/domains?name=Default 0.025s
2025-12-09 03:50:28.878 65438 INFO tempest.lib.common.rest_client [req-2c36a628-2904-475c-a1f6-5b98f16300ae req-2c36a628-2904-475c-a1f6-5b98f16300ae ] Request (ServerRescueTestJSON:test_rescue_unrescue_instance): 200 GET http://10.180.1.21/compute/v2.1/servers/930ed30e-d4d3-4fcd-a983-ec3e40904b7c 0.670s
2025-12-09 03:50:28.912 65422 INFO tempest.lib.common.rest_client [req-a889b8e7-6577-47ca-b464-055fc9e5494c req-a889b8e7-6577-47ca-b464-055fc9e5494c ] Request (ServerAddressesTestJSON:setUpClass): 201 POST http://10.180.1.21/identity/v3/projects 0.039s
2025-12-09 03:50:28.980 65480 INFO tempest.lib.common.rest_client [req-c7f19361-8c48-4af4-81c4-d4d167da5a5b req-c7f19361-8c48-4af4-81c4-d4d167da5a5b ] Request (ServersTestJSON:tearDownClass): 200 GET http://10.180.1.21/compute/v2.1/servers/6176ef8b-a5f3-498d-8d1d-586848af6e2c 0.582s
2025-12-09 03:50:28.983 65422 INFO tempest.lib.common.rest_client [req-07fb9d55-4ec7-4639-b77f-6fabd7033816 req-07fb9d55-4ec7-4639-b77f-6fabd7033816 ] Request (ServerAddressesTestJSON:setUpClass): 201 POST http://10.180.1.21/identity/v3/users 0.070s
2025-12-09 03:50:29.007 65466 INFO tempest.lib.common.rest_client [req-15329d12-72d4-46f4-8d95-ad75ca57c020 req-15329d12-72d4-46f4-8d95-ad75ca57c020 ] Request (MigrationsAdminTest:test_resize_server_revert_deleted_flavor): 200 GET http://10.180.1.21/compute/v2.1/servers/38856b94-b688-4e4a-999a-0b0d35543999 0.621s
2025-12-09 03:50:29.007 65476 INFO tempest.lib.common.rest_client [req-1b719a66-46d2-4ce8-b7a7-d590ed3d3bdc req-1b719a66-46d2-4ce8-b7a7-d590ed3d3bdc ] Request (AttachInterfacesUnderV243Test:_run_cleanups): 404 GET http://10.180.1.21/compute/v2.1/servers/a2442ad3-1663-45fa-a1be-f2de983f56b3 0.511s
2025-12-09 03:50:29.007 65422 INFO tempest.lib.common.rest_client [req-0d3ccd92-03a7-4674-bdb3-06d5330452ad req-0d3ccd92-03a7-4674-bdb3-06d5330452ad ] Request (ServerAddressesTestJSON:setUpClass): 200 GET http://10.180.1.21/identity/v3/roles 0.024s
2025-12-09 03:50:29.036 65422 INFO tempest.lib.common.rest_client [req-a12e809a-8846-4aa8-bdc4-3a025b1ab61b req-a12e809a-8846-4aa8-bdc4-3a025b1ab61b ] Request (ServerAddressesTestJSON:setUpClass): 204 PUT http://10.180.1.21/identity/v3/projects/384c71125a904c3da13005c36b9c2d45/users/fe7d67179a2d494cb16a11ebf3e39bff/roles/b8c0c669669d4be4bf2fc9c839d2d575 0.028s
2025-12-09 03:50:29.036 65422 INFO tempest.lib.common.dynamic_creds [-] Dynamic test user fe7d67179a2d494cb16a11ebf3e39bff is created with scope project and roles: ['member']
2025-12-09 03:50:29.036 65422 INFO tempest.lib.common.dynamic_creds [-] Acquired dynamic creds: credentials: Credentials: {'domain_id': 'default', 'domain_name': 'Default', 'username': 'tempest-ServerAddressesTestJSON-494329850-project-member', 'project_domain_id': 'default', 'project_domain_name': 'Default', 'project_id': '384c71125a904c3da13005c36b9c2d45', 'project_name': 'tempest-ServerAddressesTestJSON-494329850', 'tenant_id': '384c71125a904c3da13005c36b9c2d45', 'tenant_name': 'tempest-ServerAddressesTestJSON-494329850', 'user_domain_id': 'default', 'user_domain_name': 'Default', 'user_id': 'fe7d67179a2d494cb16a11ebf3e39bff', 'system': None}, Network: None, Subnet: None, Router: None
2025-12-09 03:50:29.057 65428 INFO tempest.lib.common.rest_client [req-fc237b2d-8e19-426a-a842-c95cc1b050f7 req-fc237b2d-8e19-426a-a842-c95cc1b050f7 ] Request (ServersTestJSON:test_create_server_with_ipv6_addr_only): 200 GET http://10.180.1.21/compute/v2.1/servers/f5607475-cb47-44d3-beb7-2673e5fc18d5 0.427s
2025-12-09 03:50:29.072 65462 INFO tempest.lib.common.rest_client [req-f94a23dd-f536-4c35-a1be-6f96047cf653 req-f94a23dd-f536-4c35-a1be-6f96047cf653 ] Request (ServerTagsTestJSON:tearDownClass): 200 GET http://10.180.1.21/compute/v2.1/servers/e38426ee-3b44-4941-a46b-742f441cd8b6 0.532s
2025-12-09 03:50:29.118 65422 INFO tempest.lib.common.rest_client [req-2b7ff7c2-1eab-4373-ace2-5b1312b4df93 req-2b7ff7c2-1eab-4373-ace2-5b1312b4df93 ] Request (ServerAddressesTestJSON:setUpClass): 201 POST http://10.180.1.21/identity/v3/auth/tokens 0.081s
2025-12-09 03:50:29.188 65442 INFO tempest.lib.common.rest_client [req-9bf9ff5c-ee12-40e7-85bc-f8a2f15f4700 req-9bf9ff5c-ee12-40e7-85bc-f8a2f15f4700 ] Request (ListServersNegativeTestJSON:tearDownClass): 200 GET http://10.180.1.21/compute/v2.1/servers/4fc5682d-3ea5-487b-8517-7ba536a99535 0.445s
2025-12-09 03:50:29.428 65422 INFO tempest.lib.common.rest_client [req-6415ab91-7fa0-4374-a8f3-5de8f0eefbe5 req-6415ab91-7fa0-4374-a8f3-5de8f0eefbe5 ] Request (ServerAddressesTestJSON:setUpClass): 201 POST http://10.180.1.21/networking/v2.0/networks 0.309s
2025-12-09 03:50:29.462 65434 INFO tempest.lib.common.rest_client [req-09a88b72-ecfd-44d7-a493-b78b13b695b2 req-09a88b72-ecfd-44d7-a493-b78b13b695b2 ] Request (AttachVolumeTestJSON:test_attach_detach_volume): 200 GET http://10.180.1.21/compute/v2.1/servers/fe8f8c21-25c5-4c28-b3bf-f70417fb34c4 0.809s
2025-12-09 03:50:29.507 65430 INFO tempest.lib.common.rest_client [req-fa966655-70b4-4b83-8774-1572f72f1f1a req-fa966655-70b4-4b83-8774-1572f72f1f1a ] Request (ServersAdminNegativeTestJSON:tearDownClass): 200 GET http://10.180.1.21/compute/v2.1/servers/07716d2e-2167-4706-9825-57244f60506a 0.745s
2025-12-09 03:50:29.657 65422 INFO tempest.lib.common.rest_client [req-1a87731a-0735-4300-9ce3-c160747b8211 req-1a87731a-0735-4300-9ce3-c160747b8211 ] Request (ServerAddressesTestJSON:setUpClass): 201 POST http://10.180.1.21/networking/v2.0/subnets 0.228s
2025-12-09 03:50:29.755 65472 INFO tempest.lib.common.rest_client [req-d69c8364-5de9-4aa3-b122-7ee2ce13eafe req-d69c8364-5de9-4aa3-b122-7ee2ce13eafe ] Request (ImagesOneServerNegativeTestJSON:_run_cleanups): 200 GET http://10.180.1.21/compute/v2.1/servers/f3255458-b8b7-49aa-9523-09ae037e71c8 0.767s
2025-12-09 03:50:29.771 65476 INFO tempest.lib.common.rest_client [req-866f9abc-a808-4ae9-a41b-c4145411f353 req-866f9abc-a808-4ae9-a41b-c4145411f353 ] Request (AttachInterfacesUnderV243Test:_run_cleanups): 202 DELETE http://10.180.1.21/compute/v2.1/os-keypairs/tempest-keypair-1596999554 0.763s
2025-12-09 03:50:29.996 65440 INFO paramiko.transport [-] Connected (version 2.0, client dropbear_2020.81)
2025-12-09 03:50:30.066 65460 WARNING tempest.lib.common.ssh [-] Failed to establish authenticated ssh connection to cirros@10.180.180.142 ([Errno None] Unable to connect to port 22 on 10.180.180.142). Number attempts: 5. Retry after 6 seconds.: paramiko.ssh_exception.NoValidConnectionsError: [Errno None] Unable to connect to port 22 on 10.180.180.142
2025-12-09 03:50:30.074 65440 INFO paramiko.transport [-] Authentication (publickey) successful!
2025-12-09 03:50:30.076 65440 INFO tempest.lib.common.ssh [-] ssh connection to cirros@10.180.180.237 successfully created
2025-12-09 03:50:30.273 65454 INFO tempest.lib.common.rest_client [req-f4ef7562-3e43-4e85-91cc-4fbb67fd7acf req-f4ef7562-3e43-4e85-91cc-4fbb67fd7acf ] Request (ServerDiskConfigTestJSON:test_resize_server_from_auto_to_manual): 200 GET http://10.180.1.21/compute/v2.1/servers/cf238738-4c6e-42c0-9ec2-e1052fb0a2dc 1.355s
2025-12-09 03:50:30.345 65476 INFO tempest.lib.common.rest_client [req-5ab1f04c-a452-4bb8-a7e3-1127c5ee28c5 req-5ab1f04c-a452-4bb8-a7e3-1127c5ee28c5 ] Request (AttachInterfacesUnderV243Test:_run_cleanups): 204 DELETE http://10.180.1.21/networking/v2.0/security-groups/ee86ef2b-9ec3-4c4f-9a06-65f091c7c4aa 0.573s
2025-12-09 03:50:30.371 65436 INFO tempest.lib.common.rest_client [req-00c8bdb1-3a55-403a-94f7-61545c29b519 req-00c8bdb1-3a55-403a-94f7-61545c29b519 ] Request (InstanceActionsTestJSON:tearDownClass): 200 GET http://10.180.1.21/compute/v2.1/servers/0bf2263d-d539-4b1e-98b9-e7a341ce1a9e 1.362s
2025-12-09 03:50:30.417 65476 INFO tempest.lib.common.rest_client [req-92f33464-4ea5-4c48-96e8-15de23521800 req-92f33464-4ea5-4c48-96e8-15de23521800 ] Request (AttachInterfacesUnderV243Test:_run_cleanups): 404 GET http://10.180.1.21/networking/v2.0/security-groups/ee86ef2b-9ec3-4c4f-9a06-65f091c7c4aa 0.071s
2025-12-09 03:50:30.417 65456 INFO tempest.lib.common.rest_client [req-dbf817e8-d36b-4d6a-8bde-4613197225f9 req-dbf817e8-d36b-4d6a-8bde-4613197225f9 ] Request (ImagesTestJSON:test_create_server_from_snapshot): 200 GET http://10.180.1.21/compute/v2.1/servers/8aa77d38-3ae3-447b-8d82-eb91667c3658 1.336s
2025-12-09 03:50:30.502 65422 INFO tempest.lib.common.rest_client [req-bcba2bc4-3496-40ad-b196-a6d1fe566143 req-bcba2bc4-3496-40ad-b196-a6d1fe566143 ] Request (ServerAddressesTestJSON:setUpClass): 201 POST http://10.180.1.21/networking/v2.0/routers 0.844s
2025-12-09 03:50:30.584 65418 INFO tempest.lib.common.rest_client [req-8a537177-1bb1-4259-b579-3447381cf4bb req-8a537177-1bb1-4259-b579-3447381cf4bb ] Request (ServerActionsTestOtherB:test_resize_server_confirm_from_stopped): 200 GET http://10.180.1.21/compute/v2.1/servers/52695f26-0a55-43cd-b800-5ef399ffa53d 1.464s
2025-12-09 03:50:30.592 65418 INFO tempest.common.waiters [-] State transition "RESIZE/resize_migrated" ==> "RESIZE/resize_finish" after 54 second wait
2025-12-09 03:50:30.724 65476 INFO tempest.lib.common.rest_client [req-789890e2-916e-4127-acdb-11cd0d508b97 req-789890e2-916e-4127-acdb-11cd0d508b97 ] Request (AttachInterfacesUnderV243Test:_run_cleanups): 204 DELETE http://10.180.1.21/networking/v2.0/floatingips/11c26135-fc2b-4612-9412-76a0afe1d21e 0.305s
2025-12-09 03:50:30.753 65446 INFO tempest.lib.common.rest_client [req-5af46085-4997-48c4-9986-5890adf5e105 req-5af46085-4997-48c4-9986-5890adf5e105 ] Request (ServerGroupTestJSON:test_create_server_with_scheduler_hint_group): 200 GET http://10.180.1.21/compute/v2.1/servers/73826a19-7536-42c6-8349-aae9eed7bd82 1.571s
2025-12-09 03:50:30.806 65420 INFO tempest.lib.common.rest_client [req-4230d6e7-6b7d-40c6-a063-88cd3d8b5ed7 req-4230d6e7-6b7d-40c6-a063-88cd3d8b5ed7 ] Request (ListImageFiltersTestJSON:tearDownClass): 200 GET http://10.180.1.21/compute/v2.1/servers/df1ced50-4706-4514-8268-bed82480f9c7 1.495s
2025-12-09 03:50:30.828 65452 INFO tempest.lib.common.rest_client [req-bc3f0752-897a-497a-a4ce-cdcf59369d8e req-bc3f0752-897a-497a-a4ce-cdcf59369d8e ] Request (ServersTestFqdnHostnames:test_create_server_with_fqdn_name): 200 GET http://10.180.1.21/compute/v2.1/servers/6a58ad47-580d-4e2f-ac80-a4415ed13a78 1.501s
2025-12-09 03:50:30.850 65424 INFO tempest.lib.common.rest_client [req-045618fc-0709-40f8-9f21-bbd01cec71b8 req-045618fc-0709-40f8-9f21-bbd01cec71b8 ] Request (ServersAdminTestJSON:tearDownClass): 404 GET http://10.180.1.21/compute/v2.1/servers/d7316cd3-4b6d-43db-86d6-25b472a2d2f3 1.389s
2025-12-09 03:50:30.941 65444 INFO tempest.lib.common.rest_client [req-69770a0d-5de2-485b-9a7c-bf46b5cf9f08 req-69770a0d-5de2-485b-9a7c-bf46b5cf9f08 ] Request (ServerRescueNegativeTestJSON:test_rescued_vm_detach_volume): 200 GET http://10.180.1.21/compute/v2.1/servers/b1881c3d-410e-406e-8849-fea493db27ed 1.295s
2025-12-09 03:50:30.948 65444 INFO tempest.common.waiters [-] State transition "BUILD/None" ==> "BUILD/networking" after 50 second wait
2025-12-09 03:50:31.014 65426 INFO tempest.lib.common.rest_client [req-9178e69a-f3ce-4510-9bc7-695e6eb99ede req-9178e69a-f3ce-4510-9bc7-695e6eb99ede ] Request (InstanceActionsV221TestJSON:test_get_list_deleted_instance_actions): 200 GET http://10.180.1.21/compute/v2.1/servers/91d67ae3-63b2-40ee-b112-110d3409a1b9 1.613s
2025-12-09 03:50:31.024 65426 INFO tempest.common.waiters [-] State transition "BUILD/networking" ==> "BUILD/spawning" after 53 second wait
2025-12-09 03:50:31.372 65458 INFO tempest.lib.common.rest_client [req-84a870db-c879-43fa-a2db-8a408b210310 req-84a870db-c879-43fa-a2db-8a408b210310 ] Request (SecurityGroupsTestJSON:test_server_security_groups): 200 GET http://10.180.1.21/compute/v2.1/servers/f76e6651-9753-499b-91d6-10d12bbc0cea 1.509s
2025-12-09 03:50:31.397 65422 INFO tempest.lib.common.rest_client [req-68422ae9-c11c-463e-a33f-f803dbdc882e req-68422ae9-c11c-463e-a33f-f803dbdc882e ] Request (ServerAddressesTestJSON:setUpClass): 200 PUT http://10.180.1.21/networking/v2.0/routers/e39107ab-359f-4e72-bda4-717debb52787/add_router_interface 0.895s
2025-12-09 03:50:31.397 65422 INFO tempest.lib.common.dynamic_creds [-] Created isolated network resources for: credentials: Credentials: {'domain_id': 'default', 'domain_name': 'Default', 'username': 'tempest-ServerAddressesTestJSON-494329850-project-member', 'project_domain_id': 'default', 'project_domain_name': 'Default', 'project_id': '384c71125a904c3da13005c36b9c2d45', 'project_name': 'tempest-ServerAddressesTestJSON-494329850', 'tenant_id': '384c71125a904c3da13005c36b9c2d45', 'tenant_name': 'tempest-ServerAddressesTestJSON-494329850', 'user_domain_id': 'default', 'user_domain_name': 'Default', 'user_id': 'fe7d67179a2d494cb16a11ebf3e39bff', 'system': None}, Network: {'id': 'cae34145-d20e-4af7-a807-3447811f15a8', 'name': 'tempest-ServerAddressesTestJSON-251000288-network', 'tenant_id': '384c71125a904c3da13005c36b9c2d45', 'project_id': '384c71125a904c3da13005c36b9c2d45', 'admin_state_up': True, 'mtu': 8950, 'status': 'ACTIVE', 'subnets': [], 'shared': False, 'port_security_enabled': True, 'router:external': False, 'provider:network_type': 'vlan', 'provider:physical_network': 'default', 'provider:segmentation_id': 724, 'availability_zone_hints': [], 'availability_zones': [], 'ipv4_address_scope': None, 'ipv6_address_scope': None, 'description': '', 'tags': [], 'created_at': '2025-12-09T03:50:29Z', 'updated_at': '2025-12-09T03:50:29Z', 'revision_number': 1}, Subnet: {'id': 'c71866d7-cedf-46ff-ab44-ef2b609ddb52', 'name': 'tempest-ServerAddressesTestJSON-251000288-subnet', 'tenant_id': '384c71125a904c3da13005c36b9c2d45', 'network_id': 'cae34145-d20e-4af7-a807-3447811f15a8', 'ip_version': 4, 'subnetpool_id': None, 'enable_dhcp': True, 'ipv6_ra_mode': None, 'ipv6_address_mode': None, 'gateway_ip': '192.168.128.1', 'cidr': '192.168.128.0/28', 'allocation_pools': [{'start': '192.168.128.2', 'end': '192.168.128.14'}], 'host_routes': [], 'dns_nameservers': [], 'description': '', 'router:external': False, 'service_types': [], 'tags': [], 'created_at': '2025-12-09T03:50:29Z', 'updated_at': '2025-12-09T03:50:29Z', 'revision_number': 0, 'project_id': '384c71125a904c3da13005c36b9c2d45'}, Router: {'id': 'e39107ab-359f-4e72-bda4-717debb52787', 'name': 'tempest-ServerAddressesTestJSON-251000288-router', 'tenant_id': '384c71125a904c3da13005c36b9c2d45', 'admin_state_up': True, 'status': 'ACTIVE', 'external_gateway_info': {'network_id': '56386bd5-28f8-4d04-ab57-b20b9f17da54', 'external_fixed_ips': [{'subnet_id': 'cb358666-0ff3-4378-aaf2-fc06073342c0', 'ip_address': '10.180.180.145'}], 'enable_snat': True}, 'description': '', 'availability_zones': [], 'distributed': False, 'ha': False, 'availability_zone_hints': [], 'routes': [], 'flavor_id': None, 'tags': [], 'created_at': '2025-12-09T03:50:29Z', 'updated_at': '2025-12-09T03:50:30Z', 'revision_number': 2, 'project_id': '384c71125a904c3da13005c36b9c2d45'}
2025-12-09 03:50:31.401 65468 INFO tempest.lib.common.rest_client [req-6c56ad0f-1f5b-42e5-90ea-02d28b73102b req-6c56ad0f-1f5b-42e5-90ea-02d28b73102b ] Request (DeleteServersTestJSON:test_delete_server_while_in_shelved_state): 200 GET http://10.180.1.21/compute/v2.1/servers/d001c979-3e3a-47e8-81f3-125ad9b9fd68 1.696s
2025-12-09 03:50:31.552 65422 INFO tempest.lib.common.rest_client [req-69cab07c-2606-4d8d-8f0d-fa30c2f2ed1a req-69cab07c-2606-4d8d-8f0d-fa30c2f2ed1a ] Request (ServerAddressesTestJSON:setUpClass): 201 POST http://10.180.1.21/identity/v3/auth/tokens 0.147s
2025-12-09 03:50:31.569 65480 INFO tempest.lib.common.rest_client [req-211f42f7-3134-4862-b313-a05d181bda5a req-211f42f7-3134-4862-b313-a05d181bda5a ] Request (ServersTestJSON:tearDownClass): 200 GET http://10.180.1.21/compute/v2.1/servers/6176ef8b-a5f3-498d-8d1d-586848af6e2c 1.579s
2025-12-09 03:50:31.598 65438 INFO tempest.lib.common.rest_client [req-7de5c3ba-12c8-441a-a5b5-ba3e93fd6ba3 req-7de5c3ba-12c8-441a-a5b5-ba3e93fd6ba3 ] Request (ServerRescueTestJSON:test_rescue_unrescue_instance): 200 GET http://10.180.1.21/compute/v2.1/servers/930ed30e-d4d3-4fcd-a983-ec3e40904b7c 1.712s
2025-12-09 03:50:31.617 65422 INFO tempest.lib.common.rest_client [req-7d8c4c27-a14d-4030-a034-28b2df5f2c5b req-7d8c4c27-a14d-4030-a034-28b2df5f2c5b ] Request (ServerAddressesTestJSON:setUpClass): 201 POST http://10.180.1.21/identity/v3/auth/tokens 0.059s
2025-12-09 03:50:31.617 65422 INFO tempest.lib.common.fixed_network [-] (ServerAddressesTestJSON:setUpClass) Found network {'id': 'cae34145-d20e-4af7-a807-3447811f15a8', 'name': 'tempest-ServerAddressesTestJSON-251000288-network', 'tenant_id': '384c71125a904c3da13005c36b9c2d45', 'project_id': '384c71125a904c3da13005c36b9c2d45', 'admin_state_up': True, 'mtu': 8950, 'status': 'ACTIVE', 'subnets': [], 'shared': False, 'port_security_enabled': True, 'router:external': False, 'provider:network_type': 'vlan', 'provider:physical_network': 'default', 'provider:segmentation_id': 724, 'availability_zone_hints': [], 'availability_zones': [], 'ipv4_address_scope': None, 'ipv6_address_scope': None, 'description': '', 'tags': [], 'created_at': '2025-12-09T03:50:29Z', 'updated_at': '2025-12-09T03:50:29Z', 'revision_number': 1} available for tenant
2025-12-09 03:50:31.771 65428 INFO tempest.lib.common.rest_client [req-d52ad554-aff1-437a-8b7b-b2638b984a29 req-d52ad554-aff1-437a-8b7b-b2638b984a29 ] Request (ServersTestJSON:test_create_server_with_ipv6_addr_only): 200 GET http://10.180.1.21/compute/v2.1/servers/f5607475-cb47-44d3-beb7-2673e5fc18d5 1.703s
2025-12-09 03:50:31.832 65466 INFO tempest.lib.common.rest_client [req-d0bbe19d-de9c-42fd-b1e6-9915d2f93669 req-d0bbe19d-de9c-42fd-b1e6-9915d2f93669 ] Request (MigrationsAdminTest:test_resize_server_revert_deleted_flavor): 200 GET http://10.180.1.21/compute/v2.1/servers/38856b94-b688-4e4a-999a-0b0d35543999 1.815s
2025-12-09 03:50:31.925 65440 INFO tempest.lib.common.rest_client [req-4603f92a-a54f-4aca-adf3-5c300fc9391e req-4603f92a-a54f-4aca-adf3-5c300fc9391e ] Request (AttachInterfacesTestJSON:test_create_list_show_delete_interfaces_by_fixed_ip): 200 GET http://10.180.1.21/compute/v2.1/servers/6f115954-27af-4404-8bf1-e1313bea1f25/os-interface 1.848s
2025-12-09 03:50:31.947 65462 INFO tempest.lib.common.rest_client [req-9d8aa170-377e-46e6-8ccc-1f74ae48a3d7 req-9d8aa170-377e-46e6-8ccc-1f74ae48a3d7 ] Request (ServerTagsTestJSON:tearDownClass): 200 GET http://10.180.1.21/compute/v2.1/servers/e38426ee-3b44-4941-a46b-742f441cd8b6 1.864s
2025-12-09 03:50:32.069 65442 INFO tempest.lib.common.rest_client [req-3b05e28a-b61f-4c54-b44d-f28b32fb6f57 req-3b05e28a-b61f-4c54-b44d-f28b32fb6f57 ] Request (ListServersNegativeTestJSON:tearDownClass): 200 GET http://10.180.1.21/compute/v2.1/servers/4fc5682d-3ea5-487b-8517-7ba536a99535 1.873s
2025-12-09 03:50:32.098 65434 INFO tempest.lib.common.rest_client [req-10d8c7ae-3fe4-4552-8630-33f1afd51a00 req-10d8c7ae-3fe4-4552-8630-33f1afd51a00 ] Request (AttachVolumeTestJSON:test_attach_detach_volume): 200 GET http://10.180.1.21/compute/v2.1/servers/fe8f8c21-25c5-4c28-b3bf-f70417fb34c4 1.628s
2025-12-09 03:50:32.106 65434 INFO tempest.common.waiters [-] State transition "BUILD/spawning" ==> "ACTIVE/None" after 60 second wait
2025-12-09 03:50:32.127 65476 INFO tempest.lib.common.rest_client [req-48990de5-8a37-452f-b3a2-920736b2d6ab req-48990de5-8a37-452f-b3a2-920736b2d6ab ] Request (AttachInterfacesUnderV243Test:tearDownClass): 404 DELETE http://10.180.1.21/compute/v2.1/servers/a2442ad3-1663-45fa-a1be-f2de983f56b3 1.401s
2025-12-09 03:50:32.145 65430 INFO tempest.lib.common.rest_client [req-9189c16e-0907-492c-a3ae-6c9d65d4ad9b req-9189c16e-0907-492c-a3ae-6c9d65d4ad9b ] Request (ServersAdminNegativeTestJSON:tearDownClass): 200 GET http://10.180.1.21/compute/v2.1/servers/07716d2e-2167-4706-9825-57244f60506a 1.627s
2025-12-09 03:50:32.198 65472 INFO tempest.lib.common.rest_client [req-757970fc-6c09-480b-a51f-690b22433842 req-757970fc-6c09-480b-a51f-690b22433842 ] Request (ImagesOneServerNegativeTestJSON:_run_cleanups): 200 GET http://10.180.1.21/compute/v2.1/servers/f3255458-b8b7-49aa-9523-09ae037e71c8 1.436s
2025-12-09 03:50:32.241 65424 INFO tempest.lib.common.rest_client [req-9a730e0a-ec34-4274-9180-3b9788ab676e req-9a730e0a-ec34-4274-9180-3b9788ab676e ] Request (ServersAdminTestJSON:tearDownClass): 204 DELETE http://10.180.1.21/compute/v2.1/servers/ea2735fa-aa79-4a03-9cd6-95e614afb65f 1.391s
2025-12-09 03:50:32.316 65436 INFO tempest.lib.common.rest_client [req-58d56fff-3450-455e-8b02-dd1157da7978 req-58d56fff-3450-455e-8b02-dd1157da7978 ] Request (InstanceActionsTestJSON:tearDownClass): 200 GET http://10.180.1.21/compute/v2.1/servers/0bf2263d-d539-4b1e-98b9-e7a341ce1a9e 0.935s
2025-12-09 03:50:32.342 65454 INFO tempest.lib.common.rest_client [req-f28cdf94-b786-4aca-805f-2a793bb202be req-f28cdf94-b786-4aca-805f-2a793bb202be ] Request (ServerDiskConfigTestJSON:test_resize_server_from_auto_to_manual): 200 GET http://10.180.1.21/compute/v2.1/servers/cf238738-4c6e-42c0-9ec2-e1052fb0a2dc 1.059s
2025-12-09 03:50:32.371 65456 INFO tempest.lib.common.rest_client [req-6a527a7e-ecce-4303-8f6b-a02ee1f31fbb req-6a527a7e-ecce-4303-8f6b-a02ee1f31fbb ] Request (ImagesTestJSON:test_create_server_from_snapshot): 200 GET http://10.180.1.21/compute/v2.1/servers/8aa77d38-3ae3-447b-8d82-eb91667c3658 0.944s
2025-12-09 03:50:32.496 65418 INFO tempest.lib.common.rest_client [req-47940073-a23f-4553-8647-368bbe8b7b3b req-47940073-a23f-4553-8647-368bbe8b7b3b ] Request (ServerActionsTestOtherB:test_resize_server_confirm_from_stopped): 200 GET http://10.180.1.21/compute/v2.1/servers/52695f26-0a55-43cd-b800-5ef399ffa53d 0.903s
2025-12-09 03:50:32.507 65418 INFO tempest.common.waiters [-] State transition "RESIZE/resize_finish" ==> "VERIFY_RESIZE/None" after 56 second wait
2025-12-09 03:50:32.603 65446 INFO tempest.lib.common.rest_client [req-375f6a06-7fe8-4cfd-bb2a-fefeaca52ced req-375f6a06-7fe8-4cfd-bb2a-fefeaca52ced ] Request (ServerGroupTestJSON:test_create_server_with_scheduler_hint_group): 200 GET http://10.180.1.21/compute/v2.1/servers/73826a19-7536-42c6-8349-aae9eed7bd82 0.837s
2025-12-09 03:50:32.692 65420 INFO tempest.lib.common.rest_client [req-84271bed-f9d3-45f5-90a8-0be536d5a39d req-84271bed-f9d3-45f5-90a8-0be536d5a39d ] Request (ListImageFiltersTestJSON:tearDownClass): 200 GET http://10.180.1.21/compute/v2.1/servers/df1ced50-4706-4514-8268-bed82480f9c7 0.875s
2025-12-09 03:50:32.754 65471 WARNING tempest.lib.common.ssh [-] Failed to establish authenticated ssh connection to cirros@10.180.180.253 ([Errno None] Unable to connect to port 22 on 10.180.180.253). Number attempts: 6. Retry after 7 seconds.: paramiko.ssh_exception.NoValidConnectionsError: [Errno None] Unable to connect to port 22 on 10.180.180.253
2025-12-09 03:50:32.774 65452 INFO tempest.lib.common.rest_client [req-3adda700-017e-47fd-bbdb-1576cfcfb6b6 req-3adda700-017e-47fd-bbdb-1576cfcfb6b6 ] Request (ServersTestFqdnHostnames:test_create_server_with_fqdn_name): 200 GET http://10.180.1.21/compute/v2.1/servers/6a58ad47-580d-4e2f-ac80-a4415ed13a78 0.936s
2025-12-09 03:50:32.839 65422 INFO tempest.lib.common.rest_client [req-48bbc69b-840a-4730-ad9d-6d4bc2ed8913 req-48bbc69b-840a-4730-ad9d-6d4bc2ed8913 ] Request (ServerAddressesTestJSON:setUpClass): 202 POST http://10.180.1.21/compute/v2.1/servers 1.220s
2025-12-09 03:50:32.840 65440 INFO tempest.lib.common.rest_client [req-42556eee-e728-4867-a86a-837d6ac1921e req-42556eee-e728-4867-a86a-837d6ac1921e ] Request (AttachInterfacesTestJSON:test_create_list_show_delete_interfaces_by_fixed_ip): 200 GET http://10.180.1.21/compute/v2.1/servers/6f115954-27af-4404-8bf1-e1313bea1f25/os-interface/e15ae5ff-5c48-48ab-9bcd-1756d925a431 0.913s
2025-12-09 03:50:32.924 65440 INFO tempest.lib.common.rest_client [req-bf099226-9ce4-40a1-9468-64ff5bc88af9 req-bf099226-9ce4-40a1-9468-64ff5bc88af9 ] Request (AttachInterfacesTestJSON:test_create_list_show_delete_interfaces_by_fixed_ip): 200 GET http://10.180.1.21/networking/v2.0/ports?network_id=3ca23136-90e0-4af3-81f3-a6275008ab89 0.081s
2025-12-09 03:50:33.027 65440 INFO tempest.lib.common.rest_client [req-c87a463b-055f-4871-b483-62df2027113e req-c87a463b-055f-4871-b483-62df2027113e ] Request (AttachInterfacesTestJSON:test_create_list_show_delete_interfaces_by_fixed_ip): 200 GET http://10.180.1.21/networking/v2.0/subnets/165205ce-17ff-4b7a-9727-fe047fd1c90f 0.103s
2025-12-09 03:50:33.105 65444 INFO tempest.lib.common.rest_client [req-558eec90-e17c-459e-b95b-9596d80a9f26 req-558eec90-e17c-459e-b95b-9596d80a9f26 ] Request (ServerRescueNegativeTestJSON:test_rescued_vm_detach_volume): 200 GET http://10.180.1.21/compute/v2.1/servers/b1881c3d-410e-406e-8849-fea493db27ed 1.156s
2025-12-09 03:50:33.107 65426 INFO tempest.lib.common.rest_client [req-a6cbe8c1-8653-418a-a9b0-4cb4f1ffcff4 req-a6cbe8c1-8653-418a-a9b0-4cb4f1ffcff4 ] Request (InstanceActionsV221TestJSON:test_get_list_deleted_instance_actions): 200 GET http://10.180.1.21/compute/v2.1/servers/91d67ae3-63b2-40ee-b112-110d3409a1b9 1.082s
2025-12-09 03:50:33.115 65444 INFO tempest.common.waiters [-] State transition "BUILD/networking" ==> "BUILD/spawning" after 53 second wait
2025-12-09 03:50:33.129 65476 INFO tempest.lib.common.rest_client [req-19c64f1d-5f2b-40b6-aebb-685416674a15 req-19c64f1d-5f2b-40b6-aebb-685416674a15 ] Request (AttachInterfacesUnderV243Test:tearDownClass): 404 GET http://10.180.1.21/compute/v2.1/servers/a2442ad3-1663-45fa-a1be-f2de983f56b3 1.002s
2025-12-09 03:50:33.167 65434 INFO tempest.lib.common.rest_client [req-b6d6d646-f3e6-4a77-9adf-3a8302fab487 req-b6d6d646-f3e6-4a77-9adf-3a8302fab487 ] Request (AttachVolumeTestJSON:test_attach_detach_volume): 200 GET http://10.180.1.21/compute/v2.1/servers/fe8f8c21-25c5-4c28-b3bf-f70417fb34c4/os-interface 1.060s
2025-12-09 03:50:33.765 65434 INFO tempest.lib.common.rest_client [req-629a5860-4ee3-4b7a-be3a-45c17a5e28f1 req-629a5860-4ee3-4b7a-be3a-45c17a5e28f1 ] Request (AttachVolumeTestJSON:test_attach_detach_volume): 200 PUT http://10.180.1.21/networking/v2.0/floatingips/0f77f3db-10e4-43b2-863f-6e903c0ffd0a 0.594s
2025-12-09 03:50:33.766 65434 INFO tempest.lib.common.ssh [-] Creating ssh connection to '10.180.180.220:22' as 'cirros' with public key authentication
2025-12-09 03:50:33.803 65458 INFO tempest.lib.common.rest_client [req-6b39bea6-1bae-4ec0-a7da-76db5a840f89 req-6b39bea6-1bae-4ec0-a7da-76db5a840f89 ] Request (SecurityGroupsTestJSON:test_server_security_groups): 200 GET http://10.180.1.21/compute/v2.1/servers/f76e6651-9753-499b-91d6-10d12bbc0cea 1.420s
2025-12-09 03:50:33.828 65424 INFO tempest.lib.common.rest_client [req-499d2445-57f3-4e32-bba1-b995f11ca6eb req-499d2445-57f3-4e32-bba1-b995f11ca6eb ] Request (ServersAdminTestJSON:tearDownClass): 200 GET http://10.180.1.21/compute/v2.1/servers/ea2735fa-aa79-4a03-9cd6-95e614afb65f 1.586s
2025-12-09 03:50:33.895 65418 INFO tempest.lib.common.rest_client [req-3d9a5af4-fdea-4a9e-bbc7-df28ab19a521 req-3d9a5af4-fdea-4a9e-bbc7-df28ab19a521 ] Request (ServerActionsTestOtherB:test_resize_server_confirm_from_stopped): 204 POST http://10.180.1.21/compute/v2.1/servers/52695f26-0a55-43cd-b800-5ef399ffa53d/action 1.386s
2025-12-09 03:50:33.913 65476 INFO tempest.lib.common.rest_client [req-09b825fc-3507-4453-b174-43622ba23906 req-09b825fc-3507-4453-b174-43622ba23906 ] Request (AttachInterfacesUnderV243Test:tearDownClass): 200 PUT http://10.180.1.21/networking/v2.0/routers/4c3c268f-daa2-4813-a7d7-8a2ed4ff4516/remove_router_interface 0.784s
2025-12-09 03:50:33.974 65468 INFO tempest.lib.common.rest_client [req-acd6e1d1-aaa2-45e7-ad83-4657b5ca153e req-acd6e1d1-aaa2-45e7-ad83-4657b5ca153e ] Request (DeleteServersTestJSON:test_delete_server_while_in_shelved_state): 200 GET http://10.180.1.21/compute/v2.1/servers/d001c979-3e3a-47e8-81f3-125ad9b9fd68 1.564s
2025-12-09 03:50:33.993 65480 INFO tempest.lib.common.rest_client [req-38eefec0-3633-40f4-8624-73a120185f26 req-38eefec0-3633-40f4-8624-73a120185f26 ] Request (ServersTestJSON:tearDownClass): 200 GET http://10.180.1.21/compute/v2.1/servers/6176ef8b-a5f3-498d-8d1d-586848af6e2c 1.415s
2025-12-09 03:50:34.084 65428 INFO tempest.lib.common.rest_client [req-6172e2fa-10dc-46a1-85df-211c4ed5add3 req-6172e2fa-10dc-46a1-85df-211c4ed5add3 ] Request (ServersTestJSON:test_create_server_with_ipv6_addr_only): 200 GET http://10.180.1.21/compute/v2.1/servers/f5607475-cb47-44d3-beb7-2673e5fc18d5 1.304s
2025-12-09 03:50:34.127 65438 INFO tempest.lib.common.rest_client [req-8e9efa3b-31f0-439f-abe2-ccdaf239eec9 req-8e9efa3b-31f0-439f-abe2-ccdaf239eec9 ] Request (ServerRescueTestJSON:test_rescue_unrescue_instance): 200 GET http://10.180.1.21/compute/v2.1/servers/930ed30e-d4d3-4fcd-a983-ec3e40904b7c 1.514s
2025-12-09 03:50:34.180 65422 INFO tempest.lib.common.rest_client [req-6f51e32a-12f9-4586-af77-3cbeb66cfa82 req-6f51e32a-12f9-4586-af77-3cbeb66cfa82 ] Request (ServerAddressesTestJSON:setUpClass): 200 GET http://10.180.1.21/compute/v2.1/servers/f7c8d12d-9b5c-4c19-bb5c-c8c6cd0af9be 1.340s
2025-12-09 03:50:34.283 65466 INFO tempest.lib.common.rest_client [req-4d3c09f6-2777-414e-a7fc-5eb6eed071f8 req-4d3c09f6-2777-414e-a7fc-5eb6eed071f8 ] Request (MigrationsAdminTest:test_resize_server_revert_deleted_flavor): 200 GET http://10.180.1.21/compute/v2.1/servers/38856b94-b688-4e4a-999a-0b0d35543999 1.439s
2025-12-09 03:50:34.292 65466 INFO tempest.common.waiters [-] State transition "RESIZE/resize_migrating" ==> "RESIZE/resize_migrated" after 53 second wait
2025-12-09 03:50:34.309 65462 INFO tempest.lib.common.rest_client [req-c1c7591a-9d4a-4910-b851-b620c109e51a req-c1c7591a-9d4a-4910-b851-b620c109e51a ] Request (ServerTagsTestJSON:tearDownClass): 200 GET http://10.180.1.21/compute/v2.1/servers/e38426ee-3b44-4941-a46b-742f441cd8b6 1.351s
2025-12-09 03:50:34.380 65476 INFO tempest.lib.common.rest_client [req-c9983908-2273-4aa7-b662-9ece2fe34d08 req-c9983908-2273-4aa7-b662-9ece2fe34d08 ] Request (AttachInterfacesUnderV243Test:tearDownClass): 204 DELETE http://10.180.1.21/networking/v2.0/routers/4c3c268f-daa2-4813-a7d7-8a2ed4ff4516 0.466s
2025-12-09 03:50:34.503 65442 INFO tempest.lib.common.rest_client [req-559258c8-89c2-4daa-a9c9-7cc18f5005ac req-559258c8-89c2-4daa-a9c9-7cc18f5005ac ] Request (ListServersNegativeTestJSON:tearDownClass): 200 GET http://10.180.1.21/compute/v2.1/servers/4fc5682d-3ea5-487b-8517-7ba536a99535 1.422s
2025-12-09 03:50:34.569 65476 INFO tempest.lib.common.rest_client [req-39c8cd6a-3daf-48f8-963a-a87c68bd0008 req-39c8cd6a-3daf-48f8-963a-a87c68bd0008 ] Request (AttachInterfacesUnderV243Test:tearDownClass): 204 DELETE http://10.180.1.21/networking/v2.0/subnets/dc3ac908-2971-4fd3-957f-a04bf4c20c25 0.187s
2025-12-09 03:50:34.603 65430 INFO tempest.lib.common.rest_client [req-988b2344-cd77-433e-9a25-c47dd813d941 req-988b2344-cd77-433e-9a25-c47dd813d941 ] Request (ServersAdminNegativeTestJSON:tearDownClass): 200 GET http://10.180.1.21/compute/v2.1/servers/07716d2e-2167-4706-9825-57244f60506a 1.449s
2025-12-09 03:50:34.804 65472 INFO tempest.lib.common.rest_client [req-f091b733-2be5-4919-b27e-66a6c3153d0e req-f091b733-2be5-4919-b27e-66a6c3153d0e ] Request (ImagesOneServerNegativeTestJSON:_run_cleanups): 200 GET http://10.180.1.21/compute/v2.1/servers/f3255458-b8b7-49aa-9523-09ae037e71c8 1.597s
2025-12-09 03:50:34.855 65476 INFO tempest.lib.common.rest_client [req-579df6c7-ed50-4f79-abb6-bc5b8f4f1239 req-579df6c7-ed50-4f79-abb6-bc5b8f4f1239 ] Request (AttachInterfacesUnderV243Test:tearDownClass): 204 DELETE http://10.180.1.21/networking/v2.0/networks/88dda00b-7df6-4bb7-acf3-8d28e5fdfec4 0.285s
2025-12-09 03:50:34.870 65436 INFO tempest.lib.common.rest_client [req-419871d2-d829-4c16-afbd-483b2f2eecb1 req-419871d2-d829-4c16-afbd-483b2f2eecb1 ] Request (InstanceActionsTestJSON:tearDownClass): 200 GET http://10.180.1.21/compute/v2.1/servers/0bf2263d-d539-4b1e-98b9-e7a341ce1a9e 1.546s
2025-12-09 03:50:34.962 65476 INFO tempest.lib.common.rest_client [req-2cca88f4-15e2-4dc0-9bb8-4ef3efa9c9b2 req-2cca88f4-15e2-4dc0-9bb8-4ef3efa9c9b2 ] Request (AttachInterfacesUnderV243Test:tearDownClass): 204 DELETE http://10.180.1.21/identity/v3/users/0d911b8090e3479b8cedfe4a0964dc59 0.106s
2025-12-09 03:50:34.962 65476 INFO tempest.lib.common.dynamic_creds [-] Deleting project and security group for project: 597a7d45d74b4e3b9737e9e32d0fd872
2025-12-09 03:50:35.046 65454 INFO tempest.lib.common.rest_client [req-c345484d-824d-4370-9eb7-ba38ce346412 req-c345484d-824d-4370-9eb7-ba38ce346412 ] Request (ServerDiskConfigTestJSON:test_resize_server_from_auto_to_manual): 200 GET http://10.180.1.21/compute/v2.1/servers/cf238738-4c6e-42c0-9ec2-e1052fb0a2dc 1.696s
2025-12-09 03:50:35.056 65476 INFO tempest.lib.common.rest_client [req-882037d8-ee7f-4170-a8b1-70af9d42c0f0 req-882037d8-ee7f-4170-a8b1-70af9d42c0f0 ] Request (AttachInterfacesUnderV243Test:tearDownClass): 200 GET http://10.180.1.21/networking/v2.0/security-groups?tenant_id=597a7d45d74b4e3b9737e9e32d0fd872&name=default 0.094s
2025-12-09 03:50:35.154 65476 INFO tempest.lib.common.rest_client [req-1eb232e3-f422-4a1b-aee9-e9ae536e1a66 req-1eb232e3-f422-4a1b-aee9-e9ae536e1a66 ] Request (AttachInterfacesUnderV243Test:tearDownClass): 204 DELETE http://10.180.1.21/networking/v2.0/security-groups/b1c46302-3b14-4e63-a05d-d45d2d23710c 0.097s
2025-12-09 03:50:35.181 65456 INFO tempest.lib.common.rest_client [req-d0c4cb1c-409f-4256-95ab-238e35a5a62c req-d0c4cb1c-409f-4256-95ab-238e35a5a62c ] Request (ImagesTestJSON:test_create_server_from_snapshot): 200 GET http://10.180.1.21/compute/v2.1/servers/8aa77d38-3ae3-447b-8d82-eb91667c3658 1.799s
2025-12-09 03:50:35.282 65476 INFO tempest.lib.common.rest_client [req-eaf4c4f5-24ec-40d7-81da-d3cb96d23768 req-eaf4c4f5-24ec-40d7-81da-d3cb96d23768 ] Request (AttachInterfacesUnderV243Test:tearDownClass): 204 DELETE http://10.180.1.21/identity/v3/projects/597a7d45d74b4e3b9737e9e32d0fd872 0.128s
2025-12-09 03:50:35.325 65446 INFO tempest.lib.common.rest_client [req-a8408842-f7e1-450d-9426-cbe5f8b93fb6 req-a8408842-f7e1-450d-9426-cbe5f8b93fb6 ] Request (ServerGroupTestJSON:test_create_server_with_scheduler_hint_group): 200 GET http://10.180.1.21/compute/v2.1/servers/73826a19-7536-42c6-8349-aae9eed7bd82 1.714s
2025-12-09 03:50:35.333 65446 INFO tempest.common.waiters [-] State transition "BUILD/None" ==> "BUILD/networking" after 51 second wait
2025-12-09 03:50:35.364 65476 INFO tempest.lib.common.rest_client [req-30e36b7e-6723-43ce-9715-04c4b16c8a3e req-30e36b7e-6723-43ce-9715-04c4b16c8a3e ] Request (ExtensionsTest:setUpClass): 201 POST http://10.180.1.21/identity/v3/auth/tokens 0.080s
2025-12-09 03:50:35.398 65476 INFO tempest.lib.common.rest_client [req-f59accdb-2d31-4061-ac90-bf92e35ae3f8 req-f59accdb-2d31-4061-ac90-bf92e35ae3f8 ] Request (ExtensionsTest:setUpClass): 201 POST http://10.180.1.21/identity/v3/auth/tokens 0.030s
2025-12-09 03:50:35.404 65420 INFO tempest.lib.common.rest_client [req-d8d279ef-5b76-445e-a8b7-f50e8fb130f3 req-d8d279ef-5b76-445e-a8b7-f50e8fb130f3 ] Request (ListImageFiltersTestJSON:tearDownClass): 200 GET http://10.180.1.21/compute/v2.1/servers/df1ced50-4706-4514-8268-bed82480f9c7 1.704s
2025-12-09 03:50:35.442 65476 INFO tempest.lib.common.rest_client [req-6f385eb2-8ada-4330-be4e-eb20f97943b3 req-6f385eb2-8ada-4330-be4e-eb20f97943b3 ] Request (ExtensionsTest:setUpClass): 200 GET http://10.180.1.21/identity/v3/domains?name=Default 0.044s
2025-12-09 03:50:35.482 65452 INFO tempest.lib.common.rest_client [req-97993238-90ed-447c-a68a-42ef6a3c4223 req-97993238-90ed-447c-a68a-42ef6a3c4223 ] Request (ServersTestFqdnHostnames:test_create_server_with_fqdn_name): 200 GET http://10.180.1.21/compute/v2.1/servers/6a58ad47-580d-4e2f-ac80-a4415ed13a78 1.700s
2025-12-09 03:50:35.495 65476 INFO tempest.lib.common.rest_client [req-333c6901-2233-4b84-a228-82c85dd485ae req-333c6901-2233-4b84-a228-82c85dd485ae ] Request (ExtensionsTest:setUpClass): 201 POST http://10.180.1.21/identity/v3/projects 0.051s
2025-12-09 03:50:35.578 65476 INFO tempest.lib.common.rest_client [req-d59cc425-dff4-4938-8b5b-e251ed25a2dc req-d59cc425-dff4-4938-8b5b-e251ed25a2dc ] Request (ExtensionsTest:setUpClass): 201 POST http://10.180.1.21/identity/v3/users 0.081s
2025-12-09 03:50:35.604 65476 INFO tempest.lib.common.rest_client [req-9d7e1c2c-2b81-46a7-98c3-c5e235ff5eb5 req-9d7e1c2c-2b81-46a7-98c3-c5e235ff5eb5 ] Request (ExtensionsTest:setUpClass): 200 GET http://10.180.1.21/identity/v3/roles 0.026s
2025-12-09 03:50:35.625 65418 INFO tempest.lib.common.rest_client [req-d4b8e296-3411-4aa5-8e84-b78f33d66756 req-d4b8e296-3411-4aa5-8e84-b78f33d66756 ] Request (ServerActionsTestOtherB:test_resize_server_confirm_from_stopped): 200 GET http://10.180.1.21/compute/v2.1/servers/52695f26-0a55-43cd-b800-5ef399ffa53d 1.730s
2025-12-09 03:50:35.643 65476 INFO tempest.lib.common.rest_client [req-6df9ce85-8644-48b4-b03d-300a8d664525 req-6df9ce85-8644-48b4-b03d-300a8d664525 ] Request (ExtensionsTest:setUpClass): 204 PUT http://10.180.1.21/identity/v3/projects/62df4594c0b5450fbde630e0aab4c213/users/e949de23d1fd4e1b97bc2a80d8b977d0/roles/b8c0c669669d4be4bf2fc9c839d2d575 0.038s
2025-12-09 03:50:35.643 65476 INFO tempest.lib.common.dynamic_creds [-] Dynamic test user e949de23d1fd4e1b97bc2a80d8b977d0 is created with scope project and roles: ['member']
2025-12-09 03:50:35.643 65476 INFO tempest.lib.common.dynamic_creds [-] Acquired dynamic creds: credentials: Credentials: {'domain_id': 'default', 'domain_name': 'Default', 'username': 'tempest-ExtensionsTest-675997588-project-member', 'project_domain_id': 'default', 'project_domain_name': 'Default', 'project_id': '62df4594c0b5450fbde630e0aab4c213', 'project_name': 'tempest-ExtensionsTest-675997588', 'tenant_id': '62df4594c0b5450fbde630e0aab4c213', 'tenant_name': 'tempest-ExtensionsTest-675997588', 'user_domain_id': 'default', 'user_domain_name': 'Default', 'user_id': 'e949de23d1fd4e1b97bc2a80d8b977d0', 'system': None}, Network: None, Subnet: None, Router: None
