2025-12-02 02:59:45.878 66048 INFO tempest.lib.common.rest_client [req-37fc33b1-97d1-48a9-9f2d-c512765df852 req-37fc33b1-97d1-48a9-9f2d-c512765df852 ] Request (ImagesOneServerNegativeTestJSON:_run_cleanups): 200 GET http://10.180.1.21/compute/v2.1/servers/75cd7169-e2cd-4207-b775-ffa5a3d6d875 0.106s
2025-12-02 02:59:45.894 66010 INFO tempest.lib.common.rest_client [req-20c0ea7e-71cc-4e0f-89a2-5787235dbb90 req-20c0ea7e-71cc-4e0f-89a2-5787235dbb90 ] Request (ServersNegativeTestMultiTenantJSON:tearDownClass): 200 GET http://10.180.1.21/compute/v2.1/servers/6ab0ec1d-4044-4d44-9869-1672b6bae012 0.096s
2025-12-02 02:59:45.935 66032 INFO tempest.lib.common.rest_client [req-27cb9a96-7824-41c0-946e-30bbcfd9962c req-27cb9a96-7824-41c0-946e-30bbcfd9962c ] Request (ServersAdminTestJSON:tearDownClass): 200 GET http://10.180.1.21/compute/v2.1/servers/dbb0ea4a-79d6-40af-bc09-c5394435694a 0.071s
2025-12-02 02:59:45.983 66012 INFO tempest.lib.common.rest_client [req-97142060-332a-4a66-9252-a5d588e39782 req-97142060-332a-4a66-9252-a5d588e39782 ] Request (ServerDiskConfigTestJSON:test_resize_server_from_auto_to_manual): 200 GET http://10.180.1.21/compute/v2.1/servers/dc445bb8-d314-4a2b-ad7f-57b2d2fb7bb5 0.097s
2025-12-02 02:59:45.994 66064 INFO tempest.lib.common.rest_client [req-9ab774b5-4330-4cb3-9e07-56f705e1e3dd req-9ab774b5-4330-4cb3-9e07-56f705e1e3dd ] Request (ServerDiagnosticsV248Test:tearDownClass): 200 GET http://10.180.1.21/compute/v2.1/servers/a51c9fc1-9efb-426d-8b64-13bedb78d870 0.073s
2025-12-02 02:59:46.002 66064 INFO tempest.common.waiters [-] State transition "ACTIVE/deleting" ==> "DELETED/None" after 6 second wait
2025-12-02 02:59:46.243 66040 INFO tempest.lib.common.rest_client [req-b94dbc19-7f25-4d3f-8674-8470726a8403 req-b94dbc19-7f25-4d3f-8674-8470726a8403 ] Request (ListServersNegativeTestJSON:setUpClass): 200 GET http://10.180.1.21/compute/v2.1/servers/d825170d-4c08-4d1d-9e4a-64eb141d06e3 0.050s
2025-12-02 02:59:46.263 66026 INFO tempest.lib.common.rest_client [req-f43a61f6-6152-4a7f-93f7-4b7063151c97 req-f43a61f6-6152-4a7f-93f7-4b7063151c97 ] Request (ServerActionsV293TestJSON:setUpClass): 200 GET http://10.180.1.21/compute/v2.1/servers/967d509a-4adb-4e99-8d51-8cc226b333ea 0.132s
2025-12-02 02:59:46.274 66026 INFO tempest.common.waiters [-] State transition "BUILD/spawning" ==> "ACTIVE/None" after 34 second wait
2025-12-02 02:59:46.298 66025 INFO tempest.lib.common.rest_client [req-5eb86f33-067a-45e5-88c6-530e3966da19 req-5eb86f33-067a-45e5-88c6-530e3966da19 ] Request (ServerRescueTestJSON:tearDownClass): 200 GET http://10.180.1.21/compute/v2.1/servers/94e90158-d00a-4de7-a897-91e198772c78 0.069s
2025-12-02 02:59:46.339 66044 INFO tempest.lib.common.rest_client [req-1834e901-1219-4867-ae24-b3eba5445185 req-1834e901-1219-4867-ae24-b3eba5445185 ] Request (MigrationsAdminTest:tearDownClass): 200 GET http://10.180.1.21/compute/v2.1/servers/6a030176-9419-48b5-878a-2de711b9fa9b 0.065s
2025-12-02 02:59:46.364 66026 INFO tempest.lib.common.rest_client [req-4f90074a-79cc-4018-ace2-9c1df20c3266 req-4f90074a-79cc-4018-ace2-9c1df20c3266 ] Request (ServerActionsV293TestJSON:setUpClass): 200 GET http://10.180.1.21/compute/v2.1/servers/967d509a-4adb-4e99-8d51-8cc226b333ea/os-interface 0.089s
2025-12-02 02:59:46.735 66046 INFO paramiko.transport [-] Connected (version 2.0, client dropbear_2020.81)
2025-12-02 02:59:46.814 66042 INFO tempest.lib.common.rest_client [req-8ff0ff4a-8238-4aae-926a-90a6b3b410b6 req-8ff0ff4a-8238-4aae-926a-90a6b3b410b6 ] Request (ServerAddressesTestJSON:setUpClass): 200 GET http://10.180.1.21/compute/v2.1/servers/b34b6d21-2fc9-4869-a541-5f04145bd21b 0.474s
2025-12-02 02:59:46.854 66046 INFO paramiko.transport [-] Authentication (publickey) successful!
2025-12-02 02:59:46.857 66046 INFO tempest.lib.common.ssh [-] ssh connection to cirros@10.180.180.155 successfully created
2025-12-02 02:59:46.909 66026 INFO tempest.lib.common.rest_client [req-4daf6f2f-a99a-4dd3-a2cb-aa31e424fbac req-4daf6f2f-a99a-4dd3-a2cb-aa31e424fbac ] Request (ServerActionsV293TestJSON:setUpClass): 200 PUT http://10.180.1.21/networking/v2.0/floatingips/bcf93354-db1a-4ec6-b8fa-32fed1e4d56f 0.542s
2025-12-02 02:59:46.943 66034 INFO tempest.lib.common.rest_client [req-013c95ae-8618-4225-8487-1d35e8e9ef4f req-013c95ae-8618-4225-8487-1d35e8e9ef4f ] Request (InstanceActionsTestJSON:setUpClass): 200 GET http://10.180.1.21/compute/v2.1/servers/81b06f32-f278-4aa9-b551-723dcd1a49c1 0.543s
2025-12-02 02:59:46.951 66034 INFO tempest.common.waiters [-] State transition "BUILD/None" ==> "BUILD/networking" after 32 second wait
2025-12-02 02:59:47.007 66036 INFO tempest.lib.common.rest_client [req-e736eec4-7120-4d33-b7ea-f730abe0f289 req-e736eec4-7120-4d33-b7ea-f730abe0f289 ] Request (ListImageFiltersTestJSON:tearDownClass): 200 GET http://10.180.1.21/compute/v2.1/servers/dce3d703-464e-4206-a64e-c7605fd2662b 0.562s
2025-12-02 02:59:47.043 66008 INFO tempest.lib.common.rest_client [req-142d4d44-5dbb-4006-b330-adad25eb81b9 req-142d4d44-5dbb-4006-b330-adad25eb81b9 ] Request (ServersTestBootFromVolume:tearDownClass): 200 GET http://10.180.1.21/compute/v2.1/servers/562f5a07-ed6c-412d-a069-2dcc4187f45a 0.556s
2025-12-02 02:59:47.123 66022 INFO tempest.lib.common.rest_client [req-d75a33a0-1d83-4457-94f0-120d3a581694 req-d75a33a0-1d83-4457-94f0-120d3a581694 ] Request (DeleteServersTestJSON:test_delete_server_while_in_attached_volume): 200 GET http://10.180.1.21/compute/v2.1/servers/7b1d6d94-0e38-49dd-9945-15ff5807ed93 0.582s
2025-12-02 02:59:47.154 66050 INFO tempest.lib.common.rest_client [req-b2feaaaf-746c-4628-899d-3017936eb000 req-b2feaaaf-746c-4628-899d-3017936eb000 ] Request (AttachVolumeNegativeTest:test_attach_attached_volume_to_different_server): 200 GET http://10.180.1.21/compute/v2.1/servers/ca0eb957-fd17-4fa7-ac92-95c2a79c18a0 0.484s
2025-12-02 02:59:47.288 66016 INFO tempest.lib.common.rest_client [req-8051d1b0-0fcd-4736-a61d-c6b779ddb27d req-8051d1b0-0fcd-4736-a61d-c6b779ddb27d ] Request (ServerRescueNegativeTestJSON:setUpClass): 200 GET http://10.180.1.21/compute/v2.1/servers/71a9bf47-f87e-4d6a-9549-ef0bc83a9e08 0.536s
2025-12-02 02:59:47.337 66060 INFO tempest.lib.common.rest_client [req-506279ba-00c5-4454-a92f-97b079a25e90 req-506279ba-00c5-4454-a92f-97b079a25e90 ] Request (SecurityGroupsTestJSON:test_server_security_groups): 200 GET http://10.180.1.21/compute/v2.1/servers/559a2ba4-4d43-45b8-8684-af6d60196add 0.627s
2025-12-02 02:59:47.386 66062 INFO tempest.lib.common.rest_client [req-1f4d1640-0b6a-4071-b58a-9c9885e9eaef req-1f4d1640-0b6a-4071-b58a-9c9885e9eaef ] Request (ImagesTestJSON:test_create_server_from_snapshot): 200 GET http://10.180.1.21/compute/v2.1/servers/17bd3503-aa97-4e8d-a2d0-6847332752b4 0.567s
2025-12-02 02:59:47.458 66046 INFO tempest.lib.common.rest_client [req-c5ae342e-69d1-481c-bba3-56cd1e594cc3 req-c5ae342e-69d1-481c-bba3-56cd1e594cc3 ] Request (ServersTestManualDisk:test_list_servers): 200 GET http://10.180.1.21/compute/v2.1/servers 0.592s
2025-12-02 02:59:47.487 66054 INFO tempest.lib.common.rest_client [req-b7b3220e-f5b5-43aa-9920-e77137e692f4 req-b7b3220e-f5b5-43aa-9920-e77137e692f4 ] Request (AttachVolumeShelveTestJSON:test_attach_volume_shelved_or_offload_server): 200 GET http://10.180.1.21/compute/v2.1/servers/0dab038b-84a8-4bb4-9da4-0a19df218022 0.642s
2025-12-02 02:59:47.521 66048 INFO tempest.lib.common.rest_client [req-ad90916f-e814-41d6-abda-55742522f100 req-ad90916f-e814-41d6-abda-55742522f100 ] Request (ImagesOneServerNegativeTestJSON:_run_cleanups): 200 GET http://10.180.1.21/compute/v2.1/servers/75cd7169-e2cd-4207-b775-ffa5a3d6d875 0.634s
2025-12-02 02:59:47.561 66010 INFO tempest.lib.common.rest_client [req-149e3335-1af8-4ce1-8d94-196a442fa0ed req-149e3335-1af8-4ce1-8d94-196a442fa0ed ] Request (ServersNegativeTestMultiTenantJSON:tearDownClass): 200 GET http://10.180.1.21/compute/v2.1/servers/6ab0ec1d-4044-4d44-9869-1672b6bae012 0.658s
2025-12-02 02:59:47.642 66032 INFO tempest.lib.common.rest_client [req-afc803f0-a0c7-481e-a1ef-929fc8917f44 req-afc803f0-a0c7-481e-a1ef-929fc8917f44 ] Request (ServersAdminTestJSON:tearDownClass): 200 GET http://10.180.1.21/compute/v2.1/servers/dbb0ea4a-79d6-40af-bc09-c5394435694a 0.699s
2025-12-02 02:59:47.670 66026 INFO tempest.lib.common.rest_client [req-1e6e702e-e1b2-46cf-9309-3ea5473feade req-1e6e702e-e1b2-46cf-9309-3ea5473feade ] Request (ServerActionsV293TestJSON:test_rebuild_volume_backed_server): 200 GET http://10.180.1.21/compute/v2.1/servers/967d509a-4adb-4e99-8d51-8cc226b333ea 0.761s
2025-12-02 02:59:47.714 66026 INFO tempest.lib.common.rest_client [req-bebeda98-b5c0-401f-928f-2feb1df0d8f5 req-bebeda98-b5c0-401f-928f-2feb1df0d8f5 ] Request (ServerActionsV293TestJSON:test_rebuild_volume_backed_server): 200 GET http://10.180.1.21/volume/v3/volumes/e922cb6e-ca9c-42e6-99ee-7cdc5b8b56a0 0.033s
2025-12-02 02:59:47.722 66026 INFO tempest.lib.common.ssh [-] Creating ssh connection to '10.180.180.216:22' as 'cirros' with public key authentication
2025-12-02 02:59:47.791 66064 INFO tempest.lib.common.rest_client [req-25ad9183-ba6d-4367-9137-aca8452ce6d1 req-25ad9183-ba6d-4367-9137-aca8452ce6d1 ] Request (ServerDiagnosticsV248Test:tearDownClass): 200 GET http://10.180.1.21/compute/v2.1/servers/a51c9fc1-9efb-426d-8b64-13bedb78d870 0.787s
2025-12-02 02:59:47.810 66012 INFO tempest.lib.common.rest_client [req-582889ab-2e89-42be-80e1-7f0600b20ac6 req-582889ab-2e89-42be-80e1-7f0600b20ac6 ] Request (ServerDiskConfigTestJSON:test_resize_server_from_auto_to_manual): 200 GET http://10.180.1.21/compute/v2.1/servers/dc445bb8-d314-4a2b-ad7f-57b2d2fb7bb5 0.818s
2025-12-02 02:59:47.848 66040 INFO tempest.lib.common.rest_client [req-dd974aa1-d2cf-4775-a52e-e380f98627ed req-dd974aa1-d2cf-4775-a52e-e380f98627ed ] Request (ListServersNegativeTestJSON:setUpClass): 200 GET http://10.180.1.21/compute/v2.1/servers/d825170d-4c08-4d1d-9e4a-64eb141d06e3 0.598s
2025-12-02 02:59:47.869 66025 INFO tempest.lib.common.rest_client [req-3e571810-b0a7-4a1d-9a97-25eb788dc868 req-3e571810-b0a7-4a1d-9a97-25eb788dc868 ] Request (ServerRescueTestJSON:tearDownClass): 200 GET http://10.180.1.21/compute/v2.1/servers/94e90158-d00a-4de7-a897-91e198772c78 0.563s
2025-12-02 02:59:47.914 66044 INFO tempest.lib.common.rest_client [req-efb4d982-3f81-4a1b-9ac4-2865660fe794 req-efb4d982-3f81-4a1b-9ac4-2865660fe794 ] Request (MigrationsAdminTest:tearDownClass): 200 GET http://10.180.1.21/compute/v2.1/servers/6a030176-9419-48b5-878a-2de711b9fa9b 0.568s
2025-12-02 02:59:48.050 66046 INFO tempest.lib.common.rest_client [req-f32f0d7e-044e-45e3-8ccb-1098b55abe0d req-f32f0d7e-044e-45e3-8ccb-1098b55abe0d ] Request (ServersTestManualDisk:test_list_servers_with_detail): 200 GET http://10.180.1.21/compute/v2.1/servers/detail 0.589s
2025-12-02 02:59:48.077 66042 INFO tempest.lib.common.rest_client [req-15caf4a7-7ac1-4536-8d91-76f900714f36 req-15caf4a7-7ac1-4536-8d91-76f900714f36 ] Request (ServerAddressesTestJSON:setUpClass): 200 GET http://10.180.1.21/compute/v2.1/servers/b34b6d21-2fc9-4869-a541-5f04145bd21b 0.254s
2025-12-02 02:59:48.166 66036 INFO tempest.lib.common.rest_client [req-650ecf2d-bb78-42d2-8347-9e4fc06d1ab0 req-650ecf2d-bb78-42d2-8347-9e4fc06d1ab0 ] Request (ListImageFiltersTestJSON:tearDownClass): 200 GET http://10.180.1.21/compute/v2.1/servers/dce3d703-464e-4206-a64e-c7605fd2662b 0.146s
2025-12-02 02:59:48.188 66034 INFO tempest.lib.common.rest_client [req-7aa60293-ecb2-479e-b6ad-68f46ddf140d req-7aa60293-ecb2-479e-b6ad-68f46ddf140d ] Request (InstanceActionsTestJSON:setUpClass): 200 GET http://10.180.1.21/compute/v2.1/servers/81b06f32-f278-4aa9-b551-723dcd1a49c1 0.236s
2025-12-02 02:59:48.197 66034 INFO tempest.common.waiters [-] State transition "BUILD/networking" ==> "BUILD/spawning" after 34 second wait
2025-12-02 02:59:48.210 66046 INFO tempest.lib.common.rest_client [req-61857768-11d1-4cec-a785-f9671ac36114 req-61857768-11d1-4cec-a785-f9671ac36114 ] Request (ServersTestManualDisk:test_verify_created_server_vcpus): 200 GET http://10.180.1.21/compute/v2.1/flavors/42 0.151s
2025-12-02 02:59:48.213 66046 INFO tempest.lib.common.ssh [-] Creating ssh connection to '10.180.180.155:22' as 'cirros' with public key authentication
2025-12-02 02:59:48.217 66046 INFO paramiko.transport [-] Connected (version 2.0, client dropbear_2020.81)
2025-12-02 02:59:48.236 66008 INFO tempest.lib.common.rest_client [req-542ebf2c-947a-4b8a-bbdf-e1e3068ed60d req-542ebf2c-947a-4b8a-bbdf-e1e3068ed60d ] Request (ServersTestBootFromVolume:tearDownClass): 200 GET http://10.180.1.21/compute/v2.1/servers/562f5a07-ed6c-412d-a069-2dcc4187f45a 0.184s
2025-12-02 02:59:48.275 66046 INFO paramiko.transport [-] Authentication (publickey) successful!
2025-12-02 02:59:48.276 66046 INFO tempest.lib.common.ssh [-] ssh connection to cirros@10.180.180.155 successfully created
2025-12-02 02:59:48.296 66022 INFO tempest.lib.common.rest_client [req-1255d504-05af-4ed2-8db7-5e0c1f92956e req-1255d504-05af-4ed2-8db7-5e0c1f92956e ] Request (DeleteServersTestJSON:test_delete_server_while_in_attached_volume): 200 GET http://10.180.1.21/compute/v2.1/servers/7b1d6d94-0e38-49dd-9945-15ff5807ed93 0.159s
2025-12-02 02:59:48.307 66050 INFO tempest.lib.common.rest_client [req-c7bc7f64-7488-4c1e-a142-fc369147b457 req-c7bc7f64-7488-4c1e-a142-fc369147b457 ] Request (AttachVolumeNegativeTest:test_attach_attached_volume_to_different_server): 200 GET http://10.180.1.21/compute/v2.1/servers/ca0eb957-fd17-4fa7-ac92-95c2a79c18a0 0.142s
2025-12-02 02:59:48.361 66016 INFO tempest.lib.common.rest_client [req-cbe3b923-c1e6-4512-ba68-ea9b5719d606 req-cbe3b923-c1e6-4512-ba68-ea9b5719d606 ] Request (ServerRescueNegativeTestJSON:setUpClass): 200 GET http://10.180.1.21/compute/v2.1/servers/71a9bf47-f87e-4d6a-9549-ef0bc83a9e08 0.064s
2025-12-02 02:59:48.389 66046 INFO tempest.lib.common.rest_client [req-ad4183e4-be74-4aba-801f-3b8c4a48bb8c req-ad4183e4-be74-4aba-801f-3b8c4a48bb8c ] Request (ServersTestManualDisk:tearDownClass): 204 DELETE http://10.180.1.21/compute/v2.1/servers/4672a214-32b4-46b2-9ae9-518fe658240f 0.102s
2025-12-02 02:59:48.574 66060 INFO tempest.lib.common.rest_client [req-4f7713a1-4005-4fcb-9cf1-ad873a09fce6 req-4f7713a1-4005-4fcb-9cf1-ad873a09fce6 ] Request (SecurityGroupsTestJSON:test_server_security_groups): 200 GET http://10.180.1.21/compute/v2.1/servers/559a2ba4-4d43-45b8-8684-af6d60196add 0.229s
2025-12-02 02:59:48.593 66046 INFO tempest.lib.common.rest_client [req-4f2f32eb-9d89-4ac8-8b11-6d323af06dad req-4f2f32eb-9d89-4ac8-8b11-6d323af06dad ] Request (ServersTestManualDisk:tearDownClass): 200 GET http://10.180.1.21/compute/v2.1/servers/4672a214-32b4-46b2-9ae9-518fe658240f 0.203s
2025-12-02 02:59:48.654 66062 INFO tempest.lib.common.rest_client [req-a069196c-cee6-40ab-84bd-145185867d33 req-a069196c-cee6-40ab-84bd-145185867d33 ] Request (ImagesTestJSON:test_create_server_from_snapshot): 200 GET http://10.180.1.21/compute/v2.1/servers/17bd3503-aa97-4e8d-a2d0-6847332752b4 0.257s
2025-12-02 02:59:48.738 66054 INFO tempest.lib.common.rest_client [req-1b938d44-1ad0-4bac-82ae-85b2cff4d40a req-1b938d44-1ad0-4bac-82ae-85b2cff4d40a ] Request (AttachVolumeShelveTestJSON:test_attach_volume_shelved_or_offload_server): 200 GET http://10.180.1.21/compute/v2.1/servers/0dab038b-84a8-4bb4-9da4-0a19df218022 0.242s
2025-12-02 02:59:48.746 66048 INFO tempest.lib.common.rest_client [req-f8bd37f0-23f4-468a-84db-ecc24b846923 req-f8bd37f0-23f4-468a-84db-ecc24b846923 ] Request (ImagesOneServerNegativeTestJSON:_run_cleanups): 200 GET http://10.180.1.21/compute/v2.1/servers/75cd7169-e2cd-4207-b775-ffa5a3d6d875 0.217s
2025-12-02 02:59:48.806 66010 INFO tempest.lib.common.rest_client [req-9e71b9d6-c517-42a4-b0cd-6a2bfaf48dcf req-9e71b9d6-c517-42a4-b0cd-6a2bfaf48dcf ] Request (ServersNegativeTestMultiTenantJSON:tearDownClass): 200 GET http://10.180.1.21/compute/v2.1/servers/6ab0ec1d-4044-4d44-9869-1672b6bae012 0.233s
2025-12-02 02:59:48.819 66032 INFO tempest.lib.common.rest_client [req-80772a7f-fb89-4250-ae76-728b4591466c req-80772a7f-fb89-4250-ae76-728b4591466c ] Request (ServersAdminTestJSON:tearDownClass): 200 GET http://10.180.1.21/compute/v2.1/servers/dbb0ea4a-79d6-40af-bc09-c5394435694a 0.167s
2025-12-02 02:59:48.873 66064 INFO tempest.lib.common.rest_client [req-f75b0bfb-6b2a-45ce-8e37-bb78a410ec74 req-f75b0bfb-6b2a-45ce-8e37-bb78a410ec74 ] Request (ServerDiagnosticsV248Test:tearDownClass): 200 GET http://10.180.1.21/compute/v2.1/servers/a51c9fc1-9efb-426d-8b64-13bedb78d870 0.067s
2025-12-02 02:59:48.923 66040 INFO tempest.lib.common.rest_client [req-4d7f24c7-bffe-485e-b229-519614ae9cee req-4d7f24c7-bffe-485e-b229-519614ae9cee ] Request (ListServersNegativeTestJSON:setUpClass): 200 GET http://10.180.1.21/compute/v2.1/servers/d825170d-4c08-4d1d-9e4a-64eb141d06e3 0.067s
2025-12-02 02:59:48.949 66012 INFO tempest.lib.common.rest_client [req-c3d01aa7-e2e6-43a7-815f-83b5890af810 req-c3d01aa7-e2e6-43a7-815f-83b5890af810 ] Request (ServerDiskConfigTestJSON:test_resize_server_from_auto_to_manual): 200 GET http://10.180.1.21/compute/v2.1/servers/dc445bb8-d314-4a2b-ad7f-57b2d2fb7bb5 0.130s
2025-12-02 02:59:48.978 66025 INFO tempest.lib.common.rest_client [req-e5a91cdb-d36d-47c1-a75d-fc0447d73164 req-e5a91cdb-d36d-47c1-a75d-fc0447d73164 ] Request (ServerRescueTestJSON:tearDownClass): 200 GET http://10.180.1.21/compute/v2.1/servers/94e90158-d00a-4de7-a897-91e198772c78 0.101s
2025-12-02 02:59:49.014 66044 INFO tempest.lib.common.rest_client [req-f34586fa-7667-4f24-b2be-cd045b769f79 req-f34586fa-7667-4f24-b2be-cd045b769f79 ] Request (MigrationsAdminTest:tearDownClass): 200 GET http://10.180.1.21/compute/v2.1/servers/6a030176-9419-48b5-878a-2de711b9fa9b 0.092s
2025-12-02 02:59:49.216 66042 INFO tempest.lib.common.rest_client [req-ee4e759f-12ef-4f4c-b513-801642fb0de9 req-ee4e759f-12ef-4f4c-b513-801642fb0de9 ] Request (ServerAddressesTestJSON:setUpClass): 200 GET http://10.180.1.21/compute/v2.1/servers/b34b6d21-2fc9-4869-a541-5f04145bd21b 0.131s
2025-12-02 02:59:49.231 66036 INFO tempest.lib.common.rest_client [req-66eccf96-5115-4848-9173-9cdd132ad053 req-66eccf96-5115-4848-9173-9cdd132ad053 ] Request (ListImageFiltersTestJSON:tearDownClass): 200 GET http://10.180.1.21/compute/v2.1/servers/dce3d703-464e-4206-a64e-c7605fd2662b 0.056s
2025-12-02 02:59:49.310 66034 INFO tempest.lib.common.rest_client [req-3e37ac32-0c09-48a8-b333-bfe862f4a760 req-3e37ac32-0c09-48a8-b333-bfe862f4a760 ] Request (InstanceActionsTestJSON:setUpClass): 200 GET http://10.180.1.21/compute/v2.1/servers/81b06f32-f278-4aa9-b551-723dcd1a49c1 0.111s
2025-12-02 02:59:49.325 66008 INFO tempest.lib.common.rest_client [req-25007ad4-8346-43be-bb69-e03b38de274c req-25007ad4-8346-43be-bb69-e03b38de274c ] Request (ServersTestBootFromVolume:tearDownClass): 200 GET http://10.180.1.21/compute/v2.1/servers/562f5a07-ed6c-412d-a069-2dcc4187f45a 0.080s
2025-12-02 02:59:49.378 66022 INFO tempest.lib.common.rest_client [req-dde7d543-cec1-4a91-86b8-f19234de05eb req-dde7d543-cec1-4a91-86b8-f19234de05eb ] Request (DeleteServersTestJSON:test_delete_server_while_in_attached_volume): 200 GET http://10.180.1.21/compute/v2.1/servers/7b1d6d94-0e38-49dd-9945-15ff5807ed93 0.070s
2025-12-02 02:59:49.395 66050 INFO tempest.lib.common.rest_client [req-1f37d295-5d36-450a-bea3-4f72acf8c8c7 req-1f37d295-5d36-450a-bea3-4f72acf8c8c7 ] Request (AttachVolumeNegativeTest:test_attach_attached_volume_to_different_server): 200 GET http://10.180.1.21/compute/v2.1/servers/ca0eb957-fd17-4fa7-ac92-95c2a79c18a0 0.079s
2025-12-02 02:59:49.429 66016 INFO tempest.lib.common.rest_client [req-1837d81f-4586-48a3-a20e-df19401744a2 req-1837d81f-4586-48a3-a20e-df19401744a2 ] Request (ServerRescueNegativeTestJSON:setUpClass): 200 GET http://10.180.1.21/compute/v2.1/servers/71a9bf47-f87e-4d6a-9549-ef0bc83a9e08 0.058s
2025-12-02 02:59:49.768 66060 INFO tempest.lib.common.rest_client [req-f6b24abb-aebc-47bd-82a3-76191d2bcc6e req-f6b24abb-aebc-47bd-82a3-76191d2bcc6e ] Request (SecurityGroupsTestJSON:test_server_security_groups): 200 GET http://10.180.1.21/compute/v2.1/servers/559a2ba4-4d43-45b8-8684-af6d60196add 0.181s
2025-12-02 02:59:49.775 66060 INFO tempest.common.waiters [-] State transition "HARD_REBOOT/rebooting_hard" ==> "HARD_REBOOT/reboot_started_hard" after 4 second wait
2025-12-02 02:59:49.788 66046 INFO tempest.lib.common.rest_client [req-6a139588-562c-48a6-a32c-89e1adab5276 req-6a139588-562c-48a6-a32c-89e1adab5276 ] Request (ServersTestManualDisk:tearDownClass): 200 GET http://10.180.1.21/compute/v2.1/servers/4672a214-32b4-46b2-9ae9-518fe658240f 0.187s
2025-12-02 02:59:49.927 66062 INFO tempest.lib.common.rest_client [req-a552dfc0-149a-4547-962e-c47450029d8d req-a552dfc0-149a-4547-962e-c47450029d8d ] Request (ImagesTestJSON:test_create_server_from_snapshot): 200 GET http://10.180.1.21/compute/v2.1/servers/17bd3503-aa97-4e8d-a2d0-6847332752b4 0.265s
2025-12-02 02:59:49.934 66062 INFO tempest.common.waiters [-] State transition "BUILD/None" ==> "BUILD/block_device_mapping" after 32 second wait
2025-12-02 02:59:49.952 66054 INFO tempest.lib.common.rest_client [req-ea046d89-dc4b-40b3-92d9-e14a24808b2a req-ea046d89-dc4b-40b3-92d9-e14a24808b2a ] Request (AttachVolumeShelveTestJSON:test_attach_volume_shelved_or_offload_server): 200 GET http://10.180.1.21/compute/v2.1/servers/0dab038b-84a8-4bb4-9da4-0a19df218022 0.203s
2025-12-02 02:59:49.989 66048 INFO tempest.lib.common.rest_client [req-d31131cb-02ce-436d-8b3f-769b82c64b80 req-d31131cb-02ce-436d-8b3f-769b82c64b80 ] Request (ImagesOneServerNegativeTestJSON:_run_cleanups): 200 GET http://10.180.1.21/compute/v2.1/servers/75cd7169-e2cd-4207-b775-ffa5a3d6d875 0.235s
2025-12-02 02:59:50.019 66010 INFO tempest.lib.common.rest_client [req-24997ac8-1773-4e17-b3f3-a745d372ec7e req-24997ac8-1773-4e17-b3f3-a745d372ec7e ] Request (ServersNegativeTestMultiTenantJSON:tearDownClass): 200 GET http://10.180.1.21/compute/v2.1/servers/6ab0ec1d-4044-4d44-9869-1672b6bae012 0.205s
2025-12-02 02:59:50.055 66030 WARNING tempest.lib.common.ssh [-] Failed to establish authenticated ssh connection to cirros@10.180.180.218 ([Errno None] Unable to connect to port 22 on 10.180.180.218). Number attempts: 8. Retry after 9 seconds.: paramiko.ssh_exception.NoValidConnectionsError: [Errno None] Unable to connect to port 22 on 10.180.180.218
2025-12-02 02:59:50.060 66032 INFO tempest.lib.common.rest_client [req-49b68c4b-460e-4beb-9488-4dd170c28607 req-49b68c4b-460e-4beb-9488-4dd170c28607 ] Request (ServersAdminTestJSON:tearDownClass): 200 GET http://10.180.1.21/compute/v2.1/servers/dbb0ea4a-79d6-40af-bc09-c5394435694a 0.233s
2025-12-02 02:59:50.084 66064 INFO tempest.lib.common.rest_client [req-bdd7629d-0cf8-4bc0-9a21-d25a38e94d4c req-bdd7629d-0cf8-4bc0-9a21-d25a38e94d4c ] Request (ServerDiagnosticsV248Test:tearDownClass): 200 GET http://10.180.1.21/compute/v2.1/servers/a51c9fc1-9efb-426d-8b64-13bedb78d870 0.199s
2025-12-02 02:59:50.113 66040 INFO tempest.lib.common.rest_client [req-f143b5c5-b532-4947-8fa7-f2e8877be96d req-f143b5c5-b532-4947-8fa7-f2e8877be96d ] Request (ListServersNegativeTestJSON:setUpClass): 200 GET http://10.180.1.21/compute/v2.1/servers/d825170d-4c08-4d1d-9e4a-64eb141d06e3 0.182s
2025-12-02 02:59:50.191 66025 INFO tempest.lib.common.rest_client [req-51cd64c7-5d7d-47ae-9406-b38e30fcfe3a req-51cd64c7-5d7d-47ae-9406-b38e30fcfe3a ] Request (ServerRescueTestJSON:tearDownClass): 200 GET http://10.180.1.21/compute/v2.1/servers/94e90158-d00a-4de7-a897-91e198772c78 0.205s
2025-12-02 02:59:50.225 66012 INFO tempest.lib.common.rest_client [req-218e2ca1-7b0d-407f-92ec-8acd2cc61b40 req-218e2ca1-7b0d-407f-92ec-8acd2cc61b40 ] Request (ServerDiskConfigTestJSON:test_resize_server_from_auto_to_manual): 200 GET http://10.180.1.21/compute/v2.1/servers/dc445bb8-d314-4a2b-ad7f-57b2d2fb7bb5 0.268s
2025-12-02 02:59:50.232 66012 INFO tempest.common.waiters [-] State transition "RESIZE/resize_migrating" ==> "RESIZE/resize_migrated" after 37 second wait
2025-12-02 02:59:50.256 66044 INFO tempest.lib.common.rest_client [req-95e93caf-90c7-4b1e-b8d9-00e0723a4ce1 req-95e93caf-90c7-4b1e-b8d9-00e0723a4ce1 ] Request (MigrationsAdminTest:tearDownClass): 200 GET http://10.180.1.21/compute/v2.1/servers/6a030176-9419-48b5-878a-2de711b9fa9b 0.234s
2025-12-02 02:59:50.357 66036 INFO tempest.lib.common.rest_client [req-70c18f45-d3a1-4e9c-947c-6f1a3241a905 req-70c18f45-d3a1-4e9c-947c-6f1a3241a905 ] Request (ListImageFiltersTestJSON:tearDownClass): 200 GET http://10.180.1.21/compute/v2.1/servers/dce3d703-464e-4206-a64e-c7605fd2662b 0.119s
2025-12-02 02:59:50.381 66042 INFO tempest.lib.common.rest_client [req-b280dcc6-e596-4dc4-b4d7-e1004bae5076 req-b280dcc6-e596-4dc4-b4d7-e1004bae5076 ] Request (ServerAddressesTestJSON:setUpClass): 200 GET http://10.180.1.21/compute/v2.1/servers/b34b6d21-2fc9-4869-a541-5f04145bd21b 0.156s
2025-12-02 02:59:50.453 66008 INFO tempest.lib.common.rest_client [req-e5be93c5-ece4-4c42-b7fb-bf5f8888d9fb req-e5be93c5-ece4-4c42-b7fb-bf5f8888d9fb ] Request (ServersTestBootFromVolume:tearDownClass): 200 GET http://10.180.1.21/compute/v2.1/servers/562f5a07-ed6c-412d-a069-2dcc4187f45a 0.119s
2025-12-02 02:59:50.485 66034 INFO tempest.lib.common.rest_client [req-63ed51b9-2572-4fea-9ba4-b1151a1a13c7 req-63ed51b9-2572-4fea-9ba4-b1151a1a13c7 ] Request (InstanceActionsTestJSON:setUpClass): 200 GET http://10.180.1.21/compute/v2.1/servers/81b06f32-f278-4aa9-b551-723dcd1a49c1 0.166s
2025-12-02 02:59:50.525 66022 INFO tempest.lib.common.rest_client [req-4a19446c-78f3-4c5a-8962-ca70c4ef0f23 req-4a19446c-78f3-4c5a-8962-ca70c4ef0f23 ] Request (DeleteServersTestJSON:test_delete_server_while_in_attached_volume): 200 GET http://10.180.1.21/compute/v2.1/servers/7b1d6d94-0e38-49dd-9945-15ff5807ed93 0.138s
2025-12-02 02:59:50.554 66050 INFO tempest.lib.common.rest_client [req-f2ddc950-fcff-4213-96fa-baf58c188a96 req-f2ddc950-fcff-4213-96fa-baf58c188a96 ] Request (AttachVolumeNegativeTest:test_attach_attached_volume_to_different_server): 200 GET http://10.180.1.21/compute/v2.1/servers/ca0eb957-fd17-4fa7-ac92-95c2a79c18a0 0.148s
2025-12-02 02:59:50.623 66016 INFO tempest.lib.common.rest_client [req-b5c12a45-c055-4361-9142-563dbed013a5 req-b5c12a45-c055-4361-9142-563dbed013a5 ] Request (ServerRescueNegativeTestJSON:setUpClass): 200 GET http://10.180.1.21/compute/v2.1/servers/71a9bf47-f87e-4d6a-9549-ef0bc83a9e08 0.185s
2025-12-02 02:59:50.825 66026 WARNING tempest.lib.common.ssh [-] Failed to establish authenticated ssh connection to cirros@10.180.180.216 ([Errno None] Unable to connect to port 22 on 10.180.180.216). Number attempts: 1. Retry after 2 seconds.: paramiko.ssh_exception.NoValidConnectionsError: [Errno None] Unable to connect to port 22 on 10.180.180.216
2025-12-02 02:59:51.069 66046 INFO tempest.lib.common.rest_client [req-913b1cc2-dd24-445a-9311-d43e1386f860 req-913b1cc2-dd24-445a-9311-d43e1386f860 ] Request (ServersTestManualDisk:tearDownClass): 200 GET http://10.180.1.21/compute/v2.1/servers/4672a214-32b4-46b2-9ae9-518fe658240f 0.273s
2025-12-02 02:59:51.100 66060 INFO tempest.lib.common.rest_client [req-a7c7172f-f50a-41fc-864f-a6c3107cf3e9 req-a7c7172f-f50a-41fc-864f-a6c3107cf3e9 ] Request (SecurityGroupsTestJSON:test_server_security_groups): 200 GET http://10.180.1.21/compute/v2.1/servers/559a2ba4-4d43-45b8-8684-af6d60196add 0.323s
2025-12-02 02:59:51.107 66060 INFO tempest.common.waiters [-] State transition "HARD_REBOOT/reboot_started_hard" ==> "ACTIVE/None" after 6 second wait
2025-12-02 02:59:51.186 66062 INFO tempest.lib.common.rest_client [req-3cadc9e4-57c9-4ccd-a499-8d6db93ed56f req-3cadc9e4-57c9-4ccd-a499-8d6db93ed56f ] Request (ImagesTestJSON:test_create_server_from_snapshot): 200 GET http://10.180.1.21/compute/v2.1/servers/17bd3503-aa97-4e8d-a2d0-6847332752b4 0.251s
2025-12-02 02:59:51.193 66062 INFO tempest.common.waiters [-] State transition "BUILD/block_device_mapping" ==> "BUILD/spawning" after 34 second wait
2025-12-02 02:59:51.201 66054 INFO tempest.lib.common.rest_client [req-e34b3c37-ba4f-4aaf-9fb8-a20c9bc82dec req-e34b3c37-ba4f-4aaf-9fb8-a20c9bc82dec ] Request (AttachVolumeShelveTestJSON:test_attach_volume_shelved_or_offload_server): 200 GET http://10.180.1.21/compute/v2.1/servers/0dab038b-84a8-4bb4-9da4-0a19df218022 0.239s
2025-12-02 02:59:51.245 66048 INFO tempest.lib.common.rest_client [req-1fea5974-d4c5-4b6b-8450-505ff7769f05 req-1fea5974-d4c5-4b6b-8450-505ff7769f05 ] Request (ImagesOneServerNegativeTestJSON:_run_cleanups): 200 GET http://10.180.1.21/compute/v2.1/servers/75cd7169-e2cd-4207-b775-ffa5a3d6d875 0.248s
2025-12-02 02:59:51.270 66010 INFO tempest.lib.common.rest_client [req-68e92413-fb8d-4bcb-ab7a-0c0caceba73e req-68e92413-fb8d-4bcb-ab7a-0c0caceba73e ] Request (ServersNegativeTestMultiTenantJSON:tearDownClass): 200 GET http://10.180.1.21/compute/v2.1/servers/6ab0ec1d-4044-4d44-9869-1672b6bae012 0.239s
2025-12-02 02:59:51.333 66032 INFO tempest.lib.common.rest_client [req-28cb9336-c068-47d7-83ee-e1c0975e2ece req-28cb9336-c068-47d7-83ee-e1c0975e2ece ] Request (ServersAdminTestJSON:tearDownClass): 200 GET http://10.180.1.21/compute/v2.1/servers/dbb0ea4a-79d6-40af-bc09-c5394435694a 0.262s
2025-12-02 02:59:51.340 66064 INFO tempest.lib.common.rest_client [req-09050faf-5ba2-47ad-b568-f0946a82b67e req-09050faf-5ba2-47ad-b568-f0946a82b67e ] Request (ServerDiagnosticsV248Test:tearDownClass): 200 GET http://10.180.1.21/compute/v2.1/servers/a51c9fc1-9efb-426d-8b64-13bedb78d870 0.246s
2025-12-02 02:59:51.396 66040 INFO tempest.lib.common.rest_client [req-0b740de6-d435-402c-a8ff-ce47fa5809b1 req-0b740de6-d435-402c-a8ff-ce47fa5809b1 ] Request (ListServersNegativeTestJSON:setUpClass): 200 GET http://10.180.1.21/compute/v2.1/servers/d825170d-4c08-4d1d-9e4a-64eb141d06e3 0.274s
2025-12-02 02:59:51.454 66025 INFO tempest.lib.common.rest_client [req-5e31c8ce-7cba-45ef-9045-21b151d93677 req-5e31c8ce-7cba-45ef-9045-21b151d93677 ] Request (ServerRescueTestJSON:tearDownClass): 200 GET http://10.180.1.21/compute/v2.1/servers/94e90158-d00a-4de7-a897-91e198772c78 0.252s
2025-12-02 02:59:51.572 66012 INFO tempest.lib.common.rest_client [req-1fdd723c-b1eb-4f5d-9d28-a25b3e80d874 req-1fdd723c-b1eb-4f5d-9d28-a25b3e80d874 ] Request (ServerDiskConfigTestJSON:test_resize_server_from_auto_to_manual): 200 GET http://10.180.1.21/compute/v2.1/servers/dc445bb8-d314-4a2b-ad7f-57b2d2fb7bb5 0.338s
2025-12-02 02:59:51.669 66044 INFO tempest.lib.common.rest_client [req-00bb4c67-653d-40af-8fef-6c020e2f16f2 req-00bb4c67-653d-40af-8fef-6c020e2f16f2 ] Request (MigrationsAdminTest:tearDownClass): 200 GET http://10.180.1.21/compute/v2.1/servers/6a030176-9419-48b5-878a-2de711b9fa9b 0.405s
2025-12-02 02:59:51.771 66060 INFO tempest.lib.common.rest_client [req-cdbd5017-9510-4542-8659-3850e7d84cbe req-cdbd5017-9510-4542-8659-3850e7d84cbe ] Request (SecurityGroupsTestJSON:test_server_security_groups): 202 POST http://10.180.1.21/compute/v2.1/servers/559a2ba4-4d43-45b8-8684-af6d60196add/action 0.663s
2025-12-02 02:59:51.819 66036 INFO tempest.lib.common.rest_client [req-db8d0157-2fa1-4f66-b0c7-46457d0af00b req-db8d0157-2fa1-4f66-b0c7-46457d0af00b ] Request (ListImageFiltersTestJSON:tearDownClass): 200 GET http://10.180.1.21/compute/v2.1/servers/dce3d703-464e-4206-a64e-c7605fd2662b 0.453s
2025-12-02 02:59:51.873 66042 INFO tempest.lib.common.rest_client [req-95c91703-9a1c-4259-8a3b-e1b5c2f2dcdd req-95c91703-9a1c-4259-8a3b-e1b5c2f2dcdd ] Request (ServerAddressesTestJSON:setUpClass): 200 GET http://10.180.1.21/compute/v2.1/servers/b34b6d21-2fc9-4869-a541-5f04145bd21b 0.485s
2025-12-02 02:59:51.886 66008 INFO tempest.lib.common.rest_client [req-bfaee131-9f64-4a18-b1be-fbaddbc71291 req-bfaee131-9f64-4a18-b1be-fbaddbc71291 ] Request (ServersTestBootFromVolume:tearDownClass): 200 GET http://10.180.1.21/compute/v2.1/servers/562f5a07-ed6c-412d-a069-2dcc4187f45a 0.423s
2025-12-02 02:59:51.954 66022 INFO tempest.lib.common.rest_client [req-0e1e5876-196d-4392-a297-55701fa179d5 req-0e1e5876-196d-4392-a297-55701fa179d5 ] Request (DeleteServersTestJSON:test_delete_server_while_in_attached_volume): 200 GET http://10.180.1.21/compute/v2.1/servers/7b1d6d94-0e38-49dd-9945-15ff5807ed93 0.420s
2025-12-02 02:59:51.968 66034 INFO tempest.lib.common.rest_client [req-fb1289d0-35ad-400a-834d-bae0868eda95 req-fb1289d0-35ad-400a-834d-bae0868eda95 ] Request (InstanceActionsTestJSON:setUpClass): 200 GET http://10.180.1.21/compute/v2.1/servers/81b06f32-f278-4aa9-b551-723dcd1a49c1 0.473s
2025-12-02 02:59:52.011 66050 INFO tempest.lib.common.rest_client [req-96c98e31-33eb-4563-8775-dfe69d5cabad req-96c98e31-33eb-4563-8775-dfe69d5cabad ] Request (AttachVolumeNegativeTest:test_attach_attached_volume_to_different_server): 200 GET http://10.180.1.21/compute/v2.1/servers/ca0eb957-fd17-4fa7-ac92-95c2a79c18a0 0.449s
2025-12-02 02:59:52.014 66016 INFO tempest.lib.common.rest_client [req-0a9ceb45-4fe8-497b-aed2-404b30b4e90a req-0a9ceb45-4fe8-497b-aed2-404b30b4e90a ] Request (ServerRescueNegativeTestJSON:setUpClass): 200 GET http://10.180.1.21/compute/v2.1/servers/71a9bf47-f87e-4d6a-9549-ef0bc83a9e08 0.383s
2025-12-02 02:59:52.070 66060 INFO tempest.lib.common.rest_client [req-7694f295-19af-4a31-92dc-486910556b84 req-7694f295-19af-4a31-92dc-486910556b84 ] Request (SecurityGroupsTestJSON:test_server_security_groups): 400 DELETE http://10.180.1.21/compute/v2.1/os-security-groups/63032dc5-c0c5-4e8a-aa35-fd8fe4f0c564 0.298s
2025-12-02 02:59:52.135 66046 INFO tempest.lib.common.rest_client [req-0fee09c1-f998-4b28-9944-663bf2cfbe9a req-0fee09c1-f998-4b28-9944-663bf2cfbe9a ] Request (ServersTestManualDisk:tearDownClass): 200 GET http://10.180.1.21/compute/v2.1/servers/4672a214-32b4-46b2-9ae9-518fe658240f 0.050s
2025-12-02 02:59:52.144 66060 INFO tempest.lib.common.rest_client [req-7f0c71c6-f90c-4aea-b161-b8befea6850a req-7f0c71c6-f90c-4aea-b161-b8befea6850a ] Request (SecurityGroupsTestJSON:test_server_security_groups): 204 DELETE http://10.180.1.21/compute/v2.1/servers/559a2ba4-4d43-45b8-8684-af6d60196add 0.073s
2025-12-02 02:59:52.236 66060 INFO tempest.lib.common.rest_client [req-50351a8a-3fad-421b-a972-6175b78874b4 req-50351a8a-3fad-421b-a972-6175b78874b4 ] Request (SecurityGroupsTestJSON:test_server_security_groups): 200 GET http://10.180.1.21/compute/v2.1/servers/559a2ba4-4d43-45b8-8684-af6d60196add 0.092s
2025-12-02 02:59:52.292 66062 INFO tempest.lib.common.rest_client [req-62377ce4-5639-436c-b5cb-ac1df549702a req-62377ce4-5639-436c-b5cb-ac1df549702a ] Request (ImagesTestJSON:test_create_server_from_snapshot): 200 GET http://10.180.1.21/compute/v2.1/servers/17bd3503-aa97-4e8d-a2d0-6847332752b4 0.098s
2025-12-02 02:59:52.332 66054 INFO tempest.lib.common.rest_client [req-41bf1b3f-7027-45c6-bfa0-2fab2cc99b6b req-41bf1b3f-7027-45c6-bfa0-2fab2cc99b6b ] Request (AttachVolumeShelveTestJSON:test_attach_volume_shelved_or_offload_server): 200 GET http://10.180.1.21/compute/v2.1/servers/0dab038b-84a8-4bb4-9da4-0a19df218022 0.118s
2025-12-02 02:59:52.363 66048 INFO tempest.lib.common.rest_client [req-bc224a3f-7112-4804-b88b-dfdbbfc5955f req-bc224a3f-7112-4804-b88b-dfdbbfc5955f ] Request (ImagesOneServerNegativeTestJSON:_run_cleanups): 200 GET http://10.180.1.21/compute/v2.1/servers/75cd7169-e2cd-4207-b775-ffa5a3d6d875 0.109s
2025-12-02 02:59:52.401 66010 INFO tempest.lib.common.rest_client [req-939c69be-3c2f-41ef-b39f-a96d3c49d1bd req-939c69be-3c2f-41ef-b39f-a96d3c49d1bd ] Request (ServersNegativeTestMultiTenantJSON:tearDownClass): 200 GET http://10.180.1.21/compute/v2.1/servers/6ab0ec1d-4044-4d44-9869-1672b6bae012 0.120s
2025-12-02 02:59:52.449 66032 INFO tempest.lib.common.rest_client [req-e67e6773-04d9-448a-8080-03feba1dc553 req-e67e6773-04d9-448a-8080-03feba1dc553 ] Request (ServersAdminTestJSON:tearDownClass): 200 GET http://10.180.1.21/compute/v2.1/servers/dbb0ea4a-79d6-40af-bc09-c5394435694a 0.103s
2025-12-02 02:59:52.491 66064 INFO tempest.lib.common.rest_client [req-24b20cad-4817-40fe-8bec-78edf8031887 req-24b20cad-4817-40fe-8bec-78edf8031887 ] Request (ServerDiagnosticsV248Test:tearDownClass): 200 GET http://10.180.1.21/compute/v2.1/servers/a51c9fc1-9efb-426d-8b64-13bedb78d870 0.137s
2025-12-02 02:59:52.515 66040 INFO tempest.lib.common.rest_client [req-95c8bcbf-5b85-4f62-aae4-141c6f4ce83d req-95c8bcbf-5b85-4f62-aae4-141c6f4ce83d ] Request (ListServersNegativeTestJSON:setUpClass): 200 GET http://10.180.1.21/compute/v2.1/servers/d825170d-4c08-4d1d-9e4a-64eb141d06e3 0.109s
2025-12-02 02:59:52.553 66025 INFO tempest.lib.common.rest_client [req-fdb788b2-aa8b-46a1-b63c-4a8f779715c3 req-fdb788b2-aa8b-46a1-b63c-4a8f779715c3 ] Request (ServerRescueTestJSON:tearDownClass): 200 GET http://10.180.1.21/compute/v2.1/servers/94e90158-d00a-4de7-a897-91e198772c78 0.088s
2025-12-02 02:59:52.821 66056 INFO paramiko.transport [-] Connected (version 2.0, client dropbear_2020.81)
2025-12-02 02:59:52.876 66044 INFO tempest.lib.common.rest_client [req-d7c0c6b2-cf7a-4a46-894d-36bba52da98b req-d7c0c6b2-cf7a-4a46-894d-36bba52da98b ] Request (MigrationsAdminTest:tearDownClass): 200 GET http://10.180.1.21/compute/v2.1/servers/6a030176-9419-48b5-878a-2de711b9fa9b 0.198s
2025-12-02 02:59:52.930 66056 INFO paramiko.transport [-] Authentication (publickey) successful!
2025-12-02 02:59:52.930 66056 INFO tempest.lib.common.ssh [-] ssh connection to cirros@10.180.180.176 successfully created
2025-12-02 02:59:52.950 66012 INFO tempest.lib.common.rest_client [req-adf3c1ed-791e-4036-bac9-75cb79e43fe8 req-adf3c1ed-791e-4036-bac9-75cb79e43fe8 ] Request (ServerDiskConfigTestJSON:test_resize_server_from_auto_to_manual): 200 GET http://10.180.1.21/compute/v2.1/servers/dc445bb8-d314-4a2b-ad7f-57b2d2fb7bb5 0.362s
2025-12-02 02:59:52.965 66036 INFO tempest.lib.common.rest_client [req-db5fe7d1-fcc6-4ed1-b83a-a346c03582d9 req-db5fe7d1-fcc6-4ed1-b83a-a346c03582d9 ] Request (ListImageFiltersTestJSON:tearDownClass): 200 GET http://10.180.1.21/compute/v2.1/servers/dce3d703-464e-4206-a64e-c7605fd2662b 0.137s
2025-12-02 02:59:53.027 66008 INFO tempest.lib.common.rest_client [req-6ba2b5f7-60d3-47b2-b637-8415741b5d93 req-6ba2b5f7-60d3-47b2-b637-8415741b5d93 ] Request (ServersTestBootFromVolume:tearDownClass): 200 GET http://10.180.1.21/compute/v2.1/servers/562f5a07-ed6c-412d-a069-2dcc4187f45a 0.133s
2025-12-02 02:59:53.058 66042 INFO tempest.lib.common.rest_client [req-ac65d942-a21e-4e77-aaf1-1ced8a5e7fde req-ac65d942-a21e-4e77-aaf1-1ced8a5e7fde ] Request (ServerAddressesTestJSON:setUpClass): 200 GET http://10.180.1.21/compute/v2.1/servers/b34b6d21-2fc9-4869-a541-5f04145bd21b 0.176s
2025-12-02 02:59:53.125 66022 INFO tempest.lib.common.rest_client [req-61137a8b-21ff-413b-bdbb-27d02da300bc req-61137a8b-21ff-413b-bdbb-27d02da300bc ] Request (DeleteServersTestJSON:test_delete_server_while_in_attached_volume): 200 GET http://10.180.1.21/compute/v2.1/servers/7b1d6d94-0e38-49dd-9945-15ff5807ed93 0.158s
2025-12-02 02:59:53.152 66056 INFO tempest.lib.common.rest_client [req-3416ec48-c741-4c63-be8a-ddd942095dd8 req-3416ec48-c741-4c63-be8a-ddd942095dd8 ] Request (AttachInterfacesTestJSON:test_create_list_show_delete_interfaces_by_fixed_ip): 200 GET http://10.180.1.21/compute/v2.1/servers/3437bb0f-6f71-4f91-bd69-7669314176e0/os-interface 0.222s
2025-12-02 02:59:53.205 66050 INFO tempest.lib.common.rest_client [req-bef1b154-5fb5-4609-83a6-127dd6b64e1f req-bef1b154-5fb5-4609-83a6-127dd6b64e1f ] Request (AttachVolumeNegativeTest:test_attach_attached_volume_to_different_server): 200 GET http://10.180.1.21/compute/v2.1/servers/ca0eb957-fd17-4fa7-ac92-95c2a79c18a0 0.184s
2025-12-02 02:59:53.252 66016 INFO tempest.lib.common.rest_client [req-711d06f9-9862-4892-82e6-f88af5f59626 req-711d06f9-9862-4892-82e6-f88af5f59626 ] Request (ServerRescueNegativeTestJSON:setUpClass): 200 GET http://10.180.1.21/compute/v2.1/servers/71a9bf47-f87e-4d6a-9549-ef0bc83a9e08 0.231s
2025-12-02 02:59:53.255 66034 INFO tempest.lib.common.rest_client [req-f2e09deb-407a-46f1-9c93-0dd58b6fe52b req-f2e09deb-407a-46f1-9c93-0dd58b6fe52b ] Request (InstanceActionsTestJSON:setUpClass): 200 GET http://10.180.1.21/compute/v2.1/servers/81b06f32-f278-4aa9-b551-723dcd1a49c1 0.280s
2025-12-02 02:59:53.310 66046 INFO tempest.lib.common.rest_client [req-6cd4d5a1-6f56-4275-881a-573162283322 req-6cd4d5a1-6f56-4275-881a-573162283322 ] Request (ServersTestManualDisk:tearDownClass): 200 GET http://10.180.1.21/compute/v2.1/servers/4672a214-32b4-46b2-9ae9-518fe658240f 0.166s
2025-12-02 02:59:53.318 66046 INFO tempest.common.waiters [-] State transition "ACTIVE/deleting" ==> "DELETED/None" after 5 second wait
2025-12-02 02:59:53.346 66056 INFO tempest.lib.common.rest_client [req-dbf4ece5-8af7-43ae-ba51-286560dfa4d5 req-dbf4ece5-8af7-43ae-ba51-286560dfa4d5 ] Request (AttachInterfacesTestJSON:test_create_list_show_delete_interfaces_by_fixed_ip): 200 GET http://10.180.1.21/compute/v2.1/servers/3437bb0f-6f71-4f91-bd69-7669314176e0/os-interface/af7f8735-f555-4d97-bb1a-771cdc6b179c 0.191s
2025-12-02 02:59:53.421 66056 INFO tempest.lib.common.rest_client [req-4f8ad559-b186-4325-b61b-36475942ccb3 req-4f8ad559-b186-4325-b61b-36475942ccb3 ] Request (AttachInterfacesTestJSON:test_create_list_show_delete_interfaces_by_fixed_ip): 200 GET http://10.180.1.21/networking/v2.0/ports?network_id=048b25ae-2b5a-4cf2-ab49-89e8aed94007 0.073s
2025-12-02 02:59:53.447 66060 INFO tempest.lib.common.rest_client [req-3f0f03fa-453c-4764-aabd-d456de7255fc req-3f0f03fa-453c-4764-aabd-d456de7255fc ] Request (SecurityGroupsTestJSON:test_server_security_groups): 200 GET http://10.180.1.21/compute/v2.1/servers/559a2ba4-4d43-45b8-8684-af6d60196add 0.202s
2025-12-02 02:59:53.455 66062 INFO tempest.lib.common.rest_client [req-3cb93f61-3fe8-42d2-b3db-bc6ceb1885d0 req-3cb93f61-3fe8-42d2-b3db-bc6ceb1885d0 ] Request (ImagesTestJSON:test_create_server_from_snapshot): 200 GET http://10.180.1.21/compute/v2.1/servers/17bd3503-aa97-4e8d-a2d0-6847332752b4 0.155s
2025-12-02 02:59:53.468 66056 INFO tempest.lib.common.rest_client [req-e0b4e3bf-5a79-4fcf-b005-462e145813c7 req-e0b4e3bf-5a79-4fcf-b005-462e145813c7 ] Request (AttachInterfacesTestJSON:test_create_list_show_delete_interfaces_by_fixed_ip): 200 GET http://10.180.1.21/networking/v2.0/subnets/bc08e06d-b794-43fe-84c0-97e361a52196 0.046s
2025-12-02 02:59:53.532 66048 INFO tempest.lib.common.rest_client [req-36601d0d-e5c4-40dc-917c-e8b65a4f837c req-36601d0d-e5c4-40dc-917c-e8b65a4f837c ] Request (ImagesOneServerNegativeTestJSON:_run_cleanups): 200 GET http://10.180.1.21/compute/v2.1/servers/75cd7169-e2cd-4207-b775-ffa5a3d6d875 0.157s
2025-12-02 02:59:53.611 66054 INFO tempest.lib.common.rest_client [req-047018b6-af2d-4b44-b779-b8086d6f6409 req-047018b6-af2d-4b44-b779-b8086d6f6409 ] Request (AttachVolumeShelveTestJSON:test_attach_volume_shelved_or_offload_server): 200 GET http://10.180.1.21/compute/v2.1/servers/0dab038b-84a8-4bb4-9da4-0a19df218022 0.267s
2025-12-02 02:59:53.613 66010 INFO tempest.lib.common.rest_client [req-2cf627dc-15cd-45c8-bad7-72deefed1bd3 req-2cf627dc-15cd-45c8-bad7-72deefed1bd3 ] Request (ServersNegativeTestMultiTenantJSON:tearDownClass): 200 GET http://10.180.1.21/compute/v2.1/servers/6ab0ec1d-4044-4d44-9869-1672b6bae012 0.203s
2025-12-02 02:59:53.700 66032 INFO tempest.lib.common.rest_client [req-17800237-dc00-4fa9-8ebb-d86c0b0686bc req-17800237-dc00-4fa9-8ebb-d86c0b0686bc ] Request (ServersAdminTestJSON:tearDownClass): 200 GET http://10.180.1.21/compute/v2.1/servers/dbb0ea4a-79d6-40af-bc09-c5394435694a 0.243s
2025-12-02 02:59:53.769 66064 INFO tempest.lib.common.rest_client [req-a06412c2-0d12-4189-bea9-8728dc2a593c req-a06412c2-0d12-4189-bea9-8728dc2a593c ] Request (ServerDiagnosticsV248Test:tearDownClass): 200 GET http://10.180.1.21/compute/v2.1/servers/a51c9fc1-9efb-426d-8b64-13bedb78d870 0.263s
2025-12-02 02:59:53.824 66040 INFO tempest.lib.common.rest_client [req-4b5d8ca3-d6d5-422b-903d-26fa033243b1 req-4b5d8ca3-d6d5-422b-903d-26fa033243b1 ] Request (ListServersNegativeTestJSON:setUpClass): 200 GET http://10.180.1.21/compute/v2.1/servers/d825170d-4c08-4d1d-9e4a-64eb141d06e3 0.297s
2025-12-02 02:59:53.833 66038 WARNING tempest.lib.common.ssh [-] Failed to establish authenticated ssh connection to cirros@10.180.180.213 ([Errno None] Unable to connect to port 22 on 10.180.180.213). Number attempts: 10. Retry after 11 seconds.: paramiko.ssh_exception.NoValidConnectionsError: [Errno None] Unable to connect to port 22 on 10.180.180.213
2025-12-02 02:59:53.890 66025 INFO tempest.lib.common.rest_client [req-3e9eca3f-be2c-4855-a4f0-3a61e3459fd2 req-3e9eca3f-be2c-4855-a4f0-3a61e3459fd2 ] Request (ServerRescueTestJSON:tearDownClass): 200 GET http://10.180.1.21/compute/v2.1/servers/94e90158-d00a-4de7-a897-91e198772c78 0.329s
2025-12-02 02:59:53.895 66026 WARNING tempest.lib.common.ssh [-] Failed to establish authenticated ssh connection to cirros@10.180.180.216 ([Errno None] Unable to connect to port 22 on 10.180.180.216). Number attempts: 2. Retry after 3 seconds.: paramiko.ssh_exception.NoValidConnectionsError: [Errno None] Unable to connect to port 22 on 10.180.180.216
2025-12-02 02:59:53.896 66058 WARNING tempest.lib.common.ssh [-] Failed to establish authenticated ssh connection to cirros@10.180.180.150 ([Errno None] Unable to connect to port 22 on 10.180.180.150). Number attempts: 8. Retry after 9 seconds.: paramiko.ssh_exception.NoValidConnectionsError: [Errno None] Unable to connect to port 22 on 10.180.180.150
2025-12-02 02:59:53.964 66044 INFO tempest.lib.common.rest_client [req-7db19859-adf0-4c91-a146-9afaa51d3751 req-7db19859-adf0-4c91-a146-9afaa51d3751 ] Request (MigrationsAdminTest:tearDownClass): 200 GET http://10.180.1.21/compute/v2.1/servers/6a030176-9419-48b5-878a-2de711b9fa9b 0.078s
2025-12-02 02:59:54.140 66012 INFO tempest.lib.common.rest_client [req-b985d8c6-a276-48ae-8e0b-9a2eab543168 req-b985d8c6-a276-48ae-8e0b-9a2eab543168 ] Request (ServerDiskConfigTestJSON:test_resize_server_from_auto_to_manual): 200 GET http://10.180.1.21/compute/v2.1/servers/dc445bb8-d314-4a2b-ad7f-57b2d2fb7bb5 0.183s
2025-12-02 02:59:54.149 66012 INFO tempest.common.waiters [-] State transition "RESIZE/resize_migrated" ==> "RESIZE/resize_finish" after 41 second wait
2025-12-02 02:59:54.215 66036 INFO tempest.lib.common.rest_client [req-b52810ba-a4c0-4eff-a29b-8dfefadcf3a7 req-b52810ba-a4c0-4eff-a29b-8dfefadcf3a7 ] Request (ListImageFiltersTestJSON:tearDownClass): 200 GET http://10.180.1.21/compute/v2.1/servers/dce3d703-464e-4206-a64e-c7605fd2662b 0.239s
2025-12-02 02:59:54.283 66008 INFO tempest.lib.common.rest_client [req-185d1d68-1afa-4207-ba49-a2c556cbe1c5 req-185d1d68-1afa-4207-ba49-a2c556cbe1c5 ] Request (ServersTestBootFromVolume:tearDownClass): 200 GET http://10.180.1.21/compute/v2.1/servers/562f5a07-ed6c-412d-a069-2dcc4187f45a 0.247s
2025-12-02 02:59:54.407 66042 INFO tempest.lib.common.rest_client [req-b4e8d7cc-8e5f-4ea2-ac99-fcb79f6f5531 req-b4e8d7cc-8e5f-4ea2-ac99-fcb79f6f5531 ] Request (ServerAddressesTestJSON:setUpClass): 200 GET http://10.180.1.21/compute/v2.1/servers/b34b6d21-2fc9-4869-a541-5f04145bd21b 0.341s
2025-12-02 02:59:54.463 66022 INFO tempest.lib.common.rest_client [req-fe4ff776-8a6c-47dd-8b7b-4b96d89eb259 req-fe4ff776-8a6c-47dd-8b7b-4b96d89eb259 ] Request (DeleteServersTestJSON:test_delete_server_while_in_attached_volume): 200 GET http://10.180.1.21/compute/v2.1/servers/7b1d6d94-0e38-49dd-9945-15ff5807ed93 0.326s
2025-12-02 02:59:54.510 66050 INFO tempest.lib.common.rest_client [req-259ba824-db33-4346-ab9c-8f4203b861e9 req-259ba824-db33-4346-ab9c-8f4203b861e9 ] Request (AttachVolumeNegativeTest:test_attach_attached_volume_to_different_server): 200 GET http://10.180.1.21/compute/v2.1/servers/ca0eb957-fd17-4fa7-ac92-95c2a79c18a0 0.298s
2025-12-02 02:59:54.518 66050 INFO tempest.common.waiters [-] State transition "BUILD/None" ==> "BUILD/networking" after 35 second wait
2025-12-02 02:59:54.562 66016 INFO tempest.lib.common.rest_client [req-ce84629e-c49d-4d65-8a70-7c3715437fd4 req-ce84629e-c49d-4d65-8a70-7c3715437fd4 ] Request (ServerRescueNegativeTestJSON:setUpClass): 200 GET http://10.180.1.21/compute/v2.1/servers/71a9bf47-f87e-4d6a-9549-ef0bc83a9e08 0.301s
2025-12-02 02:59:54.708 66034 INFO tempest.lib.common.rest_client [req-d3463295-86c2-46db-a0c6-b6b30d6ee006 req-d3463295-86c2-46db-a0c6-b6b30d6ee006 ] Request (InstanceActionsTestJSON:setUpClass): 200 GET http://10.180.1.21/compute/v2.1/servers/81b06f32-f278-4aa9-b551-723dcd1a49c1 0.443s
2025-12-02 02:59:54.779 66046 INFO tempest.lib.common.rest_client [req-9390ebec-49ad-40af-862e-266d815fbce1 req-9390ebec-49ad-40af-862e-266d815fbce1 ] Request (ServersTestManualDisk:tearDownClass): 200 GET http://10.180.1.21/compute/v2.1/servers/4672a214-32b4-46b2-9ae9-518fe658240f 0.459s
2025-12-02 02:59:54.835 66060 INFO tempest.lib.common.rest_client [req-333e815c-af71-4c9d-ad21-2702ead591c0 req-333e815c-af71-4c9d-ad21-2702ead591c0 ] Request (SecurityGroupsTestJSON:test_server_security_groups): 200 GET http://10.180.1.21/compute/v2.1/servers/559a2ba4-4d43-45b8-8684-af6d60196add 0.377s
2025-12-02 02:59:54.940 66062 INFO tempest.lib.common.rest_client [req-f597ad1b-7e35-4817-9455-660a1726853e req-f597ad1b-7e35-4817-9455-660a1726853e ] Request (ImagesTestJSON:test_create_server_from_snapshot): 200 GET http://10.180.1.21/compute/v2.1/servers/17bd3503-aa97-4e8d-a2d0-6847332752b4 0.476s
2025-12-02 02:59:55.005 66048 INFO tempest.lib.common.rest_client [req-901f9900-c7c9-4df3-a936-cf9f9bcc60a7 req-901f9900-c7c9-4df3-a936-cf9f9bcc60a7 ] Request (ImagesOneServerNegativeTestJSON:_run_cleanups): 200 GET http://10.180.1.21/compute/v2.1/servers/75cd7169-e2cd-4207-b775-ffa5a3d6d875 0.461s
2025-12-02 02:59:55.113 66054 INFO tempest.lib.common.rest_client [req-bc9afd21-2b48-4214-8fba-f6b88967b2a7 req-bc9afd21-2b48-4214-8fba-f6b88967b2a7 ] Request (AttachVolumeShelveTestJSON:test_attach_volume_shelved_or_offload_server): 200 GET http://10.180.1.21/compute/v2.1/servers/0dab038b-84a8-4bb4-9da4-0a19df218022 0.489s
2025-12-02 02:59:55.172 66010 INFO tempest.lib.common.rest_client [req-8183f308-bdf7-4b63-970c-f8c524dc1a03 req-8183f308-bdf7-4b63-970c-f8c524dc1a03 ] Request (ServersNegativeTestMultiTenantJSON:tearDownClass): 200 GET http://10.180.1.21/compute/v2.1/servers/6ab0ec1d-4044-4d44-9869-1672b6bae012 0.539s
