2025-12-02 02:57:04.676 66034 INFO tempest.lib.common.rest_client [req-b0dd697b-e000-4bb2-bec6-ea603efe3391 req-b0dd697b-e000-4bb2-bec6-ea603efe3391 ] Request (AttachInterfacesUnderV243Test:test_add_remove_fixed_ip): 200 GET http://10.180.1.21/compute/v2.1/servers/fb8a6659-678c-4fb6-9de8-0daa9a7c1682 6.721s
2025-12-02 02:57:04.684 66034 INFO tempest.common.waiters [-] State transition "BUILD/spawning" ==> "ACTIVE/None" after 29 second wait
2025-12-02 02:57:04.697 66036 INFO tempest.lib.common.rest_client [req-f24c95dc-ad3c-4670-bc2e-c7ecc73ab607 req-f24c95dc-ad3c-4670-bc2e-c7ecc73ab607 ] Request (ListImageFiltersTestJSON:setUpClass): 200 GET http://10.180.1.21/compute/v2.1/images/33bd1be4-0fee-40f8-bf3b-a6e1fdf6073c 6.479s
2025-12-02 02:57:04.747 66070 INFO tempest.lib.common.rest_client [req-1ace9c13-3659-4989-bd5d-2fe7fcf7338b req-1ace9c13-3659-4989-bd5d-2fe7fcf7338b ] Request (FloatingIPDetailsTestJSON:tearDownClass): 204 DELETE http://10.180.1.21/identity/v3/projects/d352dc1716094ebd94be833a0747c18e 0.129s
2025-12-02 02:57:04.821 66070 INFO tempest.lib.common.rest_client [req-444ed665-15e3-4b26-a4e2-2fe3ba2b553a req-444ed665-15e3-4b26-a4e2-2fe3ba2b553a ] Request (ServerMetadataTestJSON:setUpClass): 201 POST http://10.180.1.21/identity/v3/auth/tokens 0.071s
2025-12-02 02:57:04.852 66070 INFO tempest.lib.common.rest_client [req-b5fc85a0-ae1a-435e-a941-a7989e94337e req-b5fc85a0-ae1a-435e-a941-a7989e94337e ] Request (ServerMetadataTestJSON:setUpClass): 201 POST http://10.180.1.21/identity/v3/auth/tokens 0.029s
2025-12-02 02:57:04.878 66012 INFO tempest.lib.common.rest_client [req-cf19c81b-c760-4b6d-b8a0-21115d0ec92c req-cf19c81b-c760-4b6d-b8a0-21115d0ec92c ] Request (ServerDiskConfigTestJSON:test_rebuild_server_with_auto_disk_config): 200 GET http://10.180.1.21/compute/v2.1/servers/3c4d3179-39c3-4ad9-a355-8051ef725a2c 5.551s
2025-12-02 02:57:04.879 66070 INFO tempest.lib.common.rest_client [req-abb59563-5b86-4d15-9900-17e95d09a3b6 req-abb59563-5b86-4d15-9900-17e95d09a3b6 ] Request (ServerMetadataTestJSON:setUpClass): 200 GET http://10.180.1.21/identity/v3/domains?name=Default 0.026s
2025-12-02 02:57:04.891 66012 INFO tempest.common.waiters [-] State transition "REBUILD/rebuild_spawning" ==> "ACTIVE/None" after 12 second wait
2025-12-02 02:57:04.921 66070 INFO tempest.lib.common.rest_client [req-83454cfd-028b-4f6e-b622-798919f1d231 req-83454cfd-028b-4f6e-b622-798919f1d231 ] Request (ServerMetadataTestJSON:setUpClass): 201 POST http://10.180.1.21/identity/v3/projects 0.041s
2025-12-02 02:57:05.000 66070 INFO tempest.lib.common.rest_client [req-eebcb5d1-16cf-48ab-9239-a86e2bb17c72 req-eebcb5d1-16cf-48ab-9239-a86e2bb17c72 ] Request (ServerMetadataTestJSON:setUpClass): 201 POST http://10.180.1.21/identity/v3/users 0.078s
2025-12-02 02:57:05.033 66070 INFO tempest.lib.common.rest_client [req-5a79300d-ccc0-4b72-bb94-1642974942b3 req-5a79300d-ccc0-4b72-bb94-1642974942b3 ] Request (ServerMetadataTestJSON:setUpClass): 200 GET http://10.180.1.21/identity/v3/roles 0.033s
2025-12-02 02:57:05.064 66070 INFO tempest.lib.common.rest_client [req-60ecf397-33e8-42cf-a57b-6329b424b9d1 req-60ecf397-33e8-42cf-a57b-6329b424b9d1 ] Request (ServerMetadataTestJSON:setUpClass): 204 PUT http://10.180.1.21/identity/v3/projects/fe04ce67fbdf4d0fb3b1b85a4fdf33af/users/e1b302a3d7ef4f7eb9761e0ba9c2f1e1/roles/3e161ca072fe49f582b68aa31b0dc315 0.031s
2025-12-02 02:57:05.065 66070 INFO tempest.lib.common.dynamic_creds [-] Dynamic test user e1b302a3d7ef4f7eb9761e0ba9c2f1e1 is created with scope project and roles: ['member']
2025-12-02 02:57:05.065 66070 INFO tempest.lib.common.dynamic_creds [-] Acquired dynamic creds: credentials: Credentials: {'domain_id': 'default', 'domain_name': 'Default', 'username': 'tempest-ServerMetadataTestJSON-1729629717-project-member', 'project_domain_id': 'default', 'project_domain_name': 'Default', 'project_id': 'fe04ce67fbdf4d0fb3b1b85a4fdf33af', 'project_name': 'tempest-ServerMetadataTestJSON-1729629717', 'tenant_id': 'fe04ce67fbdf4d0fb3b1b85a4fdf33af', 'tenant_name': 'tempest-ServerMetadataTestJSON-1729629717', 'user_domain_id': 'default', 'user_domain_name': 'Default', 'user_id': 'e1b302a3d7ef4f7eb9761e0ba9c2f1e1', 'system': None}, Network: None, Subnet: None, Router: None
2025-12-02 02:57:05.139 66070 INFO tempest.lib.common.rest_client [req-34b2f762-93f1-4b2e-a6d0-fb35512237d0 req-34b2f762-93f1-4b2e-a6d0-fb35512237d0 ] Request (ServerMetadataTestJSON:setUpClass): 201 POST http://10.180.1.21/identity/v3/auth/tokens 0.074s
2025-12-02 02:57:05.576 66062 INFO tempest.lib.common.rest_client [req-226068bc-24a3-4357-a885-e0c5d39b1cbf req-226068bc-24a3-4357-a885-e0c5d39b1cbf ] Request (ImagesTestJSON:test_create_image_from_stopped_server): 202 POST http://10.180.1.21/compute/v2.1/servers 6.184s
2025-12-02 02:57:05.608 66046 INFO tempest.lib.common.rest_client [req-849434c6-4f1a-4192-ac31-031fb762b68c req-849434c6-4f1a-4192-ac31-031fb762b68c ] Request (AggregatesAdminNegativeTestJSON:test_aggregate_remove_host_as_user): 200 POST http://10.180.1.21/compute/v2.1/os-aggregates 5.724s
2025-12-02 02:57:05.671 66058 INFO tempest.lib.common.rest_client [req-f5471b16-9413-4493-a721-9723fc19b985 req-f5471b16-9413-4493-a721-9723fc19b985 ] Request (ServerTagsTestJSON:_run_cleanups): 204 DELETE http://10.180.1.21/compute/v2.1/servers/1a45c183-96e2-40b7-860d-9ab41d2b08b4/tags 5.763s
2025-12-02 02:57:05.821 66070 INFO tempest.lib.common.rest_client [req-2c4032af-8425-44fc-872f-c3df5a7452b5 req-2c4032af-8425-44fc-872f-c3df5a7452b5 ] Request (ServerMetadataTestJSON:setUpClass): 201 POST http://10.180.1.21/networking/v2.0/networks 0.681s
2025-12-02 02:57:06.003 66070 INFO tempest.lib.common.rest_client [req-1bd2a9f9-cf1d-42ad-9d71-adc088b948f0 req-1bd2a9f9-cf1d-42ad-9d71-adc088b948f0 ] Request (ServerMetadataTestJSON:setUpClass): 201 POST http://10.180.1.21/networking/v2.0/subnets 0.181s
2025-12-02 02:57:06.607 66048 INFO tempest.lib.common.rest_client [req-ad118b7a-218e-4a14-ae71-09fb8285113b req-ad118b7a-218e-4a14-ae71-09fb8285113b ] Request (VolumesAssistedSnapshotsTest:test_volume_assisted_snapshot_create_delete): 200 POST http://10.180.1.21/compute/v2.1/servers/ca5eedeb-ebd9-4bfd-a1b0-0a11fa4f8319/os-volume_attachments 6.736s
2025-12-02 02:57:06.645 66048 INFO tempest.lib.common.rest_client [req-8b16083e-29d2-4dcc-bd43-c610485bb21e req-8b16083e-29d2-4dcc-bd43-c610485bb21e ] Request (VolumesAssistedSnapshotsTest:test_volume_assisted_snapshot_create_delete): 200 GET http://10.180.1.21/volume/v3/volumes/68305fc8-e4c4-4dce-99ca-e5e953d2bde9 0.036s
2025-12-02 02:57:06.867 66070 INFO tempest.lib.common.rest_client [req-ab48e2f4-6540-400d-88ae-18ee5f153375 req-ab48e2f4-6540-400d-88ae-18ee5f153375 ] Request (ServerMetadataTestJSON:setUpClass): 201 POST http://10.180.1.21/networking/v2.0/routers 0.863s
2025-12-02 02:57:07.683 66048 INFO tempest.lib.common.rest_client [req-d58ef548-f964-43a2-86dc-68ed1d17e738 req-d58ef548-f964-43a2-86dc-68ed1d17e738 ] Request (VolumesAssistedSnapshotsTest:test_volume_assisted_snapshot_create_delete): 200 GET http://10.180.1.21/volume/v3/volumes/68305fc8-e4c4-4dce-99ca-e5e953d2bde9 0.031s
2025-12-02 02:57:08.007 66056 WARNING tempest.lib.common.ssh [-] Failed to establish authenticated ssh connection to cirros@10.180.180.176 ([Errno None] Unable to connect to port 22 on 10.180.180.176). Number attempts: 8. Retry after 9 seconds.: paramiko.ssh_exception.NoValidConnectionsError: [Errno None] Unable to connect to port 22 on 10.180.180.176
2025-12-02 02:57:08.278 66070 INFO tempest.lib.common.rest_client [req-0829b81f-f70c-4f55-a6fa-c71eb48820bc req-0829b81f-f70c-4f55-a6fa-c71eb48820bc ] Request (ServerMetadataTestJSON:setUpClass): 200 PUT http://10.180.1.21/networking/v2.0/routers/ad1bf5f9-15d3-488b-94c1-a3f305e3df44/add_router_interface 1.411s
2025-12-02 02:57:08.279 66070 INFO tempest.lib.common.dynamic_creds [-] Created isolated network resources for: credentials: Credentials: {'domain_id': 'default', 'domain_name': 'Default', 'username': 'tempest-ServerMetadataTestJSON-1729629717-project-member', 'project_domain_id': 'default', 'project_domain_name': 'Default', 'project_id': 'fe04ce67fbdf4d0fb3b1b85a4fdf33af', 'project_name': 'tempest-ServerMetadataTestJSON-1729629717', 'tenant_id': 'fe04ce67fbdf4d0fb3b1b85a4fdf33af', 'tenant_name': 'tempest-ServerMetadataTestJSON-1729629717', 'user_domain_id': 'default', 'user_domain_name': 'Default', 'user_id': 'e1b302a3d7ef4f7eb9761e0ba9c2f1e1', 'system': None}, Network: {'id': '71fe2756-6365-4210-95b6-82e8e3c21402', 'name': 'tempest-ServerMetadataTestJSON-690156744-network', 'tenant_id': 'fe04ce67fbdf4d0fb3b1b85a4fdf33af', 'project_id': 'fe04ce67fbdf4d0fb3b1b85a4fdf33af', 'admin_state_up': True, 'mtu': 8950, 'status': 'ACTIVE', 'subnets': [], 'shared': False, 'port_security_enabled': True, 'router:external': False, 'provider:network_type': 'vlan', 'provider:physical_network': 'default', 'provider:segmentation_id': 677, 'availability_zone_hints': [], 'availability_zones': [], 'ipv4_address_scope': None, 'ipv6_address_scope': None, 'description': '', 'tags': [], 'created_at': '2025-12-02T02:57:05Z', 'updated_at': '2025-12-02T02:57:05Z', 'revision_number': 1}, Subnet: {'id': '6ce2d6c3-e0f3-449b-bfa8-4edce229a77b', 'name': 'tempest-ServerMetadataTestJSON-690156744-subnet', 'tenant_id': 'fe04ce67fbdf4d0fb3b1b85a4fdf33af', 'network_id': '71fe2756-6365-4210-95b6-82e8e3c21402', 'ip_version': 4, 'subnetpool_id': None, 'enable_dhcp': True, 'ipv6_ra_mode': None, 'ipv6_address_mode': None, 'gateway_ip': '192.168.128.1', 'cidr': '192.168.128.0/28', 'allocation_pools': [{'start': '192.168.128.2', 'end': '192.168.128.14'}], 'host_routes': [], 'dns_nameservers': [], 'description': '', 'router:external': False, 'service_types': [], 'tags': [], 'created_at': '2025-12-02T02:57:05Z', 'updated_at': '2025-12-02T02:57:05Z', 'revision_number': 0, 'project_id': 'fe04ce67fbdf4d0fb3b1b85a4fdf33af'}, Router: {'id': 'ad1bf5f9-15d3-488b-94c1-a3f305e3df44', 'name': 'tempest-ServerMetadataTestJSON-690156744-router', 'tenant_id': 'fe04ce67fbdf4d0fb3b1b85a4fdf33af', 'admin_state_up': True, 'status': 'ACTIVE', 'external_gateway_info': {'network_id': '2405baea-b07a-4648-95c6-718c27b53143', 'external_fixed_ips': [{'subnet_id': 'a60f26f2-bb84-4fb6-bfa6-84b45096497d', 'ip_address': '10.180.180.158'}], 'enable_snat': True}, 'description': '', 'availability_zones': [], 'distributed': False, 'ha': False, 'availability_zone_hints': [], 'routes': [], 'flavor_id': None, 'tags': [], 'created_at': '2025-12-02T02:57:06Z', 'updated_at': '2025-12-02T02:57:06Z', 'revision_number': 2, 'project_id': 'fe04ce67fbdf4d0fb3b1b85a4fdf33af'}
2025-12-02 02:57:08.368 66014 INFO tempest.lib.common.rest_client [req-60f69179-2eaf-4903-8657-b80035c1db53 req-60f69179-2eaf-4903-8657-b80035c1db53 ] Request (FloatingIPsAssociationTestJSON:test_associate_already_associated_floating_ip): 200 GET http://10.180.1.21/compute/v2.1/servers/e9b54303-b98f-45bc-aea0-7c4afdc2caac 7.481s
2025-12-02 02:57:08.377 66070 INFO tempest.lib.common.rest_client [req-64ac3ce2-24b6-4524-a994-78e93b3e9580 req-64ac3ce2-24b6-4524-a994-78e93b3e9580 ] Request (ServerMetadataTestJSON:setUpClass): 201 POST http://10.180.1.21/identity/v3/auth/tokens 0.092s
2025-12-02 02:57:08.395 66020 INFO tempest.lib.common.rest_client [req-a7ef9c4c-faa8-427e-b6e4-f588247b80cb req-a7ef9c4c-faa8-427e-b6e4-f588247b80cb ] Request (VolumesNegativeTest:test_volume_delete_nonexistent_volume_id): 404 DELETE http://10.180.1.21/compute/v2.1/os-volumes/c9057351-5071-4c2e-ae9e-e0aff472066f 7.141s
2025-12-02 02:57:08.424 66070 INFO tempest.lib.common.rest_client [req-92694e40-6dea-4106-9c88-80e5ba15b0f6 req-92694e40-6dea-4106-9c88-80e5ba15b0f6 ] Request (ServerMetadataTestJSON:setUpClass): 201 POST http://10.180.1.21/identity/v3/auth/tokens 0.041s
2025-12-02 02:57:08.425 66070 INFO tempest.lib.common.fixed_network [-] (ServerMetadataTestJSON:setUpClass) Found network {'id': '71fe2756-6365-4210-95b6-82e8e3c21402', 'name': 'tempest-ServerMetadataTestJSON-690156744-network', 'tenant_id': 'fe04ce67fbdf4d0fb3b1b85a4fdf33af', 'project_id': 'fe04ce67fbdf4d0fb3b1b85a4fdf33af', 'admin_state_up': True, 'mtu': 8950, 'status': 'ACTIVE', 'subnets': [], 'shared': False, 'port_security_enabled': True, 'router:external': False, 'provider:network_type': 'vlan', 'provider:physical_network': 'default', 'provider:segmentation_id': 677, 'availability_zone_hints': [], 'availability_zones': [], 'ipv4_address_scope': None, 'ipv6_address_scope': None, 'description': '', 'tags': [], 'created_at': '2025-12-02T02:57:05Z', 'updated_at': '2025-12-02T02:57:05Z', 'revision_number': 1} available for tenant
2025-12-02 02:57:08.461 66016 INFO tempest.lib.common.rest_client [req-7cc5fdd8-d305-4af3-ab0a-e6dd54c70b09 req-7cc5fdd8-d305-4af3-ab0a-e6dd54c70b09 ] Request (SecurityGroupRulesTestJSON:test_security_group_rules_delete_when_peer_group_deleted): 200 GET http://10.180.1.21/compute/v2.1/os-security-groups/9f811e8c-a08c-47cd-83cc-3155c8af40f6 6.769s
2025-12-02 02:57:08.555 66050 INFO tempest.lib.common.rest_client [req-0b724aef-b40a-495d-86f0-8da074b18eab req-0b724aef-b40a-495d-86f0-8da074b18eab ] Request (FloatingIPsAssociationNegativeTestJSON:tearDownClass): 204 DELETE http://10.180.1.21/compute/v2.1/servers/a8999cb7-4a04-41a9-adf8-6e30e6044616 6.555s
2025-12-02 02:57:08.712 66032 INFO tempest.lib.common.rest_client [req-66b63a70-6cdc-4302-ae16-9e2ce9623b87 req-66b63a70-6cdc-4302-ae16-9e2ce9623b87 ] Request (ServersAdminTestJSON:test_inject_network_info): 200 GET http://10.180.1.21/compute/v2.1/servers/09bbffc5-2d7c-48b6-8cb6-3018847cfc90 6.454s
2025-12-02 02:57:08.720 66032 INFO tempest.common.waiters [-] State transition "BUILD/None" ==> "BUILD/spawning" after 13 second wait
2025-12-02 02:57:08.720 66048 INFO tempest.lib.common.rest_client [req-0c989eb5-8723-40c0-a144-471604c700fb req-0c989eb5-8723-40c0-a144-471604c700fb ] Request (VolumesAssistedSnapshotsTest:test_volume_assisted_snapshot_create_delete): 200 GET http://10.180.1.21/volume/v3/volumes/68305fc8-e4c4-4dce-99ca-e5e953d2bde9 0.030s
2025-12-02 02:57:08.730 66010 INFO tempest.lib.common.rest_client [req-ca1bd947-4110-4850-b7b4-7211bf7acf78 req-ca1bd947-4110-4850-b7b4-7211bf7acf78 ] Request (SecurityGroupRulesNegativeTestJSON:test_delete_security_group_rule_with_non_existent_id): 404 DELETE http://10.180.1.21/compute/v2.1/os-security-group-rules/7374502e-dead-4990-baa2-8d836f16b666 5.724s
2025-12-02 02:57:08.746 66025 INFO tempest.lib.common.rest_client [req-0b427232-6fe8-4bff-a182-18198fcda76b req-0b427232-6fe8-4bff-a182-18198fcda76b ] Request (FlavorsV2TestJSON:test_list_flavors_detailed_filter_by_min_ram): 200 GET http://10.180.1.21/compute/v2.1/flavors/42 5.698s
2025-12-02 02:57:08.757 66064 INFO tempest.lib.common.rest_client [req-a809d69f-a21f-44d5-880c-307a467784c9 req-a809d69f-a21f-44d5-880c-307a467784c9 ] Request (FlavorsAdminTestJSON:test_is_public_string_variations): 200 GET http://10.180.1.21/compute/v2.1/flavors/detail?is_public=false 5.684s
2025-12-02 02:57:08.986 66008 INFO tempest.lib.common.rest_client [req-66df6e65-407b-46fd-986d-48de5f6f5a87 req-66df6e65-407b-46fd-986d-48de5f6f5a87 ] Request (ImagesMetadataTestJSON:setUp): 200 PUT http://10.180.1.21/compute/v2.1/images/08f17557-f0cd-4afe-ad86-0df80183837b/metadata 5.872s
2025-12-02 02:57:09.068 66038 INFO tempest.lib.common.rest_client [req-72c2e9bf-6a2f-44ad-8ca8-e769bb53804a req-72c2e9bf-6a2f-44ad-8ca8-e769bb53804a ] Request (VolumesAdminNegativeTest:tearDownClass): 204 DELETE http://10.180.1.21/compute/v2.1/servers/899a699c-f573-4811-93ec-4142bb6290ff 5.756s
2025-12-02 02:57:09.085 66018 INFO tempest.lib.common.rest_client [req-059e6427-b322-4870-8894-689f94c0050a req-059e6427-b322-4870-8894-689f94c0050a ] Request (ServersAdminNegativeTestJSON:_run_cleanups): 202 DELETE http://10.180.1.21/compute/v2.1/flavors/1074416125 5.237s
2025-12-02 02:57:09.272 66054 INFO tempest.lib.common.rest_client [req-974499ba-edf6-432d-9fc8-110ac126c29a req-974499ba-edf6-432d-9fc8-110ac126c29a ] Request (ValidationResourcesFixture:setUp): 201 POST http://10.180.1.21/compute/v2.1/os-keypairs 5.296s
2025-12-02 02:57:09.389 66054 INFO tempest.lib.common.rest_client [req-60efc0c5-34a2-46c9-9f7d-6a8214d99dc7 req-60efc0c5-34a2-46c9-9f7d-6a8214d99dc7 ] Request (ValidationResourcesFixture:setUp): 201 POST http://10.180.1.21/networking/v2.0/security-groups 0.115s
2025-12-02 02:57:09.564 66054 INFO tempest.lib.common.rest_client [req-83d85e55-0ef8-4756-b459-a5ec00bd3cc7 req-83d85e55-0ef8-4756-b459-a5ec00bd3cc7 ] Request (ValidationResourcesFixture:setUp): 201 POST http://10.180.1.21/networking/v2.0/security-group-rules 0.174s
2025-12-02 02:57:09.720 66022 INFO tempest.lib.common.rest_client [req-7544c806-4771-4801-bb60-082dc1ba80dc req-7544c806-4771-4801-bb60-082dc1ba80dc ] Request (AttachInterfacesV270Test:test_create_get_list_interfaces): 400 POST http://10.180.1.21/compute/v2.1/servers/ceee4fd8-9180-4f34-8571-2d62535be751/os-interface 8.959s
2025-12-02 02:57:09.726 66054 INFO tempest.lib.common.rest_client [req-4c4eae27-de0a-4c0d-9eb4-e885b643bdd3 req-4c4eae27-de0a-4c0d-9eb4-e885b643bdd3 ] Request (ValidationResourcesFixture:setUp): 201 POST http://10.180.1.21/networking/v2.0/security-group-rules 0.162s
2025-12-02 02:57:09.773 66048 INFO tempest.lib.common.rest_client [req-22097310-2c2b-4a58-a64a-bb4464fd8ce0 req-22097310-2c2b-4a58-a64a-bb4464fd8ce0 ] Request (VolumesAssistedSnapshotsTest:test_volume_assisted_snapshot_create_delete): 200 GET http://10.180.1.21/volume/v3/volumes/68305fc8-e4c4-4dce-99ca-e5e953d2bde9 0.045s
2025-12-02 02:57:10.047 66044 INFO tempest.lib.common.rest_client [req-0ebb5e99-5c12-457a-b9ec-c8f2b75f0fd7 req-0ebb5e99-5c12-457a-b9ec-c8f2b75f0fd7 ] Request (MigrationsAdminTest:test_list_migrations_in_flavor_resize_situation): 200 GET http://10.180.1.21/compute/v2.1/servers/201f77af-3a3a-4818-b506-c6c5dbf3b5ab 5.410s
2025-12-02 02:57:10.058 66044 INFO tempest.common.waiters [-] State transition "VERIFY_RESIZE/None" ==> "ACTIVE/None" after 17 second wait
2025-12-02 02:57:10.090 66028 INFO tempest.lib.common.rest_client [req-0c66b4e4-5677-4a46-875b-dfba58b823f9 req-0c66b4e4-5677-4a46-875b-dfba58b823f9 ] Request (FloatingIPsTestJSON:test_delete_floating_ip): 200 POST http://10.180.1.21/compute/v2.1/os-floating-ips 5.691s
2025-12-02 02:57:10.132 66036 INFO tempest.lib.common.rest_client [req-c3f18ab6-d297-4725-92bd-a82ba96bd67d req-c3f18ab6-d297-4725-92bd-a82ba96bd67d ] Request (ListImageFiltersTestJSON:setUpClass): 200 GET http://10.180.1.21/compute/v2.1/images/33bd1be4-0fee-40f8-bf3b-a6e1fdf6073c 5.432s
2025-12-02 02:57:10.159 66054 INFO tempest.lib.common.rest_client [req-9e64ece6-1671-4fb1-b6d1-05cf17f6f909 req-9e64ece6-1671-4fb1-b6d1-05cf17f6f909 ] Request (ValidationResourcesFixture:setUp): 201 POST http://10.180.1.21/networking/v2.0/floatingips 0.432s
2025-12-02 02:57:10.202 66034 INFO tempest.lib.common.rest_client [req-40eaa924-6619-421d-ac53-93bfaa3ee5ac req-40eaa924-6619-421d-ac53-93bfaa3ee5ac ] Request (AttachInterfacesUnderV243Test:test_add_remove_fixed_ip): 200 GET http://10.180.1.21/compute/v2.1/servers/fb8a6659-678c-4fb6-9de8-0daa9a7c1682/os-interface 5.518s
2025-12-02 02:57:10.211 66054 INFO tempest.lib.common.rest_client [req-875a17eb-47ce-4cf2-ba9f-62ea9794c0f6 req-875a17eb-47ce-4cf2-ba9f-62ea9794c0f6 ] Request (AttachVolumeShelveTestJSON:test_attach_volume_shelved_or_offload_server): 201 POST http://10.180.1.21/identity/v3/auth/tokens 0.046s
2025-12-02 02:57:10.211 66054 INFO tempest.lib.common.fixed_network [-] (AttachVolumeShelveTestJSON:test_attach_volume_shelved_or_offload_server) Found network {'id': 'ba80ef5c-9444-4b18-8594-b018c9749a10', 'name': 'tempest-AttachVolumeShelveTestJSON-1219320824-network', 'tenant_id': 'd33e37d8a9b44252ba9c5772eba2b319', 'project_id': 'd33e37d8a9b44252ba9c5772eba2b319', 'admin_state_up': True, 'mtu': 8950, 'status': 'ACTIVE', 'subnets': [], 'shared': False, 'port_security_enabled': True, 'router:external': False, 'provider:network_type': 'vlan', 'provider:physical_network': 'default', 'provider:segmentation_id': 256, 'availability_zone_hints': [], 'availability_zones': [], 'ipv4_address_scope': None, 'ipv6_address_scope': None, 'description': '', 'tags': [], 'created_at': '2025-12-02T02:57:00Z', 'updated_at': '2025-12-02T02:57:00Z', 'revision_number': 1} available for tenant
2025-12-02 02:57:10.235 66040 INFO tempest.lib.common.rest_client [req-b00d95c2-c86c-4d60-8afa-8155a05dbe71 req-b00d95c2-c86c-4d60-8afa-8155a05dbe71 ] Request (DeleteServersAdminTestJSON:test_delete_server_while_in_error_state): 404 GET http://10.180.1.21/compute/v2.1/servers/1edcda77-4082-48d2-aa96-206de288a400 5.225s
2025-12-02 02:57:10.303 66012 INFO tempest.lib.common.rest_client [req-4c347f0a-5844-4162-8ad2-1b96440e4945 req-4c347f0a-5844-4162-8ad2-1b96440e4945 ] Request (ServerDiskConfigTestJSON:test_rebuild_server_with_auto_disk_config): 200 GET http://10.180.1.21/compute/v2.1/servers/3c4d3179-39c3-4ad9-a355-8051ef725a2c 5.412s
2025-12-02 02:57:10.351 66060 INFO tempest.lib.common.rest_client [req-c7215768-2f89-4ed8-926d-119042fc1d7a req-c7215768-2f89-4ed8-926d-119042fc1d7a ] Request (ImagesOneServerTestJSON:test_create_image_specify_multibyte_character_image_name): 200 GET http://10.180.1.21/compute/v2.1/images/10bf059a-891e-45b9-b176-da43d6218ce9 5.146s
2025-12-02 02:57:10.442 66062 INFO tempest.lib.common.rest_client [req-9329cc2b-e39b-4ebd-bc52-12c137af11ea req-9329cc2b-e39b-4ebd-bc52-12c137af11ea ] Request (ImagesTestJSON:test_create_image_from_stopped_server): 200 GET http://10.180.1.21/compute/v2.1/servers/dd8945f2-980c-4443-87c6-4c667eb018af 4.864s
2025-12-02 02:57:10.479 66042 INFO tempest.lib.common.rest_client [req-c03c58bb-7e48-404b-abfa-c79de22d7763 req-c03c58bb-7e48-404b-abfa-c79de22d7763 ] Request (ServersTestMultiNic:test_verify_duplicate_network_nics): 200 GET http://10.180.1.21/compute/v2.1/servers/1874e502-5be1-4ea1-975f-63c35e142e60 5.314s
2025-12-02 02:57:10.515 66026 INFO tempest.lib.common.rest_client [req-b1a78c8f-be24-4fac-b3f6-c42e7c0b691b req-b1a78c8f-be24-4fac-b3f6-c42e7c0b691b ] Request (MultipleCreateTestJSON:_run_cleanups): 404 GET http://10.180.1.21/compute/v2.1/servers/39603226-f849-4113-81ad-d5d796081bec 4.858s
2025-12-02 02:57:10.589 66058 INFO tempest.lib.common.rest_client [req-6855f9b0-8dce-4552-8be6-d4e248a4288c req-6855f9b0-8dce-4552-8be6-d4e248a4288c ] Request (ServerTagsTestJSON:test_delete_all_tags): 201 PUT http://10.180.1.21/compute/v2.1/servers/1a45c183-96e2-40b7-860d-9ab41d2b08b4/tags/tempest-tag-1305144910 4.917s
2025-12-02 02:57:10.611 66046 INFO tempest.lib.common.rest_client [req-7f5f6c16-efc8-40ef-94d6-a249ea7422ea req-7f5f6c16-efc8-40ef-94d6-a249ea7422ea ] Request (AggregatesAdminNegativeTestJSON:test_aggregate_remove_host_as_user): 200 POST http://10.180.1.21/compute/v2.1/os-aggregates/7/action 5.000s
2025-12-02 02:57:10.637 66020 INFO tempest.lib.common.rest_client [req-40ed781c-1daf-4a6c-bb72-ac3ab7a3d4a0 req-40ed781c-1daf-4a6c-bb72-ac3ab7a3d4a0 ] Request (VolumesNegativeTest:test_volume_get_nonexistent_volume_id): 404 GET http://10.180.1.21/compute/v2.1/os-volumes/332fe095-7314-47e9-9760-334827fffbe1 2.241s
2025-12-02 02:57:10.751 66020 INFO tempest.lib.common.rest_client [req-73a24dcd-22ef-41d7-a099-061fda6c0b1f req-73a24dcd-22ef-41d7-a099-061fda6c0b1f ] Request (VolumesNegativeTest:tearDownClass): 204 DELETE http://10.180.1.21/identity/v3/users/5357f5e957254b7288e02ccd7741edbb 0.106s
2025-12-02 02:57:10.752 66020 INFO tempest.lib.common.dynamic_creds [-] Deleting project and security group for project: 4c325eca4a304bada408d4639d370c5d
2025-12-02 02:57:10.778 66016 INFO tempest.lib.common.rest_client [req-0defea0b-e831-4ee0-a03f-0bd2c538a809 req-0defea0b-e831-4ee0-a03f-0bd2c538a809 ] Request (SecurityGroupRulesTestJSON:test_security_group_rules_list): 200 POST http://10.180.1.21/compute/v2.1/os-security-groups 2.313s
2025-12-02 02:57:10.802 66034 INFO tempest.lib.common.rest_client [req-eda31f80-9fa1-4539-a0d5-8586d3479a76 req-eda31f80-9fa1-4539-a0d5-8586d3479a76 ] Request (AttachInterfacesUnderV243Test:test_add_remove_fixed_ip): 200 PUT http://10.180.1.21/networking/v2.0/floatingips/1155753a-aa8b-4eb8-9e1b-05116bbab3e9 0.597s
2025-12-02 02:57:10.835 66048 INFO tempest.lib.common.rest_client [req-26e4fb4b-3e13-4f0d-bb66-533a543aa49c req-26e4fb4b-3e13-4f0d-bb66-533a543aa49c ] Request (VolumesAssistedSnapshotsTest:test_volume_assisted_snapshot_create_delete): 200 GET http://10.180.1.21/volume/v3/volumes/68305fc8-e4c4-4dce-99ca-e5e953d2bde9 0.055s
2025-12-02 02:57:10.860 66020 INFO tempest.lib.common.rest_client [req-d839c303-6601-4c8f-b308-efd192aa63ca req-d839c303-6601-4c8f-b308-efd192aa63ca ] Request (VolumesNegativeTest:tearDownClass): 201 POST http://10.180.1.21/identity/v3/auth/tokens 0.108s
2025-12-02 02:57:11.069 66020 INFO tempest.lib.common.rest_client [req-f581d83c-0641-472a-992b-6907a6dc95db req-f581d83c-0641-472a-992b-6907a6dc95db ] Request (VolumesNegativeTest:tearDownClass): 200 GET http://10.180.1.21/networking/v2.0/security-groups?tenant_id=4c325eca4a304bada408d4639d370c5d&name=default 0.209s
2025-12-02 02:57:11.246 66050 INFO tempest.lib.common.rest_client [req-ba8f9128-e262-4a59-b228-e7cd35db26b8 req-ba8f9128-e262-4a59-b228-e7cd35db26b8 ] Request (FloatingIPsAssociationNegativeTestJSON:tearDownClass): 200 GET http://10.180.1.21/compute/v2.1/servers/a8999cb7-4a04-41a9-adf8-6e30e6044616 2.691s
2025-12-02 02:57:11.345 66020 INFO tempest.lib.common.rest_client [req-65399a33-418b-4913-b0d4-89b9746898a0 req-65399a33-418b-4913-b0d4-89b9746898a0 ] Request (VolumesNegativeTest:tearDownClass): 204 DELETE http://10.180.1.21/networking/v2.0/security-groups/2cd25e5e-a0b6-48c4-92ea-ada5a25c1cbc 0.275s
2025-12-02 02:57:11.471 66020 INFO tempest.lib.common.rest_client [req-19f9af37-22be-4a12-b956-c9b902f18fbd req-19f9af37-22be-4a12-b956-c9b902f18fbd ] Request (VolumesNegativeTest:tearDownClass): 204 DELETE http://10.180.1.21/identity/v3/projects/4c325eca4a304bada408d4639d370c5d 0.125s
2025-12-02 02:57:11.595 66070 INFO tempest.lib.common.rest_client [req-f7fb3f3e-8047-43df-a967-25449c6fdc02 req-f7fb3f3e-8047-43df-a967-25449c6fdc02 ] Request (ServerMetadataTestJSON:setUpClass): 202 POST http://10.180.1.21/compute/v2.1/servers 3.169s
2025-12-02 02:57:11.631 66025 INFO tempest.lib.common.rest_client [req-97c958c1-2ab1-41c0-9e27-9d05c5ef0f31 req-97c958c1-2ab1-41c0-9e27-9d05c5ef0f31 ] Request (FlavorsV2TestJSON:test_list_flavors_detailed_filter_by_min_ram): 200 GET http://10.180.1.21/compute/v2.1/flavors/detail?minRam=193 2.882s
2025-12-02 02:57:11.639 66010 INFO tempest.lib.common.rest_client [req-a950fc9a-9884-45e5-a42b-660420ee33cc req-a950fc9a-9884-45e5-a42b-660420ee33cc ] Request (SecurityGroupRulesNegativeTestJSON:tearDownClass): 202 DELETE http://10.180.1.21/compute/v2.1/os-security-groups/27a6faaa-514e-4e3b-97b9-86936948c0cd 2.908s
2025-12-02 02:57:11.653 66064 INFO tempest.lib.common.rest_client [req-63b7623d-e290-47e3-8420-4a3a3eb46efb req-63b7623d-e290-47e3-8420-4a3a3eb46efb ] Request (FlavorsAdminTestJSON:test_is_public_string_variations): 200 GET http://10.180.1.21/compute/v2.1/flavors/detail?is_public=no 2.893s
2025-12-02 02:57:11.719 66030 WARNING tempest.lib.common.ssh [-] Failed to establish authenticated ssh connection to cirros@10.180.180.218 ([Errno None] Unable to connect to port 22 on 10.180.180.218). Number attempts: 4. Retry after 5 seconds.: paramiko.ssh_exception.NoValidConnectionsError: [Errno None] Unable to connect to port 22 on 10.180.180.218
2025-12-02 02:57:11.898 66048 INFO tempest.lib.common.rest_client [req-36b53650-e21b-4ede-833d-98fb8367482b req-36b53650-e21b-4ede-833d-98fb8367482b ] Request (VolumesAssistedSnapshotsTest:test_volume_assisted_snapshot_create_delete): 200 GET http://10.180.1.21/volume/v3/volumes/68305fc8-e4c4-4dce-99ca-e5e953d2bde9 0.049s
2025-12-02 02:57:11.914 66038 INFO tempest.lib.common.rest_client [req-1bf2301f-366f-4266-88fa-0a3a06bba52d req-1bf2301f-366f-4266-88fa-0a3a06bba52d ] Request (VolumesAdminNegativeTest:tearDownClass): 200 GET http://10.180.1.21/compute/v2.1/servers/899a699c-f573-4811-93ec-4142bb6290ff 2.846s
2025-12-02 02:57:11.946 66018 INFO tempest.lib.common.rest_client [req-caa7a6f2-5689-43a8-962f-5fe0e839b431 req-caa7a6f2-5689-43a8-962f-5fe0e839b431 ] Request (ServersAdminNegativeTestJSON:_run_cleanups): 200 GET http://10.180.1.21/compute/v2.1/flavors/detail 2.860s
2025-12-02 02:57:11.973 66008 INFO tempest.lib.common.rest_client [req-20e8da6e-1a03-4528-bc7e-722bbbd301e8 req-20e8da6e-1a03-4528-bc7e-722bbbd301e8 ] Request (ImagesMetadataTestJSON:test_set_image_metadata_item): 200 PUT http://10.180.1.21/compute/v2.1/images/08f17557-f0cd-4afe-ad86-0df80183837b/metadata/os_version 2.986s
2025-12-02 02:57:12.069 66014 INFO tempest.lib.common.rest_client [req-a2c1761a-0415-46fb-9974-8a9870ee8700 req-a2c1761a-0415-46fb-9974-8a9870ee8700 ] Request (FloatingIPsAssociationTestJSON:test_associate_already_associated_floating_ip): 200 GET http://10.180.1.21/compute/v2.1/servers/e9b54303-b98f-45bc-aea0-7c4afdc2caac 2.689s
2025-12-02 02:57:12.076 66014 INFO tempest.common.waiters [-] State transition "BUILD/spawning" ==> "ACTIVE/None" after 20 second wait
2025-12-02 02:57:12.103 66032 INFO tempest.lib.common.rest_client [req-09e51e94-815e-44f7-b4bc-6741906dda8d req-09e51e94-815e-44f7-b4bc-6741906dda8d ] Request (ServersAdminTestJSON:test_inject_network_info): 200 GET http://10.180.1.21/compute/v2.1/servers/09bbffc5-2d7c-48b6-8cb6-3018847cfc90 2.382s
2025-12-02 02:57:12.154 66022 INFO tempest.lib.common.rest_client [req-979bcc8b-ef13-4201-81c0-b5a90049775b req-979bcc8b-ef13-4201-81c0-b5a90049775b ] Request (AttachInterfacesV270Test:tearDownClass): 204 DELETE http://10.180.1.21/compute/v2.1/servers/ceee4fd8-9180-4f34-8571-2d62535be751 2.432s
2025-12-02 02:57:12.206 66044 INFO tempest.lib.common.rest_client [req-4f201068-142c-4dff-848d-68da9e17877b req-4f201068-142c-4dff-848d-68da9e17877b ] Request (MigrationsAdminTest:test_list_migrations_in_flavor_resize_situation): 200 GET http://10.180.1.21/compute/v2.1/servers/201f77af-3a3a-4818-b506-c6c5dbf3b5ab 2.148s
2025-12-02 02:57:12.321 66036 INFO tempest.lib.common.rest_client [req-32e6d722-f857-4f32-a84f-0fcca50852c1 req-32e6d722-f857-4f32-a84f-0fcca50852c1 ] Request (ListImageFiltersTestJSON:setUpClass): 200 GET http://10.180.1.21/compute/v2.1/servers/dce3d703-464e-4206-a64e-c7605fd2662b 2.185s
2025-12-02 02:57:12.572 66028 INFO tempest.lib.common.rest_client [req-0c05e594-e617-45fc-a1f4-00154632597d req-0c05e594-e617-45fc-a1f4-00154632597d ] Request (FloatingIPsTestJSON:test_delete_floating_ip): 202 DELETE http://10.180.1.21/compute/v2.1/os-floating-ips/c82478fa-f406-4d8f-92c9-a10e020b8abb 2.480s
2025-12-02 02:57:12.593 66040 INFO tempest.lib.common.rest_client [req-7b7eab9f-54e8-49d1-90aa-b22cfa55b725 req-7b7eab9f-54e8-49d1-90aa-b22cfa55b725 ] Request (DeleteServersAdminTestJSON:tearDownClass): 404 DELETE http://10.180.1.21/compute/v2.1/servers/1edcda77-4082-48d2-aa96-206de288a400 2.356s
2025-12-02 02:57:12.693 66012 INFO tempest.lib.common.rest_client [req-3524fa29-8a0d-4d24-9d66-4d19a31c59a5 req-3524fa29-8a0d-4d24-9d66-4d19a31c59a5 ] Request (ServerDiskConfigTestJSON:_run_cleanups): 204 DELETE http://10.180.1.21/compute/v2.1/servers/3c4d3179-39c3-4ad9-a355-8051ef725a2c 2.381s
2025-12-02 02:57:12.725 66054 INFO tempest.lib.common.rest_client [req-8d3f7a39-9bb7-441a-b335-fc77737a0e25 req-8d3f7a39-9bb7-441a-b335-fc77737a0e25 ] Request (AttachVolumeShelveTestJSON:test_attach_volume_shelved_or_offload_server): 202 POST http://10.180.1.21/compute/v2.1/servers 2.513s
2025-12-02 02:57:12.734 66060 INFO tempest.lib.common.rest_client [req-a467d8c6-2993-4d9c-9055-1951b876581d req-a467d8c6-2993-4d9c-9055-1951b876581d ] Request (ImagesOneServerTestJSON:test_create_image_specify_multibyte_character_image_name): 200 GET http://10.180.1.21/compute/v2.1/images/10bf059a-891e-45b9-b176-da43d6218ce9 2.377s
2025-12-02 02:57:12.753 66026 INFO tempest.lib.common.rest_client [req-5be4681c-eab3-4378-8508-12eb8384b72a req-5be4681c-eab3-4378-8508-12eb8384b72a ] Request (MultipleCreateTestJSON:_run_cleanups): 404 GET http://10.180.1.21/compute/v2.1/servers/0c2bbaca-267a-42b3-93cc-a5cd160daef7 2.237s
2025-12-02 02:57:12.759 66046 INFO tempest.lib.common.rest_client [req-77c29e40-9c32-4ec9-b2a0-32879f8dfc96 req-77c29e40-9c32-4ec9-b2a0-32879f8dfc96 ] Request (AggregatesAdminNegativeTestJSON:test_aggregate_remove_host_as_user): 403 POST http://10.180.1.21/compute/v2.1/os-aggregates/7/action 2.146s
2025-12-02 02:57:12.799 66012 INFO tempest.lib.common.rest_client [req-f3c50fdb-53de-4845-bd60-e37981514ee4 req-f3c50fdb-53de-4845-bd60-e37981514ee4 ] Request (ServerDiskConfigTestJSON:test_rebuild_server_with_manual_disk_config): 201 POST http://10.180.1.21/identity/v3/auth/tokens 0.101s
2025-12-02 02:57:12.799 66012 INFO tempest.lib.common.fixed_network [-] (ServerDiskConfigTestJSON:test_rebuild_server_with_manual_disk_config) Found network {'id': 'c9d6a341-4855-49c0-bbd6-acb3b21d91fb', 'name': 'tempest-ServerDiskConfigTestJSON-1611432824-network', 'tenant_id': '043325c3a4434f9da2786c746b0823e8', 'project_id': '043325c3a4434f9da2786c746b0823e8', 'admin_state_up': True, 'mtu': 8950, 'status': 'ACTIVE', 'subnets': [], 'shared': False, 'port_security_enabled': True, 'router:external': False, 'provider:network_type': 'vlan', 'provider:physical_network': 'default', 'provider:segmentation_id': 586, 'availability_zone_hints': [], 'availability_zones': [], 'ipv4_address_scope': None, 'ipv6_address_scope': None, 'description': '', 'tags': [], 'created_at': '2025-12-02T02:55:54Z', 'updated_at': '2025-12-02T02:55:54Z', 'revision_number': 1} available for tenant
2025-12-02 02:57:12.809 66058 INFO tempest.lib.common.rest_client [req-8539ceda-b620-4670-b346-53506b8c5713 req-8539ceda-b620-4670-b346-53506b8c5713 ] Request (ServerTagsTestJSON:test_delete_all_tags): 201 PUT http://10.180.1.21/compute/v2.1/servers/1a45c183-96e2-40b7-860d-9ab41d2b08b4/tags/tempest-tag-220092051 2.220s
2025-12-02 02:57:12.832 66026 INFO tempest.lib.common.rest_client [req-0b9bee6c-85f9-44a9-b2d3-a6852bd5e3a1 req-0b9bee6c-85f9-44a9-b2d3-a6852bd5e3a1 ] Request (MultipleCreateTestJSON:test_multiple_create_with_reservation_return): 201 POST http://10.180.1.21/identity/v3/auth/tokens 0.075s
2025-12-02 02:57:12.833 66026 INFO tempest.lib.common.fixed_network [-] (MultipleCreateTestJSON:test_multiple_create_with_reservation_return) Found network {'id': '81882424-3308-47bb-81f3-12a9e8ee7477', 'name': 'tempest-MultipleCreateTestJSON-1846925990-network', 'tenant_id': '65798773d04349a29f43e70a90221757', 'project_id': '65798773d04349a29f43e70a90221757', 'admin_state_up': True, 'mtu': 8950, 'status': 'ACTIVE', 'subnets': [], 'shared': False, 'port_security_enabled': True, 'router:external': False, 'provider:network_type': 'vlan', 'provider:physical_network': 'default', 'provider:segmentation_id': 103, 'availability_zone_hints': [], 'availability_zones': [], 'ipv4_address_scope': None, 'ipv6_address_scope': None, 'description': '', 'tags': [], 'created_at': '2025-12-02T02:56:02Z', 'updated_at': '2025-12-02T02:56:02Z', 'revision_number': 1} available for tenant
2025-12-02 02:57:12.939 66034 INFO tempest.lib.common.rest_client [req-57c1a6b7-e943-4d30-b661-319f7c1930d8 req-57c1a6b7-e943-4d30-b661-319f7c1930d8 ] Request (AttachInterfacesUnderV243Test:test_add_remove_fixed_ip): 200 GET http://10.180.1.21/compute/v2.1/servers/fb8a6659-678c-4fb6-9de8-0daa9a7c1682 2.136s
2025-12-02 02:57:12.948 66034 INFO tempest.lib.common.ssh [-] Creating ssh connection to '10.180.180.183:22' as 'cirros' with public key authentication
2025-12-02 02:57:12.951 66016 INFO tempest.lib.common.rest_client [req-c2da6ddb-5809-4c06-a0da-bc7af6affdbb req-c2da6ddb-5809-4c06-a0da-bc7af6affdbb ] Request (SecurityGroupRulesTestJSON:test_security_group_rules_list): 200 POST http://10.180.1.21/compute/v2.1/os-security-group-rules 2.168s
2025-12-02 02:57:12.955 66048 INFO tempest.lib.common.rest_client [req-b8cd7780-0c33-4117-a97b-259d47b8893b req-b8cd7780-0c33-4117-a97b-259d47b8893b ] Request (VolumesAssistedSnapshotsTest:test_volume_assisted_snapshot_create_delete): 200 GET http://10.180.1.21/volume/v3/volumes/68305fc8-e4c4-4dce-99ca-e5e953d2bde9 0.045s
2025-12-02 02:57:13.012 66062 INFO tempest.lib.common.rest_client [req-b8135a6f-61a3-4758-908c-646e9f2e44e4 req-b8135a6f-61a3-4758-908c-646e9f2e44e4 ] Request (ImagesTestJSON:test_create_image_from_stopped_server): 200 GET http://10.180.1.21/compute/v2.1/servers/dd8945f2-980c-4443-87c6-4c667eb018af 1.556s
2025-12-02 02:57:13.094 66070 INFO tempest.lib.common.rest_client [req-3640ae52-30bd-44e0-92de-3db6ac00b36b req-3640ae52-30bd-44e0-92de-3db6ac00b36b ] Request (ServerMetadataTestJSON:setUpClass): 200 GET http://10.180.1.21/compute/v2.1/servers/b5b0879e-9a0d-423f-86b4-9c773a3796ba 1.497s
2025-12-02 02:57:13.110 66042 INFO tempest.lib.common.rest_client [req-caf43f3e-119e-4cc6-9059-176e39a34395 req-caf43f3e-119e-4cc6-9059-176e39a34395 ] Request (ServersTestMultiNic:test_verify_duplicate_network_nics): 200 GET http://10.180.1.21/compute/v2.1/servers/1874e502-5be1-4ea1-975f-63c35e142e60 1.617s
2025-12-02 02:57:13.130 66025 INFO tempest.lib.common.rest_client [req-5715b92c-2a1b-4906-af7d-80fea2961bee req-5715b92c-2a1b-4906-af7d-80fea2961bee ] Request (FlavorsV2TestJSON:test_list_flavors_detailed_limit_results): 200 GET http://10.180.1.21/compute/v2.1/flavors/detail?limit=1 1.489s
2025-12-02 02:57:13.154 66064 INFO tempest.lib.common.rest_client [req-5d28eaf1-0365-4394-8a59-c8d2ce0c76e1 req-5d28eaf1-0365-4394-8a59-c8d2ce0c76e1 ] Request (FlavorsAdminTestJSON:test_is_public_string_variations): 200 GET http://10.180.1.21/compute/v2.1/flavors/detail?is_public=0 1.494s
2025-12-02 02:57:13.218 66010 INFO tempest.lib.common.rest_client [req-5c4913e8-8b94-4e6a-aa12-000c446bcea0 req-5c4913e8-8b94-4e6a-aa12-000c446bcea0 ] Request (SecurityGroupRulesNegativeTestJSON:tearDownClass): 202 DELETE http://10.180.1.21/compute/v2.1/os-security-groups/9451d0e1-37f7-46b8-8a63-4d649fcb7b48 1.578s
2025-12-02 02:57:13.257 66008 INFO tempest.lib.common.rest_client [req-e0a64b57-8d93-45ba-ae18-f7346c3d5236 req-e0a64b57-8d93-45ba-ae18-f7346c3d5236 ] Request (ImagesMetadataTestJSON:test_set_image_metadata_item): 200 GET http://10.180.1.21/compute/v2.1/images/08f17557-f0cd-4afe-ad86-0df80183837b/metadata 1.283s
2025-12-02 02:57:13.323 66018 INFO tempest.lib.common.rest_client [req-2d3750a9-d7b3-47b3-910a-145540c8967d req-2d3750a9-d7b3-47b3-910a-145540c8967d ] Request (ServersAdminNegativeTestJSON:test_resize_server_using_overlimit_vcpus): 200 GET http://10.180.1.21/compute/v2.1/os-quota-sets/500b620249804082a8f5984696395af0 1.367s
2025-12-02 02:57:13.474 66022 INFO tempest.lib.common.rest_client [req-481a5676-e057-4833-997f-6218c0153d8f req-481a5676-e057-4833-997f-6218c0153d8f ] Request (AttachInterfacesV270Test:tearDownClass): 200 GET http://10.180.1.21/compute/v2.1/servers/ceee4fd8-9180-4f34-8571-2d62535be751 1.320s
2025-12-02 02:57:13.511 66044 INFO tempest.lib.common.rest_client [req-78dc5e78-c5ce-4369-b4a4-6ca831b5f4c2 req-78dc5e78-c5ce-4369-b4a4-6ca831b5f4c2 ] Request (MigrationsAdminTest:test_list_migrations_in_flavor_resize_situation): 200 POST http://10.180.1.21/compute/v2.1/os-keypairs 1.296s
2025-12-02 02:57:13.641 66044 INFO tempest.lib.common.rest_client [req-6196fa92-8716-4281-89f9-71f40ab7648b req-6196fa92-8716-4281-89f9-71f40ab7648b ] Request (MigrationsAdminTest:test_list_migrations_in_flavor_resize_situation): 201 POST http://10.180.1.21/networking/v2.0/security-groups 0.128s
2025-12-02 02:57:13.668 66050 INFO tempest.lib.common.rest_client [req-d5ca49bc-393a-43d7-8a40-88b6600492e4 req-d5ca49bc-393a-43d7-8a40-88b6600492e4 ] Request (FloatingIPsAssociationNegativeTestJSON:tearDownClass): 200 GET http://10.180.1.21/compute/v2.1/servers/a8999cb7-4a04-41a9-adf8-6e30e6044616 1.405s
2025-12-02 02:57:13.680 66050 INFO tempest.common.waiters [-] State transition "ACTIVE/deleting" ==> "DELETED/None" after 2 second wait
2025-12-02 02:57:13.781 66044 INFO tempest.lib.common.rest_client [req-b798305f-063a-4e11-857a-27f4952d728f req-b798305f-063a-4e11-857a-27f4952d728f ] Request (MigrationsAdminTest:test_list_migrations_in_flavor_resize_situation): 201 POST http://10.180.1.21/networking/v2.0/security-group-rules 0.139s
2025-12-02 02:57:13.875 66044 INFO tempest.lib.common.rest_client [req-140b9b01-b53f-4e5c-8d7f-95e2a73857e4 req-140b9b01-b53f-4e5c-8d7f-95e2a73857e4 ] Request (MigrationsAdminTest:test_list_migrations_in_flavor_resize_situation): 201 POST http://10.180.1.21/networking/v2.0/security-group-rules 0.094s
2025-12-02 02:57:14.003 66048 INFO tempest.lib.common.rest_client [req-08a70b2a-5d39-4edd-9f49-659717967878 req-08a70b2a-5d39-4edd-9f49-659717967878 ] Request (VolumesAssistedSnapshotsTest:test_volume_assisted_snapshot_create_delete): 200 GET http://10.180.1.21/volume/v3/volumes/68305fc8-e4c4-4dce-99ca-e5e953d2bde9 0.036s
2025-12-02 02:57:14.190 66036 INFO tempest.lib.common.rest_client [req-d9c6bd25-89e6-4086-92b4-2253a0958185 req-d9c6bd25-89e6-4086-92b4-2253a0958185 ] Request (ListImageFiltersTestJSON:setUpClass): 202 POST http://10.180.1.21/compute/v2.1/servers/9fc2b968-21dc-42b9-8857-b68acf6913cf/action 1.861s
2025-12-02 02:57:14.217 66028 INFO tempest.lib.common.rest_client [req-383a13c5-5d1f-4a71-82ba-f0e9b0cbd772 req-383a13c5-5d1f-4a71-82ba-f0e9b0cbd772 ] Request (FloatingIPsTestJSON:test_delete_floating_ip): 404 GET http://10.180.1.21/compute/v2.1/os-floating-ips/c82478fa-f406-4d8f-92c9-a10e020b8abb 1.644s
2025-12-02 02:57:14.242 66040 INFO tempest.lib.common.rest_client [req-df925b54-16f3-41eb-b0d1-b46adffe625d req-df925b54-16f3-41eb-b0d1-b46adffe625d ] Request (DeleteServersAdminTestJSON:tearDownClass): 404 GET http://10.180.1.21/compute/v2.1/servers/1edcda77-4082-48d2-aa96-206de288a400 1.648s
2025-12-02 02:57:14.324 66014 INFO tempest.lib.common.rest_client [req-e0e073e1-cd1e-4dd8-b75e-eee364550688 req-e0e073e1-cd1e-4dd8-b75e-eee364550688 ] Request (FloatingIPsAssociationTestJSON:test_associate_already_associated_floating_ip): 202 POST http://10.180.1.21/compute/v2.1/servers/9df43a82-243c-46f7-8a65-4af35adea541/action 2.247s
2025-12-02 02:57:14.332 66044 INFO tempest.lib.common.rest_client [req-6c5c454f-10f8-4b7e-b99e-43ad6acd882b req-6c5c454f-10f8-4b7e-b99e-43ad6acd882b ] Request (MigrationsAdminTest:test_list_migrations_in_flavor_resize_situation): 201 POST http://10.180.1.21/networking/v2.0/floatingips 0.456s
2025-12-02 02:57:14.362 66054 INFO tempest.lib.common.rest_client [req-bb1a229d-a385-48cd-9dc1-784c0449a4ab req-bb1a229d-a385-48cd-9dc1-784c0449a4ab ] Request (AttachVolumeShelveTestJSON:test_attach_volume_shelved_or_offload_server): 200 GET http://10.180.1.21/compute/v2.1/servers/0dab038b-84a8-4bb4-9da4-0a19df218022 1.633s
2025-12-02 02:57:14.484 66060 INFO tempest.lib.common.rest_client [req-bc154352-a067-4324-9ab9-46dd2191a3af req-bc154352-a067-4324-9ab9-46dd2191a3af ] Request (ImagesOneServerTestJSON:test_create_image_specify_multibyte_character_image_name): 200 GET http://10.180.1.21/compute/v2.1/servers/1b297e65-1dfd-4b4f-8e09-38a35f060c26 1.744s
2025-12-02 02:57:14.509 66046 INFO tempest.lib.common.rest_client [req-7b8ac672-955d-4443-a209-ba5d1056c1b1 req-7b8ac672-955d-4443-a209-ba5d1056c1b1 ] Request (AggregatesAdminNegativeTestJSON:_run_cleanups): 200 POST http://10.180.1.21/compute/v2.1/os-aggregates/7/action 1.749s
2025-12-02 02:57:14.578 66058 INFO tempest.lib.common.rest_client [req-c3b27013-4989-4258-a2d7-9a6434e9a9b6 req-c3b27013-4989-4258-a2d7-9a6434e9a9b6 ] Request (ServerTagsTestJSON:test_delete_all_tags): 204 DELETE http://10.180.1.21/compute/v2.1/servers/1a45c183-96e2-40b7-860d-9ab41d2b08b4/tags 1.767s
2025-12-02 02:57:14.919 66012 INFO tempest.lib.common.rest_client [req-2988661d-ac4a-4997-883b-ca5f4eee94d2 req-2988661d-ac4a-4997-883b-ca5f4eee94d2 ] Request (ServerDiskConfigTestJSON:test_rebuild_server_with_manual_disk_config): 202 POST http://10.180.1.21/compute/v2.1/servers 2.119s
2025-12-02 02:57:15.044 66048 INFO tempest.lib.common.rest_client [req-c24abc78-62b3-4820-8283-f342e4e8ceb4 req-c24abc78-62b3-4820-8283-f342e4e8ceb4 ] Request (VolumesAssistedSnapshotsTest:test_volume_assisted_snapshot_create_delete): 200 GET http://10.180.1.21/volume/v3/volumes/68305fc8-e4c4-4dce-99ca-e5e953d2bde9 0.032s
2025-12-02 02:57:15.052 66048 INFO tempest.common.waiters [-] Attachment 4963c2d8-a07b-4e91-9023-9bd3206dde68 created for volume 68305fc8-e4c4-4dce-99ca-e5e953d2bde9 to server ca5eedeb-ebd9-4bfd-a1b0-0a11fa4f8319 after waiting for 9.052106 seconds
2025-12-02 02:57:15.079 66048 INFO tempest.lib.common.rest_client [req-9d08ceb7-e2da-410f-8b60-0f99005c91e0 req-9d08ceb7-e2da-410f-8b60-0f99005c91e0 ] Request (VolumesAssistedSnapshotsTest:test_volume_assisted_snapshot_create_delete): 200 GET http://10.180.1.21/volume/v3/volumes/68305fc8-e4c4-4dce-99ca-e5e953d2bde9 0.027s
2025-12-02 02:57:15.087 66048 INFO tempest.common.waiters [-] volume 68305fc8-e4c4-4dce-99ca-e5e953d2bde9 reached in-use after waiting for 0.087890 seconds
2025-12-02 02:57:15.106 66038 INFO tempest.lib.common.rest_client [req-0473dec2-2f00-4625-b7f5-8e9884543388 req-0473dec2-2f00-4625-b7f5-8e9884543388 ] Request (VolumesAdminNegativeTest:tearDownClass): 200 GET http://10.180.1.21/compute/v2.1/servers/899a699c-f573-4811-93ec-4142bb6290ff 2.180s
2025-12-02 02:57:15.114 66038 INFO tempest.common.waiters [-] State transition "ACTIVE/deleting" ==> "DELETED/None" after 4 second wait
2025-12-02 02:57:15.199 66026 INFO tempest.lib.common.rest_client [req-5a574c26-0036-49ee-8adc-e06ffba4df91 req-5a574c26-0036-49ee-8adc-e06ffba4df91 ] Request (MultipleCreateTestJSON:test_multiple_create_with_reservation_return): 202 POST http://10.180.1.21/compute/v2.1/servers 2.366s
2025-12-02 02:57:15.548 66016 INFO tempest.lib.common.rest_client [req-9e9dfb47-6c9b-4349-8933-1963cd225e8a req-9e9dfb47-6c9b-4349-8933-1963cd225e8a ] Request (SecurityGroupRulesTestJSON:test_security_group_rules_list): 200 POST http://10.180.1.21/compute/v2.1/os-security-group-rules 2.595s
2025-12-02 02:57:15.565 66025 INFO tempest.lib.common.rest_client [req-a9a870e0-cf7e-4cd0-9df2-3911d40cc31f req-a9a870e0-cf7e-4cd0-9df2-3911d40cc31f ] Request (FlavorsV2TestJSON:test_list_flavors_detailed_using_marker): 200 GET http://10.180.1.21/compute/v2.1/flavors/42 2.429s
2025-12-02 02:57:15.592 66064 INFO tempest.lib.common.rest_client [req-3219a5d3-da0d-4a18-96ba-4290d75cb4c4 req-3219a5d3-da0d-4a18-96ba-4290d75cb4c4 ] Request (FlavorsAdminTestJSON:test_is_public_string_variations): 200 GET http://10.180.1.21/compute/v2.1/flavors/detail?is_public=t 2.435s
2025-12-02 02:57:15.651 66032 INFO tempest.lib.common.rest_client [req-3fb4da9a-13b0-40c8-ba70-708c0672c658 req-3fb4da9a-13b0-40c8-ba70-708c0672c658 ] Request (ServersAdminTestJSON:test_inject_network_info): 200 GET http://10.180.1.21/compute/v2.1/servers/09bbffc5-2d7c-48b6-8cb6-3018847cfc90 2.538s
2025-12-02 02:57:15.659 66032 INFO tempest.common.waiters [-] State transition "BUILD/spawning" ==> "ACTIVE/None" after 20 second wait
2025-12-02 02:57:15.820 66010 INFO tempest.lib.common.rest_client [req-d4156f88-5a5e-4582-a068-56ddc069b3e5 req-d4156f88-5a5e-4582-a068-56ddc069b3e5 ] Request (SecurityGroupRulesNegativeTestJSON:tearDownClass): 202 DELETE http://10.180.1.21/compute/v2.1/os-security-groups/d24c12c1-25e2-499a-ae9d-3dbc1d2fdb29 2.601s
2025-12-02 02:57:15.835 66018 INFO tempest.lib.common.rest_client [req-2945cb92-f92d-454c-8609-243ee4e0cfc0 req-2945cb92-f92d-454c-8609-243ee4e0cfc0 ] Request (ServersAdminNegativeTestJSON:test_resize_server_using_overlimit_vcpus): 200 POST http://10.180.1.21/compute/v2.1/flavors 2.510s
2025-12-02 02:57:15.849 66008 INFO tempest.lib.common.rest_client [req-6817ba26-5a6b-432f-92ea-6a998ce60fb8 req-6817ba26-5a6b-432f-92ea-6a998ce60fb8 ] Request (ImagesMetadataTestJSON:setUp): 200 PUT http://10.180.1.21/compute/v2.1/images/08f17557-f0cd-4afe-ad86-0df80183837b/metadata 2.589s
2025-12-02 02:57:15.960 66070 INFO tempest.lib.common.rest_client [req-263cf83c-ae6b-4000-ba95-01fd63ce219a req-263cf83c-ae6b-4000-ba95-01fd63ce219a ] Request (ServerMetadataTestJSON:setUpClass): 200 GET http://10.180.1.21/compute/v2.1/servers/b5b0879e-9a0d-423f-86b4-9c773a3796ba 1.857s
2025-12-02 02:57:15.981 66062 INFO tempest.lib.common.rest_client [req-4a6418b8-8fc8-43e3-b0c9-35ed935e8ba7 req-4a6418b8-8fc8-43e3-b0c9-35ed935e8ba7 ] Request (ImagesTestJSON:test_create_image_from_stopped_server): 200 GET http://10.180.1.21/compute/v2.1/servers/dd8945f2-980c-4443-87c6-4c667eb018af 1.956s
2025-12-02 02:57:15.988 66062 INFO tempest.common.waiters [-] State transition "BUILD/None" ==> "BUILD/spawning" after 5 second wait
2025-12-02 02:57:16.008 66034 WARNING tempest.lib.common.ssh [-] Failed to establish authenticated ssh connection to cirros@10.180.180.183 ([Errno None] Unable to connect to port 22 on 10.180.180.183). Number attempts: 1. Retry after 2 seconds.: paramiko.ssh_exception.NoValidConnectionsError: [Errno None] Unable to connect to port 22 on 10.180.180.183
2025-12-02 02:57:16.014 66036 INFO tempest.lib.common.rest_client [req-228c0b83-29c2-41f2-bd98-8412913e002e req-228c0b83-29c2-41f2-bd98-8412913e002e ] Request (ListImageFiltersTestJSON:setUpClass): 200 GET http://10.180.1.21/compute/v2.1/images/6aabd0e3-b805-419c-9962-69049286440c 1.823s
2025-12-02 02:57:16.110 66028 INFO tempest.lib.common.rest_client [req-f11ceae1-0c82-4225-8d65-1df776db3ec7 req-f11ceae1-0c82-4225-8d65-1df776db3ec7 ] Request (FloatingIPsTestJSON:_run_cleanups): 404 DELETE http://10.180.1.21/compute/v2.1/os-floating-ips/c82478fa-f406-4d8f-92c9-a10e020b8abb 1.892s
2025-12-02 02:57:16.139 66040 INFO tempest.lib.common.rest_client [req-59748f12-0396-49ff-b26a-132e0d912b76 req-59748f12-0396-49ff-b26a-132e0d912b76 ] Request (DeleteServersAdminTestJSON:tearDownClass): 404 DELETE http://10.180.1.21/compute/v2.1/servers/21cd58b6-c96e-492e-a8b6-8735978f383c 1.896s
