2025-12-02 02:58:22.909 66064 INFO tempest.lib.common.rest_client [req-0c67ec8d-bea9-4ed7-b86b-88ccb4a52eff req-0c67ec8d-bea9-4ed7-b86b-88ccb4a52eff ] Request (HostsAdminNegativeTestJSON:setUpClass): 201 POST http://10.180.1.21/identity/v3/auth/tokens 0.067s
2025-12-02 02:58:22.921 66048 INFO tempest.lib.common.rest_client [req-46cca368-25d7-45aa-b071-ad0a55cfa284 req-46cca368-25d7-45aa-b071-ad0a55cfa284 ] Request (HypervisorAdminUnderV252Test:setUpClass): 201 POST http://10.180.1.21/identity/v3/auth/tokens 0.031s
2025-12-02 02:58:22.945 66064 INFO tempest.lib.common.rest_client [req-25b024df-adb3-4a4a-823a-c3379ac66685 req-25b024df-adb3-4a4a-823a-c3379ac66685 ] Request (HostsAdminNegativeTestJSON:setUpClass): 201 POST http://10.180.1.21/identity/v3/auth/tokens 0.032s
2025-12-02 02:58:22.950 66048 INFO tempest.lib.common.rest_client [req-b618c936-baf5-44c9-9651-6d5a973a5842 req-b618c936-baf5-44c9-9651-6d5a973a5842 ] Request (HypervisorAdminUnderV252Test:setUpClass): 200 GET http://10.180.1.21/identity/v3/domains?name=Default 0.028s
2025-12-02 02:58:22.975 66064 INFO tempest.lib.common.rest_client [req-23cd9119-b82a-4fb5-b91a-0664ba86137e req-23cd9119-b82a-4fb5-b91a-0664ba86137e ] Request (HostsAdminNegativeTestJSON:setUpClass): 200 GET http://10.180.1.21/identity/v3/domains?name=Default 0.029s
2025-12-02 02:58:22.982 66048 INFO tempest.lib.common.rest_client [req-156dd817-98bc-482b-9487-b7ce6da0cae7 req-156dd817-98bc-482b-9487-b7ce6da0cae7 ] Request (HypervisorAdminUnderV252Test:setUpClass): 201 POST http://10.180.1.21/identity/v3/projects 0.031s
2025-12-02 02:58:22.998 66042 INFO tempest.lib.common.rest_client [req-b4094618-e1a5-4c9e-ba94-a2da0d646568 req-b4094618-e1a5-4c9e-ba94-a2da0d646568 ] Request (ServersTestMultiNic:test_verify_multiple_nics_order): 200 GET http://10.180.1.21/compute/v2.1/servers/7e735060-8d68-4af6-8d28-2526f1230caf 6.551s
2025-12-02 02:58:23.018 66062 INFO tempest.lib.common.rest_client [req-2923e69b-281f-409d-b3bb-cf66454bda85 req-2923e69b-281f-409d-b3bb-cf66454bda85 ] Request (ImagesTestJSON:test_create_image_from_suspended_server): 202 POST http://10.180.1.21/compute/v2.1/servers 9.795s
2025-12-02 02:58:23.078 66048 INFO tempest.lib.common.rest_client [req-37aebc85-9f73-4338-b049-618fba704821 req-37aebc85-9f73-4338-b049-618fba704821 ] Request (HypervisorAdminUnderV252Test:setUpClass): 201 POST http://10.180.1.21/identity/v3/users 0.095s
2025-12-02 02:58:23.078 66064 INFO tempest.lib.common.rest_client [req-e641d3e4-1b86-411e-b167-2d1c0ad553bc req-e641d3e4-1b86-411e-b167-2d1c0ad553bc ] Request (HostsAdminNegativeTestJSON:setUpClass): 201 POST http://10.180.1.21/identity/v3/projects 0.102s
2025-12-02 02:58:23.146 66048 INFO tempest.lib.common.rest_client [req-d57c285f-b169-48b9-ba6c-627b360e6a0b req-d57c285f-b169-48b9-ba6c-627b360e6a0b ] Request (HypervisorAdminUnderV252Test:setUpClass): 200 GET http://10.180.1.21/identity/v3/roles 0.068s
2025-12-02 02:58:23.173 66064 INFO tempest.lib.common.rest_client [req-345f679f-6d07-45d7-b0ab-2bb5d0f25d7e req-345f679f-6d07-45d7-b0ab-2bb5d0f25d7e ] Request (HostsAdminNegativeTestJSON:setUpClass): 201 POST http://10.180.1.21/identity/v3/users 0.095s
2025-12-02 02:58:23.207 66048 INFO tempest.lib.common.rest_client [req-bb17fd3f-5b1d-42ad-b7da-faa2f58be08d req-bb17fd3f-5b1d-42ad-b7da-faa2f58be08d ] Request (HypervisorAdminUnderV252Test:setUpClass): 204 PUT http://10.180.1.21/identity/v3/projects/5dafae66d32d4b189a141dfed017e048/users/6980bfd3634c4f6bae2f5cbe7d4f2f68/roles/3e161ca072fe49f582b68aa31b0dc315 0.060s
2025-12-02 02:58:23.207 66048 INFO tempest.lib.common.dynamic_creds [-] Dynamic test user 6980bfd3634c4f6bae2f5cbe7d4f2f68 is created with scope project and roles: ['member']
2025-12-02 02:58:23.207 66048 INFO tempest.lib.common.dynamic_creds [-] Acquired dynamic creds: credentials: Credentials: {'domain_id': 'default', 'domain_name': 'Default', 'username': 'tempest-HypervisorAdminUnderV252Test-2130375806-project-member', 'project_domain_id': 'default', 'project_domain_name': 'Default', 'project_id': '5dafae66d32d4b189a141dfed017e048', 'project_name': 'tempest-HypervisorAdminUnderV252Test-2130375806', 'tenant_id': '5dafae66d32d4b189a141dfed017e048', 'tenant_name': 'tempest-HypervisorAdminUnderV252Test-2130375806', 'user_domain_id': 'default', 'user_domain_name': 'Default', 'user_id': '6980bfd3634c4f6bae2f5cbe7d4f2f68', 'system': None}, Network: None, Subnet: None, Router: None
2025-12-02 02:58:23.208 66048 INFO tempest.lib.common.dynamic_creds [-] Created isolated network resources for: credentials: Credentials: {'domain_id': 'default', 'domain_name': 'Default', 'username': 'tempest-HypervisorAdminUnderV252Test-2130375806-project-member', 'project_domain_id': 'default', 'project_domain_name': 'Default', 'project_id': '5dafae66d32d4b189a141dfed017e048', 'project_name': 'tempest-HypervisorAdminUnderV252Test-2130375806', 'tenant_id': '5dafae66d32d4b189a141dfed017e048', 'tenant_name': 'tempest-HypervisorAdminUnderV252Test-2130375806', 'user_domain_id': 'default', 'user_domain_name': 'Default', 'user_id': '6980bfd3634c4f6bae2f5cbe7d4f2f68', 'system': None}, Network: None, Subnet: None, Router: None
2025-12-02 02:58:23.283 66008 INFO tempest.lib.common.rest_client [req-1d06a02a-fd12-4a9e-b158-d1dd035b0ac4 req-1d06a02a-fd12-4a9e-b158-d1dd035b0ac4 ] Request (ServersTestBootFromVolume:setUpClass): 200 GET http://10.180.1.21/compute/v2.1/servers/562f5a07-ed6c-412d-a069-2dcc4187f45a 6.821s
2025-12-02 02:58:23.285 66064 INFO tempest.lib.common.rest_client [req-6ad6cc3b-26cf-4cfb-9914-ddf2e3decd4d req-6ad6cc3b-26cf-4cfb-9914-ddf2e3decd4d ] Request (HostsAdminNegativeTestJSON:setUpClass): 200 GET http://10.180.1.21/identity/v3/roles 0.111s
2025-12-02 02:58:23.294 66008 INFO tempest.common.waiters [-] State transition "BUILD/None" ==> "BUILD/spawning" after 17 second wait
2025-12-02 02:58:23.310 66046 INFO tempest.lib.common.rest_client [req-b79a9a4c-8e09-45f0-b95f-5e80d163c2de req-b79a9a4c-8e09-45f0-b95f-5e80d163c2de ] Request (ServersTestManualDisk:setUpClass): 200 POST http://10.180.1.21/compute/v2.1/os-keypairs 6.620s
2025-12-02 02:58:23.337 66064 INFO tempest.lib.common.rest_client [req-b3cd0128-6725-448a-b4c2-94e9a20f098a req-b3cd0128-6725-448a-b4c2-94e9a20f098a ] Request (HostsAdminNegativeTestJSON:setUpClass): 204 PUT http://10.180.1.21/identity/v3/projects/d150accea4d54a24811bdb5aedf133ea/users/908cb1f37807435e85757d9632f69fd9/roles/3e161ca072fe49f582b68aa31b0dc315 0.051s
2025-12-02 02:58:23.337 66064 INFO tempest.lib.common.dynamic_creds [-] Dynamic test user 908cb1f37807435e85757d9632f69fd9 is created with scope project and roles: ['member']
2025-12-02 02:58:23.338 66064 INFO tempest.lib.common.dynamic_creds [-] Acquired dynamic creds: credentials: Credentials: {'domain_id': 'default', 'domain_name': 'Default', 'username': 'tempest-HostsAdminNegativeTestJSON-1573482619-project-member', 'project_domain_id': 'default', 'project_domain_name': 'Default', 'project_id': 'd150accea4d54a24811bdb5aedf133ea', 'project_name': 'tempest-HostsAdminNegativeTestJSON-1573482619', 'tenant_id': 'd150accea4d54a24811bdb5aedf133ea', 'tenant_name': 'tempest-HostsAdminNegativeTestJSON-1573482619', 'user_domain_id': 'default', 'user_domain_name': 'Default', 'user_id': '908cb1f37807435e85757d9632f69fd9', 'system': None}, Network: None, Subnet: None, Router: None
2025-12-02 02:58:23.338 66064 INFO tempest.lib.common.dynamic_creds [-] Created isolated network resources for: credentials: Credentials: {'domain_id': 'default', 'domain_name': 'Default', 'username': 'tempest-HostsAdminNegativeTestJSON-1573482619-project-member', 'project_domain_id': 'default', 'project_domain_name': 'Default', 'project_id': 'd150accea4d54a24811bdb5aedf133ea', 'project_name': 'tempest-HostsAdminNegativeTestJSON-1573482619', 'tenant_id': 'd150accea4d54a24811bdb5aedf133ea', 'tenant_name': 'tempest-HostsAdminNegativeTestJSON-1573482619', 'user_domain_id': 'default', 'user_domain_name': 'Default', 'user_id': '908cb1f37807435e85757d9632f69fd9', 'system': None}, Network: None, Subnet: None, Router: None
2025-12-02 02:58:23.343 66048 INFO tempest.lib.common.rest_client [req-7ade0ee4-1726-4960-826e-e3a0ed618733 req-7ade0ee4-1726-4960-826e-e3a0ed618733 ] Request (HypervisorAdminUnderV252Test:setUpClass): 201 POST http://10.180.1.21/identity/v3/auth/tokens 0.129s
2025-12-02 02:58:23.409 66048 INFO tempest.lib.common.rest_client [req-4acd1231-f94a-4cd0-b78b-3acc68641ad6 req-4acd1231-f94a-4cd0-b78b-3acc68641ad6 ] Request (HypervisorAdminUnderV252Test:setUpClass): 201 POST http://10.180.1.21/identity/v3/projects 0.066s
2025-12-02 02:58:23.426 66064 INFO tempest.lib.common.rest_client [req-157e6bfe-ccb2-4b47-ac75-b74d1c972649 req-157e6bfe-ccb2-4b47-ac75-b74d1c972649 ] Request (HostsAdminNegativeTestJSON:setUpClass): 201 POST http://10.180.1.21/identity/v3/auth/tokens 0.085s
2025-12-02 02:58:23.492 66046 INFO tempest.lib.common.rest_client [req-28a38bbd-2b49-44e1-8433-455a46ac4d0f req-28a38bbd-2b49-44e1-8433-455a46ac4d0f ] Request (ServersTestManualDisk:setUpClass): 201 POST http://10.180.1.21/networking/v2.0/security-groups 0.181s
2025-12-02 02:58:23.494 66048 INFO tempest.lib.common.rest_client [req-ae727ba2-8fed-4574-9bea-23f4c4fc2e13 req-ae727ba2-8fed-4574-9bea-23f4c4fc2e13 ] Request (HypervisorAdminUnderV252Test:setUpClass): 201 POST http://10.180.1.21/identity/v3/users 0.084s
2025-12-02 02:58:23.511 66064 INFO tempest.lib.common.rest_client [req-840ae786-e1f7-414a-babe-a78d24896e46 req-840ae786-e1f7-414a-babe-a78d24896e46 ] Request (HostsAdminNegativeTestJSON:setUpClass): 201 POST http://10.180.1.21/identity/v3/projects 0.084s
2025-12-02 02:58:23.518 66048 INFO tempest.lib.common.rest_client [req-4d09031a-7acb-4969-aa7e-31b025746732 req-4d09031a-7acb-4969-aa7e-31b025746732 ] Request (HypervisorAdminUnderV252Test:setUpClass): 200 GET http://10.180.1.21/identity/v3/roles 0.024s
2025-12-02 02:58:23.521 66014 INFO tempest.lib.common.rest_client [req-2f99282f-922e-4e41-aa32-89c90a1e7890 req-2f99282f-922e-4e41-aa32-89c90a1e7890 ] Request (FloatingIPsAssociationTestJSON:tearDownClass): 200 GET http://10.180.1.21/compute/v2.1/servers/9df43a82-243c-46f7-8a65-4af35adea541 6.725s
2025-12-02 02:58:23.562 66032 INFO tempest.lib.common.rest_client [req-d73a45a9-ce08-4c89-b378-4c1fdfa41b71 req-d73a45a9-ce08-4c89-b378-4c1fdfa41b71 ] Request (ServersAdminTestJSON:test_rebuild_server_in_error_state): 202 POST http://10.180.1.21/compute/v2.1/servers/02cb9db8-3029-4bce-b5ce-445a1abdbfcc/action 6.710s
2025-12-02 02:58:23.619 66048 INFO tempest.lib.common.rest_client [req-dc8def00-c4b0-40c5-b66a-5962efc30c2c req-dc8def00-c4b0-40c5-b66a-5962efc30c2c ] Request (HypervisorAdminUnderV252Test:setUpClass): 204 PUT http://10.180.1.21/identity/v3/projects/402d2a424dc6440989f75c0407e3502d/users/8acd9e600ab44fc68790e4e1fa756ce7/roles/7b73fcf751f64605aab7d7c973e750b9 0.100s
2025-12-02 02:58:23.620 66064 INFO tempest.lib.common.rest_client [req-ac2df90d-6cee-4bab-9160-29dd88f547ba req-ac2df90d-6cee-4bab-9160-29dd88f547ba ] Request (HostsAdminNegativeTestJSON:setUpClass): 201 POST http://10.180.1.21/identity/v3/users 0.107s
2025-12-02 02:58:23.660 66070 INFO tempest.lib.common.rest_client [req-40e4a374-c64d-48e7-964d-7f04b2c9820c req-40e4a374-c64d-48e7-964d-7f04b2c9820c ] Request (ServerMetadataTestJSON:setUp): 200 PUT http://10.180.1.21/compute/v2.1/servers/b5b0879e-9a0d-423f-86b4-9c773a3796ba/metadata 6.734s
2025-12-02 02:58:23.705 66064 INFO tempest.lib.common.rest_client [req-7e711a3f-842c-4c2e-a6b7-047ac76c60f0 req-7e711a3f-842c-4c2e-a6b7-047ac76c60f0 ] Request (HostsAdminNegativeTestJSON:setUpClass): 200 GET http://10.180.1.21/identity/v3/roles 0.085s
2025-12-02 02:58:23.711 66048 INFO tempest.lib.common.rest_client [req-b7e441f9-41bd-4964-af38-cd3546552488 req-b7e441f9-41bd-4964-af38-cd3546552488 ] Request (HypervisorAdminUnderV252Test:setUpClass): 200 GET http://10.180.1.21/identity/v3/roles 0.092s
2025-12-02 02:58:23.734 66048 INFO tempest.lib.common.rest_client [req-11f45ae5-c498-4ec3-9f41-ac1fc1d5f675 req-11f45ae5-c498-4ec3-9f41-ac1fc1d5f675 ] Request (HypervisorAdminUnderV252Test:setUpClass): 204 PUT http://10.180.1.21/identity/v3/projects/402d2a424dc6440989f75c0407e3502d/users/8acd9e600ab44fc68790e4e1fa756ce7/roles/7b73fcf751f64605aab7d7c973e750b9 0.022s
2025-12-02 02:58:23.734 66048 INFO tempest.lib.common.dynamic_creds [-] Dynamic test user 8acd9e600ab44fc68790e4e1fa756ce7 is created with scope project and roles: ['admin']
2025-12-02 02:58:23.735 66048 INFO tempest.lib.common.dynamic_creds [-] Acquired dynamic creds: credentials: Credentials: {'domain_id': 'default', 'domain_name': 'Default', 'username': 'tempest-HypervisorAdminUnderV252Test-1136973704-project-admin', 'project_domain_id': 'default', 'project_domain_name': 'Default', 'project_id': '402d2a424dc6440989f75c0407e3502d', 'project_name': 'tempest-HypervisorAdminUnderV252Test-1136973704', 'tenant_id': '402d2a424dc6440989f75c0407e3502d', 'tenant_name': 'tempest-HypervisorAdminUnderV252Test-1136973704', 'user_domain_id': 'default', 'user_domain_name': 'Default', 'user_id': '8acd9e600ab44fc68790e4e1fa756ce7', 'system': None}, Network: None, Subnet: None, Router: None
2025-12-02 02:58:23.735 66048 INFO tempest.lib.common.dynamic_creds [-] Created isolated network resources for: credentials: Credentials: {'domain_id': 'default', 'domain_name': 'Default', 'username': 'tempest-HypervisorAdminUnderV252Test-1136973704-project-admin', 'project_domain_id': 'default', 'project_domain_name': 'Default', 'project_id': '402d2a424dc6440989f75c0407e3502d', 'project_name': 'tempest-HypervisorAdminUnderV252Test-1136973704', 'tenant_id': '402d2a424dc6440989f75c0407e3502d', 'tenant_name': 'tempest-HypervisorAdminUnderV252Test-1136973704', 'user_domain_id': 'default', 'user_domain_name': 'Default', 'user_id': '8acd9e600ab44fc68790e4e1fa756ce7', 'system': None}, Network: None, Subnet: None, Router: None
2025-12-02 02:58:23.742 66046 INFO tempest.lib.common.rest_client [req-3f48618b-6f1a-46a0-91a4-9e9415a89dec req-3f48618b-6f1a-46a0-91a4-9e9415a89dec ] Request (ServersTestManualDisk:setUpClass): 201 POST http://10.180.1.21/networking/v2.0/security-group-rules 0.249s
2025-12-02 02:58:23.745 66064 INFO tempest.lib.common.rest_client [req-fa5eb621-f316-430f-84b9-9bcdd0c6b481 req-fa5eb621-f316-430f-84b9-9bcdd0c6b481 ] Request (HostsAdminNegativeTestJSON:setUpClass): 204 PUT http://10.180.1.21/identity/v3/projects/0790fb02f5644823873835a3e12d1770/users/00434db657a8485e963da4cdb52be303/roles/7b73fcf751f64605aab7d7c973e750b9 0.039s
2025-12-02 02:58:23.810 66040 INFO tempest.lib.common.rest_client [req-caddbb8d-8caf-4e94-82cb-10538697a843 req-caddbb8d-8caf-4e94-82cb-10538697a843 ] Request (ServerDiagnosticsTest:tearDownClass): 200 GET http://10.180.1.21/compute/v2.1/servers/d1813f02-6855-4210-8cd1-0702b77b4136 6.771s
2025-12-02 02:58:23.824 66064 INFO tempest.lib.common.rest_client [req-2d2a098c-d07a-4981-8508-0884912da23f req-2d2a098c-d07a-4981-8508-0884912da23f ] Request (HostsAdminNegativeTestJSON:setUpClass): 200 GET http://10.180.1.21/identity/v3/roles 0.078s
2025-12-02 02:58:23.829 66048 INFO tempest.lib.common.rest_client [req-753ca69b-8048-46ee-a411-2b7cfc86bdda req-753ca69b-8048-46ee-a411-2b7cfc86bdda ] Request (HypervisorAdminUnderV252Test:setUpClass): 201 POST http://10.180.1.21/identity/v3/auth/tokens 0.090s
2025-12-02 02:58:23.848 66064 INFO tempest.lib.common.rest_client [req-8289652d-fde2-42a4-98f6-0e2074edaa5f req-8289652d-fde2-42a4-98f6-0e2074edaa5f ] Request (HostsAdminNegativeTestJSON:setUpClass): 204 PUT http://10.180.1.21/identity/v3/projects/0790fb02f5644823873835a3e12d1770/users/00434db657a8485e963da4cdb52be303/roles/7b73fcf751f64605aab7d7c973e750b9 0.023s
2025-12-02 02:58:23.848 66064 INFO tempest.lib.common.dynamic_creds [-] Dynamic test user 00434db657a8485e963da4cdb52be303 is created with scope project and roles: ['admin']
2025-12-02 02:58:23.849 66064 INFO tempest.lib.common.dynamic_creds [-] Acquired dynamic creds: credentials: Credentials: {'domain_id': 'default', 'domain_name': 'Default', 'username': 'tempest-HostsAdminNegativeTestJSON-1904903130-project-admin', 'project_domain_id': 'default', 'project_domain_name': 'Default', 'project_id': '0790fb02f5644823873835a3e12d1770', 'project_name': 'tempest-HostsAdminNegativeTestJSON-1904903130', 'tenant_id': '0790fb02f5644823873835a3e12d1770', 'tenant_name': 'tempest-HostsAdminNegativeTestJSON-1904903130', 'user_domain_id': 'default', 'user_domain_name': 'Default', 'user_id': '00434db657a8485e963da4cdb52be303', 'system': None}, Network: None, Subnet: None, Router: None
2025-12-02 02:58:23.849 66064 INFO tempest.lib.common.dynamic_creds [-] Created isolated network resources for: credentials: Credentials: {'domain_id': 'default', 'domain_name': 'Default', 'username': 'tempest-HostsAdminNegativeTestJSON-1904903130-project-admin', 'project_domain_id': 'default', 'project_domain_name': 'Default', 'project_id': '0790fb02f5644823873835a3e12d1770', 'project_name': 'tempest-HostsAdminNegativeTestJSON-1904903130', 'tenant_id': '0790fb02f5644823873835a3e12d1770', 'tenant_name': 'tempest-HostsAdminNegativeTestJSON-1904903130', 'user_domain_id': 'default', 'user_domain_name': 'Default', 'user_id': '00434db657a8485e963da4cdb52be303', 'system': None}, Network: None, Subnet: None, Router: None
2025-12-02 02:58:23.937 66064 INFO tempest.lib.common.rest_client [req-11c078e2-4e63-4421-bda3-7ad8a1f144bc req-11c078e2-4e63-4421-bda3-7ad8a1f144bc ] Request (HostsAdminNegativeTestJSON:setUpClass): 201 POST http://10.180.1.21/identity/v3/auth/tokens 0.086s
2025-12-02 02:58:23.974 66046 INFO tempest.lib.common.rest_client [req-4bccd749-1d09-43ed-9740-63c962d772a9 req-4bccd749-1d09-43ed-9740-63c962d772a9 ] Request (ServersTestManualDisk:setUpClass): 201 POST http://10.180.1.21/networking/v2.0/security-group-rules 0.231s
2025-12-02 02:58:24.077 66060 INFO tempest.lib.common.rest_client [req-18d5379a-2646-4e76-a828-6b757aafbc73 req-18d5379a-2646-4e76-a828-6b757aafbc73 ] Request (SecurityGroupsTestJSON:test_list_security_groups_by_server): 200 GET http://10.180.1.21/compute/v2.1/servers/635c7119-196c-42a6-b735-f2f25b45d31c 6.382s
2025-12-02 02:58:24.397 66016 INFO tempest.lib.common.rest_client [req-955b9388-0a4b-444e-a61e-d624295ee3a2 req-955b9388-0a4b-444e-a61e-d624295ee3a2 ] Request (ServerMetadataNegativeTestJSON:setUpClass): 200 GET http://10.180.1.21/compute/v2.1/servers/c08bd7e0-10fa-40d7-9e03-12617c45e966 6.675s
2025-12-02 02:58:24.405 66016 INFO tempest.common.waiters [-] State transition "BUILD/None" ==> "BUILD/spawning" after 17 second wait
2025-12-02 02:58:24.481 66036 INFO tempest.lib.common.rest_client [req-c66be285-88ef-4a27-98db-38f61a89f03d req-c66be285-88ef-4a27-98db-38f61a89f03d ] Request (ListImageFiltersTestJSON:test_list_images_filter_by_changes_since): 200 GET http://10.180.1.21/compute/v2.1/images?changes-since=2025-12-02T02%3A55%3A40Z 6.552s
2025-12-02 02:58:24.550 66046 INFO tempest.lib.common.rest_client [req-723e708a-1dcd-4af0-874d-d21b65d0b2b0 req-723e708a-1dcd-4af0-874d-d21b65d0b2b0 ] Request (ServersTestManualDisk:setUpClass): 201 POST http://10.180.1.21/networking/v2.0/floatingips 0.575s
2025-12-02 02:58:24.561 66012 INFO tempest.lib.common.rest_client [req-918a93d6-4250-47f0-b8dc-7244950a2d18 req-918a93d6-4250-47f0-b8dc-7244950a2d18 ] Request (ServerDiskConfigTestJSON:test_rebuild_server_with_manual_disk_config): 200 GET http://10.180.1.21/compute/v2.1/servers/41f05ac6-e548-425b-9952-33f4f74de092 6.661s
2025-12-02 02:58:24.631 66046 INFO tempest.lib.common.rest_client [req-01e9cdab-b5db-433f-b674-249bffb4cbad req-01e9cdab-b5db-433f-b674-249bffb4cbad ] Request (ServersTestManualDisk:setUpClass): 201 POST http://10.180.1.21/identity/v3/auth/tokens 0.072s
2025-12-02 02:58:24.631 66046 INFO tempest.lib.common.fixed_network [-] (ServersTestManualDisk:setUpClass) Found network {'id': 'bbfedc87-2fdc-443c-947c-dadb78a9af6c', 'name': 'tempest-ServersTestManualDisk-1649236471-network', 'tenant_id': 'c594342957bb4cd6abaef0531b9759b5', 'project_id': 'c594342957bb4cd6abaef0531b9759b5', 'admin_state_up': True, 'mtu': 8950, 'status': 'ACTIVE', 'subnets': [], 'shared': False, 'port_security_enabled': True, 'router:external': False, 'provider:network_type': 'vlan', 'provider:physical_network': 'default', 'provider:segmentation_id': 362, 'availability_zone_hints': [], 'availability_zones': [], 'ipv4_address_scope': None, 'ipv6_address_scope': None, 'description': '', 'tags': [], 'created_at': '2025-12-02T02:58:11Z', 'updated_at': '2025-12-02T02:58:11Z', 'revision_number': 1} available for tenant
2025-12-02 02:58:24.632 66050 INFO tempest.lib.common.rest_client [req-64505b68-262f-4abd-aed7-5e084c582ff0 req-64505b68-262f-4abd-aed7-5e084c582ff0 ] Request (AttachVolumeNegativeTest:test_attach_attached_volume_to_different_server): 200 GET http://10.180.1.21/compute/v2.1/servers/8d74509e-e141-42d5-9db1-0c4f2ffde54e/os-interface 5.875s
2025-12-02 02:58:24.662 66022 INFO tempest.lib.common.rest_client [req-9851da2d-e94c-4bb6-b5c4-d9d940a27b0b req-9851da2d-e94c-4bb6-b5c4-d9d940a27b0b ] Request (DeleteServersTestJSON:test_delete_active_server): 204 DELETE http://10.180.1.21/compute/v2.1/servers/d4a57fcc-519b-44d4-9597-737460998af1 5.899s
2025-12-02 02:58:24.715 66044 INFO tempest.lib.common.rest_client [req-54242584-28d1-4768-ab21-6bb76847e053 req-54242584-28d1-4768-ab21-6bb76847e053 ] Request (MigrationsAdminTest:test_resize_server_revert_deleted_flavor): 200 GET http://10.180.1.21/compute/v2.1/flavors/detail 5.128s
2025-12-02 02:58:24.745 66034 INFO tempest.lib.common.rest_client [req-633503a9-4f2d-4868-9839-d60f6e77812d req-633503a9-4f2d-4868-9839-d60f6e77812d ] Request (AttachInterfacesUnderV243Test:test_add_remove_fixed_ip): 200 GET http://10.180.1.21/compute/v2.1/servers/fb8a6659-678c-4fb6-9de8-0daa9a7c1682/ips 5.115s
2025-12-02 02:58:24.759 66038 INFO tempest.lib.common.rest_client [req-f7673c12-def6-4d5f-8fc0-544ccaa49c62 req-f7673c12-def6-4d5f-8fc0-544ccaa49c62 ] Request (ServersTestFqdnHostnames:test_create_server_with_fqdn_name): 200 GET http://10.180.1.21/compute/v2.1/servers/db0de0dc-fa10-412a-ab0f-91f36f262f47/os-interface 5.179s
2025-12-02 02:58:24.763 66028 INFO tempest.lib.common.rest_client [req-d2be4382-c316-491b-a5c7-1dc7e7f3cb7c req-d2be4382-c316-491b-a5c7-1dc7e7f3cb7c ] Request (KeyPairsV22TestJSON:_run_cleanups): 204 DELETE http://10.180.1.21/compute/v2.1/os-keypairs/tempest-KeyPairsV22TestJSON-keypair-531118201 5.080s
2025-12-02 02:58:24.786 66010 INFO tempest.lib.common.rest_client [req-f888048f-7651-45dc-bbe2-aba60daf5aa1 req-f888048f-7651-45dc-bbe2-aba60daf5aa1 ] Request (ServersAaction247Test:tearDownClass): 404 GET http://10.180.1.21/compute/v2.1/servers/c50a789a-87d2-4a53-84f7-c8a4bc3ef166 4.531s
2025-12-02 02:58:24.910 66010 INFO tempest.lib.common.rest_client [req-a401c918-be24-4dd4-9834-65c9d28d4bc7 req-a401c918-be24-4dd4-9834-65c9d28d4bc7 ] Request (ServersAaction247Test:tearDownClass): 204 DELETE http://10.180.1.21/identity/v3/users/044603d2ce664027922e0a5e2a751e63 0.123s
2025-12-02 02:58:24.910 66010 INFO tempest.lib.common.dynamic_creds [-] Deleting project and security group for project: f5ef8d8c7c384179a218cc5d42895420
2025-12-02 02:58:24.947 66018 INFO tempest.lib.common.rest_client [req-ca3faa49-6bc8-4481-9041-367d0f687db1 req-ca3faa49-6bc8-4481-9041-367d0f687db1 ] Request (ServersTestJSON:setUpClass): 200 POST http://10.180.1.21/compute/v2.1/os-keypairs 3.757s
2025-12-02 02:58:24.970 66010 INFO tempest.lib.common.rest_client [req-c6841517-7cb1-47f9-9066-7d6f944a179d req-c6841517-7cb1-47f9-9066-7d6f944a179d ] Request (ServersAaction247Test:tearDownClass): 201 POST http://10.180.1.21/identity/v3/auth/tokens 0.059s
2025-12-02 02:58:25.179 66050 INFO tempest.lib.common.rest_client [req-4da8d59d-1c6b-4da0-a109-6394c53f3ef5 req-4da8d59d-1c6b-4da0-a109-6394c53f3ef5 ] Request (AttachVolumeNegativeTest:test_attach_attached_volume_to_different_server): 200 PUT http://10.180.1.21/networking/v2.0/floatingips/65042e66-2ff3-4954-80f6-f18e77483865 0.544s
2025-12-02 02:58:25.180 66050 INFO tempest.lib.common.ssh [-] Creating ssh connection to '10.180.180.164:22' as 'cirros' with public key authentication
2025-12-02 02:58:25.210 66030 INFO tempest.lib.common.rest_client [req-4762ffc6-6c16-4ef8-8b38-6855ff9175a5 req-4762ffc6-6c16-4ef8-8b38-6855ff9175a5 ] Request (ServersWithSpecificFlavorTestJSON:test_verify_created_server_ephemeral_disk): 200 GET http://10.180.1.21/compute/v2.1/servers/915e13b8-4e45-4e84-892d-130b1bc23f0f 4.043s
2025-12-02 02:58:25.247 66054 INFO tempest.lib.common.rest_client [req-b4628282-4a0a-4f51-844d-8e6a7c1ea35e req-b4628282-4a0a-4f51-844d-8e6a7c1ea35e ] Request (AttachVolumeShelveTestJSON:test_attach_volume_shelved_or_offload_server): 200 GET http://10.180.1.21/compute/v2.1/servers/0dab038b-84a8-4bb4-9da4-0a19df218022/ips 2.706s
2025-12-02 02:58:25.355 66018 INFO tempest.lib.common.rest_client [req-88f67fbb-5953-416b-aaf5-c45225e632f4 req-88f67fbb-5953-416b-aaf5-c45225e632f4 ] Request (ServersTestJSON:setUpClass): 201 POST http://10.180.1.21/networking/v2.0/security-groups 0.405s
2025-12-02 02:58:25.482 66054 INFO tempest.lib.common.rest_client [req-3779c367-78ea-413d-8772-2eb0163be0f6 req-3779c367-78ea-413d-8772-2eb0163be0f6 ] Request (AttachVolumeShelveTestJSON:test_attach_volume_shelved_or_offload_server): 202 POST http://10.180.1.21/volume/v3/volumes 0.232s
2025-12-02 02:58:25.528 66054 INFO tempest.lib.common.rest_client [req-22277e6e-0c82-4162-a564-4d8175a446f1 req-22277e6e-0c82-4162-a564-4d8175a446f1 ] Request (AttachVolumeShelveTestJSON:test_attach_volume_shelved_or_offload_server): 200 GET http://10.180.1.21/volume/v3/volumes/e757ac6c-0cee-47ec-a658-b56bedaae7ca 0.037s
2025-12-02 02:58:25.578 66010 INFO tempest.lib.common.rest_client [req-3eafef37-ca6e-465f-b628-c0acca822310 req-3eafef37-ca6e-465f-b628-c0acca822310 ] Request (ServersAaction247Test:tearDownClass): 200 GET http://10.180.1.21/networking/v2.0/security-groups?tenant_id=f5ef8d8c7c384179a218cc5d42895420&name=default 0.608s
2025-12-02 02:58:25.610 66026 INFO tempest.lib.common.rest_client [req-2ec4545a-8851-4d8b-be72-42b496f54d30 req-2ec4545a-8851-4d8b-be72-42b496f54d30 ] Request (MultipleCreateTestJSON:tearDownClass): 200 GET http://10.180.1.21/compute/v2.1/servers/a9ca926e-74ed-4494-ab4d-a3e989547378 3.082s
2025-12-02 02:58:25.815 66018 INFO tempest.lib.common.rest_client [req-b5543d24-d0d6-4b30-8b63-fe2c217eda2f req-b5543d24-d0d6-4b30-8b63-fe2c217eda2f ] Request (ServersTestJSON:setUpClass): 201 POST http://10.180.1.21/networking/v2.0/security-group-rules 0.458s
2025-12-02 02:58:25.851 66038 INFO tempest.lib.common.rest_client [req-ffddb5ce-419e-4bdd-9668-4b34633c1438 req-ffddb5ce-419e-4bdd-9668-4b34633c1438 ] Request (ServersTestFqdnHostnames:test_create_server_with_fqdn_name): 200 PUT http://10.180.1.21/networking/v2.0/floatingips/c551d1ef-a23c-44ee-8234-2ba6cfded826 1.090s
2025-12-02 02:58:25.853 66038 INFO tempest.lib.common.ssh [-] Creating ssh connection to '10.180.180.213:22' as 'cirros' with public key authentication
2025-12-02 02:58:25.935 66062 INFO tempest.lib.common.rest_client [req-7aa6dfb4-616a-41a4-9426-6f845dccc75e req-7aa6dfb4-616a-41a4-9426-6f845dccc75e ] Request (ImagesTestJSON:test_create_image_from_suspended_server): 200 GET http://10.180.1.21/compute/v2.1/servers/d1da2588-99a2-4ff8-a08a-a0b6835e6c34 2.911s
2025-12-02 02:58:25.950 66010 INFO tempest.lib.common.rest_client [req-0d571b6b-a34b-4b11-a88b-02d9c3050057 req-0d571b6b-a34b-4b11-a88b-02d9c3050057 ] Request (ServersAaction247Test:tearDownClass): 204 DELETE http://10.180.1.21/networking/v2.0/security-groups/e32db4bc-3c03-4496-a199-a77768810fcb 0.371s
2025-12-02 02:58:26.055 66010 INFO tempest.lib.common.rest_client [req-c8b71c3d-134d-4815-8a56-c22ed68f7012 req-c8b71c3d-134d-4815-8a56-c22ed68f7012 ] Request (ServersAaction247Test:tearDownClass): 204 DELETE http://10.180.1.21/identity/v3/projects/f5ef8d8c7c384179a218cc5d42895420 0.104s
2025-12-02 02:58:26.080 66018 INFO tempest.lib.common.rest_client [req-c88ca73f-a910-4c71-931d-437dd192c043 req-c88ca73f-a910-4c71-931d-437dd192c043 ] Request (ServersTestJSON:setUpClass): 201 POST http://10.180.1.21/networking/v2.0/security-group-rules 0.264s
2025-12-02 02:58:26.147 66010 INFO tempest.lib.common.rest_client [req-6014180c-599c-48f6-bb50-84d3e6c3eebf req-6014180c-599c-48f6-bb50-84d3e6c3eebf ] Request (ServersNegativeTestMultiTenantJSON:setUpClass): 201 POST http://10.180.1.21/identity/v3/auth/tokens 0.090s
2025-12-02 02:58:26.208 66010 INFO tempest.lib.common.rest_client [req-2c6bad15-bc07-498c-b611-ac03b2a4034f req-2c6bad15-bc07-498c-b611-ac03b2a4034f ] Request (ServersNegativeTestMultiTenantJSON:setUpClass): 201 POST http://10.180.1.21/identity/v3/auth/tokens 0.054s
2025-12-02 02:58:26.248 66010 INFO tempest.lib.common.rest_client [req-56ed0e67-dd4f-47ef-9786-435a930e0d8e req-56ed0e67-dd4f-47ef-9786-435a930e0d8e ] Request (ServersNegativeTestMultiTenantJSON:setUpClass): 200 GET http://10.180.1.21/identity/v3/domains?name=Default 0.040s
2025-12-02 02:58:26.292 66010 INFO tempest.lib.common.rest_client [req-248d113e-b018-40dd-8981-b883e197fe8b req-248d113e-b018-40dd-8981-b883e197fe8b ] Request (ServersNegativeTestMultiTenantJSON:setUpClass): 201 POST http://10.180.1.21/identity/v3/projects 0.042s
2025-12-02 02:58:26.330 66032 INFO tempest.lib.common.rest_client [req-26e466e3-bb13-4771-9cae-bade56b7d71a req-26e466e3-bb13-4771-9cae-bade56b7d71a ] Request (ServersAdminTestJSON:test_rebuild_server_in_error_state): 200 GET http://10.180.1.21/compute/v2.1/servers/02cb9db8-3029-4bce-b5ce-445a1abdbfcc 2.760s
2025-12-02 02:58:26.411 66010 INFO tempest.lib.common.rest_client [req-823b3f99-66a9-4193-a08b-ec246c4234a3 req-823b3f99-66a9-4193-a08b-ec246c4234a3 ] Request (ServersNegativeTestMultiTenantJSON:setUpClass): 201 POST http://10.180.1.21/identity/v3/users 0.119s
2025-12-02 02:58:26.452 66010 INFO tempest.lib.common.rest_client [req-64d236cc-0eb9-4d1f-b92a-21280eb6124c req-64d236cc-0eb9-4d1f-b92a-21280eb6124c ] Request (ServersNegativeTestMultiTenantJSON:setUpClass): 200 GET http://10.180.1.21/identity/v3/roles 0.039s
2025-12-02 02:58:26.526 66010 INFO tempest.lib.common.rest_client [req-3576f130-5478-4734-8c9f-7b9b6da28ef1 req-3576f130-5478-4734-8c9f-7b9b6da28ef1 ] Request (ServersNegativeTestMultiTenantJSON:setUpClass): 204 PUT http://10.180.1.21/identity/v3/projects/0c799f54cb29400aa16fac8f3f8b92d7/users/0d863b4dda3a46d5a0dd333e2bda2122/roles/3e161ca072fe49f582b68aa31b0dc315 0.073s
2025-12-02 02:58:26.526 66010 INFO tempest.lib.common.dynamic_creds [-] Dynamic test user 0d863b4dda3a46d5a0dd333e2bda2122 is created with scope project and roles: ['member']
2025-12-02 02:58:26.526 66010 INFO tempest.lib.common.dynamic_creds [-] Acquired dynamic creds: credentials: Credentials: {'domain_id': 'default', 'domain_name': 'Default', 'username': 'tempest-ServersNegativeTestMultiTenantJSON-205440114-project-member', 'project_domain_id': 'default', 'project_domain_name': 'Default', 'project_id': '0c799f54cb29400aa16fac8f3f8b92d7', 'project_name': 'tempest-ServersNegativeTestMultiTenantJSON-205440114', 'tenant_id': '0c799f54cb29400aa16fac8f3f8b92d7', 'tenant_name': 'tempest-ServersNegativeTestMultiTenantJSON-205440114', 'user_domain_id': 'default', 'user_domain_name': 'Default', 'user_id': '0d863b4dda3a46d5a0dd333e2bda2122', 'system': None}, Network: None, Subnet: None, Router: None
2025-12-02 02:58:26.583 66054 INFO tempest.lib.common.rest_client [req-31604f57-02d2-4f25-bee1-61e7d367eb84 req-31604f57-02d2-4f25-bee1-61e7d367eb84 ] Request (AttachVolumeShelveTestJSON:test_attach_volume_shelved_or_offload_server): 200 GET http://10.180.1.21/volume/v3/volumes/e757ac6c-0cee-47ec-a658-b56bedaae7ca 0.046s
2025-12-02 02:58:26.590 66054 INFO tempest.common.waiters [-] volume e757ac6c-0cee-47ec-a658-b56bedaae7ca reached available after waiting for 1.590737 seconds
2025-12-02 02:58:26.591 66054 INFO tempest.lib.common.ssh [-] Creating ssh connection to '10.180.180.173:22' as 'cirros' with public key authentication
2025-12-02 02:58:26.598 66054 INFO paramiko.transport [-] Connected (version 2.0, client dropbear_2020.81)
2025-12-02 02:58:26.625 66010 INFO tempest.lib.common.rest_client [req-c7ee0624-73c1-4900-bd25-d9d2059981cb req-c7ee0624-73c1-4900-bd25-d9d2059981cb ] Request (ServersNegativeTestMultiTenantJSON:setUpClass): 201 POST http://10.180.1.21/identity/v3/auth/tokens 0.098s
2025-12-02 02:58:26.711 66054 INFO paramiko.transport [-] Authentication (publickey) successful!
2025-12-02 02:58:26.713 66054 INFO tempest.lib.common.ssh [-] ssh connection to cirros@10.180.180.173 successfully created
2025-12-02 02:58:26.724 66054 INFO tempest.lib.common.ssh [-] Creating ssh connection to '10.180.180.173:22' as 'cirros' with public key authentication
2025-12-02 02:58:26.729 66054 INFO paramiko.transport [-] Connected (version 2.0, client dropbear_2020.81)
2025-12-02 02:58:26.792 66054 INFO paramiko.transport [-] Authentication (publickey) successful!
2025-12-02 02:58:26.795 66054 INFO tempest.lib.common.ssh [-] ssh connection to cirros@10.180.180.173 successfully created
2025-12-02 02:58:26.803 66018 INFO tempest.lib.common.rest_client [req-aef67f5f-c44d-4f07-ac0c-028419b7fee7 req-aef67f5f-c44d-4f07-ac0c-028419b7fee7 ] Request (ServersTestJSON:setUpClass): 201 POST http://10.180.1.21/networking/v2.0/floatingips 0.722s
2025-12-02 02:58:26.845 66058 INFO tempest.lib.common.rest_client [req-f738ade3-7562-449b-af8b-63e717b33fd5 req-f738ade3-7562-449b-af8b-63e717b33fd5 ] Request (AttachVolumeTestJSON:test_attach_detach_volume): 202 POST http://10.180.1.21/compute/v2.1/servers 4.138s
2025-12-02 02:58:26.856 66025 INFO tempest.lib.common.rest_client [req-d5213671-9488-4dfd-af5e-3064437f183b req-d5213671-9488-4dfd-af5e-3064437f183b ] Request (ServerRescueTestJSON:setUpClass): 200 GET http://10.180.1.21/compute/v2.1/servers/0af86772-0121-445f-9afd-335e2392f233 3.283s
2025-12-02 02:58:26.887 66018 INFO tempest.lib.common.rest_client [req-1897146e-0f02-4046-8ee0-d41222f13736 req-1897146e-0f02-4046-8ee0-d41222f13736 ] Request (ServersTestJSON:setUpClass): 201 POST http://10.180.1.21/identity/v3/auth/tokens 0.079s
2025-12-02 02:58:26.887 66018 INFO tempest.lib.common.fixed_network [-] (ServersTestJSON:setUpClass) Found network {'id': '9d2453e2-c046-42a2-8bbc-e7b5bba6a501', 'name': 'tempest-ServersTestJSON-581483727-network', 'tenant_id': '1aa2d1d53c024ca08180d935274f62b1', 'project_id': '1aa2d1d53c024ca08180d935274f62b1', 'admin_state_up': True, 'mtu': 8950, 'status': 'ACTIVE', 'subnets': [], 'shared': False, 'port_security_enabled': True, 'router:external': False, 'provider:network_type': 'vlan', 'provider:physical_network': 'default', 'provider:segmentation_id': 447, 'availability_zone_hints': [], 'availability_zones': [], 'ipv4_address_scope': None, 'ipv6_address_scope': None, 'description': '', 'tags': [], 'created_at': '2025-12-02T02:58:18Z', 'updated_at': '2025-12-02T02:58:18Z', 'revision_number': 1} available for tenant
2025-12-02 02:58:26.946 66070 INFO tempest.lib.common.rest_client [req-a2b9f18f-d333-4b3d-8362-9e2e2e438c7e req-a2b9f18f-d333-4b3d-8362-9e2e2e438c7e ] Request (ServerMetadataTestJSON:test_set_server_metadata_item): 200 PUT http://10.180.1.21/compute/v2.1/servers/b5b0879e-9a0d-423f-86b4-9c773a3796ba/metadata/nova 3.285s
2025-12-02 02:58:27.059 66048 INFO tempest.lib.common.rest_client [req-d24177bf-9097-4ca0-9391-50676add9a20 req-d24177bf-9097-4ca0-9391-50676add9a20 ] Request (HypervisorAdminUnderV252Test:test_get_hypervisor_show_servers): 200 GET http://10.180.1.21/compute/v2.1/os-hypervisors 3.229s
2025-12-02 02:58:27.077 66064 INFO tempest.lib.common.rest_client [req-991d49ae-020f-42fd-bc0f-43bfb811d45c req-991d49ae-020f-42fd-bc0f-43bfb811d45c ] Request (HostsAdminNegativeTestJSON:setUpClass): 200 GET http://10.180.1.21/compute/v2.1/os-hosts 3.139s
2025-12-02 02:58:27.188 66010 INFO tempest.lib.common.rest_client [req-43ea57d2-52c8-4446-9f4a-9a24b7ff3306 req-43ea57d2-52c8-4446-9f4a-9a24b7ff3306 ] Request (ServersNegativeTestMultiTenantJSON:setUpClass): 201 POST http://10.180.1.21/networking/v2.0/networks 0.563s
2025-12-02 02:58:27.335 66042 INFO tempest.lib.common.rest_client [req-0b3fd668-1f80-4bc5-b8b4-d6d814f0e182 req-0b3fd668-1f80-4bc5-b8b4-d6d814f0e182 ] Request (ServersTestMultiNic:test_verify_multiple_nics_order): 200 GET http://10.180.1.21/compute/v2.1/servers/7e735060-8d68-4af6-8d28-2526f1230caf 3.326s
2025-12-02 02:58:27.367 66008 INFO tempest.lib.common.rest_client [req-e4eec0fe-59a8-4c5c-9e55-f034460c5281 req-e4eec0fe-59a8-4c5c-9e55-f034460c5281 ] Request (ServersTestBootFromVolume:setUpClass): 200 GET http://10.180.1.21/compute/v2.1/servers/562f5a07-ed6c-412d-a069-2dcc4187f45a 3.071s
2025-12-02 02:58:27.422 66036 INFO tempest.lib.common.rest_client [req-30ee02ef-3b66-45e8-b5e3-2dd7c2393a2c req-30ee02ef-3b66-45e8-b5e3-2dd7c2393a2c ] Request (ListImageFiltersTestJSON:test_list_images_filter_by_name): 200 GET http://10.180.1.21/compute/v2.1/images?name=tempest-ListImageFiltersTestJSON-image-2061355023 2.929s
2025-12-02 02:58:27.508 66010 INFO tempest.lib.common.rest_client [req-e8354447-ab67-4694-b7aa-050a56e249e2 req-e8354447-ab67-4694-b7aa-050a56e249e2 ] Request (ServersNegativeTestMultiTenantJSON:setUpClass): 201 POST http://10.180.1.21/networking/v2.0/subnets 0.318s
2025-12-02 02:58:27.559 66012 INFO tempest.lib.common.rest_client [req-5b502c5a-87ac-4266-9b49-6f2351fe49a5 req-5b502c5a-87ac-4266-9b49-6f2351fe49a5 ] Request (ServerDiskConfigTestJSON:_run_cleanups): 204 DELETE http://10.180.1.21/compute/v2.1/servers/41f05ac6-e548-425b-9952-33f4f74de092 2.988s
2025-12-02 02:58:27.669 66012 INFO tempest.lib.common.rest_client [req-037ef688-b420-45ba-98b5-e74375498ae2 req-037ef688-b420-45ba-98b5-e74375498ae2 ] Request (ServerDiskConfigTestJSON:test_resize_server_from_auto_to_manual): 201 POST http://10.180.1.21/identity/v3/auth/tokens 0.101s
2025-12-02 02:58:27.669 66012 INFO tempest.lib.common.fixed_network [-] (ServerDiskConfigTestJSON:test_resize_server_from_auto_to_manual) Found network {'id': 'c9d6a341-4855-49c0-bbd6-acb3b21d91fb', 'name': 'tempest-ServerDiskConfigTestJSON-1611432824-network', 'tenant_id': '043325c3a4434f9da2786c746b0823e8', 'project_id': '043325c3a4434f9da2786c746b0823e8', 'admin_state_up': True, 'mtu': 8950, 'status': 'ACTIVE', 'subnets': [], 'shared': False, 'port_security_enabled': True, 'router:external': False, 'provider:network_type': 'vlan', 'provider:physical_network': 'default', 'provider:segmentation_id': 586, 'availability_zone_hints': [], 'availability_zones': [], 'ipv4_address_scope': None, 'ipv6_address_scope': None, 'description': '', 'tags': [], 'created_at': '2025-12-02T02:55:54Z', 'updated_at': '2025-12-02T02:55:54Z', 'revision_number': 1} available for tenant
2025-12-02 02:58:27.671 66014 INFO tempest.lib.common.rest_client [req-5fc074f5-e2ae-4f1f-b571-64ba4d760315 req-5fc074f5-e2ae-4f1f-b571-64ba4d760315 ] Request (FloatingIPsAssociationTestJSON:tearDownClass): 200 GET http://10.180.1.21/compute/v2.1/servers/9df43a82-243c-46f7-8a65-4af35adea541 3.137s
2025-12-02 02:58:28.370 66010 INFO tempest.lib.common.rest_client [req-d21f4cbc-ef95-46ac-a027-db6232697bea req-d21f4cbc-ef95-46ac-a027-db6232697bea ] Request (ServersNegativeTestMultiTenantJSON:setUpClass): 201 POST http://10.180.1.21/networking/v2.0/routers 0.862s
2025-12-02 02:58:28.769 66022 INFO tempest.lib.common.rest_client [req-0b080a74-3a12-4f14-8fd3-a84c4126ba7a req-0b080a74-3a12-4f14-8fd3-a84c4126ba7a ] Request (DeleteServersTestJSON:test_delete_active_server): 200 GET http://10.180.1.21/compute/v2.1/servers/d4a57fcc-519b-44d4-9597-737460998af1 4.107s
2025-12-02 02:58:28.979 66044 INFO tempest.lib.common.rest_client [req-b1382828-d211-4864-bf95-78bc3fab1744 req-b1382828-d211-4864-bf95-78bc3fab1744 ] Request (MigrationsAdminTest:test_resize_server_revert_deleted_flavor): 202 POST http://10.180.1.21/compute/v2.1/servers/6a030176-9419-48b5-878a-2de711b9fa9b/action 4.259s
2025-12-02 02:58:29.276 66034 INFO tempest.lib.common.rest_client [req-2e8fa41c-bf5c-4b98-9ecc-196d25a0ac5d req-2e8fa41c-bf5c-4b98-9ecc-196d25a0ac5d ] Request (AttachInterfacesUnderV243Test:test_add_remove_fixed_ip): 200 GET http://10.180.1.21/compute/v2.1/servers/fb8a6659-678c-4fb6-9de8-0daa9a7c1682 4.529s
2025-12-02 02:58:29.307 66028 INFO tempest.lib.common.rest_client [req-a982e56a-e6ad-4f1b-89f5-4a8acbce4ea5 req-a982e56a-e6ad-4f1b-89f5-4a8acbce4ea5 ] Request (KeyPairsV22TestJSON:_run_cleanups): 204 DELETE http://10.180.1.21/compute/v2.1/os-keypairs/tempest-KeyPairsV22TestJSON-keypair-1929247712 4.543s
2025-12-02 02:58:29.328 66040 INFO tempest.lib.common.rest_client [req-b8c7e4ae-2be6-42e3-934f-f786ed3be042 req-b8c7e4ae-2be6-42e3-934f-f786ed3be042 ] Request (ServerDiagnosticsTest:tearDownClass): 404 GET http://10.180.1.21/compute/v2.1/servers/d1813f02-6855-4210-8cd1-0702b77b4136 4.503s
2025-12-02 02:58:29.441 66040 INFO tempest.lib.common.rest_client [req-2ba9af83-e43d-4938-9f6c-94d84ca421f7 req-2ba9af83-e43d-4938-9f6c-94d84ca421f7 ] Request (ServerDiagnosticsTest:tearDownClass): 204 DELETE http://10.180.1.21/identity/v3/users/5e71d7908c5e4437bf842da51388ae5b 0.113s
2025-12-02 02:58:29.594 66040 INFO tempest.lib.common.rest_client [req-c255552e-5f17-45bf-893b-d527699148e2 req-c255552e-5f17-45bf-893b-d527699148e2 ] Request (ServerDiagnosticsTest:tearDownClass): 204 DELETE http://10.180.1.21/identity/v3/users/2b8c36dd738d464398380edcddc4d903 0.152s
2025-12-02 02:58:29.595 66040 INFO tempest.lib.common.dynamic_creds [-] Deleting project and security group for project: 9218a3866f4e40ddbb9cc9336b311547
2025-12-02 02:58:29.668 66040 INFO tempest.lib.common.rest_client [req-07ee39a0-4eef-482a-8efa-e04b1cb522a6 req-07ee39a0-4eef-482a-8efa-e04b1cb522a6 ] Request (ServerDiagnosticsTest:tearDownClass): 201 POST http://10.180.1.21/identity/v3/auth/tokens 0.073s
2025-12-02 02:58:29.851 66010 INFO tempest.lib.common.rest_client [req-d53abb58-6da2-44f7-ad3f-266102eed34e req-d53abb58-6da2-44f7-ad3f-266102eed34e ] Request (ServersNegativeTestMultiTenantJSON:setUpClass): 200 PUT http://10.180.1.21/networking/v2.0/routers/9445f04a-1e14-4487-9ed0-025908ced05d/add_router_interface 1.480s
2025-12-02 02:58:29.851 66010 INFO tempest.lib.common.dynamic_creds [-] Created isolated network resources for: credentials: Credentials: {'domain_id': 'default', 'domain_name': 'Default', 'username': 'tempest-ServersNegativeTestMultiTenantJSON-205440114-project-member', 'project_domain_id': 'default', 'project_domain_name': 'Default', 'project_id': '0c799f54cb29400aa16fac8f3f8b92d7', 'project_name': 'tempest-ServersNegativeTestMultiTenantJSON-205440114', 'tenant_id': '0c799f54cb29400aa16fac8f3f8b92d7', 'tenant_name': 'tempest-ServersNegativeTestMultiTenantJSON-205440114', 'user_domain_id': 'default', 'user_domain_name': 'Default', 'user_id': '0d863b4dda3a46d5a0dd333e2bda2122', 'system': None}, Network: {'id': '1a0c7d34-98aa-4ecf-906c-4b4ec8cc938a', 'name': 'tempest-ServersNegativeTestMultiTenantJSON-327557031-network', 'tenant_id': '0c799f54cb29400aa16fac8f3f8b92d7', 'project_id': '0c799f54cb29400aa16fac8f3f8b92d7', 'admin_state_up': True, 'mtu': 8950, 'status': 'ACTIVE', 'subnets': [], 'shared': False, 'port_security_enabled': True, 'router:external': False, 'provider:network_type': 'vlan', 'provider:physical_network': 'default', 'provider:segmentation_id': 2, 'availability_zone_hints': [], 'availability_zones': [], 'ipv4_address_scope': None, 'ipv6_address_scope': None, 'description': '', 'tags': [], 'created_at': '2025-12-02T02:58:27Z', 'updated_at': '2025-12-02T02:58:27Z', 'revision_number': 1}, Subnet: {'id': '44cfe8b9-9edc-489b-9301-a3a4580b78ea', 'name': 'tempest-ServersNegativeTestMultiTenantJSON-327557031-subnet', 'tenant_id': '0c799f54cb29400aa16fac8f3f8b92d7', 'network_id': '1a0c7d34-98aa-4ecf-906c-4b4ec8cc938a', 'ip_version': 4, 'subnetpool_id': None, 'enable_dhcp': True, 'ipv6_ra_mode': None, 'ipv6_address_mode': None, 'gateway_ip': '192.168.128.1', 'cidr': '192.168.128.0/28', 'allocation_pools': [{'start': '192.168.128.2', 'end': '192.168.128.14'}], 'host_routes': [], 'dns_nameservers': [], 'description': '', 'router:external': False, 'service_types': [], 'tags': [], 'created_at': '2025-12-02T02:58:27Z', 'updated_at': '2025-12-02T02:58:27Z', 'revision_number': 0, 'project_id': '0c799f54cb29400aa16fac8f3f8b92d7'}, Router: {'id': '9445f04a-1e14-4487-9ed0-025908ced05d', 'name': 'tempest-ServersNegativeTestMultiTenantJSON-327557031-router', 'tenant_id': '0c799f54cb29400aa16fac8f3f8b92d7', 'admin_state_up': True, 'status': 'ACTIVE', 'external_gateway_info': {'network_id': '2405baea-b07a-4648-95c6-718c27b53143', 'external_fixed_ips': [{'subnet_id': 'a60f26f2-bb84-4fb6-bfa6-84b45096497d', 'ip_address': '10.180.180.159'}], 'enable_snat': True}, 'description': '', 'availability_zones': [], 'distributed': False, 'ha': False, 'availability_zone_hints': [], 'routes': [], 'flavor_id': None, 'tags': [], 'created_at': '2025-12-02T02:58:27Z', 'updated_at': '2025-12-02T02:58:28Z', 'revision_number': 2, 'project_id': '0c799f54cb29400aa16fac8f3f8b92d7'}
2025-12-02 02:58:29.906 66060 INFO tempest.lib.common.rest_client [req-a67b553c-760a-4dce-846f-2b2260a400ba req-a67b553c-760a-4dce-846f-2b2260a400ba ] Request (SecurityGroupsTestJSON:test_list_security_groups_by_server): 200 GET http://10.180.1.21/compute/v2.1/servers/635c7119-196c-42a6-b735-f2f25b45d31c 4.817s
2025-12-02 02:58:29.913 66060 INFO tempest.common.waiters [-] State transition "BUILD/spawning" ==> "ACTIVE/None" after 26 second wait
2025-12-02 02:58:29.934 66040 INFO tempest.lib.common.rest_client [req-a3bb1684-85a1-4539-b7e0-75def146cacf req-a3bb1684-85a1-4539-b7e0-75def146cacf ] Request (ServerDiagnosticsTest:tearDownClass): 200 GET http://10.180.1.21/networking/v2.0/security-groups?tenant_id=9218a3866f4e40ddbb9cc9336b311547&name=default 0.266s
2025-12-02 02:58:29.942 66038 WARNING tempest.lib.common.ssh [-] Failed to establish authenticated ssh connection to cirros@10.180.180.213 ([Errno None] Unable to connect to port 22 on 10.180.180.213). Number attempts: 1. Retry after 2 seconds.: paramiko.ssh_exception.NoValidConnectionsError: [Errno None] Unable to connect to port 22 on 10.180.180.213
2025-12-02 02:58:29.960 66010 INFO tempest.lib.common.rest_client [req-7f73b393-222d-41c0-9e61-f41cfbda51eb req-7f73b393-222d-41c0-9e61-f41cfbda51eb ] Request (ServersNegativeTestMultiTenantJSON:setUpClass): 201 POST http://10.180.1.21/identity/v3/auth/tokens 0.105s
2025-12-02 02:58:29.989 66046 INFO tempest.lib.common.rest_client [req-11258649-3da6-443e-9c5e-4d1ac90312f8 req-11258649-3da6-443e-9c5e-4d1ac90312f8 ] Request (ServersTestManualDisk:setUpClass): 202 POST http://10.180.1.21/compute/v2.1/servers 5.355s
2025-12-02 02:58:30.013 66010 INFO tempest.lib.common.rest_client [req-c5e78974-41e3-4cea-8f62-f7962a4dd40c req-c5e78974-41e3-4cea-8f62-f7962a4dd40c ] Request (ServersNegativeTestMultiTenantJSON:setUpClass): 201 POST http://10.180.1.21/identity/v3/projects 0.052s
2025-12-02 02:58:30.097 66040 INFO tempest.lib.common.rest_client [req-3c644aa6-06a5-43ac-8b84-26680f51b056 req-3c644aa6-06a5-43ac-8b84-26680f51b056 ] Request (ServerDiagnosticsTest:tearDownClass): 204 DELETE http://10.180.1.21/networking/v2.0/security-groups/38d57888-b87b-4e90-a7a3-734496629950 0.162s
2025-12-02 02:58:30.148 66010 INFO tempest.lib.common.rest_client [req-2081e85f-3dbe-4d29-be8d-94817cdb630e req-2081e85f-3dbe-4d29-be8d-94817cdb630e ] Request (ServersNegativeTestMultiTenantJSON:setUpClass): 201 POST http://10.180.1.21/identity/v3/users 0.135s
2025-12-02 02:58:30.177 66010 INFO tempest.lib.common.rest_client [req-81e0a65a-f946-4a28-b470-e9f87f85e51c req-81e0a65a-f946-4a28-b470-e9f87f85e51c ] Request (ServersNegativeTestMultiTenantJSON:setUpClass): 200 GET http://10.180.1.21/identity/v3/roles 0.028s
2025-12-02 02:58:30.191 66016 INFO tempest.lib.common.rest_client [req-590e6a54-d571-447e-bc2f-924d1c431590 req-590e6a54-d571-447e-bc2f-924d1c431590 ] Request (ServerMetadataNegativeTestJSON:setUpClass): 200 GET http://10.180.1.21/compute/v2.1/servers/c08bd7e0-10fa-40d7-9e03-12617c45e966 4.785s
2025-12-02 02:58:30.217 66026 INFO tempest.lib.common.rest_client [req-f84e755e-c360-4db9-a6bb-3b0cd1929bfe req-f84e755e-c360-4db9-a6bb-3b0cd1929bfe ] Request (MultipleCreateTestJSON:tearDownClass): 404 GET http://10.180.1.21/compute/v2.1/servers/a9ca926e-74ed-4494-ab4d-a3e989547378 3.597s
2025-12-02 02:58:30.225 66040 INFO tempest.lib.common.rest_client [req-1620a6ef-a254-4a5b-a4c1-1032f27c9569 req-1620a6ef-a254-4a5b-a4c1-1032f27c9569 ] Request (ServerDiagnosticsTest:tearDownClass): 204 DELETE http://10.180.1.21/identity/v3/projects/9218a3866f4e40ddbb9cc9336b311547 0.128s
2025-12-02 02:58:30.226 66040 INFO tempest.lib.common.dynamic_creds [-] Deleting project and security group for project: 55483dea7ceb4f56adaa492ab90bbb97
2025-12-02 02:58:30.233 66010 INFO tempest.lib.common.rest_client [req-8e8ae3b1-23e9-48da-8890-3a47761b6734 req-8e8ae3b1-23e9-48da-8890-3a47761b6734 ] Request (ServersNegativeTestMultiTenantJSON:setUpClass): 204 PUT http://10.180.1.21/identity/v3/projects/77e542f2e2a9471fab7e51b5b4b2c94b/users/7d61f2476e714d599b92bddc6df8c428/roles/3e161ca072fe49f582b68aa31b0dc315 0.055s
2025-12-02 02:58:30.233 66010 INFO tempest.lib.common.dynamic_creds [-] Dynamic test user 7d61f2476e714d599b92bddc6df8c428 is created with scope project and roles: ['member']
