2025-12-02 02:59:14.726 66010 INFO tempest.lib.common.rest_client [req-be21b90e-620e-499c-bfb3-18911356a76c req-be21b90e-620e-499c-bfb3-18911356a76c ] Request (ServersNegativeTestMultiTenantJSON:test_delete_a_server_of_another_tenant): 404 DELETE http://10.180.1.21/compute/v2.1/servers/6ab0ec1d-4044-4d44-9869-1672b6bae012 0.486s
2025-12-02 02:59:14.739 66012 INFO tempest.lib.common.rest_client [req-eb318e8b-5098-4392-b9e5-1f73d1a817a6 req-eb318e8b-5098-4392-b9e5-1f73d1a817a6 ] Request (ServerDiskConfigTestJSON:test_resize_server_from_auto_to_manual): 200 GET http://10.180.1.21/compute/v2.1/servers/dc445bb8-d314-4a2b-ad7f-57b2d2fb7bb5 0.597s
2025-12-02 02:59:14.901 66044 INFO tempest.lib.common.rest_client [req-0916af16-c898-49dc-bdda-8dc4a50eded1 req-0916af16-c898-49dc-bdda-8dc4a50eded1 ] Request (MigrationsAdminTest:test_resize_server_revert_deleted_flavor): 200 GET http://10.180.1.21/compute/v2.1/servers/6a030176-9419-48b5-878a-2de711b9fa9b 0.611s
2025-12-02 02:59:15.046 66048 INFO tempest.lib.common.rest_client [req-99ff64f3-6b15-41d5-bb0a-e0f0c8b6c2de req-99ff64f3-6b15-41d5-bb0a-e0f0c8b6c2de ] Request (ImagesOneServerNegativeTestJSON:setUpClass): 200 GET http://10.180.1.21/compute/v2.1/servers/75cd7169-e2cd-4207-b775-ffa5a3d6d875 0.725s
2025-12-02 02:59:15.158 66062 INFO tempest.lib.common.rest_client [req-04c17ddb-44ac-4ebf-a5ca-5dd56adee023 req-04c17ddb-44ac-4ebf-a5ca-5dd56adee023 ] Request (ImagesTestJSON:_run_cleanups): 204 DELETE http://10.180.1.21/compute/v2.1/images/d320875f-8a34-4db8-9ab3-de06929c7539 0.837s
2025-12-02 02:59:15.235 66070 INFO tempest.lib.common.rest_client [req-a7310e49-2866-495f-aa0d-33fc2f12dde6 req-a7310e49-2866-495f-aa0d-33fc2f12dde6 ] Request (ServerMetadataTestJSON:tearDownClass): 200 GET http://10.180.1.21/compute/v2.1/servers/b5b0879e-9a0d-423f-86b4-9c773a3796ba 0.843s
2025-12-02 02:59:15.252 66008 INFO tempest.lib.common.rest_client [req-60807847-799d-4e62-bb39-ca94913929c9 req-60807847-799d-4e62-bb39-ca94913929c9 ] Request (ServersTestBootFromVolume:test_verify_created_server_vcpus): 200 GET http://10.180.1.21/compute/v2.1/flavors/42 0.822s
2025-12-02 02:59:15.255 66008 INFO tempest.lib.common.ssh [-] Creating ssh connection to '10.180.180.196:22' as 'cirros' with public key authentication
2025-12-02 02:59:15.259 66008 INFO paramiko.transport [-] Connected (version 2.0, client dropbear_2020.81)
2025-12-02 02:59:15.316 66008 INFO paramiko.transport [-] Authentication (publickey) successful!
2025-12-02 02:59:15.316 66008 INFO tempest.lib.common.ssh [-] ssh connection to cirros@10.180.180.196 successfully created
2025-12-02 02:59:15.324 66050 INFO tempest.lib.common.rest_client [req-8fed0317-247b-4855-aa1d-e624afe25825 req-8fed0317-247b-4855-aa1d-e624afe25825 ] Request (AttachVolumeNegativeTest:test_attach_attached_volume_to_different_server): 200 GET http://10.180.1.21/volume/v3/volumes/6a4e1cbd-d7b7-4731-89a2-9020f171cdff 0.055s
2025-12-02 02:59:15.332 66050 INFO tempest.common.waiters [-] Attachment c86b1306-f69f-401d-a620-8b0cbea1930a created for volume 6a4e1cbd-d7b7-4731-89a2-9020f171cdff to server 8d74509e-e141-42d5-9db1-0c4f2ffde54e after waiting for 10.332731 seconds
2025-12-02 02:59:15.341 66016 INFO tempest.lib.common.rest_client [req-5207fd22-5fc5-4f54-bafe-cce76cf99a9b req-5207fd22-5fc5-4f54-bafe-cce76cf99a9b ] Request (ServerMetadataNegativeTestJSON:tearDownClass): 200 GET http://10.180.1.21/compute/v2.1/servers/c08bd7e0-10fa-40d7-9e03-12617c45e966 0.896s
2025-12-02 02:59:15.364 66050 INFO tempest.lib.common.rest_client [req-6edd3e88-adce-4d45-a5f0-64b6bb583540 req-6edd3e88-adce-4d45-a5f0-64b6bb583540 ] Request (AttachVolumeNegativeTest:test_attach_attached_volume_to_different_server): 200 GET http://10.180.1.21/volume/v3/volumes/6a4e1cbd-d7b7-4731-89a2-9020f171cdff 0.031s
2025-12-02 02:59:15.378 66050 INFO tempest.common.waiters [-] volume 6a4e1cbd-d7b7-4731-89a2-9020f171cdff reached in-use after waiting for 0.377975 seconds
2025-12-02 02:59:15.400 66040 INFO tempest.lib.common.rest_client [req-a4b90070-c3a6-40eb-85d8-8b91edfa8e27 req-a4b90070-c3a6-40eb-85d8-8b91edfa8e27 ] Request (TenantUsagesTestJSON:tearDownClass): 200 GET http://10.180.1.21/compute/v2.1/servers/13167a37-407a-45d6-8272-4e4715f0dc0e 0.835s
2025-12-02 02:59:15.522 66054 INFO tempest.lib.common.rest_client [req-714ae61c-1b73-4273-a316-516e04802c79 req-714ae61c-1b73-4273-a316-516e04802c79 ] Request (AttachVolumeShelveTestJSON:test_attach_volume_shelved_or_offload_server): 200 GET http://10.180.1.21/compute/v2.1/servers/0dab038b-84a8-4bb4-9da4-0a19df218022 0.908s
2025-12-02 02:59:15.531 66054 INFO tempest.common.waiters [-] State transition "SHELVED_OFFLOADED/unshelving" ==> "SHELVED_OFFLOADED/spawning" after 16 second wait
2025-12-02 02:59:15.598 66032 INFO tempest.lib.common.rest_client [req-7c825ef6-eb96-4d70-ac15-d4d187ad87a1 req-7c825ef6-eb96-4d70-ac15-d4d187ad87a1 ] Request (ServersAdminTestJSON:tearDownClass): 200 GET http://10.180.1.21/compute/v2.1/servers/09bbffc5-2d7c-48b6-8cb6-3018847cfc90 0.934s
2025-12-02 02:59:15.711 66010 INFO tempest.lib.common.rest_client [req-a43c48f6-23e1-4261-a4c1-722db9cf3545 req-a43c48f6-23e1-4261-a4c1-722db9cf3545 ] Request (ServersNegativeTestMultiTenantJSON:setUp): 200 GET http://10.180.1.21/compute/v2.1/servers/6ab0ec1d-4044-4d44-9869-1672b6bae012 0.984s
2025-12-02 02:59:15.763 66064 INFO tempest.lib.common.rest_client [req-21c299ae-75bd-4614-ab33-d489e6bc8300 req-21c299ae-75bd-4614-ab33-d489e6bc8300 ] Request (ServerDiagnosticsV248Test:test_get_server_diagnostics): 200 GET http://10.180.1.21/compute/v2.1/servers/a51c9fc1-9efb-426d-8b64-13bedb78d870 1.022s
2025-12-02 02:59:15.860 66062 INFO tempest.lib.common.rest_client [req-67496404-14b9-44af-85c2-6f8457edc039 req-67496404-14b9-44af-85c2-6f8457edc039 ] Request (ImagesTestJSON:_run_cleanups): 204 DELETE http://10.180.1.21/compute/v2.1/servers/d1da2588-99a2-4ff8-a08a-a0b6835e6c34 0.701s
2025-12-02 02:59:15.925 66062 INFO tempest.lib.common.rest_client [req-68798425-3b1e-46af-b1ff-0d8c493b80d3 req-68798425-3b1e-46af-b1ff-0d8c493b80d3 ] Request (ImagesTestJSON:test_create_server_from_snapshot): 201 POST http://10.180.1.21/identity/v3/auth/tokens 0.061s
2025-12-02 02:59:15.926 66062 INFO tempest.lib.common.fixed_network [-] (ImagesTestJSON:test_create_server_from_snapshot) Found network {'id': '2307da49-a87c-44fb-94a0-66737a5ecd26', 'name': 'tempest-ImagesTestJSON-226786915-network', 'tenant_id': 'da56aed51e03482b810637e414eb8bfd', 'project_id': 'da56aed51e03482b810637e414eb8bfd', 'admin_state_up': True, 'mtu': 8950, 'status': 'ACTIVE', 'subnets': [], 'shared': False, 'port_security_enabled': True, 'router:external': False, 'provider:network_type': 'vlan', 'provider:physical_network': 'default', 'provider:segmentation_id': 797, 'availability_zone_hints': [], 'availability_zones': [], 'ipv4_address_scope': None, 'ipv6_address_scope': None, 'description': '', 'tags': [], 'created_at': '2025-12-02T02:56:56Z', 'updated_at': '2025-12-02T02:56:56Z', 'revision_number': 1} available for tenant
2025-12-02 02:59:15.926 66008 INFO tempest.lib.common.rest_client [req-a146a184-d097-45e9-82be-75981d6742cb req-a146a184-d097-45e9-82be-75981d6742cb ] Request (ServersTestBootFromVolume:tearDownClass): 204 DELETE http://10.180.1.21/compute/v2.1/servers/562f5a07-ed6c-412d-a069-2dcc4187f45a 0.600s
2025-12-02 02:59:15.944 66038 WARNING tempest.lib.common.ssh [-] Failed to establish authenticated ssh connection to cirros@10.180.180.213 ([Errno None] Unable to connect to port 22 on 10.180.180.213). Number attempts: 7. Retry after 8 seconds.: paramiko.ssh_exception.NoValidConnectionsError: [Errno None] Unable to connect to port 22 on 10.180.180.213
2025-12-02 02:59:15.984 66050 INFO tempest.lib.common.rest_client [req-e5420606-c4a3-4c9c-9b6e-4d3541c78d55 req-e5420606-c4a3-4c9c-9b6e-4d3541c78d55 ] Request (ValidationResourcesFixture:setUp): 200 POST http://10.180.1.21/compute/v2.1/os-keypairs 0.605s
2025-12-02 02:59:16.093 66050 INFO tempest.lib.common.rest_client [req-adc0a1b6-cee7-4c76-9757-5d8dc06c4d2b req-adc0a1b6-cee7-4c76-9757-5d8dc06c4d2b ] Request (ValidationResourcesFixture:setUp): 201 POST http://10.180.1.21/networking/v2.0/security-groups 0.107s
2025-12-02 02:59:16.129 66025 INFO tempest.lib.common.rest_client [req-951ec18c-a39c-4aea-9e59-986814cb14fb req-951ec18c-a39c-4aea-9e59-986814cb14fb ] Request (ServerRescueTestJSON:test_rescue_unrescue_instance): 200 GET http://10.180.1.21/compute/v2.1/servers/94e90158-d00a-4de7-a897-91e198772c78 0.671s
2025-12-02 02:59:16.193 66060 INFO tempest.lib.common.rest_client [req-78af5b78-513a-4b09-9406-68ba352efea9 req-78af5b78-513a-4b09-9406-68ba352efea9 ] Request (SecurityGroupsTestJSON:test_server_security_groups): 200 GET http://10.180.1.21/compute/v2.1/servers/559a2ba4-4d43-45b8-8684-af6d60196add 0.715s
2025-12-02 02:59:16.216 66050 INFO tempest.lib.common.rest_client [req-cc9a6685-6da4-44fa-913f-b82366f57ace req-cc9a6685-6da4-44fa-913f-b82366f57ace ] Request (ValidationResourcesFixture:setUp): 201 POST http://10.180.1.21/networking/v2.0/security-group-rules 0.122s
2025-12-02 02:59:16.254 66026 INFO tempest.lib.common.rest_client [req-6de99c13-1190-4e59-a166-5f1acf7bae36 req-6de99c13-1190-4e59-a166-5f1acf7bae36 ] Request (ServerActionsV293TestJSON:setUpClass): 200 GET http://10.180.1.21/compute/v2.1/servers/967d509a-4adb-4e99-8d51-8cc226b333ea 0.723s
2025-12-02 02:59:16.310 66050 INFO tempest.lib.common.rest_client [req-ae548f38-e289-4107-91e9-39c018240cf2 req-ae548f38-e289-4107-91e9-39c018240cf2 ] Request (ValidationResourcesFixture:setUp): 201 POST http://10.180.1.21/networking/v2.0/security-group-rules 0.094s
2025-12-02 02:59:16.327 66036 INFO tempest.lib.common.rest_client [req-3e5c1aea-d9a5-449a-8060-8d587e4b302e req-3e5c1aea-d9a5-449a-8060-8d587e4b302e ] Request (ListImageFiltersTestJSON:tearDownClass): 200 GET http://10.180.1.21/compute/v2.1/servers/9fc2b968-21dc-42b9-8857-b68acf6913cf 0.772s
2025-12-02 02:59:16.401 66022 INFO tempest.lib.common.rest_client [req-1a4d38a8-dfc0-47c1-b1be-16300e500b75 req-1a4d38a8-dfc0-47c1-b1be-16300e500b75 ] Request (DeleteServersTestJSON:test_delete_server_while_in_attached_volume): 200 POST http://10.180.1.21/compute/v2.1/servers/7b1d6d94-0e38-49dd-9945-15ff5807ed93/os-volume_attachments 2.125s
2025-12-02 02:59:16.438 66042 INFO tempest.lib.common.rest_client [req-cdba4c00-8ff3-4bee-a1f6-22a36f777048 req-cdba4c00-8ff3-4bee-a1f6-22a36f777048 ] Request (ServerAddressesTestJSON:setUpClass): 200 GET http://10.180.1.21/compute/v2.1/servers/b34b6d21-2fc9-4869-a541-5f04145bd21b 0.858s
2025-12-02 02:59:16.441 66022 INFO tempest.lib.common.rest_client [req-5644c72c-210d-4795-8560-51b65d84c226 req-5644c72c-210d-4795-8560-51b65d84c226 ] Request (DeleteServersTestJSON:test_delete_server_while_in_attached_volume): 200 GET http://10.180.1.21/volume/v3/volumes/bcacc718-b924-4c38-b05d-ddd9e13ca12a 0.038s
2025-12-02 02:59:16.446 66042 INFO tempest.common.waiters [-] State transition "BUILD/scheduling" ==> "BUILD/None" after 2 second wait
2025-12-02 02:59:16.465 66010 INFO tempest.lib.common.rest_client [req-8dab5ba0-de05-4a6c-a719-8e5675e0cbf0 req-8dab5ba0-de05-4a6c-a719-8e5675e0cbf0 ] Request (ServersNegativeTestMultiTenantJSON:test_update_server_of_another_tenant): 404 PUT http://10.180.1.21/compute/v2.1/servers/6ab0ec1d-4044-4d44-9869-1672b6bae012 0.745s
2025-12-02 02:59:16.472 66034 INFO tempest.lib.common.rest_client [req-f20fba28-1460-426b-96aa-e61bb8d480f2 req-f20fba28-1460-426b-96aa-e61bb8d480f2 ] Request (InstanceActionsTestJSON:setUpClass): 200 GET http://10.180.1.21/compute/v2.1/servers/81b06f32-f278-4aa9-b551-723dcd1a49c1 0.851s
2025-12-02 02:59:16.479 66034 INFO tempest.common.waiters [-] State transition "BUILD/scheduling" ==> "BUILD/None" after 2 second wait
2025-12-02 02:59:16.696 66044 INFO tempest.lib.common.rest_client [req-333a9498-0e80-447c-b5a9-48a4adf4e992 req-333a9498-0e80-447c-b5a9-48a4adf4e992 ] Request (MigrationsAdminTest:test_resize_server_revert_deleted_flavor): 200 GET http://10.180.1.21/compute/v2.1/servers/6a030176-9419-48b5-878a-2de711b9fa9b 0.785s
2025-12-02 02:59:16.719 66012 INFO tempest.lib.common.rest_client [req-9f0baaf0-a731-472d-9ec1-903e60054791 req-9f0baaf0-a731-472d-9ec1-903e60054791 ] Request (ServerDiskConfigTestJSON:test_resize_server_from_auto_to_manual): 200 GET http://10.180.1.21/compute/v2.1/servers/dc445bb8-d314-4a2b-ad7f-57b2d2fb7bb5 0.971s
2025-12-02 02:59:16.776 66056 WARNING tempest.lib.common.ssh [-] Failed to establish authenticated ssh connection to cirros@10.180.180.176 ([Errno None] Unable to connect to port 22 on 10.180.180.176). Number attempts: 16. Retry after 17 seconds.: paramiko.ssh_exception.NoValidConnectionsError: [Errno None] Unable to connect to port 22 on 10.180.180.176
2025-12-02 02:59:16.783 66050 INFO tempest.lib.common.rest_client [req-9e50caf8-2ff1-4373-b85b-b750b216b2d5 req-9e50caf8-2ff1-4373-b85b-b750b216b2d5 ] Request (ValidationResourcesFixture:setUp): 201 POST http://10.180.1.21/networking/v2.0/floatingips 0.472s
2025-12-02 02:59:16.872 66050 INFO tempest.lib.common.rest_client [req-837bdf08-a325-4aeb-9d97-482e9b1aecd0 req-837bdf08-a325-4aeb-9d97-482e9b1aecd0 ] Request (AttachVolumeNegativeTest:test_attach_attached_volume_to_different_server): 201 POST http://10.180.1.21/identity/v3/auth/tokens 0.085s
2025-12-02 02:59:16.873 66050 INFO tempest.lib.common.fixed_network [-] (AttachVolumeNegativeTest:test_attach_attached_volume_to_different_server) Found network {'id': '48fc1496-741c-4c5f-a489-af503fd4ce62', 'name': 'tempest-AttachVolumeNegativeTest-650902820-network', 'tenant_id': '3f3f83779d7840bba40ae4f777aada6a', 'project_id': '3f3f83779d7840bba40ae4f777aada6a', 'admin_state_up': True, 'mtu': 8950, 'status': 'ACTIVE', 'subnets': [], 'shared': False, 'port_security_enabled': True, 'router:external': False, 'provider:network_type': 'vlan', 'provider:physical_network': 'default', 'provider:segmentation_id': 682, 'availability_zone_hints': [], 'availability_zones': [], 'ipv4_address_scope': None, 'ipv6_address_scope': None, 'description': '', 'tags': [], 'created_at': '2025-12-02T02:57:20Z', 'updated_at': '2025-12-02T02:57:20Z', 'revision_number': 1} available for tenant
2025-12-02 02:59:16.881 66008 INFO tempest.lib.common.rest_client [req-fc200795-d952-4af6-a473-c51da92ada7e req-fc200795-d952-4af6-a473-c51da92ada7e ] Request (ServersTestBootFromVolume:tearDownClass): 200 GET http://10.180.1.21/compute/v2.1/servers/562f5a07-ed6c-412d-a069-2dcc4187f45a 0.955s
2025-12-02 02:59:17.028 66048 INFO tempest.lib.common.rest_client [req-dfb0db02-9457-431c-8b66-3313daf0cf5b req-dfb0db02-9457-431c-8b66-3313daf0cf5b ] Request (ImagesOneServerNegativeTestJSON:setUpClass): 200 GET http://10.180.1.21/compute/v2.1/servers/75cd7169-e2cd-4207-b775-ffa5a3d6d875 0.974s
2025-12-02 02:59:17.049 66070 INFO tempest.lib.common.rest_client [req-7ba902f0-a2aa-4f41-b7b1-0917d8f6193d req-7ba902f0-a2aa-4f41-b7b1-0917d8f6193d ] Request (ServerMetadataTestJSON:tearDownClass): 404 GET http://10.180.1.21/compute/v2.1/servers/b5b0879e-9a0d-423f-86b4-9c773a3796ba 0.806s
2025-12-02 02:59:17.114 66062 INFO tempest.lib.common.rest_client [req-5ea58cef-c1f2-4091-9f43-1dbd4e4ba725 req-5ea58cef-c1f2-4091-9f43-1dbd4e4ba725 ] Request (ImagesTestJSON:test_create_server_from_snapshot): 202 POST http://10.180.1.21/compute/v2.1/servers 1.188s
2025-12-02 02:59:17.126 66016 INFO tempest.lib.common.rest_client [req-dee0dfd8-fedb-4e9e-aedc-f774eb062f31 req-dee0dfd8-fedb-4e9e-aedc-f774eb062f31 ] Request (ServerMetadataNegativeTestJSON:tearDownClass): 200 GET http://10.180.1.21/compute/v2.1/servers/c08bd7e0-10fa-40d7-9e03-12617c45e966 0.776s
2025-12-02 02:59:17.200 66040 INFO tempest.lib.common.rest_client [req-a235e3c5-6658-48e2-acc4-c1ed2334528a req-a235e3c5-6658-48e2-acc4-c1ed2334528a ] Request (TenantUsagesTestJSON:tearDownClass): 200 GET http://10.180.1.21/compute/v2.1/servers/13167a37-407a-45d6-8272-4e4715f0dc0e 0.792s
2025-12-02 02:59:17.235 66010 INFO tempest.lib.common.rest_client [req-12f7cf9e-1056-43dc-ade3-bbe5431af592 req-12f7cf9e-1056-43dc-ade3-bbe5431af592 ] Request (ServersNegativeTestMultiTenantJSON:tearDownClass): 204 DELETE http://10.180.1.21/compute/v2.1/servers/6ab0ec1d-4044-4d44-9869-1672b6bae012 0.762s
2025-12-02 02:59:17.369 66032 INFO tempest.lib.common.rest_client [req-1eba4390-b4d6-46d0-be64-f6e8e76ecc8d req-1eba4390-b4d6-46d0-be64-f6e8e76ecc8d ] Request (ServersAdminTestJSON:tearDownClass): 200 GET http://10.180.1.21/compute/v2.1/servers/09bbffc5-2d7c-48b6-8cb6-3018847cfc90 0.760s
2025-12-02 02:59:17.451 66054 INFO tempest.lib.common.rest_client [req-ddf9b2fd-d091-432f-babe-01908e2645af req-ddf9b2fd-d091-432f-babe-01908e2645af ] Request (AttachVolumeShelveTestJSON:test_attach_volume_shelved_or_offload_server): 200 GET http://10.180.1.21/compute/v2.1/servers/0dab038b-84a8-4bb4-9da4-0a19df218022 0.918s
2025-12-02 02:59:17.532 66064 INFO tempest.lib.common.rest_client [req-8253d93f-1684-4201-a627-ecbcb6eb97ff req-8253d93f-1684-4201-a627-ecbcb6eb97ff ] Request (ServerDiagnosticsV248Test:test_get_server_diagnostics): 200 GET http://10.180.1.21/compute/v2.1/servers/a51c9fc1-9efb-426d-8b64-13bedb78d870 0.759s
2025-12-02 02:59:17.657 66062 INFO tempest.lib.common.rest_client [req-27acbf64-e0a7-4af8-94a5-0576912e067f req-27acbf64-e0a7-4af8-94a5-0576912e067f ] Request (ImagesTestJSON:test_create_server_from_snapshot): 200 GET http://10.180.1.21/compute/v2.1/servers/17bd3503-aa97-4e8d-a2d0-6847332752b4 0.541s
2025-12-02 02:59:17.943 66070 INFO tempest.lib.common.rest_client [req-f5b0d694-3450-4ff8-8b2a-fecfbfd8188b req-f5b0d694-3450-4ff8-8b2a-fecfbfd8188b ] Request (ServerMetadataTestJSON:tearDownClass): 200 PUT http://10.180.1.21/networking/v2.0/routers/ad1bf5f9-15d3-488b-94c1-a3f305e3df44/remove_router_interface 0.893s
2025-12-02 02:59:18.025 66025 INFO tempest.lib.common.rest_client [req-88f00a6d-5f0d-40a6-a1a1-c7dd29ccdf41 req-88f00a6d-5f0d-40a6-a1a1-c7dd29ccdf41 ] Request (ServerRescueTestJSON:test_rescue_unrescue_instance): 200 GET http://10.180.1.21/compute/v2.1/servers/94e90158-d00a-4de7-a897-91e198772c78 0.887s
2025-12-02 02:59:18.136 66060 INFO tempest.lib.common.rest_client [req-f6b2bd99-27ae-4689-9bc6-242c8f35baf5 req-f6b2bd99-27ae-4689-9bc6-242c8f35baf5 ] Request (SecurityGroupsTestJSON:test_server_security_groups): 200 GET http://10.180.1.21/compute/v2.1/servers/559a2ba4-4d43-45b8-8684-af6d60196add 0.932s
2025-12-02 02:59:18.271 66010 INFO tempest.lib.common.rest_client [req-debb3e5e-c1c1-471f-8e01-21626b18411a req-debb3e5e-c1c1-471f-8e01-21626b18411a ] Request (ServersNegativeTestMultiTenantJSON:tearDownClass): 200 GET http://10.180.1.21/compute/v2.1/servers/6ab0ec1d-4044-4d44-9869-1672b6bae012 1.035s
2025-12-02 02:59:18.288 66050 INFO tempest.lib.common.rest_client [req-f43504a3-eb49-4ab1-90a8-3e02bdad9e7e req-f43504a3-eb49-4ab1-90a8-3e02bdad9e7e ] Request (AttachVolumeNegativeTest:test_attach_attached_volume_to_different_server): 202 POST http://10.180.1.21/compute/v2.1/servers 1.415s
2025-12-02 02:59:18.313 66030 WARNING tempest.lib.common.ssh [-] Failed to establish authenticated ssh connection to cirros@10.180.180.218 ([Errno None] Unable to connect to port 22 on 10.180.180.218). Number attempts: 5. Retry after 6 seconds.: paramiko.ssh_exception.NoValidConnectionsError: [Errno None] Unable to connect to port 22 on 10.180.180.218
2025-12-02 02:59:18.339 66026 INFO tempest.lib.common.rest_client [req-23222344-96f7-46bb-89fc-ff0f0eba2248 req-23222344-96f7-46bb-89fc-ff0f0eba2248 ] Request (ServerActionsV293TestJSON:setUpClass): 200 GET http://10.180.1.21/compute/v2.1/servers/967d509a-4adb-4e99-8d51-8cc226b333ea 1.069s
2025-12-02 02:59:18.346 66070 INFO tempest.lib.common.rest_client [req-884dd610-78f2-4cff-93e8-a0d5378d1998 req-884dd610-78f2-4cff-93e8-a0d5378d1998 ] Request (ServerMetadataTestJSON:tearDownClass): 204 DELETE http://10.180.1.21/networking/v2.0/routers/ad1bf5f9-15d3-488b-94c1-a3f305e3df44 0.402s
2025-12-02 02:59:18.373 66036 INFO tempest.lib.common.rest_client [req-2e90f27b-a028-4a0f-9f72-62582d54fccf req-2e90f27b-a028-4a0f-9f72-62582d54fccf ] Request (ListImageFiltersTestJSON:tearDownClass): 200 GET http://10.180.1.21/compute/v2.1/servers/9fc2b968-21dc-42b9-8857-b68acf6913cf 1.035s
2025-12-02 02:59:18.398 66042 INFO tempest.lib.common.rest_client [req-6c8fe328-c7b3-4f9f-b251-b80b412110a3 req-6c8fe328-c7b3-4f9f-b251-b80b412110a3 ] Request (ServerAddressesTestJSON:setUpClass): 200 GET http://10.180.1.21/compute/v2.1/servers/b34b6d21-2fc9-4869-a541-5f04145bd21b 0.950s
2025-12-02 02:59:18.434 66034 INFO tempest.lib.common.rest_client [req-a8e40070-3f49-427f-8e78-15eda2089fe4 req-a8e40070-3f49-427f-8e78-15eda2089fe4 ] Request (InstanceActionsTestJSON:setUpClass): 200 GET http://10.180.1.21/compute/v2.1/servers/81b06f32-f278-4aa9-b551-723dcd1a49c1 0.953s
2025-12-02 02:59:18.511 66070 INFO tempest.lib.common.rest_client [req-0b3f5211-f37a-4048-96e8-6fa9f4f72f18 req-0b3f5211-f37a-4048-96e8-6fa9f4f72f18 ] Request (ServerMetadataTestJSON:tearDownClass): 204 DELETE http://10.180.1.21/networking/v2.0/subnets/6ce2d6c3-e0f3-449b-bfa8-4edce229a77b 0.161s
2025-12-02 02:59:18.568 66012 INFO tempest.lib.common.rest_client [req-9b07f57b-9cd4-44ca-910d-2d8b3a08f2e9 req-9b07f57b-9cd4-44ca-910d-2d8b3a08f2e9 ] Request (ServerDiskConfigTestJSON:test_resize_server_from_auto_to_manual): 200 GET http://10.180.1.21/compute/v2.1/servers/dc445bb8-d314-4a2b-ad7f-57b2d2fb7bb5 0.840s
2025-12-02 02:59:18.571 66044 INFO tempest.lib.common.rest_client [req-fae2efdc-567d-44a3-b87b-c6515cdb366e req-fae2efdc-567d-44a3-b87b-c6515cdb366e ] Request (MigrationsAdminTest:test_resize_server_revert_deleted_flavor): 200 GET http://10.180.1.21/compute/v2.1/servers/6a030176-9419-48b5-878a-2de711b9fa9b 0.867s
2025-12-02 02:59:18.696 66046 WARNING tempest.lib.common.ssh [-] Failed to establish authenticated ssh connection to cirros@10.180.180.155 ([Errno None] Unable to connect to port 22 on 10.180.180.155). Number attempts: 4. Retry after 5 seconds.: paramiko.ssh_exception.NoValidConnectionsError: [Errno None] Unable to connect to port 22 on 10.180.180.155
2025-12-02 02:59:18.813 66008 INFO tempest.lib.common.rest_client [req-172a5eb7-96ca-4e00-944d-91412654a0d4 req-172a5eb7-96ca-4e00-944d-91412654a0d4 ] Request (ServersTestBootFromVolume:tearDownClass): 200 GET http://10.180.1.21/compute/v2.1/servers/562f5a07-ed6c-412d-a069-2dcc4187f45a 0.922s
2025-12-02 02:59:18.856 66048 INFO tempest.lib.common.rest_client [req-a152613a-b18e-4504-8bb9-4b5ceb7450c3 req-a152613a-b18e-4504-8bb9-4b5ceb7450c3 ] Request (ImagesOneServerNegativeTestJSON:setUpClass): 200 GET http://10.180.1.21/compute/v2.1/servers/75cd7169-e2cd-4207-b775-ffa5a3d6d875 0.820s
2025-12-02 02:59:18.933 66070 INFO tempest.lib.common.rest_client [req-c3fc7a2e-5493-4996-b3be-b76e329ead0f req-c3fc7a2e-5493-4996-b3be-b76e329ead0f ] Request (ServerMetadataTestJSON:tearDownClass): 204 DELETE http://10.180.1.21/networking/v2.0/networks/71fe2756-6365-4210-95b6-82e8e3c21402 0.422s
2025-12-02 02:59:18.936 66016 INFO tempest.lib.common.rest_client [req-0967fd0e-1f30-4e83-b0e4-c3b7c8481d46 req-0967fd0e-1f30-4e83-b0e4-c3b7c8481d46 ] Request (ServerMetadataNegativeTestJSON:tearDownClass): 200 GET http://10.180.1.21/compute/v2.1/servers/c08bd7e0-10fa-40d7-9e03-12617c45e966 0.801s
2025-12-02 02:59:18.955 66040 INFO tempest.lib.common.rest_client [req-65c567ca-cefc-408f-8fff-f128701d4c47 req-65c567ca-cefc-408f-8fff-f128701d4c47 ] Request (TenantUsagesTestJSON:tearDownClass): 200 GET http://10.180.1.21/compute/v2.1/servers/13167a37-407a-45d6-8272-4e4715f0dc0e 0.745s
2025-12-02 02:59:18.991 66050 INFO tempest.lib.common.rest_client [req-698e8e13-f74f-4cff-bb0b-c8d89f404fbd req-698e8e13-f74f-4cff-bb0b-c8d89f404fbd ] Request (AttachVolumeNegativeTest:test_attach_attached_volume_to_different_server): 200 GET http://10.180.1.21/compute/v2.1/servers/ca0eb957-fd17-4fa7-ac92-95c2a79c18a0 0.701s
2025-12-02 02:59:19.046 66032 INFO tempest.lib.common.rest_client [req-6ccdf659-bdd4-4518-887f-5e2e2c08c01b req-6ccdf659-bdd4-4518-887f-5e2e2c08c01b ] Request (ServersAdminTestJSON:tearDownClass): 200 GET http://10.180.1.21/compute/v2.1/servers/09bbffc5-2d7c-48b6-8cb6-3018847cfc90 0.668s
2025-12-02 02:59:19.050 66070 INFO tempest.lib.common.rest_client [req-92fc6a68-2b1e-46c9-bab4-9262384ada49 req-92fc6a68-2b1e-46c9-bab4-9262384ada49 ] Request (ServerMetadataTestJSON:tearDownClass): 204 DELETE http://10.180.1.21/identity/v3/users/e1b302a3d7ef4f7eb9761e0ba9c2f1e1 0.115s
2025-12-02 02:59:19.050 66070 INFO tempest.lib.common.dynamic_creds [-] Deleting project and security group for project: fe04ce67fbdf4d0fb3b1b85a4fdf33af
2025-12-02 02:59:19.080 66018 WARNING tempest.lib.common.ssh [-] Failed to establish authenticated ssh connection to cirros@10.180.180.185 ([Errno None] Unable to connect to port 22 on 10.180.180.185). Number attempts: 3. Retry after 4 seconds.: paramiko.ssh_exception.NoValidConnectionsError: [Errno None] Unable to connect to port 22 on 10.180.180.185
2025-12-02 02:59:19.088 66070 INFO tempest.lib.common.rest_client [req-0c0a7264-a33e-45e0-a1de-93d0739277bb req-0c0a7264-a33e-45e0-a1de-93d0739277bb ] Request (ServerMetadataTestJSON:tearDownClass): 200 GET http://10.180.1.21/networking/v2.0/security-groups?tenant_id=fe04ce67fbdf4d0fb3b1b85a4fdf33af&name=default 0.038s
2025-12-02 02:59:19.107 66054 INFO tempest.lib.common.rest_client [req-e4368cbc-9450-4dfa-9d03-4be3c3f575c1 req-e4368cbc-9450-4dfa-9d03-4be3c3f575c1 ] Request (AttachVolumeShelveTestJSON:test_attach_volume_shelved_or_offload_server): 200 GET http://10.180.1.21/compute/v2.1/servers/0dab038b-84a8-4bb4-9da4-0a19df218022 0.644s
2025-12-02 02:59:19.114 66064 INFO tempest.lib.common.rest_client [req-4c8b1d60-1157-4bc4-829b-23436bb28339 req-4c8b1d60-1157-4bc4-829b-23436bb28339 ] Request (ServerDiagnosticsV248Test:test_get_server_diagnostics): 200 GET http://10.180.1.21/compute/v2.1/servers/a51c9fc1-9efb-426d-8b64-13bedb78d870 0.568s
2025-12-02 02:59:19.164 66062 INFO tempest.lib.common.rest_client [req-3a0393f5-d502-4ee6-9f1e-781198711df1 req-3a0393f5-d502-4ee6-9f1e-781198711df1 ] Request (ImagesTestJSON:test_create_server_from_snapshot): 200 GET http://10.180.1.21/compute/v2.1/servers/17bd3503-aa97-4e8d-a2d0-6847332752b4 0.499s
2025-12-02 02:59:19.174 66062 INFO tempest.common.waiters [-] State transition "BUILD/scheduling" ==> "BUILD/None" after 2 second wait
2025-12-02 02:59:19.209 66070 INFO tempest.lib.common.rest_client [req-c57c2cc0-bf6e-4feb-9a5f-200ac0e8d300 req-c57c2cc0-bf6e-4feb-9a5f-200ac0e8d300 ] Request (ServerMetadataTestJSON:tearDownClass): 204 DELETE http://10.180.1.21/networking/v2.0/security-groups/56e4987b-a42c-447e-bc02-07e608a2b8d3 0.120s
2025-12-02 02:59:19.245 66060 INFO tempest.lib.common.rest_client [req-4bdd4116-cb42-4be2-9b29-012df238d066 req-4bdd4116-cb42-4be2-9b29-012df238d066 ] Request (SecurityGroupsTestJSON:test_server_security_groups): 200 GET http://10.180.1.21/compute/v2.1/servers/559a2ba4-4d43-45b8-8684-af6d60196add 0.097s
2025-12-02 02:59:19.268 66025 INFO tempest.lib.common.rest_client [req-037b28de-954f-4146-bb03-958c6a2f34c0 req-037b28de-954f-4146-bb03-958c6a2f34c0 ] Request (ServerRescueTestJSON:test_rescue_unrescue_instance): 200 GET http://10.180.1.21/compute/v2.1/servers/94e90158-d00a-4de7-a897-91e198772c78 0.233s
2025-12-02 02:59:19.320 66070 INFO tempest.lib.common.rest_client [req-8d9f057f-d80a-405a-b2f8-6a578d6e9156 req-8d9f057f-d80a-405a-b2f8-6a578d6e9156 ] Request (ServerMetadataTestJSON:tearDownClass): 204 DELETE http://10.180.1.21/identity/v3/projects/fe04ce67fbdf4d0fb3b1b85a4fdf33af 0.110s
2025-12-02 02:59:19.425 66010 INFO tempest.lib.common.rest_client [req-c52de539-1538-4469-9a13-66af586d2e17 req-c52de539-1538-4469-9a13-66af586d2e17 ] Request (ServersNegativeTestMultiTenantJSON:tearDownClass): 200 GET http://10.180.1.21/compute/v2.1/servers/6ab0ec1d-4044-4d44-9869-1672b6bae012 0.140s
2025-12-02 02:59:19.427 66026 INFO tempest.lib.common.rest_client [req-acf9ffdd-d497-4639-84c2-df23457bca03 req-acf9ffdd-d497-4639-84c2-df23457bca03 ] Request (ServerActionsV293TestJSON:setUpClass): 200 GET http://10.180.1.21/compute/v2.1/servers/967d509a-4adb-4e99-8d51-8cc226b333ea 0.067s
2025-12-02 02:59:19.496 66042 INFO tempest.lib.common.rest_client [req-0be5d71b-f1dc-49a6-8b92-424b7882946a req-0be5d71b-f1dc-49a6-8b92-424b7882946a ] Request (ServerAddressesTestJSON:setUpClass): 200 GET http://10.180.1.21/compute/v2.1/servers/b34b6d21-2fc9-4869-a541-5f04145bd21b 0.090s
2025-12-02 02:59:19.510 66036 INFO tempest.lib.common.rest_client [req-f131c1d9-ab7d-4f7f-814e-dfe7f792dfdd req-f131c1d9-ab7d-4f7f-814e-dfe7f792dfdd ] Request (ListImageFiltersTestJSON:tearDownClass): 200 GET http://10.180.1.21/compute/v2.1/servers/9fc2b968-21dc-42b9-8857-b68acf6913cf 0.123s
2025-12-02 02:59:19.564 66034 INFO tempest.lib.common.rest_client [req-4b664d0b-7876-4d32-940b-8558559e6644 req-4b664d0b-7876-4d32-940b-8558559e6644 ] Request (InstanceActionsTestJSON:setUpClass): 200 GET http://10.180.1.21/compute/v2.1/servers/81b06f32-f278-4aa9-b551-723dcd1a49c1 0.118s
2025-12-02 02:59:19.836 66044 INFO tempest.lib.common.rest_client [req-6c5e7824-bb30-4803-b539-4d16318a8e31 req-6c5e7824-bb30-4803-b539-4d16318a8e31 ] Request (MigrationsAdminTest:test_resize_server_revert_deleted_flavor): 200 GET http://10.180.1.21/compute/v2.1/servers/6a030176-9419-48b5-878a-2de711b9fa9b 0.246s
2025-12-02 02:59:19.857 66012 INFO tempest.lib.common.rest_client [req-59bf1512-32c1-44df-9c36-06af38e5f784 req-59bf1512-32c1-44df-9c36-06af38e5f784 ] Request (ServerDiskConfigTestJSON:test_resize_server_from_auto_to_manual): 200 GET http://10.180.1.21/compute/v2.1/servers/dc445bb8-d314-4a2b-ad7f-57b2d2fb7bb5 0.271s
2025-12-02 02:59:20.020 66008 INFO tempest.lib.common.rest_client [req-d70ea1da-fe7a-461b-8a92-1e2bb0c9efa4 req-d70ea1da-fe7a-461b-8a92-1e2bb0c9efa4 ] Request (ServersTestBootFromVolume:tearDownClass): 200 GET http://10.180.1.21/compute/v2.1/servers/562f5a07-ed6c-412d-a069-2dcc4187f45a 0.198s
2025-12-02 02:59:20.046 66048 INFO tempest.lib.common.rest_client [req-3e6c6d4d-f660-499c-b5a9-aa8af16d2298 req-3e6c6d4d-f660-499c-b5a9-aa8af16d2298 ] Request (ImagesOneServerNegativeTestJSON:setUpClass): 200 GET http://10.180.1.21/compute/v2.1/servers/75cd7169-e2cd-4207-b775-ffa5a3d6d875 0.176s
2025-12-02 02:59:20.096 66016 INFO tempest.lib.common.rest_client [req-f2c9c10e-9d16-4afb-8c40-8cf36e4e5fb0 req-f2c9c10e-9d16-4afb-8c40-8cf36e4e5fb0 ] Request (ServerMetadataNegativeTestJSON:tearDownClass): 200 GET http://10.180.1.21/compute/v2.1/servers/c08bd7e0-10fa-40d7-9e03-12617c45e966 0.146s
2025-12-02 02:59:20.118 66040 INFO tempest.lib.common.rest_client [req-d271bf95-02cb-46c4-b399-87ae632e98bf req-d271bf95-02cb-46c4-b399-87ae632e98bf ] Request (TenantUsagesTestJSON:tearDownClass): 200 GET http://10.180.1.21/compute/v2.1/servers/13167a37-407a-45d6-8272-4e4715f0dc0e 0.154s
2025-12-02 02:59:20.183 66050 INFO tempest.lib.common.rest_client [req-2bc595ef-f3d2-4388-83b1-c50f1bd9163a req-2bc595ef-f3d2-4388-83b1-c50f1bd9163a ] Request (AttachVolumeNegativeTest:test_attach_attached_volume_to_different_server): 200 GET http://10.180.1.21/compute/v2.1/servers/ca0eb957-fd17-4fa7-ac92-95c2a79c18a0 0.177s
2025-12-02 02:59:20.193 66050 INFO tempest.common.waiters [-] State transition "BUILD/scheduling" ==> "BUILD/None" after 1 second wait
2025-12-02 02:59:20.199 66032 INFO tempest.lib.common.rest_client [req-69da1e89-142d-4193-8a7e-b25b2bfd732b req-69da1e89-142d-4193-8a7e-b25b2bfd732b ] Request (ServersAdminTestJSON:tearDownClass): 200 GET http://10.180.1.21/compute/v2.1/servers/09bbffc5-2d7c-48b6-8cb6-3018847cfc90 0.144s
2025-12-02 02:59:20.253 66064 INFO tempest.lib.common.rest_client [req-6513e8b9-f2f8-4a66-be65-0a0fd7fdd4a3 req-6513e8b9-f2f8-4a66-be65-0a0fd7fdd4a3 ] Request (ServerDiagnosticsV248Test:test_get_server_diagnostics): 200 GET http://10.180.1.21/compute/v2.1/servers/a51c9fc1-9efb-426d-8b64-13bedb78d870 0.126s
2025-12-02 02:59:20.263 66064 INFO tempest.common.waiters [-] State transition "BUILD/None" ==> "BUILD/networking" after 21 second wait
2025-12-02 02:59:20.294 66054 INFO tempest.lib.common.rest_client [req-2dba85ba-7458-4a36-958d-e8d4f4992abd req-2dba85ba-7458-4a36-958d-e8d4f4992abd ] Request (AttachVolumeShelveTestJSON:test_attach_volume_shelved_or_offload_server): 200 GET http://10.180.1.21/compute/v2.1/servers/0dab038b-84a8-4bb4-9da4-0a19df218022 0.170s
2025-12-02 02:59:20.308 66062 INFO tempest.lib.common.rest_client [req-33680afb-024e-4d36-b4fd-88f541251334 req-33680afb-024e-4d36-b4fd-88f541251334 ] Request (ImagesTestJSON:test_create_server_from_snapshot): 200 GET http://10.180.1.21/compute/v2.1/servers/17bd3503-aa97-4e8d-a2d0-6847332752b4 0.133s
2025-12-02 02:59:20.366 66060 INFO tempest.lib.common.rest_client [req-61a6d3cf-6ee6-4012-b378-38253cca2948 req-61a6d3cf-6ee6-4012-b378-38253cca2948 ] Request (SecurityGroupsTestJSON:test_server_security_groups): 200 GET http://10.180.1.21/compute/v2.1/servers/559a2ba4-4d43-45b8-8684-af6d60196add 0.112s
2025-12-02 02:59:20.464 66025 INFO tempest.lib.common.rest_client [req-a0a21942-0819-492b-946f-e8f048787a6e req-a0a21942-0819-492b-946f-e8f048787a6e ] Request (ServerRescueTestJSON:test_rescue_unrescue_instance): 200 GET http://10.180.1.21/compute/v2.1/servers/94e90158-d00a-4de7-a897-91e198772c78 0.183s
2025-12-02 02:59:20.498 66010 INFO tempest.lib.common.rest_client [req-e6738305-0430-4fcd-ae7f-559f90bd093e req-e6738305-0430-4fcd-ae7f-559f90bd093e ] Request (ServersNegativeTestMultiTenantJSON:tearDownClass): 200 GET http://10.180.1.21/compute/v2.1/servers/6ab0ec1d-4044-4d44-9869-1672b6bae012 0.063s
2025-12-02 02:59:20.528 66026 INFO tempest.lib.common.rest_client [req-08c32cbc-9f44-483f-a419-84cf0082d735 req-08c32cbc-9f44-483f-a419-84cf0082d735 ] Request (ServerActionsV293TestJSON:setUpClass): 200 GET http://10.180.1.21/compute/v2.1/servers/967d509a-4adb-4e99-8d51-8cc226b333ea 0.081s
2025-12-02 02:59:20.564 66042 INFO tempest.lib.common.rest_client [req-5fc9c219-d9da-4f87-96b3-ebe3e7fd6289 req-5fc9c219-d9da-4f87-96b3-ebe3e7fd6289 ] Request (ServerAddressesTestJSON:setUpClass): 200 GET http://10.180.1.21/compute/v2.1/servers/b34b6d21-2fc9-4869-a541-5f04145bd21b 0.059s
2025-12-02 02:59:20.598 66036 INFO tempest.lib.common.rest_client [req-24c5d3bc-8f08-42cf-9897-f38a6bd68b69 req-24c5d3bc-8f08-42cf-9897-f38a6bd68b69 ] Request (ListImageFiltersTestJSON:tearDownClass): 200 GET http://10.180.1.21/compute/v2.1/servers/9fc2b968-21dc-42b9-8857-b68acf6913cf 0.074s
2025-12-02 02:59:20.636 66034 INFO tempest.lib.common.rest_client [req-8ab6b4d0-351c-4aff-95e0-c120b70cd0a3 req-8ab6b4d0-351c-4aff-95e0-c120b70cd0a3 ] Request (InstanceActionsTestJSON:setUpClass): 200 GET http://10.180.1.21/compute/v2.1/servers/81b06f32-f278-4aa9-b551-723dcd1a49c1 0.063s
2025-12-02 02:59:20.909 66022 INFO tempest.lib.common.rest_client [req-c86e4747-2f5c-4950-9938-ac73db144118 req-c86e4747-2f5c-4950-9938-ac73db144118 ] Request (DeleteServersTestJSON:test_delete_server_while_in_attached_volume): 200 GET http://10.180.1.21/volume/v3/volumes/bcacc718-b924-4c38-b05d-ddd9e13ca12a 3.460s
2025-12-02 02:59:21.007 66012 INFO tempest.lib.common.rest_client [req-ed07e6db-1d44-4186-8ea0-0179281084de req-ed07e6db-1d44-4186-8ea0-0179281084de ] Request (ServerDiskConfigTestJSON:test_resize_server_from_auto_to_manual): 200 GET http://10.180.1.21/compute/v2.1/servers/dc445bb8-d314-4a2b-ad7f-57b2d2fb7bb5 0.140s
2025-12-02 02:59:21.009 66044 INFO tempest.lib.common.rest_client [req-1e22dbf6-b3a2-43e6-b49f-2edb2cab4862 req-1e22dbf6-b3a2-43e6-b49f-2edb2cab4862 ] Request (MigrationsAdminTest:test_resize_server_revert_deleted_flavor): 200 GET http://10.180.1.21/compute/v2.1/servers/6a030176-9419-48b5-878a-2de711b9fa9b 0.159s
2025-12-02 02:59:21.097 66008 INFO tempest.lib.common.rest_client [req-ba8ff2da-c9fa-4512-b22e-a1a652f07163 req-ba8ff2da-c9fa-4512-b22e-a1a652f07163 ] Request (ServersTestBootFromVolume:tearDownClass): 200 GET http://10.180.1.21/compute/v2.1/servers/562f5a07-ed6c-412d-a069-2dcc4187f45a 0.066s
2025-12-02 02:59:21.154 66048 INFO tempest.lib.common.rest_client [req-5a99c20b-9058-46b5-a175-5c4d0f7e57f0 req-5a99c20b-9058-46b5-a175-5c4d0f7e57f0 ] Request (ImagesOneServerNegativeTestJSON:setUpClass): 200 GET http://10.180.1.21/compute/v2.1/servers/75cd7169-e2cd-4207-b775-ffa5a3d6d875 0.098s
2025-12-02 02:59:21.169 66016 INFO tempest.lib.common.rest_client [req-6557c664-19c3-4f08-8cf8-25dbdc5603c8 req-6557c664-19c3-4f08-8cf8-25dbdc5603c8 ] Request (ServerMetadataNegativeTestJSON:tearDownClass): 200 GET http://10.180.1.21/compute/v2.1/servers/c08bd7e0-10fa-40d7-9e03-12617c45e966 0.065s
2025-12-02 02:59:21.214 66040 INFO tempest.lib.common.rest_client [req-2c4aa21a-b553-4931-90b8-f4eaeedc3c61 req-2c4aa21a-b553-4931-90b8-f4eaeedc3c61 ] Request (TenantUsagesTestJSON:tearDownClass): 200 GET http://10.180.1.21/compute/v2.1/servers/13167a37-407a-45d6-8272-4e4715f0dc0e 0.085s
2025-12-02 02:59:21.249 66050 INFO tempest.lib.common.rest_client [req-30f43c9a-62ab-4b65-9c1b-93c323f97af3 req-30f43c9a-62ab-4b65-9c1b-93c323f97af3 ] Request (AttachVolumeNegativeTest:test_attach_attached_volume_to_different_server): 200 GET http://10.180.1.21/compute/v2.1/servers/ca0eb957-fd17-4fa7-ac92-95c2a79c18a0 0.055s
2025-12-02 02:59:21.276 66032 INFO tempest.lib.common.rest_client [req-93ddbbe0-512c-4294-aba1-2b27b23d218d req-93ddbbe0-512c-4294-aba1-2b27b23d218d ] Request (ServersAdminTestJSON:tearDownClass): 200 GET http://10.180.1.21/compute/v2.1/servers/09bbffc5-2d7c-48b6-8cb6-3018847cfc90 0.068s
2025-12-02 02:59:21.330 66064 INFO tempest.lib.common.rest_client [req-95983031-01d5-4fda-9371-cf4a66325cd7 req-95983031-01d5-4fda-9371-cf4a66325cd7 ] Request (ServerDiagnosticsV248Test:test_get_server_diagnostics): 200 GET http://10.180.1.21/compute/v2.1/servers/a51c9fc1-9efb-426d-8b64-13bedb78d870 0.066s
2025-12-02 02:59:21.342 66064 INFO tempest.common.waiters [-] State transition "BUILD/networking" ==> "BUILD/block_device_mapping" after 22 second wait
2025-12-02 02:59:21.392 66062 INFO tempest.lib.common.rest_client [req-26b3ef9c-ce51-47e1-b9aa-b6a63bbe6acd req-26b3ef9c-ce51-47e1-b9aa-b6a63bbe6acd ] Request (ImagesTestJSON:test_create_server_from_snapshot): 200 GET http://10.180.1.21/compute/v2.1/servers/17bd3503-aa97-4e8d-a2d0-6847332752b4 0.074s
2025-12-02 02:59:21.429 66054 INFO tempest.lib.common.rest_client [req-c0755667-1f8c-414d-9b3f-8cf9fd667969 req-c0755667-1f8c-414d-9b3f-8cf9fd667969 ] Request (AttachVolumeShelveTestJSON:test_attach_volume_shelved_or_offload_server): 200 GET http://10.180.1.21/compute/v2.1/servers/0dab038b-84a8-4bb4-9da4-0a19df218022 0.122s
2025-12-02 02:59:21.462 66060 INFO tempest.lib.common.rest_client [req-d575d402-a3bb-4493-ab87-0fae2d80a5bd req-d575d402-a3bb-4493-ab87-0fae2d80a5bd ] Request (SecurityGroupsTestJSON:test_server_security_groups): 200 GET http://10.180.1.21/compute/v2.1/servers/559a2ba4-4d43-45b8-8684-af6d60196add 0.086s
2025-12-02 02:59:21.605 66010 INFO tempest.lib.common.rest_client [req-dc62d048-b328-4880-b8c6-97f314a76d55 req-dc62d048-b328-4880-b8c6-97f314a76d55 ] Request (ServersNegativeTestMultiTenantJSON:tearDownClass): 200 GET http://10.180.1.21/compute/v2.1/servers/6ab0ec1d-4044-4d44-9869-1672b6bae012 0.097s
2025-12-02 02:59:21.612 66010 INFO tempest.common.waiters [-] State transition "ACTIVE/deleting" ==> "DELETED/None" after 3 second wait
2025-12-02 02:59:21.622 66025 INFO tempest.lib.common.rest_client [req-1a89075e-8794-45a6-b2a3-ac668c7cd02d req-1a89075e-8794-45a6-b2a3-ac668c7cd02d ] Request (ServerRescueTestJSON:test_rescue_unrescue_instance): 200 GET http://10.180.1.21/compute/v2.1/servers/94e90158-d00a-4de7-a897-91e198772c78 0.148s
2025-12-02 02:59:21.663 66026 INFO tempest.lib.common.rest_client [req-c6db3e60-9cf1-40bf-9e20-813cb92b5066 req-c6db3e60-9cf1-40bf-9e20-813cb92b5066 ] Request (ServerActionsV293TestJSON:setUpClass): 200 GET http://10.180.1.21/compute/v2.1/servers/967d509a-4adb-4e99-8d51-8cc226b333ea 0.124s
2025-12-02 02:59:21.674 66042 INFO tempest.lib.common.rest_client [req-6552d4f0-f4f8-4a7f-a8a0-3f541e4c5a9b req-6552d4f0-f4f8-4a7f-a8a0-3f541e4c5a9b ] Request (ServerAddressesTestJSON:setUpClass): 200 GET http://10.180.1.21/compute/v2.1/servers/b34b6d21-2fc9-4869-a541-5f04145bd21b 0.101s
2025-12-02 02:59:21.728 66034 INFO tempest.lib.common.rest_client [req-a183fd52-5127-4b39-b33c-fab2cf817331 req-a183fd52-5127-4b39-b33c-fab2cf817331 ] Request (InstanceActionsTestJSON:setUpClass): 200 GET http://10.180.1.21/compute/v2.1/servers/81b06f32-f278-4aa9-b551-723dcd1a49c1 0.075s
2025-12-02 02:59:21.735 66036 INFO tempest.lib.common.rest_client [req-c34b44af-e396-4e22-b1c6-61d5ea0f1f7e req-c34b44af-e396-4e22-b1c6-61d5ea0f1f7e ] Request (ListImageFiltersTestJSON:tearDownClass): 200 GET http://10.180.1.21/compute/v2.1/servers/9fc2b968-21dc-42b9-8857-b68acf6913cf 0.127s
2025-12-02 02:59:22.076 66022 INFO tempest.lib.common.rest_client [req-a178f24d-19f5-4070-89e9-7b3654722e99 req-a178f24d-19f5-4070-89e9-7b3654722e99 ] Request (DeleteServersTestJSON:test_delete_server_while_in_attached_volume): 200 GET http://10.180.1.21/volume/v3/volumes/bcacc718-b924-4c38-b05d-ddd9e13ca12a 0.159s
2025-12-02 02:59:22.131 66012 INFO tempest.lib.common.rest_client [req-9fedee5a-98a1-455c-851c-3bb1b863153e req-9fedee5a-98a1-455c-851c-3bb1b863153e ] Request (ServerDiskConfigTestJSON:test_resize_server_from_auto_to_manual): 200 GET http://10.180.1.21/compute/v2.1/servers/dc445bb8-d314-4a2b-ad7f-57b2d2fb7bb5 0.115s
2025-12-02 02:59:22.134 66044 INFO tempest.lib.common.rest_client [req-72c65e09-cefe-404a-bc6d-d96973214c4f req-72c65e09-cefe-404a-bc6d-d96973214c4f ] Request (MigrationsAdminTest:test_resize_server_revert_deleted_flavor): 200 GET http://10.180.1.21/compute/v2.1/servers/6a030176-9419-48b5-878a-2de711b9fa9b 0.117s
2025-12-02 02:59:22.151 66058 WARNING tempest.lib.common.ssh [-] Failed to establish authenticated ssh connection to cirros@10.180.180.150 ([Errno None] Unable to connect to port 22 on 10.180.180.150). Number attempts: 5. Retry after 6 seconds.: paramiko.ssh_exception.NoValidConnectionsError: [Errno None] Unable to connect to port 22 on 10.180.180.150
2025-12-02 02:59:22.184 66008 INFO tempest.lib.common.rest_client [req-751fc8f9-64de-45d3-871c-90b43fc4a081 req-751fc8f9-64de-45d3-871c-90b43fc4a081 ] Request (ServersTestBootFromVolume:tearDownClass): 200 GET http://10.180.1.21/compute/v2.1/servers/562f5a07-ed6c-412d-a069-2dcc4187f45a 0.078s
2025-12-02 02:59:22.242 66016 INFO tempest.lib.common.rest_client [req-a287c83e-1206-4a66-b0ee-f48fb5c72a4c req-a287c83e-1206-4a66-b0ee-f48fb5c72a4c ] Request (ServerMetadataNegativeTestJSON:tearDownClass): 200 GET http://10.180.1.21/compute/v2.1/servers/c08bd7e0-10fa-40d7-9e03-12617c45e966 0.066s
2025-12-02 02:59:22.289 66048 INFO tempest.lib.common.rest_client [req-32ecf5f9-78a1-4697-804a-ffae4bc12d80 req-32ecf5f9-78a1-4697-804a-ffae4bc12d80 ] Request (ImagesOneServerNegativeTestJSON:setUpClass): 200 GET http://10.180.1.21/compute/v2.1/servers/75cd7169-e2cd-4207-b775-ffa5a3d6d875 0.128s
2025-12-02 02:59:22.298 66048 INFO tempest.common.waiters [-] State transition "BUILD/spawning" ==> "ACTIVE/None" after 34 second wait
2025-12-02 02:59:22.299 66040 INFO tempest.lib.common.rest_client [req-5e063fa1-d8ac-449a-b245-7bdeb05ed17e req-5e063fa1-d8ac-449a-b245-7bdeb05ed17e ] Request (TenantUsagesTestJSON:tearDownClass): 200 GET http://10.180.1.21/compute/v2.1/servers/13167a37-407a-45d6-8272-4e4715f0dc0e 0.077s
2025-12-02 02:59:22.340 66050 INFO tempest.lib.common.rest_client [req-8ed91943-659b-4a34-9936-62ae20bb47ac req-8ed91943-659b-4a34-9936-62ae20bb47ac ] Request (AttachVolumeNegativeTest:test_attach_attached_volume_to_different_server): 200 GET http://10.180.1.21/compute/v2.1/servers/ca0eb957-fd17-4fa7-ac92-95c2a79c18a0 0.082s
2025-12-02 02:59:22.359 66032 INFO tempest.lib.common.rest_client [req-321ac958-dd6f-4200-a594-f326f9a202a8 req-321ac958-dd6f-4200-a594-f326f9a202a8 ] Request (ServersAdminTestJSON:tearDownClass): 200 GET http://10.180.1.21/compute/v2.1/servers/09bbffc5-2d7c-48b6-8cb6-3018847cfc90 0.075s
2025-12-02 02:59:22.430 66064 INFO tempest.lib.common.rest_client [req-a43e39d7-c9f8-437e-8c77-b84efa5d2ea3 req-a43e39d7-c9f8-437e-8c77-b84efa5d2ea3 ] Request (ServerDiagnosticsV248Test:test_get_server_diagnostics): 200 GET http://10.180.1.21/compute/v2.1/servers/a51c9fc1-9efb-426d-8b64-13bedb78d870 0.087s
2025-12-02 02:59:22.439 66064 INFO tempest.common.waiters [-] State transition "BUILD/block_device_mapping" ==> "BUILD/spawning" after 23 second wait
2025-12-02 02:59:22.459 66048 INFO tempest.lib.common.rest_client [req-682c7f1c-56ff-4ef9-bf81-37863286ab47 req-682c7f1c-56ff-4ef9-bf81-37863286ab47 ] Request (ImagesOneServerNegativeTestJSON:setUp): 200 GET http://10.180.1.21/compute/v2.1/servers/75cd7169-e2cd-4207-b775-ffa5a3d6d875 0.161s
2025-12-02 02:59:22.479 66062 INFO tempest.lib.common.rest_client [req-b2c5f5fa-6a19-448a-9126-9ffb97439f85 req-b2c5f5fa-6a19-448a-9126-9ffb97439f85 ] Request (ImagesTestJSON:test_create_server_from_snapshot): 200 GET http://10.180.1.21/compute/v2.1/servers/17bd3503-aa97-4e8d-a2d0-6847332752b4 0.080s
2025-12-02 02:59:22.484 66048 INFO tempest.lib.common.rest_client [req-a430e54a-9dbe-46ac-9605-388150448b36 req-a430e54a-9dbe-46ac-9605-388150448b36 ] Request (ImagesOneServerNegativeTestJSON:test_create_image_specify_invalid_metadata): 400 POST http://10.180.1.21/compute/v2.1/servers/75cd7169-e2cd-4207-b775-ffa5a3d6d875/action 0.017s
2025-12-02 02:59:22.550 66060 INFO tempest.lib.common.rest_client [req-dd890b4c-2043-4d55-ad16-198f2cfc00ef req-dd890b4c-2043-4d55-ad16-198f2cfc00ef ] Request (SecurityGroupsTestJSON:test_server_security_groups): 200 GET http://10.180.1.21/compute/v2.1/servers/559a2ba4-4d43-45b8-8684-af6d60196add 0.080s
2025-12-02 02:59:22.610 66054 INFO tempest.lib.common.rest_client [req-c6d5078e-3e97-4c82-a145-1f0ad2dd49ce req-c6d5078e-3e97-4c82-a145-1f0ad2dd49ce ] Request (AttachVolumeShelveTestJSON:test_attach_volume_shelved_or_offload_server): 200 GET http://10.180.1.21/compute/v2.1/servers/0dab038b-84a8-4bb4-9da4-0a19df218022 0.171s
2025-12-02 02:59:22.673 66048 INFO tempest.lib.common.rest_client [req-1c5601de-fedc-4fe3-aacd-60f55ca1c308 req-1c5601de-fedc-4fe3-aacd-60f55ca1c308 ] Request (ImagesOneServerNegativeTestJSON:tearDown): 200 GET http://10.180.1.21/compute/v2.1/servers/75cd7169-e2cd-4207-b775-ffa5a3d6d875 0.188s
2025-12-02 02:59:22.686 66010 INFO tempest.lib.common.rest_client [req-7d8e42bb-20d3-43f7-8bd1-a5638407c131 req-7d8e42bb-20d3-43f7-8bd1-a5638407c131 ] Request (ServersNegativeTestMultiTenantJSON:tearDownClass): 200 GET http://10.180.1.21/compute/v2.1/servers/6ab0ec1d-4044-4d44-9869-1672b6bae012 0.073s
2025-12-02 02:59:22.741 66026 INFO tempest.lib.common.rest_client [req-a8d66abd-666d-4902-b419-a81f88a0e99a req-a8d66abd-666d-4902-b419-a81f88a0e99a ] Request (ServerActionsV293TestJSON:setUpClass): 200 GET http://10.180.1.21/compute/v2.1/servers/967d509a-4adb-4e99-8d51-8cc226b333ea 0.066s
2025-12-02 02:59:22.775 66025 INFO tempest.lib.common.rest_client [req-86fc28dd-ef6a-4d42-9273-23146c2a24aa req-86fc28dd-ef6a-4d42-9273-23146c2a24aa ] Request (ServerRescueTestJSON:test_rescue_unrescue_instance): 200 GET http://10.180.1.21/compute/v2.1/servers/94e90158-d00a-4de7-a897-91e198772c78 0.140s
2025-12-02 02:59:22.833 66042 INFO tempest.lib.common.rest_client [req-b7b3f531-8cf8-4682-a121-e46fe8b9fbc8 req-b7b3f531-8cf8-4682-a121-e46fe8b9fbc8 ] Request (ServerAddressesTestJSON:setUpClass): 200 GET http://10.180.1.21/compute/v2.1/servers/b34b6d21-2fc9-4869-a541-5f04145bd21b 0.149s
2025-12-02 02:59:22.835 66048 INFO tempest.lib.common.rest_client [req-46d71ddb-8bf7-44a1-adb6-e721e9dfe3a5 req-46d71ddb-8bf7-44a1-adb6-e721e9dfe3a5 ] Request (ImagesOneServerNegativeTestJSON:setUp): 200 GET http://10.180.1.21/compute/v2.1/servers/75cd7169-e2cd-4207-b775-ffa5a3d6d875 0.153s
2025-12-02 02:59:22.878 66034 INFO tempest.lib.common.rest_client [req-4499f27b-07ed-43a7-9ec2-5a9b07fa54ff req-4499f27b-07ed-43a7-9ec2-5a9b07fa54ff ] Request (InstanceActionsTestJSON:setUpClass): 200 GET http://10.180.1.21/compute/v2.1/servers/81b06f32-f278-4aa9-b551-723dcd1a49c1 0.142s
2025-12-02 02:59:22.884 66048 INFO tempest.lib.common.rest_client [req-5ed7fb43-bf37-4c1c-bb0e-7a91433af9cc req-5ed7fb43-bf37-4c1c-bb0e-7a91433af9cc ] Request (ImagesOneServerNegativeTestJSON:test_create_image_specify_metadata_over_limits): 400 POST http://10.180.1.21/compute/v2.1/servers/75cd7169-e2cd-4207-b775-ffa5a3d6d875/action 0.042s
2025-12-02 02:59:22.890 66036 INFO tempest.lib.common.rest_client [req-50b1ed83-a6b5-4730-b4b3-1ac6e085a86e req-50b1ed83-a6b5-4730-b4b3-1ac6e085a86e ] Request (ListImageFiltersTestJSON:tearDownClass): 200 GET http://10.180.1.21/compute/v2.1/servers/9fc2b968-21dc-42b9-8857-b68acf6913cf 0.147s
2025-12-02 02:59:22.971 66048 INFO tempest.lib.common.rest_client [req-5d053b04-0220-474a-9f21-b2c31825af23 req-5d053b04-0220-474a-9f21-b2c31825af23 ] Request (ImagesOneServerNegativeTestJSON:tearDown): 200 GET http://10.180.1.21/compute/v2.1/servers/75cd7169-e2cd-4207-b775-ffa5a3d6d875 0.086s
2025-12-02 02:59:23.073 66048 INFO tempest.lib.common.rest_client [req-8f7f4278-dbd4-4eeb-8a87-52cdb3068572 req-8f7f4278-dbd4-4eeb-8a87-52cdb3068572 ] Request (ImagesOneServerNegativeTestJSON:setUp): 200 GET http://10.180.1.21/compute/v2.1/servers/75cd7169-e2cd-4207-b775-ffa5a3d6d875 0.095s
2025-12-02 02:59:23.087 66048 INFO tempest.lib.common.rest_client [req-fe6c2034-aa82-40e6-a042-dc3daa298753 req-fe6c2034-aa82-40e6-a042-dc3daa298753 ] Request (ImagesOneServerNegativeTestJSON:test_create_image_specify_name_over_character_limit): 400 POST http://10.180.1.21/compute/v2.1/servers/75cd7169-e2cd-4207-b775-ffa5a3d6d875/action 0.007s
2025-12-02 02:59:23.114 66022 INFO tempest.lib.common.rest_client [req-381d7898-4c67-4a64-9af0-c4cb11e0ab0d req-381d7898-4c67-4a64-9af0-c4cb11e0ab0d ] Request (DeleteServersTestJSON:test_delete_server_while_in_attached_volume): 200 GET http://10.180.1.21/volume/v3/volumes/bcacc718-b924-4c38-b05d-ddd9e13ca12a 0.030s
