2025-12-02 02:55:27.826 66042 INFO tempest.lib.common.dynamic_creds [-] Acquired dynamic creds: credentials: Credentials: {'domain_id': 'default', 'domain_name': 'Default', 'username': 'tempest-FloatingIPsNegativeTestJSON-157482894-project-member', 'project_domain_id': 'default', 'project_domain_name': 'Default', 'project_id': '6ce821d24a35426e9adee0eb95b9aad0', 'project_name': 'tempest-FloatingIPsNegativeTestJSON-157482894', 'tenant_id': '6ce821d24a35426e9adee0eb95b9aad0', 'tenant_name': 'tempest-FloatingIPsNegativeTestJSON-157482894', 'user_domain_id': 'default', 'user_domain_name': 'Default', 'user_id': '01359ef73a4849cfa9ddc2f3ec3946ab', 'system': None}, Network: None, Subnet: None, Router: None
2025-12-02 02:55:27.861 66056 INFO tempest.lib.common.rest_client [req-f60c8bb1-0993-4ffd-a94b-212ad722b1dc req-f60c8bb1-0993-4ffd-a94b-212ad722b1dc ] Request (ValidationResourcesFixture:setUp): 201 POST http://10.180.1.21/networking/v2.0/floatingips 0.564s
2025-12-02 02:55:27.889 66042 INFO tempest.lib.common.rest_client [req-f57178fe-19b3-4ac9-acb7-a946c56bf3a8 req-f57178fe-19b3-4ac9-acb7-a946c56bf3a8 ] Request (FloatingIPsNegativeTestJSON:setUpClass): 201 POST http://10.180.1.21/identity/v3/auth/tokens 0.062s
2025-12-02 02:55:27.902 66040 INFO tempest.lib.common.rest_client [req-ec135a01-471f-4ea5-a262-eeb29bb863f1 req-ec135a01-471f-4ea5-a262-eeb29bb863f1 ] Request (DeleteServersAdminTestJSON:test_admin_delete_servers_of_others): 200 GET http://10.180.1.21/compute/v2.1/servers/21cd58b6-c96e-492e-a8b6-8735978f383c 4.798s
2025-12-02 02:55:27.928 66056 INFO tempest.lib.common.rest_client [req-1e5b4131-10ca-44d0-9523-ed213c1aa431 req-1e5b4131-10ca-44d0-9523-ed213c1aa431 ] Request (AttachInterfacesTestJSON:test_create_list_show_delete_interfaces_by_fixed_ip): 201 POST http://10.180.1.21/identity/v3/auth/tokens 0.059s
2025-12-02 02:55:27.928 66056 INFO tempest.lib.common.fixed_network [-] (AttachInterfacesTestJSON:test_create_list_show_delete_interfaces_by_fixed_ip) Found network {'id': '048b25ae-2b5a-4cf2-ab49-89e8aed94007', 'name': 'tempest-AttachInterfacesTestJSON-1209015908-network', 'tenant_id': '395daffa67554773a64251bb095003d2', 'project_id': '395daffa67554773a64251bb095003d2', 'admin_state_up': True, 'mtu': 8950, 'status': 'ACTIVE', 'subnets': [], 'shared': False, 'port_security_enabled': True, 'router:external': False, 'provider:network_type': 'vlan', 'provider:physical_network': 'default', 'provider:segmentation_id': 704, 'availability_zone_hints': [], 'availability_zones': [], 'ipv4_address_scope': None, 'ipv6_address_scope': None, 'description': '', 'tags': [], 'created_at': '2025-12-02T02:55:16Z', 'updated_at': '2025-12-02T02:55:16Z', 'revision_number': 1} available for tenant
2025-12-02 02:55:28.035 66025 INFO tempest.lib.common.rest_client [req-92c7a57d-ffe3-490a-a52e-bb07ec6a6ae4 req-92c7a57d-ffe3-490a-a52e-bb07ec6a6ae4 ] Request (FlavorsV255TestJSON:test_crud_flavor): 200 GET http://10.180.1.21/compute/v2.1/flavors/28799019 4.793s
2025-12-02 02:55:28.068 66016 INFO tempest.lib.common.rest_client [req-ed0b108c-afd7-4396-ae39-59fccafc8e37 req-ed0b108c-afd7-4396-ae39-59fccafc8e37 ] Request (FlavorsExtraSpecsTestJSON:test_flavor_non_admin_get_all_keys): 200 POST http://10.180.1.21/compute/v2.1/flavors/1372928230/os-extra_specs 4.742s
2025-12-02 02:55:28.131 66034 INFO tempest.lib.common.rest_client [req-049e54ae-2961-4a27-9ed7-239a9727dccc req-049e54ae-2961-4a27-9ed7-239a9727dccc ] Request (HypervisorAdminNegativeUnderV252Test:test_search_hypervisor_with_non_admin_user): 403 GET http://10.180.1.21/compute/v2.1/os-hypervisors/domain-c8.fc996f14-c53b-4953-92e3-bdfa48f5cc28/search 4.712s
2025-12-02 02:55:28.159 66060 INFO tempest.lib.common.rest_client [req-b2f9a1a2-24eb-4466-a9c9-81e2c8489668 req-b2f9a1a2-24eb-4466-a9c9-81e2c8489668 ] Request (ImagesOneServerTestJSON:setUpClass): 200 PUT http://10.180.1.21/networking/v2.0/routers/dca6346b-b0ca-4ca9-8a73-04067f2ac582/add_router_interface 0.906s
2025-12-02 02:55:28.159 66060 INFO tempest.lib.common.dynamic_creds [-] Created isolated network resources for: credentials: Credentials: {'domain_id': 'default', 'domain_name': 'Default', 'username': 'tempest-ImagesOneServerTestJSON-948456085-project-member', 'project_domain_id': 'default', 'project_domain_name': 'Default', 'project_id': 'a78d943ee6e24c62830be61693546357', 'project_name': 'tempest-ImagesOneServerTestJSON-948456085', 'tenant_id': 'a78d943ee6e24c62830be61693546357', 'tenant_name': 'tempest-ImagesOneServerTestJSON-948456085', 'user_domain_id': 'default', 'user_domain_name': 'Default', 'user_id': 'c4661b6730cf4c50934b723fb19bc9b5', 'system': None}, Network: {'id': '90f8f0e9-4840-43db-81b7-872bd9b04251', 'name': 'tempest-ImagesOneServerTestJSON-618842871-network', 'tenant_id': 'a78d943ee6e24c62830be61693546357', 'project_id': 'a78d943ee6e24c62830be61693546357', 'admin_state_up': True, 'mtu': 8950, 'status': 'ACTIVE', 'subnets': [], 'shared': False, 'port_security_enabled': True, 'router:external': False, 'provider:network_type': 'vlan', 'provider:physical_network': 'default', 'provider:segmentation_id': 629, 'availability_zone_hints': [], 'availability_zones': [], 'ipv4_address_scope': None, 'ipv6_address_scope': None, 'description': '', 'tags': [], 'created_at': '2025-12-02T02:55:25Z', 'updated_at': '2025-12-02T02:55:25Z', 'revision_number': 1}, Subnet: {'id': '78a96eec-cf8e-4c8a-a5ca-634d710c372c', 'name': 'tempest-ImagesOneServerTestJSON-618842871-subnet', 'tenant_id': 'a78d943ee6e24c62830be61693546357', 'network_id': '90f8f0e9-4840-43db-81b7-872bd9b04251', 'ip_version': 4, 'subnetpool_id': None, 'enable_dhcp': True, 'ipv6_ra_mode': None, 'ipv6_address_mode': None, 'gateway_ip': '192.168.128.1', 'cidr': '192.168.128.0/28', 'allocation_pools': [{'start': '192.168.128.2', 'end': '192.168.128.14'}], 'host_routes': [], 'dns_nameservers': [], 'description': '', 'router:external': False, 'service_types': [], 'tags': [], 'created_at': '2025-12-02T02:55:26Z', 'updated_at': '2025-12-02T02:55:26Z', 'revision_number': 0, 'project_id': 'a78d943ee6e24c62830be61693546357'}, Router: {'id': 'dca6346b-b0ca-4ca9-8a73-04067f2ac582', 'name': 'tempest-ImagesOneServerTestJSON-618842871-router', 'tenant_id': 'a78d943ee6e24c62830be61693546357', 'admin_state_up': True, 'status': 'ACTIVE', 'external_gateway_info': {'network_id': '2405baea-b07a-4648-95c6-718c27b53143', 'external_fixed_ips': [{'subnet_id': 'a60f26f2-bb84-4fb6-bfa6-84b45096497d', 'ip_address': '10.180.180.147'}], 'enable_snat': True}, 'description': '', 'availability_zones': [], 'distributed': False, 'ha': False, 'availability_zone_hints': [], 'routes': [], 'flavor_id': None, 'tags': [], 'created_at': '2025-12-02T02:55:26Z', 'updated_at': '2025-12-02T02:55:26Z', 'revision_number': 2, 'project_id': 'a78d943ee6e24c62830be61693546357'}
2025-12-02 02:55:28.182 66048 INFO tempest.lib.common.rest_client [req-136403de-9217-472c-aa07-e3494d3d5795 req-136403de-9217-472c-aa07-e3494d3d5795 ] Request (VolumesAssistedSnapshotsTest:setUpClass): 201 POST http://10.180.1.21/networking/v2.0/networks 0.547s
2025-12-02 02:55:28.209 66010 INFO tempest.lib.common.rest_client [req-338e4ccc-1926-41aa-8dbe-0062f9a6b859 req-338e4ccc-1926-41aa-8dbe-0062f9a6b859 ] Request (FlavorsExtraSpecsNegativeTestJSON:test_flavor_get_nonexistent_key): 404 GET http://10.180.1.21/compute/v2.1/flavors/679861133/os-extra_specs/hw:cpu_thread_policy 4.786s
2025-12-02 02:55:28.238 66070 INFO tempest.lib.common.rest_client [req-f9874d37-2d11-42ad-849e-27289382bb60 req-f9874d37-2d11-42ad-849e-27289382bb60 ] Request (HypervisorAdminV228Test:test_get_list_hypervisor_details): 200 GET http://10.180.1.21/compute/v2.1/os-hypervisors/1 4.704s
2025-12-02 02:55:28.287 66060 INFO tempest.lib.common.rest_client [req-fabe388f-09ce-480c-8005-9d4917232d7f req-fabe388f-09ce-480c-8005-9d4917232d7f ] Request (ImagesOneServerTestJSON:setUpClass): 201 POST http://10.180.1.21/identity/v3/auth/tokens 0.123s
2025-12-02 02:55:28.349 66070 INFO tempest.lib.common.rest_client [req-2c598dfd-7106-4e52-a4e4-92e3c85cbacb req-2c598dfd-7106-4e52-a4e4-92e3c85cbacb ] Request (HypervisorAdminV228Test:tearDownClass): 204 DELETE http://10.180.1.21/identity/v3/users/280f5a56fa504ae5b79d39df34df5d82 0.096s
2025-12-02 02:55:28.371 66060 INFO tempest.lib.common.rest_client [req-5ab2449e-cd46-4622-a3f1-9e9c3aaf918f req-5ab2449e-cd46-4622-a3f1-9e9c3aaf918f ] Request (ImagesOneServerTestJSON:setUpClass): 201 POST http://10.180.1.21/identity/v3/auth/tokens 0.080s
2025-12-02 02:55:28.371 66060 INFO tempest.lib.common.fixed_network [-] (ImagesOneServerTestJSON:setUpClass) Found network {'id': '90f8f0e9-4840-43db-81b7-872bd9b04251', 'name': 'tempest-ImagesOneServerTestJSON-618842871-network', 'tenant_id': 'a78d943ee6e24c62830be61693546357', 'project_id': 'a78d943ee6e24c62830be61693546357', 'admin_state_up': True, 'mtu': 8950, 'status': 'ACTIVE', 'subnets': [], 'shared': False, 'port_security_enabled': True, 'router:external': False, 'provider:network_type': 'vlan', 'provider:physical_network': 'default', 'provider:segmentation_id': 629, 'availability_zone_hints': [], 'availability_zones': [], 'ipv4_address_scope': None, 'ipv6_address_scope': None, 'description': '', 'tags': [], 'created_at': '2025-12-02T02:55:25Z', 'updated_at': '2025-12-02T02:55:25Z', 'revision_number': 1} available for tenant
2025-12-02 02:55:28.430 66042 INFO tempest.lib.common.rest_client [req-08b48b13-83ca-438f-9038-61be2b5a8e14 req-08b48b13-83ca-438f-9038-61be2b5a8e14 ] Request (FloatingIPsNegativeTestJSON:setUpClass): 201 POST http://10.180.1.21/networking/v2.0/networks 0.541s
2025-12-02 02:55:28.439 66020 INFO tempest.lib.common.rest_client [req-fb19bd88-3af8-42fd-b69f-ec196472b9b6 req-fb19bd88-3af8-42fd-b69f-ec196472b9b6 ] Request (HypervisorAdminV253TestBase:test_list_show_detail_hypervisors): 200 GET http://10.180.1.21/compute/v2.1/os-hypervisors?with_servers=True 4.885s
2025-12-02 02:55:28.440 66048 INFO tempest.lib.common.rest_client [req-613d1db9-c87a-4af4-bac9-dea9a7a2b848 req-613d1db9-c87a-4af4-bac9-dea9a7a2b848 ] Request (VolumesAssistedSnapshotsTest:setUpClass): 201 POST http://10.180.1.21/networking/v2.0/subnets 0.258s
2025-12-02 02:55:28.465 66070 INFO tempest.lib.common.rest_client [req-c15f364f-7a0c-44fc-bf40-c98dcbfe415d req-c15f364f-7a0c-44fc-bf40-c98dcbfe415d ] Request (HypervisorAdminV228Test:tearDownClass): 204 DELETE http://10.180.1.21/identity/v3/users/e9d6718ece2a4b57ab80505deb68f12b 0.116s
2025-12-02 02:55:28.466 66070 INFO tempest.lib.common.dynamic_creds [-] Deleting project and security group for project: fb780a09a067428f8129d87ca326de3d
2025-12-02 02:55:28.537 66070 INFO tempest.lib.common.rest_client [req-c526834a-c258-4ced-9d39-4f2e9925dfdb req-c526834a-c258-4ced-9d39-4f2e9925dfdb ] Request (HypervisorAdminV228Test:tearDownClass): 201 POST http://10.180.1.21/identity/v3/auth/tokens 0.071s
2025-12-02 02:55:28.573 66054 INFO tempest.lib.common.rest_client [req-3e235e03-f8a1-4b16-80ff-0371057e9a0e req-3e235e03-f8a1-4b16-80ff-0371057e9a0e ] Request (ImagesNegativeTestJSON:test_create_image_from_deleted_server): 202 POST http://10.180.1.21/compute/v2.1/servers 6.510s
2025-12-02 02:55:28.599 66066 INFO tempest.lib.common.rest_client [req-82c0ed99-0475-46a0-9c34-f851ee0318ff req-82c0ed99-0475-46a0-9c34-f851ee0318ff ] Request (ServicesAdminTestJSON:test_get_service_by_host_name): 200 GET http://10.180.1.21/compute/v2.1/os-services?host=devstack 4.939s
2025-12-02 02:55:28.611 66068 INFO tempest.lib.common.rest_client [req-d101ca31-0f36-45fc-a2ff-6466c9e7868b req-d101ca31-0f36-45fc-a2ff-6466c9e7868b ] Request (InstanceUsageAuditLogNegativeTestJSON:test_instance_usage_audit_logs_with_nonadmin_user): 403 GET http://10.180.1.21/compute/v2.1/os-instance_usage_audit_log 4.982s
2025-12-02 02:55:28.636 66052 INFO tempest.lib.common.rest_client [req-1a3cfc73-2cff-4218-bebe-39dd4642ecec req-1a3cfc73-2cff-4218-bebe-39dd4642ecec ] Request (HostsAdminTestJSON:test_list_hosts_with_a_blank_zone): 200 GET http://10.180.1.21/compute/v2.1/os-hosts?zone= 4.801s
2025-12-02 02:55:28.646 66046 INFO tempest.lib.common.rest_client [req-f5d31534-65ac-487d-aacc-01110f263a4e req-f5d31534-65ac-487d-aacc-01110f263a4e ] Request (AggregatesAdminNegativeTestJSON:test_aggregate_add_existent_host): 200 POST http://10.180.1.21/compute/v2.1/os-aggregates 4.873s
2025-12-02 02:55:28.652 66042 INFO tempest.lib.common.rest_client [req-b695ff05-4029-46a6-abe7-630bec23db92 req-b695ff05-4029-46a6-abe7-630bec23db92 ] Request (FloatingIPsNegativeTestJSON:setUpClass): 201 POST http://10.180.1.21/networking/v2.0/subnets 0.222s
2025-12-02 02:55:28.667 66064 INFO tempest.lib.common.rest_client [req-2d5677c2-4d25-4d05-9cde-8b7cef9471aa req-2d5677c2-4d25-4d05-9cde-8b7cef9471aa ] Request (FlavorsAdminTestJSON:_run_cleanups): 202 DELETE http://10.180.1.21/compute/v2.1/flavors/2075026001 4.806s
2025-12-02 02:55:28.746 66008 INFO tempest.lib.common.rest_client [req-cc672cec-dd69-41fa-af25-717fda91503a req-cc672cec-dd69-41fa-af25-717fda91503a ] Request (QuotasAdminTestV236:test_get_updated_quotas): 200 GET http://10.180.1.21/compute/v2.1/os-quota-sets/04bcab7e2adf4c63bde5221f5a2e9fbd/detail 4.591s
2025-12-02 02:55:28.760 66026 INFO tempest.lib.common.rest_client [req-3a35d648-1a8f-4218-b7a7-d65591df50a6 req-3a35d648-1a8f-4218-b7a7-d65591df50a6 ] Request (ImagesDeleteNegativeTestJSON:test_delete_image_with_id_over_character_limit): 404 DELETE http://10.180.1.21/compute/v2.1/images/f49a3519-576e-4015-80f2-1612966a19291 4.280s
2025-12-02 02:55:28.791 66008 INFO tempest.lib.common.rest_client [req-6f67c778-9a8c-4562-b515-268700584346 req-6f67c778-9a8c-4562-b515-268700584346 ] Request (QuotasAdminTestV236:test_get_updated_quotas): 200 GET http://10.180.1.21/identity/v3/domains?name=Default 0.038s
2025-12-02 02:55:28.817 66008 INFO tempest.lib.common.rest_client [req-ac80ce34-e022-4ca6-92cd-d4d75573fcde req-ac80ce34-e022-4ca6-92cd-d4d75573fcde ] Request (QuotasAdminTestV236:test_get_updated_quotas): 201 POST http://10.180.1.21/identity/v3/users 0.025s
2025-12-02 02:55:28.841 66008 INFO tempest.lib.common.rest_client [req-e04723fa-dea3-4042-a334-f8cccafd4361 req-e04723fa-dea3-4042-a334-f8cccafd4361 ] Request (QuotasAdminTestV236:test_get_updated_quotas): 200 GET http://10.180.1.21/identity/v3/domains?name=Default 0.023s
2025-12-02 02:55:28.868 66022 INFO tempest.lib.common.rest_client [req-be65f144-990a-4af9-8186-61ed3bd4cc65 req-be65f144-990a-4af9-8186-61ed3bd4cc65 ] Request (FlavorsAccessTestJSON:test_flavor_access_add_remove): 200 GET http://10.180.1.21/compute/v2.1/flavors/detail 4.133s
2025-12-02 02:55:28.909 66058 INFO tempest.lib.common.rest_client [req-a8afb999-6513-4a79-8cec-3f7022780bd3 req-a8afb999-6513-4a79-8cec-3f7022780bd3 ] Request (KeyPairsNegativeTestJSON:test_create_keypair_with_duplicate_name): 409 POST http://10.180.1.21/compute/v2.1/os-keypairs 4.142s
2025-12-02 02:55:28.922 66050 INFO tempest.lib.common.rest_client [req-20023353-11ef-4b52-8f06-1b45ff48f484 req-20023353-11ef-4b52-8f06-1b45ff48f484 ] Request (KeyPairsV210TestJSON:test_admin_manage_keypairs_for_other_users): 200 GET http://10.180.1.21/compute/v2.1/os-keypairs?user_id=35bc2085e2a64e8bb5c7ddfdaa34cc7a 4.129s
2025-12-02 02:55:29.022 66062 INFO tempest.lib.common.rest_client [req-2fb2ad0e-42d4-45c1-93d7-7506201ec29d req-2fb2ad0e-42d4-45c1-93d7-7506201ec29d ] Request (FlavorsAccessNegativeTestJSON:test_add_flavor_access_duplicate): 200 POST http://10.180.1.21/compute/v2.1/flavors/113752872/action 4.150s
2025-12-02 02:55:29.026 66014 INFO tempest.lib.common.rest_client [req-41793afb-969d-4fd1-a089-adb2189bf093 req-41793afb-969d-4fd1-a089-adb2189bf093 ] Request (HypervisorAdminNegativeTestJSON:test_get_hypervisor_list_with_non_admin_user): 403 GET http://10.180.1.21/compute/v2.1/os-hypervisors 4.000s
2025-12-02 02:55:29.229 66048 INFO tempest.lib.common.rest_client [req-da88a3f2-23d9-49e5-924e-78d0b5e41da8 req-da88a3f2-23d9-49e5-924e-78d0b5e41da8 ] Request (VolumesAssistedSnapshotsTest:setUpClass): 201 POST http://10.180.1.21/networking/v2.0/routers 0.786s
2025-12-02 02:55:29.325 66070 INFO tempest.lib.common.rest_client [req-6bcb8c69-f312-418c-bcec-d71657115933 req-6bcb8c69-f312-418c-bcec-d71657115933 ] Request (HypervisorAdminV228Test:tearDownClass): 200 GET http://10.180.1.21/networking/v2.0/security-groups?tenant_id=fb780a09a067428f8129d87ca326de3d&name=default 0.788s
2025-12-02 02:55:29.368 66028 INFO tempest.lib.common.rest_client [req-d1b9cfdf-c2c7-4297-897d-bdd26e9570fc req-d1b9cfdf-c2c7-4297-897d-bdd26e9570fc ] Request (ServersAdmin275Test:test_rebuild_update_server_275): 200 PUT http://10.180.1.21/compute/v2.1/servers/317bbe92-85eb-4d28-b79d-063f0cf148fb 4.917s
2025-12-02 02:55:29.472 66030 INFO tempest.lib.common.rest_client [req-9875bb45-2dae-4e96-8bf7-53caba848774 req-9875bb45-2dae-4e96-8bf7-53caba848774 ] Request (ServersWithSpecificFlavorTestJSON:test_verify_created_server_ephemeral_disk): 200 GET http://10.180.1.21/compute/v2.1/flavors/42 4.262s
2025-12-02 02:55:29.941 66042 INFO tempest.lib.common.rest_client [req-574e2dd3-355f-424f-bc6d-82d3f96ce938 req-574e2dd3-355f-424f-bc6d-82d3f96ce938 ] Request (FloatingIPsNegativeTestJSON:setUpClass): 201 POST http://10.180.1.21/networking/v2.0/routers 1.288s
2025-12-02 02:55:30.040 66070 INFO tempest.lib.common.rest_client [req-bbe111c8-850c-4547-ac09-c45f66e69a71 req-bbe111c8-850c-4547-ac09-c45f66e69a71 ] Request (HypervisorAdminV228Test:tearDownClass): 204 DELETE http://10.180.1.21/networking/v2.0/security-groups/3e3df284-eb6f-479b-8a36-dd84a9a58a07 0.714s
2025-12-02 02:55:30.119 66070 INFO tempest.lib.common.rest_client [req-6870b0ed-984e-4700-bbe1-45357f024489 req-6870b0ed-984e-4700-bbe1-45357f024489 ] Request (HypervisorAdminV228Test:tearDownClass): 204 DELETE http://10.180.1.21/identity/v3/projects/fb780a09a067428f8129d87ca326de3d 0.078s
2025-12-02 02:55:30.119 66070 INFO tempest.lib.common.dynamic_creds [-] Deleting project and security group for project: fa02b5a72a4646d4aaa9c1185104af3f
2025-12-02 02:55:30.165 66048 INFO tempest.lib.common.rest_client [req-07283390-2f9a-4c60-9b1b-62076665e275 req-07283390-2f9a-4c60-9b1b-62076665e275 ] Request (VolumesAssistedSnapshotsTest:setUpClass): 200 PUT http://10.180.1.21/networking/v2.0/routers/2685f148-73e4-4344-b1a2-eba51ade2083/add_router_interface 0.936s
2025-12-02 02:55:30.165 66048 INFO tempest.lib.common.dynamic_creds [-] Created isolated network resources for: credentials: Credentials: {'domain_id': 'default', 'domain_name': 'Default', 'username': 'tempest-VolumesAssistedSnapshotsTest-586920893-project', 'project_domain_id': 'default', 'project_domain_name': 'Default', 'project_id': '5fa1eccb8045477cab5f8cd3d76f9fd0', 'project_name': 'tempest-VolumesAssistedSnapshotsTest-586920893', 'tenant_id': '5fa1eccb8045477cab5f8cd3d76f9fd0', 'tenant_name': 'tempest-VolumesAssistedSnapshotsTest-586920893', 'user_domain_id': 'default', 'user_domain_name': 'Default', 'user_id': '72873d1881104051879210aa6d8c6a31', 'system': None}, Network: {'id': '2d483e5a-1ab6-443e-8936-d0e9f43992a6', 'name': 'tempest-VolumesAssistedSnapshotsTest-1568599282-network', 'tenant_id': '5fa1eccb8045477cab5f8cd3d76f9fd0', 'project_id': '5fa1eccb8045477cab5f8cd3d76f9fd0', 'admin_state_up': True, 'mtu': 8950, 'status': 'ACTIVE', 'subnets': [], 'shared': False, 'port_security_enabled': True, 'router:external': False, 'provider:network_type': 'vlan', 'provider:physical_network': 'default', 'provider:segmentation_id': 548, 'availability_zone_hints': [], 'availability_zones': [], 'ipv4_address_scope': None, 'ipv6_address_scope': None, 'description': '', 'tags': [], 'created_at': '2025-12-02T02:55:28Z', 'updated_at': '2025-12-02T02:55:28Z', 'revision_number': 1}, Subnet: {'id': 'bc47a456-335e-4539-b5d3-10b6391de3b3', 'name': 'tempest-VolumesAssistedSnapshotsTest-1568599282-subnet', 'tenant_id': '5fa1eccb8045477cab5f8cd3d76f9fd0', 'network_id': '2d483e5a-1ab6-443e-8936-d0e9f43992a6', 'ip_version': 4, 'subnetpool_id': None, 'enable_dhcp': True, 'ipv6_ra_mode': None, 'ipv6_address_mode': None, 'gateway_ip': '192.168.128.1', 'cidr': '192.168.128.0/28', 'allocation_pools': [{'start': '192.168.128.2', 'end': '192.168.128.14'}], 'host_routes': [], 'dns_nameservers': [], 'description': '', 'router:external': False, 'service_types': [], 'tags': [], 'created_at': '2025-12-02T02:55:28Z', 'updated_at': '2025-12-02T02:55:28Z', 'revision_number': 0, 'project_id': '5fa1eccb8045477cab5f8cd3d76f9fd0'}, Router: {'id': '2685f148-73e4-4344-b1a2-eba51ade2083', 'name': 'tempest-VolumesAssistedSnapshotsTest-1568599282-router', 'tenant_id': '5fa1eccb8045477cab5f8cd3d76f9fd0', 'admin_state_up': True, 'status': 'ACTIVE', 'external_gateway_info': {'network_id': '2405baea-b07a-4648-95c6-718c27b53143', 'external_fixed_ips': [{'subnet_id': 'a60f26f2-bb84-4fb6-bfa6-84b45096497d', 'ip_address': '10.180.180.242'}], 'enable_snat': True}, 'description': '', 'availability_zones': [], 'distributed': False, 'ha': False, 'availability_zone_hints': [], 'routes': [], 'flavor_id': None, 'tags': [], 'created_at': '2025-12-02T02:55:28Z', 'updated_at': '2025-12-02T02:55:28Z', 'revision_number': 2, 'project_id': '5fa1eccb8045477cab5f8cd3d76f9fd0'}
2025-12-02 02:55:30.257 66048 INFO tempest.lib.common.rest_client [req-efb34b0d-2cf9-45ac-807c-5ecbdffc45bd req-efb34b0d-2cf9-45ac-807c-5ecbdffc45bd ] Request (VolumesAssistedSnapshotsTest:setUpClass): 201 POST http://10.180.1.21/identity/v3/auth/tokens 0.090s
2025-12-02 02:55:30.678 66048 INFO tempest.lib.common.rest_client [req-e7f02729-8d11-4e3a-b2a6-a1d5bc9aa69e req-e7f02729-8d11-4e3a-b2a6-a1d5bc9aa69e ] Request (VolumesAssistedSnapshotsTest:test_volume_assisted_snapshot_create_delete): 202 POST http://10.180.1.21/volume/v3/volumes 0.418s
2025-12-02 02:55:30.744 66048 INFO tempest.lib.common.rest_client [req-ac00cb3f-6ab0-449a-ad75-6d95e964bb5e req-ac00cb3f-6ab0-449a-ad75-6d95e964bb5e ] Request (VolumesAssistedSnapshotsTest:test_volume_assisted_snapshot_create_delete): 200 GET http://10.180.1.21/volume/v3/volumes/68305fc8-e4c4-4dce-99ca-e5e953d2bde9 0.059s
2025-12-02 02:55:31.001 66042 INFO tempest.lib.common.rest_client [req-42ab8c84-a421-4015-9108-863047d6f1b1 req-42ab8c84-a421-4015-9108-863047d6f1b1 ] Request (FloatingIPsNegativeTestJSON:setUpClass): 200 PUT http://10.180.1.21/networking/v2.0/routers/23129d02-71a3-4e33-a3f3-7af5cdd6bbf1/add_router_interface 1.060s
2025-12-02 02:55:31.002 66042 INFO tempest.lib.common.dynamic_creds [-] Created isolated network resources for: credentials: Credentials: {'domain_id': 'default', 'domain_name': 'Default', 'username': 'tempest-FloatingIPsNegativeTestJSON-157482894-project-member', 'project_domain_id': 'default', 'project_domain_name': 'Default', 'project_id': '6ce821d24a35426e9adee0eb95b9aad0', 'project_name': 'tempest-FloatingIPsNegativeTestJSON-157482894', 'tenant_id': '6ce821d24a35426e9adee0eb95b9aad0', 'tenant_name': 'tempest-FloatingIPsNegativeTestJSON-157482894', 'user_domain_id': 'default', 'user_domain_name': 'Default', 'user_id': '01359ef73a4849cfa9ddc2f3ec3946ab', 'system': None}, Network: {'id': '14339b2f-0d47-4f99-8c9b-e1d38be8baa1', 'name': 'tempest-FloatingIPsNegativeTestJSON-1651472879-network', 'tenant_id': '6ce821d24a35426e9adee0eb95b9aad0', 'project_id': '6ce821d24a35426e9adee0eb95b9aad0', 'admin_state_up': True, 'mtu': 8950, 'status': 'ACTIVE', 'subnets': [], 'shared': False, 'port_security_enabled': True, 'router:external': False, 'provider:network_type': 'vlan', 'provider:physical_network': 'default', 'provider:segmentation_id': 120, 'availability_zone_hints': [], 'availability_zones': [], 'ipv4_address_scope': None, 'ipv6_address_scope': None, 'description': '', 'tags': [], 'created_at': '2025-12-02T02:55:28Z', 'updated_at': '2025-12-02T02:55:28Z', 'revision_number': 1}, Subnet: {'id': 'cac56af1-5ec4-4fc6-a87c-6c3d46da1803', 'name': 'tempest-FloatingIPsNegativeTestJSON-1651472879-subnet', 'tenant_id': '6ce821d24a35426e9adee0eb95b9aad0', 'network_id': '14339b2f-0d47-4f99-8c9b-e1d38be8baa1', 'ip_version': 4, 'subnetpool_id': None, 'enable_dhcp': True, 'ipv6_ra_mode': None, 'ipv6_address_mode': None, 'gateway_ip': '192.168.128.1', 'cidr': '192.168.128.0/28', 'allocation_pools': [{'start': '192.168.128.2', 'end': '192.168.128.14'}], 'host_routes': [], 'dns_nameservers': [], 'description': '', 'router:external': False, 'service_types': [], 'tags': [], 'created_at': '2025-12-02T02:55:28Z', 'updated_at': '2025-12-02T02:55:28Z', 'revision_number': 0, 'project_id': '6ce821d24a35426e9adee0eb95b9aad0'}, Router: {'id': '23129d02-71a3-4e33-a3f3-7af5cdd6bbf1', 'name': 'tempest-FloatingIPsNegativeTestJSON-1651472879-router', 'tenant_id': '6ce821d24a35426e9adee0eb95b9aad0', 'admin_state_up': True, 'status': 'ACTIVE', 'external_gateway_info': {'network_id': '2405baea-b07a-4648-95c6-718c27b53143', 'external_fixed_ips': [{'subnet_id': 'a60f26f2-bb84-4fb6-bfa6-84b45096497d', 'ip_address': '10.180.180.137'}], 'enable_snat': True}, 'description': '', 'availability_zones': [], 'distributed': False, 'ha': False, 'availability_zone_hints': [], 'routes': [], 'flavor_id': None, 'tags': [], 'created_at': '2025-12-02T02:55:29Z', 'updated_at': '2025-12-02T02:55:29Z', 'revision_number': 2, 'project_id': '6ce821d24a35426e9adee0eb95b9aad0'}
2025-12-02 02:55:31.092 66042 INFO tempest.lib.common.rest_client [req-0360565a-02c4-405d-9ea5-77045ca1928f req-0360565a-02c4-405d-9ea5-77045ca1928f ] Request (FloatingIPsNegativeTestJSON:setUpClass): 201 POST http://10.180.1.21/identity/v3/auth/tokens 0.086s
2025-12-02 02:55:31.119 66070 INFO tempest.lib.common.rest_client [req-85d2445f-543c-427e-bb81-73bb144e6cf1 req-85d2445f-543c-427e-bb81-73bb144e6cf1 ] Request (HypervisorAdminV228Test:tearDownClass): 200 GET http://10.180.1.21/networking/v2.0/security-groups?tenant_id=fa02b5a72a4646d4aaa9c1185104af3f&name=default 1.000s
2025-12-02 02:55:31.241 66044 INFO tempest.lib.common.rest_client [req-a683c3b7-2c7d-40c6-8a24-65ff46739384 req-a683c3b7-2c7d-40c6-8a24-65ff46739384 ] Request (MigrationsAdminTest:test_list_migrations_in_flavor_resize_situation): 202 POST http://10.180.1.21/compute/v2.1/servers 6.210s
2025-12-02 02:55:31.257 66070 INFO tempest.lib.common.rest_client [req-f2164279-bc81-482b-b8f1-7cef337c1075 req-f2164279-bc81-482b-b8f1-7cef337c1075 ] Request (HypervisorAdminV228Test:tearDownClass): 204 DELETE http://10.180.1.21/networking/v2.0/security-groups/aa481e6d-f42e-4f2f-982d-fe615c7ed56f 0.137s
2025-12-02 02:55:31.412 66070 INFO tempest.lib.common.rest_client [req-0ce5dddf-74d8-49bf-b984-2adc51f3dbca req-0ce5dddf-74d8-49bf-b984-2adc51f3dbca ] Request (HypervisorAdminV228Test:tearDownClass): 204 DELETE http://10.180.1.21/identity/v3/projects/fa02b5a72a4646d4aaa9c1185104af3f 0.154s
2025-12-02 02:55:31.477 66070 INFO tempest.lib.common.rest_client [req-2ec3290a-9ac0-4c5d-a90e-6fca0011230d req-2ec3290a-9ac0-4c5d-a90e-6fca0011230d ] Request (SecurityGroupsTestAdminJSON:setUpClass): 201 POST http://10.180.1.21/identity/v3/auth/tokens 0.063s
2025-12-02 02:55:31.505 66070 INFO tempest.lib.common.rest_client [req-72140f2d-aedd-4dae-bb79-618ce9c9f021 req-72140f2d-aedd-4dae-bb79-618ce9c9f021 ] Request (SecurityGroupsTestAdminJSON:setUpClass): 201 POST http://10.180.1.21/identity/v3/auth/tokens 0.024s
2025-12-02 02:55:31.534 66070 INFO tempest.lib.common.rest_client [req-e4f02dba-47c7-4e7f-b983-539b1435421b req-e4f02dba-47c7-4e7f-b983-539b1435421b ] Request (SecurityGroupsTestAdminJSON:setUpClass): 200 GET http://10.180.1.21/identity/v3/domains?name=Default 0.029s
2025-12-02 02:55:31.581 66070 INFO tempest.lib.common.rest_client [req-0bc0386c-e89d-4f9b-860d-1580fbc61938 req-0bc0386c-e89d-4f9b-860d-1580fbc61938 ] Request (SecurityGroupsTestAdminJSON:setUpClass): 201 POST http://10.180.1.21/identity/v3/projects 0.046s
2025-12-02 02:55:31.651 66070 INFO tempest.lib.common.rest_client [req-abcc60fc-4258-42e0-8d9e-cff6cb6b45ef req-abcc60fc-4258-42e0-8d9e-cff6cb6b45ef ] Request (SecurityGroupsTestAdminJSON:setUpClass): 201 POST http://10.180.1.21/identity/v3/users 0.069s
2025-12-02 02:55:31.675 66070 INFO tempest.lib.common.rest_client [req-9c9bc7cf-80aa-45ce-81af-74ca40076487 req-9c9bc7cf-80aa-45ce-81af-74ca40076487 ] Request (SecurityGroupsTestAdminJSON:setUpClass): 200 GET http://10.180.1.21/identity/v3/roles 0.024s
2025-12-02 02:55:31.704 66070 INFO tempest.lib.common.rest_client [req-ed8ddd34-b011-4729-948d-f1f94e2bdc28 req-ed8ddd34-b011-4729-948d-f1f94e2bdc28 ] Request (SecurityGroupsTestAdminJSON:setUpClass): 204 PUT http://10.180.1.21/identity/v3/projects/2ec5ed7a5e434b0dad7c3302a3302799/users/778adff9b1cc4635b5e8ccfdb68f31d3/roles/3e161ca072fe49f582b68aa31b0dc315 0.029s
2025-12-02 02:55:31.705 66070 INFO tempest.lib.common.dynamic_creds [-] Dynamic test user 778adff9b1cc4635b5e8ccfdb68f31d3 is created with scope project and roles: ['member']
2025-12-02 02:55:31.705 66070 INFO tempest.lib.common.dynamic_creds [-] Acquired dynamic creds: credentials: Credentials: {'domain_id': 'default', 'domain_name': 'Default', 'username': 'tempest-SecurityGroupsTestAdminJSON-187068151-project-member', 'project_domain_id': 'default', 'project_domain_name': 'Default', 'project_id': '2ec5ed7a5e434b0dad7c3302a3302799', 'project_name': 'tempest-SecurityGroupsTestAdminJSON-187068151', 'tenant_id': '2ec5ed7a5e434b0dad7c3302a3302799', 'tenant_name': 'tempest-SecurityGroupsTestAdminJSON-187068151', 'user_domain_id': 'default', 'user_domain_name': 'Default', 'user_id': '778adff9b1cc4635b5e8ccfdb68f31d3', 'system': None}, Network: None, Subnet: None, Router: None
2025-12-02 02:55:31.705 66070 INFO tempest.lib.common.dynamic_creds [-] Created isolated network resources for: credentials: Credentials: {'domain_id': 'default', 'domain_name': 'Default', 'username': 'tempest-SecurityGroupsTestAdminJSON-187068151-project-member', 'project_domain_id': 'default', 'project_domain_name': 'Default', 'project_id': '2ec5ed7a5e434b0dad7c3302a3302799', 'project_name': 'tempest-SecurityGroupsTestAdminJSON-187068151', 'tenant_id': '2ec5ed7a5e434b0dad7c3302a3302799', 'tenant_name': 'tempest-SecurityGroupsTestAdminJSON-187068151', 'user_domain_id': 'default', 'user_domain_name': 'Default', 'user_id': '778adff9b1cc4635b5e8ccfdb68f31d3', 'system': None}, Network: None, Subnet: None, Router: None
2025-12-02 02:55:31.779 66070 INFO tempest.lib.common.rest_client [req-d961cda7-9877-4b5d-a4e4-b7eeaeab4a92 req-d961cda7-9877-4b5d-a4e4-b7eeaeab4a92 ] Request (SecurityGroupsTestAdminJSON:setUpClass): 201 POST http://10.180.1.21/identity/v3/auth/tokens 0.070s
2025-12-02 02:55:31.791 66048 INFO tempest.lib.common.rest_client [req-0af25ccc-9a7d-45cc-853f-3803db16f7cd req-0af25ccc-9a7d-45cc-853f-3803db16f7cd ] Request (VolumesAssistedSnapshotsTest:test_volume_assisted_snapshot_create_delete): 200 GET http://10.180.1.21/volume/v3/volumes/68305fc8-e4c4-4dce-99ca-e5e953d2bde9 0.035s
2025-12-02 02:55:31.801 66048 INFO tempest.common.waiters [-] volume 68305fc8-e4c4-4dce-99ca-e5e953d2bde9 reached available after waiting for 1.801231 seconds
2025-12-02 02:55:31.843 66070 INFO tempest.lib.common.rest_client [req-0b0652af-6427-41cd-b835-01455508297a req-0b0652af-6427-41cd-b835-01455508297a ] Request (SecurityGroupsTestAdminJSON:setUpClass): 201 POST http://10.180.1.21/identity/v3/projects 0.064s
2025-12-02 02:55:31.870 66018 INFO tempest.lib.common.rest_client [req-f5de9618-7b24-4c9b-8b89-bc8b7fed1ea7 req-f5de9618-7b24-4c9b-8b89-bc8b7fed1ea7 ] Request (ServersAdminNegativeTestJSON:setUpClass): 200 GET http://10.180.1.21/compute/v2.1/servers/d99f42b1-91ae-409d-97c5-2c8d95fce877 5.318s
2025-12-02 02:55:31.908 66036 INFO tempest.lib.common.rest_client [req-1fa1b669-4f74-4da4-824f-a169e101a198 req-1fa1b669-4f74-4da4-824f-a169e101a198 ] Request (ListImageFiltersTestJSON:setUpClass): 200 GET http://10.180.1.21/compute/v2.1/images/ee614b34-fda2-4b63-b938-b131ce991f5f 5.310s
2025-12-02 02:55:31.931 66070 INFO tempest.lib.common.rest_client [req-a47a9d5d-8c75-4aa8-8a59-7ba74c95e947 req-a47a9d5d-8c75-4aa8-8a59-7ba74c95e947 ] Request (SecurityGroupsTestAdminJSON:setUpClass): 201 POST http://10.180.1.21/identity/v3/users 0.087s
2025-12-02 02:55:31.956 66070 INFO tempest.lib.common.rest_client [req-bd05e97b-60c3-4b23-a22e-5aa8baf0f852 req-bd05e97b-60c3-4b23-a22e-5aa8baf0f852 ] Request (SecurityGroupsTestAdminJSON:setUpClass): 200 GET http://10.180.1.21/identity/v3/roles 0.024s
2025-12-02 02:55:32.081 66070 INFO tempest.lib.common.rest_client [req-017ad1f7-155d-4b18-8b7d-c72f828674a9 req-017ad1f7-155d-4b18-8b7d-c72f828674a9 ] Request (SecurityGroupsTestAdminJSON:setUpClass): 204 PUT http://10.180.1.21/identity/v3/projects/708890352424487988d6401d7fff14c2/users/dfb39d610ed14b609531f1f5e33d832b/roles/7b73fcf751f64605aab7d7c973e750b9 0.124s
2025-12-02 02:55:32.103 66032 INFO tempest.lib.common.rest_client [req-5c260a38-0919-4d85-ae3f-6f69b28d37ee req-5c260a38-0919-4d85-ae3f-6f69b28d37ee ] Request (ServersAdminTestJSON:setUpClass): 202 POST http://10.180.1.21/compute/v2.1/servers 5.596s
2025-12-02 02:55:32.146 66025 INFO tempest.lib.common.rest_client [req-3f2b9bbd-e9c3-409c-88d7-38948ba2975e req-3f2b9bbd-e9c3-409c-88d7-38948ba2975e ] Request (FlavorsV255TestJSON:test_crud_flavor): 200 PUT http://10.180.1.21/compute/v2.1/flavors/28799019 4.107s
2025-12-02 02:55:32.171 66070 INFO tempest.lib.common.rest_client [req-79b886a4-32bd-4822-be1b-877da51c7e52 req-79b886a4-32bd-4822-be1b-877da51c7e52 ] Request (SecurityGroupsTestAdminJSON:setUpClass): 200 GET http://10.180.1.21/identity/v3/roles 0.089s
2025-12-02 02:55:32.218 66032 INFO tempest.lib.common.rest_client [req-530f14ae-629c-4cc5-9762-a36ad9bcd0d2 req-530f14ae-629c-4cc5-9762-a36ad9bcd0d2 ] Request (ServersAdminTestJSON:setUpClass): 201 POST http://10.180.1.21/identity/v3/auth/tokens 0.108s
2025-12-02 02:55:32.219 66032 INFO tempest.lib.common.fixed_network [-] (ServersAdminTestJSON:setUpClass) Found network {'id': 'f30ea01e-8315-4e29-a90a-19da0e554079', 'name': 'tempest-ServersAdminTestJSON-861252055-network', 'tenant_id': '38ac474d764e47f3aa6c98ee58c05116', 'project_id': '38ac474d764e47f3aa6c98ee58c05116', 'admin_state_up': True, 'mtu': 8950, 'status': 'ACTIVE', 'subnets': [], 'shared': False, 'port_security_enabled': True, 'router:external': False, 'provider:network_type': 'vlan', 'provider:physical_network': 'default', 'provider:segmentation_id': 92, 'availability_zone_hints': [], 'availability_zones': [], 'ipv4_address_scope': None, 'ipv6_address_scope': None, 'description': '', 'tags': [], 'created_at': '2025-12-02T02:55:17Z', 'updated_at': '2025-12-02T02:55:17Z', 'revision_number': 1} available for tenant
2025-12-02 02:55:32.286 66016 INFO tempest.lib.common.rest_client [req-e15705b2-8be5-4ef9-b4c8-7369523df452 req-e15705b2-8be5-4ef9-b4c8-7369523df452 ] Request (FlavorsExtraSpecsTestJSON:test_flavor_non_admin_get_all_keys): 200 GET http://10.180.1.21/compute/v2.1/flavors/1372928230/os-extra_specs 4.217s
2025-12-02 02:55:32.290 66070 INFO tempest.lib.common.rest_client [req-9afcc66e-18a2-4edb-9f90-3c8396487cfb req-9afcc66e-18a2-4edb-9f90-3c8396487cfb ] Request (SecurityGroupsTestAdminJSON:setUpClass): 204 PUT http://10.180.1.21/identity/v3/projects/708890352424487988d6401d7fff14c2/users/dfb39d610ed14b609531f1f5e33d832b/roles/7b73fcf751f64605aab7d7c973e750b9 0.119s
2025-12-02 02:55:32.290 66070 INFO tempest.lib.common.dynamic_creds [-] Dynamic test user dfb39d610ed14b609531f1f5e33d832b is created with scope project and roles: ['admin']
2025-12-02 02:55:32.290 66070 INFO tempest.lib.common.dynamic_creds [-] Acquired dynamic creds: credentials: Credentials: {'domain_id': 'default', 'domain_name': 'Default', 'username': 'tempest-SecurityGroupsTestAdminJSON-606759377-project-admin', 'project_domain_id': 'default', 'project_domain_name': 'Default', 'project_id': '708890352424487988d6401d7fff14c2', 'project_name': 'tempest-SecurityGroupsTestAdminJSON-606759377', 'tenant_id': '708890352424487988d6401d7fff14c2', 'tenant_name': 'tempest-SecurityGroupsTestAdminJSON-606759377', 'user_domain_id': 'default', 'user_domain_name': 'Default', 'user_id': 'dfb39d610ed14b609531f1f5e33d832b', 'system': None}, Network: None, Subnet: None, Router: None
2025-12-02 02:55:32.290 66070 INFO tempest.lib.common.dynamic_creds [-] Created isolated network resources for: credentials: Credentials: {'domain_id': 'default', 'domain_name': 'Default', 'username': 'tempest-SecurityGroupsTestAdminJSON-606759377-project-admin', 'project_domain_id': 'default', 'project_domain_name': 'Default', 'project_id': '708890352424487988d6401d7fff14c2', 'project_name': 'tempest-SecurityGroupsTestAdminJSON-606759377', 'tenant_id': '708890352424487988d6401d7fff14c2', 'tenant_name': 'tempest-SecurityGroupsTestAdminJSON-606759377', 'user_domain_id': 'default', 'user_domain_name': 'Default', 'user_id': 'dfb39d610ed14b609531f1f5e33d832b', 'system': None}, Network: None, Subnet: None, Router: None
2025-12-02 02:55:32.297 66034 INFO tempest.lib.common.rest_client [req-928fa1f8-1fcb-4b05-a3a5-136124dfe56f req-928fa1f8-1fcb-4b05-a3a5-136124dfe56f ] Request (HypervisorAdminNegativeUnderV252Test:test_search_nonexistent_hypervisor): 404 GET http://10.180.1.21/compute/v2.1/os-hypervisors/nonexistent_hypervisor_name/search 4.157s
2025-12-02 02:55:32.302 66010 INFO tempest.lib.common.rest_client [req-e5b5e9ba-bd94-4ddf-a6ff-65aa47e2357f req-e5b5e9ba-bd94-4ddf-a6ff-65aa47e2357f ] Request (FlavorsExtraSpecsNegativeTestJSON:test_flavor_non_admin_set_keys): 403 POST http://10.180.1.21/compute/v2.1/flavors/679861133/os-extra_specs 4.086s
2025-12-02 02:55:32.378 66036 INFO tempest.lib.common.rest_client [req-c500743d-4baf-47a8-b72f-711060c3bfa6 req-c500743d-4baf-47a8-b72f-711060c3bfa6 ] Request (ListImageFiltersTestJSON:setUpClass): 201 POST http://10.180.1.21/image/v2/images 0.463s
2025-12-02 02:55:32.398 66070 INFO tempest.lib.common.rest_client [req-5448d801-3c68-4efa-b971-9847025f4d5a req-5448d801-3c68-4efa-b971-9847025f4d5a ] Request (SecurityGroupsTestAdminJSON:setUpClass): 201 POST http://10.180.1.21/identity/v3/auth/tokens 0.104s
2025-12-02 02:55:32.427 66056 INFO tempest.lib.common.rest_client [req-5eb92b86-8ded-424e-9256-8340a66484bc req-5eb92b86-8ded-424e-9256-8340a66484bc ] Request (AttachInterfacesTestJSON:test_create_list_show_delete_interfaces_by_fixed_ip): 202 POST http://10.180.1.21/compute/v2.1/servers 4.497s
2025-12-02 02:55:32.479 66038 INFO tempest.lib.common.rest_client [req-e903252c-f0cc-4ee3-bf73-6d5045116afd req-e903252c-f0cc-4ee3-bf73-6d5045116afd ] Request (ServerDiagnosticsNegativeTest:test_get_server_diagnostics_by_non_admin): 200 GET http://10.180.1.21/compute/v2.1/servers/0ba50df7-2529-47ed-b698-6e012bf2ef1d 4.108s
2025-12-02 02:55:32.487 66038 INFO tempest.common.waiters [-] State transition "BUILD/None" ==> "BUILD/spawning" after 5 second wait
2025-12-02 02:55:32.511 66020 INFO tempest.lib.common.rest_client [req-fc43c1ce-f952-48ed-bd2a-aed0c7c18bc4 req-fc43c1ce-f952-48ed-bd2a-aed0c7c18bc4 ] Request (HypervisorAdminV253TestBase:test_list_show_detail_hypervisors): 200 GET http://10.180.1.21/compute/v2.1/os-hypervisors/d65d8d97-0436-4b16-925c-4b2866fd01a2 4.068s
2025-12-02 02:55:32.582 66054 INFO tempest.lib.common.rest_client [req-7e98fb19-9a06-43b5-9bc1-bc1dff708391 req-7e98fb19-9a06-43b5-9bc1-bc1dff708391 ] Request (ImagesNegativeTestJSON:test_create_image_from_deleted_server): 200 GET http://10.180.1.21/compute/v2.1/servers/391b66bf-ffc3-4555-82d2-5657d5a8a8a0 4.006s
2025-12-02 02:55:32.609 66066 INFO tempest.lib.common.rest_client [req-9004fe57-0f1f-4ce3-b4d7-370dca04c32c req-9004fe57-0f1f-4ce3-b4d7-370dca04c32c ] Request (ServicesAdminTestJSON:test_get_service_by_service_binary_name): 200 GET http://10.180.1.21/compute/v2.1/os-services?binary=nova-compute 4.004s
2025-12-02 02:55:32.615 66068 INFO tempest.lib.common.rest_client [req-98cbd51b-9b7a-427a-8410-c8cd695cdc73 req-98cbd51b-9b7a-427a-8410-c8cd695cdc73 ] Request (InstanceUsageAuditLogNegativeTestJSON:test_instance_usage_audit_logs_with_nonadmin_user): 403 GET http://10.180.1.21/compute/v2.1/os-instance_usage_audit_log/2025-12-02%2002%3A55%3A28 4.003s
2025-12-02 02:55:32.643 66020 INFO tempest.lib.common.rest_client [req-95be4301-630c-4ab0-ba8f-46132fc6fdfb req-95be4301-630c-4ab0-ba8f-46132fc6fdfb ] Request (HypervisorAdminV253TestBase:tearDownClass): 204 DELETE http://10.180.1.21/identity/v3/users/887838e5f8a64736935ee0dd61d2f136 0.120s
2025-12-02 02:55:32.648 66052 INFO tempest.lib.common.rest_client [req-6f15207a-3b26-4e4a-8bb9-6c420b5117fc req-6f15207a-3b26-4e4a-8bb9-6c420b5117fc ] Request (HostsAdminTestJSON:test_list_hosts_with_nonexistent_zone): 200 GET http://10.180.1.21/compute/v2.1/os-hosts?zone=xxx 4.010s
2025-12-02 02:55:32.762 66020 INFO tempest.lib.common.rest_client [req-bd8757ad-1b1a-43fb-a016-77e01b5d5da9 req-bd8757ad-1b1a-43fb-a016-77e01b5d5da9 ] Request (HypervisorAdminV253TestBase:tearDownClass): 204 DELETE http://10.180.1.21/identity/v3/users/9d48ff52dd4b401a8f23d4df27ec7d0f 0.118s
2025-12-02 02:55:32.762 66020 INFO tempest.lib.common.dynamic_creds [-] Deleting project and security group for project: 089321eeae2f43fcb3a445f921f74958
2025-12-02 02:55:32.802 66068 INFO tempest.lib.common.rest_client [req-3e3a5287-8338-4a0a-b8ce-74d44e6e80c8 req-3e3a5287-8338-4a0a-b8ce-74d44e6e80c8 ] Request (InstanceUsageAuditLogNegativeTestJSON:tearDownClass): 204 DELETE http://10.180.1.21/identity/v3/users/44c6cd0516624c519a3fc31eac6ca878 0.185s
2025-12-02 02:55:32.878 66020 INFO tempest.lib.common.rest_client [req-0ff21286-0e1e-4a5d-8546-8d719efe0911 req-0ff21286-0e1e-4a5d-8546-8d719efe0911 ] Request (HypervisorAdminV253TestBase:tearDownClass): 201 POST http://10.180.1.21/identity/v3/auth/tokens 0.115s
2025-12-02 02:55:32.928 66060 INFO tempest.lib.common.rest_client [req-1cd28b05-4df4-4206-82e5-d746172e4c34 req-1cd28b05-4df4-4206-82e5-d746172e4c34 ] Request (ImagesOneServerTestJSON:setUpClass): 202 POST http://10.180.1.21/compute/v2.1/servers 4.556s
2025-12-02 02:55:32.967 66064 INFO tempest.lib.common.rest_client [req-381d598c-5add-419d-ace2-e8664c54644c req-381d598c-5add-419d-ace2-e8664c54644c ] Request (FlavorsAdminTestJSON:_run_cleanups): 200 GET http://10.180.1.21/compute/v2.1/flavors/detail 4.296s
2025-12-02 02:55:32.988 66026 INFO tempest.lib.common.rest_client [req-85968138-8c58-419e-978b-f6b6096169fa req-85968138-8c58-419e-978b-f6b6096169fa ] Request (ImagesDeleteNegativeTestJSON:test_delete_image_with_invalid_image_id): 404 DELETE http://10.180.1.21/compute/v2.1/images/tempest-invalid-203822663 4.226s
2025-12-02 02:55:32.992 66068 INFO tempest.lib.common.rest_client [req-802c3338-4935-47e4-8029-a098912866a9 req-802c3338-4935-47e4-8029-a098912866a9 ] Request (InstanceUsageAuditLogNegativeTestJSON:tearDownClass): 204 DELETE http://10.180.1.21/identity/v3/users/5bb4941af55f4a3da5bc2a965ffc7e80 0.189s
2025-12-02 02:55:32.992 66068 INFO tempest.lib.common.dynamic_creds [-] Deleting project and security group for project: 5c81b4a9c21643ad8c78d6b8514f27ed
2025-12-02 02:55:33.080 66068 INFO tempest.lib.common.rest_client [req-583f4a38-9aed-4875-8413-41b39321aab8 req-583f4a38-9aed-4875-8413-41b39321aab8 ] Request (InstanceUsageAuditLogNegativeTestJSON:tearDownClass): 201 POST http://10.180.1.21/identity/v3/auth/tokens 0.088s
2025-12-02 02:55:33.080 66046 INFO tempest.lib.common.rest_client [req-cb403f0c-8598-4241-996d-a850249eb567 req-cb403f0c-8598-4241-996d-a850249eb567 ] Request (AggregatesAdminNegativeTestJSON:test_aggregate_add_existent_host): 200 POST http://10.180.1.21/compute/v2.1/os-aggregates/1/action 4.432s
2025-12-02 02:55:33.233 66020 INFO tempest.lib.common.rest_client [req-6206232f-443e-4a7c-8b01-71f0cc6af1ca req-6206232f-443e-4a7c-8b01-71f0cc6af1ca ] Request (HypervisorAdminV253TestBase:tearDownClass): 200 GET http://10.180.1.21/networking/v2.0/security-groups?tenant_id=089321eeae2f43fcb3a445f921f74958&name=default 0.355s
2025-12-02 02:55:33.236 66022 INFO tempest.lib.common.rest_client [req-dfeafc2c-1a6d-441b-9539-22f5ec3b4096 req-dfeafc2c-1a6d-441b-9539-22f5ec3b4096 ] Request (FlavorsAccessTestJSON:test_flavor_access_add_remove): 200 POST http://10.180.1.21/compute/v2.1/flavors/394610908/action 4.363s
2025-12-02 02:55:33.263 66058 INFO tempest.lib.common.rest_client [req-cf97f689-da61-47d1-8367-832270a00508 req-cf97f689-da61-47d1-8367-832270a00508 ] Request (KeyPairsNegativeTestJSON:test_create_keypair_with_duplicate_name): 202 DELETE http://10.180.1.21/compute/v2.1/os-keypairs/tempest-keypair-2082468951 4.353s
2025-12-02 02:55:33.292 66008 INFO tempest.lib.common.rest_client [req-e24e62ea-a235-4676-b1c3-f81fe92c65c7 req-e24e62ea-a235-4676-b1c3-f81fe92c65c7 ] Request (QuotasAdminTestV236:test_get_updated_quotas): 200 PUT http://10.180.1.21/compute/v2.1/os-quota-sets/04bcab7e2adf4c63bde5221f5a2e9fbd?user_id=6a798dd4acc64b11af5168de2892a4b4 4.451s
2025-12-02 02:55:33.307 66050 INFO tempest.lib.common.rest_client [req-4e6997f3-b35f-4dd4-a99f-c050a0039891 req-4e6997f3-b35f-4dd4-a99f-c050a0039891 ] Request (KeyPairsV210TestJSON:_run_cleanups): 204 DELETE http://10.180.1.21/compute/v2.1/os-keypairs/tempest-KeyPairsV210TestJSON-keypair-494416462 4.383s
2025-12-02 02:55:33.416 66062 INFO tempest.lib.common.rest_client [req-addc13a7-cdd1-406f-9a29-7df175a0938a req-addc13a7-cdd1-406f-9a29-7df175a0938a ] Request (FlavorsAccessNegativeTestJSON:test_add_flavor_access_duplicate): 409 POST http://10.180.1.21/compute/v2.1/flavors/113752872/action 4.393s
2025-12-02 02:55:33.422 66014 INFO tempest.lib.common.rest_client [req-87781af8-9e54-42e7-afee-f6d342c071e8 req-87781af8-9e54-42e7-afee-f6d342c071e8 ] Request (HypervisorAdminNegativeTestJSON:test_get_hypervisor_stats_with_non_admin_user): 403 GET http://10.180.1.21/compute/v2.1/os-hypervisors/statistics 4.395s
2025-12-02 02:55:33.499 66068 INFO tempest.lib.common.rest_client [req-5b79dd08-82fc-404f-bfc2-008e2e08bf4a req-5b79dd08-82fc-404f-bfc2-008e2e08bf4a ] Request (InstanceUsageAuditLogNegativeTestJSON:tearDownClass): 200 GET http://10.180.1.21/networking/v2.0/security-groups?tenant_id=5c81b4a9c21643ad8c78d6b8514f27ed&name=default 0.418s
2025-12-02 02:55:33.594 66020 INFO tempest.lib.common.rest_client [req-499a0de1-74b8-4fe4-ac4f-c99bdf935825 req-499a0de1-74b8-4fe4-ac4f-c99bdf935825 ] Request (HypervisorAdminV253TestBase:tearDownClass): 204 DELETE http://10.180.1.21/networking/v2.0/security-groups/b579b708-d91d-4d37-afac-a651016409de 0.360s
2025-12-02 02:55:33.663 66020 INFO tempest.lib.common.rest_client [req-aeb6e03e-dfaf-4583-980f-10e72622e04f req-aeb6e03e-dfaf-4583-980f-10e72622e04f ] Request (HypervisorAdminV253TestBase:tearDownClass): 204 DELETE http://10.180.1.21/identity/v3/projects/089321eeae2f43fcb3a445f921f74958 0.069s
2025-12-02 02:55:33.663 66020 INFO tempest.lib.common.dynamic_creds [-] Deleting project and security group for project: 565e9ee34b3a4d3bba6819f01f9902e1
2025-12-02 02:55:33.801 66068 INFO tempest.lib.common.rest_client [req-a903eda4-ae95-4497-b016-c0238f5cf8e8 req-a903eda4-ae95-4497-b016-c0238f5cf8e8 ] Request (InstanceUsageAuditLogNegativeTestJSON:tearDownClass): 204 DELETE http://10.180.1.21/networking/v2.0/security-groups/8a5c2bca-4178-4731-ada9-ef6ba0a7d2e4 0.301s
2025-12-02 02:55:33.831 66028 INFO tempest.lib.common.rest_client [req-4b82647f-f2b9-4a9a-9f58-7d37f76fad60 req-4b82647f-f2b9-4a9a-9f58-7d37f76fad60 ] Request (ServersAdmin275Test:test_rebuild_update_server_275): 200 GET http://10.180.1.21/compute/v2.1/servers/317bbe92-85eb-4d28-b79d-063f0cf148fb 4.447s
2025-12-02 02:55:33.852 66040 INFO tempest.lib.common.rest_client [req-3a9301c2-3404-4643-8421-6648fab5d437 req-3a9301c2-3404-4643-8421-6648fab5d437 ] Request (DeleteServersAdminTestJSON:test_admin_delete_servers_of_others): 200 GET http://10.180.1.21/compute/v2.1/servers/21cd58b6-c96e-492e-a8b6-8735978f383c 4.941s
2025-12-02 02:55:33.860 66040 INFO tempest.common.waiters [-] State transition "BUILD/None" ==> "BUILD/spawning" after 6 second wait
2025-12-02 02:55:33.931 66068 INFO tempest.lib.common.rest_client [req-11430af1-f215-4273-af2a-094a1a34509c req-11430af1-f215-4273-af2a-094a1a34509c ] Request (InstanceUsageAuditLogNegativeTestJSON:tearDownClass): 204 DELETE http://10.180.1.21/identity/v3/projects/5c81b4a9c21643ad8c78d6b8514f27ed 0.129s
2025-12-02 02:55:33.931 66068 INFO tempest.lib.common.dynamic_creds [-] Deleting project and security group for project: 7988be91e4424a63a2ede6bc74308798
2025-12-02 02:55:33.951 66020 INFO tempest.lib.common.rest_client [req-08a6adb1-121f-488e-b39c-1995073f58cf req-08a6adb1-121f-488e-b39c-1995073f58cf ] Request (HypervisorAdminV253TestBase:tearDownClass): 200 GET http://10.180.1.21/networking/v2.0/security-groups?tenant_id=565e9ee34b3a4d3bba6819f01f9902e1&name=default 0.288s
2025-12-02 02:55:34.039 66030 INFO tempest.lib.common.rest_client [req-3b8a51a1-a20d-4d32-910b-5d583ec4d3fc req-3b8a51a1-a20d-4d32-910b-5d583ec4d3fc ] Request (ServersWithSpecificFlavorTestJSON:test_verify_created_server_ephemeral_disk): 200 POST http://10.180.1.21/compute/v2.1/flavors 4.564s
2025-12-02 02:55:34.093 66020 INFO tempest.lib.common.rest_client [req-cd853373-961c-4774-bc48-938e3676fb27 req-cd853373-961c-4774-bc48-938e3676fb27 ] Request (HypervisorAdminV253TestBase:tearDownClass): 204 DELETE http://10.180.1.21/networking/v2.0/security-groups/7b105100-a7aa-4db6-a488-ddd3427ef8ae 0.140s
2025-12-02 02:55:34.117 66068 INFO tempest.lib.common.rest_client [req-2d74b4c9-925e-4075-b609-d834fa1bed8b req-2d74b4c9-925e-4075-b609-d834fa1bed8b ] Request (InstanceUsageAuditLogNegativeTestJSON:tearDownClass): 200 GET http://10.180.1.21/networking/v2.0/security-groups?tenant_id=7988be91e4424a63a2ede6bc74308798&name=default 0.185s
2025-12-02 02:55:34.160 66042 INFO tempest.lib.common.rest_client [req-d041165f-2d1a-433f-8fb4-fe46648620ad req-d041165f-2d1a-433f-8fb4-fe46648620ad ] Request (FloatingIPsNegativeTestJSON:setUpClass): 200 GET http://10.180.1.21/compute/v2.1/os-floating-ips 3.067s
