2025-12-09 03:20:19.853 67203 INFO tempest.lib.common.rest_client [req-33350df2-dbba-4bcf-b775-68194084cdf8 req-33350df2-dbba-4bcf-b775-68194084cdf8 ] Request (ServerActionsTestOtherB:test_resize_server_confirm_from_stopped): 200 GET http://10.180.1.21/compute/v2.1/servers/f4f639a7-8d40-4e8f-975b-fdabb9db71a3 0.161s
2025-12-09 03:20:19.890 67201 INFO tempest.lib.common.rest_client [req-67d963a5-558c-473c-971f-6922e03d870d req-67d963a5-558c-473c-971f-6922e03d870d ] Request (ServersAdminTestJSON:tearDownClass): 200 GET http://10.180.1.21/compute/v2.1/servers/a1a4c078-e204-4a53-9573-b193486c12d8 0.149s
2025-12-09 03:20:19.916 67235 INFO tempest.lib.common.rest_client [req-ee29155b-12cd-4344-bf5e-c41161cd53a6 req-ee29155b-12cd-4344-bf5e-c41161cd53a6 ] Request (FloatingIPsAssociationNegativeTestJSON:tearDownClass): 200 GET http://10.180.1.21/compute/v2.1/servers/f4718b6c-a670-407b-aeab-b08f89ff6b9b 0.174s
2025-12-09 03:20:19.949 67233 INFO tempest.lib.common.rest_client [req-58b142ed-f1c9-4218-9afd-8d7e00513663 req-58b142ed-f1c9-4218-9afd-8d7e00513663 ] Request (ServerShowV254Test:test_rebuild_server): 200 GET http://10.180.1.21/compute/v2.1/servers/1b9146f2-04f5-4ff6-9560-12f4c5b28273 0.157s
2025-12-09 03:20:20.034 67193 INFO tempest.lib.common.rest_client [req-41ae529b-e640-4601-9bb6-beec3f27cccb req-41ae529b-e640-4601-9bb6-beec3f27cccb ] Request (ListImageFiltersTestJSON:tearDownClass): 200 GET http://10.180.1.21/compute/v2.1/servers/d13893e4-0206-4130-9b67-481d289a90da 0.085s
2025-12-09 03:20:20.037 67223 INFO tempest.lib.common.rest_client [req-ef41db18-d786-47fb-ab30-a7102ea3f04c req-ef41db18-d786-47fb-ab30-a7102ea3f04c ] Request (FloatingIPsAssociationTestJSON:tearDownClass): 200 PUT http://10.180.1.21/networking/v2.0/routers/ee68e2a6-b199-4e43-9bdf-b6d686e404fe/remove_router_interface 0.811s
2025-12-09 03:20:20.065 67219 INFO tempest.lib.common.rest_client [req-4fb2737b-71d6-4dab-86b4-b4d811874af6 req-4fb2737b-71d6-4dab-86b4-b4d811874af6 ] Request (ServersNegativeTestMultiTenantJSON:setUpClass): 200 GET http://10.180.1.21/compute/v2.1/servers/76ede0f6-2a23-4007-8ddb-fdc84f13c6c9 0.162s
2025-12-09 03:20:20.094 67177 INFO tempest.lib.common.rest_client [req-8578a7f4-6ecd-45bf-99a8-45bf1da73155 req-8578a7f4-6ecd-45bf-99a8-45bf1da73155 ] Request (ServersAdminNegativeTestJSON:tearDownClass): 200 GET http://10.180.1.21/compute/v2.1/servers/618c5c4f-d80c-4ce6-a15a-1e62c57ad666 0.075s
2025-12-09 03:20:20.124 67197 INFO tempest.lib.common.rest_client [req-3dc2002f-cc30-4a6d-aeae-3d3b7092e2ea req-3dc2002f-cc30-4a6d-aeae-3d3b7092e2ea ] Request (ImagesTestJSON:test_create_server_from_snapshot): 200 GET http://10.180.1.21/compute/v2.1/servers/002ed0ee-25bd-4bb7-b110-5e5010f1a834 0.053s
2025-12-09 03:20:20.217 67213 INFO tempest.lib.common.rest_client [req-3c86325d-6565-4325-8a0f-744f92bbad0a req-3c86325d-6565-4325-8a0f-744f92bbad0a ] Request (ServersListShow298Test:tearDownClass): 200 GET http://10.180.1.21/compute/v2.1/servers/dbf3d61c-6358-4011-8bb9-40d7df93314d 0.076s
2025-12-09 03:20:20.290 67227 INFO tempest.lib.common.rest_client [req-a5b8ed7e-02b9-428a-ba02-1deebc0f91a4 req-a5b8ed7e-02b9-428a-ba02-1deebc0f91a4 ] Request (ListServersNegativeTestJSON:tearDownClass): 200 GET http://10.180.1.21/compute/v2.1/servers/9bbe1acd-928a-49f1-9a00-dc89d0448ee3 0.079s
2025-12-09 03:20:20.303 67205 INFO tempest.lib.common.rest_client [req-fc0ff586-7b21-4f88-9e6e-cc8ca7abebd7 req-fc0ff586-7b21-4f88-9e6e-cc8ca7abebd7 ] Request (VolumesAdminNegativeTest:tearDownClass): 200 GET http://10.180.1.21/compute/v2.1/servers/2213c666-4f42-4a09-9fff-01e80797e178 0.098s
2025-12-09 03:20:20.358 67225 INFO tempest.lib.common.rest_client [req-39d22b5d-a1a5-4c8b-9b33-2789e9bef01b req-39d22b5d-a1a5-4c8b-9b33-2789e9bef01b ] Request (ImagesOneServerNegativeTestJSON:_run_cleanups): 200 GET http://10.180.1.21/compute/v2.1/servers/6bcbad2a-0c7c-41db-b0cd-6361a8ce5894 0.061s
2025-12-09 03:20:20.416 67187 INFO tempest.lib.common.rest_client [req-18f03532-d337-4ba0-a360-28bc6c4df615 req-18f03532-d337-4ba0-a360-28bc6c4df615 ] Request (AttachInterfacesTestJSON:test_create_list_show_delete_interfaces_by_fixed_ip): 200 GET http://10.180.1.21/compute/v2.1/servers/ab8d54ff-2997-4d24-be06-b1b5810910ed 0.053s
2025-12-09 03:20:20.435 67223 INFO tempest.lib.common.rest_client [req-b71eaffc-2db6-4b83-b689-e63dc7a83daa req-b71eaffc-2db6-4b83-b689-e63dc7a83daa ] Request (FloatingIPsAssociationTestJSON:tearDownClass): 204 DELETE http://10.180.1.21/networking/v2.0/routers/ee68e2a6-b199-4e43-9bdf-b6d686e404fe 0.397s
2025-12-09 03:20:20.501 67229 INFO tempest.lib.common.rest_client [req-4a37506f-2a98-46c7-a0ea-6a9daf032700 req-4a37506f-2a98-46c7-a0ea-6a9daf032700 ] Request (ServerMetadataTestJSON:setUpClass): 200 GET http://10.180.1.21/compute/v2.1/servers/26801ab4-b319-4240-8401-c2e29fc30bdf 0.055s
2025-12-09 03:20:20.537 67209 WARNING tempest.lib.common.ssh [-] Failed to establish authenticated ssh connection to cirros@10.180.180.147 ([Errno None] Unable to connect to port 22 on 10.180.180.147). Number attempts: 2. Retry after 3 seconds.: paramiko.ssh_exception.NoValidConnectionsError: [Errno None] Unable to connect to port 22 on 10.180.180.147
2025-12-09 03:20:20.551 67223 INFO tempest.lib.common.rest_client [req-ee7723b8-1973-449f-bb83-b69486e638a7 req-ee7723b8-1973-449f-bb83-b69486e638a7 ] Request (FloatingIPsAssociationTestJSON:tearDownClass): 204 DELETE http://10.180.1.21/networking/v2.0/subnets/ab370e53-4b13-48f6-bd4c-e4b9c2678634 0.115s
2025-12-09 03:20:20.584 67211 INFO tempest.lib.common.rest_client [req-be64eb98-4701-454f-bfc5-02dbf6dac2e6 req-be64eb98-4701-454f-bfc5-02dbf6dac2e6 ] Request (MigrationsAdminTest:test_resize_server_revert_deleted_flavor): 200 GET http://10.180.1.21/compute/v2.1/servers/befd8781-27d8-4e9f-bfed-65a37ea3c8e6 0.058s
2025-12-09 03:20:20.828 67223 INFO tempest.lib.common.rest_client [req-a25bfc35-b718-4715-9937-22fb6279f72e req-a25bfc35-b718-4715-9937-22fb6279f72e ] Request (FloatingIPsAssociationTestJSON:tearDownClass): 204 DELETE http://10.180.1.21/networking/v2.0/networks/af684acf-d6bf-4e8a-8166-f60dacd1670c 0.276s
2025-12-09 03:20:20.857 67207 INFO tempest.lib.common.rest_client [req-ed82363a-e093-4731-a9f9-eccdb2ef4adb req-ed82363a-e093-4731-a9f9-eccdb2ef4adb ] Request (ServersAaction247Test:tearDownClass): 200 GET http://10.180.1.21/compute/v2.1/servers/54c8be6f-1002-4960-8690-ee4478c14a2b 0.255s
2025-12-09 03:20:20.940 67215 INFO tempest.lib.common.rest_client [req-a6fc1922-8a13-4768-8cf0-8775296842d2 req-a6fc1922-8a13-4768-8cf0-8775296842d2 ] Request (ServerRescueTestJSONUnderV235:tearDownClass): 200 GET http://10.180.1.21/compute/v2.1/servers/7aa73147-5d32-4cff-8be5-d8ea2e0aae12 0.276s
2025-12-09 03:20:21.008 67223 INFO tempest.lib.common.rest_client [req-291f0b4b-5d3f-4172-b1bd-7d35ca9f324a req-291f0b4b-5d3f-4172-b1bd-7d35ca9f324a ] Request (FloatingIPsAssociationTestJSON:tearDownClass): 204 DELETE http://10.180.1.21/identity/v3/users/3b6ca4eb22b14e63be5e6d6523b32242 0.180s
2025-12-09 03:20:21.008 67223 INFO tempest.lib.common.dynamic_creds [-] Deleting project and security group for project: 2e3792ce77eb4577bc098e2316d43fa0
2025-12-09 03:20:21.015 67183 INFO tempest.lib.common.rest_client [req-3c553bf6-3cd5-4721-8b79-ad9e1f6273e5 req-3c553bf6-3cd5-4721-8b79-ad9e1f6273e5 ] Request (ListServerFiltersTestJSON:tearDownClass): 200 GET http://10.180.1.21/compute/v2.1/servers/9ea2a248-2bb8-482e-a532-b6b28747a37c 0.289s
2025-12-09 03:20:21.059 67223 INFO tempest.lib.common.rest_client [req-3e352a9a-ddd3-4a93-ab37-1c3d85060e3d req-3e352a9a-ddd3-4a93-ab37-1c3d85060e3d ] Request (FloatingIPsAssociationTestJSON:tearDownClass): 200 GET http://10.180.1.21/networking/v2.0/security-groups?tenant_id=2e3792ce77eb4577bc098e2316d43fa0&name=default 0.050s
2025-12-09 03:20:21.089 67181 INFO tempest.lib.common.rest_client [req-9c7c67de-3c81-44fd-bd40-d505756d1739 req-9c7c67de-3c81-44fd-bd40-d505756d1739 ] Request (MultipleCreateTestJSON:tearDownClass): 200 GET http://10.180.1.21/compute/v2.1/servers/c0df0a9c-c1cc-436f-b6e6-fa62515c435b 0.522s
2025-12-09 03:20:21.133 67185 INFO tempest.lib.common.rest_client [req-16b2b958-3ba7-4848-803c-fab667104ffb req-16b2b958-3ba7-4848-803c-fab667104ffb ] Request (ServerTagsTestJSON:tearDownClass): 200 GET http://10.180.1.21/compute/v2.1/servers/61e660f3-d382-4334-9265-89681f2e452d 0.289s
2025-12-09 03:20:21.165 67223 INFO tempest.lib.common.rest_client [req-17e805cc-a456-4f7b-b196-6352ba26214b req-17e805cc-a456-4f7b-b196-6352ba26214b ] Request (FloatingIPsAssociationTestJSON:tearDownClass): 204 DELETE http://10.180.1.21/networking/v2.0/security-groups/a20eb1b1-b37f-4b3d-8c49-399aa29ee962 0.104s
2025-12-09 03:20:21.188 67203 INFO tempest.lib.common.rest_client [req-97443c77-55f3-41f6-af86-c5b34c03c503 req-97443c77-55f3-41f6-af86-c5b34c03c503 ] Request (ServerActionsTestOtherB:test_resize_server_confirm_from_stopped): 200 GET http://10.180.1.21/compute/v2.1/servers/f4f639a7-8d40-4e8f-975b-fdabb9db71a3 0.326s
2025-12-09 03:20:21.190 67201 INFO tempest.lib.common.rest_client [req-1e3e1425-c75a-42c5-8364-991028c87fa6 req-1e3e1425-c75a-42c5-8364-991028c87fa6 ] Request (ServersAdminTestJSON:tearDownClass): 200 GET http://10.180.1.21/compute/v2.1/servers/a1a4c078-e204-4a53-9573-b193486c12d8 0.288s
2025-12-09 03:20:21.256 67233 INFO tempest.lib.common.rest_client [req-4c4caf39-8d87-4a7f-b12f-dafe3aa3b631 req-4c4caf39-8d87-4a7f-b12f-dafe3aa3b631 ] Request (ServerShowV254Test:test_rebuild_server): 200 GET http://10.180.1.21/compute/v2.1/servers/1b9146f2-04f5-4ff6-9560-12f4c5b28273 0.297s
2025-12-09 03:20:21.260 67235 INFO tempest.lib.common.rest_client [req-297158b5-62b5-4239-b02e-28beb0de5796 req-297158b5-62b5-4239-b02e-28beb0de5796 ] Request (FloatingIPsAssociationNegativeTestJSON:tearDownClass): 200 GET http://10.180.1.21/compute/v2.1/servers/f4718b6c-a670-407b-aeab-b08f89ff6b9b 0.335s
2025-12-09 03:20:21.272 67223 INFO tempest.lib.common.rest_client [req-e7745b34-44ec-411b-b169-9851a93e782e req-e7745b34-44ec-411b-b169-9851a93e782e ] Request (FloatingIPsAssociationTestJSON:tearDownClass): 204 DELETE http://10.180.1.21/identity/v3/projects/2e3792ce77eb4577bc098e2316d43fa0 0.106s
2025-12-09 03:20:21.370 67223 INFO tempest.lib.common.rest_client [req-08d8fcbb-9e17-4991-88da-bf8956de198c req-08d8fcbb-9e17-4991-88da-bf8956de198c ] Request (ServerGroupTestJSON:setUpClass): 201 POST http://10.180.1.21/identity/v3/auth/tokens 0.097s
2025-12-09 03:20:21.377 67193 INFO tempest.lib.common.rest_client [req-5ab855e5-8f2e-4d88-a621-16d42a82c3b6 req-5ab855e5-8f2e-4d88-a621-16d42a82c3b6 ] Request (ListImageFiltersTestJSON:tearDownClass): 200 GET http://10.180.1.21/compute/v2.1/servers/d13893e4-0206-4130-9b67-481d289a90da 0.335s
2025-12-09 03:20:21.404 67219 INFO tempest.lib.common.rest_client [req-87ae55eb-6fcf-4935-8943-ce054be68314 req-87ae55eb-6fcf-4935-8943-ce054be68314 ] Request (ServersNegativeTestMultiTenantJSON:setUpClass): 200 GET http://10.180.1.21/compute/v2.1/servers/76ede0f6-2a23-4007-8ddb-fdc84f13c6c9 0.331s
2025-12-09 03:20:21.410 67223 INFO tempest.lib.common.rest_client [req-8ac30bff-63e1-4172-b349-188e2a80b728 req-8ac30bff-63e1-4172-b349-188e2a80b728 ] Request (ServerGroupTestJSON:setUpClass): 201 POST http://10.180.1.21/identity/v3/auth/tokens 0.037s
2025-12-09 03:20:21.441 67223 INFO tempest.lib.common.rest_client [req-5c34bb5d-bee0-4a2f-ab04-006693bea289 req-5c34bb5d-bee0-4a2f-ab04-006693bea289 ] Request (ServerGroupTestJSON:setUpClass): 200 GET http://10.180.1.21/identity/v3/domains?name=Default 0.030s
2025-12-09 03:20:21.461 67177 INFO tempest.lib.common.rest_client [req-91885e61-4385-4d0e-bad0-a99db399d06c req-91885e61-4385-4d0e-bad0-a99db399d06c ] Request (ServersAdminNegativeTestJSON:tearDownClass): 200 GET http://10.180.1.21/compute/v2.1/servers/618c5c4f-d80c-4ce6-a15a-1e62c57ad666 0.360s
2025-12-09 03:20:21.479 67223 INFO tempest.lib.common.rest_client [req-03a109f0-3863-4a95-a26a-e72030ec36ea req-03a109f0-3863-4a95-a26a-e72030ec36ea ] Request (ServerGroupTestJSON:setUpClass): 201 POST http://10.180.1.21/identity/v3/projects 0.038s
2025-12-09 03:20:21.483 67197 INFO tempest.lib.common.rest_client [req-ec950652-7cc3-4979-a925-4389b3f22980 req-ec950652-7cc3-4979-a925-4389b3f22980 ] Request (ImagesTestJSON:test_create_server_from_snapshot): 200 GET http://10.180.1.21/compute/v2.1/servers/002ed0ee-25bd-4bb7-b110-5e5010f1a834 0.351s
2025-12-09 03:20:21.534 67213 INFO tempest.lib.common.rest_client [req-59bc1c75-a83c-478e-8fd0-12a701d7da03 req-59bc1c75-a83c-478e-8fd0-12a701d7da03 ] Request (ServersListShow298Test:tearDownClass): 200 GET http://10.180.1.21/compute/v2.1/servers/dbf3d61c-6358-4011-8bb9-40d7df93314d 0.305s
2025-12-09 03:20:21.557 67223 INFO tempest.lib.common.rest_client [req-03cb7d60-a559-4239-99ba-f7a38f4489e6 req-03cb7d60-a559-4239-99ba-f7a38f4489e6 ] Request (ServerGroupTestJSON:setUpClass): 201 POST http://10.180.1.21/identity/v3/users 0.077s
2025-12-09 03:20:21.557 67227 INFO tempest.lib.common.rest_client [req-0c8e7862-92cb-418c-9f4b-25567184d0b8 req-0c8e7862-92cb-418c-9f4b-25567184d0b8 ] Request (ListServersNegativeTestJSON:tearDownClass): 200 GET http://10.180.1.21/compute/v2.1/servers/9bbe1acd-928a-49f1-9a00-dc89d0448ee3 0.259s
2025-12-09 03:20:21.585 67223 INFO tempest.lib.common.rest_client [req-41b8889c-6603-47c1-bd89-36a9831151ad req-41b8889c-6603-47c1-bd89-36a9831151ad ] Request (ServerGroupTestJSON:setUpClass): 200 GET http://10.180.1.21/identity/v3/roles 0.028s
2025-12-09 03:20:21.594 67205 INFO tempest.lib.common.rest_client [req-f0bf6c1a-63a5-4f88-bc65-ec8f6dadbf81 req-f0bf6c1a-63a5-4f88-bc65-ec8f6dadbf81 ] Request (VolumesAdminNegativeTest:tearDownClass): 200 GET http://10.180.1.21/compute/v2.1/servers/2213c666-4f42-4a09-9fff-01e80797e178 0.280s
2025-12-09 03:20:21.610 67225 INFO tempest.lib.common.rest_client [req-cc9ff7a0-fc74-4408-b181-348c6542abc8 req-cc9ff7a0-fc74-4408-b181-348c6542abc8 ] Request (ImagesOneServerNegativeTestJSON:_run_cleanups): 200 GET http://10.180.1.21/compute/v2.1/servers/6bcbad2a-0c7c-41db-b0cd-6361a8ce5894 0.244s
2025-12-09 03:20:21.617 67225 INFO tempest.common.waiters [-] State transition "BUILD/None" ==> "BUILD/networking" after 65 second wait
2025-12-09 03:20:21.623 67223 INFO tempest.lib.common.rest_client [req-567ccdb9-47cc-43d1-8100-9695be36df81 req-567ccdb9-47cc-43d1-8100-9695be36df81 ] Request (ServerGroupTestJSON:setUpClass): 204 PUT http://10.180.1.21/identity/v3/projects/8f97bc03f8b84f55b57467eb43115728/users/a6f7c875fe1e4aae85ec4bdc8a774cf5/roles/e4be7192b8ac401fb4f56f650e3e5b0d 0.037s
2025-12-09 03:20:21.623 67223 INFO tempest.lib.common.dynamic_creds [-] Dynamic test user a6f7c875fe1e4aae85ec4bdc8a774cf5 is created with scope project and roles: ['member']
2025-12-09 03:20:21.624 67223 INFO tempest.lib.common.dynamic_creds [-] Acquired dynamic creds: credentials: Credentials: {'domain_id': 'default', 'domain_name': 'Default', 'username': 'tempest-ServerGroupTestJSON-2108868352-project-member', 'project_domain_id': 'default', 'project_domain_name': 'Default', 'project_id': '8f97bc03f8b84f55b57467eb43115728', 'project_name': 'tempest-ServerGroupTestJSON-2108868352', 'tenant_id': '8f97bc03f8b84f55b57467eb43115728', 'tenant_name': 'tempest-ServerGroupTestJSON-2108868352', 'user_domain_id': 'default', 'user_domain_name': 'Default', 'user_id': 'a6f7c875fe1e4aae85ec4bdc8a774cf5', 'system': None}, Network: None, Subnet: None, Router: None
2025-12-09 03:20:21.659 67187 INFO tempest.lib.common.rest_client [req-84d16959-3410-4e5c-b1ae-9eb03b15a93b req-84d16959-3410-4e5c-b1ae-9eb03b15a93b ] Request (AttachInterfacesTestJSON:test_create_list_show_delete_interfaces_by_fixed_ip): 200 GET http://10.180.1.21/compute/v2.1/servers/ab8d54ff-2997-4d24-be06-b1b5810910ed 0.236s
2025-12-09 03:20:21.679 67229 INFO tempest.lib.common.rest_client [req-6108642f-c5c8-4cb3-80bb-6e5519eb4b53 req-6108642f-c5c8-4cb3-80bb-6e5519eb4b53 ] Request (ServerMetadataTestJSON:setUpClass): 200 GET http://10.180.1.21/compute/v2.1/servers/26801ab4-b319-4240-8401-c2e29fc30bdf 0.169s
2025-12-09 03:20:21.696 67223 INFO tempest.lib.common.rest_client [req-2d4912ab-8a22-47e8-b53b-c6a53545c35e req-2d4912ab-8a22-47e8-b53b-c6a53545c35e ] Request (ServerGroupTestJSON:setUpClass): 201 POST http://10.180.1.21/identity/v3/auth/tokens 0.072s
2025-12-09 03:20:21.951 67223 INFO tempest.lib.common.rest_client [req-ccd8aef3-e218-4ed9-93df-6a947619a3a6 req-ccd8aef3-e218-4ed9-93df-6a947619a3a6 ] Request (ServerGroupTestJSON:setUpClass): 201 POST http://10.180.1.21/networking/v2.0/networks 0.255s
2025-12-09 03:20:21.974 67211 INFO tempest.lib.common.rest_client [req-20dc96aa-be15-4f48-a600-bd536a6a0828 req-20dc96aa-be15-4f48-a600-bd536a6a0828 ] Request (MigrationsAdminTest:test_resize_server_revert_deleted_flavor): 200 GET http://10.180.1.21/compute/v2.1/servers/befd8781-27d8-4e9f-bfed-65a37ea3c8e6 0.381s
2025-12-09 03:20:22.018 67237 WARNING tempest.lib.common.ssh [-] Failed to establish authenticated ssh connection to cirros@10.180.180.183 ([Errno None] Unable to connect to port 22 on 10.180.180.183). Number attempts: 6. Retry after 7 seconds.: paramiko.ssh_exception.NoValidConnectionsError: [Errno None] Unable to connect to port 22 on 10.180.180.183
2025-12-09 03:20:22.021 67207 INFO tempest.lib.common.rest_client [req-1c3278d3-6bdb-46b5-a14b-13bb19ce11e1 req-1c3278d3-6bdb-46b5-a14b-13bb19ce11e1 ] Request (ServersAaction247Test:tearDownClass): 200 GET http://10.180.1.21/compute/v2.1/servers/54c8be6f-1002-4960-8690-ee4478c14a2b 0.153s
2025-12-09 03:20:22.173 67223 INFO tempest.lib.common.rest_client [req-43c82eff-340e-4ff4-9431-a532f1c0ea7b req-43c82eff-340e-4ff4-9431-a532f1c0ea7b ] Request (ServerGroupTestJSON:setUpClass): 201 POST http://10.180.1.21/networking/v2.0/subnets 0.220s
2025-12-09 03:20:22.431 67215 INFO tempest.lib.common.rest_client [req-99903168-eec3-4a75-a3ba-c2803c7fb968 req-99903168-eec3-4a75-a3ba-c2803c7fb968 ] Request (ServerRescueTestJSONUnderV235:tearDownClass): 200 GET http://10.180.1.21/compute/v2.1/servers/7aa73147-5d32-4cff-8be5-d8ea2e0aae12 0.481s
2025-12-09 03:20:22.444 67183 INFO tempest.lib.common.rest_client [req-636ec57c-fe99-4669-8b6c-743dbcdda8f1 req-636ec57c-fe99-4669-8b6c-743dbcdda8f1 ] Request (ListServerFiltersTestJSON:tearDownClass): 200 GET http://10.180.1.21/compute/v2.1/servers/9ea2a248-2bb8-482e-a532-b6b28747a37c 0.412s
2025-12-09 03:20:23.125 67223 INFO tempest.lib.common.rest_client [req-8bda8877-600f-4887-a7a5-365499d9f227 req-8bda8877-600f-4887-a7a5-365499d9f227 ] Request (ServerGroupTestJSON:setUpClass): 201 POST http://10.180.1.21/networking/v2.0/routers 0.952s
2025-12-09 03:20:23.175 67181 INFO tempest.lib.common.rest_client [req-f9ba581d-8668-4e7c-8846-57fe9592a81d req-f9ba581d-8668-4e7c-8846-57fe9592a81d ] Request (MultipleCreateTestJSON:tearDownClass): 200 GET http://10.180.1.21/compute/v2.1/servers/c0df0a9c-c1cc-436f-b6e6-fa62515c435b 1.077s
2025-12-09 03:20:23.195 67185 INFO tempest.lib.common.rest_client [req-690c4948-1ab5-4980-a5fc-f44acd75198b req-690c4948-1ab5-4980-a5fc-f44acd75198b ] Request (ServerTagsTestJSON:tearDownClass): 200 GET http://10.180.1.21/compute/v2.1/servers/61e660f3-d382-4334-9265-89681f2e452d 1.051s
2025-12-09 03:20:23.410 67201 INFO tempest.lib.common.rest_client [req-4c771f4c-7ac2-4bff-ad26-5372d80e1e82 req-4c771f4c-7ac2-4bff-ad26-5372d80e1e82 ] Request (ServersAdminTestJSON:tearDownClass): 200 GET http://10.180.1.21/compute/v2.1/servers/a1a4c078-e204-4a53-9573-b193486c12d8 1.212s
2025-12-09 03:20:23.440 67235 INFO tempest.lib.common.rest_client [req-75fb07dc-4870-4ebd-8914-0741fba2c92e req-75fb07dc-4870-4ebd-8914-0741fba2c92e ] Request (FloatingIPsAssociationNegativeTestJSON:tearDownClass): 404 GET http://10.180.1.21/compute/v2.1/servers/f4718b6c-a670-407b-aeab-b08f89ff6b9b 1.170s
2025-12-09 03:20:23.441 67203 INFO tempest.lib.common.rest_client [req-51df2691-063c-46cd-9ba5-1c8bd5c5ccb6 req-51df2691-063c-46cd-9ba5-1c8bd5c5ccb6 ] Request (ServerActionsTestOtherB:test_resize_server_confirm_from_stopped): 200 GET http://10.180.1.21/compute/v2.1/servers/f4f639a7-8d40-4e8f-975b-fdabb9db71a3 1.244s
2025-12-09 03:20:24.100 67223 INFO tempest.lib.common.rest_client [req-c8c20664-8e67-4c32-9958-384cd36e36bf req-c8c20664-8e67-4c32-9958-384cd36e36bf ] Request (ServerGroupTestJSON:setUpClass): 200 PUT http://10.180.1.21/networking/v2.0/routers/29a4b53f-994f-4a19-b5f8-ee6a6039c288/add_router_interface 0.975s
2025-12-09 03:20:24.101 67223 INFO tempest.lib.common.dynamic_creds [-] Created isolated network resources for: credentials: Credentials: {'domain_id': 'default', 'domain_name': 'Default', 'username': 'tempest-ServerGroupTestJSON-2108868352-project-member', 'project_domain_id': 'default', 'project_domain_name': 'Default', 'project_id': '8f97bc03f8b84f55b57467eb43115728', 'project_name': 'tempest-ServerGroupTestJSON-2108868352', 'tenant_id': '8f97bc03f8b84f55b57467eb43115728', 'tenant_name': 'tempest-ServerGroupTestJSON-2108868352', 'user_domain_id': 'default', 'user_domain_name': 'Default', 'user_id': 'a6f7c875fe1e4aae85ec4bdc8a774cf5', 'system': None}, Network: {'id': '03c8a10f-123c-40c8-ab47-95e8fc5be829', 'name': 'tempest-ServerGroupTestJSON-1741910191-network', 'tenant_id': '8f97bc03f8b84f55b57467eb43115728', 'project_id': '8f97bc03f8b84f55b57467eb43115728', 'admin_state_up': True, 'mtu': 8950, 'status': 'ACTIVE', 'subnets': [], 'shared': False, 'port_security_enabled': True, 'router:external': False, 'provider:network_type': 'vlan', 'provider:physical_network': 'default', 'provider:segmentation_id': 426, 'availability_zone_hints': [], 'availability_zones': [], 'ipv4_address_scope': None, 'ipv6_address_scope': None, 'description': '', 'tags': [], 'created_at': '2025-12-09T03:20:21Z', 'updated_at': '2025-12-09T03:20:21Z', 'revision_number': 1}, Subnet: {'id': 'cf32054e-a78b-4757-9f9c-aa31b92e300c', 'name': 'tempest-ServerGroupTestJSON-1741910191-subnet', 'tenant_id': '8f97bc03f8b84f55b57467eb43115728', 'network_id': '03c8a10f-123c-40c8-ab47-95e8fc5be829', 'ip_version': 4, 'subnetpool_id': None, 'enable_dhcp': True, 'ipv6_ra_mode': None, 'ipv6_address_mode': None, 'gateway_ip': '192.168.128.1', 'cidr': '192.168.128.0/28', 'allocation_pools': [{'start': '192.168.128.2', 'end': '192.168.128.14'}], 'host_routes': [], 'dns_nameservers': [], 'description': '', 'router:external': False, 'service_types': [], 'tags': [], 'created_at': '2025-12-09T03:20:22Z', 'updated_at': '2025-12-09T03:20:22Z', 'revision_number': 0, 'project_id': '8f97bc03f8b84f55b57467eb43115728'}, Router: {'id': '29a4b53f-994f-4a19-b5f8-ee6a6039c288', 'name': 'tempest-ServerGroupTestJSON-1741910191-router', 'tenant_id': '8f97bc03f8b84f55b57467eb43115728', 'admin_state_up': True, 'status': 'ACTIVE', 'external_gateway_info': {'network_id': '3a7bf215-1698-4db8-95fc-68d7f1c89402', 'external_fixed_ips': [{'subnet_id': '32650f32-6a0b-4369-8f9a-9ef8a5c179d5', 'ip_address': '10.180.180.201'}], 'enable_snat': True}, 'description': '', 'availability_zones': [], 'distributed': False, 'ha': False, 'availability_zone_hints': [], 'routes': [], 'flavor_id': None, 'tags': [], 'created_at': '2025-12-09T03:20:22Z', 'updated_at': '2025-12-09T03:20:22Z', 'revision_number': 2, 'project_id': '8f97bc03f8b84f55b57467eb43115728'}
2025-12-09 03:20:24.123 67233 INFO tempest.lib.common.rest_client [req-39322bd8-29ae-40b3-a275-5f107326caaf req-39322bd8-29ae-40b3-a275-5f107326caaf ] Request (ServerShowV254Test:test_rebuild_server): 200 GET http://10.180.1.21/compute/v2.1/servers/1b9146f2-04f5-4ff6-9560-12f4c5b28273 1.853s
2025-12-09 03:20:24.137 67193 INFO tempest.lib.common.rest_client [req-52d62ba4-fad6-45cc-95c0-a1a0de176098 req-52d62ba4-fad6-45cc-95c0-a1a0de176098 ] Request (ListImageFiltersTestJSON:tearDownClass): 200 GET http://10.180.1.21/compute/v2.1/servers/d13893e4-0206-4130-9b67-481d289a90da 1.750s
2025-12-09 03:20:24.147 67235 INFO tempest.lib.common.rest_client [req-6aec1a8c-9786-4e47-a769-e427dee91892 req-6aec1a8c-9786-4e47-a769-e427dee91892 ] Request (FloatingIPsAssociationNegativeTestJSON:tearDownClass): 200 PUT http://10.180.1.21/networking/v2.0/routers/072c4351-1e9c-4543-beba-824da9b735fc/remove_router_interface 0.706s
2025-12-09 03:20:24.229 67223 INFO tempest.lib.common.rest_client [req-a28d8462-1b6c-49e8-9b0e-20c5cea2640d req-a28d8462-1b6c-49e8-9b0e-20c5cea2640d ] Request (ServerGroupTestJSON:setUpClass): 201 POST http://10.180.1.21/identity/v3/auth/tokens 0.124s
2025-12-09 03:20:24.315 67177 INFO tempest.lib.common.rest_client [req-14ab5313-b950-4643-afb2-ac2111b81ad0 req-14ab5313-b950-4643-afb2-ac2111b81ad0 ] Request (ServersAdminNegativeTestJSON:tearDownClass): 200 GET http://10.180.1.21/compute/v2.1/servers/618c5c4f-d80c-4ce6-a15a-1e62c57ad666 1.846s
2025-12-09 03:20:24.350 67219 INFO tempest.lib.common.rest_client [req-01d5225b-fbc1-4338-9d57-12b74beb023d req-01d5225b-fbc1-4338-9d57-12b74beb023d ] Request (ServersNegativeTestMultiTenantJSON:setUpClass): 200 GET http://10.180.1.21/compute/v2.1/servers/76ede0f6-2a23-4007-8ddb-fdc84f13c6c9 1.937s
2025-12-09 03:20:24.361 67219 INFO tempest.common.waiters [-] State transition "BUILD/spawning" ==> "ACTIVE/None" after 69 second wait
2025-12-09 03:20:24.399 67197 INFO tempest.lib.common.rest_client [req-9770efa3-1fc8-4099-8de2-2205e55448d3 req-9770efa3-1fc8-4099-8de2-2205e55448d3 ] Request (ImagesTestJSON:test_create_server_from_snapshot): 200 GET http://10.180.1.21/compute/v2.1/servers/002ed0ee-25bd-4bb7-b110-5e5010f1a834 1.904s
2025-12-09 03:20:24.469 67213 INFO tempest.lib.common.rest_client [req-fea71285-3f19-4f81-89ce-885336ebb4de req-fea71285-3f19-4f81-89ce-885336ebb4de ] Request (ServersListShow298Test:tearDownClass): 200 GET http://10.180.1.21/compute/v2.1/servers/dbf3d61c-6358-4011-8bb9-40d7df93314d 1.921s
2025-12-09 03:20:24.482 67227 INFO tempest.lib.common.rest_client [req-c92ae13f-4625-452b-ac02-d34974a9ed5c req-c92ae13f-4625-452b-ac02-d34974a9ed5c ] Request (ListServersNegativeTestJSON:tearDownClass): 200 GET http://10.180.1.21/compute/v2.1/servers/9bbe1acd-928a-49f1-9a00-dc89d0448ee3 1.913s
2025-12-09 03:20:24.568 67205 INFO tempest.lib.common.rest_client [req-b61eba7b-a150-42c8-bbe5-cee0fd97caa9 req-b61eba7b-a150-42c8-bbe5-cee0fd97caa9 ] Request (VolumesAdminNegativeTest:tearDownClass): 200 GET http://10.180.1.21/compute/v2.1/servers/2213c666-4f42-4a09-9fff-01e80797e178 1.964s
2025-12-09 03:20:24.642 67235 INFO tempest.lib.common.rest_client [req-01ea8601-0ef3-4f25-a3ce-cd41a3c3d2c4 req-01ea8601-0ef3-4f25-a3ce-cd41a3c3d2c4 ] Request (FloatingIPsAssociationNegativeTestJSON:tearDownClass): 204 DELETE http://10.180.1.21/networking/v2.0/routers/072c4351-1e9c-4543-beba-824da9b735fc 0.495s
2025-12-09 03:20:24.665 67187 INFO tempest.lib.common.rest_client [req-aa95ea7c-a755-4939-ae3e-11962eeb222c req-aa95ea7c-a755-4939-ae3e-11962eeb222c ] Request (AttachInterfacesTestJSON:test_create_list_show_delete_interfaces_by_fixed_ip): 200 GET http://10.180.1.21/compute/v2.1/servers/ab8d54ff-2997-4d24-be06-b1b5810910ed 1.992s
2025-12-09 03:20:24.688 67225 INFO tempest.lib.common.rest_client [req-67baf558-1355-4cc9-84f3-3b6bc807d320 req-67baf558-1355-4cc9-84f3-3b6bc807d320 ] Request (ImagesOneServerNegativeTestJSON:_run_cleanups): 200 GET http://10.180.1.21/compute/v2.1/servers/6bcbad2a-0c7c-41db-b0cd-6361a8ce5894 2.070s
2025-12-09 03:20:24.697 67225 INFO tempest.common.waiters [-] State transition "BUILD/networking" ==> "BUILD/spawning" after 68 second wait
2025-12-09 03:20:24.732 67229 INFO tempest.lib.common.rest_client [req-11c3ffd0-bede-456b-a2e9-7f91056444c6 req-11c3ffd0-bede-456b-a2e9-7f91056444c6 ] Request (ServerMetadataTestJSON:setUpClass): 200 GET http://10.180.1.21/compute/v2.1/servers/26801ab4-b319-4240-8401-c2e29fc30bdf 2.045s
2025-12-09 03:20:24.752 67211 INFO tempest.lib.common.rest_client [req-b92fee01-8e17-476a-8878-bdcb412dd25f req-b92fee01-8e17-476a-8878-bdcb412dd25f ] Request (MigrationsAdminTest:test_resize_server_revert_deleted_flavor): 200 GET http://10.180.1.21/compute/v2.1/servers/befd8781-27d8-4e9f-bfed-65a37ea3c8e6 1.771s
2025-12-09 03:20:24.782 67235 INFO tempest.lib.common.rest_client [req-cb85720a-d975-4d85-a4d9-98c9df77c693 req-cb85720a-d975-4d85-a4d9-98c9df77c693 ] Request (FloatingIPsAssociationNegativeTestJSON:tearDownClass): 204 DELETE http://10.180.1.21/networking/v2.0/subnets/9d3a6229-c40d-40d2-9733-7f8939036148 0.140s
2025-12-09 03:20:24.803 67207 INFO tempest.lib.common.rest_client [req-b65112a1-b856-43cd-a69b-40a65198e41a req-b65112a1-b856-43cd-a69b-40a65198e41a ] Request (ServersAaction247Test:tearDownClass): 200 GET http://10.180.1.21/compute/v2.1/servers/54c8be6f-1002-4960-8690-ee4478c14a2b 1.772s
2025-12-09 03:20:24.840 67215 INFO tempest.lib.common.rest_client [req-20e8e994-2b90-4997-8bdd-d90dd3d183f6 req-20e8e994-2b90-4997-8bdd-d90dd3d183f6 ] Request (ServerRescueTestJSONUnderV235:tearDownClass): 200 GET http://10.180.1.21/compute/v2.1/servers/7aa73147-5d32-4cff-8be5-d8ea2e0aae12 1.398s
2025-12-09 03:20:24.868 67183 INFO tempest.lib.common.rest_client [req-de4c5bcc-9666-4cb0-bd65-e809e5aee316 req-de4c5bcc-9666-4cb0-bd65-e809e5aee316 ] Request (ListServerFiltersTestJSON:tearDownClass): 200 GET http://10.180.1.21/compute/v2.1/servers/9ea2a248-2bb8-482e-a532-b6b28747a37c 1.414s
2025-12-09 03:20:24.906 67181 INFO tempest.lib.common.rest_client [req-680fd289-5dff-4041-8c7d-9964fb494142 req-680fd289-5dff-4041-8c7d-9964fb494142 ] Request (MultipleCreateTestJSON:tearDownClass): 200 GET http://10.180.1.21/compute/v2.1/servers/c0df0a9c-c1cc-436f-b6e6-fa62515c435b 0.724s
2025-12-09 03:20:24.935 67185 INFO tempest.lib.common.rest_client [req-cafe86e4-e5a6-488a-84ae-5dd6013268cf req-cafe86e4-e5a6-488a-84ae-5dd6013268cf ] Request (ServerTagsTestJSON:tearDownClass): 200 GET http://10.180.1.21/compute/v2.1/servers/61e660f3-d382-4334-9265-89681f2e452d 0.725s
2025-12-09 03:20:24.943 67185 INFO tempest.common.waiters [-] State transition "ACTIVE/deleting" ==> "DELETED/None" after 5 second wait
2025-12-09 03:20:25.022 67235 INFO tempest.lib.common.rest_client [req-597ece55-c4de-4f62-8a69-8243b90b833e req-597ece55-c4de-4f62-8a69-8243b90b833e ] Request (FloatingIPsAssociationNegativeTestJSON:tearDownClass): 204 DELETE http://10.180.1.21/networking/v2.0/networks/0c52bdb8-c0dd-4a0e-9447-0c39cf39f9a8 0.240s
2025-12-09 03:20:25.036 67219 INFO tempest.lib.common.rest_client [req-34d12161-b784-4701-acf0-81e87258a84f req-34d12161-b784-4701-acf0-81e87258a84f ] Request (ServersNegativeTestMultiTenantJSON:setUp): 200 GET http://10.180.1.21/compute/v2.1/servers/76ede0f6-2a23-4007-8ddb-fdc84f13c6c9 0.673s
2025-12-09 03:20:25.067 67223 INFO tempest.lib.common.rest_client [req-2ca6b315-17a0-494f-84a9-37d5c8c86b2b req-2ca6b315-17a0-494f-84a9-37d5c8c86b2b ] Request (ServerGroupTestJSON:setUp): 200 POST http://10.180.1.21/compute/v2.1/os-server-groups 0.837s
2025-12-09 03:20:25.113 67201 INFO tempest.lib.common.rest_client [req-8a142c58-2ec2-4f04-8284-591b2bbd0f85 req-8a142c58-2ec2-4f04-8284-591b2bbd0f85 ] Request (ServersAdminTestJSON:tearDownClass): 200 GET http://10.180.1.21/compute/v2.1/servers/a1a4c078-e204-4a53-9573-b193486c12d8 0.680s
2025-12-09 03:20:25.132 67235 INFO tempest.lib.common.rest_client [req-4d8987de-5e90-4788-80fe-392ad0ceca5e req-4d8987de-5e90-4788-80fe-392ad0ceca5e ] Request (FloatingIPsAssociationNegativeTestJSON:tearDownClass): 204 DELETE http://10.180.1.21/identity/v3/users/7f3a9df73d254c8d8dadbff234154a34 0.109s
2025-12-09 03:20:25.132 67235 INFO tempest.lib.common.dynamic_creds [-] Deleting project and security group for project: 4e3416c547404363823a8b9732f9d96f
2025-12-09 03:20:25.161 67235 INFO tempest.lib.common.rest_client [req-1cb31129-9180-4c4a-bfdf-0e2ae1a07387 req-1cb31129-9180-4c4a-bfdf-0e2ae1a07387 ] Request (FloatingIPsAssociationNegativeTestJSON:tearDownClass): 200 GET http://10.180.1.21/networking/v2.0/security-groups?tenant_id=4e3416c547404363823a8b9732f9d96f&name=default 0.028s
2025-12-09 03:20:25.214 67203 INFO tempest.lib.common.rest_client [req-e1570084-3a87-474b-a29c-a1c27e188fba req-e1570084-3a87-474b-a29c-a1c27e188fba ] Request (ServerActionsTestOtherB:test_resize_server_confirm_from_stopped): 200 GET http://10.180.1.21/compute/v2.1/servers/f4f639a7-8d40-4e8f-975b-fdabb9db71a3 0.749s
2025-12-09 03:20:25.223 67203 INFO tempest.common.waiters [-] State transition "RESIZE/resize_migrating" ==> "RESIZE/resize_migrated" after 56 second wait
2025-12-09 03:20:25.269 67219 INFO tempest.lib.common.rest_client [req-dd404a2e-fe8b-4edb-a3b3-c2832e4cbd72 req-dd404a2e-fe8b-4edb-a3b3-c2832e4cbd72 ] Request (ServersNegativeTestMultiTenantJSON:test_delete_a_server_of_another_tenant): 404 DELETE http://10.180.1.21/compute/v2.1/servers/76ede0f6-2a23-4007-8ddb-fdc84f13c6c9 0.224s
2025-12-09 03:20:25.304 67223 INFO tempest.lib.common.rest_client [req-7d9b471b-79f5-4cc2-bc2b-bb5f00049805 req-7d9b471b-79f5-4cc2-bc2b-bb5f00049805 ] Request (ServerGroupTestJSON:test_create_delete_multiple_server_groups_with_same_name_policy): 200 POST http://10.180.1.21/compute/v2.1/os-server-groups 0.235s
2025-12-09 03:20:25.317 67235 INFO tempest.lib.common.rest_client [req-7c4cd3fe-7202-47f3-ab77-c7ddf9cc0e12 req-7c4cd3fe-7202-47f3-ab77-c7ddf9cc0e12 ] Request (FloatingIPsAssociationNegativeTestJSON:tearDownClass): 204 DELETE http://10.180.1.21/networking/v2.0/security-groups/7ad2200e-3e5a-4c94-9897-6c322395d700 0.155s
2025-12-09 03:20:25.351 67233 INFO tempest.lib.common.rest_client [req-4bd99681-eae7-483f-86e6-6d9d3c232008 req-4bd99681-eae7-483f-86e6-6d9d3c232008 ] Request (ServerShowV254Test:test_rebuild_server): 200 GET http://10.180.1.21/compute/v2.1/servers/1b9146f2-04f5-4ff6-9560-12f4c5b28273 0.212s
2025-12-09 03:20:25.378 67193 INFO tempest.lib.common.rest_client [req-4dcf3c41-a8fc-451c-a586-2769b60bae8e req-4dcf3c41-a8fc-451c-a586-2769b60bae8e ] Request (ListImageFiltersTestJSON:tearDownClass): 200 GET http://10.180.1.21/compute/v2.1/servers/d13893e4-0206-4130-9b67-481d289a90da 0.231s
2025-12-09 03:20:25.396 67209 WARNING tempest.lib.common.ssh [-] Failed to establish authenticated ssh connection to cirros@10.180.180.147 ([Errno None] Unable to connect to port 22 on 10.180.180.147). Number attempts: 3. Retry after 4 seconds.: paramiko.ssh_exception.NoValidConnectionsError: [Errno None] Unable to connect to port 22 on 10.180.180.147
2025-12-09 03:20:25.446 67223 INFO tempest.lib.common.rest_client [req-2eab6251-eb0b-4063-a26b-f4f6da9644bc req-2eab6251-eb0b-4063-a26b-f4f6da9644bc ] Request (ServerGroupTestJSON:test_create_delete_multiple_server_groups_with_same_name_policy): 200 POST http://10.180.1.21/compute/v2.1/os-server-groups 0.140s
2025-12-09 03:20:25.471 67219 INFO tempest.lib.common.rest_client [req-08e3c083-da96-405a-b1cc-b6e0dd19d0f5 req-08e3c083-da96-405a-b1cc-b6e0dd19d0f5 ] Request (ServersNegativeTestMultiTenantJSON:setUp): 200 GET http://10.180.1.21/compute/v2.1/servers/76ede0f6-2a23-4007-8ddb-fdc84f13c6c9 0.201s
2025-12-09 03:20:25.486 67235 INFO tempest.lib.common.rest_client [req-c2020afe-355d-4e1d-810d-30bef163baa8 req-c2020afe-355d-4e1d-810d-30bef163baa8 ] Request (FloatingIPsAssociationNegativeTestJSON:tearDownClass): 204 DELETE http://10.180.1.21/identity/v3/projects/4e3416c547404363823a8b9732f9d96f 0.168s
2025-12-09 03:20:25.528 67177 INFO tempest.lib.common.rest_client [req-15ba0534-61b6-402b-962c-9fe981d1f8a2 req-15ba0534-61b6-402b-962c-9fe981d1f8a2 ] Request (ServersAdminNegativeTestJSON:tearDownClass): 200 GET http://10.180.1.21/compute/v2.1/servers/618c5c4f-d80c-4ce6-a15a-1e62c57ad666 0.203s
2025-12-09 03:20:25.540 67197 INFO tempest.lib.common.rest_client [req-88c1571a-af79-44e3-8e71-2afac71fe509 req-88c1571a-af79-44e3-8e71-2afac71fe509 ] Request (ImagesTestJSON:test_create_server_from_snapshot): 200 GET http://10.180.1.21/compute/v2.1/servers/002ed0ee-25bd-4bb7-b110-5e5010f1a834 0.127s
2025-12-09 03:20:25.562 67219 INFO tempest.lib.common.rest_client [req-b6e6757a-c921-45e4-8da6-b5e300a085e5 req-b6e6757a-c921-45e4-8da6-b5e300a085e5 ] Request (ServersNegativeTestMultiTenantJSON:test_update_server_of_another_tenant): 404 PUT http://10.180.1.21/compute/v2.1/servers/76ede0f6-2a23-4007-8ddb-fdc84f13c6c9 0.082s
2025-12-09 03:20:25.563 67223 INFO tempest.lib.common.rest_client [req-502700c6-9db4-46f5-950a-609e4fed9528 req-502700c6-9db4-46f5-950a-609e4fed9528 ] Request (ServerGroupTestJSON:test_create_delete_multiple_server_groups_with_same_name_policy): 204 DELETE http://10.180.1.21/compute/v2.1/os-server-groups/5a4099a2-0f1d-4994-b0d1-8f8792c35404 0.116s
2025-12-09 03:20:25.623 67227 INFO tempest.lib.common.rest_client [req-d5b98c84-3be7-4bd0-a281-b1fcb993fac6 req-d5b98c84-3be7-4bd0-a281-b1fcb993fac6 ] Request (ListServersNegativeTestJSON:tearDownClass): 200 GET http://10.180.1.21/compute/v2.1/servers/9bbe1acd-928a-49f1-9a00-dc89d0448ee3 0.129s
2025-12-09 03:20:25.638 67213 INFO tempest.lib.common.rest_client [req-e3ab9dd9-ac83-467e-bb38-471f61b627c4 req-e3ab9dd9-ac83-467e-bb38-471f61b627c4 ] Request (ServersListShow298Test:tearDownClass): 200 GET http://10.180.1.21/compute/v2.1/servers/dbf3d61c-6358-4011-8bb9-40d7df93314d 0.155s
2025-12-09 03:20:25.643 67223 INFO tempest.lib.common.rest_client [req-639097b7-664f-4c31-a88f-ceecfb279827 req-639097b7-664f-4c31-a88f-ceecfb279827 ] Request (ServerGroupTestJSON:test_create_delete_multiple_server_groups_with_same_name_policy): 200 GET http://10.180.1.21/compute/v2.1/os-server-groups 0.079s
2025-12-09 03:20:25.702 67205 INFO tempest.lib.common.rest_client [req-539a41c7-e2c5-480b-8667-fcc3200fb8a4 req-539a41c7-e2c5-480b-8667-fcc3200fb8a4 ] Request (VolumesAdminNegativeTest:tearDownClass): 200 GET http://10.180.1.21/compute/v2.1/servers/2213c666-4f42-4a09-9fff-01e80797e178 0.125s
2025-12-09 03:20:25.722 67219 INFO tempest.lib.common.rest_client [req-2e75fb38-54c2-4610-8be9-c91ffc6c1f39 req-2e75fb38-54c2-4610-8be9-c91ffc6c1f39 ] Request (ServersNegativeTestMultiTenantJSON:tearDownClass): 204 DELETE http://10.180.1.21/compute/v2.1/servers/76ede0f6-2a23-4007-8ddb-fdc84f13c6c9 0.154s
2025-12-09 03:20:25.724 67223 INFO tempest.lib.common.rest_client [req-444d5337-02f4-4195-86f9-05874b0fa5fd req-444d5337-02f4-4195-86f9-05874b0fa5fd ] Request (ServerGroupTestJSON:test_create_delete_multiple_server_groups_with_same_name_policy): 204 DELETE http://10.180.1.21/compute/v2.1/os-server-groups/5fba7f8d-5128-4a25-ba72-9c1d6e50f5fa 0.078s
2025-12-09 03:20:25.775 67187 INFO tempest.lib.common.rest_client [req-e26e0408-ba66-4edb-915a-e7f751b098e2 req-e26e0408-ba66-4edb-915a-e7f751b098e2 ] Request (AttachInterfacesTestJSON:test_create_list_show_delete_interfaces_by_fixed_ip): 200 GET http://10.180.1.21/compute/v2.1/servers/ab8d54ff-2997-4d24-be06-b1b5810910ed 0.096s
2025-12-09 03:20:25.821 67225 INFO tempest.lib.common.rest_client [req-1e6651a6-74d2-4d0a-ade4-36d500846775 req-1e6651a6-74d2-4d0a-ade4-36d500846775 ] Request (ImagesOneServerNegativeTestJSON:_run_cleanups): 200 GET http://10.180.1.21/compute/v2.1/servers/6bcbad2a-0c7c-41db-b0cd-6361a8ce5894 0.123s
2025-12-09 03:20:25.835 67223 INFO tempest.lib.common.rest_client [req-50fc4d73-984b-475b-b0b6-70bb823449e5 req-50fc4d73-984b-475b-b0b6-70bb823449e5 ] Request (ServerGroupTestJSON:test_create_delete_multiple_server_groups_with_same_name_policy): 200 GET http://10.180.1.21/compute/v2.1/os-server-groups 0.111s
2025-12-09 03:20:25.874 67219 INFO tempest.lib.common.rest_client [req-b4308897-32ed-4d21-9499-61e89c440ba5 req-b4308897-32ed-4d21-9499-61e89c440ba5 ] Request (ServersNegativeTestMultiTenantJSON:tearDownClass): 200 GET http://10.180.1.21/compute/v2.1/servers/76ede0f6-2a23-4007-8ddb-fdc84f13c6c9 0.151s
2025-12-09 03:20:25.889 67229 INFO tempest.lib.common.rest_client [req-032d9bfe-5464-4dea-806d-8a22a589a225 req-032d9bfe-5464-4dea-806d-8a22a589a225 ] Request (ServerMetadataTestJSON:setUpClass): 200 GET http://10.180.1.21/compute/v2.1/servers/26801ab4-b319-4240-8401-c2e29fc30bdf 0.148s
2025-12-09 03:20:25.922 67211 INFO tempest.lib.common.rest_client [req-a211ccbf-a051-441e-9625-f6aa3aa2fe10 req-a211ccbf-a051-441e-9625-f6aa3aa2fe10 ] Request (MigrationsAdminTest:test_resize_server_revert_deleted_flavor): 200 GET http://10.180.1.21/compute/v2.1/servers/befd8781-27d8-4e9f-bfed-65a37ea3c8e6 0.160s
2025-12-09 03:20:25.947 67207 INFO tempest.lib.common.rest_client [req-9ea5d6a7-7ebb-407b-a0a4-c60e40eee968 req-9ea5d6a7-7ebb-407b-a0a4-c60e40eee968 ] Request (ServersAaction247Test:tearDownClass): 200 GET http://10.180.1.21/compute/v2.1/servers/54c8be6f-1002-4960-8690-ee4478c14a2b 0.132s
2025-12-09 03:20:25.975 67223 INFO tempest.lib.common.rest_client [req-75fad103-2e38-4f3e-9562-6417f19d7cfe req-75fad103-2e38-4f3e-9562-6417f19d7cfe ] Request (ServerGroupTestJSON:test_create_delete_server_group_with_affinity_policy): 200 POST http://10.180.1.21/compute/v2.1/os-server-groups 0.137s
2025-12-09 03:20:26.001 67215 INFO tempest.lib.common.rest_client [req-30e13d9c-eb2f-4dfc-b807-86e6fdb52059 req-30e13d9c-eb2f-4dfc-b807-86e6fdb52059 ] Request (ServerRescueTestJSONUnderV235:tearDownClass): 200 GET http://10.180.1.21/compute/v2.1/servers/7aa73147-5d32-4cff-8be5-d8ea2e0aae12 0.153s
2025-12-09 03:20:26.022 67181 INFO tempest.lib.common.rest_client [req-ba7b4016-fa6f-4fcd-98b8-8f5e9f8061f4 req-ba7b4016-fa6f-4fcd-98b8-8f5e9f8061f4 ] Request (MultipleCreateTestJSON:tearDownClass): 404 GET http://10.180.1.21/compute/v2.1/servers/c0df0a9c-c1cc-436f-b6e6-fa62515c435b 0.105s
2025-12-09 03:20:26.031 67183 INFO tempest.lib.common.rest_client [req-4ef7316b-d749-461c-bc79-d8149440b9e5 req-4ef7316b-d749-461c-bc79-d8149440b9e5 ] Request (ListServerFiltersTestJSON:tearDownClass): 200 GET http://10.180.1.21/compute/v2.1/servers/9ea2a248-2bb8-482e-a532-b6b28747a37c 0.151s
2025-12-09 03:20:26.059 67223 INFO tempest.lib.common.rest_client [req-8cc0f143-18db-48d5-bf74-e26a637788e3 req-8cc0f143-18db-48d5-bf74-e26a637788e3 ] Request (ServerGroupTestJSON:test_create_delete_server_group_with_affinity_policy): 204 DELETE http://10.180.1.21/compute/v2.1/os-server-groups/a34d6d5d-b532-421d-882c-3f30a1f872ea 0.082s
2025-12-09 03:20:26.083 67185 INFO tempest.lib.common.rest_client [req-7330af20-e73d-4ec4-96bd-6961ad5e74fe req-7330af20-e73d-4ec4-96bd-6961ad5e74fe ] Request (ServerTagsTestJSON:tearDownClass): 200 GET http://10.180.1.21/compute/v2.1/servers/61e660f3-d382-4334-9265-89681f2e452d 0.139s
2025-12-09 03:20:26.105 67223 INFO tempest.lib.common.rest_client [req-cb14ecdf-bdc6-4ced-a6db-dbedfdd49d7b req-cb14ecdf-bdc6-4ced-a6db-dbedfdd49d7b ] Request (ServerGroupTestJSON:test_create_delete_server_group_with_affinity_policy): 200 GET http://10.180.1.21/compute/v2.1/os-server-groups 0.046s
2025-12-09 03:20:26.131 67181 INFO tempest.lib.common.rest_client [req-2c473677-7e7c-464f-b863-8233ba7081d7 req-2c473677-7e7c-464f-b863-8233ba7081d7 ] Request (MultipleCreateTestJSON:tearDownClass): 200 GET http://10.180.1.21/compute/v2.1/servers/6edbb55b-657b-43ed-893c-21e1a4de11aa 0.109s
2025-12-09 03:20:26.158 67223 INFO tempest.lib.common.rest_client [req-22c1e085-a422-4dda-8d66-def7f728110c req-22c1e085-a422-4dda-8d66-def7f728110c ] Request (ServerGroupTestJSON:test_create_delete_server_group_with_anti_affinity_policy): 200 POST http://10.180.1.21/compute/v2.1/os-server-groups 0.049s
2025-12-09 03:20:26.182 67223 INFO tempest.lib.common.rest_client [req-6732fee8-95da-4145-be96-955e8d5d1f2b req-6732fee8-95da-4145-be96-955e8d5d1f2b ] Request (ServerGroupTestJSON:test_create_delete_server_group_with_anti_affinity_policy): 204 DELETE http://10.180.1.21/compute/v2.1/os-server-groups/48c2f831-72da-4a94-b9ec-6abab6ff2353 0.022s
2025-12-09 03:20:26.188 67201 INFO tempest.lib.common.rest_client [req-353c5be3-eb0c-4bae-b7c6-04433537daf1 req-353c5be3-eb0c-4bae-b7c6-04433537daf1 ] Request (ServersAdminTestJSON:tearDownClass): 200 GET http://10.180.1.21/compute/v2.1/servers/a1a4c078-e204-4a53-9573-b193486c12d8 0.063s
2025-12-09 03:20:26.201 67223 INFO tempest.lib.common.rest_client [req-20df66d9-c3d9-44cb-a5af-93390fd32f60 req-20df66d9-c3d9-44cb-a5af-93390fd32f60 ] Request (ServerGroupTestJSON:test_create_delete_server_group_with_anti_affinity_policy): 200 GET http://10.180.1.21/compute/v2.1/os-server-groups 0.019s
2025-12-09 03:20:26.299 67223 INFO tempest.lib.common.rest_client [req-d310c49f-1900-438d-9d71-7a6b09279630 req-d310c49f-1900-438d-9d71-7a6b09279630 ] Request (ServerGroupTestJSON:test_create_server_with_scheduler_hint_group): 201 POST http://10.180.1.21/identity/v3/auth/tokens 0.093s
2025-12-09 03:20:26.300 67223 INFO tempest.lib.common.fixed_network [-] (ServerGroupTestJSON:test_create_server_with_scheduler_hint_group) Found network {'id': '03c8a10f-123c-40c8-ab47-95e8fc5be829', 'name': 'tempest-ServerGroupTestJSON-1741910191-network', 'tenant_id': '8f97bc03f8b84f55b57467eb43115728', 'project_id': '8f97bc03f8b84f55b57467eb43115728', 'admin_state_up': True, 'mtu': 8950, 'status': 'ACTIVE', 'subnets': [], 'shared': False, 'port_security_enabled': True, 'router:external': False, 'provider:network_type': 'vlan', 'provider:physical_network': 'default', 'provider:segmentation_id': 426, 'availability_zone_hints': [], 'availability_zones': [], 'ipv4_address_scope': None, 'ipv6_address_scope': None, 'description': '', 'tags': [], 'created_at': '2025-12-09T03:20:21Z', 'updated_at': '2025-12-09T03:20:21Z', 'revision_number': 1} available for tenant
2025-12-09 03:20:26.369 67203 INFO tempest.lib.common.rest_client [req-153c708d-0b0a-4940-afc7-45d1f932bc3b req-153c708d-0b0a-4940-afc7-45d1f932bc3b ] Request (ServerActionsTestOtherB:test_resize_server_confirm_from_stopped): 200 GET http://10.180.1.21/compute/v2.1/servers/f4f639a7-8d40-4e8f-975b-fdabb9db71a3 0.145s
2025-12-09 03:20:26.427 67233 INFO tempest.lib.common.rest_client [req-d72a625a-5c01-40fc-9466-6b3e36c594c2 req-d72a625a-5c01-40fc-9466-6b3e36c594c2 ] Request (ServerShowV254Test:test_rebuild_server): 200 GET http://10.180.1.21/compute/v2.1/servers/1b9146f2-04f5-4ff6-9560-12f4c5b28273 0.066s
2025-12-09 03:20:26.491 67193 INFO tempest.lib.common.rest_client [req-9dfc415e-80c1-4edc-a111-d0e0361c119d req-9dfc415e-80c1-4edc-a111-d0e0361c119d ] Request (ListImageFiltersTestJSON:tearDownClass): 200 GET http://10.180.1.21/compute/v2.1/servers/d13893e4-0206-4130-9b67-481d289a90da 0.102s
2025-12-09 03:20:26.594 67177 INFO tempest.lib.common.rest_client [req-67018bac-f84e-408a-ac73-2e8ba4249e12 req-67018bac-f84e-408a-ac73-2e8ba4249e12 ] Request (ServersAdminNegativeTestJSON:tearDownClass): 200 GET http://10.180.1.21/compute/v2.1/servers/618c5c4f-d80c-4ce6-a15a-1e62c57ad666 0.058s
2025-12-09 03:20:26.616 67191 WARNING tempest.lib.common.ssh [-] Failed to establish authenticated ssh connection to cirros@10.180.180.153 ([Errno None] Unable to connect to port 22 on 10.180.180.153). Number attempts: 6. Retry after 7 seconds.: paramiko.ssh_exception.NoValidConnectionsError: [Errno None] Unable to connect to port 22 on 10.180.180.153
2025-12-09 03:20:26.641 67197 INFO tempest.lib.common.rest_client [req-a7e698f8-33b2-4585-bde9-99a0786c9b3b req-a7e698f8-33b2-4585-bde9-99a0786c9b3b ] Request (ImagesTestJSON:test_create_server_from_snapshot): 200 GET http://10.180.1.21/compute/v2.1/servers/002ed0ee-25bd-4bb7-b110-5e5010f1a834 0.092s
2025-12-09 03:20:26.661 67223 INFO tempest.lib.common.rest_client [req-795e698d-6245-4672-9509-6ec19af86a53 req-795e698d-6245-4672-9509-6ec19af86a53 ] Request (ServerGroupTestJSON:test_create_server_with_scheduler_hint_group): 202 POST http://10.180.1.21/compute/v2.1/servers 0.361s
2025-12-09 03:20:26.700 67227 INFO tempest.lib.common.rest_client [req-0a931b39-f08c-4aa0-af77-219b8eef134c req-0a931b39-f08c-4aa0-af77-219b8eef134c ] Request (ListServersNegativeTestJSON:tearDownClass): 200 GET http://10.180.1.21/compute/v2.1/servers/9bbe1acd-928a-49f1-9a00-dc89d0448ee3 0.068s
2025-12-09 03:20:26.726 67213 INFO tempest.lib.common.rest_client [req-40d43c03-2536-49a4-8101-7e57fd73dcc9 req-40d43c03-2536-49a4-8101-7e57fd73dcc9 ] Request (ServersListShow298Test:tearDownClass): 200 GET http://10.180.1.21/compute/v2.1/servers/dbf3d61c-6358-4011-8bb9-40d7df93314d 0.075s
2025-12-09 03:20:26.735 67223 INFO tempest.lib.common.rest_client [req-ae5de140-26d9-4be3-b065-5cfec919aae7 req-ae5de140-26d9-4be3-b065-5cfec919aae7 ] Request (ServerGroupTestJSON:test_create_server_with_scheduler_hint_group): 200 GET http://10.180.1.21/compute/v2.1/servers/98da4a5b-faad-446d-a8a1-3319601bbc03 0.072s
2025-12-09 03:20:26.790 67205 INFO tempest.lib.common.rest_client [req-9c590b74-91ec-41e1-bd58-c502e8f96302 req-9c590b74-91ec-41e1-bd58-c502e8f96302 ] Request (VolumesAdminNegativeTest:tearDownClass): 200 GET http://10.180.1.21/compute/v2.1/servers/2213c666-4f42-4a09-9fff-01e80797e178 0.080s
2025-12-09 03:20:26.843 67187 INFO tempest.lib.common.rest_client [req-f2db091c-61a1-498c-95fc-60bb3f3959c5 req-f2db091c-61a1-498c-95fc-60bb3f3959c5 ] Request (AttachInterfacesTestJSON:test_create_list_show_delete_interfaces_by_fixed_ip): 200 GET http://10.180.1.21/compute/v2.1/servers/ab8d54ff-2997-4d24-be06-b1b5810910ed 0.060s
2025-12-09 03:20:26.973 67225 INFO tempest.lib.common.rest_client [req-956fde12-ce75-4fb9-92a0-a91b97d7982c req-956fde12-ce75-4fb9-92a0-a91b97d7982c ] Request (ImagesOneServerNegativeTestJSON:_run_cleanups): 200 GET http://10.180.1.21/compute/v2.1/servers/6bcbad2a-0c7c-41db-b0cd-6361a8ce5894 0.142s
2025-12-09 03:20:26.976 67219 INFO tempest.lib.common.rest_client [req-aa38578b-f6b8-48f3-9e9b-fb3f87f171e0 req-aa38578b-f6b8-48f3-9e9b-fb3f87f171e0 ] Request (ServersNegativeTestMultiTenantJSON:tearDownClass): 200 GET http://10.180.1.21/compute/v2.1/servers/76ede0f6-2a23-4007-8ddb-fdc84f13c6c9 0.095s
2025-12-09 03:20:27.026 67229 INFO tempest.lib.common.rest_client [req-bf4c1217-6655-4fe3-aa39-e7225d91e466 req-bf4c1217-6655-4fe3-aa39-e7225d91e466 ] Request (ServerMetadataTestJSON:setUpClass): 200 GET http://10.180.1.21/compute/v2.1/servers/26801ab4-b319-4240-8401-c2e29fc30bdf 0.129s
