2025-12-09 03:16:26.354 67231 INFO tempest.lib.common.rest_client [req-a2bbc4f0-e6d6-4fac-83cb-a1fdf87cc6b9 req-a2bbc4f0-e6d6-4fac-83cb-a1fdf87cc6b9 ] Request (ImagesMetadataTestJSON:setUpClass): 200 GET http://10.180.1.21/identity/v3/domains?name=Default 0.077s
2025-12-09 03:16:26.383 67233 INFO tempest.lib.common.rest_client [req-63f1d68a-03e4-44ab-8641-52d6ce037795 req-63f1d68a-03e4-44ab-8641-52d6ce037795 ] Request (AbsoluteLimitsTestJSON:setUpClass): 201 POST http://10.180.1.21/identity/v3/users 0.096s
2025-12-09 03:16:26.390 67183 INFO tempest.lib.common.rest_client [req-0e02ddb6-f6ad-4ea8-9de8-4e4caacbe574 req-0e02ddb6-f6ad-4ea8-9de8-4e4caacbe574 ] Request (HostsAdminTestJSON:setUpClass): 204 PUT http://10.180.1.21/identity/v3/projects/fe5dfdbe2a4743889c52d6a098077f06/users/a2f600cb4b064c88a6279bad7554e5d6/roles/e4be7192b8ac401fb4f56f650e3e5b0d 0.086s
2025-12-09 03:16:26.390 67183 INFO tempest.lib.common.dynamic_creds [-] Dynamic test user a2f600cb4b064c88a6279bad7554e5d6 is created with scope project and roles: ['member']
2025-12-09 03:16:26.391 67183 INFO tempest.lib.common.dynamic_creds [-] Acquired dynamic creds: credentials: Credentials: {'domain_id': 'default', 'domain_name': 'Default', 'username': 'tempest-HostsAdminTestJSON-583421080-project-member', 'project_domain_id': 'default', 'project_domain_name': 'Default', 'project_id': 'fe5dfdbe2a4743889c52d6a098077f06', 'project_name': 'tempest-HostsAdminTestJSON-583421080', 'tenant_id': 'fe5dfdbe2a4743889c52d6a098077f06', 'tenant_name': 'tempest-HostsAdminTestJSON-583421080', 'user_domain_id': 'default', 'user_domain_name': 'Default', 'user_id': 'a2f600cb4b064c88a6279bad7554e5d6', 'system': None}, Network: None, Subnet: None, Router: None
2025-12-09 03:16:26.391 67183 INFO tempest.lib.common.dynamic_creds [-] Created isolated network resources for: credentials: Credentials: {'domain_id': 'default', 'domain_name': 'Default', 'username': 'tempest-HostsAdminTestJSON-583421080-project-member', 'project_domain_id': 'default', 'project_domain_name': 'Default', 'project_id': 'fe5dfdbe2a4743889c52d6a098077f06', 'project_name': 'tempest-HostsAdminTestJSON-583421080', 'tenant_id': 'fe5dfdbe2a4743889c52d6a098077f06', 'tenant_name': 'tempest-HostsAdminTestJSON-583421080', 'user_domain_id': 'default', 'user_domain_name': 'Default', 'user_id': 'a2f600cb4b064c88a6279bad7554e5d6', 'system': None}, Network: None, Subnet: None, Router: None
2025-12-09 03:16:26.449 67233 INFO tempest.lib.common.rest_client [req-8bdd7eff-d9b1-4f3a-b7c6-bebac6fde829 req-8bdd7eff-d9b1-4f3a-b7c6-bebac6fde829 ] Request (AbsoluteLimitsTestJSON:setUpClass): 200 GET http://10.180.1.21/identity/v3/roles 0.065s
2025-12-09 03:16:26.453 67231 INFO tempest.lib.common.rest_client [req-afafc4c6-7e4b-4bce-8ce3-277e3030e7ef req-afafc4c6-7e4b-4bce-8ce3-277e3030e7ef ] Request (ImagesMetadataTestJSON:setUpClass): 201 POST http://10.180.1.21/identity/v3/projects 0.097s
2025-12-09 03:16:26.518 67233 INFO tempest.lib.common.rest_client [req-32f88042-f725-4107-ab62-afc72c8f350d req-32f88042-f725-4107-ab62-afc72c8f350d ] Request (AbsoluteLimitsTestJSON:setUpClass): 204 PUT http://10.180.1.21/identity/v3/projects/d1cbe404703e47209eda7e380b6589c4/users/a87022446ce34bab9fc5e5ee992f6c3e/roles/e4be7192b8ac401fb4f56f650e3e5b0d 0.068s
2025-12-09 03:16:26.518 67233 INFO tempest.lib.common.dynamic_creds [-] Dynamic test user a87022446ce34bab9fc5e5ee992f6c3e is created with scope project and roles: ['member']
2025-12-09 03:16:26.518 67233 INFO tempest.lib.common.dynamic_creds [-] Acquired dynamic creds: credentials: Credentials: {'domain_id': 'default', 'domain_name': 'Default', 'username': 'tempest-AbsoluteLimitsTestJSON-1154407767-project-member', 'project_domain_id': 'default', 'project_domain_name': 'Default', 'project_id': 'd1cbe404703e47209eda7e380b6589c4', 'project_name': 'tempest-AbsoluteLimitsTestJSON-1154407767', 'tenant_id': 'd1cbe404703e47209eda7e380b6589c4', 'tenant_name': 'tempest-AbsoluteLimitsTestJSON-1154407767', 'user_domain_id': 'default', 'user_domain_name': 'Default', 'user_id': 'a87022446ce34bab9fc5e5ee992f6c3e', 'system': None}, Network: None, Subnet: None, Router: None
2025-12-09 03:16:26.519 67233 INFO tempest.lib.common.dynamic_creds [-] Created isolated network resources for: credentials: Credentials: {'domain_id': 'default', 'domain_name': 'Default', 'username': 'tempest-AbsoluteLimitsTestJSON-1154407767-project-member', 'project_domain_id': 'default', 'project_domain_name': 'Default', 'project_id': 'd1cbe404703e47209eda7e380b6589c4', 'project_name': 'tempest-AbsoluteLimitsTestJSON-1154407767', 'tenant_id': 'd1cbe404703e47209eda7e380b6589c4', 'tenant_name': 'tempest-AbsoluteLimitsTestJSON-1154407767', 'user_domain_id': 'default', 'user_domain_name': 'Default', 'user_id': 'a87022446ce34bab9fc5e5ee992f6c3e', 'system': None}, Network: None, Subnet: None, Router: None
2025-12-09 03:16:26.532 67183 INFO tempest.lib.common.rest_client [req-b672d740-c329-4cce-9ac7-c42837bc0fd5 req-b672d740-c329-4cce-9ac7-c42837bc0fd5 ] Request (HostsAdminTestJSON:setUpClass): 201 POST http://10.180.1.21/identity/v3/auth/tokens 0.136s
2025-12-09 03:16:26.548 67185 INFO tempest.lib.common.rest_client [req-c9aa41d1-d097-4cec-94a6-dc33f2c031e8 req-c9aa41d1-d097-4cec-94a6-dc33f2c031e8 ] Request (ServersTestMultiNic:test_verify_duplicate_network_nics): 200 GET http://10.180.1.21/compute/v2.1/servers/cd98fa07-dbb3-47d8-a3f4-be140297c14f 5.894s
2025-12-09 03:16:26.565 67185 INFO tempest.common.waiters [-] State transition "BUILD/None" ==> "BUILD/spawning" after 7 second wait
2025-12-09 03:16:26.573 67231 INFO tempest.lib.common.rest_client [req-344560d5-725b-4ad1-afe1-f21b78836a68 req-344560d5-725b-4ad1-afe1-f21b78836a68 ] Request (ImagesMetadataTestJSON:setUpClass): 201 POST http://10.180.1.21/identity/v3/users 0.119s
2025-12-09 03:16:26.588 67197 INFO tempest.lib.common.rest_client [req-77f5f63e-b81b-4580-b3c9-fb0867a94c3a req-77f5f63e-b81b-4580-b3c9-fb0867a94c3a ] Request (ImagesTestJSON:test_create_image_from_stopped_server): 200 GET http://10.180.1.21/compute/v2.1/servers/fb9dce29-5292-484e-8894-2e7cde5661e0 5.885s
2025-12-09 03:16:26.602 67197 INFO tempest.common.waiters [-] State transition "BUILD/networking" ==> "BUILD/spawning" after 11 second wait
2025-12-09 03:16:26.605 67183 INFO tempest.lib.common.rest_client [req-a965d5e2-b485-48cf-b423-71079b8b81ae req-a965d5e2-b485-48cf-b423-71079b8b81ae ] Request (HostsAdminTestJSON:setUpClass): 201 POST http://10.180.1.21/identity/v3/projects 0.072s
2025-12-09 03:16:26.653 67233 INFO tempest.lib.common.rest_client [req-eb83bcd3-f200-4424-9e6c-88d48f8df1a6 req-eb83bcd3-f200-4424-9e6c-88d48f8df1a6 ] Request (AbsoluteLimitsTestJSON:setUpClass): 201 POST http://10.180.1.21/identity/v3/auth/tokens 0.129s
2025-12-09 03:16:26.677 67231 INFO tempest.lib.common.rest_client [req-9e2a9074-7279-44d1-bc69-f83bf0fa83f1 req-9e2a9074-7279-44d1-bc69-f83bf0fa83f1 ] Request (ImagesMetadataTestJSON:setUpClass): 200 GET http://10.180.1.21/identity/v3/roles 0.103s
2025-12-09 03:16:26.686 67183 INFO tempest.lib.common.rest_client [req-d92e82fd-b920-4b46-b6b1-c9748ebd9bc0 req-d92e82fd-b920-4b46-b6b1-c9748ebd9bc0 ] Request (HostsAdminTestJSON:setUpClass): 201 POST http://10.180.1.21/identity/v3/users 0.081s
2025-12-09 03:16:26.710 67183 INFO tempest.lib.common.rest_client [req-c2472145-6dac-4ae3-94e1-d4cb728ed0f7 req-c2472145-6dac-4ae3-94e1-d4cb728ed0f7 ] Request (HostsAdminTestJSON:setUpClass): 200 GET http://10.180.1.21/identity/v3/roles 0.023s
2025-12-09 03:16:26.713 67231 INFO tempest.lib.common.rest_client [req-347b735b-dcea-4f7b-a761-846f59ef5e31 req-347b735b-dcea-4f7b-a761-846f59ef5e31 ] Request (ImagesMetadataTestJSON:setUpClass): 204 PUT http://10.180.1.21/identity/v3/projects/a4d37fc7aa1b40e1a5d3d6bf1b31ab0a/users/c314a9e85e7242a593e5e0a4ae630b35/roles/e4be7192b8ac401fb4f56f650e3e5b0d 0.036s
2025-12-09 03:16:26.713 67231 INFO tempest.lib.common.dynamic_creds [-] Dynamic test user c314a9e85e7242a593e5e0a4ae630b35 is created with scope project and roles: ['member']
2025-12-09 03:16:26.714 67231 INFO tempest.lib.common.dynamic_creds [-] Acquired dynamic creds: credentials: Credentials: {'domain_id': 'default', 'domain_name': 'Default', 'username': 'tempest-ImagesMetadataTestJSON-958466525-project-member', 'project_domain_id': 'default', 'project_domain_name': 'Default', 'project_id': 'a4d37fc7aa1b40e1a5d3d6bf1b31ab0a', 'project_name': 'tempest-ImagesMetadataTestJSON-958466525', 'tenant_id': 'a4d37fc7aa1b40e1a5d3d6bf1b31ab0a', 'tenant_name': 'tempest-ImagesMetadataTestJSON-958466525', 'user_domain_id': 'default', 'user_domain_name': 'Default', 'user_id': 'c314a9e85e7242a593e5e0a4ae630b35', 'system': None}, Network: None, Subnet: None, Router: None
2025-12-09 03:16:26.714 67231 INFO tempest.lib.common.dynamic_creds [-] Created isolated network resources for: credentials: Credentials: {'domain_id': 'default', 'domain_name': 'Default', 'username': 'tempest-ImagesMetadataTestJSON-958466525-project-member', 'project_domain_id': 'default', 'project_domain_name': 'Default', 'project_id': 'a4d37fc7aa1b40e1a5d3d6bf1b31ab0a', 'project_name': 'tempest-ImagesMetadataTestJSON-958466525', 'tenant_id': 'a4d37fc7aa1b40e1a5d3d6bf1b31ab0a', 'tenant_name': 'tempest-ImagesMetadataTestJSON-958466525', 'user_domain_id': 'default', 'user_domain_name': 'Default', 'user_id': 'c314a9e85e7242a593e5e0a4ae630b35', 'system': None}, Network: None, Subnet: None, Router: None
2025-12-09 03:16:26.780 67183 INFO tempest.lib.common.rest_client [req-1529a288-cd29-415b-b627-5f47a594638a req-1529a288-cd29-415b-b627-5f47a594638a ] Request (HostsAdminTestJSON:setUpClass): 204 PUT http://10.180.1.21/identity/v3/projects/25f3e0a6b92f4b4680d30b24f08dd51a/users/f6f475302d7147eb829bccb98ff7ba2b/roles/a27ed70857d74db782db9467ae06f9a2 0.069s
2025-12-09 03:16:26.799 67231 INFO tempest.lib.common.rest_client [req-f9479833-347f-443e-be5a-6e5753072e0f req-f9479833-347f-443e-be5a-6e5753072e0f ] Request (ImagesMetadataTestJSON:setUpClass): 201 POST http://10.180.1.21/identity/v3/auth/tokens 0.081s
2025-12-09 03:16:26.805 67187 INFO tempest.lib.common.rest_client [req-68babcb9-beb1-4e7f-86f9-f0aaa9fe5d89 req-68babcb9-beb1-4e7f-86f9-f0aaa9fe5d89 ] Request (ImagesOneServerTestJSON:setUpClass): 200 GET http://10.180.1.21/compute/v2.1/servers/05d0e7b1-9c83-4b6b-a70e-6e3c2093cda5 5.832s
2025-12-09 03:16:26.813 67187 INFO tempest.common.waiters [-] State transition "BUILD/None" ==> "BUILD/spawning" after 11 second wait
2025-12-09 03:16:26.849 67183 INFO tempest.lib.common.rest_client [req-c3a0bb48-cf4c-4999-a814-531523860eec req-c3a0bb48-cf4c-4999-a814-531523860eec ] Request (HostsAdminTestJSON:setUpClass): 200 GET http://10.180.1.21/identity/v3/roles 0.069s
2025-12-09 03:16:26.866 67207 INFO tempest.lib.common.rest_client [req-fffcc17b-ab92-408f-8f5b-44514a290cc1 req-fffcc17b-ab92-408f-8f5b-44514a290cc1 ] Request (ServerDiagnosticsTest:test_get_server_diagnostics): 200 GET http://10.180.1.21/compute/v2.1/servers/44798ef8-4825-47c0-a99b-49e53bf91844 5.386s
2025-12-09 03:16:26.888 67183 INFO tempest.lib.common.rest_client [req-9b66d497-6fa8-46e8-88e1-147bf31ca2ac req-9b66d497-6fa8-46e8-88e1-147bf31ca2ac ] Request (HostsAdminTestJSON:setUpClass): 204 PUT http://10.180.1.21/identity/v3/projects/25f3e0a6b92f4b4680d30b24f08dd51a/users/f6f475302d7147eb829bccb98ff7ba2b/roles/a27ed70857d74db782db9467ae06f9a2 0.038s
2025-12-09 03:16:26.888 67183 INFO tempest.lib.common.dynamic_creds [-] Dynamic test user f6f475302d7147eb829bccb98ff7ba2b is created with scope project and roles: ['admin']
2025-12-09 03:16:26.888 67183 INFO tempest.lib.common.dynamic_creds [-] Acquired dynamic creds: credentials: Credentials: {'domain_id': 'default', 'domain_name': 'Default', 'username': 'tempest-HostsAdminTestJSON-1162452268-project-admin', 'project_domain_id': 'default', 'project_domain_name': 'Default', 'project_id': '25f3e0a6b92f4b4680d30b24f08dd51a', 'project_name': 'tempest-HostsAdminTestJSON-1162452268', 'tenant_id': '25f3e0a6b92f4b4680d30b24f08dd51a', 'tenant_name': 'tempest-HostsAdminTestJSON-1162452268', 'user_domain_id': 'default', 'user_domain_name': 'Default', 'user_id': 'f6f475302d7147eb829bccb98ff7ba2b', 'system': None}, Network: None, Subnet: None, Router: None
2025-12-09 03:16:26.888 67183 INFO tempest.lib.common.dynamic_creds [-] Created isolated network resources for: credentials: Credentials: {'domain_id': 'default', 'domain_name': 'Default', 'username': 'tempest-HostsAdminTestJSON-1162452268-project-admin', 'project_domain_id': 'default', 'project_domain_name': 'Default', 'project_id': '25f3e0a6b92f4b4680d30b24f08dd51a', 'project_name': 'tempest-HostsAdminTestJSON-1162452268', 'tenant_id': '25f3e0a6b92f4b4680d30b24f08dd51a', 'tenant_name': 'tempest-HostsAdminTestJSON-1162452268', 'user_domain_id': 'default', 'user_domain_name': 'Default', 'user_id': 'f6f475302d7147eb829bccb98ff7ba2b', 'system': None}, Network: None, Subnet: None, Router: None
2025-12-09 03:16:27.000 67183 INFO tempest.lib.common.rest_client [req-9fea8f93-068a-45bd-8f85-4bf14b378da1 req-9fea8f93-068a-45bd-8f85-4bf14b378da1 ] Request (HostsAdminTestJSON:setUpClass): 201 POST http://10.180.1.21/identity/v3/auth/tokens 0.109s
2025-12-09 03:16:27.476 67231 INFO tempest.lib.common.rest_client [req-f7959a50-ae89-4aa9-a0e9-3956670e9bea req-f7959a50-ae89-4aa9-a0e9-3956670e9bea ] Request (ImagesMetadataTestJSON:setUpClass): 201 POST http://10.180.1.21/image/v2/images 0.676s
2025-12-09 03:16:27.545 67225 INFO tempest.lib.common.rest_client [req-5cff22ef-5f1a-4349-9d06-57d4b07ec460 req-5cff22ef-5f1a-4349-9d06-57d4b07ec460 ] Request (FloatingIPsTestJSON:test_allocate_floating_ip): 200 GET http://10.180.1.21/compute/v2.1/os-floating-ips 5.275s
2025-12-09 03:16:27.564 67227 INFO tempest.lib.common.rest_client [req-5d226c61-4a47-4a32-bc69-2a2c472baed1 req-5d226c61-4a47-4a32-bc69-2a2c472baed1 ] Request (HypervisorAdminTestJSON:test_get_hypervisor_stats): 200 GET http://10.180.1.21/compute/v2.1/os-hypervisors/statistics 5.175s
2025-12-09 03:16:27.696 67237 INFO tempest.lib.common.rest_client [req-8936509d-ac18-4d32-a611-778fd3a83da0 req-8936509d-ac18-4d32-a611-778fd3a83da0 ] Request (AggregatesAdminNegativeTestJSON:_run_cleanups): 200 POST http://10.180.1.21/compute/v2.1/os-aggregates/1/action 5.228s
2025-12-09 03:16:27.705 67227 INFO tempest.lib.common.rest_client [req-87311e9b-9c7a-449b-8d3e-b67d2106bbc4 req-87311e9b-9c7a-449b-8d3e-b67d2106bbc4 ] Request (HypervisorAdminTestJSON:tearDownClass): 204 DELETE http://10.180.1.21/identity/v3/users/63a1a862b18a4531939a7935c7defd0c 0.138s
2025-12-09 03:16:27.708 67211 INFO tempest.lib.common.rest_client [req-84fa801a-30a5-46bc-a516-afbc67e711c3 req-84fa801a-30a5-46bc-a516-afbc67e711c3 ] Request (FlavorsExtraSpecsTestJSON:test_flavor_non_admin_get_specific_key): 200 GET http://10.180.1.21/compute/v2.1/flavors/2039145351/os-extra_specs/hw:numa_nodes 5.217s
2025-12-09 03:16:27.735 67229 INFO tempest.lib.common.rest_client [req-1246a069-107e-4026-8d44-29eea4e63a87 req-1246a069-107e-4026-8d44-29eea4e63a87 ] Request (FlavorsAdminTestJSON:test_create_flavor_verify_entry_in_list_details): 200 GET http://10.180.1.21/compute/v2.1/flavors/detail 5.225s
2025-12-09 03:16:27.748 67177 INFO tempest.lib.common.rest_client [req-4cdb1ca0-10c5-4988-9a35-a22daff44aea req-4cdb1ca0-10c5-4988-9a35-a22daff44aea ] Request (FlavorsV255TestJSON:_run_cleanups): 202 DELETE http://10.180.1.21/compute/v2.1/flavors/1713207319 5.213s
2025-12-09 03:16:27.771 67181 INFO tempest.lib.common.rest_client [req-f428a9de-4210-4119-9f44-3fbc437a11c9 req-f428a9de-4210-4119-9f44-3fbc437a11c9 ] Request (FlavorsV261TestJSON:_run_cleanups): 200 GET http://10.180.1.21/compute/v2.1/flavors/detail 5.223s
2025-12-09 03:16:27.794 67235 INFO tempest.lib.common.rest_client [req-a9464689-7e7c-4b0d-8c4b-a5b07a555046 req-a9464689-7e7c-4b0d-8c4b-a5b07a555046 ] Request (FlavorsAccessTestJSON:test_flavor_access_add_remove): 200 GET http://10.180.1.21/compute/v2.1/flavors/detail 5.218s
2025-12-09 03:16:27.799 67222 INFO tempest.lib.common.rest_client [req-8fda00c0-812e-44e2-9fa4-c281977ea9e3 req-8fda00c0-812e-44e2-9fa4-c281977ea9e3 ] Request (HostsAdminNegativeTestJSON:test_shutdown_host_with_non_admin_user): 403 GET http://10.180.1.21/compute/v2.1/os-hosts/devstack/shutdown 5.211s
2025-12-09 03:16:27.813 67199 INFO tempest.lib.common.rest_client [req-3f85e0f2-1e2f-4f8a-b079-dba465fd0345 req-3f85e0f2-1e2f-4f8a-b079-dba465fd0345 ] Request (FloatingIPDetailsTestJSON:test_get_floating_ip_details): 200 POST http://10.180.1.21/compute/v2.1/os-floating-ips 5.450s
2025-12-09 03:16:27.813 67227 INFO tempest.lib.common.rest_client [req-68aa3c50-edf7-42d5-8439-0651d1c6210f req-68aa3c50-edf7-42d5-8439-0651d1c6210f ] Request (HypervisorAdminTestJSON:tearDownClass): 204 DELETE http://10.180.1.21/identity/v3/users/aa5e18c6f2ad459cb5934ac836b8c1e9 0.107s
2025-12-09 03:16:27.813 67227 INFO tempest.lib.common.dynamic_creds [-] Deleting project and security group for project: e2647b6c703b4c6193d115095ec2a7ee
2025-12-09 03:16:27.839 67191 INFO tempest.lib.common.rest_client [req-0c512eaa-717c-4fb2-ab6c-8e3862b3b49b req-0c512eaa-717c-4fb2-ab6c-8e3862b3b49b ] Request (ServersWithSpecificFlavorTestJSON:test_verify_created_server_ephemeral_disk): 200 POST http://10.180.1.21/compute/v2.1/flavors 5.218s
2025-12-09 03:16:27.870 67201 INFO tempest.lib.common.rest_client [req-fdc5b25b-317a-44d2-b3ea-de9c629d010f req-fdc5b25b-317a-44d2-b3ea-de9c629d010f ] Request (QuotaClassesAdminTestJSON:_run_cleanups): 200 PUT http://10.180.1.21/compute/v2.1/os-quota-class-sets/default 5.258s
2025-12-09 03:16:27.882 67223 INFO tempest.lib.common.rest_client [req-681089f7-6bb0-4fee-9c7c-d98475bb9223 req-681089f7-6bb0-4fee-9c7c-d98475bb9223 ] Request (KeyPairsV210TestJSON:test_admin_manage_keypairs_for_other_users): 200 GET http://10.180.1.21/compute/v2.1/os-keypairs/tempest-keypair-804645789?user_id=762fc5ae8e724b8f8f1038156615aef5 3.777s
2025-12-09 03:16:27.908 67227 INFO tempest.lib.common.rest_client [req-bb75144c-33eb-4815-8432-49453b8fe8c2 req-bb75144c-33eb-4815-8432-49453b8fe8c2 ] Request (HypervisorAdminTestJSON:tearDownClass): 201 POST http://10.180.1.21/identity/v3/auth/tokens 0.095s
2025-12-09 03:16:27.922 67193 INFO tempest.lib.common.rest_client [req-c61a8118-91d8-41bc-b31b-2eb61f46a6ac req-c61a8118-91d8-41bc-b31b-2eb61f46a6ac ] Request (ListImageFiltersTestJSON:setUpClass): 200 GET http://10.180.1.21/compute/v2.1/images/7649c86b-4260-411b-9a72-9840ed991c10 3.035s
2025-12-09 03:16:27.972 67181 INFO tempest.lib.common.rest_client [req-b27336c9-46bc-4c5f-86fd-f47a01a0e7bf req-b27336c9-46bc-4c5f-86fd-f47a01a0e7bf ] Request (FlavorsV261TestJSON:tearDownClass): 204 DELETE http://10.180.1.21/identity/v3/users/be3e8f53c08a4e7d9e78ce94520605fb 0.185s
2025-12-09 03:16:28.105 67203 INFO tempest.lib.common.rest_client [req-aae86901-b521-46f3-b9d9-3c6be6b93179 req-aae86901-b521-46f3-b9d9-3c6be6b93179 ] Request (ServerActionsTestOtherB:setUpClass): 200 POST http://10.180.1.21/compute/v2.1/os-keypairs 4.872s
2025-12-09 03:16:28.162 67205 INFO tempest.lib.common.rest_client [req-faff4e6e-0c34-4cf5-b5fb-15e685123cf9 req-faff4e6e-0c34-4cf5-b5fb-15e685123cf9 ] Request (QuotasAdminTestV257:test_get_updated_quotas): 200 GET http://10.180.1.21/identity/v3/domains?name=Default 0.225s
2025-12-09 03:16:28.196 67201 INFO tempest.lib.common.rest_client [req-16be9395-beeb-4dc9-888a-3e2eeb01f846 req-16be9395-beeb-4dc9-888a-3e2eeb01f846 ] Request (QuotaClassesAdminTestJSON:tearDownClass): 204 DELETE http://10.180.1.21/identity/v3/users/e8bdac1d2e574b408a640e964c489e2e 0.315s
2025-12-09 03:16:28.290 67181 INFO tempest.lib.common.rest_client [req-d1a990e9-e6e6-4e41-998c-8ff47354c212 req-d1a990e9-e6e6-4e41-998c-8ff47354c212 ] Request (FlavorsV261TestJSON:tearDownClass): 204 DELETE http://10.180.1.21/identity/v3/users/13a5fd6eee274f238a5f1a090332f8eb 0.318s
2025-12-09 03:16:28.291 67181 INFO tempest.lib.common.dynamic_creds [-] Deleting project and security group for project: 1f47f2cd008646a6ae5126acceb54a99
2025-12-09 03:16:28.341 67227 INFO tempest.lib.common.rest_client [req-ea8caff2-b3de-4735-851e-53d17855c742 req-ea8caff2-b3de-4735-851e-53d17855c742 ] Request (HypervisorAdminTestJSON:tearDownClass): 200 GET http://10.180.1.21/networking/v2.0/security-groups?tenant_id=e2647b6c703b4c6193d115095ec2a7ee&name=default 0.432s
2025-12-09 03:16:28.380 67205 INFO tempest.lib.common.rest_client [req-aa174893-1235-4b94-8212-01c155e86032 req-aa174893-1235-4b94-8212-01c155e86032 ] Request (QuotasAdminTestV257:test_get_updated_quotas): 201 POST http://10.180.1.21/identity/v3/projects 0.218s
2025-12-09 03:16:28.461 67181 INFO tempest.lib.common.rest_client [req-c703698f-4726-4936-bff4-c518fb9aaa52 req-c703698f-4726-4936-bff4-c518fb9aaa52 ] Request (FlavorsV261TestJSON:tearDownClass): 201 POST http://10.180.1.21/identity/v3/auth/tokens 0.170s
2025-12-09 03:16:28.484 67201 INFO tempest.lib.common.rest_client [req-d76d8a1c-674d-4e6c-886b-07407f4679e0 req-d76d8a1c-674d-4e6c-886b-07407f4679e0 ] Request (QuotaClassesAdminTestJSON:tearDownClass): 204 DELETE http://10.180.1.21/identity/v3/users/6061b3cd4c1547baa59d96258c49c782 0.288s
2025-12-09 03:16:28.484 67201 INFO tempest.lib.common.dynamic_creds [-] Deleting project and security group for project: 464b3f42acc44f0fa157a393765baa46
2025-12-09 03:16:28.545 67205 INFO tempest.lib.common.rest_client [req-1bab1ffa-8e1b-405e-be05-e31d3c39e50a req-1bab1ffa-8e1b-405e-be05-e31d3c39e50a ] Request (QuotasAdminTestV257:test_get_updated_quotas): 200 GET http://10.180.1.21/identity/v3/domains?name=Default 0.164s
2025-12-09 03:16:28.551 67203 INFO tempest.lib.common.rest_client [req-ea756086-ed8f-497a-ab7f-a51a339f6d41 req-ea756086-ed8f-497a-ab7f-a51a339f6d41 ] Request (ServerActionsTestOtherB:setUpClass): 201 POST http://10.180.1.21/networking/v2.0/security-groups 0.443s
2025-12-09 03:16:28.595 67227 INFO tempest.lib.common.rest_client [req-c51fc4c9-143d-44be-8121-55a836b62643 req-c51fc4c9-143d-44be-8121-55a836b62643 ] Request (HypervisorAdminTestJSON:tearDownClass): 204 DELETE http://10.180.1.21/networking/v2.0/security-groups/f0a46de6-29ea-40b6-92bc-3365afe9398d 0.254s
2025-12-09 03:16:28.607 67201 INFO tempest.lib.common.rest_client [req-e3218790-bf1b-490a-9f8d-1f628e4d3ef1 req-e3218790-bf1b-490a-9f8d-1f628e4d3ef1 ] Request (QuotaClassesAdminTestJSON:tearDownClass): 201 POST http://10.180.1.21/identity/v3/auth/tokens 0.122s
2025-12-09 03:16:28.673 67227 INFO tempest.lib.common.rest_client [req-eee7c4ae-cada-41c7-afd7-47d45f87c6d1 req-eee7c4ae-cada-41c7-afd7-47d45f87c6d1 ] Request (HypervisorAdminTestJSON:tearDownClass): 204 DELETE http://10.180.1.21/identity/v3/projects/e2647b6c703b4c6193d115095ec2a7ee 0.078s
2025-12-09 03:16:28.673 67227 INFO tempest.lib.common.dynamic_creds [-] Deleting project and security group for project: 8fa6bf154c4142f08b89d8c6e4110efc
2025-12-09 03:16:28.678 67231 INFO tempest.lib.common.rest_client [req-3f833785-e9a4-42fd-96f6-8cfc2b702f63 req-3f833785-e9a4-42fd-96f6-8cfc2b702f63 ] Request (ImagesMetadataTestJSON:setUpClass): 204 PUT http://10.180.1.21/image/v2/images/2eab0ffe-354c-4f8a-bb30-255aa17844aa/file 1.202s
2025-12-09 03:16:28.683 67213 INFO tempest.lib.common.rest_client [req-62a5bdb9-0d99-4126-801d-ccfbb2e72989 req-62a5bdb9-0d99-4126-801d-ccfbb2e72989 ] Request (ServersV294TestFqdnHostnames:setUpClass): 200 GET http://10.180.1.21/compute/v2.1/servers/22d96172-658f-475d-a308-7445ed6b5545 3.607s
2025-12-09 03:16:28.696 67213 INFO tempest.common.waiters [-] State transition "BUILD/spawning" ==> "ACTIVE/None" after 16 second wait
2025-12-09 03:16:28.774 67203 INFO tempest.lib.common.rest_client [req-31c9e8b5-aef1-47ed-92e5-a429f735851f req-31c9e8b5-aef1-47ed-92e5-a429f735851f ] Request (ServerActionsTestOtherB:setUpClass): 201 POST http://10.180.1.21/networking/v2.0/security-group-rules 0.223s
2025-12-09 03:16:28.872 67181 INFO tempest.lib.common.rest_client [req-896eec65-ddf1-4b4f-8779-17dd1a8363f9 req-896eec65-ddf1-4b4f-8779-17dd1a8363f9 ] Request (FlavorsV261TestJSON:tearDownClass): 200 GET http://10.180.1.21/networking/v2.0/security-groups?tenant_id=1f47f2cd008646a6ae5126acceb54a99&name=default 0.411s
2025-12-09 03:16:28.948 67201 INFO tempest.lib.common.rest_client [req-ba89b42d-2c65-45e0-8f59-f64a65e4cfa5 req-ba89b42d-2c65-45e0-8f59-f64a65e4cfa5 ] Request (QuotaClassesAdminTestJSON:tearDownClass): 200 GET http://10.180.1.21/networking/v2.0/security-groups?tenant_id=464b3f42acc44f0fa157a393765baa46&name=default 0.341s
2025-12-09 03:16:28.974 67239 INFO tempest.lib.common.rest_client [req-0da0b136-8be4-4d06-b0f6-6601916c8e99 req-0da0b136-8be4-4d06-b0f6-6601916c8e99 ] Request (VolumesAssistedSnapshotsTest:test_volume_assisted_snapshot_create_delete): 200 GET http://10.180.1.21/compute/v2.1/servers/dda141b7-80c9-44c6-aa8a-d84d4cd3eeaa 2.749s
2025-12-09 03:16:28.985 67227 INFO tempest.lib.common.rest_client [req-3cdd5f6b-03cc-441f-ad1f-0a1aea63c715 req-3cdd5f6b-03cc-441f-ad1f-0a1aea63c715 ] Request (HypervisorAdminTestJSON:tearDownClass): 200 GET http://10.180.1.21/networking/v2.0/security-groups?tenant_id=8fa6bf154c4142f08b89d8c6e4110efc&name=default 0.311s
2025-12-09 03:16:29.061 67203 INFO tempest.lib.common.rest_client [req-971222a8-457b-4d5f-b743-5fc0e64a9e3d req-971222a8-457b-4d5f-b743-5fc0e64a9e3d ] Request (ServerActionsTestOtherB:setUpClass): 201 POST http://10.180.1.21/networking/v2.0/security-group-rules 0.286s
2025-12-09 03:16:29.092 67181 INFO tempest.lib.common.rest_client [req-91970835-2eaf-4fbe-a87d-7f9ed666b4fd req-91970835-2eaf-4fbe-a87d-7f9ed666b4fd ] Request (FlavorsV261TestJSON:tearDownClass): 204 DELETE http://10.180.1.21/networking/v2.0/security-groups/61228020-0e15-4bcf-8d6e-6129b70dc022 0.219s
2025-12-09 03:16:29.141 67233 INFO tempest.lib.common.rest_client [req-fbeaa972-53ec-48aa-a6d9-258af768c446 req-fbeaa972-53ec-48aa-a6d9-258af768c446 ] Request (AbsoluteLimitsTestJSON:test_absLimits_get): 200 GET http://10.180.1.21/compute/v2.1/limits 2.487s
2025-12-09 03:16:29.165 67181 INFO tempest.lib.common.rest_client [req-4a9d813c-6994-4920-bc27-36bd01ea0b9e req-4a9d813c-6994-4920-bc27-36bd01ea0b9e ] Request (FlavorsV261TestJSON:tearDownClass): 204 DELETE http://10.180.1.21/identity/v3/projects/1f47f2cd008646a6ae5126acceb54a99 0.072s
2025-12-09 03:16:29.165 67181 INFO tempest.lib.common.dynamic_creds [-] Deleting project and security group for project: 32ac34c01a8a4253b960b3b7853d2290
2025-12-09 03:16:29.193 67201 INFO tempest.lib.common.rest_client [req-3ce03e71-a1ac-4111-ba7e-f02acd170dce req-3ce03e71-a1ac-4111-ba7e-f02acd170dce ] Request (QuotaClassesAdminTestJSON:tearDownClass): 204 DELETE http://10.180.1.21/networking/v2.0/security-groups/200189d9-017f-4f4a-87d2-5a4654d5e79d 0.244s
2025-12-09 03:16:29.267 67233 INFO tempest.lib.common.rest_client [req-08032b7e-168e-4757-802c-bbe02faa1eab req-08032b7e-168e-4757-802c-bbe02faa1eab ] Request (AbsoluteLimitsTestJSON:tearDownClass): 204 DELETE http://10.180.1.21/identity/v3/users/a87022446ce34bab9fc5e5ee992f6c3e 0.120s
2025-12-09 03:16:29.267 67233 INFO tempest.lib.common.dynamic_creds [-] Deleting project and security group for project: d1cbe404703e47209eda7e380b6589c4
2025-12-09 03:16:29.281 67227 INFO tempest.lib.common.rest_client [req-8deda47b-db6a-409f-aeb2-df4593aa5a72 req-8deda47b-db6a-409f-aeb2-df4593aa5a72 ] Request (HypervisorAdminTestJSON:tearDownClass): 204 DELETE http://10.180.1.21/networking/v2.0/security-groups/6f42ea2c-74b5-45aa-bf89-5ad55ebceec4 0.296s
2025-12-09 03:16:29.332 67233 INFO tempest.lib.common.rest_client [req-5fb5f312-e45f-4e3d-8e0a-2b1bb6b0919b req-5fb5f312-e45f-4e3d-8e0a-2b1bb6b0919b ] Request (AbsoluteLimitsTestJSON:tearDownClass): 201 POST http://10.180.1.21/identity/v3/auth/tokens 0.065s
2025-12-09 03:16:29.342 67201 INFO tempest.lib.common.rest_client [req-0df83641-cce9-4fc2-adde-e0a5eb925645 req-0df83641-cce9-4fc2-adde-e0a5eb925645 ] Request (QuotaClassesAdminTestJSON:tearDownClass): 204 DELETE http://10.180.1.21/identity/v3/projects/464b3f42acc44f0fa157a393765baa46 0.148s
2025-12-09 03:16:29.342 67201 INFO tempest.lib.common.dynamic_creds [-] Deleting project and security group for project: 50fc96f6431248fd812fbf277f1e892a
2025-12-09 03:16:29.429 67227 INFO tempest.lib.common.rest_client [req-d8790bd0-16bf-4b11-b3a9-f488f49dc1e3 req-d8790bd0-16bf-4b11-b3a9-f488f49dc1e3 ] Request (HypervisorAdminTestJSON:tearDownClass): 204 DELETE http://10.180.1.21/identity/v3/projects/8fa6bf154c4142f08b89d8c6e4110efc 0.147s
2025-12-09 03:16:29.488 67227 INFO tempest.lib.common.rest_client [req-1e315372-54fd-4d51-b0bf-ec80f72fc7d0 req-1e315372-54fd-4d51-b0bf-ec80f72fc7d0 ] Request (InstanceUsageAuditLogTestJSON:setUpClass): 201 POST http://10.180.1.21/identity/v3/auth/tokens 0.057s
2025-12-09 03:16:29.523 67227 INFO tempest.lib.common.rest_client [req-f0525061-7615-4269-a6ee-f8af9eb78547 req-f0525061-7615-4269-a6ee-f8af9eb78547 ] Request (InstanceUsageAuditLogTestJSON:setUpClass): 201 POST http://10.180.1.21/identity/v3/auth/tokens 0.031s
2025-12-09 03:16:29.549 67227 INFO tempest.lib.common.rest_client [req-7039afbd-2dd7-48f6-b43e-b0a537584163 req-7039afbd-2dd7-48f6-b43e-b0a537584163 ] Request (InstanceUsageAuditLogTestJSON:setUpClass): 200 GET http://10.180.1.21/identity/v3/domains?name=Default 0.025s
2025-12-09 03:16:29.579 67227 INFO tempest.lib.common.rest_client [req-c8448269-4302-4a1b-8aa0-0564d7f57d21 req-c8448269-4302-4a1b-8aa0-0564d7f57d21 ] Request (InstanceUsageAuditLogTestJSON:setUpClass): 201 POST http://10.180.1.21/identity/v3/projects 0.030s
2025-12-09 03:16:29.637 67227 INFO tempest.lib.common.rest_client [req-884568e5-aca2-46a8-b63a-e4ef35aef189 req-884568e5-aca2-46a8-b63a-e4ef35aef189 ] Request (InstanceUsageAuditLogTestJSON:setUpClass): 201 POST http://10.180.1.21/identity/v3/users 0.057s
2025-12-09 03:16:29.660 67227 INFO tempest.lib.common.rest_client [req-1e40eb2b-9bb4-40b1-a1fa-27f1db0bf884 req-1e40eb2b-9bb4-40b1-a1fa-27f1db0bf884 ] Request (InstanceUsageAuditLogTestJSON:setUpClass): 200 GET http://10.180.1.21/identity/v3/roles 0.022s
2025-12-09 03:16:29.660 67203 INFO tempest.lib.common.rest_client [req-4e3931e5-8dc3-4fce-9ebb-c72cb8a13fc3 req-4e3931e5-8dc3-4fce-9ebb-c72cb8a13fc3 ] Request (ServerActionsTestOtherB:setUpClass): 201 POST http://10.180.1.21/networking/v2.0/floatingips 0.598s
2025-12-09 03:16:29.687 67227 INFO tempest.lib.common.rest_client [req-3a2dedd9-d446-4b7b-9b1b-725ef1dd0c27 req-3a2dedd9-d446-4b7b-9b1b-725ef1dd0c27 ] Request (InstanceUsageAuditLogTestJSON:setUpClass): 204 PUT http://10.180.1.21/identity/v3/projects/8b2186fc92fc4c17a0f406a4379b14f5/users/7873367f58ae49f1944254d2c6a8caac/roles/e4be7192b8ac401fb4f56f650e3e5b0d 0.027s
2025-12-09 03:16:29.687 67227 INFO tempest.lib.common.dynamic_creds [-] Dynamic test user 7873367f58ae49f1944254d2c6a8caac is created with scope project and roles: ['member']
2025-12-09 03:16:29.687 67227 INFO tempest.lib.common.dynamic_creds [-] Acquired dynamic creds: credentials: Credentials: {'domain_id': 'default', 'domain_name': 'Default', 'username': 'tempest-InstanceUsageAuditLogTestJSON-142308735-project-member', 'project_domain_id': 'default', 'project_domain_name': 'Default', 'project_id': '8b2186fc92fc4c17a0f406a4379b14f5', 'project_name': 'tempest-InstanceUsageAuditLogTestJSON-142308735', 'tenant_id': '8b2186fc92fc4c17a0f406a4379b14f5', 'tenant_name': 'tempest-InstanceUsageAuditLogTestJSON-142308735', 'user_domain_id': 'default', 'user_domain_name': 'Default', 'user_id': '7873367f58ae49f1944254d2c6a8caac', 'system': None}, Network: None, Subnet: None, Router: None
2025-12-09 03:16:29.687 67227 INFO tempest.lib.common.dynamic_creds [-] Created isolated network resources for: credentials: Credentials: {'domain_id': 'default', 'domain_name': 'Default', 'username': 'tempest-InstanceUsageAuditLogTestJSON-142308735-project-member', 'project_domain_id': 'default', 'project_domain_name': 'Default', 'project_id': '8b2186fc92fc4c17a0f406a4379b14f5', 'project_name': 'tempest-InstanceUsageAuditLogTestJSON-142308735', 'tenant_id': '8b2186fc92fc4c17a0f406a4379b14f5', 'tenant_name': 'tempest-InstanceUsageAuditLogTestJSON-142308735', 'user_domain_id': 'default', 'user_domain_name': 'Default', 'user_id': '7873367f58ae49f1944254d2c6a8caac', 'system': None}, Network: None, Subnet: None, Router: None
2025-12-09 03:16:29.725 67203 INFO tempest.lib.common.rest_client [req-bc7d86ef-aa9d-4c92-84c1-3f45b5972948 req-bc7d86ef-aa9d-4c92-84c1-3f45b5972948 ] Request (ServerActionsTestOtherB:setUpClass): 201 POST http://10.180.1.21/identity/v3/auth/tokens 0.062s
2025-12-09 03:16:29.725 67203 INFO tempest.lib.common.fixed_network [-] (ServerActionsTestOtherB:setUpClass) Found network {'id': '9d546a18-7cef-4581-8295-bd93e6fd552b', 'name': 'tempest-ServerActionsTestOtherB-1141679179-network', 'tenant_id': 'f1f843d44ddf4372bcd74b0c51f98bdd', 'project_id': 'f1f843d44ddf4372bcd74b0c51f98bdd', 'admin_state_up': True, 'mtu': 8950, 'status': 'ACTIVE', 'subnets': [], 'shared': False, 'port_security_enabled': True, 'router:external': False, 'provider:network_type': 'vlan', 'provider:physical_network': 'default', 'provider:segmentation_id': 791, 'availability_zone_hints': [], 'availability_zones': [], 'ipv4_address_scope': None, 'ipv6_address_scope': None, 'description': '', 'tags': [], 'created_at': '2025-12-09T03:16:19Z', 'updated_at': '2025-12-09T03:16:19Z', 'revision_number': 1} available for tenant
2025-12-09 03:16:29.767 67227 INFO tempest.lib.common.rest_client [req-9b5c6c8d-b1c3-4596-81d0-f46fe05d3e28 req-9b5c6c8d-b1c3-4596-81d0-f46fe05d3e28 ] Request (InstanceUsageAuditLogTestJSON:setUpClass): 201 POST http://10.180.1.21/identity/v3/auth/tokens 0.075s
2025-12-09 03:16:29.811 67181 INFO tempest.lib.common.rest_client [req-debe7fb2-ff25-42fd-9818-47ed510cdf73 req-debe7fb2-ff25-42fd-9818-47ed510cdf73 ] Request (FlavorsV261TestJSON:tearDownClass): 200 GET http://10.180.1.21/networking/v2.0/security-groups?tenant_id=32ac34c01a8a4253b960b3b7853d2290&name=default 0.644s
2025-12-09 03:16:29.836 67227 INFO tempest.lib.common.rest_client [req-260b76d1-800d-4ce3-95ac-600448589b91 req-260b76d1-800d-4ce3-95ac-600448589b91 ] Request (InstanceUsageAuditLogTestJSON:setUpClass): 201 POST http://10.180.1.21/identity/v3/projects 0.068s
2025-12-09 03:16:29.896 67227 INFO tempest.lib.common.rest_client [req-7442ba7a-3d07-4a1f-a775-879a20705ff8 req-7442ba7a-3d07-4a1f-a775-879a20705ff8 ] Request (InstanceUsageAuditLogTestJSON:setUpClass): 201 POST http://10.180.1.21/identity/v3/users 0.059s
2025-12-09 03:16:29.918 67227 INFO tempest.lib.common.rest_client [req-19e1c09b-24a4-4b2d-a2eb-e1b655a3f6c6 req-19e1c09b-24a4-4b2d-a2eb-e1b655a3f6c6 ] Request (InstanceUsageAuditLogTestJSON:setUpClass): 200 GET http://10.180.1.21/identity/v3/roles 0.021s
2025-12-09 03:16:29.947 67227 INFO tempest.lib.common.rest_client [req-22ffd22d-0e18-4546-a59a-d20a165cf02d req-22ffd22d-0e18-4546-a59a-d20a165cf02d ] Request (InstanceUsageAuditLogTestJSON:setUpClass): 204 PUT http://10.180.1.21/identity/v3/projects/d10e39aa3f354c3e967c4cc83ffa53c7/users/fc6a9bb4fc9a4554aeea8eb3a01f3bb9/roles/a27ed70857d74db782db9467ae06f9a2 0.029s
2025-12-09 03:16:30.003 67233 INFO tempest.lib.common.rest_client [req-2742d1a7-87da-40e9-8efe-9e55cee106b1 req-2742d1a7-87da-40e9-8efe-9e55cee106b1 ] Request (AbsoluteLimitsTestJSON:tearDownClass): 200 GET http://10.180.1.21/networking/v2.0/security-groups?tenant_id=d1cbe404703e47209eda7e380b6589c4&name=default 0.671s
2025-12-09 03:16:30.011 67227 INFO tempest.lib.common.rest_client [req-2218bf90-d476-47aa-ac69-0ec42084f91a req-2218bf90-d476-47aa-ac69-0ec42084f91a ] Request (InstanceUsageAuditLogTestJSON:setUpClass): 200 GET http://10.180.1.21/identity/v3/roles 0.064s
2025-12-09 03:16:30.039 67227 INFO tempest.lib.common.rest_client [req-49722729-bbb1-4187-9c37-ce128f98b250 req-49722729-bbb1-4187-9c37-ce128f98b250 ] Request (InstanceUsageAuditLogTestJSON:setUpClass): 204 PUT http://10.180.1.21/identity/v3/projects/d10e39aa3f354c3e967c4cc83ffa53c7/users/fc6a9bb4fc9a4554aeea8eb3a01f3bb9/roles/a27ed70857d74db782db9467ae06f9a2 0.027s
2025-12-09 03:16:30.040 67227 INFO tempest.lib.common.dynamic_creds [-] Dynamic test user fc6a9bb4fc9a4554aeea8eb3a01f3bb9 is created with scope project and roles: ['admin']
2025-12-09 03:16:30.040 67227 INFO tempest.lib.common.dynamic_creds [-] Acquired dynamic creds: credentials: Credentials: {'domain_id': 'default', 'domain_name': 'Default', 'username': 'tempest-InstanceUsageAuditLogTestJSON-595057118-project-admin', 'project_domain_id': 'default', 'project_domain_name': 'Default', 'project_id': 'd10e39aa3f354c3e967c4cc83ffa53c7', 'project_name': 'tempest-InstanceUsageAuditLogTestJSON-595057118', 'tenant_id': 'd10e39aa3f354c3e967c4cc83ffa53c7', 'tenant_name': 'tempest-InstanceUsageAuditLogTestJSON-595057118', 'user_domain_id': 'default', 'user_domain_name': 'Default', 'user_id': 'fc6a9bb4fc9a4554aeea8eb3a01f3bb9', 'system': None}, Network: None, Subnet: None, Router: None
2025-12-09 03:16:30.040 67227 INFO tempest.lib.common.dynamic_creds [-] Created isolated network resources for: credentials: Credentials: {'domain_id': 'default', 'domain_name': 'Default', 'username': 'tempest-InstanceUsageAuditLogTestJSON-595057118-project-admin', 'project_domain_id': 'default', 'project_domain_name': 'Default', 'project_id': 'd10e39aa3f354c3e967c4cc83ffa53c7', 'project_name': 'tempest-InstanceUsageAuditLogTestJSON-595057118', 'tenant_id': 'd10e39aa3f354c3e967c4cc83ffa53c7', 'tenant_name': 'tempest-InstanceUsageAuditLogTestJSON-595057118', 'user_domain_id': 'default', 'user_domain_name': 'Default', 'user_id': 'fc6a9bb4fc9a4554aeea8eb3a01f3bb9', 'system': None}, Network: None, Subnet: None, Router: None
2025-12-09 03:16:30.155 67201 INFO tempest.lib.common.rest_client [req-95952acd-56ed-44ec-b091-d106106abc63 req-95952acd-56ed-44ec-b091-d106106abc63 ] Request (QuotaClassesAdminTestJSON:tearDownClass): 200 GET http://10.180.1.21/networking/v2.0/security-groups?tenant_id=50fc96f6431248fd812fbf277f1e892a&name=default 0.812s
2025-12-09 03:16:30.165 67227 INFO tempest.lib.common.rest_client [req-c3ed132c-97a1-4399-8e9f-efc80cae9671 req-c3ed132c-97a1-4399-8e9f-efc80cae9671 ] Request (InstanceUsageAuditLogTestJSON:setUpClass): 201 POST http://10.180.1.21/identity/v3/auth/tokens 0.122s
2025-12-09 03:16:30.328 67217 INFO tempest.lib.common.rest_client [req-cc794da6-2d8c-4cb5-87d9-58d1968ecf38 req-cc794da6-2d8c-4cb5-87d9-58d1968ecf38 ] Request (ServerPasswordTestJSON:setUpClass): 202 POST http://10.180.1.21/compute/v2.1/servers 4.885s
2025-12-09 03:16:30.351 67181 INFO tempest.lib.common.rest_client [req-2de59d64-ba01-4644-a3a4-418d923c0daf req-2de59d64-ba01-4644-a3a4-418d923c0daf ] Request (FlavorsV261TestJSON:tearDownClass): 204 DELETE http://10.180.1.21/networking/v2.0/security-groups/26d1804b-9f58-48c4-8690-481aa57595a0 0.540s
2025-12-09 03:16:30.388 67209 INFO tempest.lib.common.rest_client [req-740ae782-a292-4164-9294-c90d326af604 req-740ae782-a292-4164-9294-c90d326af604 ] Request (DeleteServersAdminTestJSON:test_admin_delete_servers_of_others): 200 GET http://10.180.1.21/compute/v2.1/servers/09d1d0f3-dabf-4f6c-9194-31f86fd5ca0f 3.674s
2025-12-09 03:16:30.463 67181 INFO tempest.lib.common.rest_client [req-fb6d8771-dcbf-4087-af23-6fd3ce231e16 req-fb6d8771-dcbf-4087-af23-6fd3ce231e16 ] Request (FlavorsV261TestJSON:tearDownClass): 204 DELETE http://10.180.1.21/identity/v3/projects/32ac34c01a8a4253b960b3b7853d2290 0.112s
2025-12-09 03:16:30.473 67233 INFO tempest.lib.common.rest_client [req-73cd23c9-978a-44c9-b56c-f8136438b0b1 req-73cd23c9-978a-44c9-b56c-f8136438b0b1 ] Request (AbsoluteLimitsTestJSON:tearDownClass): 204 DELETE http://10.180.1.21/networking/v2.0/security-groups/c35df271-15dc-4859-bebb-f8cd5fff083b 0.469s
2025-12-09 03:16:30.491 67183 INFO tempest.lib.common.rest_client [req-6f659c17-f0ac-44aa-9e92-379d18f3a03d req-6f659c17-f0ac-44aa-9e92-379d18f3a03d ] Request (HostsAdminTestJSON:test_list_hosts): 200 GET http://10.180.1.21/compute/v2.1/os-hosts 3.489s
2025-12-09 03:16:30.544 67181 INFO tempest.lib.common.rest_client [req-73ccbc2e-1d52-4a5d-a33c-7bffacdc882a req-73ccbc2e-1d52-4a5d-a33c-7bffacdc882a ] Request (FloatingIPsNegativeTestJSON:setUpClass): 201 POST http://10.180.1.21/identity/v3/auth/tokens 0.078s
2025-12-09 03:16:30.567 67201 INFO tempest.lib.common.rest_client [req-280ccd19-44a3-4cb4-abbe-3118f1878d41 req-280ccd19-44a3-4cb4-abbe-3118f1878d41 ] Request (QuotaClassesAdminTestJSON:tearDownClass): 204 DELETE http://10.180.1.21/networking/v2.0/security-groups/7d413c19-f850-4910-a992-585497cf4ae8 0.412s
2025-12-09 03:16:30.588 67233 INFO tempest.lib.common.rest_client [req-753d5a7a-f9f8-46a8-be15-0b7392876949 req-753d5a7a-f9f8-46a8-be15-0b7392876949 ] Request (AbsoluteLimitsTestJSON:tearDownClass): 204 DELETE http://10.180.1.21/identity/v3/projects/d1cbe404703e47209eda7e380b6589c4 0.114s
2025-12-09 03:16:30.614 67181 INFO tempest.lib.common.rest_client [req-2169e46e-3545-4246-a057-21078aa38ca4 req-2169e46e-3545-4246-a057-21078aa38ca4 ] Request (FloatingIPsNegativeTestJSON:setUpClass): 201 POST http://10.180.1.21/identity/v3/auth/tokens 0.066s
2025-12-09 03:16:30.641 67233 INFO tempest.lib.common.rest_client [req-44260076-b6b8-4b7b-8e67-b8e3dfb98f80 req-44260076-b6b8-4b7b-8e67-b8e3dfb98f80 ] Request (ServersTestBootFromVolume:setUpClass): 201 POST http://10.180.1.21/identity/v3/auth/tokens 0.051s
2025-12-09 03:16:30.667 67189 INFO tempest.lib.common.rest_client [req-0b3b09b1-5612-489a-a1d4-478eedc0c8e1 req-0b3b09b1-5612-489a-a1d4-478eedc0c8e1 ] Request (ServerDiagnosticsV248Test:test_get_server_diagnostics): 200 GET http://10.180.1.21/compute/v2.1/servers/37467f0b-f286-4f94-adeb-ca609ddae2ed 3.333s
2025-12-09 03:16:30.672 67181 INFO tempest.lib.common.rest_client [req-eb958d36-efe1-405d-a800-068b0b0c0f8c req-eb958d36-efe1-405d-a800-068b0b0c0f8c ] Request (FloatingIPsNegativeTestJSON:setUpClass): 200 GET http://10.180.1.21/identity/v3/domains?name=Default 0.057s
2025-12-09 03:16:30.682 67189 INFO tempest.common.waiters [-] State transition "BUILD/None" ==> "BUILD/spawning" after 4 second wait
2025-12-09 03:16:30.702 67201 INFO tempest.lib.common.rest_client [req-8b647c89-3e63-4343-9793-e77903adfce7 req-8b647c89-3e63-4343-9793-e77903adfce7 ] Request (QuotaClassesAdminTestJSON:tearDownClass): 204 DELETE http://10.180.1.21/identity/v3/projects/50fc96f6431248fd812fbf277f1e892a 0.134s
2025-12-09 03:16:30.728 67215 INFO tempest.lib.common.rest_client [req-e6a80c55-4070-4f53-ae84-02df5b3132fd req-e6a80c55-4070-4f53-ae84-02df5b3132fd ] Request (ServerDiagnosticsNegativeTest:test_get_server_diagnostics_by_non_admin): 200 GET http://10.180.1.21/compute/v2.1/servers/ea96d77f-6412-4ed3-8a1f-9e253540de31 3.556s
2025-12-09 03:16:30.742 67215 INFO tempest.common.waiters [-] State transition "BUILD/spawning" ==> "ACTIVE/None" after 18 second wait
2025-12-09 03:16:30.750 67233 INFO tempest.lib.common.rest_client [req-090ff817-e298-49e2-b927-684041d0b7af req-090ff817-e298-49e2-b927-684041d0b7af ] Request (ServersTestBootFromVolume:setUpClass): 201 POST http://10.180.1.21/identity/v3/auth/tokens 0.107s
2025-12-09 03:16:30.780 67201 INFO tempest.lib.common.rest_client [req-93b9dedc-5cc2-4ac7-94b5-411778ffbca8 req-93b9dedc-5cc2-4ac7-94b5-411778ffbca8 ] Request (QuotasSecurityGroupAdminNegativeTest:setUpClass): 201 POST http://10.180.1.21/identity/v3/auth/tokens 0.075s
2025-12-09 03:16:30.785 67181 INFO tempest.lib.common.rest_client [req-c50c0a39-c5a0-4158-816d-10f770948818 req-c50c0a39-c5a0-4158-816d-10f770948818 ] Request (FloatingIPsNegativeTestJSON:setUpClass): 201 POST http://10.180.1.21/identity/v3/projects 0.112s
2025-12-09 03:16:30.839 67233 INFO tempest.lib.common.rest_client [req-4411405f-9d79-4fa6-b800-0c6f2880474c req-4411405f-9d79-4fa6-b800-0c6f2880474c ] Request (ServersTestBootFromVolume:setUpClass): 200 GET http://10.180.1.21/identity/v3/domains?name=Default 0.088s
2025-12-09 03:16:30.861 67201 INFO tempest.lib.common.rest_client [req-18b91ea1-b326-4b11-bea6-141ebac7fe71 req-18b91ea1-b326-4b11-bea6-141ebac7fe71 ] Request (QuotasSecurityGroupAdminNegativeTest:setUpClass): 201 POST http://10.180.1.21/identity/v3/auth/tokens 0.078s
2025-12-09 03:16:30.866 67181 INFO tempest.lib.common.rest_client [req-ee7310e7-1d77-4c2f-8761-1bf49d31d0dd req-ee7310e7-1d77-4c2f-8761-1bf49d31d0dd ] Request (FloatingIPsNegativeTestJSON:setUpClass): 201 POST http://10.180.1.21/identity/v3/users 0.080s
2025-12-09 03:16:30.877 67185 INFO tempest.lib.common.rest_client [req-8325094f-bbfe-4c73-b9ca-80fad836b04d req-8325094f-bbfe-4c73-b9ca-80fad836b04d ] Request (ServersTestMultiNic:test_verify_duplicate_network_nics): 200 GET http://10.180.1.21/compute/v2.1/servers/cd98fa07-dbb3-47d8-a3f4-be140297c14f 3.311s
2025-12-09 03:16:30.894 67201 INFO tempest.lib.common.rest_client [req-e434b2b4-6c8a-41e5-a402-7996f6ffe9a1 req-e434b2b4-6c8a-41e5-a402-7996f6ffe9a1 ] Request (QuotasSecurityGroupAdminNegativeTest:setUpClass): 200 GET http://10.180.1.21/identity/v3/domains?name=Default 0.033s
2025-12-09 03:16:30.902 67233 INFO tempest.lib.common.rest_client [req-12ef83c4-80d0-4868-b2fc-9e047d171f61 req-12ef83c4-80d0-4868-b2fc-9e047d171f61 ] Request (ServersTestBootFromVolume:setUpClass): 201 POST http://10.180.1.21/identity/v3/projects 0.062s
2025-12-09 03:16:30.949 67181 INFO tempest.lib.common.rest_client [req-006410c8-603c-4b97-91b5-d44f89fcc476 req-006410c8-603c-4b97-91b5-d44f89fcc476 ] Request (FloatingIPsNegativeTestJSON:setUpClass): 200 GET http://10.180.1.21/identity/v3/roles 0.082s
2025-12-09 03:16:30.976 67201 INFO tempest.lib.common.rest_client [req-54531978-8435-4b2b-a44d-74ce2e597655 req-54531978-8435-4b2b-a44d-74ce2e597655 ] Request (QuotasSecurityGroupAdminNegativeTest:setUpClass): 201 POST http://10.180.1.21/identity/v3/projects 0.080s
2025-12-09 03:16:30.978 67233 INFO tempest.lib.common.rest_client [req-92a054d0-61b4-43e6-babf-c65003a4ac5e req-92a054d0-61b4-43e6-babf-c65003a4ac5e ] Request (ServersTestBootFromVolume:setUpClass): 201 POST http://10.180.1.21/identity/v3/users 0.076s
2025-12-09 03:16:31.027 67197 INFO tempest.lib.common.rest_client [req-86801e2e-9699-4eeb-aaa1-5baecca683aa req-86801e2e-9699-4eeb-aaa1-5baecca683aa ] Request (ImagesTestJSON:test_create_image_from_stopped_server): 200 GET http://10.180.1.21/compute/v2.1/servers/fb9dce29-5292-484e-8894-2e7cde5661e0 3.423s
2025-12-09 03:16:31.057 67237 INFO tempest.lib.common.rest_client [req-b4e199bd-3a98-4adc-b4dd-b224db00dffd req-b4e199bd-3a98-4adc-b4dd-b224db00dffd ] Request (AggregatesAdminNegativeTestJSON:_run_cleanups): 200 DELETE http://10.180.1.21/compute/v2.1/os-aggregates/1 3.359s
2025-12-09 03:16:31.057 67201 INFO tempest.lib.common.rest_client [req-b298afd7-b6da-4abf-ba88-d211704abed0 req-b298afd7-b6da-4abf-ba88-d211704abed0 ] Request (QuotasSecurityGroupAdminNegativeTest:setUpClass): 201 POST http://10.180.1.21/identity/v3/users 0.081s
2025-12-09 03:16:31.067 67181 INFO tempest.lib.common.rest_client [req-4a21e66a-0f67-4a49-bc06-8b3b8dd161bd req-4a21e66a-0f67-4a49-bc06-8b3b8dd161bd ] Request (FloatingIPsNegativeTestJSON:setUpClass): 204 PUT http://10.180.1.21/identity/v3/projects/6c96920935e941dbb980a288fab03662/users/e3c160a5828042e98634879c0495b531/roles/e4be7192b8ac401fb4f56f650e3e5b0d 0.117s
2025-12-09 03:16:31.067 67181 INFO tempest.lib.common.dynamic_creds [-] Dynamic test user e3c160a5828042e98634879c0495b531 is created with scope project and roles: ['member']
2025-12-09 03:16:31.067 67181 INFO tempest.lib.common.dynamic_creds [-] Acquired dynamic creds: credentials: Credentials: {'domain_id': 'default', 'domain_name': 'Default', 'username': 'tempest-FloatingIPsNegativeTestJSON-46190760-project-member', 'project_domain_id': 'default', 'project_domain_name': 'Default', 'project_id': '6c96920935e941dbb980a288fab03662', 'project_name': 'tempest-FloatingIPsNegativeTestJSON-46190760', 'tenant_id': '6c96920935e941dbb980a288fab03662', 'tenant_name': 'tempest-FloatingIPsNegativeTestJSON-46190760', 'user_domain_id': 'default', 'user_domain_name': 'Default', 'user_id': 'e3c160a5828042e98634879c0495b531', 'system': None}, Network: None, Subnet: None, Router: None
2025-12-09 03:16:31.090 67211 INFO tempest.lib.common.rest_client [req-14cc235b-7294-4600-b47f-6b0391598669 req-14cc235b-7294-4600-b47f-6b0391598669 ] Request (FlavorsExtraSpecsTestJSON:test_flavor_set_get_update_show_unset_keys): 200 POST http://10.180.1.21/compute/v2.1/flavors/2039145351/os-extra_specs 3.379s
2025-12-09 03:16:31.117 67229 INFO tempest.lib.common.rest_client [req-3c55ae89-0427-4cf7-9082-2ba85554d01a req-3c55ae89-0427-4cf7-9082-2ba85554d01a ] Request (FlavorsAdminTestJSON:_run_cleanups): 202 DELETE http://10.180.1.21/compute/v2.1/flavors/1159440360 3.377s
2025-12-09 03:16:31.140 67233 INFO tempest.lib.common.rest_client [req-f912af6d-428e-4dc6-86b5-04597672ae3d req-f912af6d-428e-4dc6-86b5-04597672ae3d ] Request (ServersTestBootFromVolume:setUpClass): 200 GET http://10.180.1.21/identity/v3/roles 0.161s
2025-12-09 03:16:31.141 67177 INFO tempest.lib.common.rest_client [req-c0db7e3f-76e6-404a-aa92-66283f727c03 req-c0db7e3f-76e6-404a-aa92-66283f727c03 ] Request (FlavorsV255TestJSON:_run_cleanups): 200 GET http://10.180.1.21/compute/v2.1/flavors/detail 3.391s
2025-12-09 03:16:31.147 67201 INFO tempest.lib.common.rest_client [req-59e46d56-6580-485f-abb2-91674e930dae req-59e46d56-6580-485f-abb2-91674e930dae ] Request (QuotasSecurityGroupAdminNegativeTest:setUpClass): 200 GET http://10.180.1.21/identity/v3/roles 0.089s
2025-12-09 03:16:31.160 67235 INFO tempest.lib.common.rest_client [req-e9c9a1ad-e9c8-4036-bb91-0d565520e6d0 req-e9c9a1ad-e9c8-4036-bb91-0d565520e6d0 ] Request (FlavorsAccessTestJSON:_run_cleanups): 202 DELETE http://10.180.1.21/compute/v2.1/flavors/1380272831 3.360s
2025-12-09 03:16:31.167 67181 INFO tempest.lib.common.rest_client [req-f319c2f4-d4ff-4b76-870b-94ec713bef8b req-f319c2f4-d4ff-4b76-870b-94ec713bef8b ] Request (FloatingIPsNegativeTestJSON:setUpClass): 201 POST http://10.180.1.21/identity/v3/auth/tokens 0.099s
