2025-12-09 03:17:32.570 67217 INFO tempest.lib.common.dynamic_creds [-] Acquired dynamic creds: credentials: Credentials: {'domain_id': 'default', 'domain_name': 'Default', 'username': 'tempest-ServersListShow2100Test-520922948-project-member', 'project_domain_id': 'default', 'project_domain_name': 'Default', 'project_id': 'b0823638eb51406d8ace24cfeac8dc4c', 'project_name': 'tempest-ServersListShow2100Test-520922948', 'tenant_id': 'b0823638eb51406d8ace24cfeac8dc4c', 'tenant_name': 'tempest-ServersListShow2100Test-520922948', 'user_domain_id': 'default', 'user_domain_name': 'Default', 'user_id': 'be61850c9dd4486e8a4f535da96c0f47', 'system': None}, Network: None, Subnet: None, Router: None
2025-12-09 03:17:32.570 67217 INFO tempest.lib.common.dynamic_creds [-] Created isolated network resources for: credentials: Credentials: {'domain_id': 'default', 'domain_name': 'Default', 'username': 'tempest-ServersListShow2100Test-520922948-project-member', 'project_domain_id': 'default', 'project_domain_name': 'Default', 'project_id': 'b0823638eb51406d8ace24cfeac8dc4c', 'project_name': 'tempest-ServersListShow2100Test-520922948', 'tenant_id': 'b0823638eb51406d8ace24cfeac8dc4c', 'tenant_name': 'tempest-ServersListShow2100Test-520922948', 'user_domain_id': 'default', 'user_domain_name': 'Default', 'user_id': 'be61850c9dd4486e8a4f535da96c0f47', 'system': None}, Network: None, Subnet: None, Router: None
2025-12-09 03:17:32.600 67205 INFO tempest.lib.common.rest_client [req-e9468481-0f8b-49c4-a92a-e15552986b8c req-e9468481-0f8b-49c4-a92a-e15552986b8c ] Request (TenantUsagesTestJSON:test_list_usage_all_tenants): 200 GET http://10.180.1.21/compute/v2.1/os-simple-tenant-usage?start=2025-12-08T03%3A17%3A25.384194&end=2025-12-10T03%3A17%3A25.384194&detailed=1 2.332s
2025-12-09 03:17:32.612 67235 INFO tempest.lib.common.rest_client [req-356fd363-4889-4789-875a-b4b26d07412e req-356fd363-4889-4789-875a-b4b26d07412e ] Request (FlavorsAccessNegativeTestJSON:test_flavor_access_list_with_public_flavor): 404 GET http://10.180.1.21/compute/v2.1/flavors/456252690/os-flavor-access 2.324s
2025-12-09 03:17:32.651 67217 INFO tempest.lib.common.rest_client [req-126b06d3-dbcf-4daa-a466-a515f45a82e4 req-126b06d3-dbcf-4daa-a466-a515f45a82e4 ] Request (ServersListShow2100Test:setUpClass): 201 POST http://10.180.1.21/identity/v3/auth/tokens 0.075s
2025-12-09 03:17:32.677 67215 INFO tempest.lib.common.rest_client [req-3a48ffa7-2f6a-4fd2-bb64-728458173a71 req-3a48ffa7-2f6a-4fd2-bb64-728458173a71 ] Request (ServerAddressesNegativeTestJSON:setUpClass): 200 GET http://10.180.1.21/compute/v2.1/servers/a2f8ef95-f973-44f7-946f-6cbda62bdd8e 2.311s
2025-12-09 03:17:32.684 67217 INFO tempest.lib.common.rest_client [req-2b42d2b2-4b66-47a4-9fc4-3783ec9f8e14 req-2b42d2b2-4b66-47a4-9fc4-3783ec9f8e14 ] Request (ServersListShow2100Test:test_list_show_rebuild_update_server_2100): 201 POST http://10.180.1.21/identity/v3/auth/tokens 0.028s
2025-12-09 03:17:32.684 67217 INFO tempest.lib.common.fixed_network [-] (ServersListShow2100Test:test_list_show_rebuild_update_server_2100) Found network None available for tenant
2025-12-09 03:17:32.809 67225 INFO tempest.lib.common.rest_client [req-6acf7044-e5f9-4667-9495-814d6ffea32a req-6acf7044-e5f9-4667-9495-814d6ffea32a ] Request (ImagesOneServerNegativeTestJSON:setUpClass): 200 GET http://10.180.1.21/compute/v2.1/servers/f90f1bce-6ae7-4b7b-8586-22ce9ba47cae 2.382s
2025-12-09 03:17:32.824 67229 INFO tempest.lib.common.rest_client [req-67879b44-b5b8-42ef-a966-8d72f33c8267 req-67879b44-b5b8-42ef-a966-8d72f33c8267 ] Request (FlavorsAdminTestJSON:_run_cleanups): 202 DELETE http://10.180.1.21/compute/v2.1/flavors/668051773 2.319s
2025-12-09 03:17:32.875 67187 INFO tempest.lib.common.rest_client [req-0ea1d42e-f3b2-400a-97af-831941dd6891 req-0ea1d42e-f3b2-400a-97af-831941dd6891 ] Request (ImagesOneServerTestJSON:test_create_image_specify_multibyte_character_image_name): 202 POST http://10.180.1.21/compute/v2.1/servers/05d0e7b1-9c83-4b6b-a70e-6e3c2093cda5/action 2.679s
2025-12-09 03:17:33.047 67197 INFO tempest.lib.common.rest_client [req-5e2c98c8-f178-49ac-a88f-bc15260de638 req-5e2c98c8-f178-49ac-a88f-bc15260de638 ] Request (ImagesTestJSON:test_create_image_from_suspended_server): 200 GET http://10.180.1.21/compute/v2.1/servers/e8c5a939-8326-4dd3-9641-1baf0b0785ff 2.482s
2025-12-09 03:17:33.058 67197 INFO tempest.common.waiters [-] State transition "BUILD/scheduling" ==> "BUILD/None" after 4 second wait
2025-12-09 03:17:33.081 67231 INFO tempest.lib.common.rest_client [req-3d1c19fb-98f5-4bba-a12a-d4d7e014e5c1 req-3d1c19fb-98f5-4bba-a12a-d4d7e014e5c1 ] Request (ImagesMetadataTestJSON:test_set_image_metadata_item): 200 GET http://10.180.1.21/compute/v2.1/images/2eab0ffe-354c-4f8a-bb30-255aa17844aa/metadata 2.434s
2025-12-09 03:17:33.666 67201 INFO tempest.lib.common.rest_client [req-dcb455b6-5e91-45df-88e3-e25605ee7569 req-dcb455b6-5e91-45df-88e3-e25605ee7569 ] Request (ServersAdminTestJSON:test_create_server_with_scheduling_hint): 200 GET http://10.180.1.21/compute/v2.1/servers/8ddc12b6-8e6a-45a6-ba0e-17a4899da5de 2.887s
2025-12-09 03:17:33.673 67201 INFO tempest.common.waiters [-] State transition "BUILD/scheduling" ==> "BUILD/None" after 4 second wait
2025-12-09 03:17:33.710 67227 INFO tempest.lib.common.rest_client [req-1dcd5a2d-7788-4cbb-8b2e-b3b3e4903a8d req-1dcd5a2d-7788-4cbb-8b2e-b3b3e4903a8d ] Request (QuotasAdminNegativeTest:test_create_server_when_memory_quota_is_full): 403 POST http://10.180.1.21/compute/v2.1/servers 3.203s
2025-12-09 03:17:33.781 67213 INFO tempest.lib.common.rest_client [req-a82e9d6e-b4ed-47cf-80e0-7cf0cd3d2b5b req-a82e9d6e-b4ed-47cf-80e0-7cf0cd3d2b5b ] Request (ServersV294TestFqdnHostnames:tearDownClass): 200 GET http://10.180.1.21/compute/v2.1/servers/22d96172-658f-475d-a308-7445ed6b5545 2.420s
2025-12-09 03:17:33.832 67177 INFO tempest.lib.common.rest_client [req-f9c565cf-6a1b-494f-b066-0ca37993ae55 req-f9c565cf-6a1b-494f-b066-0ca37993ae55 ] Request (ServersAdminNegativeTestJSON:test_migrate_server_invalid_state): 200 GET http://10.180.1.21/compute/v2.1/servers/d340b144-b1e2-4481-8d34-8b090d683f40 1.897s
2025-12-09 03:17:34.097 67222 INFO tempest.lib.common.rest_client [req-72b2e127-035f-4663-b3a7-b8c011d76184 req-72b2e127-035f-4663-b3a7-b8c011d76184 ] Request (ServersTestManualDisk:setUpClass): 202 POST http://10.180.1.21/compute/v2.1/servers 3.100s
2025-12-09 03:17:34.224 67223 INFO tempest.lib.common.rest_client [req-ce98bf74-eb5d-49f4-b70e-8e9eea3b8c59 req-ce98bf74-eb5d-49f4-b70e-8e9eea3b8c59 ] Request (FloatingIPsAssociationTestJSON:test_associate_already_associated_floating_ip): 202 POST http://10.180.1.21/compute/v2.1/servers 2.276s
2025-12-09 03:17:34.284 67195 INFO tempest.lib.common.rest_client [req-838086c4-d11c-444f-854a-8c4a6f855019 req-838086c4-d11c-444f-854a-8c4a6f855019 ] Request (QuotasAdminTestJSON:test_get_default_quotas): 200 GET http://10.180.1.21/compute/v2.1/os-quota-sets/45e3c45aab164851a0e1c0ae6ceefca9/defaults 2.125s
2025-12-09 03:17:34.315 67183 INFO tempest.lib.common.rest_client [req-9af1b625-5673-4087-9b59-42c26474ba76 req-9af1b625-5673-4087-9b59-42c26474ba76 ] Request (ImagesMetadataNegativeTestJSON:test_update_nonexistent_image_metadata): 404 POST http://10.180.1.21/compute/v2.1/images/c6108881-45c2-46aa-9cfb-f08e759c1dce/metadata 2.017s
2025-12-09 03:17:34.330 67195 INFO tempest.lib.common.rest_client [req-c8c736f5-73a1-4c4b-9ce3-0cdad6978f19 req-c8c736f5-73a1-4c4b-9ce3-0cdad6978f19 ] Request (QuotasAdminTestJSON:test_get_updated_quotas): 200 GET http://10.180.1.21/identity/v3/domains?name=Default 0.041s
2025-12-09 03:17:34.336 67189 INFO tempest.lib.common.rest_client [req-78feeb73-ad85-4515-a081-2c08ea893ce1 req-78feeb73-ad85-4515-a081-2c08ea893ce1 ] Request (ServerDiagnosticsV248Test:tearDownClass): 200 GET http://10.180.1.21/compute/v2.1/servers/37467f0b-f286-4f94-adeb-ca609ddae2ed 2.102s
2025-12-09 03:17:34.365 67237 INFO tempest.lib.common.rest_client [req-e31555e8-1311-4213-9d3b-8b14cca95107 req-e31555e8-1311-4213-9d3b-8b14cca95107 ] Request (AggregatesAdminNegativeTestJSON:_run_cleanups): 200 DELETE http://10.180.1.21/compute/v2.1/os-aggregates/5 1.962s
2025-12-09 03:17:34.390 67235 INFO tempest.lib.common.rest_client [req-3ef85446-eaea-46f6-9015-266eb4af15c0 req-3ef85446-eaea-46f6-9015-266eb4af15c0 ] Request (FlavorsAccessNegativeTestJSON:_run_cleanups): 202 DELETE http://10.180.1.21/compute/v2.1/flavors/456252690 1.778s
2025-12-09 03:17:34.392 67191 WARNING tempest.lib.common.ssh [-] Failed to establish authenticated ssh connection to cirros@10.180.180.153 ([Errno None] Unable to connect to port 22 on 10.180.180.153). Number attempts: 3. Retry after 4 seconds.: paramiko.ssh_exception.NoValidConnectionsError: [Errno None] Unable to connect to port 22 on 10.180.180.153
2025-12-09 03:17:34.403 67195 INFO tempest.lib.common.rest_client [req-25d37b66-031f-4924-969d-a7ceaa62872e req-25d37b66-031f-4924-969d-a7ceaa62872e ] Request (QuotasAdminTestJSON:test_get_updated_quotas): 201 POST http://10.180.1.21/identity/v3/projects 0.073s
2025-12-09 03:17:34.518 67209 INFO tempest.lib.common.rest_client [req-aa4ecfd2-e2c1-4816-9bb9-654c758a6279 req-aa4ecfd2-e2c1-4816-9bb9-654c758a6279 ] Request (DeleteServersAdminTestJSON:test_delete_server_while_in_error_state): 200 GET http://10.180.1.21/compute/v2.1/servers/61558a5c-2ffb-4912-9a1c-90c9f9b521cd 2.122s
2025-12-09 03:17:34.524 67195 INFO tempest.lib.common.rest_client [req-46eaa9dc-0e7c-489e-b0e2-632ea6d43038 req-46eaa9dc-0e7c-489e-b0e2-632ea6d43038 ] Request (QuotasAdminTestJSON:test_get_updated_quotas): 200 GET http://10.180.1.21/identity/v3/domains?name=Default 0.120s
2025-12-09 03:17:34.535 67205 INFO tempest.lib.common.rest_client [req-615997d3-6f59-4acf-9ea0-2e966b055ea1 req-615997d3-6f59-4acf-9ea0-2e966b055ea1 ] Request (TenantUsagesTestJSON:tearDownClass): 204 DELETE http://10.180.1.21/compute/v2.1/servers/1f8d225f-5861-4536-a4ac-ff6ae76c17b3 1.921s
2025-12-09 03:17:34.557 67183 INFO tempest.lib.common.rest_client [req-073988cd-9608-4436-8e9d-edad7de4f6cd req-073988cd-9608-4436-8e9d-edad7de4f6cd ] Request (ImagesMetadataNegativeTestJSON:tearDownClass): 204 DELETE http://10.180.1.21/identity/v3/users/d0dcfcee5a3f422d900312fa0552d3ef 0.240s
2025-12-09 03:17:34.557 67183 INFO tempest.lib.common.dynamic_creds [-] Deleting project and security group for project: 0b88cd2b60444f9d9cc53afeaa286d74
2025-12-09 03:17:34.564 67229 INFO tempest.lib.common.rest_client [req-2b5c146c-4ce8-4378-9301-38836c0a5ef8 req-2b5c146c-4ce8-4378-9301-38836c0a5ef8 ] Request (FlavorsAdminTestJSON:_run_cleanups): 200 GET http://10.180.1.21/compute/v2.1/flavors/detail 1.740s
2025-12-09 03:17:34.628 67183 INFO tempest.lib.common.rest_client [req-b3953331-39e0-4ba9-91ac-fca6fa614141 req-b3953331-39e0-4ba9-91ac-fca6fa614141 ] Request (ImagesMetadataNegativeTestJSON:tearDownClass): 201 POST http://10.180.1.21/identity/v3/auth/tokens 0.071s
2025-12-09 03:17:34.667 67239 INFO paramiko.transport [-] Connected (version 2.0, client dropbear_2020.81)
2025-12-09 03:17:34.738 67239 INFO paramiko.transport [-] Authentication (publickey) successful!
2025-12-09 03:17:34.739 67239 INFO tempest.lib.common.ssh [-] ssh connection to cirros@10.180.180.204 successfully created
2025-12-09 03:17:34.829 67217 INFO tempest.lib.common.rest_client [req-7685e7a1-802a-4212-89fa-60b9d6a4852d req-7685e7a1-802a-4212-89fa-60b9d6a4852d ] Request (ServersListShow2100Test:test_list_show_rebuild_update_server_2100): 202 POST http://10.180.1.21/compute/v2.1/servers 2.144s
2025-12-09 03:17:34.872 67183 INFO tempest.lib.common.rest_client [req-2816a89d-d047-4db6-acff-4a032e6e4ddf req-2816a89d-d047-4db6-acff-4a032e6e4ddf ] Request (ImagesMetadataNegativeTestJSON:tearDownClass): 200 GET http://10.180.1.21/networking/v2.0/security-groups?tenant_id=0b88cd2b60444f9d9cc53afeaa286d74&name=default 0.243s
2025-12-09 03:17:34.874 67187 INFO tempest.lib.common.rest_client [req-cf2c8aad-651d-4145-bed4-190962787537 req-cf2c8aad-651d-4145-bed4-190962787537 ] Request (ImagesOneServerTestJSON:test_create_image_specify_multibyte_character_image_name): 200 GET http://10.180.1.21/compute/v2.1/images/95511572-acee-49cc-ae46-7f010fd77a9d 1.997s
2025-12-09 03:17:34.907 67181 INFO tempest.lib.common.rest_client [req-2e725722-0a9a-446f-b557-2be9090ded0c req-2e725722-0a9a-446f-b557-2be9090ded0c ] Request (MultipleCreateTestJSON:test_multiple_create): 200 GET http://10.180.1.21/compute/v2.1/servers/409a24bb-3385-4903-9aa8-bebe6dad5889 2.069s
2025-12-09 03:17:34.916 67181 INFO tempest.common.waiters [-] State transition "BUILD/spawning" ==> "ACTIVE/None" after 14 second wait
2025-12-09 03:17:35.133 67231 INFO tempest.lib.common.rest_client [req-57e5c0ec-d000-4633-a917-4117945e0e83 req-57e5c0ec-d000-4633-a917-4117945e0e83 ] Request (ImagesMetadataTestJSON:setUp): 200 PUT http://10.180.1.21/compute/v2.1/images/2eab0ffe-354c-4f8a-bb30-255aa17844aa/metadata 2.050s
2025-12-09 03:17:35.322 67183 INFO tempest.lib.common.rest_client [req-cbc4e84a-fbd4-45ea-bd4f-5f4bd6cf854b req-cbc4e84a-fbd4-45ea-bd4f-5f4bd6cf854b ] Request (ImagesMetadataNegativeTestJSON:tearDownClass): 204 DELETE http://10.180.1.21/networking/v2.0/security-groups/38da214d-c9ad-4410-88a9-8a93a975c442 0.450s
2025-12-09 03:17:35.405 67211 INFO tempest.lib.common.rest_client [req-934c0b4f-4769-41ba-bb7c-859290d5e0eb req-934c0b4f-4769-41ba-bb7c-859290d5e0eb ] Request (MigrationsAdminTest:test_list_migrations_in_flavor_resize_situation): 200 GET http://10.180.1.21/compute/v2.1/servers/a4918c0b-423c-413e-9db7-580e2008aadc 2.345s
2025-12-09 03:17:35.422 67183 INFO tempest.lib.common.rest_client [req-f36bb7fb-913d-43a2-a2b8-54cc120db7c2 req-f36bb7fb-913d-43a2-a2b8-54cc120db7c2 ] Request (ImagesMetadataNegativeTestJSON:tearDownClass): 204 DELETE http://10.180.1.21/identity/v3/projects/0b88cd2b60444f9d9cc53afeaa286d74 0.099s
2025-12-09 03:17:35.505 67183 INFO tempest.lib.common.rest_client [req-c7726004-05d6-450b-b09b-747f64f58f91 req-c7726004-05d6-450b-b09b-747f64f58f91 ] Request (ListServerFiltersTestJSON:setUpClass): 201 POST http://10.180.1.21/identity/v3/auth/tokens 0.082s
2025-12-09 03:17:35.545 67183 INFO tempest.lib.common.rest_client [req-98a6340b-af35-4fe3-bb37-b22b2b35cd21 req-98a6340b-af35-4fe3-bb37-b22b2b35cd21 ] Request (ListServerFiltersTestJSON:setUpClass): 201 POST http://10.180.1.21/identity/v3/auth/tokens 0.037s
2025-12-09 03:17:35.571 67183 INFO tempest.lib.common.rest_client [req-f6128489-a4e3-4302-8a5a-faaa7e261004 req-f6128489-a4e3-4302-8a5a-faaa7e261004 ] Request (ListServerFiltersTestJSON:setUpClass): 200 GET http://10.180.1.21/identity/v3/domains?name=Default 0.025s
2025-12-09 03:17:35.609 67183 INFO tempest.lib.common.rest_client [req-c6b97d13-fff1-42b1-9307-3be0050ef6d0 req-c6b97d13-fff1-42b1-9307-3be0050ef6d0 ] Request (ListServerFiltersTestJSON:setUpClass): 201 POST http://10.180.1.21/identity/v3/projects 0.037s
2025-12-09 03:17:35.633 67199 INFO tempest.lib.common.rest_client [req-d96f6e00-e182-4610-88df-59caf6657399 req-d96f6e00-e182-4610-88df-59caf6657399 ] Request (InstanceActionsV221TestJSON:test_get_list_deleted_instance_actions): 200 GET http://10.180.1.21/compute/v2.1/servers/df70f445-6621-4289-a525-58439a8351d2 2.394s
2025-12-09 03:17:35.644 67199 INFO tempest.common.waiters [-] State transition "BUILD/None" ==> "BUILD/spawning" after 14 second wait
2025-12-09 03:17:35.678 67193 INFO tempest.lib.common.rest_client [req-7a76b015-36e5-4cbe-80e4-192b3681d137 req-7a76b015-36e5-4cbe-80e4-192b3681d137 ] Request (ListImageFiltersTestJSON:setUpClass): 200 GET http://10.180.1.21/compute/v2.1/images/32456e9b-a654-4ff5-8868-596411a630f1 2.395s
2025-12-09 03:17:35.684 67183 INFO tempest.lib.common.rest_client [req-3a4aa4b7-6436-4d33-8029-9d34e45d4451 req-3a4aa4b7-6436-4d33-8029-9d34e45d4451 ] Request (ListServerFiltersTestJSON:setUpClass): 201 POST http://10.180.1.21/identity/v3/users 0.075s
2025-12-09 03:17:35.707 67183 INFO tempest.lib.common.rest_client [req-42634c94-59c8-46c6-8fe5-f5cbbfe2581e req-42634c94-59c8-46c6-8fe5-f5cbbfe2581e ] Request (ListServerFiltersTestJSON:setUpClass): 200 GET http://10.180.1.21/identity/v3/roles 0.022s
2025-12-09 03:17:35.722 67207 INFO tempest.lib.common.rest_client [req-0f94577c-b349-4869-a8f9-abc8cae83a61 req-0f94577c-b349-4869-a8f9-abc8cae83a61 ] Request (ImagesNegativeTestJSON:test_create_image_from_deleted_server): 200 GET http://10.180.1.21/compute/v2.1/servers/7c25577f-91ad-4732-8603-7d5547efb681 2.458s
2025-12-09 03:17:35.731 67207 INFO tempest.common.waiters [-] State transition "BUILD/block_device_mapping" ==> "BUILD/spawning" after 14 second wait
2025-12-09 03:17:35.738 67183 INFO tempest.lib.common.rest_client [req-467a0540-ba85-437b-8d04-53d80d6b0e71 req-467a0540-ba85-437b-8d04-53d80d6b0e71 ] Request (ListServerFiltersTestJSON:setUpClass): 204 PUT http://10.180.1.21/identity/v3/projects/d13b0504c22844858e26fc430a8a5f43/users/9b6c89cd3bad4111898329bf6219126c/roles/e4be7192b8ac401fb4f56f650e3e5b0d 0.030s
2025-12-09 03:17:35.738 67183 INFO tempest.lib.common.dynamic_creds [-] Dynamic test user 9b6c89cd3bad4111898329bf6219126c is created with scope project and roles: ['member']
2025-12-09 03:17:35.738 67183 INFO tempest.lib.common.dynamic_creds [-] Acquired dynamic creds: credentials: Credentials: {'domain_id': 'default', 'domain_name': 'Default', 'username': 'tempest-ListServerFiltersTestJSON-1195528810-project-member', 'project_domain_id': 'default', 'project_domain_name': 'Default', 'project_id': 'd13b0504c22844858e26fc430a8a5f43', 'project_name': 'tempest-ListServerFiltersTestJSON-1195528810', 'tenant_id': 'd13b0504c22844858e26fc430a8a5f43', 'tenant_name': 'tempest-ListServerFiltersTestJSON-1195528810', 'user_domain_id': 'default', 'user_domain_name': 'Default', 'user_id': '9b6c89cd3bad4111898329bf6219126c', 'system': None}, Network: None, Subnet: None, Router: None
2025-12-09 03:17:35.752 67185 INFO tempest.lib.common.rest_client [req-bdd5e291-3246-4b2b-8b63-aa238d64df18 req-bdd5e291-3246-4b2b-8b63-aa238d64df18 ] Request (ServersTestMultiNic:test_verify_multiple_nics_order): 200 GET http://10.180.1.21/compute/v2.1/servers/675b9401-033f-4523-8e22-f1b584137f20 2.378s
2025-12-09 03:17:35.819 67183 INFO tempest.lib.common.rest_client [req-ce1e0d86-d782-465d-aef2-4c03156fc3ce req-ce1e0d86-d782-465d-aef2-4c03156fc3ce ] Request (ListServerFiltersTestJSON:setUpClass): 201 POST http://10.180.1.21/identity/v3/auth/tokens 0.080s
2025-12-09 03:17:36.256 67183 INFO tempest.lib.common.rest_client [req-8ff098a5-0fad-4eb1-8396-6bcc4486c646 req-8ff098a5-0fad-4eb1-8396-6bcc4486c646 ] Request (ListServerFiltersTestJSON:setUpClass): 201 POST http://10.180.1.21/networking/v2.0/networks 0.436s
2025-12-09 03:17:36.283 67215 INFO tempest.lib.common.rest_client [req-d815e523-0be5-4bca-b0cb-a15a135551ec req-d815e523-0be5-4bca-b0cb-a15a135551ec ] Request (ServerAddressesNegativeTestJSON:setUpClass): 200 GET http://10.180.1.21/compute/v2.1/servers/a2f8ef95-f973-44f7-946f-6cbda62bdd8e 2.593s
2025-12-09 03:17:36.306 67233 INFO tempest.lib.common.rest_client [req-29be30e7-f509-4b3f-804e-34c29e672e13 req-29be30e7-f509-4b3f-804e-34c29e672e13 ] Request (ServersTestBootFromVolume:setUpClass): 200 GET http://10.180.1.21/compute/v2.1/servers/df82b1e8-62f7-4a20-9318-a4d0688876db 2.746s
2025-12-09 03:17:36.471 67227 INFO tempest.lib.common.rest_client [req-27ed3c5c-13ec-4ac7-8d59-0123f138e4e1 req-27ed3c5c-13ec-4ac7-8d59-0123f138e4e1 ] Request (QuotasAdminNegativeTest:_run_cleanups): 200 PUT http://10.180.1.21/compute/v2.1/os-quota-sets/3eb84ba8ecee48aaac9bbf8ce4b4feb7 2.759s
2025-12-09 03:17:36.478 67225 INFO tempest.lib.common.rest_client [req-2daa7886-6df6-4afd-9b24-a89fc9f6436e req-2daa7886-6df6-4afd-9b24-a89fc9f6436e ] Request (ImagesOneServerNegativeTestJSON:setUpClass): 200 GET http://10.180.1.21/compute/v2.1/servers/f90f1bce-6ae7-4b7b-8586-22ce9ba47cae 2.660s
2025-12-09 03:17:36.478 67183 INFO tempest.lib.common.rest_client [req-f123c6d5-84ef-40a3-95a9-d8671bc4d3ca req-f123c6d5-84ef-40a3-95a9-d8671bc4d3ca ] Request (ListServerFiltersTestJSON:setUpClass): 201 POST http://10.180.1.21/networking/v2.0/subnets 0.221s
2025-12-09 03:17:36.479 67183 INFO tempest.lib.common.dynamic_creds [-] Created isolated network resources for: credentials: Credentials: {'domain_id': 'default', 'domain_name': 'Default', 'username': 'tempest-ListServerFiltersTestJSON-1195528810-project-member', 'project_domain_id': 'default', 'project_domain_name': 'Default', 'project_id': 'd13b0504c22844858e26fc430a8a5f43', 'project_name': 'tempest-ListServerFiltersTestJSON-1195528810', 'tenant_id': 'd13b0504c22844858e26fc430a8a5f43', 'tenant_name': 'tempest-ListServerFiltersTestJSON-1195528810', 'user_domain_id': 'default', 'user_domain_name': 'Default', 'user_id': '9b6c89cd3bad4111898329bf6219126c', 'system': None}, Network: {'id': '781b5ae0-00f6-4e0b-9d9b-dfa879d6da99', 'name': 'tempest-ListServerFiltersTestJSON-800716090-network', 'tenant_id': 'd13b0504c22844858e26fc430a8a5f43', 'project_id': 'd13b0504c22844858e26fc430a8a5f43', 'admin_state_up': True, 'mtu': 8950, 'status': 'ACTIVE', 'subnets': [], 'shared': False, 'port_security_enabled': True, 'router:external': False, 'provider:network_type': 'vlan', 'provider:physical_network': 'default', 'provider:segmentation_id': 800, 'availability_zone_hints': [], 'availability_zones': [], 'ipv4_address_scope': None, 'ipv6_address_scope': None, 'description': '', 'tags': [], 'created_at': '2025-12-09T03:17:36Z', 'updated_at': '2025-12-09T03:17:36Z', 'revision_number': 1}, Subnet: {'id': 'b13f782b-7aa3-4adf-b798-ac5418c3bf34', 'name': 'tempest-ListServerFiltersTestJSON-800716090-subnet', 'tenant_id': 'd13b0504c22844858e26fc430a8a5f43', 'network_id': '781b5ae0-00f6-4e0b-9d9b-dfa879d6da99', 'ip_version': 4, 'subnetpool_id': None, 'enable_dhcp': True, 'ipv6_ra_mode': None, 'ipv6_address_mode': None, 'gateway_ip': '192.168.128.1', 'cidr': '192.168.128.0/28', 'allocation_pools': [{'start': '192.168.128.2', 'end': '192.168.128.14'}], 'host_routes': [], 'dns_nameservers': [], 'description': '', 'router:external': False, 'service_types': [], 'tags': [], 'created_at': '2025-12-09T03:17:36Z', 'updated_at': '2025-12-09T03:17:36Z', 'revision_number': 0, 'project_id': 'd13b0504c22844858e26fc430a8a5f43'}, Router: None
2025-12-09 03:17:36.531 67222 INFO tempest.lib.common.rest_client [req-63b91b17-7cb8-4646-b542-b1bc9f5f150a req-63b91b17-7cb8-4646-b542-b1bc9f5f150a ] Request (ServersTestManualDisk:setUpClass): 200 GET http://10.180.1.21/compute/v2.1/servers/dcbdf22b-7dfa-4618-9d6f-fe831596d9ec 2.432s
2025-12-09 03:17:36.531 67197 INFO tempest.lib.common.rest_client [req-f6f2bf2e-bd29-4d84-a140-b1f416ee9ec7 req-f6f2bf2e-bd29-4d84-a140-b1f416ee9ec7 ] Request (ImagesTestJSON:test_create_image_from_suspended_server): 200 GET http://10.180.1.21/compute/v2.1/servers/e8c5a939-8326-4dd3-9641-1baf0b0785ff 2.472s
2025-12-09 03:17:36.545 67237 INFO tempest.lib.common.rest_client [req-1d37638c-f5e3-4a27-ada1-47cca0dc648f req-1d37638c-f5e3-4a27-ada1-47cca0dc648f ] Request (AggregatesAdminNegativeTestJSON:test_aggregate_delete_with_invalid_id): 404 DELETE http://10.180.1.21/compute/v2.1/os-aggregates/-1 2.178s
2025-12-09 03:17:36.561 67183 INFO tempest.lib.common.rest_client [req-7ee29980-6503-4d3e-a797-0bdd0c7357a0 req-7ee29980-6503-4d3e-a797-0bdd0c7357a0 ] Request (ListServerFiltersTestJSON:setUpClass): 201 POST http://10.180.1.21/identity/v3/auth/tokens 0.077s
2025-12-09 03:17:36.569 67235 INFO tempest.lib.common.rest_client [req-e0e246f1-7481-40f0-99f0-e63a9592fa49 req-e0e246f1-7481-40f0-99f0-e63a9592fa49 ] Request (FlavorsAccessNegativeTestJSON:_run_cleanups): 200 GET http://10.180.1.21/compute/v2.1/flavors/detail 2.178s
2025-12-09 03:17:36.586 67223 INFO tempest.lib.common.rest_client [req-c001d188-b353-4ed2-9453-650442f78511 req-c001d188-b353-4ed2-9453-650442f78511 ] Request (FloatingIPsAssociationTestJSON:test_associate_already_associated_floating_ip): 200 GET http://10.180.1.21/compute/v2.1/servers/1c1b9315-c30a-45d0-9ef3-098e252fd7ad 2.360s
2025-12-09 03:17:36.595 67183 INFO tempest.lib.common.rest_client [req-ef6ae962-86eb-4571-9b02-e7e85f3297f4 req-ef6ae962-86eb-4571-9b02-e7e85f3297f4 ] Request (ListServerFiltersTestJSON:setUpClass): 201 POST http://10.180.1.21/identity/v3/auth/tokens 0.029s
2025-12-09 03:17:36.596 67183 INFO tempest.lib.common.fixed_network [-] (ListServerFiltersTestJSON:setUpClass) Found network {'id': '781b5ae0-00f6-4e0b-9d9b-dfa879d6da99', 'name': 'tempest-ListServerFiltersTestJSON-800716090-network', 'tenant_id': 'd13b0504c22844858e26fc430a8a5f43', 'project_id': 'd13b0504c22844858e26fc430a8a5f43', 'admin_state_up': True, 'mtu': 8950, 'status': 'ACTIVE', 'subnets': [], 'shared': False, 'port_security_enabled': True, 'router:external': False, 'provider:network_type': 'vlan', 'provider:physical_network': 'default', 'provider:segmentation_id': 800, 'availability_zone_hints': [], 'availability_zones': [], 'ipv4_address_scope': None, 'ipv6_address_scope': None, 'description': '', 'tags': [], 'created_at': '2025-12-09T03:17:36Z', 'updated_at': '2025-12-09T03:17:36Z', 'revision_number': 1} available for tenant
2025-12-09 03:17:36.627 67183 INFO tempest.lib.common.rest_client [req-790b11e9-6764-4955-ab39-906959ef4ff4 req-790b11e9-6764-4955-ab39-906959ef4ff4 ] Request (ListServerFiltersTestJSON:setUpClass): 201 POST http://10.180.1.21/identity/v3/auth/tokens 0.029s
2025-12-09 03:17:36.628 67183 INFO tempest.lib.common.fixed_network [-] (ListServerFiltersTestJSON:setUpClass) Found network {'id': '781b5ae0-00f6-4e0b-9d9b-dfa879d6da99', 'name': 'tempest-ListServerFiltersTestJSON-800716090-network', 'tenant_id': 'd13b0504c22844858e26fc430a8a5f43', 'project_id': 'd13b0504c22844858e26fc430a8a5f43', 'admin_state_up': True, 'mtu': 8950, 'status': 'ACTIVE', 'subnets': [], 'shared': False, 'port_security_enabled': True, 'router:external': False, 'provider:network_type': 'vlan', 'provider:physical_network': 'default', 'provider:segmentation_id': 800, 'availability_zone_hints': [], 'availability_zones': [], 'ipv4_address_scope': None, 'ipv6_address_scope': None, 'description': '', 'tags': [], 'created_at': '2025-12-09T03:17:36Z', 'updated_at': '2025-12-09T03:17:36Z', 'revision_number': 1} available for tenant
2025-12-09 03:17:36.673 67195 INFO tempest.lib.common.rest_client [req-39c226be-4a93-4aff-9bee-b5864f0c6555 req-39c226be-4a93-4aff-9bee-b5864f0c6555 ] Request (QuotasAdminTestJSON:test_get_updated_quotas): 200 PUT http://10.180.1.21/compute/v2.1/os-quota-sets/38776b80d633437aa3b2639928541f69 2.148s
2025-12-09 03:17:36.692 67229 INFO tempest.lib.common.rest_client [req-5a34c6f0-c82a-4ae1-a753-77a93373feef req-5a34c6f0-c82a-4ae1-a753-77a93373feef ] Request (FlavorsAdminTestJSON:test_create_server_with_non_public_flavor): 200 POST http://10.180.1.21/compute/v2.1/flavors 2.120s
2025-12-09 03:17:36.694 67205 INFO tempest.lib.common.rest_client [req-aa86317a-fba1-4aad-8666-6121ec030f4f req-aa86317a-fba1-4aad-8666-6121ec030f4f ] Request (TenantUsagesTestJSON:tearDownClass): 200 GET http://10.180.1.21/compute/v2.1/servers/1f8d225f-5861-4536-a4ac-ff6ae76c17b3 2.158s
2025-12-09 03:17:36.747 67201 INFO tempest.lib.common.rest_client [req-0d296ee0-f996-4f3e-8669-743ce62a9fc5 req-0d296ee0-f996-4f3e-8669-743ce62a9fc5 ] Request (ServersAdminTestJSON:test_create_server_with_scheduling_hint): 200 GET http://10.180.1.21/compute/v2.1/servers/8ddc12b6-8e6a-45a6-ba0e-17a4899da5de 2.072s
2025-12-09 03:17:36.836 67213 INFO tempest.lib.common.rest_client [req-efb672e8-513d-491f-842b-225eb6119435 req-efb672e8-513d-491f-842b-225eb6119435 ] Request (ServersV294TestFqdnHostnames:tearDownClass): 200 GET http://10.180.1.21/compute/v2.1/servers/22d96172-658f-475d-a308-7445ed6b5545 2.044s
2025-12-09 03:17:36.846 67213 INFO tempest.common.waiters [-] State transition "ACTIVE/deleting" ==> "DELETED/None" after 6 second wait
2025-12-09 03:17:36.911 67217 INFO tempest.lib.common.rest_client [req-50d39f56-3360-4e2b-8209-00d8c2ddb318 req-50d39f56-3360-4e2b-8209-00d8c2ddb318 ] Request (ServersListShow2100Test:test_list_show_rebuild_update_server_2100): 200 GET http://10.180.1.21/compute/v2.1/servers/097c0dbd-4765-4f44-b770-12f91e4e7d14 2.081s
2025-12-09 03:17:36.965 67177 INFO tempest.lib.common.rest_client [req-201fe5c0-fbb1-44b1-8def-c2b5edef777a req-201fe5c0-fbb1-44b1-8def-c2b5edef777a ] Request (ServersAdminNegativeTestJSON:test_migrate_server_invalid_state): 200 GET http://10.180.1.21/compute/v2.1/servers/d340b144-b1e2-4481-8d34-8b090d683f40 2.121s
2025-12-09 03:17:37.103 67181 INFO tempest.lib.common.rest_client [req-100d9e29-c36d-4c13-956a-832e5087575f req-100d9e29-c36d-4c13-956a-832e5087575f ] Request (MultipleCreateTestJSON:test_multiple_create): 200 GET http://10.180.1.21/compute/v2.1/servers/589b6a90-77d1-42df-ad11-e6a68d1a43ba 2.186s
2025-12-09 03:17:37.328 67231 INFO tempest.lib.common.rest_client [req-854c71e4-7bc8-4f70-a23c-84e3535d3ad8 req-854c71e4-7bc8-4f70-a23c-84e3535d3ad8 ] Request (ImagesMetadataTestJSON:test_update_image_metadata): 200 POST http://10.180.1.21/compute/v2.1/images/2eab0ffe-354c-4f8a-bb30-255aa17844aa/metadata 2.194s
2025-12-09 03:17:37.352 67189 INFO tempest.lib.common.rest_client [req-1cafab05-a922-4c40-ba01-b092480772fb req-1cafab05-a922-4c40-ba01-b092480772fb ] Request (ServerDiagnosticsV248Test:tearDownClass): 404 GET http://10.180.1.21/compute/v2.1/servers/37467f0b-f286-4f94-adeb-ca609ddae2ed 1.997s
2025-12-09 03:17:37.419 67209 INFO tempest.lib.common.rest_client [req-a01be3b8-16a6-4aac-a569-4a465f85a7fc req-a01be3b8-16a6-4aac-a569-4a465f85a7fc ] Request (DeleteServersAdminTestJSON:test_delete_server_while_in_error_state): 200 GET http://10.180.1.21/compute/v2.1/servers/61558a5c-2ffb-4912-9a1c-90c9f9b521cd 1.887s
2025-12-09 03:17:37.429 67209 INFO tempest.common.waiters [-] State transition "ERROR/deleting" ==> "DELETED/None" after 3 second wait
2025-12-09 03:17:37.454 67189 INFO tempest.lib.common.rest_client [req-b75c7d5c-2329-45ee-ba54-3e88c23d2125 req-b75c7d5c-2329-45ee-ba54-3e88c23d2125 ] Request (ServerDiagnosticsV248Test:tearDownClass): 204 DELETE http://10.180.1.21/identity/v3/users/3e14eec68fc24a0cb2d02f8f9a03c29e 0.101s
2025-12-09 03:17:37.456 67187 INFO tempest.lib.common.rest_client [req-748ec4f0-368a-47b0-9ef5-99e0c006071a req-748ec4f0-368a-47b0-9ef5-99e0c006071a ] Request (ImagesOneServerTestJSON:test_create_image_specify_multibyte_character_image_name): 200 GET http://10.180.1.21/compute/v2.1/images/95511572-acee-49cc-ae46-7f010fd77a9d 1.577s
2025-12-09 03:17:37.519 67211 INFO tempest.lib.common.rest_client [req-950b9df8-71ec-453d-a374-9ccd3bf7c976 req-950b9df8-71ec-453d-a374-9ccd3bf7c976 ] Request (MigrationsAdminTest:test_list_migrations_in_flavor_resize_situation): 200 GET http://10.180.1.21/compute/v2.1/servers/a4918c0b-423c-413e-9db7-580e2008aadc 1.106s
2025-12-09 03:17:37.528 67227 INFO tempest.lib.common.rest_client [req-309098f7-8a8f-43c7-87a7-e638dc0b92d6 req-309098f7-8a8f-43c7-87a7-e638dc0b92d6 ] Request (QuotasAdminNegativeTest:test_update_quota_normal_user): 403 PUT http://10.180.1.21/compute/v2.1/os-quota-sets/3eb84ba8ecee48aaac9bbf8ce4b4feb7 1.053s
2025-12-09 03:17:37.552 67237 INFO tempest.lib.common.rest_client [req-71ce364a-bb28-48bd-976b-44d60c439947 req-71ce364a-bb28-48bd-976b-44d60c439947 ] Request (AggregatesAdminNegativeTestJSON:test_aggregate_get_details_as_user): 200 POST http://10.180.1.21/compute/v2.1/os-aggregates 1.005s
2025-12-09 03:17:37.573 67235 INFO tempest.lib.common.rest_client [req-abadf715-910a-46fa-a614-43c07250a1a1 req-abadf715-910a-46fa-a614-43c07250a1a1 ] Request (FlavorsAccessNegativeTestJSON:test_flavor_non_admin_add): 200 POST http://10.180.1.21/compute/v2.1/flavors 0.998s
2025-12-09 03:17:37.576 67189 INFO tempest.lib.common.rest_client [req-769288ae-9314-4cba-ba5b-efa695152c8b req-769288ae-9314-4cba-ba5b-efa695152c8b ] Request (ServerDiagnosticsV248Test:tearDownClass): 204 DELETE http://10.180.1.21/identity/v3/users/7b2f3a07b023414198a6145603e4c505 0.122s
2025-12-09 03:17:37.576 67189 INFO tempest.lib.common.dynamic_creds [-] Deleting project and security group for project: 1530a7e9c5314cd7925823d5626d5b05
2025-12-09 03:17:37.664 67189 INFO tempest.lib.common.rest_client [req-520bdbb8-92ac-442a-9e1e-fb00d9d4307d req-520bdbb8-92ac-442a-9e1e-fb00d9d4307d ] Request (ServerDiagnosticsV248Test:tearDownClass): 201 POST http://10.180.1.21/identity/v3/auth/tokens 0.087s
2025-12-09 03:17:37.680 67227 INFO tempest.lib.common.rest_client [req-4190692e-5756-4ec3-b9ad-ee42001ffa3a req-4190692e-5756-4ec3-b9ad-ee42001ffa3a ] Request (QuotasAdminNegativeTest:tearDownClass): 204 DELETE http://10.180.1.21/identity/v3/users/4de5e4d99ec3414890c1a5dd1845a40f 0.146s
2025-12-09 03:17:37.855 67227 INFO tempest.lib.common.rest_client [req-7c21bb5b-d519-411f-aec6-4e8a293314f0 req-7c21bb5b-d519-411f-aec6-4e8a293314f0 ] Request (QuotasAdminNegativeTest:tearDownClass): 204 DELETE http://10.180.1.21/identity/v3/users/ee9e0d6d02f44a4b8c64f5318f4ff968 0.174s
2025-12-09 03:17:37.855 67227 INFO tempest.lib.common.dynamic_creds [-] Deleting project and security group for project: cfba42530e2246a6a5523595ce684771
2025-12-09 03:17:37.906 67189 INFO tempest.lib.common.rest_client [req-3c2d9361-55d4-47c6-8b26-287b8f79ff16 req-3c2d9361-55d4-47c6-8b26-287b8f79ff16 ] Request (ServerDiagnosticsV248Test:tearDownClass): 200 GET http://10.180.1.21/networking/v2.0/security-groups?tenant_id=1530a7e9c5314cd7925823d5626d5b05&name=default 0.242s
2025-12-09 03:17:37.924 67227 INFO tempest.lib.common.rest_client [req-039b47f1-2e0b-4337-8fea-38ec3d86ebed req-039b47f1-2e0b-4337-8fea-38ec3d86ebed ] Request (QuotasAdminNegativeTest:tearDownClass): 201 POST http://10.180.1.21/identity/v3/auth/tokens 0.069s
2025-12-09 03:17:38.012 67189 INFO tempest.lib.common.rest_client [req-8cd8a757-3aaa-4dda-9f92-e2061b58aa88 req-8cd8a757-3aaa-4dda-9f92-e2061b58aa88 ] Request (ServerDiagnosticsV248Test:tearDownClass): 204 DELETE http://10.180.1.21/networking/v2.0/security-groups/95488b82-aed7-4ffe-a527-8df917fcf550 0.105s
2025-12-09 03:17:38.128 67189 INFO tempest.lib.common.rest_client [req-4e177f2c-b361-406b-8e63-0c0c54d7603c req-4e177f2c-b361-406b-8e63-0c0c54d7603c ] Request (ServerDiagnosticsV248Test:tearDownClass): 204 DELETE http://10.180.1.21/identity/v3/projects/1530a7e9c5314cd7925823d5626d5b05 0.116s
2025-12-09 03:17:38.129 67189 INFO tempest.lib.common.dynamic_creds [-] Deleting project and security group for project: aa4e27e0cffe4991b3264eed6be0e37e
2025-12-09 03:17:38.159 67227 INFO tempest.lib.common.rest_client [req-68b5c7eb-d9c1-4471-8e17-4bfbb0c75a71 req-68b5c7eb-d9c1-4471-8e17-4bfbb0c75a71 ] Request (QuotasAdminNegativeTest:tearDownClass): 200 GET http://10.180.1.21/networking/v2.0/security-groups?tenant_id=cfba42530e2246a6a5523595ce684771&name=default 0.234s
2025-12-09 03:17:38.232 67183 INFO tempest.lib.common.rest_client [req-ecce3c07-e65a-4c70-bea4-fe558a9b22b4 req-ecce3c07-e65a-4c70-bea4-fe558a9b22b4 ] Request (ListServerFiltersTestJSON:setUpClass): 202 POST http://10.180.1.21/compute/v2.1/servers 1.603s
2025-12-09 03:17:38.310 67227 INFO tempest.lib.common.rest_client [req-02a9234e-2c9e-4c99-91c8-a0bf1814d286 req-02a9234e-2c9e-4c99-91c8-a0bf1814d286 ] Request (QuotasAdminNegativeTest:tearDownClass): 204 DELETE http://10.180.1.21/networking/v2.0/security-groups/39c3d8c4-b151-46e2-8710-6eff9c68bdbc 0.151s
2025-12-09 03:17:38.310 67189 INFO tempest.lib.common.rest_client [req-0b9cd153-5bac-436f-85e2-8530fe65f81d req-0b9cd153-5bac-436f-85e2-8530fe65f81d ] Request (ServerDiagnosticsV248Test:tearDownClass): 200 GET http://10.180.1.21/networking/v2.0/security-groups?tenant_id=aa4e27e0cffe4991b3264eed6be0e37e&name=default 0.180s
2025-12-09 03:17:38.348 67183 INFO tempest.lib.common.rest_client [req-e8d4b287-00a0-4e13-bb8d-eed6d215951b req-e8d4b287-00a0-4e13-bb8d-eed6d215951b ] Request (ListServerFiltersTestJSON:setUpClass): 201 POST http://10.180.1.21/identity/v3/auth/tokens 0.108s
2025-12-09 03:17:38.349 67183 INFO tempest.lib.common.fixed_network [-] (ListServerFiltersTestJSON:setUpClass) Found network {'id': '781b5ae0-00f6-4e0b-9d9b-dfa879d6da99', 'name': 'tempest-ListServerFiltersTestJSON-800716090-network', 'tenant_id': 'd13b0504c22844858e26fc430a8a5f43', 'project_id': 'd13b0504c22844858e26fc430a8a5f43', 'admin_state_up': True, 'mtu': 8950, 'status': 'ACTIVE', 'subnets': [], 'shared': False, 'port_security_enabled': True, 'router:external': False, 'provider:network_type': 'vlan', 'provider:physical_network': 'default', 'provider:segmentation_id': 800, 'availability_zone_hints': [], 'availability_zones': [], 'ipv4_address_scope': None, 'ipv6_address_scope': None, 'description': '', 'tags': [], 'created_at': '2025-12-09T03:17:36Z', 'updated_at': '2025-12-09T03:17:36Z', 'revision_number': 1} available for tenant
2025-12-09 03:17:38.423 67239 INFO tempest.lib.common.rest_client [req-296d6633-71e2-4236-a939-66daccab6f9e req-296d6633-71e2-4236-a939-66daccab6f9e ] Request (VolumesAssistedSnapshotsTest:test_volume_assisted_snapshot_create_delete): 200 POST http://10.180.1.21/compute/v2.1/servers/dda141b7-80c9-44c6-aa8a-d84d4cd3eeaa/os-volume_attachments 3.683s
2025-12-09 03:17:38.443 67199 INFO tempest.lib.common.rest_client [req-ee37ef9f-2f06-415a-8295-a6bf87594a15 req-ee37ef9f-2f06-415a-8295-a6bf87594a15 ] Request (InstanceActionsV221TestJSON:test_get_list_deleted_instance_actions): 200 GET http://10.180.1.21/compute/v2.1/servers/df70f445-6621-4289-a525-58439a8351d2 1.798s
2025-12-09 03:17:38.469 67239 INFO tempest.lib.common.rest_client [req-a1e1b8ca-2a68-49ed-ba10-3af96f46b7e5 req-a1e1b8ca-2a68-49ed-ba10-3af96f46b7e5 ] Request (VolumesAssistedSnapshotsTest:test_volume_assisted_snapshot_create_delete): 200 GET http://10.180.1.21/volume/v3/volumes/f73f1c2f-5e8f-43d8-bf91-cdd37b56d3cc 0.044s
2025-12-09 03:17:38.479 67189 INFO tempest.lib.common.rest_client [req-d47fd3c8-1f4e-4b72-a7ae-141cc3a95fe1 req-d47fd3c8-1f4e-4b72-a7ae-141cc3a95fe1 ] Request (ServerDiagnosticsV248Test:tearDownClass): 204 DELETE http://10.180.1.21/networking/v2.0/security-groups/5b1adc84-b8f4-48f5-a859-612e76acf753 0.168s
2025-12-09 03:17:38.499 67193 INFO tempest.lib.common.rest_client [req-ced82c81-c974-45d2-a83f-110cdfecd4a0 req-ced82c81-c974-45d2-a83f-110cdfecd4a0 ] Request (ListImageFiltersTestJSON:setUpClass): 200 GET http://10.180.1.21/compute/v2.1/images/32456e9b-a654-4ff5-8868-596411a630f1 1.816s
2025-12-09 03:17:38.513 67227 INFO tempest.lib.common.rest_client [req-4d6dcc01-2bed-4d96-924e-b87105ddc504 req-4d6dcc01-2bed-4d96-924e-b87105ddc504 ] Request (QuotasAdminNegativeTest:tearDownClass): 204 DELETE http://10.180.1.21/identity/v3/projects/cfba42530e2246a6a5523595ce684771 0.202s
2025-12-09 03:17:38.514 67227 INFO tempest.lib.common.dynamic_creds [-] Deleting project and security group for project: 3eb84ba8ecee48aaac9bbf8ce4b4feb7
2025-12-09 03:17:38.515 67229 INFO tempest.lib.common.rest_client [req-3f0e29d5-1ad8-4894-99a2-72a015f86720 req-3f0e29d5-1ad8-4894-99a2-72a015f86720 ] Request (FlavorsAdminTestJSON:test_create_server_with_non_public_flavor): 400 POST http://10.180.1.21/compute/v2.1/servers 1.820s
2025-12-09 03:17:38.656 67189 INFO tempest.lib.common.rest_client [req-cd9b83dc-0a54-430d-ad4d-c34e011d0357 req-cd9b83dc-0a54-430d-ad4d-c34e011d0357 ] Request (ServerDiagnosticsV248Test:tearDownClass): 204 DELETE http://10.180.1.21/identity/v3/projects/aa4e27e0cffe4991b3264eed6be0e37e 0.176s
2025-12-09 03:17:38.675 67195 INFO tempest.lib.common.rest_client [req-92db7e7f-06a8-4068-a5aa-ad923cf64f42 req-92db7e7f-06a8-4068-a5aa-ad923cf64f42 ] Request (QuotasAdminTestJSON:test_get_updated_quotas): 200 GET http://10.180.1.21/compute/v2.1/os-quota-sets/38776b80d633437aa3b2639928541f69/detail 2.000s
2025-12-09 03:17:38.679 67227 INFO tempest.lib.common.rest_client [req-d2e9ef90-76a2-423a-a804-8c737c61c868 req-d2e9ef90-76a2-423a-a804-8c737c61c868 ] Request (QuotasAdminNegativeTest:tearDownClass): 200 GET http://10.180.1.21/networking/v2.0/security-groups?tenant_id=3eb84ba8ecee48aaac9bbf8ce4b4feb7&name=default 0.165s
2025-12-09 03:17:38.751 67207 INFO tempest.lib.common.rest_client [req-5337f588-4529-4910-a7da-20f811d68bfa req-5337f588-4529-4910-a7da-20f811d68bfa ] Request (ImagesNegativeTestJSON:test_create_image_from_deleted_server): 200 GET http://10.180.1.21/compute/v2.1/servers/7c25577f-91ad-4732-8603-7d5547efb681 2.018s
2025-12-09 03:17:38.771 67185 INFO tempest.lib.common.rest_client [req-4e051da8-b5bb-4fa5-963b-0c9a1cb3e251 req-4e051da8-b5bb-4fa5-963b-0c9a1cb3e251 ] Request (ServersTestMultiNic:test_verify_multiple_nics_order): 200 GET http://10.180.1.21/compute/v2.1/servers/675b9401-033f-4523-8e22-f1b584137f20 2.007s
2025-12-09 03:17:38.778 67189 INFO tempest.lib.common.rest_client [req-cc100cd6-033e-4c0f-9e96-5d331feae6a6 req-cc100cd6-033e-4c0f-9e96-5d331feae6a6 ] Request (ServicesAdminNegativeV253TestJSON:setUpClass): 201 POST http://10.180.1.21/identity/v3/auth/tokens 0.117s
2025-12-09 03:17:38.786 67195 INFO tempest.lib.common.rest_client [req-9d6f4ec3-a36e-4255-9618-76f92ed4e75f req-9d6f4ec3-a36e-4255-9618-76f92ed4e75f ] Request (QuotasAdminTestJSON:test_get_updated_quotas): 200 GET http://10.180.1.21/identity/v3/domains?name=Default 0.103s
2025-12-09 03:17:38.807 67227 INFO tempest.lib.common.rest_client [req-392978cf-948c-44dd-968f-b2ac4761bd7e req-392978cf-948c-44dd-968f-b2ac4761bd7e ] Request (QuotasAdminNegativeTest:tearDownClass): 204 DELETE http://10.180.1.21/networking/v2.0/security-groups/7857225e-6a90-4c8e-a215-e00078cd49f9 0.127s
2025-12-09 03:17:38.814 67189 INFO tempest.lib.common.rest_client [req-73dab33a-0635-4d38-ba2c-9e687106ed67 req-73dab33a-0635-4d38-ba2c-9e687106ed67 ] Request (ServicesAdminNegativeV253TestJSON:setUpClass): 201 POST http://10.180.1.21/identity/v3/auth/tokens 0.033s
2025-12-09 03:17:38.840 67195 INFO tempest.lib.common.rest_client [req-4af349d0-d8d3-4d0a-bfff-ed1aed4fad2e req-4af349d0-d8d3-4d0a-bfff-ed1aed4fad2e ] Request (QuotasAdminTestJSON:test_get_updated_quotas): 201 POST http://10.180.1.21/identity/v3/users 0.053s
2025-12-09 03:17:38.867 67215 INFO tempest.lib.common.rest_client [req-1d6484e8-6eb1-42cf-84d7-de029555ef04 req-1d6484e8-6eb1-42cf-84d7-de029555ef04 ] Request (ServerAddressesNegativeTestJSON:setUpClass): 200 GET http://10.180.1.21/compute/v2.1/servers/a2f8ef95-f973-44f7-946f-6cbda62bdd8e 1.574s
2025-12-09 03:17:38.872 67181 INFO tempest.lib.common.rest_client [req-af88f202-9a17-4455-90f0-3e1b9642c099 req-af88f202-9a17-4455-90f0-3e1b9642c099 ] Request (MultipleCreateTestJSON:_run_cleanups): 204 DELETE http://10.180.1.21/compute/v2.1/servers/589b6a90-77d1-42df-ad11-e6a68d1a43ba 1.762s
2025-12-09 03:17:38.878 67215 INFO tempest.common.waiters [-] State transition "BUILD/None" ==> "BUILD/networking" after 16 second wait
2025-12-09 03:17:38.901 67227 INFO tempest.lib.common.rest_client [req-a51fbfd2-68b0-41bf-a836-18db4c7321ab req-a51fbfd2-68b0-41bf-a836-18db4c7321ab ] Request (QuotasAdminNegativeTest:tearDownClass): 204 DELETE http://10.180.1.21/identity/v3/projects/3eb84ba8ecee48aaac9bbf8ce4b4feb7 0.093s
2025-12-09 03:17:38.910 67191 WARNING tempest.lib.common.ssh [-] Failed to establish authenticated ssh connection to cirros@10.180.180.153 ([Errno None] Unable to connect to port 22 on 10.180.180.153). Number attempts: 4. Retry after 5 seconds.: paramiko.ssh_exception.NoValidConnectionsError: [Errno None] Unable to connect to port 22 on 10.180.180.153
2025-12-09 03:17:38.917 67231 INFO tempest.lib.common.rest_client [req-a078ec89-254c-4848-aaee-cabcf9b5c2b0 req-a078ec89-254c-4848-aaee-cabcf9b5c2b0 ] Request (ImagesMetadataTestJSON:test_update_image_metadata): 200 GET http://10.180.1.21/compute/v2.1/images/2eab0ffe-354c-4f8a-bb30-255aa17844aa/metadata 1.588s
2025-12-09 03:17:38.948 67189 INFO tempest.lib.common.rest_client [req-75d30c71-c3f6-4413-b937-141a738c6808 req-75d30c71-c3f6-4413-b937-141a738c6808 ] Request (ServicesAdminNegativeV253TestJSON:setUpClass): 200 GET http://10.180.1.21/identity/v3/domains?name=Default 0.133s
2025-12-09 03:17:38.975 67227 INFO tempest.lib.common.rest_client [req-0ee9e33d-2433-443c-b8da-711cc52ac040 req-0ee9e33d-2433-443c-b8da-711cc52ac040 ] Request (ListServersNegativeTestJSON:setUpClass): 201 POST http://10.180.1.21/identity/v3/auth/tokens 0.071s
2025-12-09 03:17:38.978 67195 INFO tempest.lib.common.rest_client [req-76c97fc0-ae06-4db0-a64a-5a5e4f42cd11 req-76c97fc0-ae06-4db0-a64a-5a5e4f42cd11 ] Request (QuotasAdminTestJSON:test_get_updated_quotas): 200 GET http://10.180.1.21/identity/v3/domains?name=Default 0.137s
2025-12-09 03:17:39.013 67227 INFO tempest.lib.common.rest_client [req-e9117a6d-da1a-4ef0-95bd-115f9d359c8f req-e9117a6d-da1a-4ef0-95bd-115f9d359c8f ] Request (ListServersNegativeTestJSON:setUpClass): 201 POST http://10.180.1.21/identity/v3/auth/tokens 0.034s
2025-12-09 03:17:39.027 67231 INFO tempest.lib.common.rest_client [req-e3ff363d-7c45-4b17-91df-be59eeacdbbe req-e3ff363d-7c45-4b17-91df-be59eeacdbbe ] Request (ImagesMetadataTestJSON:tearDownClass): 204 DELETE http://10.180.1.21/image/v2/images/2eab0ffe-354c-4f8a-bb30-255aa17844aa 0.107s
2025-12-09 03:17:39.032 67189 INFO tempest.lib.common.rest_client [req-f1dfcd72-a5a7-478a-a25f-7799ce006762 req-f1dfcd72-a5a7-478a-a25f-7799ce006762 ] Request (ServicesAdminNegativeV253TestJSON:setUpClass): 201 POST http://10.180.1.21/identity/v3/projects 0.084s
2025-12-09 03:17:39.041 67227 INFO tempest.lib.common.rest_client [req-b76cc15a-7bdd-4efa-9360-11f2a4d84e63 req-b76cc15a-7bdd-4efa-9360-11f2a4d84e63 ] Request (ListServersNegativeTestJSON:setUpClass): 200 GET http://10.180.1.21/identity/v3/domains?name=Default 0.028s
2025-12-09 03:17:39.122 67189 INFO tempest.lib.common.rest_client [req-b6373937-4a74-45dd-964c-67ff7ba3421b req-b6373937-4a74-45dd-964c-67ff7ba3421b ] Request (ServicesAdminNegativeV253TestJSON:setUpClass): 201 POST http://10.180.1.21/identity/v3/users 0.088s
2025-12-09 03:17:39.146 67233 INFO tempest.lib.common.rest_client [req-9898a8ef-4f1c-4988-9526-e85b60c2728f req-9898a8ef-4f1c-4988-9526-e85b60c2728f ] Request (ServersTestBootFromVolume:setUpClass): 200 GET http://10.180.1.21/compute/v2.1/servers/df82b1e8-62f7-4a20-9318-a4d0688876db 1.829s
2025-12-09 03:17:39.169 67227 INFO tempest.lib.common.rest_client [req-05f4d7c1-baaa-4932-b7aa-a242014e4378 req-05f4d7c1-baaa-4932-b7aa-a242014e4378 ] Request (ListServersNegativeTestJSON:setUpClass): 201 POST http://10.180.1.21/identity/v3/projects 0.128s
2025-12-09 03:17:39.208 67225 INFO tempest.lib.common.rest_client [req-196ca695-753c-4899-9815-3ab21840dc9c req-196ca695-753c-4899-9815-3ab21840dc9c ] Request (ImagesOneServerNegativeTestJSON:setUpClass): 200 GET http://10.180.1.21/compute/v2.1/servers/f90f1bce-6ae7-4b7b-8586-22ce9ba47cae 1.717s
2025-12-09 03:17:39.227 67225 INFO tempest.common.waiters [-] State transition "BUILD/spawning" ==> "ACTIVE/None" after 22 second wait
2025-12-09 03:17:39.230 67222 INFO tempest.lib.common.rest_client [req-0a2f2dbb-f2e4-4b12-966a-8223406e4851 req-0a2f2dbb-f2e4-4b12-966a-8223406e4851 ] Request (ServersTestManualDisk:setUpClass): 200 GET http://10.180.1.21/compute/v2.1/servers/dcbdf22b-7dfa-4618-9d6f-fe831596d9ec 1.690s
2025-12-09 03:17:39.239 67237 INFO tempest.lib.common.rest_client [req-b4cdb43b-cb4f-4456-a6fe-e12e979c5f23 req-b4cdb43b-cb4f-4456-a6fe-e12e979c5f23 ] Request (AggregatesAdminNegativeTestJSON:test_aggregate_get_details_as_user): 403 GET http://10.180.1.21/compute/v2.1/os-aggregates/6 1.684s
2025-12-09 03:17:39.246 67222 INFO tempest.common.waiters [-] State transition "BUILD/scheduling" ==> "BUILD/None" after 3 second wait
2025-12-09 03:17:39.255 67189 INFO tempest.lib.common.rest_client [req-a1effcfd-772d-4c51-826d-f9aa038f31a4 req-a1effcfd-772d-4c51-826d-f9aa038f31a4 ] Request (ServicesAdminNegativeV253TestJSON:setUpClass): 200 GET http://10.180.1.21/identity/v3/roles 0.131s
2025-12-09 03:17:39.285 67227 INFO tempest.lib.common.rest_client [req-f82b1245-5468-41e6-a91c-168d4604e798 req-f82b1245-5468-41e6-a91c-168d4604e798 ] Request (ListServersNegativeTestJSON:setUpClass): 201 POST http://10.180.1.21/identity/v3/users 0.115s
2025-12-09 03:17:39.293 67197 INFO tempest.lib.common.rest_client [req-9f376e19-91da-4732-a5e5-46b8a3c45a1c req-9f376e19-91da-4732-a5e5-46b8a3c45a1c ] Request (ImagesTestJSON:test_create_image_from_suspended_server): 200 GET http://10.180.1.21/compute/v2.1/servers/e8c5a939-8326-4dd3-9641-1baf0b0785ff 1.750s
2025-12-09 03:17:39.340 67231 INFO tempest.lib.common.rest_client [req-0c7334dc-66ba-4a18-8aae-472cfed71269 req-0c7334dc-66ba-4a18-8aae-472cfed71269 ] Request (ImagesMetadataTestJSON:tearDownClass): 204 DELETE http://10.180.1.21/identity/v3/users/c314a9e85e7242a593e5e0a4ae630b35 0.312s
2025-12-09 03:17:39.340 67231 INFO tempest.lib.common.dynamic_creds [-] Deleting project and security group for project: a4d37fc7aa1b40e1a5d3d6bf1b31ab0a
2025-12-09 03:17:39.364 67223 INFO tempest.lib.common.rest_client [req-d5e9c9df-fd2f-47ea-9748-871b1e2ddff3 req-d5e9c9df-fd2f-47ea-9748-871b1e2ddff3 ] Request (FloatingIPsAssociationTestJSON:test_associate_already_associated_floating_ip): 200 GET http://10.180.1.21/compute/v2.1/servers/1c1b9315-c30a-45d0-9ef3-098e252fd7ad 1.769s
2025-12-09 03:17:39.419 67189 INFO tempest.lib.common.rest_client [req-6e5c0d5d-1685-4605-b4df-b046898ef3c1 req-6e5c0d5d-1685-4605-b4df-b046898ef3c1 ] Request (ServicesAdminNegativeV253TestJSON:setUpClass): 204 PUT http://10.180.1.21/identity/v3/projects/fa8ca4483ca44a2da553b6295ed6f3c0/users/9346fc55ec4a48dfb3b973724b274716/roles/e4be7192b8ac401fb4f56f650e3e5b0d 0.162s
2025-12-09 03:17:39.419 67189 INFO tempest.lib.common.dynamic_creds [-] Dynamic test user 9346fc55ec4a48dfb3b973724b274716 is created with scope project and roles: ['member']
