2025-12-02 03:28:20.448 66486 INFO tempest.common.waiters [-] State transition "BUILD/spawning" ==> "ACTIVE/None" after 54 second wait
2025-12-02 03:28:20.524 66522 INFO tempest.lib.common.rest_client [req-24d79d75-098d-410a-97d8-b75c321d7fd8 req-24d79d75-098d-410a-97d8-b75c321d7fd8 ] Request (MigrationsAdminTest:test_resize_server_revert_deleted_flavor): 200 GET http://10.180.1.21/compute/v2.1/servers/9fd88eee-356b-436d-95d2-f4b7ed9a8383 1.402s
2025-12-02 03:28:20.579 66500 INFO tempest.lib.common.rest_client [req-fa372634-a67f-4aa9-8d48-8ff1de34f971 req-fa372634-a67f-4aa9-8d48-8ff1de34f971 ] Request (ServersNegativeTestJSON:setUpClass): 200 GET http://10.180.1.21/compute/v2.1/servers/310e55be-4eef-499d-b66a-aed5c01bc186 1.414s
2025-12-02 03:28:20.587 66500 INFO tempest.common.waiters [-] State transition "BUILD/networking" ==> "BUILD/spawning" after 42 second wait
2025-12-02 03:28:20.595 66530 INFO tempest.lib.common.rest_client [req-3dfbede2-d56f-483e-b281-96600b308b35 req-3dfbede2-d56f-483e-b281-96600b308b35 ] Request (ImagesOneServerNegativeTestJSON:_run_cleanups): 200 GET http://10.180.1.21/compute/v2.1/servers/932ab389-beca-4876-85cc-7628041dab3d 1.358s
2025-12-02 03:28:20.685 66506 INFO tempest.lib.common.rest_client [req-4491f55c-0303-49a9-9712-4948fa7a47dc req-4491f55c-0303-49a9-9712-4948fa7a47dc ] Request (ServerDiskConfigTestJSON:test_resize_server_from_auto_to_manual): 200 GET http://10.180.1.21/compute/v2.1/servers/f6823ce5-4b96-406d-a306-3bf5a6057ef4 1.176s
2025-12-02 03:28:20.792 66488 INFO tempest.lib.common.rest_client [req-0e2ea8c5-8168-46db-8693-aa178f719004 req-0e2ea8c5-8168-46db-8693-aa178f719004 ] Request (ServerDiagnosticsV248Test:tearDownClass): 200 GET http://10.180.1.21/compute/v2.1/servers/331e5100-c1e3-4a01-8b02-d3e4b7452097 1.210s
2025-12-02 03:28:20.886 66498 INFO tempest.lib.common.rest_client [req-46590967-fa68-4308-8101-ba1ea2600683 req-46590967-fa68-4308-8101-ba1ea2600683 ] Request (FloatingIPsAssociationTestJSON:tearDownClass): 200 GET http://10.180.1.21/compute/v2.1/servers/96c17790-9f52-422c-b67c-034b00183281 1.297s
2025-12-02 03:28:20.913 66536 INFO tempest.lib.common.rest_client [req-2f55893b-720f-4ba2-8bec-2428340e7751 req-2f55893b-720f-4ba2-8bec-2428340e7751 ] Request (AttachInterfacesUnderV243Test:test_add_remove_fixed_ip): 200 GET http://10.180.1.21/compute/v2.1/servers/05d94242-4ca1-49b4-8a3a-85d110c40320/ips 0.882s
2025-12-02 03:28:20.974 66496 INFO tempest.lib.common.rest_client [req-7793c74d-5ed6-4e34-be18-1b1567793d7d req-7793c74d-5ed6-4e34-be18-1b1567793d7d ] Request (ListImageFiltersTestJSON:setUpClass): 200 GET http://10.180.1.21/compute/v2.1/images/70126522-b1f5-4674-be4e-4f6e40aa89ad 0.735s
2025-12-02 03:28:21.089 66486 INFO tempest.lib.common.rest_client [req-06b55b47-7d4c-4582-bff5-ae269202ac9b req-06b55b47-7d4c-4582-bff5-ae269202ac9b ] Request (InstanceActionsNegativeTestJSON:test_get_instance_action_invalid_request): 404 GET http://10.180.1.21/compute/v2.1/servers/b810f99e-edce-48bf-8e96-319e5ab80ac5/os-instance-actions/999 0.640s
2025-12-02 03:28:21.101 66512 INFO tempest.lib.common.rest_client [req-307b2b59-4335-44d0-b11c-448a2e048745 req-307b2b59-4335-44d0-b11c-448a2e048745 ] Request (ServerRescueTestJSON:setUpClass): 202 POST http://10.180.1.21/compute/v2.1/servers 1.553s
2025-12-02 03:28:21.170 66538 INFO tempest.lib.common.rest_client [req-2483f521-93a0-4deb-98bf-8b5edaeb053d req-2483f521-93a0-4deb-98bf-8b5edaeb053d ] Request (ServerTagsTestJSON:tearDownClass): 200 GET http://10.180.1.21/compute/v2.1/servers/203be699-dfce-4549-8336-81f3649f5fb0 0.712s
2025-12-02 03:28:21.177 66548 INFO tempest.lib.common.rest_client [req-47fe125d-5781-47e6-9149-13dc09be9e64 req-47fe125d-5781-47e6-9149-13dc09be9e64 ] Request (ServersAdminTestJSON:tearDownClass): 200 GET http://10.180.1.21/compute/v2.1/servers/6c37e2d8-7eac-439d-bf5b-316fd88884f2 0.609s
2025-12-02 03:28:21.239 66492 INFO tempest.lib.common.rest_client [req-2051558a-36c0-40b3-95a0-21612e561b77 req-2051558a-36c0-40b3-95a0-21612e561b77 ] Request (ServerMetadataTestJSON:setUpClass): 200 GET http://10.180.1.21/compute/v2.1/servers/aae584ee-5d65-452e-91c3-c7e83f662543 0.645s
2025-12-02 03:28:21.261 66528 INFO tempest.lib.common.rest_client [req-e1afdd2c-52bc-4731-83eb-9db0c71f392a req-e1afdd2c-52bc-4731-83eb-9db0c71f392a ] Request (ServerMetadataNegativeTestJSON:tearDownClass): 200 GET http://10.180.1.21/compute/v2.1/servers/b3b17c7e-70bf-4419-a0f8-5869f102f106 0.602s
2025-12-02 03:28:21.293 66514 INFO tempest.lib.common.rest_client [req-edf58047-4d8e-4f05-b868-97baefe643a7 req-edf58047-4d8e-4f05-b868-97baefe643a7 ] Request (ServersAdminNegativeTestJSON:tearDownClass): 404 GET http://10.180.1.21/compute/v2.1/servers/5e13b6c1-2ec4-4f12-89ef-8afcc1a7357c 0.590s
2025-12-02 03:28:21.365 66516 INFO tempest.lib.common.rest_client [req-4e2478d6-ccf8-45d4-bc00-9b592265f689 req-4e2478d6-ccf8-45d4-bc00-9b592265f689 ] Request (ServerAddressesNegativeTestJSON:tearDownClass): 200 GET http://10.180.1.21/compute/v2.1/servers/6159884e-8990-49e3-a0eb-0e30359be227 0.570s
2025-12-02 03:28:21.431 66542 INFO tempest.lib.common.rest_client [req-93755e28-8568-4b86-be2b-bc851b43c871 req-93755e28-8568-4b86-be2b-bc851b43c871 ] Request (ServersTestJSON:setUpClass): 200 GET http://10.180.1.21/compute/v2.1/servers/cadd2a5a-2396-4ae5-877c-1260bf8e29e9 0.627s
2025-12-02 03:28:21.433 66506 INFO tempest.lib.common.rest_client [req-7caec38f-0ac1-4a6a-b515-c2a18084fcf2 req-7caec38f-0ac1-4a6a-b515-c2a18084fcf2 ] Request (ServerDiskConfigTestJSON:test_resize_server_from_auto_to_manual): 202 POST http://10.180.1.21/compute/v2.1/servers/f6823ce5-4b96-406d-a306-3bf5a6057ef4/action 0.739s
2025-12-02 03:28:21.438 66542 INFO tempest.common.waiters [-] State transition "BUILD/scheduling" ==> "BUILD/None" after 23 second wait
2025-12-02 03:28:21.494 66510 INFO tempest.lib.common.rest_client [req-d54610a7-96fe-4e41-b27c-3509fc977c6d req-d54610a7-96fe-4e41-b27c-3509fc977c6d ] Request (ServersWithSpecificFlavorTestJSON:test_verify_created_server_ephemeral_disk): 200 GET http://10.180.1.21/compute/v2.1/servers/0747291d-4ac0-4205-ace7-4ebd11f9e9b5 0.600s
2025-12-02 03:28:21.602 66502 INFO tempest.lib.common.rest_client [req-bc3e0f35-7ada-427d-8fe3-149edd8e2ac9 req-bc3e0f35-7ada-427d-8fe3-149edd8e2ac9 ] Request (ServersTestMultiNic:test_verify_multiple_nics_order): 200 GET http://10.180.1.21/compute/v2.1/servers/f56c0adf-c6a9-4459-b27a-06ed59aa0909 0.612s
2025-12-02 03:28:21.662 66496 INFO tempest.lib.common.rest_client [req-c42d7196-78c0-4a3b-95d6-27eb66e2bdc6 req-c42d7196-78c0-4a3b-95d6-27eb66e2bdc6 ] Request (ListImageFiltersTestJSON:setUpClass): 200 GET http://10.180.1.21/compute/v2.1/servers/26e95aa2-8b72-408b-9138-ac91839b7e46 0.685s
2025-12-02 03:28:21.676 66486 INFO tempest.lib.common.rest_client [req-2281b613-456f-400e-bd9a-75ea4200d3df req-2281b613-456f-400e-bd9a-75ea4200d3df ] Request (InstanceActionsNegativeTestJSON:test_list_instance_actions_non_existent_server): 404 GET http://10.180.1.21/compute/v2.1/servers/20d05063-85ec-408a-b931-6e1e568574a8/os-instance-actions 0.584s
2025-12-02 03:28:21.832 66490 INFO tempest.lib.common.rest_client [req-cdcd66fc-3da8-4c94-84f3-4783df7f3be0 req-cdcd66fc-3da8-4c94-84f3-4783df7f3be0 ] Request (ImagesTestJSON:test_create_server_from_snapshot): 200 GET http://10.180.1.21/compute/v2.1/servers/26646ec6-80cd-4e5b-90dd-f343b86d4c14 0.727s
2025-12-02 03:28:21.891 66512 INFO tempest.lib.common.rest_client [req-9e04650a-766f-439a-9825-016d2f155fc2 req-9e04650a-766f-439a-9825-016d2f155fc2 ] Request (ServerRescueTestJSON:setUpClass): 200 GET http://10.180.1.21/compute/v2.1/servers/af9ed130-7b15-42d3-a337-274adeb66e9a 0.787s
2025-12-02 03:28:21.912 66544 INFO tempest.lib.common.rest_client [req-28f47e75-e254-4b0e-afc5-696fb07c4a38 req-28f47e75-e254-4b0e-afc5-696fb07c4a38 ] Request (ServerDiagnosticsTest:test_get_server_diagnostics): 200 GET http://10.180.1.21/compute/v2.1/servers/719f243c-9c7c-47e9-9e2f-21bc145cb74d 0.885s
2025-12-02 03:28:21.967 66508 INFO tempest.lib.common.rest_client [req-92dee1f0-e696-415c-a229-c39d57f2cdaa req-92dee1f0-e696-415c-a229-c39d57f2cdaa ] Request (ServerRescueTestJSONUnderV235:setUpClass): 200 GET http://10.180.1.21/compute/v2.1/servers/d38b5bb6-427a-4391-a710-d0c96371eb39 0.839s
2025-12-02 03:28:22.003 66534 INFO tempest.lib.common.rest_client [req-b182cdea-c6ba-4280-93c4-f6ecb8372585 req-b182cdea-c6ba-4280-93c4-f6ecb8372585 ] Request (SecurityGroupsTestJSON:test_server_security_groups): 200 GET http://10.180.1.21/compute/v2.1/servers/55b0c2ae-91bd-4a98-a9f7-1cd86430affa 0.822s
2025-12-02 03:28:22.042 66519 INFO tempest.lib.common.rest_client [req-923f12ef-1779-4fe9-9706-f67eda0c150a req-923f12ef-1779-4fe9-9706-f67eda0c150a ] Request (ServerShowV247Test:test_update_rebuild_list_server): 200 GET http://10.180.1.21/compute/v2.1/servers/ae83591b-ba18-4eb5-a1de-bce9c4224fee 0.838s
2025-12-02 03:28:22.106 66520 INFO tempest.lib.common.rest_client [req-40a548e9-ce23-47d6-b2c4-6d09670b17a6 req-40a548e9-ce23-47d6-b2c4-6d09670b17a6 ] Request (ImagesOneServerTestJSON:tearDownClass): 200 GET http://10.180.1.21/compute/v2.1/servers/1ed0f8ce-d32d-4983-9751-b7b4eb6bbfb9 0.845s
2025-12-02 03:28:22.140 66514 INFO tempest.lib.common.rest_client [req-7e0427ac-52fb-4046-b88a-848c6553447e req-7e0427ac-52fb-4046-b88a-848c6553447e ] Request (ServersAdminNegativeTestJSON:tearDownClass): 204 DELETE http://10.180.1.21/compute/v2.1/servers/61a64ba1-88f1-41e4-888c-2609acd82822 0.847s
2025-12-02 03:28:22.170 66526 INFO tempest.lib.common.rest_client [req-6b47a678-e628-4ddd-bbfc-8c475fb2ac90 req-6b47a678-e628-4ddd-bbfc-8c475fb2ac90 ] Request (ServersTestBootFromVolume:tearDownClass): 200 GET http://10.180.1.21/compute/v2.1/servers/100447f3-2da4-4a1f-bb6e-5783cb0821fa 0.858s
2025-12-02 03:28:22.191 66546 INFO tempest.lib.common.rest_client [req-63a9419b-7906-42e7-aff7-51b46b9e3116 req-63a9419b-7906-42e7-aff7-51b46b9e3116 ] Request (ServerActionsTestOtherB:setUpClass): 200 GET http://10.180.1.21/compute/v2.1/servers/340051fd-17a9-47eb-9fcc-3e08bd3942d7 0.866s
2025-12-02 03:28:22.225 66504 INFO tempest.lib.common.rest_client [req-2760ae03-c44f-4ef7-9012-7dc8e2493b78 req-2760ae03-c44f-4ef7-9012-7dc8e2493b78 ] Request (ListServerFiltersTestJSON:tearDownClass): 200 GET http://10.180.1.21/compute/v2.1/servers/124a3d95-a34b-4469-ac08-3688cf30d1d2 0.814s
2025-12-02 03:28:22.306 66506 INFO tempest.lib.common.rest_client [req-4e8078e9-d89a-4b69-831d-11db8daa603f req-4e8078e9-d89a-4b69-831d-11db8daa603f ] Request (ServerDiskConfigTestJSON:test_resize_server_from_auto_to_manual): 200 GET http://10.180.1.21/compute/v2.1/servers/f6823ce5-4b96-406d-a306-3bf5a6057ef4 0.872s
2025-12-02 03:28:22.327 66522 INFO tempest.lib.common.rest_client [req-96e91279-2aa0-4745-a935-344709cdd828 req-96e91279-2aa0-4745-a935-344709cdd828 ] Request (MigrationsAdminTest:test_resize_server_revert_deleted_flavor): 200 GET http://10.180.1.21/compute/v2.1/servers/9fd88eee-356b-436d-95d2-f4b7ed9a8383 0.794s
2025-12-02 03:28:22.385 66530 INFO tempest.lib.common.rest_client [req-7bcd274b-b85b-4b58-9ab9-350b47e12b2e req-7bcd274b-b85b-4b58-9ab9-350b47e12b2e ] Request (ImagesOneServerNegativeTestJSON:_run_cleanups): 200 GET http://10.180.1.21/compute/v2.1/servers/932ab389-beca-4876-85cc-7628041dab3d 0.780s
2025-12-02 03:28:22.403 66500 INFO tempest.lib.common.rest_client [req-12b8fa45-0448-40a9-8073-c915fd12d18e req-12b8fa45-0448-40a9-8073-c915fd12d18e ] Request (ServersNegativeTestJSON:setUpClass): 200 GET http://10.180.1.21/compute/v2.1/servers/310e55be-4eef-499d-b66a-aed5c01bc186 0.815s
2025-12-02 03:28:22.450 66486 INFO tempest.lib.common.rest_client [req-26b24bb3-4d12-4185-8fdf-2d0d9b2afce1 req-26b24bb3-4d12-4185-8fdf-2d0d9b2afce1 ] Request (InstanceActionsNegativeTestJSON:tearDownClass): 204 DELETE http://10.180.1.21/compute/v2.1/servers/b810f99e-edce-48bf-8e96-319e5ab80ac5 0.767s
2025-12-02 03:28:22.458 66488 INFO tempest.lib.common.rest_client [req-16f69e09-c465-4bdc-ad01-9c7b5374f6e6 req-16f69e09-c465-4bdc-ad01-9c7b5374f6e6 ] Request (ServerDiagnosticsV248Test:tearDownClass): 200 GET http://10.180.1.21/compute/v2.1/servers/331e5100-c1e3-4a01-8b02-d3e4b7452097 0.653s
2025-12-02 03:28:22.485 66536 INFO tempest.lib.common.rest_client [req-0615600a-2d37-4a0c-a312-518654a52865 req-0615600a-2d37-4a0c-a312-518654a52865 ] Request (AttachInterfacesUnderV243Test:test_add_remove_fixed_ip): 200 GET http://10.180.1.21/compute/v2.1/servers/05d94242-4ca1-49b4-8a3a-85d110c40320/ips 0.569s
2025-12-02 03:28:22.510 66498 INFO tempest.lib.common.rest_client [req-b537a3da-4800-49a3-a0fb-f30d1852551a req-b537a3da-4800-49a3-a0fb-f30d1852551a ] Request (FloatingIPsAssociationTestJSON:tearDownClass): 200 GET http://10.180.1.21/compute/v2.1/servers/96c17790-9f52-422c-b67c-034b00183281 0.609s
2025-12-02 03:28:22.574 66538 INFO tempest.lib.common.rest_client [req-18c0d504-888d-43a6-94f5-a601312a681c req-18c0d504-888d-43a6-94f5-a601312a681c ] Request (ServerTagsTestJSON:tearDownClass): 200 GET http://10.180.1.21/compute/v2.1/servers/203be699-dfce-4549-8336-81f3649f5fb0 0.393s
2025-12-02 03:28:22.583 66514 INFO tempest.lib.common.rest_client [req-6b082bd6-08d6-495b-b168-52c95e2c688e req-6b082bd6-08d6-495b-b168-52c95e2c688e ] Request (ServersAdminNegativeTestJSON:tearDownClass): 200 GET http://10.180.1.21/compute/v2.1/servers/61a64ba1-88f1-41e4-888c-2609acd82822 0.442s
2025-12-02 03:28:22.631 66548 INFO tempest.lib.common.rest_client [req-0caf8fc5-b50c-4d65-819e-05e6dd4331a1 req-0caf8fc5-b50c-4d65-819e-05e6dd4331a1 ] Request (ServersAdminTestJSON:tearDownClass): 200 GET http://10.180.1.21/compute/v2.1/servers/6c37e2d8-7eac-439d-bf5b-316fd88884f2 0.442s
2025-12-02 03:28:22.637 66492 INFO tempest.lib.common.rest_client [req-057bced4-33e8-4ca4-af3d-c2794d6d9933 req-057bced4-33e8-4ca4-af3d-c2794d6d9933 ] Request (ServerMetadataTestJSON:setUpClass): 200 GET http://10.180.1.21/compute/v2.1/servers/aae584ee-5d65-452e-91c3-c7e83f662543 0.390s
2025-12-02 03:28:22.691 66528 INFO tempest.lib.common.rest_client [req-dca45f1c-ce40-4a8e-9701-4506c54fb6d8 req-dca45f1c-ce40-4a8e-9701-4506c54fb6d8 ] Request (ServerMetadataNegativeTestJSON:tearDownClass): 200 GET http://10.180.1.21/compute/v2.1/servers/b3b17c7e-70bf-4419-a0f8-5869f102f106 0.415s
2025-12-02 03:28:22.698 66516 INFO tempest.lib.common.rest_client [req-99934a01-29d2-4ea9-8c4b-0a785c5b381b req-99934a01-29d2-4ea9-8c4b-0a785c5b381b ] Request (ServerAddressesNegativeTestJSON:tearDownClass): 200 GET http://10.180.1.21/compute/v2.1/servers/6159884e-8990-49e3-a0eb-0e30359be227 0.323s
2025-12-02 03:28:22.741 66542 INFO tempest.lib.common.rest_client [req-f09e745a-4abb-4ff9-bb18-1ae3858cdf61 req-f09e745a-4abb-4ff9-bb18-1ae3858cdf61 ] Request (ServersTestJSON:setUpClass): 200 GET http://10.180.1.21/compute/v2.1/servers/cadd2a5a-2396-4ae5-877c-1260bf8e29e9 0.302s
2025-12-02 03:28:22.790 66486 INFO tempest.lib.common.rest_client [req-2d47495c-bfd1-4a91-a4e7-f30f4c4384b8 req-2d47495c-bfd1-4a91-a4e7-f30f4c4384b8 ] Request (InstanceActionsNegativeTestJSON:tearDownClass): 200 GET http://10.180.1.21/compute/v2.1/servers/b810f99e-edce-48bf-8e96-319e5ab80ac5 0.339s
2025-12-02 03:28:22.808 66536 INFO tempest.lib.common.rest_client [req-e32287d8-bc81-41d4-a3b7-740cd4536788 req-e32287d8-bc81-41d4-a3b7-740cd4536788 ] Request (AttachInterfacesUnderV243Test:_run_cleanups): 204 DELETE http://10.180.1.21/compute/v2.1/servers/05d94242-4ca1-49b4-8a3a-85d110c40320 0.320s
2025-12-02 03:28:22.844 66510 INFO tempest.lib.common.rest_client [req-75625234-2f53-441e-92cd-d53bc40e71b5 req-75625234-2f53-441e-92cd-d53bc40e71b5 ] Request (ServersWithSpecificFlavorTestJSON:test_verify_created_server_ephemeral_disk): 200 GET http://10.180.1.21/compute/v2.1/servers/0747291d-4ac0-4205-ace7-4ebd11f9e9b5 0.341s
2025-12-02 03:28:22.862 66502 INFO tempest.lib.common.rest_client [req-04e80a42-d35b-4429-8696-1fba453b26df req-04e80a42-d35b-4429-8696-1fba453b26df ] Request (ServersTestMultiNic:test_verify_multiple_nics_order): 200 GET http://10.180.1.21/compute/v2.1/servers/f56c0adf-c6a9-4459-b27a-06ed59aa0909 0.244s
2025-12-02 03:28:22.962 66496 INFO tempest.lib.common.rest_client [req-aac88061-7cdd-4761-87cf-023dd58bfbf9 req-aac88061-7cdd-4761-87cf-023dd58bfbf9 ] Request (ListImageFiltersTestJSON:setUpClass): 200 GET http://10.180.1.21/compute/v2.1/servers/26e95aa2-8b72-408b-9138-ac91839b7e46 0.287s
2025-12-02 03:28:22.970 66496 INFO tempest.common.waiters [-] State transition "ACTIVE/image_uploading" ==> "ACTIVE/None" after 1 second wait
2025-12-02 03:28:22.971 66536 INFO tempest.lib.common.rest_client [req-6bc11baa-e941-4645-bf56-eb67725d3b65 req-6bc11baa-e941-4645-bf56-eb67725d3b65 ] Request (AttachInterfacesUnderV243Test:_run_cleanups): 200 GET http://10.180.1.21/compute/v2.1/servers/05d94242-4ca1-49b4-8a3a-85d110c40320 0.162s
2025-12-02 03:28:23.026 66490 INFO tempest.lib.common.rest_client [req-cd68fb9c-a12e-46da-9ebc-f207a5dabea4 req-cd68fb9c-a12e-46da-9ebc-f207a5dabea4 ] Request (ImagesTestJSON:test_create_server_from_snapshot): 200 GET http://10.180.1.21/compute/v2.1/servers/26646ec6-80cd-4e5b-90dd-f343b86d4c14 0.178s
2025-12-02 03:28:23.045 66512 INFO tempest.lib.common.rest_client [req-e7d43798-d844-438e-a3a1-155327350691 req-e7d43798-d844-438e-a3a1-155327350691 ] Request (ServerRescueTestJSON:setUpClass): 200 GET http://10.180.1.21/compute/v2.1/servers/af9ed130-7b15-42d3-a337-274adeb66e9a 0.143s
2025-12-02 03:28:23.153 66544 INFO tempest.lib.common.rest_client [req-15863e8e-d863-4da6-afda-acf8dead987f req-15863e8e-d863-4da6-afda-acf8dead987f ] Request (ServerDiagnosticsTest:test_get_server_diagnostics): 200 GET http://10.180.1.21/compute/v2.1/servers/719f243c-9c7c-47e9-9e2f-21bc145cb74d 0.232s
2025-12-02 03:28:23.209 66508 INFO tempest.lib.common.rest_client [req-4baf3ab0-6594-4cd5-b6f9-9fe6f0ce13a7 req-4baf3ab0-6594-4cd5-b6f9-9fe6f0ce13a7 ] Request (ServerRescueTestJSONUnderV235:setUpClass): 200 GET http://10.180.1.21/compute/v2.1/servers/d38b5bb6-427a-4391-a710-d0c96371eb39 0.233s
2025-12-02 03:28:23.259 66534 INFO tempest.lib.common.rest_client [req-3adcd401-252b-47be-a611-ad1548a5ee97 req-3adcd401-252b-47be-a611-ad1548a5ee97 ] Request (SecurityGroupsTestJSON:test_server_security_groups): 200 GET http://10.180.1.21/compute/v2.1/servers/55b0c2ae-91bd-4a98-a9f7-1cd86430affa 0.244s
2025-12-02 03:28:23.341 66519 INFO tempest.lib.common.rest_client [req-fa9dd466-1783-46ca-ac03-f5691b480416 req-fa9dd466-1783-46ca-ac03-f5691b480416 ] Request (ServerShowV247Test:test_update_rebuild_list_server): 200 GET http://10.180.1.21/compute/v2.1/servers/ae83591b-ba18-4eb5-a1de-bce9c4224fee 0.289s
2025-12-02 03:28:23.405 66520 INFO tempest.lib.common.rest_client [req-62489a57-4cf9-49b8-93b6-66414eb50c96 req-62489a57-4cf9-49b8-93b6-66414eb50c96 ] Request (ImagesOneServerTestJSON:tearDownClass): 200 GET http://10.180.1.21/compute/v2.1/servers/1ed0f8ce-d32d-4983-9751-b7b4eb6bbfb9 0.290s
2025-12-02 03:28:23.461 66526 INFO tempest.lib.common.rest_client [req-9d751d1a-62f1-46f3-8340-abe14c1601a5 req-9d751d1a-62f1-46f3-8340-abe14c1601a5 ] Request (ServersTestBootFromVolume:tearDownClass): 200 GET http://10.180.1.21/compute/v2.1/servers/100447f3-2da4-4a1f-bb6e-5783cb0821fa 0.282s
2025-12-02 03:28:23.515 66496 INFO tempest.lib.common.rest_client [req-44ef8d8a-b56a-4a29-90eb-a66fc28891b4 req-44ef8d8a-b56a-4a29-90eb-a66fc28891b4 ] Request (ListImageFiltersTestJSON:setUpClass): 202 POST http://10.180.1.21/compute/v2.1/servers/f5debd14-bb5d-4f3e-92e3-f51fbbc9f9a7/action 0.544s
2025-12-02 03:28:23.519 66546 INFO tempest.lib.common.rest_client [req-4f3285b8-5eee-414a-b3f3-5ed0bb1c726d req-4f3285b8-5eee-414a-b3f3-5ed0bb1c726d ] Request (ServerActionsTestOtherB:setUpClass): 200 GET http://10.180.1.21/compute/v2.1/servers/340051fd-17a9-47eb-9fcc-3e08bd3942d7 0.320s
2025-12-02 03:28:23.584 66504 INFO tempest.lib.common.rest_client [req-d242e04f-e46b-4e32-bd16-ba5977bb358a req-d242e04f-e46b-4e32-bd16-ba5977bb358a ] Request (ListServerFiltersTestJSON:tearDownClass): 200 GET http://10.180.1.21/compute/v2.1/servers/124a3d95-a34b-4469-ac08-3688cf30d1d2 0.351s
2025-12-02 03:28:23.745 66506 INFO tempest.lib.common.rest_client [req-fc4e7330-8fa8-4059-8645-8f50d06233fa req-fc4e7330-8fa8-4059-8645-8f50d06233fa ] Request (ServerDiskConfigTestJSON:test_resize_server_from_auto_to_manual): 200 GET http://10.180.1.21/compute/v2.1/servers/f6823ce5-4b96-406d-a306-3bf5a6057ef4 0.431s
2025-12-02 03:28:23.774 66522 INFO tempest.lib.common.rest_client [req-55ef7ab3-75d3-4627-bcf6-3dee72a01ed6 req-55ef7ab3-75d3-4627-bcf6-3dee72a01ed6 ] Request (MigrationsAdminTest:test_resize_server_revert_deleted_flavor): 200 GET http://10.180.1.21/compute/v2.1/servers/9fd88eee-356b-436d-95d2-f4b7ed9a8383 0.438s
2025-12-02 03:28:23.829 66530 INFO tempest.lib.common.rest_client [req-52d6c55f-dae3-4c5d-9e0a-33b54d3b4a30 req-52d6c55f-dae3-4c5d-9e0a-33b54d3b4a30 ] Request (ImagesOneServerNegativeTestJSON:_run_cleanups): 200 GET http://10.180.1.21/compute/v2.1/servers/932ab389-beca-4876-85cc-7628041dab3d 0.435s
2025-12-02 03:28:23.950 66488 INFO tempest.lib.common.rest_client [req-8ca0273b-9689-4782-99a2-025703e765b1 req-8ca0273b-9689-4782-99a2-025703e765b1 ] Request (ServerDiagnosticsV248Test:tearDownClass): 200 GET http://10.180.1.21/compute/v2.1/servers/331e5100-c1e3-4a01-8b02-d3e4b7452097 0.481s
2025-12-02 03:28:23.976 66500 INFO tempest.lib.common.rest_client [req-d94817d1-e431-4f36-bbe8-149109e4d596 req-d94817d1-e431-4f36-bbe8-149109e4d596 ] Request (ServersNegativeTestJSON:setUpClass): 200 GET http://10.180.1.21/compute/v2.1/servers/310e55be-4eef-499d-b66a-aed5c01bc186 0.564s
2025-12-02 03:28:23.991 66496 INFO tempest.lib.common.rest_client [req-226c581d-ae3f-49cb-b5e0-3be2db79e4e3 req-226c581d-ae3f-49cb-b5e0-3be2db79e4e3 ] Request (ListImageFiltersTestJSON:setUpClass): 200 GET http://10.180.1.21/compute/v2.1/images/dca4e6e8-270b-4cc6-99fc-d1fdb7e1d047 0.475s
2025-12-02 03:28:24.117 66538 INFO tempest.lib.common.rest_client [req-753a22e9-df60-4a83-a937-8e52a1f7a9ae req-753a22e9-df60-4a83-a937-8e52a1f7a9ae ] Request (ServerTagsTestJSON:tearDownClass): 200 GET http://10.180.1.21/compute/v2.1/servers/203be699-dfce-4549-8336-81f3649f5fb0 0.533s
2025-12-02 03:28:24.131 66498 INFO tempest.lib.common.rest_client [req-f72f5d61-9ca9-4f84-bd91-80a165eac55c req-f72f5d61-9ca9-4f84-bd91-80a165eac55c ] Request (FloatingIPsAssociationTestJSON:tearDownClass): 200 GET http://10.180.1.21/compute/v2.1/servers/96c17790-9f52-422c-b67c-034b00183281 0.611s
2025-12-02 03:28:24.251 66548 INFO tempest.lib.common.rest_client [req-3402682e-6bf7-4fef-a6c5-83ac2cf04a44 req-3402682e-6bf7-4fef-a6c5-83ac2cf04a44 ] Request (ServersAdminTestJSON:tearDownClass): 200 GET http://10.180.1.21/compute/v2.1/servers/6c37e2d8-7eac-439d-bf5b-316fd88884f2 0.612s
2025-12-02 03:28:24.315 66514 INFO tempest.lib.common.rest_client [req-9e122f1a-238a-4287-81af-bee1aede36d6 req-9e122f1a-238a-4287-81af-bee1aede36d6 ] Request (ServersAdminNegativeTestJSON:tearDownClass): 200 GET http://10.180.1.21/compute/v2.1/servers/61a64ba1-88f1-41e4-888c-2609acd82822 0.723s
2025-12-02 03:28:24.594 66528 INFO tempest.lib.common.rest_client [req-6cc8e657-1401-4361-a6fe-422bfc181bd9 req-6cc8e657-1401-4361-a6fe-422bfc181bd9 ] Request (ServerMetadataNegativeTestJSON:tearDownClass): 200 GET http://10.180.1.21/compute/v2.1/servers/b3b17c7e-70bf-4419-a0f8-5869f102f106 0.896s
2025-12-02 03:28:24.622 66492 INFO tempest.lib.common.rest_client [req-f310584d-2c39-4e7d-a7a7-b27bbcaed037 req-f310584d-2c39-4e7d-a7a7-b27bbcaed037 ] Request (ServerMetadataTestJSON:setUpClass): 200 GET http://10.180.1.21/compute/v2.1/servers/aae584ee-5d65-452e-91c3-c7e83f662543 0.974s
2025-12-02 03:28:24.630 66492 INFO tempest.common.waiters [-] State transition "BUILD/None" ==> "BUILD/block_device_mapping" after 46 second wait
2025-12-02 03:28:24.658 66516 INFO tempest.lib.common.rest_client [req-b240ee6b-e555-4391-9615-fd853173111b req-b240ee6b-e555-4391-9615-fd853173111b ] Request (ServerAddressesNegativeTestJSON:tearDownClass): 200 GET http://10.180.1.21/compute/v2.1/servers/6159884e-8990-49e3-a0eb-0e30359be227 0.952s
2025-12-02 03:28:24.746 66542 INFO tempest.lib.common.rest_client [req-7cb711a6-4805-4e3d-9468-6c13d5209d6b req-7cb711a6-4805-4e3d-9468-6c13d5209d6b ] Request (ServersTestJSON:setUpClass): 200 GET http://10.180.1.21/compute/v2.1/servers/cadd2a5a-2396-4ae5-877c-1260bf8e29e9 0.995s
2025-12-02 03:28:25.024 66510 INFO tempest.lib.common.rest_client [req-0953615c-be2a-4b1c-b715-59d3a3d1f46b req-0953615c-be2a-4b1c-b715-59d3a3d1f46b ] Request (ServersWithSpecificFlavorTestJSON:test_verify_created_server_ephemeral_disk): 200 GET http://10.180.1.21/compute/v2.1/servers/0747291d-4ac0-4205-ace7-4ebd11f9e9b5 1.170s
2025-12-02 03:28:25.055 66486 INFO tempest.lib.common.rest_client [req-d7090618-cb2f-4122-8c71-b5aef3470436 req-d7090618-cb2f-4122-8c71-b5aef3470436 ] Request (InstanceActionsNegativeTestJSON:tearDownClass): 200 GET http://10.180.1.21/compute/v2.1/servers/b810f99e-edce-48bf-8e96-319e5ab80ac5 1.253s
2025-12-02 03:28:25.137 66502 INFO tempest.lib.common.rest_client [req-4b7d087a-f7a7-439e-b854-695357d28c90 req-4b7d087a-f7a7-439e-b854-695357d28c90 ] Request (ServersTestMultiNic:test_verify_multiple_nics_order): 200 GET http://10.180.1.21/compute/v2.1/servers/f56c0adf-c6a9-4459-b27a-06ed59aa0909 1.266s
2025-12-02 03:28:25.449 66490 INFO tempest.lib.common.rest_client [req-bc928a13-8f87-4273-a305-8365f2b0c2f4 req-bc928a13-8f87-4273-a305-8365f2b0c2f4 ] Request (ImagesTestJSON:test_create_server_from_snapshot): 200 GET http://10.180.1.21/compute/v2.1/servers/26646ec6-80cd-4e5b-90dd-f343b86d4c14 1.414s
2025-12-02 03:28:25.475 66536 INFO tempest.lib.common.rest_client [req-92a95a97-803f-42aa-b038-8a1d21e05b1f req-92a95a97-803f-42aa-b038-8a1d21e05b1f ] Request (AttachInterfacesUnderV243Test:_run_cleanups): 200 GET http://10.180.1.21/compute/v2.1/servers/05d94242-4ca1-49b4-8a3a-85d110c40320 1.496s
2025-12-02 03:28:25.513 66512 INFO tempest.lib.common.rest_client [req-a4f5bbcc-7e8e-4f10-99b1-3bdb261fc712 req-a4f5bbcc-7e8e-4f10-99b1-3bdb261fc712 ] Request (ServerRescueTestJSON:setUpClass): 200 GET http://10.180.1.21/compute/v2.1/servers/af9ed130-7b15-42d3-a337-274adeb66e9a 1.460s
2025-12-02 03:28:25.582 66544 INFO tempest.lib.common.rest_client [req-efc89b05-3444-4366-993a-cd940e0d445e req-efc89b05-3444-4366-993a-cd940e0d445e ] Request (ServerDiagnosticsTest:test_get_server_diagnostics): 200 GET http://10.180.1.21/compute/v2.1/servers/719f243c-9c7c-47e9-9e2f-21bc145cb74d 1.419s
2025-12-02 03:28:25.601 66508 INFO tempest.lib.common.rest_client [req-76893732-4575-488a-8559-d50817ab8773 req-76893732-4575-488a-8559-d50817ab8773 ] Request (ServerRescueTestJSONUnderV235:setUpClass): 200 GET http://10.180.1.21/compute/v2.1/servers/d38b5bb6-427a-4391-a710-d0c96371eb39 1.384s
2025-12-02 03:28:25.641 66534 INFO tempest.lib.common.rest_client [req-8c208b16-4535-45b8-b9bb-b402136417db req-8c208b16-4535-45b8-b9bb-b402136417db ] Request (SecurityGroupsTestJSON:test_server_security_groups): 200 GET http://10.180.1.21/compute/v2.1/servers/55b0c2ae-91bd-4a98-a9f7-1cd86430affa 1.373s
2025-12-02 03:28:25.662 66519 INFO tempest.lib.common.rest_client [req-60d24dd0-ca89-49c8-9687-5bfbc34ee7b5 req-60d24dd0-ca89-49c8-9687-5bfbc34ee7b5 ] Request (ServerShowV247Test:test_update_rebuild_list_server): 200 GET http://10.180.1.21/compute/v2.1/servers/ae83591b-ba18-4eb5-a1de-bce9c4224fee 1.310s
2025-12-02 03:28:25.707 66520 INFO tempest.lib.common.rest_client [req-906a4e39-4cdd-4580-9a5d-7805d774a48d req-906a4e39-4cdd-4580-9a5d-7805d774a48d ] Request (ImagesOneServerTestJSON:tearDownClass): 200 GET http://10.180.1.21/compute/v2.1/servers/1ed0f8ce-d32d-4983-9751-b7b4eb6bbfb9 1.295s
2025-12-02 03:28:25.733 66526 INFO tempest.lib.common.rest_client [req-07abc07a-2bba-4ddb-a1b4-80b7f6c419dc req-07abc07a-2bba-4ddb-a1b4-80b7f6c419dc ] Request (ServersTestBootFromVolume:tearDownClass): 200 GET http://10.180.1.21/compute/v2.1/servers/100447f3-2da4-4a1f-bb6e-5783cb0821fa 1.265s
2025-12-02 03:28:25.764 66546 INFO tempest.lib.common.rest_client [req-d1d2ce53-e0e2-49ca-85e0-45a1f30a8b15 req-d1d2ce53-e0e2-49ca-85e0-45a1f30a8b15 ] Request (ServerActionsTestOtherB:setUpClass): 200 GET http://10.180.1.21/compute/v2.1/servers/340051fd-17a9-47eb-9fcc-3e08bd3942d7 1.235s
2025-12-02 03:28:25.798 66504 INFO tempest.lib.common.rest_client [req-a719fbb5-3fbc-4774-b5c9-e78948a28cbd req-a719fbb5-3fbc-4774-b5c9-e78948a28cbd ] Request (ListServerFiltersTestJSON:tearDownClass): 200 GET http://10.180.1.21/compute/v2.1/servers/124a3d95-a34b-4469-ac08-3688cf30d1d2 1.206s
2025-12-02 03:28:25.865 66506 INFO tempest.lib.common.rest_client [req-437878df-d8ee-487a-b297-153be78ffe8c req-437878df-d8ee-487a-b297-153be78ffe8c ] Request (ServerDiskConfigTestJSON:test_resize_server_from_auto_to_manual): 200 GET http://10.180.1.21/compute/v2.1/servers/f6823ce5-4b96-406d-a306-3bf5a6057ef4 1.106s
2025-12-02 03:28:25.892 66522 INFO tempest.lib.common.rest_client [req-d2b404c2-e731-405e-840b-e4bd8f6b4917 req-d2b404c2-e731-405e-840b-e4bd8f6b4917 ] Request (MigrationsAdminTest:test_resize_server_revert_deleted_flavor): 200 GET http://10.180.1.21/compute/v2.1/servers/9fd88eee-356b-436d-95d2-f4b7ed9a8383 1.109s
2025-12-02 03:28:25.936 66530 INFO tempest.lib.common.rest_client [req-d9400278-b92e-45ac-8a27-5601412c5768 req-d9400278-b92e-45ac-8a27-5601412c5768 ] Request (ImagesOneServerNegativeTestJSON:_run_cleanups): 200 GET http://10.180.1.21/compute/v2.1/servers/932ab389-beca-4876-85cc-7628041dab3d 1.098s
2025-12-02 03:28:25.975 66488 INFO tempest.lib.common.rest_client [req-4e4a9c81-15ef-4388-a7b8-337281841c20 req-4e4a9c81-15ef-4388-a7b8-337281841c20 ] Request (ServerDiagnosticsV248Test:tearDownClass): 200 GET http://10.180.1.21/compute/v2.1/servers/331e5100-c1e3-4a01-8b02-d3e4b7452097 1.011s
2025-12-02 03:28:26.023 66496 INFO tempest.lib.common.rest_client [req-51717234-b9c6-49c8-b4a7-d593162fe1ee req-51717234-b9c6-49c8-b4a7-d593162fe1ee ] Request (ListImageFiltersTestJSON:setUpClass): 200 GET http://10.180.1.21/compute/v2.1/images/dca4e6e8-270b-4cc6-99fc-d1fdb7e1d047 1.026s
2025-12-02 03:28:26.095 66500 INFO tempest.lib.common.rest_client [req-16b1cdaa-3448-4613-adc3-96798ad01f2a req-16b1cdaa-3448-4613-adc3-96798ad01f2a ] Request (ServersNegativeTestJSON:setUpClass): 200 GET http://10.180.1.21/compute/v2.1/servers/310e55be-4eef-499d-b66a-aed5c01bc186 1.109s
2025-12-02 03:28:26.106 66538 INFO tempest.lib.common.rest_client [req-77aa2d79-77f3-4a31-b175-83632bef2334 req-77aa2d79-77f3-4a31-b175-83632bef2334 ] Request (ServerTagsTestJSON:tearDownClass): 200 GET http://10.180.1.21/compute/v2.1/servers/203be699-dfce-4549-8336-81f3649f5fb0 0.979s
2025-12-02 03:28:26.165 66498 INFO tempest.lib.common.rest_client [req-d0141068-160c-4226-81e4-4b21a8e52173 req-d0141068-160c-4226-81e4-4b21a8e52173 ] Request (FloatingIPsAssociationTestJSON:tearDownClass): 200 GET http://10.180.1.21/compute/v2.1/servers/96c17790-9f52-422c-b67c-034b00183281 1.019s
2025-12-02 03:28:26.178 66548 INFO tempest.lib.common.rest_client [req-b95a68e6-e2a0-4638-a8a2-5f63d0aa6d36 req-b95a68e6-e2a0-4638-a8a2-5f63d0aa6d36 ] Request (ServersAdminTestJSON:tearDownClass): 200 GET http://10.180.1.21/compute/v2.1/servers/6c37e2d8-7eac-439d-bf5b-316fd88884f2 0.914s
2025-12-02 03:28:26.252 66514 INFO tempest.lib.common.rest_client [req-50c38bc6-0af6-483d-a54b-fe652dcd0a03 req-50c38bc6-0af6-483d-a54b-fe652dcd0a03 ] Request (ServersAdminNegativeTestJSON:tearDownClass): 200 GET http://10.180.1.21/compute/v2.1/servers/61a64ba1-88f1-41e4-888c-2609acd82822 0.925s
2025-12-02 03:28:26.261 66514 INFO tempest.common.waiters [-] State transition "ACTIVE/deleting" ==> "DELETED/None" after 4 second wait
2025-12-02 03:28:26.266 66528 INFO tempest.lib.common.rest_client [req-da02a637-8f4b-4ad0-9e68-9fe1d88ece26 req-da02a637-8f4b-4ad0-9e68-9fe1d88ece26 ] Request (ServerMetadataNegativeTestJSON:tearDownClass): 200 GET http://10.180.1.21/compute/v2.1/servers/b3b17c7e-70bf-4419-a0f8-5869f102f106 0.664s
2025-12-02 03:28:26.266 66494 WARNING tempest.lib.common.ssh [-] Failed to establish authenticated ssh connection to cirros@10.180.180.136 ([Errno None] Unable to connect to port 22 on 10.180.180.136). Number attempts: 12. Retry after 13 seconds.: paramiko.ssh_exception.NoValidConnectionsError: [Errno None] Unable to connect to port 22 on 10.180.180.136
2025-12-02 03:28:26.348 66516 INFO tempest.lib.common.rest_client [req-a0161979-8564-45a2-99a0-2f3dafab7d7b req-a0161979-8564-45a2-99a0-2f3dafab7d7b ] Request (ServerAddressesNegativeTestJSON:tearDownClass): 200 GET http://10.180.1.21/compute/v2.1/servers/6159884e-8990-49e3-a0eb-0e30359be227 0.682s
2025-12-02 03:28:26.366 66492 INFO tempest.lib.common.rest_client [req-7546f672-7113-4510-a349-6927e00638b2 req-7546f672-7113-4510-a349-6927e00638b2 ] Request (ServerMetadataTestJSON:setUpClass): 200 GET http://10.180.1.21/compute/v2.1/servers/aae584ee-5d65-452e-91c3-c7e83f662543 0.735s
2025-12-02 03:28:26.373 66492 INFO tempest.common.waiters [-] State transition "BUILD/block_device_mapping" ==> "BUILD/spawning" after 48 second wait
2025-12-02 03:28:26.399 66542 INFO tempest.lib.common.rest_client [req-61930dd4-4f50-4d7d-a14b-b2dccf024433 req-61930dd4-4f50-4d7d-a14b-b2dccf024433 ] Request (ServersTestJSON:setUpClass): 200 GET http://10.180.1.21/compute/v2.1/servers/cadd2a5a-2396-4ae5-877c-1260bf8e29e9 0.646s
2025-12-02 03:28:26.427 66510 INFO tempest.lib.common.rest_client [req-441aafda-f296-4e76-85aa-2e3867e0e4b7 req-441aafda-f296-4e76-85aa-2e3867e0e4b7 ] Request (ServersWithSpecificFlavorTestJSON:test_verify_created_server_ephemeral_disk): 200 GET http://10.180.1.21/compute/v2.1/servers/0747291d-4ac0-4205-ace7-4ebd11f9e9b5 0.393s
2025-12-02 03:28:26.496 66486 INFO tempest.lib.common.rest_client [req-6db8dfad-ba30-4478-8635-1cc0587b81a5 req-6db8dfad-ba30-4478-8635-1cc0587b81a5 ] Request (InstanceActionsNegativeTestJSON:tearDownClass): 200 GET http://10.180.1.21/compute/v2.1/servers/b810f99e-edce-48bf-8e96-319e5ab80ac5 0.430s
2025-12-02 03:28:26.503 66486 INFO tempest.common.waiters [-] State transition "ACTIVE/deleting" ==> "DELETED/None" after 4 second wait
2025-12-02 03:28:26.513 66502 INFO tempest.lib.common.rest_client [req-eff6e19e-4c9c-4083-977b-25095157ec83 req-eff6e19e-4c9c-4083-977b-25095157ec83 ] Request (ServersTestMultiNic:test_verify_multiple_nics_order): 200 GET http://10.180.1.21/compute/v2.1/servers/f56c0adf-c6a9-4459-b27a-06ed59aa0909 0.368s
2025-12-02 03:28:26.577 66490 INFO tempest.lib.common.rest_client [req-a653ae92-22c1-4b8f-b78f-2f69e590ff3f req-a653ae92-22c1-4b8f-b78f-2f69e590ff3f ] Request (ImagesTestJSON:test_create_server_from_snapshot): 200 GET http://10.180.1.21/compute/v2.1/servers/26646ec6-80cd-4e5b-90dd-f343b86d4c14 0.120s
2025-12-02 03:28:26.622 66536 INFO tempest.lib.common.rest_client [req-3f50e43e-82fd-41ba-80d8-ee706fd9114c req-3f50e43e-82fd-41ba-80d8-ee706fd9114c ] Request (AttachInterfacesUnderV243Test:_run_cleanups): 200 GET http://10.180.1.21/compute/v2.1/servers/05d94242-4ca1-49b4-8a3a-85d110c40320 0.135s
2025-12-02 03:28:26.679 66512 INFO tempest.lib.common.rest_client [req-0c5ccaa9-d3c3-4e46-ba21-2b18400e6e42 req-0c5ccaa9-d3c3-4e46-ba21-2b18400e6e42 ] Request (ServerRescueTestJSON:setUpClass): 200 GET http://10.180.1.21/compute/v2.1/servers/af9ed130-7b15-42d3-a337-274adeb66e9a 0.156s
2025-12-02 03:28:26.753 66508 INFO tempest.lib.common.rest_client [req-b06df37d-e55a-4165-aaa4-a8b4449e038b req-b06df37d-e55a-4165-aaa4-a8b4449e038b ] Request (ServerRescueTestJSONUnderV235:setUpClass): 200 GET http://10.180.1.21/compute/v2.1/servers/d38b5bb6-427a-4391-a710-d0c96371eb39 0.144s
2025-12-02 03:28:26.789 66544 INFO tempest.lib.common.rest_client [req-912339d2-0417-4fce-ae91-f1990e9140d8 req-912339d2-0417-4fce-ae91-f1990e9140d8 ] Request (ServerDiagnosticsTest:test_get_server_diagnostics): 200 GET http://10.180.1.21/compute/v2.1/servers/719f243c-9c7c-47e9-9e2f-21bc145cb74d 0.198s
2025-12-02 03:28:26.864 66534 INFO tempest.lib.common.rest_client [req-16477c0b-e1c3-427e-9e8d-c6b4971e787c req-16477c0b-e1c3-427e-9e8d-c6b4971e787c ] Request (SecurityGroupsTestJSON:test_server_security_groups): 200 GET http://10.180.1.21/compute/v2.1/servers/55b0c2ae-91bd-4a98-a9f7-1cd86430affa 0.215s
2025-12-02 03:28:26.871 66534 INFO tempest.common.waiters [-] State transition "BUILD/None" ==> "BUILD/networking" after 46 second wait
2025-12-02 03:28:26.881 66519 INFO tempest.lib.common.rest_client [req-260f7c5d-9974-45ea-b3b2-caf79d9b514a req-260f7c5d-9974-45ea-b3b2-caf79d9b514a ] Request (ServerShowV247Test:test_update_rebuild_list_server): 200 GET http://10.180.1.21/compute/v2.1/servers/ae83591b-ba18-4eb5-a1de-bce9c4224fee 0.207s
2025-12-02 03:28:26.929 66520 INFO tempest.lib.common.rest_client [req-096730b0-82f6-43d4-a340-7b0e54ea1164 req-096730b0-82f6-43d4-a340-7b0e54ea1164 ] Request (ImagesOneServerTestJSON:tearDownClass): 200 GET http://10.180.1.21/compute/v2.1/servers/1ed0f8ce-d32d-4983-9751-b7b4eb6bbfb9 0.213s
2025-12-02 03:28:26.952 66526 INFO tempest.lib.common.rest_client [req-4b482971-3de8-447b-8299-27eca33c8694 req-4b482971-3de8-447b-8299-27eca33c8694 ] Request (ServersTestBootFromVolume:tearDownClass): 200 GET http://10.180.1.21/compute/v2.1/servers/100447f3-2da4-4a1f-bb6e-5783cb0821fa 0.210s
2025-12-02 03:28:26.989 66546 INFO tempest.lib.common.rest_client [req-645a4b4e-4414-4589-94a1-07bbc3d1370d req-645a4b4e-4414-4589-94a1-07bbc3d1370d ] Request (ServerActionsTestOtherB:setUpClass): 200 GET http://10.180.1.21/compute/v2.1/servers/340051fd-17a9-47eb-9fcc-3e08bd3942d7 0.215s
2025-12-02 03:28:27.039 66504 INFO tempest.lib.common.rest_client [req-7adf74bd-6a99-4e81-8e05-87afad9891ae req-7adf74bd-6a99-4e81-8e05-87afad9891ae ] Request (ListServerFiltersTestJSON:tearDownClass): 200 GET http://10.180.1.21/compute/v2.1/servers/124a3d95-a34b-4469-ac08-3688cf30d1d2 0.233s
2025-12-02 03:28:27.188 66506 INFO tempest.lib.common.rest_client [req-bcef2dc2-fdcd-417b-bc37-930858d0ee90 req-bcef2dc2-fdcd-417b-bc37-930858d0ee90 ] Request (ServerDiskConfigTestJSON:test_resize_server_from_auto_to_manual): 200 GET http://10.180.1.21/compute/v2.1/servers/f6823ce5-4b96-406d-a306-3bf5a6057ef4 0.312s
2025-12-02 03:28:27.214 66522 INFO tempest.lib.common.rest_client [req-8b410ada-3f5f-4404-9da0-584881cb7dcf req-8b410ada-3f5f-4404-9da0-584881cb7dcf ] Request (MigrationsAdminTest:test_resize_server_revert_deleted_flavor): 200 GET http://10.180.1.21/compute/v2.1/servers/9fd88eee-356b-436d-95d2-f4b7ed9a8383 0.313s
2025-12-02 03:28:27.259 66530 INFO tempest.lib.common.rest_client [req-dc178f0f-de92-423d-af11-3db710a67e83 req-dc178f0f-de92-423d-af11-3db710a67e83 ] Request (ImagesOneServerNegativeTestJSON:_run_cleanups): 200 GET http://10.180.1.21/compute/v2.1/servers/932ab389-beca-4876-85cc-7628041dab3d 0.313s
2025-12-02 03:28:27.279 66488 INFO tempest.lib.common.rest_client [req-39e9a6d3-4561-4cfa-873f-34d11e8faca4 req-39e9a6d3-4561-4cfa-873f-34d11e8faca4 ] Request (ServerDiagnosticsV248Test:tearDownClass): 200 GET http://10.180.1.21/compute/v2.1/servers/331e5100-c1e3-4a01-8b02-d3e4b7452097 0.292s
2025-12-02 03:28:27.304 66496 INFO tempest.lib.common.rest_client [req-8275912c-0107-4140-9390-63aa37dac70e req-8275912c-0107-4140-9390-63aa37dac70e ] Request (ListImageFiltersTestJSON:setUpClass): 200 GET http://10.180.1.21/compute/v2.1/images/dca4e6e8-270b-4cc6-99fc-d1fdb7e1d047 0.276s
2025-12-02 03:28:27.383 66538 INFO tempest.lib.common.rest_client [req-fceb4b08-5567-4919-a2e8-89aee62c6a98 req-fceb4b08-5567-4919-a2e8-89aee62c6a98 ] Request (ServerTagsTestJSON:tearDownClass): 200 GET http://10.180.1.21/compute/v2.1/servers/203be699-dfce-4549-8336-81f3649f5fb0 0.268s
2025-12-02 03:28:27.411 66500 INFO tempest.lib.common.rest_client [req-7fe2769e-311a-4a8d-8449-6b9efec07468 req-7fe2769e-311a-4a8d-8449-6b9efec07468 ] Request (ServersNegativeTestJSON:setUpClass): 200 GET http://10.180.1.21/compute/v2.1/servers/310e55be-4eef-499d-b66a-aed5c01bc186 0.302s
2025-12-02 03:28:27.468 66498 INFO tempest.lib.common.rest_client [req-78f0de8a-84b9-4313-870e-2480f085897a req-78f0de8a-84b9-4313-870e-2480f085897a ] Request (FloatingIPsAssociationTestJSON:tearDownClass): 200 GET http://10.180.1.21/compute/v2.1/servers/96c17790-9f52-422c-b67c-034b00183281 0.294s
2025-12-02 03:28:27.555 66548 INFO tempest.lib.common.rest_client [req-601ed002-c389-4c91-a07c-28cc4b16e109 req-601ed002-c389-4c91-a07c-28cc4b16e109 ] Request (ServersAdminTestJSON:tearDownClass): 200 GET http://10.180.1.21/compute/v2.1/servers/6c37e2d8-7eac-439d-bf5b-316fd88884f2 0.368s
2025-12-02 03:28:27.568 66514 INFO tempest.lib.common.rest_client [req-21751f6f-6ec7-466b-ba40-8adc1637e263 req-21751f6f-6ec7-466b-ba40-8adc1637e263 ] Request (ServersAdminNegativeTestJSON:tearDownClass): 200 GET http://10.180.1.21/compute/v2.1/servers/61a64ba1-88f1-41e4-888c-2609acd82822 0.305s
2025-12-02 03:28:27.625 66528 INFO tempest.lib.common.rest_client [req-e650a231-1193-4653-bc5d-0a083ebda985 req-e650a231-1193-4653-bc5d-0a083ebda985 ] Request (ServerMetadataNegativeTestJSON:tearDownClass): 200 GET http://10.180.1.21/compute/v2.1/servers/b3b17c7e-70bf-4419-a0f8-5869f102f106 0.351s
2025-12-02 03:28:27.641 66516 INFO tempest.lib.common.rest_client [req-24f29368-cdbe-41f0-9bc5-b286e1b617c2 req-24f29368-cdbe-41f0-9bc5-b286e1b617c2 ] Request (ServerAddressesNegativeTestJSON:tearDownClass): 200 GET http://10.180.1.21/compute/v2.1/servers/6159884e-8990-49e3-a0eb-0e30359be227 0.284s
2025-12-02 03:28:27.714 66542 INFO tempest.lib.common.rest_client [req-9833e07d-c334-4118-8135-f37b164139c8 req-9833e07d-c334-4118-8135-f37b164139c8 ] Request (ServersTestJSON:setUpClass): 200 GET http://10.180.1.21/compute/v2.1/servers/cadd2a5a-2396-4ae5-877c-1260bf8e29e9 0.302s
2025-12-02 03:28:27.745 66492 INFO tempest.lib.common.rest_client [req-69a600fe-86c4-4b7d-8ff4-ce7ec9641e14 req-69a600fe-86c4-4b7d-8ff4-ce7ec9641e14 ] Request (ServerMetadataTestJSON:setUpClass): 200 GET http://10.180.1.21/compute/v2.1/servers/aae584ee-5d65-452e-91c3-c7e83f662543 0.371s
2025-12-02 03:28:27.770 66510 INFO tempest.lib.common.rest_client [req-ecfd36ae-88f9-42fb-a33d-bd38476a45e1 req-ecfd36ae-88f9-42fb-a33d-bd38476a45e1 ] Request (ServersWithSpecificFlavorTestJSON:test_verify_created_server_ephemeral_disk): 200 GET http://10.180.1.21/compute/v2.1/servers/0747291d-4ac0-4205-ace7-4ebd11f9e9b5 0.331s
2025-12-02 03:28:27.811 66486 INFO tempest.lib.common.rest_client [req-8a672e37-ee23-428d-97ab-ebba69ebc55a req-8a672e37-ee23-428d-97ab-ebba69ebc55a ] Request (InstanceActionsNegativeTestJSON:tearDownClass): 200 GET http://10.180.1.21/compute/v2.1/servers/b810f99e-edce-48bf-8e96-319e5ab80ac5 0.306s
2025-12-02 03:28:27.836 66502 INFO tempest.lib.common.rest_client [req-b1caf3d7-9137-4822-a4a0-788cbde0f5d4 req-b1caf3d7-9137-4822-a4a0-788cbde0f5d4 ] Request (ServersTestMultiNic:test_verify_multiple_nics_order): 200 GET http://10.180.1.21/compute/v2.1/servers/f56c0adf-c6a9-4459-b27a-06ed59aa0909 0.311s
2025-12-02 03:28:27.864 66490 INFO tempest.lib.common.rest_client [req-250d0b3b-ba4b-4b71-847f-f28a33a071c9 req-250d0b3b-ba4b-4b71-847f-f28a33a071c9 ] Request (ImagesTestJSON:test_create_server_from_snapshot): 200 GET http://10.180.1.21/compute/v2.1/servers/26646ec6-80cd-4e5b-90dd-f343b86d4c14 0.279s
2025-12-02 03:28:27.906 66536 INFO tempest.lib.common.rest_client [req-03afe500-1eee-458c-8962-0f99953a591a req-03afe500-1eee-458c-8962-0f99953a591a ] Request (AttachInterfacesUnderV243Test:_run_cleanups): 200 GET http://10.180.1.21/compute/v2.1/servers/05d94242-4ca1-49b4-8a3a-85d110c40320 0.271s
2025-12-02 03:28:27.914 66536 INFO tempest.common.waiters [-] State transition "ACTIVE/deleting" ==> "DELETED/None" after 5 second wait
2025-12-02 03:28:27.925 66512 INFO tempest.lib.common.rest_client [req-b866d372-b650-40d9-bdfa-816afcbfdb69 req-b866d372-b650-40d9-bdfa-816afcbfdb69 ] Request (ServerRescueTestJSON:setUpClass): 200 GET http://10.180.1.21/compute/v2.1/servers/af9ed130-7b15-42d3-a337-274adeb66e9a 0.232s
2025-12-02 03:28:27.960 66508 INFO tempest.lib.common.rest_client [req-18d1b942-53ce-450e-bf3c-4d4b82e9beed req-18d1b942-53ce-450e-bf3c-4d4b82e9beed ] Request (ServerRescueTestJSONUnderV235:setUpClass): 200 GET http://10.180.1.21/compute/v2.1/servers/d38b5bb6-427a-4391-a710-d0c96371eb39 0.197s
2025-12-02 03:28:28.026 66544 INFO tempest.lib.common.rest_client [req-8e35795c-4e0b-4ace-9bc4-63a364b511e1 req-8e35795c-4e0b-4ace-9bc4-63a364b511e1 ] Request (ServerDiagnosticsTest:test_get_server_diagnostics): 200 GET http://10.180.1.21/compute/v2.1/servers/719f243c-9c7c-47e9-9e2f-21bc145cb74d 0.221s
2025-12-02 03:28:28.034 66544 INFO tempest.common.waiters [-] State transition "BUILD/spawning" ==> "ACTIVE/None" after 51 second wait
2025-12-02 03:28:28.102 66534 INFO tempest.lib.common.rest_client [req-562864d3-e583-4766-973d-1f7826d5d8b3 req-562864d3-e583-4766-973d-1f7826d5d8b3 ] Request (SecurityGroupsTestJSON:test_server_security_groups): 200 GET http://10.180.1.21/compute/v2.1/servers/55b0c2ae-91bd-4a98-a9f7-1cd86430affa 0.230s
2025-12-02 03:28:28.111 66534 INFO tempest.common.waiters [-] State transition "BUILD/networking" ==> "BUILD/spawning" after 48 second wait
2025-12-02 03:28:28.117 66519 INFO tempest.lib.common.rest_client [req-1735eae7-e88b-4344-95d2-62551683f996 req-1735eae7-e88b-4344-95d2-62551683f996 ] Request (ServerShowV247Test:test_update_rebuild_list_server): 200 GET http://10.180.1.21/compute/v2.1/servers/ae83591b-ba18-4eb5-a1de-bce9c4224fee 0.226s
2025-12-02 03:28:28.188 66526 INFO tempest.lib.common.rest_client [req-d642a041-3238-4209-a062-4611909ae59b req-d642a041-3238-4209-a062-4611909ae59b ] Request (ServersTestBootFromVolume:tearDownClass): 200 GET http://10.180.1.21/compute/v2.1/servers/100447f3-2da4-4a1f-bb6e-5783cb0821fa 0.228s
2025-12-02 03:28:28.202 66520 INFO tempest.lib.common.rest_client [req-d0c2fa90-44a5-4c38-bd54-1295453100db req-d0c2fa90-44a5-4c38-bd54-1295453100db ] Request (ImagesOneServerTestJSON:tearDownClass): 200 GET http://10.180.1.21/compute/v2.1/servers/1ed0f8ce-d32d-4983-9751-b7b4eb6bbfb9 0.264s
2025-12-02 03:28:28.246 66546 INFO tempest.lib.common.rest_client [req-9ed5df1d-d8e9-4bed-b14f-96c36fac8292 req-9ed5df1d-d8e9-4bed-b14f-96c36fac8292 ] Request (ServerActionsTestOtherB:setUpClass): 200 GET http://10.180.1.21/compute/v2.1/servers/340051fd-17a9-47eb-9fcc-3e08bd3942d7 0.246s
2025-12-02 03:28:28.331 66504 INFO tempest.lib.common.rest_client [req-bf129aac-fb5a-464c-8112-0b6fd0d82ca6 req-bf129aac-fb5a-464c-8112-0b6fd0d82ca6 ] Request (ListServerFiltersTestJSON:tearDownClass): 200 GET http://10.180.1.21/compute/v2.1/servers/124a3d95-a34b-4469-ac08-3688cf30d1d2 0.283s
2025-12-02 03:28:28.480 66506 INFO tempest.lib.common.rest_client [req-614fdde3-b3f4-4f76-af09-71c377ce28b3 req-614fdde3-b3f4-4f76-af09-71c377ce28b3 ] Request (ServerDiskConfigTestJSON:test_resize_server_from_auto_to_manual): 200 GET http://10.180.1.21/compute/v2.1/servers/f6823ce5-4b96-406d-a306-3bf5a6057ef4 0.281s
2025-12-02 03:28:28.608 66522 INFO tempest.lib.common.rest_client [req-c7f1b24b-d0d2-4ba1-a72f-ad9a40dd54fe req-c7f1b24b-d0d2-4ba1-a72f-ad9a40dd54fe ] Request (MigrationsAdminTest:test_resize_server_revert_deleted_flavor): 200 GET http://10.180.1.21/compute/v2.1/servers/9fd88eee-356b-436d-95d2-f4b7ed9a8383 0.385s
2025-12-02 03:28:28.669 66530 INFO tempest.lib.common.rest_client [req-1207bd11-31d3-4d3c-9129-ea682845ca1c req-1207bd11-31d3-4d3c-9129-ea682845ca1c ] Request (ImagesOneServerNegativeTestJSON:_run_cleanups): 200 GET http://10.180.1.21/compute/v2.1/servers/932ab389-beca-4876-85cc-7628041dab3d 0.401s
2025-12-02 03:28:28.727 66488 INFO tempest.lib.common.rest_client [req-56b7357f-b9be-4eb6-bc9a-e4c7511a99fe req-56b7357f-b9be-4eb6-bc9a-e4c7511a99fe ] Request (ServerDiagnosticsV248Test:tearDownClass): 200 GET http://10.180.1.21/compute/v2.1/servers/331e5100-c1e3-4a01-8b02-d3e4b7452097 0.439s
2025-12-02 03:28:28.769 66496 INFO tempest.lib.common.rest_client [req-949a13e5-f086-4a6d-9e13-9ba3aa183936 req-949a13e5-f086-4a6d-9e13-9ba3aa183936 ] Request (ListImageFiltersTestJSON:setUpClass): 200 GET http://10.180.1.21/compute/v2.1/images/dca4e6e8-270b-4cc6-99fc-d1fdb7e1d047 0.459s
2025-12-02 03:28:28.802 66544 INFO tempest.lib.common.rest_client [req-d6dc56f9-5d11-43f6-80ab-c9c60d932daa req-d6dc56f9-5d11-43f6-80ab-c9c60d932daa ] Request (ServerDiagnosticsTest:test_get_server_diagnostics): 200 GET http://10.180.1.21/compute/v2.1/servers/719f243c-9c7c-47e9-9e2f-21bc145cb74d/diagnostics 0.767s
2025-12-02 03:28:28.828 66538 INFO tempest.lib.common.rest_client [req-4099687e-ce36-476c-a272-5e01506c91a2 req-4099687e-ce36-476c-a272-5e01506c91a2 ] Request (ServerTagsTestJSON:tearDownClass): 200 GET http://10.180.1.21/compute/v2.1/servers/203be699-dfce-4549-8336-81f3649f5fb0 0.434s
2025-12-02 03:28:28.896 66498 INFO tempest.lib.common.rest_client [req-87f68420-ef9c-4d2e-a576-25a16243b804 req-87f68420-ef9c-4d2e-a576-25a16243b804 ] Request (FloatingIPsAssociationTestJSON:tearDownClass): 200 GET http://10.180.1.21/compute/v2.1/servers/96c17790-9f52-422c-b67c-034b00183281 0.420s
2025-12-02 03:28:28.947 66500 INFO tempest.lib.common.rest_client [req-666d2167-8871-4f0b-bccf-40e21cc0438f req-666d2167-8871-4f0b-bccf-40e21cc0438f ] Request (ServersNegativeTestJSON:setUpClass): 200 GET http://10.180.1.21/compute/v2.1/servers/310e55be-4eef-499d-b66a-aed5c01bc186 0.524s
2025-12-02 03:28:28.955 66500 INFO tempest.common.waiters [-] State transition "BUILD/spawning" ==> "ACTIVE/None" after 50 second wait
2025-12-02 03:28:28.959 66548 INFO tempest.lib.common.rest_client [req-836638bc-04b3-4a20-a53d-a71940465a2e req-836638bc-04b3-4a20-a53d-a71940465a2e ] Request (ServersAdminTestJSON:tearDownClass): 200 GET http://10.180.1.21/compute/v2.1/servers/6c37e2d8-7eac-439d-bf5b-316fd88884f2 0.393s
2025-12-02 03:28:29.022 66514 INFO tempest.lib.common.rest_client [req-572c55c0-1e94-4b79-94da-1f88379ea55c req-572c55c0-1e94-4b79-94da-1f88379ea55c ] Request (ServersAdminNegativeTestJSON:tearDownClass): 200 GET http://10.180.1.21/compute/v2.1/servers/61a64ba1-88f1-41e4-888c-2609acd82822 0.443s
