2025-12-02 03:28:04.508 66500 INFO tempest.lib.common.rest_client [req-5b319ff3-a866-489e-8bcd-39b18030ff82 req-5b319ff3-a866-489e-8bcd-39b18030ff82 ] Request (ServersNegativeTestJSON:setUpClass): 200 GET http://10.180.1.21/compute/v2.1/servers/310e55be-4eef-499d-b66a-aed5c01bc186 0.226s
2025-12-02 03:28:04.527 66526 INFO tempest.lib.common.rest_client [req-4be4268e-bd77-462b-83fc-e78f5708abfa req-4be4268e-bd77-462b-83fc-e78f5708abfa ] Request (ServersTestBootFromVolume:test_list_servers): 200 GET http://10.180.1.21/compute/v2.1/servers 0.220s
2025-12-02 03:28:04.547 66496 INFO tempest.lib.common.rest_client [req-6c076c68-9f12-4396-940b-60a8022f7e4d req-6c076c68-9f12-4396-940b-60a8022f7e4d ] Request (ListImageFiltersTestJSON:setUpClass): 200 GET http://10.180.1.21/compute/v2.1/images/70126522-b1f5-4674-be4e-4f6e40aa89ad 0.228s
2025-12-02 03:28:04.609 66530 INFO tempest.lib.common.rest_client [req-dc1d4aa9-e186-4fa8-ac02-7dddc17bd9ca req-dc1d4aa9-e186-4fa8-ac02-7dddc17bd9ca ] Request (ImagesOneServerNegativeTestJSON:_run_cleanups): 200 GET http://10.180.1.21/compute/v2.1/servers/932ab389-beca-4876-85cc-7628041dab3d 0.214s
2025-12-02 03:28:04.625 66488 INFO tempest.lib.common.rest_client [req-8c9c69a5-eb73-4fcd-9bec-074d8468fe3a req-8c9c69a5-eb73-4fcd-9bec-074d8468fe3a ] Request (ServerDiagnosticsV248Test:tearDownClass): 200 GET http://10.180.1.21/compute/v2.1/servers/331e5100-c1e3-4a01-8b02-d3e4b7452097 0.210s
2025-12-02 03:28:04.691 66546 INFO tempest.lib.common.rest_client [req-50bda0d6-4d57-42d7-ab6e-ff5f3bcae0d9 req-50bda0d6-4d57-42d7-ab6e-ff5f3bcae0d9 ] Request (ListServersNegativeTestJSON:tearDownClass): 200 GET http://10.180.1.21/compute/v2.1/servers/3b875883-c4ec-4dda-bed7-bd5b339f5487 0.235s
2025-12-02 03:28:04.702 66498 INFO tempest.lib.common.rest_client [req-f608d3b3-a20b-4bab-b0a6-a7d92bd4da76 req-f608d3b3-a20b-4bab-b0a6-a7d92bd4da76 ] Request (FloatingIPsAssociationTestJSON:tearDownClass): 200 GET http://10.180.1.21/compute/v2.1/servers/96c17790-9f52-422c-b67c-034b00183281 0.197s
2025-12-02 03:28:04.753 66538 INFO tempest.lib.common.rest_client [req-00eaaa2e-c7ba-439c-959b-58923110e5ef req-00eaaa2e-c7ba-439c-959b-58923110e5ef ] Request (ServerTagsTestJSON:tearDownClass): 200 GET http://10.180.1.21/compute/v2.1/servers/203be699-dfce-4549-8336-81f3649f5fb0 0.231s
2025-12-02 03:28:04.762 66538 INFO tempest.common.waiters [-] State transition "ACTIVE/deleting" ==> "DELETED/None" after 4 second wait
2025-12-02 03:28:04.846 66492 INFO tempest.lib.common.rest_client [req-1a4f14f5-f1ff-4448-b939-e34cfb2ff017 req-1a4f14f5-f1ff-4448-b939-e34cfb2ff017 ] Request (ServerMetadataTestJSON:setUpClass): 200 GET http://10.180.1.21/compute/v2.1/servers/aae584ee-5d65-452e-91c3-c7e83f662543 0.284s
2025-12-02 03:28:04.879 66526 INFO tempest.lib.common.rest_client [req-6407e8b4-4cbf-4112-bd7f-951f572461b0 req-6407e8b4-4cbf-4112-bd7f-951f572461b0 ] Request (ServersTestBootFromVolume:test_list_servers_with_detail): 200 GET http://10.180.1.21/compute/v2.1/servers/detail 0.349s
2025-12-02 03:28:04.902 66514 INFO tempest.lib.common.rest_client [req-43d3a26d-7952-454a-8845-e2b6cc9769fc req-43d3a26d-7952-454a-8845-e2b6cc9769fc ] Request (ServersAdminNegativeTestJSON:tearDownClass): 200 GET http://10.180.1.21/compute/v2.1/servers/5e13b6c1-2ec4-4f12-89ef-8afcc1a7357c 0.317s
2025-12-02 03:28:04.932 66528 INFO tempest.lib.common.rest_client [req-3f9d06b6-e4e7-45d4-a76c-431990a5aaf4 req-3f9d06b6-e4e7-45d4-a76c-431990a5aaf4 ] Request (ServerMetadataNegativeTestJSON:tearDownClass): 200 GET http://10.180.1.21/compute/v2.1/servers/b3b17c7e-70bf-4419-a0f8-5869f102f106 0.303s
2025-12-02 03:28:04.964 66516 INFO tempest.lib.common.rest_client [req-f70b3a94-813e-4e14-ae3b-814fd5642496 req-f70b3a94-813e-4e14-ae3b-814fd5642496 ] Request (ServerAddressesNegativeTestJSON:tearDownClass): 200 GET http://10.180.1.21/compute/v2.1/servers/6159884e-8990-49e3-a0eb-0e30359be227 0.256s
2025-12-02 03:28:05.024 66542 INFO tempest.lib.common.rest_client [req-edf39e0a-4ae1-4970-a6b4-8660a32d9e91 req-edf39e0a-4ae1-4970-a6b4-8660a32d9e91 ] Request (ServersTestJSON:setUpClass): 200 GET http://10.180.1.21/compute/v2.1/servers/cadd2a5a-2396-4ae5-877c-1260bf8e29e9 0.264s
2025-12-02 03:28:05.055 66506 INFO tempest.lib.common.rest_client [req-0f42102a-b5ad-4774-8997-91a53e6568e6 req-0f42102a-b5ad-4774-8997-91a53e6568e6 ] Request (ServerDiskConfigTestJSON:test_resize_server_from_auto_to_manual): 200 GET http://10.180.1.21/compute/v2.1/servers/f6823ce5-4b96-406d-a306-3bf5a6057ef4 0.327s
2025-12-02 03:28:05.065 66506 INFO tempest.common.waiters [-] State transition "BUILD/block_device_mapping" ==> "BUILD/spawning" after 50 second wait
2025-12-02 03:28:05.085 66544 INFO tempest.lib.common.rest_client [req-427a6fa2-b993-42f4-b0ab-eaa0e696c8ef req-427a6fa2-b993-42f4-b0ab-eaa0e696c8ef ] Request (ServerDiagnosticsTest:test_get_server_diagnostics): 200 GET http://10.180.1.21/compute/v2.1/servers/719f243c-9c7c-47e9-9e2f-21bc145cb74d 0.297s
2025-12-02 03:28:05.098 66526 INFO tempest.lib.common.rest_client [req-d7dc9e93-2ac6-4b7a-999d-8ef55b913b32 req-d7dc9e93-2ac6-4b7a-999d-8ef55b913b32 ] Request (ServersTestBootFromVolume:test_verify_created_server_vcpus): 200 GET http://10.180.1.21/compute/v2.1/flavors/42 0.211s
2025-12-02 03:28:05.102 66526 INFO tempest.lib.common.ssh [-] Creating ssh connection to '10.180.180.143:22' as 'cirros' with public key authentication
2025-12-02 03:28:05.105 66526 INFO paramiko.transport [-] Connected (version 2.0, client dropbear_2020.81)
2025-12-02 03:28:05.109 66510 INFO tempest.lib.common.rest_client [req-38f4a75f-8b1f-4864-8586-e3cd09d8f16f req-38f4a75f-8b1f-4864-8586-e3cd09d8f16f ] Request (ServersWithSpecificFlavorTestJSON:test_verify_created_server_ephemeral_disk): 200 GET http://10.180.1.21/compute/v2.1/servers/0747291d-4ac0-4205-ace7-4ebd11f9e9b5 0.287s
2025-12-02 03:28:05.165 66526 INFO paramiko.transport [-] Authentication (publickey) successful!
2025-12-02 03:28:05.166 66526 INFO tempest.lib.common.ssh [-] ssh connection to cirros@10.180.180.143 successfully created
2025-12-02 03:28:05.178 66502 INFO tempest.lib.common.rest_client [req-0affc761-1955-49df-91a5-3a114b120a86 req-0affc761-1955-49df-91a5-3a114b120a86 ] Request (ServersTestMultiNic:_run_cleanups): 200 GET http://10.180.1.21/compute/v2.1/servers/87391bc0-0fa7-4210-9c37-3a7af9e72bb0 0.291s
2025-12-02 03:28:05.179 66490 INFO tempest.lib.common.rest_client [req-48db167a-9342-46cf-aa37-d7285ed4d1b1 req-48db167a-9342-46cf-aa37-d7285ed4d1b1 ] Request (ImagesTestJSON:test_create_server_from_snapshot): 200 GET http://10.180.1.21/compute/v2.1/servers/26646ec6-80cd-4e5b-90dd-f343b86d4c14 0.279s
2025-12-02 03:28:05.239 66508 INFO tempest.lib.common.rest_client [req-50de77be-28f4-4e01-8971-1860b7032368 req-50de77be-28f4-4e01-8971-1860b7032368 ] Request (ServerRescueTestJSONUnderV235:setUpClass): 200 GET http://10.180.1.21/compute/v2.1/servers/d38b5bb6-427a-4391-a710-d0c96371eb39 0.079s
2025-12-02 03:28:05.253 66512 INFO tempest.lib.common.rest_client [req-4e7e631c-82f5-4428-a40e-8ac2eb51f8d6 req-4e7e631c-82f5-4428-a40e-8ac2eb51f8d6 ] Request (InstanceActionsV221TestJSON:test_get_list_deleted_instance_actions): 200 GET http://10.180.1.21/compute/v2.1/servers/088e1351-6271-42d1-9d4d-6986d1648149 0.101s
2025-12-02 03:28:05.300 66534 INFO tempest.lib.common.rest_client [req-da987ba2-e801-4f48-a9ee-7ce342a0418a req-da987ba2-e801-4f48-a9ee-7ce342a0418a ] Request (SecurityGroupsTestJSON:test_server_security_groups): 200 GET http://10.180.1.21/compute/v2.1/servers/55b0c2ae-91bd-4a98-a9f7-1cd86430affa 0.081s
2025-12-02 03:28:05.314 66526 INFO tempest.lib.common.rest_client [req-f44405f3-589c-4956-b5a1-337cc44f7f8f req-f44405f3-589c-4956-b5a1-337cc44f7f8f ] Request (ServersTestBootFromVolume:tearDownClass): 204 DELETE http://10.180.1.21/compute/v2.1/servers/100447f3-2da4-4a1f-bb6e-5783cb0821fa 0.142s
2025-12-02 03:28:05.360 66486 INFO tempest.lib.common.rest_client [req-3f2868f1-4a9e-4b89-8657-b60dcf0664f6 req-3f2868f1-4a9e-4b89-8657-b60dcf0664f6 ] Request (InstanceActionsNegativeTestJSON:setUpClass): 200 GET http://10.180.1.21/compute/v2.1/servers/b810f99e-edce-48bf-8e96-319e5ab80ac5 0.125s
2025-12-02 03:28:05.379 66519 INFO tempest.lib.common.rest_client [req-3a305cad-12dc-4222-9917-9126c59fb37f req-3a305cad-12dc-4222-9917-9126c59fb37f ] Request (ServerShowV247Test:test_update_rebuild_list_server): 200 GET http://10.180.1.21/compute/v2.1/servers/ae83591b-ba18-4eb5-a1de-bce9c4224fee 0.086s
2025-12-02 03:28:05.507 66526 INFO tempest.lib.common.rest_client [req-c8a6853d-500a-4afd-b7b0-6a35d94e1003 req-c8a6853d-500a-4afd-b7b0-6a35d94e1003 ] Request (ServersTestBootFromVolume:tearDownClass): 200 GET http://10.180.1.21/compute/v2.1/servers/100447f3-2da4-4a1f-bb6e-5783cb0821fa 0.192s
2025-12-02 03:28:05.526 66548 INFO tempest.lib.common.rest_client [req-862d3ca3-5f7f-491e-aee1-74206a916280 req-862d3ca3-5f7f-491e-aee1-74206a916280 ] Request (ServersAdminTestJSON:_run_cleanups): 200 GET http://10.180.1.21/compute/v2.1/servers/940b5fb0-3ec4-4244-bea4-442735496892 0.118s
2025-12-02 03:28:05.595 66520 INFO tempest.lib.common.rest_client [req-8d6f6b7e-717e-48cd-98f8-4d0179dd333b req-8d6f6b7e-717e-48cd-98f8-4d0179dd333b ] Request (ImagesOneServerTestJSON:tearDownClass): 200 GET http://10.180.1.21/compute/v2.1/servers/1ed0f8ce-d32d-4983-9751-b7b4eb6bbfb9 0.130s
2025-12-02 03:28:05.641 66522 INFO tempest.lib.common.rest_client [req-1866a59b-d5b3-43b1-bdf8-d7f9c281527b req-1866a59b-d5b3-43b1-bdf8-d7f9c281527b ] Request (MigrationsAdminTest:test_resize_server_revert_deleted_flavor): 200 GET http://10.180.1.21/compute/v2.1/servers/9fd88eee-356b-436d-95d2-f4b7ed9a8383 0.205s
2025-12-02 03:28:05.652 66504 INFO tempest.lib.common.rest_client [req-20758dfd-80ee-4c62-a503-84ba8072db80 req-20758dfd-80ee-4c62-a503-84ba8072db80 ] Request (ListServerFiltersTestJSON:tearDownClass): 200 GET http://10.180.1.21/compute/v2.1/servers/124a3d95-a34b-4469-ac08-3688cf30d1d2 0.162s
2025-12-02 03:28:05.692 66496 INFO tempest.lib.common.rest_client [req-6d495e46-dc1e-4e84-8bf5-bc280d390db1 req-6d495e46-dc1e-4e84-8bf5-bc280d390db1 ] Request (ListImageFiltersTestJSON:setUpClass): 200 GET http://10.180.1.21/compute/v2.1/images/70126522-b1f5-4674-be4e-4f6e40aa89ad 0.141s
2025-12-02 03:28:05.692 66500 INFO tempest.lib.common.rest_client [req-e47454b2-df95-4b1b-bfe1-6ca8542f9728 req-e47454b2-df95-4b1b-bfe1-6ca8542f9728 ] Request (ServersNegativeTestJSON:setUpClass): 200 GET http://10.180.1.21/compute/v2.1/servers/310e55be-4eef-499d-b66a-aed5c01bc186 0.174s
2025-12-02 03:28:05.747 66530 INFO tempest.lib.common.rest_client [req-c6188df8-7d52-4cef-b765-6e890bdfc30c req-c6188df8-7d52-4cef-b765-6e890bdfc30c ] Request (ImagesOneServerNegativeTestJSON:_run_cleanups): 200 GET http://10.180.1.21/compute/v2.1/servers/932ab389-beca-4876-85cc-7628041dab3d 0.121s
2025-12-02 03:28:05.750 66488 INFO tempest.lib.common.rest_client [req-342f176e-bcf8-4387-bef2-16a74aecbe80 req-342f176e-bcf8-4387-bef2-16a74aecbe80 ] Request (ServerDiagnosticsV248Test:tearDownClass): 200 GET http://10.180.1.21/compute/v2.1/servers/331e5100-c1e3-4a01-8b02-d3e4b7452097 0.111s
2025-12-02 03:28:05.754 66530 INFO tempest.common.waiters [-] State transition "ACTIVE/deleting" ==> "DELETED/None" after 3 second wait
2025-12-02 03:28:05.768 66546 INFO tempest.lib.common.rest_client [req-93977029-3e44-4750-bdde-5d0bd80e6dd3 req-93977029-3e44-4750-bdde-5d0bd80e6dd3 ] Request (ListServersNegativeTestJSON:tearDownClass): 404 GET http://10.180.1.21/compute/v2.1/servers/3b875883-c4ec-4dda-bed7-bd5b339f5487 0.068s
2025-12-02 03:28:05.809 66498 INFO tempest.lib.common.rest_client [req-dd626f0a-0a69-49d2-87e6-d42b7b98b346 req-dd626f0a-0a69-49d2-87e6-d42b7b98b346 ] Request (FloatingIPsAssociationTestJSON:tearDownClass): 200 GET http://10.180.1.21/compute/v2.1/servers/96c17790-9f52-422c-b67c-034b00183281 0.098s
2025-12-02 03:28:05.833 66538 INFO tempest.lib.common.rest_client [req-60c2dc5c-6e94-43d0-9b13-037a9727c84c req-60c2dc5c-6e94-43d0-9b13-037a9727c84c ] Request (ServerTagsTestJSON:tearDownClass): 200 GET http://10.180.1.21/compute/v2.1/servers/203be699-dfce-4549-8336-81f3649f5fb0 0.071s
2025-12-02 03:28:05.920 66492 INFO tempest.lib.common.rest_client [req-c5b5776e-0d42-4272-b5d2-25301ee179ca req-c5b5776e-0d42-4272-b5d2-25301ee179ca ] Request (ServerMetadataTestJSON:setUpClass): 200 GET http://10.180.1.21/compute/v2.1/servers/aae584ee-5d65-452e-91c3-c7e83f662543 0.065s
2025-12-02 03:28:06.004 66514 INFO tempest.lib.common.rest_client [req-8aad8dde-35c9-4965-b792-ac038a2717d3 req-8aad8dde-35c9-4965-b792-ac038a2717d3 ] Request (ServersAdminNegativeTestJSON:tearDownClass): 200 GET http://10.180.1.21/compute/v2.1/servers/5e13b6c1-2ec4-4f12-89ef-8afcc1a7357c 0.093s
2025-12-02 03:28:06.074 66528 INFO tempest.lib.common.rest_client [req-ae3a1a38-37e6-4063-bab7-c120e12be150 req-ae3a1a38-37e6-4063-bab7-c120e12be150 ] Request (ServerMetadataNegativeTestJSON:tearDownClass): 200 GET http://10.180.1.21/compute/v2.1/servers/b3b17c7e-70bf-4419-a0f8-5869f102f106 0.133s
2025-12-02 03:28:06.093 66516 INFO tempest.lib.common.rest_client [req-9af9e159-898f-45f1-aa32-a4d4f4d8ed2f req-9af9e159-898f-45f1-aa32-a4d4f4d8ed2f ] Request (ServerAddressesNegativeTestJSON:tearDownClass): 200 GET http://10.180.1.21/compute/v2.1/servers/6159884e-8990-49e3-a0eb-0e30359be227 0.119s
2025-12-02 03:28:06.159 66542 INFO tempest.lib.common.rest_client [req-9090a460-39b8-41dc-8b1f-e965a5dc1e06 req-9090a460-39b8-41dc-8b1f-e965a5dc1e06 ] Request (ServersTestJSON:setUpClass): 200 GET http://10.180.1.21/compute/v2.1/servers/cadd2a5a-2396-4ae5-877c-1260bf8e29e9 0.126s
2025-12-02 03:28:06.218 66506 INFO tempest.lib.common.rest_client [req-a2f8ee30-8326-4b92-84ae-5b7724149ceb req-a2f8ee30-8326-4b92-84ae-5b7724149ceb ] Request (ServerDiskConfigTestJSON:test_resize_server_from_auto_to_manual): 200 GET http://10.180.1.21/compute/v2.1/servers/f6823ce5-4b96-406d-a306-3bf5a6057ef4 0.153s
2025-12-02 03:28:06.236 66544 INFO tempest.lib.common.rest_client [req-25ed02ff-b65d-4ecc-8889-8bdf4250ff8c req-25ed02ff-b65d-4ecc-8889-8bdf4250ff8c ] Request (ServerDiagnosticsTest:test_get_server_diagnostics): 200 GET http://10.180.1.21/compute/v2.1/servers/719f243c-9c7c-47e9-9e2f-21bc145cb74d 0.143s
2025-12-02 03:28:06.278 66510 INFO tempest.lib.common.rest_client [req-2cfaafcd-8f1f-43fd-97fa-4f4f871950a2 req-2cfaafcd-8f1f-43fd-97fa-4f4f871950a2 ] Request (ServersWithSpecificFlavorTestJSON:test_verify_created_server_ephemeral_disk): 200 GET http://10.180.1.21/compute/v2.1/servers/0747291d-4ac0-4205-ace7-4ebd11f9e9b5 0.159s
2025-12-02 03:28:06.291 66490 INFO tempest.lib.common.rest_client [req-d633c2c7-580d-47a6-b629-42ef3b89691d req-d633c2c7-580d-47a6-b629-42ef3b89691d ] Request (ImagesTestJSON:test_create_server_from_snapshot): 200 GET http://10.180.1.21/compute/v2.1/servers/26646ec6-80cd-4e5b-90dd-f343b86d4c14 0.102s
2025-12-02 03:28:06.340 66502 INFO tempest.lib.common.rest_client [req-aa109f5d-a6f2-4ef5-9f6f-6465ae38e2bf req-aa109f5d-a6f2-4ef5-9f6f-6465ae38e2bf ] Request (ServersTestMultiNic:_run_cleanups): 200 GET http://10.180.1.21/compute/v2.1/servers/87391bc0-0fa7-4210-9c37-3a7af9e72bb0 0.150s
2025-12-02 03:28:06.354 66508 INFO tempest.lib.common.rest_client [req-ae8fe085-0bbe-46cf-bd22-2e837190af2c req-ae8fe085-0bbe-46cf-bd22-2e837190af2c ] Request (ServerRescueTestJSONUnderV235:setUpClass): 200 GET http://10.180.1.21/compute/v2.1/servers/d38b5bb6-427a-4391-a710-d0c96371eb39 0.107s
2025-12-02 03:28:06.421 66512 INFO tempest.lib.common.rest_client [req-2daf3d03-9ed9-417a-8d9c-63545e2c25c9 req-2daf3d03-9ed9-417a-8d9c-63545e2c25c9 ] Request (InstanceActionsV221TestJSON:test_get_list_deleted_instance_actions): 200 GET http://10.180.1.21/compute/v2.1/servers/088e1351-6271-42d1-9d4d-6986d1648149 0.159s
2025-12-02 03:28:06.432 66534 INFO tempest.lib.common.rest_client [req-b361e841-e6e8-4495-bff7-84177a34c1a5 req-b361e841-e6e8-4495-bff7-84177a34c1a5 ] Request (SecurityGroupsTestJSON:test_server_security_groups): 200 GET http://10.180.1.21/compute/v2.1/servers/55b0c2ae-91bd-4a98-a9f7-1cd86430affa 0.124s
2025-12-02 03:28:06.477 66486 INFO tempest.lib.common.rest_client [req-4e584926-e8be-4b4a-a2a6-6379f2d8bd42 req-4e584926-e8be-4b4a-a2a6-6379f2d8bd42 ] Request (InstanceActionsNegativeTestJSON:setUpClass): 200 GET http://10.180.1.21/compute/v2.1/servers/b810f99e-edce-48bf-8e96-319e5ab80ac5 0.107s
2025-12-02 03:28:06.492 66519 INFO tempest.lib.common.rest_client [req-bef48ff6-4ca6-44e1-a910-afd6f14035bd req-bef48ff6-4ca6-44e1-a910-afd6f14035bd ] Request (ServerShowV247Test:test_update_rebuild_list_server): 200 GET http://10.180.1.21/compute/v2.1/servers/ae83591b-ba18-4eb5-a1de-bce9c4224fee 0.104s
2025-12-02 03:28:06.558 66546 INFO tempest.lib.common.rest_client [req-67712071-a2e6-4917-8f06-3515b438c193 req-67712071-a2e6-4917-8f06-3515b438c193 ] Request (ListServersNegativeTestJSON:tearDownClass): 200 PUT http://10.180.1.21/networking/v2.0/routers/4bc3ee4b-6b11-40c4-b168-24bea9d72125/remove_router_interface 0.790s
2025-12-02 03:28:06.641 66526 INFO tempest.lib.common.rest_client [req-ad2ab210-ba9d-40e4-b51b-2e8914cebd74 req-ad2ab210-ba9d-40e4-b51b-2e8914cebd74 ] Request (ServersTestBootFromVolume:tearDownClass): 200 GET http://10.180.1.21/compute/v2.1/servers/100447f3-2da4-4a1f-bb6e-5783cb0821fa 0.124s
2025-12-02 03:28:06.662 66548 INFO tempest.lib.common.rest_client [req-bcb311a3-9971-4257-9e50-9659695a3a36 req-bcb311a3-9971-4257-9e50-9659695a3a36 ] Request (ServersAdminTestJSON:_run_cleanups): 200 GET http://10.180.1.21/compute/v2.1/servers/940b5fb0-3ec4-4244-bea4-442735496892 0.127s
2025-12-02 03:28:06.672 66548 INFO tempest.common.waiters [-] State transition "REBUILD/rebuild_spawning" ==> "ACTIVE/None" after 11 second wait
2025-12-02 03:28:06.794 66520 INFO tempest.lib.common.rest_client [req-005190c8-41aa-4a6e-820a-cd32cc02f5ce req-005190c8-41aa-4a6e-820a-cd32cc02f5ce ] Request (ImagesOneServerTestJSON:tearDownClass): 200 GET http://10.180.1.21/compute/v2.1/servers/1ed0f8ce-d32d-4983-9751-b7b4eb6bbfb9 0.190s
2025-12-02 03:28:06.819 66522 INFO tempest.lib.common.rest_client [req-08e6088e-5f22-4abd-91c3-4fc8c36d2bf0 req-08e6088e-5f22-4abd-91c3-4fc8c36d2bf0 ] Request (MigrationsAdminTest:test_resize_server_revert_deleted_flavor): 200 GET http://10.180.1.21/compute/v2.1/servers/9fd88eee-356b-436d-95d2-f4b7ed9a8383 0.170s
2025-12-02 03:28:06.870 66504 INFO tempest.lib.common.rest_client [req-3df2aeab-5110-4f43-87e5-2f80ea57f1bb req-3df2aeab-5110-4f43-87e5-2f80ea57f1bb ] Request (ListServerFiltersTestJSON:tearDownClass): 200 GET http://10.180.1.21/compute/v2.1/servers/124a3d95-a34b-4469-ac08-3688cf30d1d2 0.209s
2025-12-02 03:28:06.903 66548 INFO tempest.lib.common.rest_client [req-20a0878c-72fe-4591-9604-55e96dfcfecc req-20a0878c-72fe-4591-9604-55e96dfcfecc ] Request (ServersAdminTestJSON:test_reset_state_server): 202 POST http://10.180.1.21/compute/v2.1/servers/940b5fb0-3ec4-4244-bea4-442735496892/action 0.229s
2025-12-02 03:28:06.916 66496 INFO tempest.lib.common.rest_client [req-d1e47511-56ae-4a1a-a9b4-7de0e6ed78ac req-d1e47511-56ae-4a1a-a9b4-7de0e6ed78ac ] Request (ListImageFiltersTestJSON:setUpClass): 200 GET http://10.180.1.21/compute/v2.1/images/70126522-b1f5-4674-be4e-4f6e40aa89ad 0.219s
2025-12-02 03:28:06.970 66500 INFO tempest.lib.common.rest_client [req-1081a525-9837-4abc-a8e4-8853b9c3b634 req-1081a525-9837-4abc-a8e4-8853b9c3b634 ] Request (ServersNegativeTestJSON:setUpClass): 200 GET http://10.180.1.21/compute/v2.1/servers/310e55be-4eef-499d-b66a-aed5c01bc186 0.270s
2025-12-02 03:28:06.984 66546 INFO tempest.lib.common.rest_client [req-f11d4b5e-8846-446d-b13a-b632b7aa399d req-f11d4b5e-8846-446d-b13a-b632b7aa399d ] Request (ListServersNegativeTestJSON:tearDownClass): 204 DELETE http://10.180.1.21/networking/v2.0/routers/4bc3ee4b-6b11-40c4-b168-24bea9d72125 0.425s
2025-12-02 03:28:06.998 66530 INFO tempest.lib.common.rest_client [req-1ba89a84-79fb-4215-88bc-4ed52fc5c5c2 req-1ba89a84-79fb-4215-88bc-4ed52fc5c5c2 ] Request (ImagesOneServerNegativeTestJSON:_run_cleanups): 200 GET http://10.180.1.21/compute/v2.1/servers/932ab389-beca-4876-85cc-7628041dab3d 0.242s
2025-12-02 03:28:07.062 66488 INFO tempest.lib.common.rest_client [req-be901bca-dc9b-4ad1-af77-8281a87e6569 req-be901bca-dc9b-4ad1-af77-8281a87e6569 ] Request (ServerDiagnosticsV248Test:tearDownClass): 200 GET http://10.180.1.21/compute/v2.1/servers/331e5100-c1e3-4a01-8b02-d3e4b7452097 0.303s
2025-12-02 03:28:07.076 66498 INFO tempest.lib.common.rest_client [req-a4265e96-5b74-4d1a-824b-f5316b507c8c req-a4265e96-5b74-4d1a-824b-f5316b507c8c ] Request (FloatingIPsAssociationTestJSON:tearDownClass): 200 GET http://10.180.1.21/compute/v2.1/servers/96c17790-9f52-422c-b67c-034b00183281 0.256s
2025-12-02 03:28:07.165 66546 INFO tempest.lib.common.rest_client [req-26e31f33-44e5-4315-a07e-d5e6938c1bb4 req-26e31f33-44e5-4315-a07e-d5e6938c1bb4 ] Request (ListServersNegativeTestJSON:tearDownClass): 204 DELETE http://10.180.1.21/networking/v2.0/subnets/f1718bbb-1e85-48a7-a4cd-bc22a8a58d77 0.180s
2025-12-02 03:28:07.179 66538 INFO tempest.lib.common.rest_client [req-7c9cce98-ae18-422e-b3ee-0c1ba0591314 req-7c9cce98-ae18-422e-b3ee-0c1ba0591314 ] Request (ServerTagsTestJSON:tearDownClass): 200 GET http://10.180.1.21/compute/v2.1/servers/203be699-dfce-4549-8336-81f3649f5fb0 0.335s
2025-12-02 03:28:07.201 66548 INFO tempest.lib.common.rest_client [req-c4209f5c-60be-4e69-870c-ffa77151a1e3 req-c4209f5c-60be-4e69-870c-ffa77151a1e3 ] Request (ServersAdminTestJSON:test_reset_state_server): 200 GET http://10.180.1.21/compute/v2.1/servers/940b5fb0-3ec4-4244-bea4-442735496892 0.297s
2025-12-02 03:28:07.253 66492 INFO tempest.lib.common.rest_client [req-644bdd02-58e5-40bc-82b0-169c2f789701 req-644bdd02-58e5-40bc-82b0-169c2f789701 ] Request (ServerMetadataTestJSON:setUpClass): 200 GET http://10.180.1.21/compute/v2.1/servers/aae584ee-5d65-452e-91c3-c7e83f662543 0.325s
2025-12-02 03:28:07.294 66514 INFO tempest.lib.common.rest_client [req-c2eec48a-2620-4ea8-b1c0-bcfafde05b9e req-c2eec48a-2620-4ea8-b1c0-bcfafde05b9e ] Request (ServersAdminNegativeTestJSON:tearDownClass): 200 GET http://10.180.1.21/compute/v2.1/servers/5e13b6c1-2ec4-4f12-89ef-8afcc1a7357c 0.281s
2025-12-02 03:28:07.331 66528 INFO tempest.lib.common.rest_client [req-dfd11941-cf0c-493c-9d4f-d7cbeec9b9e3 req-dfd11941-cf0c-493c-9d4f-d7cbeec9b9e3 ] Request (ServerMetadataNegativeTestJSON:tearDownClass): 200 GET http://10.180.1.21/compute/v2.1/servers/b3b17c7e-70bf-4419-a0f8-5869f102f106 0.245s
2025-12-02 03:28:07.373 66516 INFO tempest.lib.common.rest_client [req-d82e7eeb-fad2-4fb5-ac89-3c3cbc1d9a65 req-d82e7eeb-fad2-4fb5-ac89-3c3cbc1d9a65 ] Request (ServerAddressesNegativeTestJSON:tearDownClass): 200 GET http://10.180.1.21/compute/v2.1/servers/6159884e-8990-49e3-a0eb-0e30359be227 0.270s
2025-12-02 03:28:07.445 66542 INFO tempest.lib.common.rest_client [req-02d09116-6453-47e4-b51f-06901f460b86 req-02d09116-6453-47e4-b51f-06901f460b86 ] Request (ServersTestJSON:setUpClass): 200 GET http://10.180.1.21/compute/v2.1/servers/cadd2a5a-2396-4ae5-877c-1260bf8e29e9 0.278s
2025-12-02 03:28:07.448 66546 INFO tempest.lib.common.rest_client [req-f18761d8-a44a-47f3-9c5c-eea255c9f11e req-f18761d8-a44a-47f3-9c5c-eea255c9f11e ] Request (ListServersNegativeTestJSON:tearDownClass): 204 DELETE http://10.180.1.21/networking/v2.0/networks/09d7b4af-badc-4636-8cb7-211513cf0ae8 0.282s
2025-12-02 03:28:07.456 66548 INFO tempest.lib.common.rest_client [req-3279c263-f63a-4545-91d0-2a964762bb03 req-3279c263-f63a-4545-91d0-2a964762bb03 ] Request (ServersAdminTestJSON:test_reset_state_server): 202 POST http://10.180.1.21/compute/v2.1/servers/940b5fb0-3ec4-4244-bea4-442735496892/action 0.246s
2025-12-02 03:28:07.537 66544 INFO tempest.lib.common.rest_client [req-ecc931ef-0300-497c-be2c-04f8df91d00a req-ecc931ef-0300-497c-be2c-04f8df91d00a ] Request (ServerDiagnosticsTest:test_get_server_diagnostics): 200 GET http://10.180.1.21/compute/v2.1/servers/719f243c-9c7c-47e9-9e2f-21bc145cb74d 0.292s
2025-12-02 03:28:07.555 66506 INFO tempest.lib.common.rest_client [req-b7bbb677-aaef-4e74-85af-ebdd991fe7e5 req-b7bbb677-aaef-4e74-85af-ebdd991fe7e5 ] Request (ServerDiskConfigTestJSON:test_resize_server_from_auto_to_manual): 200 GET http://10.180.1.21/compute/v2.1/servers/f6823ce5-4b96-406d-a306-3bf5a6057ef4 0.326s
2025-12-02 03:28:07.577 66546 INFO tempest.lib.common.rest_client [req-f10c136d-0808-4295-8ebd-a74beea8f7f1 req-f10c136d-0808-4295-8ebd-a74beea8f7f1 ] Request (ListServersNegativeTestJSON:tearDownClass): 204 DELETE http://10.180.1.21/identity/v3/users/a231f71e19854fd89bb5e852566f9555 0.128s
2025-12-02 03:28:07.577 66546 INFO tempest.lib.common.dynamic_creds [-] Deleting project and security group for project: 1be0337be01f4193b21607729427d813
2025-12-02 03:28:07.610 66546 INFO tempest.lib.common.rest_client [req-e4b2dc45-ada4-42d3-b499-3e3d1b6854da req-e4b2dc45-ada4-42d3-b499-3e3d1b6854da ] Request (ListServersNegativeTestJSON:tearDownClass): 200 GET http://10.180.1.21/networking/v2.0/security-groups?tenant_id=1be0337be01f4193b21607729427d813&name=default 0.033s
2025-12-02 03:28:07.623 66510 INFO tempest.lib.common.rest_client [req-f4fc1490-1b93-486a-b094-62a6bdf44190 req-f4fc1490-1b93-486a-b094-62a6bdf44190 ] Request (ServersWithSpecificFlavorTestJSON:test_verify_created_server_ephemeral_disk): 200 GET http://10.180.1.21/compute/v2.1/servers/0747291d-4ac0-4205-ace7-4ebd11f9e9b5 0.336s
2025-12-02 03:28:07.631 66490 INFO tempest.lib.common.rest_client [req-1dbea2c9-f6fc-47f7-ba39-5189b57198b6 req-1dbea2c9-f6fc-47f7-ba39-5189b57198b6 ] Request (ImagesTestJSON:test_create_server_from_snapshot): 200 GET http://10.180.1.21/compute/v2.1/servers/26646ec6-80cd-4e5b-90dd-f343b86d4c14 0.330s
2025-12-02 03:28:07.681 66508 INFO tempest.lib.common.rest_client [req-ccc882c7-d186-4301-9d5b-c784e0efc1e4 req-ccc882c7-d186-4301-9d5b-c784e0efc1e4 ] Request (ServerRescueTestJSONUnderV235:setUpClass): 200 GET http://10.180.1.21/compute/v2.1/servers/d38b5bb6-427a-4391-a710-d0c96371eb39 0.318s
2025-12-02 03:28:07.696 66502 INFO tempest.lib.common.rest_client [req-2d12c430-c75c-4eec-9c19-6012c18fccbc req-2d12c430-c75c-4eec-9c19-6012c18fccbc ] Request (ServersTestMultiNic:_run_cleanups): 200 GET http://10.180.1.21/compute/v2.1/servers/87391bc0-0fa7-4210-9c37-3a7af9e72bb0 0.346s
2025-12-02 03:28:07.708 66546 INFO tempest.lib.common.rest_client [req-42e37d06-e923-46f6-875f-35dd1db96d98 req-42e37d06-e923-46f6-875f-35dd1db96d98 ] Request (ListServersNegativeTestJSON:tearDownClass): 204 DELETE http://10.180.1.21/networking/v2.0/security-groups/091418bc-6d4e-4be2-bfdc-783bb4e9e92b 0.097s
2025-12-02 03:28:07.746 66512 INFO tempest.lib.common.rest_client [req-ba7ab811-63c0-4e97-9d97-8eaaaddc978f req-ba7ab811-63c0-4e97-9d97-8eaaaddc978f ] Request (InstanceActionsV221TestJSON:test_get_list_deleted_instance_actions): 200 GET http://10.180.1.21/compute/v2.1/servers/088e1351-6271-42d1-9d4d-6986d1648149 0.316s
2025-12-02 03:28:07.751 66534 INFO tempest.lib.common.rest_client [req-575167ae-ee5a-4bba-8eb4-517666890255 req-575167ae-ee5a-4bba-8eb4-517666890255 ] Request (SecurityGroupsTestJSON:test_server_security_groups): 200 GET http://10.180.1.21/compute/v2.1/servers/55b0c2ae-91bd-4a98-a9f7-1cd86430affa 0.310s
2025-12-02 03:28:07.801 66486 INFO tempest.lib.common.rest_client [req-f3429ac3-9804-4029-8af1-db22885f06e3 req-f3429ac3-9804-4029-8af1-db22885f06e3 ] Request (InstanceActionsNegativeTestJSON:setUpClass): 200 GET http://10.180.1.21/compute/v2.1/servers/b810f99e-edce-48bf-8e96-319e5ab80ac5 0.315s
2025-12-02 03:28:07.809 66486 INFO tempest.common.waiters [-] State transition "BUILD/None" ==> "BUILD/networking" after 41 second wait
2025-12-02 03:28:07.816 66546 INFO tempest.lib.common.rest_client [req-edce4385-f4c6-44e9-9928-076279e83a27 req-edce4385-f4c6-44e9-9928-076279e83a27 ] Request (ListServersNegativeTestJSON:tearDownClass): 204 DELETE http://10.180.1.21/identity/v3/projects/1be0337be01f4193b21607729427d813 0.107s
2025-12-02 03:28:07.817 66546 INFO tempest.test [-] raised in NoVNCConsoleTestJSON.setUpClass. Invoking tearDownClass.
2025-12-02 03:28:07.849 66548 INFO tempest.lib.common.rest_client [req-b9d963b2-6f0c-49aa-8168-9da8ef979ccb req-b9d963b2-6f0c-49aa-8168-9da8ef979ccb ] Request (ServersAdminTestJSON:test_reset_state_server): 200 GET http://10.180.1.21/compute/v2.1/servers/940b5fb0-3ec4-4244-bea4-442735496892 0.393s
2025-12-02 03:28:07.868 66519 INFO tempest.lib.common.rest_client [req-842014a3-4d9e-44fa-b9a5-8757fcdcfee5 req-842014a3-4d9e-44fa-b9a5-8757fcdcfee5 ] Request (ServerShowV247Test:test_update_rebuild_list_server): 200 GET http://10.180.1.21/compute/v2.1/servers/ae83591b-ba18-4eb5-a1de-bce9c4224fee 0.366s
2025-12-02 03:28:07.902 66546 INFO tempest.lib.common.rest_client [req-204c01a5-7c82-4de2-9342-aac3c1130ff6 req-204c01a5-7c82-4de2-9342-aac3c1130ff6 ] Request (ServerActionsTestOtherB:setUpClass): 201 POST http://10.180.1.21/identity/v3/auth/tokens 0.082s
2025-12-02 03:28:07.935 66520 INFO tempest.lib.common.rest_client [req-1bb32abf-5211-4ff7-90c7-6a909e432ac0 req-1bb32abf-5211-4ff7-90c7-6a909e432ac0 ] Request (ImagesOneServerTestJSON:tearDownClass): 200 GET http://10.180.1.21/compute/v2.1/servers/1ed0f8ce-d32d-4983-9751-b7b4eb6bbfb9 0.131s
2025-12-02 03:28:07.940 66546 INFO tempest.lib.common.rest_client [req-252333d4-2198-479f-8e58-1b0e1cc317b7 req-252333d4-2198-479f-8e58-1b0e1cc317b7 ] Request (ServerActionsTestOtherB:setUpClass): 201 POST http://10.180.1.21/identity/v3/auth/tokens 0.036s
2025-12-02 03:28:07.973 66526 INFO tempest.lib.common.rest_client [req-a3c91cb6-e76e-428f-a1e1-e635465c9f15 req-a3c91cb6-e76e-428f-a1e1-e635465c9f15 ] Request (ServersTestBootFromVolume:tearDownClass): 200 GET http://10.180.1.21/compute/v2.1/servers/100447f3-2da4-4a1f-bb6e-5783cb0821fa 0.324s
2025-12-02 03:28:07.986 66546 INFO tempest.lib.common.rest_client [req-ccf0e39d-09f7-49b5-8a52-11c108fb836c req-ccf0e39d-09f7-49b5-8a52-11c108fb836c ] Request (ServerActionsTestOtherB:setUpClass): 200 GET http://10.180.1.21/identity/v3/domains?name=Default 0.046s
2025-12-02 03:28:08.035 66546 INFO tempest.lib.common.rest_client [req-91884736-c2b7-4643-8745-95c7d3888e23 req-91884736-c2b7-4643-8745-95c7d3888e23 ] Request (ServerActionsTestOtherB:setUpClass): 201 POST http://10.180.1.21/identity/v3/projects 0.048s
2025-12-02 03:28:08.090 66522 INFO tempest.lib.common.rest_client [req-e9d5cf8c-24c0-4b6a-a09a-e6ab40ac73a4 req-e9d5cf8c-24c0-4b6a-a09a-e6ab40ac73a4 ] Request (MigrationsAdminTest:test_resize_server_revert_deleted_flavor): 200 GET http://10.180.1.21/compute/v2.1/servers/9fd88eee-356b-436d-95d2-f4b7ed9a8383 0.258s
2025-12-02 03:28:08.109 66548 INFO tempest.lib.common.rest_client [req-8d375a3b-c55e-4a77-9c67-c2ae433c4cd5 req-8d375a3b-c55e-4a77-9c67-c2ae433c4cd5 ] Request (ServersAdminTestJSON:tearDownClass): 204 DELETE http://10.180.1.21/compute/v2.1/servers/6c37e2d8-7eac-439d-bf5b-316fd88884f2 0.248s
2025-12-02 03:28:08.152 66496 INFO tempest.lib.common.rest_client [req-f42dca29-7066-4e20-9141-e66df34a0d8c req-f42dca29-7066-4e20-9141-e66df34a0d8c ] Request (ListImageFiltersTestJSON:setUpClass): 200 GET http://10.180.1.21/compute/v2.1/images/70126522-b1f5-4674-be4e-4f6e40aa89ad 0.230s
2025-12-02 03:28:08.156 66546 INFO tempest.lib.common.rest_client [req-ed4b074c-2ec9-4364-9aca-4dc9a79b2f2c req-ed4b074c-2ec9-4364-9aca-4dc9a79b2f2c ] Request (ServerActionsTestOtherB:setUpClass): 201 POST http://10.180.1.21/identity/v3/users 0.120s
2025-12-02 03:28:08.177 66504 INFO tempest.lib.common.rest_client [req-56e65190-7c8c-4d68-8f3f-ed15be433804 req-56e65190-7c8c-4d68-8f3f-ed15be433804 ] Request (ListServerFiltersTestJSON:tearDownClass): 200 GET http://10.180.1.21/compute/v2.1/servers/124a3d95-a34b-4469-ac08-3688cf30d1d2 0.295s
2025-12-02 03:28:08.186 66546 INFO tempest.lib.common.rest_client [req-c908915c-23f0-4a75-9adc-7c9a1dde2f37 req-c908915c-23f0-4a75-9adc-7c9a1dde2f37 ] Request (ServerActionsTestOtherB:setUpClass): 200 GET http://10.180.1.21/identity/v3/roles 0.030s
2025-12-02 03:28:08.219 66500 INFO tempest.lib.common.rest_client [req-6c4ecd89-9bfa-4317-b138-4ef923f13f56 req-6c4ecd89-9bfa-4317-b138-4ef923f13f56 ] Request (ServersNegativeTestJSON:setUpClass): 200 GET http://10.180.1.21/compute/v2.1/servers/310e55be-4eef-499d-b66a-aed5c01bc186 0.241s
2025-12-02 03:28:08.233 66546 INFO tempest.lib.common.rest_client [req-ce1111f0-3b89-4e3e-b252-5853e0c5b728 req-ce1111f0-3b89-4e3e-b252-5853e0c5b728 ] Request (ServerActionsTestOtherB:setUpClass): 204 PUT http://10.180.1.21/identity/v3/projects/8bbc9eacd3af4694b4967b9e10991279/users/92b9667f843d4ab5b8e089ff22c31efb/roles/a75aeef6630741299aadfb4de335e5cc 0.047s
2025-12-02 03:28:08.234 66546 INFO tempest.lib.common.dynamic_creds [-] Dynamic test user 92b9667f843d4ab5b8e089ff22c31efb is created with scope project and roles: ['member']
2025-12-02 03:28:08.234 66546 INFO tempest.lib.common.dynamic_creds [-] Acquired dynamic creds: credentials: Credentials: {'domain_id': 'default', 'domain_name': 'Default', 'username': 'tempest-ServerActionsTestOtherB-1006959993-project-member', 'project_domain_id': 'default', 'project_domain_name': 'Default', 'project_id': '8bbc9eacd3af4694b4967b9e10991279', 'project_name': 'tempest-ServerActionsTestOtherB-1006959993', 'tenant_id': '8bbc9eacd3af4694b4967b9e10991279', 'tenant_name': 'tempest-ServerActionsTestOtherB-1006959993', 'user_domain_id': 'default', 'user_domain_name': 'Default', 'user_id': '92b9667f843d4ab5b8e089ff22c31efb', 'system': None}, Network: None, Subnet: None, Router: None
2025-12-02 03:28:08.268 66530 INFO tempest.lib.common.rest_client [req-0b90844c-3bf4-40e2-adae-1c602d82f591 req-0b90844c-3bf4-40e2-adae-1c602d82f591 ] Request (ImagesOneServerNegativeTestJSON:_run_cleanups): 200 GET http://10.180.1.21/compute/v2.1/servers/932ab389-beca-4876-85cc-7628041dab3d 0.260s
2025-12-02 03:28:08.301 66488 INFO tempest.lib.common.rest_client [req-9ea77faa-c115-4470-8b3f-f5b5fbb3299d req-9ea77faa-c115-4470-8b3f-f5b5fbb3299d ] Request (ServerDiagnosticsV248Test:tearDownClass): 200 GET http://10.180.1.21/compute/v2.1/servers/331e5100-c1e3-4a01-8b02-d3e4b7452097 0.228s
2025-12-02 03:28:08.307 66546 INFO tempest.lib.common.rest_client [req-7cb8d423-ed03-4545-91f3-1d1c884cfc65 req-7cb8d423-ed03-4545-91f3-1d1c884cfc65 ] Request (ServerActionsTestOtherB:setUpClass): 201 POST http://10.180.1.21/identity/v3/auth/tokens 0.073s
2025-12-02 03:28:08.373 66498 INFO tempest.lib.common.rest_client [req-dea48465-93fa-451d-a467-7901cff0795c req-dea48465-93fa-451d-a467-7901cff0795c ] Request (FloatingIPsAssociationTestJSON:tearDownClass): 200 GET http://10.180.1.21/compute/v2.1/servers/96c17790-9f52-422c-b67c-034b00183281 0.285s
2025-12-02 03:28:08.613 66546 INFO tempest.lib.common.rest_client [req-17aabd2a-0be4-4507-8366-fc16c011169a req-17aabd2a-0be4-4507-8366-fc16c011169a ] Request (ServerActionsTestOtherB:setUpClass): 201 POST http://10.180.1.21/networking/v2.0/networks 0.305s
2025-12-02 03:28:08.640 66538 INFO tempest.lib.common.rest_client [req-87c16032-0257-4d4c-a562-3b5776175da6 req-87c16032-0257-4d4c-a562-3b5776175da6 ] Request (ServerTagsTestJSON:tearDownClass): 200 GET http://10.180.1.21/compute/v2.1/servers/203be699-dfce-4549-8336-81f3649f5fb0 0.448s
2025-12-02 03:28:08.665 66548 INFO tempest.lib.common.rest_client [req-5649608c-91b7-41ed-a714-e6c1c377a045 req-5649608c-91b7-41ed-a714-e6c1c377a045 ] Request (ServersAdminTestJSON:tearDownClass): 200 GET http://10.180.1.21/compute/v2.1/servers/6c37e2d8-7eac-439d-bf5b-316fd88884f2 0.555s
2025-12-02 03:28:08.864 66546 INFO tempest.lib.common.rest_client [req-ce9b442f-200a-4218-a04a-011c59ec416b req-ce9b442f-200a-4218-a04a-011c59ec416b ] Request (ServerActionsTestOtherB:setUpClass): 201 POST http://10.180.1.21/networking/v2.0/subnets 0.251s
2025-12-02 03:28:08.891 66492 INFO tempest.lib.common.rest_client [req-de78115b-160d-42b9-80c3-a7fe9fcb2543 req-de78115b-160d-42b9-80c3-a7fe9fcb2543 ] Request (ServerMetadataTestJSON:setUpClass): 200 GET http://10.180.1.21/compute/v2.1/servers/aae584ee-5d65-452e-91c3-c7e83f662543 0.628s
2025-12-02 03:28:08.944 66514 INFO tempest.lib.common.rest_client [req-4ba91042-5018-48cb-9b0d-592b3951f8df req-4ba91042-5018-48cb-9b0d-592b3951f8df ] Request (ServersAdminNegativeTestJSON:tearDownClass): 200 GET http://10.180.1.21/compute/v2.1/servers/5e13b6c1-2ec4-4f12-89ef-8afcc1a7357c 0.639s
2025-12-02 03:28:09.342 66536 INFO paramiko.transport [-] Connected (version 2.0, client dropbear_2020.81)
2025-12-02 03:28:09.448 66536 INFO paramiko.transport [-] Authentication (publickey) successful!
2025-12-02 03:28:09.448 66536 INFO tempest.lib.common.ssh [-] ssh connection to cirros@10.180.180.217 successfully created
2025-12-02 03:28:10.156 66546 INFO tempest.lib.common.rest_client [req-fac79d22-19f5-434f-8ebf-bf78a475d852 req-fac79d22-19f5-434f-8ebf-bf78a475d852 ] Request (ServerActionsTestOtherB:setUpClass): 201 POST http://10.180.1.21/networking/v2.0/routers 1.291s
2025-12-02 03:28:10.184 66528 INFO tempest.lib.common.rest_client [req-4e5a389d-e714-422f-9cb8-17731ba90ce6 req-4e5a389d-e714-422f-9cb8-17731ba90ce6 ] Request (ServerMetadataNegativeTestJSON:tearDownClass): 200 GET http://10.180.1.21/compute/v2.1/servers/b3b17c7e-70bf-4419-a0f8-5869f102f106 1.841s
2025-12-02 03:28:10.199 66516 INFO tempest.lib.common.rest_client [req-65e8e031-d17f-45f8-a0d9-df50cec28bfb req-65e8e031-d17f-45f8-a0d9-df50cec28bfb ] Request (ServerAddressesNegativeTestJSON:tearDownClass): 200 GET http://10.180.1.21/compute/v2.1/servers/6159884e-8990-49e3-a0eb-0e30359be227 1.815s
2025-12-02 03:28:10.524 66542 INFO tempest.lib.common.rest_client [req-2558600a-118a-4a19-9f65-9902cf16938a req-2558600a-118a-4a19-9f65-9902cf16938a ] Request (ServersTestJSON:setUpClass): 200 GET http://10.180.1.21/compute/v2.1/servers/cadd2a5a-2396-4ae5-877c-1260bf8e29e9 2.072s
2025-12-02 03:28:10.547 66544 INFO tempest.lib.common.rest_client [req-0c698980-2ddb-4d35-b937-0716791a0db9 req-0c698980-2ddb-4d35-b937-0716791a0db9 ] Request (ServerDiagnosticsTest:test_get_server_diagnostics): 200 GET http://10.180.1.21/compute/v2.1/servers/719f243c-9c7c-47e9-9e2f-21bc145cb74d 1.999s
2025-12-02 03:28:10.651 66494 WARNING tempest.lib.common.ssh [-] Failed to establish authenticated ssh connection to cirros@10.180.180.136 ([Errno None] Unable to connect to port 22 on 10.180.180.136). Number attempts: 11. Retry after 12 seconds.: paramiko.ssh_exception.NoValidConnectionsError: [Errno None] Unable to connect to port 22 on 10.180.180.136
2025-12-02 03:28:10.896 66510 INFO tempest.lib.common.rest_client [req-62bb6869-0c2a-46b3-97fe-f043dc6588b5 req-62bb6869-0c2a-46b3-97fe-f043dc6588b5 ] Request (ServersWithSpecificFlavorTestJSON:test_verify_created_server_ephemeral_disk): 200 GET http://10.180.1.21/compute/v2.1/servers/0747291d-4ac0-4205-ace7-4ebd11f9e9b5 2.263s
2025-12-02 03:28:10.923 66506 INFO tempest.lib.common.rest_client [req-e13f4080-f08b-434a-9e44-b0aa58bc6ccf req-e13f4080-f08b-434a-9e44-b0aa58bc6ccf ] Request (ServerDiskConfigTestJSON:test_resize_server_from_auto_to_manual): 200 GET http://10.180.1.21/compute/v2.1/servers/f6823ce5-4b96-406d-a306-3bf5a6057ef4 2.358s
2025-12-02 03:28:10.968 66490 INFO tempest.lib.common.rest_client [req-098d4fd1-bd52-426e-9afe-6814b04b3089 req-098d4fd1-bd52-426e-9afe-6814b04b3089 ] Request (ImagesTestJSON:test_create_server_from_snapshot): 200 GET http://10.180.1.21/compute/v2.1/servers/26646ec6-80cd-4e5b-90dd-f343b86d4c14 2.329s
2025-12-02 03:28:10.997 66502 INFO tempest.lib.common.rest_client [req-143f6f0e-b6a4-4b61-bcc1-029b90f18cbf req-143f6f0e-b6a4-4b61-bcc1-029b90f18cbf ] Request (ServersTestMultiNic:_run_cleanups): 404 GET http://10.180.1.21/compute/v2.1/servers/87391bc0-0fa7-4210-9c37-3a7af9e72bb0 2.292s
2025-12-02 03:28:11.004 66508 INFO tempest.lib.common.rest_client [req-870eb77d-cfc0-49e7-a027-ba9d06edb07a req-870eb77d-cfc0-49e7-a027-ba9d06edb07a ] Request (ServerRescueTestJSONUnderV235:setUpClass): 200 GET http://10.180.1.21/compute/v2.1/servers/d38b5bb6-427a-4391-a710-d0c96371eb39 2.311s
2025-12-02 03:28:11.154 66502 INFO tempest.lib.common.rest_client [req-7f5dbeea-9001-402b-b3de-84940f43df07 req-7f5dbeea-9001-402b-b3de-84940f43df07 ] Request (ServersTestMultiNic:_run_cleanups): 204 DELETE http://10.180.1.21/networking/v2.0/subnets/adb756e1-ad0c-4d68-9d30-7ba06d27f304 0.156s
2025-12-02 03:28:11.185 66534 INFO tempest.lib.common.rest_client [req-6dce2ca1-5c9c-4fd2-9abe-47f5cfd51fda req-6dce2ca1-5c9c-4fd2-9abe-47f5cfd51fda ] Request (SecurityGroupsTestJSON:test_server_security_groups): 200 GET http://10.180.1.21/compute/v2.1/servers/55b0c2ae-91bd-4a98-a9f7-1cd86430affa 2.425s
2025-12-02 03:28:11.195 66512 INFO tempest.lib.common.rest_client [req-ddc60509-099a-434f-83bf-b98e9706cbf9 req-ddc60509-099a-434f-83bf-b98e9706cbf9 ] Request (InstanceActionsV221TestJSON:test_get_list_deleted_instance_actions): 200 GET http://10.180.1.21/compute/v2.1/servers/088e1351-6271-42d1-9d4d-6986d1648149 2.439s
2025-12-02 03:28:11.197 66546 INFO tempest.lib.common.rest_client [req-8fea3e86-766f-4706-89b8-e251e3fc4843 req-8fea3e86-766f-4706-89b8-e251e3fc4843 ] Request (ServerActionsTestOtherB:setUpClass): 200 PUT http://10.180.1.21/networking/v2.0/routers/ba3381d5-120f-4dbf-bc94-2a2a3d51672a/add_router_interface 1.040s
2025-12-02 03:28:11.198 66546 INFO tempest.lib.common.dynamic_creds [-] Created isolated network resources for: credentials: Credentials: {'domain_id': 'default', 'domain_name': 'Default', 'username': 'tempest-ServerActionsTestOtherB-1006959993-project-member', 'project_domain_id': 'default', 'project_domain_name': 'Default', 'project_id': '8bbc9eacd3af4694b4967b9e10991279', 'project_name': 'tempest-ServerActionsTestOtherB-1006959993', 'tenant_id': '8bbc9eacd3af4694b4967b9e10991279', 'tenant_name': 'tempest-ServerActionsTestOtherB-1006959993', 'user_domain_id': 'default', 'user_domain_name': 'Default', 'user_id': '92b9667f843d4ab5b8e089ff22c31efb', 'system': None}, Network: {'id': '5541e638-a9de-4f7b-8fad-ed34c6b4421f', 'name': 'tempest-ServerActionsTestOtherB-22866742-network', 'tenant_id': '8bbc9eacd3af4694b4967b9e10991279', 'project_id': '8bbc9eacd3af4694b4967b9e10991279', 'admin_state_up': True, 'mtu': 8950, 'status': 'ACTIVE', 'subnets': [], 'shared': False, 'port_security_enabled': True, 'router:external': False, 'provider:network_type': 'vlan', 'provider:physical_network': 'default', 'provider:segmentation_id': 256, 'availability_zone_hints': [], 'availability_zones': [], 'ipv4_address_scope': None, 'ipv6_address_scope': None, 'description': '', 'tags': [], 'created_at': '2025-12-02T03:28:08Z', 'updated_at': '2025-12-02T03:28:08Z', 'revision_number': 1}, Subnet: {'id': '6c8f1c46-db7b-479a-8ac8-21ea6895e35d', 'name': 'tempest-ServerActionsTestOtherB-22866742-subnet', 'tenant_id': '8bbc9eacd3af4694b4967b9e10991279', 'network_id': '5541e638-a9de-4f7b-8fad-ed34c6b4421f', 'ip_version': 4, 'subnetpool_id': None, 'enable_dhcp': True, 'ipv6_ra_mode': None, 'ipv6_address_mode': None, 'gateway_ip': '192.168.128.1', 'cidr': '192.168.128.0/28', 'allocation_pools': [{'start': '192.168.128.2', 'end': '192.168.128.14'}], 'host_routes': [], 'dns_nameservers': [], 'description': '', 'router:external': False, 'service_types': [], 'tags': [], 'created_at': '2025-12-02T03:28:08Z', 'updated_at': '2025-12-02T03:28:08Z', 'revision_number': 0, 'project_id': '8bbc9eacd3af4694b4967b9e10991279'}, Router: {'id': 'ba3381d5-120f-4dbf-bc94-2a2a3d51672a', 'name': 'tempest-ServerActionsTestOtherB-22866742-router', 'tenant_id': '8bbc9eacd3af4694b4967b9e10991279', 'admin_state_up': True, 'status': 'ACTIVE', 'external_gateway_info': {'network_id': 'b435a93c-b046-4d9a-8b4e-31098faed447', 'external_fixed_ips': [{'subnet_id': '3d31a993-732c-43c7-a4b9-3f36dd223aa5', 'ip_address': '10.180.180.179'}], 'enable_snat': True}, 'description': '', 'availability_zones': [], 'distributed': False, 'ha': False, 'availability_zone_hints': [], 'routes': [], 'flavor_id': None, 'tags': [], 'created_at': '2025-12-02T03:28:08Z', 'updated_at': '2025-12-02T03:28:09Z', 'revision_number': 2, 'project_id': '8bbc9eacd3af4694b4967b9e10991279'}
2025-12-02 03:28:11.314 66546 INFO tempest.lib.common.rest_client [req-5e532eed-9ae1-459f-b285-c5fd839bd181 req-5e532eed-9ae1-459f-b285-c5fd839bd181 ] Request (ServerActionsTestOtherB:setUpClass): 201 POST http://10.180.1.21/identity/v3/auth/tokens 0.108s
2025-12-02 03:28:11.331 66519 INFO tempest.lib.common.rest_client [req-5a5190fe-be77-4be6-956f-8baded99ade8 req-5a5190fe-be77-4be6-956f-8baded99ade8 ] Request (ServerShowV247Test:test_update_rebuild_list_server): 200 GET http://10.180.1.21/compute/v2.1/servers/ae83591b-ba18-4eb5-a1de-bce9c4224fee 2.451s
2025-12-02 03:28:11.342 66519 INFO tempest.common.waiters [-] State transition "BUILD/scheduling" ==> "BUILD/None" after 18 second wait
2025-12-02 03:28:11.354 66486 INFO tempest.lib.common.rest_client [req-b0a24e39-02f1-42c0-9b6b-a3fd0232f5bd req-b0a24e39-02f1-42c0-9b6b-a3fd0232f5bd ] Request (InstanceActionsNegativeTestJSON:setUpClass): 200 GET http://10.180.1.21/compute/v2.1/servers/b810f99e-edce-48bf-8e96-319e5ab80ac5 2.544s
2025-12-02 03:28:11.364 66486 INFO tempest.common.waiters [-] State transition "BUILD/networking" ==> "BUILD/spawning" after 45 second wait
2025-12-02 03:28:11.446 66520 INFO tempest.lib.common.rest_client [req-4ef71358-0122-437b-a248-841a30d457ba req-4ef71358-0122-437b-a248-841a30d457ba ] Request (ImagesOneServerTestJSON:tearDownClass): 200 GET http://10.180.1.21/compute/v2.1/servers/1ed0f8ce-d32d-4983-9751-b7b4eb6bbfb9 2.500s
2025-12-02 03:28:11.469 66526 INFO tempest.lib.common.rest_client [req-ec78a4b4-3d22-4131-af81-b4c926af87ab req-ec78a4b4-3d22-4131-af81-b4c926af87ab ] Request (ServersTestBootFromVolume:tearDownClass): 200 GET http://10.180.1.21/compute/v2.1/servers/100447f3-2da4-4a1f-bb6e-5783cb0821fa 2.487s
2025-12-02 03:28:11.517 66496 INFO tempest.lib.common.rest_client [req-d4ea2bd1-1560-4837-ba8d-04ec0e17624b req-d4ea2bd1-1560-4837-ba8d-04ec0e17624b ] Request (ListImageFiltersTestJSON:setUpClass): 200 GET http://10.180.1.21/compute/v2.1/images/70126522-b1f5-4674-be4e-4f6e40aa89ad 2.357s
2025-12-02 03:28:11.518 66502 INFO tempest.lib.common.rest_client [req-55593feb-5d07-4c8d-82d8-2df463f2cb3b req-55593feb-5d07-4c8d-82d8-2df463f2cb3b ] Request (ServersTestMultiNic:_run_cleanups): 204 DELETE http://10.180.1.21/networking/v2.0/networks/2771b533-54ae-4427-ba8f-70a603fa7e46 0.364s
2025-12-02 03:28:11.602 66522 INFO tempest.lib.common.rest_client [req-60c96c11-4df3-4595-b31e-73821fbcbd01 req-60c96c11-4df3-4595-b31e-73821fbcbd01 ] Request (MigrationsAdminTest:test_resize_server_revert_deleted_flavor): 200 GET http://10.180.1.21/compute/v2.1/servers/9fd88eee-356b-436d-95d2-f4b7ed9a8383 2.499s
2025-12-02 03:28:11.610 66522 INFO tempest.common.waiters [-] State transition "BUILD/spawning" ==> "ACTIVE/None" after 59 second wait
2025-12-02 03:28:11.616 66504 INFO tempest.lib.common.rest_client [req-9b52f74f-d2cb-4a5c-b035-dd74c585c2e7 req-9b52f74f-d2cb-4a5c-b035-dd74c585c2e7 ] Request (ListServerFiltersTestJSON:tearDownClass): 200 GET http://10.180.1.21/compute/v2.1/servers/124a3d95-a34b-4469-ac08-3688cf30d1d2 2.427s
2025-12-02 03:28:11.665 66502 INFO tempest.lib.common.rest_client [req-a9bc8867-f2a4-446b-8c82-cc41d0526853 req-a9bc8867-f2a4-446b-8c82-cc41d0526853 ] Request (ServersTestMultiNic:_run_cleanups): 204 DELETE http://10.180.1.21/networking/v2.0/subnets/2ac43c45-6ea9-4a36-950c-440b6c8ce8f1 0.145s
2025-12-02 03:28:11.665 66500 INFO tempest.lib.common.rest_client [req-84512624-0a60-40dc-9388-00089fdeb4d3 req-84512624-0a60-40dc-9388-00089fdeb4d3 ] Request (ServersNegativeTestJSON:setUpClass): 200 GET http://10.180.1.21/compute/v2.1/servers/310e55be-4eef-499d-b66a-aed5c01bc186 2.427s
2025-12-02 03:28:11.691 66530 INFO tempest.lib.common.rest_client [req-ceccefbf-fbe1-4886-85fe-22e0f0d7ba8a req-ceccefbf-fbe1-4886-85fe-22e0f0d7ba8a ] Request (ImagesOneServerNegativeTestJSON:_run_cleanups): 200 GET http://10.180.1.21/compute/v2.1/servers/932ab389-beca-4876-85cc-7628041dab3d 2.411s
2025-12-02 03:28:11.758 66488 INFO tempest.lib.common.rest_client [req-38314925-3af7-4e6d-b957-92a466c66810 req-38314925-3af7-4e6d-b957-92a466c66810 ] Request (ServerDiagnosticsV248Test:tearDownClass): 200 GET http://10.180.1.21/compute/v2.1/servers/331e5100-c1e3-4a01-8b02-d3e4b7452097 2.443s
2025-12-02 03:28:11.780 66498 INFO tempest.lib.common.rest_client [req-ecb06ec2-e3b3-4923-a3f5-d517de5cc321 req-ecb06ec2-e3b3-4923-a3f5-d517de5cc321 ] Request (FloatingIPsAssociationTestJSON:tearDownClass): 200 GET http://10.180.1.21/compute/v2.1/servers/96c17790-9f52-422c-b67c-034b00183281 2.398s
2025-12-02 03:28:11.868 66536 INFO tempest.lib.common.rest_client [req-c77ed89b-a4ea-4b48-aa82-802411f4d0a3 req-c77ed89b-a4ea-4b48-aa82-802411f4d0a3 ] Request (AttachInterfacesUnderV243Test:test_add_remove_fixed_ip): 200 GET http://10.180.1.21/compute/v2.1/servers/05d94242-4ca1-49b4-8a3a-85d110c40320/os-interface 2.419s
2025-12-02 03:28:11.893 66538 INFO tempest.lib.common.rest_client [req-1cecaf1e-d1e5-4968-ab70-2e9b2a977070 req-1cecaf1e-d1e5-4968-ab70-2e9b2a977070 ] Request (ServerTagsTestJSON:tearDownClass): 200 GET http://10.180.1.21/compute/v2.1/servers/203be699-dfce-4549-8336-81f3649f5fb0 2.242s
2025-12-02 03:28:11.934 66502 INFO tempest.lib.common.rest_client [req-6517b98c-690d-4128-867a-93092bfab8e6 req-6517b98c-690d-4128-867a-93092bfab8e6 ] Request (ServersTestMultiNic:_run_cleanups): 204 DELETE http://10.180.1.21/networking/v2.0/networks/fa5ea379-3210-4b53-92ee-dc1cadcd3b99 0.269s
2025-12-02 03:28:11.954 66548 INFO tempest.lib.common.rest_client [req-dae1a397-52a3-43e3-b149-42532e45cd49 req-dae1a397-52a3-43e3-b149-42532e45cd49 ] Request (ServersAdminTestJSON:tearDownClass): 200 GET http://10.180.1.21/compute/v2.1/servers/6c37e2d8-7eac-439d-bf5b-316fd88884f2 2.279s
