2025-12-02 03:27:45.793 66528 INFO tempest.lib.common.rest_client [req-fad4cd35-d658-46c3-a103-0d2136f2491d req-fad4cd35-d658-46c3-a103-0d2136f2491d ] Request (ServerMetadataNegativeTestJSON:tearDownClass): 200 GET http://10.180.1.21/compute/v2.1/servers/b3b17c7e-70bf-4419-a0f8-5869f102f106 0.267s
2025-12-02 03:27:45.861 66514 INFO tempest.lib.common.rest_client [req-700463d9-dc29-4f39-b53b-3427be730faf req-700463d9-dc29-4f39-b53b-3427be730faf ] Request (ServersAdminNegativeTestJSON:tearDownClass): 200 GET http://10.180.1.21/compute/v2.1/servers/5e13b6c1-2ec4-4f12-89ef-8afcc1a7357c 0.268s
2025-12-02 03:27:45.917 66506 INFO tempest.lib.common.rest_client [req-a5126f24-0e96-448f-bdca-b33a728940d1 req-a5126f24-0e96-448f-bdca-b33a728940d1 ] Request (ServerDiskConfigTestJSON:test_resize_server_from_auto_to_manual): 200 GET http://10.180.1.21/compute/v2.1/servers/f6823ce5-4b96-406d-a306-3bf5a6057ef4 0.252s
2025-12-02 03:27:45.992 66516 INFO tempest.lib.common.rest_client [req-d118e755-db0b-46f0-9ba3-dfd71bc8cb52 req-d118e755-db0b-46f0-9ba3-dfd71bc8cb52 ] Request (ServerAddressesNegativeTestJSON:tearDownClass): 200 GET http://10.180.1.21/compute/v2.1/servers/6159884e-8990-49e3-a0eb-0e30359be227 0.319s
2025-12-02 03:27:46.115 66510 INFO tempest.lib.common.rest_client [req-1f1dbd32-37f7-41ac-8936-be3e3955acd1 req-1f1dbd32-37f7-41ac-8936-be3e3955acd1 ] Request (ServersWithSpecificFlavorTestJSON:test_verify_created_server_ephemeral_disk): 202 POST http://10.180.1.21/compute/v2.1/servers 0.526s
2025-12-02 03:27:46.130 66542 INFO tempest.lib.common.rest_client [req-200d1706-254f-4a98-9b8c-84768a5070a9 req-200d1706-254f-4a98-9b8c-84768a5070a9 ] Request (SecurityGroupRulesNegativeTestJSON:tearDownClass): 202 DELETE http://10.180.1.21/compute/v2.1/os-security-groups/254ff26e-38aa-4e52-979a-3fdd08b2d292 0.417s
2025-12-02 03:27:46.137 66519 INFO tempest.lib.common.rest_client [req-d51c8eee-6e99-477a-89ff-ce48081b3b61 req-d51c8eee-6e99-477a-89ff-ce48081b3b61 ] Request (MultipleCreateNegativeTestJSON:test_min_count_less_than_one): 400 POST http://10.180.1.21/compute/v2.1/servers 0.400s
2025-12-02 03:27:46.163 66496 INFO tempest.lib.common.rest_client [req-a8f02d97-1ec7-4934-8294-b6780b2ef114 req-a8f02d97-1ec7-4934-8294-b6780b2ef114 ] Request (ListImageFiltersTestJSON:setUpClass): 200 GET http://10.180.1.21/compute/v2.1/images/5b10e52e-862c-4289-83b1-c93004dd6a1f 0.442s
2025-12-02 03:27:46.187 66519 INFO tempest.lib.common.rest_client [req-adc5a141-d760-4a0a-b965-fd7d7f8dab70 req-adc5a141-d760-4a0a-b965-fd7d7f8dab70 ] Request (MultipleCreateNegativeTestJSON:test_min_count_non_integer): 201 POST http://10.180.1.21/identity/v3/auth/tokens 0.041s
2025-12-02 03:27:46.188 66519 INFO tempest.lib.common.fixed_network [-] (MultipleCreateNegativeTestJSON:test_min_count_non_integer) Found network None available for tenant
2025-12-02 03:27:46.228 66544 INFO tempest.lib.common.rest_client [req-99bb51d6-a541-4fa3-ab23-67972fb0fcf5 req-99bb51d6-a541-4fa3-ab23-67972fb0fcf5 ] Request (ServerDiagnosticsTest:test_get_server_diagnostics): 200 GET http://10.180.1.21/compute/v2.1/servers/719f243c-9c7c-47e9-9e2f-21bc145cb74d 0.400s
2025-12-02 03:27:46.243 66502 INFO tempest.lib.common.rest_client [req-821ba519-10bc-4465-8a5d-13c1ff51523a req-821ba519-10bc-4465-8a5d-13c1ff51523a ] Request (ServersTestMultiNic:_run_cleanups): 200 GET http://10.180.1.21/compute/v2.1/servers/87391bc0-0fa7-4210-9c37-3a7af9e72bb0 0.491s
2025-12-02 03:27:46.380 66490 INFO tempest.lib.common.rest_client [req-e07d6198-3a76-41df-905b-3344b64c4f43 req-e07d6198-3a76-41df-905b-3344b64c4f43 ] Request (ImagesTestJSON:test_create_server_from_snapshot): 200 GET http://10.180.1.21/compute/v2.1/servers/26646ec6-80cd-4e5b-90dd-f343b86d4c14 0.484s
2025-12-02 03:27:46.420 66504 INFO tempest.lib.common.rest_client [req-45a25178-943f-4ada-9f94-0d666ebb939a req-45a25178-943f-4ada-9f94-0d666ebb939a ] Request (ListServerFiltersTestJSON:test_list_servers_filter_by_shutoff_status): 200 GET http://10.180.1.21/compute/v2.1/servers/fafc8faa-d188-4bff-941c-1a81b406e637 0.560s
2025-12-02 03:27:46.464 66510 INFO tempest.lib.common.rest_client [req-225a1246-676d-4927-8737-1b2b9f7f8c2c req-225a1246-676d-4927-8737-1b2b9f7f8c2c ] Request (ServersWithSpecificFlavorTestJSON:test_verify_created_server_ephemeral_disk): 200 GET http://10.180.1.21/compute/v2.1/servers/0747291d-4ac0-4205-ace7-4ebd11f9e9b5 0.346s
2025-12-02 03:27:46.520 66530 INFO tempest.lib.common.rest_client [req-79688439-f5e6-4ea7-b2b0-0269bb3ac8d6 req-79688439-f5e6-4ea7-b2b0-0269bb3ac8d6 ] Request (ImagesOneServerNegativeTestJSON:_run_cleanups): 200 GET http://10.180.1.21/compute/v2.1/servers/932ab389-beca-4876-85cc-7628041dab3d 0.523s
2025-12-02 03:27:46.602 66542 INFO tempest.lib.common.rest_client [req-f8968e43-c36c-41c0-86b7-dcdbc5bfd786 req-f8968e43-c36c-41c0-86b7-dcdbc5bfd786 ] Request (SecurityGroupRulesNegativeTestJSON:tearDownClass): 202 DELETE http://10.180.1.21/compute/v2.1/os-security-groups/96803ee0-85b7-4fa1-bda2-479c05e33362 0.472s
2025-12-02 03:27:46.625 66508 INFO tempest.lib.common.rest_client [req-b799f2b9-9e10-4c11-a5b3-671e8f186350 req-b799f2b9-9e10-4c11-a5b3-671e8f186350 ] Request (FloatingIPsAssociationNegativeTestJSON:tearDownClass): 404 GET http://10.180.1.21/compute/v2.1/servers/50cfd92f-6ec7-4b69-8aa1-8871fdb85a98 0.441s
2025-12-02 03:27:46.630 66519 INFO tempest.lib.common.rest_client [req-722dc708-04a6-43ee-a029-d157034618bc req-722dc708-04a6-43ee-a029-d157034618bc ] Request (MultipleCreateNegativeTestJSON:test_min_count_non_integer): 400 POST http://10.180.1.21/compute/v2.1/servers 0.441s
2025-12-02 03:27:46.669 66538 INFO tempest.lib.common.rest_client [req-7881ff5b-900f-40ad-972b-22e45c27dd93 req-7881ff5b-900f-40ad-972b-22e45c27dd93 ] Request (ServerTagsTestJSON:setUpClass): 200 GET http://10.180.1.21/compute/v2.1/servers/203be699-dfce-4549-8336-81f3649f5fb0 0.498s
2025-12-02 03:27:46.678 66538 INFO tempest.common.waiters [-] State transition "BUILD/spawning" ==> "ACTIVE/None" after 41 second wait
2025-12-02 03:27:46.714 66498 INFO tempest.lib.common.rest_client [req-5ef0701a-96d0-4f33-a0d3-598af802b73c req-5ef0701a-96d0-4f33-a0d3-598af802b73c ] Request (FloatingIPsAssociationTestJSON:tearDownClass): 200 GET http://10.180.1.21/compute/v2.1/servers/3af2eb53-1c13-4cd6-a467-1ec6825f13b9 0.463s
2025-12-02 03:27:46.760 66512 INFO tempest.lib.common.rest_client [req-ba7855f9-8c88-4dc7-9d0c-8ba717ed4f95 req-ba7855f9-8c88-4dc7-9d0c-8ba717ed4f95 ] Request (InstanceActionsV221TestJSON:test_get_list_deleted_instance_actions): 200 GET http://10.180.1.21/compute/v2.1/servers/088e1351-6271-42d1-9d4d-6986d1648149 0.441s
2025-12-02 03:27:46.784 66486 INFO tempest.lib.common.rest_client [req-58c88a7c-20fb-4863-951d-a6fb3703b46d req-58c88a7c-20fb-4863-951d-a6fb3703b46d ] Request (InstanceActionsNegativeTestJSON:setUpClass): 200 GET http://10.180.1.21/compute/v2.1/servers/b810f99e-edce-48bf-8e96-319e5ab80ac5 0.423s
2025-12-02 03:27:46.814 66520 INFO tempest.lib.common.rest_client [req-ec4335b9-cd42-4b75-8352-4b01f8388bdb req-ec4335b9-cd42-4b75-8352-4b01f8388bdb ] Request (ImagesOneServerTestJSON:test_create_image_specify_multibyte_character_image_name): 200 GET http://10.180.1.21/compute/v2.1/images/d246c600-5aab-4099-a422-3daab6c50a08 0.413s
2025-12-02 03:27:46.824 66519 INFO tempest.lib.common.rest_client [req-848c4ea1-7c21-4c2a-b91b-c177b87eb8c3 req-848c4ea1-7c21-4c2a-b91b-c177b87eb8c3 ] Request (MultipleCreateNegativeTestJSON:tearDownClass): 204 DELETE http://10.180.1.21/identity/v3/users/cf343eea9cd84fd5bc7464fbf3142c4b 0.191s
2025-12-02 03:27:46.824 66519 INFO tempest.lib.common.dynamic_creds [-] Deleting project and security group for project: 709268819d0945b0984c87a42de08b91
2025-12-02 03:27:46.892 66546 INFO tempest.lib.common.rest_client [req-54741897-c571-43c8-9ec9-60176a5e335c req-54741897-c571-43c8-9ec9-60176a5e335c ] Request (ListServersNegativeTestJSON:tearDownClass): 200 GET http://10.180.1.21/compute/v2.1/servers/6589ea84-39c5-437b-9af3-d8a6603961f6 0.462s
2025-12-02 03:27:46.907 66534 INFO tempest.lib.common.rest_client [req-b5e4f3f9-54a4-49a5-a48c-a97b0e356b44 req-b5e4f3f9-54a4-49a5-a48c-a97b0e356b44 ] Request (SecurityGroupsTestJSON:test_server_security_groups): 200 GET http://10.180.1.21/compute/v2.1/servers/55b0c2ae-91bd-4a98-a9f7-1cd86430affa 0.426s
2025-12-02 03:27:46.934 66519 INFO tempest.lib.common.rest_client [req-df645a7c-d3cb-4a0f-8580-a471d50f0bec req-df645a7c-d3cb-4a0f-8580-a471d50f0bec ] Request (MultipleCreateNegativeTestJSON:tearDownClass): 201 POST http://10.180.1.21/identity/v3/auth/tokens 0.110s
2025-12-02 03:27:47.157 66519 INFO tempest.lib.common.rest_client [req-ac7ff1f0-3f8d-450b-ba6d-9dc6cba0bdd8 req-ac7ff1f0-3f8d-450b-ba6d-9dc6cba0bdd8 ] Request (MultipleCreateNegativeTestJSON:tearDownClass): 200 GET http://10.180.1.21/networking/v2.0/security-groups?tenant_id=709268819d0945b0984c87a42de08b91&name=default 0.222s
2025-12-02 03:27:47.187 66522 INFO tempest.lib.common.rest_client [req-c3e76ac1-7896-45db-a91a-31557574ef9b req-c3e76ac1-7896-45db-a91a-31557574ef9b ] Request (MigrationsAdminTest:test_resize_server_revert_deleted_flavor): 200 GET http://10.180.1.21/compute/v2.1/servers/9fd88eee-356b-436d-95d2-f4b7ed9a8383 0.638s
2025-12-02 03:27:47.202 66500 INFO tempest.lib.common.rest_client [req-51c5f9f1-f481-4cef-8c8c-83c267337462 req-51c5f9f1-f481-4cef-8c8c-83c267337462 ] Request (ServersNegativeTestJSON:setUpClass): 200 GET http://10.180.1.21/compute/v2.1/servers/310e55be-4eef-499d-b66a-aed5c01bc186 0.638s
2025-12-02 03:27:47.323 66519 INFO tempest.lib.common.rest_client [req-1f5ceeb3-5706-4a8b-9ed4-1da7322b7398 req-1f5ceeb3-5706-4a8b-9ed4-1da7322b7398 ] Request (MultipleCreateNegativeTestJSON:tearDownClass): 204 DELETE http://10.180.1.21/networking/v2.0/security-groups/98b900ef-e534-47fa-89b8-0f8487aee14b 0.165s
2025-12-02 03:27:47.378 66492 INFO tempest.lib.common.rest_client [req-8e7649dd-0a3c-496f-a07b-031151109373 req-8e7649dd-0a3c-496f-a07b-031151109373 ] Request (ServerMetadataTestJSON:setUpClass): 200 GET http://10.180.1.21/compute/v2.1/servers/aae584ee-5d65-452e-91c3-c7e83f662543 0.750s
2025-12-02 03:27:47.429 66519 INFO tempest.lib.common.rest_client [req-c1f7a269-4fc2-4710-8591-9326dfabb139 req-c1f7a269-4fc2-4710-8591-9326dfabb139 ] Request (MultipleCreateNegativeTestJSON:tearDownClass): 204 DELETE http://10.180.1.21/identity/v3/projects/709268819d0945b0984c87a42de08b91 0.106s
2025-12-02 03:27:47.457 66538 INFO tempest.lib.common.rest_client [req-6104e72f-462a-40ee-ade1-fb097a3a8a13 req-6104e72f-462a-40ee-ade1-fb097a3a8a13 ] Request (ServerTagsTestJSON:test_check_tag_existence): 201 PUT http://10.180.1.21/compute/v2.1/servers/203be699-dfce-4549-8336-81f3649f5fb0/tags/tempest-tag-933983609 0.778s
2025-12-02 03:27:47.471 66542 INFO tempest.lib.common.rest_client [req-41e92135-1e8e-4e66-9e9b-766df0d52be8 req-41e92135-1e8e-4e66-9e9b-766df0d52be8 ] Request (SecurityGroupRulesNegativeTestJSON:tearDownClass): 202 DELETE http://10.180.1.21/compute/v2.1/os-security-groups/bd9520e9-a0de-4d98-82c7-8dac98ab2e1f 0.868s
2025-12-02 03:27:47.530 66519 INFO tempest.lib.common.rest_client [req-d45717f5-a49e-4bb1-804d-4b42e31790f5 req-d45717f5-a49e-4bb1-804d-4b42e31790f5 ] Request (ServerShowV247Test:setUpClass): 201 POST http://10.180.1.21/identity/v3/auth/tokens 0.099s
2025-12-02 03:27:47.565 66519 INFO tempest.lib.common.rest_client [req-00ed3792-13fd-4b2e-9172-59496873499e req-00ed3792-13fd-4b2e-9172-59496873499e ] Request (ServerShowV247Test:setUpClass): 201 POST http://10.180.1.21/identity/v3/auth/tokens 0.032s
2025-12-02 03:27:47.591 66519 INFO tempest.lib.common.rest_client [req-f03115de-a76c-4d74-ad97-e39abdb2b27d req-f03115de-a76c-4d74-ad97-e39abdb2b27d ] Request (ServerShowV247Test:setUpClass): 200 GET http://10.180.1.21/identity/v3/domains?name=Default 0.026s
2025-12-02 03:27:47.607 66524 INFO tempest.lib.common.rest_client [req-f05757fd-bbd3-41a7-839a-857886310c65 req-f05757fd-bbd3-41a7-839a-857886310c65 ] Request (ServersAdmin275Test:tearDownClass): 200 GET http://10.180.1.21/compute/v2.1/servers/7284db35-f377-405d-b744-bcb24db2af22 0.906s
2025-12-02 03:27:47.627 66519 INFO tempest.lib.common.rest_client [req-f6bc9d67-29f9-4ea3-bf4b-d326d043b7d3 req-f6bc9d67-29f9-4ea3-bf4b-d326d043b7d3 ] Request (ServerShowV247Test:setUpClass): 201 POST http://10.180.1.21/identity/v3/projects 0.035s
2025-12-02 03:27:47.631 66548 INFO tempest.lib.common.rest_client [req-b121df31-472e-464b-b3fa-7655563dd9d4 req-b121df31-472e-464b-b3fa-7655563dd9d4 ] Request (ServersAdminTestJSON:test_rebuild_server_in_error_state): 200 GET http://10.180.1.21/compute/v2.1/servers/940b5fb0-3ec4-4244-bea4-442735496892 0.936s
2025-12-02 03:27:47.694 66508 INFO tempest.lib.common.rest_client [req-b40428e0-5309-48c8-b754-3f3d9e551574 req-b40428e0-5309-48c8-b754-3f3d9e551574 ] Request (FloatingIPsAssociationNegativeTestJSON:tearDownClass): 200 PUT http://10.180.1.21/networking/v2.0/routers/f22ff828-5a44-4944-8580-f7ff168db85e/remove_router_interface 1.069s
2025-12-02 03:27:47.700 66528 INFO tempest.lib.common.rest_client [req-e533cc0f-8598-4d98-bf22-08476ee62502 req-e533cc0f-8598-4d98-bf22-08476ee62502 ] Request (ServerMetadataNegativeTestJSON:tearDownClass): 200 GET http://10.180.1.21/compute/v2.1/servers/b3b17c7e-70bf-4419-a0f8-5869f102f106 0.895s
2025-12-02 03:27:47.714 66528 INFO tempest.common.waiters [-] State transition "ACTIVE/deleting" ==> "DELETED/None" after 3 second wait
2025-12-02 03:27:47.719 66519 INFO tempest.lib.common.rest_client [req-1a91641e-437e-439b-80ac-ab463100a9b5 req-1a91641e-437e-439b-80ac-ab463100a9b5 ] Request (ServerShowV247Test:setUpClass): 201 POST http://10.180.1.21/identity/v3/users 0.091s
2025-12-02 03:27:47.727 66514 INFO tempest.lib.common.rest_client [req-675a0785-812e-4866-810a-d8ea42ca9bb5 req-675a0785-812e-4866-810a-d8ea42ca9bb5 ] Request (ServersAdminNegativeTestJSON:tearDownClass): 200 GET http://10.180.1.21/compute/v2.1/servers/5e13b6c1-2ec4-4f12-89ef-8afcc1a7357c 0.851s
2025-12-02 03:27:47.756 66519 INFO tempest.lib.common.rest_client [req-9eb13c3e-9f65-47c5-96a6-18241a35ea5a req-9eb13c3e-9f65-47c5-96a6-18241a35ea5a ] Request (ServerShowV247Test:setUpClass): 200 GET http://10.180.1.21/identity/v3/roles 0.036s
2025-12-02 03:27:47.788 66519 INFO tempest.lib.common.rest_client [req-d8719967-769f-4862-9181-940a5b3e6f1b req-d8719967-769f-4862-9181-940a5b3e6f1b ] Request (ServerShowV247Test:setUpClass): 204 PUT http://10.180.1.21/identity/v3/projects/8b7c08d09798407194bc56164ac9571d/users/9259c0c4f1014c278649b8260b06b212/roles/a75aeef6630741299aadfb4de335e5cc 0.032s
2025-12-02 03:27:47.789 66519 INFO tempest.lib.common.dynamic_creds [-] Dynamic test user 9259c0c4f1014c278649b8260b06b212 is created with scope project and roles: ['member']
2025-12-02 03:27:47.789 66519 INFO tempest.lib.common.dynamic_creds [-] Acquired dynamic creds: credentials: Credentials: {'domain_id': 'default', 'domain_name': 'Default', 'username': 'tempest-ServerShowV247Test-801155189-project-member', 'project_domain_id': 'default', 'project_domain_name': 'Default', 'project_id': '8b7c08d09798407194bc56164ac9571d', 'project_name': 'tempest-ServerShowV247Test-801155189', 'tenant_id': '8b7c08d09798407194bc56164ac9571d', 'tenant_name': 'tempest-ServerShowV247Test-801155189', 'user_domain_id': 'default', 'user_domain_name': 'Default', 'user_id': '9259c0c4f1014c278649b8260b06b212', 'system': None}, Network: None, Subnet: None, Router: None
2025-12-02 03:27:47.789 66519 INFO tempest.lib.common.dynamic_creds [-] Created isolated network resources for: credentials: Credentials: {'domain_id': 'default', 'domain_name': 'Default', 'username': 'tempest-ServerShowV247Test-801155189-project-member', 'project_domain_id': 'default', 'project_domain_name': 'Default', 'project_id': '8b7c08d09798407194bc56164ac9571d', 'project_name': 'tempest-ServerShowV247Test-801155189', 'tenant_id': '8b7c08d09798407194bc56164ac9571d', 'tenant_name': 'tempest-ServerShowV247Test-801155189', 'user_domain_id': 'default', 'user_domain_name': 'Default', 'user_id': '9259c0c4f1014c278649b8260b06b212', 'system': None}, Network: None, Subnet: None, Router: None
2025-12-02 03:27:47.804 66506 INFO tempest.lib.common.rest_client [req-8e91c43b-2a27-4c74-827f-e9520882b1ff req-8e91c43b-2a27-4c74-827f-e9520882b1ff ] Request (ServerDiskConfigTestJSON:test_resize_server_from_auto_to_manual): 200 GET http://10.180.1.21/compute/v2.1/servers/f6823ce5-4b96-406d-a306-3bf5a6057ef4 0.876s
2025-12-02 03:27:47.827 66516 INFO tempest.lib.common.rest_client [req-c7151d32-34d1-4715-a708-4e6745c7fefc req-c7151d32-34d1-4715-a708-4e6745c7fefc ] Request (ServerAddressesNegativeTestJSON:tearDownClass): 200 GET http://10.180.1.21/compute/v2.1/servers/6159884e-8990-49e3-a0eb-0e30359be227 0.826s
2025-12-02 03:27:47.873 66519 INFO tempest.lib.common.rest_client [req-3b5cf8bd-a3fa-49d7-ade0-890b230100fa req-3b5cf8bd-a3fa-49d7-ade0-890b230100fa ] Request (ServerShowV247Test:setUpClass): 201 POST http://10.180.1.21/identity/v3/auth/tokens 0.081s
2025-12-02 03:27:47.922 66519 INFO tempest.lib.common.rest_client [req-8ca6fab9-cdd8-45e2-83c4-c01dcc4c5332 req-8ca6fab9-cdd8-45e2-83c4-c01dcc4c5332 ] Request (ServerShowV247Test:setUpClass): 200 GET http://10.180.1.21/identity/v3/projects/8b7c08d09798407194bc56164ac9571d 0.048s
2025-12-02 03:27:47.922 66519 INFO tempest.lib.common.dynamic_creds [-] Using the existing project 8b7c08d09798407194bc56164ac9571d for scope project and roles: ['reader']
2025-12-02 03:27:47.973 66519 INFO tempest.lib.common.rest_client [req-cdbb5c40-78ab-46a5-a01d-59c1a5f1e604 req-cdbb5c40-78ab-46a5-a01d-59c1a5f1e604 ] Request (ServerShowV247Test:setUpClass): 201 POST http://10.180.1.21/identity/v3/users 0.050s
2025-12-02 03:27:47.998 66519 INFO tempest.lib.common.rest_client [req-3be4b2f1-32f0-4a1a-90d4-33039e5498ee req-3be4b2f1-32f0-4a1a-90d4-33039e5498ee ] Request (ServerShowV247Test:setUpClass): 200 GET http://10.180.1.21/identity/v3/roles 0.025s
2025-12-02 03:27:48.057 66519 INFO tempest.lib.common.rest_client [req-7ae8674e-db23-427b-89d4-f75c8ad4aaa3 req-7ae8674e-db23-427b-89d4-f75c8ad4aaa3 ] Request (ServerShowV247Test:setUpClass): 204 PUT http://10.180.1.21/identity/v3/projects/8b7c08d09798407194bc56164ac9571d/users/96614729c9284dbe9ed49653ea4ddb18/roles/d2dd7d6ef0634ec0b737bbcd5219960b 0.058s
2025-12-02 03:27:48.057 66519 INFO tempest.lib.common.dynamic_creds [-] Dynamic test user 96614729c9284dbe9ed49653ea4ddb18 is created with scope project and roles: ['reader']
2025-12-02 03:27:48.058 66519 INFO tempest.lib.common.dynamic_creds [-] Acquired dynamic creds: credentials: Credentials: {'domain_id': 'default', 'domain_name': 'Default', 'username': 'tempest-ServerShowV247Test-801155189-project-reader', 'project_domain_id': 'default', 'project_domain_name': 'Default', 'project_id': '8b7c08d09798407194bc56164ac9571d', 'project_name': 'tempest-ServerShowV247Test-801155189', 'tenant_id': '8b7c08d09798407194bc56164ac9571d', 'tenant_name': 'tempest-ServerShowV247Test-801155189', 'user_domain_id': 'default', 'user_domain_name': 'Default', 'user_id': '96614729c9284dbe9ed49653ea4ddb18', 'system': None}, Network: None, Subnet: None, Router: None
2025-12-02 03:27:48.058 66519 INFO tempest.lib.common.dynamic_creds [-] Network resources are not created for requested scope: project and credentials: Credentials: {'domain_id': 'default', 'domain_name': 'Default', 'username': 'tempest-ServerShowV247Test-801155189-project-reader', 'project_domain_id': 'default', 'project_domain_name': 'Default', 'project_id': '8b7c08d09798407194bc56164ac9571d', 'project_name': 'tempest-ServerShowV247Test-801155189', 'tenant_id': '8b7c08d09798407194bc56164ac9571d', 'tenant_name': 'tempest-ServerShowV247Test-801155189', 'user_domain_id': 'default', 'user_domain_name': 'Default', 'user_id': '96614729c9284dbe9ed49653ea4ddb18', 'system': None}, Network: None, Subnet: None, Router: None
2025-12-02 03:27:48.074 66496 INFO tempest.lib.common.rest_client [req-ddc40a45-ca12-4d94-a119-28f0282fbc39 req-ddc40a45-ca12-4d94-a119-28f0282fbc39 ] Request (ListImageFiltersTestJSON:setUpClass): 200 GET http://10.180.1.21/compute/v2.1/images/5b10e52e-862c-4289-83b1-c93004dd6a1f 0.906s
2025-12-02 03:27:48.164 66519 INFO tempest.lib.common.rest_client [req-c96b5ca0-e30b-4f6b-a306-212778178301 req-c96b5ca0-e30b-4f6b-a306-212778178301 ] Request (ServerShowV247Test:setUpClass): 201 POST http://10.180.1.21/identity/v3/auth/tokens 0.102s
2025-12-02 03:27:48.166 66526 WARNING tempest.lib.common.ssh [-] Failed to establish authenticated ssh connection to cirros@10.180.180.143 ([Errno None] Unable to connect to port 22 on 10.180.180.143). Number attempts: 6. Retry after 7 seconds.: paramiko.ssh_exception.NoValidConnectionsError: [Errno None] Unable to connect to port 22 on 10.180.180.143
2025-12-02 03:27:48.237 66508 INFO tempest.lib.common.rest_client [req-f01448cb-6b8e-4a74-bffc-4d0f8cff0a2a req-f01448cb-6b8e-4a74-bffc-4d0f8cff0a2a ] Request (FloatingIPsAssociationNegativeTestJSON:tearDownClass): 204 DELETE http://10.180.1.21/networking/v2.0/routers/f22ff828-5a44-4944-8580-f7ff168db85e 0.541s
2025-12-02 03:27:48.239 66519 INFO tempest.lib.common.rest_client [req-036d8fb8-90f4-47b4-b07c-7b898f7e3c35 req-036d8fb8-90f4-47b4-b07c-7b898f7e3c35 ] Request (ServerShowV247Test:test_show_server): 201 POST http://10.180.1.21/identity/v3/auth/tokens 0.071s
2025-12-02 03:27:48.240 66519 INFO tempest.lib.common.fixed_network [-] (ServerShowV247Test:test_show_server) Found network None available for tenant
2025-12-02 03:27:48.264 66544 INFO tempest.lib.common.rest_client [req-00496236-c236-4cb0-9c6a-8d8df56112ab req-00496236-c236-4cb0-9c6a-8d8df56112ab ] Request (ServerDiagnosticsTest:test_get_server_diagnostics): 200 GET http://10.180.1.21/compute/v2.1/servers/719f243c-9c7c-47e9-9e2f-21bc145cb74d 1.028s
2025-12-02 03:27:48.286 66502 INFO tempest.lib.common.rest_client [req-59aa4bd9-4ca6-404d-b0d4-ed96d4849998 req-59aa4bd9-4ca6-404d-b0d4-ed96d4849998 ] Request (ServersTestMultiNic:_run_cleanups): 200 GET http://10.180.1.21/compute/v2.1/servers/87391bc0-0fa7-4210-9c37-3a7af9e72bb0 1.034s
2025-12-02 03:27:48.398 66490 INFO tempest.lib.common.rest_client [req-04d102c5-5ceb-4222-a545-2b8c0863ab1f req-04d102c5-5ceb-4222-a545-2b8c0863ab1f ] Request (ImagesTestJSON:test_create_server_from_snapshot): 200 GET http://10.180.1.21/compute/v2.1/servers/26646ec6-80cd-4e5b-90dd-f343b86d4c14 1.009s
2025-12-02 03:27:48.424 66508 INFO tempest.lib.common.rest_client [req-05537459-5717-4931-8a37-d6eca409868c req-05537459-5717-4931-8a37-d6eca409868c ] Request (FloatingIPsAssociationNegativeTestJSON:tearDownClass): 204 DELETE http://10.180.1.21/networking/v2.0/subnets/68c2cd75-6619-48ff-b088-59f3bde6cce6 0.186s
2025-12-02 03:27:48.437 66538 INFO tempest.lib.common.rest_client [req-e263ca04-8c07-48a6-95bf-3c2184aab448 req-e263ca04-8c07-48a6-95bf-3c2184aab448 ] Request (ServerTagsTestJSON:test_check_tag_existence): 204 GET http://10.180.1.21/compute/v2.1/servers/203be699-dfce-4549-8336-81f3649f5fb0/tags/tempest-tag-933983609 0.979s
2025-12-02 03:27:48.580 66504 INFO tempest.lib.common.rest_client [req-13f7fbb4-0d21-45a2-9eb0-34a63e92b763 req-13f7fbb4-0d21-45a2-9eb0-34a63e92b763 ] Request (ListServerFiltersTestJSON:test_list_servers_filter_by_shutoff_status): 200 GET http://10.180.1.21/compute/v2.1/servers/fafc8faa-d188-4bff-941c-1a81b406e637 1.152s
2025-12-02 03:27:48.594 66504 INFO tempest.common.waiters [-] State transition "SHUTOFF/powering-on" ==> "ACTIVE/None" after 5 second wait
2025-12-02 03:27:48.669 66542 INFO tempest.lib.common.rest_client [req-bdc1ca44-72ac-4ca2-8ed7-f764b829c5cf req-bdc1ca44-72ac-4ca2-8ed7-f764b829c5cf ] Request (SecurityGroupRulesNegativeTestJSON:tearDownClass): 202 DELETE http://10.180.1.21/compute/v2.1/os-security-groups/a0857f36-1714-4ab1-8507-7413dab8eef2 1.198s
2025-12-02 03:27:48.692 66510 INFO tempest.lib.common.rest_client [req-882aefaf-25b4-46f5-bef4-ef89160fac46 req-882aefaf-25b4-46f5-bef4-ef89160fac46 ] Request (ServersWithSpecificFlavorTestJSON:test_verify_created_server_ephemeral_disk): 200 GET http://10.180.1.21/compute/v2.1/servers/0747291d-4ac0-4205-ace7-4ebd11f9e9b5 1.217s
2025-12-02 03:27:48.701 66510 INFO tempest.common.waiters [-] State transition "BUILD/scheduling" ==> "BUILD/None" after 2 second wait
2025-12-02 03:27:48.765 66508 INFO tempest.lib.common.rest_client [req-7eb67e58-5ffa-4530-9edb-56adfabdefe2 req-7eb67e58-5ffa-4530-9edb-56adfabdefe2 ] Request (FloatingIPsAssociationNegativeTestJSON:tearDownClass): 204 DELETE http://10.180.1.21/networking/v2.0/networks/e5a31d25-6ac7-4762-b41b-7b518bcc8db7 0.340s
2025-12-02 03:27:48.802 66498 INFO tempest.lib.common.rest_client [req-4080aa8b-5ce0-4636-86de-1b650f459b55 req-4080aa8b-5ce0-4636-86de-1b650f459b55 ] Request (FloatingIPsAssociationTestJSON:tearDownClass): 200 GET http://10.180.1.21/compute/v2.1/servers/3af2eb53-1c13-4cd6-a467-1ec6825f13b9 1.079s
2025-12-02 03:27:48.882 66530 INFO tempest.lib.common.rest_client [req-1d66ccab-6ebf-4157-83c0-8dc34cdadea8 req-1d66ccab-6ebf-4157-83c0-8dc34cdadea8 ] Request (ImagesOneServerNegativeTestJSON:_run_cleanups): 200 GET http://10.180.1.21/compute/v2.1/servers/932ab389-beca-4876-85cc-7628041dab3d 1.349s
2025-12-02 03:27:48.891 66530 INFO tempest.common.waiters [-] State transition "BUILD/spawning" ==> "ACTIVE/None" after 38 second wait
2025-12-02 03:27:48.897 66512 INFO tempest.lib.common.rest_client [req-c6acdb1c-d0fd-477f-987a-34e710000de5 req-c6acdb1c-d0fd-477f-987a-34e710000de5 ] Request (InstanceActionsV221TestJSON:test_get_list_deleted_instance_actions): 200 GET http://10.180.1.21/compute/v2.1/servers/088e1351-6271-42d1-9d4d-6986d1648149 1.119s
2025-12-02 03:27:48.947 66486 INFO tempest.lib.common.rest_client [req-30b1e6d8-247f-433b-bcbf-f89cc885a45f req-30b1e6d8-247f-433b-bcbf-f89cc885a45f ] Request (InstanceActionsNegativeTestJSON:setUpClass): 200 GET http://10.180.1.21/compute/v2.1/servers/b810f99e-edce-48bf-8e96-319e5ab80ac5 1.155s
2025-12-02 03:27:48.984 66508 INFO tempest.lib.common.rest_client [req-b1bcd8a1-d0fc-47cb-a4bd-c3389da1d965 req-b1bcd8a1-d0fc-47cb-a4bd-c3389da1d965 ] Request (FloatingIPsAssociationNegativeTestJSON:tearDownClass): 204 DELETE http://10.180.1.21/identity/v3/users/39dc70072bef4e9c8f0971123bdd06a8 0.218s
2025-12-02 03:27:48.985 66508 INFO tempest.lib.common.dynamic_creds [-] Deleting project and security group for project: 5e4bbf77f95d4b7499af9497c64998a5
2025-12-02 03:27:49.022 66508 INFO tempest.lib.common.rest_client [req-b7788a11-b41c-4bc9-ab89-9a02c504bee8 req-b7788a11-b41c-4bc9-ab89-9a02c504bee8 ] Request (FloatingIPsAssociationNegativeTestJSON:tearDownClass): 200 GET http://10.180.1.21/networking/v2.0/security-groups?tenant_id=5e4bbf77f95d4b7499af9497c64998a5&name=default 0.037s
2025-12-02 03:27:49.063 66546 INFO tempest.lib.common.rest_client [req-85326245-cfb0-4ad0-a2c8-fb9170f4101e req-85326245-cfb0-4ad0-a2c8-fb9170f4101e ] Request (ListServersNegativeTestJSON:tearDownClass): 200 GET http://10.180.1.21/compute/v2.1/servers/6589ea84-39c5-437b-9af3-d8a6603961f6 1.157s
2025-12-02 03:27:49.131 66508 INFO tempest.lib.common.rest_client [req-3ca4c210-ab6f-4095-821e-fe11b277a893 req-3ca4c210-ab6f-4095-821e-fe11b277a893 ] Request (FloatingIPsAssociationNegativeTestJSON:tearDownClass): 204 DELETE http://10.180.1.21/networking/v2.0/security-groups/a7fc9052-f286-4d53-8d9d-b976649d992e 0.108s
2025-12-02 03:27:49.132 66534 INFO tempest.lib.common.rest_client [req-689d8d8a-b8bb-430e-b2ab-e75d41f4659e req-689d8d8a-b8bb-430e-b2ab-e75d41f4659e ] Request (SecurityGroupsTestJSON:test_server_security_groups): 200 GET http://10.180.1.21/compute/v2.1/servers/55b0c2ae-91bd-4a98-a9f7-1cd86430affa 1.214s
2025-12-02 03:27:49.194 66522 INFO tempest.lib.common.rest_client [req-4aae841e-dc94-4498-8cb8-5f451e3a50b0 req-4aae841e-dc94-4498-8cb8-5f451e3a50b0 ] Request (MigrationsAdminTest:test_resize_server_revert_deleted_flavor): 200 GET http://10.180.1.21/compute/v2.1/servers/9fd88eee-356b-436d-95d2-f4b7ed9a8383 1.000s
2025-12-02 03:27:49.265 66500 INFO tempest.lib.common.rest_client [req-932598ca-c1d3-47fa-a981-f5a863b96368 req-932598ca-c1d3-47fa-a981-f5a863b96368 ] Request (ServersNegativeTestJSON:setUpClass): 200 GET http://10.180.1.21/compute/v2.1/servers/310e55be-4eef-499d-b66a-aed5c01bc186 1.052s
2025-12-02 03:27:49.268 66508 INFO tempest.lib.common.rest_client [req-a2448760-38d5-4d53-8b5d-53d4387f2092 req-a2448760-38d5-4d53-8b5d-53d4387f2092 ] Request (FloatingIPsAssociationNegativeTestJSON:tearDownClass): 204 DELETE http://10.180.1.21/identity/v3/projects/5e4bbf77f95d4b7499af9497c64998a5 0.137s
2025-12-02 03:27:49.340 66508 INFO tempest.lib.common.rest_client [req-56a46977-c912-4156-b023-1bf8f6e6eb19 req-56a46977-c912-4156-b023-1bf8f6e6eb19 ] Request (AbsoluteLimitsNegativeTestJSON:setUpClass): 201 POST http://10.180.1.21/identity/v3/auth/tokens 0.069s
2025-12-02 03:27:49.358 66520 INFO tempest.lib.common.rest_client [req-9f8f9fc0-4d4e-4231-9cb8-02d612466f14 req-9f8f9fc0-4d4e-4231-9cb8-02d612466f14 ] Request (ImagesOneServerTestJSON:test_create_image_specify_multibyte_character_image_name): 200 GET http://10.180.1.21/compute/v2.1/images/d246c600-5aab-4099-a422-3daab6c50a08 1.535s
2025-12-02 03:27:49.379 66508 INFO tempest.lib.common.rest_client [req-74e94d75-0fbd-434c-bf92-c0b6b188271a req-74e94d75-0fbd-434c-bf92-c0b6b188271a ] Request (AbsoluteLimitsNegativeTestJSON:setUpClass): 201 POST http://10.180.1.21/identity/v3/auth/tokens 0.037s
2025-12-02 03:27:49.408 66508 INFO tempest.lib.common.rest_client [req-3e543a9d-8cfe-420c-b2f1-06375cf92cfa req-3e543a9d-8cfe-420c-b2f1-06375cf92cfa ] Request (AbsoluteLimitsNegativeTestJSON:setUpClass): 200 GET http://10.180.1.21/identity/v3/domains?name=Default 0.028s
2025-12-02 03:27:49.412 66492 INFO tempest.lib.common.rest_client [req-7225ac59-f462-4e7c-bd09-b4022baef956 req-7225ac59-f462-4e7c-bd09-b4022baef956 ] Request (ServerMetadataTestJSON:setUpClass): 200 GET http://10.180.1.21/compute/v2.1/servers/aae584ee-5d65-452e-91c3-c7e83f662543 1.026s
2025-12-02 03:27:49.439 66508 INFO tempest.lib.common.rest_client [req-8e78ad0e-aa34-4a49-a6ca-0d5aa5de6760 req-8e78ad0e-aa34-4a49-a6ca-0d5aa5de6760 ] Request (AbsoluteLimitsNegativeTestJSON:setUpClass): 201 POST http://10.180.1.21/identity/v3/projects 0.030s
2025-12-02 03:27:49.482 66538 INFO tempest.lib.common.rest_client [req-6d6a7cca-fe08-4385-81f6-c5d7c29ea67d req-6d6a7cca-fe08-4385-81f6-c5d7c29ea67d ] Request (ServerTagsTestJSON:_run_cleanups): 204 DELETE http://10.180.1.21/compute/v2.1/servers/203be699-dfce-4549-8336-81f3649f5fb0/tags 1.044s
2025-12-02 03:27:49.496 66504 INFO tempest.lib.common.rest_client [req-2e17a19a-e111-4039-9258-290265bb1973 req-2e17a19a-e111-4039-9258-290265bb1973 ] Request (ListServerFiltersTestJSON:test_list_servers_filter_by_zero_limit): 200 GET http://10.180.1.21/compute/v2.1/servers?limit=0 0.899s
2025-12-02 03:27:49.507 66519 INFO tempest.lib.common.rest_client [req-6e667dbe-6452-4c8e-9f17-d52c8a16c180 req-6e667dbe-6452-4c8e-9f17-d52c8a16c180 ] Request (ServerShowV247Test:test_show_server): 202 POST http://10.180.1.21/compute/v2.1/servers 1.267s
2025-12-02 03:27:49.508 66508 INFO tempest.lib.common.rest_client [req-49b2f638-4276-4700-985c-c98e49a815ac req-49b2f638-4276-4700-985c-c98e49a815ac ] Request (AbsoluteLimitsNegativeTestJSON:setUpClass): 201 POST http://10.180.1.21/identity/v3/users 0.068s
2025-12-02 03:27:49.531 66508 INFO tempest.lib.common.rest_client [req-8f046876-4804-4c08-8800-987660c24927 req-8f046876-4804-4c08-8800-987660c24927 ] Request (AbsoluteLimitsNegativeTestJSON:setUpClass): 200 GET http://10.180.1.21/identity/v3/roles 0.022s
2025-12-02 03:27:49.569 66508 INFO tempest.lib.common.rest_client [req-f5d61de3-7943-438b-a261-d0b97b92f8fa req-f5d61de3-7943-438b-a261-d0b97b92f8fa ] Request (AbsoluteLimitsNegativeTestJSON:setUpClass): 204 PUT http://10.180.1.21/identity/v3/projects/0f30ed843dd4446c97c1b04a54970e96/users/f7ef7464cb9347b49a1bd535ff11d2a9/roles/a75aeef6630741299aadfb4de335e5cc 0.037s
2025-12-02 03:27:49.569 66508 INFO tempest.lib.common.dynamic_creds [-] Dynamic test user f7ef7464cb9347b49a1bd535ff11d2a9 is created with scope project and roles: ['member']
2025-12-02 03:27:49.569 66508 INFO tempest.lib.common.dynamic_creds [-] Acquired dynamic creds: credentials: Credentials: {'domain_id': 'default', 'domain_name': 'Default', 'username': 'tempest-AbsoluteLimitsNegativeTestJSON-1737575555-project-member', 'project_domain_id': 'default', 'project_domain_name': 'Default', 'project_id': '0f30ed843dd4446c97c1b04a54970e96', 'project_name': 'tempest-AbsoluteLimitsNegativeTestJSON-1737575555', 'tenant_id': '0f30ed843dd4446c97c1b04a54970e96', 'tenant_name': 'tempest-AbsoluteLimitsNegativeTestJSON-1737575555', 'user_domain_id': 'default', 'user_domain_name': 'Default', 'user_id': 'f7ef7464cb9347b49a1bd535ff11d2a9', 'system': None}, Network: None, Subnet: None, Router: None
2025-12-02 03:27:49.569 66508 INFO tempest.lib.common.dynamic_creds [-] Created isolated network resources for: credentials: Credentials: {'domain_id': 'default', 'domain_name': 'Default', 'username': 'tempest-AbsoluteLimitsNegativeTestJSON-1737575555-project-member', 'project_domain_id': 'default', 'project_domain_name': 'Default', 'project_id': '0f30ed843dd4446c97c1b04a54970e96', 'project_name': 'tempest-AbsoluteLimitsNegativeTestJSON-1737575555', 'tenant_id': '0f30ed843dd4446c97c1b04a54970e96', 'tenant_name': 'tempest-AbsoluteLimitsNegativeTestJSON-1737575555', 'user_domain_id': 'default', 'user_domain_name': 'Default', 'user_id': 'f7ef7464cb9347b49a1bd535ff11d2a9', 'system': None}, Network: None, Subnet: None, Router: None
2025-12-02 03:27:49.579 66524 INFO tempest.lib.common.rest_client [req-ece81b12-5fdd-4139-83d5-64aa39deac4f req-ece81b12-5fdd-4139-83d5-64aa39deac4f ] Request (ServersAdmin275Test:tearDownClass): 200 GET http://10.180.1.21/compute/v2.1/servers/7284db35-f377-405d-b744-bcb24db2af22 0.958s
2025-12-02 03:27:49.634 66548 INFO tempest.lib.common.rest_client [req-d14163d6-1c1b-47e7-87b0-81c2bf31447b req-d14163d6-1c1b-47e7-87b0-81c2bf31447b ] Request (ServersAdminTestJSON:test_rebuild_server_in_error_state): 200 GET http://10.180.1.21/compute/v2.1/servers/940b5fb0-3ec4-4244-bea4-442735496892 0.995s
2025-12-02 03:27:49.671 66508 INFO tempest.lib.common.rest_client [req-fadb26ce-17e7-4471-8bd9-a81935bdb8b7 req-fadb26ce-17e7-4471-8bd9-a81935bdb8b7 ] Request (AbsoluteLimitsNegativeTestJSON:setUpClass): 201 POST http://10.180.1.21/identity/v3/auth/tokens 0.096s
2025-12-02 03:27:49.701 66528 INFO tempest.lib.common.rest_client [req-ab585c4a-9df9-47a8-bfb4-ca12913d556a req-ab585c4a-9df9-47a8-bfb4-ca12913d556a ] Request (ServerMetadataNegativeTestJSON:tearDownClass): 200 GET http://10.180.1.21/compute/v2.1/servers/b3b17c7e-70bf-4419-a0f8-5869f102f106 0.985s
2025-12-02 03:27:49.705 66542 INFO tempest.lib.common.rest_client [req-f5110d39-2d7b-44c6-be29-11c61079766a req-f5110d39-2d7b-44c6-be29-11c61079766a ] Request (SecurityGroupRulesNegativeTestJSON:tearDownClass): 202 DELETE http://10.180.1.21/compute/v2.1/os-security-groups/1b3e7521-fd28-4180-8512-9acda72cb054 1.035s
2025-12-02 03:27:49.755 66506 INFO tempest.lib.common.rest_client [req-a0ae362a-a594-4332-b257-b9ff700c77dc req-a0ae362a-a594-4332-b257-b9ff700c77dc ] Request (ServerDiskConfigTestJSON:test_resize_server_from_auto_to_manual): 200 GET http://10.180.1.21/compute/v2.1/servers/f6823ce5-4b96-406d-a306-3bf5a6057ef4 0.940s
2025-12-02 03:27:49.774 66514 INFO tempest.lib.common.rest_client [req-b66d70f2-02e6-4c49-b237-c6baeb5213fa req-b66d70f2-02e6-4c49-b237-c6baeb5213fa ] Request (ServersAdminNegativeTestJSON:tearDownClass): 200 GET http://10.180.1.21/compute/v2.1/servers/5e13b6c1-2ec4-4f12-89ef-8afcc1a7357c 1.037s
2025-12-02 03:27:49.823 66516 INFO tempest.lib.common.rest_client [req-c03438c4-731f-4eb6-849a-252a6e177118 req-c03438c4-731f-4eb6-849a-252a6e177118 ] Request (ServerAddressesNegativeTestJSON:tearDownClass): 200 GET http://10.180.1.21/compute/v2.1/servers/6159884e-8990-49e3-a0eb-0e30359be227 0.978s
2025-12-02 03:27:49.900 66496 INFO tempest.lib.common.rest_client [req-f7ea1819-cfb6-4438-9a88-a6e8fb2d2550 req-f7ea1819-cfb6-4438-9a88-a6e8fb2d2550 ] Request (ListImageFiltersTestJSON:setUpClass): 200 GET http://10.180.1.21/compute/v2.1/images/5b10e52e-862c-4289-83b1-c93004dd6a1f 0.820s
2025-12-02 03:27:49.944 66530 INFO tempest.lib.common.rest_client [req-4038bb49-c83a-4d5e-ab5b-862cfd545252 req-4038bb49-c83a-4d5e-ab5b-862cfd545252 ] Request (ImagesOneServerNegativeTestJSON:setUp): 200 GET http://10.180.1.21/compute/v2.1/servers/932ab389-beca-4876-85cc-7628041dab3d 1.050s
2025-12-02 03:27:49.976 66544 INFO tempest.lib.common.rest_client [req-9aebd434-7436-48fb-ab51-cf2faf055b66 req-9aebd434-7436-48fb-ab51-cf2faf055b66 ] Request (ServerDiagnosticsTest:test_get_server_diagnostics): 200 GET http://10.180.1.21/compute/v2.1/servers/719f243c-9c7c-47e9-9e2f-21bc145cb74d 0.698s
2025-12-02 03:27:50.030 66520 INFO tempest.lib.common.rest_client [req-a4c6ee00-9eb0-42fc-a82c-fe900a62ac89 req-a4c6ee00-9eb0-42fc-a82c-fe900a62ac89 ] Request (ImagesOneServerTestJSON:test_create_image_specify_multibyte_character_image_name): 200 GET http://10.180.1.21/compute/v2.1/images/d246c600-5aab-4099-a422-3daab6c50a08 0.669s
2025-12-02 03:27:50.035 66502 INFO tempest.lib.common.rest_client [req-43ca8cce-4db7-43a1-8b35-630d9ca9a661 req-43ca8cce-4db7-43a1-8b35-630d9ca9a661 ] Request (ServersTestMultiNic:_run_cleanups): 200 GET http://10.180.1.21/compute/v2.1/servers/87391bc0-0fa7-4210-9c37-3a7af9e72bb0 0.739s
2025-12-02 03:27:50.063 66538 INFO tempest.lib.common.rest_client [req-bbd6a303-2d9a-48e7-bd1e-c157f4fd1ccc req-bbd6a303-2d9a-48e7-bd1e-c157f4fd1ccc ] Request (ServerTagsTestJSON:test_create_delete_tag): 200 GET http://10.180.1.21/compute/v2.1/servers/203be699-dfce-4549-8336-81f3649f5fb0/tags 0.579s
2025-12-02 03:27:50.119 66490 INFO tempest.lib.common.rest_client [req-c0314cba-6c4c-46b9-be2d-dc0aaeebc49c req-c0314cba-6c4c-46b9-be2d-dc0aaeebc49c ] Request (ImagesTestJSON:test_create_server_from_snapshot): 200 GET http://10.180.1.21/compute/v2.1/servers/26646ec6-80cd-4e5b-90dd-f343b86d4c14 0.707s
2025-12-02 03:27:50.193 66504 INFO tempest.lib.common.rest_client [req-c0c814fa-8f5d-448d-9787-5dfece74a38b req-c0c814fa-8f5d-448d-9787-5dfece74a38b ] Request (ListServerFiltersTestJSON:test_list_servers_filtered_by_ip): 200 GET http://10.180.1.21/compute/v2.1/servers/fafc8faa-d188-4bff-941c-1a81b406e637 0.694s
2025-12-02 03:27:50.244 66508 INFO tempest.lib.common.rest_client [req-30e8237c-624c-46f7-8cad-aae08909423b req-30e8237c-624c-46f7-8cad-aae08909423b ] Request (AbsoluteLimitsNegativeTestJSON:test_max_metadata_exceed_limit): 200 GET http://10.180.1.21/compute/v2.1/limits 0.570s
2025-12-02 03:27:50.295 66508 INFO tempest.lib.common.rest_client [req-24c48105-96c7-4118-a375-0037e5441f0c req-24c48105-96c7-4118-a375-0037e5441f0c ] Request (AbsoluteLimitsNegativeTestJSON:test_max_metadata_exceed_limit): 201 POST http://10.180.1.21/identity/v3/auth/tokens 0.042s
2025-12-02 03:27:50.295 66508 INFO tempest.lib.common.fixed_network [-] (AbsoluteLimitsNegativeTestJSON:test_max_metadata_exceed_limit) Found network None available for tenant
2025-12-02 03:27:50.310 66519 INFO tempest.lib.common.rest_client [req-b1209b0b-564b-4eeb-b61b-5cc99474594d req-b1209b0b-564b-4eeb-b61b-5cc99474594d ] Request (ServerShowV247Test:test_show_server): 200 GET http://10.180.1.21/compute/v2.1/servers/e826eb65-944e-448e-9ad9-f19061ff305e 0.801s
2025-12-02 03:27:50.323 66510 INFO tempest.lib.common.rest_client [req-1d01758b-a2ae-4505-9906-3c142fcf96a8 req-1d01758b-a2ae-4505-9906-3c142fcf96a8 ] Request (ServersWithSpecificFlavorTestJSON:test_verify_created_server_ephemeral_disk): 200 GET http://10.180.1.21/compute/v2.1/servers/0747291d-4ac0-4205-ace7-4ebd11f9e9b5 0.620s
2025-12-02 03:27:50.397 66498 INFO tempest.lib.common.rest_client [req-2f341823-354e-4e58-9942-9d392539be0f req-2f341823-354e-4e58-9942-9d392539be0f ] Request (FloatingIPsAssociationTestJSON:tearDownClass): 200 GET http://10.180.1.21/compute/v2.1/servers/3af2eb53-1c13-4cd6-a467-1ec6825f13b9 0.586s
2025-12-02 03:27:50.412 66512 INFO tempest.lib.common.rest_client [req-b2070756-e291-465e-bf6e-23ae3db5f51e req-b2070756-e291-465e-bf6e-23ae3db5f51e ] Request (InstanceActionsV221TestJSON:test_get_list_deleted_instance_actions): 200 GET http://10.180.1.21/compute/v2.1/servers/088e1351-6271-42d1-9d4d-6986d1648149 0.499s
2025-12-02 03:27:50.412 66519 INFO tempest.lib.common.rest_client [req-9545dec7-4754-4041-a2a7-7533a4e3640b req-9545dec7-4754-4041-a2a7-7533a4e3640b ] Request (ServerShowV247Test:test_update_rebuild_list_server): 201 POST http://10.180.1.21/identity/v3/auth/tokens 0.087s
2025-12-02 03:27:50.413 66519 INFO tempest.lib.common.fixed_network [-] (ServerShowV247Test:test_update_rebuild_list_server) Found network None available for tenant
2025-12-02 03:27:50.474 66486 INFO tempest.lib.common.rest_client [req-e0fd4653-7a4d-499e-84ca-f27a56b3e557 req-e0fd4653-7a4d-499e-84ca-f27a56b3e557 ] Request (InstanceActionsNegativeTestJSON:setUpClass): 200 GET http://10.180.1.21/compute/v2.1/servers/b810f99e-edce-48bf-8e96-319e5ab80ac5 0.519s
2025-12-02 03:27:50.636 66520 INFO tempest.lib.common.rest_client [req-739e3cf8-d451-42f1-8549-d49f8879e5a4 req-739e3cf8-d451-42f1-8549-d49f8879e5a4 ] Request (ImagesOneServerTestJSON:test_create_image_specify_multibyte_character_image_name): 200 GET http://10.180.1.21/compute/v2.1/servers/1ed0f8ce-d32d-4983-9751-b7b4eb6bbfb9 0.599s
2025-12-02 03:27:50.649 66542 INFO tempest.lib.common.rest_client [req-4ce61a1b-613b-4d94-906c-204e3dfd2848 req-4ce61a1b-613b-4d94-906c-204e3dfd2848 ] Request (SecurityGroupRulesNegativeTestJSON:tearDownClass): 200 PUT http://10.180.1.21/networking/v2.0/routers/039fc041-13a0-412d-b2da-61f84a42e536/remove_router_interface 0.943s
2025-12-02 03:27:50.715 66538 INFO tempest.lib.common.rest_client [req-e2593f59-62e2-4ba1-92b4-2656890f223f req-e2593f59-62e2-4ba1-92b4-2656890f223f ] Request (ServerTagsTestJSON:test_create_delete_tag): 201 PUT http://10.180.1.21/compute/v2.1/servers/203be699-dfce-4549-8336-81f3649f5fb0/tags/tempest-tag-275576922 0.649s
2025-12-02 03:27:50.779 66546 INFO tempest.lib.common.rest_client [req-8d1a527c-5d32-402f-bee2-5c3dc2b68bb7 req-8d1a527c-5d32-402f-bee2-5c3dc2b68bb7 ] Request (ListServersNegativeTestJSON:tearDownClass): 200 GET http://10.180.1.21/compute/v2.1/servers/6589ea84-39c5-437b-9af3-d8a6603961f6 0.707s
2025-12-02 03:27:50.861 66534 INFO tempest.lib.common.rest_client [req-2a44ace9-ca00-4d1c-87ae-48442f025cac req-2a44ace9-ca00-4d1c-87ae-48442f025cac ] Request (SecurityGroupsTestJSON:test_server_security_groups): 200 GET http://10.180.1.21/compute/v2.1/servers/55b0c2ae-91bd-4a98-a9f7-1cd86430affa 0.719s
2025-12-02 03:27:50.915 66530 INFO tempest.lib.common.rest_client [req-3ab83cc7-decb-49c6-b089-8aac5e89746d req-3ab83cc7-decb-49c6-b089-8aac5e89746d ] Request (ImagesOneServerNegativeTestJSON:test_delete_image_that_is_not_yet_active): 202 POST http://10.180.1.21/compute/v2.1/servers/932ab389-beca-4876-85cc-7628041dab3d/action 0.962s
2025-12-02 03:27:50.999 66504 INFO tempest.lib.common.rest_client [req-c5cd8c6a-5003-40bc-bca6-a57312b9eecf req-c5cd8c6a-5003-40bc-bca6-a57312b9eecf ] Request (ListServerFiltersTestJSON:test_list_servers_filtered_by_ip): 200 GET http://10.180.1.21/compute/v2.1/servers/3e26797d-7c3a-4b5e-8a76-497667d34837 0.796s
2025-12-02 03:27:51.011 66522 INFO tempest.lib.common.rest_client [req-21f513e0-20d6-440c-962c-c9ddb42dcded req-21f513e0-20d6-440c-962c-c9ddb42dcded ] Request (MigrationsAdminTest:test_resize_server_revert_deleted_flavor): 200 GET http://10.180.1.21/compute/v2.1/servers/9fd88eee-356b-436d-95d2-f4b7ed9a8383 0.804s
2025-12-02 03:27:51.080 66500 INFO tempest.lib.common.rest_client [req-8e5d61b0-7075-4fd0-b25e-b9e5741662f5 req-8e5d61b0-7075-4fd0-b25e-b9e5741662f5 ] Request (ServersNegativeTestJSON:setUpClass): 200 GET http://10.180.1.21/compute/v2.1/servers/310e55be-4eef-499d-b66a-aed5c01bc186 0.806s
2025-12-02 03:27:51.120 66542 INFO tempest.lib.common.rest_client [req-995ea454-f39a-4142-942b-e129977a1e71 req-995ea454-f39a-4142-942b-e129977a1e71 ] Request (SecurityGroupRulesNegativeTestJSON:tearDownClass): 204 DELETE http://10.180.1.21/networking/v2.0/routers/039fc041-13a0-412d-b2da-61f84a42e536 0.471s
2025-12-02 03:27:51.189 66508 INFO tempest.lib.common.rest_client [req-dcf2c3f9-b9e9-4039-9ce0-4397dd6d955e req-dcf2c3f9-b9e9-4039-9ce0-4397dd6d955e ] Request (AbsoluteLimitsNegativeTestJSON:test_max_metadata_exceed_limit): 403 POST http://10.180.1.21/compute/v2.1/servers 0.893s
2025-12-02 03:27:51.200 66519 INFO tempest.lib.common.rest_client [req-b9581328-be59-43b1-827c-6612fbbeb295 req-b9581328-be59-43b1-827c-6612fbbeb295 ] Request (ServerShowV247Test:test_update_rebuild_list_server): 202 POST http://10.180.1.21/compute/v2.1/servers 0.787s
2025-12-02 03:27:51.240 66542 INFO tempest.lib.common.rest_client [req-494b697b-0c64-4c89-b953-1e193a7373c2 req-494b697b-0c64-4c89-b953-1e193a7373c2 ] Request (SecurityGroupRulesNegativeTestJSON:tearDownClass): 204 DELETE http://10.180.1.21/networking/v2.0/subnets/56e78030-85ae-4092-9425-81bd9c5a9605 0.119s
2025-12-02 03:27:51.271 66492 INFO tempest.lib.common.rest_client [req-5e6f20a0-8fbf-4bad-9548-38e2b9a285a1 req-5e6f20a0-8fbf-4bad-9548-38e2b9a285a1 ] Request (ServerMetadataTestJSON:setUpClass): 200 GET http://10.180.1.21/compute/v2.1/servers/aae584ee-5d65-452e-91c3-c7e83f662543 0.849s
2025-12-02 03:27:51.297 66524 INFO tempest.lib.common.rest_client [req-c0250bba-2b23-4b2a-81fa-8ca96f1c1742 req-c0250bba-2b23-4b2a-81fa-8ca96f1c1742 ] Request (ServersAdmin275Test:tearDownClass): 200 GET http://10.180.1.21/compute/v2.1/servers/7284db35-f377-405d-b744-bcb24db2af22 0.707s
2025-12-02 03:27:51.356 66508 INFO tempest.lib.common.rest_client [req-33687154-45e5-478b-a2c3-f7b423e91dba req-33687154-45e5-478b-a2c3-f7b423e91dba ] Request (AbsoluteLimitsNegativeTestJSON:tearDownClass): 204 DELETE http://10.180.1.21/identity/v3/users/f7ef7464cb9347b49a1bd535ff11d2a9 0.164s
2025-12-02 03:27:51.356 66508 INFO tempest.lib.common.dynamic_creds [-] Deleting project and security group for project: 0f30ed843dd4446c97c1b04a54970e96
2025-12-02 03:27:51.401 66528 INFO tempest.lib.common.rest_client [req-415b851b-da1b-4019-860f-cfeaa110b81b req-415b851b-da1b-4019-860f-cfeaa110b81b ] Request (ServerMetadataNegativeTestJSON:tearDownClass): 200 GET http://10.180.1.21/compute/v2.1/servers/b3b17c7e-70bf-4419-a0f8-5869f102f106 0.690s
2025-12-02 03:27:51.416 66542 INFO tempest.lib.common.rest_client [req-2c1fc6e9-8c4a-47b2-aaff-a37305c11d5e req-2c1fc6e9-8c4a-47b2-aaff-a37305c11d5e ] Request (SecurityGroupRulesNegativeTestJSON:tearDownClass): 204 DELETE http://10.180.1.21/networking/v2.0/networks/276e2db8-7c29-4bf7-9e6c-38ff323b1a2a 0.176s
2025-12-02 03:27:51.442 66538 INFO tempest.lib.common.rest_client [req-6b801600-9fc1-467b-bcce-f93606c624b2 req-6b801600-9fc1-467b-bcce-f93606c624b2 ] Request (ServerTagsTestJSON:test_create_delete_tag): 200 GET http://10.180.1.21/compute/v2.1/servers/203be699-dfce-4549-8336-81f3649f5fb0/tags 0.726s
2025-12-02 03:27:51.446 66508 INFO tempest.lib.common.rest_client [req-bbc1fedc-460c-47cc-a373-e6d4e01947e2 req-bbc1fedc-460c-47cc-a373-e6d4e01947e2 ] Request (AbsoluteLimitsNegativeTestJSON:tearDownClass): 201 POST http://10.180.1.21/identity/v3/auth/tokens 0.089s
2025-12-02 03:27:51.457 66548 INFO tempest.lib.common.rest_client [req-cfe98eb6-51d8-4faa-8b29-1c9797cef883 req-cfe98eb6-51d8-4faa-8b29-1c9797cef883 ] Request (ServersAdminTestJSON:test_rebuild_server_in_error_state): 200 GET http://10.180.1.21/compute/v2.1/servers/940b5fb0-3ec4-4244-bea4-442735496892 0.813s
2025-12-02 03:27:51.465 66548 INFO tempest.common.waiters [-] State transition "REBUILD/rebuild_spawning" ==> "ACTIVE/None" after 10 second wait
2025-12-02 03:27:51.508 66506 INFO tempest.lib.common.rest_client [req-ff5e55a2-6c75-4c29-b76e-26faa1b43084 req-ff5e55a2-6c75-4c29-b76e-26faa1b43084 ] Request (ServerDiskConfigTestJSON:test_resize_server_from_auto_to_manual): 200 GET http://10.180.1.21/compute/v2.1/servers/f6823ce5-4b96-406d-a306-3bf5a6057ef4 0.744s
2025-12-02 03:27:51.515 66542 INFO tempest.lib.common.rest_client [req-86efe172-d096-4564-82fe-ba5fba75f2e5 req-86efe172-d096-4564-82fe-ba5fba75f2e5 ] Request (SecurityGroupRulesNegativeTestJSON:tearDownClass): 204 DELETE http://10.180.1.21/identity/v3/users/b3e0371c85d94d03aabadd25ba0088dc 0.098s
2025-12-02 03:27:51.516 66542 INFO tempest.lib.common.dynamic_creds [-] Deleting project and security group for project: 6d24823fca6c4bd8ad0009588b43ccab
2025-12-02 03:27:51.532 66514 INFO tempest.lib.common.rest_client [req-f3da0073-82e6-42ad-a430-eb2ba9a2bba1 req-f3da0073-82e6-42ad-a430-eb2ba9a2bba1 ] Request (ServersAdminNegativeTestJSON:tearDownClass): 200 GET http://10.180.1.21/compute/v2.1/servers/5e13b6c1-2ec4-4f12-89ef-8afcc1a7357c 0.746s
2025-12-02 03:27:51.562 66542 INFO tempest.lib.common.rest_client [req-b187b776-efde-4f6d-8ad8-9464674883ac req-b187b776-efde-4f6d-8ad8-9464674883ac ] Request (SecurityGroupRulesNegativeTestJSON:tearDownClass): 200 GET http://10.180.1.21/networking/v2.0/security-groups?tenant_id=6d24823fca6c4bd8ad0009588b43ccab&name=default 0.046s
2025-12-02 03:27:51.598 66496 INFO tempest.lib.common.rest_client [req-c8e7b4a8-a7c0-49d4-808e-c5b894bc7058 req-c8e7b4a8-a7c0-49d4-808e-c5b894bc7058 ] Request (ListImageFiltersTestJSON:setUpClass): 200 GET http://10.180.1.21/compute/v2.1/images/5b10e52e-862c-4289-83b1-c93004dd6a1f 0.694s
2025-12-02 03:27:51.675 66530 INFO tempest.lib.common.rest_client [req-7d4ec49e-10fc-4f40-9d40-fd16a3cdfa5e req-7d4ec49e-10fc-4f40-9d40-fd16a3cdfa5e ] Request (ImagesOneServerNegativeTestJSON:test_delete_image_that_is_not_yet_active): 204 DELETE http://10.180.1.21/compute/v2.1/images/c943878f-f90f-4601-90a8-4e135db91672 0.758s
