2025-12-02 03:25:51.718 66486 INFO tempest.lib.common.rest_client [req-ac329312-ef7f-4247-9045-4c3e056b45ff req-ac329312-ef7f-4247-9045-4c3e056b45ff ] Request (SecurityGroupsTestAdminJSON:tearDownClass): 204 DELETE http://10.180.1.21/networking/v2.0/security-groups/0a82ee82-9755-4060-a0c0-5c5e6d491e96 0.378s
2025-12-02 03:25:51.744 66510 INFO tempest.lib.common.rest_client [req-f2087e23-73b2-42db-b815-c31a4fa0c66e req-f2087e23-73b2-42db-b815-c31a4fa0c66e ] Request (ServersWithSpecificFlavorTestJSON:test_verify_created_server_ephemeral_disk): 200 GET http://10.180.1.21/compute/v2.1/servers/b09e516d-dece-42a0-8480-799d209597fb 3.076s
2025-12-02 03:25:51.809 66486 INFO tempest.lib.common.rest_client [req-84214f28-7808-43ea-ae1d-58bb2d5d6d0b req-84214f28-7808-43ea-ae1d-58bb2d5d6d0b ] Request (SecurityGroupsTestAdminJSON:tearDownClass): 204 DELETE http://10.180.1.21/identity/v3/projects/9d2baf2b1e1b43908d33a0107cce5916 0.090s
2025-12-02 03:25:51.809 66486 INFO tempest.lib.common.dynamic_creds [-] Deleting project and security group for project: d71bb733fa1943c5b37389e0e649ebe0
2025-12-02 03:25:51.880 66534 INFO tempest.lib.common.rest_client [req-eb26fc5d-1edd-45e6-98e4-115bdd43f5cd req-eb26fc5d-1edd-45e6-98e4-115bdd43f5cd ] Request (SecurityGroupsTestJSON:setUpClass): 201 POST http://10.180.1.21/networking/v2.0/routers 0.955s
2025-12-02 03:25:51.964 66520 INFO tempest.lib.common.rest_client [req-5c51635b-f0fc-47aa-a782-2480577f94a1 req-5c51635b-f0fc-47aa-a782-2480577f94a1 ] Request (ImagesNegativeTestJSON:test_create_image_from_deleted_server): 200 GET http://10.180.1.21/compute/v2.1/servers/9f9b84dd-c95f-463f-8e80-fa26d398038b 3.227s
2025-12-02 03:25:51.979 66512 INFO tempest.lib.common.rest_client [req-36929525-6caa-4636-82ff-1b9375ebe54f req-36929525-6caa-4636-82ff-1b9375ebe54f ] Request (InstanceUsageAuditLogTestJSON:test_list_instance_usage_audit_logs): 200 GET http://10.180.1.21/compute/v2.1/os-instance_usage_audit_log 2.988s
2025-12-02 03:25:51.992 66542 INFO tempest.lib.common.rest_client [req-09ff4388-a727-43aa-a467-3aaf1d9ec5cb req-09ff4388-a727-43aa-a467-3aaf1d9ec5cb ] Request (FlavorsAdminTestJSON:test_create_list_flavor_without_extra_data): 200 GET http://10.180.1.21/compute/v2.1/flavors/948182735 2.970s
2025-12-02 03:25:52.030 66486 INFO tempest.lib.common.rest_client [req-290743b2-6d29-4267-938a-8ea11efa7387 req-290743b2-6d29-4267-938a-8ea11efa7387 ] Request (SecurityGroupsTestAdminJSON:tearDownClass): 200 GET http://10.180.1.21/networking/v2.0/security-groups?tenant_id=d71bb733fa1943c5b37389e0e649ebe0&name=default 0.220s
2025-12-02 03:25:52.104 66512 INFO tempest.lib.common.rest_client [req-36e59e0f-1870-4f24-a3b1-40e18c6385ac req-36e59e0f-1870-4f24-a3b1-40e18c6385ac ] Request (InstanceUsageAuditLogTestJSON:tearDownClass): 204 DELETE http://10.180.1.21/identity/v3/users/a9d84131bc3f4ac684a447032fc68148 0.121s
2025-12-02 03:25:52.217 66512 INFO tempest.lib.common.rest_client [req-1535d633-f475-4a75-8d33-cefe4a77330c req-1535d633-f475-4a75-8d33-cefe4a77330c ] Request (InstanceUsageAuditLogTestJSON:tearDownClass): 204 DELETE http://10.180.1.21/identity/v3/users/2badcdf047b248e8a92c11081e453974 0.113s
2025-12-02 03:25:52.217 66512 INFO tempest.lib.common.dynamic_creds [-] Deleting project and security group for project: 2fbbd69bf9484ec287206d5ffa7f8ebb
2025-12-02 03:25:52.275 66512 INFO tempest.lib.common.rest_client [req-899fd917-eb55-479a-90ef-bcf9b834bcf1 req-899fd917-eb55-479a-90ef-bcf9b834bcf1 ] Request (InstanceUsageAuditLogTestJSON:tearDownClass): 201 POST http://10.180.1.21/identity/v3/auth/tokens 0.057s
2025-12-02 03:25:52.303 66500 INFO tempest.lib.common.rest_client [req-456db305-83a0-4e25-aaa4-cdc0b6925d5f req-456db305-83a0-4e25-aaa4-cdc0b6925d5f ] Request (QuotasAdminTestV257:test_get_updated_quotas): 200 PUT http://10.180.1.21/compute/v2.1/os-quota-sets/dd0ac9bd87cf47f999a838469051a58e 3.264s
2025-12-02 03:25:52.522 66526 INFO tempest.lib.common.rest_client [req-481366a8-1de3-414b-a473-7a47e2c57d0a req-481366a8-1de3-414b-a473-7a47e2c57d0a ] Request (ServersTestBootFromVolume:setUpClass): 201 POST http://10.180.1.21/networking/v2.0/routers 0.939s
2025-12-02 03:25:52.950 66534 INFO tempest.lib.common.rest_client [req-6bf05184-dc66-47e4-8cb4-9cea408cd442 req-6bf05184-dc66-47e4-8cb4-9cea408cd442 ] Request (SecurityGroupsTestJSON:setUpClass): 200 PUT http://10.180.1.21/networking/v2.0/routers/319d2f24-2bf9-4715-a807-f3c6d30da292/add_router_interface 1.070s
2025-12-02 03:25:52.951 66534 INFO tempest.lib.common.dynamic_creds [-] Created isolated network resources for: credentials: Credentials: {'domain_id': 'default', 'domain_name': 'Default', 'username': 'tempest-SecurityGroupsTestJSON-635254608-project-member', 'project_domain_id': 'default', 'project_domain_name': 'Default', 'project_id': '5f8653291a6d45aebde06f32cf15226e', 'project_name': 'tempest-SecurityGroupsTestJSON-635254608', 'tenant_id': '5f8653291a6d45aebde06f32cf15226e', 'tenant_name': 'tempest-SecurityGroupsTestJSON-635254608', 'user_domain_id': 'default', 'user_domain_name': 'Default', 'user_id': '27842d11e9e84c49ac0b9d873275509e', 'system': None}, Network: {'id': 'ae64281c-1941-4891-86f8-f8cde5eb0752', 'name': 'tempest-SecurityGroupsTestJSON-1454026324-network', 'tenant_id': '5f8653291a6d45aebde06f32cf15226e', 'project_id': '5f8653291a6d45aebde06f32cf15226e', 'admin_state_up': True, 'mtu': 8950, 'status': 'ACTIVE', 'subnets': [], 'shared': False, 'port_security_enabled': True, 'router:external': False, 'provider:network_type': 'vlan', 'provider:physical_network': 'default', 'provider:segmentation_id': 588, 'availability_zone_hints': [], 'availability_zones': [], 'ipv4_address_scope': None, 'ipv6_address_scope': None, 'description': '', 'tags': [], 'created_at': '2025-12-02T03:25:50Z', 'updated_at': '2025-12-02T03:25:50Z', 'revision_number': 1}, Subnet: {'id': 'e9d0316a-8017-4191-817b-a8f9dd4c52f5', 'name': 'tempest-SecurityGroupsTestJSON-1454026324-subnet', 'tenant_id': '5f8653291a6d45aebde06f32cf15226e', 'network_id': 'ae64281c-1941-4891-86f8-f8cde5eb0752', 'ip_version': 4, 'subnetpool_id': None, 'enable_dhcp': True, 'ipv6_ra_mode': None, 'ipv6_address_mode': None, 'gateway_ip': '192.168.128.1', 'cidr': '192.168.128.0/28', 'allocation_pools': [{'start': '192.168.128.2', 'end': '192.168.128.14'}], 'host_routes': [], 'dns_nameservers': [], 'description': '', 'router:external': False, 'service_types': [], 'tags': [], 'created_at': '2025-12-02T03:25:50Z', 'updated_at': '2025-12-02T03:25:50Z', 'revision_number': 0, 'project_id': '5f8653291a6d45aebde06f32cf15226e'}, Router: {'id': '319d2f24-2bf9-4715-a807-f3c6d30da292', 'name': 'tempest-SecurityGroupsTestJSON-1454026324-router', 'tenant_id': '5f8653291a6d45aebde06f32cf15226e', 'admin_state_up': True, 'status': 'ACTIVE', 'external_gateway_info': {'network_id': 'b435a93c-b046-4d9a-8b4e-31098faed447', 'external_fixed_ips': [{'subnet_id': '3d31a993-732c-43c7-a4b9-3f36dd223aa5', 'ip_address': '10.180.180.238'}], 'enable_snat': True}, 'description': '', 'availability_zones': [], 'distributed': False, 'ha': False, 'availability_zone_hints': [], 'routes': [], 'flavor_id': None, 'tags': [], 'created_at': '2025-12-02T03:25:51Z', 'updated_at': '2025-12-02T03:25:51Z', 'revision_number': 2, 'project_id': '5f8653291a6d45aebde06f32cf15226e'}
2025-12-02 03:25:53.061 66486 INFO tempest.lib.common.rest_client [req-9c8c9a37-dbe6-4ff4-aa6f-e43c653f9f40 req-9c8c9a37-dbe6-4ff4-aa6f-e43c653f9f40 ] Request (SecurityGroupsTestAdminJSON:tearDownClass): 204 DELETE http://10.180.1.21/networking/v2.0/security-groups/7b586da7-17f2-44b8-8525-c4a2e37f64ce 1.030s
2025-12-02 03:25:53.097 66534 INFO tempest.lib.common.rest_client [req-bfc63d1e-865f-435d-a70e-6c28a6cac75c req-bfc63d1e-865f-435d-a70e-6c28a6cac75c ] Request (SecurityGroupsTestJSON:setUpClass): 201 POST http://10.180.1.21/identity/v3/auth/tokens 0.141s
2025-12-02 03:25:53.110 66538 INFO tempest.lib.common.rest_client [req-f0507b6f-703e-402a-8c15-1a55fb27039d req-f0507b6f-703e-402a-8c15-1a55fb27039d ] Request (AttachInterfacesV270Test:test_create_get_list_interfaces): 200 GET http://10.180.1.21/compute/v2.1/servers/78b9e780-2d04-4e7e-bfd3-c29b04bd7250 4.010s
2025-12-02 03:25:53.159 66486 INFO tempest.lib.common.rest_client [req-cd62283d-c503-4547-9293-0268c578f466 req-cd62283d-c503-4547-9293-0268c578f466 ] Request (SecurityGroupsTestAdminJSON:tearDownClass): 204 DELETE http://10.180.1.21/identity/v3/projects/d71bb733fa1943c5b37389e0e649ebe0 0.098s
2025-12-02 03:25:53.231 66486 INFO tempest.lib.common.rest_client [req-bdb6c608-5cdd-436c-ae1a-15d6fecad5c7 req-bdb6c608-5cdd-436c-ae1a-15d6fecad5c7 ] Request (ImagesMetadataTestJSON:setUpClass): 201 POST http://10.180.1.21/identity/v3/auth/tokens 0.070s
2025-12-02 03:25:53.271 66486 INFO tempest.lib.common.rest_client [req-0b6c1c5e-043a-4ca7-a823-82872a0629af req-0b6c1c5e-043a-4ca7-a823-82872a0629af ] Request (ImagesMetadataTestJSON:setUpClass): 201 POST http://10.180.1.21/identity/v3/auth/tokens 0.036s
2025-12-02 03:25:53.300 66486 INFO tempest.lib.common.rest_client [req-b56dc8f6-31a2-495b-a52b-2d000b1c47ac req-b56dc8f6-31a2-495b-a52b-2d000b1c47ac ] Request (ImagesMetadataTestJSON:setUpClass): 200 GET http://10.180.1.21/identity/v3/domains?name=Default 0.029s
2025-12-02 03:25:53.333 66486 INFO tempest.lib.common.rest_client [req-d88746e5-530a-4f7a-8df8-dcfa3f75169b req-d88746e5-530a-4f7a-8df8-dcfa3f75169b ] Request (ImagesMetadataTestJSON:setUpClass): 201 POST http://10.180.1.21/identity/v3/projects 0.032s
2025-12-02 03:25:53.350 66512 INFO tempest.lib.common.rest_client [req-61c07130-9db2-4978-895c-f9657b3d9827 req-61c07130-9db2-4978-895c-f9657b3d9827 ] Request (InstanceUsageAuditLogTestJSON:tearDownClass): 200 GET http://10.180.1.21/networking/v2.0/security-groups?tenant_id=2fbbd69bf9484ec287206d5ffa7f8ebb&name=default 1.074s
2025-12-02 03:25:53.426 66486 INFO tempest.lib.common.rest_client [req-d45c441d-114e-4e5a-97fb-c2c203fdedc0 req-d45c441d-114e-4e5a-97fb-c2c203fdedc0 ] Request (ImagesMetadataTestJSON:setUpClass): 201 POST http://10.180.1.21/identity/v3/users 0.093s
2025-12-02 03:25:53.454 66486 INFO tempest.lib.common.rest_client [req-a18293cb-4fbb-4d57-b4f1-dc89ed57c36c req-a18293cb-4fbb-4d57-b4f1-dc89ed57c36c ] Request (ImagesMetadataTestJSON:setUpClass): 200 GET http://10.180.1.21/identity/v3/roles 0.026s
2025-12-02 03:25:53.492 66486 INFO tempest.lib.common.rest_client [req-4d3e5015-0bea-4c0d-8f22-9f6aedc0603d req-4d3e5015-0bea-4c0d-8f22-9f6aedc0603d ] Request (ImagesMetadataTestJSON:setUpClass): 204 PUT http://10.180.1.21/identity/v3/projects/66f6590f9dc34f6f9f26dee71dcdee64/users/5f71231f6c744bcaae405d4fdc536bb6/roles/a75aeef6630741299aadfb4de335e5cc 0.038s
2025-12-02 03:25:53.492 66486 INFO tempest.lib.common.dynamic_creds [-] Dynamic test user 5f71231f6c744bcaae405d4fdc536bb6 is created with scope project and roles: ['member']
2025-12-02 03:25:53.492 66486 INFO tempest.lib.common.dynamic_creds [-] Acquired dynamic creds: credentials: Credentials: {'domain_id': 'default', 'domain_name': 'Default', 'username': 'tempest-ImagesMetadataTestJSON-335824301-project-member', 'project_domain_id': 'default', 'project_domain_name': 'Default', 'project_id': '66f6590f9dc34f6f9f26dee71dcdee64', 'project_name': 'tempest-ImagesMetadataTestJSON-335824301', 'tenant_id': '66f6590f9dc34f6f9f26dee71dcdee64', 'tenant_name': 'tempest-ImagesMetadataTestJSON-335824301', 'user_domain_id': 'default', 'user_domain_name': 'Default', 'user_id': '5f71231f6c744bcaae405d4fdc536bb6', 'system': None}, Network: None, Subnet: None, Router: None
2025-12-02 03:25:53.493 66486 INFO tempest.lib.common.dynamic_creds [-] Created isolated network resources for: credentials: Credentials: {'domain_id': 'default', 'domain_name': 'Default', 'username': 'tempest-ImagesMetadataTestJSON-335824301-project-member', 'project_domain_id': 'default', 'project_domain_name': 'Default', 'project_id': '66f6590f9dc34f6f9f26dee71dcdee64', 'project_name': 'tempest-ImagesMetadataTestJSON-335824301', 'tenant_id': '66f6590f9dc34f6f9f26dee71dcdee64', 'tenant_name': 'tempest-ImagesMetadataTestJSON-335824301', 'user_domain_id': 'default', 'user_domain_name': 'Default', 'user_id': '5f71231f6c744bcaae405d4fdc536bb6', 'system': None}, Network: None, Subnet: None, Router: None
2025-12-02 03:25:53.495 66506 INFO tempest.lib.common.rest_client [req-15d5499a-270f-41f2-b900-200c98cf77d7 req-15d5499a-270f-41f2-b900-200c98cf77d7 ] Request (ServerDiskConfigTestJSON:test_rebuild_server_with_manual_disk_config): 200 GET http://10.180.1.21/compute/v2.1/servers/b61f7e1d-df06-408f-ba5e-91f84d8e30a9 4.039s
2025-12-02 03:25:53.509 66530 INFO tempest.lib.common.rest_client [req-db07b355-3b8b-4257-9b69-0b565496c682 req-db07b355-3b8b-4257-9b69-0b565496c682 ] Request (ImagesOneServerNegativeTestJSON:test_create_image_specify_invalid_metadata): 400 POST http://10.180.1.21/compute/v2.1/servers/81b5e245-752a-4e81-adb9-25a78a3b974f/action 3.982s
2025-12-02 03:25:53.529 66488 INFO tempest.lib.common.rest_client [req-206340cd-e9b7-4c79-adb0-172da141e8d2 req-206340cd-e9b7-4c79-adb0-172da141e8d2 ] Request (AggregatesAdminNegativeTestJSON:_run_cleanups): 200 DELETE http://10.180.1.21/compute/v2.1/os-aggregates/4 3.996s
2025-12-02 03:25:53.593 66490 INFO tempest.lib.common.rest_client [req-b09884c6-d6fe-4e6c-90cf-74b7ccf5a495 req-b09884c6-d6fe-4e6c-90cf-74b7ccf5a495 ] Request (ImagesTestJSON:test_create_image_from_stopped_server): 200 GET http://10.180.1.21/compute/v2.1/images/feb736f4-5e71-4508-8b38-64fc239183a2 3.878s
2025-12-02 03:25:53.597 66512 INFO tempest.lib.common.rest_client [req-9b9ca122-5bd3-49db-8580-0406333dcc74 req-9b9ca122-5bd3-49db-8580-0406333dcc74 ] Request (InstanceUsageAuditLogTestJSON:tearDownClass): 204 DELETE http://10.180.1.21/networking/v2.0/security-groups/705a2217-94e3-476c-99f1-c0a4862bdaa6 0.247s
2025-12-02 03:25:53.600 66486 INFO tempest.lib.common.rest_client [req-52b1aa98-a224-4e3b-b607-fb925b1ad94a req-52b1aa98-a224-4e3b-b607-fb925b1ad94a ] Request (ImagesMetadataTestJSON:setUpClass): 201 POST http://10.180.1.21/identity/v3/auth/tokens 0.103s
2025-12-02 03:25:53.721 66512 INFO tempest.lib.common.rest_client [req-d9ac77d6-2748-4e74-9cd2-3465d6488a9b req-d9ac77d6-2748-4e74-9cd2-3465d6488a9b ] Request (InstanceUsageAuditLogTestJSON:tearDownClass): 204 DELETE http://10.180.1.21/identity/v3/projects/2fbbd69bf9484ec287206d5ffa7f8ebb 0.124s
2025-12-02 03:25:53.721 66512 INFO tempest.lib.common.dynamic_creds [-] Deleting project and security group for project: 108c62a44f4e457dbcaf21c919738edb
2025-12-02 03:25:53.783 66494 INFO tempest.lib.common.rest_client [req-e16d6d4f-7ac8-4f63-b4b6-0831526bdd93 req-e16d6d4f-7ac8-4f63-b4b6-0831526bdd93 ] Request (AttachInterfacesTestJSON:test_create_list_show_delete_interfaces_by_fixed_ip): 200 GET http://10.180.1.21/compute/v2.1/servers/37db7c02-f1d4-492f-b96b-5a685568a5c1 3.988s
2025-12-02 03:25:53.797 66519 WARNING tempest.lib.common.ssh [-] Failed to establish authenticated ssh connection to cirros@10.180.180.214 ([Errno None] Unable to connect to port 22 on 10.180.180.214). Number attempts: 3. Retry after 4 seconds.: paramiko.ssh_exception.NoValidConnectionsError: [Errno None] Unable to connect to port 22 on 10.180.180.214
2025-12-02 03:25:53.805 66496 INFO tempest.lib.common.rest_client [req-a674c5e7-1ba1-4e8b-a538-4d049802f35d req-a674c5e7-1ba1-4e8b-a538-4d049802f35d ] Request (TenantUsagesTestJSON:tearDownClass): 404 GET http://10.180.1.21/compute/v2.1/servers/974adb85-3a6d-42f4-be95-4d2757549ff4 3.988s
2025-12-02 03:25:53.977 66496 INFO tempest.lib.common.rest_client [req-44b782f7-86a9-4c5c-8202-d0f74239fd54 req-44b782f7-86a9-4c5c-8202-d0f74239fd54 ] Request (TenantUsagesTestJSON:tearDownClass): 204 DELETE http://10.180.1.21/identity/v3/users/d0582eab20bc43f1a191842d3a64fdbe 0.171s
2025-12-02 03:25:54.143 66526 INFO tempest.lib.common.rest_client [req-47c76c4e-e656-4aad-85fa-2ae70a593188 req-47c76c4e-e656-4aad-85fa-2ae70a593188 ] Request (ServersTestBootFromVolume:setUpClass): 200 PUT http://10.180.1.21/networking/v2.0/routers/00c69cd5-38e7-40d7-b23d-bf45c297b210/add_router_interface 1.620s
2025-12-02 03:25:54.144 66526 INFO tempest.lib.common.dynamic_creds [-] Created isolated network resources for: credentials: Credentials: {'domain_id': 'default', 'domain_name': 'Default', 'username': 'tempest-ServersTestBootFromVolume-1636949881-project-member', 'project_domain_id': 'default', 'project_domain_name': 'Default', 'project_id': '6386786324754afdb7fef39b4d517471', 'project_name': 'tempest-ServersTestBootFromVolume-1636949881', 'tenant_id': '6386786324754afdb7fef39b4d517471', 'tenant_name': 'tempest-ServersTestBootFromVolume-1636949881', 'user_domain_id': 'default', 'user_domain_name': 'Default', 'user_id': '67a516436f9446488f345fd4f4ae3538', 'system': None}, Network: {'id': '788bcbaf-9bbb-48c5-934e-2af8c5d1b545', 'name': 'tempest-ServersTestBootFromVolume-1344844864-network', 'tenant_id': '6386786324754afdb7fef39b4d517471', 'project_id': '6386786324754afdb7fef39b4d517471', 'admin_state_up': True, 'mtu': 8950, 'status': 'ACTIVE', 'subnets': [], 'shared': False, 'port_security_enabled': True, 'router:external': False, 'provider:network_type': 'vlan', 'provider:physical_network': 'default', 'provider:segmentation_id': 346, 'availability_zone_hints': [], 'availability_zones': [], 'ipv4_address_scope': None, 'ipv6_address_scope': None, 'description': '', 'tags': [], 'created_at': '2025-12-02T03:25:51Z', 'updated_at': '2025-12-02T03:25:51Z', 'revision_number': 1}, Subnet: {'id': '25a9c9d8-d303-4493-899c-cb98d9dc204d', 'name': 'tempest-ServersTestBootFromVolume-1344844864-subnet', 'tenant_id': '6386786324754afdb7fef39b4d517471', 'network_id': '788bcbaf-9bbb-48c5-934e-2af8c5d1b545', 'ip_version': 4, 'subnetpool_id': None, 'enable_dhcp': True, 'ipv6_ra_mode': None, 'ipv6_address_mode': None, 'gateway_ip': '192.168.128.1', 'cidr': '192.168.128.0/28', 'allocation_pools': [{'start': '192.168.128.2', 'end': '192.168.128.14'}], 'host_routes': [], 'dns_nameservers': [], 'description': '', 'router:external': False, 'service_types': [], 'tags': [], 'created_at': '2025-12-02T03:25:51Z', 'updated_at': '2025-12-02T03:25:51Z', 'revision_number': 0, 'project_id': '6386786324754afdb7fef39b4d517471'}, Router: {'id': '00c69cd5-38e7-40d7-b23d-bf45c297b210', 'name': 'tempest-ServersTestBootFromVolume-1344844864-router', 'tenant_id': '6386786324754afdb7fef39b4d517471', 'admin_state_up': True, 'status': 'ACTIVE', 'external_gateway_info': {'network_id': 'b435a93c-b046-4d9a-8b4e-31098faed447', 'external_fixed_ips': [{'subnet_id': '3d31a993-732c-43c7-a4b9-3f36dd223aa5', 'ip_address': '10.180.180.227'}], 'enable_snat': True}, 'description': '', 'availability_zones': [], 'distributed': False, 'ha': False, 'availability_zone_hints': [], 'routes': [], 'flavor_id': None, 'tags': [], 'created_at': '2025-12-02T03:25:51Z', 'updated_at': '2025-12-02T03:25:52Z', 'revision_number': 2, 'project_id': '6386786324754afdb7fef39b4d517471'}
2025-12-02 03:25:54.146 66492 INFO tempest.lib.common.rest_client [req-c9d479ac-d105-443e-a176-1e34cd165b45 req-c9d479ac-d105-443e-a176-1e34cd165b45 ] Request (FlavorsAccessNegativeTestJSON:_run_cleanups): 200 POST http://10.180.1.21/compute/v2.1/flavors/1187647627/action 4.296s
2025-12-02 03:25:54.160 66504 INFO tempest.lib.common.rest_client [req-9d1346c3-fcb9-4b6a-8d9c-9fcfdb1acbb9 req-9d1346c3-fcb9-4b6a-8d9c-9fcfdb1acbb9 ] Request (FloatingIPDetailsTestJSON:setUpClass): 200 POST http://10.180.1.21/compute/v2.1/os-floating-ips 5.268s
2025-12-02 03:25:54.195 66496 INFO tempest.lib.common.rest_client [req-0a520aad-0a55-487d-a880-cc59fee36d03 req-0a520aad-0a55-487d-a880-cc59fee36d03 ] Request (TenantUsagesTestJSON:tearDownClass): 204 DELETE http://10.180.1.21/identity/v3/users/2e578e112340415685bb5922ef49b295 0.218s
2025-12-02 03:25:54.196 66496 INFO tempest.lib.common.dynamic_creds [-] Deleting project and security group for project: ad6a152d7e29476698be97b9d26bc333
2025-12-02 03:25:54.293 66486 INFO tempest.lib.common.rest_client [req-fb652cea-befe-48c5-b197-34e7b6954e95 req-fb652cea-befe-48c5-b197-34e7b6954e95 ] Request (ImagesMetadataTestJSON:setUpClass): 201 POST http://10.180.1.21/image/v2/images 0.691s
2025-12-02 03:25:54.319 66496 INFO tempest.lib.common.rest_client [req-e64d977a-cb7a-4857-ba76-af03b6768e79 req-e64d977a-cb7a-4857-ba76-af03b6768e79 ] Request (TenantUsagesTestJSON:tearDownClass): 201 POST http://10.180.1.21/identity/v3/auth/tokens 0.122s
2025-12-02 03:25:54.323 66502 INFO tempest.lib.common.rest_client [req-81ed9f31-bbff-455b-81ba-179761b94795 req-81ed9f31-bbff-455b-81ba-179761b94795 ] Request (VolumesAdminNegativeTest:tearDownClass): 204 DELETE http://10.180.1.21/compute/v2.1/servers/81ff7d5d-efd2-4b43-8cec-17e732c16ea8 3.982s
2025-12-02 03:25:54.332 66526 INFO tempest.lib.common.rest_client [req-bf722cf1-0df4-4b54-8165-7e85ac5917e6 req-bf722cf1-0df4-4b54-8165-7e85ac5917e6 ] Request (ServersTestBootFromVolume:setUpClass): 201 POST http://10.180.1.21/identity/v3/auth/tokens 0.180s
2025-12-02 03:25:54.356 66512 INFO tempest.lib.common.rest_client [req-e6bd64c8-6d8b-4e18-821a-2ed8059f993e req-e6bd64c8-6d8b-4e18-821a-2ed8059f993e ] Request (InstanceUsageAuditLogTestJSON:tearDownClass): 200 GET http://10.180.1.21/networking/v2.0/security-groups?tenant_id=108c62a44f4e457dbcaf21c919738edb&name=default 0.634s
2025-12-02 03:25:54.536 66496 INFO tempest.lib.common.rest_client [req-d295a55f-2409-4f95-9073-c55404f6bfa2 req-d295a55f-2409-4f95-9073-c55404f6bfa2 ] Request (TenantUsagesTestJSON:tearDownClass): 200 GET http://10.180.1.21/networking/v2.0/security-groups?tenant_id=ad6a152d7e29476698be97b9d26bc333&name=default 0.217s
2025-12-02 03:25:54.723 66512 INFO tempest.lib.common.rest_client [req-852c563a-6d4a-4a7c-bb36-2417b44fe9d3 req-852c563a-6d4a-4a7c-bb36-2417b44fe9d3 ] Request (InstanceUsageAuditLogTestJSON:tearDownClass): 204 DELETE http://10.180.1.21/networking/v2.0/security-groups/e0497b85-c205-4da8-920a-8a56c42caddd 0.367s
2025-12-02 03:25:54.802 66512 INFO tempest.lib.common.rest_client [req-d564a5ca-756d-4776-a0ec-33c5555e55d2 req-d564a5ca-756d-4776-a0ec-33c5555e55d2 ] Request (InstanceUsageAuditLogTestJSON:tearDownClass): 204 DELETE http://10.180.1.21/identity/v3/projects/108c62a44f4e457dbcaf21c919738edb 0.078s
2025-12-02 03:25:54.805 66496 INFO tempest.lib.common.rest_client [req-eb1fac36-500f-4a79-910f-a680ba936707 req-eb1fac36-500f-4a79-910f-a680ba936707 ] Request (TenantUsagesTestJSON:tearDownClass): 204 DELETE http://10.180.1.21/networking/v2.0/security-groups/ead07f3e-e44e-4647-9743-20eaf2881098 0.268s
2025-12-02 03:25:54.866 66528 INFO tempest.lib.common.rest_client [req-18c1e4ea-eaf0-46d2-87b7-e88fca352c95 req-18c1e4ea-eaf0-46d2-87b7-e88fca352c95 ] Request (ServersTestManualDisk:test_list_servers_with_detail): 200 GET http://10.180.1.21/compute/v2.1/servers/detail 4.941s
2025-12-02 03:25:54.896 66512 INFO tempest.lib.common.rest_client [req-c9e4638e-80f6-45e2-adec-149fe112f862 req-c9e4638e-80f6-45e2-adec-149fe112f862 ] Request (QuotasAdminNegativeTest:setUpClass): 201 POST http://10.180.1.21/identity/v3/auth/tokens 0.091s
2025-12-02 03:25:54.990 66496 INFO tempest.lib.common.rest_client [req-0c276171-87a6-4f8b-9b6e-0bd6d20af91f req-0c276171-87a6-4f8b-9b6e-0bd6d20af91f ] Request (TenantUsagesTestJSON:tearDownClass): 204 DELETE http://10.180.1.21/identity/v3/projects/ad6a152d7e29476698be97b9d26bc333 0.185s
2025-12-02 03:25:54.990 66496 INFO tempest.lib.common.dynamic_creds [-] Deleting project and security group for project: fbc031cefa30494ab6a891ed069213cc
2025-12-02 03:25:55.020 66540 INFO tempest.lib.common.rest_client [req-a9a7cd34-c02c-45a3-9539-14563197f8b6 req-a9a7cd34-c02c-45a3-9539-14563197f8b6 ] Request (SecurityGroupRulesTestJSON:test_security_group_rules_create_with_optional_group_id): 200 POST http://10.180.1.21/compute/v2.1/os-security-group-rules 4.200s
2025-12-02 03:25:55.023 66540 WARNING tempest.lib.common.rest_client [-] Deprecated: "tenant_id" property is deprecated for removal, use "project_id" instead
2025-12-02 03:25:55.049 66532 INFO tempest.lib.common.rest_client [req-d1f637da-747a-4494-a269-e7c9e91062d7 req-d1f637da-747a-4494-a269-e7c9e91062d7 ] Request (ServicesAdminNegativeV253TestJSON:test_get_service_by_invalid_params): 200 GET http://10.180.1.21/compute/v2.1/os-services?xxx=nova-compute 4.202s
2025-12-02 03:25:55.049 66496 INFO tempest.lib.common.rest_client [req-fa09c8e8-e2e8-4be1-8565-ff8a5c69f49a req-fa09c8e8-e2e8-4be1-8565-ff8a5c69f49a ] Request (TenantUsagesTestJSON:tearDownClass): 200 GET http://10.180.1.21/networking/v2.0/security-groups?tenant_id=fbc031cefa30494ab6a891ed069213cc&name=default 0.059s
2025-12-02 03:25:55.065 66486 INFO tempest.lib.common.rest_client [req-fed1026c-ddc4-405d-a903-6b942e88696e req-fed1026c-ddc4-405d-a903-6b942e88696e ] Request (ImagesMetadataTestJSON:setUpClass): 204 PUT http://10.180.1.21/image/v2/images/3a8cb130-2694-477e-aa33-ec57cc19b9bd/file 0.771s
2025-12-02 03:25:55.074 66512 INFO tempest.lib.common.rest_client [req-fc23891d-1ac4-4320-ba46-14452489ad14 req-fc23891d-1ac4-4320-ba46-14452489ad14 ] Request (QuotasAdminNegativeTest:setUpClass): 201 POST http://10.180.1.21/identity/v3/auth/tokens 0.175s
2025-12-02 03:25:55.109 66512 INFO tempest.lib.common.rest_client [req-f5fde0fe-7176-4a50-94aa-0e08639a334a req-f5fde0fe-7176-4a50-94aa-0e08639a334a ] Request (QuotasAdminNegativeTest:setUpClass): 200 GET http://10.180.1.21/identity/v3/domains?name=Default 0.034s
2025-12-02 03:25:55.156 66512 INFO tempest.lib.common.rest_client [req-023cf515-100e-4fd0-8651-76f498eea395 req-023cf515-100e-4fd0-8651-76f498eea395 ] Request (QuotasAdminNegativeTest:setUpClass): 201 POST http://10.180.1.21/identity/v3/projects 0.047s
2025-12-02 03:25:55.159 66496 INFO tempest.lib.common.rest_client [req-dbec2c55-a40f-4259-a6e8-bae5125d082e req-dbec2c55-a40f-4259-a6e8-bae5125d082e ] Request (TenantUsagesTestJSON:tearDownClass): 204 DELETE http://10.180.1.21/networking/v2.0/security-groups/88c2f217-48ed-4b9b-b2f8-5e8fec9e586d 0.109s
2025-12-02 03:25:55.228 66512 INFO tempest.lib.common.rest_client [req-92a54ed7-ec2d-4d38-b50c-b5b5204a12e1 req-92a54ed7-ec2d-4d38-b50c-b5b5204a12e1 ] Request (QuotasAdminNegativeTest:setUpClass): 201 POST http://10.180.1.21/identity/v3/users 0.071s
2025-12-02 03:25:55.256 66508 INFO tempest.lib.common.rest_client [req-d1334b4d-478a-4b96-abc7-4c1e5a2c1c4a req-d1334b4d-478a-4b96-abc7-4c1e5a2c1c4a ] Request (FloatingIPsAssociationNegativeTestJSON:setUpClass): 200 GET http://10.180.1.21/compute/v2.1/servers/50cfd92f-6ec7-4b69-8aa1-8871fdb85a98 4.431s
2025-12-02 03:25:55.264 66496 INFO tempest.lib.common.rest_client [req-f49e44ec-dfe2-4676-8af9-14f83eb89e3e req-f49e44ec-dfe2-4676-8af9-14f83eb89e3e ] Request (TenantUsagesTestJSON:tearDownClass): 204 DELETE http://10.180.1.21/identity/v3/projects/fbc031cefa30494ab6a891ed069213cc 0.104s
2025-12-02 03:25:55.267 66496 INFO tempest.test [-] raised in TestVolumeSwap.setUpClass. Invoking tearDownClass.
2025-12-02 03:25:55.284 66522 INFO tempest.lib.common.rest_client [req-b8a5fe24-c98e-47f1-bf7b-5a745c45d3b1 req-b8a5fe24-c98e-47f1-bf7b-5a745c45d3b1 ] Request (MigrationsAdminTest:test_list_migrations_in_flavor_resize_situation): 200 GET http://10.180.1.21/compute/v2.1/servers/960302c4-7a5e-485c-ab0a-0165a87a61ae 4.432s
2025-12-02 03:25:55.298 66522 INFO tempest.common.waiters [-] State transition "RESIZE/resize_migrated" ==> "VERIFY_RESIZE/None" after 33 second wait
2025-12-02 03:25:55.306 66496 INFO tempest.lib.common.rest_client [req-80572b44-8d39-445b-bca1-b4d31c670208 req-80572b44-8d39-445b-bca1-b4d31c670208 ] Request (ImagesMetadataNegativeTestJSON:setUpClass): 201 POST http://10.180.1.21/identity/v3/auth/tokens 0.035s
2025-12-02 03:25:55.309 66512 INFO tempest.lib.common.rest_client [req-0a11f65a-2327-4c66-8459-6b32bf81931f req-0a11f65a-2327-4c66-8459-6b32bf81931f ] Request (QuotasAdminNegativeTest:setUpClass): 200 GET http://10.180.1.21/identity/v3/roles 0.080s
2025-12-02 03:25:55.326 66544 INFO tempest.lib.common.rest_client [req-4ea84667-fe5a-4d57-9b5e-cf426c22a3a6 req-4ea84667-fe5a-4d57-9b5e-cf426c22a3a6 ] Request (DeleteServersAdminTestJSON:test_delete_server_while_in_error_state): 200 GET http://10.180.1.21/compute/v2.1/servers/5428c740-353a-495a-941e-e888651f18e4 4.428s
2025-12-02 03:25:55.345 66496 INFO tempest.lib.common.rest_client [req-044e7849-40c6-4682-b6bd-af51b768a83a req-044e7849-40c6-4682-b6bd-af51b768a83a ] Request (ImagesMetadataNegativeTestJSON:setUpClass): 201 POST http://10.180.1.21/identity/v3/auth/tokens 0.037s
2025-12-02 03:25:55.357 66512 INFO tempest.lib.common.rest_client [req-90cebe69-fd21-41dd-af47-20e27b6aeabc req-90cebe69-fd21-41dd-af47-20e27b6aeabc ] Request (QuotasAdminNegativeTest:setUpClass): 204 PUT http://10.180.1.21/identity/v3/projects/132f82e609484fbfb35497c9c3e8243e/users/ac462864068d46a8aea4f9105af18def/roles/a75aeef6630741299aadfb4de335e5cc 0.047s
2025-12-02 03:25:55.358 66512 INFO tempest.lib.common.dynamic_creds [-] Dynamic test user ac462864068d46a8aea4f9105af18def is created with scope project and roles: ['member']
2025-12-02 03:25:55.358 66512 INFO tempest.lib.common.dynamic_creds [-] Acquired dynamic creds: credentials: Credentials: {'domain_id': 'default', 'domain_name': 'Default', 'username': 'tempest-QuotasAdminNegativeTest-273544507-project-member', 'project_domain_id': 'default', 'project_domain_name': 'Default', 'project_id': '132f82e609484fbfb35497c9c3e8243e', 'project_name': 'tempest-QuotasAdminNegativeTest-273544507', 'tenant_id': '132f82e609484fbfb35497c9c3e8243e', 'tenant_name': 'tempest-QuotasAdminNegativeTest-273544507', 'user_domain_id': 'default', 'user_domain_name': 'Default', 'user_id': 'ac462864068d46a8aea4f9105af18def', 'system': None}, Network: None, Subnet: None, Router: None
2025-12-02 03:25:55.358 66512 INFO tempest.lib.common.dynamic_creds [-] Created isolated network resources for: credentials: Credentials: {'domain_id': 'default', 'domain_name': 'Default', 'username': 'tempest-QuotasAdminNegativeTest-273544507-project-member', 'project_domain_id': 'default', 'project_domain_name': 'Default', 'project_id': '132f82e609484fbfb35497c9c3e8243e', 'project_name': 'tempest-QuotasAdminNegativeTest-273544507', 'tenant_id': '132f82e609484fbfb35497c9c3e8243e', 'tenant_name': 'tempest-QuotasAdminNegativeTest-273544507', 'user_domain_id': 'default', 'user_domain_name': 'Default', 'user_id': 'ac462864068d46a8aea4f9105af18def', 'system': None}, Network: None, Subnet: None, Router: None
2025-12-02 03:25:55.415 66514 INFO tempest.lib.common.rest_client [req-c12d638f-48bf-4139-aeab-9d8bdd67e5cf req-c12d638f-48bf-4139-aeab-9d8bdd67e5cf ] Request (ServersAdminNegativeTestJSON:setUpClass): 200 GET http://10.180.1.21/compute/v2.1/servers/61a64ba1-88f1-41e4-888c-2609acd82822 4.071s
2025-12-02 03:25:55.421 66496 INFO tempest.lib.common.rest_client [req-6850e2e2-bda9-469b-bb46-40942e65b43c req-6850e2e2-bda9-469b-bb46-40942e65b43c ] Request (ImagesMetadataNegativeTestJSON:setUpClass): 200 GET http://10.180.1.21/identity/v3/domains?name=Default 0.075s
2025-12-02 03:25:55.457 66524 INFO tempest.lib.common.rest_client [req-cb8098f1-38da-4d7e-a1d1-f42b4c570523 req-cb8098f1-38da-4d7e-a1d1-f42b4c570523 ] Request (ServersAdmin275Test:test_rebuild_update_server_275): 200 PUT http://10.180.1.21/compute/v2.1/servers/7284db35-f377-405d-b744-bcb24db2af22 4.010s
2025-12-02 03:25:55.478 66512 INFO tempest.lib.common.rest_client [req-63468ffd-4384-40e4-81ae-e8e9daddda78 req-63468ffd-4384-40e4-81ae-e8e9daddda78 ] Request (QuotasAdminNegativeTest:setUpClass): 201 POST http://10.180.1.21/identity/v3/auth/tokens 0.114s
2025-12-02 03:25:55.481 66496 INFO tempest.lib.common.rest_client [req-f0205277-0aba-4c85-b7f8-4dd80d5d7b34 req-f0205277-0aba-4c85-b7f8-4dd80d5d7b34 ] Request (ImagesMetadataNegativeTestJSON:setUpClass): 201 POST http://10.180.1.21/identity/v3/projects 0.058s
2025-12-02 03:25:55.555 66512 INFO tempest.lib.common.rest_client [req-4a1b234d-5da7-44b7-aeec-0e0923d95ef4 req-4a1b234d-5da7-44b7-aeec-0e0923d95ef4 ] Request (QuotasAdminNegativeTest:setUpClass): 201 POST http://10.180.1.21/identity/v3/projects 0.076s
2025-12-02 03:25:55.622 66496 INFO tempest.lib.common.rest_client [req-546494e9-fc97-49a6-84fb-6e8955a89e27 req-546494e9-fc97-49a6-84fb-6e8955a89e27 ] Request (ImagesMetadataNegativeTestJSON:setUpClass): 201 POST http://10.180.1.21/identity/v3/users 0.140s
2025-12-02 03:25:55.652 66512 INFO tempest.lib.common.rest_client [req-3bee5d26-7f3e-47cf-8fd2-d462bc9872f5 req-3bee5d26-7f3e-47cf-8fd2-d462bc9872f5 ] Request (QuotasAdminNegativeTest:setUpClass): 201 POST http://10.180.1.21/identity/v3/users 0.095s
2025-12-02 03:25:55.667 66496 INFO tempest.lib.common.rest_client [req-cf035e84-23a1-4394-bdc6-f97be2a5370f req-cf035e84-23a1-4394-bdc6-f97be2a5370f ] Request (ImagesMetadataNegativeTestJSON:setUpClass): 200 GET http://10.180.1.21/identity/v3/roles 0.045s
2025-12-02 03:25:55.675 66512 INFO tempest.lib.common.rest_client [req-626936fc-3cd9-473c-a583-ff85d911569f req-626936fc-3cd9-473c-a583-ff85d911569f ] Request (QuotasAdminNegativeTest:setUpClass): 200 GET http://10.180.1.21/identity/v3/roles 0.022s
2025-12-02 03:25:55.678 66542 INFO tempest.lib.common.rest_client [req-dde986ec-3803-49b5-a650-2c4df1b4170a req-dde986ec-3803-49b5-a650-2c4df1b4170a ] Request (FlavorsAdminTestJSON:test_create_list_flavor_without_extra_data): 200 GET http://10.180.1.21/compute/v2.1/flavors/detail 3.683s
2025-12-02 03:25:55.713 66496 INFO tempest.lib.common.rest_client [req-7bc87f0c-56da-4e8d-9ec0-762c4043fced req-7bc87f0c-56da-4e8d-9ec0-762c4043fced ] Request (ImagesMetadataNegativeTestJSON:setUpClass): 204 PUT http://10.180.1.21/identity/v3/projects/80574eac7ed64886a8295f5057ba0b1d/users/a2014365a33442ceac2a4126dc7edaca/roles/a75aeef6630741299aadfb4de335e5cc 0.045s
2025-12-02 03:25:55.713 66496 INFO tempest.lib.common.dynamic_creds [-] Dynamic test user a2014365a33442ceac2a4126dc7edaca is created with scope project and roles: ['member']
2025-12-02 03:25:55.713 66496 INFO tempest.lib.common.dynamic_creds [-] Acquired dynamic creds: credentials: Credentials: {'domain_id': 'default', 'domain_name': 'Default', 'username': 'tempest-ImagesMetadataNegativeTestJSON-1737899456-project-member', 'project_domain_id': 'default', 'project_domain_name': 'Default', 'project_id': '80574eac7ed64886a8295f5057ba0b1d', 'project_name': 'tempest-ImagesMetadataNegativeTestJSON-1737899456', 'tenant_id': '80574eac7ed64886a8295f5057ba0b1d', 'tenant_name': 'tempest-ImagesMetadataNegativeTestJSON-1737899456', 'user_domain_id': 'default', 'user_domain_name': 'Default', 'user_id': 'a2014365a33442ceac2a4126dc7edaca', 'system': None}, Network: None, Subnet: None, Router: None
2025-12-02 03:25:55.713 66496 INFO tempest.lib.common.dynamic_creds [-] Created isolated network resources for: credentials: Credentials: {'domain_id': 'default', 'domain_name': 'Default', 'username': 'tempest-ImagesMetadataNegativeTestJSON-1737899456-project-member', 'project_domain_id': 'default', 'project_domain_name': 'Default', 'project_id': '80574eac7ed64886a8295f5057ba0b1d', 'project_name': 'tempest-ImagesMetadataNegativeTestJSON-1737899456', 'tenant_id': '80574eac7ed64886a8295f5057ba0b1d', 'tenant_name': 'tempest-ImagesMetadataNegativeTestJSON-1737899456', 'user_domain_id': 'default', 'user_domain_name': 'Default', 'user_id': 'a2014365a33442ceac2a4126dc7edaca', 'system': None}, Network: None, Subnet: None, Router: None
2025-12-02 03:25:55.714 66512 INFO tempest.lib.common.rest_client [req-c7b5933c-57f2-40f7-8a1d-5acfecc460bf req-c7b5933c-57f2-40f7-8a1d-5acfecc460bf ] Request (QuotasAdminNegativeTest:setUpClass): 204 PUT http://10.180.1.21/identity/v3/projects/43f11a5cfe1c4d4a91af12087eb83b02/users/003b71a84b2144bb8387e8a74338d5f2/roles/7508c357cf20456a8e7de310b3576f8b 0.039s
2025-12-02 03:25:55.777 66546 INFO tempest.lib.common.rest_client [req-7dd9d371-68ea-4ed1-8379-605b39e8fa70 req-7dd9d371-68ea-4ed1-8379-605b39e8fa70 ] Request (ListServersNegativeTestJSON:setUpClass): 200 GET http://10.180.1.21/compute/v2.1/servers/c99d75b7-a984-48c7-8074-14c021fe0b0f 3.774s
2025-12-02 03:25:55.804 66496 INFO tempest.lib.common.rest_client [req-bc90722c-42a7-4b46-a819-83236ba028d8 req-bc90722c-42a7-4b46-a819-83236ba028d8 ] Request (ImagesMetadataNegativeTestJSON:setUpClass): 201 POST http://10.180.1.21/identity/v3/auth/tokens 0.085s
2025-12-02 03:25:55.805 66548 INFO tempest.lib.common.rest_client [req-0f295106-e31a-4943-981c-04c08119bd94 req-0f295106-e31a-4943-981c-04c08119bd94 ] Request (ServersAdminTestJSON:test_create_server_with_scheduling_hint): 202 POST http://10.180.1.21/compute/v2.1/servers 4.095s
2025-12-02 03:25:55.828 66512 INFO tempest.lib.common.rest_client [req-6cf6c6b8-f6a0-42ed-85a5-35dd3fabf8df req-6cf6c6b8-f6a0-42ed-85a5-35dd3fabf8df ] Request (QuotasAdminNegativeTest:setUpClass): 200 GET http://10.180.1.21/identity/v3/roles 0.113s
2025-12-02 03:25:55.865 66512 INFO tempest.lib.common.rest_client [req-34a5d412-ea6f-4a78-84db-2598c0da24a8 req-34a5d412-ea6f-4a78-84db-2598c0da24a8 ] Request (QuotasAdminNegativeTest:setUpClass): 204 PUT http://10.180.1.21/identity/v3/projects/43f11a5cfe1c4d4a91af12087eb83b02/users/003b71a84b2144bb8387e8a74338d5f2/roles/7508c357cf20456a8e7de310b3576f8b 0.036s
2025-12-02 03:25:55.866 66512 INFO tempest.lib.common.dynamic_creds [-] Dynamic test user 003b71a84b2144bb8387e8a74338d5f2 is created with scope project and roles: ['admin']
2025-12-02 03:25:55.866 66512 INFO tempest.lib.common.dynamic_creds [-] Acquired dynamic creds: credentials: Credentials: {'domain_id': 'default', 'domain_name': 'Default', 'username': 'tempest-QuotasAdminNegativeTest-1371651692-project-admin', 'project_domain_id': 'default', 'project_domain_name': 'Default', 'project_id': '43f11a5cfe1c4d4a91af12087eb83b02', 'project_name': 'tempest-QuotasAdminNegativeTest-1371651692', 'tenant_id': '43f11a5cfe1c4d4a91af12087eb83b02', 'tenant_name': 'tempest-QuotasAdminNegativeTest-1371651692', 'user_domain_id': 'default', 'user_domain_name': 'Default', 'user_id': '003b71a84b2144bb8387e8a74338d5f2', 'system': None}, Network: None, Subnet: None, Router: None
2025-12-02 03:25:55.866 66512 INFO tempest.lib.common.dynamic_creds [-] Created isolated network resources for: credentials: Credentials: {'domain_id': 'default', 'domain_name': 'Default', 'username': 'tempest-QuotasAdminNegativeTest-1371651692-project-admin', 'project_domain_id': 'default', 'project_domain_name': 'Default', 'project_id': '43f11a5cfe1c4d4a91af12087eb83b02', 'project_name': 'tempest-QuotasAdminNegativeTest-1371651692', 'tenant_id': '43f11a5cfe1c4d4a91af12087eb83b02', 'tenant_name': 'tempest-QuotasAdminNegativeTest-1371651692', 'user_domain_id': 'default', 'user_domain_name': 'Default', 'user_id': '003b71a84b2144bb8387e8a74338d5f2', 'system': None}, Network: None, Subnet: None, Router: None
2025-12-02 03:25:55.974 66498 INFO tempest.lib.common.rest_client [req-da207506-6b6d-4454-b44b-dfc3c0d5b6b7 req-da207506-6b6d-4454-b44b-dfc3c0d5b6b7 ] Request (FloatingIPsAssociationTestJSON:setUpClass): 200 GET http://10.180.1.21/compute/v2.1/servers/96c17790-9f52-422c-b67c-034b00183281 3.787s
2025-12-02 03:25:55.989 66498 INFO tempest.common.waiters [-] State transition "BUILD/spawning" ==> "ACTIVE/None" after 37 second wait
2025-12-02 03:25:55.993 66512 INFO tempest.lib.common.rest_client [req-72349a33-d213-4647-8991-e72a65d08ce9 req-72349a33-d213-4647-8991-e72a65d08ce9 ] Request (QuotasAdminNegativeTest:setUpClass): 201 POST http://10.180.1.21/identity/v3/auth/tokens 0.123s
2025-12-02 03:25:55.994 66512 WARNING tempest.lib.common.rest_client [-] Deprecated: "tenant_id" property is deprecated for removal, use "project_id" instead
2025-12-02 03:25:56.042 66500 INFO tempest.lib.common.rest_client [req-702be9ed-4edb-4896-857c-119e4e264fae req-702be9ed-4edb-4896-857c-119e4e264fae ] Request (QuotasAdminTestV257:test_get_updated_quotas): 200 GET http://10.180.1.21/compute/v2.1/os-quota-sets/dd0ac9bd87cf47f999a838469051a58e/detail 3.737s
2025-12-02 03:25:56.069 66520 INFO tempest.lib.common.rest_client [req-e97ec6ac-7cb7-4e2f-9948-ac5206d26948 req-e97ec6ac-7cb7-4e2f-9948-ac5206d26948 ] Request (ImagesNegativeTestJSON:test_create_image_from_deleted_server): 404 GET http://10.180.1.21/compute/v2.1/servers/9f9b84dd-c95f-463f-8e80-fa26d398038b 3.093s
2025-12-02 03:25:56.082 66500 INFO tempest.lib.common.rest_client [req-b5216b96-83c8-4eac-8b84-9bd3120008e0 req-b5216b96-83c8-4eac-8b84-9bd3120008e0 ] Request (QuotasAdminTestV257:test_get_updated_quotas): 200 GET http://10.180.1.21/identity/v3/domains?name=Default 0.033s
2025-12-02 03:25:56.116 66500 INFO tempest.lib.common.rest_client [req-0c8a9a51-4da2-470a-b617-79e96672eb89 req-0c8a9a51-4da2-470a-b617-79e96672eb89 ] Request (QuotasAdminTestV257:test_get_updated_quotas): 201 POST http://10.180.1.21/identity/v3/users 0.034s
2025-12-02 03:25:56.147 66500 INFO tempest.lib.common.rest_client [req-a2dc91c3-542e-4cf8-90cf-2fc884843aed req-a2dc91c3-542e-4cf8-90cf-2fc884843aed ] Request (QuotasAdminTestV257:test_get_updated_quotas): 200 GET http://10.180.1.21/identity/v3/domains?name=Default 0.029s
2025-12-02 03:25:56.215 66510 INFO tempest.lib.common.rest_client [req-cf6f416d-b41a-41af-a5d6-c54b64c29c5d req-cf6f416d-b41a-41af-a5d6-c54b64c29c5d ] Request (ServersWithSpecificFlavorTestJSON:test_verify_created_server_ephemeral_disk): 200 GET http://10.180.1.21/compute/v2.1/servers/b09e516d-dece-42a0-8480-799d209597fb 3.463s
2025-12-02 03:25:56.225 66510 INFO tempest.common.waiters [-] State transition "BUILD/None" ==> "BUILD/spawning" after 19 second wait
2025-12-02 03:25:56.306 66534 INFO tempest.lib.common.rest_client [req-27d0d60e-e9d0-4679-a0ce-15407434de1c req-27d0d60e-e9d0-4679-a0ce-15407434de1c ] Request (SecurityGroupsTestJSON:test_list_security_groups_by_server): 200 POST http://10.180.1.21/compute/v2.1/os-security-groups 3.207s
2025-12-02 03:25:56.353 66488 INFO tempest.lib.common.rest_client [req-a3df8076-0c1c-4212-8f86-79aa804ed372 req-a3df8076-0c1c-4212-8f86-79aa804ed372 ] Request (AggregatesAdminNegativeTestJSON:test_aggregate_delete_as_user): 200 POST http://10.180.1.21/compute/v2.1/os-aggregates 2.822s
2025-12-02 03:25:56.367 66530 INFO tempest.lib.common.rest_client [req-85315291-7400-4784-9736-5c53bd360f88 req-85315291-7400-4784-9736-5c53bd360f88 ] Request (ImagesOneServerNegativeTestJSON:tearDown): 200 GET http://10.180.1.21/compute/v2.1/servers/81b5e245-752a-4e81-adb9-25a78a3b974f 2.856s
2025-12-02 03:25:56.392 66492 INFO tempest.lib.common.rest_client [req-3e9dea0b-02a5-4d21-91e7-dfff1057cf81 req-3e9dea0b-02a5-4d21-91e7-dfff1057cf81 ] Request (FlavorsAccessNegativeTestJSON:_run_cleanups): 202 DELETE http://10.180.1.21/compute/v2.1/flavors/1187647627 2.244s
2025-12-02 03:25:56.426 66538 INFO tempest.lib.common.rest_client [req-31126058-8a87-47b1-9711-ee14cd4ff11a req-31126058-8a87-47b1-9711-ee14cd4ff11a ] Request (AttachInterfacesV270Test:test_create_get_list_interfaces): 200 GET http://10.180.1.21/compute/v2.1/servers/78b9e780-2d04-4e7e-bfd3-c29b04bd7250 2.295s
2025-12-02 03:25:56.593 66502 INFO tempest.lib.common.rest_client [req-199ae58a-712e-40ce-8025-19e601d91386 req-199ae58a-712e-40ce-8025-19e601d91386 ] Request (VolumesAdminNegativeTest:tearDownClass): 200 GET http://10.180.1.21/compute/v2.1/servers/81ff7d5d-efd2-4b43-8cec-17e732c16ea8 2.269s
2025-12-02 03:25:56.723 66526 INFO tempest.lib.common.rest_client [req-79cda649-99d6-4adf-b068-9920f5933adf req-79cda649-99d6-4adf-b068-9920f5933adf ] Request (ServersTestBootFromVolume:setUpClass): 200 POST http://10.180.1.21/compute/v2.1/os-keypairs 2.389s
2025-12-02 03:25:57.043 66526 INFO tempest.lib.common.rest_client [req-0c8edfcf-3ed3-4bc4-8e47-8ccd0e1ea6dc req-0c8edfcf-3ed3-4bc4-8e47-8ccd0e1ea6dc ] Request (ServersTestBootFromVolume:setUpClass): 201 POST http://10.180.1.21/networking/v2.0/security-groups 0.317s
2025-12-02 03:25:57.073 66506 INFO tempest.lib.common.rest_client [req-cffd8527-e08b-4ab6-8f2c-a65dce6c9ee5 req-cffd8527-e08b-4ab6-8f2c-a65dce6c9ee5 ] Request (ServerDiskConfigTestJSON:test_rebuild_server_with_manual_disk_config): 200 GET http://10.180.1.21/compute/v2.1/servers/b61f7e1d-df06-408f-ba5e-91f84d8e30a9 2.561s
2025-12-02 03:25:57.113 66490 INFO tempest.lib.common.rest_client [req-1b1b1d81-b50f-40e8-b074-d38539916422 req-1b1b1d81-b50f-40e8-b074-d38539916422 ] Request (ImagesTestJSON:test_create_image_from_stopped_server): 200 GET http://10.180.1.21/compute/v2.1/images/feb736f4-5e71-4508-8b38-64fc239183a2 2.513s
2025-12-02 03:25:57.191 66526 INFO tempest.lib.common.rest_client [req-37d68ed0-6833-4d3d-8b67-ff752a3909b5 req-37d68ed0-6833-4d3d-8b67-ff752a3909b5 ] Request (ServersTestBootFromVolume:setUpClass): 201 POST http://10.180.1.21/networking/v2.0/security-group-rules 0.148s
2025-12-02 03:25:57.254 66494 INFO tempest.lib.common.rest_client [req-e2d260c3-e7b8-4d67-9f0b-2f54d0e171a7 req-e2d260c3-e7b8-4d67-9f0b-2f54d0e171a7 ] Request (AttachInterfacesTestJSON:test_create_list_show_delete_interfaces_by_fixed_ip): 200 GET http://10.180.1.21/compute/v2.1/servers/37db7c02-f1d4-492f-b96b-5a685568a5c1 2.461s
2025-12-02 03:25:57.267 66528 INFO tempest.lib.common.rest_client [req-ff764411-59f1-4fb2-9eae-f290e73a1143 req-ff764411-59f1-4fb2-9eae-f290e73a1143 ] Request (ServersTestManualDisk:test_verify_created_server_vcpus): 200 GET http://10.180.1.21/compute/v2.1/flavors/42 2.385s
2025-12-02 03:25:57.270 66528 INFO tempest.lib.common.ssh [-] Creating ssh connection to '10.180.180.189:22' as 'cirros' with public key authentication
2025-12-02 03:25:57.274 66528 INFO paramiko.transport [-] Connected (version 2.0, client dropbear_2020.81)
2025-12-02 03:25:57.331 66526 INFO tempest.lib.common.rest_client [req-d89c7567-9960-4b5e-b091-bcd82ff98439 req-d89c7567-9960-4b5e-b091-bcd82ff98439 ] Request (ServersTestBootFromVolume:setUpClass): 201 POST http://10.180.1.21/networking/v2.0/security-group-rules 0.140s
2025-12-02 03:25:57.369 66504 INFO tempest.lib.common.rest_client [req-9c322822-18ac-4e54-98d3-486428a39c41 req-9c322822-18ac-4e54-98d3-486428a39c41 ] Request (FloatingIPDetailsTestJSON:setUpClass): 200 POST http://10.180.1.21/compute/v2.1/os-floating-ips 3.205s
2025-12-02 03:25:57.379 66528 INFO paramiko.transport [-] Authentication (publickey) successful!
2025-12-02 03:25:57.379 66528 INFO tempest.lib.common.ssh [-] ssh connection to cirros@10.180.180.189 successfully created
2025-12-02 03:25:57.393 66532 INFO tempest.lib.common.rest_client [req-0cb9c52c-0118-4d90-a2fd-2c8b785e8c7b req-0cb9c52c-0118-4d90-a2fd-2c8b785e8c7b ] Request (ServicesAdminNegativeV253TestJSON:test_get_service_by_invalid_service_and_valid_host): 200 GET http://10.180.1.21/compute/v2.1/os-services 2.340s
2025-12-02 03:25:57.428 66486 INFO tempest.lib.common.rest_client [req-42165bed-2a4e-4ff3-87b5-6fc0a0b6f164 req-42165bed-2a4e-4ff3-87b5-6fc0a0b6f164 ] Request (ImagesMetadataTestJSON:setUpClass): 200 GET http://10.180.1.21/compute/v2.1/images/3a8cb130-2694-477e-aa33-ec57cc19b9bd 2.362s
2025-12-02 03:25:57.445 66540 INFO tempest.lib.common.rest_client [req-caf61a2a-8e1e-44bc-8e48-837bca42b24d req-caf61a2a-8e1e-44bc-8e48-837bca42b24d ] Request (SecurityGroupRulesTestJSON:test_security_group_rules_delete_when_peer_group_deleted): 200 POST http://10.180.1.21/compute/v2.1/os-security-groups 2.418s
2025-12-02 03:25:57.507 66522 INFO tempest.lib.common.rest_client [req-afdc657f-99c8-4080-a43c-9cf841affd0a req-afdc657f-99c8-4080-a43c-9cf841affd0a ] Request (MigrationsAdminTest:test_list_migrations_in_flavor_resize_situation): 204 POST http://10.180.1.21/compute/v2.1/servers/960302c4-7a5e-485c-ab0a-0165a87a61ae/action 2.209s
2025-12-02 03:25:57.527 66542 INFO tempest.lib.common.rest_client [req-af7a7104-7f7c-4af3-8d17-4a012bc90d91 req-af7a7104-7f7c-4af3-8d17-4a012bc90d91 ] Request (FlavorsAdminTestJSON:_run_cleanups): 202 DELETE http://10.180.1.21/compute/v2.1/flavors/948182735 1.842s
2025-12-02 03:25:57.560 66524 INFO tempest.lib.common.rest_client [req-f51d15f3-a192-4dc3-9616-5f06aa8f1d5d req-f51d15f3-a192-4dc3-9616-5f06aa8f1d5d ] Request (ServersAdmin275Test:test_rebuild_update_server_275): 200 GET http://10.180.1.21/compute/v2.1/servers/7284db35-f377-405d-b744-bcb24db2af22 2.087s
2025-12-02 03:25:57.655 66496 INFO tempest.lib.common.rest_client [req-0bab1fa4-ad9a-4f1f-a542-8efebb679c2a req-0bab1fa4-ad9a-4f1f-a542-8efebb679c2a ] Request (ImagesMetadataNegativeTestJSON:test_delete_nonexistent_image_metadata_item): 404 DELETE http://10.180.1.21/compute/v2.1/images/c2e73f6a-fc0f-4326-a736-3554c17f7a0c/metadata/os_distro 1.849s
2025-12-02 03:25:57.658 66536 WARNING tempest.lib.common.ssh [-] Failed to establish authenticated ssh connection to cirros@10.180.180.217 ([Errno None] Unable to connect to port 22 on 10.180.180.217). Number attempts: 5. Retry after 6 seconds.: paramiko.ssh_exception.NoValidConnectionsError: [Errno None] Unable to connect to port 22 on 10.180.180.217
2025-12-02 03:25:57.677 66548 INFO tempest.lib.common.rest_client [req-61525f47-09ad-43b4-8790-357b281aff32 req-61525f47-09ad-43b4-8790-357b281aff32 ] Request (ServersAdminTestJSON:test_create_server_with_scheduling_hint): 200 GET http://10.180.1.21/compute/v2.1/servers/857b313c-baed-40d9-b585-ca898cae9030 1.870s
2025-12-02 03:25:57.744 66512 INFO tempest.lib.common.rest_client [req-8db90f84-cfca-4c80-a8b5-232bff6414b1 req-8db90f84-cfca-4c80-a8b5-232bff6414b1 ] Request (QuotasAdminNegativeTest:test_create_server_when_cpu_quota_is_full): 200 GET http://10.180.1.21/compute/v2.1/os-quota-sets/132f82e609484fbfb35497c9c3e8243e 1.749s
2025-12-02 03:25:57.765 66520 INFO tempest.lib.common.rest_client [req-e314d18c-1c1a-4b6d-b929-f44e015887c4 req-e314d18c-1c1a-4b6d-b929-f44e015887c4 ] Request (ImagesNegativeTestJSON:test_create_image_from_deleted_server): 404 POST http://10.180.1.21/compute/v2.1/servers/9f9b84dd-c95f-463f-8e80-fa26d398038b/action 1.694s
