2025-12-02 03:25:12.722 66502 INFO tempest.lib.common.rest_client [req-a961521f-65cd-4a8c-b748-d91c4ec40f08 req-a961521f-65cd-4a8c-b748-d91c4ec40f08 ] Request (VolumesAdminNegativeTest:test_update_attached_volume_with_nonexistent_volume_in_uri): 202 POST http://10.180.1.21/compute/v2.1/servers 5.350s
2025-12-02 03:25:12.726 66544 INFO tempest.lib.common.rest_client [req-a416e1b7-90dd-4b8b-b007-9e74bbd34256 req-a416e1b7-90dd-4b8b-b007-9e74bbd34256 ] Request (DeleteServersAdminTestJSON:test_admin_delete_servers_of_others): 204 DELETE http://10.180.1.21/compute/v2.1/servers/58ee7e95-9231-43cc-a2ee-4e425a96878a 5.045s
2025-12-02 03:25:12.879 66546 INFO tempest.lib.common.rest_client [req-fbe70fa4-d1a9-4bbd-b957-2cef9ba22daa req-fbe70fa4-d1a9-4bbd-b957-2cef9ba22daa ] Request (ListServersNegativeTestJSON:setUpClass): 200 GET http://10.180.1.21/compute/v2.1/servers 3.970s
2025-12-02 03:25:12.881 66494 INFO tempest.lib.common.rest_client [req-efa1a285-74a0-4cd7-8e5a-671d148d0570 req-efa1a285-74a0-4cd7-8e5a-671d148d0570 ] Request (SecurityGroupsNegativeTestJSON:test_delete_security_group_without_passing_id): 404 DELETE http://10.180.1.21/compute/v2.1/os-security-groups/ 3.806s
2025-12-02 03:25:12.898 66540 INFO tempest.lib.common.rest_client [req-271e6192-2bf4-4e6a-845e-815f1ddfd8f9 req-271e6192-2bf4-4e6a-845e-815f1ddfd8f9 ] Request (FlavorsV255TestJSON:tearDownClass): 200 GET http://10.180.1.21/networking/v2.0/security-groups?tenant_id=db4def42d94e469cbf8d38f9d9b64ac2&name=default 0.270s
2025-12-02 03:25:13.051 66540 INFO tempest.lib.common.rest_client [req-2e644780-a0b7-4145-899e-c39eb4b0fdba req-2e644780-a0b7-4145-899e-c39eb4b0fdba ] Request (FlavorsV255TestJSON:tearDownClass): 204 DELETE http://10.180.1.21/networking/v2.0/security-groups/3778e77a-8aaf-41a9-a254-efa7ce1a0f25 0.152s
2025-12-02 03:25:13.128 66540 INFO tempest.lib.common.rest_client [req-a78024a7-a196-432a-a024-ca6ee525b509 req-a78024a7-a196-432a-a024-ca6ee525b509 ] Request (FlavorsV255TestJSON:tearDownClass): 204 DELETE http://10.180.1.21/identity/v3/projects/db4def42d94e469cbf8d38f9d9b64ac2 0.076s
2025-12-02 03:25:13.128 66540 INFO tempest.lib.common.dynamic_creds [-] Deleting project and security group for project: 51170a96a8f54a70bb36f9eb64a38011
2025-12-02 03:25:13.202 66520 INFO tempest.lib.common.rest_client [req-4b2dede2-ad01-494e-9345-6af18a3c6956 req-4b2dede2-ad01-494e-9345-6af18a3c6956 ] Request (ImagesNegativeTestJSON:test_create_image_from_deleted_server): 200 GET http://10.180.1.21/compute/v2.1/servers/9f9b84dd-c95f-463f-8e80-fa26d398038b 3.807s
2025-12-02 03:25:13.367 66540 INFO tempest.lib.common.rest_client [req-9f00738d-00ee-4ac1-897b-1417a610676f req-9f00738d-00ee-4ac1-897b-1417a610676f ] Request (FlavorsV255TestJSON:tearDownClass): 200 GET http://10.180.1.21/networking/v2.0/security-groups?tenant_id=51170a96a8f54a70bb36f9eb64a38011&name=default 0.238s
2025-12-02 03:25:13.516 66490 INFO tempest.lib.common.rest_client [req-51a9d73d-edb7-4113-a1c9-a7e48c6afddf req-51a9d73d-edb7-4113-a1c9-a7e48c6afddf ] Request (ImagesTestJSON:test_create_image_from_stopped_server): 200 GET http://10.180.1.21/compute/v2.1/servers/6b601db3-c316-4c90-8b22-0f5fd430cb08 4.032s
2025-12-02 03:25:13.525 66532 INFO tempest.lib.common.rest_client [req-f05efb95-a227-435c-8052-44609843acae req-f05efb95-a227-435c-8052-44609843acae ] Request (HypervisorAdminNegativeTestJSON:test_get_hypervisor_stats_with_non_admin_user): 403 GET http://10.180.1.21/compute/v2.1/os-hypervisors/statistics 4.035s
2025-12-02 03:25:13.581 66548 INFO tempest.lib.common.rest_client [req-018f1763-7696-47c8-a91f-23ab1ded378a req-018f1763-7696-47c8-a91f-23ab1ded378a ] Request (ServersAdminTestJSON:setUpClass): 202 POST http://10.180.1.21/compute/v2.1/servers 5.623s
2025-12-02 03:25:13.664 66540 INFO tempest.lib.common.rest_client [req-09d1d229-880e-4ebe-a79e-13b5e5a1a330 req-09d1d229-880e-4ebe-a79e-13b5e5a1a330 ] Request (FlavorsV255TestJSON:tearDownClass): 204 DELETE http://10.180.1.21/networking/v2.0/security-groups/217e4cf2-12c3-4f90-863e-45c5a456ccac 0.297s
2025-12-02 03:25:13.846 66524 INFO tempest.lib.common.rest_client [req-021e845f-9613-4f57-a886-65ac1c6b39c5 req-021e845f-9613-4f57-a886-65ac1c6b39c5 ] Request (ServerExternalEventsTest:test_create_server_external_events): 200 GET http://10.180.1.21/compute/v2.1/servers/d9955da8-b7ad-468c-9ca2-25f2d8935964 4.114s
2025-12-02 03:25:13.858 66524 INFO tempest.common.waiters [-] State transition "BUILD/spawning" ==> "ACTIVE/None" after 26 second wait
2025-12-02 03:25:13.934 66540 INFO tempest.lib.common.rest_client [req-f091b3ac-1d86-4b0e-b161-e2404db3036e req-f091b3ac-1d86-4b0e-b161-e2404db3036e ] Request (FlavorsV255TestJSON:tearDownClass): 204 DELETE http://10.180.1.21/identity/v3/projects/51170a96a8f54a70bb36f9eb64a38011 0.269s
2025-12-02 03:25:14.014 66540 INFO tempest.lib.common.rest_client [req-4dd43848-1087-43f1-9552-31b7d4243bb9 req-4dd43848-1087-43f1-9552-31b7d4243bb9 ] Request (InstanceUsageAuditLogNegativeTestJSON:setUpClass): 201 POST http://10.180.1.21/identity/v3/auth/tokens 0.078s
2025-12-02 03:25:14.059 66540 INFO tempest.lib.common.rest_client [req-eed820d0-c710-4e31-8486-56d654c253d1 req-eed820d0-c710-4e31-8486-56d654c253d1 ] Request (InstanceUsageAuditLogNegativeTestJSON:setUpClass): 201 POST http://10.180.1.21/identity/v3/auth/tokens 0.040s
2025-12-02 03:25:14.085 66540 INFO tempest.lib.common.rest_client [req-b8935fea-8be6-4bf8-a8f9-d9cdeed82a06 req-b8935fea-8be6-4bf8-a8f9-d9cdeed82a06 ] Request (InstanceUsageAuditLogNegativeTestJSON:setUpClass): 200 GET http://10.180.1.21/identity/v3/domains?name=Default 0.026s
2025-12-02 03:25:14.125 66540 INFO tempest.lib.common.rest_client [req-d36e0dea-b5e5-47a5-be0c-e5cb775bf0ea req-d36e0dea-b5e5-47a5-be0c-e5cb775bf0ea ] Request (InstanceUsageAuditLogNegativeTestJSON:setUpClass): 201 POST http://10.180.1.21/identity/v3/projects 0.039s
2025-12-02 03:25:14.205 66540 INFO tempest.lib.common.rest_client [req-a5b3517e-dd14-476b-b5f3-939ce1bea365 req-a5b3517e-dd14-476b-b5f3-939ce1bea365 ] Request (InstanceUsageAuditLogNegativeTestJSON:setUpClass): 201 POST http://10.180.1.21/identity/v3/users 0.080s
2025-12-02 03:25:14.218 66486 INFO tempest.lib.common.rest_client [req-1a8c61f7-139f-4e92-b4cd-036577b0a3df req-1a8c61f7-139f-4e92-b4cd-036577b0a3df ] Request (SecurityGroupsTestAdminJSON:test_list_security_groups_list_all_tenants_filter): 200 POST http://10.180.1.21/compute/v2.1/os-security-groups 4.252s
2025-12-02 03:25:14.252 66540 INFO tempest.lib.common.rest_client [req-1d30f22e-2060-41fe-88e7-065d43029e79 req-1d30f22e-2060-41fe-88e7-065d43029e79 ] Request (InstanceUsageAuditLogNegativeTestJSON:setUpClass): 200 GET http://10.180.1.21/identity/v3/roles 0.046s
2025-12-02 03:25:14.261 66528 INFO tempest.lib.common.rest_client [req-b241c88c-d686-4bfd-a8b2-32ac12b46af5 req-b241c88c-d686-4bfd-a8b2-32ac12b46af5 ] Request (ServersTestManualDisk:setUpClass): 200 GET http://10.180.1.21/compute/v2.1/servers/13b2ae8a-475a-48cd-bb44-da04329d71c1 3.917s
2025-12-02 03:25:14.271 66528 INFO tempest.common.waiters [-] State transition "BUILD/spawning" ==> "ACTIVE/None" after 26 second wait
2025-12-02 03:25:14.288 66540 INFO tempest.lib.common.rest_client [req-a1d118cb-19eb-4567-b459-de0d5cc2171f req-a1d118cb-19eb-4567-b459-de0d5cc2171f ] Request (InstanceUsageAuditLogNegativeTestJSON:setUpClass): 204 PUT http://10.180.1.21/identity/v3/projects/94899dbe65ec4107b7ecfb976215945f/users/6965fd6c847d41cf893e3bb76ab00054/roles/a75aeef6630741299aadfb4de335e5cc 0.035s
2025-12-02 03:25:14.288 66540 INFO tempest.lib.common.dynamic_creds [-] Dynamic test user 6965fd6c847d41cf893e3bb76ab00054 is created with scope project and roles: ['member']
2025-12-02 03:25:14.288 66540 INFO tempest.lib.common.dynamic_creds [-] Acquired dynamic creds: credentials: Credentials: {'domain_id': 'default', 'domain_name': 'Default', 'username': 'tempest-InstanceUsageAuditLogNegativeTestJSON-1742144857-project-member', 'project_domain_id': 'default', 'project_domain_name': 'Default', 'project_id': '94899dbe65ec4107b7ecfb976215945f', 'project_name': 'tempest-InstanceUsageAuditLogNegativeTestJSON-1742144857', 'tenant_id': '94899dbe65ec4107b7ecfb976215945f', 'tenant_name': 'tempest-InstanceUsageAuditLogNegativeTestJSON-1742144857', 'user_domain_id': 'default', 'user_domain_name': 'Default', 'user_id': '6965fd6c847d41cf893e3bb76ab00054', 'system': None}, Network: None, Subnet: None, Router: None
2025-12-02 03:25:14.288 66540 INFO tempest.lib.common.dynamic_creds [-] Created isolated network resources for: credentials: Credentials: {'domain_id': 'default', 'domain_name': 'Default', 'username': 'tempest-InstanceUsageAuditLogNegativeTestJSON-1742144857-project-member', 'project_domain_id': 'default', 'project_domain_name': 'Default', 'project_id': '94899dbe65ec4107b7ecfb976215945f', 'project_name': 'tempest-InstanceUsageAuditLogNegativeTestJSON-1742144857', 'tenant_id': '94899dbe65ec4107b7ecfb976215945f', 'tenant_name': 'tempest-InstanceUsageAuditLogNegativeTestJSON-1742144857', 'user_domain_id': 'default', 'user_domain_name': 'Default', 'user_id': '6965fd6c847d41cf893e3bb76ab00054', 'system': None}, Network: None, Subnet: None, Router: None
2025-12-02 03:25:14.288 66542 INFO tempest.lib.common.rest_client [req-3736518d-98e0-4da5-ac14-071a93c3c893 req-3736518d-98e0-4da5-ac14-071a93c3c893 ] Request (FlavorsAdminTestJSON:_run_cleanups): 200 GET http://10.180.1.21/compute/v2.1/flavors/detail 2.963s
2025-12-02 03:25:14.305 66512 INFO tempest.lib.common.rest_client [req-eb8d2436-fa99-477c-841c-884c7514558b req-eb8d2436-fa99-477c-841c-884c7514558b ] Request (FlavorsExtraSpecsTestJSON:test_flavor_set_get_update_show_unset_keys): 200 GET http://10.180.1.21/compute/v2.1/flavors/1062381246/os-extra_specs 2.957s
2025-12-02 03:25:14.341 66488 INFO tempest.lib.common.rest_client [req-995958cb-1df4-4404-8377-c487d10ca49d req-995958cb-1df4-4404-8377-c487d10ca49d ] Request (AggregatesAdminNegativeTestJSON:test_aggregate_add_host_as_user): 200 POST http://10.180.1.21/compute/v2.1/os-aggregates 2.964s
2025-12-02 03:25:14.369 66538 INFO tempest.lib.common.rest_client [req-ffdb46fa-785e-43c4-b2cc-de0c0125bd21 req-ffdb46fa-785e-43c4-b2cc-de0c0125bd21 ] Request (HostsAdminTestJSON:test_list_hosts_with_zone): 200 GET http://10.180.1.21/compute/v2.1/os-hosts 2.971s
2025-12-02 03:25:14.395 66540 INFO tempest.lib.common.rest_client [req-490ca32a-6fbb-48d9-bbf8-8c45b9bfba88 req-490ca32a-6fbb-48d9-bbf8-8c45b9bfba88 ] Request (InstanceUsageAuditLogNegativeTestJSON:setUpClass): 201 POST http://10.180.1.21/identity/v3/auth/tokens 0.101s
2025-12-02 03:25:14.412 66536 INFO tempest.lib.common.rest_client [req-20964128-350f-4bb7-abbb-e7acb1f82d16 req-20964128-350f-4bb7-abbb-e7acb1f82d16 ] Request (AttachInterfacesUnderV243Test:test_add_remove_fixed_ip): 200 GET http://10.180.1.21/compute/v2.1/servers/05d94242-4ca1-49b4-8a3a-85d110c40320 3.116s
2025-12-02 03:25:14.445 66530 INFO tempest.lib.common.rest_client [req-15fd565f-6e8c-4321-8eba-ed2ae6c55ea5 req-15fd565f-6e8c-4321-8eba-ed2ae6c55ea5 ] Request (ImagesOneServerNegativeTestJSON:setUpClass): 200 GET http://10.180.1.21/compute/v2.1/servers/81b5e245-752a-4e81-adb9-25a78a3b974f 2.566s
2025-12-02 03:25:14.476 66540 INFO tempest.lib.common.rest_client [req-301472b2-c753-4097-90e8-d4e6ef87e94d req-301472b2-c753-4097-90e8-d4e6ef87e94d ] Request (InstanceUsageAuditLogNegativeTestJSON:setUpClass): 201 POST http://10.180.1.21/identity/v3/projects 0.079s
2025-12-02 03:25:14.491 66504 INFO tempest.lib.common.rest_client [req-43108229-ca80-4ba1-a1a7-405cf313ae77 req-43108229-ca80-4ba1-a1a7-405cf313ae77 ] Request (ServerDiagnosticsNegativeTest:test_get_server_diagnostics_by_non_admin): 403 GET http://10.180.1.21/compute/v2.1/servers/36e13888-8757-4af1-9f38-aefa288ed34d/diagnostics 2.445s
2025-12-02 03:25:14.504 66510 INFO tempest.lib.common.rest_client [req-622b86dd-193b-4c3b-b163-003cb187f3da req-622b86dd-193b-4c3b-b163-003cb187f3da ] Request (ServersWithSpecificFlavorTestJSON:test_verify_created_server_ephemeral_disk): 200 GET http://10.180.1.21/compute/v2.1/flavors/42/os-extra_specs 2.391s
2025-12-02 03:25:14.509 66508 INFO tempest.lib.common.rest_client [req-eff32494-cd92-41bc-9a67-7eefa890a11b req-eff32494-cd92-41bc-9a67-7eefa890a11b ] Request (HostsAdminNegativeTestJSON:test_update_host_with_invalid_maintenance_mode): 400 PUT http://10.180.1.21/compute/v2.1/os-hosts/devstack 2.387s
2025-12-02 03:25:14.518 66526 INFO tempest.lib.common.rest_client [req-7477ed77-ba8c-4615-bf3c-2487eaa53c5a req-7477ed77-ba8c-4615-bf3c-2487eaa53c5a ] Request (FlavorsExtraSpecsNegativeTestJSON:test_flavor_unset_nonexistent_key): 404 DELETE http://10.180.1.21/compute/v2.1/flavors/550637671/os-extra_specs/hw:cpu_thread_policy 2.390s
2025-12-02 03:25:14.555 66540 INFO tempest.lib.common.rest_client [req-41276048-f90a-48c0-b5c2-49013f03a391 req-41276048-f90a-48c0-b5c2-49013f03a391 ] Request (InstanceUsageAuditLogNegativeTestJSON:setUpClass): 201 POST http://10.180.1.21/identity/v3/users 0.078s
2025-12-02 03:25:14.593 66540 INFO tempest.lib.common.rest_client [req-5df2e5e4-788b-4946-b82d-15daa6b8993f req-5df2e5e4-788b-4946-b82d-15daa6b8993f ] Request (InstanceUsageAuditLogNegativeTestJSON:setUpClass): 200 GET http://10.180.1.21/identity/v3/roles 0.038s
2025-12-02 03:25:14.610 66500 INFO tempest.lib.common.rest_client [req-d5b0dc4d-c8dc-4f85-a261-0f646f0aa3d4 req-d5b0dc4d-c8dc-4f85-a261-0f646f0aa3d4 ] Request (QuotasAdminTestJSON:test_get_updated_quotas): 200 GET http://10.180.1.21/compute/v2.1/os-quota-sets/992610ab59fa49eba04e58191f436b14/detail 2.641s
2025-12-02 03:25:14.626 66540 INFO tempest.lib.common.rest_client [req-faaaf479-a7b4-4b6d-844d-8ac887291f93 req-faaaf479-a7b4-4b6d-844d-8ac887291f93 ] Request (InstanceUsageAuditLogNegativeTestJSON:setUpClass): 204 PUT http://10.180.1.21/identity/v3/projects/4e26b9fc304b455587a2dc615ffdc5b6/users/c0b020fd099f4281bc4fbdae5a36c807/roles/7508c357cf20456a8e7de310b3576f8b 0.032s
2025-12-02 03:25:14.630 66514 INFO tempest.lib.common.rest_client [req-cba73341-6f70-48e7-b6f8-352539096e45 req-cba73341-6f70-48e7-b6f8-352539096e45 ] Request (KeyPairsV210TestJSON:_run_cleanups): 204 DELETE http://10.180.1.21/compute/v2.1/os-keypairs/tempest-keypair-754095811?user_id=df477d3df1e04497a5fa1b2bc1ba22d2 2.462s
2025-12-02 03:25:14.648 66492 INFO tempest.lib.common.rest_client [req-d5ba3865-c85f-4faa-92a6-74814e8956bf req-d5ba3865-c85f-4faa-92a6-74814e8956bf ] Request (FlavorsAccessNegativeTestJSON:test_flavor_access_list_with_public_flavor): 200 POST http://10.180.1.21/compute/v2.1/flavors 2.479s
2025-12-02 03:25:14.700 66500 INFO tempest.lib.common.rest_client [req-2a4eeca5-5601-4e06-9aea-9cd04e565875 req-2a4eeca5-5601-4e06-9aea-9cd04e565875 ] Request (QuotasAdminTestJSON:test_get_updated_quotas): 200 GET http://10.180.1.21/identity/v3/domains?name=Default 0.083s
2025-12-02 03:25:14.761 66540 INFO tempest.lib.common.rest_client [req-805ac311-2fdb-4e6b-ad24-6a07226a0fe7 req-805ac311-2fdb-4e6b-ad24-6a07226a0fe7 ] Request (InstanceUsageAuditLogNegativeTestJSON:setUpClass): 200 GET http://10.180.1.21/identity/v3/roles 0.134s
2025-12-02 03:25:14.762 66496 INFO tempest.lib.common.rest_client [req-82189a7e-e2e9-4294-bebf-2919f4b6c1c2 req-82189a7e-e2e9-4294-bebf-2919f4b6c1c2 ] Request (TenantUsagesTestJSON:test_get_usage_tenant): 200 GET http://10.180.1.21/compute/v2.1/os-simple-tenant-usage/fbc031cefa30494ab6a891ed069213cc?start=2025-12-01T03%3A25%3A12.166536&end=2025-12-03T03%3A25%3A12.166536 2.595s
2025-12-02 03:25:14.784 66500 INFO tempest.lib.common.rest_client [req-c1d15cd2-67d1-4614-9652-4490839a0760 req-c1d15cd2-67d1-4614-9652-4490839a0760 ] Request (QuotasAdminTestJSON:test_get_updated_quotas): 201 POST http://10.180.1.21/identity/v3/users 0.083s
2025-12-02 03:25:14.819 66519 INFO tempest.lib.common.rest_client [req-eef2104a-1d2c-4f18-9a29-7e6e0c04458a req-eef2104a-1d2c-4f18-9a29-7e6e0c04458a ] Request (VolumesAssistedSnapshotsTest:test_volume_assisted_snapshot_create_delete): 200 GET http://10.180.1.21/compute/v2.1/servers/c44c253b-7ee9-4eb1-9d20-bd9882cf014b 2.508s
2025-12-02 03:25:14.894 66514 INFO tempest.lib.common.rest_client [req-f14bf37f-7dd0-4114-9455-85a9cab51bce req-f14bf37f-7dd0-4114-9455-85a9cab51bce ] Request (KeyPairsV210TestJSON:tearDownClass): 204 DELETE http://10.180.1.21/identity/v3/users/df477d3df1e04497a5fa1b2bc1ba22d2 0.258s
2025-12-02 03:25:14.909 66502 INFO tempest.lib.common.rest_client [req-b6143676-65c8-446e-9351-a623ec800508 req-b6143676-65c8-446e-9351-a623ec800508 ] Request (VolumesAdminNegativeTest:test_update_attached_volume_with_nonexistent_volume_in_uri): 200 GET http://10.180.1.21/compute/v2.1/servers/81ff7d5d-efd2-4b43-8cec-17e732c16ea8 2.185s
2025-12-02 03:25:14.945 66540 INFO tempest.lib.common.rest_client [req-c14ab4b8-315c-45c7-8880-7c99d95c7070 req-c14ab4b8-315c-45c7-8880-7c99d95c7070 ] Request (InstanceUsageAuditLogNegativeTestJSON:setUpClass): 204 PUT http://10.180.1.21/identity/v3/projects/4e26b9fc304b455587a2dc615ffdc5b6/users/c0b020fd099f4281bc4fbdae5a36c807/roles/7508c357cf20456a8e7de310b3576f8b 0.183s
2025-12-02 03:25:14.945 66540 INFO tempest.lib.common.dynamic_creds [-] Dynamic test user c0b020fd099f4281bc4fbdae5a36c807 is created with scope project and roles: ['admin']
2025-12-02 03:25:14.945 66540 INFO tempest.lib.common.dynamic_creds [-] Acquired dynamic creds: credentials: Credentials: {'domain_id': 'default', 'domain_name': 'Default', 'username': 'tempest-InstanceUsageAuditLogNegativeTestJSON-259379162-project-admin', 'project_domain_id': 'default', 'project_domain_name': 'Default', 'project_id': '4e26b9fc304b455587a2dc615ffdc5b6', 'project_name': 'tempest-InstanceUsageAuditLogNegativeTestJSON-259379162', 'tenant_id': '4e26b9fc304b455587a2dc615ffdc5b6', 'tenant_name': 'tempest-InstanceUsageAuditLogNegativeTestJSON-259379162', 'user_domain_id': 'default', 'user_domain_name': 'Default', 'user_id': 'c0b020fd099f4281bc4fbdae5a36c807', 'system': None}, Network: None, Subnet: None, Router: None
2025-12-02 03:25:14.945 66540 INFO tempest.lib.common.dynamic_creds [-] Created isolated network resources for: credentials: Credentials: {'domain_id': 'default', 'domain_name': 'Default', 'username': 'tempest-InstanceUsageAuditLogNegativeTestJSON-259379162-project-admin', 'project_domain_id': 'default', 'project_domain_name': 'Default', 'project_id': '4e26b9fc304b455587a2dc615ffdc5b6', 'project_name': 'tempest-InstanceUsageAuditLogNegativeTestJSON-259379162', 'tenant_id': '4e26b9fc304b455587a2dc615ffdc5b6', 'tenant_name': 'tempest-InstanceUsageAuditLogNegativeTestJSON-259379162', 'user_domain_id': 'default', 'user_domain_name': 'Default', 'user_id': 'c0b020fd099f4281bc4fbdae5a36c807', 'system': None}, Network: None, Subnet: None, Router: None
2025-12-02 03:25:15.011 66500 INFO tempest.lib.common.rest_client [req-95136fe3-8166-487b-befa-b9b3d5f94325 req-95136fe3-8166-487b-befa-b9b3d5f94325 ] Request (QuotasAdminTestJSON:test_get_updated_quotas): 200 GET http://10.180.1.21/identity/v3/domains?name=Default 0.226s
2025-12-02 03:25:15.075 66514 INFO tempest.lib.common.rest_client [req-128c32a2-7f64-4a78-9e66-e9573b5d47c6 req-128c32a2-7f64-4a78-9e66-e9573b5d47c6 ] Request (KeyPairsV210TestJSON:tearDownClass): 204 DELETE http://10.180.1.21/identity/v3/users/8b55dc9c57eb46b992d5a3bce48a1158 0.181s
2025-12-02 03:25:15.076 66514 INFO tempest.lib.common.dynamic_creds [-] Deleting project and security group for project: fd53f9b14d3c4042b2976bd00de54386
2025-12-02 03:25:15.111 66540 INFO tempest.lib.common.rest_client [req-8bef1e1e-1dcb-4bcf-a84d-6381eb395f25 req-8bef1e1e-1dcb-4bcf-a84d-6381eb395f25 ] Request (InstanceUsageAuditLogNegativeTestJSON:setUpClass): 201 POST http://10.180.1.21/identity/v3/auth/tokens 0.161s
2025-12-02 03:25:15.162 66514 INFO tempest.lib.common.rest_client [req-75ca72c8-01fe-4bd9-ab7a-8e0c3f6f08e9 req-75ca72c8-01fe-4bd9-ab7a-8e0c3f6f08e9 ] Request (KeyPairsV210TestJSON:tearDownClass): 201 POST http://10.180.1.21/identity/v3/auth/tokens 0.086s
2025-12-02 03:25:15.451 66544 INFO tempest.lib.common.rest_client [req-490e97ed-f2c9-4837-8a6f-f8abfb51e6a8 req-490e97ed-f2c9-4837-8a6f-f8abfb51e6a8 ] Request (DeleteServersAdminTestJSON:test_admin_delete_servers_of_others): 200 GET http://10.180.1.21/compute/v2.1/servers/58ee7e95-9231-43cc-a2ee-4e425a96878a 2.724s
2025-12-02 03:25:15.691 66514 INFO tempest.lib.common.rest_client [req-bcf304f5-62ca-42b7-9558-e599ec859f8e req-bcf304f5-62ca-42b7-9558-e599ec859f8e ] Request (KeyPairsV210TestJSON:tearDownClass): 200 GET http://10.180.1.21/networking/v2.0/security-groups?tenant_id=fd53f9b14d3c4042b2976bd00de54386&name=default 0.528s
2025-12-02 03:25:15.739 66546 INFO tempest.lib.common.rest_client [req-59ad70cf-3798-436b-b9ae-3fbfef3073d2 req-59ad70cf-3798-436b-b9ae-3fbfef3073d2 ] Request (ListServersNegativeTestJSON:setUpClass): 200 GET http://10.180.1.21/compute/v2.1/servers/3b875883-c4ec-4dda-bed7-bd5b339f5487 2.852s
2025-12-02 03:25:15.918 66514 INFO tempest.lib.common.rest_client [req-4738cded-f3cb-42e2-bced-7ad00091fc2b req-4738cded-f3cb-42e2-bced-7ad00091fc2b ] Request (KeyPairsV210TestJSON:tearDownClass): 204 DELETE http://10.180.1.21/networking/v2.0/security-groups/7119b733-e540-4403-aab1-fae031594a25 0.227s
2025-12-02 03:25:16.028 66514 INFO tempest.lib.common.rest_client [req-bf41b17e-266f-429f-8927-895932223296 req-bf41b17e-266f-429f-8927-895932223296 ] Request (KeyPairsV210TestJSON:tearDownClass): 204 DELETE http://10.180.1.21/identity/v3/projects/fd53f9b14d3c4042b2976bd00de54386 0.109s
2025-12-02 03:25:16.028 66514 INFO tempest.lib.common.dynamic_creds [-] Deleting project and security group for project: f2cb97cbeda048a5bf86cbba7864091c
2025-12-02 03:25:16.194 66498 INFO tempest.lib.common.rest_client [req-782fcc71-515a-4891-a256-8112afffbf69 req-782fcc71-515a-4891-a256-8112afffbf69 ] Request (FloatingIPsAssociationTestJSON:setUpClass): 202 POST http://10.180.1.21/compute/v2.1/servers 3.521s
2025-12-02 03:25:16.279 66514 INFO tempest.lib.common.rest_client [req-ef5cf6b5-255c-434e-a3c5-f687576b5408 req-ef5cf6b5-255c-434e-a3c5-f687576b5408 ] Request (KeyPairsV210TestJSON:tearDownClass): 200 GET http://10.180.1.21/networking/v2.0/security-groups?tenant_id=f2cb97cbeda048a5bf86cbba7864091c&name=default 0.250s
2025-12-02 03:25:16.336 66494 INFO tempest.lib.common.rest_client [req-025fc8be-4e35-46c9-8d8b-1fb99dbf6dcd req-025fc8be-4e35-46c9-8d8b-1fb99dbf6dcd ] Request (SecurityGroupsNegativeTestJSON:test_delete_the_default_security_group): 200 GET http://10.180.1.21/compute/v2.1/os-security-groups 3.454s
2025-12-02 03:25:16.465 66514 INFO tempest.lib.common.rest_client [req-4c6fcd29-46f0-4f47-a413-966fd05a207d req-4c6fcd29-46f0-4f47-a413-966fd05a207d ] Request (KeyPairsV210TestJSON:tearDownClass): 204 DELETE http://10.180.1.21/networking/v2.0/security-groups/58171210-4834-4a98-890d-d41201246f59 0.186s
2025-12-02 03:25:16.503 66522 INFO tempest.lib.common.rest_client [req-9e9822d4-bda7-4fb0-b23b-7fba105b9be2 req-9e9822d4-bda7-4fb0-b23b-7fba105b9be2 ] Request (MigrationsAdminTest:test_list_migrations_in_flavor_resize_situation): 200 GET http://10.180.1.21/compute/v2.1/servers/960302c4-7a5e-485c-ab0a-0165a87a61ae 3.400s
2025-12-02 03:25:16.510 66522 INFO tempest.common.waiters [-] State transition "BUILD/spawning" ==> "ACTIVE/None" after 25 second wait
2025-12-02 03:25:16.586 66514 INFO tempest.lib.common.rest_client [req-ffa57922-5acb-49a4-b4ab-ec3480366e22 req-ffa57922-5acb-49a4-b4ab-ec3480366e22 ] Request (KeyPairsV210TestJSON:tearDownClass): 204 DELETE http://10.180.1.21/identity/v3/projects/f2cb97cbeda048a5bf86cbba7864091c 0.120s
2025-12-02 03:25:16.665 66514 INFO tempest.lib.common.rest_client [req-966a3cf5-de50-4701-8ba3-57194aa61a40 req-966a3cf5-de50-4701-8ba3-57194aa61a40 ] Request (ServersAdminNegativeTestJSON:setUpClass): 201 POST http://10.180.1.21/identity/v3/auth/tokens 0.075s
2025-12-02 03:25:16.683 66532 INFO tempest.lib.common.rest_client [req-e977ab5c-6afc-4064-b340-87b4abfd3fb3 req-e977ab5c-6afc-4064-b340-87b4abfd3fb3 ] Request (HypervisorAdminNegativeTestJSON:test_get_hypervisor_uptime_with_non_admin_user): 200 GET http://10.180.1.21/compute/v2.1/os-hypervisors 3.156s
2025-12-02 03:25:16.707 66506 INFO tempest.lib.common.rest_client [req-7a964c72-c07e-47bb-acac-ca6c80f5c7ee req-7a964c72-c07e-47bb-acac-ca6c80f5c7ee ] Request (ServerDiskConfigTestJSON:test_rebuild_server_with_auto_disk_config): 200 GET http://10.180.1.21/compute/v2.1/servers/b6c48ae0-232e-4ead-9be9-43dbef0942b8 3.368s
2025-12-02 03:25:16.708 66514 INFO tempest.lib.common.rest_client [req-33ccf870-5cc8-48c5-98ef-55d1a03aa25e req-33ccf870-5cc8-48c5-98ef-55d1a03aa25e ] Request (ServersAdminNegativeTestJSON:setUpClass): 201 POST http://10.180.1.21/identity/v3/auth/tokens 0.040s
2025-12-02 03:25:16.716 66506 INFO tempest.common.waiters [-] State transition "BUILD/spawning" ==> "ACTIVE/None" after 24 second wait
2025-12-02 03:25:16.743 66514 INFO tempest.lib.common.rest_client [req-43aa0c75-0e51-4bc1-80cd-71a0d33448b5 req-43aa0c75-0e51-4bc1-80cd-71a0d33448b5 ] Request (ServersAdminNegativeTestJSON:setUpClass): 200 GET http://10.180.1.21/identity/v3/domains?name=Default 0.034s
2025-12-02 03:25:16.780 66514 INFO tempest.lib.common.rest_client [req-28664aaa-b899-421a-9812-a2f32cb8d91c req-28664aaa-b899-421a-9812-a2f32cb8d91c ] Request (ServersAdminNegativeTestJSON:setUpClass): 201 POST http://10.180.1.21/identity/v3/projects 0.036s
2025-12-02 03:25:16.800 66548 INFO tempest.lib.common.rest_client [req-56f30bdc-dd45-473e-8f99-67b1f3304e56 req-56f30bdc-dd45-473e-8f99-67b1f3304e56 ] Request (ServersAdminTestJSON:setUpClass): 200 GET http://10.180.1.21/compute/v2.1/servers/c9998bb8-9f68-40b1-b7bc-d79c27a18333 3.217s
2025-12-02 03:25:16.833 66524 INFO tempest.lib.common.rest_client [req-b4e2bece-354d-4095-b3c4-10df3bf7af93 req-b4e2bece-354d-4095-b3c4-10df3bf7af93 ] Request (ServerExternalEventsTest:test_create_server_external_events): 200 POST http://10.180.1.21/compute/v2.1/os-server-external-events 2.974s
2025-12-02 03:25:16.875 66514 INFO tempest.lib.common.rest_client [req-53a38847-d6e2-46f6-9a4f-57b97a085941 req-53a38847-d6e2-46f6-9a4f-57b97a085941 ] Request (ServersAdminNegativeTestJSON:setUpClass): 201 POST http://10.180.1.21/identity/v3/users 0.095s
2025-12-02 03:25:16.906 66514 INFO tempest.lib.common.rest_client [req-e178593e-8a4d-4129-bf77-36771248843f req-e178593e-8a4d-4129-bf77-36771248843f ] Request (ServersAdminNegativeTestJSON:setUpClass): 200 GET http://10.180.1.21/identity/v3/roles 0.030s
2025-12-02 03:25:16.942 66514 INFO tempest.lib.common.rest_client [req-573f216d-1eec-48ac-b680-9ce69c0b6809 req-573f216d-1eec-48ac-b680-9ce69c0b6809 ] Request (ServersAdminNegativeTestJSON:setUpClass): 204 PUT http://10.180.1.21/identity/v3/projects/16b55ece17304d8dac4368954252f1a6/users/c18082ff54f549ed91569778ed9bdfcb/roles/a75aeef6630741299aadfb4de335e5cc 0.036s
2025-12-02 03:25:16.942 66514 INFO tempest.lib.common.dynamic_creds [-] Dynamic test user c18082ff54f549ed91569778ed9bdfcb is created with scope project and roles: ['member']
2025-12-02 03:25:16.942 66514 INFO tempest.lib.common.dynamic_creds [-] Acquired dynamic creds: credentials: Credentials: {'domain_id': 'default', 'domain_name': 'Default', 'username': 'tempest-ServersAdminNegativeTestJSON-1386696782-project-member', 'project_domain_id': 'default', 'project_domain_name': 'Default', 'project_id': '16b55ece17304d8dac4368954252f1a6', 'project_name': 'tempest-ServersAdminNegativeTestJSON-1386696782', 'tenant_id': '16b55ece17304d8dac4368954252f1a6', 'tenant_name': 'tempest-ServersAdminNegativeTestJSON-1386696782', 'user_domain_id': 'default', 'user_domain_name': 'Default', 'user_id': 'c18082ff54f549ed91569778ed9bdfcb', 'system': None}, Network: None, Subnet: None, Router: None
2025-12-02 03:25:16.943 66514 INFO tempest.lib.common.dynamic_creds [-] Created isolated network resources for: credentials: Credentials: {'domain_id': 'default', 'domain_name': 'Default', 'username': 'tempest-ServersAdminNegativeTestJSON-1386696782-project-member', 'project_domain_id': 'default', 'project_domain_name': 'Default', 'project_id': '16b55ece17304d8dac4368954252f1a6', 'project_name': 'tempest-ServersAdminNegativeTestJSON-1386696782', 'tenant_id': '16b55ece17304d8dac4368954252f1a6', 'tenant_name': 'tempest-ServersAdminNegativeTestJSON-1386696782', 'user_domain_id': 'default', 'user_domain_name': 'Default', 'user_id': 'c18082ff54f549ed91569778ed9bdfcb', 'system': None}, Network: None, Subnet: None, Router: None
2025-12-02 03:25:17.025 66514 INFO tempest.lib.common.rest_client [req-e610ae6b-335b-4215-a7f7-35628741b349 req-e610ae6b-335b-4215-a7f7-35628741b349 ] Request (ServersAdminNegativeTestJSON:setUpClass): 201 POST http://10.180.1.21/identity/v3/auth/tokens 0.078s
2025-12-02 03:25:17.036 66486 INFO tempest.lib.common.rest_client [req-c04e55cd-b1f4-4a4f-a563-6859c11c627f req-c04e55cd-b1f4-4a4f-a563-6859c11c627f ] Request (SecurityGroupsTestAdminJSON:test_list_security_groups_list_all_tenants_filter): 200 POST http://10.180.1.21/compute/v2.1/os-security-groups 2.811s
2025-12-02 03:25:17.108 66514 INFO tempest.lib.common.rest_client [req-7fca7101-06e4-4fbe-a50b-2aa236362eac req-7fca7101-06e4-4fbe-a50b-2aa236362eac ] Request (ServersAdminNegativeTestJSON:setUpClass): 201 POST http://10.180.1.21/identity/v3/projects 0.083s
2025-12-02 03:25:17.179 66514 INFO tempest.lib.common.rest_client [req-1cca14d9-3cfb-4c06-bb0a-b84fc74f1bb3 req-1cca14d9-3cfb-4c06-bb0a-b84fc74f1bb3 ] Request (ServersAdminNegativeTestJSON:setUpClass): 201 POST http://10.180.1.21/identity/v3/users 0.070s
2025-12-02 03:25:17.186 66520 INFO tempest.lib.common.rest_client [req-3788e0b0-8aff-46f3-83d3-9837508a9a10 req-3788e0b0-8aff-46f3-83d3-9837508a9a10 ] Request (ImagesNegativeTestJSON:test_create_image_from_deleted_server): 200 GET http://10.180.1.21/compute/v2.1/servers/9f9b84dd-c95f-463f-8e80-fa26d398038b 2.973s
2025-12-02 03:25:17.204 66542 INFO tempest.lib.common.rest_client [req-62891094-9770-4678-931c-819fb50c552c req-62891094-9770-4678-931c-819fb50c552c ] Request (FlavorsAdminTestJSON:test_create_flavor_with_int_id): 200 POST http://10.180.1.21/compute/v2.1/flavors 2.907s
2025-12-02 03:25:17.209 66514 INFO tempest.lib.common.rest_client [req-90df63c2-e28d-4b2e-a6f9-97067d02d97a req-90df63c2-e28d-4b2e-a6f9-97067d02d97a ] Request (ServersAdminNegativeTestJSON:setUpClass): 200 GET http://10.180.1.21/identity/v3/roles 0.029s
2025-12-02 03:25:17.233 66528 INFO tempest.lib.common.rest_client [req-6c285565-0237-493c-bea6-4ed0b317f013 req-6c285565-0237-493c-bea6-4ed0b317f013 ] Request (ServersTestManualDisk:setUpClass): 200 GET http://10.180.1.21/compute/v2.1/servers/13b2ae8a-475a-48cd-bb44-da04329d71c1/os-interface 2.961s
2025-12-02 03:25:17.233 66512 INFO tempest.lib.common.rest_client [req-53c7e901-e950-4fd4-bf85-878922a9fd57 req-53c7e901-e950-4fd4-bf85-878922a9fd57 ] Request (FlavorsExtraSpecsTestJSON:test_flavor_set_get_update_show_unset_keys): 200 PUT http://10.180.1.21/compute/v2.1/flavors/1062381246/os-extra_specs/hw:numa_nodes 2.927s
2025-12-02 03:25:17.245 66514 INFO tempest.lib.common.rest_client [req-263d7bac-78f1-4673-b5b0-d9f2aa932b6f req-263d7bac-78f1-4673-b5b0-d9f2aa932b6f ] Request (ServersAdminNegativeTestJSON:setUpClass): 204 PUT http://10.180.1.21/identity/v3/projects/fe7d5710539a42c89d39bfb6e813afba/users/8d6cf7137c5d4febb09f1acb97795ba1/roles/7508c357cf20456a8e7de310b3576f8b 0.035s
2025-12-02 03:25:17.255 66538 INFO tempest.lib.common.rest_client [req-91b0bf5d-a330-4bec-aea6-f87a9b60d116 req-91b0bf5d-a330-4bec-aea6-f87a9b60d116 ] Request (HostsAdminTestJSON:test_list_hosts_with_zone): 200 GET http://10.180.1.21/compute/v2.1/os-hosts?zone=internal 2.885s
2025-12-02 03:25:17.306 66514 INFO tempest.lib.common.rest_client [req-9d9ab348-ca19-41d4-bae8-94ff29267cb2 req-9d9ab348-ca19-41d4-bae8-94ff29267cb2 ] Request (ServersAdminNegativeTestJSON:setUpClass): 200 GET http://10.180.1.21/identity/v3/roles 0.060s
2025-12-02 03:25:17.328 66514 INFO tempest.lib.common.rest_client [req-54eb45c5-2225-47fb-9aa2-4cea82c37728 req-54eb45c5-2225-47fb-9aa2-4cea82c37728 ] Request (ServersAdminNegativeTestJSON:setUpClass): 204 PUT http://10.180.1.21/identity/v3/projects/fe7d5710539a42c89d39bfb6e813afba/users/8d6cf7137c5d4febb09f1acb97795ba1/roles/7508c357cf20456a8e7de310b3576f8b 0.022s
2025-12-02 03:25:17.329 66514 INFO tempest.lib.common.dynamic_creds [-] Dynamic test user 8d6cf7137c5d4febb09f1acb97795ba1 is created with scope project and roles: ['admin']
2025-12-02 03:25:17.329 66514 INFO tempest.lib.common.dynamic_creds [-] Acquired dynamic creds: credentials: Credentials: {'domain_id': 'default', 'domain_name': 'Default', 'username': 'tempest-ServersAdminNegativeTestJSON-718086302-project-admin', 'project_domain_id': 'default', 'project_domain_name': 'Default', 'project_id': 'fe7d5710539a42c89d39bfb6e813afba', 'project_name': 'tempest-ServersAdminNegativeTestJSON-718086302', 'tenant_id': 'fe7d5710539a42c89d39bfb6e813afba', 'tenant_name': 'tempest-ServersAdminNegativeTestJSON-718086302', 'user_domain_id': 'default', 'user_domain_name': 'Default', 'user_id': '8d6cf7137c5d4febb09f1acb97795ba1', 'system': None}, Network: None, Subnet: None, Router: None
2025-12-02 03:25:17.329 66514 INFO tempest.lib.common.dynamic_creds [-] Created isolated network resources for: credentials: Credentials: {'domain_id': 'default', 'domain_name': 'Default', 'username': 'tempest-ServersAdminNegativeTestJSON-718086302-project-admin', 'project_domain_id': 'default', 'project_domain_name': 'Default', 'project_id': 'fe7d5710539a42c89d39bfb6e813afba', 'project_name': 'tempest-ServersAdminNegativeTestJSON-718086302', 'tenant_id': 'fe7d5710539a42c89d39bfb6e813afba', 'tenant_name': 'tempest-ServersAdminNegativeTestJSON-718086302', 'user_domain_id': 'default', 'user_domain_name': 'Default', 'user_id': '8d6cf7137c5d4febb09f1acb97795ba1', 'system': None}, Network: None, Subnet: None, Router: None
2025-12-02 03:25:17.381 66504 INFO tempest.lib.common.rest_client [req-4efe8997-4e04-44c4-ae2d-3067aae9cf2e req-4efe8997-4e04-44c4-ae2d-3067aae9cf2e ] Request (ServerDiagnosticsNegativeTest:tearDownClass): 204 DELETE http://10.180.1.21/compute/v2.1/servers/36e13888-8757-4af1-9f38-aefa288ed34d 2.883s
2025-12-02 03:25:17.409 66488 INFO tempest.lib.common.rest_client [req-1e704ef2-af6a-4f0c-8d57-4ffd0eaa7a2c req-1e704ef2-af6a-4f0c-8d57-4ffd0eaa7a2c ] Request (AggregatesAdminNegativeTestJSON:test_aggregate_add_host_as_user): 403 POST http://10.180.1.21/compute/v2.1/os-aggregates/2/action 3.066s
2025-12-02 03:25:17.412 66510 INFO tempest.lib.common.rest_client [req-b2d7717b-fa41-473f-b787-efa311b20042 req-b2d7717b-fa41-473f-b787-efa311b20042 ] Request (ServersWithSpecificFlavorTestJSON:test_verify_created_server_ephemeral_disk): 200 POST http://10.180.1.21/compute/v2.1/flavors/1806690527/os-extra_specs 2.907s
2025-12-02 03:25:17.416 66508 INFO tempest.lib.common.rest_client [req-6cc1ac8c-0b7f-4e18-960c-ca258d33d4d6 req-6cc1ac8c-0b7f-4e18-960c-ca258d33d4d6 ] Request (HostsAdminNegativeTestJSON:test_update_host_with_invalid_status): 400 PUT http://10.180.1.21/compute/v2.1/os-hosts/devstack 2.904s
2025-12-02 03:25:17.422 66526 INFO tempest.lib.common.rest_client [req-8c08282e-5544-459f-bcc7-6ed4fa89ee33 req-8c08282e-5544-459f-bcc7-6ed4fa89ee33 ] Request (FlavorsExtraSpecsNegativeTestJSON:test_flavor_update_mismatch_key): 400 PUT http://10.180.1.21/compute/v2.1/flavors/550637671/os-extra_specs/hw:numa_nodes 2.902s
2025-12-02 03:25:17.432 66514 INFO tempest.lib.common.rest_client [req-9ce76c66-2f02-48a7-a391-0714e31d3a80 req-9ce76c66-2f02-48a7-a391-0714e31d3a80 ] Request (ServersAdminNegativeTestJSON:setUpClass): 201 POST http://10.180.1.21/identity/v3/auth/tokens 0.099s
2025-12-02 03:25:17.433 66514 WARNING tempest.lib.common.rest_client [-] Deprecated: "tenant_id" property is deprecated for removal, use "project_id" instead
2025-12-02 03:25:17.439 66492 INFO tempest.lib.common.rest_client [req-88c1b8a3-035c-494d-aaed-f43a5a1cb17b req-88c1b8a3-035c-494d-aaed-f43a5a1cb17b ] Request (FlavorsAccessNegativeTestJSON:test_flavor_access_list_with_public_flavor): 404 GET http://10.180.1.21/compute/v2.1/flavors/1797510068/os-flavor-access 2.789s
2025-12-02 03:25:17.470 66496 INFO tempest.lib.common.rest_client [req-952f8a2f-4688-4fde-97fe-07ccefec69bf req-952f8a2f-4688-4fde-97fe-07ccefec69bf ] Request (TenantUsagesTestJSON:test_get_usage_tenant_with_non_admin_user): 200 GET http://10.180.1.21/compute/v2.1/os-simple-tenant-usage/fbc031cefa30494ab6a891ed069213cc?start=2025-12-01T03%3A25%3A12.166536&end=2025-12-03T03%3A25%3A12.166536 2.698s
2025-12-02 03:25:17.520 66514 INFO tempest.lib.common.rest_client [req-21fadb2c-5ecd-4b2c-ae5b-27d4a6b0ad4c req-21fadb2c-5ecd-4b2c-ae5b-27d4a6b0ad4c ] Request (ServersAdminNegativeTestJSON:setUpClass): 201 POST http://10.180.1.21/identity/v3/auth/tokens 0.083s
2025-12-02 03:25:17.521 66514 INFO tempest.lib.common.fixed_network [-] (ServersAdminNegativeTestJSON:setUpClass) Found network None available for tenant
2025-12-02 03:25:17.680 66500 INFO tempest.lib.common.rest_client [req-372829c9-833e-469e-94ff-46c5d2785d4d req-372829c9-833e-469e-94ff-46c5d2785d4d ] Request (QuotasAdminTestJSON:test_get_updated_quotas): 200 PUT http://10.180.1.21/compute/v2.1/os-quota-sets/992610ab59fa49eba04e58191f436b14?user_id=72f869255cfb4d71a8ef376b12073885 2.669s
2025-12-02 03:25:17.759 66540 INFO tempest.lib.common.rest_client [req-2c1a9335-5bd5-4d31-8398-fdde0b346f78 req-2c1a9335-5bd5-4d31-8398-fdde0b346f78 ] Request (InstanceUsageAuditLogNegativeTestJSON:test_get_instance_usage_audit_logs_with_invalid_time): 400 GET http://10.180.1.21/compute/v2.1/os-instance_usage_audit_log/invalid_time 2.644s
2025-12-02 03:25:18.026 66528 INFO tempest.lib.common.rest_client [req-853bc598-a36d-4d8e-8a76-229902f51cbb req-853bc598-a36d-4d8e-8a76-229902f51cbb ] Request (ServersTestManualDisk:setUpClass): 200 PUT http://10.180.1.21/networking/v2.0/floatingips/391a0995-ec5e-4199-b617-996c050f2d65 0.790s
2025-12-02 03:25:18.050 66490 INFO tempest.lib.common.rest_client [req-14c740ac-7abe-4d2c-8ba4-4cbc6a23b16b req-14c740ac-7abe-4d2c-8ba4-4cbc6a23b16b ] Request (ImagesTestJSON:test_create_image_from_stopped_server): 200 GET http://10.180.1.21/compute/v2.1/servers/6b601db3-c316-4c90-8b22-0f5fd430cb08 3.524s
2025-12-02 03:25:18.163 66530 INFO tempest.lib.common.rest_client [req-d212a0cc-ef44-4839-a81e-7078eb18d72d req-d212a0cc-ef44-4839-a81e-7078eb18d72d ] Request (ImagesOneServerNegativeTestJSON:setUpClass): 200 GET http://10.180.1.21/compute/v2.1/servers/81b5e245-752a-4e81-adb9-25a78a3b974f 2.709s
2025-12-02 03:25:18.174 66530 INFO tempest.common.waiters [-] State transition "BUILD/scheduling" ==> "BUILD/None" after 4 second wait
2025-12-02 03:25:18.179 66536 INFO tempest.lib.common.rest_client [req-10256901-3973-4212-8e84-19ccc179a618 req-10256901-3973-4212-8e84-19ccc179a618 ] Request (AttachInterfacesUnderV243Test:test_add_remove_fixed_ip): 200 GET http://10.180.1.21/compute/v2.1/servers/05d94242-4ca1-49b4-8a3a-85d110c40320 2.752s
2025-12-02 03:25:18.188 66536 INFO tempest.common.waiters [-] State transition "BUILD/spawning" ==> "ACTIVE/None" after 16 second wait
2025-12-02 03:25:18.305 66502 INFO tempest.lib.common.rest_client [req-17be92b1-f7d4-4e73-b0c2-a29478403f99 req-17be92b1-f7d4-4e73-b0c2-a29478403f99 ] Request (VolumesAdminNegativeTest:test_update_attached_volume_with_nonexistent_volume_in_uri): 200 GET http://10.180.1.21/compute/v2.1/servers/81ff7d5d-efd2-4b43-8cec-17e732c16ea8 2.384s
2025-12-02 03:25:18.314 66502 INFO tempest.common.waiters [-] State transition "BUILD/scheduling" ==> "BUILD/None" after 4 second wait
2025-12-02 03:25:18.385 66519 INFO tempest.lib.common.rest_client [req-d531ae2a-15c5-4e36-8c7b-bdafc42ab699 req-d531ae2a-15c5-4e36-8c7b-bdafc42ab699 ] Request (VolumesAssistedSnapshotsTest:test_volume_assisted_snapshot_create_delete): 200 GET http://10.180.1.21/compute/v2.1/servers/c44c253b-7ee9-4eb1-9d20-bd9882cf014b 2.556s
2025-12-02 03:25:18.434 66498 INFO tempest.lib.common.rest_client [req-00c769b9-e7c5-4537-9365-e380b856e996 req-00c769b9-e7c5-4537-9365-e380b856e996 ] Request (FloatingIPsAssociationTestJSON:setUpClass): 200 GET http://10.180.1.21/compute/v2.1/servers/96c17790-9f52-422c-b67c-034b00183281 2.237s
2025-12-02 03:25:18.590 66494 INFO tempest.lib.common.rest_client [req-a7f9b701-0e0e-448d-a0d7-59f7d858936c req-a7f9b701-0e0e-448d-a0d7-59f7d858936c ] Request (SecurityGroupsNegativeTestJSON:test_delete_the_default_security_group): 400 DELETE http://10.180.1.21/compute/v2.1/os-security-groups/422a0bff-dd90-43ef-a177-69f305f91cc6 2.249s
2025-12-02 03:25:18.614 66544 INFO tempest.lib.common.rest_client [req-a8c491b6-44db-4775-ae04-9eadbc843259 req-a8c491b6-44db-4775-ae04-9eadbc843259 ] Request (DeleteServersAdminTestJSON:test_admin_delete_servers_of_others): 200 GET http://10.180.1.21/compute/v2.1/servers/58ee7e95-9231-43cc-a2ee-4e425a96878a 2.149s
2025-12-02 03:25:18.622 66532 INFO tempest.lib.common.rest_client [req-2cea2403-e476-4fb9-a6ed-eb08a13366a8 req-2cea2403-e476-4fb9-a6ed-eb08a13366a8 ] Request (HypervisorAdminNegativeTestJSON:test_get_hypervisor_uptime_with_non_admin_user): 403 GET http://10.180.1.21/compute/v2.1/os-hypervisors/1/uptime 1.937s
2025-12-02 03:25:18.624 66544 INFO tempest.common.waiters [-] State transition "ACTIVE/deleting" ==> "DELETED/None" after 3 second wait
2025-12-02 03:25:18.799 66506 INFO tempest.lib.common.rest_client [req-7bafc6bd-bdbf-4016-8dbf-e1c96a9eb9d8 req-7bafc6bd-bdbf-4016-8dbf-e1c96a9eb9d8 ] Request (ServerDiskConfigTestJSON:test_rebuild_server_with_auto_disk_config): 200 GET http://10.180.1.21/compute/v2.1/servers/b6c48ae0-232e-4ead-9be9-43dbef0942b8 2.082s
2025-12-02 03:25:18.905 66522 INFO tempest.lib.common.rest_client [req-91949373-5638-406a-bef8-b0f4804be502 req-91949373-5638-406a-bef8-b0f4804be502 ] Request (MigrationsAdminTest:test_list_migrations_in_flavor_resize_situation): 202 POST http://10.180.1.21/compute/v2.1/servers/960302c4-7a5e-485c-ab0a-0165a87a61ae/action 2.394s
2025-12-02 03:25:18.965 66546 INFO tempest.lib.common.rest_client [req-df740021-d8b6-4567-a339-e37026a0ba0a req-df740021-d8b6-4567-a339-e37026a0ba0a ] Request (ListServersNegativeTestJSON:setUpClass): 200 GET http://10.180.1.21/compute/v2.1/servers/3b875883-c4ec-4dda-bed7-bd5b339f5487 2.208s
2025-12-02 03:25:18.979 66546 INFO tempest.common.waiters [-] State transition "BUILD/None" ==> "BUILD/block_device_mapping" after 3 second wait
2025-12-02 03:25:19.008 66524 INFO tempest.lib.common.rest_client [req-843a60ac-2696-4de2-b5d5-86b5d3e51884 req-843a60ac-2696-4de2-b5d5-86b5d3e51884 ] Request (ServerExternalEventsTest:tearDownClass): 204 DELETE http://10.180.1.21/compute/v2.1/servers/d9955da8-b7ad-468c-9ca2-25f2d8935964 2.172s
2025-12-02 03:25:19.036 66542 INFO tempest.lib.common.rest_client [req-592f355e-6872-43e2-a38e-bdcf38fe1152 req-592f355e-6872-43e2-a38e-bdcf38fe1152 ] Request (FlavorsAdminTestJSON:_run_cleanups): 202 DELETE http://10.180.1.21/compute/v2.1/flavors/508213542 1.830s
2025-12-02 03:25:19.052 66512 INFO tempest.lib.common.rest_client [req-bc59345d-577d-4653-9780-2f1145ec4673 req-bc59345d-577d-4653-9780-2f1145ec4673 ] Request (FlavorsExtraSpecsTestJSON:test_flavor_set_get_update_show_unset_keys): 200 GET http://10.180.1.21/compute/v2.1/flavors/1062381246/os-extra_specs 1.818s
2025-12-02 03:25:19.082 66538 INFO tempest.lib.common.rest_client [req-a6d37d7c-edff-4f3c-a7e4-3143037a280a req-a6d37d7c-edff-4f3c-a7e4-3143037a280a ] Request (HostsAdminTestJSON:test_show_host_detail): 200 GET http://10.180.1.21/compute/v2.1/os-hosts 1.824s
2025-12-02 03:25:19.432 66486 INFO tempest.lib.common.rest_client [req-95ea21d0-9c73-4eab-aba7-eed66b907747 req-95ea21d0-9c73-4eab-aba7-eed66b907747 ] Request (SecurityGroupsTestAdminJSON:test_list_security_groups_list_all_tenants_filter): 200 POST http://10.180.1.21/compute/v2.1/os-security-groups 2.392s
2025-12-02 03:25:19.458 66488 INFO tempest.lib.common.rest_client [req-efcef225-0eda-44bf-bfaa-1e804092af76 req-efcef225-0eda-44bf-bfaa-1e804092af76 ] Request (AggregatesAdminNegativeTestJSON:_run_cleanups): 200 DELETE http://10.180.1.21/compute/v2.1/os-aggregates/2 2.048s
2025-12-02 03:25:19.501 66510 INFO tempest.lib.common.rest_client [req-b3c957de-8632-4bea-a91d-c72e146179e5 req-b3c957de-8632-4bea-a91d-c72e146179e5 ] Request (ValidationResourcesFixture:setUp): 200 POST http://10.180.1.21/compute/v2.1/os-keypairs 2.083s
2025-12-02 03:25:19.508 66508 INFO tempest.lib.common.rest_client [req-263228f6-3bb7-4686-8b67-68084880e321 req-263228f6-3bb7-4686-8b67-68084880e321 ] Request (HostsAdminNegativeTestJSON:test_update_host_with_non_admin_user): 403 PUT http://10.180.1.21/compute/v2.1/os-hosts/devstack 2.090s
2025-12-02 03:25:19.512 66526 INFO tempest.lib.common.rest_client [req-84193bf7-d223-434c-8178-3be2e5fdd594 req-84193bf7-d223-434c-8178-3be2e5fdd594 ] Request (FlavorsExtraSpecsNegativeTestJSON:test_flavor_update_more_key): 400 PUT http://10.180.1.21/compute/v2.1/flavors/550637671/os-extra_specs/hw:numa_nodes 2.089s
2025-12-02 03:25:19.538 66492 INFO tempest.lib.common.rest_client [req-c590d140-5a36-4778-bd3a-545007c23114 req-c590d140-5a36-4778-bd3a-545007c23114 ] Request (FlavorsAccessNegativeTestJSON:_run_cleanups): 202 DELETE http://10.180.1.21/compute/v2.1/flavors/1797510068 2.098s
2025-12-02 03:25:19.584 66496 INFO tempest.lib.common.rest_client [req-049ec63e-4908-4e25-9d5c-d132e30d8b1f req-049ec63e-4908-4e25-9d5c-d132e30d8b1f ] Request (TenantUsagesTestJSON:test_list_usage_all_tenants): 200 GET http://10.180.1.21/compute/v2.1/os-simple-tenant-usage?start=2025-12-01T03%3A25%3A12.166536&end=2025-12-03T03%3A25%3A12.166536&detailed=1 2.108s
2025-12-02 03:25:19.740 66510 INFO tempest.lib.common.rest_client [req-64b7b3c6-9cf8-4315-ba2f-8039cf99907e req-64b7b3c6-9cf8-4315-ba2f-8039cf99907e ] Request (ValidationResourcesFixture:setUp): 201 POST http://10.180.1.21/networking/v2.0/security-groups 0.237s
2025-12-02 03:25:19.852 66504 INFO tempest.lib.common.rest_client [req-37e48449-232b-4d66-a881-540744d17da0 req-37e48449-232b-4d66-a881-540744d17da0 ] Request (ServerDiagnosticsNegativeTest:tearDownClass): 200 GET http://10.180.1.21/compute/v2.1/servers/36e13888-8757-4af1-9f38-aefa288ed34d 2.470s
2025-12-02 03:25:19.918 66500 INFO tempest.lib.common.rest_client [req-35a8913c-28f2-4987-8158-dccf2bbf19bb req-35a8913c-28f2-4987-8158-dccf2bbf19bb ] Request (QuotasAdminTestJSON:test_get_updated_quotas): 200 GET http://10.180.1.21/compute/v2.1/os-quota-sets/992610ab59fa49eba04e58191f436b14?user_id=72f869255cfb4d71a8ef376b12073885 2.236s
2025-12-02 03:25:19.952 66510 INFO tempest.lib.common.rest_client [req-291669cc-d0dd-476b-866e-d156f71d94c0 req-291669cc-d0dd-476b-866e-d156f71d94c0 ] Request (ValidationResourcesFixture:setUp): 201 POST http://10.180.1.21/networking/v2.0/security-group-rules 0.211s
2025-12-02 03:25:19.992 66540 INFO tempest.lib.common.rest_client [req-e858452f-af2b-4d13-b581-ef258593e342 req-e858452f-af2b-4d13-b581-ef258593e342 ] Request (InstanceUsageAuditLogNegativeTestJSON:test_instance_usage_audit_logs_with_nonadmin_user): 403 GET http://10.180.1.21/compute/v2.1/os-instance_usage_audit_log 2.230s
2025-12-02 03:25:20.026 66500 INFO tempest.lib.common.rest_client [req-964ae50f-395f-4e28-9802-e6f2a9589afb req-964ae50f-395f-4e28-9802-e6f2a9589afb ] Request (QuotasAdminTestJSON:_run_cleanups): 204 DELETE http://10.180.1.21/identity/v3/users/72f869255cfb4d71a8ef376b12073885 0.105s
2025-12-02 03:25:20.123 66500 INFO tempest.lib.common.rest_client [req-db3621d9-de84-4706-93ec-c90ae79f9ee2 req-db3621d9-de84-4706-93ec-c90ae79f9ee2 ] Request (QuotasAdminTestJSON:_run_cleanups): 204 DELETE http://10.180.1.21/identity/v3/projects/992610ab59fa49eba04e58191f436b14 0.096s
2025-12-02 03:25:20.244 66510 INFO tempest.lib.common.rest_client [req-9a279b25-4588-4253-a4d0-9ba1e548c431 req-9a279b25-4588-4253-a4d0-9ba1e548c431 ] Request (ValidationResourcesFixture:setUp): 201 POST http://10.180.1.21/networking/v2.0/security-group-rules 0.292s
2025-12-02 03:25:20.311 66548 INFO tempest.lib.common.rest_client [req-10ba7534-d73a-48d4-ae9c-a2f1b1218cdb req-10ba7534-d73a-48d4-ae9c-a2f1b1218cdb ] Request (ServersAdminTestJSON:setUpClass): 200 GET http://10.180.1.21/compute/v2.1/servers/c9998bb8-9f68-40b1-b7bc-d79c27a18333 2.497s
2025-12-02 03:25:20.320 66548 INFO tempest.common.waiters [-] State transition "BUILD/scheduling" ==> "BUILD/None" after 4 second wait
2025-12-02 03:25:20.568 66514 INFO tempest.lib.common.rest_client [req-cdce6176-43bd-48f3-a907-06dbdb5ca758 req-cdce6176-43bd-48f3-a907-06dbdb5ca758 ] Request (ServersAdminNegativeTestJSON:setUpClass): 202 POST http://10.180.1.21/compute/v2.1/servers 3.046s
2025-12-02 03:25:20.780 66510 INFO tempest.lib.common.rest_client [req-8b87e424-555a-41e2-95c5-5037fe4e8897 req-8b87e424-555a-41e2-95c5-5037fe4e8897 ] Request (ValidationResourcesFixture:setUp): 201 POST http://10.180.1.21/networking/v2.0/floatingips 0.535s
2025-12-02 03:25:20.868 66510 INFO tempest.lib.common.rest_client [req-86e9fae3-30ba-47ed-b6f1-51dc5d65b331 req-86e9fae3-30ba-47ed-b6f1-51dc5d65b331 ] Request (ServersWithSpecificFlavorTestJSON:test_verify_created_server_ephemeral_disk): 201 POST http://10.180.1.21/identity/v3/auth/tokens 0.084s
