2025-12-02 03:28:47.146 66492 INFO tempest.lib.common.rest_client [req-102e6667-32be-47bd-8359-d2c84fb20f11 req-102e6667-32be-47bd-8359-d2c84fb20f11 ] Request (ServerMetadataTestJSON:tearDownClass): 200 GET http://10.180.1.21/compute/v2.1/servers/aae584ee-5d65-452e-91c3-c7e83f662543 0.074s
2025-12-02 03:28:47.205 66510 INFO tempest.lib.common.rest_client [req-56d70f91-990e-482e-ac71-00887786137f req-56d70f91-990e-482e-ac71-00887786137f ] Request (ServersWithSpecificFlavorTestJSON:test_verify_created_server_ephemeral_disk): 200 GET http://10.180.1.21/compute/v2.1/servers/0747291d-4ac0-4205-ace7-4ebd11f9e9b5 0.134s
2025-12-02 03:28:47.207 66519 INFO tempest.lib.common.rest_client [req-821ad130-71b1-4371-a565-9a9942c9007c req-821ad130-71b1-4371-a565-9a9942c9007c ] Request (ServerShowV247Test:test_update_rebuild_list_server): 200 GET http://10.180.1.21/compute/v2.1/servers/ae83591b-ba18-4eb5-a1de-bce9c4224fee 0.079s
2025-12-02 03:28:47.279 66526 INFO tempest.lib.common.rest_client [req-c2221f48-be34-4048-9fc9-d0eb97090c16 req-c2221f48-be34-4048-9fc9-d0eb97090c16 ] Request (ServersTestBootFromVolume:tearDownClass): 200 GET http://10.180.1.21/compute/v2.1/servers/100447f3-2da4-4a1f-bb6e-5783cb0821fa 0.101s
2025-12-02 03:28:47.279 66520 INFO tempest.lib.common.rest_client [req-1efa44b3-9ccb-4e7c-ba7f-79078e6e46ed req-1efa44b3-9ccb-4e7c-ba7f-79078e6e46ed ] Request (ImagesOneServerTestJSON:tearDownClass): 200 GET http://10.180.1.21/compute/v2.1/servers/1ed0f8ce-d32d-4983-9751-b7b4eb6bbfb9 0.099s
2025-12-02 03:28:47.332 66546 INFO tempest.lib.common.rest_client [req-35bfab26-2ed3-408c-8acc-08de5c2b252f req-35bfab26-2ed3-408c-8acc-08de5c2b252f ] Request (ServerActionsTestOtherB:setUpClass): 200 GET http://10.180.1.21/compute/v2.1/servers/340051fd-17a9-47eb-9fcc-3e08bd3942d7 0.108s
2025-12-02 03:28:47.349 66504 INFO tempest.lib.common.rest_client [req-7a380d90-a385-4aea-b29a-d18642a286b7 req-7a380d90-a385-4aea-b29a-d18642a286b7 ] Request (ListServerFiltersTestJSON:tearDownClass): 200 GET http://10.180.1.21/compute/v2.1/servers/124a3d95-a34b-4469-ac08-3688cf30d1d2 0.067s
2025-12-02 03:28:47.395 66530 INFO tempest.lib.common.rest_client [req-45139d25-eba8-4cba-a4eb-186ca3d38339 req-45139d25-eba8-4cba-a4eb-186ca3d38339 ] Request (ImagesOneServerNegativeTestJSON:_run_cleanups): 200 GET http://10.180.1.21/compute/v2.1/servers/932ab389-beca-4876-85cc-7628041dab3d 0.061s
2025-12-02 03:28:47.411 66544 INFO tempest.lib.common.rest_client [req-c03ac7d9-e4cf-4da2-a1ab-9b441c859abf req-c03ac7d9-e4cf-4da2-a1ab-9b441c859abf ] Request (ServerDiagnosticsTest:tearDownClass): 200 GET http://10.180.1.21/compute/v2.1/servers/719f243c-9c7c-47e9-9e2f-21bc145cb74d 0.073s
2025-12-02 03:28:47.454 66500 INFO tempest.lib.common.rest_client [req-3f2335f2-c19c-4c98-aa90-601e963635e4 req-3f2335f2-c19c-4c98-aa90-601e963635e4 ] Request (ServersNegativeTestJSON:setUpClass): 200 GET http://10.180.1.21/compute/v2.1/servers/310e55be-4eef-499d-b66a-aed5c01bc186 0.063s
2025-12-02 03:28:47.468 66488 INFO tempest.lib.common.rest_client [req-038fb48e-0d13-40d2-8c2e-5b2209c093cd req-038fb48e-0d13-40d2-8c2e-5b2209c093cd ] Request (ServerDiagnosticsV248Test:tearDownClass): 404 GET http://10.180.1.21/compute/v2.1/servers/331e5100-c1e3-4a01-8b02-d3e4b7452097 0.022s
2025-12-02 03:28:47.538 66538 INFO tempest.lib.common.rest_client [req-95825b27-4a73-435c-b08d-8a80e21c2a48 req-95825b27-4a73-435c-b08d-8a80e21c2a48 ] Request (ServerTagsTestJSON:tearDownClass): 200 GET http://10.180.1.21/compute/v2.1/servers/203be699-dfce-4549-8336-81f3649f5fb0 0.058s
2025-12-02 03:28:47.580 66488 INFO tempest.lib.common.rest_client [req-56a385a5-26bf-46b6-93e4-8d5f8d7f6297 req-56a385a5-26bf-46b6-93e4-8d5f8d7f6297 ] Request (ServerDiagnosticsV248Test:tearDownClass): 204 DELETE http://10.180.1.21/identity/v3/users/7d7e0c07cff04dda9f04acc28b6f714d 0.111s
2025-12-02 03:28:47.603 66498 INFO tempest.lib.common.rest_client [req-fd3ec2a7-0cf6-4e1b-b03f-d2a2aa5573b1 req-fd3ec2a7-0cf6-4e1b-b03f-d2a2aa5573b1 ] Request (FloatingIPsAssociationTestJSON:tearDownClass): 200 GET http://10.180.1.21/compute/v2.1/servers/96c17790-9f52-422c-b67c-034b00183281 0.058s
2025-12-02 03:28:47.660 66548 INFO tempest.lib.common.rest_client [req-0a1ca9a7-8716-4052-b427-b70ae41f21b6 req-0a1ca9a7-8716-4052-b427-b70ae41f21b6 ] Request (ServersAdminTestJSON:tearDownClass): 200 GET http://10.180.1.21/compute/v2.1/servers/6c37e2d8-7eac-439d-bf5b-316fd88884f2 0.058s
2025-12-02 03:28:47.673 66488 INFO tempest.lib.common.rest_client [req-788af4ce-95bd-4bb3-a3eb-3c1eac822e79 req-788af4ce-95bd-4bb3-a3eb-3c1eac822e79 ] Request (ServerDiagnosticsV248Test:tearDownClass): 204 DELETE http://10.180.1.21/identity/v3/users/56a9fdae139947dc967535b16a788e69 0.093s
2025-12-02 03:28:47.674 66488 INFO tempest.lib.common.dynamic_creds [-] Deleting project and security group for project: f76e43b139974d20a27da6cfda374b3e
2025-12-02 03:28:47.730 66488 INFO tempest.lib.common.rest_client [req-9d6101c8-8fb5-4468-8bbd-986940ab6cee req-9d6101c8-8fb5-4468-8bbd-986940ab6cee ] Request (ServerDiagnosticsV248Test:tearDownClass): 201 POST http://10.180.1.21/identity/v3/auth/tokens 0.057s
2025-12-02 03:28:47.763 66490 INFO tempest.lib.common.rest_client [req-707dbaf2-8e89-485b-925d-29f53e507859 req-707dbaf2-8e89-485b-925d-29f53e507859 ] Request (ImagesTestJSON:test_create_server_from_snapshot): 200 GET http://10.180.1.21/compute/v2.1/images/c2a34639-cb71-40d5-9987-2f40b74a52e8 0.049s
2025-12-02 03:28:47.950 66506 INFO tempest.lib.common.rest_client [req-01c20309-d356-4e6f-b26c-e81e342283db req-01c20309-d356-4e6f-b26c-e81e342283db ] Request (ServerDiskConfigTestJSON:test_resize_server_from_auto_to_manual): 200 GET http://10.180.1.21/compute/v2.1/servers/f6823ce5-4b96-406d-a306-3bf5a6057ef4 0.270s
2025-12-02 03:28:47.955 66488 INFO tempest.lib.common.rest_client [req-f90453d1-8de9-4861-991f-c7ea38f1ec86 req-f90453d1-8de9-4861-991f-c7ea38f1ec86 ] Request (ServerDiagnosticsV248Test:tearDownClass): 200 GET http://10.180.1.21/networking/v2.0/security-groups?tenant_id=f76e43b139974d20a27da6cfda374b3e&name=default 0.224s
2025-12-02 03:28:47.963 66514 INFO tempest.lib.common.rest_client [req-b30f2a4f-fead-40d4-9bde-9bd5c327e69f req-b30f2a4f-fead-40d4-9bde-9bd5c327e69f ] Request (ServersAdminNegativeTestJSON:tearDownClass): 200 GET http://10.180.1.21/compute/v2.1/servers/61a64ba1-88f1-41e4-888c-2609acd82822 0.213s
2025-12-02 03:28:48.020 66542 INFO tempest.lib.common.rest_client [req-30a7cd42-0253-4853-98a5-9ca766fcac6d req-30a7cd42-0253-4853-98a5-9ca766fcac6d ] Request (ServersTestJSON:setUpClass): 200 GET http://10.180.1.21/compute/v2.1/servers/cadd2a5a-2396-4ae5-877c-1260bf8e29e9 0.252s
2025-12-02 03:28:48.064 66488 INFO tempest.lib.common.rest_client [req-da9e12ee-c77b-45c2-a424-524e2e268a65 req-da9e12ee-c77b-45c2-a424-524e2e268a65 ] Request (ServerDiagnosticsV248Test:tearDownClass): 204 DELETE http://10.180.1.21/networking/v2.0/security-groups/3f06b7c0-7057-4b2c-8924-b7c6c809d510 0.109s
2025-12-02 03:28:48.105 66522 INFO tempest.lib.common.rest_client [req-693ab4a1-ea33-48b2-9ce1-6aac4f2a1c69 req-693ab4a1-ea33-48b2-9ce1-6aac4f2a1c69 ] Request (MigrationsAdminTest:test_resize_server_revert_deleted_flavor): 200 GET http://10.180.1.21/compute/v2.1/servers/9fd88eee-356b-436d-95d2-f4b7ed9a8383 0.245s
2025-12-02 03:28:48.145 66488 INFO tempest.lib.common.rest_client [req-832be4d9-62eb-4bca-9de9-ce812c5cc8e9 req-832be4d9-62eb-4bca-9de9-ce812c5cc8e9 ] Request (ServerDiagnosticsV248Test:tearDownClass): 204 DELETE http://10.180.1.21/identity/v3/projects/f76e43b139974d20a27da6cfda374b3e 0.079s
2025-12-02 03:28:48.145 66488 INFO tempest.lib.common.dynamic_creds [-] Deleting project and security group for project: 92d5be86850d4361a190ffd89e4d9743
2025-12-02 03:28:48.162 66496 INFO tempest.lib.common.rest_client [req-765e7822-5a34-478a-bf71-040b210a6646 req-765e7822-5a34-478a-bf71-040b210a6646 ] Request (ListImageFiltersTestJSON:tearDownClass): 200 GET http://10.180.1.21/compute/v2.1/servers/26e95aa2-8b72-408b-9138-ac91839b7e46 0.288s
2025-12-02 03:28:48.187 66502 INFO tempest.lib.common.rest_client [req-1dac9a97-3947-4ded-8469-3d9c92b9a665 req-1dac9a97-3947-4ded-8469-3d9c92b9a665 ] Request (ServersTestMultiNic:test_verify_multiple_nics_order): 200 GET http://10.180.1.21/compute/v2.1/servers/f56c0adf-c6a9-4459-b27a-06ed59aa0909 0.272s
2025-12-02 03:28:48.214 66534 INFO tempest.lib.common.rest_client [req-b351e3bc-681a-4588-ae7c-1d3a845dabe3 req-b351e3bc-681a-4588-ae7c-1d3a845dabe3 ] Request (SecurityGroupsTestJSON:test_server_security_groups): 200 GET http://10.180.1.21/compute/v2.1/servers/55b0c2ae-91bd-4a98-a9f7-1cd86430affa 0.259s
2025-12-02 03:28:48.242 66488 INFO tempest.lib.common.rest_client [req-637b9ba2-ece3-4b93-9420-c4365a1552d6 req-637b9ba2-ece3-4b93-9420-c4365a1552d6 ] Request (ServerDiagnosticsV248Test:tearDownClass): 200 GET http://10.180.1.21/networking/v2.0/security-groups?tenant_id=92d5be86850d4361a190ffd89e4d9743&name=default 0.097s
2025-12-02 03:28:48.247 66486 INFO tempest.lib.common.rest_client [req-dcc437b9-b0ca-4826-bb81-89ed8877d4bb req-dcc437b9-b0ca-4826-bb81-89ed8877d4bb ] Request (InstanceActionsNegativeTestJSON:tearDownClass): 200 GET http://10.180.1.21/compute/v2.1/servers/b810f99e-edce-48bf-8e96-319e5ab80ac5 0.282s
2025-12-02 03:28:48.262 66508 INFO tempest.lib.common.rest_client [req-488a6406-1154-4045-a9c8-801b23be5f90 req-488a6406-1154-4045-a9c8-801b23be5f90 ] Request (ServerRescueTestJSONUnderV235:setUpClass): 200 GET http://10.180.1.21/compute/v2.1/servers/d38b5bb6-427a-4391-a710-d0c96371eb39 0.255s
2025-12-02 03:28:48.314 66536 INFO tempest.lib.common.rest_client [req-54ee570d-c059-44cd-929f-3d41d9597245 req-54ee570d-c059-44cd-929f-3d41d9597245 ] Request (AttachInterfacesUnderV243Test:_run_cleanups): 200 GET http://10.180.1.21/compute/v2.1/servers/05d94242-4ca1-49b4-8a3a-85d110c40320 0.284s
2025-12-02 03:28:48.334 66512 INFO tempest.lib.common.rest_client [req-030e5ddf-1614-472f-a114-5897f2d1b6c2 req-030e5ddf-1614-472f-a114-5897f2d1b6c2 ] Request (ServerRescueTestJSON:setUpClass): 200 GET http://10.180.1.21/compute/v2.1/servers/af9ed130-7b15-42d3-a337-274adeb66e9a 0.268s
2025-12-02 03:28:48.346 66488 INFO tempest.lib.common.rest_client [req-ccadb4c7-89cd-4bcc-ba61-d91b9c6e4646 req-ccadb4c7-89cd-4bcc-ba61-d91b9c6e4646 ] Request (ServerDiagnosticsV248Test:tearDownClass): 204 DELETE http://10.180.1.21/networking/v2.0/security-groups/66fc78be-86b6-4217-a083-08654f432b48 0.103s
2025-12-02 03:28:48.421 66492 INFO tempest.lib.common.rest_client [req-13b21bc7-45c3-4083-b020-b28cc8d49f46 req-13b21bc7-45c3-4083-b020-b28cc8d49f46 ] Request (ServerMetadataTestJSON:tearDownClass): 200 GET http://10.180.1.21/compute/v2.1/servers/aae584ee-5d65-452e-91c3-c7e83f662543 0.268s
2025-12-02 03:28:48.460 66510 INFO tempest.lib.common.rest_client [req-68571c3c-b9c3-4325-8d7c-e092f0bec9fc req-68571c3c-b9c3-4325-8d7c-e092f0bec9fc ] Request (ServersWithSpecificFlavorTestJSON:test_verify_created_server_ephemeral_disk): 200 GET http://10.180.1.21/compute/v2.1/servers/0747291d-4ac0-4205-ace7-4ebd11f9e9b5 0.246s
2025-12-02 03:28:48.482 66488 INFO tempest.lib.common.rest_client [req-e05eea0e-ffa9-4a02-9efe-65b3b99fc93a req-e05eea0e-ffa9-4a02-9efe-65b3b99fc93a ] Request (ServerDiagnosticsV248Test:tearDownClass): 204 DELETE http://10.180.1.21/identity/v3/projects/92d5be86850d4361a190ffd89e4d9743 0.135s
2025-12-02 03:28:48.484 66519 INFO tempest.lib.common.rest_client [req-0f08fec8-ffe6-4ee9-8b64-0e02a4e476c4 req-0f08fec8-ffe6-4ee9-8b64-0e02a4e476c4 ] Request (ServerShowV247Test:test_update_rebuild_list_server): 200 GET http://10.180.1.21/compute/v2.1/servers/ae83591b-ba18-4eb5-a1de-bce9c4224fee 0.268s
2025-12-02 03:28:48.530 66526 INFO tempest.lib.common.rest_client [req-f3ebcb21-2fa1-46ca-9a45-4169ea44d3f8 req-f3ebcb21-2fa1-46ca-9a45-4169ea44d3f8 ] Request (ServersTestBootFromVolume:tearDownClass): 200 GET http://10.180.1.21/compute/v2.1/servers/100447f3-2da4-4a1f-bb6e-5783cb0821fa 0.244s
2025-12-02 03:28:48.544 66520 INFO tempest.lib.common.rest_client [req-6ce6238d-295a-4481-b9e0-7393158be8fe req-6ce6238d-295a-4481-b9e0-7393158be8fe ] Request (ImagesOneServerTestJSON:tearDownClass): 200 GET http://10.180.1.21/compute/v2.1/servers/1ed0f8ce-d32d-4983-9751-b7b4eb6bbfb9 0.257s
2025-12-02 03:28:48.546 66488 INFO tempest.lib.common.rest_client [req-51843bda-3b09-4d4f-a59b-7018260c6f55 req-51843bda-3b09-4d4f-a59b-7018260c6f55 ] Request (ServersListShow298Test:setUpClass): 201 POST http://10.180.1.21/identity/v3/auth/tokens 0.062s
2025-12-02 03:28:48.581 66488 INFO tempest.lib.common.rest_client [req-fcc48982-7a7e-45de-abd9-80a0cd09c8b1 req-fcc48982-7a7e-45de-abd9-80a0cd09c8b1 ] Request (ServersListShow298Test:setUpClass): 201 POST http://10.180.1.21/identity/v3/auth/tokens 0.032s
2025-12-02 03:28:48.584 66546 INFO tempest.lib.common.rest_client [req-547200b1-34c1-4d2f-b604-ed25b68323ed req-547200b1-34c1-4d2f-b604-ed25b68323ed ] Request (ServerActionsTestOtherB:setUpClass): 200 GET http://10.180.1.21/compute/v2.1/servers/340051fd-17a9-47eb-9fcc-3e08bd3942d7 0.240s
2025-12-02 03:28:48.607 66488 INFO tempest.lib.common.rest_client [req-91cc5a9b-86b7-4919-a705-164bc73be095 req-91cc5a9b-86b7-4919-a705-164bc73be095 ] Request (ServersListShow298Test:setUpClass): 200 GET http://10.180.1.21/identity/v3/domains?name=Default 0.025s
2025-12-02 03:28:48.609 66504 INFO tempest.lib.common.rest_client [req-3cfd747d-fadf-48bd-94fd-37b5b577edd1 req-3cfd747d-fadf-48bd-94fd-37b5b577edd1 ] Request (ListServerFiltersTestJSON:tearDownClass): 200 GET http://10.180.1.21/compute/v2.1/servers/124a3d95-a34b-4469-ac08-3688cf30d1d2 0.251s
2025-12-02 03:28:48.640 66488 INFO tempest.lib.common.rest_client [req-0cd729e0-39d5-4907-882b-d966c7194c49 req-0cd729e0-39d5-4907-882b-d966c7194c49 ] Request (ServersListShow298Test:setUpClass): 201 POST http://10.180.1.21/identity/v3/projects 0.032s
2025-12-02 03:28:48.643 66530 INFO tempest.lib.common.rest_client [req-14f230d4-88bc-4585-a0ce-f53ce20da8d5 req-14f230d4-88bc-4585-a0ce-f53ce20da8d5 ] Request (ImagesOneServerNegativeTestJSON:_run_cleanups): 200 GET http://10.180.1.21/compute/v2.1/servers/932ab389-beca-4876-85cc-7628041dab3d 0.239s
2025-12-02 03:28:48.668 66544 INFO tempest.lib.common.rest_client [req-3b740f3c-7c72-4001-9631-83c2c315a0c9 req-3b740f3c-7c72-4001-9631-83c2c315a0c9 ] Request (ServerDiagnosticsTest:tearDownClass): 200 GET http://10.180.1.21/compute/v2.1/servers/719f243c-9c7c-47e9-9e2f-21bc145cb74d 0.248s
2025-12-02 03:28:48.702 66500 INFO tempest.lib.common.rest_client [req-3359c97e-ce84-4517-8eb9-7ed9f6833bb3 req-3359c97e-ce84-4517-8eb9-7ed9f6833bb3 ] Request (ServersNegativeTestJSON:setUpClass): 200 GET http://10.180.1.21/compute/v2.1/servers/310e55be-4eef-499d-b66a-aed5c01bc186 0.238s
2025-12-02 03:28:48.711 66488 INFO tempest.lib.common.rest_client [req-b9f33360-ce6e-4dc8-bd07-5048098d36c4 req-b9f33360-ce6e-4dc8-bd07-5048098d36c4 ] Request (ServersListShow298Test:setUpClass): 201 POST http://10.180.1.21/identity/v3/users 0.070s
2025-12-02 03:28:48.731 66538 INFO tempest.lib.common.rest_client [req-331f92a8-0062-471a-bae5-02c393ca4fa3 req-331f92a8-0062-471a-bae5-02c393ca4fa3 ] Request (ServerTagsTestJSON:tearDownClass): 200 GET http://10.180.1.21/compute/v2.1/servers/203be699-dfce-4549-8336-81f3649f5fb0 0.183s
2025-12-02 03:28:48.734 66488 INFO tempest.lib.common.rest_client [req-c3578fc9-197b-4c28-ae2d-d5ff4250ba42 req-c3578fc9-197b-4c28-ae2d-d5ff4250ba42 ] Request (ServersListShow298Test:setUpClass): 200 GET http://10.180.1.21/identity/v3/roles 0.023s
2025-12-02 03:28:48.762 66488 INFO tempest.lib.common.rest_client [req-12790d7f-89c0-4800-b191-6afcf3797925 req-12790d7f-89c0-4800-b191-6afcf3797925 ] Request (ServersListShow298Test:setUpClass): 204 PUT http://10.180.1.21/identity/v3/projects/18b02af2fba044668ff31587f901a356/users/9677b6683d9c43f8b66b8208bfd9edf0/roles/a75aeef6630741299aadfb4de335e5cc 0.027s
2025-12-02 03:28:48.762 66488 INFO tempest.lib.common.dynamic_creds [-] Dynamic test user 9677b6683d9c43f8b66b8208bfd9edf0 is created with scope project and roles: ['member']
2025-12-02 03:28:48.762 66488 INFO tempest.lib.common.dynamic_creds [-] Acquired dynamic creds: credentials: Credentials: {'domain_id': 'default', 'domain_name': 'Default', 'username': 'tempest-ServersListShow298Test-898742936-project-member', 'project_domain_id': 'default', 'project_domain_name': 'Default', 'project_id': '18b02af2fba044668ff31587f901a356', 'project_name': 'tempest-ServersListShow298Test-898742936', 'tenant_id': '18b02af2fba044668ff31587f901a356', 'tenant_name': 'tempest-ServersListShow298Test-898742936', 'user_domain_id': 'default', 'user_domain_name': 'Default', 'user_id': '9677b6683d9c43f8b66b8208bfd9edf0', 'system': None}, Network: None, Subnet: None, Router: None
2025-12-02 03:28:48.762 66488 INFO tempest.lib.common.dynamic_creds [-] Created isolated network resources for: credentials: Credentials: {'domain_id': 'default', 'domain_name': 'Default', 'username': 'tempest-ServersListShow298Test-898742936-project-member', 'project_domain_id': 'default', 'project_domain_name': 'Default', 'project_id': '18b02af2fba044668ff31587f901a356', 'project_name': 'tempest-ServersListShow298Test-898742936', 'tenant_id': '18b02af2fba044668ff31587f901a356', 'tenant_name': 'tempest-ServersListShow298Test-898742936', 'user_domain_id': 'default', 'user_domain_name': 'Default', 'user_id': '9677b6683d9c43f8b66b8208bfd9edf0', 'system': None}, Network: None, Subnet: None, Router: None
2025-12-02 03:28:48.764 66498 INFO tempest.lib.common.rest_client [req-5981f3b0-f5c7-404f-aa8b-c027e9f3caaf req-5981f3b0-f5c7-404f-aa8b-c027e9f3caaf ] Request (FloatingIPsAssociationTestJSON:tearDownClass): 200 GET http://10.180.1.21/compute/v2.1/servers/96c17790-9f52-422c-b67c-034b00183281 0.153s
2025-12-02 03:28:48.792 66548 INFO tempest.lib.common.rest_client [req-83fef176-3616-43e9-9be6-c0a55a78ea5a req-83fef176-3616-43e9-9be6-c0a55a78ea5a ] Request (ServersAdminTestJSON:tearDownClass): 200 GET http://10.180.1.21/compute/v2.1/servers/6c37e2d8-7eac-439d-bf5b-316fd88884f2 0.123s
2025-12-02 03:28:48.809 66490 INFO tempest.lib.common.rest_client [req-6507548e-9077-445b-8ba3-7bb6474b5140 req-6507548e-9077-445b-8ba3-7bb6474b5140 ] Request (ImagesTestJSON:test_create_server_from_snapshot): 200 GET http://10.180.1.21/compute/v2.1/images/c2a34639-cb71-40d5-9987-2f40b74a52e8 0.041s
2025-12-02 03:28:48.847 66488 INFO tempest.lib.common.rest_client [req-51cdc977-8934-4207-9210-f8b5e246849e req-51cdc977-8934-4207-9210-f8b5e246849e ] Request (ServersListShow298Test:setUpClass): 201 POST http://10.180.1.21/identity/v3/auth/tokens 0.081s
2025-12-02 03:28:48.880 66488 INFO tempest.lib.common.rest_client [req-49105f36-9b9b-43b6-b418-33a705893cb2 req-49105f36-9b9b-43b6-b418-33a705893cb2 ] Request (ServersListShow298Test:test_list_show_update_rebuild_server_298): 201 POST http://10.180.1.21/identity/v3/auth/tokens 0.029s
2025-12-02 03:28:48.880 66488 INFO tempest.lib.common.fixed_network [-] (ServersListShow298Test:test_list_show_update_rebuild_server_298) Found network None available for tenant
2025-12-02 03:28:49.066 66488 INFO tempest.lib.common.rest_client [req-6623e4b7-7cda-489d-9bd9-c7982d591c3c req-6623e4b7-7cda-489d-9bd9-c7982d591c3c ] Request (ServersListShow298Test:test_list_show_update_rebuild_server_298): 202 POST http://10.180.1.21/compute/v2.1/servers 0.185s
2025-12-02 03:28:49.117 66506 INFO tempest.lib.common.rest_client [req-5ab17acb-19b6-4c8b-a083-076b6415e99f req-5ab17acb-19b6-4c8b-a083-076b6415e99f ] Request (ServerDiskConfigTestJSON:test_resize_server_from_auto_to_manual): 200 GET http://10.180.1.21/compute/v2.1/servers/f6823ce5-4b96-406d-a306-3bf5a6057ef4 0.157s
2025-12-02 03:28:49.149 66514 INFO tempest.lib.common.rest_client [req-1ce9d6a0-f7a4-40ba-a7f5-4f71c8bbd8d8 req-1ce9d6a0-f7a4-40ba-a7f5-4f71c8bbd8d8 ] Request (ServersAdminNegativeTestJSON:tearDownClass): 200 GET http://10.180.1.21/compute/v2.1/servers/61a64ba1-88f1-41e4-888c-2609acd82822 0.178s
2025-12-02 03:28:49.187 66542 INFO tempest.lib.common.rest_client [req-ca3d548e-0684-44b1-a1fe-e3141f7c6b3b req-ca3d548e-0684-44b1-a1fe-e3141f7c6b3b ] Request (ServersTestJSON:setUpClass): 200 GET http://10.180.1.21/compute/v2.1/servers/cadd2a5a-2396-4ae5-877c-1260bf8e29e9 0.158s
2025-12-02 03:28:49.207 66488 INFO tempest.lib.common.rest_client [req-445be0f4-6679-4412-aa8a-c835c94d28c1 req-445be0f4-6679-4412-aa8a-c835c94d28c1 ] Request (ServersListShow298Test:test_list_show_update_rebuild_server_298): 200 GET http://10.180.1.21/compute/v2.1/servers/331197f2-ea0d-4d54-bcd1-194eb6028727 0.139s
2025-12-02 03:28:49.266 66496 INFO tempest.lib.common.rest_client [req-d83f8ac5-8049-4070-8012-9abd26dc4faa req-d83f8ac5-8049-4070-8012-9abd26dc4faa ] Request (ListImageFiltersTestJSON:tearDownClass): 200 GET http://10.180.1.21/compute/v2.1/servers/26e95aa2-8b72-408b-9138-ac91839b7e46 0.094s
2025-12-02 03:28:49.305 66522 INFO tempest.lib.common.rest_client [req-5b182424-5f7b-4313-a43c-8ed26f3992d8 req-5b182424-5f7b-4313-a43c-8ed26f3992d8 ] Request (MigrationsAdminTest:test_resize_server_revert_deleted_flavor): 200 GET http://10.180.1.21/compute/v2.1/servers/9fd88eee-356b-436d-95d2-f4b7ed9a8383 0.191s
2025-12-02 03:28:49.321 66502 INFO tempest.lib.common.rest_client [req-e7c8ad9c-6c55-4f4b-afe9-fcc7d2bff7ae req-e7c8ad9c-6c55-4f4b-afe9-fcc7d2bff7ae ] Request (ServersTestMultiNic:test_verify_multiple_nics_order): 200 GET http://10.180.1.21/compute/v2.1/servers/f56c0adf-c6a9-4459-b27a-06ed59aa0909 0.126s
2025-12-02 03:28:49.366 66534 INFO tempest.lib.common.rest_client [req-444f9ecc-b7ee-4dc0-9af9-cf4b357e6d96 req-444f9ecc-b7ee-4dc0-9af9-cf4b357e6d96 ] Request (SecurityGroupsTestJSON:test_server_security_groups): 200 GET http://10.180.1.21/compute/v2.1/servers/55b0c2ae-91bd-4a98-a9f7-1cd86430affa 0.144s
2025-12-02 03:28:49.374 66534 INFO tempest.common.waiters [-] State transition "ACTIVE/deleting" ==> "DELETED/None" after 4 second wait
2025-12-02 03:28:49.377 66486 INFO tempest.lib.common.rest_client [req-2e339245-7cbc-4c96-8fd0-0ca25ac031b2 req-2e339245-7cbc-4c96-8fd0-0ca25ac031b2 ] Request (InstanceActionsNegativeTestJSON:tearDownClass): 200 GET http://10.180.1.21/compute/v2.1/servers/b810f99e-edce-48bf-8e96-319e5ab80ac5 0.122s
2025-12-02 03:28:49.419 66508 INFO tempest.lib.common.rest_client [req-bb1fa1de-927b-4877-8183-784082096053 req-bb1fa1de-927b-4877-8183-784082096053 ] Request (ServerRescueTestJSONUnderV235:setUpClass): 200 GET http://10.180.1.21/compute/v2.1/servers/d38b5bb6-427a-4391-a710-d0c96371eb39 0.148s
2025-12-02 03:28:49.439 66536 INFO tempest.lib.common.rest_client [req-196c99a6-784f-44b3-858a-125f5fbefd4e req-196c99a6-784f-44b3-858a-125f5fbefd4e ] Request (AttachInterfacesUnderV243Test:_run_cleanups): 200 GET http://10.180.1.21/compute/v2.1/servers/05d94242-4ca1-49b4-8a3a-85d110c40320 0.115s
2025-12-02 03:28:49.470 66512 INFO tempest.lib.common.rest_client [req-b52319d2-1de1-4be2-b284-966e2c145b5e req-b52319d2-1de1-4be2-b284-966e2c145b5e ] Request (ServerRescueTestJSON:setUpClass): 200 GET http://10.180.1.21/compute/v2.1/servers/af9ed130-7b15-42d3-a337-274adeb66e9a 0.129s
2025-12-02 03:28:49.495 66492 INFO tempest.lib.common.rest_client [req-09d7274d-f8d6-4c8a-baa3-7a9b784a83d8 req-09d7274d-f8d6-4c8a-baa3-7a9b784a83d8 ] Request (ServerMetadataTestJSON:tearDownClass): 200 GET http://10.180.1.21/compute/v2.1/servers/aae584ee-5d65-452e-91c3-c7e83f662543 0.063s
2025-12-02 03:28:49.548 66519 INFO tempest.lib.common.rest_client [req-d84f2551-b8d1-4093-bc0b-13ca47a3fa31 req-d84f2551-b8d1-4093-bc0b-13ca47a3fa31 ] Request (ServerShowV247Test:test_update_rebuild_list_server): 200 GET http://10.180.1.21/compute/v2.1/servers/ae83591b-ba18-4eb5-a1de-bce9c4224fee 0.053s
2025-12-02 03:28:49.563 66510 INFO tempest.lib.common.rest_client [req-6daa83b2-07bc-4f03-abcc-21acd8dbcf66 req-6daa83b2-07bc-4f03-abcc-21acd8dbcf66 ] Request (ServersWithSpecificFlavorTestJSON:test_verify_created_server_ephemeral_disk): 200 GET http://10.180.1.21/compute/v2.1/servers/0747291d-4ac0-4205-ace7-4ebd11f9e9b5 0.095s
2025-12-02 03:28:49.584 66520 INFO tempest.lib.common.rest_client [req-37807c9a-b1d4-4606-aee3-9bffcbdd2aab req-37807c9a-b1d4-4606-aee3-9bffcbdd2aab ] Request (ImagesOneServerTestJSON:tearDownClass): 404 GET http://10.180.1.21/compute/v2.1/servers/1ed0f8ce-d32d-4983-9751-b7b4eb6bbfb9 0.032s
2025-12-02 03:28:49.607 66526 INFO tempest.lib.common.rest_client [req-2f808beb-3ea2-4c95-bcc2-9be34bdc0ee5 req-2f808beb-3ea2-4c95-bcc2-9be34bdc0ee5 ] Request (ServersTestBootFromVolume:tearDownClass): 200 GET http://10.180.1.21/compute/v2.1/servers/100447f3-2da4-4a1f-bb6e-5783cb0821fa 0.068s
2025-12-02 03:28:49.664 66546 INFO tempest.lib.common.rest_client [req-752b12ae-521a-4e35-9a28-59858f648406 req-752b12ae-521a-4e35-9a28-59858f648406 ] Request (ServerActionsTestOtherB:setUpClass): 200 GET http://10.180.1.21/compute/v2.1/servers/340051fd-17a9-47eb-9fcc-3e08bd3942d7 0.071s
2025-12-02 03:28:49.696 66504 INFO tempest.lib.common.rest_client [req-481be3c6-3144-4941-857e-5775aee1e977 req-481be3c6-3144-4941-857e-5775aee1e977 ] Request (ListServerFiltersTestJSON:tearDownClass): 200 GET http://10.180.1.21/compute/v2.1/servers/124a3d95-a34b-4469-ac08-3688cf30d1d2 0.080s
2025-12-02 03:28:49.743 66530 INFO tempest.lib.common.rest_client [req-85bd8dbc-7c11-48f6-8487-7239427c0777 req-85bd8dbc-7c11-48f6-8487-7239427c0777 ] Request (ImagesOneServerNegativeTestJSON:_run_cleanups): 200 GET http://10.180.1.21/compute/v2.1/servers/932ab389-beca-4876-85cc-7628041dab3d 0.090s
2025-12-02 03:28:49.764 66544 INFO tempest.lib.common.rest_client [req-8010a250-6315-476a-bbbc-55fe86bb8981 req-8010a250-6315-476a-bbbc-55fe86bb8981 ] Request (ServerDiagnosticsTest:tearDownClass): 200 GET http://10.180.1.21/compute/v2.1/servers/719f243c-9c7c-47e9-9e2f-21bc145cb74d 0.087s
2025-12-02 03:28:49.806 66500 INFO tempest.lib.common.rest_client [req-2bf3bf53-53c9-4aac-96ee-13266ba6b904 req-2bf3bf53-53c9-4aac-96ee-13266ba6b904 ] Request (ServersNegativeTestJSON:setUpClass): 200 GET http://10.180.1.21/compute/v2.1/servers/310e55be-4eef-499d-b66a-aed5c01bc186 0.095s
2025-12-02 03:28:49.860 66538 INFO tempest.lib.common.rest_client [req-71fe67a8-ad72-4a24-ab28-85b5c52c718e req-71fe67a8-ad72-4a24-ab28-85b5c52c718e ] Request (ServerTagsTestJSON:tearDownClass): 200 GET http://10.180.1.21/compute/v2.1/servers/203be699-dfce-4549-8336-81f3649f5fb0 0.120s
2025-12-02 03:28:49.882 66498 INFO tempest.lib.common.rest_client [req-3e53b7f9-b939-4e68-bcf2-cdb6619869a7 req-3e53b7f9-b939-4e68-bcf2-cdb6619869a7 ] Request (FloatingIPsAssociationTestJSON:tearDownClass): 200 GET http://10.180.1.21/compute/v2.1/servers/96c17790-9f52-422c-b67c-034b00183281 0.108s
2025-12-02 03:28:49.925 66490 INFO tempest.lib.common.rest_client [req-f6e9e2f9-3122-4a8c-a661-b2fac966bbea req-f6e9e2f9-3122-4a8c-a661-b2fac966bbea ] Request (ImagesTestJSON:test_create_server_from_snapshot): 200 GET http://10.180.1.21/compute/v2.1/images/c2a34639-cb71-40d5-9987-2f40b74a52e8 0.111s
2025-12-02 03:28:49.944 66548 INFO tempest.lib.common.rest_client [req-d27030d2-68ba-4d9c-a384-5fbbe5e0031c req-d27030d2-68ba-4d9c-a384-5fbbe5e0031c ] Request (ServersAdminTestJSON:tearDownClass): 200 GET http://10.180.1.21/compute/v2.1/servers/6c37e2d8-7eac-439d-bf5b-316fd88884f2 0.145s
2025-12-02 03:28:50.282 66506 INFO tempest.lib.common.rest_client [req-1a364432-ba3d-4670-80d2-bda3d4879e4a req-1a364432-ba3d-4670-80d2-bda3d4879e4a ] Request (ServerDiskConfigTestJSON:test_resize_server_from_auto_to_manual): 200 GET http://10.180.1.21/compute/v2.1/servers/f6823ce5-4b96-406d-a306-3bf5a6057ef4 0.155s
2025-12-02 03:28:50.286 66514 INFO tempest.lib.common.rest_client [req-b7758014-511b-4730-9e5e-14ec91346c8a req-b7758014-511b-4730-9e5e-14ec91346c8a ] Request (ServersAdminNegativeTestJSON:tearDownClass): 200 GET http://10.180.1.21/compute/v2.1/servers/61a64ba1-88f1-41e4-888c-2609acd82822 0.129s
2025-12-02 03:28:50.349 66542 INFO tempest.lib.common.rest_client [req-b251e2ee-e431-4ed1-a591-200d7147db11 req-b251e2ee-e431-4ed1-a591-200d7147db11 ] Request (ServersTestJSON:setUpClass): 200 GET http://10.180.1.21/compute/v2.1/servers/cadd2a5a-2396-4ae5-877c-1260bf8e29e9 0.152s
2025-12-02 03:28:50.370 66488 INFO tempest.lib.common.rest_client [req-ada04f8d-ddb7-42c2-807e-f3d581ef49e9 req-ada04f8d-ddb7-42c2-807e-f3d581ef49e9 ] Request (ServersListShow298Test:test_list_show_update_rebuild_server_298): 200 GET http://10.180.1.21/compute/v2.1/servers/331197f2-ea0d-4d54-bcd1-194eb6028727 0.152s
2025-12-02 03:28:50.383 66488 INFO tempest.common.waiters [-] State transition "BUILD/scheduling" ==> "BUILD/None" after 1 second wait
2025-12-02 03:28:50.425 66496 INFO tempest.lib.common.rest_client [req-99a8450e-5a01-49bf-9e7c-817e9374f7e3 req-99a8450e-5a01-49bf-9e7c-817e9374f7e3 ] Request (ListImageFiltersTestJSON:tearDownClass): 200 GET http://10.180.1.21/compute/v2.1/servers/26e95aa2-8b72-408b-9138-ac91839b7e46 0.151s
2025-12-02 03:28:50.435 66496 INFO tempest.common.waiters [-] State transition "ACTIVE/deleting" ==> "DELETED/None" after 4 second wait
2025-12-02 03:28:50.477 66520 INFO tempest.lib.common.rest_client [req-42d39f5d-c6b1-4307-b05b-ee904438933d req-42d39f5d-c6b1-4307-b05b-ee904438933d ] Request (ImagesOneServerTestJSON:tearDownClass): 200 PUT http://10.180.1.21/networking/v2.0/routers/0a9d3ac6-d12e-4fb0-8641-470800f921f0/remove_router_interface 0.892s
2025-12-02 03:28:50.498 66522 INFO tempest.lib.common.rest_client [req-440147a4-2afb-49a2-8a20-faa207c80e62 req-440147a4-2afb-49a2-8a20-faa207c80e62 ] Request (MigrationsAdminTest:test_resize_server_revert_deleted_flavor): 200 GET http://10.180.1.21/compute/v2.1/servers/9fd88eee-356b-436d-95d2-f4b7ed9a8383 0.185s
2025-12-02 03:28:50.585 66534 INFO tempest.lib.common.rest_client [req-9143a0b9-b360-4fd6-9384-96e7aadf5280 req-9143a0b9-b360-4fd6-9384-96e7aadf5280 ] Request (SecurityGroupsTestJSON:test_server_security_groups): 200 GET http://10.180.1.21/compute/v2.1/servers/55b0c2ae-91bd-4a98-a9f7-1cd86430affa 0.209s
2025-12-02 03:28:50.671 66486 INFO tempest.lib.common.rest_client [req-61c3724c-b703-4f39-a794-2d536a549a49 req-61c3724c-b703-4f39-a794-2d536a549a49 ] Request (InstanceActionsNegativeTestJSON:tearDownClass): 200 GET http://10.180.1.21/compute/v2.1/servers/b810f99e-edce-48bf-8e96-319e5ab80ac5 0.284s
2025-12-02 03:28:50.741 66508 INFO tempest.lib.common.rest_client [req-02a607a5-9a78-4554-8779-d79e8ad4a3c0 req-02a607a5-9a78-4554-8779-d79e8ad4a3c0 ] Request (ServerRescueTestJSONUnderV235:setUpClass): 200 GET http://10.180.1.21/compute/v2.1/servers/d38b5bb6-427a-4391-a710-d0c96371eb39 0.313s
2025-12-02 03:28:50.800 66502 INFO tempest.lib.common.rest_client [req-b4bdfb5a-3d45-4075-943f-737d51838f43 req-b4bdfb5a-3d45-4075-943f-737d51838f43 ] Request (ServersTestMultiNic:test_verify_multiple_nics_order): 200 GET http://10.180.1.21/compute/v2.1/servers/f56c0adf-c6a9-4459-b27a-06ed59aa0909 0.470s
2025-12-02 03:28:50.830 66536 INFO tempest.lib.common.rest_client [req-1b24d238-719f-42bd-8ab0-36ecb899192b req-1b24d238-719f-42bd-8ab0-36ecb899192b ] Request (AttachInterfacesUnderV243Test:_run_cleanups): 200 GET http://10.180.1.21/compute/v2.1/servers/05d94242-4ca1-49b4-8a3a-85d110c40320 0.382s
2025-12-02 03:28:50.862 66512 INFO tempest.lib.common.rest_client [req-0fc0033c-9093-4a70-bf7c-34203fd34a7a req-0fc0033c-9093-4a70-bf7c-34203fd34a7a ] Request (ServerRescueTestJSON:setUpClass): 200 GET http://10.180.1.21/compute/v2.1/servers/af9ed130-7b15-42d3-a337-274adeb66e9a 0.383s
2025-12-02 03:28:50.906 66492 INFO tempest.lib.common.rest_client [req-353ef437-7b90-40b0-a8be-05c6c9202475 req-353ef437-7b90-40b0-a8be-05c6c9202475 ] Request (ServerMetadataTestJSON:tearDownClass): 200 GET http://10.180.1.21/compute/v2.1/servers/aae584ee-5d65-452e-91c3-c7e83f662543 0.403s
2025-12-02 03:28:50.929 66519 INFO tempest.lib.common.rest_client [req-7b3f7f35-90d1-4bcc-a33f-78789eb18a7a req-7b3f7f35-90d1-4bcc-a33f-78789eb18a7a ] Request (ServerShowV247Test:test_update_rebuild_list_server): 200 GET http://10.180.1.21/compute/v2.1/servers/ae83591b-ba18-4eb5-a1de-bce9c4224fee 0.369s
2025-12-02 03:28:50.932 66520 INFO tempest.lib.common.rest_client [req-daab4800-9d2b-481a-bee4-6c1b519fce20 req-daab4800-9d2b-481a-bee4-6c1b519fce20 ] Request (ImagesOneServerTestJSON:tearDownClass): 204 DELETE http://10.180.1.21/networking/v2.0/routers/0a9d3ac6-d12e-4fb0-8641-470800f921f0 0.454s
2025-12-02 03:28:51.057 66526 INFO tempest.lib.common.rest_client [req-704b0a74-0a7a-4b5c-82e9-a9941d25c083 req-704b0a74-0a7a-4b5c-82e9-a9941d25c083 ] Request (ServersTestBootFromVolume:tearDownClass): 200 GET http://10.180.1.21/compute/v2.1/servers/100447f3-2da4-4a1f-bb6e-5783cb0821fa 0.442s
2025-12-02 03:28:51.090 66510 INFO tempest.lib.common.rest_client [req-fdf166b1-0b94-4f4d-80bd-9a6a1eb74b39 req-fdf166b1-0b94-4f4d-80bd-9a6a1eb74b39 ] Request (ServersWithSpecificFlavorTestJSON:test_verify_created_server_ephemeral_disk): 200 GET http://10.180.1.21/compute/v2.1/servers/0747291d-4ac0-4205-ace7-4ebd11f9e9b5 0.516s
2025-12-02 03:28:51.100 66510 INFO tempest.common.waiters [-] State transition "BUILD/spawning" ==> "ACTIVE/None" after 65 second wait
2025-12-02 03:28:51.131 66520 INFO tempest.lib.common.rest_client [req-bf76eeef-574a-401d-9d25-bdd454a321bd req-bf76eeef-574a-401d-9d25-bdd454a321bd ] Request (ImagesOneServerTestJSON:tearDownClass): 204 DELETE http://10.180.1.21/networking/v2.0/subnets/50615ccd-7e00-45ad-988d-dec8a62a91da 0.198s
2025-12-02 03:28:51.132 66546 INFO tempest.lib.common.rest_client [req-6d68ee08-c753-4714-898f-266eb4530994 req-6d68ee08-c753-4714-898f-266eb4530994 ] Request (ServerActionsTestOtherB:setUpClass): 200 GET http://10.180.1.21/compute/v2.1/servers/340051fd-17a9-47eb-9fcc-3e08bd3942d7 0.460s
2025-12-02 03:28:51.158 66504 INFO tempest.lib.common.rest_client [req-3660c6ce-7419-4981-b0a5-664b3ba4e776 req-3660c6ce-7419-4981-b0a5-664b3ba4e776 ] Request (ListServerFiltersTestJSON:tearDownClass): 200 GET http://10.180.1.21/compute/v2.1/servers/124a3d95-a34b-4469-ac08-3688cf30d1d2 0.453s
2025-12-02 03:28:51.192 66530 INFO tempest.lib.common.rest_client [req-ce2c1cbe-7f6b-4896-86b0-5c90f42c5eb2 req-ce2c1cbe-7f6b-4896-86b0-5c90f42c5eb2 ] Request (ImagesOneServerNegativeTestJSON:_run_cleanups): 200 GET http://10.180.1.21/compute/v2.1/servers/932ab389-beca-4876-85cc-7628041dab3d 0.438s
2025-12-02 03:28:51.217 66544 INFO tempest.lib.common.rest_client [req-2d6daad9-8067-40c7-919a-17f1132b6783 req-2d6daad9-8067-40c7-919a-17f1132b6783 ] Request (ServerDiagnosticsTest:tearDownClass): 200 GET http://10.180.1.21/compute/v2.1/servers/719f243c-9c7c-47e9-9e2f-21bc145cb74d 0.444s
2025-12-02 03:28:51.255 66500 INFO tempest.lib.common.rest_client [req-10be5444-86ff-44c5-8ae9-1114a624fdf9 req-10be5444-86ff-44c5-8ae9-1114a624fdf9 ] Request (ServersNegativeTestJSON:setUpClass): 200 GET http://10.180.1.21/compute/v2.1/servers/310e55be-4eef-499d-b66a-aed5c01bc186 0.441s
2025-12-02 03:28:51.281 66538 INFO tempest.lib.common.rest_client [req-80ca852c-c60d-4444-b605-527a8f613028 req-80ca852c-c60d-4444-b605-527a8f613028 ] Request (ServerTagsTestJSON:tearDownClass): 200 GET http://10.180.1.21/compute/v2.1/servers/203be699-dfce-4549-8336-81f3649f5fb0 0.400s
2025-12-02 03:28:51.320 66498 INFO tempest.lib.common.rest_client [req-0c94016b-c0cd-447a-9bf9-4ef58cd54443 req-0c94016b-c0cd-447a-9bf9-4ef58cd54443 ] Request (FloatingIPsAssociationTestJSON:tearDownClass): 200 GET http://10.180.1.21/compute/v2.1/servers/96c17790-9f52-422c-b67c-034b00183281 0.426s
2025-12-02 03:28:51.325 66490 INFO tempest.lib.common.rest_client [req-2079399c-5c2f-4339-a1c8-e1ef5cf98853 req-2079399c-5c2f-4339-a1c8-e1ef5cf98853 ] Request (ImagesTestJSON:test_create_server_from_snapshot): 200 GET http://10.180.1.21/compute/v2.1/images/c2a34639-cb71-40d5-9987-2f40b74a52e8 0.396s
2025-12-02 03:28:51.391 66520 INFO tempest.lib.common.rest_client [req-dbf89989-9acd-4dd5-80aa-fabb54dbd9ae req-dbf89989-9acd-4dd5-80aa-fabb54dbd9ae ] Request (ImagesOneServerTestJSON:tearDownClass): 204 DELETE http://10.180.1.21/networking/v2.0/networks/e464a61d-a0bc-45b9-8682-592156778375 0.260s
2025-12-02 03:28:51.418 66510 INFO tempest.lib.common.rest_client [req-0c849735-8a39-4b57-bfc9-d0d9e0283b2b req-0c849735-8a39-4b57-bfc9-d0d9e0283b2b ] Request (ServersWithSpecificFlavorTestJSON:test_verify_created_server_ephemeral_disk): 200 GET http://10.180.1.21/compute/v2.1/servers/0747291d-4ac0-4205-ace7-4ebd11f9e9b5/os-interface 0.317s
2025-12-02 03:28:51.420 66548 INFO tempest.lib.common.rest_client [req-0d62f6a1-039a-42e1-9564-ba8df6f5e7dd req-0d62f6a1-039a-42e1-9564-ba8df6f5e7dd ] Request (ServersAdminTestJSON:tearDownClass): 200 GET http://10.180.1.21/compute/v2.1/servers/6c37e2d8-7eac-439d-bf5b-316fd88884f2 0.469s
2025-12-02 03:28:51.564 66520 INFO tempest.lib.common.rest_client [req-863a8e75-7daa-49eb-8031-1a22c0ac3b62 req-863a8e75-7daa-49eb-8031-1a22c0ac3b62 ] Request (ImagesOneServerTestJSON:tearDownClass): 204 DELETE http://10.180.1.21/identity/v3/users/b57444b4adcb424e96cac22e0fccc76c 0.172s
2025-12-02 03:28:51.564 66520 INFO tempest.lib.common.dynamic_creds [-] Deleting project and security group for project: fb79142e2601440497e0dcef09eff818
2025-12-02 03:28:51.941 66514 INFO tempest.lib.common.rest_client [req-7580dcbf-e1da-47b0-a99f-c8840152124c req-7580dcbf-e1da-47b0-a99f-c8840152124c ] Request (ServersAdminNegativeTestJSON:tearDownClass): 200 GET http://10.180.1.21/compute/v2.1/servers/61a64ba1-88f1-41e4-888c-2609acd82822 0.645s
2025-12-02 03:28:51.970 66506 INFO tempest.lib.common.rest_client [req-34cbeb37-a2b0-4d83-bb84-774e86c6c9c6 req-34cbeb37-a2b0-4d83-bb84-774e86c6c9c6 ] Request (ServerDiskConfigTestJSON:test_resize_server_from_auto_to_manual): 200 GET http://10.180.1.21/compute/v2.1/servers/f6823ce5-4b96-406d-a306-3bf5a6057ef4 0.676s
2025-12-02 03:28:51.988 66520 INFO tempest.lib.common.rest_client [req-fe6f8822-2b90-4f69-8f37-d9db8855875e req-fe6f8822-2b90-4f69-8f37-d9db8855875e ] Request (ImagesOneServerTestJSON:tearDownClass): 200 GET http://10.180.1.21/networking/v2.0/security-groups?tenant_id=fb79142e2601440497e0dcef09eff818&name=default 0.423s
2025-12-02 03:28:52.060 66510 INFO tempest.lib.common.rest_client [req-aaad4a68-ecc0-4e26-8240-5c3d19d5bfe0 req-aaad4a68-ecc0-4e26-8240-5c3d19d5bfe0 ] Request (ServersWithSpecificFlavorTestJSON:test_verify_created_server_ephemeral_disk): 200 PUT http://10.180.1.21/networking/v2.0/floatingips/3e345880-cf16-41b7-9786-7a0cbeaf82c4 0.638s
2025-12-02 03:28:52.087 66542 INFO tempest.lib.common.rest_client [req-bdfe1339-6e42-41cb-aded-551854c4417d req-bdfe1339-6e42-41cb-aded-551854c4417d ] Request (ServersTestJSON:setUpClass): 200 GET http://10.180.1.21/compute/v2.1/servers/cadd2a5a-2396-4ae5-877c-1260bf8e29e9 0.728s
2025-12-02 03:28:52.110 66488 INFO tempest.lib.common.rest_client [req-300d79b3-4a15-426b-bdee-f1b14c7bf44e req-300d79b3-4a15-426b-bdee-f1b14c7bf44e ] Request (ServersListShow298Test:test_list_show_update_rebuild_server_298): 200 GET http://10.180.1.21/compute/v2.1/servers/331197f2-ea0d-4d54-bcd1-194eb6028727 0.726s
2025-12-02 03:28:52.146 66520 INFO tempest.lib.common.rest_client [req-35abf85d-40c8-405d-bf78-efe19d093cb0 req-35abf85d-40c8-405d-bf78-efe19d093cb0 ] Request (ImagesOneServerTestJSON:tearDownClass): 204 DELETE http://10.180.1.21/networking/v2.0/security-groups/6aa010d3-44c8-4d3d-9ed3-7e6f10a85f1d 0.157s
2025-12-02 03:28:52.178 66496 INFO tempest.lib.common.rest_client [req-53347c93-68cd-4127-8977-438aae83b41c req-53347c93-68cd-4127-8977-438aae83b41c ] Request (ListImageFiltersTestJSON:tearDownClass): 200 GET http://10.180.1.21/compute/v2.1/servers/26e95aa2-8b72-408b-9138-ac91839b7e46 0.742s
2025-12-02 03:28:52.281 66534 INFO tempest.lib.common.rest_client [req-7620c973-52e3-4143-86c9-37895d38ac14 req-7620c973-52e3-4143-86c9-37895d38ac14 ] Request (SecurityGroupsTestJSON:test_server_security_groups): 200 GET http://10.180.1.21/compute/v2.1/servers/55b0c2ae-91bd-4a98-a9f7-1cd86430affa 0.685s
2025-12-02 03:28:52.285 66522 INFO tempest.lib.common.rest_client [req-6d852795-25a0-44a6-bb19-0f19b05d92c7 req-6d852795-25a0-44a6-bb19-0f19b05d92c7 ] Request (MigrationsAdminTest:test_resize_server_revert_deleted_flavor): 200 GET http://10.180.1.21/compute/v2.1/servers/9fd88eee-356b-436d-95d2-f4b7ed9a8383 0.775s
2025-12-02 03:28:52.315 66520 INFO tempest.lib.common.rest_client [req-f3b3e260-a003-41f6-a39c-01af344a93fb req-f3b3e260-a003-41f6-a39c-01af344a93fb ] Request (ImagesOneServerTestJSON:tearDownClass): 204 DELETE http://10.180.1.21/identity/v3/projects/fb79142e2601440497e0dcef09eff818 0.168s
2025-12-02 03:28:52.345 66486 INFO tempest.lib.common.rest_client [req-6058329d-5e42-4a31-9d68-ebc1c71ffe98 req-6058329d-5e42-4a31-9d68-ebc1c71ffe98 ] Request (InstanceActionsNegativeTestJSON:tearDownClass): 200 GET http://10.180.1.21/compute/v2.1/servers/b810f99e-edce-48bf-8e96-319e5ab80ac5 0.663s
2025-12-02 03:28:52.345 66508 INFO tempest.lib.common.rest_client [req-44ef14d7-ab63-4117-aadb-36df61f0922f req-44ef14d7-ab63-4117-aadb-36df61f0922f ] Request (ServerRescueTestJSONUnderV235:setUpClass): 200 GET http://10.180.1.21/compute/v2.1/servers/d38b5bb6-427a-4391-a710-d0c96371eb39 0.590s
2025-12-02 03:28:52.398 66520 INFO tempest.lib.common.rest_client [req-071df797-01fa-49f5-b64d-f6fbbc049c61 req-071df797-01fa-49f5-b64d-f6fbbc049c61 ] Request (KeyPairsV22TestJSON:setUpClass): 201 POST http://10.180.1.21/identity/v3/auth/tokens 0.081s
2025-12-02 03:28:52.399 66502 INFO tempest.lib.common.rest_client [req-445aaecd-616d-4c9b-aa21-945b675ce5c4 req-445aaecd-616d-4c9b-aa21-945b675ce5c4 ] Request (ServersTestMultiNic:test_verify_multiple_nics_order): 200 GET http://10.180.1.21/compute/v2.1/servers/f56c0adf-c6a9-4459-b27a-06ed59aa0909 0.591s
2025-12-02 03:28:52.419 66536 INFO tempest.lib.common.rest_client [req-669344f0-d438-4b9e-8827-cf9661ba7a83 req-669344f0-d438-4b9e-8827-cf9661ba7a83 ] Request (AttachInterfacesUnderV243Test:_run_cleanups): 200 GET http://10.180.1.21/compute/v2.1/servers/05d94242-4ca1-49b4-8a3a-85d110c40320 0.580s
2025-12-02 03:28:52.445 66520 INFO tempest.lib.common.rest_client [req-391b2c63-6720-461e-8b9f-63b681e56807 req-391b2c63-6720-461e-8b9f-63b681e56807 ] Request (KeyPairsV22TestJSON:setUpClass): 201 POST http://10.180.1.21/identity/v3/auth/tokens 0.043s
2025-12-02 03:28:52.454 66512 INFO tempest.lib.common.rest_client [req-5a07850d-d2b6-4086-99f3-1dcb62bb1286 req-5a07850d-d2b6-4086-99f3-1dcb62bb1286 ] Request (ServerRescueTestJSON:setUpClass): 200 GET http://10.180.1.21/compute/v2.1/servers/af9ed130-7b15-42d3-a337-274adeb66e9a 0.583s
2025-12-02 03:28:52.476 66520 INFO tempest.lib.common.rest_client [req-45961eb3-a8a9-42ad-9216-e68b893aa0d4 req-45961eb3-a8a9-42ad-9216-e68b893aa0d4 ] Request (KeyPairsV22TestJSON:setUpClass): 200 GET http://10.180.1.21/identity/v3/domains?name=Default 0.031s
2025-12-02 03:28:52.483 66492 INFO tempest.lib.common.rest_client [req-dd9b83a2-1683-4728-999c-55ea080562f1 req-dd9b83a2-1683-4728-999c-55ea080562f1 ] Request (ServerMetadataTestJSON:tearDownClass): 200 GET http://10.180.1.21/compute/v2.1/servers/aae584ee-5d65-452e-91c3-c7e83f662543 0.568s
2025-12-02 03:28:52.510 66520 INFO tempest.lib.common.rest_client [req-20556dfb-61de-4308-ad4a-53174af8a287 req-20556dfb-61de-4308-ad4a-53174af8a287 ] Request (KeyPairsV22TestJSON:setUpClass): 201 POST http://10.180.1.21/identity/v3/projects 0.033s
2025-12-02 03:28:52.514 66519 INFO tempest.lib.common.rest_client [req-74d00044-c46e-4104-b3a6-4961aced5ea5 req-74d00044-c46e-4104-b3a6-4961aced5ea5 ] Request (ServerShowV247Test:test_update_rebuild_list_server): 200 GET http://10.180.1.21/compute/v2.1/servers/ae83591b-ba18-4eb5-a1de-bce9c4224fee 0.570s
2025-12-02 03:28:52.585 66526 INFO tempest.lib.common.rest_client [req-d67146bc-63b4-4856-bb8d-a95adc886751 req-d67146bc-63b4-4856-bb8d-a95adc886751 ] Request (ServersTestBootFromVolume:tearDownClass): 200 GET http://10.180.1.21/compute/v2.1/servers/100447f3-2da4-4a1f-bb6e-5783cb0821fa 0.515s
2025-12-02 03:28:52.590 66510 INFO tempest.lib.common.rest_client [req-a349e188-1a0b-440c-b577-9423b770b252 req-a349e188-1a0b-440c-b577-9423b770b252 ] Request (ServersWithSpecificFlavorTestJSON:test_verify_created_server_ephemeral_disk): 200 GET http://10.180.1.21/compute/v2.1/servers/0747291d-4ac0-4205-ace7-4ebd11f9e9b5 0.529s
2025-12-02 03:28:52.591 66520 INFO tempest.lib.common.rest_client [req-36e6564d-6b1c-4bfe-8c47-d242b240bbd5 req-36e6564d-6b1c-4bfe-8c47-d242b240bbd5 ] Request (KeyPairsV22TestJSON:setUpClass): 201 POST http://10.180.1.21/identity/v3/users 0.080s
2025-12-02 03:28:52.599 66510 INFO tempest.lib.common.ssh [-] Creating ssh connection to '10.180.180.150:22' as 'cirros' with public key authentication
2025-12-02 03:28:52.619 66520 INFO tempest.lib.common.rest_client [req-d426be97-d8b8-477a-9499-b8bad80ed931 req-d426be97-d8b8-477a-9499-b8bad80ed931 ] Request (KeyPairsV22TestJSON:setUpClass): 200 GET http://10.180.1.21/identity/v3/roles 0.026s
2025-12-02 03:28:52.648 66546 INFO tempest.lib.common.rest_client [req-a418f79c-92e2-4fa5-88f6-0b4550064916 req-a418f79c-92e2-4fa5-88f6-0b4550064916 ] Request (ServerActionsTestOtherB:setUpClass): 200 GET http://10.180.1.21/compute/v2.1/servers/340051fd-17a9-47eb-9fcc-3e08bd3942d7 0.506s
2025-12-02 03:28:52.658 66520 INFO tempest.lib.common.rest_client [req-20da2e3c-caeb-435b-94cf-2aa763538546 req-20da2e3c-caeb-435b-94cf-2aa763538546 ] Request (KeyPairsV22TestJSON:setUpClass): 204 PUT http://10.180.1.21/identity/v3/projects/c8ca75c9ec6f40598c700e38d89956ee/users/28843e40edff475ab8ab6320a504d131/roles/a75aeef6630741299aadfb4de335e5cc 0.039s
2025-12-02 03:28:52.659 66520 INFO tempest.lib.common.dynamic_creds [-] Dynamic test user 28843e40edff475ab8ab6320a504d131 is created with scope project and roles: ['member']
2025-12-02 03:28:52.659 66520 INFO tempest.lib.common.dynamic_creds [-] Acquired dynamic creds: credentials: Credentials: {'domain_id': 'default', 'domain_name': 'Default', 'username': 'tempest-KeyPairsV22TestJSON-773323198-project-member', 'project_domain_id': 'default', 'project_domain_name': 'Default', 'project_id': 'c8ca75c9ec6f40598c700e38d89956ee', 'project_name': 'tempest-KeyPairsV22TestJSON-773323198', 'tenant_id': 'c8ca75c9ec6f40598c700e38d89956ee', 'tenant_name': 'tempest-KeyPairsV22TestJSON-773323198', 'user_domain_id': 'default', 'user_domain_name': 'Default', 'user_id': '28843e40edff475ab8ab6320a504d131', 'system': None}, Network: None, Subnet: None, Router: None
2025-12-02 03:28:52.659 66520 INFO tempest.lib.common.dynamic_creds [-] Created isolated network resources for: credentials: Credentials: {'domain_id': 'default', 'domain_name': 'Default', 'username': 'tempest-KeyPairsV22TestJSON-773323198-project-member', 'project_domain_id': 'default', 'project_domain_name': 'Default', 'project_id': 'c8ca75c9ec6f40598c700e38d89956ee', 'project_name': 'tempest-KeyPairsV22TestJSON-773323198', 'tenant_id': 'c8ca75c9ec6f40598c700e38d89956ee', 'tenant_name': 'tempest-KeyPairsV22TestJSON-773323198', 'user_domain_id': 'default', 'user_domain_name': 'Default', 'user_id': '28843e40edff475ab8ab6320a504d131', 'system': None}, Network: None, Subnet: None, Router: None
2025-12-02 03:28:52.670 66504 INFO tempest.lib.common.rest_client [req-958a0236-4123-4bb6-bb58-d2f11f6c09ca req-958a0236-4123-4bb6-bb58-d2f11f6c09ca ] Request (ListServerFiltersTestJSON:tearDownClass): 200 GET http://10.180.1.21/compute/v2.1/servers/124a3d95-a34b-4469-ac08-3688cf30d1d2 0.501s
2025-12-02 03:28:52.735 66544 INFO tempest.lib.common.rest_client [req-6b3ba4d7-ccb7-4b6a-b9d1-3233a4c8eda1 req-6b3ba4d7-ccb7-4b6a-b9d1-3233a4c8eda1 ] Request (ServerDiagnosticsTest:tearDownClass): 200 GET http://10.180.1.21/compute/v2.1/servers/719f243c-9c7c-47e9-9e2f-21bc145cb74d 0.510s
2025-12-02 03:28:52.738 66530 INFO tempest.lib.common.rest_client [req-7ad7f642-e1aa-49e8-92d8-72ece998926f req-7ad7f642-e1aa-49e8-92d8-72ece998926f ] Request (ImagesOneServerNegativeTestJSON:_run_cleanups): 200 GET http://10.180.1.21/compute/v2.1/servers/932ab389-beca-4876-85cc-7628041dab3d 0.537s
2025-12-02 03:28:52.741 66520 INFO tempest.lib.common.rest_client [req-b399e529-937b-4bed-a06d-f37ffc9ef364 req-b399e529-937b-4bed-a06d-f37ffc9ef364 ] Request (KeyPairsV22TestJSON:setUpClass): 201 POST http://10.180.1.21/identity/v3/auth/tokens 0.078s
2025-12-02 03:28:52.791 66500 INFO tempest.lib.common.rest_client [req-ce4696ac-5cb5-4000-95ce-15f594050acc req-ce4696ac-5cb5-4000-95ce-15f594050acc ] Request (ServersNegativeTestJSON:setUpClass): 200 GET http://10.180.1.21/compute/v2.1/servers/310e55be-4eef-499d-b66a-aed5c01bc186 0.529s
2025-12-02 03:28:52.797 66538 INFO tempest.lib.common.rest_client [req-9ab0591e-73ab-4a55-8620-88be94754245 req-9ab0591e-73ab-4a55-8620-88be94754245 ] Request (ServerTagsTestJSON:tearDownClass): 200 GET http://10.180.1.21/compute/v2.1/servers/203be699-dfce-4549-8336-81f3649f5fb0 0.504s
2025-12-02 03:28:52.815 66498 INFO tempest.lib.common.rest_client [req-7d686eed-3370-40e8-9301-88d1bf5de30e req-7d686eed-3370-40e8-9301-88d1bf5de30e ] Request (FloatingIPsAssociationTestJSON:tearDownClass): 404 GET http://10.180.1.21/compute/v2.1/servers/96c17790-9f52-422c-b67c-034b00183281 0.487s
2025-12-02 03:28:52.829 66490 INFO tempest.lib.common.rest_client [req-a9a3be35-2bbb-4048-ac26-334713e3f1bc req-a9a3be35-2bbb-4048-ac26-334713e3f1bc ] Request (ImagesTestJSON:test_create_server_from_snapshot): 200 GET http://10.180.1.21/compute/v2.1/images/c2a34639-cb71-40d5-9987-2f40b74a52e8 0.500s
2025-12-02 03:28:52.872 66548 INFO tempest.lib.common.rest_client [req-3910aa95-1303-48bc-a16c-545679ea8baf req-3910aa95-1303-48bc-a16c-545679ea8baf ] Request (ServersAdminTestJSON:tearDownClass): 200 GET http://10.180.1.21/compute/v2.1/servers/6c37e2d8-7eac-439d-bf5b-316fd88884f2 0.443s
2025-12-02 03:28:52.926 66520 INFO tempest.lib.common.rest_client [req-8d59f16c-59c3-4acc-b49c-b9ca43e9a7d1 req-8d59f16c-59c3-4acc-b49c-b9ca43e9a7d1 ] Request (KeyPairsV22TestJSON:test_get_keypair_detail): 201 POST http://10.180.1.21/compute/v2.1/os-keypairs 0.183s
