2025-12-02 03:26:31.705 66502 INFO tempest.lib.common.rest_client [req-5afd72d8-a12d-47d3-a4ad-35041ed9beff req-5afd72d8-a12d-47d3-a4ad-35041ed9beff ] Request (ServersTestMultiNic:setUpClass): 201 POST http://10.180.1.21/identity/v3/users 0.058s
2025-12-02 03:26:31.726 66502 INFO tempest.lib.common.rest_client [req-c3a0b6dc-d184-46c1-81cf-1faa8f8702c7 req-c3a0b6dc-d184-46c1-81cf-1faa8f8702c7 ] Request (ServersTestMultiNic:setUpClass): 200 GET http://10.180.1.21/identity/v3/roles 0.020s
2025-12-02 03:26:31.745 66500 INFO tempest.lib.common.rest_client [req-4e8c91b1-7d7c-44b0-836f-864d30043101 req-4e8c91b1-7d7c-44b0-836f-864d30043101 ] Request (FloatingIPsTestJSON:tearDownClass): 200 PUT http://10.180.1.21/networking/v2.0/routers/50ea3ef0-b573-42de-a87d-5d96cc6cb49a/remove_router_interface 0.859s
2025-12-02 03:26:31.756 66502 INFO tempest.lib.common.rest_client [req-5808f683-245e-4b47-afe6-55d6532d32c6 req-5808f683-245e-4b47-afe6-55d6532d32c6 ] Request (ServersTestMultiNic:setUpClass): 204 PUT http://10.180.1.21/identity/v3/projects/093206ac0b0549c2ab077b496403f1c6/users/7cae7818cf43419c97092c2c9213bd04/roles/a75aeef6630741299aadfb4de335e5cc 0.030s
2025-12-02 03:26:31.756 66502 INFO tempest.lib.common.dynamic_creds [-] Dynamic test user 7cae7818cf43419c97092c2c9213bd04 is created with scope project and roles: ['member']
2025-12-02 03:26:31.757 66502 INFO tempest.lib.common.dynamic_creds [-] Acquired dynamic creds: credentials: Credentials: {'domain_id': 'default', 'domain_name': 'Default', 'username': 'tempest-ServersTestMultiNic-1904438599-project-member', 'project_domain_id': 'default', 'project_domain_name': 'Default', 'project_id': '093206ac0b0549c2ab077b496403f1c6', 'project_name': 'tempest-ServersTestMultiNic-1904438599', 'tenant_id': '093206ac0b0549c2ab077b496403f1c6', 'tenant_name': 'tempest-ServersTestMultiNic-1904438599', 'user_domain_id': 'default', 'user_domain_name': 'Default', 'user_id': '7cae7818cf43419c97092c2c9213bd04', 'system': None}, Network: None, Subnet: None, Router: None
2025-12-02 03:26:31.772 66526 INFO tempest.lib.common.rest_client [req-c5ca97e2-4c62-444a-ad91-263d3926f5c1 req-c5ca97e2-4c62-444a-ad91-263d3926f5c1 ] Request (ServersTestBootFromVolume:setUpClass): 200 GET http://10.180.1.21/compute/v2.1/servers/100447f3-2da4-4a1f-bb6e-5783cb0821fa 2.408s
2025-12-02 03:26:31.793 66492 INFO tempest.lib.common.rest_client [req-c86c6b92-ae73-4649-9c24-1a73377f50e4 req-c86c6b92-ae73-4649-9c24-1a73377f50e4 ] Request (FlavorsV2TestJSON:test_list_flavors): 200 GET http://10.180.1.21/compute/v2.1/flavors/42 1.820s
2025-12-02 03:26:31.814 66542 INFO tempest.lib.common.rest_client [req-ed6a65db-4f50-4326-87a7-13275de511fb req-ed6a65db-4f50-4326-87a7-13275de511fb ] Request (FlavorsAdminTestJSON:test_is_public_string_variations): 200 GET http://10.180.1.21/compute/v2.1/flavors/detail?is_public=t 1.830s
2025-12-02 03:26:31.850 66502 INFO tempest.lib.common.rest_client [req-ecfae6d3-2d93-4bf4-9d1d-c66543d55ac9 req-ecfae6d3-2d93-4bf4-9d1d-c66543d55ac9 ] Request (ServersTestMultiNic:setUpClass): 201 POST http://10.180.1.21/identity/v3/auth/tokens 0.093s
2025-12-02 03:26:31.917 66522 INFO tempest.lib.common.rest_client [req-8dbc23a3-e3a1-4a8f-9931-d1c45ac2e9f3 req-8dbc23a3-e3a1-4a8f-9931-d1c45ac2e9f3 ] Request (MigrationsAdminTest:test_list_migrations_in_flavor_resize_situation): 201 POST http://10.180.1.21/networking/v2.0/security-group-rules 0.292s
2025-12-02 03:26:32.109 66496 INFO tempest.lib.common.rest_client [req-9f1d92c0-458b-4947-8362-305f8cee2949 req-9f1d92c0-458b-4947-8362-305f8cee2949 ] Request (ListImageFiltersTestJSON:setUpClass): 204 PUT http://10.180.1.21/image/v2/images/bb12ce96-4298-41d5-9543-8b253a951ada/file 0.763s
2025-12-02 03:26:32.283 66494 WARNING tempest.lib.common.ssh [-] Failed to establish authenticated ssh connection to cirros@10.180.180.136 ([Errno None] Unable to connect to port 22 on 10.180.180.136). Number attempts: 1. Retry after 2 seconds.: paramiko.ssh_exception.NoValidConnectionsError: [Errno None] Unable to connect to port 22 on 10.180.180.136
2025-12-02 03:26:32.317 66500 INFO tempest.lib.common.rest_client [req-72b6412a-2bec-44fc-bc71-84e80244899f req-72b6412a-2bec-44fc-bc71-84e80244899f ] Request (FloatingIPsTestJSON:tearDownClass): 204 DELETE http://10.180.1.21/networking/v2.0/routers/50ea3ef0-b573-42de-a87d-5d96cc6cb49a 0.571s
2025-12-02 03:26:32.344 66514 INFO tempest.lib.common.rest_client [req-392c461a-1843-495e-a692-8cda1d5b09a4 req-392c461a-1843-495e-a692-8cda1d5b09a4 ] Request (ServersAdminNegativeTestJSON:test_migrate_server_invalid_state): 200 GET http://10.180.1.21/compute/v2.1/servers/5e13b6c1-2ec4-4f12-89ef-8afcc1a7357c 2.286s
2025-12-02 03:26:32.431 66506 INFO tempest.lib.common.rest_client [req-b8eeb103-3179-4d64-9c89-4e07df69a5a7 req-b8eeb103-3179-4d64-9c89-4e07df69a5a7 ] Request (ServerDiskConfigTestJSON:test_rebuild_server_with_manual_disk_config): 200 PUT http://10.180.1.21/compute/v2.1/servers/b61f7e1d-df06-408f-ba5e-91f84d8e30a9 2.171s
2025-12-02 03:26:32.450 66522 INFO tempest.lib.common.rest_client [req-9780c1b9-697a-4ebe-8c22-2b3521c13c9e req-9780c1b9-697a-4ebe-8c22-2b3521c13c9e ] Request (MigrationsAdminTest:test_list_migrations_in_flavor_resize_situation): 201 POST http://10.180.1.21/networking/v2.0/security-group-rules 0.532s
2025-12-02 03:26:32.453 66502 INFO tempest.lib.common.rest_client [req-b618f7c5-8d57-4ead-8d3e-d4e0dfc78786 req-b618f7c5-8d57-4ead-8d3e-d4e0dfc78786 ] Request (ServersTestMultiNic:setUpClass): 201 POST http://10.180.1.21/networking/v2.0/networks 0.603s
2025-12-02 03:26:32.624 66500 INFO tempest.lib.common.rest_client [req-fd57bd7a-6f92-4911-8d34-97a8ad49b53a req-fd57bd7a-6f92-4911-8d34-97a8ad49b53a ] Request (FloatingIPsTestJSON:tearDownClass): 204 DELETE http://10.180.1.21/networking/v2.0/subnets/dbbbe057-07ac-4394-b159-2facccbe4893 0.307s
2025-12-02 03:26:32.666 66512 INFO tempest.lib.common.rest_client [req-0d773258-b9e7-46f7-af25-826ccbb48616 req-0d773258-b9e7-46f7-af25-826ccbb48616 ] Request (QuotasAdminNegativeTest:_run_cleanups): 200 PUT http://10.180.1.21/compute/v2.1/os-quota-sets/132f82e609484fbfb35497c9c3e8243e 2.116s
2025-12-02 03:26:32.779 66502 INFO tempest.lib.common.rest_client [req-d3c1883a-3d44-4781-a4e6-e28c2d2c2c4a req-d3c1883a-3d44-4781-a4e6-e28c2d2c2c4a ] Request (ServersTestMultiNic:setUpClass): 201 POST http://10.180.1.21/networking/v2.0/subnets 0.325s
2025-12-02 03:26:32.840 66508 INFO tempest.lib.common.rest_client [req-b68abbc0-944d-40da-b722-803d4b2aff19 req-b68abbc0-944d-40da-b722-803d4b2aff19 ] Request (FloatingIPsAssociationNegativeTestJSON:test_associate_ip_to_server_with_floating_ip): 200 POST http://10.180.1.21/compute/v2.1/os-floating-ips 4.162s
2025-12-02 03:26:32.959 66522 INFO tempest.lib.common.rest_client [req-55adcd6b-da4c-4b8c-8a27-43b93cc3e039 req-55adcd6b-da4c-4b8c-8a27-43b93cc3e039 ] Request (MigrationsAdminTest:test_list_migrations_in_flavor_resize_situation): 201 POST http://10.180.1.21/networking/v2.0/floatingips 0.508s
2025-12-02 03:26:33.043 66500 INFO tempest.lib.common.rest_client [req-eb6513c2-ee64-42c7-9580-8e1d7fce96c9 req-eb6513c2-ee64-42c7-9580-8e1d7fce96c9 ] Request (FloatingIPsTestJSON:tearDownClass): 204 DELETE http://10.180.1.21/networking/v2.0/networks/53197532-a529-4736-8e87-7cc222926ee7 0.418s
2025-12-02 03:26:33.147 66500 INFO tempest.lib.common.rest_client [req-3e1f107a-9f89-4b2c-8eed-93fe79efe668 req-3e1f107a-9f89-4b2c-8eed-93fe79efe668 ] Request (FloatingIPsTestJSON:tearDownClass): 204 DELETE http://10.180.1.21/identity/v3/users/8d57bc275a1b4e47a50fa1e5fdcc447c 0.103s
2025-12-02 03:26:33.147 66500 INFO tempest.lib.common.dynamic_creds [-] Deleting project and security group for project: 222a55cf4e0b45d4a9f2942bb2581a64
2025-12-02 03:26:33.236 66534 INFO tempest.lib.common.rest_client [req-ec097e96-d5bb-4ef2-8605-67f02f32b01e req-ec097e96-d5bb-4ef2-8605-67f02f32b01e ] Request (SecurityGroupsTestJSON:test_list_security_groups_by_server): 200 GET http://10.180.1.21/compute/v2.1/servers/88aa9bd5-f8ba-4681-9015-264eaeaaacf7 2.609s
2025-12-02 03:26:33.306 66510 WARNING tempest.lib.common.ssh [-] Failed to establish authenticated ssh connection to cirros@10.180.180.150 ([Errno None] Unable to connect to port 22 on 10.180.180.150). Number attempts: 4. Retry after 5 seconds.: paramiko.ssh_exception.NoValidConnectionsError: [Errno None] Unable to connect to port 22 on 10.180.180.150
2025-12-02 03:26:33.334 66500 INFO tempest.lib.common.rest_client [req-721528d6-b7aa-46f3-a6fd-181b5a1a5f9c req-721528d6-b7aa-46f3-a6fd-181b5a1a5f9c ] Request (FloatingIPsTestJSON:tearDownClass): 200 GET http://10.180.1.21/networking/v2.0/security-groups?tenant_id=222a55cf4e0b45d4a9f2942bb2581a64&name=default 0.186s
2025-12-02 03:26:33.595 66500 INFO tempest.lib.common.rest_client [req-c11a4c9b-256e-45b7-ab76-f4760706f3f6 req-c11a4c9b-256e-45b7-ab76-f4760706f3f6 ] Request (FloatingIPsTestJSON:tearDownClass): 204 DELETE http://10.180.1.21/networking/v2.0/security-groups/d2a8ef6a-287c-4384-b067-59d1b91ebeab 0.260s
2025-12-02 03:26:33.675 66524 INFO tempest.lib.common.rest_client [req-265f0051-802e-4042-902e-8ca9240acdc0 req-265f0051-802e-4042-902e-8ca9240acdc0 ] Request (ServersAdmin275Test:test_rebuild_update_server_275): 202 POST http://10.180.1.21/compute/v2.1/servers/7284db35-f377-405d-b744-bcb24db2af22/action 2.941s
2025-12-02 03:26:33.712 66516 INFO tempest.lib.common.rest_client [req-640bb3d7-37c8-4f66-8d5f-66e1f2a2dcac req-640bb3d7-37c8-4f66-8d5f-66e1f2a2dcac ] Request (ServicesAdminNegativeTestJSON:test_get_service_with_valid_service_and_invalid_host): 200 GET http://10.180.1.21/compute/v2.1/os-services?host=xxx&binary=nova-scheduler 2.961s
2025-12-02 03:26:33.755 66500 INFO tempest.lib.common.rest_client [req-18650dba-0d16-47e3-b77e-ce37716594ec req-18650dba-0d16-47e3-b77e-ce37716594ec ] Request (FloatingIPsTestJSON:tearDownClass): 204 DELETE http://10.180.1.21/identity/v3/projects/222a55cf4e0b45d4a9f2942bb2581a64 0.160s
2025-12-02 03:26:33.780 66502 INFO tempest.lib.common.rest_client [req-eda0f04a-069b-4be1-872b-ba128040d307 req-eda0f04a-069b-4be1-872b-ba128040d307 ] Request (ServersTestMultiNic:setUpClass): 201 POST http://10.180.1.21/networking/v2.0/routers 1.001s
2025-12-02 03:26:33.819 66500 INFO tempest.lib.common.rest_client [req-ec3942e5-6ad1-4f39-8821-f195c89a9fd1 req-ec3942e5-6ad1-4f39-8821-f195c89a9fd1 ] Request (FloatingIPDetailsNegativeTestJSON:setUpClass): 201 POST http://10.180.1.21/identity/v3/auth/tokens 0.061s
2025-12-02 03:26:33.849 66500 INFO tempest.lib.common.rest_client [req-207696e0-ae39-47ac-af00-c67b606895a3 req-207696e0-ae39-47ac-af00-c67b606895a3 ] Request (FloatingIPDetailsNegativeTestJSON:setUpClass): 201 POST http://10.180.1.21/identity/v3/auth/tokens 0.025s
2025-12-02 03:26:33.874 66500 INFO tempest.lib.common.rest_client [req-8c520783-c401-47e7-b027-118324d149be req-8c520783-c401-47e7-b027-118324d149be ] Request (FloatingIPDetailsNegativeTestJSON:setUpClass): 200 GET http://10.180.1.21/identity/v3/domains?name=Default 0.025s
2025-12-02 03:26:33.909 66519 INFO tempest.lib.common.rest_client [req-e93918ff-1855-45da-b934-41de1031841e req-e93918ff-1855-45da-b934-41de1031841e ] Request (VolumesAssistedSnapshotsTest:test_volume_assisted_snapshot_create_delete): 200 POST http://10.180.1.21/compute/v2.1/os-assisted-volume-snapshots 3.116s
2025-12-02 03:26:33.915 66546 INFO tempest.lib.common.rest_client [req-4f9c3703-a0a6-44a0-bd5f-2d1c6bc73755 req-4f9c3703-a0a6-44a0-bd5f-2d1c6bc73755 ] Request (ListServersNegativeTestJSON:test_list_servers_by_limits_pass_negative_value): 400 GET http://10.180.1.21/compute/v2.1/servers?limit=-1 3.071s
2025-12-02 03:26:33.918 66500 INFO tempest.lib.common.rest_client [req-d793be62-3bcf-437b-ad90-7894ce1b3250 req-d793be62-3bcf-437b-ad90-7894ce1b3250 ] Request (FloatingIPDetailsNegativeTestJSON:setUpClass): 201 POST http://10.180.1.21/identity/v3/projects 0.043s
2025-12-02 03:26:33.949 66488 INFO tempest.lib.common.rest_client [req-0c1cd05b-7a66-4ccd-a758-ba592d31e106 req-0c1cd05b-7a66-4ccd-a758-ba592d31e106 ] Request (AggregatesAdminNegativeTestJSON:_run_cleanups): 200 DELETE http://10.180.1.21/compute/v2.1/os-aggregates/7 3.092s
2025-12-02 03:26:34.005 66500 INFO tempest.lib.common.rest_client [req-94a66782-c945-4ffb-8a66-c1d33b02562b req-94a66782-c945-4ffb-8a66-c1d33b02562b ] Request (FloatingIPDetailsNegativeTestJSON:setUpClass): 201 POST http://10.180.1.21/identity/v3/users 0.086s
2025-12-02 03:26:34.034 66500 INFO tempest.lib.common.rest_client [req-5f7e369d-a79e-4097-82c8-6cac390489b5 req-5f7e369d-a79e-4097-82c8-6cac390489b5 ] Request (FloatingIPDetailsNegativeTestJSON:setUpClass): 200 GET http://10.180.1.21/identity/v3/roles 0.028s
2025-12-02 03:26:34.075 66500 INFO tempest.lib.common.rest_client [req-60a9e743-c9d4-4859-ab6a-e8efb3532097 req-60a9e743-c9d4-4859-ab6a-e8efb3532097 ] Request (FloatingIPDetailsNegativeTestJSON:setUpClass): 204 PUT http://10.180.1.21/identity/v3/projects/952d7660657b444b834a446f1d32c4dc/users/3f2a17b70b7b4965a18bf54ae172e64d/roles/a75aeef6630741299aadfb4de335e5cc 0.041s
2025-12-02 03:26:34.076 66500 INFO tempest.lib.common.dynamic_creds [-] Dynamic test user 3f2a17b70b7b4965a18bf54ae172e64d is created with scope project and roles: ['member']
2025-12-02 03:26:34.076 66500 INFO tempest.lib.common.dynamic_creds [-] Acquired dynamic creds: credentials: Credentials: {'domain_id': 'default', 'domain_name': 'Default', 'username': 'tempest-FloatingIPDetailsNegativeTestJSON-1830189477-project-member', 'project_domain_id': 'default', 'project_domain_name': 'Default', 'project_id': '952d7660657b444b834a446f1d32c4dc', 'project_name': 'tempest-FloatingIPDetailsNegativeTestJSON-1830189477', 'tenant_id': '952d7660657b444b834a446f1d32c4dc', 'tenant_name': 'tempest-FloatingIPDetailsNegativeTestJSON-1830189477', 'user_domain_id': 'default', 'user_domain_name': 'Default', 'user_id': '3f2a17b70b7b4965a18bf54ae172e64d', 'system': None}, Network: None, Subnet: None, Router: None
2025-12-02 03:26:34.143 66500 INFO tempest.lib.common.rest_client [req-7402ecb7-c0b9-4a7e-97b9-46ca7c6ca8ad req-7402ecb7-c0b9-4a7e-97b9-46ca7c6ca8ad ] Request (FloatingIPDetailsNegativeTestJSON:setUpClass): 201 POST http://10.180.1.21/identity/v3/auth/tokens 0.067s
2025-12-02 03:26:34.429 66504 INFO tempest.lib.common.rest_client [req-a7080422-62cf-43fa-92bc-53e6de72b4e0 req-a7080422-62cf-43fa-92bc-53e6de72b4e0 ] Request (ListServerFiltersTestJSON:setUpClass): 202 POST http://10.180.1.21/compute/v2.1/servers 3.699s
2025-12-02 03:26:34.530 66504 INFO tempest.lib.common.rest_client [req-7208e5eb-3101-4ac8-b4de-f1f6f958316e req-7208e5eb-3101-4ac8-b4de-f1f6f958316e ] Request (ListServerFiltersTestJSON:setUpClass): 201 POST http://10.180.1.21/identity/v3/auth/tokens 0.091s
2025-12-02 03:26:34.530 66504 INFO tempest.lib.common.fixed_network [-] (ListServerFiltersTestJSON:setUpClass) Found network {'id': '4e409d3f-809a-4732-b91a-97a063f0388c', 'name': 'tempest-ListServerFiltersTestJSON-911389758-network', 'tenant_id': '36f76d71dcbe412886be5553adef7f0f', 'project_id': '36f76d71dcbe412886be5553adef7f0f', 'admin_state_up': True, 'mtu': 8950, 'status': 'ACTIVE', 'subnets': [], 'shared': False, 'port_security_enabled': True, 'router:external': False, 'provider:network_type': 'vlan', 'provider:physical_network': 'default', 'provider:segmentation_id': 592, 'availability_zone_hints': [], 'availability_zones': [], 'ipv4_address_scope': None, 'ipv6_address_scope': None, 'description': '', 'tags': [], 'created_at': '2025-12-02T03:26:24Z', 'updated_at': '2025-12-02T03:26:24Z', 'revision_number': 1} available for tenant
2025-12-02 03:26:34.685 66486 INFO tempest.lib.common.rest_client [req-5d9988d1-1770-445f-a13b-463a3c213bea req-5d9988d1-1770-445f-a13b-463a3c213bea ] Request (ImagesMetadataTestJSON:test_set_image_metadata_item): 200 PUT http://10.180.1.21/compute/v2.1/images/3a8cb130-2694-477e-aa33-ec57cc19b9bd/metadata/os_version 3.581s
2025-12-02 03:26:34.710 66528 INFO tempest.lib.common.rest_client [req-449ef96f-d31d-480e-924a-e77610913ecd req-449ef96f-d31d-480e-924a-e77610913ecd ] Request (ServersTestManualDisk:tearDownClass): 202 DELETE http://10.180.1.21/compute/v2.1/os-keypairs/tempest-keypair-450731664 3.463s
2025-12-02 03:26:34.828 66502 INFO tempest.lib.common.rest_client [req-33e7a5ee-c1a1-421c-90ef-824dbeb08567 req-33e7a5ee-c1a1-421c-90ef-824dbeb08567 ] Request (ServersTestMultiNic:setUpClass): 200 PUT http://10.180.1.21/networking/v2.0/routers/fb964ae1-f21a-4909-a407-e405bc9c62f0/add_router_interface 1.048s
2025-12-02 03:26:34.829 66502 INFO tempest.lib.common.dynamic_creds [-] Created isolated network resources for: credentials: Credentials: {'domain_id': 'default', 'domain_name': 'Default', 'username': 'tempest-ServersTestMultiNic-1904438599-project-member', 'project_domain_id': 'default', 'project_domain_name': 'Default', 'project_id': '093206ac0b0549c2ab077b496403f1c6', 'project_name': 'tempest-ServersTestMultiNic-1904438599', 'tenant_id': '093206ac0b0549c2ab077b496403f1c6', 'tenant_name': 'tempest-ServersTestMultiNic-1904438599', 'user_domain_id': 'default', 'user_domain_name': 'Default', 'user_id': '7cae7818cf43419c97092c2c9213bd04', 'system': None}, Network: {'id': '67b5b1c0-51bc-4aaf-9c53-163bfefe8222', 'name': 'tempest-ServersTestMultiNic-1171680015-network', 'tenant_id': '093206ac0b0549c2ab077b496403f1c6', 'project_id': '093206ac0b0549c2ab077b496403f1c6', 'admin_state_up': True, 'mtu': 8950, 'status': 'ACTIVE', 'subnets': [], 'shared': False, 'port_security_enabled': True, 'router:external': False, 'provider:network_type': 'vlan', 'provider:physical_network': 'default', 'provider:segmentation_id': 48, 'availability_zone_hints': [], 'availability_zones': [], 'ipv4_address_scope': None, 'ipv6_address_scope': None, 'description': '', 'tags': [], 'created_at': '2025-12-02T03:26:32Z', 'updated_at': '2025-12-02T03:26:32Z', 'revision_number': 1}, Subnet: {'id': '123234f9-4ca7-400e-857f-591379f58592', 'name': 'tempest-ServersTestMultiNic-1171680015-subnet', 'tenant_id': '093206ac0b0549c2ab077b496403f1c6', 'network_id': '67b5b1c0-51bc-4aaf-9c53-163bfefe8222', 'ip_version': 4, 'subnetpool_id': None, 'enable_dhcp': True, 'ipv6_ra_mode': None, 'ipv6_address_mode': None, 'gateway_ip': '192.168.128.1', 'cidr': '192.168.128.0/28', 'allocation_pools': [{'start': '192.168.128.2', 'end': '192.168.128.14'}], 'host_routes': [], 'dns_nameservers': [], 'description': '', 'router:external': False, 'service_types': [], 'tags': [], 'created_at': '2025-12-02T03:26:32Z', 'updated_at': '2025-12-02T03:26:32Z', 'revision_number': 0, 'project_id': '093206ac0b0549c2ab077b496403f1c6'}, Router: {'id': 'fb964ae1-f21a-4909-a407-e405bc9c62f0', 'name': 'tempest-ServersTestMultiNic-1171680015-router', 'tenant_id': '093206ac0b0549c2ab077b496403f1c6', 'admin_state_up': True, 'status': 'ACTIVE', 'external_gateway_info': {'network_id': 'b435a93c-b046-4d9a-8b4e-31098faed447', 'external_fixed_ips': [{'subnet_id': '3d31a993-732c-43c7-a4b9-3f36dd223aa5', 'ip_address': '10.180.180.204'}], 'enable_snat': True}, 'description': '', 'availability_zones': [], 'distributed': False, 'ha': False, 'availability_zone_hints': [], 'routes': [], 'flavor_id': None, 'tags': [], 'created_at': '2025-12-02T03:26:33Z', 'updated_at': '2025-12-02T03:26:33Z', 'revision_number': 2, 'project_id': '093206ac0b0549c2ab077b496403f1c6'}
2025-12-02 03:26:34.908 66502 INFO tempest.lib.common.rest_client [req-70cebca8-fd6c-4e1f-9f76-37df364d89cc req-70cebca8-fd6c-4e1f-9f76-37df364d89cc ] Request (ServersTestMultiNic:setUpClass): 201 POST http://10.180.1.21/identity/v3/auth/tokens 0.076s
2025-12-02 03:26:35.112 66500 INFO tempest.lib.common.rest_client [req-6e4a5156-63c5-4965-9919-847f8b666e3d req-6e4a5156-63c5-4965-9919-847f8b666e3d ] Request (FloatingIPDetailsNegativeTestJSON:setUpClass): 201 POST http://10.180.1.21/networking/v2.0/networks 0.968s
2025-12-02 03:26:35.142 66498 INFO tempest.lib.common.rest_client [req-b2c03025-e099-49f7-a8ca-3ddbc925ebf7 req-b2c03025-e099-49f7-a8ca-3ddbc925ebf7 ] Request (FloatingIPsAssociationTestJSON:test_associate_already_associated_floating_ip): 200 GET http://10.180.1.21/compute/v2.1/servers/3af2eb53-1c13-4cd6-a467-1ec6825f13b9 4.228s
2025-12-02 03:26:35.153 66498 INFO tempest.common.waiters [-] State transition "BUILD/block_device_mapping" ==> "BUILD/spawning" after 30 second wait
2025-12-02 03:26:35.227 66528 INFO tempest.lib.common.rest_client [req-8d7b3847-8f3b-4496-abf8-866569d6a80f req-8d7b3847-8f3b-4496-abf8-866569d6a80f ] Request (ServersTestManualDisk:tearDownClass): 204 DELETE http://10.180.1.21/networking/v2.0/security-groups/1a60c2e7-c063-4bbc-be63-e2c41ed90972 0.516s
2025-12-02 03:26:35.354 66494 WARNING tempest.lib.common.ssh [-] Failed to establish authenticated ssh connection to cirros@10.180.180.136 ([Errno None] Unable to connect to port 22 on 10.180.180.136). Number attempts: 2. Retry after 3 seconds.: paramiko.ssh_exception.NoValidConnectionsError: [Errno None] Unable to connect to port 22 on 10.180.180.136
2025-12-02 03:26:35.395 66502 INFO tempest.lib.common.rest_client [req-06014d18-96da-4cf2-9d80-1d64ba9667a7 req-06014d18-96da-4cf2-9d80-1d64ba9667a7 ] Request (ServersTestMultiNic:test_verify_duplicate_network_nics): 201 POST http://10.180.1.21/networking/v2.0/networks 0.486s
2025-12-02 03:26:35.549 66500 INFO tempest.lib.common.rest_client [req-e8f9a960-3fcf-4b27-b256-330c808dbe94 req-e8f9a960-3fcf-4b27-b256-330c808dbe94 ] Request (FloatingIPDetailsNegativeTestJSON:setUpClass): 201 POST http://10.180.1.21/networking/v2.0/subnets 0.436s
2025-12-02 03:26:35.576 66528 INFO tempest.lib.common.rest_client [req-23fb8b3c-2ec8-4787-ac27-6ed904f4eeeb req-23fb8b3c-2ec8-4787-ac27-6ed904f4eeeb ] Request (ServersTestManualDisk:tearDownClass): 404 GET http://10.180.1.21/networking/v2.0/security-groups/1a60c2e7-c063-4bbc-be63-e2c41ed90972 0.348s
2025-12-02 03:26:36.241 66502 INFO tempest.lib.common.rest_client [req-dc277759-08ca-4c2d-a858-737fb1c7880b req-dc277759-08ca-4c2d-a858-737fb1c7880b ] Request (ServersTestMultiNic:test_verify_duplicate_network_nics): 201 POST http://10.180.1.21/networking/v2.0/subnets 0.845s
2025-12-02 03:26:36.334 66540 INFO tempest.lib.common.rest_client [req-b20f210a-2046-42ac-8263-cdb84cd81e6b req-b20f210a-2046-42ac-8263-cdb84cd81e6b ] Request (SecurityGroupRulesTestJSON:tearDownClass): 202 DELETE http://10.180.1.21/compute/v2.1/os-security-groups/97a138ed-2484-4683-92fe-8ae6bb27f5e7 5.002s
2025-12-02 03:26:36.572 66528 INFO tempest.lib.common.rest_client [req-2f355300-f0bc-41f3-a83d-9fd5ca9c0e25 req-2f355300-f0bc-41f3-a83d-9fd5ca9c0e25 ] Request (ServersTestManualDisk:tearDownClass): 204 DELETE http://10.180.1.21/networking/v2.0/floatingips/391a0995-ec5e-4199-b617-996c050f2d65 0.995s
2025-12-02 03:26:36.767 66502 INFO tempest.lib.common.rest_client [req-a44aba1c-63df-464a-9f9f-a3ab8c243e4f req-a44aba1c-63df-464a-9f9f-a3ab8c243e4f ] Request (ServersTestMultiNic:test_verify_duplicate_network_nics): 201 POST http://10.180.1.21/networking/v2.0/networks 0.525s
2025-12-02 03:26:36.800 66530 INFO tempest.lib.common.rest_client [req-a5a492e4-55e7-4e9b-a26c-b7ba1f1f417c req-a5a492e4-55e7-4e9b-a26c-b7ba1f1f417c ] Request (ImagesOneServerNegativeTestJSON:_run_cleanups): 200 GET http://10.180.1.21/compute/v2.1/servers/81b5e245-752a-4e81-adb9-25a78a3b974f 5.381s
2025-12-02 03:26:36.819 66492 INFO tempest.lib.common.rest_client [req-b2aad4af-36c0-43c1-a3b2-d7ff3a8cf3d4 req-b2aad4af-36c0-43c1-a3b2-d7ff3a8cf3d4 ] Request (FlavorsV2TestJSON:test_list_flavors_detailed_filter_by_min_disk): 200 GET http://10.180.1.21/compute/v2.1/flavors/42 5.020s
2025-12-02 03:26:36.847 66542 INFO tempest.lib.common.rest_client [req-ae9e6883-a5a4-432b-8faf-d2f85a2c4e7b req-ae9e6883-a5a4-432b-8faf-d2f85a2c4e7b ] Request (FlavorsAdminTestJSON:test_is_public_string_variations): 200 GET http://10.180.1.21/compute/v2.1/flavors/detail?is_public=true 5.024s
2025-12-02 03:26:36.894 66500 INFO tempest.lib.common.rest_client [req-f74a95fd-c83b-4be9-94f4-1f72525b3784 req-f74a95fd-c83b-4be9-94f4-1f72525b3784 ] Request (FloatingIPDetailsNegativeTestJSON:setUpClass): 201 POST http://10.180.1.21/networking/v2.0/routers 1.344s
2025-12-02 03:26:37.154 66502 INFO tempest.lib.common.rest_client [req-910accb1-4e57-4452-8b4f-b2fa1ef11e00 req-910accb1-4e57-4452-8b4f-b2fa1ef11e00 ] Request (ServersTestMultiNic:test_verify_duplicate_network_nics): 201 POST http://10.180.1.21/networking/v2.0/subnets 0.387s
2025-12-02 03:26:37.195 66502 INFO tempest.lib.common.rest_client [req-d643e950-0cf7-4f57-b82a-9a017ab979cb req-d643e950-0cf7-4f57-b82a-9a017ab979cb ] Request (ServersTestMultiNic:test_verify_duplicate_network_nics): 201 POST http://10.180.1.21/identity/v3/auth/tokens 0.037s
2025-12-02 03:26:37.195 66502 INFO tempest.lib.common.fixed_network [-] (ServersTestMultiNic:test_verify_duplicate_network_nics) Found network {'id': '67b5b1c0-51bc-4aaf-9c53-163bfefe8222', 'name': 'tempest-ServersTestMultiNic-1171680015-network', 'tenant_id': '093206ac0b0549c2ab077b496403f1c6', 'project_id': '093206ac0b0549c2ab077b496403f1c6', 'admin_state_up': True, 'mtu': 8950, 'status': 'ACTIVE', 'subnets': [], 'shared': False, 'port_security_enabled': True, 'router:external': False, 'provider:network_type': 'vlan', 'provider:physical_network': 'default', 'provider:segmentation_id': 48, 'availability_zone_hints': [], 'availability_zones': [], 'ipv4_address_scope': None, 'ipv6_address_scope': None, 'description': '', 'tags': [], 'created_at': '2025-12-02T03:26:32Z', 'updated_at': '2025-12-02T03:26:32Z', 'revision_number': 1} available for tenant
2025-12-02 03:26:37.592 66528 INFO tempest.lib.common.rest_client [req-2c8543c7-70ed-484c-9e1b-c5127d49b28a req-2c8543c7-70ed-484c-9e1b-c5127d49b28a ] Request (ServersTestManualDisk:tearDownClass): 200 PUT http://10.180.1.21/networking/v2.0/routers/9a97dc0b-65ef-4a88-b4e9-99e3ca3e01af/remove_router_interface 1.020s
2025-12-02 03:26:37.618 66490 INFO tempest.lib.common.rest_client [req-ce1a7478-2d3c-4310-93e3-3070d166acda req-ce1a7478-2d3c-4310-93e3-3070d166acda ] Request (ImagesTestJSON:test_create_image_from_suspended_server): 200 GET http://10.180.1.21/compute/v2.1/servers/2b7655de-46d0-4f78-a030-01c121088ed4 5.607s
2025-12-02 03:26:37.662 66496 INFO tempest.lib.common.rest_client [req-f0394c16-a838-41bd-8d00-150df2c9a9e3 req-f0394c16-a838-41bd-8d00-150df2c9a9e3 ] Request (ListImageFiltersTestJSON:setUpClass): 200 GET http://10.180.1.21/compute/v2.1/images/bb12ce96-4298-41d5-9543-8b253a951ada 5.552s
2025-12-02 03:26:37.761 66548 INFO tempest.lib.common.rest_client [req-223bdf51-cb36-4350-b448-974d220ea66a req-223bdf51-cb36-4350-b448-974d220ea66a ] Request (ServersAdminTestJSON:test_inject_network_info): 202 POST http://10.180.1.21/compute/v2.1/servers 6.447s
2025-12-02 03:26:38.156 66500 INFO tempest.lib.common.rest_client [req-e3c4619a-b181-42ce-90e1-70bb37c24258 req-e3c4619a-b181-42ce-90e1-70bb37c24258 ] Request (FloatingIPDetailsNegativeTestJSON:setUpClass): 200 PUT http://10.180.1.21/networking/v2.0/routers/3d0da338-8634-41b6-838c-c17cfe2d57b5/add_router_interface 1.262s
2025-12-02 03:26:38.156 66500 INFO tempest.lib.common.dynamic_creds [-] Created isolated network resources for: credentials: Credentials: {'domain_id': 'default', 'domain_name': 'Default', 'username': 'tempest-FloatingIPDetailsNegativeTestJSON-1830189477-project-member', 'project_domain_id': 'default', 'project_domain_name': 'Default', 'project_id': '952d7660657b444b834a446f1d32c4dc', 'project_name': 'tempest-FloatingIPDetailsNegativeTestJSON-1830189477', 'tenant_id': '952d7660657b444b834a446f1d32c4dc', 'tenant_name': 'tempest-FloatingIPDetailsNegativeTestJSON-1830189477', 'user_domain_id': 'default', 'user_domain_name': 'Default', 'user_id': '3f2a17b70b7b4965a18bf54ae172e64d', 'system': None}, Network: {'id': 'ab422b8f-9e2c-499b-814d-e03a5d162d12', 'name': 'tempest-FloatingIPDetailsNegativeTestJSON-1331883408-network', 'tenant_id': '952d7660657b444b834a446f1d32c4dc', 'project_id': '952d7660657b444b834a446f1d32c4dc', 'admin_state_up': True, 'mtu': 8950, 'status': 'ACTIVE', 'subnets': [], 'shared': False, 'port_security_enabled': True, 'router:external': False, 'provider:network_type': 'vlan', 'provider:physical_network': 'default', 'provider:segmentation_id': 292, 'availability_zone_hints': [], 'availability_zones': [], 'ipv4_address_scope': None, 'ipv6_address_scope': None, 'description': '', 'tags': [], 'created_at': '2025-12-02T03:26:35Z', 'updated_at': '2025-12-02T03:26:35Z', 'revision_number': 1}, Subnet: {'id': 'cc2e90fc-622c-407e-a1ab-51737b1685eb', 'name': 'tempest-FloatingIPDetailsNegativeTestJSON-1331883408-subnet', 'tenant_id': '952d7660657b444b834a446f1d32c4dc', 'network_id': 'ab422b8f-9e2c-499b-814d-e03a5d162d12', 'ip_version': 4, 'subnetpool_id': None, 'enable_dhcp': True, 'ipv6_ra_mode': None, 'ipv6_address_mode': None, 'gateway_ip': '192.168.128.1', 'cidr': '192.168.128.0/28', 'allocation_pools': [{'start': '192.168.128.2', 'end': '192.168.128.14'}], 'host_routes': [], 'dns_nameservers': [], 'description': '', 'router:external': False, 'service_types': [], 'tags': [], 'created_at': '2025-12-02T03:26:35Z', 'updated_at': '2025-12-02T03:26:35Z', 'revision_number': 0, 'project_id': '952d7660657b444b834a446f1d32c4dc'}, Router: {'id': '3d0da338-8634-41b6-838c-c17cfe2d57b5', 'name': 'tempest-FloatingIPDetailsNegativeTestJSON-1331883408-router', 'tenant_id': '952d7660657b444b834a446f1d32c4dc', 'admin_state_up': True, 'status': 'ACTIVE', 'external_gateway_info': {'network_id': 'b435a93c-b046-4d9a-8b4e-31098faed447', 'external_fixed_ips': [{'subnet_id': '3d31a993-732c-43c7-a4b9-3f36dd223aa5', 'ip_address': '10.180.180.252'}], 'enable_snat': True}, 'description': '', 'availability_zones': [], 'distributed': False, 'ha': False, 'availability_zone_hints': [], 'routes': [], 'flavor_id': None, 'tags': [], 'created_at': '2025-12-02T03:26:36Z', 'updated_at': '2025-12-02T03:26:36Z', 'revision_number': 2, 'project_id': '952d7660657b444b834a446f1d32c4dc'}
2025-12-02 03:26:38.176 66528 INFO tempest.lib.common.rest_client [req-028558ba-f971-47c2-9754-76c49af790b6 req-028558ba-f971-47c2-9754-76c49af790b6 ] Request (ServersTestManualDisk:tearDownClass): 204 DELETE http://10.180.1.21/networking/v2.0/routers/9a97dc0b-65ef-4a88-b4e9-99e3ca3e01af 0.583s
2025-12-02 03:26:38.204 66544 INFO tempest.lib.common.rest_client [req-662a22cc-6ff0-40ca-aa48-182a1d827f4d req-662a22cc-6ff0-40ca-aa48-182a1d827f4d ] Request (DeleteServersAdminTestJSON:test_delete_server_while_in_error_state): 200 GET http://10.180.1.21/compute/v2.1/servers/5428c740-353a-495a-941e-e888651f18e4 5.840s
2025-12-02 03:26:38.205 66538 INFO tempest.lib.common.rest_client [req-1fbff1a0-a027-40b0-b6f1-f3888cdc3b0f req-1fbff1a0-a027-40b0-b6f1-f3888cdc3b0f ] Request (AttachInterfacesV270Test:tearDownClass): 200 GET http://10.180.1.21/compute/v2.1/servers/78b9e780-2d04-4e7e-bfd3-c29b04bd7250 5.994s
2025-12-02 03:26:38.287 66500 INFO tempest.lib.common.rest_client [req-bcfbefc6-01c6-4944-ab72-5b4ed694073f req-bcfbefc6-01c6-4944-ab72-5b4ed694073f ] Request (FloatingIPDetailsNegativeTestJSON:setUpClass): 201 POST http://10.180.1.21/identity/v3/auth/tokens 0.120s
2025-12-02 03:26:38.373 66528 INFO tempest.lib.common.rest_client [req-a075b865-2f9b-4260-9cb1-0ed6f2446dac req-a075b865-2f9b-4260-9cb1-0ed6f2446dac ] Request (ServersTestManualDisk:tearDownClass): 204 DELETE http://10.180.1.21/networking/v2.0/subnets/b16ded99-483f-4197-8f66-d33cb5595491 0.196s
2025-12-02 03:26:38.404 66520 INFO tempest.lib.common.rest_client [req-a5c048cc-97ad-44f3-92bc-be8c6ef7c705 req-a5c048cc-97ad-44f3-92bc-be8c6ef7c705 ] Request (ImagesOneServerTestJSON:setUpClass): 200 GET http://10.180.1.21/compute/v2.1/servers/1ed0f8ce-d32d-4983-9751-b7b4eb6bbfb9 5.991s
2025-12-02 03:26:38.414 66512 INFO tempest.lib.common.rest_client [req-a61d1d69-d988-4e64-bf98-6662ead47c97 req-a61d1d69-d988-4e64-bf98-6662ead47c97 ] Request (QuotasAdminNegativeTest:test_update_quota_normal_user): 403 PUT http://10.180.1.21/compute/v2.1/os-quota-sets/132f82e609484fbfb35497c9c3e8243e 5.744s
2025-12-02 03:26:38.480 66506 INFO tempest.lib.common.rest_client [req-853affc7-ea5e-40ae-89b6-18b298e016cf req-853affc7-ea5e-40ae-89b6-18b298e016cf ] Request (ServerDiskConfigTestJSON:test_rebuild_server_with_manual_disk_config): 200 GET http://10.180.1.21/compute/v2.1/servers/b61f7e1d-df06-408f-ba5e-91f84d8e30a9 6.040s
2025-12-02 03:26:38.507 66526 INFO tempest.lib.common.rest_client [req-75b2afd7-70ba-47ae-981f-c1e2ec9d02ea req-75b2afd7-70ba-47ae-981f-c1e2ec9d02ea ] Request (ServersTestBootFromVolume:setUpClass): 200 GET http://10.180.1.21/compute/v2.1/servers/100447f3-2da4-4a1f-bb6e-5783cb0821fa 5.727s
2025-12-02 03:26:38.528 66522 INFO tempest.lib.common.rest_client [req-1e330185-05be-410b-a1e2-1e0812dacf52 req-1e330185-05be-410b-a1e2-1e0812dacf52 ] Request (MigrationsAdminTest:test_list_migrations_in_flavor_resize_situation): 200 GET http://10.180.1.21/compute/v2.1/os-migrations 5.569s
2025-12-02 03:26:38.548 66512 INFO tempest.lib.common.rest_client [req-b8fe4689-9487-4ad0-ad37-b0936b56c0e1 req-b8fe4689-9487-4ad0-ad37-b0936b56c0e1 ] Request (QuotasAdminNegativeTest:tearDownClass): 204 DELETE http://10.180.1.21/identity/v3/users/ac462864068d46a8aea4f9105af18def 0.132s
2025-12-02 03:26:38.721 66512 INFO tempest.lib.common.rest_client [req-5700e30b-d03c-41b1-91f5-91faaec25526 req-5700e30b-d03c-41b1-91f5-91faaec25526 ] Request (QuotasAdminNegativeTest:tearDownClass): 204 DELETE http://10.180.1.21/identity/v3/users/003b71a84b2144bb8387e8a74338d5f2 0.172s
2025-12-02 03:26:38.722 66512 INFO tempest.lib.common.dynamic_creds [-] Deleting project and security group for project: 132f82e609484fbfb35497c9c3e8243e
2025-12-02 03:26:38.772 66528 INFO tempest.lib.common.rest_client [req-101bdd53-583d-4fe6-83a2-47c7ce0ee790 req-101bdd53-583d-4fe6-83a2-47c7ce0ee790 ] Request (ServersTestManualDisk:tearDownClass): 204 DELETE http://10.180.1.21/networking/v2.0/networks/91058b50-5652-4acf-883b-4fc5d4133322 0.398s
2025-12-02 03:26:38.825 66512 INFO tempest.lib.common.rest_client [req-7241205d-3bad-43ef-873f-e4a6651f2677 req-7241205d-3bad-43ef-873f-e4a6651f2677 ] Request (QuotasAdminNegativeTest:tearDownClass): 201 POST http://10.180.1.21/identity/v3/auth/tokens 0.103s
2025-12-02 03:26:38.850 66514 INFO tempest.lib.common.rest_client [req-537bc6e2-34b3-418b-bd3e-30effd531648 req-537bc6e2-34b3-418b-bd3e-30effd531648 ] Request (ServersAdminNegativeTestJSON:test_migrate_server_invalid_state): 200 GET http://10.180.1.21/compute/v2.1/servers/5e13b6c1-2ec4-4f12-89ef-8afcc1a7357c 5.498s
2025-12-02 03:26:38.862 66514 INFO tempest.common.waiters [-] State transition "BUILD/None" ==> "BUILD/spawning" after 28 second wait
2025-12-02 03:26:38.950 66528 INFO tempest.lib.common.rest_client [req-25b81f6c-cb93-4603-9392-8238a1ca322e req-25b81f6c-cb93-4603-9392-8238a1ca322e ] Request (ServersTestManualDisk:tearDownClass): 204 DELETE http://10.180.1.21/identity/v3/users/1e6d524621a741d7a738bd3fd398defd 0.178s
2025-12-02 03:26:38.950 66528 INFO tempest.lib.common.dynamic_creds [-] Deleting project and security group for project: 5f39837820ad4f1a87dc27ae32164d3e
2025-12-02 03:26:39.039 66508 INFO tempest.lib.common.rest_client [req-c069277f-5725-44ff-a221-2ed9f7956155 req-c069277f-5725-44ff-a221-2ed9f7956155 ] Request (FloatingIPsAssociationNegativeTestJSON:test_associate_ip_to_server_with_floating_ip): 400 POST http://10.180.1.21/compute/v2.1/servers/50cfd92f-6ec7-4b69-8aa1-8871fdb85a98/action 6.195s
2025-12-02 03:26:39.083 66524 INFO tempest.lib.common.rest_client [req-af3ae1c1-788e-4b9a-9857-b754cc7eeafe req-af3ae1c1-788e-4b9a-9857-b754cc7eeafe ] Request (ServersAdmin275Test:test_rebuild_update_server_275): 200 GET http://10.180.1.21/compute/v2.1/servers/7284db35-f377-405d-b744-bcb24db2af22 5.393s
2025-12-02 03:26:39.098 66528 INFO tempest.lib.common.rest_client [req-e0da6e46-6d53-412a-80fb-3b6a4ed58b26 req-e0da6e46-6d53-412a-80fb-3b6a4ed58b26 ] Request (ServersTestManualDisk:tearDownClass): 200 GET http://10.180.1.21/networking/v2.0/security-groups?tenant_id=5f39837820ad4f1a87dc27ae32164d3e&name=default 0.148s
2025-12-02 03:26:39.142 66519 INFO tempest.lib.common.rest_client [req-b6f847cf-8fe3-4a53-954b-7aa117a1ad2d req-b6f847cf-8fe3-4a53-954b-7aa117a1ad2d ] Request (VolumesAssistedSnapshotsTest:test_volume_assisted_snapshot_create_delete): 204 DELETE http://10.180.1.21/compute/v2.1/os-assisted-volume-snapshots/None?delete_info=%7B%22volume_id%22%3A+%2286e36770-dd96-435b-93ac-8c53bdebab06%22%7D 5.232s
2025-12-02 03:26:39.149 66546 INFO tempest.lib.common.rest_client [req-a697b4e3-ee5f-40d3-a413-6d70d034536d req-a697b4e3-ee5f-40d3-a413-6d70d034536d ] Request (ListServersNegativeTestJSON:test_list_servers_by_limits_pass_string): 400 GET http://10.180.1.21/compute/v2.1/servers?limit=testing 5.232s
2025-12-02 03:26:39.180 66488 INFO tempest.lib.common.rest_client [req-3f31b398-2e17-4d30-ad58-85f28215fc85 req-3f31b398-2e17-4d30-ad58-85f28215fc85 ] Request (AggregatesAdminNegativeTestJSON:test_aggregate_remove_nonexistent_host): 200 POST http://10.180.1.21/compute/v2.1/os-aggregates 5.230s
2025-12-02 03:26:39.182 66516 INFO tempest.lib.common.rest_client [req-330ece9f-aea4-4d35-b903-68b5f7f0d5d1 req-330ece9f-aea4-4d35-b903-68b5f7f0d5d1 ] Request (ServicesAdminNegativeTestJSON:test_list_services_with_non_admin_user): 403 GET http://10.180.1.21/compute/v2.1/os-services 5.467s
2025-12-02 03:26:39.196 66519 INFO tempest.lib.common.rest_client [req-92d34860-1105-40be-87b9-f2f7cce0b0da req-92d34860-1105-40be-87b9-f2f7cce0b0da ] Request (VolumesAssistedSnapshotsTest:_run_cleanups): 200 GET http://10.180.1.21/volume/v3/volumes/86e36770-dd96-435b-93ac-8c53bdebab06 0.053s
2025-12-02 03:26:39.209 66512 INFO tempest.lib.common.rest_client [req-4020bbcb-0f92-496a-892d-7872a176562c req-4020bbcb-0f92-496a-892d-7872a176562c ] Request (QuotasAdminNegativeTest:tearDownClass): 200 GET http://10.180.1.21/networking/v2.0/security-groups?tenant_id=132f82e609484fbfb35497c9c3e8243e&name=default 0.384s
2025-12-02 03:26:39.267 66528 INFO tempest.lib.common.rest_client [req-861d8ee7-f105-49cc-b49c-0e6f0e6787e3 req-861d8ee7-f105-49cc-b49c-0e6f0e6787e3 ] Request (ServersTestManualDisk:tearDownClass): 204 DELETE http://10.180.1.21/networking/v2.0/security-groups/b29874da-f381-48d5-8f5c-dd1b0b1aebb1 0.167s
2025-12-02 03:26:39.354 66516 INFO tempest.lib.common.rest_client [req-f5dfe10c-67c2-4ebb-9d5e-012c3641bfd4 req-f5dfe10c-67c2-4ebb-9d5e-012c3641bfd4 ] Request (ServicesAdminNegativeTestJSON:tearDownClass): 204 DELETE http://10.180.1.21/identity/v3/users/4e4f664405e64351bbd3f995923d4d90 0.170s
2025-12-02 03:26:39.373 66512 INFO tempest.lib.common.rest_client [req-d278e94c-7f3f-4386-985b-768a015c3320 req-d278e94c-7f3f-4386-985b-768a015c3320 ] Request (QuotasAdminNegativeTest:tearDownClass): 204 DELETE http://10.180.1.21/networking/v2.0/security-groups/9d59ae59-8ebe-43be-8938-45126dca8195 0.163s
2025-12-02 03:26:39.474 66528 INFO tempest.lib.common.rest_client [req-084a9d83-c1ea-4d35-a369-87edd6c28f0b req-084a9d83-c1ea-4d35-a369-87edd6c28f0b ] Request (ServersTestManualDisk:tearDownClass): 204 DELETE http://10.180.1.21/identity/v3/projects/5f39837820ad4f1a87dc27ae32164d3e 0.207s
2025-12-02 03:26:39.480 66534 INFO tempest.lib.common.rest_client [req-6873f724-df13-4e2a-a48d-d924051f60ca req-6873f724-df13-4e2a-a48d-d924051f60ca ] Request (SecurityGroupsTestJSON:test_list_security_groups_by_server): 200 GET http://10.180.1.21/compute/v2.1/servers/88aa9bd5-f8ba-4681-9015-264eaeaaacf7 5.233s
2025-12-02 03:26:39.495 66534 INFO tempest.common.waiters [-] State transition "BUILD/spawning" ==> "ACTIVE/None" after 35 second wait
2025-12-02 03:26:39.507 66516 INFO tempest.lib.common.rest_client [req-a0eee088-df5e-4b41-bc36-e78febba6470 req-a0eee088-df5e-4b41-bc36-e78febba6470 ] Request (ServicesAdminNegativeTestJSON:tearDownClass): 204 DELETE http://10.180.1.21/identity/v3/users/473c1a42e4514696ae43c03ef6d7701b 0.152s
2025-12-02 03:26:39.507 66516 INFO tempest.lib.common.dynamic_creds [-] Deleting project and security group for project: 5c00c63e95814e76b108a5efe41f20ca
2025-12-02 03:26:39.537 66486 INFO tempest.lib.common.rest_client [req-905f98ba-29d0-419f-b89b-8028762df3e8 req-905f98ba-29d0-419f-b89b-8028762df3e8 ] Request (ImagesMetadataTestJSON:test_set_image_metadata_item): 200 GET http://10.180.1.21/compute/v2.1/images/3a8cb130-2694-477e-aa33-ec57cc19b9bd/metadata 4.851s
2025-12-02 03:26:39.619 66528 INFO tempest.lib.common.rest_client [req-40812a08-24cb-4501-a1bb-2c8ab45f4bdf req-40812a08-24cb-4501-a1bb-2c8ab45f4bdf ] Request (ServerMetadataNegativeTestJSON:setUpClass): 201 POST http://10.180.1.21/identity/v3/auth/tokens 0.143s
2025-12-02 03:26:39.683 66512 INFO tempest.lib.common.rest_client [req-724848cf-3dfe-48e7-b653-6f64a57d11bb req-724848cf-3dfe-48e7-b653-6f64a57d11bb ] Request (QuotasAdminNegativeTest:tearDownClass): 204 DELETE http://10.180.1.21/identity/v3/projects/132f82e609484fbfb35497c9c3e8243e 0.308s
2025-12-02 03:26:39.683 66512 INFO tempest.lib.common.dynamic_creds [-] Deleting project and security group for project: 43f11a5cfe1c4d4a91af12087eb83b02
2025-12-02 03:26:39.717 66516 INFO tempest.lib.common.rest_client [req-ac89aeec-e156-4590-95a5-dfcb24dae7f2 req-ac89aeec-e156-4590-95a5-dfcb24dae7f2 ] Request (ServicesAdminNegativeTestJSON:tearDownClass): 201 POST http://10.180.1.21/identity/v3/auth/tokens 0.209s
2025-12-02 03:26:39.757 66528 INFO tempest.lib.common.rest_client [req-62c9b395-ebcb-4df0-8b35-acf2bf822c5a req-62c9b395-ebcb-4df0-8b35-acf2bf822c5a ] Request (ServerMetadataNegativeTestJSON:setUpClass): 201 POST http://10.180.1.21/identity/v3/auth/tokens 0.131s
2025-12-02 03:26:39.786 66528 INFO tempest.lib.common.rest_client [req-6466cdc0-11af-4c64-b40f-5471c3eb19fa req-6466cdc0-11af-4c64-b40f-5471c3eb19fa ] Request (ServerMetadataNegativeTestJSON:setUpClass): 200 GET http://10.180.1.21/identity/v3/domains?name=Default 0.029s
2025-12-02 03:26:39.827 66528 INFO tempest.lib.common.rest_client [req-5e2c8520-c95b-4942-a1e4-9c3aa8b6322a req-5e2c8520-c95b-4942-a1e4-9c3aa8b6322a ] Request (ServerMetadataNegativeTestJSON:setUpClass): 201 POST http://10.180.1.21/identity/v3/projects 0.040s
2025-12-02 03:26:39.927 66528 INFO tempest.lib.common.rest_client [req-faa5f296-ef18-4f03-ab8c-2f2843a4b3a0 req-faa5f296-ef18-4f03-ab8c-2f2843a4b3a0 ] Request (ServerMetadataNegativeTestJSON:setUpClass): 201 POST http://10.180.1.21/identity/v3/users 0.099s
2025-12-02 03:26:39.959 66528 INFO tempest.lib.common.rest_client [req-9d6af44c-d685-4b3f-8e58-7f93f27fa554 req-9d6af44c-d685-4b3f-8e58-7f93f27fa554 ] Request (ServerMetadataNegativeTestJSON:setUpClass): 200 GET http://10.180.1.21/identity/v3/roles 0.031s
2025-12-02 03:26:40.008 66512 INFO tempest.lib.common.rest_client [req-d5bb178d-05c6-470e-a877-3b346e31ee21 req-d5bb178d-05c6-470e-a877-3b346e31ee21 ] Request (QuotasAdminNegativeTest:tearDownClass): 200 GET http://10.180.1.21/networking/v2.0/security-groups?tenant_id=43f11a5cfe1c4d4a91af12087eb83b02&name=default 0.325s
2025-12-02 03:26:40.009 66528 INFO tempest.lib.common.rest_client [req-fd94213f-fbd1-45eb-aa70-e42bd8ba2da4 req-fd94213f-fbd1-45eb-aa70-e42bd8ba2da4 ] Request (ServerMetadataNegativeTestJSON:setUpClass): 204 PUT http://10.180.1.21/identity/v3/projects/e154037d5cf84dfcb227c15e3908a2b3/users/c0063bb81cf34d369d83d6776a0e131e/roles/a75aeef6630741299aadfb4de335e5cc 0.050s
2025-12-02 03:26:40.010 66528 INFO tempest.lib.common.dynamic_creds [-] Dynamic test user c0063bb81cf34d369d83d6776a0e131e is created with scope project and roles: ['member']
2025-12-02 03:26:40.010 66528 INFO tempest.lib.common.dynamic_creds [-] Acquired dynamic creds: credentials: Credentials: {'domain_id': 'default', 'domain_name': 'Default', 'username': 'tempest-ServerMetadataNegativeTestJSON-1089276130-project-member', 'project_domain_id': 'default', 'project_domain_name': 'Default', 'project_id': 'e154037d5cf84dfcb227c15e3908a2b3', 'project_name': 'tempest-ServerMetadataNegativeTestJSON-1089276130', 'tenant_id': 'e154037d5cf84dfcb227c15e3908a2b3', 'tenant_name': 'tempest-ServerMetadataNegativeTestJSON-1089276130', 'user_domain_id': 'default', 'user_domain_name': 'Default', 'user_id': 'c0063bb81cf34d369d83d6776a0e131e', 'system': None}, Network: None, Subnet: None, Router: None
2025-12-02 03:26:40.055 66498 INFO tempest.lib.common.rest_client [req-ba6ff0d4-2259-4063-8606-af9f89bb9aa8 req-ba6ff0d4-2259-4063-8606-af9f89bb9aa8 ] Request (FloatingIPsAssociationTestJSON:test_associate_already_associated_floating_ip): 200 GET http://10.180.1.21/compute/v2.1/servers/3af2eb53-1c13-4cd6-a467-1ec6825f13b9 3.900s
2025-12-02 03:26:40.117 66528 INFO tempest.lib.common.rest_client [req-83f37014-4c42-42fa-bd83-4690ce29903e req-83f37014-4c42-42fa-bd83-4690ce29903e ] Request (ServerMetadataNegativeTestJSON:setUpClass): 201 POST http://10.180.1.21/identity/v3/auth/tokens 0.107s
2025-12-02 03:26:40.155 66516 INFO tempest.lib.common.rest_client [req-5cb2f3b6-c030-4c1c-b420-1db940903046 req-5cb2f3b6-c030-4c1c-b420-1db940903046 ] Request (ServicesAdminNegativeTestJSON:tearDownClass): 200 GET http://10.180.1.21/networking/v2.0/security-groups?tenant_id=5c00c63e95814e76b108a5efe41f20ca&name=default 0.437s
2025-12-02 03:26:40.213 66512 INFO tempest.lib.common.rest_client [req-cfa7a977-630b-4d0e-a0b8-db9d883fb8e8 req-cfa7a977-630b-4d0e-a0b8-db9d883fb8e8 ] Request (QuotasAdminNegativeTest:tearDownClass): 204 DELETE http://10.180.1.21/networking/v2.0/security-groups/f9a9c08e-632e-4fd8-aa3e-ce3234bbbeab 0.204s
2025-12-02 03:26:40.292 66516 INFO tempest.lib.common.rest_client [req-39f845b2-26ea-4593-ac9a-1b2ef78e8b6e req-39f845b2-26ea-4593-ac9a-1b2ef78e8b6e ] Request (ServicesAdminNegativeTestJSON:tearDownClass): 204 DELETE http://10.180.1.21/networking/v2.0/security-groups/17474888-123e-4fc1-a214-e203cef1ced5 0.137s
2025-12-02 03:26:40.300 66512 INFO tempest.lib.common.rest_client [req-29a8c2a8-5848-4132-825c-d4d3238deba6 req-29a8c2a8-5848-4132-825c-d4d3238deba6 ] Request (QuotasAdminNegativeTest:tearDownClass): 204 DELETE http://10.180.1.21/identity/v3/projects/43f11a5cfe1c4d4a91af12087eb83b02 0.087s
2025-12-02 03:26:40.391 66512 INFO tempest.lib.common.rest_client [req-b21effef-0597-477a-a5e8-5bc181fdd0b5 req-b21effef-0597-477a-a5e8-5bc181fdd0b5 ] Request (InstanceActionsV221TestJSON:setUpClass): 201 POST http://10.180.1.21/identity/v3/auth/tokens 0.089s
2025-12-02 03:26:40.395 66540 INFO tempest.lib.common.rest_client [req-0b1ad688-4de2-443f-ae4d-5f21ec965c41 req-0b1ad688-4de2-443f-ae4d-5f21ec965c41 ] Request (SecurityGroupRulesTestJSON:tearDownClass): 202 DELETE http://10.180.1.21/compute/v2.1/os-security-groups/6be1e80b-673a-4e2b-97ba-4372b0ee2fe2 4.061s
2025-12-02 03:26:40.418 66516 INFO tempest.lib.common.rest_client [req-b99791e2-73bc-4d97-be72-b386df8b7aff req-b99791e2-73bc-4d97-be72-b386df8b7aff ] Request (ServicesAdminNegativeTestJSON:tearDownClass): 204 DELETE http://10.180.1.21/identity/v3/projects/5c00c63e95814e76b108a5efe41f20ca 0.125s
2025-12-02 03:26:40.418 66516 INFO tempest.lib.common.dynamic_creds [-] Deleting project and security group for project: 96d5707e91494c93bb988566c033456d
2025-12-02 03:26:40.428 66492 INFO tempest.lib.common.rest_client [req-27693c44-2119-4aba-92da-09ee9eb60820 req-27693c44-2119-4aba-92da-09ee9eb60820 ] Request (FlavorsV2TestJSON:test_list_flavors_detailed_filter_by_min_disk): 200 GET http://10.180.1.21/compute/v2.1/flavors/detail?minDisk=2 3.604s
2025-12-02 03:26:40.450 66542 INFO tempest.lib.common.rest_client [req-1adc8557-3663-4dd0-87c6-2588485ad4cf req-1adc8557-3663-4dd0-87c6-2588485ad4cf ] Request (FlavorsAdminTestJSON:test_is_public_string_variations): 200 GET http://10.180.1.21/compute/v2.1/flavors/detail?is_public=yes 3.595s
2025-12-02 03:26:40.463 66512 INFO tempest.lib.common.rest_client [req-4ba875c4-4c89-49a1-8daa-e6687d01fb4a req-4ba875c4-4c89-49a1-8daa-e6687d01fb4a ] Request (InstanceActionsV221TestJSON:setUpClass): 201 POST http://10.180.1.21/identity/v3/auth/tokens 0.069s
2025-12-02 03:26:40.469 66528 INFO tempest.lib.common.rest_client [req-761b1090-7a74-42b3-a86d-a9da0d042850 req-761b1090-7a74-42b3-a86d-a9da0d042850 ] Request (ServerMetadataNegativeTestJSON:setUpClass): 201 POST http://10.180.1.21/networking/v2.0/networks 0.351s
2025-12-02 03:26:40.501 66512 INFO tempest.lib.common.rest_client [req-5c773d0d-b539-4141-a596-70363b9184ea req-5c773d0d-b539-4141-a596-70363b9184ea ] Request (InstanceActionsV221TestJSON:setUpClass): 200 GET http://10.180.1.21/identity/v3/domains?name=Default 0.037s
2025-12-02 03:26:40.546 66512 INFO tempest.lib.common.rest_client [req-3c3e6dd7-aa17-436b-8b08-a6674a7880dc req-3c3e6dd7-aa17-436b-8b08-a6674a7880dc ] Request (InstanceActionsV221TestJSON:setUpClass): 201 POST http://10.180.1.21/identity/v3/projects 0.044s
2025-12-02 03:26:40.553 66516 INFO tempest.lib.common.rest_client [req-a1b925e9-08c4-4367-abcb-961ab4d31c7f req-a1b925e9-08c4-4367-abcb-961ab4d31c7f ] Request (ServicesAdminNegativeTestJSON:tearDownClass): 200 GET http://10.180.1.21/networking/v2.0/security-groups?tenant_id=96d5707e91494c93bb988566c033456d&name=default 0.135s
2025-12-02 03:26:40.597 66504 INFO tempest.lib.common.rest_client [req-becc4740-3f4a-4551-aab6-4fa36753b06b req-becc4740-3f4a-4551-aab6-4fa36753b06b ] Request (ListServerFiltersTestJSON:setUpClass): 202 POST http://10.180.1.21/compute/v2.1/servers 6.066s
2025-12-02 03:26:40.633 66512 INFO tempest.lib.common.rest_client [req-80b35d67-0702-45e8-82f5-5dd6cab4b857 req-80b35d67-0702-45e8-82f5-5dd6cab4b857 ] Request (InstanceActionsV221TestJSON:setUpClass): 201 POST http://10.180.1.21/identity/v3/users 0.086s
2025-12-02 03:26:40.644 66496 INFO tempest.lib.common.rest_client [req-70faddeb-383f-480c-bfd1-afce2d1d42f3 req-70faddeb-383f-480c-bfd1-afce2d1d42f3 ] Request (ListImageFiltersTestJSON:setUpClass): 200 GET http://10.180.1.21/compute/v2.1/images/bb12ce96-4298-41d5-9543-8b253a951ada 2.977s
