2025-12-02 03:27:16.437 66488 INFO tempest.lib.common.rest_client [req-9908715f-1a1a-4bfb-b9cd-705fa71b44cc req-9908715f-1a1a-4bfb-b9cd-705fa71b44cc ] Request (ServerDiagnosticsV248Test:test_get_server_diagnostics): 200 GET http://10.180.1.21/compute/v2.1/servers/331e5100-c1e3-4a01-8b02-d3e4b7452097 2.008s
2025-12-02 03:27:16.472 66520 INFO tempest.lib.common.rest_client [req-558c6ae1-38c5-461a-b0af-ec316653c9f7 req-558c6ae1-38c5-461a-b0af-ec316653c9f7 ] Request (ImagesOneServerTestJSON:test_create_delete_image): 200 GET http://10.180.1.21/compute/v2.1/images/9d96c4c8-4708-404e-940e-71153d3cb9cc 2.041s
2025-12-02 03:27:16.551 66546 INFO tempest.lib.common.rest_client [req-d1a8369e-a7cb-4f73-a4af-15febce53e8a req-d1a8369e-a7cb-4f73-a4af-15febce53e8a ] Request (ListServersNegativeTestJSON:tearDownClass): 204 DELETE http://10.180.1.21/compute/v2.1/servers/3b875883-c4ec-4dda-bed7-bd5b339f5487 1.879s
2025-12-02 03:27:16.605 66512 INFO tempest.lib.common.rest_client [req-cfee5393-817f-4287-972e-ee96ca205b5a req-cfee5393-817f-4287-972e-ee96ca205b5a ] Request (InstanceActionsV221TestJSON:test_get_list_deleted_instance_actions): 200 GET http://10.180.1.21/compute/v2.1/servers/088e1351-6271-42d1-9d4d-6986d1648149 1.925s
2025-12-02 03:27:16.616 66512 INFO tempest.common.waiters [-] State transition "BUILD/networking" ==> "BUILD/spawning" after 17 second wait
2025-12-02 03:27:16.750 66534 INFO tempest.lib.common.rest_client [req-815927f9-20e4-4359-8842-18d4f647bf29 req-815927f9-20e4-4359-8842-18d4f647bf29 ] Request (SecurityGroupsTestJSON:test_security_groups_create_list_delete): 200 POST http://10.180.1.21/compute/v2.1/os-security-groups 1.655s
2025-12-02 03:27:16.923 66516 INFO tempest.lib.common.rest_client [req-157ede23-e62f-4e6c-ae0c-95a34a6591ba req-157ede23-e62f-4e6c-ae0c-95a34a6591ba ] Request (ServerAddressesNegativeTestJSON:setUpClass): 200 GET http://10.180.1.21/compute/v2.1/servers/6159884e-8990-49e3-a0eb-0e30359be227 1.644s
2025-12-02 03:27:16.930 66516 INFO tempest.common.waiters [-] State transition "BUILD/None" ==> "BUILD/networking" after 17 second wait
2025-12-02 03:27:17.941 66502 INFO tempest.lib.common.rest_client [req-72d33022-d88b-4601-bf49-34b970fda3e5 req-72d33022-d88b-4601-bf49-34b970fda3e5 ] Request (ServersTestMultiNic:test_verify_duplicate_network_nics): 200 GET http://10.180.1.21/compute/v2.1/servers/87391bc0-0fa7-4210-9c37-3a7af9e72bb0 2.639s
2025-12-02 03:27:18.298 66494 WARNING tempest.lib.common.ssh [-] Failed to establish authenticated ssh connection to cirros@10.180.180.136 ([Errno None] Unable to connect to port 22 on 10.180.180.136). Number attempts: 7. Retry after 8 seconds.: paramiko.ssh_exception.NoValidConnectionsError: [Errno None] Unable to connect to port 22 on 10.180.180.136
2025-12-02 03:27:18.332 66519 INFO tempest.lib.common.rest_client [req-757d99fc-c941-4029-9b61-d5800590c92c req-757d99fc-c941-4029-9b61-d5800590c92c ] Request (VolumesAssistedSnapshotsTest:tearDownClass): 200 GET http://10.180.1.21/compute/v2.1/servers/c44c253b-7ee9-4eb1-9d20-bd9882cf014b 2.968s
2025-12-02 03:27:18.352 66514 INFO tempest.lib.common.rest_client [req-ebd82057-46fa-416d-a2dd-e4ebc359b8e0 req-ebd82057-46fa-416d-a2dd-e4ebc359b8e0 ] Request (ServersAdminNegativeTestJSON:test_resize_server_using_overlimit_ram): 200 POST http://10.180.1.21/compute/v2.1/flavors 2.888s
2025-12-02 03:27:18.710 66504 INFO tempest.lib.common.rest_client [req-e5228314-819d-4c28-925a-80953426a834 req-e5228314-819d-4c28-925a-80953426a834 ] Request (ListServerFiltersTestJSON:setUpClass): 200 GET http://10.180.1.21/compute/v2.1/servers/3e26797d-7c3a-4b5e-8a76-497667d34837 3.211s
2025-12-02 03:27:18.875 66526 WARNING tempest.lib.common.ssh [-] Failed to establish authenticated ssh connection to cirros@10.180.180.143 ([Errno None] Unable to connect to port 22 on 10.180.180.143). Number attempts: 2. Retry after 3 seconds.: paramiko.ssh_exception.NoValidConnectionsError: [Errno None] Unable to connect to port 22 on 10.180.180.143
2025-12-02 03:27:18.875 66522 INFO tempest.lib.common.rest_client [req-9de7e6a5-4e18-4b0f-9cb0-8b87adc3fb2d req-9de7e6a5-4e18-4b0f-9cb0-8b87adc3fb2d ] Request (MigrationsAdminTest:test_resize_server_revert_deleted_flavor): 200 GET http://10.180.1.21/compute/v2.1/servers/9fd88eee-356b-436d-95d2-f4b7ed9a8383 3.329s
2025-12-02 03:27:19.016 66498 INFO tempest.lib.common.rest_client [req-4b3401fa-555f-4169-8649-f9f799bc734e req-4b3401fa-555f-4169-8649-f9f799bc734e ] Request (FloatingIPsAssociationTestJSON:test_associate_disassociate_floating_ip): 202 POST http://10.180.1.21/compute/v2.1/servers/96c17790-9f52-422c-b67c-034b00183281/action 4.225s
2025-12-02 03:27:19.129 66524 INFO tempest.lib.common.rest_client [req-7bbacebc-e21e-4894-8a54-f6f2fa9e774c req-7bbacebc-e21e-4894-8a54-f6f2fa9e774c ] Request (ServersAdmin275Test:tearDownClass): 200 GET http://10.180.1.21/compute/v2.1/servers/7284db35-f377-405d-b744-bcb24db2af22 3.542s
2025-12-02 03:27:19.143 66524 INFO tempest.common.waiters [-] State transition "ACTIVE/deleting" ==> "DELETED/None" after 5 second wait
2025-12-02 03:27:19.386 66500 INFO tempest.lib.common.rest_client [req-f3c45982-2d3f-425f-80da-9a9c2a09809b req-f3c45982-2d3f-425f-80da-9a9c2a09809b ] Request (ServersNegativeTestJSON:setUpClass): 200 GET http://10.180.1.21/compute/v2.1/servers/af990b19-fc66-4a3b-8ffa-f917de4a4db4 3.444s
2025-12-02 03:27:19.415 66542 INFO tempest.lib.common.rest_client [req-a50cd6c6-4097-4802-85d5-6465bb9fa171 req-a50cd6c6-4097-4802-85d5-6465bb9fa171 ] Request (FlavorsAdminTestJSON:_run_cleanups): 202 DELETE http://10.180.1.21/compute/v2.1/flavors/70792280 3.388s
2025-12-02 03:27:19.451 66492 INFO tempest.lib.common.rest_client [req-c0b3f2cb-0c5c-483d-b539-35d4e7880146 req-c0b3f2cb-0c5c-483d-b539-35d4e7880146 ] Request (FlavorsV2TestJSON:test_list_flavors_filter_by_min_ram): 200 GET http://10.180.1.21/compute/v2.1/flavors?minRam=193 3.413s
2025-12-02 03:27:19.483 66548 INFO tempest.lib.common.rest_client [req-e9743c52-782d-4b68-b0ba-130394f912eb req-e9743c52-782d-4b68-b0ba-130394f912eb ] Request (ServersAdminTestJSON:test_list_servers_by_admin_with_specified_tenant): 200 GET http://10.180.1.21/compute/v2.1/servers/detail?tenant_id=a3a6bb17fd2c4242920acb28a27c3be0 3.381s
2025-12-02 03:27:19.591 66544 INFO tempest.lib.common.rest_client [req-77923d69-0af2-4d9f-a684-d303f2d68c32 req-77923d69-0af2-4d9f-a684-d303f2d68c32 ] Request (FlavorsAccessTestJSON:test_flavor_access_add_remove): 200 GET http://10.180.1.21/compute/v2.1/flavors/detail 3.459s
2025-12-02 03:27:19.608 66486 INFO tempest.lib.common.rest_client [req-2cbb8d9b-2988-4f76-b1a9-b4ca125c7361 req-2cbb8d9b-2988-4f76-b1a9-b4ca125c7361 ] Request (ImagesDeleteNegativeTestJSON:test_delete_non_existent_image): 404 DELETE http://10.180.1.21/compute/v2.1/images/42f3d5b6-e7b4-44fa-bce5-12cec31de21f 3.342s
2025-12-02 03:27:19.632 66490 INFO tempest.lib.common.rest_client [req-9aa132f8-4918-4ea4-9ff3-bf9480d92fc0 req-9aa132f8-4918-4ea4-9ff3-bf9480d92fc0 ] Request (ImagesTestJSON:test_create_image_from_suspended_server): 202 POST http://10.180.1.21/compute/v2.1/servers/2b7655de-46d0-4f78-a030-01c121088ed4/action 3.957s
2025-12-02 03:27:19.657 66546 INFO tempest.lib.common.rest_client [req-57a92ddf-3896-4d11-be7e-8d790fea247b req-57a92ddf-3896-4d11-be7e-8d790fea247b ] Request (ListServersNegativeTestJSON:tearDownClass): 404 GET http://10.180.1.21/compute/v2.1/servers/c99d75b7-a984-48c7-8074-14c021fe0b0f 3.106s
2025-12-02 03:27:19.668 66496 INFO tempest.lib.common.rest_client [req-98c17ca8-02b2-4d72-b96b-77e5a6539764 req-98c17ca8-02b2-4d72-b96b-77e5a6539764 ] Request (ListImageFiltersTestJSON:setUpClass): 200 GET http://10.180.1.21/compute/v2.1/servers/26e95aa2-8b72-408b-9138-ac91839b7e46 3.338s
2025-12-02 03:27:19.721 66506 INFO tempest.lib.common.rest_client [req-651d5168-708b-4af7-a741-465efe526283 req-651d5168-708b-4af7-a741-465efe526283 ] Request (ServerDiskConfigTestJSON:test_resize_server_from_auto_to_manual): 200 GET http://10.180.1.21/compute/v2.1/servers/f6823ce5-4b96-406d-a306-3bf5a6057ef4 2.762s
2025-12-02 03:27:19.741 66486 INFO tempest.lib.common.rest_client [req-15a8768d-811b-4d39-a7bf-d00637bbb58c req-15a8768d-811b-4d39-a7bf-d00637bbb58c ] Request (ImagesDeleteNegativeTestJSON:tearDownClass): 204 DELETE http://10.180.1.21/identity/v3/users/ac57e7d3637f4f179279a0fcf6090565 0.132s
2025-12-02 03:27:19.742 66486 INFO tempest.lib.common.dynamic_creds [-] Deleting project and security group for project: cb13edc2146f4d3a81da1e9a9c23b758
2025-12-02 03:27:19.772 66530 INFO tempest.lib.common.rest_client [req-34ba3059-c58c-4d5b-ac89-da45119e08fc req-34ba3059-c58c-4d5b-ac89-da45119e08fc ] Request (ImagesOneServerNegativeTestJSON:_run_cleanups): 200 GET http://10.180.1.21/compute/v2.1/servers/932ab389-beca-4876-85cc-7628041dab3d 2.611s
2025-12-02 03:27:19.793 66534 INFO tempest.lib.common.rest_client [req-949c0727-357d-47a7-8d26-80f0b7f12df3 req-949c0727-357d-47a7-8d26-80f0b7f12df3 ] Request (SecurityGroupsTestJSON:test_security_groups_create_list_delete): 200 POST http://10.180.1.21/compute/v2.1/os-security-groups 3.040s
2025-12-02 03:27:19.809 66486 INFO tempest.lib.common.rest_client [req-a3ee4448-70f2-4f4e-9312-e9af7b7165ca req-a3ee4448-70f2-4f4e-9312-e9af7b7165ca ] Request (ImagesDeleteNegativeTestJSON:tearDownClass): 201 POST http://10.180.1.21/identity/v3/auth/tokens 0.067s
2025-12-02 03:27:19.835 66538 INFO tempest.lib.common.rest_client [req-4ad7ee3b-1df0-4419-9831-eaa0513f3817 req-4ad7ee3b-1df0-4419-9831-eaa0513f3817 ] Request (ServerTagsTestJSON:setUpClass): 200 GET http://10.180.1.21/compute/v2.1/servers/203be699-dfce-4549-8336-81f3649f5fb0 2.582s
2025-12-02 03:27:19.925 66528 INFO tempest.lib.common.rest_client [req-c32a6328-7d96-4df1-8877-428b029c11c3 req-c32a6328-7d96-4df1-8877-428b029c11c3 ] Request (ServerMetadataNegativeTestJSON:setUpClass): 200 GET http://10.180.1.21/compute/v2.1/servers/b3b17c7e-70bf-4419-a0f8-5869f102f106 2.572s
2025-12-02 03:27:19.934 66528 INFO tempest.common.waiters [-] State transition "BUILD/spawning" ==> "ACTIVE/None" after 21 second wait
2025-12-02 03:27:19.942 66508 INFO tempest.lib.common.rest_client [req-221feb6c-84d5-4c18-9109-9e82d1ad0b2e req-221feb6c-84d5-4c18-9109-9e82d1ad0b2e ] Request (FloatingIPsAssociationNegativeTestJSON:tearDownClass): 200 GET http://10.180.1.21/compute/v2.1/servers/50cfd92f-6ec7-4b69-8aa1-8871fdb85a98 2.521s
2025-12-02 03:27:19.950 66508 INFO tempest.common.waiters [-] State transition "ACTIVE/deleting" ==> "DELETED/None" after 3 second wait
2025-12-02 03:27:19.982 66520 INFO tempest.lib.common.rest_client [req-3ed78233-594b-4fca-90b4-df9616d3912d req-3ed78233-594b-4fca-90b4-df9616d3912d ] Request (ImagesOneServerTestJSON:test_create_delete_image): 200 GET http://10.180.1.21/compute/v2.1/images/9d96c4c8-4708-404e-940e-71153d3cb9cc 2.504s
2025-12-02 03:27:19.993 66488 INFO tempest.lib.common.rest_client [req-1cc31d6e-c379-4b08-add8-077a195e8da5 req-1cc31d6e-c379-4b08-add8-077a195e8da5 ] Request (ServerDiagnosticsV248Test:test_get_server_diagnostics): 200 GET http://10.180.1.21/compute/v2.1/servers/331e5100-c1e3-4a01-8b02-d3e4b7452097 2.541s
2025-12-02 03:27:20.006 66528 INFO tempest.lib.common.rest_client [req-1900a6da-8a17-4b93-8ba5-ef8ea86c1e19 req-1900a6da-8a17-4b93-8ba5-ef8ea86c1e19 ] Request (ServerMetadataNegativeTestJSON:test_create_server_metadata_blank_key): 201 POST http://10.180.1.21/identity/v3/auth/tokens 0.068s
2025-12-02 03:27:20.006 66528 INFO tempest.lib.common.fixed_network [-] (ServerMetadataNegativeTestJSON:test_create_server_metadata_blank_key) Found network {'id': '9f1b9072-2d70-445c-aa42-64583ba432cd', 'name': 'tempest-ServerMetadataNegativeTestJSON-158328033-network', 'tenant_id': 'e154037d5cf84dfcb227c15e3908a2b3', 'project_id': 'e154037d5cf84dfcb227c15e3908a2b3', 'admin_state_up': True, 'mtu': 8950, 'status': 'ACTIVE', 'subnets': [], 'shared': False, 'port_security_enabled': True, 'router:external': False, 'provider:network_type': 'vlan', 'provider:physical_network': 'default', 'provider:segmentation_id': 310, 'availability_zone_hints': [], 'availability_zones': [], 'ipv4_address_scope': None, 'ipv6_address_scope': None, 'description': '', 'tags': [], 'created_at': '2025-12-02T03:26:40Z', 'updated_at': '2025-12-02T03:26:40Z', 'revision_number': 1} available for tenant
2025-12-02 03:27:20.031 66486 INFO tempest.lib.common.rest_client [req-ccbd80dd-d19f-47ed-aa52-ac471d218995 req-ccbd80dd-d19f-47ed-aa52-ac471d218995 ] Request (ImagesDeleteNegativeTestJSON:tearDownClass): 200 GET http://10.180.1.21/networking/v2.0/security-groups?tenant_id=cb13edc2146f4d3a81da1e9a9c23b758&name=default 0.222s
2025-12-02 03:27:20.143 66516 INFO tempest.lib.common.rest_client [req-d9571e81-10a7-4437-be2d-9cd263d10694 req-d9571e81-10a7-4437-be2d-9cd263d10694 ] Request (ServerAddressesNegativeTestJSON:setUpClass): 200 GET http://10.180.1.21/compute/v2.1/servers/6159884e-8990-49e3-a0eb-0e30359be227 2.212s
2025-12-02 03:27:20.151 66516 INFO tempest.common.waiters [-] State transition "BUILD/networking" ==> "BUILD/spawning" after 21 second wait
2025-12-02 03:27:20.163 66486 INFO tempest.lib.common.rest_client [req-87121ad9-c927-4720-b307-ca34c9e56ca1 req-87121ad9-c927-4720-b307-ca34c9e56ca1 ] Request (ImagesDeleteNegativeTestJSON:tearDownClass): 204 DELETE http://10.180.1.21/networking/v2.0/security-groups/e0a7e84d-087a-4af3-962f-02d21b8b9fd5 0.131s
2025-12-02 03:27:20.171 66512 INFO tempest.lib.common.rest_client [req-3acd52b1-6b07-4484-aba5-6903cb58ca54 req-3acd52b1-6b07-4484-aba5-6903cb58ca54 ] Request (InstanceActionsV221TestJSON:test_get_list_deleted_instance_actions): 200 GET http://10.180.1.21/compute/v2.1/servers/088e1351-6271-42d1-9d4d-6986d1648149 2.551s
2025-12-02 03:27:20.239 66486 INFO tempest.lib.common.rest_client [req-331d5803-958e-4ce9-98d4-483e7ef45fd2 req-331d5803-958e-4ce9-98d4-483e7ef45fd2 ] Request (ImagesDeleteNegativeTestJSON:tearDownClass): 204 DELETE http://10.180.1.21/identity/v3/projects/cb13edc2146f4d3a81da1e9a9c23b758 0.075s
2025-12-02 03:27:20.289 66514 INFO tempest.lib.common.rest_client [req-f2f854a1-f668-4f1a-a55d-3a4b25ad9959 req-f2f854a1-f668-4f1a-a55d-3a4b25ad9959 ] Request (ServersAdminNegativeTestJSON:test_resize_server_using_overlimit_ram): 403 POST http://10.180.1.21/compute/v2.1/servers/61a64ba1-88f1-41e4-888c-2609acd82822/action 1.933s
2025-12-02 03:27:20.341 66486 INFO tempest.lib.common.rest_client [req-9b0de5dd-e568-4d87-9a65-94b95442754d req-9b0de5dd-e568-4d87-9a65-94b95442754d ] Request (InstanceActionsNegativeTestJSON:setUpClass): 201 POST http://10.180.1.21/identity/v3/auth/tokens 0.100s
2025-12-02 03:27:20.391 66486 INFO tempest.lib.common.rest_client [req-af37ef93-2052-4830-a7cc-2305a67260cc req-af37ef93-2052-4830-a7cc-2305a67260cc ] Request (InstanceActionsNegativeTestJSON:setUpClass): 201 POST http://10.180.1.21/identity/v3/auth/tokens 0.046s
2025-12-02 03:27:20.427 66486 INFO tempest.lib.common.rest_client [req-5b6b7327-90ff-4431-8925-f96ecaa67269 req-5b6b7327-90ff-4431-8925-f96ecaa67269 ] Request (InstanceActionsNegativeTestJSON:setUpClass): 200 GET http://10.180.1.21/identity/v3/domains?name=Default 0.035s
2025-12-02 03:27:20.463 66504 INFO tempest.lib.common.rest_client [req-58f78d08-ff23-4b04-bb4b-a414dad25f05 req-58f78d08-ff23-4b04-bb4b-a414dad25f05 ] Request (ListServerFiltersTestJSON:test_list_servers_detailed_filter_by_flavor): 200 GET http://10.180.1.21/compute/v2.1/servers/detail?flavor=84 1.743s
2025-12-02 03:27:20.467 66486 INFO tempest.lib.common.rest_client [req-38598ab6-756b-45b0-af72-432ef0219ce7 req-38598ab6-756b-45b0-af72-432ef0219ce7 ] Request (InstanceActionsNegativeTestJSON:setUpClass): 201 POST http://10.180.1.21/identity/v3/projects 0.040s
2025-12-02 03:27:20.550 66486 INFO tempest.lib.common.rest_client [req-f5fbe7f9-dc19-4cf3-8756-6ad5a0b96776 req-f5fbe7f9-dc19-4cf3-8756-6ad5a0b96776 ] Request (InstanceActionsNegativeTestJSON:setUpClass): 201 POST http://10.180.1.21/identity/v3/users 0.081s
2025-12-02 03:27:20.575 66486 INFO tempest.lib.common.rest_client [req-4c47b17e-f4a5-42be-a42f-c39db302141c req-4c47b17e-f4a5-42be-a42f-c39db302141c ] Request (InstanceActionsNegativeTestJSON:setUpClass): 200 GET http://10.180.1.21/identity/v3/roles 0.024s
2025-12-02 03:27:20.596 66502 INFO tempest.lib.common.rest_client [req-e3e38026-206a-48f4-a6db-524e2bb66a78 req-e3e38026-206a-48f4-a6db-524e2bb66a78 ] Request (ServersTestMultiNic:test_verify_duplicate_network_nics): 200 GET http://10.180.1.21/compute/v2.1/servers/87391bc0-0fa7-4210-9c37-3a7af9e72bb0 1.644s
2025-12-02 03:27:20.603 66502 INFO tempest.common.waiters [-] State transition "BUILD/spawning" ==> "ACTIVE/None" after 28 second wait
2025-12-02 03:27:20.608 66486 INFO tempest.lib.common.rest_client [req-9fbe8aff-fa70-4520-8f0f-017662ff478c req-9fbe8aff-fa70-4520-8f0f-017662ff478c ] Request (InstanceActionsNegativeTestJSON:setUpClass): 204 PUT http://10.180.1.21/identity/v3/projects/124ef9fead6549e38eaad0cff03161d6/users/445fe38b689f47d989e04611ac7f6c44/roles/a75aeef6630741299aadfb4de335e5cc 0.033s
2025-12-02 03:27:20.608 66486 INFO tempest.lib.common.dynamic_creds [-] Dynamic test user 445fe38b689f47d989e04611ac7f6c44 is created with scope project and roles: ['member']
2025-12-02 03:27:20.609 66486 INFO tempest.lib.common.dynamic_creds [-] Acquired dynamic creds: credentials: Credentials: {'domain_id': 'default', 'domain_name': 'Default', 'username': 'tempest-InstanceActionsNegativeTestJSON-2017971851-project-member', 'project_domain_id': 'default', 'project_domain_name': 'Default', 'project_id': '124ef9fead6549e38eaad0cff03161d6', 'project_name': 'tempest-InstanceActionsNegativeTestJSON-2017971851', 'tenant_id': '124ef9fead6549e38eaad0cff03161d6', 'tenant_name': 'tempest-InstanceActionsNegativeTestJSON-2017971851', 'user_domain_id': 'default', 'user_domain_name': 'Default', 'user_id': '445fe38b689f47d989e04611ac7f6c44', 'system': None}, Network: None, Subnet: None, Router: None
2025-12-02 03:27:20.658 66498 INFO tempest.lib.common.rest_client [req-d550c70f-a2cf-41e3-b09d-de088251f91b req-d550c70f-a2cf-41e3-b09d-de088251f91b ] Request (FloatingIPsAssociationTestJSON:test_associate_disassociate_floating_ip): 200 GET http://10.180.1.21/compute/v2.1/os-floating-ips/2554a113-ac6b-4f98-a36e-510b77033802 1.641s
2025-12-02 03:27:20.678 66486 INFO tempest.lib.common.rest_client [req-6c3c143d-0350-4770-a0ce-aeeecb048650 req-6c3c143d-0350-4770-a0ce-aeeecb048650 ] Request (InstanceActionsNegativeTestJSON:setUpClass): 201 POST http://10.180.1.21/identity/v3/auth/tokens 0.068s
2025-12-02 03:27:20.688 66542 INFO tempest.lib.common.rest_client [req-f17083dd-1a5d-4727-9bcb-ac34c6e72edf req-f17083dd-1a5d-4727-9bcb-ac34c6e72edf ] Request (FlavorsAdminTestJSON:_run_cleanups): 200 GET http://10.180.1.21/compute/v2.1/flavors/detail 1.273s
2025-12-02 03:27:20.705 66492 INFO tempest.lib.common.rest_client [req-ecd99e12-e3f0-4eb3-8a5a-7cdcfeeb6c14 req-ecd99e12-e3f0-4eb3-8a5a-7cdcfeeb6c14 ] Request (FlavorsV2TestJSON:test_list_flavors_limit_results): 200 GET http://10.180.1.21/compute/v2.1/flavors?limit=1 1.248s
2025-12-02 03:27:20.713 66519 INFO tempest.lib.common.rest_client [req-96f90630-1d47-4500-82d2-8e84dcd8823d req-96f90630-1d47-4500-82d2-8e84dcd8823d ] Request (VolumesAssistedSnapshotsTest:tearDownClass): 200 GET http://10.180.1.21/compute/v2.1/servers/c44c253b-7ee9-4eb1-9d20-bd9882cf014b 1.371s
2025-12-02 03:27:20.875 66544 INFO tempest.lib.common.rest_client [req-02baa2eb-2441-48bd-b4ba-ee5f4d240dfa req-02baa2eb-2441-48bd-b4ba-ee5f4d240dfa ] Request (FlavorsAccessTestJSON:test_flavor_access_add_remove): 200 POST http://10.180.1.21/compute/v2.1/flavors/1297958864/action 1.277s
2025-12-02 03:27:20.901 66548 INFO tempest.lib.common.rest_client [req-a9d62218-55f8-4a51-905c-37f4c0b050d3 req-a9d62218-55f8-4a51-905c-37f4c0b050d3 ] Request (ServersAdminTestJSON:test_list_servers_by_admin_with_specified_tenant): 200 GET http://10.180.1.21/compute/v2.1/servers/detail?all_tenants=&tenant_id=a3a6bb17fd2c4242920acb28a27c3be0 1.407s
2025-12-02 03:27:20.935 66490 INFO tempest.lib.common.rest_client [req-ba4169f6-2946-4907-826e-c72ba3517da4 req-ba4169f6-2946-4907-826e-c72ba3517da4 ] Request (ImagesTestJSON:test_create_image_from_suspended_server): 200 GET http://10.180.1.21/compute/v2.1/images/35f9fb56-50e7-4cdc-bcd7-9d8e7146d1f4 1.301s
2025-12-02 03:27:21.000 66486 INFO tempest.lib.common.rest_client [req-614539a5-e308-41d9-934b-b18ddb7a2ff5 req-614539a5-e308-41d9-934b-b18ddb7a2ff5 ] Request (InstanceActionsNegativeTestJSON:setUpClass): 201 POST http://10.180.1.21/networking/v2.0/networks 0.322s
2025-12-02 03:27:21.027 66546 INFO tempest.lib.common.rest_client [req-67d9c3f3-a647-4348-9921-0e5fa17b421a req-67d9c3f3-a647-4348-9921-0e5fa17b421a ] Request (ListServersNegativeTestJSON:tearDownClass): 200 GET http://10.180.1.21/compute/v2.1/servers/6589ea84-39c5-437b-9af3-d8a6603961f6 1.369s
2025-12-02 03:27:21.145 66534 INFO tempest.lib.common.rest_client [req-781bfe68-c235-4888-94ef-85e60bb4f585 req-781bfe68-c235-4888-94ef-85e60bb4f585 ] Request (SecurityGroupsTestJSON:test_security_groups_create_list_delete): 200 GET http://10.180.1.21/compute/v2.1/os-security-groups 1.349s
2025-12-02 03:27:21.157 66528 INFO tempest.lib.common.rest_client [req-a0816e39-2c4e-4c9c-9d82-ed374b5369ea req-a0816e39-2c4e-4c9c-9d82-ed374b5369ea ] Request (ServerMetadataNegativeTestJSON:test_create_server_metadata_blank_key): 400 POST http://10.180.1.21/compute/v2.1/servers 1.149s
2025-12-02 03:27:21.165 66522 INFO tempest.lib.common.rest_client [req-6a75302d-6a92-4b6e-81fd-4a7bdbfc0293 req-6a75302d-6a92-4b6e-81fd-4a7bdbfc0293 ] Request (MigrationsAdminTest:test_resize_server_revert_deleted_flavor): 200 GET http://10.180.1.21/compute/v2.1/servers/9fd88eee-356b-436d-95d2-f4b7ed9a8383 1.279s
2025-12-02 03:27:21.176 66522 INFO tempest.common.waiters [-] State transition "BUILD/scheduling" ==> "BUILD/None" after 9 second wait
2025-12-02 03:27:21.188 66514 INFO tempest.lib.common.rest_client [req-db2e4703-88e1-4f1d-82f2-9fcedf6f3d39 req-db2e4703-88e1-4f1d-82f2-9fcedf6f3d39 ] Request (ServersAdminNegativeTestJSON:_run_cleanups): 202 DELETE http://10.180.1.21/compute/v2.1/flavors/1592035637 0.899s
2025-12-02 03:27:21.219 66486 INFO tempest.lib.common.rest_client [req-a4e53b0c-6b6b-4ff4-9e33-03afc91aef79 req-a4e53b0c-6b6b-4ff4-9e33-03afc91aef79 ] Request (InstanceActionsNegativeTestJSON:setUpClass): 201 POST http://10.180.1.21/networking/v2.0/subnets 0.218s
2025-12-02 03:27:21.247 66524 INFO tempest.lib.common.rest_client [req-224b2e30-e345-4cb5-91c8-658869b1e38a req-224b2e30-e345-4cb5-91c8-658869b1e38a ] Request (ServersAdmin275Test:tearDownClass): 200 GET http://10.180.1.21/compute/v2.1/servers/7284db35-f377-405d-b744-bcb24db2af22 1.102s
2025-12-02 03:27:21.255 66500 INFO tempest.lib.common.rest_client [req-31de96be-e5bf-4fa2-abb6-11afef009580 req-31de96be-e5bf-4fa2-abb6-11afef009580 ] Request (ServersNegativeTestJSON:setUpClass): 200 GET http://10.180.1.21/compute/v2.1/servers/af990b19-fc66-4a3b-8ffa-f917de4a4db4 0.860s
2025-12-02 03:27:21.262 66500 INFO tempest.common.waiters [-] State transition "BUILD/None" ==> "BUILD/networking" after 20 second wait
2025-12-02 03:27:21.287 66502 INFO tempest.lib.common.rest_client [req-5ebd8517-6e89-4539-97d2-79acc4be6bfe req-5ebd8517-6e89-4539-97d2-79acc4be6bfe ] Request (ServersTestMultiNic:test_verify_duplicate_network_nics): 200 GET http://10.180.1.21/compute/v2.1/servers/87391bc0-0fa7-4210-9c37-3a7af9e72bb0/ips 0.683s
2025-12-02 03:27:22.003 66486 INFO tempest.lib.common.rest_client [req-6df25a8a-956d-4d70-8d30-5d033327b910 req-6df25a8a-956d-4d70-8d30-5d033327b910 ] Request (InstanceActionsNegativeTestJSON:setUpClass): 201 POST http://10.180.1.21/networking/v2.0/routers 0.783s
2025-12-02 03:27:22.135 66504 INFO tempest.lib.common.rest_client [req-3b230200-ad4a-4694-aec4-79e342daa0bc req-3b230200-ad4a-4694-aec4-79e342daa0bc ] Request (ListServerFiltersTestJSON:test_list_servers_detailed_filter_by_server_name): 200 GET http://10.180.1.21/compute/v2.1/servers/detail?name=tempest-ListServerFiltersTestJSON-instance-1571822678 1.658s
2025-12-02 03:27:22.921 66486 INFO tempest.lib.common.rest_client [req-3bd96d3d-f6a5-4f7d-8977-05afba6942bb req-3bd96d3d-f6a5-4f7d-8977-05afba6942bb ] Request (InstanceActionsNegativeTestJSON:setUpClass): 200 PUT http://10.180.1.21/networking/v2.0/routers/59787f1c-7bbc-4c39-9c01-a30105233aab/add_router_interface 0.918s
2025-12-02 03:27:22.921 66486 INFO tempest.lib.common.dynamic_creds [-] Created isolated network resources for: credentials: Credentials: {'domain_id': 'default', 'domain_name': 'Default', 'username': 'tempest-InstanceActionsNegativeTestJSON-2017971851-project-member', 'project_domain_id': 'default', 'project_domain_name': 'Default', 'project_id': '124ef9fead6549e38eaad0cff03161d6', 'project_name': 'tempest-InstanceActionsNegativeTestJSON-2017971851', 'tenant_id': '124ef9fead6549e38eaad0cff03161d6', 'tenant_name': 'tempest-InstanceActionsNegativeTestJSON-2017971851', 'user_domain_id': 'default', 'user_domain_name': 'Default', 'user_id': '445fe38b689f47d989e04611ac7f6c44', 'system': None}, Network: {'id': 'f968f630-1c61-475a-b85e-d473afc0b324', 'name': 'tempest-InstanceActionsNegativeTestJSON-96696701-network', 'tenant_id': '124ef9fead6549e38eaad0cff03161d6', 'project_id': '124ef9fead6549e38eaad0cff03161d6', 'admin_state_up': True, 'mtu': 8950, 'status': 'ACTIVE', 'subnets': [], 'shared': False, 'port_security_enabled': True, 'router:external': False, 'provider:network_type': 'vlan', 'provider:physical_network': 'default', 'provider:segmentation_id': 457, 'availability_zone_hints': [], 'availability_zones': [], 'ipv4_address_scope': None, 'ipv6_address_scope': None, 'description': '', 'tags': [], 'created_at': '2025-12-02T03:27:20Z', 'updated_at': '2025-12-02T03:27:20Z', 'revision_number': 1}, Subnet: {'id': 'ad0466ad-9791-4923-9823-ed8f314f0468', 'name': 'tempest-InstanceActionsNegativeTestJSON-96696701-subnet', 'tenant_id': '124ef9fead6549e38eaad0cff03161d6', 'network_id': 'f968f630-1c61-475a-b85e-d473afc0b324', 'ip_version': 4, 'subnetpool_id': None, 'enable_dhcp': True, 'ipv6_ra_mode': None, 'ipv6_address_mode': None, 'gateway_ip': '192.168.128.1', 'cidr': '192.168.128.0/28', 'allocation_pools': [{'start': '192.168.128.2', 'end': '192.168.128.14'}], 'host_routes': [], 'dns_nameservers': [], 'description': '', 'router:external': False, 'service_types': [], 'tags': [], 'created_at': '2025-12-02T03:27:21Z', 'updated_at': '2025-12-02T03:27:21Z', 'revision_number': 0, 'project_id': '124ef9fead6549e38eaad0cff03161d6'}, Router: {'id': '59787f1c-7bbc-4c39-9c01-a30105233aab', 'name': 'tempest-InstanceActionsNegativeTestJSON-96696701-router', 'tenant_id': '124ef9fead6549e38eaad0cff03161d6', 'admin_state_up': True, 'status': 'ACTIVE', 'external_gateway_info': {'network_id': 'b435a93c-b046-4d9a-8b4e-31098faed447', 'external_fixed_ips': [{'subnet_id': '3d31a993-732c-43c7-a4b9-3f36dd223aa5', 'ip_address': '10.180.180.167'}], 'enable_snat': True}, 'description': '', 'availability_zones': [], 'distributed': False, 'ha': False, 'availability_zone_hints': [], 'routes': [], 'flavor_id': None, 'tags': [], 'created_at': '2025-12-02T03:27:21Z', 'updated_at': '2025-12-02T03:27:21Z', 'revision_number': 2, 'project_id': '124ef9fead6549e38eaad0cff03161d6'}
2025-12-02 03:27:22.992 66496 INFO tempest.lib.common.rest_client [req-87d95ddc-b31c-4c21-b820-803a7985031d req-87d95ddc-b31c-4c21-b820-803a7985031d ] Request (ListImageFiltersTestJSON:setUpClass): 200 GET http://10.180.1.21/compute/v2.1/servers/26e95aa2-8b72-408b-9138-ac91839b7e46 2.316s
2025-12-02 03:27:23.019 66542 INFO tempest.lib.common.rest_client [req-80d5b7b1-9293-4d92-8038-13185cebe5cb req-80d5b7b1-9293-4d92-8038-13185cebe5cb ] Request (FlavorsAdminTestJSON:test_list_public_flavor_with_other_user): 200 POST http://10.180.1.21/compute/v2.1/flavors 2.322s
2025-12-02 03:27:23.035 66486 INFO tempest.lib.common.rest_client [req-f5a8426a-c633-42d1-a5c8-736eb24ccf6d req-f5a8426a-c633-42d1-a5c8-736eb24ccf6d ] Request (InstanceActionsNegativeTestJSON:setUpClass): 201 POST http://10.180.1.21/identity/v3/auth/tokens 0.110s
2025-12-02 03:27:23.039 66492 INFO tempest.lib.common.rest_client [req-f6393896-53b5-49f0-b8ca-ebae66bc8eee req-f6393896-53b5-49f0-b8ca-ebae66bc8eee ] Request (FlavorsV2TestJSON:test_list_flavors_using_marker): 200 GET http://10.180.1.21/compute/v2.1/flavors/42 2.330s
2025-12-02 03:27:23.087 66486 INFO tempest.lib.common.rest_client [req-e37c2393-5a28-4cc2-806d-63ff0f2bd1f8 req-e37c2393-5a28-4cc2-806d-63ff0f2bd1f8 ] Request (InstanceActionsNegativeTestJSON:setUpClass): 201 POST http://10.180.1.21/identity/v3/auth/tokens 0.045s
2025-12-02 03:27:23.088 66486 INFO tempest.lib.common.fixed_network [-] (InstanceActionsNegativeTestJSON:setUpClass) Found network {'id': 'f968f630-1c61-475a-b85e-d473afc0b324', 'name': 'tempest-InstanceActionsNegativeTestJSON-96696701-network', 'tenant_id': '124ef9fead6549e38eaad0cff03161d6', 'project_id': '124ef9fead6549e38eaad0cff03161d6', 'admin_state_up': True, 'mtu': 8950, 'status': 'ACTIVE', 'subnets': [], 'shared': False, 'port_security_enabled': True, 'router:external': False, 'provider:network_type': 'vlan', 'provider:physical_network': 'default', 'provider:segmentation_id': 457, 'availability_zone_hints': [], 'availability_zones': [], 'ipv4_address_scope': None, 'ipv6_address_scope': None, 'description': '', 'tags': [], 'created_at': '2025-12-02T03:27:20Z', 'updated_at': '2025-12-02T03:27:20Z', 'revision_number': 1} available for tenant
2025-12-02 03:27:23.124 66506 INFO tempest.lib.common.rest_client [req-73f9cf3d-d7b8-48a6-b916-52232b6002e6 req-73f9cf3d-d7b8-48a6-b916-52232b6002e6 ] Request (ServerDiskConfigTestJSON:test_resize_server_from_auto_to_manual): 200 GET http://10.180.1.21/compute/v2.1/servers/f6823ce5-4b96-406d-a306-3bf5a6057ef4 2.393s
2025-12-02 03:27:23.131 66506 INFO tempest.common.waiters [-] State transition "BUILD/scheduling" ==> "BUILD/None" after 8 second wait
2025-12-02 03:27:23.139 66510 WARNING tempest.lib.common.ssh [-] Failed to establish authenticated ssh connection to cirros@10.180.180.150 ([Errno None] Unable to connect to port 22 on 10.180.180.150). Number attempts: 9. Retry after 10 seconds.: paramiko.ssh_exception.NoValidConnectionsError: [Errno None] Unable to connect to port 22 on 10.180.180.150
2025-12-02 03:27:23.229 66530 INFO tempest.lib.common.rest_client [req-67079548-6e9e-44a2-b44b-11d7d5319a20 req-67079548-6e9e-44a2-b44b-11d7d5319a20 ] Request (ImagesOneServerNegativeTestJSON:_run_cleanups): 200 GET http://10.180.1.21/compute/v2.1/servers/932ab389-beca-4876-85cc-7628041dab3d 2.449s
2025-12-02 03:27:23.289 66538 INFO tempest.lib.common.rest_client [req-0bcadca8-fb5e-43d0-aa63-b6b4fa25a599 req-0bcadca8-fb5e-43d0-aa63-b6b4fa25a599 ] Request (ServerTagsTestJSON:setUpClass): 200 GET http://10.180.1.21/compute/v2.1/servers/203be699-dfce-4549-8336-81f3649f5fb0 2.440s
2025-12-02 03:27:23.312 66544 INFO tempest.lib.common.rest_client [req-60767b63-371d-4a81-9376-1df4e9ec4601 req-60767b63-371d-4a81-9376-1df4e9ec4601 ] Request (FlavorsAccessTestJSON:test_flavor_access_add_remove): 200 GET http://10.180.1.21/compute/v2.1/flavors/detail 2.436s
2025-12-02 03:27:23.349 66548 INFO tempest.lib.common.rest_client [req-3a560629-ba2e-4861-bb67-d6dc7c56078e req-3a560629-ba2e-4861-bb67-d6dc7c56078e ] Request (ServersAdminTestJSON:test_list_servers_by_admin_with_specified_tenant): 200 GET http://10.180.1.21/compute/v2.1/servers/detail?all_tenants=&tenant_id=7afba15b555743039a089bbccd735aeb 2.430s
2025-12-02 03:27:23.432 66508 INFO tempest.lib.common.rest_client [req-dacdff79-d6ff-47fe-b778-5cc67123dc65 req-dacdff79-d6ff-47fe-b778-5cc67123dc65 ] Request (FloatingIPsAssociationNegativeTestJSON:tearDownClass): 200 GET http://10.180.1.21/compute/v2.1/servers/50cfd92f-6ec7-4b69-8aa1-8871fdb85a98 2.481s
2025-12-02 03:27:23.487 66520 INFO tempest.lib.common.rest_client [req-ecdf9813-6c63-46d3-a51a-25969769f350 req-ecdf9813-6c63-46d3-a51a-25969769f350 ] Request (ImagesOneServerTestJSON:test_create_delete_image): 200 GET http://10.180.1.21/compute/v2.1/images/9d96c4c8-4708-404e-940e-71153d3cb9cc 2.500s
2025-12-02 03:27:23.560 66488 INFO tempest.lib.common.rest_client [req-508fa73b-370b-43ff-a875-ef1e574469e8 req-508fa73b-370b-43ff-a875-ef1e574469e8 ] Request (ServerDiagnosticsV248Test:test_get_server_diagnostics): 200 GET http://10.180.1.21/compute/v2.1/servers/331e5100-c1e3-4a01-8b02-d3e4b7452097 2.558s
2025-12-02 03:27:23.695 66534 INFO tempest.lib.common.rest_client [req-3b981836-10e6-4438-a191-668c4b990d42 req-3b981836-10e6-4438-a191-668c4b990d42 ] Request (SecurityGroupsTestJSON:test_security_groups_create_list_delete): 202 DELETE http://10.180.1.21/compute/v2.1/os-security-groups/7520d9d2-0115-4dbd-9a9d-08181eedfed2 2.546s
2025-12-02 03:27:23.732 66498 INFO tempest.lib.common.rest_client [req-461d6913-5a31-4ee6-8adc-35791d899e7a req-461d6913-5a31-4ee6-8adc-35791d899e7a ] Request (FloatingIPsAssociationTestJSON:test_associate_disassociate_floating_ip): 202 POST http://10.180.1.21/compute/v2.1/servers/96c17790-9f52-422c-b67c-034b00183281/action 3.070s
2025-12-02 03:27:23.743 66528 INFO tempest.lib.common.rest_client [req-55154e1f-8ff9-4389-880c-9a8c414d426c req-55154e1f-8ff9-4389-880c-9a8c414d426c ] Request (ServerMetadataNegativeTestJSON:test_delete_metadata_non_existent_server): 404 DELETE http://10.180.1.21/compute/v2.1/servers/94802a82-9111-4638-b499-7541f7e3ec49/metadata/d 2.585s
2025-12-02 03:27:23.848 66516 INFO tempest.lib.common.rest_client [req-5e06ed4c-186a-461e-9cc2-557e5c8941b7 req-5e06ed4c-186a-461e-9cc2-557e5c8941b7 ] Request (ServerAddressesNegativeTestJSON:setUpClass): 200 GET http://10.180.1.21/compute/v2.1/servers/6159884e-8990-49e3-a0eb-0e30359be227 2.696s
2025-12-02 03:27:23.875 66514 INFO tempest.lib.common.rest_client [req-049aaa18-c369-49ec-868d-92378aa10702 req-049aaa18-c369-49ec-868d-92378aa10702 ] Request (ServersAdminNegativeTestJSON:_run_cleanups): 200 GET http://10.180.1.21/compute/v2.1/flavors/detail 2.687s
2025-12-02 03:27:23.944 66512 INFO tempest.lib.common.rest_client [req-88750f18-1dfa-438e-ac4a-153300bb1a6d req-88750f18-1dfa-438e-ac4a-153300bb1a6d ] Request (InstanceActionsV221TestJSON:test_get_list_deleted_instance_actions): 200 GET http://10.180.1.21/compute/v2.1/servers/088e1351-6271-42d1-9d4d-6986d1648149 2.763s
2025-12-02 03:27:23.999 66502 INFO tempest.lib.common.rest_client [req-f0d20ae0-2e63-4b2b-9ee6-0532f3e55678 req-f0d20ae0-2e63-4b2b-9ee6-0532f3e55678 ] Request (ServersTestMultiNic:_run_cleanups): 204 DELETE http://10.180.1.21/compute/v2.1/servers/87391bc0-0fa7-4210-9c37-3a7af9e72bb0 2.709s
2025-12-02 03:27:24.063 66490 INFO tempest.lib.common.rest_client [req-e2a6ea09-8b48-4065-9c1e-dd23643f380e req-e2a6ea09-8b48-4065-9c1e-dd23643f380e ] Request (ImagesTestJSON:test_create_image_from_suspended_server): 200 GET http://10.180.1.21/compute/v2.1/images/35f9fb56-50e7-4cdc-bcd7-9d8e7146d1f4 2.121s
2025-12-02 03:27:24.096 66519 INFO tempest.lib.common.rest_client [req-742f9323-259a-4d1f-8eaa-260fc18c41a2 req-742f9323-259a-4d1f-8eaa-260fc18c41a2 ] Request (VolumesAssistedSnapshotsTest:tearDownClass): 200 GET http://10.180.1.21/compute/v2.1/servers/c44c253b-7ee9-4eb1-9d20-bd9882cf014b 2.374s
2025-12-02 03:27:24.150 66546 INFO tempest.lib.common.rest_client [req-7442c468-f23b-42e7-99bb-3efe8869e7fb req-7442c468-f23b-42e7-99bb-3efe8869e7fb ] Request (ListServersNegativeTestJSON:tearDownClass): 200 GET http://10.180.1.21/compute/v2.1/servers/6589ea84-39c5-437b-9af3-d8a6603961f6 2.113s
2025-12-02 03:27:24.211 66522 INFO tempest.lib.common.rest_client [req-69b79f5a-7960-4e7f-beaf-26678720e692 req-69b79f5a-7960-4e7f-beaf-26678720e692 ] Request (MigrationsAdminTest:test_resize_server_revert_deleted_flavor): 200 GET http://10.180.1.21/compute/v2.1/servers/9fd88eee-356b-436d-95d2-f4b7ed9a8383 2.033s
2025-12-02 03:27:24.387 66504 INFO tempest.lib.common.rest_client [req-65f344de-8d2f-412a-8ebd-77ea4ccd9e50 req-65f344de-8d2f-412a-8ebd-77ea4ccd9e50 ] Request (ListServerFiltersTestJSON:test_list_servers_detailed_filter_by_server_status): 200 GET http://10.180.1.21/compute/v2.1/servers/detail?status=active 2.236s
2025-12-02 03:27:24.485 66500 INFO tempest.lib.common.rest_client [req-064fbcf8-6d93-4b51-b199-086a688bb665 req-064fbcf8-6d93-4b51-b199-086a688bb665 ] Request (ServersNegativeTestJSON:setUpClass): 200 GET http://10.180.1.21/compute/v2.1/servers/af990b19-fc66-4a3b-8ffa-f917de4a4db4 2.221s
2025-12-02 03:27:24.495 66500 INFO tempest.common.waiters [-] State transition "BUILD/networking" ==> "BUILD/spawning" after 23 second wait
2025-12-02 03:27:24.513 66542 INFO tempest.lib.common.rest_client [req-91056d27-e0cf-416c-b0ec-8b8f30c3d265 req-91056d27-e0cf-416c-b0ec-8b8f30c3d265 ] Request (FlavorsAdminTestJSON:test_list_public_flavor_with_other_user): 200 GET http://10.180.1.21/compute/v2.1/flavors/detail 1.492s
2025-12-02 03:27:24.527 66524 INFO tempest.lib.common.rest_client [req-987a33cf-09d7-4f6b-829d-4b1f5add9cfd req-987a33cf-09d7-4f6b-829d-4b1f5add9cfd ] Request (ServersAdmin275Test:tearDownClass): 200 GET http://10.180.1.21/compute/v2.1/servers/7284db35-f377-405d-b744-bcb24db2af22 2.262s
2025-12-02 03:27:24.546 66492 INFO tempest.lib.common.rest_client [req-2c1f238f-3f0d-46ec-a99f-94de0fda3664 req-2c1f238f-3f0d-46ec-a99f-94de0fda3664 ] Request (FlavorsV2TestJSON:test_list_flavors_using_marker): 200 GET http://10.180.1.21/compute/v2.1/flavors?marker=42 1.503s
2025-12-02 03:27:24.565 66544 INFO tempest.lib.common.rest_client [req-768a807b-1ec2-4884-9a41-90079e9b75fc req-768a807b-1ec2-4884-9a41-90079e9b75fc ] Request (FlavorsAccessTestJSON:_run_cleanups): 202 DELETE http://10.180.1.21/compute/v2.1/flavors/1297958864 1.244s
2025-12-02 03:27:24.573 66548 INFO tempest.lib.common.rest_client [req-70a090a7-b022-42cb-ae1e-807f45a6fcea req-70a090a7-b022-42cb-ae1e-807f45a6fcea ] Request (ServersAdminTestJSON:test_list_servers_detailed_filter_by_invalid_status): 200 GET http://10.180.1.21/compute/v2.1/servers/detail?status=invalid_status 1.215s
2025-12-02 03:27:24.619 66520 INFO tempest.lib.common.rest_client [req-9438d196-a2c8-4876-b305-dcbcf03c3c2d req-9438d196-a2c8-4876-b305-dcbcf03c3c2d ] Request (ImagesOneServerTestJSON:test_create_delete_image): 200 GET http://10.180.1.21/compute/v2.1/images/9d96c4c8-4708-404e-940e-71153d3cb9cc 1.127s
2025-12-02 03:27:24.678 66534 INFO tempest.lib.common.rest_client [req-f1d38356-9521-46f9-8698-815144adc4ad req-f1d38356-9521-46f9-8698-815144adc4ad ] Request (SecurityGroupsTestJSON:test_security_groups_create_list_delete): 404 GET http://10.180.1.21/compute/v2.1/os-security-groups/7520d9d2-0115-4dbd-9a9d-08181eedfed2 0.982s
2025-12-02 03:27:24.769 66498 INFO tempest.lib.common.rest_client [req-638ae220-40b0-4212-ba3a-b0bd1f65fb66 req-638ae220-40b0-4212-ba3a-b0bd1f65fb66 ] Request (FloatingIPsAssociationTestJSON:tearDownClass): 204 DELETE http://10.180.1.21/compute/v2.1/servers/3af2eb53-1c13-4cd6-a467-1ec6825f13b9 1.034s
2025-12-02 03:27:24.781 66528 INFO tempest.lib.common.rest_client [req-39c59f9b-a91a-4e78-84ea-960961901dd6 req-39c59f9b-a91a-4e78-84ea-960961901dd6 ] Request (ServerMetadataNegativeTestJSON:test_list_server_metadata_non_existent_server): 404 GET http://10.180.1.21/compute/v2.1/servers/9cc63edc-dc13-41bc-99b2-c9613f185e74/metadata 1.035s
2025-12-02 03:27:24.880 66514 INFO tempest.lib.common.rest_client [req-16959b14-2c01-441c-8f20-ecd36c060bbd req-16959b14-2c01-441c-8f20-ecd36c060bbd ] Request (ServersAdminNegativeTestJSON:test_resize_server_using_overlimit_vcpus): 200 GET http://10.180.1.21/compute/v2.1/os-quota-sets/fe7d5710539a42c89d39bfb6e813afba 0.998s
2025-12-02 03:27:25.119 66502 INFO tempest.lib.common.rest_client [req-84765a13-cd64-4078-941b-cbba75dc7db9 req-84765a13-cd64-4078-941b-cbba75dc7db9 ] Request (ServersTestMultiNic:_run_cleanups): 200 GET http://10.180.1.21/compute/v2.1/servers/87391bc0-0fa7-4210-9c37-3a7af9e72bb0 1.118s
2025-12-02 03:27:25.192 66486 INFO tempest.lib.common.rest_client [req-03b540d2-d673-4c61-baa2-143825bc59ed req-03b540d2-d673-4c61-baa2-143825bc59ed ] Request (InstanceActionsNegativeTestJSON:setUpClass): 202 POST http://10.180.1.21/compute/v2.1/servers 2.103s
2025-12-02 03:27:25.255 66496 INFO tempest.lib.common.rest_client [req-f74fea17-7873-4d35-862f-5c4ea915042c req-f74fea17-7873-4d35-862f-5c4ea915042c ] Request (ListImageFiltersTestJSON:setUpClass): 200 GET http://10.180.1.21/compute/v2.1/servers/26e95aa2-8b72-408b-9138-ac91839b7e46 1.254s
2025-12-02 03:27:25.264 66496 INFO tempest.common.waiters [-] State transition "BUILD/None" ==> "BUILD/spawning" after 24 second wait
2025-12-02 03:27:25.277 66506 INFO tempest.lib.common.rest_client [req-9dcf0ef0-874b-42c1-bc36-d635f49a0f62 req-9dcf0ef0-874b-42c1-bc36-d635f49a0f62 ] Request (ServerDiskConfigTestJSON:test_resize_server_from_auto_to_manual): 200 GET http://10.180.1.21/compute/v2.1/servers/f6823ce5-4b96-406d-a306-3bf5a6057ef4 1.145s
2025-12-02 03:27:25.328 66530 INFO tempest.lib.common.rest_client [req-9152badf-4f52-495f-a6f4-198b3b729d27 req-9152badf-4f52-495f-a6f4-198b3b729d27 ] Request (ImagesOneServerNegativeTestJSON:_run_cleanups): 200 GET http://10.180.1.21/compute/v2.1/servers/932ab389-beca-4876-85cc-7628041dab3d 1.089s
2025-12-02 03:27:25.353 66538 INFO tempest.lib.common.rest_client [req-3ad09ccb-139c-4ed7-85ab-1230e347dbc2 req-3ad09ccb-139c-4ed7-85ab-1230e347dbc2 ] Request (ServerTagsTestJSON:setUpClass): 200 GET http://10.180.1.21/compute/v2.1/servers/203be699-dfce-4549-8336-81f3649f5fb0 1.054s
2025-12-02 03:27:25.467 66526 WARNING tempest.lib.common.ssh [-] Failed to establish authenticated ssh connection to cirros@10.180.180.143 ([Errno None] Unable to connect to port 22 on 10.180.180.143). Number attempts: 3. Retry after 4 seconds.: paramiko.ssh_exception.NoValidConnectionsError: [Errno None] Unable to connect to port 22 on 10.180.180.143
2025-12-02 03:27:25.482 66508 INFO tempest.lib.common.rest_client [req-952c88e0-d6fc-4a88-b022-16ff59ae69b4 req-952c88e0-d6fc-4a88-b022-16ff59ae69b4 ] Request (FloatingIPsAssociationNegativeTestJSON:tearDownClass): 200 GET http://10.180.1.21/compute/v2.1/servers/50cfd92f-6ec7-4b69-8aa1-8871fdb85a98 1.042s
2025-12-02 03:27:25.506 66542 INFO tempest.lib.common.rest_client [req-e494a3db-972f-4aa8-b2d5-820518be6565 req-e494a3db-972f-4aa8-b2d5-820518be6565 ] Request (FlavorsAdminTestJSON:_run_cleanups): 202 DELETE http://10.180.1.21/compute/v2.1/flavors/1157896121 0.983s
2025-12-02 03:27:25.513 66504 INFO tempest.lib.common.rest_client [req-b172f52e-9fef-4edc-b9ff-5ecf28e77f7f req-b172f52e-9fef-4edc-b9ff-5ecf28e77f7f ] Request (ListServerFiltersTestJSON:test_list_servers_detailed_limit_results): 200 GET http://10.180.1.21/compute/v2.1/servers/detail?limit=1 1.113s
2025-12-02 03:27:25.540 66492 INFO tempest.lib.common.rest_client [req-1135c1b8-af0b-49e4-aed5-cb4db8f8615a req-1135c1b8-af0b-49e4-aed5-cb4db8f8615a ] Request (FlavorsV2TestJSON:test_list_flavors_with_detail): 200 GET http://10.180.1.21/compute/v2.1/flavors/detail 0.988s
2025-12-02 03:27:25.543 66544 INFO tempest.lib.common.rest_client [req-63ffc8f5-d3b4-47ee-8885-c6b41a4d2cb9 req-63ffc8f5-d3b4-47ee-8885-c6b41a4d2cb9 ] Request (FlavorsAccessTestJSON:_run_cleanups): 200 GET http://10.180.1.21/compute/v2.1/flavors/detail 0.978s
2025-12-02 03:27:25.611 66488 INFO tempest.lib.common.rest_client [req-578e4c6a-318e-44ce-b2d8-f99871844b6d req-578e4c6a-318e-44ce-b2d8-f99871844b6d ] Request (ServerDiagnosticsV248Test:test_get_server_diagnostics): 200 GET http://10.180.1.21/compute/v2.1/servers/331e5100-c1e3-4a01-8b02-d3e4b7452097 1.039s
2025-12-02 03:27:25.633 66548 INFO tempest.lib.common.rest_client [req-938cba6b-b467-41ef-864f-d27576072ee5 req-938cba6b-b467-41ef-864f-d27576072ee5 ] Request (ServersAdminTestJSON:test_list_servers_filter_by_error_status): 202 POST http://10.180.1.21/compute/v2.1/servers/940b5fb0-3ec4-4244-bea4-442735496892/action 1.043s
2025-12-02 03:27:25.787 66536 WARNING tempest.lib.common.ssh [-] Failed to establish authenticated ssh connection to cirros@10.180.180.217 ([Errno None] Unable to connect to port 22 on 10.180.180.217). Number attempts: 12. Retry after 13 seconds.: paramiko.ssh_exception.NoValidConnectionsError: [Errno None] Unable to connect to port 22 on 10.180.180.217
2025-12-02 03:27:25.827 66534 INFO tempest.lib.common.rest_client [req-b26fd541-8189-41a5-bd54-758227266a2c req-b26fd541-8189-41a5-bd54-758227266a2c ] Request (SecurityGroupsTestJSON:test_security_groups_create_list_delete): 202 DELETE http://10.180.1.21/compute/v2.1/os-security-groups/a728ed2d-d610-430c-ba85-786e7e0ee798 1.148s
2025-12-02 03:27:25.862 66520 INFO tempest.lib.common.rest_client [req-93fdb605-ec0a-4871-b19d-916a1ae61d78 req-93fdb605-ec0a-4871-b19d-916a1ae61d78 ] Request (ImagesOneServerTestJSON:test_create_delete_image): 200 GET http://10.180.1.21/compute/v2.1/servers/1ed0f8ce-d32d-4983-9751-b7b4eb6bbfb9 1.236s
2025-12-02 03:27:25.909 66498 INFO tempest.lib.common.rest_client [req-2093e1fe-9c81-490b-9bab-11f1afbd894e req-2093e1fe-9c81-490b-9bab-11f1afbd894e ] Request (FloatingIPsAssociationTestJSON:tearDownClass): 200 GET http://10.180.1.21/compute/v2.1/servers/3af2eb53-1c13-4cd6-a467-1ec6825f13b9 1.139s
2025-12-02 03:27:25.983 66528 INFO tempest.lib.common.rest_client [req-049d118c-6cc5-4b5c-9d58-79b5023c0b86 req-049d118c-6cc5-4b5c-9d58-79b5023c0b86 ] Request (ServerMetadataNegativeTestJSON:test_metadata_items_limit): 200 GET http://10.180.1.21/compute/v2.1/os-quota-sets/e154037d5cf84dfcb227c15e3908a2b3 1.200s
2025-12-02 03:27:25.998 66514 INFO tempest.lib.common.rest_client [req-1941fcd0-e94c-4b0d-a022-7bb79acbc802 req-1941fcd0-e94c-4b0d-a022-7bb79acbc802 ] Request (ServersAdminNegativeTestJSON:test_resize_server_using_overlimit_vcpus): 200 POST http://10.180.1.21/compute/v2.1/flavors 1.115s
2025-12-02 03:27:26.170 66516 INFO tempest.lib.common.rest_client [req-ac2d00cc-c763-45ad-bc2f-c2de43da5fe6 req-ac2d00cc-c763-45ad-bc2f-c2de43da5fe6 ] Request (ServerAddressesNegativeTestJSON:setUpClass): 200 GET http://10.180.1.21/compute/v2.1/servers/6159884e-8990-49e3-a0eb-0e30359be227 1.310s
2025-12-02 03:27:26.226 66490 INFO tempest.lib.common.rest_client [req-f86da1e8-af7d-4a48-b326-1124a86edc7e req-f86da1e8-af7d-4a48-b326-1124a86edc7e ] Request (ImagesTestJSON:test_create_image_from_suspended_server): 200 GET http://10.180.1.21/compute/v2.1/images/35f9fb56-50e7-4cdc-bcd7-9d8e7146d1f4 1.156s
2025-12-02 03:27:26.237 66512 INFO tempest.lib.common.rest_client [req-6c310e82-ed06-45a4-9c70-a4f969684b25 req-6c310e82-ed06-45a4-9c70-a4f969684b25 ] Request (InstanceActionsV221TestJSON:test_get_list_deleted_instance_actions): 200 GET http://10.180.1.21/compute/v2.1/servers/088e1351-6271-42d1-9d4d-6986d1648149 1.277s
2025-12-02 03:27:26.301 66519 INFO tempest.lib.common.rest_client [req-ec7ec80f-4717-4b12-81b0-8e0e3621021c req-ec7ec80f-4717-4b12-81b0-8e0e3621021c ] Request (VolumesAssistedSnapshotsTest:tearDownClass): 200 GET http://10.180.1.21/compute/v2.1/servers/c44c253b-7ee9-4eb1-9d20-bd9882cf014b 1.193s
2025-12-02 03:27:26.315 66546 INFO tempest.lib.common.rest_client [req-d4e36f4a-9f71-489b-afa0-e80e4b771f2e req-d4e36f4a-9f71-489b-afa0-e80e4b771f2e ] Request (ListServersNegativeTestJSON:tearDownClass): 200 GET http://10.180.1.21/compute/v2.1/servers/6589ea84-39c5-437b-9af3-d8a6603961f6 1.154s
2025-12-02 03:27:26.360 66486 INFO tempest.lib.common.rest_client [req-8d576577-d9ce-41ad-8722-5bccec8006f0 req-8d576577-d9ce-41ad-8722-5bccec8006f0 ] Request (InstanceActionsNegativeTestJSON:setUpClass): 200 GET http://10.180.1.21/compute/v2.1/servers/b810f99e-edce-48bf-8e96-319e5ab80ac5 1.166s
2025-12-02 03:27:26.373 66522 INFO tempest.lib.common.rest_client [req-e8ccfb89-a989-4e6c-9217-b1b65b5fb144 req-e8ccfb89-a989-4e6c-9217-b1b65b5fb144 ] Request (MigrationsAdminTest:test_resize_server_revert_deleted_flavor): 200 GET http://10.180.1.21/compute/v2.1/servers/9fd88eee-356b-436d-95d2-f4b7ed9a8383 1.152s
2025-12-02 03:27:26.399 66542 INFO tempest.lib.common.rest_client [req-a06c674e-8398-4a65-97a7-5bc24c354d8e req-a06c674e-8398-4a65-97a7-5bc24c354d8e ] Request (FlavorsAdminTestJSON:_run_cleanups): 200 GET http://10.180.1.21/compute/v2.1/flavors/detail 0.893s
2025-12-02 03:27:26.478 66500 INFO tempest.lib.common.rest_client [req-b19d6572-13ce-4ea9-8502-d0f0662d4806 req-b19d6572-13ce-4ea9-8502-d0f0662d4806 ] Request (ServersNegativeTestJSON:setUpClass): 200 GET http://10.180.1.21/compute/v2.1/servers/af990b19-fc66-4a3b-8ffa-f917de4a4db4 0.981s
2025-12-02 03:27:26.483 66504 INFO tempest.lib.common.rest_client [req-d9c67161-79b6-462f-b864-8e00179e640d req-d9c67161-79b6-462f-b864-8e00179e640d ] Request (ListServerFiltersTestJSON:test_list_servers_filter_by_active_status): 200 GET http://10.180.1.21/compute/v2.1/servers?status=active 0.957s
2025-12-02 03:27:26.491 66542 INFO tempest.lib.common.rest_client [req-50a92bfc-4a72-46c2-a226-ed6b801fb90e req-50a92bfc-4a72-46c2-a226-ed6b801fb90e ] Request (FlavorsAdminTestJSON:tearDownClass): 204 DELETE http://10.180.1.21/identity/v3/users/73e745fe20c64c3f94dcfdc3911ff6c6 0.085s
2025-12-02 03:27:26.496 66492 INFO tempest.lib.common.rest_client [req-f5060242-29c5-41a5-987d-7556d16ab3a7 req-f5060242-29c5-41a5-987d-7556d16ab3a7 ] Request (FlavorsV2TestJSON:test_list_flavors_with_detail): 200 GET http://10.180.1.21/compute/v2.1/flavors/42 0.947s
2025-12-02 03:27:26.514 66544 INFO tempest.lib.common.rest_client [req-ccad2b59-1338-4b1c-96ce-311962335f05 req-ccad2b59-1338-4b1c-96ce-311962335f05 ] Request (FlavorsAccessTestJSON:test_flavor_access_list_with_private_flavor): 200 POST http://10.180.1.21/compute/v2.1/flavors 0.960s
2025-12-02 03:27:26.552 66524 INFO tempest.lib.common.rest_client [req-7eb69159-b03e-43d0-9d79-0763be54296b req-7eb69159-b03e-43d0-9d79-0763be54296b ] Request (ServersAdmin275Test:tearDownClass): 200 GET http://10.180.1.21/compute/v2.1/servers/7284db35-f377-405d-b744-bcb24db2af22 1.009s
