2025-12-02 03:26:07.013 66492 INFO tempest.lib.common.rest_client [req-6953baf5-fa47-4e52-9750-3d321d114a79 req-6953baf5-fa47-4e52-9750-3d321d114a79 ] Request (FlavorsAccessNegativeTestJSON:_run_cleanups): 200 GET http://10.180.1.21/compute/v2.1/flavors/detail 1.444s
2025-12-02 03:26:07.099 66540 INFO tempest.lib.common.rest_client [req-59bb1a74-587c-4bb0-a78f-9f22b79bbb3d req-59bb1a74-587c-4bb0-a78f-9f22b79bbb3d ] Request (SecurityGroupRulesTestJSON:test_security_group_rules_delete_when_peer_group_deleted): 200 GET http://10.180.1.21/compute/v2.1/os-security-groups/97a138ed-2484-4683-92fe-8ae6bb27f5e7 1.426s
2025-12-02 03:26:07.129 66532 INFO tempest.lib.common.rest_client [req-39cb0d04-793d-415b-8ecf-b949ceb7e09c req-39cb0d04-793d-415b-8ecf-b949ceb7e09c ] Request (ServicesAdminNegativeV253TestJSON:tearDownClass): 204 DELETE http://10.180.1.21/networking/v2.0/security-groups/77505a38-06b3-4790-a86b-d72d1a2d857e 0.165s
2025-12-02 03:26:07.137 66492 INFO tempest.lib.common.rest_client [req-1cba6b3f-73ed-4cad-b38a-0c4240379e6c req-1cba6b3f-73ed-4cad-b38a-0c4240379e6c ] Request (FlavorsAccessNegativeTestJSON:tearDownClass): 204 DELETE http://10.180.1.21/identity/v3/users/a6fd637f08a240edbd69b8203bb2a92c 0.114s
2025-12-02 03:26:07.211 66534 INFO tempest.lib.common.rest_client [req-2f612629-a03e-4362-9976-7cef31c451b9 req-2f612629-a03e-4362-9976-7cef31c451b9 ] Request (SecurityGroupsTestJSON:test_list_security_groups_by_server): 200 GET http://10.180.1.21/compute/v2.1/servers/88aa9bd5-f8ba-4681-9015-264eaeaaacf7 1.479s
2025-12-02 03:26:07.217 66530 INFO tempest.lib.common.rest_client [req-5ab0af3f-774e-43d7-acb9-a127786803bb req-5ab0af3f-774e-43d7-acb9-a127786803bb ] Request (ImagesOneServerNegativeTestJSON:test_create_image_specify_name_over_character_limit): 400 POST http://10.180.1.21/compute/v2.1/servers/81b5e245-752a-4e81-adb9-25a78a3b974f/action 1.432s
2025-12-02 03:26:07.257 66532 INFO tempest.lib.common.rest_client [req-6451cbf9-79df-4caf-badb-8eb978d78a65 req-6451cbf9-79df-4caf-badb-8eb978d78a65 ] Request (ServicesAdminNegativeV253TestJSON:tearDownClass): 204 DELETE http://10.180.1.21/identity/v3/projects/08d2233201c84a389f5519f681d71e58 0.127s
2025-12-02 03:26:07.257 66532 INFO tempest.lib.common.dynamic_creds [-] Deleting project and security group for project: 62742a4f43e8413eafc508b00500faeb
2025-12-02 03:26:07.258 66536 WARNING tempest.lib.common.ssh [-] Failed to establish authenticated ssh connection to cirros@10.180.180.217 ([Errno None] Unable to connect to port 22 on 10.180.180.217). Number attempts: 6. Retry after 7 seconds.: paramiko.ssh_exception.NoValidConnectionsError: [Errno None] Unable to connect to port 22 on 10.180.180.217
2025-12-02 03:26:07.280 66514 INFO tempest.lib.common.rest_client [req-9c4e5dc3-1fa0-479f-be81-188662d36c76 req-9c4e5dc3-1fa0-479f-be81-188662d36c76 ] Request (ServersAdminNegativeTestJSON:test_migrate_server_invalid_state): 202 POST http://10.180.1.21/compute/v2.1/servers 1.728s
2025-12-02 03:26:07.298 66492 INFO tempest.lib.common.rest_client [req-33619cc4-47b4-428a-ad90-44da248cf542 req-33619cc4-47b4-428a-ad90-44da248cf542 ] Request (FlavorsAccessNegativeTestJSON:tearDownClass): 204 DELETE http://10.180.1.21/identity/v3/users/100ddb48466e4538a36644d550970fb4 0.161s
2025-12-02 03:26:07.397 66492 INFO tempest.lib.common.rest_client [req-a875c5f7-cd81-43ce-9866-6542985d8448 req-a875c5f7-cd81-43ce-9866-6542985d8448 ] Request (FlavorsAccessNegativeTestJSON:tearDownClass): 204 DELETE http://10.180.1.21/identity/v3/users/9139dd09826f48278c9712d4a13deb69 0.098s
2025-12-02 03:26:07.398 66492 INFO tempest.lib.common.dynamic_creds [-] Deleting project and security group for project: a2eefe15f9ff4249847e04564b8cd8ac
2025-12-02 03:26:07.413 66532 INFO tempest.lib.common.rest_client [req-fc25ff38-4974-437f-8c07-c2c94bcdf645 req-fc25ff38-4974-437f-8c07-c2c94bcdf645 ] Request (ServicesAdminNegativeV253TestJSON:tearDownClass): 200 GET http://10.180.1.21/networking/v2.0/security-groups?tenant_id=62742a4f43e8413eafc508b00500faeb&name=default 0.156s
2025-12-02 03:26:07.462 66512 INFO tempest.lib.common.rest_client [req-8ed336e6-40ae-4498-be3d-9423383c2f2f req-8ed336e6-40ae-4498-be3d-9423383c2f2f ] Request (QuotasAdminNegativeTest:test_create_server_when_instances_quota_is_full): 200 GET http://10.180.1.21/compute/v2.1/os-quota-sets/132f82e609484fbfb35497c9c3e8243e 1.665s
2025-12-02 03:26:07.486 66492 INFO tempest.lib.common.rest_client [req-0da2837a-9c78-45aa-b310-33fa13a2b16a req-0da2837a-9c78-45aa-b310-33fa13a2b16a ] Request (FlavorsAccessNegativeTestJSON:tearDownClass): 201 POST http://10.180.1.21/identity/v3/auth/tokens 0.088s
2025-12-02 03:26:07.585 66532 INFO tempest.lib.common.rest_client [req-ba68fb83-cd59-4a83-862f-9e14539d2b19 req-ba68fb83-cd59-4a83-862f-9e14539d2b19 ] Request (ServicesAdminNegativeV253TestJSON:tearDownClass): 204 DELETE http://10.180.1.21/networking/v2.0/security-groups/d3ad5718-1c87-4017-b870-89cb68968ed0 0.171s
2025-12-02 03:26:07.626 66538 INFO tempest.lib.common.rest_client [req-fd27cf64-fba3-4a9b-af18-9c917c8f6be0 req-fd27cf64-fba3-4a9b-af18-9c917c8f6be0 ] Request (AttachInterfacesV270Test:test_create_get_list_interfaces): 200 GET http://10.180.1.21/compute/v2.1/servers/78b9e780-2d04-4e7e-bfd3-c29b04bd7250 1.757s
2025-12-02 03:26:07.693 66532 INFO tempest.lib.common.rest_client [req-5f437542-6f14-4b14-9dfe-2cce7468c379 req-5f437542-6f14-4b14-9dfe-2cce7468c379 ] Request (ServicesAdminNegativeV253TestJSON:tearDownClass): 204 DELETE http://10.180.1.21/identity/v3/projects/62742a4f43e8413eafc508b00500faeb 0.107s
2025-12-02 03:26:07.763 66526 INFO tempest.lib.common.rest_client [req-148c928f-6e7e-4dc1-9588-5a85d04d1224 req-148c928f-6e7e-4dc1-9588-5a85d04d1224 ] Request (ServersTestBootFromVolume:setUpClass): 200 GET http://10.180.1.21/volume/v3/volumes/7021aa62-c4aa-40a9-ae50-a10b5a4ec84f 0.049s
2025-12-02 03:26:07.771 66532 INFO tempest.lib.common.rest_client [req-56af3bd1-6b85-4cc5-982e-b1763ff2f59e req-56af3bd1-6b85-4cc5-982e-b1763ff2f59e ] Request (ComputeTenantNetworksTest:setUpClass): 201 POST http://10.180.1.21/identity/v3/auth/tokens 0.076s
2025-12-02 03:26:07.807 66532 INFO tempest.lib.common.rest_client [req-521b1a18-b8a6-40b5-94c2-b0c9396fecf0 req-521b1a18-b8a6-40b5-94c2-b0c9396fecf0 ] Request (ComputeTenantNetworksTest:setUpClass): 201 POST http://10.180.1.21/identity/v3/auth/tokens 0.032s
2025-12-02 03:26:07.836 66492 INFO tempest.lib.common.rest_client [req-c62c1bb0-f456-4248-bb7a-e8ab192d0e0c req-c62c1bb0-f456-4248-bb7a-e8ab192d0e0c ] Request (FlavorsAccessNegativeTestJSON:tearDownClass): 200 GET http://10.180.1.21/networking/v2.0/security-groups?tenant_id=a2eefe15f9ff4249847e04564b8cd8ac&name=default 0.349s
2025-12-02 03:26:07.854 66532 INFO tempest.lib.common.rest_client [req-22496110-26ee-418c-80a7-88febc1a55bb req-22496110-26ee-418c-80a7-88febc1a55bb ] Request (ComputeTenantNetworksTest:setUpClass): 200 GET http://10.180.1.21/identity/v3/domains?name=Default 0.046s
2025-12-02 03:26:07.910 66522 INFO tempest.lib.common.rest_client [req-3ba471d6-3ed0-443d-b294-4caaf29b6c6d req-3ba471d6-3ed0-443d-b294-4caaf29b6c6d ] Request (MigrationsAdminTest:test_list_migrations_in_flavor_resize_situation): 200 GET http://10.180.1.21/compute/v2.1/servers/960302c4-7a5e-485c-ab0a-0165a87a61ae 2.002s
2025-12-02 03:26:07.962 66490 INFO tempest.lib.common.rest_client [req-fff8b0c6-7a8f-496f-8412-6b8eeae00626 req-fff8b0c6-7a8f-496f-8412-6b8eeae00626 ] Request (ImagesTestJSON:test_create_image_from_stopped_server): 200 GET http://10.180.1.21/compute/v2.1/images/feb736f4-5e71-4508-8b38-64fc239183a2 2.011s
2025-12-02 03:26:07.964 66532 INFO tempest.lib.common.rest_client [req-4dfa66d6-4a04-4ddd-9e70-fc41d98f2228 req-4dfa66d6-4a04-4ddd-9e70-fc41d98f2228 ] Request (ComputeTenantNetworksTest:setUpClass): 201 POST http://10.180.1.21/identity/v3/projects 0.109s
2025-12-02 03:26:07.967 66516 INFO tempest.lib.common.rest_client [req-4dd19796-cfd2-4647-946d-f1a28a39da35 req-4dd19796-cfd2-4647-946d-f1a28a39da35 ] Request (QuotasAdminTestV236:test_get_updated_quotas): 200 PUT http://10.180.1.21/compute/v2.1/os-quota-sets/50f13be749dc49fabb36954e63ba8d65?user_id=205b809cb2384b049cd4820a604b4c1f 2.040s
2025-12-02 03:26:08.061 66532 INFO tempest.lib.common.rest_client [req-9fd742b5-9921-4ad6-b8a9-d54a6fc282a7 req-9fd742b5-9921-4ad6-b8a9-d54a6fc282a7 ] Request (ComputeTenantNetworksTest:setUpClass): 201 POST http://10.180.1.21/identity/v3/users 0.096s
2025-12-02 03:26:08.065 66492 INFO tempest.lib.common.rest_client [req-33b4a59e-7b8b-4643-aa34-9fc8a025b958 req-33b4a59e-7b8b-4643-aa34-9fc8a025b958 ] Request (FlavorsAccessNegativeTestJSON:tearDownClass): 204 DELETE http://10.180.1.21/networking/v2.0/security-groups/ad9a0ced-707e-437d-8a37-8d45a3efb404 0.229s
2025-12-02 03:26:08.087 66532 INFO tempest.lib.common.rest_client [req-e1f10afc-fa31-4405-b08a-c7b0dfaf213b req-e1f10afc-fa31-4405-b08a-c7b0dfaf213b ] Request (ComputeTenantNetworksTest:setUpClass): 200 GET http://10.180.1.21/identity/v3/roles 0.025s
2025-12-02 03:26:08.115 66498 INFO tempest.lib.common.rest_client [req-21a9f5d3-a39d-4fc8-bbd8-5a569ebf6700 req-21a9f5d3-a39d-4fc8-bbd8-5a569ebf6700 ] Request (FloatingIPsAssociationTestJSON:test_associate_already_associated_floating_ip): 200 GET http://10.180.1.21/compute/v2.1/servers/3af2eb53-1c13-4cd6-a467-1ec6825f13b9 2.075s
2025-12-02 03:26:08.120 66532 INFO tempest.lib.common.rest_client [req-263e6544-7f14-4418-9d88-f68320073896 req-263e6544-7f14-4418-9d88-f68320073896 ] Request (ComputeTenantNetworksTest:setUpClass): 204 PUT http://10.180.1.21/identity/v3/projects/625577e2ce1948e2ab2817f8483295d6/users/332e68ccae9c4cfea37862896770b5c2/roles/a75aeef6630741299aadfb4de335e5cc 0.033s
2025-12-02 03:26:08.120 66532 INFO tempest.lib.common.dynamic_creds [-] Dynamic test user 332e68ccae9c4cfea37862896770b5c2 is created with scope project and roles: ['member']
2025-12-02 03:26:08.120 66532 INFO tempest.lib.common.dynamic_creds [-] Acquired dynamic creds: credentials: Credentials: {'domain_id': 'default', 'domain_name': 'Default', 'username': 'tempest-ComputeTenantNetworksTest-1190526985-project-member', 'project_domain_id': 'default', 'project_domain_name': 'Default', 'project_id': '625577e2ce1948e2ab2817f8483295d6', 'project_name': 'tempest-ComputeTenantNetworksTest-1190526985', 'tenant_id': '625577e2ce1948e2ab2817f8483295d6', 'tenant_name': 'tempest-ComputeTenantNetworksTest-1190526985', 'user_domain_id': 'default', 'user_domain_name': 'Default', 'user_id': '332e68ccae9c4cfea37862896770b5c2', 'system': None}, Network: None, Subnet: None, Router: None
2025-12-02 03:26:08.126 66502 INFO tempest.lib.common.rest_client [req-02f29532-9330-4b54-9b77-bd4a4974e356 req-02f29532-9330-4b54-9b77-bd4a4974e356 ] Request (VolumesAdminNegativeTest:tearDownClass): 200 GET http://10.180.1.21/compute/v2.1/servers/81ff7d5d-efd2-4b43-8cec-17e732c16ea8 2.159s
2025-12-02 03:26:08.147 66492 INFO tempest.lib.common.rest_client [req-f106871a-1a1c-4be3-aa94-5a001fec15c1 req-f106871a-1a1c-4be3-aa94-5a001fec15c1 ] Request (FlavorsAccessNegativeTestJSON:tearDownClass): 204 DELETE http://10.180.1.21/identity/v3/projects/a2eefe15f9ff4249847e04564b8cd8ac 0.082s
2025-12-02 03:26:08.148 66492 INFO tempest.lib.common.dynamic_creds [-] Deleting project and security group for project: 350368f6f81e44229e4fa00871d1049a
2025-12-02 03:26:08.178 66532 INFO tempest.lib.common.rest_client [req-cc4dc6a0-abbb-464e-871b-12941a385305 req-cc4dc6a0-abbb-464e-871b-12941a385305 ] Request (ComputeTenantNetworksTest:setUpClass): 201 POST http://10.180.1.21/identity/v3/auth/tokens 0.057s
2025-12-02 03:26:08.258 66492 INFO tempest.lib.common.rest_client [req-003c751f-ee25-44cc-8dc8-e573427e4763 req-003c751f-ee25-44cc-8dc8-e573427e4763 ] Request (FlavorsAccessNegativeTestJSON:tearDownClass): 200 GET http://10.180.1.21/networking/v2.0/security-groups?tenant_id=350368f6f81e44229e4fa00871d1049a&name=default 0.109s
2025-12-02 03:26:08.281 66506 INFO tempest.lib.common.rest_client [req-8999926c-0580-4180-8b7d-e30c45c6978f req-8999926c-0580-4180-8b7d-e30c45c6978f ] Request (ServerDiskConfigTestJSON:test_rebuild_server_with_manual_disk_config): 200 GET http://10.180.1.21/compute/v2.1/servers/b61f7e1d-df06-408f-ba5e-91f84d8e30a9 2.231s
2025-12-02 03:26:08.605 66532 INFO tempest.lib.common.rest_client [req-4cf1903f-39f0-424f-8019-af0f704b1d4a req-4cf1903f-39f0-424f-8019-af0f704b1d4a ] Request (ComputeTenantNetworksTest:setUpClass): 201 POST http://10.180.1.21/networking/v2.0/networks 0.427s
2025-12-02 03:26:08.606 66532 INFO tempest.lib.common.dynamic_creds [-] Created isolated network resources for: credentials: Credentials: {'domain_id': 'default', 'domain_name': 'Default', 'username': 'tempest-ComputeTenantNetworksTest-1190526985-project-member', 'project_domain_id': 'default', 'project_domain_name': 'Default', 'project_id': '625577e2ce1948e2ab2817f8483295d6', 'project_name': 'tempest-ComputeTenantNetworksTest-1190526985', 'tenant_id': '625577e2ce1948e2ab2817f8483295d6', 'tenant_name': 'tempest-ComputeTenantNetworksTest-1190526985', 'user_domain_id': 'default', 'user_domain_name': 'Default', 'user_id': '332e68ccae9c4cfea37862896770b5c2', 'system': None}, Network: {'id': '24bf15e3-969d-4070-8e4c-6637a390d4a9', 'name': 'tempest-ComputeTenantNetworksTest-754474820-network', 'tenant_id': '625577e2ce1948e2ab2817f8483295d6', 'project_id': '625577e2ce1948e2ab2817f8483295d6', 'admin_state_up': True, 'mtu': 8950, 'status': 'ACTIVE', 'subnets': [], 'shared': False, 'port_security_enabled': True, 'router:external': False, 'provider:network_type': 'vlan', 'provider:physical_network': 'default', 'provider:segmentation_id': 975, 'availability_zone_hints': [], 'availability_zones': [], 'ipv4_address_scope': None, 'ipv6_address_scope': None, 'description': '', 'tags': [], 'created_at': '2025-12-02T03:26:08Z', 'updated_at': '2025-12-02T03:26:08Z', 'revision_number': 1}, Subnet: None, Router: None
2025-12-02 03:26:08.697 66492 INFO tempest.lib.common.rest_client [req-a76f18de-17c0-4196-a382-9c1a06c1b0c8 req-a76f18de-17c0-4196-a382-9c1a06c1b0c8 ] Request (FlavorsAccessNegativeTestJSON:tearDownClass): 204 DELETE http://10.180.1.21/networking/v2.0/security-groups/7ef8ff14-583d-4bef-9a25-f8e2782e352c 0.438s
2025-12-02 03:26:08.712 66532 INFO tempest.lib.common.rest_client [req-5075dead-ac1f-4348-b26a-3aa8cd01b1f3 req-5075dead-ac1f-4348-b26a-3aa8cd01b1f3 ] Request (ComputeTenantNetworksTest:setUpClass): 201 POST http://10.180.1.21/identity/v3/auth/tokens 0.102s
2025-12-02 03:26:08.733 66494 INFO tempest.lib.common.rest_client [req-f67a15f2-3af4-4c35-a8aa-bc6a4dd9fb5b req-f67a15f2-3af4-4c35-a8aa-bc6a4dd9fb5b ] Request (AttachInterfacesTestJSON:test_create_list_show_delete_interfaces_by_fixed_ip): 200 GET http://10.180.1.21/compute/v2.1/servers/37db7c02-f1d4-492f-b96b-5a685568a5c1 2.609s
2025-12-02 03:26:08.740 66494 INFO tempest.common.waiters [-] State transition "BUILD/None" ==> "BUILD/spawning" after 23 second wait
2025-12-02 03:26:08.745 66532 INFO tempest.lib.common.rest_client [req-20d8af7d-0a55-4207-b19e-41f3d43bc096 req-20d8af7d-0a55-4207-b19e-41f3d43bc096 ] Request (ComputeTenantNetworksTest:setUpClass): 201 POST http://10.180.1.21/identity/v3/auth/tokens 0.028s
2025-12-02 03:26:08.745 66532 INFO tempest.lib.common.fixed_network [-] (ComputeTenantNetworksTest:setUpClass) Found network {'id': '24bf15e3-969d-4070-8e4c-6637a390d4a9', 'name': 'tempest-ComputeTenantNetworksTest-754474820-network', 'tenant_id': '625577e2ce1948e2ab2817f8483295d6', 'project_id': '625577e2ce1948e2ab2817f8483295d6', 'admin_state_up': True, 'mtu': 8950, 'status': 'ACTIVE', 'subnets': [], 'shared': False, 'port_security_enabled': True, 'router:external': False, 'provider:network_type': 'vlan', 'provider:physical_network': 'default', 'provider:segmentation_id': 975, 'availability_zone_hints': [], 'availability_zones': [], 'ipv4_address_scope': None, 'ipv6_address_scope': None, 'description': '', 'tags': [], 'created_at': '2025-12-02T03:26:08Z', 'updated_at': '2025-12-02T03:26:08Z', 'revision_number': 1} available for tenant
2025-12-02 03:26:08.757 66524 INFO tempest.lib.common.rest_client [req-31c193cf-b29f-4956-a0d1-389da248a1b1 req-31c193cf-b29f-4956-a0d1-389da248a1b1 ] Request (ServersAdmin275Test:test_rebuild_update_server_275): 200 GET http://10.180.1.21/compute/v2.1/servers/7284db35-f377-405d-b744-bcb24db2af22 2.575s
2025-12-02 03:26:08.792 66492 INFO tempest.lib.common.rest_client [req-670be3ed-f23e-4ece-8c3b-e37f558878fc req-670be3ed-f23e-4ece-8c3b-e37f558878fc ] Request (FlavorsAccessNegativeTestJSON:tearDownClass): 204 DELETE http://10.180.1.21/identity/v3/projects/350368f6f81e44229e4fa00871d1049a 0.095s
2025-12-02 03:26:08.793 66492 INFO tempest.lib.common.dynamic_creds [-] Deleting project and security group for project: 9098a1308c3f473da9a78a6e2e263dd4
2025-12-02 03:26:08.807 66526 INFO tempest.lib.common.rest_client [req-9c935263-91ea-4614-99eb-5b731390f15b req-9c935263-91ea-4614-99eb-5b731390f15b ] Request (ServersTestBootFromVolume:setUpClass): 200 GET http://10.180.1.21/volume/v3/volumes/7021aa62-c4aa-40a9-ae50-a10b5a4ec84f 0.032s
2025-12-02 03:26:08.811 66548 INFO tempest.lib.common.rest_client [req-25ecc1ed-6eea-4d26-b082-e363a509750a req-25ecc1ed-6eea-4d26-b082-e363a509750a ] Request (ServersAdminTestJSON:test_create_server_with_scheduling_hint): 200 GET http://10.180.1.21/compute/v2.1/servers/857b313c-baed-40d9-b585-ca898cae9030 2.621s
2025-12-02 03:26:08.943 66492 INFO tempest.lib.common.rest_client [req-2938f851-6604-4018-b02f-7d5fd17db953 req-2938f851-6604-4018-b02f-7d5fd17db953 ] Request (FlavorsAccessNegativeTestJSON:tearDownClass): 200 GET http://10.180.1.21/networking/v2.0/security-groups?tenant_id=9098a1308c3f473da9a78a6e2e263dd4&name=default 0.150s
2025-12-02 03:26:09.009 66528 INFO tempest.lib.common.rest_client [req-42987cba-d119-45eb-9c13-5c88508bb104 req-42987cba-d119-45eb-9c13-5c88508bb104 ] Request (ServersTestManualDisk:tearDownClass): 200 GET http://10.180.1.21/compute/v2.1/servers/13b2ae8a-475a-48cd-bb44-da04329d71c1 2.729s
2025-12-02 03:26:09.184 66492 INFO tempest.lib.common.rest_client [req-62f870e9-93da-4056-b2bb-490ded9023d7 req-62f870e9-93da-4056-b2bb-490ded9023d7 ] Request (FlavorsAccessNegativeTestJSON:tearDownClass): 204 DELETE http://10.180.1.21/networking/v2.0/security-groups/b4f06837-069b-4432-bdb4-b9a942009010 0.240s
2025-12-02 03:26:09.267 66546 INFO tempest.lib.common.rest_client [req-de4e3772-f9a8-4f2c-ae1f-d6afa7654d35 req-de4e3772-f9a8-4f2c-ae1f-d6afa7654d35 ] Request (ListServersNegativeTestJSON:setUpClass): 200 GET http://10.180.1.21/compute/v2.1/servers/c99d75b7-a984-48c7-8074-14c021fe0b0f 2.866s
2025-12-02 03:26:09.291 66508 INFO tempest.lib.common.rest_client [req-cf13e5f0-1805-44da-b70a-4ed54d3ec6f6 req-cf13e5f0-1805-44da-b70a-4ed54d3ec6f6 ] Request (FloatingIPsAssociationNegativeTestJSON:setUpClass): 200 GET http://10.180.1.21/compute/v2.1/servers/50cfd92f-6ec7-4b69-8aa1-8871fdb85a98 2.979s
2025-12-02 03:26:09.344 66492 INFO tempest.lib.common.rest_client [req-8abbebd5-8a78-4e8f-9d03-639f40e30035 req-8abbebd5-8a78-4e8f-9d03-639f40e30035 ] Request (FlavorsAccessNegativeTestJSON:tearDownClass): 204 DELETE http://10.180.1.21/identity/v3/projects/9098a1308c3f473da9a78a6e2e263dd4 0.159s
2025-12-02 03:26:09.385 66510 INFO tempest.lib.common.rest_client [req-9ac99153-bfe6-427d-acaf-36562269cb45 req-9ac99153-bfe6-427d-acaf-36562269cb45 ] Request (ServersWithSpecificFlavorTestJSON:test_verify_created_server_ephemeral_disk): 200 GET http://10.180.1.21/compute/v2.1/servers/b09e516d-dece-42a0-8480-799d209597fb/os-interface 2.934s
2025-12-02 03:26:09.421 66544 INFO tempest.lib.common.rest_client [req-38d0df1e-7dc2-45db-9792-9e6269f58c5e req-38d0df1e-7dc2-45db-9792-9e6269f58c5e ] Request (DeleteServersAdminTestJSON:test_delete_server_while_in_error_state): 200 GET http://10.180.1.21/compute/v2.1/servers/5428c740-353a-495a-941e-e888651f18e4 2.991s
2025-12-02 03:26:09.430 66492 INFO tempest.lib.common.rest_client [req-203bd48f-0b5b-4186-83c2-cf67a7d90e04 req-203bd48f-0b5b-4186-83c2-cf67a7d90e04 ] Request (TenantUsagesNegativeTestJSON:setUpClass): 201 POST http://10.180.1.21/identity/v3/auth/tokens 0.084s
2025-12-02 03:26:09.437 66544 INFO tempest.common.waiters [-] State transition "BUILD/block_device_mapping" ==> "BUILD/spawning" after 27 second wait
2025-12-02 03:26:09.474 66492 INFO tempest.lib.common.rest_client [req-3dacd167-0945-4d0d-a66f-d573f2728178 req-3dacd167-0945-4d0d-a66f-d573f2728178 ] Request (TenantUsagesNegativeTestJSON:setUpClass): 201 POST http://10.180.1.21/identity/v3/auth/tokens 0.041s
2025-12-02 03:26:09.497 66542 INFO tempest.lib.common.rest_client [req-ea6fe014-d1dd-4084-bada-745b9bd6b54e req-ea6fe014-d1dd-4084-bada-745b9bd6b54e ] Request (FlavorsAdminTestJSON:_run_cleanups): 200 GET http://10.180.1.21/compute/v2.1/flavors/detail 2.949s
2025-12-02 03:26:09.504 66492 INFO tempest.lib.common.rest_client [req-c9ce2857-7215-41ec-8846-13f4c29d8443 req-c9ce2857-7215-41ec-8846-13f4c29d8443 ] Request (TenantUsagesNegativeTestJSON:setUpClass): 200 GET http://10.180.1.21/identity/v3/domains?name=Default 0.030s
2025-12-02 03:26:09.514 66500 INFO tempest.lib.common.rest_client [req-32fc11e1-7050-4eeb-8fda-2bd57ae56ab2 req-32fc11e1-7050-4eeb-8fda-2bd57ae56ab2 ] Request (FloatingIPsTestJSON:test_allocate_floating_ip): 200 GET http://10.180.1.21/compute/v2.1/os-floating-ips/d8d70e82-a73e-4755-b559-32932b996a59 3.000s
2025-12-02 03:26:09.532 66496 INFO tempest.lib.common.rest_client [req-92fdd771-8358-4244-a074-36a16ad1d825 req-92fdd771-8358-4244-a074-36a16ad1d825 ] Request (ImagesMetadataNegativeTestJSON:test_update_nonexistent_image_metadata): 404 POST http://10.180.1.21/compute/v2.1/images/b0439ff5-199b-45ac-be01-41371c0d28fe/metadata 2.963s
2025-12-02 03:26:09.539 66492 INFO tempest.lib.common.rest_client [req-2dbc5f8f-fab6-4a5f-9f70-f1b8e19cbbfa req-2dbc5f8f-fab6-4a5f-9f70-f1b8e19cbbfa ] Request (TenantUsagesNegativeTestJSON:setUpClass): 201 POST http://10.180.1.21/identity/v3/projects 0.035s
2025-12-02 03:26:09.558 66486 INFO tempest.lib.common.rest_client [req-ba093f18-0fe0-4c1e-a3a2-1a9cfdc3a428 req-ba093f18-0fe0-4c1e-a3a2-1a9cfdc3a428 ] Request (ImagesMetadataTestJSON:test_get_image_metadata_item): 200 GET http://10.180.1.21/compute/v2.1/images/3a8cb130-2694-477e-aa33-ec57cc19b9bd/metadata/os_distro 2.835s
2025-12-02 03:26:09.558 66520 INFO tempest.lib.common.rest_client [req-10a1ee56-ae96-4b3e-ab52-4e395dd5fcd1 req-10a1ee56-ae96-4b3e-ab52-4e395dd5fcd1 ] Request (ImagesNegativeTestJSON:tearDownClass): 404 GET http://10.180.1.21/compute/v2.1/servers/9f9b84dd-c95f-463f-8e80-fa26d398038b 2.813s
2025-12-02 03:26:09.587 66488 INFO tempest.lib.common.rest_client [req-c848ea6f-50ac-45dc-8cb0-ea80156d8f36 req-c848ea6f-50ac-45dc-8cb0-ea80156d8f36 ] Request (AggregatesAdminNegativeTestJSON:_run_cleanups): 200 DELETE http://10.180.1.21/compute/v2.1/os-aggregates/6 2.601s
2025-12-02 03:26:09.613 66492 INFO tempest.lib.common.rest_client [req-92da246f-e1e8-4afa-a057-8f26a53c0c0a req-92da246f-e1e8-4afa-a057-8f26a53c0c0a ] Request (TenantUsagesNegativeTestJSON:setUpClass): 201 POST http://10.180.1.21/identity/v3/users 0.073s
2025-12-02 03:26:09.644 66492 INFO tempest.lib.common.rest_client [req-0a75d5ba-a4b3-4f5f-a315-2a743a95b94c req-0a75d5ba-a4b3-4f5f-a315-2a743a95b94c ] Request (TenantUsagesNegativeTestJSON:setUpClass): 200 GET http://10.180.1.21/identity/v3/roles 0.031s
2025-12-02 03:26:09.698 66496 INFO tempest.lib.common.rest_client [req-ce4bb7d8-9af0-48bb-b132-3f98fe765683 req-ce4bb7d8-9af0-48bb-b132-3f98fe765683 ] Request (ImagesMetadataNegativeTestJSON:tearDownClass): 204 DELETE http://10.180.1.21/identity/v3/users/a2014365a33442ceac2a4126dc7edaca 0.164s
2025-12-02 03:26:09.698 66496 INFO tempest.lib.common.dynamic_creds [-] Deleting project and security group for project: 80574eac7ed64886a8295f5057ba0b1d
2025-12-02 03:26:09.733 66492 INFO tempest.lib.common.rest_client [req-6a6bd808-0a3b-40ae-9c2e-e5e1c7538902 req-6a6bd808-0a3b-40ae-9c2e-e5e1c7538902 ] Request (TenantUsagesNegativeTestJSON:setUpClass): 204 PUT http://10.180.1.21/identity/v3/projects/a0d46fb3785a405ba473fff11ae153a2/users/19836a6eac2c4e419f525cc070ce07ca/roles/a75aeef6630741299aadfb4de335e5cc 0.088s
2025-12-02 03:26:09.734 66492 INFO tempest.lib.common.dynamic_creds [-] Dynamic test user 19836a6eac2c4e419f525cc070ce07ca is created with scope project and roles: ['member']
2025-12-02 03:26:09.734 66492 INFO tempest.lib.common.dynamic_creds [-] Acquired dynamic creds: credentials: Credentials: {'domain_id': 'default', 'domain_name': 'Default', 'username': 'tempest-TenantUsagesNegativeTestJSON-1739310957-project-member', 'project_domain_id': 'default', 'project_domain_name': 'Default', 'project_id': 'a0d46fb3785a405ba473fff11ae153a2', 'project_name': 'tempest-TenantUsagesNegativeTestJSON-1739310957', 'tenant_id': 'a0d46fb3785a405ba473fff11ae153a2', 'tenant_name': 'tempest-TenantUsagesNegativeTestJSON-1739310957', 'user_domain_id': 'default', 'user_domain_name': 'Default', 'user_id': '19836a6eac2c4e419f525cc070ce07ca', 'system': None}, Network: None, Subnet: None, Router: None
2025-12-02 03:26:09.735 66492 INFO tempest.lib.common.dynamic_creds [-] Created isolated network resources for: credentials: Credentials: {'domain_id': 'default', 'domain_name': 'Default', 'username': 'tempest-TenantUsagesNegativeTestJSON-1739310957-project-member', 'project_domain_id': 'default', 'project_domain_name': 'Default', 'project_id': 'a0d46fb3785a405ba473fff11ae153a2', 'project_name': 'tempest-TenantUsagesNegativeTestJSON-1739310957', 'tenant_id': 'a0d46fb3785a405ba473fff11ae153a2', 'tenant_name': 'tempest-TenantUsagesNegativeTestJSON-1739310957', 'user_domain_id': 'default', 'user_domain_name': 'Default', 'user_id': '19836a6eac2c4e419f525cc070ce07ca', 'system': None}, Network: None, Subnet: None, Router: None
2025-12-02 03:26:09.774 66496 INFO tempest.lib.common.rest_client [req-8444ee34-789f-4c9e-848c-69e9ec3da854 req-8444ee34-789f-4c9e-848c-69e9ec3da854 ] Request (ImagesMetadataNegativeTestJSON:tearDownClass): 201 POST http://10.180.1.21/identity/v3/auth/tokens 0.076s
2025-12-02 03:26:09.812 66492 INFO tempest.lib.common.rest_client [req-85c49e3f-039e-44c4-9559-51bd4e78c242 req-85c49e3f-039e-44c4-9559-51bd4e78c242 ] Request (TenantUsagesNegativeTestJSON:setUpClass): 201 POST http://10.180.1.21/identity/v3/auth/tokens 0.071s
2025-12-02 03:26:09.855 66492 INFO tempest.lib.common.rest_client [req-0b3716e6-5c28-445e-aad1-94f3993f76d3 req-0b3716e6-5c28-445e-aad1-94f3993f76d3 ] Request (TenantUsagesNegativeTestJSON:setUpClass): 201 POST http://10.180.1.21/identity/v3/projects 0.042s
2025-12-02 03:26:09.863 66526 INFO tempest.lib.common.rest_client [req-71ff3686-ae28-486b-8e88-44ae2158c571 req-71ff3686-ae28-486b-8e88-44ae2158c571 ] Request (ServersTestBootFromVolume:setUpClass): 200 GET http://10.180.1.21/volume/v3/volumes/7021aa62-c4aa-40a9-ae50-a10b5a4ec84f 0.046s
2025-12-02 03:26:10.040 66510 INFO tempest.lib.common.rest_client [req-31167b51-98ce-4d8c-a49c-7ac43c514671 req-31167b51-98ce-4d8c-a49c-7ac43c514671 ] Request (ServersWithSpecificFlavorTestJSON:test_verify_created_server_ephemeral_disk): 200 PUT http://10.180.1.21/networking/v2.0/floatingips/3e345880-cf16-41b7-9786-7a0cbeaf82c4 0.651s
2025-12-02 03:26:10.091 66492 INFO tempest.lib.common.rest_client [req-69bb8468-17ea-42f8-bc66-b6ea605b1179 req-69bb8468-17ea-42f8-bc66-b6ea605b1179 ] Request (TenantUsagesNegativeTestJSON:setUpClass): 201 POST http://10.180.1.21/identity/v3/users 0.235s
2025-12-02 03:26:10.113 66492 INFO tempest.lib.common.rest_client [req-3e34c3ae-6608-4b66-a238-c0ee20d661ab req-3e34c3ae-6608-4b66-a238-c0ee20d661ab ] Request (TenantUsagesNegativeTestJSON:setUpClass): 200 GET http://10.180.1.21/identity/v3/roles 0.022s
2025-12-02 03:26:10.145 66492 INFO tempest.lib.common.rest_client [req-bf80a907-4207-4551-b602-632f60f0d542 req-bf80a907-4207-4551-b602-632f60f0d542 ] Request (TenantUsagesNegativeTestJSON:setUpClass): 204 PUT http://10.180.1.21/identity/v3/projects/30a19ca332db42929e4f7d1025782293/users/28ecc1e1166f4a2f8df655265df9e233/roles/7508c357cf20456a8e7de310b3576f8b 0.031s
2025-12-02 03:26:10.204 66492 INFO tempest.lib.common.rest_client [req-e9507f00-ae17-4758-af9c-0bcf92d9ec8c req-e9507f00-ae17-4758-af9c-0bcf92d9ec8c ] Request (TenantUsagesNegativeTestJSON:setUpClass): 200 GET http://10.180.1.21/identity/v3/roles 0.058s
2025-12-02 03:26:10.216 66540 INFO tempest.lib.common.rest_client [req-77ff6932-fbd0-4c88-bb89-7c10d8aa500f req-77ff6932-fbd0-4c88-bb89-7c10d8aa500f ] Request (SecurityGroupRulesTestJSON:test_security_group_rules_list): 200 POST http://10.180.1.21/compute/v2.1/os-security-groups 3.108s
2025-12-02 03:26:10.226 66492 INFO tempest.lib.common.rest_client [req-d9b65b47-427b-4646-8e55-ad524b72ad19 req-d9b65b47-427b-4646-8e55-ad524b72ad19 ] Request (TenantUsagesNegativeTestJSON:setUpClass): 204 PUT http://10.180.1.21/identity/v3/projects/30a19ca332db42929e4f7d1025782293/users/28ecc1e1166f4a2f8df655265df9e233/roles/7508c357cf20456a8e7de310b3576f8b 0.021s
2025-12-02 03:26:10.226 66492 INFO tempest.lib.common.dynamic_creds [-] Dynamic test user 28ecc1e1166f4a2f8df655265df9e233 is created with scope project and roles: ['admin']
2025-12-02 03:26:10.226 66492 INFO tempest.lib.common.dynamic_creds [-] Acquired dynamic creds: credentials: Credentials: {'domain_id': 'default', 'domain_name': 'Default', 'username': 'tempest-TenantUsagesNegativeTestJSON-2092476144-project-admin', 'project_domain_id': 'default', 'project_domain_name': 'Default', 'project_id': '30a19ca332db42929e4f7d1025782293', 'project_name': 'tempest-TenantUsagesNegativeTestJSON-2092476144', 'tenant_id': '30a19ca332db42929e4f7d1025782293', 'tenant_name': 'tempest-TenantUsagesNegativeTestJSON-2092476144', 'user_domain_id': 'default', 'user_domain_name': 'Default', 'user_id': '28ecc1e1166f4a2f8df655265df9e233', 'system': None}, Network: None, Subnet: None, Router: None
2025-12-02 03:26:10.226 66492 INFO tempest.lib.common.dynamic_creds [-] Created isolated network resources for: credentials: Credentials: {'domain_id': 'default', 'domain_name': 'Default', 'username': 'tempest-TenantUsagesNegativeTestJSON-2092476144-project-admin', 'project_domain_id': 'default', 'project_domain_name': 'Default', 'project_id': '30a19ca332db42929e4f7d1025782293', 'project_name': 'tempest-TenantUsagesNegativeTestJSON-2092476144', 'tenant_id': '30a19ca332db42929e4f7d1025782293', 'tenant_name': 'tempest-TenantUsagesNegativeTestJSON-2092476144', 'user_domain_id': 'default', 'user_domain_name': 'Default', 'user_id': '28ecc1e1166f4a2f8df655265df9e233', 'system': None}, Network: None, Subnet: None, Router: None
2025-12-02 03:26:10.314 66492 INFO tempest.lib.common.rest_client [req-e69174b7-689c-4d46-9f90-cec0459d7937 req-e69174b7-689c-4d46-9f90-cec0459d7937 ] Request (TenantUsagesNegativeTestJSON:setUpClass): 201 POST http://10.180.1.21/identity/v3/auth/tokens 0.083s
2025-12-02 03:26:10.319 66519 WARNING tempest.lib.common.ssh [-] Failed to establish authenticated ssh connection to cirros@10.180.180.214 ([Errno None] Unable to connect to port 22 on 10.180.180.214). Number attempts: 6. Retry after 7 seconds.: paramiko.ssh_exception.NoValidConnectionsError: [Errno None] Unable to connect to port 22 on 10.180.180.214
2025-12-02 03:26:10.367 66520 INFO tempest.lib.common.rest_client [req-3113fde8-d901-4f4c-a8b0-ccb7d88ecf81 req-3113fde8-d901-4f4c-a8b0-ccb7d88ecf81 ] Request (ImagesNegativeTestJSON:tearDownClass): 200 PUT http://10.180.1.21/networking/v2.0/routers/604bd1d9-2076-4e6d-af8a-076898e85f4a/remove_router_interface 0.807s
2025-12-02 03:26:10.469 66496 INFO tempest.lib.common.rest_client [req-a473459e-2681-4a08-9f88-8ef510616122 req-a473459e-2681-4a08-9f88-8ef510616122 ] Request (ImagesMetadataNegativeTestJSON:tearDownClass): 200 GET http://10.180.1.21/networking/v2.0/security-groups?tenant_id=80574eac7ed64886a8295f5057ba0b1d&name=default 0.694s
2025-12-02 03:26:10.554 66504 INFO tempest.lib.common.rest_client [req-3151c814-93f4-4e3a-b862-f830eb224a2a req-3151c814-93f4-4e3a-b862-f830eb224a2a ] Request (FloatingIPDetailsTestJSON:test_list_floating_ips): 200 GET http://10.180.1.21/compute/v2.1/os-floating-ips 3.574s
2025-12-02 03:26:10.631 66496 INFO tempest.lib.common.rest_client [req-3f9025b1-ba7d-43ce-9558-a8cb9302f9b4 req-3f9025b1-ba7d-43ce-9558-a8cb9302f9b4 ] Request (ImagesMetadataNegativeTestJSON:tearDownClass): 204 DELETE http://10.180.1.21/networking/v2.0/security-groups/41df8bfe-17b7-4ed8-80c4-e1e0f181d8b9 0.162s
2025-12-02 03:26:10.666 66530 INFO tempest.lib.common.rest_client [req-421a1898-09e7-4b0e-9bb9-3fe9b88bc0c2 req-421a1898-09e7-4b0e-9bb9-3fe9b88bc0c2 ] Request (ImagesOneServerNegativeTestJSON:tearDown): 200 GET http://10.180.1.21/compute/v2.1/servers/81b5e245-752a-4e81-adb9-25a78a3b974f 3.446s
2025-12-02 03:26:10.702 66496 INFO tempest.lib.common.rest_client [req-4c6e31c3-da4c-421b-83e7-c87bbbbb95e8 req-4c6e31c3-da4c-421b-83e7-c87bbbbb95e8 ] Request (ImagesMetadataNegativeTestJSON:tearDownClass): 204 DELETE http://10.180.1.21/identity/v3/projects/80574eac7ed64886a8295f5057ba0b1d 0.070s
2025-12-02 03:26:10.714 66514 INFO tempest.lib.common.rest_client [req-5522e7a9-b11d-4188-ba01-4d7a9202a645 req-5522e7a9-b11d-4188-ba01-4d7a9202a645 ] Request (ServersAdminNegativeTestJSON:test_migrate_server_invalid_state): 200 GET http://10.180.1.21/compute/v2.1/servers/5e13b6c1-2ec4-4f12-89ef-8afcc1a7357c 3.430s
2025-12-02 03:26:10.765 66490 INFO tempest.lib.common.rest_client [req-e5bf564d-6683-4ef7-baa8-2073d19564e8 req-e5bf564d-6683-4ef7-baa8-2073d19564e8 ] Request (ImagesTestJSON:test_create_image_from_stopped_server): 200 GET http://10.180.1.21/compute/v2.1/images/feb736f4-5e71-4508-8b38-64fc239183a2 2.794s
2025-12-02 03:26:10.774 66496 INFO tempest.lib.common.rest_client [req-9c9a4cfc-6924-4d10-93b6-c6351441ebe4 req-9c9a4cfc-6924-4d10-93b6-c6351441ebe4 ] Request (ListImageFiltersTestJSON:setUpClass): 201 POST http://10.180.1.21/identity/v3/auth/tokens 0.070s
2025-12-02 03:26:10.820 66490 INFO tempest.lib.common.rest_client [req-4ff13afa-44aa-4122-8e03-fd77bf77bd6b req-4ff13afa-44aa-4122-8e03-fd77bf77bd6b ] Request (ImagesTestJSON:test_create_image_from_stopped_server): 200 GET http://10.180.1.21/image/v2/images/feb736f4-5e71-4508-8b38-64fc239183a2/tasks 0.051s
2025-12-02 03:26:10.826 66496 INFO tempest.lib.common.rest_client [req-8d20a86f-5004-4fab-b0b9-f050cf89baa7 req-8d20a86f-5004-4fab-b0b9-f050cf89baa7 ] Request (ListImageFiltersTestJSON:setUpClass): 201 POST http://10.180.1.21/identity/v3/auth/tokens 0.048s
2025-12-02 03:26:10.868 66496 INFO tempest.lib.common.rest_client [req-365a823a-72ba-4861-8293-f581a2870257 req-365a823a-72ba-4861-8293-f581a2870257 ] Request (ListImageFiltersTestJSON:setUpClass): 200 GET http://10.180.1.21/identity/v3/domains?name=Default 0.042s
2025-12-02 03:26:10.877 66520 INFO tempest.lib.common.rest_client [req-b3295ab0-c5e6-49bc-9419-57810e939ca0 req-b3295ab0-c5e6-49bc-9419-57810e939ca0 ] Request (ImagesNegativeTestJSON:tearDownClass): 204 DELETE http://10.180.1.21/networking/v2.0/routers/604bd1d9-2076-4e6d-af8a-076898e85f4a 0.510s
2025-12-02 03:26:10.894 66512 INFO tempest.lib.common.rest_client [req-63503e40-b99f-4f64-ae6f-6ffa528e5892 req-63503e40-b99f-4f64-ae6f-6ffa528e5892 ] Request (QuotasAdminNegativeTest:test_create_server_when_instances_quota_is_full): 200 PUT http://10.180.1.21/compute/v2.1/os-quota-sets/132f82e609484fbfb35497c9c3e8243e 3.430s
2025-12-02 03:26:10.930 66526 INFO tempest.lib.common.rest_client [req-d917f7cb-8589-4464-9a81-ad50d9869891 req-d917f7cb-8589-4464-9a81-ad50d9869891 ] Request (ServersTestBootFromVolume:setUpClass): 200 GET http://10.180.1.21/volume/v3/volumes/7021aa62-c4aa-40a9-ae50-a10b5a4ec84f 0.056s
2025-12-02 03:26:10.933 66496 INFO tempest.lib.common.rest_client [req-b0a60dfd-4b35-43ef-bc5b-39ac1f010dd2 req-b0a60dfd-4b35-43ef-bc5b-39ac1f010dd2 ] Request (ListImageFiltersTestJSON:setUpClass): 201 POST http://10.180.1.21/identity/v3/projects 0.063s
2025-12-02 03:26:11.025 66512 INFO tempest.lib.common.rest_client [req-f019cf71-3d95-4df0-842d-a6f524ee95e5 req-f019cf71-3d95-4df0-842d-a6f524ee95e5 ] Request (QuotasAdminNegativeTest:test_create_server_when_instances_quota_is_full): 201 POST http://10.180.1.21/identity/v3/auth/tokens 0.122s
2025-12-02 03:26:11.026 66512 INFO tempest.lib.common.fixed_network [-] (QuotasAdminNegativeTest:test_create_server_when_instances_quota_is_full) Found network None available for tenant
2025-12-02 03:26:11.041 66516 INFO tempest.lib.common.rest_client [req-934f5176-8581-4baa-b07a-cbf6d4609dd0 req-934f5176-8581-4baa-b07a-cbf6d4609dd0 ] Request (QuotasAdminTestV236:test_get_updated_quotas): 200 GET http://10.180.1.21/compute/v2.1/os-quota-sets/50f13be749dc49fabb36954e63ba8d65?user_id=205b809cb2384b049cd4820a604b4c1f 3.067s
2025-12-02 03:26:11.060 66534 INFO tempest.lib.common.rest_client [req-8e2490c8-c427-4b92-a174-4ab8e2409265 req-8e2490c8-c427-4b92-a174-4ab8e2409265 ] Request (SecurityGroupsTestJSON:test_list_security_groups_by_server): 200 GET http://10.180.1.21/compute/v2.1/servers/88aa9bd5-f8ba-4681-9015-264eaeaaacf7 2.837s
2025-12-02 03:26:11.079 66496 INFO tempest.lib.common.rest_client [req-39f8ceb1-38a0-4ae6-ab1f-4e7822ed0379 req-39f8ceb1-38a0-4ae6-ab1f-4e7822ed0379 ] Request (ListImageFiltersTestJSON:setUpClass): 201 POST http://10.180.1.21/identity/v3/users 0.145s
2025-12-02 03:26:11.131 66520 INFO tempest.lib.common.rest_client [req-ff2fae5f-5164-4990-8eac-69e4eca145ca req-ff2fae5f-5164-4990-8eac-69e4eca145ca ] Request (ImagesNegativeTestJSON:tearDownClass): 204 DELETE http://10.180.1.21/networking/v2.0/subnets/1ecdc36f-9c54-445b-89af-38a3226bde63 0.254s
2025-12-02 03:26:11.147 66516 INFO tempest.lib.common.rest_client [req-76ad9356-39fe-478c-8755-5f77237e36ba req-76ad9356-39fe-478c-8755-5f77237e36ba ] Request (QuotasAdminTestV236:_run_cleanups): 204 DELETE http://10.180.1.21/identity/v3/users/205b809cb2384b049cd4820a604b4c1f 0.104s
2025-12-02 03:26:11.195 66538 INFO tempest.lib.common.rest_client [req-2e5b3f7b-dc02-4ac5-ba1b-7ad148a3ec8d req-2e5b3f7b-dc02-4ac5-ba1b-7ad148a3ec8d ] Request (AttachInterfacesV270Test:test_create_get_list_interfaces): 200 GET http://10.180.1.21/compute/v2.1/servers/78b9e780-2d04-4e7e-bfd3-c29b04bd7250 2.554s
2025-12-02 03:26:11.209 66538 INFO tempest.common.waiters [-] State transition "BUILD/spawning" ==> "ACTIVE/None" after 30 second wait
2025-12-02 03:26:11.216 66496 INFO tempest.lib.common.rest_client [req-a944546d-21fe-4cb6-ac1d-1c6d35edab8e req-a944546d-21fe-4cb6-ac1d-1c6d35edab8e ] Request (ListImageFiltersTestJSON:setUpClass): 200 GET http://10.180.1.21/identity/v3/roles 0.136s
2025-12-02 03:26:11.310 66496 INFO tempest.lib.common.rest_client [req-0de9b95c-c6f3-4ecc-961d-fb3890c797fc req-0de9b95c-c6f3-4ecc-961d-fb3890c797fc ] Request (ListImageFiltersTestJSON:setUpClass): 204 PUT http://10.180.1.21/identity/v3/projects/4a163f8fa632444bb42e791d7fb6d572/users/90f3a7cb213a4368bdc37f245ae1dc71/roles/a75aeef6630741299aadfb4de335e5cc 0.094s
2025-12-02 03:26:11.311 66496 INFO tempest.lib.common.dynamic_creds [-] Dynamic test user 90f3a7cb213a4368bdc37f245ae1dc71 is created with scope project and roles: ['member']
2025-12-02 03:26:11.311 66496 INFO tempest.lib.common.dynamic_creds [-] Acquired dynamic creds: credentials: Credentials: {'domain_id': 'default', 'domain_name': 'Default', 'username': 'tempest-ListImageFiltersTestJSON-907682754-project-member', 'project_domain_id': 'default', 'project_domain_name': 'Default', 'project_id': '4a163f8fa632444bb42e791d7fb6d572', 'project_name': 'tempest-ListImageFiltersTestJSON-907682754', 'tenant_id': '4a163f8fa632444bb42e791d7fb6d572', 'tenant_name': 'tempest-ListImageFiltersTestJSON-907682754', 'user_domain_id': 'default', 'user_domain_name': 'Default', 'user_id': '90f3a7cb213a4368bdc37f245ae1dc71', 'system': None}, Network: None, Subnet: None, Router: None
2025-12-02 03:26:11.311 66496 INFO tempest.lib.common.dynamic_creds [-] Created isolated network resources for: credentials: Credentials: {'domain_id': 'default', 'domain_name': 'Default', 'username': 'tempest-ListImageFiltersTestJSON-907682754-project-member', 'project_domain_id': 'default', 'project_domain_name': 'Default', 'project_id': '4a163f8fa632444bb42e791d7fb6d572', 'project_name': 'tempest-ListImageFiltersTestJSON-907682754', 'tenant_id': '4a163f8fa632444bb42e791d7fb6d572', 'tenant_name': 'tempest-ListImageFiltersTestJSON-907682754', 'user_domain_id': 'default', 'user_domain_name': 'Default', 'user_id': '90f3a7cb213a4368bdc37f245ae1dc71', 'system': None}, Network: None, Subnet: None, Router: None
2025-12-02 03:26:11.329 66516 INFO tempest.lib.common.rest_client [req-a5ac52b8-69d6-42f3-b295-4ee31fdabdd2 req-a5ac52b8-69d6-42f3-b295-4ee31fdabdd2 ] Request (QuotasAdminTestV236:_run_cleanups): 204 DELETE http://10.180.1.21/identity/v3/projects/50f13be749dc49fabb36954e63ba8d65 0.181s
2025-12-02 03:26:11.377 66532 INFO tempest.lib.common.rest_client [req-e113fb2c-2c2c-487e-b75e-544a10d69151 req-e113fb2c-2c2c-487e-b75e-544a10d69151 ] Request (ComputeTenantNetworksTest:test_list_show_tenant_networks): 200 GET http://10.180.1.21/compute/v2.1/os-tenant-networks 2.631s
2025-12-02 03:26:11.399 66496 INFO tempest.lib.common.rest_client [req-f832fb9f-1529-41f1-bbd7-277f62b6120f req-f832fb9f-1529-41f1-bbd7-277f62b6120f ] Request (ListImageFiltersTestJSON:setUpClass): 201 POST http://10.180.1.21/identity/v3/auth/tokens 0.083s
2025-12-02 03:26:11.398 66520 INFO tempest.lib.common.rest_client [req-851b2fc0-8fc7-4f69-b490-f2c7b3271c14 req-851b2fc0-8fc7-4f69-b490-f2c7b3271c14 ] Request (ImagesNegativeTestJSON:tearDownClass): 204 DELETE http://10.180.1.21/networking/v2.0/networks/2f35327b-2359-4486-a248-cbb5c145c92b 0.267s
2025-12-02 03:26:11.417 66522 INFO tempest.lib.common.rest_client [req-87846915-07d9-4e6a-b5d3-1cd27fbdaf3d req-87846915-07d9-4e6a-b5d3-1cd27fbdaf3d ] Request (MigrationsAdminTest:test_list_migrations_in_flavor_resize_situation): 200 GET http://10.180.1.21/compute/v2.1/servers/960302c4-7a5e-485c-ab0a-0165a87a61ae 2.490s
2025-12-02 03:26:11.449 66498 INFO tempest.lib.common.rest_client [req-2407a85a-eef0-4425-b2a2-15833eb93bb4 req-2407a85a-eef0-4425-b2a2-15833eb93bb4 ] Request (FloatingIPsAssociationTestJSON:test_associate_already_associated_floating_ip): 200 GET http://10.180.1.21/compute/v2.1/servers/3af2eb53-1c13-4cd6-a467-1ec6825f13b9 2.325s
2025-12-02 03:26:11.501 66502 INFO tempest.lib.common.rest_client [req-287a9ce4-4790-47d1-9d68-b2758bd91fa4 req-287a9ce4-4790-47d1-9d68-b2758bd91fa4 ] Request (VolumesAdminNegativeTest:tearDownClass): 200 GET http://10.180.1.21/compute/v2.1/servers/81ff7d5d-efd2-4b43-8cec-17e732c16ea8 2.367s
2025-12-02 03:26:11.506 66516 INFO tempest.lib.common.rest_client [req-59e9f4b8-01d4-4aea-a4f6-7976d187b283 req-59e9f4b8-01d4-4aea-a4f6-7976d187b283 ] Request (QuotasAdminTestV236:tearDownClass): 204 DELETE http://10.180.1.21/identity/v3/users/860062b026614e0aa3b8ec537739c090 0.171s
2025-12-02 03:26:11.521 66542 INFO tempest.lib.common.rest_client [req-9b51a97a-ed08-4b5d-a87b-1de3da3a06b9 req-9b51a97a-ed08-4b5d-a87b-1de3da3a06b9 ] Request (FlavorsAdminTestJSON:test_is_public_string_variations): 200 POST http://10.180.1.21/compute/v2.1/flavors 2.011s
2025-12-02 03:26:11.529 66506 INFO tempest.lib.common.rest_client [req-8238430a-137a-4403-bb4d-4e15fbfabb92 req-8238430a-137a-4403-bb4d-4e15fbfabb92 ] Request (ServerDiskConfigTestJSON:test_rebuild_server_with_manual_disk_config): 200 GET http://10.180.1.21/compute/v2.1/servers/b61f7e1d-df06-408f-ba5e-91f84d8e30a9 2.240s
2025-12-02 03:26:11.535 66506 INFO tempest.common.waiters [-] State transition "BUILD/None" ==> "BUILD/networking" after 23 second wait
2025-12-02 03:26:11.551 66520 INFO tempest.lib.common.rest_client [req-3b5e4706-3053-4bb1-8ad6-f3ecb080856d req-3b5e4706-3053-4bb1-8ad6-f3ecb080856d ] Request (ImagesNegativeTestJSON:tearDownClass): 204 DELETE http://10.180.1.21/identity/v3/users/1380988509074df7b66807031cf456c4 0.151s
2025-12-02 03:26:11.551 66520 INFO tempest.lib.common.dynamic_creds [-] Deleting project and security group for project: b14f811fdb7e465690185449547bb46d
2025-12-02 03:26:11.596 66520 INFO tempest.lib.common.rest_client [req-59bd13bb-f900-4285-a316-332dcec85c6c req-59bd13bb-f900-4285-a316-332dcec85c6c ] Request (ImagesNegativeTestJSON:tearDownClass): 200 GET http://10.180.1.21/networking/v2.0/security-groups?tenant_id=b14f811fdb7e465690185449547bb46d&name=default 0.045s
2025-12-02 03:26:11.630 66500 INFO tempest.lib.common.rest_client [req-cdfdc95a-777b-4f8e-b102-68b88f536042 req-cdfdc95a-777b-4f8e-b102-68b88f536042 ] Request (FloatingIPsTestJSON:test_allocate_floating_ip): 200 GET http://10.180.1.21/compute/v2.1/os-floating-ips 2.113s
2025-12-02 03:26:11.643 66488 INFO tempest.lib.common.rest_client [req-a6e09b02-f0fe-44fe-a3e6-74d0a65f877c req-a6e09b02-f0fe-44fe-a3e6-74d0a65f877c ] Request (AggregatesAdminNegativeTestJSON:test_aggregate_get_details_with_invalid_id): 404 GET http://10.180.1.21/compute/v2.1/os-aggregates/-1 2.053s
2025-12-02 03:26:11.688 66516 INFO tempest.lib.common.rest_client [req-f1554aa6-eb7f-4fb0-8c63-7dd8286909e6 req-f1554aa6-eb7f-4fb0-8c63-7dd8286909e6 ] Request (QuotasAdminTestV236:tearDownClass): 204 DELETE http://10.180.1.21/identity/v3/users/958464430f4b40e5a1625b9da381704a 0.181s
2025-12-02 03:26:11.688 66516 INFO tempest.lib.common.dynamic_creds [-] Deleting project and security group for project: 57b2bfc0457f420d82008e6b5db03698
2025-12-02 03:26:11.743 66486 INFO tempest.lib.common.rest_client [req-409a6b7f-b8c3-4411-925b-dd0ae6f4cd7d req-409a6b7f-b8c3-4411-925b-dd0ae6f4cd7d ] Request (ImagesMetadataTestJSON:setUp): 200 PUT http://10.180.1.21/compute/v2.1/images/3a8cb130-2694-477e-aa33-ec57cc19b9bd/metadata 2.183s
2025-12-02 03:26:11.757 66520 INFO tempest.lib.common.rest_client [req-7b69c357-85ab-4983-8170-76b123e816ea req-7b69c357-85ab-4983-8170-76b123e816ea ] Request (ImagesNegativeTestJSON:tearDownClass): 204 DELETE http://10.180.1.21/networking/v2.0/security-groups/1c204a4b-a669-4fe4-b5e6-edacdb0d1270 0.160s
2025-12-02 03:26:11.773 66516 INFO tempest.lib.common.rest_client [req-0ee49ce7-497a-44da-a58b-a06311e30341 req-0ee49ce7-497a-44da-a58b-a06311e30341 ] Request (QuotasAdminTestV236:tearDownClass): 201 POST http://10.180.1.21/identity/v3/auth/tokens 0.084s
2025-12-02 03:26:11.859 66520 INFO tempest.lib.common.rest_client [req-d9b5263d-ae44-4a42-ab29-0842274cd700 req-d9b5263d-ae44-4a42-ab29-0842274cd700 ] Request (ImagesNegativeTestJSON:tearDownClass): 204 DELETE http://10.180.1.21/identity/v3/projects/b14f811fdb7e465690185449547bb46d 0.101s
2025-12-02 03:26:11.982 66526 INFO tempest.lib.common.rest_client [req-9c4b470a-4757-4cf3-a241-855939611d29 req-9c4b470a-4757-4cf3-a241-855939611d29 ] Request (ServersTestBootFromVolume:setUpClass): 200 GET http://10.180.1.21/volume/v3/volumes/7021aa62-c4aa-40a9-ae50-a10b5a4ec84f 0.037s
2025-12-02 03:26:11.989 66520 INFO tempest.lib.common.rest_client [req-2074cbd8-c493-4210-998f-1b2b10b23948 req-2074cbd8-c493-4210-998f-1b2b10b23948 ] Request (ImagesOneServerTestJSON:setUpClass): 201 POST http://10.180.1.21/identity/v3/auth/tokens 0.129s
2025-12-02 03:26:12.027 66520 INFO tempest.lib.common.rest_client [req-8557e4eb-0811-4035-b9a0-b8d6b49005c5 req-8557e4eb-0811-4035-b9a0-b8d6b49005c5 ] Request (ImagesOneServerTestJSON:setUpClass): 201 POST http://10.180.1.21/identity/v3/auth/tokens 0.031s
2025-12-02 03:26:12.057 66520 INFO tempest.lib.common.rest_client [req-798c9808-6d35-4c3a-8ceb-dbef8200aff3 req-798c9808-6d35-4c3a-8ceb-dbef8200aff3 ] Request (ImagesOneServerTestJSON:setUpClass): 200 GET http://10.180.1.21/identity/v3/domains?name=Default 0.029s
2025-12-02 03:26:12.089 66516 INFO tempest.lib.common.rest_client [req-3dbbb0e1-5a0b-4670-a925-24d704a24229 req-3dbbb0e1-5a0b-4670-a925-24d704a24229 ] Request (QuotasAdminTestV236:tearDownClass): 200 GET http://10.180.1.21/networking/v2.0/security-groups?tenant_id=57b2bfc0457f420d82008e6b5db03698&name=default 0.316s
2025-12-02 03:26:12.099 66520 INFO tempest.lib.common.rest_client [req-45bc8631-6a6e-4fff-b022-5866e1cfb4f5 req-45bc8631-6a6e-4fff-b022-5866e1cfb4f5 ] Request (ImagesOneServerTestJSON:setUpClass): 201 POST http://10.180.1.21/identity/v3/projects 0.040s
2025-12-02 03:26:12.127 66524 INFO tempest.lib.common.rest_client [req-0aeb48ef-be12-409c-a3f5-0d104e03e273 req-0aeb48ef-be12-409c-a3f5-0d104e03e273 ] Request (ServersAdmin275Test:test_rebuild_update_server_275): 200 GET http://10.180.1.21/compute/v2.1/servers/7284db35-f377-405d-b744-bcb24db2af22 2.356s
2025-12-02 03:26:12.152 66496 INFO tempest.lib.common.rest_client [req-a056d2b2-60e1-4196-bea8-bca185d21e15 req-a056d2b2-60e1-4196-bea8-bca185d21e15 ] Request (ListImageFiltersTestJSON:setUpClass): 201 POST http://10.180.1.21/image/v2/images 0.752s
2025-12-02 03:26:12.182 66520 INFO tempest.lib.common.rest_client [req-7f09c386-4f6e-4197-9d09-410bd1e5cf29 req-7f09c386-4f6e-4197-9d09-410bd1e5cf29 ] Request (ImagesOneServerTestJSON:setUpClass): 201 POST http://10.180.1.21/identity/v3/users 0.081s
2025-12-02 03:26:12.217 66520 INFO tempest.lib.common.rest_client [req-6b3ad059-bbb2-4f1f-b195-ee6aa6ec1617 req-6b3ad059-bbb2-4f1f-b195-ee6aa6ec1617 ] Request (ImagesOneServerTestJSON:setUpClass): 200 GET http://10.180.1.21/identity/v3/roles 0.034s
2025-12-02 03:26:12.256 66516 INFO tempest.lib.common.rest_client [req-a40983af-e5e3-44b0-b36e-b0825fddaaa3 req-a40983af-e5e3-44b0-b36e-b0825fddaaa3 ] Request (QuotasAdminTestV236:tearDownClass): 204 DELETE http://10.180.1.21/networking/v2.0/security-groups/7cb79cad-f608-4024-b812-75b8ecb170dc 0.166s
2025-12-02 03:26:12.257 66520 INFO tempest.lib.common.rest_client [req-8794e85b-aad8-4d41-b258-631f64024d3a req-8794e85b-aad8-4d41-b258-631f64024d3a ] Request (ImagesOneServerTestJSON:setUpClass): 204 PUT http://10.180.1.21/identity/v3/projects/fb79142e2601440497e0dcef09eff818/users/b57444b4adcb424e96cac22e0fccc76c/roles/a75aeef6630741299aadfb4de335e5cc 0.039s
