2025-12-02 03:28:29.040 66528 INFO tempest.lib.common.rest_client [req-1ad59361-6663-46a1-a4e4-06deb03128a7 req-1ad59361-6663-46a1-a4e4-06deb03128a7 ] Request (ServerMetadataNegativeTestJSON:tearDownClass): 200 GET http://10.180.1.21/compute/v2.1/servers/b3b17c7e-70bf-4419-a0f8-5869f102f106 0.407s
2025-12-02 03:28:29.042 66516 INFO tempest.lib.common.rest_client [req-3c23cc44-268b-48f7-a0df-be5ba1002f7e req-3c23cc44-268b-48f7-a0df-be5ba1002f7e ] Request (ServerAddressesNegativeTestJSON:tearDownClass): 404 GET http://10.180.1.21/compute/v2.1/servers/6159884e-8990-49e3-a0eb-0e30359be227 0.391s
2025-12-02 03:28:29.171 66542 INFO tempest.lib.common.rest_client [req-91e908f4-631b-4a66-b29e-d858b4ff0dd9 req-91e908f4-631b-4a66-b29e-d858b4ff0dd9 ] Request (ServersTestJSON:setUpClass): 200 GET http://10.180.1.21/compute/v2.1/servers/cadd2a5a-2396-4ae5-877c-1260bf8e29e9 0.445s
2025-12-02 03:28:29.291 66510 INFO tempest.lib.common.rest_client [req-f0b67ceb-3319-4f3a-8b4c-d6352118eeb0 req-f0b67ceb-3319-4f3a-8b4c-d6352118eeb0 ] Request (ServersWithSpecificFlavorTestJSON:test_verify_created_server_ephemeral_disk): 200 GET http://10.180.1.21/compute/v2.1/servers/0747291d-4ac0-4205-ace7-4ebd11f9e9b5 0.507s
2025-12-02 03:28:29.315 66492 INFO tempest.lib.common.rest_client [req-b704f425-a5d7-4a85-996f-19fbf242cb4d req-b704f425-a5d7-4a85-996f-19fbf242cb4d ] Request (ServerMetadataTestJSON:setUpClass): 200 GET http://10.180.1.21/compute/v2.1/servers/aae584ee-5d65-452e-91c3-c7e83f662543 0.560s
2025-12-02 03:28:29.375 66544 INFO tempest.lib.common.rest_client [req-6699ba7c-e25d-4ba2-82e7-f265e43c6a7c req-6699ba7c-e25d-4ba2-82e7-f265e43c6a7c ] Request (ServerDiagnosticsTest:tearDownClass): 204 DELETE http://10.180.1.21/compute/v2.1/servers/719f243c-9c7c-47e9-9e2f-21bc145cb74d 0.569s
2025-12-02 03:28:29.385 66486 INFO tempest.lib.common.rest_client [req-2b47c4bb-fe9d-4cc2-9da1-019d8906d228 req-2b47c4bb-fe9d-4cc2-9da1-019d8906d228 ] Request (InstanceActionsNegativeTestJSON:tearDownClass): 200 GET http://10.180.1.21/compute/v2.1/servers/b810f99e-edce-48bf-8e96-319e5ab80ac5 0.565s
2025-12-02 03:28:29.431 66502 INFO tempest.lib.common.rest_client [req-43e06780-6e0e-4077-b643-91625141b96f req-43e06780-6e0e-4077-b643-91625141b96f ] Request (ServersTestMultiNic:test_verify_multiple_nics_order): 200 GET http://10.180.1.21/compute/v2.1/servers/f56c0adf-c6a9-4459-b27a-06ed59aa0909 0.586s
2025-12-02 03:28:29.438 66502 INFO tempest.common.waiters [-] State transition "BUILD/scheduling" ==> "BUILD/None" after 15 second wait
2025-12-02 03:28:29.474 66490 INFO tempest.lib.common.rest_client [req-2f514f81-c4fd-4c5b-a975-59139d6049a0 req-2f514f81-c4fd-4c5b-a975-59139d6049a0 ] Request (ImagesTestJSON:test_create_server_from_snapshot): 200 GET http://10.180.1.21/compute/v2.1/servers/26646ec6-80cd-4e5b-90dd-f343b86d4c14 0.601s
2025-12-02 03:28:29.489 66536 INFO tempest.lib.common.rest_client [req-a595b6a8-3a3b-4656-8051-8e8ee4092077 req-a595b6a8-3a3b-4656-8051-8e8ee4092077 ] Request (AttachInterfacesUnderV243Test:_run_cleanups): 200 GET http://10.180.1.21/compute/v2.1/servers/05d94242-4ca1-49b4-8a3a-85d110c40320 0.574s
2025-12-02 03:28:29.523 66512 INFO tempest.lib.common.rest_client [req-14a236ee-19b2-4c86-9134-3c1f79da4dcb req-14a236ee-19b2-4c86-9134-3c1f79da4dcb ] Request (ServerRescueTestJSON:setUpClass): 200 GET http://10.180.1.21/compute/v2.1/servers/af9ed130-7b15-42d3-a337-274adeb66e9a 0.589s
2025-12-02 03:28:29.558 66500 INFO tempest.lib.common.rest_client [req-fc2ccdc2-e7b2-440a-81ec-d81a97b0263c req-fc2ccdc2-e7b2-440a-81ec-d81a97b0263c ] Request (ServersNegativeTestJSON:setUpClass): 204 DELETE http://10.180.1.21/compute/v2.1/servers/310e55be-4eef-499d-b66a-aed5c01bc186 0.603s
2025-12-02 03:28:29.577 66508 INFO tempest.lib.common.rest_client [req-9d726c4d-a11a-4d9b-964b-066f5d29cc84 req-9d726c4d-a11a-4d9b-964b-066f5d29cc84 ] Request (ServerRescueTestJSONUnderV235:setUpClass): 200 GET http://10.180.1.21/compute/v2.1/servers/d38b5bb6-427a-4391-a710-d0c96371eb39 0.609s
2025-12-02 03:28:29.644 66519 INFO tempest.lib.common.rest_client [req-3c00ed36-35d9-4e87-aced-e54fc5a1a072 req-3c00ed36-35d9-4e87-aced-e54fc5a1a072 ] Request (ServerShowV247Test:test_update_rebuild_list_server): 200 GET http://10.180.1.21/compute/v2.1/servers/ae83591b-ba18-4eb5-a1de-bce9c4224fee 0.511s
2025-12-02 03:28:29.663 66534 INFO tempest.lib.common.rest_client [req-ae38ec01-70ce-44d3-b7d5-8f08f1005def req-ae38ec01-70ce-44d3-b7d5-8f08f1005def ] Request (SecurityGroupsTestJSON:test_server_security_groups): 200 GET http://10.180.1.21/compute/v2.1/servers/55b0c2ae-91bd-4a98-a9f7-1cd86430affa 0.551s
2025-12-02 03:28:29.707 66526 INFO tempest.lib.common.rest_client [req-22c2a290-52b5-42b0-9d4b-2a6be913f0c7 req-22c2a290-52b5-42b0-9d4b-2a6be913f0c7 ] Request (ServersTestBootFromVolume:tearDownClass): 200 GET http://10.180.1.21/compute/v2.1/servers/100447f3-2da4-4a1f-bb6e-5783cb0821fa 0.506s
2025-12-02 03:28:29.718 66520 INFO tempest.lib.common.rest_client [req-2c6104fb-cf2b-4319-b5a4-378b0eade113 req-2c6104fb-cf2b-4319-b5a4-378b0eade113 ] Request (ImagesOneServerTestJSON:tearDownClass): 200 GET http://10.180.1.21/compute/v2.1/servers/1ed0f8ce-d32d-4983-9751-b7b4eb6bbfb9 0.505s
2025-12-02 03:28:29.766 66546 INFO tempest.lib.common.rest_client [req-bb6a80fe-687a-4621-b137-dda12f779d84 req-bb6a80fe-687a-4621-b137-dda12f779d84 ] Request (ServerActionsTestOtherB:setUpClass): 200 GET http://10.180.1.21/compute/v2.1/servers/340051fd-17a9-47eb-9fcc-3e08bd3942d7 0.510s
2025-12-02 03:28:29.773 66546 INFO tempest.common.waiters [-] State transition "BUILD/scheduling" ==> "BUILD/None" after 14 second wait
2025-12-02 03:28:29.787 66516 INFO tempest.lib.common.rest_client [req-15be79cd-277e-4ec6-9958-ca18bce55bdb req-15be79cd-277e-4ec6-9958-ca18bce55bdb ] Request (ServerAddressesNegativeTestJSON:tearDownClass): 200 PUT http://10.180.1.21/networking/v2.0/routers/1d07707f-9422-4169-8b98-09019fd3f131/remove_router_interface 0.745s
2025-12-02 03:28:29.793 66504 INFO tempest.lib.common.rest_client [req-b20c89c6-242a-44ed-ac69-086a4d359f35 req-b20c89c6-242a-44ed-ac69-086a4d359f35 ] Request (ListServerFiltersTestJSON:tearDownClass): 200 GET http://10.180.1.21/compute/v2.1/servers/124a3d95-a34b-4469-ac08-3688cf30d1d2 0.448s
2025-12-02 03:28:29.962 66544 INFO tempest.lib.common.rest_client [req-72dcc047-5ee7-4a82-84d2-73e7cb656952 req-72dcc047-5ee7-4a82-84d2-73e7cb656952 ] Request (ServerDiagnosticsTest:tearDownClass): 200 GET http://10.180.1.21/compute/v2.1/servers/719f243c-9c7c-47e9-9e2f-21bc145cb74d 0.586s
2025-12-02 03:28:30.006 66506 INFO tempest.lib.common.rest_client [req-26855da8-5d33-4924-8c4b-475d8de2dfc1 req-26855da8-5d33-4924-8c4b-475d8de2dfc1 ] Request (ServerDiskConfigTestJSON:test_resize_server_from_auto_to_manual): 200 GET http://10.180.1.21/compute/v2.1/servers/f6823ce5-4b96-406d-a306-3bf5a6057ef4 0.517s
2025-12-02 03:28:30.141 66500 INFO tempest.lib.common.rest_client [req-f3efb636-9605-4bda-b6c8-35385a5f84ce req-f3efb636-9605-4bda-b6c8-35385a5f84ce ] Request (ServersNegativeTestJSON:setUpClass): 200 GET http://10.180.1.21/compute/v2.1/servers/310e55be-4eef-499d-b66a-aed5c01bc186 0.582s
2025-12-02 03:28:30.161 66522 INFO tempest.lib.common.rest_client [req-207461da-38d7-4247-80a2-fbc2d4044213 req-207461da-38d7-4247-80a2-fbc2d4044213 ] Request (MigrationsAdminTest:test_resize_server_revert_deleted_flavor): 200 GET http://10.180.1.21/compute/v2.1/servers/9fd88eee-356b-436d-95d2-f4b7ed9a8383 0.543s
2025-12-02 03:28:30.228 66530 INFO tempest.lib.common.rest_client [req-658749e8-ec62-4dc6-8754-a18515ee8f88 req-658749e8-ec62-4dc6-8754-a18515ee8f88 ] Request (ImagesOneServerNegativeTestJSON:_run_cleanups): 200 GET http://10.180.1.21/compute/v2.1/servers/932ab389-beca-4876-85cc-7628041dab3d 0.551s
2025-12-02 03:28:30.243 66488 INFO tempest.lib.common.rest_client [req-80772169-cdb5-467a-a84e-22143123e287 req-80772169-cdb5-467a-a84e-22143123e287 ] Request (ServerDiagnosticsV248Test:tearDownClass): 200 GET http://10.180.1.21/compute/v2.1/servers/331e5100-c1e3-4a01-8b02-d3e4b7452097 0.507s
2025-12-02 03:28:30.262 66516 INFO tempest.lib.common.rest_client [req-b075f1ee-fb79-4cbd-88ca-612365fa4a0d req-b075f1ee-fb79-4cbd-88ca-612365fa4a0d ] Request (ServerAddressesNegativeTestJSON:tearDownClass): 204 DELETE http://10.180.1.21/networking/v2.0/routers/1d07707f-9422-4169-8b98-09019fd3f131 0.474s
2025-12-02 03:28:30.266 66496 INFO tempest.lib.common.rest_client [req-b117ef54-f52b-49ac-aa4d-92f482d313f0 req-b117ef54-f52b-49ac-aa4d-92f482d313f0 ] Request (ListImageFiltersTestJSON:setUpClass): 200 GET http://10.180.1.21/compute/v2.1/images/dca4e6e8-270b-4cc6-99fc-d1fdb7e1d047 0.493s
2025-12-02 03:28:30.316 66538 INFO tempest.lib.common.rest_client [req-646200aa-8833-4bab-a7f8-a3e29a14ce5e req-646200aa-8833-4bab-a7f8-a3e29a14ce5e ] Request (ServerTagsTestJSON:tearDownClass): 200 GET http://10.180.1.21/compute/v2.1/servers/203be699-dfce-4549-8336-81f3649f5fb0 0.477s
2025-12-02 03:28:30.332 66498 INFO tempest.lib.common.rest_client [req-2caebe1f-ace0-4aaa-b828-2d6d28ce416d req-2caebe1f-ace0-4aaa-b828-2d6d28ce416d ] Request (FloatingIPsAssociationTestJSON:tearDownClass): 200 GET http://10.180.1.21/compute/v2.1/servers/96c17790-9f52-422c-b67c-034b00183281 0.425s
2025-12-02 03:28:30.383 66548 INFO tempest.lib.common.rest_client [req-8f5436d8-245d-45ea-8dda-37e1f8254c9f req-8f5436d8-245d-45ea-8dda-37e1f8254c9f ] Request (ServersAdminTestJSON:tearDownClass): 200 GET http://10.180.1.21/compute/v2.1/servers/6c37e2d8-7eac-439d-bf5b-316fd88884f2 0.414s
2025-12-02 03:28:30.395 66516 INFO tempest.lib.common.rest_client [req-28150fe5-6a6f-4814-856b-751fd0558571 req-28150fe5-6a6f-4814-856b-751fd0558571 ] Request (ServerAddressesNegativeTestJSON:tearDownClass): 204 DELETE http://10.180.1.21/networking/v2.0/subnets/f38e1aa5-f0a8-4858-ba12-bfe78818c16b 0.132s
2025-12-02 03:28:30.405 66514 INFO tempest.lib.common.rest_client [req-3613d329-4d2e-426a-a5d0-c3b1fd451166 req-3613d329-4d2e-426a-a5d0-c3b1fd451166 ] Request (ServersAdminNegativeTestJSON:tearDownClass): 200 GET http://10.180.1.21/compute/v2.1/servers/61a64ba1-88f1-41e4-888c-2609acd82822 0.372s
2025-12-02 03:28:30.486 66528 INFO tempest.lib.common.rest_client [req-57379da6-db89-40d4-a940-16f440663a17 req-57379da6-db89-40d4-a940-16f440663a17 ] Request (ServerMetadataNegativeTestJSON:tearDownClass): 200 GET http://10.180.1.21/compute/v2.1/servers/b3b17c7e-70bf-4419-a0f8-5869f102f106 0.435s
2025-12-02 03:28:30.499 66542 INFO tempest.lib.common.rest_client [req-b7923014-84fc-4b46-857d-97229733a90c req-b7923014-84fc-4b46-857d-97229733a90c ] Request (ServersTestJSON:setUpClass): 200 GET http://10.180.1.21/compute/v2.1/servers/cadd2a5a-2396-4ae5-877c-1260bf8e29e9 0.314s
2025-12-02 03:28:30.553 66510 INFO tempest.lib.common.rest_client [req-c06afde8-da15-435d-8e0a-513bec3c3f0c req-c06afde8-da15-435d-8e0a-513bec3c3f0c ] Request (ServersWithSpecificFlavorTestJSON:test_verify_created_server_ephemeral_disk): 200 GET http://10.180.1.21/compute/v2.1/servers/0747291d-4ac0-4205-ace7-4ebd11f9e9b5 0.254s
2025-12-02 03:28:30.649 66492 INFO tempest.lib.common.rest_client [req-bba0043f-e581-4423-9f4f-3f13771f6bba req-bba0043f-e581-4423-9f4f-3f13771f6bba ] Request (ServerMetadataTestJSON:setUpClass): 200 GET http://10.180.1.21/compute/v2.1/servers/aae584ee-5d65-452e-91c3-c7e83f662543 0.322s
2025-12-02 03:28:30.668 66486 INFO tempest.lib.common.rest_client [req-2cea29e3-c49b-4592-8c67-b8079a8e6d20 req-2cea29e3-c49b-4592-8c67-b8079a8e6d20 ] Request (InstanceActionsNegativeTestJSON:tearDownClass): 200 GET http://10.180.1.21/compute/v2.1/servers/b810f99e-edce-48bf-8e96-319e5ab80ac5 0.272s
2025-12-02 03:28:30.717 66502 INFO tempest.lib.common.rest_client [req-599a1222-2ef6-4659-81ed-b4067f290f49 req-599a1222-2ef6-4659-81ed-b4067f290f49 ] Request (ServersTestMultiNic:test_verify_multiple_nics_order): 200 GET http://10.180.1.21/compute/v2.1/servers/f56c0adf-c6a9-4459-b27a-06ed59aa0909 0.278s
2025-12-02 03:28:30.752 66490 INFO tempest.lib.common.rest_client [req-969c19e8-1e1c-41a6-b825-1b80ae05f64e req-969c19e8-1e1c-41a6-b825-1b80ae05f64e ] Request (ImagesTestJSON:test_create_server_from_snapshot): 200 GET http://10.180.1.21/compute/v2.1/servers/26646ec6-80cd-4e5b-90dd-f343b86d4c14 0.270s
2025-12-02 03:28:30.756 66516 INFO tempest.lib.common.rest_client [req-995e7593-3a59-4d1f-9067-c872def47bfa req-995e7593-3a59-4d1f-9067-c872def47bfa ] Request (ServerAddressesNegativeTestJSON:tearDownClass): 204 DELETE http://10.180.1.21/networking/v2.0/networks/614df3a4-4bac-444b-8232-f82f8dccacca 0.361s
2025-12-02 03:28:30.786 66536 INFO tempest.lib.common.rest_client [req-5b3dd7e3-e17f-4919-8740-35223f852a1e req-5b3dd7e3-e17f-4919-8740-35223f852a1e ] Request (AttachInterfacesUnderV243Test:_run_cleanups): 200 GET http://10.180.1.21/compute/v2.1/servers/05d94242-4ca1-49b4-8a3a-85d110c40320 0.288s
2025-12-02 03:28:30.847 66508 INFO tempest.lib.common.rest_client [req-efe36ebf-dddb-4357-8bde-1a310b80aafa req-efe36ebf-dddb-4357-8bde-1a310b80aafa ] Request (ServerRescueTestJSONUnderV235:setUpClass): 200 GET http://10.180.1.21/compute/v2.1/servers/d38b5bb6-427a-4391-a710-d0c96371eb39 0.259s
2025-12-02 03:28:30.865 66516 INFO tempest.lib.common.rest_client [req-c00ca41b-9272-4318-9ee6-d572164dc25e req-c00ca41b-9272-4318-9ee6-d572164dc25e ] Request (ServerAddressesNegativeTestJSON:tearDownClass): 204 DELETE http://10.180.1.21/identity/v3/users/0e17df6dc5b3430fb0c56a46608f0734 0.108s
2025-12-02 03:28:30.865 66516 INFO tempest.lib.common.dynamic_creds [-] Deleting project and security group for project: 94599417c8354070ae9126296811b81b
2025-12-02 03:28:30.869 66512 INFO tempest.lib.common.rest_client [req-6db27320-319c-445a-b479-f7cc96fa3375 req-6db27320-319c-445a-b479-f7cc96fa3375 ] Request (ServerRescueTestJSON:setUpClass): 200 GET http://10.180.1.21/compute/v2.1/servers/af9ed130-7b15-42d3-a337-274adeb66e9a 0.339s
2025-12-02 03:28:30.901 66516 INFO tempest.lib.common.rest_client [req-e13ea4bb-a650-44f5-830d-81c7da2103e8 req-e13ea4bb-a650-44f5-830d-81c7da2103e8 ] Request (ServerAddressesNegativeTestJSON:tearDownClass): 200 GET http://10.180.1.21/networking/v2.0/security-groups?tenant_id=94599417c8354070ae9126296811b81b&name=default 0.036s
2025-12-02 03:28:30.911 66519 INFO tempest.lib.common.rest_client [req-0ad38686-c62e-4c69-871d-08035476e187 req-0ad38686-c62e-4c69-871d-08035476e187 ] Request (ServerShowV247Test:test_update_rebuild_list_server): 200 GET http://10.180.1.21/compute/v2.1/servers/ae83591b-ba18-4eb5-a1de-bce9c4224fee 0.257s
2025-12-02 03:28:30.974 66526 INFO tempest.lib.common.rest_client [req-8d8b3772-1291-4899-ba63-c69053fa7b3e req-8d8b3772-1291-4899-ba63-c69053fa7b3e ] Request (ServersTestBootFromVolume:tearDownClass): 200 GET http://10.180.1.21/compute/v2.1/servers/100447f3-2da4-4a1f-bb6e-5783cb0821fa 0.251s
2025-12-02 03:28:31.005 66534 INFO tempest.lib.common.rest_client [req-dcc82a6b-7457-489d-8208-c641d8f6519b req-dcc82a6b-7457-489d-8208-c641d8f6519b ] Request (SecurityGroupsTestJSON:test_server_security_groups): 200 GET http://10.180.1.21/compute/v2.1/servers/55b0c2ae-91bd-4a98-a9f7-1cd86430affa 0.330s
2025-12-02 03:28:31.049 66516 INFO tempest.lib.common.rest_client [req-35dcbce4-3239-4013-9cc8-f9563016014b req-35dcbce4-3239-4013-9cc8-f9563016014b ] Request (ServerAddressesNegativeTestJSON:tearDownClass): 204 DELETE http://10.180.1.21/networking/v2.0/security-groups/b940b435-c759-4394-856d-7ee660b5983d 0.147s
2025-12-02 03:28:31.068 66520 INFO tempest.lib.common.rest_client [req-32d803ba-7125-4dc4-968c-9eb6a82e656e req-32d803ba-7125-4dc4-968c-9eb6a82e656e ] Request (ImagesOneServerTestJSON:tearDownClass): 200 GET http://10.180.1.21/compute/v2.1/servers/1ed0f8ce-d32d-4983-9751-b7b4eb6bbfb9 0.342s
2025-12-02 03:28:31.080 66546 INFO tempest.lib.common.rest_client [req-2f1bedef-909b-47d0-9e71-45cd3c34c345 req-2f1bedef-909b-47d0-9e71-45cd3c34c345 ] Request (ServerActionsTestOtherB:setUpClass): 200 GET http://10.180.1.21/compute/v2.1/servers/340051fd-17a9-47eb-9fcc-3e08bd3942d7 0.306s
2025-12-02 03:28:31.135 66504 INFO tempest.lib.common.rest_client [req-96fe62f3-8dc0-4c80-b57a-a28e8c89326c req-96fe62f3-8dc0-4c80-b57a-a28e8c89326c ] Request (ListServerFiltersTestJSON:tearDownClass): 200 GET http://10.180.1.21/compute/v2.1/servers/124a3d95-a34b-4469-ac08-3688cf30d1d2 0.334s
2025-12-02 03:28:31.182 66516 INFO tempest.lib.common.rest_client [req-642ed53b-90ca-49cf-910b-86fb3430bd2b req-642ed53b-90ca-49cf-910b-86fb3430bd2b ] Request (ServerAddressesNegativeTestJSON:tearDownClass): 204 DELETE http://10.180.1.21/identity/v3/projects/94599417c8354070ae9126296811b81b 0.132s
2025-12-02 03:28:31.215 66544 INFO tempest.lib.common.rest_client [req-ced48bc3-db95-4b7d-b010-f1fa7e239fb5 req-ced48bc3-db95-4b7d-b010-f1fa7e239fb5 ] Request (ServerDiagnosticsTest:tearDownClass): 200 GET http://10.180.1.21/compute/v2.1/servers/719f243c-9c7c-47e9-9e2f-21bc145cb74d 0.243s
2025-12-02 03:28:31.251 66516 INFO tempest.lib.common.rest_client [req-d462796e-17a6-4ab6-8783-b6f2df3b13c1 req-d462796e-17a6-4ab6-8783-b6f2df3b13c1 ] Request (ServerShowV263Test:setUpClass): 201 POST http://10.180.1.21/identity/v3/auth/tokens 0.067s
2025-12-02 03:28:31.257 66506 INFO tempest.lib.common.rest_client [req-743b08e1-42af-4adb-b3d0-e95fe132ecb0 req-743b08e1-42af-4adb-b3d0-e95fe132ecb0 ] Request (ServerDiskConfigTestJSON:test_resize_server_from_auto_to_manual): 200 GET http://10.180.1.21/compute/v2.1/servers/f6823ce5-4b96-406d-a306-3bf5a6057ef4 0.242s
2025-12-02 03:28:31.284 66516 INFO tempest.lib.common.rest_client [req-576a0aa8-fcdd-4f27-bfda-2bdfcf532505 req-576a0aa8-fcdd-4f27-bfda-2bdfcf532505 ] Request (ServerShowV263Test:setUpClass): 201 POST http://10.180.1.21/identity/v3/auth/tokens 0.030s
2025-12-02 03:28:31.308 66516 INFO tempest.lib.common.rest_client [req-244c90f1-40e3-416b-bcf0-aac6ce2ae550 req-244c90f1-40e3-416b-bcf0-aac6ce2ae550 ] Request (ServerShowV263Test:setUpClass): 200 GET http://10.180.1.21/identity/v3/domains?name=Default 0.024s
2025-12-02 03:28:31.316 66500 INFO tempest.lib.common.rest_client [req-eb2aa13c-9aa5-40a8-a238-ee48697c2923 req-eb2aa13c-9aa5-40a8-a238-ee48697c2923 ] Request (ServersNegativeTestJSON:setUpClass): 200 GET http://10.180.1.21/compute/v2.1/servers/310e55be-4eef-499d-b66a-aed5c01bc186 0.163s
2025-12-02 03:28:31.337 66516 INFO tempest.lib.common.rest_client [req-24d207df-7160-42e8-8b02-e4cf6636dc36 req-24d207df-7160-42e8-8b02-e4cf6636dc36 ] Request (ServerShowV263Test:setUpClass): 201 POST http://10.180.1.21/identity/v3/projects 0.028s
2025-12-02 03:28:31.356 66522 INFO tempest.lib.common.rest_client [req-22040671-dfd5-49f1-ac36-77ba4ee1854a req-22040671-dfd5-49f1-ac36-77ba4ee1854a ] Request (MigrationsAdminTest:test_resize_server_revert_deleted_flavor): 200 GET http://10.180.1.21/compute/v2.1/servers/9fd88eee-356b-436d-95d2-f4b7ed9a8383 0.183s
2025-12-02 03:28:31.376 66530 INFO tempest.lib.common.rest_client [req-3fa7c1a8-cb17-4f0c-acc6-8773abc0e9de req-3fa7c1a8-cb17-4f0c-acc6-8773abc0e9de ] Request (ImagesOneServerNegativeTestJSON:_run_cleanups): 200 GET http://10.180.1.21/compute/v2.1/servers/932ab389-beca-4876-85cc-7628041dab3d 0.135s
2025-12-02 03:28:31.404 66516 INFO tempest.lib.common.rest_client [req-09c19c91-c47b-4b05-81df-dfae6805c4ec req-09c19c91-c47b-4b05-81df-dfae6805c4ec ] Request (ServerShowV263Test:setUpClass): 201 POST http://10.180.1.21/identity/v3/users 0.066s
2025-12-02 03:28:31.418 66496 INFO tempest.lib.common.rest_client [req-344e6e2c-843e-443d-912e-ac98bc615b89 req-344e6e2c-843e-443d-912e-ac98bc615b89 ] Request (ListImageFiltersTestJSON:setUpClass): 200 GET http://10.180.1.21/compute/v2.1/images/dca4e6e8-270b-4cc6-99fc-d1fdb7e1d047 0.147s
2025-12-02 03:28:31.426 66488 INFO tempest.lib.common.rest_client [req-551bf5a5-5669-4bb6-a33e-7ad81d0b7e04 req-551bf5a5-5669-4bb6-a33e-7ad81d0b7e04 ] Request (ServerDiagnosticsV248Test:tearDownClass): 200 GET http://10.180.1.21/compute/v2.1/servers/331e5100-c1e3-4a01-8b02-d3e4b7452097 0.165s
2025-12-02 03:28:31.433 66516 INFO tempest.lib.common.rest_client [req-ee17eeb7-b1a3-4a6d-84c5-28d02decb3c9 req-ee17eeb7-b1a3-4a6d-84c5-28d02decb3c9 ] Request (ServerShowV263Test:setUpClass): 200 GET http://10.180.1.21/identity/v3/roles 0.028s
2025-12-02 03:28:31.462 66516 INFO tempest.lib.common.rest_client [req-d556a7d2-e499-4c81-bea2-0184aa2b1f68 req-d556a7d2-e499-4c81-bea2-0184aa2b1f68 ] Request (ServerShowV263Test:setUpClass): 204 PUT http://10.180.1.21/identity/v3/projects/50a316af91d842b4bddd096f98863590/users/f88ebae809c44bcb87251dc7390d5a28/roles/a75aeef6630741299aadfb4de335e5cc 0.028s
2025-12-02 03:28:31.462 66516 INFO tempest.lib.common.dynamic_creds [-] Dynamic test user f88ebae809c44bcb87251dc7390d5a28 is created with scope project and roles: ['member']
2025-12-02 03:28:31.463 66516 INFO tempest.lib.common.dynamic_creds [-] Acquired dynamic creds: credentials: Credentials: {'domain_id': 'default', 'domain_name': 'Default', 'username': 'tempest-ServerShowV263Test-2132113501-project-member', 'project_domain_id': 'default', 'project_domain_name': 'Default', 'project_id': '50a316af91d842b4bddd096f98863590', 'project_name': 'tempest-ServerShowV263Test-2132113501', 'tenant_id': '50a316af91d842b4bddd096f98863590', 'tenant_name': 'tempest-ServerShowV263Test-2132113501', 'user_domain_id': 'default', 'user_domain_name': 'Default', 'user_id': 'f88ebae809c44bcb87251dc7390d5a28', 'system': None}, Network: None, Subnet: None, Router: None
2025-12-02 03:28:31.463 66516 INFO tempest.lib.common.dynamic_creds [-] Created isolated network resources for: credentials: Credentials: {'domain_id': 'default', 'domain_name': 'Default', 'username': 'tempest-ServerShowV263Test-2132113501-project-member', 'project_domain_id': 'default', 'project_domain_name': 'Default', 'project_id': '50a316af91d842b4bddd096f98863590', 'project_name': 'tempest-ServerShowV263Test-2132113501', 'tenant_id': '50a316af91d842b4bddd096f98863590', 'tenant_name': 'tempest-ServerShowV263Test-2132113501', 'user_domain_id': 'default', 'user_domain_name': 'Default', 'user_id': 'f88ebae809c44bcb87251dc7390d5a28', 'system': None}, Network: None, Subnet: None, Router: None
2025-12-02 03:28:31.481 66538 INFO tempest.lib.common.rest_client [req-e0e107cf-8574-49a0-b517-fcc990c19da2 req-e0e107cf-8574-49a0-b517-fcc990c19da2 ] Request (ServerTagsTestJSON:tearDownClass): 200 GET http://10.180.1.21/compute/v2.1/servers/203be699-dfce-4549-8336-81f3649f5fb0 0.156s
2025-12-02 03:28:31.495 66498 INFO tempest.lib.common.rest_client [req-c012d4b2-4643-42af-bc87-97d0205034e3 req-c012d4b2-4643-42af-bc87-97d0205034e3 ] Request (FloatingIPsAssociationTestJSON:tearDownClass): 200 GET http://10.180.1.21/compute/v2.1/servers/96c17790-9f52-422c-b67c-034b00183281 0.154s
2025-12-02 03:28:31.559 66548 INFO tempest.lib.common.rest_client [req-d90c7f78-81bd-4ea0-ba82-5ad9c0105134 req-d90c7f78-81bd-4ea0-ba82-5ad9c0105134 ] Request (ServersAdminTestJSON:tearDownClass): 200 GET http://10.180.1.21/compute/v2.1/servers/6c37e2d8-7eac-439d-bf5b-316fd88884f2 0.167s
2025-12-02 03:28:31.573 66516 INFO tempest.lib.common.rest_client [req-ba101045-18f5-4fde-a290-44a746e8179e req-ba101045-18f5-4fde-a290-44a746e8179e ] Request (ServerShowV263Test:setUpClass): 201 POST http://10.180.1.21/identity/v3/auth/tokens 0.107s
2025-12-02 03:28:31.578 66514 INFO tempest.lib.common.rest_client [req-ff468222-8c5a-42d6-b171-d703ac66948c req-ff468222-8c5a-42d6-b171-d703ac66948c ] Request (ServersAdminNegativeTestJSON:tearDownClass): 200 GET http://10.180.1.21/compute/v2.1/servers/61a64ba1-88f1-41e4-888c-2609acd82822 0.162s
2025-12-02 03:28:31.628 66516 INFO tempest.lib.common.rest_client [req-547030e5-70c5-491e-a693-b9bb14e6b34f req-547030e5-70c5-491e-a693-b9bb14e6b34f ] Request (ServerShowV263Test:setUpClass): 200 GET http://10.180.1.21/identity/v3/projects/50a316af91d842b4bddd096f98863590 0.054s
2025-12-02 03:28:31.628 66516 INFO tempest.lib.common.dynamic_creds [-] Using the existing project 50a316af91d842b4bddd096f98863590 for scope project and roles: ['reader']
2025-12-02 03:28:31.665 66516 INFO tempest.lib.common.rest_client [req-e15ebfc5-f9c9-4af5-bc0f-0d8216a7f6a4 req-e15ebfc5-f9c9-4af5-bc0f-0d8216a7f6a4 ] Request (ServerShowV263Test:setUpClass): 201 POST http://10.180.1.21/identity/v3/users 0.035s
2025-12-02 03:28:31.681 66542 INFO tempest.lib.common.rest_client [req-6e8431cc-0d08-428c-87f8-eff6f4d8304a req-6e8431cc-0d08-428c-87f8-eff6f4d8304a ] Request (ServersTestJSON:setUpClass): 200 GET http://10.180.1.21/compute/v2.1/servers/cadd2a5a-2396-4ae5-877c-1260bf8e29e9 0.167s
2025-12-02 03:28:31.693 66516 INFO tempest.lib.common.rest_client [req-4b7718ee-c438-42e3-a604-ea829b6f8524 req-4b7718ee-c438-42e3-a604-ea829b6f8524 ] Request (ServerShowV263Test:setUpClass): 200 GET http://10.180.1.21/identity/v3/roles 0.028s
2025-12-02 03:28:31.699 66528 INFO tempest.lib.common.rest_client [req-bd6eb3cf-16cd-4937-be17-6884deeaf37f req-bd6eb3cf-16cd-4937-be17-6884deeaf37f ] Request (ServerMetadataNegativeTestJSON:tearDownClass): 200 GET http://10.180.1.21/compute/v2.1/servers/b3b17c7e-70bf-4419-a0f8-5869f102f106 0.200s
2025-12-02 03:28:31.742 66516 INFO tempest.lib.common.rest_client [req-241a62d0-6e88-428a-a7ae-85a9bcdda86f req-241a62d0-6e88-428a-a7ae-85a9bcdda86f ] Request (ServerShowV263Test:setUpClass): 204 PUT http://10.180.1.21/identity/v3/projects/50a316af91d842b4bddd096f98863590/users/f321f885020e4151af970eb82181bdd7/roles/d2dd7d6ef0634ec0b737bbcd5219960b 0.045s
2025-12-02 03:28:31.742 66516 INFO tempest.lib.common.dynamic_creds [-] Dynamic test user f321f885020e4151af970eb82181bdd7 is created with scope project and roles: ['reader']
2025-12-02 03:28:31.742 66516 INFO tempest.lib.common.dynamic_creds [-] Acquired dynamic creds: credentials: Credentials: {'domain_id': 'default', 'domain_name': 'Default', 'username': 'tempest-ServerShowV263Test-2132113501-project-reader', 'project_domain_id': 'default', 'project_domain_name': 'Default', 'project_id': '50a316af91d842b4bddd096f98863590', 'project_name': 'tempest-ServerShowV263Test-2132113501', 'tenant_id': '50a316af91d842b4bddd096f98863590', 'tenant_name': 'tempest-ServerShowV263Test-2132113501', 'user_domain_id': 'default', 'user_domain_name': 'Default', 'user_id': 'f321f885020e4151af970eb82181bdd7', 'system': None}, Network: None, Subnet: None, Router: None
2025-12-02 03:28:31.742 66516 INFO tempest.lib.common.dynamic_creds [-] Network resources are not created for requested scope: project and credentials: Credentials: {'domain_id': 'default', 'domain_name': 'Default', 'username': 'tempest-ServerShowV263Test-2132113501-project-reader', 'project_domain_id': 'default', 'project_domain_name': 'Default', 'project_id': '50a316af91d842b4bddd096f98863590', 'project_name': 'tempest-ServerShowV263Test-2132113501', 'tenant_id': '50a316af91d842b4bddd096f98863590', 'tenant_name': 'tempest-ServerShowV263Test-2132113501', 'user_domain_id': 'default', 'user_domain_name': 'Default', 'user_id': 'f321f885020e4151af970eb82181bdd7', 'system': None}, Network: None, Subnet: None, Router: None
2025-12-02 03:28:31.825 66516 INFO tempest.lib.common.rest_client [req-a3171b52-ec39-4a3d-8c2d-7e643c1a1a35 req-a3171b52-ec39-4a3d-8c2d-7e643c1a1a35 ] Request (ServerShowV263Test:setUpClass): 201 POST http://10.180.1.21/identity/v3/auth/tokens 0.079s
2025-12-02 03:28:32.003 66516 INFO tempest.lib.common.rest_client [req-dbbd4ffd-3e4b-4b9e-bb0d-0afaa8fb6b5b req-dbbd4ffd-3e4b-4b9e-bb0d-0afaa8fb6b5b ] Request (ServerShowV263Test:tearDownClass): 204 DELETE http://10.180.1.21/identity/v3/users/f88ebae809c44bcb87251dc7390d5a28 0.176s
2025-12-02 03:28:32.026 66510 INFO tempest.lib.common.rest_client [req-cca94465-9b13-4e9f-929a-f451646c82b5 req-cca94465-9b13-4e9f-929a-f451646c82b5 ] Request (ServersWithSpecificFlavorTestJSON:test_verify_created_server_ephemeral_disk): 200 GET http://10.180.1.21/compute/v2.1/servers/0747291d-4ac0-4205-ace7-4ebd11f9e9b5 0.464s
2025-12-02 03:28:32.167 66516 INFO tempest.lib.common.rest_client [req-bdb4be10-349c-4ae4-9ca1-6d6caca73afa req-bdb4be10-349c-4ae4-9ca1-6d6caca73afa ] Request (ServerShowV263Test:tearDownClass): 204 DELETE http://10.180.1.21/identity/v3/users/f321f885020e4151af970eb82181bdd7 0.164s
2025-12-02 03:28:32.167 66516 INFO tempest.lib.common.dynamic_creds [-] Deleting project and security group for project: 50a316af91d842b4bddd096f98863590
2025-12-02 03:28:32.230 66516 INFO tempest.lib.common.rest_client [req-36f752e8-3b08-4fac-af9e-9dbc0f14de3f req-36f752e8-3b08-4fac-af9e-9dbc0f14de3f ] Request (ServerShowV263Test:tearDownClass): 201 POST http://10.180.1.21/identity/v3/auth/tokens 0.063s
2025-12-02 03:28:32.359 66486 INFO tempest.lib.common.rest_client [req-baf6537e-4a77-4722-8bb7-7e438c5abea7 req-baf6537e-4a77-4722-8bb7-7e438c5abea7 ] Request (InstanceActionsNegativeTestJSON:tearDownClass): 200 GET http://10.180.1.21/compute/v2.1/servers/b810f99e-edce-48bf-8e96-319e5ab80ac5 0.681s
2025-12-02 03:28:32.384 66492 INFO tempest.lib.common.rest_client [req-c12fd15d-ec99-46d7-a497-277a3832cf6f req-c12fd15d-ec99-46d7-a497-277a3832cf6f ] Request (ServerMetadataTestJSON:setUpClass): 200 GET http://10.180.1.21/compute/v2.1/servers/aae584ee-5d65-452e-91c3-c7e83f662543 0.725s
2025-12-02 03:28:32.560 66516 INFO tempest.lib.common.rest_client [req-7351c723-c360-4205-a71b-b5c65433c34c req-7351c723-c360-4205-a71b-b5c65433c34c ] Request (ServerShowV263Test:tearDownClass): 200 GET http://10.180.1.21/networking/v2.0/security-groups?tenant_id=50a316af91d842b4bddd096f98863590&name=default 0.329s
2025-12-02 03:28:32.583 66502 INFO tempest.lib.common.rest_client [req-296d63cf-ed77-4e8c-83e2-be93245f2563 req-296d63cf-ed77-4e8c-83e2-be93245f2563 ] Request (ServersTestMultiNic:test_verify_multiple_nics_order): 200 GET http://10.180.1.21/compute/v2.1/servers/f56c0adf-c6a9-4459-b27a-06ed59aa0909 0.852s
2025-12-02 03:28:32.747 66516 INFO tempest.lib.common.rest_client [req-e294776c-b927-44d7-9a10-fcb443511510 req-e294776c-b927-44d7-9a10-fcb443511510 ] Request (ServerShowV263Test:tearDownClass): 204 DELETE http://10.180.1.21/networking/v2.0/security-groups/e09f6971-a286-4dbe-8364-3fb7aa4fd063 0.186s
2025-12-02 03:28:32.770 66536 INFO tempest.lib.common.rest_client [req-22c7bece-3fce-4f5b-8a7d-9cc3ddfe266c req-22c7bece-3fce-4f5b-8a7d-9cc3ddfe266c ] Request (AttachInterfacesUnderV243Test:_run_cleanups): 200 GET http://10.180.1.21/compute/v2.1/servers/05d94242-4ca1-49b4-8a3a-85d110c40320 0.969s
2025-12-02 03:28:32.797 66490 INFO tempest.lib.common.rest_client [req-83140cbd-2fa2-45f9-ae25-fa1fcb4b4f20 req-83140cbd-2fa2-45f9-ae25-fa1fcb4b4f20 ] Request (ImagesTestJSON:test_create_server_from_snapshot): 200 GET http://10.180.1.21/compute/v2.1/servers/26646ec6-80cd-4e5b-90dd-f343b86d4c14 1.035s
2025-12-02 03:28:32.804 66490 INFO tempest.common.waiters [-] State transition "BUILD/None" ==> "BUILD/block_device_mapping" after 49 second wait
2025-12-02 03:28:32.818 66516 INFO tempest.lib.common.rest_client [req-7a044e64-c1c2-4bef-a035-23a7024b2dbc req-7a044e64-c1c2-4bef-a035-23a7024b2dbc ] Request (ServerShowV263Test:tearDownClass): 204 DELETE http://10.180.1.21/identity/v3/projects/50a316af91d842b4bddd096f98863590 0.071s
2025-12-02 03:28:32.830 66508 INFO tempest.lib.common.rest_client [req-e3009ae8-b065-424e-8485-e6d3170e53d8 req-e3009ae8-b065-424e-8485-e6d3170e53d8 ] Request (ServerRescueTestJSONUnderV235:setUpClass): 200 GET http://10.180.1.21/compute/v2.1/servers/d38b5bb6-427a-4391-a710-d0c96371eb39 0.972s
2025-12-02 03:28:32.854 66512 INFO tempest.lib.common.rest_client [req-7e29e825-08ae-4da6-bac9-c17cec837581 req-7e29e825-08ae-4da6-bac9-c17cec837581 ] Request (ServerRescueTestJSON:setUpClass): 200 GET http://10.180.1.21/compute/v2.1/servers/af9ed130-7b15-42d3-a337-274adeb66e9a 0.973s
2025-12-02 03:28:32.887 66519 INFO tempest.lib.common.rest_client [req-b8cd9c59-ee6d-446f-9df2-dcd715915cbb req-b8cd9c59-ee6d-446f-9df2-dcd715915cbb ] Request (ServerShowV247Test:test_update_rebuild_list_server): 200 GET http://10.180.1.21/compute/v2.1/servers/ae83591b-ba18-4eb5-a1de-bce9c4224fee 0.963s
2025-12-02 03:28:32.909 66516 INFO tempest.lib.common.rest_client [req-ababb90d-291b-41ac-915a-f3a03e44a4cf req-ababb90d-291b-41ac-915a-f3a03e44a4cf ] Request (TestVersions:setUpClass): 201 POST http://10.180.1.21/identity/v3/auth/tokens 0.089s
2025-12-02 03:28:32.921 66526 INFO tempest.lib.common.rest_client [req-e3677674-3677-4d7b-999e-c19ecd985e19 req-e3677674-3677-4d7b-999e-c19ecd985e19 ] Request (ServersTestBootFromVolume:tearDownClass): 200 GET http://10.180.1.21/compute/v2.1/servers/100447f3-2da4-4a1f-bb6e-5783cb0821fa 0.939s
2025-12-02 03:28:32.942 66516 INFO tempest.lib.common.rest_client [req-fbfeb369-20af-4e18-b652-231840439c10 req-fbfeb369-20af-4e18-b652-231840439c10 ] Request (TestVersions:setUpClass): 201 POST http://10.180.1.21/identity/v3/auth/tokens 0.031s
2025-12-02 03:28:32.981 66516 INFO tempest.lib.common.rest_client [req-6dbf9fe3-0030-4e70-b5a6-6bbfcc2804f6 req-6dbf9fe3-0030-4e70-b5a6-6bbfcc2804f6 ] Request (TestVersions:setUpClass): 200 GET http://10.180.1.21/identity/v3/domains?name=Default 0.038s
2025-12-02 03:28:33.018 66516 INFO tempest.lib.common.rest_client [req-c6d5aa61-e232-4c74-b68f-d684cc21815f req-c6d5aa61-e232-4c74-b68f-d684cc21815f ] Request (TestVersions:setUpClass): 201 POST http://10.180.1.21/identity/v3/projects 0.036s
2025-12-02 03:28:33.048 66520 INFO tempest.lib.common.rest_client [req-45a57f20-a87e-448b-8deb-c92b8507bb2a req-45a57f20-a87e-448b-8deb-c92b8507bb2a ] Request (ImagesOneServerTestJSON:tearDownClass): 200 GET http://10.180.1.21/compute/v2.1/servers/1ed0f8ce-d32d-4983-9751-b7b4eb6bbfb9 0.971s
2025-12-02 03:28:33.076 66534 INFO tempest.lib.common.rest_client [req-421b98f1-2a35-4ac3-ab00-fac38222eadd req-421b98f1-2a35-4ac3-ab00-fac38222eadd ] Request (SecurityGroupsTestJSON:test_server_security_groups): 200 GET http://10.180.1.21/compute/v2.1/servers/55b0c2ae-91bd-4a98-a9f7-1cd86430affa 1.061s
2025-12-02 03:28:33.100 66516 INFO tempest.lib.common.rest_client [req-98a7c7dc-1c5f-43d3-9626-b2a06688934c req-98a7c7dc-1c5f-43d3-9626-b2a06688934c ] Request (TestVersions:setUpClass): 201 POST http://10.180.1.21/identity/v3/users 0.082s
2025-12-02 03:28:33.111 66546 INFO tempest.lib.common.rest_client [req-10520427-b7e8-44c4-9345-0e864003c46d req-10520427-b7e8-44c4-9345-0e864003c46d ] Request (ServerActionsTestOtherB:setUpClass): 200 GET http://10.180.1.21/compute/v2.1/servers/340051fd-17a9-47eb-9fcc-3e08bd3942d7 1.020s
2025-12-02 03:28:33.124 66516 INFO tempest.lib.common.rest_client [req-d935059c-6ef6-4e1e-8fb8-ebdb996ac1a3 req-d935059c-6ef6-4e1e-8fb8-ebdb996ac1a3 ] Request (TestVersions:setUpClass): 200 GET http://10.180.1.21/identity/v3/roles 0.023s
2025-12-02 03:28:33.149 66504 INFO tempest.lib.common.rest_client [req-8b338a8b-739f-4835-ace9-842640e2c415 req-8b338a8b-739f-4835-ace9-842640e2c415 ] Request (ListServerFiltersTestJSON:tearDownClass): 200 GET http://10.180.1.21/compute/v2.1/servers/124a3d95-a34b-4469-ac08-3688cf30d1d2 1.001s
2025-12-02 03:28:33.161 66516 INFO tempest.lib.common.rest_client [req-e60417a9-179f-417d-9d50-7850ca0658c9 req-e60417a9-179f-417d-9d50-7850ca0658c9 ] Request (TestVersions:setUpClass): 204 PUT http://10.180.1.21/identity/v3/projects/13a360c353c84b3f8a3e18275d9f9e20/users/712257b7552a4e82a85c8aed25165483/roles/a75aeef6630741299aadfb4de335e5cc 0.036s
2025-12-02 03:28:33.161 66516 INFO tempest.lib.common.dynamic_creds [-] Dynamic test user 712257b7552a4e82a85c8aed25165483 is created with scope project and roles: ['member']
2025-12-02 03:28:33.161 66516 INFO tempest.lib.common.dynamic_creds [-] Acquired dynamic creds: credentials: Credentials: {'domain_id': 'default', 'domain_name': 'Default', 'username': 'tempest-TestVersions-1395565497-project-member', 'project_domain_id': 'default', 'project_domain_name': 'Default', 'project_id': '13a360c353c84b3f8a3e18275d9f9e20', 'project_name': 'tempest-TestVersions-1395565497', 'tenant_id': '13a360c353c84b3f8a3e18275d9f9e20', 'tenant_name': 'tempest-TestVersions-1395565497', 'user_domain_id': 'default', 'user_domain_name': 'Default', 'user_id': '712257b7552a4e82a85c8aed25165483', 'system': None}, Network: None, Subnet: None, Router: None
2025-12-02 03:28:33.161 66516 INFO tempest.lib.common.dynamic_creds [-] Created isolated network resources for: credentials: Credentials: {'domain_id': 'default', 'domain_name': 'Default', 'username': 'tempest-TestVersions-1395565497-project-member', 'project_domain_id': 'default', 'project_domain_name': 'Default', 'project_id': '13a360c353c84b3f8a3e18275d9f9e20', 'project_name': 'tempest-TestVersions-1395565497', 'tenant_id': '13a360c353c84b3f8a3e18275d9f9e20', 'tenant_name': 'tempest-TestVersions-1395565497', 'user_domain_id': 'default', 'user_domain_name': 'Default', 'user_id': '712257b7552a4e82a85c8aed25165483', 'system': None}, Network: None, Subnet: None, Router: None
2025-12-02 03:28:33.180 66544 INFO tempest.lib.common.rest_client [req-f316f054-96f0-4cd8-bdb9-71f3916bb0d6 req-f316f054-96f0-4cd8-bdb9-71f3916bb0d6 ] Request (ServerDiagnosticsTest:tearDownClass): 200 GET http://10.180.1.21/compute/v2.1/servers/719f243c-9c7c-47e9-9e2f-21bc145cb74d 0.955s
2025-12-02 03:28:33.188 66544 INFO tempest.common.waiters [-] State transition "ACTIVE/deleting" ==> "DELETED/None" after 4 second wait
2025-12-02 03:28:33.240 66500 INFO tempest.lib.common.rest_client [req-70cca7c4-8891-46e3-8f38-2913d932abc8 req-70cca7c4-8891-46e3-8f38-2913d932abc8 ] Request (ServersNegativeTestJSON:setUpClass): 200 GET http://10.180.1.21/compute/v2.1/servers/310e55be-4eef-499d-b66a-aed5c01bc186 0.916s
2025-12-02 03:28:33.253 66516 INFO tempest.lib.common.rest_client [req-980c7854-cbb4-41fb-992e-eb27d88066f2 req-980c7854-cbb4-41fb-992e-eb27d88066f2 ] Request (TestVersions:setUpClass): 201 POST http://10.180.1.21/identity/v3/auth/tokens 0.088s
2025-12-02 03:28:33.272 66506 INFO tempest.lib.common.rest_client [req-125c3cf3-9430-4274-8f8a-3be9389ed7ab req-125c3cf3-9430-4274-8f8a-3be9389ed7ab ] Request (ServerDiskConfigTestJSON:test_resize_server_from_auto_to_manual): 200 GET http://10.180.1.21/compute/v2.1/servers/f6823ce5-4b96-406d-a306-3bf5a6057ef4 1.007s
2025-12-02 03:28:33.334 66530 INFO tempest.lib.common.rest_client [req-c706884a-1e37-4d08-a983-130c5029ed09 req-c706884a-1e37-4d08-a983-130c5029ed09 ] Request (ImagesOneServerNegativeTestJSON:_run_cleanups): 200 GET http://10.180.1.21/compute/v2.1/servers/932ab389-beca-4876-85cc-7628041dab3d 0.950s
2025-12-02 03:28:33.361 66522 INFO tempest.lib.common.rest_client [req-29217834-64c6-4b1d-b0f9-bcf3dccdb93f req-29217834-64c6-4b1d-b0f9-bcf3dccdb93f ] Request (MigrationsAdminTest:test_resize_server_revert_deleted_flavor): 200 GET http://10.180.1.21/compute/v2.1/servers/9fd88eee-356b-436d-95d2-f4b7ed9a8383 0.996s
2025-12-02 03:28:33.380 66496 INFO tempest.lib.common.rest_client [req-4a94e69b-270a-4594-9961-7bf18faf66c0 req-4a94e69b-270a-4594-9961-7bf18faf66c0 ] Request (ListImageFiltersTestJSON:setUpClass): 200 GET http://10.180.1.21/compute/v2.1/images/dca4e6e8-270b-4cc6-99fc-d1fdb7e1d047 0.958s
2025-12-02 03:28:33.437 66488 INFO tempest.lib.common.rest_client [req-01a9aff5-f326-4cd8-a585-a11716a7a2fb req-01a9aff5-f326-4cd8-a585-a11716a7a2fb ] Request (ServerDiagnosticsV248Test:tearDownClass): 200 GET http://10.180.1.21/compute/v2.1/servers/331e5100-c1e3-4a01-8b02-d3e4b7452097 1.001s
2025-12-02 03:28:33.454 66538 INFO tempest.lib.common.rest_client [req-ddc9f76b-7a6d-42e9-a459-2b77d9a5834a req-ddc9f76b-7a6d-42e9-a459-2b77d9a5834a ] Request (ServerTagsTestJSON:tearDownClass): 200 GET http://10.180.1.21/compute/v2.1/servers/203be699-dfce-4549-8336-81f3649f5fb0 0.963s
2025-12-02 03:28:33.509 66498 INFO tempest.lib.common.rest_client [req-a2e34be3-c007-4700-8ed1-af887ea5c9d5 req-a2e34be3-c007-4700-8ed1-af887ea5c9d5 ] Request (FloatingIPsAssociationTestJSON:tearDownClass): 200 GET http://10.180.1.21/compute/v2.1/servers/96c17790-9f52-422c-b67c-034b00183281 1.005s
2025-12-02 03:28:33.526 66548 INFO tempest.lib.common.rest_client [req-5a80b9b0-6a91-4429-ab9f-28120b171060 req-5a80b9b0-6a91-4429-ab9f-28120b171060 ] Request (ServersAdminTestJSON:tearDownClass): 200 GET http://10.180.1.21/compute/v2.1/servers/6c37e2d8-7eac-439d-bf5b-316fd88884f2 0.958s
2025-12-02 03:28:33.577 66514 INFO tempest.lib.common.rest_client [req-149ea2a9-e416-46b7-a9f4-6a825e470b36 req-149ea2a9-e416-46b7-a9f4-6a825e470b36 ] Request (ServersAdminNegativeTestJSON:tearDownClass): 200 GET http://10.180.1.21/compute/v2.1/servers/61a64ba1-88f1-41e4-888c-2609acd82822 0.984s
2025-12-02 03:28:33.590 66542 INFO tempest.lib.common.rest_client [req-f9932ef5-a3bb-4a9b-a9eb-6d3b64658ea1 req-f9932ef5-a3bb-4a9b-a9eb-6d3b64658ea1 ] Request (ServersTestJSON:setUpClass): 200 GET http://10.180.1.21/compute/v2.1/servers/cadd2a5a-2396-4ae5-877c-1260bf8e29e9 0.898s
2025-12-02 03:28:33.653 66528 INFO tempest.lib.common.rest_client [req-b7092b81-b33d-4579-95b3-43fab919c24e req-b7092b81-b33d-4579-95b3-43fab919c24e ] Request (ServerMetadataNegativeTestJSON:tearDownClass): 200 GET http://10.180.1.21/compute/v2.1/servers/b3b17c7e-70bf-4419-a0f8-5869f102f106 0.943s
2025-12-02 03:28:33.658 66516 INFO tempest.lib.common.rest_client [-] Request (TestVersions:test_get_version_details): 200 GET http://10.180.1.21/compute/ 0.403s
2025-12-02 03:28:33.685 66510 INFO tempest.lib.common.rest_client [req-15e1b61b-ebf0-4105-a0eb-b223b855c5c7 req-15e1b61b-ebf0-4105-a0eb-b223b855c5c7 ] Request (ServersWithSpecificFlavorTestJSON:test_verify_created_server_ephemeral_disk): 200 GET http://10.180.1.21/compute/v2.1/servers/0747291d-4ac0-4205-ace7-4ebd11f9e9b5 0.649s
2025-12-02 03:28:33.728 66486 INFO tempest.lib.common.rest_client [req-55abe128-f267-4730-8797-9b5349d8655e req-55abe128-f267-4730-8797-9b5349d8655e ] Request (InstanceActionsNegativeTestJSON:tearDownClass): 200 GET http://10.180.1.21/compute/v2.1/servers/b810f99e-edce-48bf-8e96-319e5ab80ac5 0.361s
2025-12-02 03:28:33.799 66492 INFO tempest.lib.common.rest_client [req-5a3cb0f5-7879-44f1-afd3-9bcc76ab611f req-5a3cb0f5-7879-44f1-afd3-9bcc76ab611f ] Request (ServerMetadataTestJSON:setUpClass): 200 GET http://10.180.1.21/compute/v2.1/servers/aae584ee-5d65-452e-91c3-c7e83f662543 0.407s
2025-12-02 03:28:33.806 66516 INFO tempest.lib.common.rest_client [req-83df4c29-b708-4189-a5db-5a4823f38bf3 req-83df4c29-b708-4189-a5db-5a4823f38bf3 ] Request (TestVersions:test_get_version_details): 200 GET http://10.180.1.21/compute/v2/ 0.146s
2025-12-02 03:28:33.822 66502 INFO tempest.lib.common.rest_client [req-4be0d7bd-6d25-4cf9-bbbe-6fad29c3d9d5 req-4be0d7bd-6d25-4cf9-bbbe-6fad29c3d9d5 ] Request (ServersTestMultiNic:test_verify_multiple_nics_order): 200 GET http://10.180.1.21/compute/v2.1/servers/f56c0adf-c6a9-4459-b27a-06ed59aa0909 0.228s
2025-12-02 03:28:33.879 66536 INFO tempest.lib.common.rest_client [req-acabdbd9-5162-4ed3-8c6f-02ced2ae4a5c req-acabdbd9-5162-4ed3-8c6f-02ced2ae4a5c ] Request (AttachInterfacesUnderV243Test:_run_cleanups): 200 GET http://10.180.1.21/compute/v2.1/servers/05d94242-4ca1-49b4-8a3a-85d110c40320 0.100s
2025-12-02 03:28:33.883 66516 INFO tempest.lib.common.rest_client [req-488c6e32-da07-453b-841a-4e256858b8ea req-488c6e32-da07-453b-841a-4e256858b8ea ] Request (TestVersions:test_get_version_details): 200 GET http://10.180.1.21/compute/v2.1/ 0.074s
2025-12-02 03:28:33.925 66490 INFO tempest.lib.common.rest_client [req-79055170-5db8-41c7-b820-ed34083792e1 req-79055170-5db8-41c7-b820-ed34083792e1 ] Request (ImagesTestJSON:test_create_server_from_snapshot): 200 GET http://10.180.1.21/compute/v2.1/servers/26646ec6-80cd-4e5b-90dd-f343b86d4c14 0.120s
2025-12-02 03:28:33.932 66490 INFO tempest.common.waiters [-] State transition "BUILD/block_device_mapping" ==> "BUILD/spawning" after 50 second wait
2025-12-02 03:28:33.937 66508 INFO tempest.lib.common.rest_client [req-9e72f2e4-750e-47a6-ae2c-85a71a7b36e6 req-9e72f2e4-750e-47a6-ae2c-85a71a7b36e6 ] Request (ServerRescueTestJSONUnderV235:setUpClass): 200 GET http://10.180.1.21/compute/v2.1/servers/d38b5bb6-427a-4391-a710-d0c96371eb39 0.099s
2025-12-02 03:28:33.942 66516 INFO tempest.lib.common.rest_client [-] Request (TestVersions:test_list_api_versions): 200 GET http://10.180.1.21/compute/ 0.056s
2025-12-02 03:28:33.985 66512 INFO tempest.lib.common.rest_client [req-b12e32a1-afc9-4f41-a2dd-17907173353c req-b12e32a1-afc9-4f41-a2dd-17907173353c ] Request (ServerRescueTestJSON:setUpClass): 200 GET http://10.180.1.21/compute/v2.1/servers/af9ed130-7b15-42d3-a337-274adeb66e9a 0.115s
2025-12-02 03:28:34.006 66519 INFO tempest.lib.common.rest_client [req-1d4b255b-4cc3-475c-af71-544b87bcdfef req-1d4b255b-4cc3-475c-af71-544b87bcdfef ] Request (ServerShowV247Test:test_update_rebuild_list_server): 200 GET http://10.180.1.21/compute/v2.1/servers/ae83591b-ba18-4eb5-a1de-bce9c4224fee 0.107s
2025-12-02 03:28:34.052 66526 INFO tempest.lib.common.rest_client [req-6ecb85f9-85df-4164-a72c-4b346145fa55 req-6ecb85f9-85df-4164-a72c-4b346145fa55 ] Request (ServersTestBootFromVolume:tearDownClass): 200 GET http://10.180.1.21/compute/v2.1/servers/100447f3-2da4-4a1f-bb6e-5783cb0821fa 0.118s
2025-12-02 03:28:34.074 66516 INFO tempest.lib.common.rest_client [req-18f3a26f-5038-4efe-a7f2-5fbfe7a88a2e req-18f3a26f-5038-4efe-a7f2-5fbfe7a88a2e ] Request (TestVersions:tearDownClass): 204 DELETE http://10.180.1.21/identity/v3/users/712257b7552a4e82a85c8aed25165483 0.122s
2025-12-02 03:28:34.074 66516 INFO tempest.lib.common.dynamic_creds [-] Deleting project and security group for project: 13a360c353c84b3f8a3e18275d9f9e20
2025-12-02 03:28:34.139 66520 INFO tempest.lib.common.rest_client [req-e7334e0d-eb1a-41cd-b5a7-08902b1fa5b6 req-e7334e0d-eb1a-41cd-b5a7-08902b1fa5b6 ] Request (ImagesOneServerTestJSON:tearDownClass): 200 GET http://10.180.1.21/compute/v2.1/servers/1ed0f8ce-d32d-4983-9751-b7b4eb6bbfb9 0.081s
2025-12-02 03:28:34.144 66516 INFO tempest.lib.common.rest_client [req-61440a2d-29ee-4ad9-b533-c343f2f98b13 req-61440a2d-29ee-4ad9-b533-c343f2f98b13 ] Request (TestVersions:tearDownClass): 201 POST http://10.180.1.21/identity/v3/auth/tokens 0.069s
2025-12-02 03:28:34.192 66546 INFO tempest.lib.common.rest_client [req-69d247c0-f109-4e18-81f7-f78e219ae5e5 req-69d247c0-f109-4e18-81f7-f78e219ae5e5 ] Request (ServerActionsTestOtherB:setUpClass): 200 GET http://10.180.1.21/compute/v2.1/servers/340051fd-17a9-47eb-9fcc-3e08bd3942d7 0.073s
2025-12-02 03:28:34.223 66534 INFO tempest.lib.common.rest_client [req-54ca5745-e92f-491a-ab47-21db06e300c3 req-54ca5745-e92f-491a-ab47-21db06e300c3 ] Request (SecurityGroupsTestJSON:test_server_security_groups): 200 GET http://10.180.1.21/compute/v2.1/servers/55b0c2ae-91bd-4a98-a9f7-1cd86430affa 0.139s
2025-12-02 03:28:34.249 66504 INFO tempest.lib.common.rest_client [req-e964691c-342a-4785-b201-c4bf7c37d40d req-e964691c-342a-4785-b201-c4bf7c37d40d ] Request (ListServerFiltersTestJSON:tearDownClass): 200 GET http://10.180.1.21/compute/v2.1/servers/124a3d95-a34b-4469-ac08-3688cf30d1d2 0.093s
2025-12-02 03:28:34.292 66544 INFO tempest.lib.common.rest_client [req-2b03592e-35c2-4431-8bc0-90b9f2ea0eec req-2b03592e-35c2-4431-8bc0-90b9f2ea0eec ] Request (ServerDiagnosticsTest:tearDownClass): 200 GET http://10.180.1.21/compute/v2.1/servers/719f243c-9c7c-47e9-9e2f-21bc145cb74d 0.102s
2025-12-02 03:28:34.306 66500 INFO tempest.lib.common.rest_client [req-5b08a946-fb9a-4188-86df-34d156171b72 req-5b08a946-fb9a-4188-86df-34d156171b72 ] Request (ServersNegativeTestJSON:setUpClass): 200 GET http://10.180.1.21/compute/v2.1/servers/310e55be-4eef-499d-b66a-aed5c01bc186 0.056s
2025-12-02 03:28:34.313 66500 INFO tempest.common.waiters [-] State transition "ACTIVE/deleting" ==> "DELETED/None" after 4 second wait
2025-12-02 03:28:34.320 66516 INFO tempest.lib.common.rest_client [req-7e55f691-6f48-4892-949f-53d601dd87be req-7e55f691-6f48-4892-949f-53d601dd87be ] Request (TestVersions:tearDownClass): 200 GET http://10.180.1.21/networking/v2.0/security-groups?tenant_id=13a360c353c84b3f8a3e18275d9f9e20&name=default 0.175s
2025-12-02 03:28:34.413 66516 INFO tempest.lib.common.rest_client [req-50c108e3-1c0d-4514-ab2a-6238c9777aeb req-50c108e3-1c0d-4514-ab2a-6238c9777aeb ] Request (TestVersions:tearDownClass): 204 DELETE http://10.180.1.21/networking/v2.0/security-groups/d746ac58-a563-42ae-80e7-698ef45c6eb3 0.093s
2025-12-02 03:28:34.419 66530 INFO tempest.lib.common.rest_client [req-9aca7ef2-2135-41c5-b6fc-06981be727aa req-9aca7ef2-2135-41c5-b6fc-06981be727aa ] Request (ImagesOneServerNegativeTestJSON:_run_cleanups): 200 GET http://10.180.1.21/compute/v2.1/servers/932ab389-beca-4876-85cc-7628041dab3d 0.077s
2025-12-02 03:28:34.439 66506 INFO tempest.lib.common.rest_client [req-98d65d81-5f59-4983-93c5-e42871e54977 req-98d65d81-5f59-4983-93c5-e42871e54977 ] Request (ServerDiskConfigTestJSON:test_resize_server_from_auto_to_manual): 200 GET http://10.180.1.21/compute/v2.1/servers/f6823ce5-4b96-406d-a306-3bf5a6057ef4 0.157s
2025-12-02 03:28:34.481 66496 INFO tempest.lib.common.rest_client [req-6e53c776-a29e-42f1-b38b-98220b8d6e42 req-6e53c776-a29e-42f1-b38b-98220b8d6e42 ] Request (ListImageFiltersTestJSON:setUpClass): 200 GET http://10.180.1.21/compute/v2.1/images/dca4e6e8-270b-4cc6-99fc-d1fdb7e1d047 0.096s
2025-12-02 03:28:34.496 66516 INFO tempest.lib.common.rest_client [req-956bdea8-345b-4db1-93cd-444086575c6d req-956bdea8-345b-4db1-93cd-444086575c6d ] Request (TestVersions:tearDownClass): 204 DELETE http://10.180.1.21/identity/v3/projects/13a360c353c84b3f8a3e18275d9f9e20 0.082s
2025-12-02 03:28:34.541 66522 INFO tempest.lib.common.rest_client [req-3998cd0f-ea7c-4f6a-9faf-2426eef1ded1 req-3998cd0f-ea7c-4f6a-9faf-2426eef1ded1 ] Request (MigrationsAdminTest:test_resize_server_revert_deleted_flavor): 200 GET http://10.180.1.21/compute/v2.1/servers/9fd88eee-356b-436d-95d2-f4b7ed9a8383 0.169s
2025-12-02 03:28:34.557 66488 INFO tempest.lib.common.rest_client [req-124d5713-8050-404d-8c2d-9c450b4aab1e req-124d5713-8050-404d-8c2d-9c450b4aab1e ] Request (ServerDiagnosticsV248Test:tearDownClass): 200 GET http://10.180.1.21/compute/v2.1/servers/331e5100-c1e3-4a01-8b02-d3e4b7452097 0.107s
