2025-12-02 03:25:03.874 66502 INFO tempest.lib.common.rest_client [req-e9a73a88-3613-404a-a133-8165a550442e req-e9a73a88-3613-404a-a133-8165a550442e ] Request (VolumesAdminNegativeTest:setUpClass): 200 PUT http://10.180.1.21/networking/v2.0/routers/1afef5ff-dfe9-4d5b-99a8-0d5762200ab4/add_router_interface 1.593s
2025-12-02 03:25:03.875 66502 INFO tempest.lib.common.dynamic_creds [-] Created isolated network resources for: credentials: Credentials: {'domain_id': 'default', 'domain_name': 'Default', 'username': 'tempest-VolumesAdminNegativeTest-2052634861-project-admin', 'project_domain_id': 'default', 'project_domain_name': 'Default', 'project_id': '31a1d66a700b4a61a590c9503d2063f8', 'project_name': 'tempest-VolumesAdminNegativeTest-2052634861', 'tenant_id': '31a1d66a700b4a61a590c9503d2063f8', 'tenant_name': 'tempest-VolumesAdminNegativeTest-2052634861', 'user_domain_id': 'default', 'user_domain_name': 'Default', 'user_id': '800af0a5fa974d59b4fc88e6c8658286', 'system': None}, Network: {'id': '796fe653-542b-4d45-9f12-1b9683a2b956', 'name': 'tempest-VolumesAdminNegativeTest-1269611373-network', 'tenant_id': '31a1d66a700b4a61a590c9503d2063f8', 'project_id': '31a1d66a700b4a61a590c9503d2063f8', 'admin_state_up': True, 'mtu': 8950, 'status': 'ACTIVE', 'subnets': [], 'shared': False, 'port_security_enabled': True, 'router:external': False, 'provider:network_type': 'vlan', 'provider:physical_network': 'default', 'provider:segmentation_id': 809, 'availability_zone_hints': [], 'availability_zones': [], 'ipv4_address_scope': None, 'ipv6_address_scope': None, 'description': '', 'tags': [], 'created_at': '2025-12-02T03:24:58Z', 'updated_at': '2025-12-02T03:24:58Z', 'revision_number': 1}, Subnet: {'id': '7894142f-8d16-4142-b57a-3343e25751c8', 'name': 'tempest-VolumesAdminNegativeTest-1269611373-subnet', 'tenant_id': '31a1d66a700b4a61a590c9503d2063f8', 'network_id': '796fe653-542b-4d45-9f12-1b9683a2b956', 'ip_version': 4, 'subnetpool_id': None, 'enable_dhcp': True, 'ipv6_ra_mode': None, 'ipv6_address_mode': None, 'gateway_ip': '192.168.128.1', 'cidr': '192.168.128.0/28', 'allocation_pools': [{'start': '192.168.128.2', 'end': '192.168.128.14'}], 'host_routes': [], 'dns_nameservers': [], 'description': '', 'router:external': False, 'service_types': [], 'tags': [], 'created_at': '2025-12-02T03:24:59Z', 'updated_at': '2025-12-02T03:24:59Z', 'revision_number': 0, 'project_id': '31a1d66a700b4a61a590c9503d2063f8'}, Router: {'id': '1afef5ff-dfe9-4d5b-99a8-0d5762200ab4', 'name': 'tempest-VolumesAdminNegativeTest-1269611373-router', 'tenant_id': '31a1d66a700b4a61a590c9503d2063f8', 'admin_state_up': True, 'status': 'ACTIVE', 'external_gateway_info': {'network_id': 'b435a93c-b046-4d9a-8b4e-31098faed447', 'external_fixed_ips': [{'subnet_id': '3d31a993-732c-43c7-a4b9-3f36dd223aa5', 'ip_address': '10.180.180.212'}], 'enable_snat': True}, 'description': '', 'availability_zones': [], 'distributed': False, 'ha': False, 'availability_zone_hints': [], 'routes': [], 'flavor_id': None, 'tags': [], 'created_at': '2025-12-02T03:25:01Z', 'updated_at': '2025-12-02T03:25:01Z', 'revision_number': 2, 'project_id': '31a1d66a700b4a61a590c9503d2063f8'}
2025-12-02 03:25:03.969 66502 INFO tempest.lib.common.rest_client [req-34f0248c-9652-48a4-b3de-65b83b9fee3e req-34f0248c-9652-48a4-b3de-65b83b9fee3e ] Request (VolumesAdminNegativeTest:setUpClass): 201 POST http://10.180.1.21/identity/v3/auth/tokens 0.092s
2025-12-02 03:25:04.000 66502 INFO tempest.lib.common.rest_client [req-03f68286-570b-477d-b416-d5c68e6fcd2a req-03f68286-570b-477d-b416-d5c68e6fcd2a ] Request (VolumesAdminNegativeTest:setUpClass): 201 POST http://10.180.1.21/identity/v3/projects 0.030s
2025-12-02 03:25:04.095 66502 INFO tempest.lib.common.rest_client [req-4e2fe5a3-4e52-40b2-b919-a4e8aa2e99f0 req-4e2fe5a3-4e52-40b2-b919-a4e8aa2e99f0 ] Request (VolumesAdminNegativeTest:setUpClass): 201 POST http://10.180.1.21/identity/v3/users 0.094s
2025-12-02 03:25:04.126 66502 INFO tempest.lib.common.rest_client [req-71c608c1-346d-457f-b213-1059ef741e9d req-71c608c1-346d-457f-b213-1059ef741e9d ] Request (VolumesAdminNegativeTest:setUpClass): 200 GET http://10.180.1.21/identity/v3/roles 0.030s
2025-12-02 03:25:04.168 66504 INFO tempest.lib.common.rest_client [req-d86b248d-3c04-4f18-92d8-7a82d2c67e65 req-d86b248d-3c04-4f18-92d8-7a82d2c67e65 ] Request (ServerDiagnosticsNegativeTest:test_get_server_diagnostics_by_non_admin): 200 GET http://10.180.1.21/compute/v2.1/servers/36e13888-8757-4af1-9f38-aefa288ed34d 12.865s
2025-12-02 03:25:04.172 66502 INFO tempest.lib.common.rest_client [req-84a285b4-aaa4-4e78-bf45-7da918806bde req-84a285b4-aaa4-4e78-bf45-7da918806bde ] Request (VolumesAdminNegativeTest:setUpClass): 204 PUT http://10.180.1.21/identity/v3/projects/19f26e0b59d746f58d45aec07894875e/users/065af1a5e1f14b5cbdeac4fa11900e87/roles/8e72ea2a02ab41619878dca47abd7603 0.046s
2025-12-02 03:25:04.173 66519 INFO tempest.lib.common.rest_client [req-111cf50d-3eab-43f5-8c54-d2d2ccf88f4e req-111cf50d-3eab-43f5-8c54-d2d2ccf88f4e ] Request (VolumesAssistedSnapshotsTest:test_volume_assisted_snapshot_create_delete): 202 POST http://10.180.1.21/compute/v2.1/servers 15.087s
2025-12-02 03:25:04.201 66542 INFO tempest.lib.common.rest_client [req-fe90abea-c785-422f-9d49-a4ec7ac45bec req-fe90abea-c785-422f-9d49-a4ec7ac45bec ] Request (FlavorsAdminTestJSON:test_create_flavor_verify_entry_in_list_details): 200 GET http://10.180.1.21/compute/v2.1/flavors/detail 12.861s
2025-12-02 03:25:04.223 66512 INFO tempest.lib.common.rest_client [req-ca282a0d-b09a-4aa3-936f-c6087a15a2e4 req-ca282a0d-b09a-4aa3-936f-c6087a15a2e4 ] Request (FlavorsExtraSpecsTestJSON:test_flavor_non_admin_get_specific_key): 200 GET http://10.180.1.21/compute/v2.1/flavors/1062381246/os-extra_specs/hw:numa_nodes 12.865s
2025-12-02 03:25:04.262 66502 INFO tempest.lib.common.rest_client [req-f8588a7d-4c76-44a6-b824-032fea57c968 req-f8588a7d-4c76-44a6-b824-032fea57c968 ] Request (VolumesAdminNegativeTest:setUpClass): 200 GET http://10.180.1.21/identity/v3/roles 0.090s
2025-12-02 03:25:04.293 66502 INFO tempest.lib.common.rest_client [req-6f5e5eb7-8d03-4511-af56-0b8af61bcd60 req-6f5e5eb7-8d03-4511-af56-0b8af61bcd60 ] Request (VolumesAdminNegativeTest:setUpClass): 204 PUT http://10.180.1.21/identity/v3/projects/19f26e0b59d746f58d45aec07894875e/users/065af1a5e1f14b5cbdeac4fa11900e87/roles/7508c357cf20456a8e7de310b3576f8b 0.030s
2025-12-02 03:25:04.293 66502 INFO tempest.lib.common.dynamic_creds [-] Dynamic test user 065af1a5e1f14b5cbdeac4fa11900e87 is created with scope project and roles: ['service', 'admin']
2025-12-02 03:25:04.293 66502 INFO tempest.lib.common.dynamic_creds [-] Acquired dynamic creds: credentials: Credentials: {'domain_id': 'default', 'domain_name': 'Default', 'username': 'tempest-VolumesAdminNegativeTest-1494331618-project', 'project_domain_id': 'default', 'project_domain_name': 'Default', 'project_id': '19f26e0b59d746f58d45aec07894875e', 'project_name': 'tempest-VolumesAdminNegativeTest-1494331618', 'tenant_id': '19f26e0b59d746f58d45aec07894875e', 'tenant_name': 'tempest-VolumesAdminNegativeTest-1494331618', 'user_domain_id': 'default', 'user_domain_name': 'Default', 'user_id': '065af1a5e1f14b5cbdeac4fa11900e87', 'system': None}, Network: None, Subnet: None, Router: None
2025-12-02 03:25:04.306 66488 INFO tempest.lib.common.rest_client [req-79295e2c-fc09-48f5-94c1-dd487a5a1261 req-79295e2c-fc09-48f5-94c1-dd487a5a1261 ] Request (AggregatesAdminNegativeTestJSON:_run_cleanups): 200 POST http://10.180.1.21/compute/v2.1/os-aggregates/1/action 12.986s
2025-12-02 03:25:04.444 66500 INFO tempest.lib.common.rest_client [req-70056579-7f49-4230-b28d-05ff2c82199b req-70056579-7f49-4230-b28d-05ff2c82199b ] Request (QuotasAdminTestJSON:test_get_default_quotas): 200 GET http://10.180.1.21/compute/v2.1/os-quota-sets/1c7d6c10a390491f9afc3bf733103128/defaults 12.583s
2025-12-02 03:25:04.490 66500 INFO tempest.lib.common.rest_client [req-899e0cc4-29ff-400f-b2e5-f0fe634d1aad req-899e0cc4-29ff-400f-b2e5-f0fe634d1aad ] Request (QuotasAdminTestJSON:test_get_updated_quotas): 200 GET http://10.180.1.21/identity/v3/domains?name=Default 0.042s
2025-12-02 03:25:04.530 66500 INFO tempest.lib.common.rest_client [req-7313d254-8fd8-465f-9af5-ff78f5709b8b req-7313d254-8fd8-465f-9af5-ff78f5709b8b ] Request (QuotasAdminTestJSON:test_get_updated_quotas): 201 POST http://10.180.1.21/identity/v3/projects 0.040s
2025-12-02 03:25:04.568 66502 INFO tempest.lib.common.rest_client [req-5cfbde49-d342-44c4-99d4-62e4ce513051 req-5cfbde49-d342-44c4-99d4-62e4ce513051 ] Request (VolumesAdminNegativeTest:setUpClass): 201 POST http://10.180.1.21/networking/v2.0/networks 0.274s
2025-12-02 03:25:04.615 66500 INFO tempest.lib.common.rest_client [req-67e6608b-80c2-4e69-9b95-350ab9d677c1 req-67e6608b-80c2-4e69-9b95-350ab9d677c1 ] Request (QuotasAdminTestJSON:test_get_updated_quotas): 200 GET http://10.180.1.21/identity/v3/domains?name=Default 0.084s
2025-12-02 03:25:04.978 66502 INFO tempest.lib.common.rest_client [req-388f92c6-2a6f-4137-b387-e290421b0acd req-388f92c6-2a6f-4137-b387-e290421b0acd ] Request (VolumesAdminNegativeTest:setUpClass): 201 POST http://10.180.1.21/networking/v2.0/subnets 0.409s
2025-12-02 03:25:05.061 66522 INFO tempest.lib.common.rest_client [req-97dae94f-d3a2-4b6b-9444-85ccd0f9cd32 req-97dae94f-d3a2-4b6b-9444-85ccd0f9cd32 ] Request (MigrationsAdminTest:test_list_migrations_in_flavor_resize_situation): 200 GET http://10.180.1.21/compute/v2.1/servers/960302c4-7a5e-485c-ab0a-0165a87a61ae 12.808s
2025-12-02 03:25:05.070 66522 INFO tempest.common.waiters [-] State transition "BUILD/None" ==> "BUILD/spawning" after 14 second wait
2025-12-02 03:25:05.090 66496 INFO tempest.lib.common.rest_client [req-eca2b70b-5ab9-4ff4-98ab-6e3de8e3612b req-eca2b70b-5ab9-4ff4-98ab-6e3de8e3612b ] Request (TenantUsagesTestJSON:setUpClass): 200 GET http://10.180.1.21/compute/v2.1/servers/974adb85-3a6d-42f4-be95-4d2757549ff4 12.561s
2025-12-02 03:25:06.288 66502 INFO tempest.lib.common.rest_client [req-54787825-36c0-43b6-b9ff-211cb5b1bc4d req-54787825-36c0-43b6-b9ff-211cb5b1bc4d ] Request (VolumesAdminNegativeTest:setUpClass): 201 POST http://10.180.1.21/networking/v2.0/routers 1.309s
2025-12-02 03:25:06.291 66506 INFO tempest.lib.common.rest_client [req-9f2fab03-9d89-44a6-b9ac-f1623be8e5fa req-9f2fab03-9d89-44a6-b9ac-f1623be8e5fa ] Request (ServerDiskConfigTestJSON:test_rebuild_server_with_auto_disk_config): 200 GET http://10.180.1.21/compute/v2.1/servers/b6c48ae0-232e-4ead-9be9-43dbef0942b8 12.556s
2025-12-02 03:25:06.302 66506 INFO tempest.common.waiters [-] State transition "BUILD/None" ==> "BUILD/spawning" after 14 second wait
2025-12-02 03:25:06.320 66510 INFO tempest.lib.common.rest_client [req-3e7bb8a8-1f5e-4f00-b271-776bcaa0577c req-3e7bb8a8-1f5e-4f00-b271-776bcaa0577c ] Request (ServersWithSpecificFlavorTestJSON:test_verify_created_server_ephemeral_disk): 200 POST http://10.180.1.21/compute/v2.1/flavors/270567896/os-extra_specs 12.301s
2025-12-02 03:25:06.326 66508 INFO tempest.lib.common.rest_client [req-2d055610-c80f-45ee-8346-a4aa46080f3f req-2d055610-c80f-45ee-8346-a4aa46080f3f ] Request (HostsAdminNegativeTestJSON:test_startup_host_with_non_admin_user): 403 GET http://10.180.1.21/compute/v2.1/os-hosts/devstack/startup 12.292s
2025-12-02 03:25:06.349 66498 INFO tempest.lib.common.rest_client [req-c8a288f3-016a-4333-9865-0ab360cfb82b req-c8a288f3-016a-4333-9865-0ab360cfb82b ] Request (FlavorsV261TestJSON:_run_cleanups): 200 GET http://10.180.1.21/compute/v2.1/flavors/detail 12.293s
2025-12-02 03:25:06.361 66486 INFO tempest.lib.common.rest_client [req-426dd0c3-5a2d-4409-9039-18f9899c637a req-426dd0c3-5a2d-4409-9039-18f9899c637a ] Request (HypervisorAdminNegativeUnderV252Test:test_show_servers_with_nonexistent_hypervisor): 404 GET http://10.180.1.21/compute/v2.1/os-hypervisors/8ff099e6-513f-4e52-8498-1e2f71e4a98e/servers 12.296s
2025-12-02 03:25:06.386 66526 INFO tempest.lib.common.rest_client [req-3634d7af-38b6-495f-b4ab-6dcaa57f506c req-3634d7af-38b6-495f-b4ab-6dcaa57f506c ] Request (FlavorsExtraSpecsNegativeTestJSON:test_flavor_non_admin_update_specific_key): 200 POST http://10.180.1.21/compute/v2.1/flavors/550637671/os-extra_specs 12.317s
2025-12-02 03:25:06.402 66492 INFO tempest.lib.common.rest_client [req-abd891b7-8a11-41c8-b8cf-a264d78e2d0a req-abd891b7-8a11-41c8-b8cf-a264d78e2d0a ] Request (FlavorsAccessNegativeTestJSON:_run_cleanups): 202 DELETE http://10.180.1.21/compute/v2.1/flavors/265496376 12.192s
2025-12-02 03:25:06.418 66514 INFO tempest.lib.common.rest_client [req-f12629d0-009a-4f42-bd2c-37f1f36248c1 req-f12629d0-009a-4f42-bd2c-37f1f36248c1 ] Request (KeyPairsV210TestJSON:_run_cleanups): 204 DELETE http://10.180.1.21/compute/v2.1/os-keypairs/tempest-KeyPairsV210TestJSON-keypair-1459918081 12.197s
2025-12-02 03:25:06.431 66540 INFO tempest.lib.common.rest_client [req-84576df4-9ae0-4630-9ae9-2f388969ec11 req-84576df4-9ae0-4630-9ae9-2f388969ec11 ] Request (FlavorsV255TestJSON:_run_cleanups): 202 DELETE http://10.180.1.21/compute/v2.1/flavors/1791704234 12.174s
2025-12-02 03:25:06.488 66498 INFO tempest.lib.common.rest_client [req-73d45ec6-0ad8-49ee-ae7a-b42fa856750a req-73d45ec6-0ad8-49ee-ae7a-b42fa856750a ] Request (FlavorsV261TestJSON:tearDownClass): 204 DELETE http://10.180.1.21/identity/v3/users/2c99fb53823541529999bd3c7e9a7712 0.123s
2025-12-02 03:25:06.506 66486 INFO tempest.lib.common.rest_client [req-d50c135b-6799-4f7f-ae59-f850e98f63d2 req-d50c135b-6799-4f7f-ae59-f850e98f63d2 ] Request (HypervisorAdminNegativeUnderV252Test:tearDownClass): 204 DELETE http://10.180.1.21/identity/v3/users/7e3cebd3f433477f9a1fadb3617ba117 0.144s
2025-12-02 03:25:06.622 66486 INFO tempest.lib.common.rest_client [req-fcbd7be7-55c1-4f7a-8b4f-27faa46e82d5 req-fcbd7be7-55c1-4f7a-8b4f-27faa46e82d5 ] Request (HypervisorAdminNegativeUnderV252Test:tearDownClass): 204 DELETE http://10.180.1.21/identity/v3/users/628020ae7f9b447d96905c849d54a1ae 0.115s
2025-12-02 03:25:06.623 66486 INFO tempest.lib.common.dynamic_creds [-] Deleting project and security group for project: a3d5e30fe95c41949cb42721071da05f
2025-12-02 03:25:06.639 66498 INFO tempest.lib.common.rest_client [req-cbe8a362-c70e-4353-b069-9dc136a31a91 req-cbe8a362-c70e-4353-b069-9dc136a31a91 ] Request (FlavorsV261TestJSON:tearDownClass): 204 DELETE http://10.180.1.21/identity/v3/users/9f896b633edf4b579205bb98e80bdfa4 0.150s
2025-12-02 03:25:06.639 66498 INFO tempest.lib.common.dynamic_creds [-] Deleting project and security group for project: e859dcf6f7264ae4816d3349a5f00d63
2025-12-02 03:25:06.687 66486 INFO tempest.lib.common.rest_client [req-fe4d0488-6c97-4b72-8b5c-3d95550b63ea req-fe4d0488-6c97-4b72-8b5c-3d95550b63ea ] Request (HypervisorAdminNegativeUnderV252Test:tearDownClass): 201 POST http://10.180.1.21/identity/v3/auth/tokens 0.064s
2025-12-02 03:25:06.710 66498 INFO tempest.lib.common.rest_client [req-28bd05c2-cf8a-4c60-910f-4650a280581f req-28bd05c2-cf8a-4c60-910f-4650a280581f ] Request (FlavorsV261TestJSON:tearDownClass): 201 POST http://10.180.1.21/identity/v3/auth/tokens 0.070s
2025-12-02 03:25:07.219 66502 INFO tempest.lib.common.rest_client [req-4c3f3016-7930-4a4c-8cc4-57d49fb0cdc5 req-4c3f3016-7930-4a4c-8cc4-57d49fb0cdc5 ] Request (VolumesAdminNegativeTest:setUpClass): 200 PUT http://10.180.1.21/networking/v2.0/routers/6ed7cadb-711c-4f1f-aa6f-da6c1811e4a3/add_router_interface 0.930s
2025-12-02 03:25:07.219 66502 INFO tempest.lib.common.dynamic_creds [-] Created isolated network resources for: credentials: Credentials: {'domain_id': 'default', 'domain_name': 'Default', 'username': 'tempest-VolumesAdminNegativeTest-1494331618-project', 'project_domain_id': 'default', 'project_domain_name': 'Default', 'project_id': '19f26e0b59d746f58d45aec07894875e', 'project_name': 'tempest-VolumesAdminNegativeTest-1494331618', 'tenant_id': '19f26e0b59d746f58d45aec07894875e', 'tenant_name': 'tempest-VolumesAdminNegativeTest-1494331618', 'user_domain_id': 'default', 'user_domain_name': 'Default', 'user_id': '065af1a5e1f14b5cbdeac4fa11900e87', 'system': None}, Network: {'id': 'b8675867-4f39-448b-a8e0-60faa07dadcb', 'name': 'tempest-VolumesAdminNegativeTest-1719022476-network', 'tenant_id': '19f26e0b59d746f58d45aec07894875e', 'project_id': '19f26e0b59d746f58d45aec07894875e', 'admin_state_up': True, 'mtu': 8950, 'status': 'ACTIVE', 'subnets': [], 'shared': False, 'port_security_enabled': True, 'router:external': False, 'provider:network_type': 'vlan', 'provider:physical_network': 'default', 'provider:segmentation_id': 384, 'availability_zone_hints': [], 'availability_zones': [], 'ipv4_address_scope': None, 'ipv6_address_scope': None, 'description': '', 'tags': [], 'created_at': '2025-12-02T03:25:04Z', 'updated_at': '2025-12-02T03:25:04Z', 'revision_number': 1}, Subnet: {'id': 'd143c272-68bc-4c97-b14d-2448ea69ef44', 'name': 'tempest-VolumesAdminNegativeTest-1719022476-subnet', 'tenant_id': '19f26e0b59d746f58d45aec07894875e', 'network_id': 'b8675867-4f39-448b-a8e0-60faa07dadcb', 'ip_version': 4, 'subnetpool_id': None, 'enable_dhcp': True, 'ipv6_ra_mode': None, 'ipv6_address_mode': None, 'gateway_ip': '192.168.128.1', 'cidr': '192.168.128.0/28', 'allocation_pools': [{'start': '192.168.128.2', 'end': '192.168.128.14'}], 'host_routes': [], 'dns_nameservers': [], 'description': '', 'router:external': False, 'service_types': [], 'tags': [], 'created_at': '2025-12-02T03:25:04Z', 'updated_at': '2025-12-02T03:25:04Z', 'revision_number': 0, 'project_id': '19f26e0b59d746f58d45aec07894875e'}, Router: {'id': '6ed7cadb-711c-4f1f-aa6f-da6c1811e4a3', 'name': 'tempest-VolumesAdminNegativeTest-1719022476-router', 'tenant_id': '19f26e0b59d746f58d45aec07894875e', 'admin_state_up': True, 'status': 'ACTIVE', 'external_gateway_info': {'network_id': 'b435a93c-b046-4d9a-8b4e-31098faed447', 'external_fixed_ips': [{'subnet_id': '3d31a993-732c-43c7-a4b9-3f36dd223aa5', 'ip_address': '10.180.180.149'}], 'enable_snat': True}, 'description': '', 'availability_zones': [], 'distributed': False, 'ha': False, 'availability_zone_hints': [], 'routes': [], 'flavor_id': None, 'tags': [], 'created_at': '2025-12-02T03:25:05Z', 'updated_at': '2025-12-02T03:25:05Z', 'revision_number': 2, 'project_id': '19f26e0b59d746f58d45aec07894875e'}
2025-12-02 03:25:07.308 66502 INFO tempest.lib.common.rest_client [req-a419e7bc-b501-4cdf-903a-715fa4c519c1 req-a419e7bc-b501-4cdf-903a-715fa4c519c1 ] Request (VolumesAdminNegativeTest:setUpClass): 201 POST http://10.180.1.21/identity/v3/auth/tokens 0.085s
2025-12-02 03:25:07.371 66502 INFO tempest.lib.common.rest_client [req-f4ac43dd-ed1d-422f-bd45-7b539e0d6c7a req-f4ac43dd-ed1d-422f-bd45-7b539e0d6c7a ] Request (VolumesAdminNegativeTest:test_update_attached_volume_with_nonexistent_volume_in_uri): 201 POST http://10.180.1.21/identity/v3/auth/tokens 0.057s
2025-12-02 03:25:07.371 66502 INFO tempest.lib.common.fixed_network [-] (VolumesAdminNegativeTest:test_update_attached_volume_with_nonexistent_volume_in_uri) Found network {'id': '4ed5346d-5aeb-4ae5-b25b-56faaf6ebe3e', 'name': 'tempest-VolumesAdminNegativeTest-2088101399-network', 'tenant_id': '91f239930d3d4814846e98a87079bbf7', 'project_id': '91f239930d3d4814846e98a87079bbf7', 'admin_state_up': True, 'mtu': 8950, 'status': 'ACTIVE', 'subnets': [], 'shared': False, 'port_security_enabled': True, 'router:external': False, 'provider:network_type': 'vlan', 'provider:physical_network': 'default', 'provider:segmentation_id': 425, 'availability_zone_hints': [], 'availability_zones': [], 'ipv4_address_scope': None, 'ipv6_address_scope': None, 'description': '', 'tags': [], 'created_at': '2025-12-02T03:24:53Z', 'updated_at': '2025-12-02T03:24:53Z', 'revision_number': 1} available for tenant
2025-12-02 03:25:07.428 66486 INFO tempest.lib.common.rest_client [req-6450071d-6cce-448d-870e-a9f7c6f3ca1e req-6450071d-6cce-448d-870e-a9f7c6f3ca1e ] Request (HypervisorAdminNegativeUnderV252Test:tearDownClass): 200 GET http://10.180.1.21/networking/v2.0/security-groups?tenant_id=a3d5e30fe95c41949cb42721071da05f&name=default 0.741s
2025-12-02 03:25:07.592 66498 INFO tempest.lib.common.rest_client [req-7ec35cc4-342c-4494-8798-70ae7d29a8c0 req-7ec35cc4-342c-4494-8798-70ae7d29a8c0 ] Request (FlavorsV261TestJSON:tearDownClass): 200 GET http://10.180.1.21/networking/v2.0/security-groups?tenant_id=e859dcf6f7264ae4816d3349a5f00d63&name=default 0.881s
2025-12-02 03:25:07.671 66544 INFO tempest.lib.common.rest_client [req-a2c04e26-2065-4be2-bad5-6e47bbd10bf2 req-a2c04e26-2065-4be2-bad5-6e47bbd10bf2 ] Request (DeleteServersAdminTestJSON:test_admin_delete_servers_of_others): 200 GET http://10.180.1.21/compute/v2.1/servers/58ee7e95-9231-43cc-a2ee-4e425a96878a 12.657s
2025-12-02 03:25:07.680 66544 INFO tempest.common.waiters [-] State transition "BUILD/spawning" ==> "ACTIVE/None" after 25 second wait
2025-12-02 03:25:07.858 66548 INFO tempest.lib.common.rest_client [req-c5061817-3e35-4521-a60a-7ba31153fa21 req-c5061817-3e35-4521-a60a-7ba31153fa21 ] Request (ServersAdminTestJSON:setUpClass): 202 POST http://10.180.1.21/compute/v2.1/servers 15.040s
2025-12-02 03:25:07.865 66486 INFO tempest.lib.common.rest_client [req-5e63a171-0d61-49e0-9b89-4449580bb4cf req-5e63a171-0d61-49e0-9b89-4449580bb4cf ] Request (HypervisorAdminNegativeUnderV252Test:tearDownClass): 204 DELETE http://10.180.1.21/networking/v2.0/security-groups/8d519ca4-c376-4265-8f40-c076411aa221 0.436s
2025-12-02 03:25:07.957 66548 INFO tempest.lib.common.rest_client [req-b6cfe4a2-2da1-4397-8765-2b8f159252a0 req-b6cfe4a2-2da1-4397-8765-2b8f159252a0 ] Request (ServersAdminTestJSON:setUpClass): 201 POST http://10.180.1.21/identity/v3/auth/tokens 0.094s
2025-12-02 03:25:07.958 66548 INFO tempest.lib.common.fixed_network [-] (ServersAdminTestJSON:setUpClass) Found network {'id': '80662c0e-90e3-4164-b612-ee29dbc1c901', 'name': 'tempest-ServersAdminTestJSON-960398531-network', 'tenant_id': 'a3a6bb17fd2c4242920acb28a27c3be0', 'project_id': 'a3a6bb17fd2c4242920acb28a27c3be0', 'admin_state_up': True, 'mtu': 8950, 'status': 'ACTIVE', 'subnets': [], 'shared': False, 'port_security_enabled': True, 'router:external': False, 'provider:network_type': 'vlan', 'provider:physical_network': 'default', 'provider:segmentation_id': 797, 'availability_zone_hints': [], 'availability_zones': [], 'ipv4_address_scope': None, 'ipv6_address_scope': None, 'description': '', 'tags': [], 'created_at': '2025-12-02T03:24:45Z', 'updated_at': '2025-12-02T03:24:45Z', 'revision_number': 1} available for tenant
2025-12-02 03:25:07.988 66486 INFO tempest.lib.common.rest_client [req-2baacd25-66a6-4d7c-958b-461bf6c726f0 req-2baacd25-66a6-4d7c-958b-461bf6c726f0 ] Request (HypervisorAdminNegativeUnderV252Test:tearDownClass): 204 DELETE http://10.180.1.21/identity/v3/projects/a3d5e30fe95c41949cb42721071da05f 0.122s
2025-12-02 03:25:07.988 66486 INFO tempest.lib.common.dynamic_creds [-] Deleting project and security group for project: c4d0389ad7f948549db137f06f6c0141
2025-12-02 03:25:08.024 66498 INFO tempest.lib.common.rest_client [req-fa0a3cbf-314c-4463-b2e4-9bfd1d6cef91 req-fa0a3cbf-314c-4463-b2e4-9bfd1d6cef91 ] Request (FlavorsV261TestJSON:tearDownClass): 204 DELETE http://10.180.1.21/networking/v2.0/security-groups/91b7470d-8805-42fb-94b4-278ad7ca76ac 0.432s
2025-12-02 03:25:08.149 66498 INFO tempest.lib.common.rest_client [req-9653a26e-a9f7-44d3-bfb8-d1a973626db7 req-9653a26e-a9f7-44d3-bfb8-d1a973626db7 ] Request (FlavorsV261TestJSON:tearDownClass): 204 DELETE http://10.180.1.21/identity/v3/projects/e859dcf6f7264ae4816d3349a5f00d63 0.124s
2025-12-02 03:25:08.149 66498 INFO tempest.lib.common.dynamic_creds [-] Deleting project and security group for project: bc9b45f3a6104cf4b7f8f7625b502a10
2025-12-02 03:25:08.321 66486 INFO tempest.lib.common.rest_client [req-89201649-1a50-4039-97b1-89df9d6915cd req-89201649-1a50-4039-97b1-89df9d6915cd ] Request (HypervisorAdminNegativeUnderV252Test:tearDownClass): 200 GET http://10.180.1.21/networking/v2.0/security-groups?tenant_id=c4d0389ad7f948549db137f06f6c0141&name=default 0.333s
2025-12-02 03:25:08.378 66520 INFO tempest.lib.common.rest_client [req-9a9d00df-1294-4fb5-97c8-c79a9cb03042 req-9a9d00df-1294-4fb5-97c8-c79a9cb03042 ] Request (ImagesNegativeTestJSON:test_create_image_from_deleted_server): 200 GET http://10.180.1.21/compute/v2.1/servers/9f9b84dd-c95f-463f-8e80-fa26d398038b 10.444s
2025-12-02 03:25:08.474 66498 INFO tempest.lib.common.rest_client [req-8960a997-8bb7-49c2-9eb8-41c3136f98f6 req-8960a997-8bb7-49c2-9eb8-41c3136f98f6 ] Request (FlavorsV261TestJSON:tearDownClass): 200 GET http://10.180.1.21/networking/v2.0/security-groups?tenant_id=bc9b45f3a6104cf4b7f8f7625b502a10&name=default 0.324s
2025-12-02 03:25:08.570 66486 INFO tempest.lib.common.rest_client [req-7962e48e-aa80-48cb-bfa2-ac1d614a0a55 req-7962e48e-aa80-48cb-bfa2-ac1d614a0a55 ] Request (HypervisorAdminNegativeUnderV252Test:tearDownClass): 204 DELETE http://10.180.1.21/networking/v2.0/security-groups/e5ccb2a3-be1c-404c-b62a-b696428ebe20 0.248s
2025-12-02 03:25:08.678 66498 INFO tempest.lib.common.rest_client [req-0b2bee3d-e953-4d0f-af45-cf166252fcc2 req-0b2bee3d-e953-4d0f-af45-cf166252fcc2 ] Request (FlavorsV261TestJSON:tearDownClass): 204 DELETE http://10.180.1.21/networking/v2.0/security-groups/183ebc7d-1716-469c-b8f7-ec81a1234b55 0.203s
2025-12-02 03:25:08.709 66486 INFO tempest.lib.common.rest_client [req-be9ade3e-f27a-46c9-9c02-cc376cc06d2e req-be9ade3e-f27a-46c9-9c02-cc376cc06d2e ] Request (HypervisorAdminNegativeUnderV252Test:tearDownClass): 204 DELETE http://10.180.1.21/identity/v3/projects/c4d0389ad7f948549db137f06f6c0141 0.138s
2025-12-02 03:25:08.722 66524 INFO tempest.lib.common.rest_client [req-8fdf82de-88dc-4a7e-82ce-f331caf5555f req-8fdf82de-88dc-4a7e-82ce-f331caf5555f ] Request (ServerExternalEventsTest:test_create_server_external_events): 200 GET http://10.180.1.21/compute/v2.1/servers/d9955da8-b7ad-468c-9ca2-25f2d8935964 10.570s
2025-12-02 03:25:08.771 66486 INFO tempest.lib.common.rest_client [req-a852c90b-639b-4d81-9c03-a2253368d201 req-a852c90b-639b-4d81-9c03-a2253368d201 ] Request (SecurityGroupsTestAdminJSON:setUpClass): 201 POST http://10.180.1.21/identity/v3/auth/tokens 0.058s
2025-12-02 03:25:08.805 66498 INFO tempest.lib.common.rest_client [req-6ee144fe-a1a3-4e50-accb-9bef0f39cb13 req-6ee144fe-a1a3-4e50-accb-9bef0f39cb13 ] Request (FlavorsV261TestJSON:tearDownClass): 204 DELETE http://10.180.1.21/identity/v3/projects/bc9b45f3a6104cf4b7f8f7625b502a10 0.127s
2025-12-02 03:25:08.871 66486 INFO tempest.lib.common.rest_client [req-7f9e3211-8de8-4189-94d6-17514549cd4e req-7f9e3211-8de8-4189-94d6-17514549cd4e ] Request (SecurityGroupsTestAdminJSON:setUpClass): 201 POST http://10.180.1.21/identity/v3/auth/tokens 0.093s
2025-12-02 03:25:08.901 66498 INFO tempest.lib.common.rest_client [req-88fbae60-3361-4774-9049-90c351a07ccd req-88fbae60-3361-4774-9049-90c351a07ccd ] Request (FloatingIPsAssociationTestJSON:setUpClass): 201 POST http://10.180.1.21/identity/v3/auth/tokens 0.093s
2025-12-02 03:25:08.903 66546 INFO tempest.lib.common.rest_client [req-102716ac-3ff2-4c1a-8f2c-32be1413b6cd req-102716ac-3ff2-4c1a-8f2c-32be1413b6cd ] Request (ListServersNegativeTestJSON:setUpClass): 202 POST http://10.180.1.21/compute/v2.1/servers 11.796s
2025-12-02 03:25:08.926 66486 INFO tempest.lib.common.rest_client [req-fd4ad9e7-e4ec-471b-9eb8-7463c12ba2c5 req-fd4ad9e7-e4ec-471b-9eb8-7463c12ba2c5 ] Request (SecurityGroupsTestAdminJSON:setUpClass): 200 GET http://10.180.1.21/identity/v3/domains?name=Default 0.054s
2025-12-02 03:25:08.955 66498 INFO tempest.lib.common.rest_client [req-53be14f2-5161-4bb1-81d9-69e604cc8541 req-53be14f2-5161-4bb1-81d9-69e604cc8541 ] Request (FloatingIPsAssociationTestJSON:setUpClass): 201 POST http://10.180.1.21/identity/v3/auth/tokens 0.051s
2025-12-02 03:25:08.993 66486 INFO tempest.lib.common.rest_client [req-ab9cd3cb-9c48-4a5f-8c7b-83c1b28f1d31 req-ab9cd3cb-9c48-4a5f-8c7b-83c1b28f1d31 ] Request (SecurityGroupsTestAdminJSON:setUpClass): 201 POST http://10.180.1.21/identity/v3/projects 0.066s
2025-12-02 03:25:09.067 66498 INFO tempest.lib.common.rest_client [req-3199cada-4e92-45e7-a4d4-a477c8dd4753 req-3199cada-4e92-45e7-a4d4-a477c8dd4753 ] Request (FloatingIPsAssociationTestJSON:setUpClass): 200 GET http://10.180.1.21/identity/v3/domains?name=Default 0.110s
2025-12-02 03:25:09.071 66494 INFO tempest.lib.common.rest_client [req-bbfd5f0f-d954-4ab4-af2d-993437b12ccc req-bbfd5f0f-d954-4ab4-af2d-993437b12ccc ] Request (SecurityGroupsNegativeTestJSON:test_delete_nonexistent_security_group): 404 DELETE http://10.180.1.21/compute/v2.1/os-security-groups/14abf19e-aa8c-4898-b6c5-ac1278cd1cd9 7.490s
2025-12-02 03:25:09.132 66498 INFO tempest.lib.common.rest_client [req-f5af8482-18b3-48fe-b48e-7dfcee4ac0ca req-f5af8482-18b3-48fe-b48e-7dfcee4ac0ca ] Request (FloatingIPsAssociationTestJSON:setUpClass): 201 POST http://10.180.1.21/identity/v3/projects 0.064s
2025-12-02 03:25:09.144 66486 INFO tempest.lib.common.rest_client [req-07dc0f99-d2e8-44d6-b0fc-6b1080a1ef2e req-07dc0f99-d2e8-44d6-b0fc-6b1080a1ef2e ] Request (SecurityGroupsTestAdminJSON:setUpClass): 201 POST http://10.180.1.21/identity/v3/users 0.151s
2025-12-02 03:25:09.205 66498 INFO tempest.lib.common.rest_client [req-17358d7f-6c5d-4481-91a6-e85521a87fd3 req-17358d7f-6c5d-4481-91a6-e85521a87fd3 ] Request (FloatingIPsAssociationTestJSON:setUpClass): 201 POST http://10.180.1.21/identity/v3/users 0.072s
2025-12-02 03:25:09.211 66486 INFO tempest.lib.common.rest_client [req-168a1787-0355-418d-9f55-c6164f62defd req-168a1787-0355-418d-9f55-c6164f62defd ] Request (SecurityGroupsTestAdminJSON:setUpClass): 200 GET http://10.180.1.21/identity/v3/roles 0.066s
2025-12-02 03:25:09.227 66498 INFO tempest.lib.common.rest_client [req-3aa5a450-9b67-4a70-aa5f-efd66d9d9df9 req-3aa5a450-9b67-4a70-aa5f-efd66d9d9df9 ] Request (FloatingIPsAssociationTestJSON:setUpClass): 200 GET http://10.180.1.21/identity/v3/roles 0.022s
2025-12-02 03:25:09.251 66486 INFO tempest.lib.common.rest_client [req-27c6a8bd-e265-4951-ac76-1fa1183b86d5 req-27c6a8bd-e265-4951-ac76-1fa1183b86d5 ] Request (SecurityGroupsTestAdminJSON:setUpClass): 204 PUT http://10.180.1.21/identity/v3/projects/9d2baf2b1e1b43908d33a0107cce5916/users/75a892f2a41849c2a180df3598e98a3f/roles/a75aeef6630741299aadfb4de335e5cc 0.040s
2025-12-02 03:25:09.251 66486 INFO tempest.lib.common.dynamic_creds [-] Dynamic test user 75a892f2a41849c2a180df3598e98a3f is created with scope project and roles: ['member']
2025-12-02 03:25:09.252 66486 INFO tempest.lib.common.dynamic_creds [-] Acquired dynamic creds: credentials: Credentials: {'domain_id': 'default', 'domain_name': 'Default', 'username': 'tempest-SecurityGroupsTestAdminJSON-352932726-project-member', 'project_domain_id': 'default', 'project_domain_name': 'Default', 'project_id': '9d2baf2b1e1b43908d33a0107cce5916', 'project_name': 'tempest-SecurityGroupsTestAdminJSON-352932726', 'tenant_id': '9d2baf2b1e1b43908d33a0107cce5916', 'tenant_name': 'tempest-SecurityGroupsTestAdminJSON-352932726', 'user_domain_id': 'default', 'user_domain_name': 'Default', 'user_id': '75a892f2a41849c2a180df3598e98a3f', 'system': None}, Network: None, Subnet: None, Router: None
2025-12-02 03:25:09.252 66486 INFO tempest.lib.common.dynamic_creds [-] Created isolated network resources for: credentials: Credentials: {'domain_id': 'default', 'domain_name': 'Default', 'username': 'tempest-SecurityGroupsTestAdminJSON-352932726-project-member', 'project_domain_id': 'default', 'project_domain_name': 'Default', 'project_id': '9d2baf2b1e1b43908d33a0107cce5916', 'project_name': 'tempest-SecurityGroupsTestAdminJSON-352932726', 'tenant_id': '9d2baf2b1e1b43908d33a0107cce5916', 'tenant_name': 'tempest-SecurityGroupsTestAdminJSON-352932726', 'user_domain_id': 'default', 'user_domain_name': 'Default', 'user_id': '75a892f2a41849c2a180df3598e98a3f', 'system': None}, Network: None, Subnet: None, Router: None
2025-12-02 03:25:09.262 66498 INFO tempest.lib.common.rest_client [req-43708974-1d3c-44bb-8cf1-09f3aecac965 req-43708974-1d3c-44bb-8cf1-09f3aecac965 ] Request (FloatingIPsAssociationTestJSON:setUpClass): 204 PUT http://10.180.1.21/identity/v3/projects/867ba293af9b40b09e1ebcc5faa0d709/users/95d003032ca34475842d6b9cac955fef/roles/a75aeef6630741299aadfb4de335e5cc 0.035s
2025-12-02 03:25:09.263 66498 INFO tempest.lib.common.dynamic_creds [-] Dynamic test user 95d003032ca34475842d6b9cac955fef is created with scope project and roles: ['member']
2025-12-02 03:25:09.263 66498 INFO tempest.lib.common.dynamic_creds [-] Acquired dynamic creds: credentials: Credentials: {'domain_id': 'default', 'domain_name': 'Default', 'username': 'tempest-FloatingIPsAssociationTestJSON-1405363732-project-member', 'project_domain_id': 'default', 'project_domain_name': 'Default', 'project_id': '867ba293af9b40b09e1ebcc5faa0d709', 'project_name': 'tempest-FloatingIPsAssociationTestJSON-1405363732', 'tenant_id': '867ba293af9b40b09e1ebcc5faa0d709', 'tenant_name': 'tempest-FloatingIPsAssociationTestJSON-1405363732', 'user_domain_id': 'default', 'user_domain_name': 'Default', 'user_id': '95d003032ca34475842d6b9cac955fef', 'system': None}, Network: None, Subnet: None, Router: None
2025-12-02 03:25:09.333 66528 INFO tempest.lib.common.rest_client [req-41e12743-1c6f-4fee-85fb-9792fddf51ea req-41e12743-1c6f-4fee-85fb-9792fddf51ea ] Request (ServersTestManualDisk:setUpClass): 200 GET http://10.180.1.21/compute/v2.1/servers/13b2ae8a-475a-48cd-bb44-da04329d71c1 6.752s
2025-12-02 03:25:09.351 66498 INFO tempest.lib.common.rest_client [req-73f3a44a-696a-47e8-93cb-da62f99f5f97 req-73f3a44a-696a-47e8-93cb-da62f99f5f97 ] Request (FloatingIPsAssociationTestJSON:setUpClass): 201 POST http://10.180.1.21/identity/v3/auth/tokens 0.088s
2025-12-02 03:25:09.359 66486 INFO tempest.lib.common.rest_client [req-d20bc23d-4df1-4a0a-81e4-460ff51f6765 req-d20bc23d-4df1-4a0a-81e4-460ff51f6765 ] Request (SecurityGroupsTestAdminJSON:setUpClass): 201 POST http://10.180.1.21/identity/v3/auth/tokens 0.103s
2025-12-02 03:25:09.482 66490 INFO tempest.lib.common.rest_client [req-b208ca28-1b3c-4083-897a-98af7f174efc req-b208ca28-1b3c-4083-897a-98af7f174efc ] Request (ImagesTestJSON:test_create_image_from_stopped_server): 202 POST http://10.180.1.21/compute/v2.1/servers 9.078s
2025-12-02 03:25:09.488 66532 INFO tempest.lib.common.rest_client [req-a6d5de48-9d39-4e7b-87a6-56319c61abda req-a6d5de48-9d39-4e7b-87a6-56319c61abda ] Request (HypervisorAdminNegativeTestJSON:test_get_hypervisor_list_with_non_admin_user): 403 GET http://10.180.1.21/compute/v2.1/os-hypervisors 6.433s
2025-12-02 03:25:09.493 66486 INFO tempest.lib.common.rest_client [req-fa66b909-feb0-4d7d-a549-7f66c85a5c9b req-fa66b909-feb0-4d7d-a549-7f66c85a5c9b ] Request (SecurityGroupsTestAdminJSON:setUpClass): 201 POST http://10.180.1.21/identity/v3/projects 0.132s
2025-12-02 03:25:09.666 66486 INFO tempest.lib.common.rest_client [req-f4bdf77f-bc97-4034-83cd-dbcfed97ed73 req-f4bdf77f-bc97-4034-83cd-dbcfed97ed73 ] Request (SecurityGroupsTestAdminJSON:setUpClass): 201 POST http://10.180.1.21/identity/v3/users 0.173s
2025-12-02 03:25:09.697 66486 INFO tempest.lib.common.rest_client [req-1ee5b781-f794-4670-a9fa-694e850260cc req-1ee5b781-f794-4670-a9fa-694e850260cc ] Request (SecurityGroupsTestAdminJSON:setUpClass): 200 GET http://10.180.1.21/identity/v3/roles 0.030s
2025-12-02 03:25:09.741 66486 INFO tempest.lib.common.rest_client [req-8ad92b9a-efa7-4c8b-b429-5a3f9f095b1c req-8ad92b9a-efa7-4c8b-b429-5a3f9f095b1c ] Request (SecurityGroupsTestAdminJSON:setUpClass): 204 PUT http://10.180.1.21/identity/v3/projects/d71bb733fa1943c5b37389e0e649ebe0/users/581b74c7e5bb4bdc8058de10780d0dde/roles/7508c357cf20456a8e7de310b3576f8b 0.044s
2025-12-02 03:25:09.792 66498 INFO tempest.lib.common.rest_client [req-b9dc2cb6-0f92-4c6f-9bd9-a9abd5c24628 req-b9dc2cb6-0f92-4c6f-9bd9-a9abd5c24628 ] Request (FloatingIPsAssociationTestJSON:setUpClass): 201 POST http://10.180.1.21/networking/v2.0/networks 0.440s
2025-12-02 03:25:09.814 66486 INFO tempest.lib.common.rest_client [req-87c09b2e-be8b-4ceb-b288-6172b9079dae req-87c09b2e-be8b-4ceb-b288-6172b9079dae ] Request (SecurityGroupsTestAdminJSON:setUpClass): 200 GET http://10.180.1.21/identity/v3/roles 0.072s
2025-12-02 03:25:09.835 66486 INFO tempest.lib.common.rest_client [req-701fa269-ed51-4332-8e19-ebd35f873ca6 req-701fa269-ed51-4332-8e19-ebd35f873ca6 ] Request (SecurityGroupsTestAdminJSON:setUpClass): 204 PUT http://10.180.1.21/identity/v3/projects/d71bb733fa1943c5b37389e0e649ebe0/users/581b74c7e5bb4bdc8058de10780d0dde/roles/7508c357cf20456a8e7de310b3576f8b 0.021s
2025-12-02 03:25:09.835 66486 INFO tempest.lib.common.dynamic_creds [-] Dynamic test user 581b74c7e5bb4bdc8058de10780d0dde is created with scope project and roles: ['admin']
2025-12-02 03:25:09.835 66486 INFO tempest.lib.common.dynamic_creds [-] Acquired dynamic creds: credentials: Credentials: {'domain_id': 'default', 'domain_name': 'Default', 'username': 'tempest-SecurityGroupsTestAdminJSON-1882836156-project-admin', 'project_domain_id': 'default', 'project_domain_name': 'Default', 'project_id': 'd71bb733fa1943c5b37389e0e649ebe0', 'project_name': 'tempest-SecurityGroupsTestAdminJSON-1882836156', 'tenant_id': 'd71bb733fa1943c5b37389e0e649ebe0', 'tenant_name': 'tempest-SecurityGroupsTestAdminJSON-1882836156', 'user_domain_id': 'default', 'user_domain_name': 'Default', 'user_id': '581b74c7e5bb4bdc8058de10780d0dde', 'system': None}, Network: None, Subnet: None, Router: None
2025-12-02 03:25:09.835 66486 INFO tempest.lib.common.dynamic_creds [-] Created isolated network resources for: credentials: Credentials: {'domain_id': 'default', 'domain_name': 'Default', 'username': 'tempest-SecurityGroupsTestAdminJSON-1882836156-project-admin', 'project_domain_id': 'default', 'project_domain_name': 'Default', 'project_id': 'd71bb733fa1943c5b37389e0e649ebe0', 'project_name': 'tempest-SecurityGroupsTestAdminJSON-1882836156', 'tenant_id': 'd71bb733fa1943c5b37389e0e649ebe0', 'tenant_name': 'tempest-SecurityGroupsTestAdminJSON-1882836156', 'user_domain_id': 'default', 'user_domain_name': 'Default', 'user_id': '581b74c7e5bb4bdc8058de10780d0dde', 'system': None}, Network: None, Subnet: None, Router: None
2025-12-02 03:25:09.964 66486 INFO tempest.lib.common.rest_client [req-fdd68b03-d630-477f-9066-969fb231a459 req-fdd68b03-d630-477f-9066-969fb231a459 ] Request (SecurityGroupsTestAdminJSON:setUpClass): 201 POST http://10.180.1.21/identity/v3/auth/tokens 0.125s
2025-12-02 03:25:10.180 66498 INFO tempest.lib.common.rest_client [req-8f9bf944-4c46-4194-b82b-2299a8040626 req-8f9bf944-4c46-4194-b82b-2299a8040626 ] Request (FloatingIPsAssociationTestJSON:setUpClass): 201 POST http://10.180.1.21/networking/v2.0/subnets 0.387s
2025-12-02 03:25:10.287 66536 INFO tempest.lib.common.rest_client [req-9d9973da-3c7a-461a-bcf6-c51441bcddb5 req-9d9973da-3c7a-461a-bcf6-c51441bcddb5 ] Request (AttachInterfacesUnderV243Test:test_add_remove_fixed_ip): 200 GET http://10.180.1.21/compute/v2.1/servers/05d94242-4ca1-49b4-8a3a-85d110c40320 6.346s
2025-12-02 03:25:11.128 66498 INFO tempest.lib.common.rest_client [req-ca38ada4-384f-4d2d-b0f7-1aa251d4546d req-ca38ada4-384f-4d2d-b0f7-1aa251d4546d ] Request (FloatingIPsAssociationTestJSON:setUpClass): 201 POST http://10.180.1.21/networking/v2.0/routers 0.947s
2025-12-02 03:25:11.298 66519 INFO tempest.lib.common.rest_client [req-ffd44eb7-de62-4035-8286-92d61c693aaf req-ffd44eb7-de62-4035-8286-92d61c693aaf ] Request (VolumesAssistedSnapshotsTest:test_volume_assisted_snapshot_create_delete): 200 GET http://10.180.1.21/compute/v2.1/servers/c44c253b-7ee9-4eb1-9d20-bd9882cf014b 7.120s
2025-12-02 03:25:11.325 66542 INFO tempest.lib.common.rest_client [req-00570042-db77-4164-9bcc-84d1f54cebed req-00570042-db77-4164-9bcc-84d1f54cebed ] Request (FlavorsAdminTestJSON:_run_cleanups): 202 DELETE http://10.180.1.21/compute/v2.1/flavors/2027833276 7.111s
2025-12-02 03:25:11.346 66512 INFO tempest.lib.common.rest_client [req-b6613a92-fa6f-4094-b8da-2efd5c40722a req-b6613a92-fa6f-4094-b8da-2efd5c40722a ] Request (FlavorsExtraSpecsTestJSON:test_flavor_set_get_update_show_unset_keys): 200 POST http://10.180.1.21/compute/v2.1/flavors/1062381246/os-extra_specs 7.121s
2025-12-02 03:25:11.370 66488 INFO tempest.lib.common.rest_client [req-c83131d5-2306-40a9-8852-98abbd7ebcef req-c83131d5-2306-40a9-8852-98abbd7ebcef ] Request (AggregatesAdminNegativeTestJSON:_run_cleanups): 200 DELETE http://10.180.1.21/compute/v2.1/os-aggregates/1 7.062s
2025-12-02 03:25:11.876 66530 INFO tempest.lib.common.rest_client [req-0b50e17b-2de4-4e5b-a54f-24a511acdad8 req-0b50e17b-2de4-4e5b-a54f-24a511acdad8 ] Request (ImagesOneServerNegativeTestJSON:setUpClass): 202 POST http://10.180.1.21/compute/v2.1/servers 8.945s
2025-12-02 03:25:11.965 66500 INFO tempest.lib.common.rest_client [req-30ca32f7-b32f-4998-b655-1eb1f6cef5b9 req-30ca32f7-b32f-4998-b655-1eb1f6cef5b9 ] Request (QuotasAdminTestJSON:test_get_updated_quotas): 200 PUT http://10.180.1.21/compute/v2.1/os-quota-sets/992610ab59fa49eba04e58191f436b14 7.350s
2025-12-02 03:25:12.037 66504 INFO tempest.lib.common.rest_client [req-c0e9d07b-5272-4532-ba17-07222373b253 req-c0e9d07b-5272-4532-ba17-07222373b253 ] Request (ServerDiagnosticsNegativeTest:test_get_server_diagnostics_by_non_admin): 200 GET http://10.180.1.21/compute/v2.1/servers/36e13888-8757-4af1-9f38-aefa288ed34d 6.856s
2025-12-02 03:25:12.046 66504 INFO tempest.common.waiters [-] State transition "BUILD/spawning" ==> "ACTIVE/None" after 28 second wait
2025-12-02 03:25:12.093 66522 INFO tempest.lib.common.rest_client [req-364a6aa6-17e7-4d0a-a333-d7a3f5777c06 req-364a6aa6-17e7-4d0a-a333-d7a3f5777c06 ] Request (MigrationsAdminTest:test_list_migrations_in_flavor_resize_situation): 200 GET http://10.180.1.21/compute/v2.1/servers/960302c4-7a5e-485c-ab0a-0165a87a61ae 6.021s
2025-12-02 03:25:12.110 66510 INFO tempest.lib.common.rest_client [req-77472096-764c-40a8-8d1b-489dc3170cc3 req-77472096-764c-40a8-8d1b-489dc3170cc3 ] Request (ServersWithSpecificFlavorTestJSON:test_verify_created_server_ephemeral_disk): 200 POST http://10.180.1.21/compute/v2.1/flavors 5.789s
2025-12-02 03:25:12.121 66508 INFO tempest.lib.common.rest_client [req-7290a911-1432-4843-b493-5db3dc94c9db req-7290a911-1432-4843-b493-5db3dc94c9db ] Request (HostsAdminNegativeTestJSON:test_startup_nonexistent_host): 404 GET http://10.180.1.21/compute/v2.1/os-hosts/nonexistent_hostname/startup 5.794s
2025-12-02 03:25:12.126 66526 INFO tempest.lib.common.rest_client [req-75a1facd-afd0-4aad-afcf-2a8de7902833 req-75a1facd-afd0-4aad-afcf-2a8de7902833 ] Request (FlavorsExtraSpecsNegativeTestJSON:test_flavor_non_admin_update_specific_key): 403 PUT http://10.180.1.21/compute/v2.1/flavors/550637671/os-extra_specs/hw:numa_nodes 5.739s
2025-12-02 03:25:12.150 66496 INFO tempest.lib.common.rest_client [req-6c23536c-52dd-4606-aaf1-8a82a7214116 req-6c23536c-52dd-4606-aaf1-8a82a7214116 ] Request (TenantUsagesTestJSON:setUpClass): 200 GET http://10.180.1.21/compute/v2.1/servers/974adb85-3a6d-42f4-be95-4d2757549ff4 6.049s
2025-12-02 03:25:12.153 66492 INFO tempest.lib.common.rest_client [req-4a482a8c-ac34-422c-a532-84b1ddd516d5 req-4a482a8c-ac34-422c-a532-84b1ddd516d5 ] Request (FlavorsAccessNegativeTestJSON:_run_cleanups): 200 GET http://10.180.1.21/compute/v2.1/flavors/detail 5.751s
2025-12-02 03:25:12.166 66496 INFO tempest.common.waiters [-] State transition "BUILD/spawning" ==> "ACTIVE/None" after 28 second wait
2025-12-02 03:25:12.168 66514 INFO tempest.lib.common.rest_client [req-acf6981c-88c7-417a-99cd-c6cf56c0491b req-acf6981c-88c7-417a-99cd-c6cf56c0491b ] Request (KeyPairsV210TestJSON:_run_cleanups): 204 DELETE http://10.180.1.21/compute/v2.1/os-keypairs/tempest-keypair-1990058695?user_id=df477d3df1e04497a5fa1b2bc1ba22d2 5.749s
2025-12-02 03:25:12.178 66540 INFO tempest.lib.common.rest_client [req-1a432363-21d3-4634-9f04-23ea6a913870 req-1a432363-21d3-4634-9f04-23ea6a913870 ] Request (FlavorsV255TestJSON:_run_cleanups): 200 GET http://10.180.1.21/compute/v2.1/flavors/detail 5.746s
2025-12-02 03:25:12.327 66506 INFO tempest.lib.common.rest_client [req-dd4db5f2-fda8-4320-b64f-515fdd0a6e40 req-dd4db5f2-fda8-4320-b64f-515fdd0a6e40 ] Request (ServerDiskConfigTestJSON:test_rebuild_server_with_auto_disk_config): 200 GET http://10.180.1.21/compute/v2.1/servers/b6c48ae0-232e-4ead-9be9-43dbef0942b8 5.025s
2025-12-02 03:25:12.347 66540 INFO tempest.lib.common.rest_client [req-583e3dfe-246c-48e5-be27-332f8893fe44 req-583e3dfe-246c-48e5-be27-332f8893fe44 ] Request (FlavorsV255TestJSON:tearDownClass): 204 DELETE http://10.180.1.21/identity/v3/users/4e54694e8802465f98c9cd7dcf0ca014 0.156s
2025-12-02 03:25:12.379 66498 INFO tempest.lib.common.rest_client [req-36adbae5-f40e-45ca-81a6-c4935335196c req-36adbae5-f40e-45ca-81a6-c4935335196c ] Request (FloatingIPsAssociationTestJSON:setUpClass): 200 PUT http://10.180.1.21/networking/v2.0/routers/d6d973c5-8a4b-4378-bb46-9d4cf5bb277c/add_router_interface 1.250s
2025-12-02 03:25:12.379 66498 INFO tempest.lib.common.dynamic_creds [-] Created isolated network resources for: credentials: Credentials: {'domain_id': 'default', 'domain_name': 'Default', 'username': 'tempest-FloatingIPsAssociationTestJSON-1405363732-project-member', 'project_domain_id': 'default', 'project_domain_name': 'Default', 'project_id': '867ba293af9b40b09e1ebcc5faa0d709', 'project_name': 'tempest-FloatingIPsAssociationTestJSON-1405363732', 'tenant_id': '867ba293af9b40b09e1ebcc5faa0d709', 'tenant_name': 'tempest-FloatingIPsAssociationTestJSON-1405363732', 'user_domain_id': 'default', 'user_domain_name': 'Default', 'user_id': '95d003032ca34475842d6b9cac955fef', 'system': None}, Network: {'id': 'd8cdc6f7-0975-44e3-8785-12bd7e5ebec4', 'name': 'tempest-FloatingIPsAssociationTestJSON-1294775540-network', 'tenant_id': '867ba293af9b40b09e1ebcc5faa0d709', 'project_id': '867ba293af9b40b09e1ebcc5faa0d709', 'admin_state_up': True, 'mtu': 8950, 'status': 'ACTIVE', 'subnets': [], 'shared': False, 'port_security_enabled': True, 'router:external': False, 'provider:network_type': 'vlan', 'provider:physical_network': 'default', 'provider:segmentation_id': 225, 'availability_zone_hints': [], 'availability_zones': [], 'ipv4_address_scope': None, 'ipv6_address_scope': None, 'description': '', 'tags': [], 'created_at': '2025-12-02T03:25:09Z', 'updated_at': '2025-12-02T03:25:09Z', 'revision_number': 1}, Subnet: {'id': '98948007-5544-44ad-851a-2f4e1f5c91a7', 'name': 'tempest-FloatingIPsAssociationTestJSON-1294775540-subnet', 'tenant_id': '867ba293af9b40b09e1ebcc5faa0d709', 'network_id': 'd8cdc6f7-0975-44e3-8785-12bd7e5ebec4', 'ip_version': 4, 'subnetpool_id': None, 'enable_dhcp': True, 'ipv6_ra_mode': None, 'ipv6_address_mode': None, 'gateway_ip': '192.168.128.1', 'cidr': '192.168.128.0/28', 'allocation_pools': [{'start': '192.168.128.2', 'end': '192.168.128.14'}], 'host_routes': [], 'dns_nameservers': [], 'description': '', 'router:external': False, 'service_types': [], 'tags': [], 'created_at': '2025-12-02T03:25:10Z', 'updated_at': '2025-12-02T03:25:10Z', 'revision_number': 0, 'project_id': '867ba293af9b40b09e1ebcc5faa0d709'}, Router: {'id': 'd6d973c5-8a4b-4378-bb46-9d4cf5bb277c', 'name': 'tempest-FloatingIPsAssociationTestJSON-1294775540-router', 'tenant_id': '867ba293af9b40b09e1ebcc5faa0d709', 'admin_state_up': True, 'status': 'ACTIVE', 'external_gateway_info': {'network_id': 'b435a93c-b046-4d9a-8b4e-31098faed447', 'external_fixed_ips': [{'subnet_id': '3d31a993-732c-43c7-a4b9-3f36dd223aa5', 'ip_address': '10.180.180.184'}], 'enable_snat': True}, 'description': '', 'availability_zones': [], 'distributed': False, 'ha': False, 'availability_zone_hints': [], 'routes': [], 'flavor_id': None, 'tags': [], 'created_at': '2025-12-02T03:25:10Z', 'updated_at': '2025-12-02T03:25:10Z', 'revision_number': 2, 'project_id': '867ba293af9b40b09e1ebcc5faa0d709'}
2025-12-02 03:25:12.522 66540 INFO tempest.lib.common.rest_client [req-a326d75d-df56-4a3b-b5f4-646cf15c37c7 req-a326d75d-df56-4a3b-b5f4-646cf15c37c7 ] Request (FlavorsV255TestJSON:tearDownClass): 204 DELETE http://10.180.1.21/identity/v3/users/b89de3a243c64740ba165f3c0a9d5269 0.173s
2025-12-02 03:25:12.522 66540 INFO tempest.lib.common.dynamic_creds [-] Deleting project and security group for project: db4def42d94e469cbf8d38f9d9b64ac2
2025-12-02 03:25:12.627 66540 INFO tempest.lib.common.rest_client [req-d8bf817d-b25c-468c-9003-6025fc7f2963 req-d8bf817d-b25c-468c-9003-6025fc7f2963 ] Request (FlavorsV255TestJSON:tearDownClass): 201 POST http://10.180.1.21/identity/v3/auth/tokens 0.105s
2025-12-02 03:25:12.634 66498 INFO tempest.lib.common.rest_client [req-e96fb2e8-40df-48b9-af59-f5eb63240c23 req-e96fb2e8-40df-48b9-af59-f5eb63240c23 ] Request (FloatingIPsAssociationTestJSON:setUpClass): 201 POST http://10.180.1.21/identity/v3/auth/tokens 0.251s
2025-12-02 03:25:12.673 66498 INFO tempest.lib.common.rest_client [req-61942ebe-f09e-4014-9267-a59020f2f42f req-61942ebe-f09e-4014-9267-a59020f2f42f ] Request (FloatingIPsAssociationTestJSON:setUpClass): 201 POST http://10.180.1.21/identity/v3/auth/tokens 0.034s
2025-12-02 03:25:12.673 66498 INFO tempest.lib.common.fixed_network [-] (FloatingIPsAssociationTestJSON:setUpClass) Found network {'id': 'd8cdc6f7-0975-44e3-8785-12bd7e5ebec4', 'name': 'tempest-FloatingIPsAssociationTestJSON-1294775540-network', 'tenant_id': '867ba293af9b40b09e1ebcc5faa0d709', 'project_id': '867ba293af9b40b09e1ebcc5faa0d709', 'admin_state_up': True, 'mtu': 8950, 'status': 'ACTIVE', 'subnets': [], 'shared': False, 'port_security_enabled': True, 'router:external': False, 'provider:network_type': 'vlan', 'provider:physical_network': 'default', 'provider:segmentation_id': 225, 'availability_zone_hints': [], 'availability_zones': [], 'ipv4_address_scope': None, 'ipv6_address_scope': None, 'description': '', 'tags': [], 'created_at': '2025-12-02T03:25:09Z', 'updated_at': '2025-12-02T03:25:09Z', 'revision_number': 1} available for tenant
