2025-12-02 03:28:41.245 66528 INFO tempest.lib.common.rest_client [req-7864f190-a332-4c8d-9490-a2cf3477a5db req-7864f190-a332-4c8d-9490-a2cf3477a5db ] Request (VolumesGetTestJSON:setUpClass): 201 POST http://10.180.1.21/identity/v3/users 0.087s
2025-12-02 03:28:41.277 66528 INFO tempest.lib.common.rest_client [req-5fa3ed71-1ee8-43f2-9928-1d4198e8c021 req-5fa3ed71-1ee8-43f2-9928-1d4198e8c021 ] Request (VolumesGetTestJSON:setUpClass): 200 GET http://10.180.1.21/identity/v3/roles 0.032s
2025-12-02 03:28:41.290 66488 INFO tempest.lib.common.rest_client [req-1db219ba-1580-40e5-8620-4a110613ceaf req-1db219ba-1580-40e5-8620-4a110613ceaf ] Request (ServerDiagnosticsV248Test:tearDownClass): 200 GET http://10.180.1.21/compute/v2.1/servers/331e5100-c1e3-4a01-8b02-d3e4b7452097 0.394s
2025-12-02 03:28:41.311 66528 INFO tempest.lib.common.rest_client [req-053e18ee-c90b-4a9d-9898-5bcfbfa6b1e1 req-053e18ee-c90b-4a9d-9898-5bcfbfa6b1e1 ] Request (VolumesGetTestJSON:setUpClass): 204 PUT http://10.180.1.21/identity/v3/projects/f93d6850a56d4a2a93e2ca169589487b/users/a765adc400c543b1b3cd25757d631154/roles/a75aeef6630741299aadfb4de335e5cc 0.033s
2025-12-02 03:28:41.311 66528 INFO tempest.lib.common.dynamic_creds [-] Dynamic test user a765adc400c543b1b3cd25757d631154 is created with scope project and roles: ['member']
2025-12-02 03:28:41.311 66528 INFO tempest.lib.common.dynamic_creds [-] Acquired dynamic creds: credentials: Credentials: {'domain_id': 'default', 'domain_name': 'Default', 'username': 'tempest-VolumesGetTestJSON-1826012872-project-member', 'project_domain_id': 'default', 'project_domain_name': 'Default', 'project_id': 'f93d6850a56d4a2a93e2ca169589487b', 'project_name': 'tempest-VolumesGetTestJSON-1826012872', 'tenant_id': 'f93d6850a56d4a2a93e2ca169589487b', 'tenant_name': 'tempest-VolumesGetTestJSON-1826012872', 'user_domain_id': 'default', 'user_domain_name': 'Default', 'user_id': 'a765adc400c543b1b3cd25757d631154', 'system': None}, Network: None, Subnet: None, Router: None
2025-12-02 03:28:41.311 66528 INFO tempest.lib.common.dynamic_creds [-] Created isolated network resources for: credentials: Credentials: {'domain_id': 'default', 'domain_name': 'Default', 'username': 'tempest-VolumesGetTestJSON-1826012872-project-member', 'project_domain_id': 'default', 'project_domain_name': 'Default', 'project_id': 'f93d6850a56d4a2a93e2ca169589487b', 'project_name': 'tempest-VolumesGetTestJSON-1826012872', 'tenant_id': 'f93d6850a56d4a2a93e2ca169589487b', 'tenant_name': 'tempest-VolumesGetTestJSON-1826012872', 'user_domain_id': 'default', 'user_domain_name': 'Default', 'user_id': 'a765adc400c543b1b3cd25757d631154', 'system': None}, Network: None, Subnet: None, Router: None
2025-12-02 03:28:41.381 66506 INFO tempest.lib.common.rest_client [req-ccd64788-e201-45ce-a050-bd24ed217e48 req-ccd64788-e201-45ce-a050-bd24ed217e48 ] Request (ServerDiskConfigTestJSON:test_resize_server_from_auto_to_manual): 200 GET http://10.180.1.21/compute/v2.1/servers/f6823ce5-4b96-406d-a306-3bf5a6057ef4 0.416s
2025-12-02 03:28:41.414 66538 INFO tempest.lib.common.rest_client [req-7d4f0a3f-872e-417e-bd3c-9d58bba7fbea req-7d4f0a3f-872e-417e-bd3c-9d58bba7fbea ] Request (ServerTagsTestJSON:tearDownClass): 200 GET http://10.180.1.21/compute/v2.1/servers/203be699-dfce-4549-8336-81f3649f5fb0 0.296s
2025-12-02 03:28:41.430 66528 INFO tempest.lib.common.rest_client [req-b620b0cd-a278-43bf-91bf-fd3d2e970760 req-b620b0cd-a278-43bf-91bf-fd3d2e970760 ] Request (VolumesGetTestJSON:setUpClass): 201 POST http://10.180.1.21/identity/v3/auth/tokens 0.114s
2025-12-02 03:28:41.456 66496 INFO tempest.lib.common.rest_client [req-7b885365-8192-4189-8e43-f616dd9fafad req-7b885365-8192-4189-8e43-f616dd9fafad ] Request (ListImageFiltersTestJSON:setUpClass): 200 GET http://10.180.1.21/compute/v2.1/images/dca4e6e8-270b-4cc6-99fc-d1fdb7e1d047 0.258s
2025-12-02 03:28:41.520 66534 INFO tempest.lib.common.rest_client [req-5179bc9e-7661-4030-a0a0-de5747ed2e47 req-5179bc9e-7661-4030-a0a0-de5747ed2e47 ] Request (SecurityGroupsTestJSON:test_server_security_groups): 200 GET http://10.180.1.21/compute/v2.1/servers/55b0c2ae-91bd-4a98-a9f7-1cd86430affa 0.384s
2025-12-02 03:28:41.521 66498 INFO tempest.lib.common.rest_client [req-08252cd4-5d24-476c-bf1f-9fb5af80905c req-08252cd4-5d24-476c-bf1f-9fb5af80905c ] Request (FloatingIPsAssociationTestJSON:tearDownClass): 200 GET http://10.180.1.21/compute/v2.1/servers/96c17790-9f52-422c-b67c-034b00183281 0.202s
2025-12-02 03:28:41.601 66548 INFO tempest.lib.common.rest_client [req-ae57c2fb-222b-4c44-a410-3f924791778d req-ae57c2fb-222b-4c44-a410-3f924791778d ] Request (ServersAdminTestJSON:tearDownClass): 200 GET http://10.180.1.21/compute/v2.1/servers/6c37e2d8-7eac-439d-bf5b-316fd88884f2 0.170s
2025-12-02 03:28:41.654 66522 INFO tempest.lib.common.rest_client [req-a2ebb552-9487-4d8d-af76-81db19f40f29 req-a2ebb552-9487-4d8d-af76-81db19f40f29 ] Request (MigrationsAdminTest:test_resize_server_revert_deleted_flavor): 200 GET http://10.180.1.21/compute/v2.1/servers/9fd88eee-356b-436d-95d2-f4b7ed9a8383 0.299s
2025-12-02 03:28:41.710 66514 INFO tempest.lib.common.rest_client [req-f417d7e5-4669-4871-bb96-b972764dbe68 req-f417d7e5-4669-4871-bb96-b972764dbe68 ] Request (ServersAdminNegativeTestJSON:tearDownClass): 200 GET http://10.180.1.21/compute/v2.1/servers/61a64ba1-88f1-41e4-888c-2609acd82822 0.266s
2025-12-02 03:28:41.820 66496 INFO tempest.lib.common.rest_client [req-d6679190-1e58-417b-a217-70920e7a398e req-d6679190-1e58-417b-a217-70920e7a398e ] Request (ListImageFiltersTestJSON:setUpClass): 200 GET http://10.180.1.21/compute/v2.1/servers/f5debd14-bb5d-4f3e-92e3-f51fbbc9f9a7 0.361s
2025-12-02 03:28:41.867 66528 INFO tempest.lib.common.rest_client [req-4f674cbb-6a35-463a-89cd-08a6c94b753f req-4f674cbb-6a35-463a-89cd-08a6c94b753f ] Request (VolumesGetTestJSON:test_volume_create_get_delete): 200 POST http://10.180.1.21/compute/v2.1/os-volumes 0.436s
2025-12-02 03:28:41.883 66542 INFO tempest.lib.common.rest_client [req-67c6412b-0aa0-4096-b300-04621db06bc6 req-67c6412b-0aa0-4096-b300-04621db06bc6 ] Request (ServersTestJSON:setUpClass): 200 GET http://10.180.1.21/compute/v2.1/servers/cadd2a5a-2396-4ae5-877c-1260bf8e29e9 0.389s
2025-12-02 03:28:41.945 66486 INFO tempest.lib.common.rest_client [req-cc5dd385-7aea-4d0d-ac18-cd67564a9aed req-cc5dd385-7aea-4d0d-ac18-cd67564a9aed ] Request (InstanceActionsNegativeTestJSON:tearDownClass): 200 GET http://10.180.1.21/compute/v2.1/servers/b810f99e-edce-48bf-8e96-319e5ab80ac5 0.434s
2025-12-02 03:28:41.957 66502 INFO tempest.lib.common.rest_client [req-dba1500e-4272-4929-906c-60ecf99f8101 req-dba1500e-4272-4929-906c-60ecf99f8101 ] Request (ServersTestMultiNic:test_verify_multiple_nics_order): 200 GET http://10.180.1.21/compute/v2.1/servers/f56c0adf-c6a9-4459-b27a-06ed59aa0909 0.356s
2025-12-02 03:28:42.043 66536 INFO tempest.lib.common.rest_client [req-50a4e48e-086c-46a6-87d1-a2d1ee0dede8 req-50a4e48e-086c-46a6-87d1-a2d1ee0dede8 ] Request (AttachInterfacesUnderV243Test:_run_cleanups): 200 GET http://10.180.1.21/compute/v2.1/servers/05d94242-4ca1-49b4-8a3a-85d110c40320 0.355s
2025-12-02 03:28:42.088 66510 INFO tempest.lib.common.rest_client [req-03357676-05a7-4209-b654-11bc5c24c47d req-03357676-05a7-4209-b654-11bc5c24c47d ] Request (ServersWithSpecificFlavorTestJSON:test_verify_created_server_ephemeral_disk): 200 GET http://10.180.1.21/compute/v2.1/servers/0747291d-4ac0-4205-ace7-4ebd11f9e9b5 0.459s
2025-12-02 03:28:42.109 66508 INFO tempest.lib.common.rest_client [req-ae293dd2-21e2-4cd8-bbef-be5f38a36174 req-ae293dd2-21e2-4cd8-bbef-be5f38a36174 ] Request (ServerRescueTestJSONUnderV235:setUpClass): 200 GET http://10.180.1.21/compute/v2.1/servers/d38b5bb6-427a-4391-a710-d0c96371eb39 0.400s
2025-12-02 03:28:42.154 66512 INFO tempest.lib.common.rest_client [req-661ab2ed-8f2c-4a9c-9d7f-8751db6ae9e0 req-661ab2ed-8f2c-4a9c-9d7f-8751db6ae9e0 ] Request (ServerRescueTestJSON:setUpClass): 200 GET http://10.180.1.21/compute/v2.1/servers/af9ed130-7b15-42d3-a337-274adeb66e9a 0.391s
2025-12-02 03:28:42.170 66492 INFO tempest.lib.common.rest_client [req-9992a6e5-3e87-4803-adf1-9062c17a935a req-9992a6e5-3e87-4803-adf1-9062c17a935a ] Request (ServerMetadataTestJSON:tearDownClass): 200 GET http://10.180.1.21/compute/v2.1/servers/aae584ee-5d65-452e-91c3-c7e83f662543 0.344s
2025-12-02 03:28:42.195 66528 INFO tempest.lib.common.rest_client [req-732a8ada-4318-4f70-9a04-ad7df73598d1 req-732a8ada-4318-4f70-9a04-ad7df73598d1 ] Request (VolumesGetTestJSON:test_volume_create_get_delete): 200 GET http://10.180.1.21/compute/v2.1/os-volumes/61dad4b5-4fa6-4ec9-866d-e97a52f58cf2 0.324s
2025-12-02 03:28:42.199 66528 INFO tempest.common.waiters [-] volume 61dad4b5-4fa6-4ec9-866d-e97a52f58cf2 reached available after waiting for 0.199342 seconds
2025-12-02 03:28:42.255 66519 INFO tempest.lib.common.rest_client [req-8efdd314-3ba3-4e72-8ae6-d88f7dd0308a req-8efdd314-3ba3-4e72-8ae6-d88f7dd0308a ] Request (ServerShowV247Test:test_update_rebuild_list_server): 200 GET http://10.180.1.21/compute/v2.1/servers/ae83591b-ba18-4eb5-a1de-bce9c4224fee 0.352s
2025-12-02 03:28:42.266 66490 INFO tempest.lib.common.rest_client [req-fabee4d6-adb1-4e8c-ae92-794f62047bbf req-fabee4d6-adb1-4e8c-ae92-794f62047bbf ] Request (ImagesTestJSON:test_create_server_from_snapshot): 200 GET http://10.180.1.21/compute/v2.1/servers/26646ec6-80cd-4e5b-90dd-f343b86d4c14 0.376s
2025-12-02 03:28:42.274 66490 INFO tempest.common.waiters [-] State transition "BUILD/spawning" ==> "ACTIVE/None" after 59 second wait
2025-12-02 03:28:42.315 66526 INFO tempest.lib.common.rest_client [req-d673d7b3-570c-4963-827d-f9c10fd87ed3 req-d673d7b3-570c-4963-827d-f9c10fd87ed3 ] Request (ServersTestBootFromVolume:tearDownClass): 200 GET http://10.180.1.21/compute/v2.1/servers/100447f3-2da4-4a1f-bb6e-5783cb0821fa 0.336s
2025-12-02 03:28:42.330 66520 INFO tempest.lib.common.rest_client [req-a5809061-1022-43f9-9681-da4292d8c4e5 req-a5809061-1022-43f9-9681-da4292d8c4e5 ] Request (ImagesOneServerTestJSON:tearDownClass): 200 GET http://10.180.1.21/compute/v2.1/servers/1ed0f8ce-d32d-4983-9751-b7b4eb6bbfb9 0.338s
2025-12-02 03:28:42.363 66546 INFO tempest.lib.common.rest_client [req-4eeaa467-f35c-4c4f-9819-082c6cf68560 req-4eeaa467-f35c-4c4f-9819-082c6cf68560 ] Request (ServerActionsTestOtherB:setUpClass): 200 GET http://10.180.1.21/compute/v2.1/servers/340051fd-17a9-47eb-9fcc-3e08bd3942d7 0.287s
2025-12-02 03:28:42.381 66504 INFO tempest.lib.common.rest_client [req-66b54528-26da-4e69-932b-3b81604e73d2 req-66b54528-26da-4e69-932b-3b81604e73d2 ] Request (ListServerFiltersTestJSON:tearDownClass): 200 GET http://10.180.1.21/compute/v2.1/servers/124a3d95-a34b-4469-ac08-3688cf30d1d2 0.291s
2025-12-02 03:28:42.420 66530 INFO tempest.lib.common.rest_client [req-7e14229f-1f95-4b18-8629-f603369ece14 req-7e14229f-1f95-4b18-8629-f603369ece14 ] Request (ImagesOneServerNegativeTestJSON:_run_cleanups): 200 GET http://10.180.1.21/compute/v2.1/servers/932ab389-beca-4876-85cc-7628041dab3d 0.260s
2025-12-02 03:28:42.442 66544 INFO tempest.lib.common.rest_client [req-e566ca9f-a718-4a60-8fca-bfe5813f4701 req-e566ca9f-a718-4a60-8fca-bfe5813f4701 ] Request (ServerDiagnosticsTest:tearDownClass): 200 GET http://10.180.1.21/compute/v2.1/servers/719f243c-9c7c-47e9-9e2f-21bc145cb74d 0.270s
2025-12-02 03:28:42.454 66528 INFO tempest.lib.common.rest_client [req-a7b81eea-7924-40d2-ac35-efe9d836ed98 req-a7b81eea-7924-40d2-ac35-efe9d836ed98 ] Request (VolumesGetTestJSON:test_volume_create_get_delete): 200 GET http://10.180.1.21/compute/v2.1/os-volumes/61dad4b5-4fa6-4ec9-866d-e97a52f58cf2 0.255s
2025-12-02 03:28:42.496 66500 INFO tempest.lib.common.rest_client [req-f284d1fa-1451-4a24-8db5-68515e2c5b58 req-f284d1fa-1451-4a24-8db5-68515e2c5b58 ] Request (ServersNegativeTestJSON:setUpClass): 200 GET http://10.180.1.21/compute/v2.1/servers/310e55be-4eef-499d-b66a-aed5c01bc186 0.250s
2025-12-02 03:28:42.861 66490 INFO tempest.lib.common.rest_client [req-a9dfeabe-5d69-40fa-ae63-40d35bcaf112 req-a9dfeabe-5d69-40fa-ae63-40d35bcaf112 ] Request (ImagesTestJSON:test_create_server_from_snapshot): 202 POST http://10.180.1.21/compute/v2.1/servers/26646ec6-80cd-4e5b-90dd-f343b86d4c14/action 0.586s
2025-12-02 03:28:42.943 66488 INFO tempest.lib.common.rest_client [req-a796f454-fab8-4189-8132-792695c27d16 req-a796f454-fab8-4189-8132-792695c27d16 ] Request (ServerDiagnosticsV248Test:tearDownClass): 200 GET http://10.180.1.21/compute/v2.1/servers/331e5100-c1e3-4a01-8b02-d3e4b7452097 0.639s
2025-12-02 03:28:42.970 66506 INFO tempest.lib.common.rest_client [req-f601b9fa-290a-4b67-8883-c242a682c36f req-f601b9fa-290a-4b67-8883-c242a682c36f ] Request (ServerDiskConfigTestJSON:test_resize_server_from_auto_to_manual): 200 GET http://10.180.1.21/compute/v2.1/servers/f6823ce5-4b96-406d-a306-3bf5a6057ef4 0.578s
2025-12-02 03:28:43.003 66538 INFO tempest.lib.common.rest_client [req-a360aec0-f023-4d7d-9ade-d9033031a315 req-a360aec0-f023-4d7d-9ade-d9033031a315 ] Request (ServerTagsTestJSON:tearDownClass): 200 GET http://10.180.1.21/compute/v2.1/servers/203be699-dfce-4549-8336-81f3649f5fb0 0.576s
2025-12-02 03:28:43.013 66528 INFO tempest.lib.common.rest_client [req-fab49825-beb5-4b46-80af-4a61027e5fba req-fab49825-beb5-4b46-80af-4a61027e5fba ] Request (VolumesGetTestJSON:tearDownClass): 202 DELETE http://10.180.1.21/compute/v2.1/os-volumes/61dad4b5-4fa6-4ec9-866d-e97a52f58cf2 0.552s
2025-12-02 03:28:43.077 66498 INFO tempest.lib.common.rest_client [req-8331772f-9496-4f15-a904-9afc42f4c47f req-8331772f-9496-4f15-a904-9afc42f4c47f ] Request (FloatingIPsAssociationTestJSON:tearDownClass): 200 GET http://10.180.1.21/compute/v2.1/servers/96c17790-9f52-422c-b67c-034b00183281 0.548s
2025-12-02 03:28:43.153 66548 INFO tempest.lib.common.rest_client [req-826b4cf3-a18d-44e6-980f-ba200e025370 req-826b4cf3-a18d-44e6-980f-ba200e025370 ] Request (ServersAdminTestJSON:tearDownClass): 200 GET http://10.180.1.21/compute/v2.1/servers/6c37e2d8-7eac-439d-bf5b-316fd88884f2 0.542s
2025-12-02 03:28:43.176 66534 INFO tempest.lib.common.rest_client [req-8d8d289b-c6d0-4740-9baf-cecc4e8c6758 req-8d8d289b-c6d0-4740-9baf-cecc4e8c6758 ] Request (SecurityGroupsTestJSON:test_server_security_groups): 200 GET http://10.180.1.21/compute/v2.1/servers/55b0c2ae-91bd-4a98-a9f7-1cd86430affa 0.647s
2025-12-02 03:28:43.183 66534 INFO tempest.common.waiters [-] State transition "HARD_REBOOT/rebooting_hard" ==> "HARD_REBOOT/reboot_started_hard" after 5 second wait
2025-12-02 03:28:43.235 66514 INFO tempest.lib.common.rest_client [req-61b23bd4-b416-4a09-add4-303b74f1fe90 req-61b23bd4-b416-4a09-add4-303b74f1fe90 ] Request (ServersAdminNegativeTestJSON:tearDownClass): 200 GET http://10.180.1.21/compute/v2.1/servers/61a64ba1-88f1-41e4-888c-2609acd82822 0.517s
2025-12-02 03:28:43.250 66522 INFO tempest.lib.common.rest_client [req-eb794945-6e6b-490e-b519-d66a39017292 req-eb794945-6e6b-490e-b519-d66a39017292 ] Request (MigrationsAdminTest:test_resize_server_revert_deleted_flavor): 200 GET http://10.180.1.21/compute/v2.1/servers/9fd88eee-356b-436d-95d2-f4b7ed9a8383 0.587s
2025-12-02 03:28:43.282 66490 INFO tempest.lib.common.rest_client [req-0b5df1c9-6391-41fd-a62d-001e8af9bb4f req-0b5df1c9-6391-41fd-a62d-001e8af9bb4f ] Request (ImagesTestJSON:test_create_server_from_snapshot): 200 GET http://10.180.1.21/compute/v2.1/images/c2a34639-cb71-40d5-9987-2f40b74a52e8 0.419s
2025-12-02 03:28:43.324 66496 INFO tempest.lib.common.rest_client [req-c9b635f9-2104-4d98-bea4-a3fe1a1245b6 req-c9b635f9-2104-4d98-bea4-a3fe1a1245b6 ] Request (ListImageFiltersTestJSON:setUpClass): 200 GET http://10.180.1.21/compute/v2.1/servers/f5debd14-bb5d-4f3e-92e3-f51fbbc9f9a7 0.495s
2025-12-02 03:28:43.332 66496 INFO tempest.common.waiters [-] State transition "ACTIVE/image_uploading" ==> "ACTIVE/None" after 2 second wait
2025-12-02 03:28:43.336 66542 INFO tempest.lib.common.rest_client [req-a67a002a-6136-4c2b-ac62-50300cc56e9a req-a67a002a-6136-4c2b-ac62-50300cc56e9a ] Request (ServersTestJSON:setUpClass): 200 GET http://10.180.1.21/compute/v2.1/servers/cadd2a5a-2396-4ae5-877c-1260bf8e29e9 0.443s
2025-12-02 03:28:43.378 66486 INFO tempest.lib.common.rest_client [req-980c6fbd-7b87-4e2d-8c98-80d4896ea3dc req-980c6fbd-7b87-4e2d-8c98-80d4896ea3dc ] Request (InstanceActionsNegativeTestJSON:tearDownClass): 200 GET http://10.180.1.21/compute/v2.1/servers/b810f99e-edce-48bf-8e96-319e5ab80ac5 0.424s
2025-12-02 03:28:43.380 66502 INFO tempest.lib.common.rest_client [req-33b25348-b7c1-496a-b0d4-d0c80b2dbe7c req-33b25348-b7c1-496a-b0d4-d0c80b2dbe7c ] Request (ServersTestMultiNic:test_verify_multiple_nics_order): 200 GET http://10.180.1.21/compute/v2.1/servers/f56c0adf-c6a9-4459-b27a-06ed59aa0909 0.415s
2025-12-02 03:28:43.399 66528 INFO tempest.lib.common.rest_client [req-29b53e4d-73c9-4f30-9747-9d444173c6ef req-29b53e4d-73c9-4f30-9747-9d444173c6ef ] Request (VolumesGetTestJSON:tearDownClass): 404 GET http://10.180.1.21/compute/v2.1/os-volumes/61dad4b5-4fa6-4ec9-866d-e97a52f58cf2 0.385s
2025-12-02 03:28:43.434 66536 INFO tempest.lib.common.rest_client [req-f6d47315-87dc-4221-a718-280109de2c41 req-f6d47315-87dc-4221-a718-280109de2c41 ] Request (AttachInterfacesUnderV243Test:_run_cleanups): 200 GET http://10.180.1.21/compute/v2.1/servers/05d94242-4ca1-49b4-8a3a-85d110c40320 0.381s
2025-12-02 03:28:43.479 66508 INFO tempest.lib.common.rest_client [req-68cb06cf-49ad-4a0b-a9af-27503ac9b14d req-68cb06cf-49ad-4a0b-a9af-27503ac9b14d ] Request (ServerRescueTestJSONUnderV235:setUpClass): 200 GET http://10.180.1.21/compute/v2.1/servers/d38b5bb6-427a-4391-a710-d0c96371eb39 0.360s
2025-12-02 03:28:43.501 66528 INFO tempest.lib.common.rest_client [req-4915b33d-c154-4edd-ae55-6d157107730a req-4915b33d-c154-4edd-ae55-6d157107730a ] Request (VolumesGetTestJSON:tearDownClass): 204 DELETE http://10.180.1.21/identity/v3/users/a765adc400c543b1b3cd25757d631154 0.102s
2025-12-02 03:28:43.502 66528 INFO tempest.lib.common.dynamic_creds [-] Deleting project and security group for project: f93d6850a56d4a2a93e2ca169589487b
2025-12-02 03:28:43.512 66510 INFO tempest.lib.common.rest_client [req-13b1cb46-4f0a-4e4e-b687-c9d4ebfc9f55 req-13b1cb46-4f0a-4e4e-b687-c9d4ebfc9f55 ] Request (ServersWithSpecificFlavorTestJSON:test_verify_created_server_ephemeral_disk): 200 GET http://10.180.1.21/compute/v2.1/servers/0747291d-4ac0-4205-ace7-4ebd11f9e9b5 0.416s
2025-12-02 03:28:43.527 66512 INFO tempest.lib.common.rest_client [req-be701bf0-e98b-423b-8c06-f6c5acabd824 req-be701bf0-e98b-423b-8c06-f6c5acabd824 ] Request (ServerRescueTestJSON:setUpClass): 200 GET http://10.180.1.21/compute/v2.1/servers/af9ed130-7b15-42d3-a337-274adeb66e9a 0.365s
2025-12-02 03:28:43.565 66528 INFO tempest.lib.common.rest_client [req-3efe5f73-1060-4b2e-a395-087b58082daa req-3efe5f73-1060-4b2e-a395-087b58082daa ] Request (VolumesGetTestJSON:tearDownClass): 201 POST http://10.180.1.21/identity/v3/auth/tokens 0.063s
2025-12-02 03:28:43.572 66492 INFO tempest.lib.common.rest_client [req-63060296-8389-4ffa-bb5c-7d35e7a9caad req-63060296-8389-4ffa-bb5c-7d35e7a9caad ] Request (ServerMetadataTestJSON:tearDownClass): 200 GET http://10.180.1.21/compute/v2.1/servers/aae584ee-5d65-452e-91c3-c7e83f662543 0.391s
2025-12-02 03:28:43.579 66492 INFO tempest.common.waiters [-] State transition "ACTIVE/deleting" ==> "DELETED/None" after 4 second wait
2025-12-02 03:28:43.592 66519 INFO tempest.lib.common.rest_client [req-9f01175f-ee56-4049-a4ff-f326b6c71ed6 req-9f01175f-ee56-4049-a4ff-f326b6c71ed6 ] Request (ServerShowV247Test:test_update_rebuild_list_server): 200 GET http://10.180.1.21/compute/v2.1/servers/ae83591b-ba18-4eb5-a1de-bce9c4224fee 0.324s
2025-12-02 03:28:43.653 66526 INFO tempest.lib.common.rest_client [req-eeb79d7d-ebc5-4997-a69f-4de4790b4718 req-eeb79d7d-ebc5-4997-a69f-4de4790b4718 ] Request (ServersTestBootFromVolume:tearDownClass): 200 GET http://10.180.1.21/compute/v2.1/servers/100447f3-2da4-4a1f-bb6e-5783cb0821fa 0.330s
2025-12-02 03:28:43.662 66496 INFO tempest.lib.common.rest_client [req-d1d7a80d-03f6-4e40-8701-7a2629a8990f req-d1d7a80d-03f6-4e40-8701-7a2629a8990f ] Request (ListImageFiltersTestJSON:test_list_images_filter_by_changes_since): 200 GET http://10.180.1.21/compute/v2.1/images?changes-since=2025-12-02T03%3A26%3A30Z 0.330s
2025-12-02 03:28:43.707 66520 INFO tempest.lib.common.rest_client [req-9a39f7ac-6e3c-42e0-813c-1c63fc461ccd req-9a39f7ac-6e3c-42e0-813c-1c63fc461ccd ] Request (ImagesOneServerTestJSON:tearDownClass): 200 GET http://10.180.1.21/compute/v2.1/servers/1ed0f8ce-d32d-4983-9751-b7b4eb6bbfb9 0.369s
2025-12-02 03:28:43.723 66546 INFO tempest.lib.common.rest_client [req-66bd499a-c3de-46da-98c0-a172fce0362c req-66bd499a-c3de-46da-98c0-a172fce0362c ] Request (ServerActionsTestOtherB:setUpClass): 200 GET http://10.180.1.21/compute/v2.1/servers/340051fd-17a9-47eb-9fcc-3e08bd3942d7 0.352s
2025-12-02 03:28:43.738 66528 INFO tempest.lib.common.rest_client [req-56b34a0c-0432-40ab-b93a-5192330b236b req-56b34a0c-0432-40ab-b93a-5192330b236b ] Request (VolumesGetTestJSON:tearDownClass): 200 GET http://10.180.1.21/networking/v2.0/security-groups?tenant_id=f93d6850a56d4a2a93e2ca169589487b&name=default 0.172s
2025-12-02 03:28:43.773 66504 INFO tempest.lib.common.rest_client [req-3e95ca5b-287e-4eb7-ad6b-c655c85e7aca req-3e95ca5b-287e-4eb7-ad6b-c655c85e7aca ] Request (ListServerFiltersTestJSON:tearDownClass): 200 GET http://10.180.1.21/compute/v2.1/servers/124a3d95-a34b-4469-ac08-3688cf30d1d2 0.384s
2025-12-02 03:28:43.786 66530 INFO tempest.lib.common.rest_client [req-e3c0c627-d34f-4ec3-b7f8-a70fce9e723d req-e3c0c627-d34f-4ec3-b7f8-a70fce9e723d ] Request (ImagesOneServerNegativeTestJSON:_run_cleanups): 200 GET http://10.180.1.21/compute/v2.1/servers/932ab389-beca-4876-85cc-7628041dab3d 0.359s
2025-12-02 03:28:43.835 66544 INFO tempest.lib.common.rest_client [req-3f1be7d9-63e3-4a4f-92b6-bc21a5b4137a req-3f1be7d9-63e3-4a4f-92b6-bc21a5b4137a ] Request (ServerDiagnosticsTest:tearDownClass): 200 GET http://10.180.1.21/compute/v2.1/servers/719f243c-9c7c-47e9-9e2f-21bc145cb74d 0.384s
2025-12-02 03:28:43.838 66528 INFO tempest.lib.common.rest_client [req-d4e397f3-49c8-4fc1-a17b-e3b33884f3e0 req-d4e397f3-49c8-4fc1-a17b-e3b33884f3e0 ] Request (VolumesGetTestJSON:tearDownClass): 204 DELETE http://10.180.1.21/networking/v2.0/security-groups/2f9249a2-ba3d-4abf-a8cc-0f3c74c89f7f 0.100s
2025-12-02 03:28:43.849 66500 INFO tempest.lib.common.rest_client [req-a9e3268c-2da0-4f87-9a32-899e87b644a6 req-a9e3268c-2da0-4f87-9a32-899e87b644a6 ] Request (ServersNegativeTestJSON:setUpClass): 200 GET http://10.180.1.21/compute/v2.1/servers/310e55be-4eef-499d-b66a-aed5c01bc186 0.345s
2025-12-02 03:28:43.886 66496 INFO tempest.lib.common.rest_client [req-511f5112-8281-4e3e-b15e-0e550df1dcb6 req-511f5112-8281-4e3e-b15e-0e550df1dcb6 ] Request (ListImageFiltersTestJSON:test_list_images_filter_by_name): 200 GET http://10.180.1.21/compute/v2.1/images?name=tempest-ListImageFiltersTestJSON-image-1825683705 0.221s
2025-12-02 03:28:43.909 66528 INFO tempest.lib.common.rest_client [req-a3e16f37-9074-4c39-9265-094d00f457f2 req-a3e16f37-9074-4c39-9265-094d00f457f2 ] Request (VolumesGetTestJSON:tearDownClass): 204 DELETE http://10.180.1.21/identity/v3/projects/f93d6850a56d4a2a93e2ca169589487b 0.070s
2025-12-02 03:28:43.951 66496 INFO tempest.lib.common.rest_client [req-c7fa69ef-00f6-435d-9bcb-4a4111e0c301 req-c7fa69ef-00f6-435d-9bcb-4a4111e0c301 ] Request (ListImageFiltersTestJSON:test_list_images_filter_by_server_id): 200 GET http://10.180.1.21/compute/v2.1/images?server=f5debd14-bb5d-4f3e-92e3-f51fbbc9f9a7 0.061s
2025-12-02 03:28:43.996 66496 INFO tempest.lib.common.rest_client [req-a571e8ca-a03b-40c1-b9ce-247b8b058108 req-a571e8ca-a03b-40c1-b9ce-247b8b058108 ] Request (ListImageFiltersTestJSON:test_list_images_filter_by_server_ref): 200 GET http://10.180.1.21/compute/v2.1/images?server=http%3A%2F%2F10.180.1.21%2Fcompute%2Fv2.1%2Fservers%2F26e95aa2-8b72-408b-9138-ac91839b7e46 0.041s
2025-12-02 03:28:44.036 66488 INFO tempest.lib.common.rest_client [req-125ae806-e88f-46bd-aa7b-f8b286322f3c req-125ae806-e88f-46bd-aa7b-f8b286322f3c ] Request (ServerDiagnosticsV248Test:tearDownClass): 200 GET http://10.180.1.21/compute/v2.1/servers/331e5100-c1e3-4a01-8b02-d3e4b7452097 0.084s
2025-12-02 03:28:44.086 66496 INFO tempest.lib.common.rest_client [req-dc044391-1188-40dd-8742-4f4ca835ac92 req-dc044391-1188-40dd-8742-4f4ca835ac92 ] Request (ListImageFiltersTestJSON:test_list_images_filter_by_server_ref): 200 GET http://10.180.1.21/compute/v2.1/images?server=http%3A%2F%2F10.180.1.21%2Fcompute%2Fservers%2F26e95aa2-8b72-408b-9138-ac91839b7e46 0.088s
2025-12-02 03:28:44.160 66538 INFO tempest.lib.common.rest_client [req-6073d6cc-2f31-42a5-aeb4-77bc6cfdafa8 req-6073d6cc-2f31-42a5-aeb4-77bc6cfdafa8 ] Request (ServerTagsTestJSON:tearDownClass): 200 GET http://10.180.1.21/compute/v2.1/servers/203be699-dfce-4549-8336-81f3649f5fb0 0.145s
2025-12-02 03:28:44.178 66506 INFO tempest.lib.common.rest_client [req-67e34bdb-f533-489e-8bc0-f92c69f5b808 req-67e34bdb-f533-489e-8bc0-f92c69f5b808 ] Request (ServerDiskConfigTestJSON:test_resize_server_from_auto_to_manual): 200 GET http://10.180.1.21/compute/v2.1/servers/f6823ce5-4b96-406d-a306-3bf5a6057ef4 0.200s
2025-12-02 03:28:44.217 66498 INFO tempest.lib.common.rest_client [req-f8485187-2f50-46ec-acf1-54d384a04f43 req-f8485187-2f50-46ec-acf1-54d384a04f43 ] Request (FloatingIPsAssociationTestJSON:tearDownClass): 200 GET http://10.180.1.21/compute/v2.1/servers/96c17790-9f52-422c-b67c-034b00183281 0.128s
2025-12-02 03:28:44.251 66496 INFO tempest.lib.common.rest_client [req-139879f7-452e-424a-b668-0c845774c974 req-139879f7-452e-424a-b668-0c845774c974 ] Request (ListImageFiltersTestJSON:test_list_images_filter_by_status): 200 GET http://10.180.1.21/compute/v2.1/images?status=ACTIVE 0.162s
2025-12-02 03:28:44.280 66548 INFO tempest.lib.common.rest_client [req-a3610d42-a890-4f1e-89a9-0ae3cdc94769 req-a3610d42-a890-4f1e-89a9-0ae3cdc94769 ] Request (ServersAdminTestJSON:tearDownClass): 200 GET http://10.180.1.21/compute/v2.1/servers/6c37e2d8-7eac-439d-bf5b-316fd88884f2 0.120s
2025-12-02 03:28:44.338 66514 INFO tempest.lib.common.rest_client [req-d16a834d-4ba2-4152-b6d9-2fca37a62470 req-d16a834d-4ba2-4152-b6d9-2fca37a62470 ] Request (ServersAdminNegativeTestJSON:tearDownClass): 200 GET http://10.180.1.21/compute/v2.1/servers/61a64ba1-88f1-41e4-888c-2609acd82822 0.095s
2025-12-02 03:28:44.351 66534 INFO tempest.lib.common.rest_client [req-81e28935-aafe-49fd-896f-3c887583f321 req-81e28935-aafe-49fd-896f-3c887583f321 ] Request (SecurityGroupsTestJSON:test_server_security_groups): 200 GET http://10.180.1.21/compute/v2.1/servers/55b0c2ae-91bd-4a98-a9f7-1cd86430affa 0.167s
2025-12-02 03:28:44.358 66534 INFO tempest.common.waiters [-] State transition "HARD_REBOOT/reboot_started_hard" ==> "ACTIVE/None" after 6 second wait
2025-12-02 03:28:44.383 66496 INFO tempest.lib.common.rest_client [req-1e53130c-cfed-4da3-a7d2-d79a365d529e req-1e53130c-cfed-4da3-a7d2-d79a365d529e ] Request (ListImageFiltersTestJSON:test_list_images_filter_by_type): 200 GET http://10.180.1.21/compute/v2.1/images?type=snapshot 0.128s
2025-12-02 03:28:44.414 66490 INFO tempest.lib.common.rest_client [req-ff162bbd-8545-4a8b-8716-96bf87815037 req-ff162bbd-8545-4a8b-8716-96bf87815037 ] Request (ImagesTestJSON:test_create_server_from_snapshot): 200 GET http://10.180.1.21/compute/v2.1/images/c2a34639-cb71-40d5-9987-2f40b74a52e8 0.128s
2025-12-02 03:28:44.442 66522 INFO tempest.lib.common.rest_client [req-60d4a106-c2b5-49fe-b74f-a8e49e650f94 req-60d4a106-c2b5-49fe-b74f-a8e49e650f94 ] Request (MigrationsAdminTest:test_resize_server_revert_deleted_flavor): 200 GET http://10.180.1.21/compute/v2.1/servers/9fd88eee-356b-436d-95d2-f4b7ed9a8383 0.185s
2025-12-02 03:28:44.462 66542 INFO tempest.lib.common.rest_client [req-c4b22b2f-2a03-4129-9bda-539fe9d852ce req-c4b22b2f-2a03-4129-9bda-539fe9d852ce ] Request (ServersTestJSON:setUpClass): 200 GET http://10.180.1.21/compute/v2.1/servers/cadd2a5a-2396-4ae5-877c-1260bf8e29e9 0.119s
2025-12-02 03:28:44.497 66496 INFO tempest.lib.common.rest_client [req-0fbd8858-7b20-4279-a7cb-3262096a4986 req-0fbd8858-7b20-4279-a7cb-3262096a4986 ] Request (ListImageFiltersTestJSON:test_list_images_limit_results): 200 GET http://10.180.1.21/compute/v2.1/images?limit=1 0.111s
2025-12-02 03:28:44.555 66486 INFO tempest.lib.common.rest_client [req-a33221f5-3662-44e1-9eee-b97420c3c406 req-a33221f5-3662-44e1-9eee-b97420c3c406 ] Request (InstanceActionsNegativeTestJSON:tearDownClass): 200 GET http://10.180.1.21/compute/v2.1/servers/b810f99e-edce-48bf-8e96-319e5ab80ac5 0.168s
2025-12-02 03:28:44.610 66502 INFO tempest.lib.common.rest_client [req-cc077975-f55d-4c3b-991e-74dfb78cd0ba req-cc077975-f55d-4c3b-991e-74dfb78cd0ba ] Request (ServersTestMultiNic:test_verify_multiple_nics_order): 200 GET http://10.180.1.21/compute/v2.1/servers/f56c0adf-c6a9-4459-b27a-06ed59aa0909 0.222s
2025-12-02 03:28:44.668 66536 INFO tempest.lib.common.rest_client [req-1964cebd-d6f4-4481-a77d-766d6c82b86e req-1964cebd-d6f4-4481-a77d-766d6c82b86e ] Request (AttachInterfacesUnderV243Test:_run_cleanups): 200 GET http://10.180.1.21/compute/v2.1/servers/05d94242-4ca1-49b4-8a3a-85d110c40320 0.226s
2025-12-02 03:28:44.723 66508 INFO tempest.lib.common.rest_client [req-04d123c9-935d-45ab-9d38-dde2ba44fe8a req-04d123c9-935d-45ab-9d38-dde2ba44fe8a ] Request (ServerRescueTestJSONUnderV235:setUpClass): 200 GET http://10.180.1.21/compute/v2.1/servers/d38b5bb6-427a-4391-a710-d0c96371eb39 0.236s
2025-12-02 03:28:44.795 66496 INFO tempest.lib.common.rest_client [req-e676aa33-a823-493b-8e36-526bcd0abd42 req-e676aa33-a823-493b-8e36-526bcd0abd42 ] Request (ListImageFiltersTestJSON:test_list_images_with_detail_filter_by_changes_since): 200 GET http://10.180.1.21/compute/v2.1/images/detail?changes-since=2025-12-02T03%3A26%3A12Z 0.294s
2025-12-02 03:28:44.827 66534 INFO tempest.lib.common.rest_client [req-49d55d09-687b-4b6c-8683-a31794d39621 req-49d55d09-687b-4b6c-8683-a31794d39621 ] Request (SecurityGroupsTestJSON:test_server_security_groups): 202 POST http://10.180.1.21/compute/v2.1/servers/55b0c2ae-91bd-4a98-a9f7-1cd86430affa/action 0.468s
2025-12-02 03:28:44.894 66512 INFO tempest.lib.common.rest_client [req-c7c8a15e-ee23-4b24-8ade-9dc39ed5a7af req-c7c8a15e-ee23-4b24-8ade-9dc39ed5a7af ] Request (ServerRescueTestJSON:setUpClass): 200 GET http://10.180.1.21/compute/v2.1/servers/af9ed130-7b15-42d3-a337-274adeb66e9a 0.358s
2025-12-02 03:28:44.941 66510 INFO tempest.lib.common.rest_client [req-1fe4a646-bfc8-4145-b08f-4369d1487903 req-1fe4a646-bfc8-4145-b08f-4369d1487903 ] Request (ServersWithSpecificFlavorTestJSON:test_verify_created_server_ephemeral_disk): 200 GET http://10.180.1.21/compute/v2.1/servers/0747291d-4ac0-4205-ace7-4ebd11f9e9b5 0.421s
2025-12-02 03:28:44.962 66492 INFO tempest.lib.common.rest_client [req-634ad79d-6ab5-403a-909f-3807334aa35a req-634ad79d-6ab5-403a-909f-3807334aa35a ] Request (ServerMetadataTestJSON:tearDownClass): 200 GET http://10.180.1.21/compute/v2.1/servers/aae584ee-5d65-452e-91c3-c7e83f662543 0.380s
2025-12-02 03:28:45.006 66519 INFO tempest.lib.common.rest_client [req-43034440-48ae-41c0-825d-11c84ce56d40 req-43034440-48ae-41c0-825d-11c84ce56d40 ] Request (ServerShowV247Test:test_update_rebuild_list_server): 200 GET http://10.180.1.21/compute/v2.1/servers/ae83591b-ba18-4eb5-a1de-bce9c4224fee 0.403s
2025-12-02 03:28:45.035 66526 INFO tempest.lib.common.rest_client [req-f35c237a-c32e-4605-8e6b-530df94970ff req-f35c237a-c32e-4605-8e6b-530df94970ff ] Request (ServersTestBootFromVolume:tearDownClass): 200 GET http://10.180.1.21/compute/v2.1/servers/100447f3-2da4-4a1f-bb6e-5783cb0821fa 0.375s
2025-12-02 03:28:45.080 66520 INFO tempest.lib.common.rest_client [req-5380e0a9-aef9-4553-8863-81679013808e req-5380e0a9-aef9-4553-8863-81679013808e ] Request (ImagesOneServerTestJSON:tearDownClass): 200 GET http://10.180.1.21/compute/v2.1/servers/1ed0f8ce-d32d-4983-9751-b7b4eb6bbfb9 0.364s
2025-12-02 03:28:45.091 66546 INFO tempest.lib.common.rest_client [req-0bd6e6aa-b1bc-4d5a-9421-8dcc7a9f51e7 req-0bd6e6aa-b1bc-4d5a-9421-8dcc7a9f51e7 ] Request (ServerActionsTestOtherB:setUpClass): 200 GET http://10.180.1.21/compute/v2.1/servers/340051fd-17a9-47eb-9fcc-3e08bd3942d7 0.354s
2025-12-02 03:28:45.135 66504 INFO tempest.lib.common.rest_client [req-e1858806-a445-4da2-9d1e-ae8cab958eb6 req-e1858806-a445-4da2-9d1e-ae8cab958eb6 ] Request (ListServerFiltersTestJSON:tearDownClass): 200 GET http://10.180.1.21/compute/v2.1/servers/124a3d95-a34b-4469-ac08-3688cf30d1d2 0.351s
2025-12-02 03:28:45.152 66530 INFO tempest.lib.common.rest_client [req-bc2b91d0-d327-4aeb-b645-b9c785f3e18a req-bc2b91d0-d327-4aeb-b645-b9c785f3e18a ] Request (ImagesOneServerNegativeTestJSON:_run_cleanups): 200 GET http://10.180.1.21/compute/v2.1/servers/932ab389-beca-4876-85cc-7628041dab3d 0.355s
2025-12-02 03:28:45.175 66496 INFO tempest.lib.common.rest_client [req-04000c9b-5f48-4050-af9a-df5c18608f8c req-04000c9b-5f48-4050-af9a-df5c18608f8c ] Request (ListImageFiltersTestJSON:test_list_images_with_detail_filter_by_name): 200 GET http://10.180.1.21/compute/v2.1/images/detail?name=tempest-ListImageFiltersTestJSON-image-1825683705 0.368s
2025-12-02 03:28:45.233 66544 INFO tempest.lib.common.rest_client [req-1343341b-b669-453e-9cbf-ce36c236fe55 req-1343341b-b669-453e-9cbf-ce36c236fe55 ] Request (ServerDiagnosticsTest:tearDownClass): 200 GET http://10.180.1.21/compute/v2.1/servers/719f243c-9c7c-47e9-9e2f-21bc145cb74d 0.388s
2025-12-02 03:28:45.234 66534 INFO tempest.lib.common.rest_client [req-f8f65e04-4e3d-4773-ae37-baf63fd079c7 req-f8f65e04-4e3d-4773-ae37-baf63fd079c7 ] Request (SecurityGroupsTestJSON:test_server_security_groups): 400 DELETE http://10.180.1.21/compute/v2.1/os-security-groups/9828a02a-4bba-4c38-b718-529755d66d03 0.406s
2025-12-02 03:28:45.290 66500 INFO tempest.lib.common.rest_client [req-263927d7-7512-47e1-bae1-d29d0d970f65 req-263927d7-7512-47e1-bae1-d29d0d970f65 ] Request (ServersNegativeTestJSON:setUpClass): 200 GET http://10.180.1.21/compute/v2.1/servers/310e55be-4eef-499d-b66a-aed5c01bc186 0.433s
2025-12-02 03:28:45.299 66488 INFO tempest.lib.common.rest_client [req-42b7e2c6-2e3b-4bc2-b3ba-5c2f7ae37ee3 req-42b7e2c6-2e3b-4bc2-b3ba-5c2f7ae37ee3 ] Request (ServerDiagnosticsV248Test:tearDownClass): 200 GET http://10.180.1.21/compute/v2.1/servers/331e5100-c1e3-4a01-8b02-d3e4b7452097 0.252s
2025-12-02 03:28:45.343 66496 INFO tempest.lib.common.rest_client [req-d9291a4d-19fa-4167-8e86-e90a665f42cb req-d9291a4d-19fa-4167-8e86-e90a665f42cb ] Request (ListImageFiltersTestJSON:test_list_images_with_detail_filter_by_server_ref): 200 GET http://10.180.1.21/compute/v2.1/images/detail?server=http%3A%2F%2F10.180.1.21%2Fcompute%2Fv2.1%2Fservers%2F26e95aa2-8b72-408b-9138-ac91839b7e46 0.164s
2025-12-02 03:28:45.350 66538 INFO tempest.lib.common.rest_client [req-7fa430e9-a215-4f1f-9c8f-0f3d5f126ce9 req-7fa430e9-a215-4f1f-9c8f-0f3d5f126ce9 ] Request (ServerTagsTestJSON:tearDownClass): 200 GET http://10.180.1.21/compute/v2.1/servers/203be699-dfce-4549-8336-81f3649f5fb0 0.180s
2025-12-02 03:28:45.408 66498 INFO tempest.lib.common.rest_client [req-8e154135-e342-4edf-976f-83a0fcf3f67d req-8e154135-e342-4edf-976f-83a0fcf3f67d ] Request (FloatingIPsAssociationTestJSON:tearDownClass): 200 GET http://10.180.1.21/compute/v2.1/servers/96c17790-9f52-422c-b67c-034b00183281 0.183s
2025-12-02 03:28:45.439 66506 INFO tempest.lib.common.rest_client [req-2bc96cb5-1223-49dc-bea4-3d9fae653314 req-2bc96cb5-1223-49dc-bea4-3d9fae653314 ] Request (ServerDiskConfigTestJSON:test_resize_server_from_auto_to_manual): 200 GET http://10.180.1.21/compute/v2.1/servers/f6823ce5-4b96-406d-a306-3bf5a6057ef4 0.252s
2025-12-02 03:28:45.485 66534 INFO tempest.lib.common.rest_client [req-c5d6b2c5-993e-4368-aaed-82e242db639a req-c5d6b2c5-993e-4368-aaed-82e242db639a ] Request (SecurityGroupsTestJSON:test_server_security_groups): 204 DELETE http://10.180.1.21/compute/v2.1/servers/55b0c2ae-91bd-4a98-a9f7-1cd86430affa 0.250s
2025-12-02 03:28:45.503 66548 INFO tempest.lib.common.rest_client [req-b883a2f9-7aea-4476-a831-5d83702b11a5 req-b883a2f9-7aea-4476-a831-5d83702b11a5 ] Request (ServersAdminTestJSON:tearDownClass): 200 GET http://10.180.1.21/compute/v2.1/servers/6c37e2d8-7eac-439d-bf5b-316fd88884f2 0.214s
2025-12-02 03:28:45.548 66496 INFO tempest.lib.common.rest_client [req-d30ba78b-0078-4d6e-81ef-a22524042d43 req-d30ba78b-0078-4d6e-81ef-a22524042d43 ] Request (ListImageFiltersTestJSON:test_list_images_with_detail_filter_by_server_ref): 200 GET http://10.180.1.21/compute/v2.1/images/detail?server=http%3A%2F%2F10.180.1.21%2Fcompute%2Fservers%2F26e95aa2-8b72-408b-9138-ac91839b7e46 0.199s
2025-12-02 03:28:45.558 66514 INFO tempest.lib.common.rest_client [req-db1f3435-8bb2-4903-abd4-43e41ac88863 req-db1f3435-8bb2-4903-abd4-43e41ac88863 ] Request (ServersAdminNegativeTestJSON:tearDownClass): 200 GET http://10.180.1.21/compute/v2.1/servers/61a64ba1-88f1-41e4-888c-2609acd82822 0.213s
2025-12-02 03:28:45.588 66490 INFO tempest.lib.common.rest_client [req-10761e21-33d0-4b20-bc78-d26c90daf15d req-10761e21-33d0-4b20-bc78-d26c90daf15d ] Request (ImagesTestJSON:test_create_server_from_snapshot): 200 GET http://10.180.1.21/compute/v2.1/images/c2a34639-cb71-40d5-9987-2f40b74a52e8 0.170s
2025-12-02 03:28:45.644 66542 INFO tempest.lib.common.rest_client [req-778b33a3-66e9-47ad-80e5-5b8a23e1cb08 req-778b33a3-66e9-47ad-80e5-5b8a23e1cb08 ] Request (ServersTestJSON:setUpClass): 200 GET http://10.180.1.21/compute/v2.1/servers/cadd2a5a-2396-4ae5-877c-1260bf8e29e9 0.174s
2025-12-02 03:28:45.700 66522 INFO tempest.lib.common.rest_client [req-aef51044-9da9-409f-bfee-8d190c6d0dfa req-aef51044-9da9-409f-bfee-8d190c6d0dfa ] Request (MigrationsAdminTest:test_resize_server_revert_deleted_flavor): 200 GET http://10.180.1.21/compute/v2.1/servers/9fd88eee-356b-436d-95d2-f4b7ed9a8383 0.250s
2025-12-02 03:28:45.760 66496 INFO tempest.lib.common.rest_client [req-0312dc39-74d6-400d-a18b-d29e5ffd59bf req-0312dc39-74d6-400d-a18b-d29e5ffd59bf ] Request (ListImageFiltersTestJSON:test_list_images_with_detail_filter_by_status): 200 GET http://10.180.1.21/compute/v2.1/images/detail?status=ACTIVE 0.206s
2025-12-02 03:28:45.771 66534 INFO tempest.lib.common.rest_client [req-63933d8f-461e-4e2a-bbef-f3289d263df3 req-63933d8f-461e-4e2a-bbef-f3289d263df3 ] Request (SecurityGroupsTestJSON:test_server_security_groups): 200 GET http://10.180.1.21/compute/v2.1/servers/55b0c2ae-91bd-4a98-a9f7-1cd86430affa 0.286s
2025-12-02 03:28:45.832 66502 INFO tempest.lib.common.rest_client [req-7458c577-8f19-494f-aa50-dd060ea65398 req-7458c577-8f19-494f-aa50-dd060ea65398 ] Request (ServersTestMultiNic:test_verify_multiple_nics_order): 200 GET http://10.180.1.21/compute/v2.1/servers/f56c0adf-c6a9-4459-b27a-06ed59aa0909 0.214s
2025-12-02 03:28:45.833 66486 INFO tempest.lib.common.rest_client [req-9d5b918f-fc0f-49ec-9dfd-4a9c3668f1c6 req-9d5b918f-fc0f-49ec-9dfd-4a9c3668f1c6 ] Request (InstanceActionsNegativeTestJSON:tearDownClass): 200 GET http://10.180.1.21/compute/v2.1/servers/b810f99e-edce-48bf-8e96-319e5ab80ac5 0.270s
2025-12-02 03:28:45.892 66508 INFO tempest.lib.common.rest_client [req-4373ff86-f94f-4bbf-80b8-1ff6c6bb60fe req-4373ff86-f94f-4bbf-80b8-1ff6c6bb60fe ] Request (ServerRescueTestJSONUnderV235:setUpClass): 200 GET http://10.180.1.21/compute/v2.1/servers/d38b5bb6-427a-4391-a710-d0c96371eb39 0.161s
2025-12-02 03:28:45.896 66536 INFO tempest.lib.common.rest_client [req-4defb7d0-1aa7-418b-8738-b74f336c4e5a req-4defb7d0-1aa7-418b-8738-b74f336c4e5a ] Request (AttachInterfacesUnderV243Test:_run_cleanups): 200 GET http://10.180.1.21/compute/v2.1/servers/05d94242-4ca1-49b4-8a3a-85d110c40320 0.218s
2025-12-02 03:28:45.943 66496 INFO tempest.lib.common.rest_client [req-11c684ad-bedd-4850-9c1b-54011a3ab44c req-11c684ad-bedd-4850-9c1b-54011a3ab44c ] Request (ListImageFiltersTestJSON:test_list_images_with_detail_filter_by_type): 200 GET http://10.180.1.21/compute/v2.1/images/detail?type=snapshot 0.177s
2025-12-02 03:28:45.960 66512 INFO tempest.lib.common.rest_client [req-7560db07-df6a-4eae-94a2-5fcf816e3358 req-7560db07-df6a-4eae-94a2-5fcf816e3358 ] Request (ServerRescueTestJSON:setUpClass): 200 GET http://10.180.1.21/compute/v2.1/servers/af9ed130-7b15-42d3-a337-274adeb66e9a 0.058s
2025-12-02 03:28:45.984 66496 INFO tempest.lib.common.rest_client [req-7b949ba2-5cbf-464c-8a03-0699babccb79 req-7b949ba2-5cbf-464c-8a03-0699babccb79 ] Request (ListImageFiltersTestJSON:test_list_images_with_detail_filter_by_type): 200 GET http://10.180.1.21/compute/v2.1/images/0654bbb1-ab54-4ef0-b62b-f660af5a5470 0.036s
2025-12-02 03:28:46.062 66492 INFO tempest.lib.common.rest_client [req-c4539f8c-11d9-40f5-9100-dcf67fc1a29c req-c4539f8c-11d9-40f5-9100-dcf67fc1a29c ] Request (ServerMetadataTestJSON:tearDownClass): 200 GET http://10.180.1.21/compute/v2.1/servers/aae584ee-5d65-452e-91c3-c7e83f662543 0.090s
2025-12-02 03:28:46.063 66510 INFO tempest.lib.common.rest_client [req-48f3f5d6-aef0-4fae-aefb-84cbd91abb94 req-48f3f5d6-aef0-4fae-aefb-84cbd91abb94 ] Request (ServersWithSpecificFlavorTestJSON:test_verify_created_server_ephemeral_disk): 200 GET http://10.180.1.21/compute/v2.1/servers/0747291d-4ac0-4205-ace7-4ebd11f9e9b5 0.114s
2025-12-02 03:28:46.107 66496 INFO tempest.lib.common.rest_client [req-410931a1-9147-4c5c-845a-d610667bcb58 req-410931a1-9147-4c5c-845a-d610667bcb58 ] Request (ListImageFiltersTestJSON:test_list_images_with_detail_limit_results): 200 GET http://10.180.1.21/compute/v2.1/images/detail?limit=1 0.117s
2025-12-02 03:28:46.116 66519 INFO tempest.lib.common.rest_client [req-0f48c8a6-4d27-4ae5-97d7-6548bffeaed1 req-0f48c8a6-4d27-4ae5-97d7-6548bffeaed1 ] Request (ServerShowV247Test:test_update_rebuild_list_server): 200 GET http://10.180.1.21/compute/v2.1/servers/ae83591b-ba18-4eb5-a1de-bce9c4224fee 0.099s
2025-12-02 03:28:46.168 66526 INFO tempest.lib.common.rest_client [req-0e4f58d3-f2dd-45f7-979d-c1ed21b4c214 req-0e4f58d3-f2dd-45f7-979d-c1ed21b4c214 ] Request (ServersTestBootFromVolume:tearDownClass): 200 GET http://10.180.1.21/compute/v2.1/servers/100447f3-2da4-4a1f-bb6e-5783cb0821fa 0.125s
2025-12-02 03:28:46.173 66520 INFO tempest.lib.common.rest_client [req-7034eb9f-dc29-4ab3-a728-3218698deb41 req-7034eb9f-dc29-4ab3-a728-3218698deb41 ] Request (ImagesOneServerTestJSON:tearDownClass): 200 GET http://10.180.1.21/compute/v2.1/servers/1ed0f8ce-d32d-4983-9751-b7b4eb6bbfb9 0.084s
2025-12-02 03:28:46.215 66546 INFO tempest.lib.common.rest_client [req-d524424e-9af7-49c9-835f-bb2764c57767 req-d524424e-9af7-49c9-835f-bb2764c57767 ] Request (ServerActionsTestOtherB:setUpClass): 200 GET http://10.180.1.21/compute/v2.1/servers/340051fd-17a9-47eb-9fcc-3e08bd3942d7 0.116s
2025-12-02 03:28:46.263 66496 INFO tempest.lib.common.rest_client [req-58ec662f-60c2-4204-b7d3-8bbac05f6bcb req-58ec662f-60c2-4204-b7d3-8bbac05f6bcb ] Request (ListImageFiltersTestJSON:tearDownClass): 204 DELETE http://10.180.1.21/compute/v2.1/images/dca4e6e8-270b-4cc6-99fc-d1fdb7e1d047 0.149s
2025-12-02 03:28:46.273 66504 INFO tempest.lib.common.rest_client [req-24e26be5-f3a8-4535-8554-3cf7e364b30a req-24e26be5-f3a8-4535-8554-3cf7e364b30a ] Request (ListServerFiltersTestJSON:tearDownClass): 200 GET http://10.180.1.21/compute/v2.1/servers/124a3d95-a34b-4469-ac08-3688cf30d1d2 0.129s
2025-12-02 03:28:46.326 66530 INFO tempest.lib.common.rest_client [req-b6374090-eb10-42de-9bf9-55be2df67ebe req-b6374090-eb10-42de-9bf9-55be2df67ebe ] Request (ImagesOneServerNegativeTestJSON:_run_cleanups): 200 GET http://10.180.1.21/compute/v2.1/servers/932ab389-beca-4876-85cc-7628041dab3d 0.165s
2025-12-02 03:28:46.329 66544 INFO tempest.lib.common.rest_client [req-3aabad74-911a-4b85-a7c5-778b2c6d2152 req-3aabad74-911a-4b85-a7c5-778b2c6d2152 ] Request (ServerDiagnosticsTest:tearDownClass): 200 GET http://10.180.1.21/compute/v2.1/servers/719f243c-9c7c-47e9-9e2f-21bc145cb74d 0.087s
2025-12-02 03:28:46.382 66500 INFO tempest.lib.common.rest_client [req-6cdc96f0-798d-4101-b262-c302c481281f req-6cdc96f0-798d-4101-b262-c302c481281f ] Request (ServersNegativeTestJSON:setUpClass): 200 GET http://10.180.1.21/compute/v2.1/servers/310e55be-4eef-499d-b66a-aed5c01bc186 0.077s
2025-12-02 03:28:46.414 66496 INFO tempest.lib.common.rest_client [req-3261e113-12e5-4c9d-a597-bde6a82506bb req-3261e113-12e5-4c9d-a597-bde6a82506bb ] Request (ListImageFiltersTestJSON:tearDownClass): 204 DELETE http://10.180.1.21/compute/v2.1/images/70126522-b1f5-4674-be4e-4f6e40aa89ad 0.151s
2025-12-02 03:28:46.436 66488 INFO tempest.lib.common.rest_client [req-e74437ea-eb49-4222-864e-51f8bf0a8a64 req-e74437ea-eb49-4222-864e-51f8bf0a8a64 ] Request (ServerDiagnosticsV248Test:tearDownClass): 200 GET http://10.180.1.21/compute/v2.1/servers/331e5100-c1e3-4a01-8b02-d3e4b7452097 0.126s
2025-12-02 03:28:46.471 66538 INFO tempest.lib.common.rest_client [req-e77c1987-632a-4324-bc01-400dd64de78b req-e77c1987-632a-4324-bc01-400dd64de78b ] Request (ServerTagsTestJSON:tearDownClass): 200 GET http://10.180.1.21/compute/v2.1/servers/203be699-dfce-4549-8336-81f3649f5fb0 0.111s
2025-12-02 03:28:46.532 66496 INFO tempest.lib.common.rest_client [req-64c78b2f-93b1-40dd-be60-14074379a1f3 req-64c78b2f-93b1-40dd-be60-14074379a1f3 ] Request (ListImageFiltersTestJSON:tearDownClass): 204 DELETE http://10.180.1.21/compute/v2.1/images/5b10e52e-862c-4289-83b1-c93004dd6a1f 0.117s
2025-12-02 03:28:46.536 66498 INFO tempest.lib.common.rest_client [req-35d599a3-4ef5-40ba-ae4e-816ae20f9761 req-35d599a3-4ef5-40ba-ae4e-816ae20f9761 ] Request (FloatingIPsAssociationTestJSON:tearDownClass): 200 GET http://10.180.1.21/compute/v2.1/servers/96c17790-9f52-422c-b67c-034b00183281 0.120s
2025-12-02 03:28:46.594 66548 INFO tempest.lib.common.rest_client [req-955c8d8a-4939-4092-97ae-fc7a1c2bba73 req-955c8d8a-4939-4092-97ae-fc7a1c2bba73 ] Request (ServersAdminTestJSON:tearDownClass): 200 GET http://10.180.1.21/compute/v2.1/servers/6c37e2d8-7eac-439d-bf5b-316fd88884f2 0.083s
2025-12-02 03:28:46.672 66506 INFO tempest.lib.common.rest_client [req-eb8a9bab-42d1-4840-8ed0-dd8666448e03 req-eb8a9bab-42d1-4840-8ed0-dd8666448e03 ] Request (ServerDiskConfigTestJSON:test_resize_server_from_auto_to_manual): 200 GET http://10.180.1.21/compute/v2.1/servers/f6823ce5-4b96-406d-a306-3bf5a6057ef4 0.223s
2025-12-02 03:28:46.673 66496 INFO tempest.lib.common.rest_client [req-c16e7461-6e17-40b7-a282-af3d55c5f06a req-c16e7461-6e17-40b7-a282-af3d55c5f06a ] Request (ListImageFiltersTestJSON:tearDownClass): 204 DELETE http://10.180.1.21/compute/v2.1/servers/26e95aa2-8b72-408b-9138-ac91839b7e46 0.140s
2025-12-02 03:28:46.710 66490 INFO tempest.lib.common.rest_client [req-d80e21c9-efdb-4239-9c9d-fbe9551626e0 req-d80e21c9-efdb-4239-9c9d-fbe9551626e0 ] Request (ImagesTestJSON:test_create_server_from_snapshot): 200 GET http://10.180.1.21/compute/v2.1/images/c2a34639-cb71-40d5-9987-2f40b74a52e8 0.117s
2025-12-02 03:28:46.742 66514 INFO tempest.lib.common.rest_client [req-2b35dbd7-47fe-4421-93d5-a18b70701b6a req-2b35dbd7-47fe-4421-93d5-a18b70701b6a ] Request (ServersAdminNegativeTestJSON:tearDownClass): 200 GET http://10.180.1.21/compute/v2.1/servers/61a64ba1-88f1-41e4-888c-2609acd82822 0.174s
2025-12-02 03:28:46.760 66542 INFO tempest.lib.common.rest_client [req-acb38814-ab39-4cea-a674-238cfb68d801 req-acb38814-ab39-4cea-a674-238cfb68d801 ] Request (ServersTestJSON:setUpClass): 200 GET http://10.180.1.21/compute/v2.1/servers/cadd2a5a-2396-4ae5-877c-1260bf8e29e9 0.108s
2025-12-02 03:28:46.852 66522 INFO tempest.lib.common.rest_client [req-269ca255-1b4b-4bc3-9a6e-60c74652aa6b req-269ca255-1b4b-4bc3-9a6e-60c74652aa6b ] Request (MigrationsAdminTest:test_resize_server_revert_deleted_flavor): 200 GET http://10.180.1.21/compute/v2.1/servers/9fd88eee-356b-436d-95d2-f4b7ed9a8383 0.141s
2025-12-02 03:28:46.860 66496 INFO tempest.lib.common.rest_client [req-34de184e-c825-4fd6-94e6-b92b2853b7e0 req-34de184e-c825-4fd6-94e6-b92b2853b7e0 ] Request (ListImageFiltersTestJSON:tearDownClass): 200 GET http://10.180.1.21/compute/v2.1/servers/26e95aa2-8b72-408b-9138-ac91839b7e46 0.186s
2025-12-02 03:28:46.906 66502 INFO tempest.lib.common.rest_client [req-886181b3-93f2-4371-8340-35ac8300d856 req-886181b3-93f2-4371-8340-35ac8300d856 ] Request (ServersTestMultiNic:test_verify_multiple_nics_order): 200 GET http://10.180.1.21/compute/v2.1/servers/f56c0adf-c6a9-4459-b27a-06ed59aa0909 0.063s
2025-12-02 03:28:46.946 66534 INFO tempest.lib.common.rest_client [req-f29c57f1-a52f-4e61-bd99-cfd3d12f1e35 req-f29c57f1-a52f-4e61-bd99-cfd3d12f1e35 ] Request (SecurityGroupsTestJSON:test_server_security_groups): 200 GET http://10.180.1.21/compute/v2.1/servers/55b0c2ae-91bd-4a98-a9f7-1cd86430affa 0.162s
2025-12-02 03:28:46.956 66486 INFO tempest.lib.common.rest_client [req-efe2dc45-24c6-489a-8a2b-30b4d345037a req-efe2dc45-24c6-489a-8a2b-30b4d345037a ] Request (InstanceActionsNegativeTestJSON:tearDownClass): 200 GET http://10.180.1.21/compute/v2.1/servers/b810f99e-edce-48bf-8e96-319e5ab80ac5 0.113s
2025-12-02 03:28:46.999 66508 INFO tempest.lib.common.rest_client [req-2b1b00f5-3891-4bb4-a1d2-56fcb24f5299 req-2b1b00f5-3891-4bb4-a1d2-56fcb24f5299 ] Request (ServerRescueTestJSONUnderV235:setUpClass): 200 GET http://10.180.1.21/compute/v2.1/servers/d38b5bb6-427a-4391-a710-d0c96371eb39 0.099s
2025-12-02 03:28:47.021 66536 INFO tempest.lib.common.rest_client [req-dea14b64-7ffd-49e2-bef0-2c422803e320 req-dea14b64-7ffd-49e2-bef0-2c422803e320 ] Request (AttachInterfacesUnderV243Test:_run_cleanups): 200 GET http://10.180.1.21/compute/v2.1/servers/05d94242-4ca1-49b4-8a3a-85d110c40320 0.111s
2025-12-02 03:28:47.055 66512 INFO tempest.lib.common.rest_client [req-b9d7c4c2-e41f-4be1-afb3-3dd8b86de16c req-b9d7c4c2-e41f-4be1-afb3-3dd8b86de16c ] Request (ServerRescueTestJSON:setUpClass): 200 GET http://10.180.1.21/compute/v2.1/servers/af9ed130-7b15-42d3-a337-274adeb66e9a 0.084s
