2025-12-02 15:04:14.250 66162 INFO tempest.lib.common.dynamic_creds [-] Created isolated network resources for: credentials: Credentials: {'domain_id': 'default', 'domain_name': 'Default', 'username': 'tempest-ImagesNegativeTestJSON-300356835-project-member', 'project_domain_id': 'default', 'project_domain_name': 'Default', 'project_id': '4ac95674826b4178ad5fac55c9ee6117', 'project_name': 'tempest-ImagesNegativeTestJSON-300356835', 'tenant_id': '4ac95674826b4178ad5fac55c9ee6117', 'tenant_name': 'tempest-ImagesNegativeTestJSON-300356835', 'user_domain_id': 'default', 'user_domain_name': 'Default', 'user_id': '17e5b3c2ded34b76b8324ab0552636ae', 'system': None}, Network: {'id': '848e9832-8925-48e3-a9e7-ac97141238da', 'name': 'tempest-ImagesNegativeTestJSON-1906626134-network', 'tenant_id': '4ac95674826b4178ad5fac55c9ee6117', 'project_id': '4ac95674826b4178ad5fac55c9ee6117', 'admin_state_up': True, 'mtu': 8950, 'status': 'ACTIVE', 'subnets': [], 'shared': False, 'port_security_enabled': True, 'router:external': False, 'provider:network_type': 'vlan', 'provider:physical_network': 'default', 'provider:segmentation_id': 368, 'availability_zone_hints': [], 'availability_zones': [], 'ipv4_address_scope': None, 'ipv6_address_scope': None, 'description': '', 'tags': [], 'created_at': '2025-12-02T15:04:10Z', 'updated_at': '2025-12-02T15:04:10Z', 'revision_number': 1}, Subnet: {'id': '1167f99f-7702-44e8-83fb-15e73d330d2f', 'name': 'tempest-ImagesNegativeTestJSON-1906626134-subnet', 'tenant_id': '4ac95674826b4178ad5fac55c9ee6117', 'network_id': '848e9832-8925-48e3-a9e7-ac97141238da', 'ip_version': 4, 'subnetpool_id': None, 'enable_dhcp': True, 'ipv6_ra_mode': None, 'ipv6_address_mode': None, 'gateway_ip': '192.168.128.1', 'cidr': '192.168.128.0/28', 'allocation_pools': [{'start': '192.168.128.2', 'end': '192.168.128.14'}], 'host_routes': [], 'dns_nameservers': [], 'description': '', 'router:external': False, 'service_types': [], 'tags': [], 'created_at': '2025-12-02T15:04:11Z', 'updated_at': '2025-12-02T15:04:11Z', 'revision_number': 0, 'project_id': '4ac95674826b4178ad5fac55c9ee6117'}, Router: {'id': 'a29dc602-7ca6-48bb-a4f6-b31bfe8781fa', 'name': 'tempest-ImagesNegativeTestJSON-1906626134-router', 'tenant_id': '4ac95674826b4178ad5fac55c9ee6117', 'admin_state_up': True, 'status': 'ACTIVE', 'external_gateway_info': {'network_id': 'c84c5ec4-1474-475e-b71c-c948e965b09e', 'external_fixed_ips': [{'subnet_id': 'dc125165-dfd3-40f8-9d1d-7ef01ca09f6e', 'ip_address': '10.180.180.166'}], 'enable_snat': True}, 'description': '', 'availability_zones': [], 'distributed': False, 'ha': False, 'availability_zone_hints': [], 'routes': [], 'flavor_id': None, 'tags': [], 'created_at': '2025-12-02T15:04:12Z', 'updated_at': '2025-12-02T15:04:12Z', 'revision_number': 2, 'project_id': '4ac95674826b4178ad5fac55c9ee6117'}
2025-12-02 15:04:14.251 66146 INFO tempest.lib.common.rest_client [req-62d6f527-608f-49dd-ad97-72fe189fdbe9 req-62d6f527-608f-49dd-ad97-72fe189fdbe9 ] Request (FlavorsV261TestJSON:setUpClass): 200 GET http://10.180.1.21/identity/v3/roles 0.080s
2025-12-02 15:04:14.280 66148 INFO tempest.lib.common.rest_client [req-55310984-061e-4d93-a2d3-a51f3e7fdd63 req-55310984-061e-4d93-a2d3-a51f3e7fdd63 ] Request (ServersTestBootFromVolume:setUpClass): 200 GET http://10.180.1.21/volume/v3/volumes/496b7d36-de41-4ad8-9b1a-54eec0e56f65 0.040s
2025-12-02 15:04:14.292 66146 INFO tempest.lib.common.rest_client [req-4cb10345-7e9f-4578-9858-17429ab7dbc4 req-4cb10345-7e9f-4578-9858-17429ab7dbc4 ] Request (FlavorsV261TestJSON:setUpClass): 204 PUT http://10.180.1.21/identity/v3/projects/48326234cfc9468f889d77392c4da573/users/7db912a74c23434182acb0ec0f74c64f/roles/13e863d1d1234ffab9e855c608be04f8 0.040s
2025-12-02 15:04:14.292 66146 INFO tempest.lib.common.dynamic_creds [-] Dynamic test user 7db912a74c23434182acb0ec0f74c64f is created with scope project and roles: ['admin']
2025-12-02 15:04:14.292 66146 INFO tempest.lib.common.dynamic_creds [-] Acquired dynamic creds: credentials: Credentials: {'domain_id': 'default', 'domain_name': 'Default', 'username': 'tempest-FlavorsV261TestJSON-1005651930-project-admin', 'project_domain_id': 'default', 'project_domain_name': 'Default', 'project_id': '48326234cfc9468f889d77392c4da573', 'project_name': 'tempest-FlavorsV261TestJSON-1005651930', 'tenant_id': '48326234cfc9468f889d77392c4da573', 'tenant_name': 'tempest-FlavorsV261TestJSON-1005651930', 'user_domain_id': 'default', 'user_domain_name': 'Default', 'user_id': '7db912a74c23434182acb0ec0f74c64f', 'system': None}, Network: None, Subnet: None, Router: None
2025-12-02 15:04:14.292 66146 INFO tempest.lib.common.dynamic_creds [-] Created isolated network resources for: credentials: Credentials: {'domain_id': 'default', 'domain_name': 'Default', 'username': 'tempest-FlavorsV261TestJSON-1005651930-project-admin', 'project_domain_id': 'default', 'project_domain_name': 'Default', 'project_id': '48326234cfc9468f889d77392c4da573', 'project_name': 'tempest-FlavorsV261TestJSON-1005651930', 'tenant_id': '48326234cfc9468f889d77392c4da573', 'tenant_name': 'tempest-FlavorsV261TestJSON-1005651930', 'user_domain_id': 'default', 'user_domain_name': 'Default', 'user_id': '7db912a74c23434182acb0ec0f74c64f', 'system': None}, Network: None, Subnet: None, Router: None
2025-12-02 15:04:14.309 66138 INFO tempest.lib.common.rest_client [req-82a5ee04-6ca9-4279-8994-499e210c3b11 req-82a5ee04-6ca9-4279-8994-499e210c3b11 ] Request (VolumesAssistedSnapshotsTest:test_volume_assisted_snapshot_create_delete): 200 GET http://10.180.1.21/compute/v2.1/servers/2bc10fe1-de30-44e6-a0b8-894c02cd8ccc 10.244s
2025-12-02 15:04:14.318 66138 INFO tempest.common.waiters [-] State transition "BUILD/spawning" ==> "ACTIVE/None" after 32 second wait
2025-12-02 15:04:14.360 66162 INFO tempest.lib.common.rest_client [req-ed194d73-01f3-4ad0-ba83-f5fed2a36dbd req-ed194d73-01f3-4ad0-ba83-f5fed2a36dbd ] Request (ImagesNegativeTestJSON:setUpClass): 201 POST http://10.180.1.21/identity/v3/auth/tokens 0.105s
2025-12-02 15:04:14.398 66146 INFO tempest.lib.common.rest_client [req-1c2c1983-621b-44bc-a1d5-3d24404f208a req-1c2c1983-621b-44bc-a1d5-3d24404f208a ] Request (FlavorsV261TestJSON:setUpClass): 201 POST http://10.180.1.21/identity/v3/auth/tokens 0.102s
2025-12-02 15:04:14.406 66162 INFO tempest.lib.common.rest_client [req-7b0efa97-1a91-438d-a3d4-142a497b6449 req-7b0efa97-1a91-438d-a3d4-142a497b6449 ] Request (ImagesNegativeTestJSON:test_create_image_from_deleted_server): 201 POST http://10.180.1.21/identity/v3/auth/tokens 0.038s
2025-12-02 15:04:14.407 66162 INFO tempest.lib.common.fixed_network [-] (ImagesNegativeTestJSON:test_create_image_from_deleted_server) Found network {'id': '848e9832-8925-48e3-a9e7-ac97141238da', 'name': 'tempest-ImagesNegativeTestJSON-1906626134-network', 'tenant_id': '4ac95674826b4178ad5fac55c9ee6117', 'project_id': '4ac95674826b4178ad5fac55c9ee6117', 'admin_state_up': True, 'mtu': 8950, 'status': 'ACTIVE', 'subnets': [], 'shared': False, 'port_security_enabled': True, 'router:external': False, 'provider:network_type': 'vlan', 'provider:physical_network': 'default', 'provider:segmentation_id': 368, 'availability_zone_hints': [], 'availability_zones': [], 'ipv4_address_scope': None, 'ipv6_address_scope': None, 'description': '', 'tags': [], 'created_at': '2025-12-02T15:04:10Z', 'updated_at': '2025-12-02T15:04:10Z', 'revision_number': 1} available for tenant
2025-12-02 15:04:14.625 66136 INFO tempest.lib.common.rest_client [req-7833c91d-e4e2-47a1-b71e-208de9a8b9c5 req-7833c91d-e4e2-47a1-b71e-208de9a8b9c5 ] Request (VolumesAdminNegativeTest:setUpClass): 200 PUT http://10.180.1.21/networking/v2.0/routers/6e4b0c25-b787-452b-9697-2f5f0c68f5ce/add_router_interface 1.361s
2025-12-02 15:04:14.625 66136 INFO tempest.lib.common.dynamic_creds [-] Created isolated network resources for: credentials: Credentials: {'domain_id': 'default', 'domain_name': 'Default', 'username': 'tempest-VolumesAdminNegativeTest-1213318703-project-admin', 'project_domain_id': 'default', 'project_domain_name': 'Default', 'project_id': '5f3e73e636f8429e98c2a8511035a2e8', 'project_name': 'tempest-VolumesAdminNegativeTest-1213318703', 'tenant_id': '5f3e73e636f8429e98c2a8511035a2e8', 'tenant_name': 'tempest-VolumesAdminNegativeTest-1213318703', 'user_domain_id': 'default', 'user_domain_name': 'Default', 'user_id': 'e6450e7296344c4ba4fcb102b34de3a5', 'system': None}, Network: {'id': '48a3a53a-065d-4079-8f21-9b790fc79847', 'name': 'tempest-VolumesAdminNegativeTest-1318875757-network', 'tenant_id': '5f3e73e636f8429e98c2a8511035a2e8', 'project_id': '5f3e73e636f8429e98c2a8511035a2e8', 'admin_state_up': True, 'mtu': 8950, 'status': 'ACTIVE', 'subnets': [], 'shared': False, 'port_security_enabled': True, 'router:external': False, 'provider:network_type': 'vlan', 'provider:physical_network': 'default', 'provider:segmentation_id': 745, 'availability_zone_hints': [], 'availability_zones': [], 'ipv4_address_scope': None, 'ipv6_address_scope': None, 'description': '', 'tags': [], 'created_at': '2025-12-02T15:04:10Z', 'updated_at': '2025-12-02T15:04:10Z', 'revision_number': 1}, Subnet: {'id': 'df6da07a-ec8f-441c-b2cd-d772008a92a4', 'name': 'tempest-VolumesAdminNegativeTest-1318875757-subnet', 'tenant_id': '5f3e73e636f8429e98c2a8511035a2e8', 'network_id': '48a3a53a-065d-4079-8f21-9b790fc79847', 'ip_version': 4, 'subnetpool_id': None, 'enable_dhcp': True, 'ipv6_ra_mode': None, 'ipv6_address_mode': None, 'gateway_ip': '192.168.128.1', 'cidr': '192.168.128.0/28', 'allocation_pools': [{'start': '192.168.128.2', 'end': '192.168.128.14'}], 'host_routes': [], 'dns_nameservers': [], 'description': '', 'router:external': False, 'service_types': [], 'tags': [], 'created_at': '2025-12-02T15:04:11Z', 'updated_at': '2025-12-02T15:04:11Z', 'revision_number': 0, 'project_id': '5f3e73e636f8429e98c2a8511035a2e8'}, Router: {'id': '6e4b0c25-b787-452b-9697-2f5f0c68f5ce', 'name': 'tempest-VolumesAdminNegativeTest-1318875757-router', 'tenant_id': '5f3e73e636f8429e98c2a8511035a2e8', 'admin_state_up': True, 'status': 'ACTIVE', 'external_gateway_info': {'network_id': 'c84c5ec4-1474-475e-b71c-c948e965b09e', 'external_fixed_ips': [{'subnet_id': 'dc125165-dfd3-40f8-9d1d-7ef01ca09f6e', 'ip_address': '10.180.180.234'}], 'enable_snat': True}, 'description': '', 'availability_zones': [], 'distributed': False, 'ha': False, 'availability_zone_hints': [], 'routes': [], 'flavor_id': None, 'tags': [], 'created_at': '2025-12-02T15:04:12Z', 'updated_at': '2025-12-02T15:04:12Z', 'revision_number': 2, 'project_id': '5f3e73e636f8429e98c2a8511035a2e8'}
2025-12-02 15:04:14.733 66136 INFO tempest.lib.common.rest_client [req-b773fefa-c091-4afa-83d2-5fa8073c324f req-b773fefa-c091-4afa-83d2-5fa8073c324f ] Request (VolumesAdminNegativeTest:setUpClass): 201 POST http://10.180.1.21/identity/v3/auth/tokens 0.106s
2025-12-02 15:04:14.798 66112 INFO tempest.lib.common.rest_client [req-bf893e40-f5df-43f6-95bf-8a06ea4e7391 req-bf893e40-f5df-43f6-95bf-8a06ea4e7391 ] Request (QuotasAdminTestV236:tearDownClass): 204 DELETE http://10.180.1.21/networking/v2.0/security-groups/8094d8ce-e232-470f-88b8-05ea4532044b 1.296s
2025-12-02 15:04:14.815 66108 INFO tempest.lib.common.rest_client [req-a3921c11-9f95-4e10-b26d-fe9a805ef3af req-a3921c11-9f95-4e10-b26d-fe9a805ef3af ] Request (ImagesTestJSON:test_create_image_from_stopped_server): 200 GET http://10.180.1.21/compute/v2.1/servers/f221b3b2-270f-4787-aba0-24112bccfe1c 10.612s
2025-12-02 15:04:14.828 66108 INFO tempest.common.waiters [-] State transition "BUILD/spawning" ==> "ACTIVE/None" after 38 second wait
2025-12-02 15:04:14.877 66136 INFO tempest.lib.common.rest_client [req-fc267a64-1397-4b51-876a-17f2e88a8613 req-fc267a64-1397-4b51-876a-17f2e88a8613 ] Request (VolumesAdminNegativeTest:setUpClass): 201 POST http://10.180.1.21/identity/v3/projects 0.141s
2025-12-02 15:04:14.966 66136 INFO tempest.lib.common.rest_client [req-b7837ce0-fdce-4a84-af04-eb78fcd227aa req-b7837ce0-fdce-4a84-af04-eb78fcd227aa ] Request (VolumesAdminNegativeTest:setUpClass): 201 POST http://10.180.1.21/identity/v3/users 0.089s
2025-12-02 15:04:15.021 66136 INFO tempest.lib.common.rest_client [req-45a36cce-8b08-443e-ab9b-d719a677b15e req-45a36cce-8b08-443e-ab9b-d719a677b15e ] Request (VolumesAdminNegativeTest:setUpClass): 200 GET http://10.180.1.21/identity/v3/roles 0.055s
2025-12-02 15:04:15.030 66112 INFO tempest.lib.common.rest_client [req-307267fb-2b5b-46e4-9c20-f4d7acc69002 req-307267fb-2b5b-46e4-9c20-f4d7acc69002 ] Request (QuotasAdminTestV236:tearDownClass): 204 DELETE http://10.180.1.21/identity/v3/projects/269cc9d6a1d64fcc987ec439a0f59195 0.232s
2025-12-02 15:04:15.080 66112 INFO tempest.lib.common.rest_client [req-45fade8f-97f5-43ef-b9b7-f56edb8a5ec1 req-45fade8f-97f5-43ef-b9b7-f56edb8a5ec1 ] Request (TenantUsagesNegativeTestJSON:setUpClass): 201 POST http://10.180.1.21/identity/v3/auth/tokens 0.048s
2025-12-02 15:04:15.102 66136 INFO tempest.lib.common.rest_client [req-683daccc-cb3c-489c-8619-283544681047 req-683daccc-cb3c-489c-8619-283544681047 ] Request (VolumesAdminNegativeTest:setUpClass): 204 PUT http://10.180.1.21/identity/v3/projects/2649e1d4b2ab4dbca6886d645946b13b/users/e45c0f1c80c54b568bc42da3ce91dd7f/roles/13e863d1d1234ffab9e855c608be04f8 0.080s
2025-12-02 15:04:15.110 66156 INFO tempest.lib.common.rest_client [req-a526a3c1-8733-44dd-aa24-ea8138ed7887 req-a526a3c1-8733-44dd-aa24-ea8138ed7887 ] Request (AttachInterfacesV270Test:tearDownClass): 200 GET http://10.180.1.21/compute/v2.1/servers/da1728e5-1c51-42b7-8186-f58cd19c51ff 10.497s
2025-12-02 15:04:15.129 66156 INFO tempest.common.waiters [-] State transition "ACTIVE/deleting" ==> "DELETED/None" after 12 second wait
2025-12-02 15:04:15.177 66136 INFO tempest.lib.common.rest_client [req-f6310aae-06f9-4aca-90bd-c22972c47d3d req-f6310aae-06f9-4aca-90bd-c22972c47d3d ] Request (VolumesAdminNegativeTest:setUpClass): 200 GET http://10.180.1.21/identity/v3/roles 0.074s
2025-12-02 15:04:15.209 66112 INFO tempest.lib.common.rest_client [req-57cfad13-d0a1-446b-b8ed-83c10e6672dc req-57cfad13-d0a1-446b-b8ed-83c10e6672dc ] Request (TenantUsagesNegativeTestJSON:setUpClass): 201 POST http://10.180.1.21/identity/v3/auth/tokens 0.122s
2025-12-02 15:04:15.215 66136 INFO tempest.lib.common.rest_client [req-dab0cb75-9912-4f15-addb-630861f35982 req-dab0cb75-9912-4f15-addb-630861f35982 ] Request (VolumesAdminNegativeTest:setUpClass): 204 PUT http://10.180.1.21/identity/v3/projects/2649e1d4b2ab4dbca6886d645946b13b/users/e45c0f1c80c54b568bc42da3ce91dd7f/roles/72baae56e1374e88a9ac6d6d70ee247a 0.035s
2025-12-02 15:04:15.215 66136 INFO tempest.lib.common.dynamic_creds [-] Dynamic test user e45c0f1c80c54b568bc42da3ce91dd7f is created with scope project and roles: ['admin', 'service']
2025-12-02 15:04:15.215 66136 INFO tempest.lib.common.dynamic_creds [-] Acquired dynamic creds: credentials: Credentials: {'domain_id': 'default', 'domain_name': 'Default', 'username': 'tempest-VolumesAdminNegativeTest-1104599411-project', 'project_domain_id': 'default', 'project_domain_name': 'Default', 'project_id': '2649e1d4b2ab4dbca6886d645946b13b', 'project_name': 'tempest-VolumesAdminNegativeTest-1104599411', 'tenant_id': '2649e1d4b2ab4dbca6886d645946b13b', 'tenant_name': 'tempest-VolumesAdminNegativeTest-1104599411', 'user_domain_id': 'default', 'user_domain_name': 'Default', 'user_id': 'e45c0f1c80c54b568bc42da3ce91dd7f', 'system': None}, Network: None, Subnet: None, Router: None
2025-12-02 15:04:15.236 66124 INFO tempest.lib.common.rest_client [req-ad30960f-8474-4094-b63a-da611aa27255 req-ad30960f-8474-4094-b63a-da611aa27255 ] Request (ServerExternalEventsTest:test_create_server_external_events): 200 GET http://10.180.1.21/compute/v2.1/servers/9b83f577-df7e-4923-8d63-56fb1f067bbb 10.894s
2025-12-02 15:04:15.248 66124 INFO tempest.common.waiters [-] State transition "BUILD/spawning" ==> "ACTIVE/None" after 39 second wait
2025-12-02 15:04:15.319 66112 INFO tempest.lib.common.rest_client [req-cd1b7d88-5cb8-440a-9430-a679a3df8a5a req-cd1b7d88-5cb8-440a-9430-a679a3df8a5a ] Request (TenantUsagesNegativeTestJSON:setUpClass): 200 GET http://10.180.1.21/identity/v3/domains?name=Default 0.110s
2025-12-02 15:04:15.326 66148 INFO tempest.lib.common.rest_client [req-770fa65b-978c-483e-b223-62e92f714d2e req-770fa65b-978c-483e-b223-62e92f714d2e ] Request (ServersTestBootFromVolume:setUpClass): 200 GET http://10.180.1.21/volume/v3/volumes/496b7d36-de41-4ad8-9b1a-54eec0e56f65 0.037s
2025-12-02 15:04:15.354 66112 INFO tempest.lib.common.rest_client [req-4ef24e1b-1fc4-461b-93e3-0954ff4de4cc req-4ef24e1b-1fc4-461b-93e3-0954ff4de4cc ] Request (TenantUsagesNegativeTestJSON:setUpClass): 201 POST http://10.180.1.21/identity/v3/projects 0.034s
2025-12-02 15:04:15.430 66112 INFO tempest.lib.common.rest_client [req-14fbcf3b-8f45-484d-a788-4ab435131b6e req-14fbcf3b-8f45-484d-a788-4ab435131b6e ] Request (TenantUsagesNegativeTestJSON:setUpClass): 201 POST http://10.180.1.21/identity/v3/users 0.075s
2025-12-02 15:04:15.444 66140 INFO tempest.lib.common.rest_client [req-e81fb3c6-2e6e-4304-b67f-6278c8e18dbf req-e81fb3c6-2e6e-4304-b67f-6278c8e18dbf ] Request (DeleteServersTestJSON:test_delete_active_server): 200 GET http://10.180.1.21/compute/v2.1/servers/ca4d8f62-986f-4ea8-92fc-cdfd9e3d32d9 10.795s
2025-12-02 15:04:15.454 66140 INFO tempest.common.waiters [-] State transition "ACTIVE/deleting" ==> "DELETED/None" after 12 second wait
2025-12-02 15:04:15.465 66112 INFO tempest.lib.common.rest_client [req-49928493-71bf-457d-8428-7be97894a666 req-49928493-71bf-457d-8428-7be97894a666 ] Request (TenantUsagesNegativeTestJSON:setUpClass): 200 GET http://10.180.1.21/identity/v3/roles 0.035s
2025-12-02 15:04:15.517 66112 INFO tempest.lib.common.rest_client [req-95d3ef48-7486-40cf-9c78-bfb0e97bc5dd req-95d3ef48-7486-40cf-9c78-bfb0e97bc5dd ] Request (TenantUsagesNegativeTestJSON:setUpClass): 204 PUT http://10.180.1.21/identity/v3/projects/6ca4e13c9bf44068888a41da6f9b852a/users/ae94c6edfb294b0fadb975ea233a3e87/roles/794219207442444e9c94aa72c2b22b32 0.051s
2025-12-02 15:04:15.517 66112 INFO tempest.lib.common.dynamic_creds [-] Dynamic test user ae94c6edfb294b0fadb975ea233a3e87 is created with scope project and roles: ['member']
2025-12-02 15:04:15.518 66112 INFO tempest.lib.common.dynamic_creds [-] Acquired dynamic creds: credentials: Credentials: {'domain_id': 'default', 'domain_name': 'Default', 'username': 'tempest-TenantUsagesNegativeTestJSON-2117160506-project-member', 'project_domain_id': 'default', 'project_domain_name': 'Default', 'project_id': '6ca4e13c9bf44068888a41da6f9b852a', 'project_name': 'tempest-TenantUsagesNegativeTestJSON-2117160506', 'tenant_id': '6ca4e13c9bf44068888a41da6f9b852a', 'tenant_name': 'tempest-TenantUsagesNegativeTestJSON-2117160506', 'user_domain_id': 'default', 'user_domain_name': 'Default', 'user_id': 'ae94c6edfb294b0fadb975ea233a3e87', 'system': None}, Network: None, Subnet: None, Router: None
2025-12-02 15:04:15.518 66112 INFO tempest.lib.common.dynamic_creds [-] Created isolated network resources for: credentials: Credentials: {'domain_id': 'default', 'domain_name': 'Default', 'username': 'tempest-TenantUsagesNegativeTestJSON-2117160506-project-member', 'project_domain_id': 'default', 'project_domain_name': 'Default', 'project_id': '6ca4e13c9bf44068888a41da6f9b852a', 'project_name': 'tempest-TenantUsagesNegativeTestJSON-2117160506', 'tenant_id': '6ca4e13c9bf44068888a41da6f9b852a', 'tenant_name': 'tempest-TenantUsagesNegativeTestJSON-2117160506', 'user_domain_id': 'default', 'user_domain_name': 'Default', 'user_id': 'ae94c6edfb294b0fadb975ea233a3e87', 'system': None}, Network: None, Subnet: None, Router: None
2025-12-02 15:04:15.647 66112 INFO tempest.lib.common.rest_client [req-9ec6f0b5-9395-41de-a3b5-d5075b0e5cc0 req-9ec6f0b5-9395-41de-a3b5-d5075b0e5cc0 ] Request (TenantUsagesNegativeTestJSON:setUpClass): 201 POST http://10.180.1.21/identity/v3/auth/tokens 0.125s
2025-12-02 15:04:15.714 66136 INFO tempest.lib.common.rest_client [req-e53ef364-dd52-4eda-8d03-9d567592f7e2 req-e53ef364-dd52-4eda-8d03-9d567592f7e2 ] Request (VolumesAdminNegativeTest:setUpClass): 201 POST http://10.180.1.21/networking/v2.0/networks 0.498s
2025-12-02 15:04:15.733 66112 INFO tempest.lib.common.rest_client [req-f4ba5e1d-9066-4b72-b2d6-a18873e14727 req-f4ba5e1d-9066-4b72-b2d6-a18873e14727 ] Request (TenantUsagesNegativeTestJSON:setUpClass): 201 POST http://10.180.1.21/identity/v3/projects 0.084s
2025-12-02 15:04:15.801 66112 INFO tempest.lib.common.rest_client [req-22f2339b-02b6-4fd3-a5cc-74fcd56ea1ad req-22f2339b-02b6-4fd3-a5cc-74fcd56ea1ad ] Request (TenantUsagesNegativeTestJSON:setUpClass): 201 POST http://10.180.1.21/identity/v3/users 0.068s
2025-12-02 15:04:15.823 66112 INFO tempest.lib.common.rest_client [req-07b21415-ff7f-40aa-ba62-53a5bc7a8efc req-07b21415-ff7f-40aa-ba62-53a5bc7a8efc ] Request (TenantUsagesNegativeTestJSON:setUpClass): 200 GET http://10.180.1.21/identity/v3/roles 0.022s
2025-12-02 15:04:15.849 66112 INFO tempest.lib.common.rest_client [req-39c801f9-a316-426b-9b96-9db6872dfc0e req-39c801f9-a316-426b-9b96-9db6872dfc0e ] Request (TenantUsagesNegativeTestJSON:setUpClass): 204 PUT http://10.180.1.21/identity/v3/projects/917dee736f24410d81c3e8643dfff5d7/users/6f95149cf40148c08152a4c8f468edec/roles/13e863d1d1234ffab9e855c608be04f8 0.025s
2025-12-02 15:04:15.911 66112 INFO tempest.lib.common.rest_client [req-b0a62863-e0a8-4cbd-8f07-2395ade2634c req-b0a62863-e0a8-4cbd-8f07-2395ade2634c ] Request (TenantUsagesNegativeTestJSON:setUpClass): 200 GET http://10.180.1.21/identity/v3/roles 0.062s
2025-12-02 15:04:15.929 66112 INFO tempest.lib.common.rest_client [req-069b959b-7834-4095-99f1-0e6cf922f0b8 req-069b959b-7834-4095-99f1-0e6cf922f0b8 ] Request (TenantUsagesNegativeTestJSON:setUpClass): 204 PUT http://10.180.1.21/identity/v3/projects/917dee736f24410d81c3e8643dfff5d7/users/6f95149cf40148c08152a4c8f468edec/roles/13e863d1d1234ffab9e855c608be04f8 0.017s
2025-12-02 15:04:15.929 66112 INFO tempest.lib.common.dynamic_creds [-] Dynamic test user 6f95149cf40148c08152a4c8f468edec is created with scope project and roles: ['admin']
2025-12-02 15:04:15.930 66112 INFO tempest.lib.common.dynamic_creds [-] Acquired dynamic creds: credentials: Credentials: {'domain_id': 'default', 'domain_name': 'Default', 'username': 'tempest-TenantUsagesNegativeTestJSON-25011336-project-admin', 'project_domain_id': 'default', 'project_domain_name': 'Default', 'project_id': '917dee736f24410d81c3e8643dfff5d7', 'project_name': 'tempest-TenantUsagesNegativeTestJSON-25011336', 'tenant_id': '917dee736f24410d81c3e8643dfff5d7', 'tenant_name': 'tempest-TenantUsagesNegativeTestJSON-25011336', 'user_domain_id': 'default', 'user_domain_name': 'Default', 'user_id': '6f95149cf40148c08152a4c8f468edec', 'system': None}, Network: None, Subnet: None, Router: None
2025-12-02 15:04:15.930 66112 INFO tempest.lib.common.dynamic_creds [-] Created isolated network resources for: credentials: Credentials: {'domain_id': 'default', 'domain_name': 'Default', 'username': 'tempest-TenantUsagesNegativeTestJSON-25011336-project-admin', 'project_domain_id': 'default', 'project_domain_name': 'Default', 'project_id': '917dee736f24410d81c3e8643dfff5d7', 'project_name': 'tempest-TenantUsagesNegativeTestJSON-25011336', 'tenant_id': '917dee736f24410d81c3e8643dfff5d7', 'tenant_name': 'tempest-TenantUsagesNegativeTestJSON-25011336', 'user_domain_id': 'default', 'user_domain_name': 'Default', 'user_id': '6f95149cf40148c08152a4c8f468edec', 'system': None}, Network: None, Subnet: None, Router: None
2025-12-02 15:04:16.029 66112 INFO tempest.lib.common.rest_client [req-65ab40d6-0dde-4f93-8245-58a637e9c4a5 req-65ab40d6-0dde-4f93-8245-58a637e9c4a5 ] Request (TenantUsagesNegativeTestJSON:setUpClass): 201 POST http://10.180.1.21/identity/v3/auth/tokens 0.095s
2025-12-02 15:04:16.363 66148 INFO tempest.lib.common.rest_client [req-2cbcf030-65d6-44c0-9031-91c0b35b7c91 req-2cbcf030-65d6-44c0-9031-91c0b35b7c91 ] Request (ServersTestBootFromVolume:setUpClass): 200 GET http://10.180.1.21/volume/v3/volumes/496b7d36-de41-4ad8-9b1a-54eec0e56f65 0.030s
2025-12-02 15:04:16.383 66136 INFO tempest.lib.common.rest_client [req-b2e27246-8098-4b00-beff-a6e641f55f21 req-b2e27246-8098-4b00-beff-a6e641f55f21 ] Request (VolumesAdminNegativeTest:setUpClass): 201 POST http://10.180.1.21/networking/v2.0/subnets 0.669s
2025-12-02 15:04:16.448 66114 INFO tempest.lib.common.rest_client [req-146e867e-e807-40dd-81c7-5f4876821646 req-146e867e-e807-40dd-81c7-5f4876821646 ] Request (ServersTestManualDisk:setUpClass): 200 GET http://10.180.1.21/compute/v2.1/servers/83a9936a-8f1c-4c7c-9dc5-cf34eb0cfae4 11.761s
2025-12-02 15:04:16.457 66114 INFO tempest.lib.common.ssh [-] Creating ssh connection to '10.180.180.133:22' as 'cirros' with public key authentication
2025-12-02 15:04:16.674 66130 INFO tempest.lib.common.rest_client [req-09b6ef82-58fe-4cba-8812-1a4ee25a2a8d req-09b6ef82-58fe-4cba-8812-1a4ee25a2a8d ] Request (ServerDiagnosticsTest:test_get_server_diagnostics): 200 GET http://10.180.1.21/compute/v2.1/servers/ec77c681-1f92-4d17-946b-1595bf63eb7f 11.953s
2025-12-02 15:04:16.682 66130 INFO tempest.common.waiters [-] State transition "BUILD/None" ==> "BUILD/spawning" after 29 second wait
2025-12-02 15:04:16.714 66110 INFO tempest.lib.common.rest_client [req-cb4ef142-5432-4998-bec2-67712fd65c90 req-cb4ef142-5432-4998-bec2-67712fd65c90 ] Request (ImagesMetadataTestJSON:test_delete_image_metadata_item): 200 GET http://10.180.1.21/compute/v2.1/images/56da874a-3884-43b6-9b0f-b962e384aa25/metadata 11.821s
2025-12-02 15:04:17.407 66148 INFO tempest.lib.common.rest_client [req-c6ed2c33-0368-4cdc-be82-1ed9d9a15f39 req-c6ed2c33-0368-4cdc-be82-1ed9d9a15f39 ] Request (ServersTestBootFromVolume:setUpClass): 200 GET http://10.180.1.21/volume/v3/volumes/496b7d36-de41-4ad8-9b1a-54eec0e56f65 0.035s
2025-12-02 15:04:17.418 66136 INFO tempest.lib.common.rest_client [req-9b85658a-2683-45a0-9c99-5c6e0ef57bd9 req-9b85658a-2683-45a0-9c99-5c6e0ef57bd9 ] Request (VolumesAdminNegativeTest:setUpClass): 201 POST http://10.180.1.21/networking/v2.0/routers 1.034s
2025-12-02 15:04:17.489 66114 WARNING tempest.lib.common.ssh [-] Failed to establish authenticated ssh connection to cirros@10.180.180.133 ([Errno None] Unable to connect to port 22 on 10.180.180.133). Number attempts: 1. Retry after 2 seconds.: paramiko.ssh_exception.NoValidConnectionsError: [Errno None] Unable to connect to port 22 on 10.180.180.133
2025-12-02 15:04:18.084 66167 INFO tempest.lib.common.rest_client [req-a7849452-4c32-4bc9-9cef-43b803e48279 req-a7849452-4c32-4bc9-9cef-43b803e48279 ] Request (ServerActionsTestOtherA:setUpClass): 200 GET http://10.180.1.21/compute/v2.1/servers/64218ba5-2829-44ae-a900-1c56b423c7ba 13.348s
2025-12-02 15:04:18.095 66167 INFO tempest.common.waiters [-] State transition "BUILD/None" ==> "BUILD/spawning" after 18 second wait
2025-12-02 15:04:18.143 66144 INFO tempest.lib.common.rest_client [req-ea9aa844-72ab-422b-abcc-b5c86db74f40 req-ea9aa844-72ab-422b-abcc-b5c86db74f40 ] Request (ServersAdminTestJSON:setUpClass): 200 GET http://10.180.1.21/compute/v2.1/servers/4dfee91d-f615-4f56-b78e-c964ecb0505d 11.965s
2025-12-02 15:04:18.154 66144 INFO tempest.common.waiters [-] State transition "BUILD/spawning" ==> "ACTIVE/None" after 41 second wait
2025-12-02 15:04:18.453 66148 INFO tempest.lib.common.rest_client [req-31b4c2f1-fc1e-410c-8a5a-d0b31bca8741 req-31b4c2f1-fc1e-410c-8a5a-d0b31bca8741 ] Request (ServersTestBootFromVolume:setUpClass): 200 GET http://10.180.1.21/volume/v3/volumes/496b7d36-de41-4ad8-9b1a-54eec0e56f65 0.036s
2025-12-02 15:04:18.497 66136 INFO tempest.lib.common.rest_client [req-a58698aa-dfd6-44e8-b118-44551ef0c4fe req-a58698aa-dfd6-44e8-b118-44551ef0c4fe ] Request (VolumesAdminNegativeTest:setUpClass): 200 PUT http://10.180.1.21/networking/v2.0/routers/cbabb0c7-965d-4b1c-bf3a-19e186e893d4/add_router_interface 1.079s
2025-12-02 15:04:18.498 66136 INFO tempest.lib.common.dynamic_creds [-] Created isolated network resources for: credentials: Credentials: {'domain_id': 'default', 'domain_name': 'Default', 'username': 'tempest-VolumesAdminNegativeTest-1104599411-project', 'project_domain_id': 'default', 'project_domain_name': 'Default', 'project_id': '2649e1d4b2ab4dbca6886d645946b13b', 'project_name': 'tempest-VolumesAdminNegativeTest-1104599411', 'tenant_id': '2649e1d4b2ab4dbca6886d645946b13b', 'tenant_name': 'tempest-VolumesAdminNegativeTest-1104599411', 'user_domain_id': 'default', 'user_domain_name': 'Default', 'user_id': 'e45c0f1c80c54b568bc42da3ce91dd7f', 'system': None}, Network: {'id': '555261dd-0dbd-477b-b924-18bd3913719d', 'name': 'tempest-VolumesAdminNegativeTest-1848662494-network', 'tenant_id': '2649e1d4b2ab4dbca6886d645946b13b', 'project_id': '2649e1d4b2ab4dbca6886d645946b13b', 'admin_state_up': True, 'mtu': 8950, 'status': 'ACTIVE', 'subnets': [], 'shared': False, 'port_security_enabled': True, 'router:external': False, 'provider:network_type': 'vlan', 'provider:physical_network': 'default', 'provider:segmentation_id': 214, 'availability_zone_hints': [], 'availability_zones': [], 'ipv4_address_scope': None, 'ipv6_address_scope': None, 'description': '', 'tags': [], 'created_at': '2025-12-02T15:04:15Z', 'updated_at': '2025-12-02T15:04:15Z', 'revision_number': 1}, Subnet: {'id': '8f265934-f1c5-495b-ab95-43def24b5d87', 'name': 'tempest-VolumesAdminNegativeTest-1848662494-subnet', 'tenant_id': '2649e1d4b2ab4dbca6886d645946b13b', 'network_id': '555261dd-0dbd-477b-b924-18bd3913719d', 'ip_version': 4, 'subnetpool_id': None, 'enable_dhcp': True, 'ipv6_ra_mode': None, 'ipv6_address_mode': None, 'gateway_ip': '192.168.128.1', 'cidr': '192.168.128.0/28', 'allocation_pools': [{'start': '192.168.128.2', 'end': '192.168.128.14'}], 'host_routes': [], 'dns_nameservers': [], 'description': '', 'router:external': False, 'service_types': [], 'tags': [], 'created_at': '2025-12-02T15:04:16Z', 'updated_at': '2025-12-02T15:04:16Z', 'revision_number': 0, 'project_id': '2649e1d4b2ab4dbca6886d645946b13b'}, Router: {'id': 'cbabb0c7-965d-4b1c-bf3a-19e186e893d4', 'name': 'tempest-VolumesAdminNegativeTest-1848662494-router', 'tenant_id': '2649e1d4b2ab4dbca6886d645946b13b', 'admin_state_up': True, 'status': 'ACTIVE', 'external_gateway_info': {'network_id': 'c84c5ec4-1474-475e-b71c-c948e965b09e', 'external_fixed_ips': [{'subnet_id': 'dc125165-dfd3-40f8-9d1d-7ef01ca09f6e', 'ip_address': '10.180.180.152'}], 'enable_snat': True}, 'description': '', 'availability_zones': [], 'distributed': False, 'ha': False, 'availability_zone_hints': [], 'routes': [], 'flavor_id': None, 'tags': [], 'created_at': '2025-12-02T15:04:16Z', 'updated_at': '2025-12-02T15:04:17Z', 'revision_number': 2, 'project_id': '2649e1d4b2ab4dbca6886d645946b13b'}
2025-12-02 15:04:18.537 66116 INFO tempest.lib.common.rest_client [req-15906265-f2e1-496d-84d9-ea85b1982016 req-15906265-f2e1-496d-84d9-ea85b1982016 ] Request (TenantUsagesTestJSON:tearDownClass): 200 GET http://10.180.1.21/compute/v2.1/servers/4f01ac33-647f-41a0-acf4-d08dd55bb76c 11.123s
2025-12-02 15:04:18.552 66116 INFO tempest.common.waiters [-] State transition "ACTIVE/deleting" ==> "DELETED/None" after 12 second wait
2025-12-02 15:04:18.646 66136 INFO tempest.lib.common.rest_client [req-dbe25047-e173-4fd9-8415-db22ef4204e7 req-dbe25047-e173-4fd9-8415-db22ef4204e7 ] Request (VolumesAdminNegativeTest:setUpClass): 201 POST http://10.180.1.21/identity/v3/auth/tokens 0.144s
2025-12-02 15:04:18.652 66170 INFO tempest.lib.common.rest_client [req-dc26daa1-7f2b-416a-a427-5c4682ea07be req-dc26daa1-7f2b-416a-a427-5c4682ea07be ] Request (AZV2TestJSON:test_get_availability_zone_list_with_non_admin_user): 200 GET http://10.180.1.21/compute/v2.1/os-availability-zone 10.185s
2025-12-02 15:04:18.681 66118 INFO tempest.lib.common.rest_client [req-0491627a-9f41-420a-a6c8-0c52b916fc97 req-0491627a-9f41-420a-a6c8-0c52b916fc97 ] Request (AggregatesAdminNegativeTestJSON:test_aggregate_create_with_existent_aggregate_name): 200 POST http://10.180.1.21/compute/v2.1/os-aggregates 10.104s
2025-12-02 15:04:18.708 66154 INFO tempest.lib.common.rest_client [req-11d8777f-0a99-414b-9a4c-f9e9087357bf req-11d8777f-0a99-414b-9a4c-f9e9087357bf ] Request (FlavorsAccessNegativeTestJSON:_run_cleanups): 202 DELETE http://10.180.1.21/compute/v2.1/flavors/2034998804 9.892s
2025-12-02 15:04:18.729 66136 INFO tempest.lib.common.rest_client [req-a4b3dde7-f05c-4cf7-b480-5ee67121e3d2 req-a4b3dde7-f05c-4cf7-b480-5ee67121e3d2 ] Request (VolumesAdminNegativeTest:test_update_attached_volume_with_nonexistent_volume_in_uri): 201 POST http://10.180.1.21/identity/v3/auth/tokens 0.075s
2025-12-02 15:04:18.729 66136 INFO tempest.lib.common.fixed_network [-] (VolumesAdminNegativeTest:test_update_attached_volume_with_nonexistent_volume_in_uri) Found network {'id': 'b07f2eac-3f24-4b82-b74a-0cc0cfae1398', 'name': 'tempest-VolumesAdminNegativeTest-1386494897-network', 'tenant_id': 'e0643e526f8f4040a36dd9bd326be7b4', 'project_id': 'e0643e526f8f4040a36dd9bd326be7b4', 'admin_state_up': True, 'mtu': 8950, 'status': 'ACTIVE', 'subnets': [], 'shared': False, 'port_security_enabled': True, 'router:external': False, 'provider:network_type': 'vlan', 'provider:physical_network': 'default', 'provider:segmentation_id': 649, 'availability_zone_hints': [], 'availability_zones': [], 'ipv4_address_scope': None, 'ipv6_address_scope': None, 'description': '', 'tags': [], 'created_at': '2025-12-02T15:04:05Z', 'updated_at': '2025-12-02T15:04:05Z', 'revision_number': 1} available for tenant
2025-12-02 15:04:18.799 66170 INFO tempest.lib.common.rest_client [req-f8e159ca-6df5-4c8a-ac24-3efe3ee265dd req-f8e159ca-6df5-4c8a-ac24-3efe3ee265dd ] Request (AZV2TestJSON:tearDownClass): 204 DELETE http://10.180.1.21/identity/v3/users/35565837bc3949d4a971eb66bc22c2d9 0.138s
2025-12-02 15:04:18.799 66170 INFO tempest.lib.common.dynamic_creds [-] Deleting project and security group for project: aa1b0e63623a450ba66427610a85f05d
2025-12-02 15:04:18.823 66142 INFO tempest.lib.common.rest_client [req-026c4eaa-e65a-45dc-998c-84608ad4a7c4 req-026c4eaa-e65a-45dc-998c-84608ad4a7c4 ] Request (ServerDiagnosticsNegativeTest:test_get_server_diagnostics_by_non_admin): 202 POST http://10.180.1.21/compute/v2.1/servers 11.274s
2025-12-02 15:04:18.872 66170 INFO tempest.lib.common.rest_client [req-1ae975be-d8d4-4bcf-b1c8-c08eceb40e84 req-1ae975be-d8d4-4bcf-b1c8-c08eceb40e84 ] Request (AZV2TestJSON:tearDownClass): 201 POST http://10.180.1.21/identity/v3/auth/tokens 0.073s
2025-12-02 15:04:18.876 66152 INFO tempest.lib.common.rest_client [req-1d02cef0-77a8-4bc7-add8-614b47298532 req-1d02cef0-77a8-4bc7-add8-614b47298532 ] Request (ServersWithSpecificFlavorTestJSON:test_verify_created_server_ephemeral_disk): 200 GET http://10.180.1.21/compute/v2.1/servers/dc81da4d-3c98-4456-989c-99ed6f6cfad5 9.864s
2025-12-02 15:04:18.883 66152 INFO tempest.common.waiters [-] State transition "BUILD/None" ==> "BUILD/spawning" after 17 second wait
2025-12-02 15:04:19.114 66170 INFO tempest.lib.common.rest_client [req-49a8e291-a923-4200-a7d0-5f9d0c570ef0 req-49a8e291-a923-4200-a7d0-5f9d0c570ef0 ] Request (AZV2TestJSON:tearDownClass): 200 GET http://10.180.1.21/networking/v2.0/security-groups?tenant_id=aa1b0e63623a450ba66427610a85f05d&name=default 0.242s
2025-12-02 15:04:19.154 66126 INFO tempest.lib.common.rest_client [req-e1e27539-6f9a-4514-8a8b-0e66c1fc4d18 req-e1e27539-6f9a-4514-8a8b-0e66c1fc4d18 ] Request (AttachInterfacesTestJSON:test_create_list_show_delete_interfaces_by_fixed_ip): 200 GET http://10.180.1.21/compute/v2.1/servers/211c5712-6b16-46fc-be0f-bbd2fd4f43a9 9.165s
2025-12-02 15:04:19.160 66132 INFO tempest.lib.common.rest_client [req-d265d340-14d2-45ab-98ca-5cabbb193019 req-d265d340-14d2-45ab-98ca-5cabbb193019 ] Request (HostsAdminNegativeTestJSON:test_show_host_detail_with_non_admin_user): 403 GET http://10.180.1.21/compute/v2.1/os-hosts/devstack 8.951s
2025-12-02 15:04:19.166 66126 INFO tempest.lib.common.ssh [-] Creating ssh connection to '10.180.180.150:22' as 'cirros' with public key authentication
2025-12-02 15:04:19.313 66128 INFO tempest.lib.common.rest_client [req-195efd9d-fcf3-436c-8d4a-1fd16cd3b10c req-195efd9d-fcf3-436c-8d4a-1fd16cd3b10c ] Request (QuotasAdminTestJSON:test_delete_quota): 200 GET http://10.180.1.21/compute/v2.1/os-quota-sets/d2d384d5981643eb86fe20dbf8d7d508 8.492s
2025-12-02 15:04:19.317 66170 INFO tempest.lib.common.rest_client [req-817d2ffa-b4f9-4a02-8090-9374ae912f95 req-817d2ffa-b4f9-4a02-8090-9374ae912f95 ] Request (AZV2TestJSON:tearDownClass): 204 DELETE http://10.180.1.21/networking/v2.0/security-groups/d6f099ef-6ea5-4482-930a-5887440bc73e 0.202s
2025-12-02 15:04:19.406 66170 INFO tempest.lib.common.rest_client [req-0d940403-3496-447a-85e6-3bc7f4c63c1f req-0d940403-3496-447a-85e6-3bc7f4c63c1f ] Request (AZV2TestJSON:tearDownClass): 204 DELETE http://10.180.1.21/identity/v3/projects/aa1b0e63623a450ba66427610a85f05d 0.089s
2025-12-02 15:04:19.501 66148 INFO tempest.lib.common.rest_client [req-47b58230-1244-413b-8c58-257ca117df41 req-47b58230-1244-413b-8c58-257ca117df41 ] Request (ServersTestBootFromVolume:setUpClass): 200 GET http://10.180.1.21/volume/v3/volumes/496b7d36-de41-4ad8-9b1a-54eec0e56f65 0.039s
2025-12-02 15:04:19.788 66120 INFO tempest.lib.common.rest_client [req-f3d2dd92-ff4c-4c18-9898-cb5850ca2484 req-f3d2dd92-ff4c-4c18-9898-cb5850ca2484 ] Request (FloatingIPsAssociationTestJSON:test_associate_already_associated_floating_ip): 202 POST http://10.180.1.21/compute/v2.1/servers 9.611s
2025-12-02 15:04:19.935 66122 INFO tempest.lib.common.rest_client [req-b66742ca-5677-4cf4-8154-eb48addbfff2 req-b66742ca-5677-4cf4-8154-eb48addbfff2 ] Request (ServersAdmin275Test:_run_cleanups): 200 GET http://10.180.1.21/compute/v2.1/servers/b6f76a1f-a74b-466d-bb37-bcd94fb35745 7.614s
2025-12-02 15:04:19.946 66122 INFO tempest.common.waiters [-] State transition "REBUILD/rebuild_spawning" ==> "ACTIVE/None" after 17 second wait
2025-12-02 15:04:19.996 66114 WARNING tempest.lib.common.ssh [-] Failed to establish authenticated ssh connection to cirros@10.180.180.133 ([Errno None] Unable to connect to port 22 on 10.180.180.133). Number attempts: 2. Retry after 3 seconds.: paramiko.ssh_exception.NoValidConnectionsError: [Errno None] Unable to connect to port 22 on 10.180.180.133
2025-12-02 15:04:20.060 66150 INFO tempest.lib.common.rest_client [req-ee36347b-6ca2-47f3-9931-b7b475df10c1 req-ee36347b-6ca2-47f3-9931-b7b475df10c1 ] Request (InstanceActionsNegativeTestJSON:setUpClass): 202 POST http://10.180.1.21/compute/v2.1/servers 8.644s
2025-12-02 15:04:20.081 66160 INFO tempest.lib.common.rest_client [req-2d16151e-4552-4514-807a-ebfc3a77b71c req-2d16151e-4552-4514-807a-ebfc3a77b71c ] Request (MigrationsAdminTest:test_list_migrations_in_flavor_resize_situation): 200 GET http://10.180.1.21/compute/v2.1/servers/43074d72-5623-4616-998d-ebbe1592b712 7.433s
2025-12-02 15:04:20.089 66160 INFO tempest.common.waiters [-] State transition "RESIZE/resize_prep" ==> "RESIZE/resize_migrating" after 22 second wait
2025-12-02 15:04:20.149 66168 INFO tempest.lib.common.rest_client [req-969b0a5f-f5a1-49fd-8a7a-e801f1b67efd req-969b0a5f-f5a1-49fd-8a7a-e801f1b67efd ] Request (ServersAaction247Test:test_create_backup): 200 GET http://10.180.1.21/compute/v2.1/servers/17fe56a2-a12d-4840-9674-892a192b12cd 6.845s
2025-12-02 15:04:20.161 66168 INFO tempest.common.waiters [-] State transition "BUILD/spawning" ==> "ACTIVE/None" after 33 second wait
2025-12-02 15:04:20.177 66126 WARNING tempest.lib.common.ssh [-] Failed to establish authenticated ssh connection to cirros@10.180.180.150 ([Errno None] Unable to connect to port 22 on 10.180.180.150). Number attempts: 1. Retry after 2 seconds.: paramiko.ssh_exception.NoValidConnectionsError: [Errno None] Unable to connect to port 22 on 10.180.180.150
2025-12-02 15:04:20.244 66158 INFO tempest.lib.common.rest_client [req-c3ec8dc8-0e35-490a-8718-bc7b6e96a122 req-c3ec8dc8-0e35-490a-8718-bc7b6e96a122 ] Request (ServerAddressesTestJSON:setUpClass): 200 GET http://10.180.1.21/compute/v2.1/servers/2f724be8-1663-459d-b00f-77a651d9fa32 6.887s
2025-12-02 15:04:20.258 66158 INFO tempest.common.waiters [-] State transition "BUILD/None" ==> "BUILD/spawning" after 18 second wait
2025-12-02 15:04:20.268 66134 INFO tempest.lib.common.rest_client [req-265ce075-169c-4c15-a882-8c4b9e4dcbed req-265ce075-169c-4c15-a882-8c4b9e4dcbed ] Request (ServerDiagnosticsV248Test:tearDownClass): 200 GET http://10.180.1.21/compute/v2.1/servers/aa3d42b3-a7e0-4a0f-ba9b-b8104f980c52 6.036s
2025-12-02 15:04:20.396 66138 INFO tempest.lib.common.rest_client [req-b7b38318-5744-4881-8785-4e825166efde req-b7b38318-5744-4881-8785-4e825166efde ] Request (VolumesAssistedSnapshotsTest:test_volume_assisted_snapshot_create_delete): 200 GET http://10.180.1.21/compute/v2.1/servers/2bc10fe1-de30-44e6-a0b8-894c02cd8ccc/os-interface 6.077s
2025-12-02 15:04:20.465 66146 INFO tempest.lib.common.rest_client [req-ee5943b4-40a1-4562-b222-b595510ddfda req-ee5943b4-40a1-4562-b222-b595510ddfda ] Request (FlavorsV261TestJSON:test_crud_flavor): 200 POST http://10.180.1.21/compute/v2.1/flavors 6.066s
2025-12-02 15:04:20.554 66108 INFO tempest.lib.common.rest_client [req-40287573-1732-40f0-9526-367d2d824c8d req-40287573-1732-40f0-9526-367d2d824c8d ] Request (ImagesTestJSON:test_create_image_from_stopped_server): 202 POST http://10.180.1.21/compute/v2.1/servers/f221b3b2-270f-4787-aba0-24112bccfe1c/action 5.725s
2025-12-02 15:04:20.573 66148 INFO tempest.lib.common.rest_client [req-5e4f066b-d6f2-4af5-ab02-0a15715e18e7 req-5e4f066b-d6f2-4af5-ab02-0a15715e18e7 ] Request (ServersTestBootFromVolume:setUpClass): 200 GET http://10.180.1.21/volume/v3/volumes/496b7d36-de41-4ad8-9b1a-54eec0e56f65 0.060s
2025-12-02 15:04:20.717 66124 INFO tempest.lib.common.rest_client [req-a2c7f435-8777-4034-bfc0-a9f217834712 req-a2c7f435-8777-4034-bfc0-a9f217834712 ] Request (ServerExternalEventsTest:test_create_server_external_events): 200 POST http://10.180.1.21/compute/v2.1/os-server-external-events 5.467s
2025-12-02 15:04:20.811 66112 INFO tempest.lib.common.rest_client [req-d8d56217-c725-401b-af49-bc973d950fd4 req-d8d56217-c725-401b-af49-bc973d950fd4 ] Request (TenantUsagesNegativeTestJSON:test_get_usage_tenant_with_empty_tenant_id): 404 GET http://10.180.1.21/compute/v2.1/os-simple-tenant-usage/?start=2025-12-01T15%3A04%3A16.030683&end=2025-12-03T15%3A04%3A16.030683 4.780s
2025-12-02 15:04:20.954 66156 INFO tempest.lib.common.rest_client [req-25a941cc-49a2-44ba-a32e-0086f511d2db req-25a941cc-49a2-44ba-a32e-0086f511d2db ] Request (AttachInterfacesV270Test:tearDownClass): 200 GET http://10.180.1.21/compute/v2.1/servers/da1728e5-1c51-42b7-8186-f58cd19c51ff 4.823s
2025-12-02 15:04:20.988 66140 INFO tempest.lib.common.rest_client [req-e5656448-b8e0-44d9-b65f-bdf48a00a830 req-e5656448-b8e0-44d9-b65f-bdf48a00a830 ] Request (DeleteServersTestJSON:test_delete_active_server): 404 GET http://10.180.1.21/compute/v2.1/servers/ca4d8f62-986f-4ea8-92fc-cdfd9e3d32d9 4.533s
2025-12-02 15:04:21.006 66162 INFO tempest.lib.common.rest_client [req-fc3cd89e-ef92-42fb-b818-d1265ce423be req-fc3cd89e-ef92-42fb-b818-d1265ce423be ] Request (ImagesNegativeTestJSON:test_create_image_from_deleted_server): 202 POST http://10.180.1.21/compute/v2.1/servers 6.599s
2025-12-02 15:04:21.079 66140 INFO tempest.lib.common.rest_client [req-a4483a0f-ba70-491d-919a-e3ea8ccf64a0 req-a4483a0f-ba70-491d-919a-e3ea8ccf64a0 ] Request (DeleteServersTestJSON:test_delete_server_while_in_attached_volume): 201 POST http://10.180.1.21/identity/v3/auth/tokens 0.084s
2025-12-02 15:04:21.079 66140 INFO tempest.lib.common.fixed_network [-] (DeleteServersTestJSON:test_delete_server_while_in_attached_volume) Found network {'id': '83eb1dff-b090-4ad5-862d-102eaa18cc12', 'name': 'tempest-DeleteServersTestJSON-2147280673-network', 'tenant_id': 'f83b802027074edaa042651e6c328087', 'project_id': 'f83b802027074edaa042651e6c328087', 'admin_state_up': True, 'mtu': 8950, 'status': 'ACTIVE', 'subnets': [], 'shared': False, 'port_security_enabled': True, 'router:external': False, 'provider:network_type': 'vlan', 'provider:physical_network': 'default', 'provider:segmentation_id': 604, 'availability_zone_hints': [], 'availability_zones': [], 'ipv4_address_scope': None, 'ipv6_address_scope': None, 'description': '', 'tags': [], 'created_at': '2025-12-02T15:03:16Z', 'updated_at': '2025-12-02T15:03:16Z', 'revision_number': 1} available for tenant
2025-12-02 15:04:21.137 66138 INFO tempest.lib.common.rest_client [req-081775f7-540d-47e7-a719-f2464701687b req-081775f7-540d-47e7-a719-f2464701687b ] Request (VolumesAssistedSnapshotsTest:test_volume_assisted_snapshot_create_delete): 200 PUT http://10.180.1.21/networking/v2.0/floatingips/c90c72a2-9183-4a34-a81c-bf8c68163ddf 0.738s
2025-12-02 15:04:21.138 66138 INFO tempest.lib.common.ssh [-] Creating ssh connection to '10.180.180.216:22' as 'cirros' with public key authentication
2025-12-02 15:04:21.190 66130 INFO tempest.lib.common.rest_client [req-db7342a0-6331-49ff-ae01-755d496acced req-db7342a0-6331-49ff-ae01-755d496acced ] Request (ServerDiagnosticsTest:test_get_server_diagnostics): 200 GET http://10.180.1.21/compute/v2.1/servers/ec77c681-1f92-4d17-946b-1595bf63eb7f 3.508s
2025-12-02 15:04:21.250 66110 INFO tempest.lib.common.rest_client [req-1da64377-af03-4885-8ee7-5463ca36afb9 req-1da64377-af03-4885-8ee7-5463ca36afb9 ] Request (ImagesMetadataTestJSON:setUp): 200 PUT http://10.180.1.21/compute/v2.1/images/56da874a-3884-43b6-9b0f-b962e384aa25/metadata 4.534s
2025-12-02 15:04:21.269 66118 INFO tempest.lib.common.rest_client [req-15d57732-fa4b-4b02-a67c-e54faba5e133 req-15d57732-fa4b-4b02-a67c-e54faba5e133 ] Request (AggregatesAdminNegativeTestJSON:test_aggregate_create_with_existent_aggregate_name): 409 POST http://10.180.1.21/compute/v2.1/os-aggregates 2.586s
2025-12-02 15:04:21.295 66154 INFO tempest.lib.common.rest_client [req-0d7ae753-2c9d-42ae-9d83-8cb1b9d120a6 req-0d7ae753-2c9d-42ae-9d83-8cb1b9d120a6 ] Request (FlavorsAccessNegativeTestJSON:_run_cleanups): 200 GET http://10.180.1.21/compute/v2.1/flavors/detail 2.586s
2025-12-02 15:04:21.321 66144 INFO tempest.lib.common.rest_client [req-68ff120f-6476-4641-a541-bf1e6ee4bba1 req-68ff120f-6476-4641-a541-bf1e6ee4bba1 ] Request (ServersAdminTestJSON:setUpClass): 200 GET http://10.180.1.21/compute/v2.1/servers/2fe3cae1-0f86-4dc3-a033-bae995cbf1ea 3.167s
2025-12-02 15:04:21.403 66142 INFO tempest.lib.common.rest_client [req-20282635-1260-41b1-8244-806c59e1a19d req-20282635-1260-41b1-8244-806c59e1a19d ] Request (ServerDiagnosticsNegativeTest:test_get_server_diagnostics_by_non_admin): 200 GET http://10.180.1.21/compute/v2.1/servers/496575b8-213d-4faf-99ea-ed096cb907b9 2.578s
2025-12-02 15:04:21.426 66144 INFO tempest.lib.common.rest_client [req-7cf7d428-d22e-4cc9-8491-d316c512a1e1 req-7cf7d428-d22e-4cc9-8491-d316c512a1e1 ] Request (ServersAdminTestJSON:test_create_server_with_scheduling_hint): 201 POST http://10.180.1.21/identity/v3/auth/tokens 0.087s
2025-12-02 15:04:21.426 66144 INFO tempest.lib.common.fixed_network [-] (ServersAdminTestJSON:test_create_server_with_scheduling_hint) Found network {'id': '6e447eca-c206-4db1-b565-8010792e497d', 'name': 'tempest-ServersAdminTestJSON-976409028-network', 'tenant_id': '6f2d28fd8ae2431faae42d40c0090fad', 'project_id': '6f2d28fd8ae2431faae42d40c0090fad', 'admin_state_up': True, 'mtu': 8950, 'status': 'ACTIVE', 'subnets': [], 'shared': False, 'port_security_enabled': True, 'router:external': False, 'provider:network_type': 'vlan', 'provider:physical_network': 'default', 'provider:segmentation_id': 458, 'availability_zone_hints': [], 'availability_zones': [], 'ipv4_address_scope': None, 'ipv6_address_scope': None, 'description': '', 'tags': [], 'created_at': '2025-12-02T15:03:08Z', 'updated_at': '2025-12-02T15:03:08Z', 'revision_number': 1} available for tenant
2025-12-02 15:04:21.611 66167 INFO tempest.lib.common.rest_client [req-76eb776e-3f7b-4540-920f-3838a5445862 req-76eb776e-3f7b-4540-920f-3838a5445862 ] Request (ServerActionsTestOtherA:setUpClass): 200 GET http://10.180.1.21/compute/v2.1/servers/64218ba5-2829-44ae-a900-1c56b423c7ba 2.514s
2025-12-02 15:04:21.618 66148 INFO tempest.lib.common.rest_client [req-1a62bad9-7950-4bc1-b823-4b7675a2c68a req-1a62bad9-7950-4bc1-b823-4b7675a2c68a ] Request (ServersTestBootFromVolume:setUpClass): 200 GET http://10.180.1.21/volume/v3/volumes/496b7d36-de41-4ad8-9b1a-54eec0e56f65 0.034s
2025-12-02 15:04:21.626 66132 INFO tempest.lib.common.rest_client [req-29b13c24-3a38-4b3c-bf13-3c227c69c687 req-29b13c24-3a38-4b3c-bf13-3c227c69c687 ] Request (HostsAdminNegativeTestJSON:test_show_host_detail_with_nonexistent_hostname): 404 GET http://10.180.1.21/compute/v2.1/os-hosts/nonexistent_hostname 2.464s
2025-12-02 15:04:21.779 66128 INFO tempest.lib.common.rest_client [req-2bc5723c-988b-4dab-95f2-587e7b022926 req-2bc5723c-988b-4dab-95f2-587e7b022926 ] Request (QuotasAdminTestJSON:test_delete_quota): 200 PUT http://10.180.1.21/compute/v2.1/os-quota-sets/d2d384d5981643eb86fe20dbf8d7d508 2.463s
2025-12-02 15:04:21.860 66116 INFO tempest.lib.common.rest_client [req-fb5d22c7-701b-4541-baa0-5b83ab47dc9f req-fb5d22c7-701b-4541-baa0-5b83ab47dc9f ] Request (TenantUsagesTestJSON:tearDownClass): 200 GET http://10.180.1.21/compute/v2.1/servers/4f01ac33-647f-41a0-acf4-d08dd55bb76c 2.307s
2025-12-02 15:04:21.890 66136 INFO tempest.lib.common.rest_client [req-7f0df4d9-2b18-48c2-9bed-8bae4f592621 req-7f0df4d9-2b18-48c2-9bed-8bae4f592621 ] Request (VolumesAdminNegativeTest:test_update_attached_volume_with_nonexistent_volume_in_uri): 202 POST http://10.180.1.21/compute/v2.1/servers 3.160s
2025-12-02 15:04:21.929 66120 INFO tempest.lib.common.rest_client [req-d9106784-9899-48db-8334-1fde77ba77dc req-d9106784-9899-48db-8334-1fde77ba77dc ] Request (FloatingIPsAssociationTestJSON:test_associate_already_associated_floating_ip): 200 GET http://10.180.1.21/compute/v2.1/servers/46650d97-b09a-41ee-b370-45251234953d 2.139s
