2025-12-02 15:07:11.313 66130 INFO tempest.lib.common.rest_client [req-35e9b1a5-3807-41d7-a8d4-93a72b9f6201 req-35e9b1a5-3807-41d7-a8d4-93a72b9f6201 ] Request (ServersAdminNegativeTestJSON:test_migrate_server_invalid_state): 200 GET http://10.180.1.21/compute/v2.1/servers/008ad1df-b0a5-44ac-becf-89334f17ae81 0.056s
2025-12-02 15:07:11.350 66118 INFO tempest.lib.common.rest_client [req-3f3eaf39-6fc7-4820-b8aa-02d50c063d8c req-3f3eaf39-6fc7-4820-b8aa-02d50c063d8c ] Request (ServersListShow298Test:tearDownClass): 204 DELETE http://10.180.1.21/identity/v3/users/6922bf1ce4774c239d115b11b80d6407 0.130s
2025-12-02 15:07:11.351 66118 INFO tempest.lib.common.dynamic_creds [-] Deleting project and security group for project: a8ef9f524b744a718939eeaf98528e72
2025-12-02 15:07:11.369 66120 INFO tempest.lib.common.rest_client [req-c1b16d80-e6ca-4a71-84e3-d141eb59e1cc req-c1b16d80-e6ca-4a71-84e3-d141eb59e1cc ] Request (SecurityGroupsTestJSON:test_list_security_groups_by_server): 200 GET http://10.180.1.21/compute/v2.1/servers/bb5262c7-3340-4814-8a92-39eb10451ec9 0.061s
2025-12-02 15:07:11.407 66167 INFO tempest.lib.common.rest_client [req-b90dd2fb-9b87-4146-8fc4-1c41d3661c97 req-b90dd2fb-9b87-4146-8fc4-1c41d3661c97 ] Request (ServerActionsTestOtherA:test_rebuild_server_in_stop_state): 200 GET http://10.180.1.21/compute/v2.1/servers/82fdf126-dc35-42dc-b0c9-6e0d97e281b3 0.111s
2025-12-02 15:07:11.409 66128 INFO tempest.lib.common.rest_client [req-0808de88-8476-4c0b-b7a6-3e1dac1cd477 req-0808de88-8476-4c0b-b7a6-3e1dac1cd477 ] Request (ListImageFiltersTestJSON:setUpClass): 200 GET http://10.180.1.21/compute/v2.1/images/01006316-5c54-4bf5-a51e-77de2164ce6b 0.074s
2025-12-02 15:07:11.414 66118 INFO tempest.lib.common.rest_client [req-7a9737d6-2799-43ff-be62-59e613502b35 req-7a9737d6-2799-43ff-be62-59e613502b35 ] Request (ServersListShow298Test:tearDownClass): 201 POST http://10.180.1.21/identity/v3/auth/tokens 0.062s
2025-12-02 15:07:11.467 66124 INFO tempest.lib.common.rest_client [req-d785e449-d6d3-4910-a3ae-837ce35e5e35 req-d785e449-d6d3-4910-a3ae-837ce35e5e35 ] Request (ServerRescueTestJSONUnderV235:tearDownClass): 200 GET http://10.180.1.21/compute/v2.1/servers/a3ad6cff-5032-42c2-82bd-3fb8d13c5c8f 0.085s
2025-12-02 15:07:11.582 66118 INFO tempest.lib.common.rest_client [req-7e27e96a-ef43-40b6-9725-fa4591cbf009 req-7e27e96a-ef43-40b6-9725-fa4591cbf009 ] Request (ServersListShow298Test:tearDownClass): 200 GET http://10.180.1.21/networking/v2.0/security-groups?tenant_id=a8ef9f524b744a718939eeaf98528e72&name=default 0.168s
2025-12-02 15:07:11.602 66154 INFO tempest.lib.common.rest_client [req-a7be65a9-eeb7-41ef-beb4-49e346838073 req-a7be65a9-eeb7-41ef-beb4-49e346838073 ] Request (ListServerFiltersTestJSON:tearDownClass): 200 GET http://10.180.1.21/compute/v2.1/servers/3d369294-db97-44aa-80d5-6f73bde3f8d3 0.067s
2025-12-02 15:07:11.618 66140 INFO tempest.lib.common.rest_client [req-7765243d-63e3-48a4-9e23-528b7410b3a5 req-7765243d-63e3-48a4-9e23-528b7410b3a5 ] Request (DeleteServersTestJSON:test_delete_server_while_in_shelved_state): 200 GET http://10.180.1.21/compute/v2.1/servers/13a51846-07ab-417f-af34-29cf19fc84ae 0.098s
2025-12-02 15:07:11.625 66140 INFO tempest.common.waiters [-] State transition "BUILD/spawning" ==> "ACTIVE/None" after 72 second wait
2025-12-02 15:07:11.677 66162 INFO tempest.lib.common.rest_client [req-04618070-7294-4c0e-8a8d-fd2b009ab36d req-04618070-7294-4c0e-8a8d-fd2b009ab36d ] Request (ServerAddressesNegativeTestJSON:tearDownClass): 200 GET http://10.180.1.21/compute/v2.1/servers/d33fa20e-470f-46c0-882d-e6f9456caf22 0.089s
2025-12-02 15:07:11.691 66116 INFO tempest.lib.common.rest_client [req-a2d63b62-dfb6-44f0-b1a0-d4034b4a7fef req-a2d63b62-dfb6-44f0-b1a0-d4034b4a7fef ] Request (MultipleCreateTestJSON:test_multiple_create_with_reservation_return): 200 GET http://10.180.1.21/compute/v2.1/servers/a472a0f0-a076-40af-84d3-b49e4c47e393 0.096s
2025-12-02 15:07:11.701 66118 INFO tempest.lib.common.rest_client [req-3f6cc57e-fa27-4bb1-a755-c6088f14b9fc req-3f6cc57e-fa27-4bb1-a755-c6088f14b9fc ] Request (ServersListShow298Test:tearDownClass): 204 DELETE http://10.180.1.21/networking/v2.0/security-groups/5041ad73-c42b-4a06-bb18-1e23f3e4b551 0.119s
2025-12-02 15:07:11.757 66134 INFO tempest.lib.common.rest_client [req-45adc6e7-4a21-470e-9c30-5a0600b3f616 req-45adc6e7-4a21-470e-9c30-5a0600b3f616 ] Request (ServersListShow296Test:test_list_show_update_rebuild_server_296): 200 GET http://10.180.1.21/compute/v2.1/servers/05e55859-3f56-47c0-bd7b-868a44fbc587 0.104s
2025-12-02 15:07:11.768 66118 INFO tempest.lib.common.rest_client [req-243c2168-db13-42b9-bb66-9ed3b3aa698e req-243c2168-db13-42b9-bb66-9ed3b3aa698e ] Request (ServersListShow298Test:tearDownClass): 204 DELETE http://10.180.1.21/identity/v3/projects/a8ef9f524b744a718939eeaf98528e72 0.066s
2025-12-02 15:07:11.769 66118 INFO tempest.test [-] raised in AttachVolumeMultiAttachTest.setUpClass. Invoking tearDownClass.
2025-12-02 15:07:11.841 66118 INFO tempest.lib.common.rest_client [req-d65c83de-4df2-46c6-a55b-b231d56035c1 req-d65c83de-4df2-46c6-a55b-b231d56035c1 ] Request (VolumesTestJSON:setUpClass): 201 POST http://10.180.1.21/identity/v3/auth/tokens 0.070s
2025-12-02 15:07:11.870 66118 INFO tempest.lib.common.rest_client [req-1a21dc5f-b5df-4b63-936a-97596b61b978 req-1a21dc5f-b5df-4b63-936a-97596b61b978 ] Request (VolumesTestJSON:setUpClass): 201 POST http://10.180.1.21/identity/v3/auth/tokens 0.025s
2025-12-02 15:07:11.893 66118 INFO tempest.lib.common.rest_client [req-bbbf5c54-5bfd-4614-8df5-085a495c2bbe req-bbbf5c54-5bfd-4614-8df5-085a495c2bbe ] Request (VolumesTestJSON:setUpClass): 200 GET http://10.180.1.21/identity/v3/domains?name=Default 0.022s
2025-12-02 15:07:11.920 66118 INFO tempest.lib.common.rest_client [req-77068a58-1f5f-465c-88ab-bc3c090208c7 req-77068a58-1f5f-465c-88ab-bc3c090208c7 ] Request (VolumesTestJSON:setUpClass): 201 POST http://10.180.1.21/identity/v3/projects 0.027s
2025-12-02 15:07:11.952 66126 WARNING tempest.lib.common.ssh [-] Failed to establish authenticated ssh connection to cirros@10.180.180.181 ([Errno None] Unable to connect to port 22 on 10.180.180.181). Number attempts: 1. Retry after 2 seconds.: paramiko.ssh_exception.NoValidConnectionsError: [Errno None] Unable to connect to port 22 on 10.180.180.181
2025-12-02 15:07:11.953 66150 WARNING tempest.lib.common.ssh [-] Failed to establish authenticated ssh connection to cirros@10.180.180.174 ([Errno None] Unable to connect to port 22 on 10.180.180.174). Number attempts: 2. Retry after 3 seconds.: paramiko.ssh_exception.NoValidConnectionsError: [Errno None] Unable to connect to port 22 on 10.180.180.174
2025-12-02 15:07:11.979 66118 INFO tempest.lib.common.rest_client [req-9c67fbb0-777a-4327-a57d-975266e239a9 req-9c67fbb0-777a-4327-a57d-975266e239a9 ] Request (VolumesTestJSON:setUpClass): 201 POST http://10.180.1.21/identity/v3/users 0.058s
2025-12-02 15:07:11.985 66138 INFO tempest.lib.common.rest_client [req-90145967-4969-4ced-9074-a4d4036cc339 req-90145967-4969-4ced-9074-a4d4036cc339 ] Request (VolumesAssistedSnapshotsTest:test_volume_assisted_snapshot_create_delete): 200 GET http://10.180.1.21/volume/v3/volumes/87c30540-1a42-4a4e-86da-d8f5ced5d1b5 0.036s
2025-12-02 15:07:11.996 66122 INFO tempest.lib.common.rest_client [req-f758accd-5972-4366-8a59-017b66e7bc9e req-f758accd-5972-4366-8a59-017b66e7bc9e ] Request (ServerShowV257Test:tearDownClass): 200 GET http://10.180.1.21/compute/v2.1/servers/c0f78f97-a7e7-4665-a8c1-9867abc63a59 0.076s
2025-12-02 15:07:11.997 66118 INFO tempest.lib.common.rest_client [req-50c03f04-8166-46a9-8911-a79e79e1d620 req-50c03f04-8166-46a9-8911-a79e79e1d620 ] Request (VolumesTestJSON:setUpClass): 200 GET http://10.180.1.21/identity/v3/roles 0.017s
2025-12-02 15:07:12.023 66118 INFO tempest.lib.common.rest_client [req-880144bc-5bb9-48cc-9563-43c878fbf02b req-880144bc-5bb9-48cc-9563-43c878fbf02b ] Request (VolumesTestJSON:setUpClass): 204 PUT http://10.180.1.21/identity/v3/projects/75cd41ee1428400dbdc01c167545d1f0/users/3546f17a6c9f4d0796fbfbc74a026b8e/roles/794219207442444e9c94aa72c2b22b32 0.026s
2025-12-02 15:07:12.023 66118 INFO tempest.lib.common.dynamic_creds [-] Dynamic test user 3546f17a6c9f4d0796fbfbc74a026b8e is created with scope project and roles: ['member']
2025-12-02 15:07:12.024 66118 INFO tempest.lib.common.dynamic_creds [-] Acquired dynamic creds: credentials: Credentials: {'domain_id': 'default', 'domain_name': 'Default', 'username': 'tempest-VolumesTestJSON-2088989190-project-member', 'project_domain_id': 'default', 'project_domain_name': 'Default', 'project_id': '75cd41ee1428400dbdc01c167545d1f0', 'project_name': 'tempest-VolumesTestJSON-2088989190', 'tenant_id': '75cd41ee1428400dbdc01c167545d1f0', 'tenant_name': 'tempest-VolumesTestJSON-2088989190', 'user_domain_id': 'default', 'user_domain_name': 'Default', 'user_id': '3546f17a6c9f4d0796fbfbc74a026b8e', 'system': None}, Network: None, Subnet: None, Router: None
2025-12-02 15:07:12.024 66118 INFO tempest.lib.common.dynamic_creds [-] Created isolated network resources for: credentials: Credentials: {'domain_id': 'default', 'domain_name': 'Default', 'username': 'tempest-VolumesTestJSON-2088989190-project-member', 'project_domain_id': 'default', 'project_domain_name': 'Default', 'project_id': '75cd41ee1428400dbdc01c167545d1f0', 'project_name': 'tempest-VolumesTestJSON-2088989190', 'tenant_id': '75cd41ee1428400dbdc01c167545d1f0', 'tenant_name': 'tempest-VolumesTestJSON-2088989190', 'user_domain_id': 'default', 'user_domain_name': 'Default', 'user_id': '3546f17a6c9f4d0796fbfbc74a026b8e', 'system': None}, Network: None, Subnet: None, Router: None
2025-12-02 15:07:12.054 66108 INFO tempest.lib.common.rest_client [req-3944e464-1852-4a95-8628-af53d4fe3f9f req-3944e464-1852-4a95-8628-af53d4fe3f9f ] Request (ImagesTestJSON:test_create_server_from_snapshot): 200 GET http://10.180.1.21/compute/v2.1/servers/7522c65a-615b-4c5a-b338-ac56bc8fab5a 0.074s
2025-12-02 15:07:12.114 66140 INFO tempest.lib.common.rest_client [req-0ec69a0b-342d-4ea1-aef0-9f673eb947bf req-0ec69a0b-342d-4ea1-aef0-9f673eb947bf ] Request (DeleteServersTestJSON:test_delete_server_while_in_shelved_state): 202 POST http://10.180.1.21/compute/v2.1/servers/13a51846-07ab-417f-af34-29cf19fc84ae/action 0.489s
2025-12-02 15:07:12.126 66114 INFO tempest.lib.common.rest_client [req-2a0ae418-365b-4f83-85fd-2c0137299dcf req-2a0ae418-365b-4f83-85fd-2c0137299dcf ] Request (ServerActionsV293TestJSON:setUpClass): 200 GET http://10.180.1.21/compute/v2.1/servers/8660b206-1e61-4d70-a955-5e3378e4419f 0.074s
2025-12-02 15:07:12.128 66118 INFO tempest.lib.common.rest_client [req-13afb709-c30e-407a-a569-c4fedcc1015d req-13afb709-c30e-407a-a569-c4fedcc1015d ] Request (VolumesTestJSON:setUpClass): 201 POST http://10.180.1.21/identity/v3/auth/tokens 0.100s
2025-12-02 15:07:12.192 66144 INFO tempest.lib.common.rest_client [req-267e5605-9685-4da2-ba8f-6b14e8b29a4e req-267e5605-9685-4da2-ba8f-6b14e8b29a4e ] Request (ServersAdminTestJSON:tearDownClass): 200 GET http://10.180.1.21/compute/v2.1/servers/df063b88-cb08-4fe1-ad0b-5ad8cba6ea89 0.090s
2025-12-02 15:07:12.234 66160 INFO tempest.lib.common.rest_client [req-a1f20d15-c20a-4eec-aa47-c1e33ecf17af req-a1f20d15-c20a-4eec-aa47-c1e33ecf17af ] Request (MigrationsAdminTest:test_resize_server_revert_deleted_flavor): 200 GET http://10.180.1.21/compute/v2.1/servers/ec9bedcd-81b9-460d-bead-1064f73bf39e 0.156s
2025-12-02 15:07:12.293 66132 INFO tempest.lib.common.rest_client [req-35070642-b900-4cd7-af0d-317abdea854e req-35070642-b900-4cd7-af0d-317abdea854e ] Request (ImagesOneServerNegativeTestJSON:_run_cleanups): 200 GET http://10.180.1.21/compute/v2.1/servers/957f375f-c94f-4a6e-91dc-916505dc7ca1 0.167s
2025-12-02 15:07:12.298 66140 INFO tempest.lib.common.rest_client [req-f5810500-110b-4e56-9a62-dcda39013de9 req-f5810500-110b-4e56-9a62-dcda39013de9 ] Request (DeleteServersTestJSON:test_delete_server_while_in_shelved_state): 200 GET http://10.180.1.21/compute/v2.1/servers/13a51846-07ab-417f-af34-29cf19fc84ae 0.183s
2025-12-02 15:07:12.357 66156 INFO tempest.lib.common.rest_client [req-7bf180d1-e853-4401-abdb-f225b52e9c26 req-7bf180d1-e853-4401-abdb-f225b52e9c26 ] Request (ServerDiskConfigTestJSON:test_resize_server_from_auto_to_manual): 200 GET http://10.180.1.21/compute/v2.1/servers/2882f2cf-66e7-40da-963b-36601f2027fa 0.205s
2025-12-02 15:07:12.366 66156 INFO tempest.common.waiters [-] State transition "BUILD/scheduling" ==> "BUILD/None" after 6 second wait
2025-12-02 15:07:12.366 66168 INFO tempest.lib.common.rest_client [req-291f0ab7-a893-46b3-bbeb-0b0f8778a2da req-291f0ab7-a893-46b3-bbeb-0b0f8778a2da ] Request (ServerGroupTestJSON:_run_cleanups): 200 GET http://10.180.1.21/compute/v2.1/servers/18b672a8-a6a9-4001-9b68-a0ed0bffcbbd 0.176s
2025-12-02 15:07:12.383 66118 INFO tempest.lib.common.rest_client [req-a8a49964-585d-40ae-99d3-380276e989b1 req-a8a49964-585d-40ae-99d3-380276e989b1 ] Request (VolumesTestJSON:setUpClass): 202 POST http://10.180.1.21/volume/v3/volumes 0.254s
2025-12-02 15:07:12.410 66130 INFO tempest.lib.common.rest_client [req-eb60bc3d-19eb-45a0-953d-f038dd609b60 req-eb60bc3d-19eb-45a0-953d-f038dd609b60 ] Request (ServersAdminNegativeTestJSON:test_migrate_server_invalid_state): 200 GET http://10.180.1.21/compute/v2.1/servers/008ad1df-b0a5-44ac-becf-89334f17ae81 0.089s
2025-12-02 15:07:12.413 66118 INFO tempest.lib.common.rest_client [req-15d01553-b08d-4c13-8f82-cca129daf9c0 req-15d01553-b08d-4c13-8f82-cca129daf9c0 ] Request (VolumesTestJSON:setUpClass): 200 GET http://10.180.1.21/volume/v3/volumes/e17fdc07-379a-436e-9898-5524638b6d87 0.023s
2025-12-02 15:07:12.431 66120 INFO tempest.lib.common.rest_client [req-b873f33d-b3ee-4b84-a9c4-1d59c09ab515 req-b873f33d-b3ee-4b84-a9c4-1d59c09ab515 ] Request (SecurityGroupsTestJSON:test_list_security_groups_by_server): 200 GET http://10.180.1.21/compute/v2.1/servers/bb5262c7-3340-4814-8a92-39eb10451ec9 0.053s
2025-12-02 15:07:12.451 66128 INFO tempest.lib.common.rest_client [req-07628d6b-62f6-424e-ae31-9e7739912b7f req-07628d6b-62f6-424e-ae31-9e7739912b7f ] Request (ListImageFiltersTestJSON:setUpClass): 200 GET http://10.180.1.21/compute/v2.1/images/01006316-5c54-4bf5-a51e-77de2164ce6b 0.037s
2025-12-02 15:07:12.531 66124 INFO tempest.lib.common.rest_client [req-a61f08f0-0a4b-49b2-a93c-6a7e6f52fbf4 req-a61f08f0-0a4b-49b2-a93c-6a7e6f52fbf4 ] Request (ServerRescueTestJSONUnderV235:tearDownClass): 200 GET http://10.180.1.21/compute/v2.1/servers/a3ad6cff-5032-42c2-82bd-3fb8d13c5c8f 0.056s
2025-12-02 15:07:12.538 66167 INFO tempest.lib.common.rest_client [req-06dd3f77-6b3a-4185-8ddd-de81a4db1628 req-06dd3f77-6b3a-4185-8ddd-de81a4db1628 ] Request (ServerActionsTestOtherA:test_rebuild_server_in_stop_state): 200 GET http://10.180.1.21/compute/v2.1/servers/82fdf126-dc35-42dc-b0c9-6e0d97e281b3 0.122s
2025-12-02 15:07:12.697 66154 INFO tempest.lib.common.rest_client [req-e99d04de-42e9-42cb-b037-7e3eddaa839c req-e99d04de-42e9-42cb-b037-7e3eddaa839c ] Request (ListServerFiltersTestJSON:tearDownClass): 200 GET http://10.180.1.21/compute/v2.1/servers/3d369294-db97-44aa-80d5-6f73bde3f8d3 0.087s
2025-12-02 15:07:12.754 66162 INFO tempest.lib.common.rest_client [req-33677b7a-1194-47f0-8e45-aa9f3a8a755b req-33677b7a-1194-47f0-8e45-aa9f3a8a755b ] Request (ServerAddressesNegativeTestJSON:tearDownClass): 200 GET http://10.180.1.21/compute/v2.1/servers/d33fa20e-470f-46c0-882d-e6f9456caf22 0.068s
2025-12-02 15:07:12.760 66116 INFO tempest.lib.common.rest_client [req-6fb70c8b-f362-4045-b7bc-afa0ef3b9928 req-6fb70c8b-f362-4045-b7bc-afa0ef3b9928 ] Request (MultipleCreateTestJSON:test_multiple_create_with_reservation_return): 200 GET http://10.180.1.21/compute/v2.1/servers/a472a0f0-a076-40af-84d3-b49e4c47e393 0.061s
2025-12-02 15:07:12.834 66134 INFO tempest.lib.common.rest_client [req-666adbe6-385f-425f-bdc1-2b279f5743dc req-666adbe6-385f-425f-bdc1-2b279f5743dc ] Request (ServersListShow296Test:test_list_show_update_rebuild_server_296): 200 GET http://10.180.1.21/compute/v2.1/servers/05e55859-3f56-47c0-bd7b-868a44fbc587 0.066s
2025-12-02 15:07:13.025 66138 INFO tempest.lib.common.rest_client [req-d9de7711-ff24-4ae2-870a-be689f23d85f req-d9de7711-ff24-4ae2-870a-be689f23d85f ] Request (VolumesAssistedSnapshotsTest:test_volume_assisted_snapshot_create_delete): 200 GET http://10.180.1.21/volume/v3/volumes/87c30540-1a42-4a4e-86da-d8f5ced5d1b5 0.033s
2025-12-02 15:07:13.074 66122 INFO tempest.lib.common.rest_client [req-574d6798-b1d0-4f36-9295-4105b5852140 req-574d6798-b1d0-4f36-9295-4105b5852140 ] Request (ServerShowV257Test:tearDownClass): 200 GET http://10.180.1.21/compute/v2.1/servers/c0f78f97-a7e7-4665-a8c1-9867abc63a59 0.067s
2025-12-02 15:07:13.117 66108 INFO tempest.lib.common.rest_client [req-fe38bf97-1f6a-4275-b6c0-915824fb29f9 req-fe38bf97-1f6a-4275-b6c0-915824fb29f9 ] Request (ImagesTestJSON:test_create_server_from_snapshot): 200 GET http://10.180.1.21/compute/v2.1/servers/7522c65a-615b-4c5a-b338-ac56bc8fab5a 0.052s
2025-12-02 15:07:13.194 66114 INFO tempest.lib.common.rest_client [req-2bf33e2a-6d50-4514-961a-6adfa2af3475 req-2bf33e2a-6d50-4514-961a-6adfa2af3475 ] Request (ServerActionsV293TestJSON:setUpClass): 200 GET http://10.180.1.21/compute/v2.1/servers/8660b206-1e61-4d70-a955-5e3378e4419f 0.057s
2025-12-02 15:07:13.204 66114 INFO tempest.common.waiters [-] State transition "BUILD/None" ==> "BUILD/networking" after 66 second wait
2025-12-02 15:07:13.259 66144 INFO tempest.lib.common.rest_client [req-4fdd66d4-0918-477d-94a8-407dd976fd2e req-4fdd66d4-0918-477d-94a8-407dd976fd2e ] Request (ServersAdminTestJSON:tearDownClass): 200 GET http://10.180.1.21/compute/v2.1/servers/df063b88-cb08-4fe1-ad0b-5ad8cba6ea89 0.059s
2025-12-02 15:07:13.348 66160 INFO tempest.lib.common.rest_client [req-d61d57b9-607f-4bce-ba0e-d570d604d602 req-d61d57b9-607f-4bce-ba0e-d570d604d602 ] Request (MigrationsAdminTest:test_resize_server_revert_deleted_flavor): 200 GET http://10.180.1.21/compute/v2.1/servers/ec9bedcd-81b9-460d-bead-1064f73bf39e 0.106s
2025-12-02 15:07:13.364 66132 INFO tempest.lib.common.rest_client [req-826432f2-810c-4733-855f-d8c313ca9a33 req-826432f2-810c-4733-855f-d8c313ca9a33 ] Request (ImagesOneServerNegativeTestJSON:_run_cleanups): 200 GET http://10.180.1.21/compute/v2.1/servers/957f375f-c94f-4a6e-91dc-916505dc7ca1 0.061s
2025-12-02 15:07:13.445 66118 INFO tempest.lib.common.rest_client [req-88332e7f-15a1-45fc-b63c-268b823d41fc req-88332e7f-15a1-45fc-b63c-268b823d41fc ] Request (VolumesTestJSON:setUpClass): 200 GET http://10.180.1.21/volume/v3/volumes/e17fdc07-379a-436e-9898-5524638b6d87 0.025s
2025-12-02 15:07:13.452 66118 INFO tempest.common.waiters [-] volume e17fdc07-379a-436e-9898-5524638b6d87 reached available after waiting for 1.452625 seconds
2025-12-02 15:07:13.456 66156 INFO tempest.lib.common.rest_client [req-df6f1419-f570-424f-b5ad-296e00667bf4 req-df6f1419-f570-424f-b5ad-296e00667bf4 ] Request (ServerDiskConfigTestJSON:test_resize_server_from_auto_to_manual): 200 GET http://10.180.1.21/compute/v2.1/servers/2882f2cf-66e7-40da-963b-36601f2027fa 0.087s
2025-12-02 15:07:13.477 66140 INFO tempest.lib.common.rest_client [req-70ad1f5b-4111-4a4e-9626-348a555910d9 req-70ad1f5b-4111-4a4e-9626-348a555910d9 ] Request (DeleteServersTestJSON:test_delete_server_while_in_shelved_state): 200 GET http://10.180.1.21/compute/v2.1/servers/13a51846-07ab-417f-af34-29cf19fc84ae 0.167s
2025-12-02 15:07:13.510 66168 INFO tempest.lib.common.rest_client [req-6c56b356-2f39-4bd3-87ac-76befbc587af req-6c56b356-2f39-4bd3-87ac-76befbc587af ] Request (ServerGroupTestJSON:_run_cleanups): 200 GET http://10.180.1.21/compute/v2.1/servers/18b672a8-a6a9-4001-9b68-a0ed0bffcbbd 0.137s
2025-12-02 15:07:13.531 66130 INFO tempest.lib.common.rest_client [req-cb460f0f-2d0a-40e7-a4eb-aaca5c9721f7 req-cb460f0f-2d0a-40e7-a4eb-aaca5c9721f7 ] Request (ServersAdminNegativeTestJSON:test_migrate_server_invalid_state): 200 GET http://10.180.1.21/compute/v2.1/servers/008ad1df-b0a5-44ac-becf-89334f17ae81 0.111s
2025-12-02 15:07:13.561 66120 INFO tempest.lib.common.rest_client [req-f1e0ab6e-e73c-4cd4-82d5-37af22cbfc89 req-f1e0ab6e-e73c-4cd4-82d5-37af22cbfc89 ] Request (SecurityGroupsTestJSON:test_list_security_groups_by_server): 200 GET http://10.180.1.21/compute/v2.1/servers/bb5262c7-3340-4814-8a92-39eb10451ec9 0.121s
2025-12-02 15:07:13.563 66118 INFO tempest.lib.common.rest_client [req-efadc6c6-6b3a-419b-afa1-faa06c5e41dc req-efadc6c6-6b3a-419b-afa1-faa06c5e41dc ] Request (VolumesTestJSON:setUpClass): 200 GET http://10.180.1.21/compute/v2.1/os-volumes/e17fdc07-379a-436e-9898-5524638b6d87 0.110s
2025-12-02 15:07:13.597 66128 INFO tempest.lib.common.rest_client [req-ad1381a9-5dca-40ce-ae19-910783e1b9da req-ad1381a9-5dca-40ce-ae19-910783e1b9da ] Request (ListImageFiltersTestJSON:setUpClass): 200 GET http://10.180.1.21/compute/v2.1/images/01006316-5c54-4bf5-a51e-77de2164ce6b 0.143s
2025-12-02 15:07:13.651 66124 INFO tempest.lib.common.rest_client [req-80c25417-7f17-4414-8a90-bfec1b2bbc28 req-80c25417-7f17-4414-8a90-bfec1b2bbc28 ] Request (ServerRescueTestJSONUnderV235:tearDownClass): 200 GET http://10.180.1.21/compute/v2.1/servers/a3ad6cff-5032-42c2-82bd-3fb8d13c5c8f 0.112s
2025-12-02 15:07:13.748 66118 INFO tempest.lib.common.rest_client [req-803ee45c-5d21-4251-9ef0-be929bca70b2 req-803ee45c-5d21-4251-9ef0-be929bca70b2 ] Request (VolumesTestJSON:setUpClass): 202 POST http://10.180.1.21/volume/v3/volumes 0.182s
2025-12-02 15:07:13.794 66118 INFO tempest.lib.common.rest_client [req-7dddfde3-099e-4f12-9aed-7ea3cfc443b6 req-7dddfde3-099e-4f12-9aed-7ea3cfc443b6 ] Request (VolumesTestJSON:setUpClass): 200 GET http://10.180.1.21/volume/v3/volumes/55f9af81-5060-44fc-a844-3c0f3018f85e 0.039s
2025-12-02 15:07:13.817 66167 INFO tempest.lib.common.rest_client [req-b816b21f-4612-48aa-a2d0-68d192836cbe req-b816b21f-4612-48aa-a2d0-68d192836cbe ] Request (ServerActionsTestOtherA:test_rebuild_server_in_stop_state): 200 GET http://10.180.1.21/compute/v2.1/servers/82fdf126-dc35-42dc-b0c9-6e0d97e281b3 0.271s
2025-12-02 15:07:13.839 66154 INFO tempest.lib.common.rest_client [req-143bcef6-6bc6-42e7-8c46-270946757411 req-143bcef6-6bc6-42e7-8c46-270946757411 ] Request (ListServerFiltersTestJSON:tearDownClass): 200 GET http://10.180.1.21/compute/v2.1/servers/3d369294-db97-44aa-80d5-6f73bde3f8d3 0.133s
2025-12-02 15:07:13.867 66110 WARNING tempest.lib.common.ssh [-] Failed to establish authenticated ssh connection to cirros@10.180.180.163 ([Errno None] Unable to connect to port 22 on 10.180.180.163). Number attempts: 3. Retry after 4 seconds.: paramiko.ssh_exception.NoValidConnectionsError: [Errno None] Unable to connect to port 22 on 10.180.180.163
2025-12-02 15:07:13.900 66162 INFO tempest.lib.common.rest_client [req-3661c48f-7dec-457d-931d-529c0d3d407b req-3661c48f-7dec-457d-931d-529c0d3d407b ] Request (ServerAddressesNegativeTestJSON:tearDownClass): 200 GET http://10.180.1.21/compute/v2.1/servers/d33fa20e-470f-46c0-882d-e6f9456caf22 0.138s
2025-12-02 15:07:13.916 66116 INFO tempest.lib.common.rest_client [req-bc0f167f-d3f0-4c6c-82a2-4323bb55cace req-bc0f167f-d3f0-4c6c-82a2-4323bb55cace ] Request (MultipleCreateTestJSON:test_multiple_create_with_reservation_return): 200 GET http://10.180.1.21/compute/v2.1/servers/a472a0f0-a076-40af-84d3-b49e4c47e393 0.148s
2025-12-02 15:07:13.993 66134 INFO tempest.lib.common.rest_client [req-28d62349-4461-4977-a75f-8453aa7af8a1 req-28d62349-4461-4977-a75f-8453aa7af8a1 ] Request (ServersListShow296Test:test_list_show_update_rebuild_server_296): 200 GET http://10.180.1.21/compute/v2.1/servers/05e55859-3f56-47c0-bd7b-868a44fbc587 0.147s
2025-12-02 15:07:14.066 66138 INFO tempest.lib.common.rest_client [req-7bed67da-00a9-4e35-bfab-b5591e3f4812 req-7bed67da-00a9-4e35-bfab-b5591e3f4812 ] Request (VolumesAssistedSnapshotsTest:test_volume_assisted_snapshot_create_delete): 200 GET http://10.180.1.21/volume/v3/volumes/87c30540-1a42-4a4e-86da-d8f5ced5d1b5 0.033s
2025-12-02 15:07:14.073 66138 INFO tempest.common.waiters [-] Attachment b88a481c-7729-4504-b188-e08916fad67d created for volume 87c30540-1a42-4a4e-86da-d8f5ced5d1b5 to server 2bc10fe1-de30-44e6-a0b8-894c02cd8ccc after waiting for 9.073569 seconds
2025-12-02 15:07:14.102 66138 INFO tempest.lib.common.rest_client [req-27fd3eba-b8e3-47db-ab68-378d31a94740 req-27fd3eba-b8e3-47db-ab68-378d31a94740 ] Request (VolumesAssistedSnapshotsTest:test_volume_assisted_snapshot_create_delete): 200 GET http://10.180.1.21/volume/v3/volumes/87c30540-1a42-4a4e-86da-d8f5ced5d1b5 0.028s
2025-12-02 15:07:14.110 66138 INFO tempest.common.waiters [-] volume 87c30540-1a42-4a4e-86da-d8f5ced5d1b5 reached in-use after waiting for 0.110835 seconds
2025-12-02 15:07:14.152 66122 INFO tempest.lib.common.rest_client [req-ab4ea5b9-b04f-4b10-a722-a379d937e4e9 req-ab4ea5b9-b04f-4b10-a722-a379d937e4e9 ] Request (ServerShowV257Test:tearDownClass): 200 GET http://10.180.1.21/compute/v2.1/servers/c0f78f97-a7e7-4665-a8c1-9867abc63a59 0.068s
2025-12-02 15:07:14.217 66108 INFO tempest.lib.common.rest_client [req-7257cf41-8e3c-4f75-95a5-456a23e20bea req-7257cf41-8e3c-4f75-95a5-456a23e20bea ] Request (ImagesTestJSON:test_create_server_from_snapshot): 200 GET http://10.180.1.21/compute/v2.1/servers/7522c65a-615b-4c5a-b338-ac56bc8fab5a 0.092s
2025-12-02 15:07:14.296 66138 INFO tempest.lib.common.rest_client [req-de65bc21-16cd-4c28-9537-6391c32423cb req-de65bc21-16cd-4c28-9537-6391c32423cb ] Request (VolumesAssistedSnapshotsTest:test_volume_assisted_snapshot_create_delete): 200 POST http://10.180.1.21/compute/v2.1/os-assisted-volume-snapshots 0.185s
2025-12-02 15:07:14.391 66114 INFO tempest.lib.common.rest_client [req-8ed8807d-7115-4068-99f9-85fa94dc4d27 req-8ed8807d-7115-4068-99f9-85fa94dc4d27 ] Request (ServerActionsV293TestJSON:setUpClass): 200 GET http://10.180.1.21/compute/v2.1/servers/8660b206-1e61-4d70-a955-5e3378e4419f 0.184s
2025-12-02 15:07:14.402 66144 INFO tempest.lib.common.rest_client [req-8cd8b7e3-2409-4a95-ba1f-6aa4c70dfd34 req-8cd8b7e3-2409-4a95-ba1f-6aa4c70dfd34 ] Request (ServersAdminTestJSON:tearDownClass): 200 GET http://10.180.1.21/compute/v2.1/servers/df063b88-cb08-4fe1-ad0b-5ad8cba6ea89 0.134s
2025-12-02 15:07:14.403 66114 INFO tempest.common.waiters [-] State transition "BUILD/networking" ==> "BUILD/block_device_mapping" after 67 second wait
2025-12-02 15:07:14.447 66138 INFO tempest.lib.common.rest_client [req-f70d61ae-e614-42a6-8aec-6ad34efec62e req-f70d61ae-e614-42a6-8aec-6ad34efec62e ] Request (VolumesAssistedSnapshotsTest:test_volume_assisted_snapshot_create_delete): 204 DELETE http://10.180.1.21/compute/v2.1/os-assisted-volume-snapshots/None?delete_info=%7B%22volume_id%22%3A+%2287c30540-1a42-4a4e-86da-d8f5ced5d1b5%22%7D 0.151s
2025-12-02 15:07:14.477 66138 INFO tempest.lib.common.rest_client [req-b2a17fc6-9e8e-45f9-8f49-eebd53e0ae0f req-b2a17fc6-9e8e-45f9-8f49-eebd53e0ae0f ] Request (VolumesAssistedSnapshotsTest:_run_cleanups): 200 GET http://10.180.1.21/volume/v3/volumes/87c30540-1a42-4a4e-86da-d8f5ced5d1b5 0.029s
2025-12-02 15:07:14.530 66132 INFO tempest.lib.common.rest_client [req-3a8ece62-948d-4078-86c8-946f87aeba0f req-3a8ece62-948d-4078-86c8-946f87aeba0f ] Request (ImagesOneServerNegativeTestJSON:_run_cleanups): 200 GET http://10.180.1.21/compute/v2.1/servers/957f375f-c94f-4a6e-91dc-916505dc7ca1 0.155s
2025-12-02 15:07:14.558 66160 INFO tempest.lib.common.rest_client [req-a6190537-44d9-434e-b25a-172f7145c996 req-a6190537-44d9-434e-b25a-172f7145c996 ] Request (MigrationsAdminTest:test_resize_server_revert_deleted_flavor): 200 GET http://10.180.1.21/compute/v2.1/servers/ec9bedcd-81b9-460d-bead-1064f73bf39e 0.201s
2025-12-02 15:07:14.583 66156 INFO tempest.lib.common.rest_client [req-d22685cc-3c5d-4cd6-ab77-9cdb5caa3e69 req-d22685cc-3c5d-4cd6-ab77-9cdb5caa3e69 ] Request (ServerDiskConfigTestJSON:test_resize_server_from_auto_to_manual): 200 GET http://10.180.1.21/compute/v2.1/servers/2882f2cf-66e7-40da-963b-36601f2027fa 0.115s
2025-12-02 15:07:14.714 66140 INFO tempest.lib.common.rest_client [req-d4bbee7e-3956-4eff-a74e-71414996019f req-d4bbee7e-3956-4eff-a74e-71414996019f ] Request (DeleteServersTestJSON:test_delete_server_while_in_shelved_state): 200 GET http://10.180.1.21/compute/v2.1/servers/13a51846-07ab-417f-af34-29cf19fc84ae 0.227s
2025-12-02 15:07:14.722 66140 INFO tempest.common.waiters [-] State transition "ACTIVE/shelving" ==> "ACTIVE/shelving_image_pending_upload" after 2 second wait
2025-12-02 15:07:14.736 66138 INFO tempest.lib.common.rest_client [req-e7867876-f7c1-4deb-ae6a-60d5b110b10f req-e7867876-f7c1-4deb-ae6a-60d5b110b10f ] Request (VolumesAssistedSnapshotsTest:_run_cleanups): 202 DELETE http://10.180.1.21/compute/v2.1/servers/2bc10fe1-de30-44e6-a0b8-894c02cd8ccc/os-volume_attachments/87c30540-1a42-4a4e-86da-d8f5ced5d1b5 0.252s
2025-12-02 15:07:14.792 66168 INFO tempest.lib.common.rest_client [req-006c4968-8528-4de3-8226-71a857cc29b6 req-006c4968-8528-4de3-8226-71a857cc29b6 ] Request (ServerGroupTestJSON:_run_cleanups): 200 GET http://10.180.1.21/compute/v2.1/servers/18b672a8-a6a9-4001-9b68-a0ed0bffcbbd 0.272s
2025-12-02 15:07:14.807 66130 INFO tempest.lib.common.rest_client [req-83ccde14-8650-496d-b6b6-0c521bd9a140 req-83ccde14-8650-496d-b6b6-0c521bd9a140 ] Request (ServersAdminNegativeTestJSON:test_migrate_server_invalid_state): 200 GET http://10.180.1.21/compute/v2.1/servers/008ad1df-b0a5-44ac-becf-89334f17ae81 0.269s
2025-12-02 15:07:14.842 66118 INFO tempest.lib.common.rest_client [req-42139068-86e3-46e5-96c4-9b9b4deb49aa req-42139068-86e3-46e5-96c4-9b9b4deb49aa ] Request (VolumesTestJSON:setUpClass): 200 GET http://10.180.1.21/volume/v3/volumes/55f9af81-5060-44fc-a844-3c0f3018f85e 0.034s
2025-12-02 15:07:14.846 66128 INFO tempest.lib.common.rest_client [req-d3d70a27-83fe-4531-8295-546e90dd5cb9 req-d3d70a27-83fe-4531-8295-546e90dd5cb9 ] Request (ListImageFiltersTestJSON:setUpClass): 200 GET http://10.180.1.21/compute/v2.1/images/01006316-5c54-4bf5-a51e-77de2164ce6b 0.242s
2025-12-02 15:07:14.850 66118 INFO tempest.common.waiters [-] volume 55f9af81-5060-44fc-a844-3c0f3018f85e reached available after waiting for 1.850210 seconds
2025-12-02 15:07:14.853 66120 INFO tempest.lib.common.rest_client [req-569081a3-b821-40f2-9347-1ef872671b45 req-569081a3-b821-40f2-9347-1ef872671b45 ] Request (SecurityGroupsTestJSON:test_list_security_groups_by_server): 200 GET http://10.180.1.21/compute/v2.1/servers/bb5262c7-3340-4814-8a92-39eb10451ec9 0.283s
2025-12-02 15:07:14.893 66138 INFO tempest.lib.common.rest_client [req-74fcd865-ae92-49d5-a061-3654a8a1d6e6 req-74fcd865-ae92-49d5-a061-3654a8a1d6e6 ] Request (VolumesAssistedSnapshotsTest:_run_cleanups): 200 GET http://10.180.1.21/compute/v2.1/servers/2bc10fe1-de30-44e6-a0b8-894c02cd8ccc/os-volume_attachments 0.156s
2025-12-02 15:07:14.922 66124 INFO tempest.lib.common.rest_client [req-3276369b-e658-43f2-8f77-a8e2d519bb72 req-3276369b-e658-43f2-8f77-a8e2d519bb72 ] Request (ServerRescueTestJSONUnderV235:tearDownClass): 200 GET http://10.180.1.21/compute/v2.1/servers/a3ad6cff-5032-42c2-82bd-3fb8d13c5c8f 0.262s
2025-12-02 15:07:14.958 66118 INFO tempest.lib.common.rest_client [req-a1400752-19d3-4b98-8f1e-8fb962c11a48 req-a1400752-19d3-4b98-8f1e-8fb962c11a48 ] Request (VolumesTestJSON:setUpClass): 200 GET http://10.180.1.21/compute/v2.1/os-volumes/55f9af81-5060-44fc-a844-3c0f3018f85e 0.108s
2025-12-02 15:07:14.995 66167 INFO tempest.lib.common.rest_client [req-6facc541-d05a-4b96-8f1b-45663960383a req-6facc541-d05a-4b96-8f1b-45663960383a ] Request (ServerActionsTestOtherA:test_rebuild_server_in_stop_state): 200 GET http://10.180.1.21/compute/v2.1/servers/82fdf126-dc35-42dc-b0c9-6e0d97e281b3 0.162s
2025-12-02 15:07:15.043 66154 INFO tempest.lib.common.rest_client [req-04dbe1f0-42eb-4ecc-b5e0-0feb368864e4 req-04dbe1f0-42eb-4ecc-b5e0-0feb368864e4 ] Request (ListServerFiltersTestJSON:tearDownClass): 200 GET http://10.180.1.21/compute/v2.1/servers/3d369294-db97-44aa-80d5-6f73bde3f8d3 0.191s
2025-12-02 15:07:15.080 66162 INFO tempest.lib.common.rest_client [req-1896910a-9d98-4fc0-8fb2-dc6e5c33ded5 req-1896910a-9d98-4fc0-8fb2-dc6e5c33ded5 ] Request (ServerAddressesNegativeTestJSON:tearDownClass): 200 GET http://10.180.1.21/compute/v2.1/servers/d33fa20e-470f-46c0-882d-e6f9456caf22 0.170s
2025-12-02 15:07:15.095 66116 INFO tempest.lib.common.rest_client [req-9e9d1a99-3a50-465b-b2f5-b53643ee4fec req-9e9d1a99-3a50-465b-b2f5-b53643ee4fec ] Request (MultipleCreateTestJSON:test_multiple_create_with_reservation_return): 200 GET http://10.180.1.21/compute/v2.1/servers/a472a0f0-a076-40af-84d3-b49e4c47e393 0.167s
2025-12-02 15:07:15.107 66118 INFO tempest.lib.common.rest_client [req-8f4437cc-efa4-4624-984a-edfd55911eec req-8f4437cc-efa4-4624-984a-edfd55911eec ] Request (VolumesTestJSON:setUpClass): 202 POST http://10.180.1.21/volume/v3/volumes 0.146s
2025-12-02 15:07:15.140 66118 INFO tempest.lib.common.rest_client [req-301e977b-2b51-4457-b102-95fa03af9793 req-301e977b-2b51-4457-b102-95fa03af9793 ] Request (VolumesTestJSON:setUpClass): 200 GET http://10.180.1.21/volume/v3/volumes/67789b14-91ef-4d45-a6f8-eaa4d3957797 0.026s
2025-12-02 15:07:15.158 66134 INFO tempest.lib.common.rest_client [req-7b86e38b-9073-4bf1-89d0-fcee500914a4 req-7b86e38b-9073-4bf1-89d0-fcee500914a4 ] Request (ServersListShow296Test:test_list_show_update_rebuild_server_296): 200 GET http://10.180.1.21/compute/v2.1/servers/05e55859-3f56-47c0-bd7b-868a44fbc587 0.151s
2025-12-02 15:07:15.234 66122 INFO tempest.lib.common.rest_client [req-2dbd03ef-9608-4d6b-a3d9-597378d3cfca req-2dbd03ef-9608-4d6b-a3d9-597378d3cfca ] Request (ServerShowV257Test:tearDownClass): 200 GET http://10.180.1.21/compute/v2.1/servers/c0f78f97-a7e7-4665-a8c1-9867abc63a59 0.068s
2025-12-02 15:07:15.286 66108 INFO tempest.lib.common.rest_client [req-e6b7c204-848c-4b89-9de9-01ce31f68ef8 req-e6b7c204-848c-4b89-9de9-01ce31f68ef8 ] Request (ImagesTestJSON:test_create_server_from_snapshot): 200 GET http://10.180.1.21/compute/v2.1/servers/7522c65a-615b-4c5a-b338-ac56bc8fab5a 0.059s
2025-12-02 15:07:15.457 66150 WARNING tempest.lib.common.ssh [-] Failed to establish authenticated ssh connection to cirros@10.180.180.174 ([Errno None] Unable to connect to port 22 on 10.180.180.174). Number attempts: 3. Retry after 4 seconds.: paramiko.ssh_exception.NoValidConnectionsError: [Errno None] Unable to connect to port 22 on 10.180.180.174
2025-12-02 15:07:15.485 66144 INFO tempest.lib.common.rest_client [req-cc6f64f7-9e93-4b99-9a25-22012401835c req-cc6f64f7-9e93-4b99-9a25-22012401835c ] Request (ServersAdminTestJSON:tearDownClass): 200 GET http://10.180.1.21/compute/v2.1/servers/df063b88-cb08-4fe1-ad0b-5ad8cba6ea89 0.072s
2025-12-02 15:07:15.527 66114 INFO tempest.lib.common.rest_client [req-d4b4772e-3c26-4aa4-bf5c-b92dea95c171 req-d4b4772e-3c26-4aa4-bf5c-b92dea95c171 ] Request (ServerActionsV293TestJSON:setUpClass): 200 GET http://10.180.1.21/compute/v2.1/servers/8660b206-1e61-4d70-a955-5e3378e4419f 0.123s
2025-12-02 15:07:15.603 66132 INFO tempest.lib.common.rest_client [req-8302041f-6adf-4516-8460-9c7e580b04c3 req-8302041f-6adf-4516-8460-9c7e580b04c3 ] Request (ImagesOneServerNegativeTestJSON:_run_cleanups): 200 GET http://10.180.1.21/compute/v2.1/servers/957f375f-c94f-4a6e-91dc-916505dc7ca1 0.063s
2025-12-02 15:07:15.662 66156 INFO tempest.lib.common.rest_client [req-f7000dcd-9111-4d70-bc36-2ad886cdacc6 req-f7000dcd-9111-4d70-bc36-2ad886cdacc6 ] Request (ServerDiskConfigTestJSON:test_resize_server_from_auto_to_manual): 200 GET http://10.180.1.21/compute/v2.1/servers/2882f2cf-66e7-40da-963b-36601f2027fa 0.071s
2025-12-02 15:07:15.673 66160 INFO tempest.lib.common.rest_client [req-ef0cbc49-67b3-4970-965b-570d07de5553 req-ef0cbc49-67b3-4970-965b-570d07de5553 ] Request (MigrationsAdminTest:test_resize_server_revert_deleted_flavor): 200 GET http://10.180.1.21/compute/v2.1/servers/ec9bedcd-81b9-460d-bead-1064f73bf39e 0.107s
2025-12-02 15:07:15.884 66168 INFO tempest.lib.common.rest_client [req-d0c0618f-f313-4e0f-9ae5-236c69fa66ee req-d0c0618f-f313-4e0f-9ae5-236c69fa66ee ] Request (ServerGroupTestJSON:_run_cleanups): 200 GET http://10.180.1.21/compute/v2.1/servers/18b672a8-a6a9-4001-9b68-a0ed0bffcbbd 0.082s
2025-12-02 15:07:15.915 66140 INFO tempest.lib.common.rest_client [req-63d5c807-5f2a-406f-8324-a8d2ad5370bb req-63d5c807-5f2a-406f-8324-a8d2ad5370bb ] Request (DeleteServersTestJSON:test_delete_server_while_in_shelved_state): 200 GET http://10.180.1.21/compute/v2.1/servers/13a51846-07ab-417f-af34-29cf19fc84ae 0.192s
2025-12-02 15:07:15.949 66130 INFO tempest.lib.common.rest_client [req-24c0c752-c20f-4320-b639-1d2bddc4300d req-24c0c752-c20f-4320-b639-1d2bddc4300d ] Request (ServersAdminNegativeTestJSON:test_migrate_server_invalid_state): 200 GET http://10.180.1.21/compute/v2.1/servers/008ad1df-b0a5-44ac-becf-89334f17ae81 0.133s
2025-12-02 15:07:15.958 66128 INFO tempest.lib.common.rest_client [req-95dc5265-d278-470e-b612-818cea84d3d0 req-95dc5265-d278-470e-b612-818cea84d3d0 ] Request (ListImageFiltersTestJSON:setUpClass): 200 GET http://10.180.1.21/compute/v2.1/images/01006316-5c54-4bf5-a51e-77de2164ce6b 0.107s
2025-12-02 15:07:15.958 66130 INFO tempest.common.waiters [-] State transition "BUILD/None" ==> "BUILD/networking" after 67 second wait
2025-12-02 15:07:15.996 66138 INFO tempest.lib.common.rest_client [req-32ae6d14-f379-41dc-9c30-f11807a6fb21 req-32ae6d14-f379-41dc-9c30-f11807a6fb21 ] Request (VolumesAssistedSnapshotsTest:_run_cleanups): 200 GET http://10.180.1.21/compute/v2.1/servers/2bc10fe1-de30-44e6-a0b8-894c02cd8ccc/os-volume_attachments 0.100s
2025-12-02 15:07:16.030 66120 INFO tempest.lib.common.rest_client [req-a9af810e-24cf-4b38-8413-1f14cb163f55 req-a9af810e-24cf-4b38-8413-1f14cb163f55 ] Request (SecurityGroupsTestJSON:test_list_security_groups_by_server): 200 GET http://10.180.1.21/compute/v2.1/servers/bb5262c7-3340-4814-8a92-39eb10451ec9 0.160s
2025-12-02 15:07:16.070 66124 INFO tempest.lib.common.rest_client [req-39f9af2c-312b-44ab-97b1-cce982a6e18d req-39f9af2c-312b-44ab-97b1-cce982a6e18d ] Request (ServerRescueTestJSONUnderV235:tearDownClass): 200 GET http://10.180.1.21/compute/v2.1/servers/a3ad6cff-5032-42c2-82bd-3fb8d13c5c8f 0.140s
2025-12-02 15:07:16.131 66154 INFO tempest.lib.common.rest_client [req-a377ccac-8db0-48f4-91f5-1a8cc36895ca req-a377ccac-8db0-48f4-91f5-1a8cc36895ca ] Request (ListServerFiltersTestJSON:tearDownClass): 200 GET http://10.180.1.21/compute/v2.1/servers/3d369294-db97-44aa-80d5-6f73bde3f8d3 0.080s
2025-12-02 15:07:16.164 66167 INFO tempest.lib.common.rest_client [req-f1af2a17-a2c4-4d2a-a5f8-c8530024cf21 req-f1af2a17-a2c4-4d2a-a5f8-c8530024cf21 ] Request (ServerActionsTestOtherA:test_rebuild_server_in_stop_state): 200 GET http://10.180.1.21/compute/v2.1/servers/82fdf126-dc35-42dc-b0c9-6e0d97e281b3 0.162s
2025-12-02 15:07:16.171 66167 INFO tempest.common.waiters [-] State transition "BUILD/spawning" ==> "ACTIVE/None" after 70 second wait
2025-12-02 15:07:16.185 66118 INFO tempest.lib.common.rest_client [req-67c13e2f-8a4f-4b5a-81a8-da3dd9d185f8 req-67c13e2f-8a4f-4b5a-81a8-da3dd9d185f8 ] Request (VolumesTestJSON:setUpClass): 200 GET http://10.180.1.21/volume/v3/volumes/67789b14-91ef-4d45-a6f8-eaa4d3957797 0.035s
2025-12-02 15:07:16.187 66162 INFO tempest.lib.common.rest_client [req-4c7b13b8-621c-4dfb-8a5b-99648e594cb1 req-4c7b13b8-621c-4dfb-8a5b-99648e594cb1 ] Request (ServerAddressesNegativeTestJSON:tearDownClass): 200 GET http://10.180.1.21/compute/v2.1/servers/d33fa20e-470f-46c0-882d-e6f9456caf22 0.099s
2025-12-02 15:07:16.193 66118 INFO tempest.common.waiters [-] volume 67789b14-91ef-4d45-a6f8-eaa4d3957797 reached available after waiting for 1.193005 seconds
2025-12-02 15:07:16.220 66116 INFO tempest.lib.common.rest_client [req-0b458ea9-7401-4cd6-a7bb-1091e08a1852 req-0b458ea9-7401-4cd6-a7bb-1091e08a1852 ] Request (MultipleCreateTestJSON:test_multiple_create_with_reservation_return): 200 GET http://10.180.1.21/compute/v2.1/servers/a472a0f0-a076-40af-84d3-b49e4c47e393 0.117s
2025-12-02 15:07:16.262 66152 WARNING tempest.lib.common.ssh [-] Failed to establish authenticated ssh connection to cirros@10.180.180.164 ([Errno None] Unable to connect to port 22 on 10.180.180.164). Number attempts: 8. Retry after 9 seconds.: paramiko.ssh_exception.NoValidConnectionsError: [Errno None] Unable to connect to port 22 on 10.180.180.164
2025-12-02 15:07:16.296 66134 INFO tempest.lib.common.rest_client [req-14d2af71-2200-4b0b-b0b1-a5b007300b0d req-14d2af71-2200-4b0b-b0b1-a5b007300b0d ] Request (ServersListShow296Test:test_list_show_update_rebuild_server_296): 200 GET http://10.180.1.21/compute/v2.1/servers/05e55859-3f56-47c0-bd7b-868a44fbc587 0.119s
2025-12-02 15:07:16.320 66167 INFO tempest.lib.common.rest_client [req-73eece1a-44ba-4afa-a71f-6e4b1a618353 req-73eece1a-44ba-4afa-a71f-6e4b1a618353 ] Request (ServerActionsTestOtherA:test_rebuild_server_in_stop_state): 200 GET http://10.180.1.21/compute/v2.1/servers/82fdf126-dc35-42dc-b0c9-6e0d97e281b3 0.148s
2025-12-02 15:07:16.343 66118 INFO tempest.lib.common.rest_client [req-c06767a9-7cee-44b7-a6e7-d6347dcce4ba req-c06767a9-7cee-44b7-a6e7-d6347dcce4ba ] Request (VolumesTestJSON:setUpClass): 200 GET http://10.180.1.21/compute/v2.1/os-volumes/67789b14-91ef-4d45-a6f8-eaa4d3957797 0.150s
2025-12-02 15:07:16.421 66122 INFO tempest.lib.common.rest_client [req-360d791d-1e6e-40a2-a69d-e19ec5720535 req-360d791d-1e6e-40a2-a69d-e19ec5720535 ] Request (ServerShowV257Test:tearDownClass): 200 GET http://10.180.1.21/compute/v2.1/servers/c0f78f97-a7e7-4665-a8c1-9867abc63a59 0.175s
2025-12-02 15:07:16.436 66108 INFO tempest.lib.common.rest_client [req-32e85e0c-985b-4ade-bca4-36f5fd05d291 req-32e85e0c-985b-4ade-bca4-36f5fd05d291 ] Request (ImagesTestJSON:test_create_server_from_snapshot): 200 GET http://10.180.1.21/compute/v2.1/servers/7522c65a-615b-4c5a-b338-ac56bc8fab5a 0.141s
2025-12-02 15:07:16.487 66167 INFO tempest.lib.common.rest_client [req-41ab1aaf-7ea1-419a-a35a-99a2d155d470 req-41ab1aaf-7ea1-419a-a35a-99a2d155d470 ] Request (ServerActionsTestOtherA:test_rebuild_server_in_stop_state): 202 POST http://10.180.1.21/compute/v2.1/servers/82fdf126-dc35-42dc-b0c9-6e0d97e281b3/action 0.155s
2025-12-02 15:07:16.504 66118 INFO tempest.lib.common.rest_client [req-9c39fde0-9618-4c73-8232-e4e1f9a858e2 req-9c39fde0-9618-4c73-8232-e4e1f9a858e2 ] Request (VolumesTestJSON:test_volume_list): 200 GET http://10.180.1.21/compute/v2.1/os-volumes 0.152s
2025-12-02 15:07:16.600 66144 INFO tempest.lib.common.rest_client [req-43860650-1c8d-46f9-b9d9-7427e420a32e req-43860650-1c8d-46f9-b9d9-7427e420a32e ] Request (ServersAdminTestJSON:tearDownClass): 200 GET http://10.180.1.21/compute/v2.1/servers/df063b88-cb08-4fe1-ad0b-5ad8cba6ea89 0.103s
2025-12-02 15:07:16.695 66167 INFO tempest.lib.common.rest_client [req-bbe08f73-0cf3-48c9-a6f0-cb1351dccabb req-bbe08f73-0cf3-48c9-a6f0-cb1351dccabb ] Request (ServerActionsTestOtherA:test_rebuild_server_in_stop_state): 200 GET http://10.180.1.21/compute/v2.1/servers/82fdf126-dc35-42dc-b0c9-6e0d97e281b3 0.207s
2025-12-02 15:07:16.699 66118 INFO tempest.lib.common.rest_client [req-8077454d-f16f-4e28-90b0-3c7087978cc8 req-8077454d-f16f-4e28-90b0-3c7087978cc8 ] Request (VolumesTestJSON:test_volume_list_param_limit): 200 GET http://10.180.1.21/compute/v2.1/os-volumes?limit=2 0.188s
2025-12-02 15:07:16.769 66132 INFO tempest.lib.common.rest_client [req-8670297b-5b9c-41e9-806f-aba729fa49a6 req-8670297b-5b9c-41e9-806f-aba729fa49a6 ] Request (ImagesOneServerNegativeTestJSON:_run_cleanups): 200 GET http://10.180.1.21/compute/v2.1/servers/957f375f-c94f-4a6e-91dc-916505dc7ca1 0.158s
2025-12-02 15:07:16.869 66156 INFO tempest.lib.common.rest_client [req-b6dcd199-1989-47ee-bbb2-be0f8a8429b1 req-b6dcd199-1989-47ee-bbb2-be0f8a8429b1 ] Request (ServerDiskConfigTestJSON:test_resize_server_from_auto_to_manual): 200 GET http://10.180.1.21/compute/v2.1/servers/2882f2cf-66e7-40da-963b-36601f2027fa 0.198s
2025-12-02 15:07:16.902 66114 INFO tempest.lib.common.rest_client [req-b3e6f924-903d-4115-9fa8-e407a0f99697 req-b3e6f924-903d-4115-9fa8-e407a0f99697 ] Request (ServerActionsV293TestJSON:setUpClass): 200 GET http://10.180.1.21/compute/v2.1/servers/8660b206-1e61-4d70-a955-5e3378e4419f 0.360s
2025-12-02 15:07:16.913 66114 INFO tempest.common.waiters [-] State transition "BUILD/block_device_mapping" ==> "BUILD/spawning" after 69 second wait
2025-12-02 15:07:16.939 66118 INFO tempest.lib.common.rest_client [req-7ada8730-f210-4f12-80d5-308bf5aacdda req-7ada8730-f210-4f12-80d5-308bf5aacdda ] Request (VolumesTestJSON:test_volume_list_param_offset_and_limit): 200 GET http://10.180.1.21/compute/v2.1/os-volumes 0.231s
2025-12-02 15:07:16.998 66160 INFO tempest.lib.common.rest_client [req-5ccbaba3-57f2-4475-8067-e354246353ea req-5ccbaba3-57f2-4475-8067-e354246353ea ] Request (MigrationsAdminTest:test_resize_server_revert_deleted_flavor): 200 GET http://10.180.1.21/compute/v2.1/servers/ec9bedcd-81b9-460d-bead-1064f73bf39e 0.316s
2025-12-02 15:07:17.011 66168 INFO tempest.lib.common.rest_client [req-e7720549-f2ff-41fd-9deb-be6d2c1aa859 req-e7720549-f2ff-41fd-9deb-be6d2c1aa859 ] Request (ServerGroupTestJSON:_run_cleanups): 200 GET http://10.180.1.21/compute/v2.1/servers/18b672a8-a6a9-4001-9b68-a0ed0bffcbbd 0.119s
2025-12-02 15:07:17.044 66118 INFO tempest.lib.common.rest_client [req-b7cd9519-838f-4e42-84ab-2d5d6d756d04 req-b7cd9519-838f-4e42-84ab-2d5d6d756d04 ] Request (VolumesTestJSON:test_volume_list_param_offset_and_limit): 200 GET http://10.180.1.21/compute/v2.1/os-volumes?offset=1&limit=1 0.102s
2025-12-02 15:07:17.098 66140 INFO tempest.lib.common.rest_client [req-e08a7e8f-7e6b-4cde-aab1-f9c608136874 req-e08a7e8f-7e6b-4cde-aab1-f9c608136874 ] Request (DeleteServersTestJSON:test_delete_server_while_in_shelved_state): 200 GET http://10.180.1.21/compute/v2.1/servers/13a51846-07ab-417f-af34-29cf19fc84ae 0.169s
2025-12-02 15:07:17.105 66140 INFO tempest.common.waiters [-] State transition "ACTIVE/shelving_image_pending_upload" ==> "ACTIVE/shelving_image_uploading" after 5 second wait
2025-12-02 15:07:17.135 66128 INFO tempest.lib.common.rest_client [req-3fc6b9e6-135c-4b50-8d60-bcc5d2eecc9b req-3fc6b9e6-135c-4b50-8d60-bcc5d2eecc9b ] Request (ListImageFiltersTestJSON:setUpClass): 200 GET http://10.180.1.21/compute/v2.1/images/01006316-5c54-4bf5-a51e-77de2164ce6b 0.173s
2025-12-02 15:07:17.170 66138 INFO tempest.lib.common.rest_client [req-6d4d91cf-5831-4d4e-8b55-c0571d5e6536 req-6d4d91cf-5831-4d4e-8b55-c0571d5e6536 ] Request (VolumesAssistedSnapshotsTest:_run_cleanups): 200 GET http://10.180.1.21/compute/v2.1/servers/2bc10fe1-de30-44e6-a0b8-894c02cd8ccc/os-volume_attachments 0.170s
2025-12-02 15:07:17.173 66130 INFO tempest.lib.common.rest_client [req-3e945431-808a-4f64-9e04-1f57fdf376d7 req-3e945431-808a-4f64-9e04-1f57fdf376d7 ] Request (ServersAdminNegativeTestJSON:test_migrate_server_invalid_state): 200 GET http://10.180.1.21/compute/v2.1/servers/008ad1df-b0a5-44ac-becf-89334f17ae81 0.214s
2025-12-02 15:07:17.181 66130 INFO tempest.common.waiters [-] State transition "BUILD/networking" ==> "BUILD/block_device_mapping" after 69 second wait
2025-12-02 15:07:17.209 66118 INFO tempest.lib.common.rest_client [req-ef8624d2-b8a0-4337-ac7e-09bfb139afc2 req-ef8624d2-b8a0-4337-ac7e-09bfb139afc2 ] Request (VolumesTestJSON:test_volume_list_with_detail_param_limit): 200 GET http://10.180.1.21/compute/v2.1/os-volumes/detail?limit=2 0.161s
2025-12-02 15:07:17.221 66120 INFO tempest.lib.common.rest_client [req-edb2415f-75d4-4755-b2dd-2f121e8743ab req-edb2415f-75d4-4755-b2dd-2f121e8743ab ] Request (SecurityGroupsTestJSON:test_list_security_groups_by_server): 200 GET http://10.180.1.21/compute/v2.1/servers/bb5262c7-3340-4814-8a92-39eb10451ec9 0.180s
2025-12-02 15:07:17.270 66124 INFO tempest.lib.common.rest_client [req-4f0f2fb1-a3e2-4256-9d77-0adf8153a857 req-4f0f2fb1-a3e2-4256-9d77-0adf8153a857 ] Request (ServerRescueTestJSONUnderV235:tearDownClass): 200 GET http://10.180.1.21/compute/v2.1/servers/a3ad6cff-5032-42c2-82bd-3fb8d13c5c8f 0.191s
2025-12-02 15:07:17.286 66154 INFO tempest.lib.common.rest_client [req-c86e74c5-2ef8-46cf-8a44-f48eb1114c3e req-c86e74c5-2ef8-46cf-8a44-f48eb1114c3e ] Request (ListServerFiltersTestJSON:tearDownClass): 200 GET http://10.180.1.21/compute/v2.1/servers/3d369294-db97-44aa-80d5-6f73bde3f8d3 0.145s
2025-12-02 15:07:17.318 66118 INFO tempest.lib.common.rest_client [req-adf3f9c9-1338-4fe4-8e8e-b79547505bf1 req-adf3f9c9-1338-4fe4-8e8e-b79547505bf1 ] Request (VolumesTestJSON:test_volume_list_with_detail_param_offset_and_limit): 200 GET http://10.180.1.21/compute/v2.1/os-volumes/detail 0.105s
2025-12-02 15:07:17.331 66162 INFO tempest.lib.common.rest_client [req-465e38e1-d212-45bf-bc72-f921edf59a44 req-465e38e1-d212-45bf-bc72-f921edf59a44 ] Request (ServerAddressesNegativeTestJSON:tearDownClass): 200 GET http://10.180.1.21/compute/v2.1/servers/d33fa20e-470f-46c0-882d-e6f9456caf22 0.130s
2025-12-02 15:07:17.378 66116 INFO tempest.lib.common.rest_client [req-3c8b6b66-72ba-46a0-92d2-8b4c18895f3e req-3c8b6b66-72ba-46a0-92d2-8b4c18895f3e ] Request (MultipleCreateTestJSON:test_multiple_create_with_reservation_return): 200 GET http://10.180.1.21/compute/v2.1/servers/a472a0f0-a076-40af-84d3-b49e4c47e393 0.148s
2025-12-02 15:07:17.418 66118 INFO tempest.lib.common.rest_client [req-d0a7404d-29d5-422e-a3a9-fbeecba19847 req-d0a7404d-29d5-422e-a3a9-fbeecba19847 ] Request (VolumesTestJSON:test_volume_list_with_detail_param_offset_and_limit): 200 GET http://10.180.1.21/compute/v2.1/os-volumes/detail?offset=1&limit=1 0.096s
2025-12-02 15:07:17.430 66134 INFO tempest.lib.common.rest_client [req-3f4b3a29-9952-48bb-8de8-28a8f15d6d64 req-3f4b3a29-9952-48bb-8de8-28a8f15d6d64 ] Request (ServersListShow296Test:test_list_show_update_rebuild_server_296): 200 GET http://10.180.1.21/compute/v2.1/servers/05e55859-3f56-47c0-bd7b-868a44fbc587 0.123s
