2025-12-02 15:05:55.755 66144 INFO tempest.lib.common.rest_client [req-f80794a3-4dae-420f-8bcf-82abc68a944f req-f80794a3-4dae-420f-8bcf-82abc68a944f ] Request (ServersAdminTestJSON:test_inject_network_info): 200 GET http://10.180.1.21/compute/v2.1/servers/df063b88-cb08-4fe1-ad0b-5ad8cba6ea89 2.726s
2025-12-02 15:05:55.785 66108 INFO tempest.lib.common.rest_client [req-c139b0ba-944c-46e0-a3a9-57a572840dfb req-c139b0ba-944c-46e0-a3a9-57a572840dfb ] Request (ImagesTestJSON:test_create_image_from_suspended_server): 200 GET http://10.180.1.21/compute/v2.1/servers/63504ab3-8f56-450a-a10b-7eac4d408823 2.715s
2025-12-02 15:05:55.824 66156 INFO tempest.lib.common.rest_client [req-7a775d85-3cf6-4dc8-81c6-79ca47cc3135 req-7a775d85-3cf6-4dc8-81c6-79ca47cc3135 ] Request (ServerDiskConfigTestJSON:test_rebuild_server_with_manual_disk_config): 200 GET http://10.180.1.21/compute/v2.1/servers/7a6d84ab-95ea-46bc-8791-06bbb2819034 2.617s
2025-12-02 15:05:55.858 66150 INFO tempest.lib.common.rest_client [req-b861078b-486f-45a1-a3c2-7c69aa5e9e6b req-b861078b-486f-45a1-a3c2-7c69aa5e9e6b ] Request (AttachVolumeNegativeTest:test_attach_attached_volume_to_different_server): 200 GET http://10.180.1.21/compute/v2.1/servers/9b22006c-aaa3-4ee6-b9d5-f61ee26d7088 1.925s
2025-12-02 15:05:55.899 66132 INFO tempest.lib.common.rest_client [req-883e45fd-dad1-4abf-a6c7-e1e5f13d25e6 req-883e45fd-dad1-4abf-a6c7-e1e5f13d25e6 ] Request (ImagesOneServerNegativeTestJSON:test_create_image_specify_metadata_over_limits): 400 POST http://10.180.1.21/compute/v2.1/servers/4b8df03c-4bdd-4838-a6b8-c55d4b951ccd/action 1.277s
2025-12-02 15:05:55.988 66168 INFO tempest.lib.common.rest_client [req-25555d13-f189-4cc5-b536-77bdade893e5 req-25555d13-f189-4cc5-b536-77bdade893e5 ] Request (ServerGroupTestJSON:test_create_server_with_scheduler_hint_group): 200 GET http://10.180.1.21/compute/v2.1/servers/18b672a8-a6a9-4001-9b68-a0ed0bffcbbd 1.300s
2025-12-02 15:05:56.026 66110 INFO tempest.lib.common.rest_client [req-dfebee63-ec0a-473c-9d52-bb8fbc9f8127 req-dfebee63-ec0a-473c-9d52-bb8fbc9f8127 ] Request (ServerActionsTestJSON:setUpClass): 200 GET http://10.180.1.21/compute/v2.1/servers/b5e3f2b6-8f27-48e9-bb47-d8d3d697f9ed 1.771s
2025-12-02 15:05:56.033 66110 INFO tempest.common.waiters [-] State transition "BUILD/networking" ==> "BUILD/spawning" after 50 second wait
2025-12-02 15:05:56.057 66140 INFO tempest.lib.common.rest_client [req-bdacab14-f5f7-409e-80a0-eed731f0e8b0 req-bdacab14-f5f7-409e-80a0-eed731f0e8b0 ] Request (DeleteServersTestJSON:test_delete_server_while_in_building_state): 200 GET http://10.180.1.21/compute/v2.1/servers/3f6cd42c-2ad1-4e99-a781-d6196f65e615 1.312s
2025-12-02 15:05:56.091 66122 INFO tempest.lib.common.rest_client [req-4cd67fd0-880e-4f2f-9133-49358e8e7320 req-4cd67fd0-880e-4f2f-9133-49358e8e7320 ] Request (ServerShowV257Test:test_rebuild_server): 200 GET http://10.180.1.21/compute/v2.1/servers/c0f78f97-a7e7-4665-a8c1-9867abc63a59 1.221s
2025-12-02 15:05:56.117 66162 INFO tempest.lib.common.rest_client [req-0d1d5c0a-c607-4c3f-b315-c497000b5bd1 req-0d1d5c0a-c607-4c3f-b315-c497000b5bd1 ] Request (ServerAddressesNegativeTestJSON:setUpClass): 200 GET http://10.180.1.21/compute/v2.1/servers/d33fa20e-470f-46c0-882d-e6f9456caf22 0.738s
2025-12-02 15:05:56.350 66154 INFO tempest.lib.common.rest_client [req-cd7ac5cb-52a8-4644-ad4c-7184fa844f67 req-cd7ac5cb-52a8-4644-ad4c-7184fa844f67 ] Request (ListServerFiltersTestJSON:test_list_servers_detailed_filter_by_server_name): 200 GET http://10.180.1.21/compute/v2.1/servers/detail?name=tempest-ListServerFiltersTestJSON-instance-1341568589 0.768s
2025-12-02 15:05:56.371 66114 INFO tempest.lib.common.rest_client [req-5622f5f9-baf8-4acf-8523-7838293c196d req-5622f5f9-baf8-4acf-8523-7838293c196d ] Request (ServerActionsV293TestJSON:setUpClass): 200 GET http://10.180.1.21/volume/v3/volumes/e4194002-f73c-4e21-8bc2-010f8312bdca 0.036s
2025-12-02 15:05:56.435 66118 INFO tempest.lib.common.rest_client [req-71ad9794-2dc1-4a1d-954c-4aa9252e3111 req-71ad9794-2dc1-4a1d-954c-4aa9252e3111 ] Request (ServersListShow298Test:test_list_show_update_rebuild_server_298): 200 GET http://10.180.1.21/compute/v2.1/servers/52d84788-73f1-4816-a6ae-0d2bb2de6daf 0.599s
2025-12-02 15:05:56.610 66132 INFO tempest.lib.common.rest_client [req-2ecce732-e20f-48cf-86e0-a306e2681111 req-2ecce732-e20f-48cf-86e0-a306e2681111 ] Request (ImagesOneServerNegativeTestJSON:tearDown): 200 GET http://10.180.1.21/compute/v2.1/servers/4b8df03c-4bdd-4838-a6b8-c55d4b951ccd 0.711s
2025-12-02 15:05:56.659 66126 INFO tempest.lib.common.rest_client [req-454571df-dc08-4cb3-b433-d5879e48e089 req-454571df-dc08-4cb3-b433-d5879e48e089 ] Request (AttachInterfacesTestJSON:test_create_list_show_delete_interfaces_by_network_port): 202 POST http://10.180.1.21/compute/v2.1/servers 1.010s
2025-12-02 15:05:56.761 66128 INFO tempest.lib.common.rest_client [req-d14e63df-80ef-4919-aaba-cc3930936709 req-d14e63df-80ef-4919-aaba-cc3930936709 ] Request (ListImageFiltersTestJSON:setUpClass): 200 GET http://10.180.1.21/compute/v2.1/servers/2f1c2425-2844-4556-a871-d26d28199f63 0.818s
2025-12-02 15:05:56.794 66116 INFO tempest.lib.common.rest_client [req-64dab924-f4c3-4368-82a1-adaacf810496 req-64dab924-f4c3-4368-82a1-adaacf810496 ] Request (MultipleCreateTestJSON:test_multiple_create): 200 GET http://10.180.1.21/compute/v2.1/servers/42ff810f-a36a-4b49-9a84-286c835883f2 0.882s
2025-12-02 15:05:56.803 66116 INFO tempest.common.waiters [-] State transition "BUILD/spawning" ==> "ACTIVE/None" after 50 second wait
2025-12-02 15:05:56.822 66160 INFO tempest.lib.common.rest_client [req-4d7d0c78-c94e-4126-bb59-83e6d931f0e5 req-4d7d0c78-c94e-4126-bb59-83e6d931f0e5 ] Request (MigrationsAdminTest:test_resize_server_revert_deleted_flavor): 200 GET http://10.180.1.21/compute/v2.1/servers/ec9bedcd-81b9-460d-bead-1064f73bf39e 0.827s
2025-12-02 15:05:56.943 66130 INFO tempest.lib.common.rest_client [req-12f55c3d-cfbb-4708-92e0-e2f45bd3ce57 req-12f55c3d-cfbb-4708-92e0-e2f45bd3ce57 ] Request (ServersAdminNegativeTestJSON:setUpClass): 200 GET http://10.180.1.21/compute/v2.1/servers/a71d34e2-05b0-428b-b5bb-d5c4e03fb743 0.897s
2025-12-02 15:05:56.952 66130 INFO tempest.common.waiters [-] State transition "BUILD/None" ==> "BUILD/block_device_mapping" after 50 second wait
2025-12-02 15:05:57.010 66112 INFO tempest.lib.common.rest_client [req-a1003482-8dd8-4324-9bc8-034660903a88 req-a1003482-8dd8-4324-9bc8-034660903a88 ] Request (ServerShowV247Test:tearDownClass): 200 GET http://10.180.1.21/compute/v2.1/servers/b6e1a28f-1274-493f-b3a1-4c72967875f9 0.844s
2025-12-02 15:05:57.048 66140 INFO tempest.lib.common.rest_client [req-3dde915f-2437-4c99-bd7f-7150c73345ab req-3dde915f-2437-4c99-bd7f-7150c73345ab ] Request (DeleteServersTestJSON:test_delete_server_while_in_building_state): 204 DELETE http://10.180.1.21/compute/v2.1/servers/3f6cd42c-2ad1-4e99-a781-d6196f65e615 0.982s
2025-12-02 15:05:57.061 66124 INFO tempest.lib.common.rest_client [req-4d2aca6f-ac06-4b44-8710-e9c6b6763e92 req-4d2aca6f-ac06-4b44-8710-e9c6b6763e92 ] Request (ServerRescueTestJSONUnderV235:setUpClass): 200 GET http://10.180.1.21/compute/v2.1/servers/a3ad6cff-5032-42c2-82bd-3fb8d13c5c8f 0.892s
2025-12-02 15:05:57.100 66152 INFO tempest.lib.common.rest_client [req-3fb4f3a4-e1aa-472f-a0c2-b2feeb0612f9 req-3fb4f3a4-e1aa-472f-a0c2-b2feeb0612f9 ] Request (ServersWithSpecificFlavorTestJSON:test_verify_created_server_ephemeral_disk): 200 GET http://10.180.1.21/compute/v2.1/servers/449f08fd-bffb-4f29-b195-45042cbaa2e8 0.872s
2025-12-02 15:05:57.134 66120 INFO tempest.lib.common.rest_client [req-3237a7d8-1e44-4f08-bd67-b26a3ebb386f req-3237a7d8-1e44-4f08-bd67-b26a3ebb386f ] Request (FloatingIPsAssociationTestJSON:tearDownClass): 200 GET http://10.180.1.21/compute/v2.1/servers/64790dcf-fef2-4f9a-8b0d-4fa44c29c5a7 0.815s
2025-12-02 15:05:57.199 66146 INFO tempest.lib.common.rest_client [req-0257ddc0-ed8b-4962-93e5-eabe2309a715 req-0257ddc0-ed8b-4962-93e5-eabe2309a715 ] Request (ServersV294TestFqdnHostnames:setUpClass): 200 GET http://10.180.1.21/compute/v2.1/servers/7f25e51f-c763-4e4b-9edb-728e742c1062 0.680s
2025-12-02 15:05:57.392 66154 INFO tempest.lib.common.rest_client [req-62b0c54f-0b7e-4de3-bed5-f39ab1e9a0b0 req-62b0c54f-0b7e-4de3-bed5-f39ab1e9a0b0 ] Request (ListServerFiltersTestJSON:test_list_servers_detailed_filter_by_server_status): 200 GET http://10.180.1.21/compute/v2.1/servers/detail?status=active 1.029s
2025-12-02 15:05:57.416 66114 INFO tempest.lib.common.rest_client [req-e330b4ef-1a41-4233-8b4b-d65376c02c83 req-e330b4ef-1a41-4233-8b4b-d65376c02c83 ] Request (ServerActionsV293TestJSON:setUpClass): 200 GET http://10.180.1.21/volume/v3/volumes/e4194002-f73c-4e21-8bc2-010f8312bdca 0.032s
2025-12-02 15:05:57.431 66132 INFO tempest.lib.common.rest_client [req-43a55f9e-de66-4cbd-b40a-92e149896e38 req-43a55f9e-de66-4cbd-b40a-92e149896e38 ] Request (ImagesOneServerNegativeTestJSON:setUp): 200 GET http://10.180.1.21/compute/v2.1/servers/4b8df03c-4bdd-4838-a6b8-c55d4b951ccd 0.810s
2025-12-02 15:05:57.487 66126 INFO tempest.lib.common.rest_client [req-eb4bda52-7870-4456-92a0-266aed7c3f32 req-eb4bda52-7870-4456-92a0-266aed7c3f32 ] Request (AttachInterfacesTestJSON:test_create_list_show_delete_interfaces_by_network_port): 200 GET http://10.180.1.21/compute/v2.1/servers/bf8455b8-23de-4de0-997a-37fcb0461df5 0.825s
2025-12-02 15:05:57.714 66144 INFO tempest.lib.common.rest_client [req-6bfe65d4-5a52-469c-a7dd-27868688ddf6 req-6bfe65d4-5a52-469c-a7dd-27868688ddf6 ] Request (ServersAdminTestJSON:test_inject_network_info): 200 GET http://10.180.1.21/compute/v2.1/servers/df063b88-cb08-4fe1-ad0b-5ad8cba6ea89 0.950s
2025-12-02 15:05:57.740 66108 INFO tempest.lib.common.rest_client [req-4b80701d-c9a0-4824-b220-8d84840c9991 req-4b80701d-c9a0-4824-b220-8d84840c9991 ] Request (ImagesTestJSON:test_create_image_from_suspended_server): 200 GET http://10.180.1.21/compute/v2.1/servers/63504ab3-8f56-450a-a10b-7eac4d408823 0.945s
2025-12-02 15:05:57.747 66108 INFO tempest.common.waiters [-] State transition "BUILD/spawning" ==> "ACTIVE/None" after 52 second wait
2025-12-02 15:05:57.807 66156 INFO tempest.lib.common.rest_client [req-b2379738-f945-4cf1-9784-5e5fa56aa762 req-b2379738-f945-4cf1-9784-5e5fa56aa762 ] Request (ServerDiskConfigTestJSON:test_rebuild_server_with_manual_disk_config): 200 GET http://10.180.1.21/compute/v2.1/servers/7a6d84ab-95ea-46bc-8791-06bbb2819034 0.976s
2025-12-02 15:05:57.833 66116 INFO tempest.lib.common.rest_client [req-ba8832e2-3a34-485f-a50c-24a4cefed749 req-ba8832e2-3a34-485f-a50c-24a4cefed749 ] Request (MultipleCreateTestJSON:test_multiple_create): 200 GET http://10.180.1.21/compute/v2.1/servers/d884b59d-3dd7-41ed-bb02-82cb6f4c98c2 1.029s
2025-12-02 15:05:57.865 66150 INFO tempest.lib.common.rest_client [req-f4bd861c-8ea1-40e9-b29e-df3e99ab877c req-f4bd861c-8ea1-40e9-b29e-df3e99ab877c ] Request (AttachVolumeNegativeTest:test_attach_attached_volume_to_different_server): 200 GET http://10.180.1.21/compute/v2.1/servers/9b22006c-aaa3-4ee6-b9d5-f61ee26d7088 1.000s
2025-12-02 15:05:57.902 66168 INFO tempest.lib.common.rest_client [req-dff6c4b3-585b-40c0-b03e-558ac5ec47be req-dff6c4b3-585b-40c0-b03e-558ac5ec47be ] Request (ServerGroupTestJSON:test_create_server_with_scheduler_hint_group): 200 GET http://10.180.1.21/compute/v2.1/servers/18b672a8-a6a9-4001-9b68-a0ed0bffcbbd 0.903s
2025-12-02 15:05:57.909 66168 INFO tempest.common.waiters [-] State transition "BUILD/scheduling" ==> "BUILD/None" after 35 second wait
2025-12-02 15:05:57.922 66140 INFO tempest.lib.common.rest_client [req-7caf0a75-3d2f-4678-8927-f94061679930 req-7caf0a75-3d2f-4678-8927-f94061679930 ] Request (DeleteServersTestJSON:test_delete_server_while_in_building_state): 404 GET http://10.180.1.21/compute/v2.1/servers/3f6cd42c-2ad1-4e99-a781-d6196f65e615 0.873s
2025-12-02 15:05:57.997 66140 INFO tempest.lib.common.rest_client [req-978c6b7e-fba0-41e4-a1cc-0f428d54ebf4 req-978c6b7e-fba0-41e4-a1cc-0f428d54ebf4 ] Request (DeleteServersTestJSON:test_delete_server_while_in_shelved_state): 201 POST http://10.180.1.21/identity/v3/auth/tokens 0.070s
2025-12-02 15:05:57.997 66140 INFO tempest.lib.common.fixed_network [-] (DeleteServersTestJSON:test_delete_server_while_in_shelved_state) Found network {'id': '83eb1dff-b090-4ad5-862d-102eaa18cc12', 'name': 'tempest-DeleteServersTestJSON-2147280673-network', 'tenant_id': 'f83b802027074edaa042651e6c328087', 'project_id': 'f83b802027074edaa042651e6c328087', 'admin_state_up': True, 'mtu': 8950, 'status': 'ACTIVE', 'subnets': [], 'shared': False, 'port_security_enabled': True, 'router:external': False, 'provider:network_type': 'vlan', 'provider:physical_network': 'default', 'provider:segmentation_id': 604, 'availability_zone_hints': [], 'availability_zones': [], 'ipv4_address_scope': None, 'ipv6_address_scope': None, 'description': '', 'tags': [], 'created_at': '2025-12-02T15:03:16Z', 'updated_at': '2025-12-02T15:03:16Z', 'revision_number': 1} available for tenant
2025-12-02 15:05:58.000 66122 INFO tempest.lib.common.rest_client [req-bdcbaef2-8606-4992-97b6-1c05ba079527 req-bdcbaef2-8606-4992-97b6-1c05ba079527 ] Request (ServerShowV257Test:test_rebuild_server): 200 GET http://10.180.1.21/compute/v2.1/servers/c0f78f97-a7e7-4665-a8c1-9867abc63a59 0.897s
2025-12-02 15:05:58.009 66122 INFO tempest.common.waiters [-] State transition "BUILD/scheduling" ==> "BUILD/None" after 33 second wait
2025-12-02 15:05:58.029 66110 INFO tempest.lib.common.rest_client [req-0fb6e0f9-a0cd-43fa-adcf-dee5cb4595e0 req-0fb6e0f9-a0cd-43fa-adcf-dee5cb4595e0 ] Request (ServerActionsTestJSON:setUpClass): 200 GET http://10.180.1.21/compute/v2.1/servers/b5e3f2b6-8f27-48e9-bb47-d8d3d697f9ed 0.994s
2025-12-02 15:05:58.057 66162 INFO tempest.lib.common.rest_client [req-c66cdb42-e1bc-4b1d-af7b-c136ec451821 req-c66cdb42-e1bc-4b1d-af7b-c136ec451821 ] Request (ServerAddressesNegativeTestJSON:setUpClass): 200 GET http://10.180.1.21/compute/v2.1/servers/d33fa20e-470f-46c0-882d-e6f9456caf22 0.931s
2025-12-02 15:05:58.064 66132 INFO tempest.lib.common.rest_client [req-06e8b981-e0ce-4c90-a9a5-9786fc413940 req-06e8b981-e0ce-4c90-a9a5-9786fc413940 ] Request (ImagesOneServerNegativeTestJSON:test_create_image_specify_name_over_character_limit): 400 POST http://10.180.1.21/compute/v2.1/servers/4b8df03c-4bdd-4838-a6b8-c55d4b951ccd/action 0.620s
2025-12-02 15:05:58.134 66118 INFO tempest.lib.common.rest_client [req-4585412f-2e28-4854-b547-0229bb744a95 req-4585412f-2e28-4854-b547-0229bb744a95 ] Request (ServersListShow298Test:test_list_show_update_rebuild_server_298): 200 GET http://10.180.1.21/compute/v2.1/servers/52d84788-73f1-4816-a6ae-0d2bb2de6daf 0.682s
2025-12-02 15:05:58.183 66154 INFO tempest.lib.common.rest_client [req-3936a575-e500-4d89-b29e-a13d9b0c7deb req-3936a575-e500-4d89-b29e-a13d9b0c7deb ] Request (ListServerFiltersTestJSON:test_list_servers_detailed_limit_results): 200 GET http://10.180.1.21/compute/v2.1/servers/detail?limit=1 0.781s
2025-12-02 15:05:58.240 66108 INFO tempest.lib.common.rest_client [req-52d24922-3b8a-46bc-82c0-eab42a24eaf0 req-52d24922-3b8a-46bc-82c0-eab42a24eaf0 ] Request (ImagesTestJSON:test_create_image_from_suspended_server): 202 POST http://10.180.1.21/compute/v2.1/servers/63504ab3-8f56-450a-a10b-7eac4d408823/action 0.492s
2025-12-02 15:05:58.246 66128 INFO tempest.lib.common.rest_client [req-b211a96c-ee75-46db-90b3-033c783908ff req-b211a96c-ee75-46db-90b3-033c783908ff ] Request (ListImageFiltersTestJSON:setUpClass): 200 GET http://10.180.1.21/compute/v2.1/servers/2f1c2425-2844-4556-a871-d26d28199f63 0.476s
2025-12-02 15:05:58.298 66160 INFO tempest.lib.common.rest_client [req-a5d15562-7342-491c-a6da-6727de3cf93a req-a5d15562-7342-491c-a6da-6727de3cf93a ] Request (MigrationsAdminTest:test_resize_server_revert_deleted_flavor): 200 GET http://10.180.1.21/compute/v2.1/servers/ec9bedcd-81b9-460d-bead-1064f73bf39e 0.466s
2025-12-02 15:05:58.328 66116 INFO tempest.lib.common.rest_client [req-179540cf-90e6-419e-b3a0-64b689ffe381 req-179540cf-90e6-419e-b3a0-64b689ffe381 ] Request (MultipleCreateTestJSON:_run_cleanups): 204 DELETE http://10.180.1.21/compute/v2.1/servers/d884b59d-3dd7-41ed-bb02-82cb6f4c98c2 0.485s
2025-12-02 15:05:58.436 66130 INFO tempest.lib.common.rest_client [req-213ceb69-d98a-408d-bdcb-80be1a88043a req-213ceb69-d98a-408d-bdcb-80be1a88043a ] Request (ServersAdminNegativeTestJSON:setUpClass): 200 GET http://10.180.1.21/compute/v2.1/servers/a71d34e2-05b0-428b-b5bb-d5c4e03fb743 0.482s
2025-12-02 15:05:58.443 66130 INFO tempest.common.waiters [-] State transition "BUILD/block_device_mapping" ==> "BUILD/spawning" after 52 second wait
2025-12-02 15:05:58.455 66114 INFO tempest.lib.common.rest_client [req-81c7368c-74bf-4e59-bf66-bb0f108b4114 req-81c7368c-74bf-4e59-bf66-bb0f108b4114 ] Request (ServerActionsV293TestJSON:setUpClass): 200 GET http://10.180.1.21/volume/v3/volumes/e4194002-f73c-4e21-8bc2-010f8312bdca 0.029s
2025-12-02 15:05:58.459 66112 INFO tempest.lib.common.rest_client [req-14133931-9337-4d5d-bc45-4630bd15f20a req-14133931-9337-4d5d-bc45-4630bd15f20a ] Request (ServerShowV247Test:tearDownClass): 404 GET http://10.180.1.21/compute/v2.1/servers/b6e1a28f-1274-493f-b3a1-4c72967875f9 0.439s
2025-12-02 15:05:58.606 66132 INFO tempest.lib.common.rest_client [req-45965b3d-f104-4330-9cb9-09d44cd5ce5d req-45965b3d-f104-4330-9cb9-09d44cd5ce5d ] Request (ImagesOneServerNegativeTestJSON:tearDown): 200 GET http://10.180.1.21/compute/v2.1/servers/4b8df03c-4bdd-4838-a6b8-c55d4b951ccd 0.541s
2025-12-02 15:05:58.668 66124 INFO tempest.lib.common.rest_client [req-736738f3-3733-44b3-8e5e-18e49825e703 req-736738f3-3733-44b3-8e5e-18e49825e703 ] Request (ServerRescueTestJSONUnderV235:setUpClass): 200 GET http://10.180.1.21/compute/v2.1/servers/a3ad6cff-5032-42c2-82bd-3fb8d13c5c8f 0.599s
2025-12-02 15:05:58.698 66140 INFO tempest.lib.common.rest_client [req-bc190e96-67f2-4c0d-b2fd-c11c3cf9c7e4 req-bc190e96-67f2-4c0d-b2fd-c11c3cf9c7e4 ] Request (DeleteServersTestJSON:test_delete_server_while_in_shelved_state): 202 POST http://10.180.1.21/compute/v2.1/servers 0.700s
2025-12-02 15:05:58.724 66152 INFO tempest.lib.common.rest_client [req-6a3252db-51b2-4c18-9d2c-987d8e56b72d req-6a3252db-51b2-4c18-9d2c-987d8e56b72d ] Request (ServersWithSpecificFlavorTestJSON:test_verify_created_server_ephemeral_disk): 200 GET http://10.180.1.21/compute/v2.1/servers/449f08fd-bffb-4f29-b195-45042cbaa2e8 0.614s
2025-12-02 15:05:58.767 66120 INFO tempest.lib.common.rest_client [req-3c2e2482-94c5-48e9-9630-a2596f9a2dba req-3c2e2482-94c5-48e9-9630-a2596f9a2dba ] Request (FloatingIPsAssociationTestJSON:tearDownClass): 200 GET http://10.180.1.21/compute/v2.1/servers/64790dcf-fef2-4f9a-8b0d-4fa44c29c5a7 0.622s
2025-12-02 15:05:58.823 66154 INFO tempest.lib.common.rest_client [req-de0d16f1-6816-46e8-8d8c-99a9d4858e8d req-de0d16f1-6816-46e8-8d8c-99a9d4858e8d ] Request (ListServerFiltersTestJSON:test_list_servers_filter_by_active_status): 200 GET http://10.180.1.21/compute/v2.1/servers?status=active 0.629s
2025-12-02 15:05:58.846 66146 INFO tempest.lib.common.rest_client [req-e8aa1cd7-7f3f-41f0-88fe-9454e394ffd7 req-e8aa1cd7-7f3f-41f0-88fe-9454e394ffd7 ] Request (ServersV294TestFqdnHostnames:setUpClass): 200 GET http://10.180.1.21/compute/v2.1/servers/7f25e51f-c763-4e4b-9edb-728e742c1062 0.635s
2025-12-02 15:05:58.954 66116 INFO tempest.lib.common.rest_client [req-d979c7fb-89e0-4833-aefa-c4b459d30d4b req-d979c7fb-89e0-4833-aefa-c4b459d30d4b ] Request (MultipleCreateTestJSON:_run_cleanups): 204 DELETE http://10.180.1.21/compute/v2.1/servers/42ff810f-a36a-4b49-9a84-286c835883f2 0.626s
2025-12-02 15:05:58.971 66108 INFO tempest.lib.common.rest_client [req-1d3e3bac-456b-40ef-ab93-e9c89b022ce5 req-1d3e3bac-456b-40ef-ab93-e9c89b022ce5 ] Request (ImagesTestJSON:test_create_image_from_suspended_server): 200 GET http://10.180.1.21/compute/v2.1/servers/63504ab3-8f56-450a-a10b-7eac4d408823 0.731s
2025-12-02 15:05:59.039 66126 INFO tempest.lib.common.rest_client [req-283ed01f-185d-4c61-96e7-021e152085bf req-283ed01f-185d-4c61-96e7-021e152085bf ] Request (AttachInterfacesTestJSON:test_create_list_show_delete_interfaces_by_network_port): 200 GET http://10.180.1.21/compute/v2.1/servers/bf8455b8-23de-4de0-997a-37fcb0461df5 0.544s
2025-12-02 15:05:59.050 66112 INFO tempest.lib.common.rest_client [req-571c4adb-146f-4708-ad84-049918e99989 req-571c4adb-146f-4708-ad84-049918e99989 ] Request (ServerShowV247Test:tearDownClass): 204 DELETE http://10.180.1.21/compute/v2.1/servers/e859aad6-66c9-4ab1-92d2-f1e6b2a99dbf 0.590s
2025-12-02 15:05:59.099 66140 INFO tempest.lib.common.rest_client [req-f0dea26f-fd2b-44b8-9dcf-80367abdde18 req-f0dea26f-fd2b-44b8-9dcf-80367abdde18 ] Request (DeleteServersTestJSON:test_delete_server_while_in_shelved_state): 200 GET http://10.180.1.21/compute/v2.1/servers/13a51846-07ab-417f-af34-29cf19fc84ae 0.399s
2025-12-02 15:05:59.174 66132 INFO tempest.lib.common.rest_client [req-f1ffbad9-609e-442c-a3d4-cdc24bd61bbd req-f1ffbad9-609e-442c-a3d4-cdc24bd61bbd ] Request (ImagesOneServerNegativeTestJSON:setUp): 200 GET http://10.180.1.21/compute/v2.1/servers/4b8df03c-4bdd-4838-a6b8-c55d4b951ccd 0.559s
2025-12-02 15:05:59.233 66144 INFO tempest.lib.common.rest_client [req-12fe2c93-8449-40fc-9ca9-a192ddd6574e req-12fe2c93-8449-40fc-9ca9-a192ddd6574e ] Request (ServersAdminTestJSON:test_inject_network_info): 200 GET http://10.180.1.21/compute/v2.1/servers/df063b88-cb08-4fe1-ad0b-5ad8cba6ea89 0.510s
2025-12-02 15:05:59.240 66144 INFO tempest.common.waiters [-] State transition "BUILD/spawning" ==> "ACTIVE/None" after 54 second wait
2025-12-02 15:05:59.241 66156 INFO tempest.lib.common.rest_client [req-eb87719b-7904-4825-bbcc-2b15c0b13b05 req-eb87719b-7904-4825-bbcc-2b15c0b13b05 ] Request (ServerDiskConfigTestJSON:test_rebuild_server_with_manual_disk_config): 200 GET http://10.180.1.21/compute/v2.1/servers/7a6d84ab-95ea-46bc-8791-06bbb2819034 0.425s
2025-12-02 15:05:59.288 66154 INFO tempest.lib.common.rest_client [req-4afeb49a-a3d9-43e8-aed0-1106d0520c24 req-4afeb49a-a3d9-43e8-aed0-1106d0520c24 ] Request (ListServerFiltersTestJSON:test_list_servers_filter_by_exceed_limit): 200 GET http://10.180.1.21/compute/v2.1/servers?limit=100000 0.460s
2025-12-02 15:05:59.300 66150 INFO tempest.lib.common.rest_client [req-ccff9809-5062-43cf-9cfe-36ddd64755cd req-ccff9809-5062-43cf-9cfe-36ddd64755cd ] Request (AttachVolumeNegativeTest:test_attach_attached_volume_to_different_server): 200 GET http://10.180.1.21/compute/v2.1/servers/9b22006c-aaa3-4ee6-b9d5-f61ee26d7088 0.422s
2025-12-02 15:05:59.339 66168 INFO tempest.lib.common.rest_client [req-a8eb9a50-bf52-4455-891d-576ea014be13 req-a8eb9a50-bf52-4455-891d-576ea014be13 ] Request (ServerGroupTestJSON:test_create_server_with_scheduler_hint_group): 200 GET http://10.180.1.21/compute/v2.1/servers/18b672a8-a6a9-4001-9b68-a0ed0bffcbbd 0.428s
2025-12-02 15:05:59.398 66122 INFO tempest.lib.common.rest_client [req-b418a059-293c-433b-a061-66ca6f32422e req-b418a059-293c-433b-a061-66ca6f32422e ] Request (ServerShowV257Test:test_rebuild_server): 200 GET http://10.180.1.21/compute/v2.1/servers/c0f78f97-a7e7-4665-a8c1-9867abc63a59 0.388s
2025-12-02 15:05:59.412 66116 INFO tempest.lib.common.rest_client [req-ce558b6d-3e1a-4937-84d9-f7199190e524 req-ce558b6d-3e1a-4937-84d9-f7199190e524 ] Request (MultipleCreateTestJSON:_run_cleanups): 200 GET http://10.180.1.21/compute/v2.1/servers/d884b59d-3dd7-41ed-bb02-82cb6f4c98c2 0.457s
2025-12-02 15:05:59.467 66112 INFO tempest.lib.common.rest_client [req-f922b05f-d0d5-424c-ab45-6c536f6bf464 req-f922b05f-d0d5-424c-ab45-6c536f6bf464 ] Request (ServerShowV247Test:tearDownClass): 200 GET http://10.180.1.21/compute/v2.1/servers/e859aad6-66c9-4ab1-92d2-f1e6b2a99dbf 0.416s
2025-12-02 15:05:59.496 66114 INFO tempest.lib.common.rest_client [req-b37a4f4d-dbb7-4ad1-809a-9b24be81e95f req-b37a4f4d-dbb7-4ad1-809a-9b24be81e95f ] Request (ServerActionsV293TestJSON:setUpClass): 200 GET http://10.180.1.21/volume/v3/volumes/e4194002-f73c-4e21-8bc2-010f8312bdca 0.030s
2025-12-02 15:05:59.529 66162 INFO tempest.lib.common.rest_client [req-afd16e76-94bf-4d17-8068-069a1f2381f7 req-afd16e76-94bf-4d17-8068-069a1f2381f7 ] Request (ServerAddressesNegativeTestJSON:setUpClass): 200 GET http://10.180.1.21/compute/v2.1/servers/d33fa20e-470f-46c0-882d-e6f9456caf22 0.463s
2025-12-02 15:05:59.537 66110 INFO tempest.lib.common.rest_client [req-4f0dc247-0f04-4a9b-9028-31d5a24eccdc req-4f0dc247-0f04-4a9b-9028-31d5a24eccdc ] Request (ServerActionsTestJSON:setUpClass): 200 GET http://10.180.1.21/compute/v2.1/servers/b5e3f2b6-8f27-48e9-bb47-d8d3d697f9ed 0.498s
2025-12-02 15:05:59.592 66118 INFO tempest.lib.common.rest_client [req-df2e9b28-aa0b-4271-839e-f8142a6ba311 req-df2e9b28-aa0b-4271-839e-f8142a6ba311 ] Request (ServersListShow298Test:test_list_show_update_rebuild_server_298): 200 GET http://10.180.1.21/compute/v2.1/servers/52d84788-73f1-4816-a6ae-0d2bb2de6daf 0.447s
2025-12-02 15:05:59.782 66144 INFO tempest.lib.common.rest_client [req-7e4d905a-71e7-4d4c-80b4-10a48f15c5ad req-7e4d905a-71e7-4d4c-80b4-10a48f15c5ad ] Request (ServersAdminTestJSON:test_inject_network_info): 202 POST http://10.180.1.21/compute/v2.1/servers/df063b88-cb08-4fe1-ad0b-5ad8cba6ea89/action 0.541s
2025-12-02 15:05:59.840 66128 INFO tempest.lib.common.rest_client [req-06c00794-4713-4809-9261-6bb29f1b7f39 req-06c00794-4713-4809-9261-6bb29f1b7f39 ] Request (ListImageFiltersTestJSON:setUpClass): 200 GET http://10.180.1.21/compute/v2.1/servers/2f1c2425-2844-4556-a871-d26d28199f63 0.583s
2025-12-02 15:05:59.936 66154 INFO tempest.lib.common.rest_client [req-edc3dc6a-77ee-47f8-aec8-9253e8e216b6 req-edc3dc6a-77ee-47f8-aec8-9253e8e216b6 ] Request (ListServerFiltersTestJSON:test_list_servers_filter_by_exceed_limit): 200 GET http://10.180.1.21/compute/v2.1/servers 0.646s
2025-12-02 15:05:59.994 66160 INFO tempest.lib.common.rest_client [req-8ff02db0-70fa-4003-9982-864c5e67ed59 req-8ff02db0-70fa-4003-9982-864c5e67ed59 ] Request (MigrationsAdminTest:test_resize_server_revert_deleted_flavor): 200 GET http://10.180.1.21/compute/v2.1/servers/ec9bedcd-81b9-460d-bead-1064f73bf39e 0.685s
2025-12-02 15:06:00.041 66132 INFO tempest.lib.common.rest_client [req-75af2935-b6f8-434c-bb6a-2fbc73ec7c30 req-75af2935-b6f8-434c-bb6a-2fbc73ec7c30 ] Request (ImagesOneServerNegativeTestJSON:test_create_second_image_when_first_image_is_being_saved): 202 POST http://10.180.1.21/compute/v2.1/servers/4b8df03c-4bdd-4838-a6b8-c55d4b951ccd/action 0.857s
2025-12-02 15:06:00.103 66124 INFO tempest.lib.common.rest_client [req-0be22c5c-f03f-4030-a183-7c9ec0018d1b req-0be22c5c-f03f-4030-a183-7c9ec0018d1b ] Request (ServerRescueTestJSONUnderV235:setUpClass): 200 GET http://10.180.1.21/compute/v2.1/servers/a3ad6cff-5032-42c2-82bd-3fb8d13c5c8f 0.427s
2025-12-02 15:06:00.115 66124 INFO tempest.common.waiters [-] State transition "BUILD/scheduling" ==> "BUILD/None" after 34 second wait
2025-12-02 15:06:00.124 66130 INFO tempest.lib.common.rest_client [req-316d264d-0412-4679-9b02-f101428c2ec9 req-316d264d-0412-4679-9b02-f101428c2ec9 ] Request (ServersAdminNegativeTestJSON:setUpClass): 200 GET http://10.180.1.21/compute/v2.1/servers/a71d34e2-05b0-428b-b5bb-d5c4e03fb743 0.680s
2025-12-02 15:06:00.168 66152 INFO tempest.lib.common.rest_client [req-596d3405-2a2e-4149-ab96-08e4f1d164c7 req-596d3405-2a2e-4149-ab96-08e4f1d164c7 ] Request (ServersWithSpecificFlavorTestJSON:test_verify_created_server_ephemeral_disk): 200 GET http://10.180.1.21/compute/v2.1/servers/449f08fd-bffb-4f29-b195-45042cbaa2e8 0.437s
2025-12-02 15:06:00.190 66120 INFO tempest.lib.common.rest_client [req-10ed0a8f-d4b8-46fe-8464-5643b06f166b req-10ed0a8f-d4b8-46fe-8464-5643b06f166b ] Request (FloatingIPsAssociationTestJSON:tearDownClass): 200 GET http://10.180.1.21/compute/v2.1/servers/64790dcf-fef2-4f9a-8b0d-4fa44c29c5a7 0.413s
2025-12-02 15:06:00.199 66144 INFO tempest.lib.common.rest_client [req-11ad1902-046e-46a9-8140-23e82222d5f1 req-11ad1902-046e-46a9-8140-23e82222d5f1 ] Request (ServersAdminTestJSON:test_list_servers_by_admin): 200 GET http://10.180.1.21/compute/v2.1/servers/detail 0.415s
2025-12-02 15:06:00.258 66146 INFO tempest.lib.common.rest_client [req-ff60cfe3-7f51-4d7d-a031-535cd690fa88 req-ff60cfe3-7f51-4d7d-a031-535cd690fa88 ] Request (ServersV294TestFqdnHostnames:setUpClass): 200 GET http://10.180.1.21/compute/v2.1/servers/7f25e51f-c763-4e4b-9edb-728e742c1062 0.397s
2025-12-02 15:06:00.300 66154 INFO tempest.lib.common.rest_client [req-c2e7f63e-bc62-4dab-ad86-54fcf3554033 req-c2e7f63e-bc62-4dab-ad86-54fcf3554033 ] Request (ListServerFiltersTestJSON:test_list_servers_filter_by_flavor): 200 GET http://10.180.1.21/compute/v2.1/servers?flavor=84 0.360s
2025-12-02 15:06:00.335 66132 INFO tempest.lib.common.rest_client [req-5b654230-266f-479d-9610-d99d53f1a3a3 req-5b654230-266f-479d-9610-d99d53f1a3a3 ] Request (ImagesOneServerNegativeTestJSON:test_create_second_image_when_first_image_is_being_saved): 409 POST http://10.180.1.21/compute/v2.1/servers/4b8df03c-4bdd-4838-a6b8-c55d4b951ccd/action 0.292s
2025-12-02 15:06:00.407 66126 INFO tempest.lib.common.rest_client [req-58ceab05-e415-4632-9d1b-939f32657048 req-58ceab05-e415-4632-9d1b-939f32657048 ] Request (AttachInterfacesTestJSON:test_create_list_show_delete_interfaces_by_network_port): 200 GET http://10.180.1.21/compute/v2.1/servers/bf8455b8-23de-4de0-997a-37fcb0461df5 0.358s
2025-12-02 15:06:00.446 66108 INFO tempest.lib.common.rest_client [req-6b3ee40c-2318-418e-a31f-ac95c4e5818f req-6b3ee40c-2318-418e-a31f-ac95c4e5818f ] Request (ImagesTestJSON:test_create_image_from_suspended_server): 200 GET http://10.180.1.21/compute/v2.1/servers/63504ab3-8f56-450a-a10b-7eac4d408823 0.464s
2025-12-02 15:06:00.456 66108 INFO tempest.common.waiters [-] State transition "ACTIVE/suspending" ==> "SUSPENDED/None" after 2 second wait
2025-12-02 15:06:00.469 66140 INFO tempest.lib.common.rest_client [req-78c90329-8f2f-4279-97cb-89c9c29749bb req-78c90329-8f2f-4279-97cb-89c9c29749bb ] Request (DeleteServersTestJSON:test_delete_server_while_in_shelved_state): 200 GET http://10.180.1.21/compute/v2.1/servers/13a51846-07ab-417f-af34-29cf19fc84ae 0.361s
2025-12-02 15:06:00.528 66156 INFO tempest.lib.common.rest_client [req-bae0fd71-c870-4fe8-bf3a-279bf47bd879 req-bae0fd71-c870-4fe8-bf3a-279bf47bd879 ] Request (ServerDiskConfigTestJSON:test_rebuild_server_with_manual_disk_config): 200 GET http://10.180.1.21/compute/v2.1/servers/7a6d84ab-95ea-46bc-8791-06bbb2819034 0.278s
2025-12-02 15:06:00.544 66114 INFO tempest.lib.common.rest_client [req-64d8733a-2f32-4968-b369-f1d5e1c73f2b req-64d8733a-2f32-4968-b369-f1d5e1c73f2b ] Request (ServerActionsV293TestJSON:setUpClass): 200 GET http://10.180.1.21/volume/v3/volumes/e4194002-f73c-4e21-8bc2-010f8312bdca 0.039s
2025-12-02 15:06:00.570 66154 INFO tempest.lib.common.rest_client [req-9cab9977-ba21-43cc-adcc-1fb56b1a0f03 req-9cab9977-ba21-43cc-adcc-1fb56b1a0f03 ] Request (ListServerFiltersTestJSON:test_list_servers_filter_by_limit): 200 GET http://10.180.1.21/compute/v2.1/servers?limit=1 0.266s
2025-12-02 15:06:00.667 66150 INFO tempest.lib.common.rest_client [req-2959f171-ba95-4180-ae09-bc311ad02a65 req-2959f171-ba95-4180-ae09-bc311ad02a65 ] Request (AttachVolumeNegativeTest:test_attach_attached_volume_to_different_server): 200 GET http://10.180.1.21/compute/v2.1/servers/9b22006c-aaa3-4ee6-b9d5-f61ee26d7088 0.359s
2025-12-02 15:06:00.757 66132 INFO tempest.lib.common.rest_client [req-4891dcf0-5f17-4fc9-8b1f-aeea15ceeb5e req-4891dcf0-5f17-4fc9-8b1f-aeea15ceeb5e ] Request (ImagesOneServerNegativeTestJSON:test_create_second_image_when_first_image_is_being_saved): 204 DELETE http://10.180.1.21/compute/v2.1/images/7f0b62c9-d579-4e69-80a6-0b85fae0c924 0.420s
2025-12-02 15:06:00.860 66168 INFO tempest.lib.common.rest_client [req-8a0be047-0270-418d-a613-089d7d82a828 req-8a0be047-0270-418d-a613-089d7d82a828 ] Request (ServerGroupTestJSON:test_create_server_with_scheduler_hint_group): 200 GET http://10.180.1.21/compute/v2.1/servers/18b672a8-a6a9-4001-9b68-a0ed0bffcbbd 0.510s
2025-12-02 15:06:00.914 66144 INFO tempest.lib.common.rest_client [req-03df8ab2-0999-40b7-a033-510bdabec5de req-03df8ab2-0999-40b7-a033-510bdabec5de ] Request (ServersAdminTestJSON:test_list_servers_by_admin_with_all_tenants): 200 GET http://10.180.1.21/compute/v2.1/servers/detail?all_tenants= 0.702s
2025-12-02 15:06:00.947 66144 WARNING tempest.lib.common.rest_client [-] Deprecated: "tenant_id" property is deprecated for removal, use "project_id" instead
2025-12-02 15:06:00.955 66122 INFO tempest.lib.common.rest_client [req-6ffe9fdd-5e9f-475f-ae87-cb9d1f0d17d6 req-6ffe9fdd-5e9f-475f-ae87-cb9d1f0d17d6 ] Request (ServerShowV257Test:test_rebuild_server): 200 GET http://10.180.1.21/compute/v2.1/servers/c0f78f97-a7e7-4665-a8c1-9867abc63a59 0.547s
2025-12-02 15:06:00.974 66116 INFO tempest.lib.common.rest_client [req-8c8228f3-c1fc-43b6-b018-7ce102f748c9 req-8c8228f3-c1fc-43b6-b018-7ce102f748c9 ] Request (MultipleCreateTestJSON:_run_cleanups): 200 GET http://10.180.1.21/compute/v2.1/servers/d884b59d-3dd7-41ed-bb02-82cb6f4c98c2 0.551s
2025-12-02 15:06:01.029 66112 INFO tempest.lib.common.rest_client [req-501f8dd0-c9dc-4900-99c3-3a322c2c1395 req-501f8dd0-c9dc-4900-99c3-3a322c2c1395 ] Request (ServerShowV247Test:tearDownClass): 200 GET http://10.180.1.21/compute/v2.1/servers/e859aad6-66c9-4ab1-92d2-f1e6b2a99dbf 0.550s
2025-12-02 15:06:01.084 66162 INFO tempest.lib.common.rest_client [req-6982bb7a-97df-44ae-bf90-90ac4a29e851 req-6982bb7a-97df-44ae-bf90-90ac4a29e851 ] Request (ServerAddressesNegativeTestJSON:setUpClass): 200 GET http://10.180.1.21/compute/v2.1/servers/d33fa20e-470f-46c0-882d-e6f9456caf22 0.547s
2025-12-02 15:06:01.217 66110 INFO tempest.lib.common.rest_client [req-04973832-8159-48b8-a53d-3ddf62df77d9 req-04973832-8159-48b8-a53d-3ddf62df77d9 ] Request (ServerActionsTestJSON:setUpClass): 200 GET http://10.180.1.21/compute/v2.1/servers/b5e3f2b6-8f27-48e9-bb47-d8d3d697f9ed 0.671s
2025-12-02 15:06:01.296 66148 WARNING tempest.lib.common.ssh [-] Failed to establish authenticated ssh connection to cirros@10.180.180.170 ([Errno None] Unable to connect to port 22 on 10.180.180.170). Number attempts: 7. Retry after 8 seconds.: paramiko.ssh_exception.NoValidConnectionsError: [Errno None] Unable to connect to port 22 on 10.180.180.170
2025-12-02 15:06:01.311 66154 INFO tempest.lib.common.rest_client [req-ba133cf8-99c9-4d4e-afd6-4948c335f4a9 req-ba133cf8-99c9-4d4e-afd6-4948c335f4a9 ] Request (ListServerFiltersTestJSON:test_list_servers_filter_by_server_name): 200 GET http://10.180.1.21/compute/v2.1/servers?name=tempest-ListServerFiltersTestJSON-instance-1341568589 0.737s
2025-12-02 15:06:01.399 66118 INFO tempest.lib.common.rest_client [req-dee3be1a-0436-4cb9-963e-ad093b7ba784 req-dee3be1a-0436-4cb9-963e-ad093b7ba784 ] Request (ServersListShow298Test:test_list_show_update_rebuild_server_298): 200 GET http://10.180.1.21/compute/v2.1/servers/52d84788-73f1-4816-a6ae-0d2bb2de6daf 0.787s
2025-12-02 15:06:01.448 66108 INFO tempest.lib.common.rest_client [req-8bfe1df3-e640-4191-94e7-3b83ed37bfe7 req-8bfe1df3-e640-4191-94e7-3b83ed37bfe7 ] Request (ImagesTestJSON:test_create_image_from_suspended_server): 202 POST http://10.180.1.21/compute/v2.1/servers/63504ab3-8f56-450a-a10b-7eac4d408823/action 0.991s
2025-12-02 15:06:01.527 66128 INFO tempest.lib.common.rest_client [req-abb39c58-0767-4c5e-9417-7db61d772325 req-abb39c58-0767-4c5e-9417-7db61d772325 ] Request (ListImageFiltersTestJSON:setUpClass): 200 GET http://10.180.1.21/compute/v2.1/servers/2f1c2425-2844-4556-a871-d26d28199f63 0.677s
2025-12-02 15:06:01.567 66144 INFO tempest.lib.common.rest_client [req-2fee0ceb-b50f-4f57-897e-7427d8b8b83c req-2fee0ceb-b50f-4f57-897e-7427d8b8b83c ] Request (ServersAdminTestJSON:test_list_servers_by_admin_with_specified_tenant): 200 GET http://10.180.1.21/compute/v2.1/servers/detail?tenant_id=6f2d28fd8ae2431faae42d40c0090fad 0.619s
2025-12-02 15:06:01.584 66132 INFO tempest.lib.common.rest_client [req-4887ee86-7069-4254-9fd5-810ebea7bb01 req-4887ee86-7069-4254-9fd5-810ebea7bb01 ] Request (ImagesOneServerNegativeTestJSON:tearDown): 200 GET http://10.180.1.21/compute/v2.1/servers/4b8df03c-4bdd-4838-a6b8-c55d4b951ccd 0.826s
2025-12-02 15:06:01.594 66114 INFO tempest.lib.common.rest_client [req-da44ce47-015b-466d-ac93-3d55d447e794 req-da44ce47-015b-466d-ac93-3d55d447e794 ] Request (ServerActionsV293TestJSON:setUpClass): 200 GET http://10.180.1.21/volume/v3/volumes/e4194002-f73c-4e21-8bc2-010f8312bdca 0.039s
2025-12-02 15:06:01.659 66160 INFO tempest.lib.common.rest_client [req-c4e72cb2-025a-4f43-a902-77e4a178c54b req-c4e72cb2-025a-4f43-a902-77e4a178c54b ] Request (MigrationsAdminTest:test_resize_server_revert_deleted_flavor): 200 GET http://10.180.1.21/compute/v2.1/servers/ec9bedcd-81b9-460d-bead-1064f73bf39e 0.656s
2025-12-02 15:06:01.665 66124 INFO tempest.lib.common.rest_client [req-faef5d00-65a9-47db-b81b-97391479aeea req-faef5d00-65a9-47db-b81b-97391479aeea ] Request (ServerRescueTestJSONUnderV235:setUpClass): 200 GET http://10.180.1.21/compute/v2.1/servers/a3ad6cff-5032-42c2-82bd-3fb8d13c5c8f 0.548s
2025-12-02 15:06:01.790 66130 INFO tempest.lib.common.rest_client [req-06704563-3f8a-4c60-9e84-9424d8aed5ac req-06704563-3f8a-4c60-9e84-9424d8aed5ac ] Request (ServersAdminNegativeTestJSON:setUpClass): 200 GET http://10.180.1.21/compute/v2.1/servers/a71d34e2-05b0-428b-b5bb-d5c4e03fb743 0.656s
2025-12-02 15:06:01.872 66120 INFO tempest.lib.common.rest_client [req-66b70251-653b-4b09-b72d-6c5859547068 req-66b70251-653b-4b09-b72d-6c5859547068 ] Request (FloatingIPsAssociationTestJSON:tearDownClass): 200 GET http://10.180.1.21/compute/v2.1/servers/64790dcf-fef2-4f9a-8b0d-4fa44c29c5a7 0.675s
2025-12-02 15:06:01.883 66134 WARNING tempest.lib.common.ssh [-] Failed to establish authenticated ssh connection to cirros@10.180.180.185 ([Errno None] Unable to connect to port 22 on 10.180.180.185). Number attempts: 7. Retry after 8 seconds.: paramiko.ssh_exception.NoValidConnectionsError: [Errno None] Unable to connect to port 22 on 10.180.180.185
2025-12-02 15:06:01.946 66146 INFO tempest.lib.common.rest_client [req-3a0325af-903c-4847-b6d9-109c10ad731e req-3a0325af-903c-4847-b6d9-109c10ad731e ] Request (ServersV294TestFqdnHostnames:setUpClass): 200 GET http://10.180.1.21/compute/v2.1/servers/7f25e51f-c763-4e4b-9edb-728e742c1062 0.676s
2025-12-02 15:06:02.011 66152 INFO tempest.lib.common.rest_client [req-a86a705f-d0ad-4982-9075-71986db7964a req-a86a705f-d0ad-4982-9075-71986db7964a ] Request (ServersWithSpecificFlavorTestJSON:test_verify_created_server_ephemeral_disk): 200 GET http://10.180.1.21/compute/v2.1/servers/449f08fd-bffb-4f29-b195-45042cbaa2e8 0.834s
2025-12-02 15:06:02.019 66152 INFO tempest.common.waiters [-] State transition "BUILD/None" ==> "BUILD/networking" after 51 second wait
2025-12-02 15:06:02.025 66154 INFO tempest.lib.common.rest_client [req-c041a017-55a6-4eae-9a64-e4567c1b9294 req-c041a017-55a6-4eae-9a64-e4567c1b9294 ] Request (ListServerFiltersTestJSON:test_list_servers_filter_by_shutoff_status): 202 POST http://10.180.1.21/compute/v2.1/servers/b4e9da28-69c1-45b7-baca-e9f719415f26/action 0.710s
2025-12-02 15:06:02.066 66126 INFO tempest.lib.common.rest_client [req-1240dfe1-58ae-4cd1-89b4-7c1afdeb99dd req-1240dfe1-58ae-4cd1-89b4-7c1afdeb99dd ] Request (AttachInterfacesTestJSON:test_create_list_show_delete_interfaces_by_network_port): 200 GET http://10.180.1.21/compute/v2.1/servers/bf8455b8-23de-4de0-997a-37fcb0461df5 0.649s
2025-12-02 15:06:02.096 66108 INFO tempest.lib.common.rest_client [req-36cab25e-3611-40a1-9728-6fba7f94e5d5 req-36cab25e-3611-40a1-9728-6fba7f94e5d5 ] Request (ImagesTestJSON:test_create_image_from_suspended_server): 200 GET http://10.180.1.21/compute/v2.1/images/841ebd31-b3ff-4b8c-9ce6-5af9fda99686 0.647s
2025-12-02 15:06:02.129 66140 INFO tempest.lib.common.rest_client [req-a7408be1-e871-448f-aace-a4d19139991d req-a7408be1-e871-448f-aace-a4d19139991d ] Request (DeleteServersTestJSON:test_delete_server_while_in_shelved_state): 200 GET http://10.180.1.21/compute/v2.1/servers/13a51846-07ab-417f-af34-29cf19fc84ae 0.649s
2025-12-02 15:06:02.159 66156 INFO tempest.lib.common.rest_client [req-2fac933e-0f7a-4489-828f-00ac5364192c req-2fac933e-0f7a-4489-828f-00ac5364192c ] Request (ServerDiskConfigTestJSON:test_rebuild_server_with_manual_disk_config): 200 GET http://10.180.1.21/compute/v2.1/servers/7a6d84ab-95ea-46bc-8791-06bbb2819034 0.620s
2025-12-02 15:06:02.216 66150 INFO tempest.lib.common.rest_client [req-9c3f2db7-5b03-4d17-a6a8-dd6c871c9596 req-9c3f2db7-5b03-4d17-a6a8-dd6c871c9596 ] Request (AttachVolumeNegativeTest:test_attach_attached_volume_to_different_server): 200 GET http://10.180.1.21/compute/v2.1/servers/9b22006c-aaa3-4ee6-b9d5-f61ee26d7088 0.540s
2025-12-02 15:06:02.291 66168 INFO tempest.lib.common.rest_client [req-19e0a497-44fd-4d7f-bcd6-f4d83766d2c1 req-19e0a497-44fd-4d7f-bcd6-f4d83766d2c1 ] Request (ServerGroupTestJSON:test_create_server_with_scheduler_hint_group): 200 GET http://10.180.1.21/compute/v2.1/servers/18b672a8-a6a9-4001-9b68-a0ed0bffcbbd 0.422s
2025-12-02 15:06:02.311 66144 INFO tempest.lib.common.rest_client [req-80838025-a85d-44a0-8120-bdb77b321dfb req-80838025-a85d-44a0-8120-bdb77b321dfb ] Request (ServersAdminTestJSON:test_list_servers_by_admin_with_specified_tenant): 200 GET http://10.180.1.21/compute/v2.1/servers/detail?all_tenants=&tenant_id=6f2d28fd8ae2431faae42d40c0090fad 0.733s
2025-12-02 15:06:02.346 66122 INFO tempest.lib.common.rest_client [req-8b18360e-4362-4b0d-b3af-11ae19659f1a req-8b18360e-4362-4b0d-b3af-11ae19659f1a ] Request (ServerShowV257Test:test_rebuild_server): 200 GET http://10.180.1.21/compute/v2.1/servers/c0f78f97-a7e7-4665-a8c1-9867abc63a59 0.381s
2025-12-02 15:06:02.371 66116 INFO tempest.lib.common.rest_client [req-9115c7f5-fe2e-4513-a84b-63e054ade648 req-9115c7f5-fe2e-4513-a84b-63e054ade648 ] Request (MultipleCreateTestJSON:_run_cleanups): 200 GET http://10.180.1.21/compute/v2.1/servers/d884b59d-3dd7-41ed-bb02-82cb6f4c98c2 0.388s
2025-12-02 15:06:02.382 66116 INFO tempest.common.waiters [-] State transition "ACTIVE/deleting" ==> "DELETED/None" after 3 second wait
2025-12-02 15:06:02.482 66112 INFO tempest.lib.common.rest_client [req-5495aa7d-09ba-4ecf-bfdf-915c3fb0e9b5 req-5495aa7d-09ba-4ecf-bfdf-915c3fb0e9b5 ] Request (ServerShowV247Test:tearDownClass): 200 GET http://10.180.1.21/compute/v2.1/servers/e859aad6-66c9-4ab1-92d2-f1e6b2a99dbf 0.443s
2025-12-02 15:06:02.511 66154 INFO tempest.lib.common.rest_client [req-36381f04-268c-4bbe-86d3-ce1e92d351f7 req-36381f04-268c-4bbe-86d3-ce1e92d351f7 ] Request (ListServerFiltersTestJSON:test_list_servers_filter_by_shutoff_status): 200 GET http://10.180.1.21/compute/v2.1/servers/b4e9da28-69c1-45b7-baca-e9f719415f26 0.485s
2025-12-02 15:06:02.540 66162 INFO tempest.lib.common.rest_client [req-eb10d300-fb32-465e-9560-23865b54e5e0 req-eb10d300-fb32-465e-9560-23865b54e5e0 ] Request (ServerAddressesNegativeTestJSON:setUpClass): 200 GET http://10.180.1.21/compute/v2.1/servers/d33fa20e-470f-46c0-882d-e6f9456caf22 0.448s
2025-12-02 15:06:02.574 66144 INFO tempest.lib.common.rest_client [req-a0d084a9-f5a1-4957-97e6-dd43d92ff3a7 req-a0d084a9-f5a1-4957-97e6-dd43d92ff3a7 ] Request (ServersAdminTestJSON:test_list_servers_by_admin_with_specified_tenant): 200 GET http://10.180.1.21/compute/v2.1/servers/detail?all_tenants=&tenant_id=3c5d00c10eef43028dc0cf87274510d6 0.253s
2025-12-02 15:06:02.639 66114 INFO tempest.lib.common.rest_client [req-69b30cb8-e244-4fd8-a885-d56146ebc178 req-69b30cb8-e244-4fd8-a885-d56146ebc178 ] Request (ServerActionsV293TestJSON:setUpClass): 200 GET http://10.180.1.21/volume/v3/volumes/e4194002-f73c-4e21-8bc2-010f8312bdca 0.037s
2025-12-02 15:06:02.647 66110 INFO tempest.lib.common.rest_client [req-f48ce412-7e42-4de9-9cc2-f719ac12afef req-f48ce412-7e42-4de9-9cc2-f719ac12afef ] Request (ServerActionsTestJSON:setUpClass): 200 GET http://10.180.1.21/compute/v2.1/servers/b5e3f2b6-8f27-48e9-bb47-d8d3d697f9ed 0.420s
2025-12-02 15:06:02.676 66118 INFO tempest.lib.common.rest_client [req-bc6d1d49-aa45-4038-89ed-43f56639eb1d req-bc6d1d49-aa45-4038-89ed-43f56639eb1d ] Request (ServersListShow298Test:test_list_show_update_rebuild_server_298): 200 GET http://10.180.1.21/compute/v2.1/servers/52d84788-73f1-4816-a6ae-0d2bb2de6daf 0.266s
2025-12-02 15:06:02.683 66144 INFO tempest.lib.common.rest_client [req-f341ed1d-0c27-456e-aeab-e5a1b2e3f1a2 req-f341ed1d-0c27-456e-aeab-e5a1b2e3f1a2 ] Request (ServersAdminTestJSON:test_list_servers_detailed_filter_by_invalid_status): 200 GET http://10.180.1.21/compute/v2.1/servers/detail?status=invalid_status 0.098s
2025-12-02 15:06:02.726 66128 INFO tempest.lib.common.rest_client [req-17a3c348-8f65-47d0-99ef-10ad2c5fffad req-17a3c348-8f65-47d0-99ef-10ad2c5fffad ] Request (ListImageFiltersTestJSON:setUpClass): 200 GET http://10.180.1.21/compute/v2.1/servers/2f1c2425-2844-4556-a871-d26d28199f63 0.190s
2025-12-02 15:06:02.798 66160 INFO tempest.lib.common.rest_client [req-b747b62d-a237-4a4b-8478-839230fa396a req-b747b62d-a237-4a4b-8478-839230fa396a ] Request (MigrationsAdminTest:test_resize_server_revert_deleted_flavor): 200 GET http://10.180.1.21/compute/v2.1/servers/ec9bedcd-81b9-460d-bead-1064f73bf39e 0.129s
2025-12-02 15:06:02.825 66132 INFO tempest.lib.common.rest_client [req-f4bc31bd-37f9-4206-851f-9e99f965a0d5 req-f4bc31bd-37f9-4206-851f-9e99f965a0d5 ] Request (ImagesOneServerNegativeTestJSON:tearDown): 200 GET http://10.180.1.21/compute/v2.1/servers/4b8df03c-4bdd-4838-a6b8-c55d4b951ccd 0.225s
2025-12-02 15:06:02.837 66132 INFO tempest.common.waiters [-] State transition "ACTIVE/image_snapshot" ==> "ACTIVE/image_pending_upload" after 1 second wait
2025-12-02 15:06:02.858 66124 INFO tempest.lib.common.rest_client [req-2991be6a-5484-4863-9978-1d7ccdad5b71 req-2991be6a-5484-4863-9978-1d7ccdad5b71 ] Request (ServerRescueTestJSONUnderV235:setUpClass): 200 GET http://10.180.1.21/compute/v2.1/servers/a3ad6cff-5032-42c2-82bd-3fb8d13c5c8f 0.178s
2025-12-02 15:06:02.910 66144 INFO tempest.lib.common.rest_client [req-710711b6-cc68-4b31-ba3f-4798c199ffde req-710711b6-cc68-4b31-ba3f-4798c199ffde ] Request (ServersAdminTestJSON:test_list_servers_filter_by_error_status): 202 POST http://10.180.1.21/compute/v2.1/servers/2fe3cae1-0f86-4dc3-a033-bae995cbf1ea/action 0.212s
2025-12-02 15:06:03.039 66120 INFO tempest.lib.common.rest_client [req-1fc30cca-34e6-4dea-aa37-cbda82e44386 req-1fc30cca-34e6-4dea-aa37-cbda82e44386 ] Request (FloatingIPsAssociationTestJSON:tearDownClass): 200 GET http://10.180.1.21/compute/v2.1/servers/64790dcf-fef2-4f9a-8b0d-4fa44c29c5a7 0.156s
2025-12-02 15:06:03.079 66130 INFO tempest.lib.common.rest_client [req-ece05dc9-bd97-498b-871d-5b9d51c989bf req-ece05dc9-bd97-498b-871d-5b9d51c989bf ] Request (ServersAdminNegativeTestJSON:setUpClass): 200 GET http://10.180.1.21/compute/v2.1/servers/a71d34e2-05b0-428b-b5bb-d5c4e03fb743 0.281s
2025-12-02 15:06:03.144 66144 INFO tempest.lib.common.rest_client [req-86aa1f1c-582a-454c-885d-0228beabca64 req-86aa1f1c-582a-454c-885d-0228beabca64 ] Request (ServersAdminTestJSON:test_list_servers_filter_by_error_status): 200 GET http://10.180.1.21/compute/v2.1/servers?status=error 0.233s
2025-12-02 15:06:03.175 66146 INFO tempest.lib.common.rest_client [req-347fa299-0c1a-4481-9f61-695252a729d8 req-347fa299-0c1a-4481-9f61-695252a729d8 ] Request (ServersV294TestFqdnHostnames:setUpClass): 200 GET http://10.180.1.21/compute/v2.1/servers/7f25e51f-c763-4e4b-9edb-728e742c1062 0.219s
2025-12-02 15:06:03.287 66126 INFO tempest.lib.common.rest_client [req-e86c75ee-bd16-4754-a8cb-63dc88d17c09 req-e86c75ee-bd16-4754-a8cb-63dc88d17c09 ] Request (AttachInterfacesTestJSON:test_create_list_show_delete_interfaces_by_network_port): 200 GET http://10.180.1.21/compute/v2.1/servers/bf8455b8-23de-4de0-997a-37fcb0461df5 0.212s
2025-12-02 15:06:03.311 66152 INFO tempest.lib.common.rest_client [req-af7214b3-aa7f-4ccc-9f25-efc84d7bdc60 req-af7214b3-aa7f-4ccc-9f25-efc84d7bdc60 ] Request (ServersWithSpecificFlavorTestJSON:test_verify_created_server_ephemeral_disk): 200 GET http://10.180.1.21/compute/v2.1/servers/449f08fd-bffb-4f29-b195-45042cbaa2e8 0.290s
2025-12-02 15:06:03.319 66152 INFO tempest.common.waiters [-] State transition "BUILD/networking" ==> "BUILD/block_device_mapping" after 52 second wait
2025-12-02 15:06:03.326 66108 INFO tempest.lib.common.rest_client [req-55cfa1cd-0ad5-457e-ad64-5a24a5b7036b req-55cfa1cd-0ad5-457e-ad64-5a24a5b7036b ] Request (ImagesTestJSON:test_create_image_from_suspended_server): 200 GET http://10.180.1.21/compute/v2.1/images/841ebd31-b3ff-4b8c-9ce6-5af9fda99686 0.226s
2025-12-02 15:06:03.373 66140 INFO tempest.lib.common.rest_client [req-97333648-72dc-4c6c-a9e2-37f0568cac31 req-97333648-72dc-4c6c-a9e2-37f0568cac31 ] Request (DeleteServersTestJSON:test_delete_server_while_in_shelved_state): 200 GET http://10.180.1.21/compute/v2.1/servers/13a51846-07ab-417f-af34-29cf19fc84ae 0.235s
2025-12-02 15:06:03.392 66144 INFO tempest.lib.common.rest_client [req-33fd8738-6c79-4f12-ac77-f7fb195b41c1 req-33fd8738-6c79-4f12-ac77-f7fb195b41c1 ] Request (ServersAdminTestJSON:test_list_servers_filter_by_error_status): 202 POST http://10.180.1.21/compute/v2.1/servers/2fe3cae1-0f86-4dc3-a033-bae995cbf1ea/action 0.246s
2025-12-02 15:06:03.426 66156 INFO tempest.lib.common.rest_client [req-b7580b4b-5a40-4183-b5ef-bdd73189e68f req-b7580b4b-5a40-4183-b5ef-bdd73189e68f ] Request (ServerDiskConfigTestJSON:test_rebuild_server_with_manual_disk_config): 200 GET http://10.180.1.21/compute/v2.1/servers/7a6d84ab-95ea-46bc-8791-06bbb2819034 0.252s
2025-12-02 15:06:03.440 66150 INFO tempest.lib.common.rest_client [req-bbff124c-ba4b-4cfb-8490-ea47e4d8fc2b req-bbff124c-ba4b-4cfb-8490-ea47e4d8fc2b ] Request (AttachVolumeNegativeTest:test_attach_attached_volume_to_different_server): 200 GET http://10.180.1.21/compute/v2.1/servers/9b22006c-aaa3-4ee6-b9d5-f61ee26d7088 0.213s
