2025-12-02 15:04:07.016 66142 INFO tempest.lib.common.rest_client [req-55ad88b1-7119-452c-b86c-b87e1ec1c59b req-55ad88b1-7119-452c-b86c-b87e1ec1c59b ] Request (ServerDiagnosticsNegativeTest:setUpClass): 204 PUT http://10.180.1.21/identity/v3/projects/d24a161c3da34ce188d9f07ca955a08a/users/002db2807be94b368c5e13505fc48c68/roles/794219207442444e9c94aa72c2b22b32 0.032s
2025-12-02 15:04:07.016 66142 INFO tempest.lib.common.dynamic_creds [-] Dynamic test user 002db2807be94b368c5e13505fc48c68 is created with scope project and roles: ['member']
2025-12-02 15:04:07.016 66142 INFO tempest.lib.common.dynamic_creds [-] Acquired dynamic creds: credentials: Credentials: {'domain_id': 'default', 'domain_name': 'Default', 'username': 'tempest-ServerDiagnosticsNegativeTest-868877140-project-member', 'project_domain_id': 'default', 'project_domain_name': 'Default', 'project_id': 'd24a161c3da34ce188d9f07ca955a08a', 'project_name': 'tempest-ServerDiagnosticsNegativeTest-868877140', 'tenant_id': 'd24a161c3da34ce188d9f07ca955a08a', 'tenant_name': 'tempest-ServerDiagnosticsNegativeTest-868877140', 'user_domain_id': 'default', 'user_domain_name': 'Default', 'user_id': '002db2807be94b368c5e13505fc48c68', 'system': None}, Network: None, Subnet: None, Router: None
2025-12-02 15:04:07.016 66142 INFO tempest.lib.common.dynamic_creds [-] Created isolated network resources for: credentials: Credentials: {'domain_id': 'default', 'domain_name': 'Default', 'username': 'tempest-ServerDiagnosticsNegativeTest-868877140-project-member', 'project_domain_id': 'default', 'project_domain_name': 'Default', 'project_id': 'd24a161c3da34ce188d9f07ca955a08a', 'project_name': 'tempest-ServerDiagnosticsNegativeTest-868877140', 'tenant_id': 'd24a161c3da34ce188d9f07ca955a08a', 'tenant_name': 'tempest-ServerDiagnosticsNegativeTest-868877140', 'user_domain_id': 'default', 'user_domain_name': 'Default', 'user_id': '002db2807be94b368c5e13505fc48c68', 'system': None}, Network: None, Subnet: None, Router: None
2025-12-02 15:04:07.019 66150 INFO tempest.lib.common.rest_client [req-d6a790fa-28be-4304-8120-3e16f6acc2d0 req-d6a790fa-28be-4304-8120-3e16f6acc2d0 ] Request (InstanceActionsNegativeTestJSON:setUpClass): 201 POST http://10.180.1.21/networking/v2.0/networks 1.099s
2025-12-02 15:04:07.106 66142 INFO tempest.lib.common.rest_client [req-0dad2dbe-59a0-4a42-84f6-f55ecbfe0439 req-0dad2dbe-59a0-4a42-84f6-f55ecbfe0439 ] Request (ServerDiagnosticsNegativeTest:setUpClass): 201 POST http://10.180.1.21/identity/v3/auth/tokens 0.085s
2025-12-02 15:04:07.174 66142 INFO tempest.lib.common.rest_client [req-951ddad2-4a94-4451-952b-2dadcb50f0a4 req-951ddad2-4a94-4451-952b-2dadcb50f0a4 ] Request (ServerDiagnosticsNegativeTest:setUpClass): 201 POST http://10.180.1.21/identity/v3/projects 0.067s
2025-12-02 15:04:07.234 66142 INFO tempest.lib.common.rest_client [req-8b85ee79-6727-4a69-a8bf-b53cde523f8d req-8b85ee79-6727-4a69-a8bf-b53cde523f8d ] Request (ServerDiagnosticsNegativeTest:setUpClass): 201 POST http://10.180.1.21/identity/v3/users 0.059s
2025-12-02 15:04:07.257 66142 INFO tempest.lib.common.rest_client [req-e09ba6b6-28a3-4872-81bb-638e01b78971 req-e09ba6b6-28a3-4872-81bb-638e01b78971 ] Request (ServerDiagnosticsNegativeTest:setUpClass): 200 GET http://10.180.1.21/identity/v3/roles 0.023s
2025-12-02 15:04:07.288 66142 INFO tempest.lib.common.rest_client [req-52177879-98e8-4f15-820b-44bbb4fd907c req-52177879-98e8-4f15-820b-44bbb4fd907c ] Request (ServerDiagnosticsNegativeTest:setUpClass): 204 PUT http://10.180.1.21/identity/v3/projects/b005ce7144454f6db8537a45636bf9d4/users/ebfb0048c6944742a3af4c6dac2cbd53/roles/13e863d1d1234ffab9e855c608be04f8 0.030s
2025-12-02 15:04:07.343 66142 INFO tempest.lib.common.rest_client [req-9f91c8c8-9304-4d23-8c78-c9f6bd577ed6 req-9f91c8c8-9304-4d23-8c78-c9f6bd577ed6 ] Request (ServerDiagnosticsNegativeTest:setUpClass): 200 GET http://10.180.1.21/identity/v3/roles 0.054s
2025-12-02 15:04:07.364 66142 INFO tempest.lib.common.rest_client [req-58c3dbb0-f756-4121-9e85-974c91b20972 req-58c3dbb0-f756-4121-9e85-974c91b20972 ] Request (ServerDiagnosticsNegativeTest:setUpClass): 204 PUT http://10.180.1.21/identity/v3/projects/b005ce7144454f6db8537a45636bf9d4/users/ebfb0048c6944742a3af4c6dac2cbd53/roles/13e863d1d1234ffab9e855c608be04f8 0.020s
2025-12-02 15:04:07.364 66142 INFO tempest.lib.common.dynamic_creds [-] Dynamic test user ebfb0048c6944742a3af4c6dac2cbd53 is created with scope project and roles: ['admin']
2025-12-02 15:04:07.364 66142 INFO tempest.lib.common.dynamic_creds [-] Acquired dynamic creds: credentials: Credentials: {'domain_id': 'default', 'domain_name': 'Default', 'username': 'tempest-ServerDiagnosticsNegativeTest-1360710797-project-admin', 'project_domain_id': 'default', 'project_domain_name': 'Default', 'project_id': 'b005ce7144454f6db8537a45636bf9d4', 'project_name': 'tempest-ServerDiagnosticsNegativeTest-1360710797', 'tenant_id': 'b005ce7144454f6db8537a45636bf9d4', 'tenant_name': 'tempest-ServerDiagnosticsNegativeTest-1360710797', 'user_domain_id': 'default', 'user_domain_name': 'Default', 'user_id': 'ebfb0048c6944742a3af4c6dac2cbd53', 'system': None}, Network: None, Subnet: None, Router: None
2025-12-02 15:04:07.365 66142 INFO tempest.lib.common.dynamic_creds [-] Created isolated network resources for: credentials: Credentials: {'domain_id': 'default', 'domain_name': 'Default', 'username': 'tempest-ServerDiagnosticsNegativeTest-1360710797-project-admin', 'project_domain_id': 'default', 'project_domain_name': 'Default', 'project_id': 'b005ce7144454f6db8537a45636bf9d4', 'project_name': 'tempest-ServerDiagnosticsNegativeTest-1360710797', 'tenant_id': 'b005ce7144454f6db8537a45636bf9d4', 'tenant_name': 'tempest-ServerDiagnosticsNegativeTest-1360710797', 'user_domain_id': 'default', 'user_domain_name': 'Default', 'user_id': 'ebfb0048c6944742a3af4c6dac2cbd53', 'system': None}, Network: None, Subnet: None, Router: None
2025-12-02 15:04:07.459 66142 INFO tempest.lib.common.rest_client [req-155017ee-667d-4783-b4ce-41e7b8cb823c req-155017ee-667d-4783-b4ce-41e7b8cb823c ] Request (ServerDiagnosticsNegativeTest:setUpClass): 201 POST http://10.180.1.21/identity/v3/auth/tokens 0.090s
2025-12-02 15:04:07.548 66142 INFO tempest.lib.common.rest_client [req-ca6dfb47-cc18-44b2-bce3-580e740a509e req-ca6dfb47-cc18-44b2-bce3-580e740a509e ] Request (ServerDiagnosticsNegativeTest:test_get_server_diagnostics_by_non_admin): 201 POST http://10.180.1.21/identity/v3/auth/tokens 0.084s
2025-12-02 15:04:07.548 66142 INFO tempest.lib.common.fixed_network [-] (ServerDiagnosticsNegativeTest:test_get_server_diagnostics_by_non_admin) Found network None available for tenant
2025-12-02 15:04:07.718 66136 INFO tempest.lib.common.rest_client [req-f50a775c-c241-4ad6-a360-eb6d062d85c7 req-f50a775c-c241-4ad6-a360-eb6d062d85c7 ] Request (VolumesAdminNegativeTest:setUpClass): 201 POST http://10.180.1.21/networking/v2.0/routers 1.839s
2025-12-02 15:04:07.822 66170 INFO tempest.lib.common.rest_client [req-10290403-46ef-481f-b9cf-981813e0f445 req-10290403-46ef-481f-b9cf-981813e0f445 ] Request (HypervisorAdminNegativeUnderV252Test:tearDownClass): 204 DELETE http://10.180.1.21/networking/v2.0/security-groups/d0fed320-f6b8-4262-8e4e-9ed5d50291b0 1.463s
2025-12-02 15:04:07.970 66164 INFO tempest.lib.common.rest_client [req-78a2dcc3-9a52-4d5d-995a-43ea56015fab req-78a2dcc3-9a52-4d5d-995a-43ea56015fab ] Request (FloatingIPDetailsNegativeTestJSON:tearDownClass): 204 DELETE http://10.180.1.21/networking/v2.0/routers/2b2a7420-459e-409a-98a9-0ff14495c5eb 1.954s
2025-12-02 15:04:07.976 66170 INFO tempest.lib.common.rest_client [req-50e77816-ff55-4d92-9ecd-943e5fcdd5ff req-50e77816-ff55-4d92-9ecd-943e5fcdd5ff ] Request (HypervisorAdminNegativeUnderV252Test:tearDownClass): 204 DELETE http://10.180.1.21/identity/v3/projects/8b764388216644a2bd3712f806dea1a9 0.153s
2025-12-02 15:04:07.977 66170 INFO tempest.test [-] raised in UpdateMultiattachVolumeNegativeTest.setUpClass. Invoking tearDownClass.
2025-12-02 15:04:07.993 66148 INFO tempest.lib.common.rest_client [req-3d9d614e-2157-44b9-8fe9-e66a699d3108 req-3d9d614e-2157-44b9-8fe9-e66a699d3108 ] Request (ServersTestBootFromVolume:setUpClass): 200 GET http://10.180.1.21/volume/v3/volumes/496b7d36-de41-4ad8-9b1a-54eec0e56f65 0.044s
2025-12-02 15:04:08.003 66152 INFO tempest.lib.common.rest_client [req-0c49efa2-b276-4037-bebf-e67aed35b40c req-0c49efa2-b276-4037-bebf-e67aed35b40c ] Request (ServersWithSpecificFlavorTestJSON:test_verify_created_server_ephemeral_disk): 200 GET http://10.180.1.21/compute/v2.1/servers/dc81da4d-3c98-4456-989c-99ed6f6cfad5 5.307s
2025-12-02 15:04:08.095 66170 INFO tempest.lib.common.rest_client [req-5ef226ba-5d98-477e-a061-4d74cc119d4c req-5ef226ba-5d98-477e-a061-4d74cc119d4c ] Request (AZV2TestJSON:setUpClass): 201 POST http://10.180.1.21/identity/v3/auth/tokens 0.114s
2025-12-02 15:04:08.127 66170 INFO tempest.lib.common.rest_client [req-5076c4fb-c052-424a-8a93-c1dc66f0f197 req-5076c4fb-c052-424a-8a93-c1dc66f0f197 ] Request (AZV2TestJSON:setUpClass): 201 POST http://10.180.1.21/identity/v3/auth/tokens 0.027s
2025-12-02 15:04:08.155 66170 INFO tempest.lib.common.rest_client [req-9521d3a2-0b3a-4564-bb8f-0420c9466082 req-9521d3a2-0b3a-4564-bb8f-0420c9466082 ] Request (AZV2TestJSON:setUpClass): 200 GET http://10.180.1.21/identity/v3/domains?name=Default 0.028s
2025-12-02 15:04:08.182 66162 INFO tempest.lib.common.rest_client [req-a0e2a3ef-eb47-4210-9760-c597fcfbe0b9 req-a0e2a3ef-eb47-4210-9760-c597fcfbe0b9 ] Request (QuotasAdminNegativeTest:tearDownClass): 204 DELETE http://10.180.1.21/networking/v2.0/security-groups/23b4ea3c-7980-434d-9d75-d89d8e261da6 1.641s
2025-12-02 15:04:08.193 66170 INFO tempest.lib.common.rest_client [req-ee0edade-35a1-4fab-861e-ca807efab137 req-ee0edade-35a1-4fab-861e-ca807efab137 ] Request (AZV2TestJSON:setUpClass): 201 POST http://10.180.1.21/identity/v3/projects 0.037s
2025-12-02 15:04:08.262 66170 INFO tempest.lib.common.rest_client [req-b9428aff-0833-4a13-8287-1ef0b8d8218e req-b9428aff-0833-4a13-8287-1ef0b8d8218e ] Request (AZV2TestJSON:setUpClass): 201 POST http://10.180.1.21/identity/v3/users 0.068s
2025-12-02 15:04:08.293 66162 INFO tempest.lib.common.rest_client [req-5c0e0b57-16ce-4069-894b-298cf15a99d7 req-5c0e0b57-16ce-4069-894b-298cf15a99d7 ] Request (QuotasAdminNegativeTest:tearDownClass): 204 DELETE http://10.180.1.21/identity/v3/projects/39f5883ade4341f0bb85160127e405e6 0.110s
2025-12-02 15:04:08.324 66170 INFO tempest.lib.common.rest_client [req-980576b4-a6d2-42df-a760-afbc7d979dc3 req-980576b4-a6d2-42df-a760-afbc7d979dc3 ] Request (AZV2TestJSON:setUpClass): 200 GET http://10.180.1.21/identity/v3/roles 0.061s
2025-12-02 15:04:08.325 66162 INFO tempest.lib.common.rest_client [req-c22274a3-b312-4804-bab7-8155207ca683 req-c22274a3-b312-4804-bab7-8155207ca683 ] Request (ImagesNegativeTestJSON:setUpClass): 201 POST http://10.180.1.21/identity/v3/auth/tokens 0.030s
2025-12-02 15:04:08.346 66150 INFO tempest.lib.common.rest_client [req-a9bf866c-e0a5-4612-a806-f2dd618d9f49 req-a9bf866c-e0a5-4612-a806-f2dd618d9f49 ] Request (InstanceActionsNegativeTestJSON:setUpClass): 201 POST http://10.180.1.21/networking/v2.0/subnets 1.326s
2025-12-02 15:04:08.358 66162 INFO tempest.lib.common.rest_client [req-d6522c43-b781-4a6a-a73d-c2762ef93229 req-d6522c43-b781-4a6a-a73d-c2762ef93229 ] Request (ImagesNegativeTestJSON:setUpClass): 201 POST http://10.180.1.21/identity/v3/auth/tokens 0.029s
2025-12-02 15:04:08.376 66170 INFO tempest.lib.common.rest_client [req-d374869e-f432-4e2d-b48b-235c8f372588 req-d374869e-f432-4e2d-b48b-235c8f372588 ] Request (AZV2TestJSON:setUpClass): 204 PUT http://10.180.1.21/identity/v3/projects/aa1b0e63623a450ba66427610a85f05d/users/35565837bc3949d4a971eb66bc22c2d9/roles/794219207442444e9c94aa72c2b22b32 0.051s
2025-12-02 15:04:08.376 66170 INFO tempest.lib.common.dynamic_creds [-] Dynamic test user 35565837bc3949d4a971eb66bc22c2d9 is created with scope project and roles: ['member']
2025-12-02 15:04:08.377 66170 INFO tempest.lib.common.dynamic_creds [-] Acquired dynamic creds: credentials: Credentials: {'domain_id': 'default', 'domain_name': 'Default', 'username': 'tempest-AZV2TestJSON-1478604767-project-member', 'project_domain_id': 'default', 'project_domain_name': 'Default', 'project_id': 'aa1b0e63623a450ba66427610a85f05d', 'project_name': 'tempest-AZV2TestJSON-1478604767', 'tenant_id': 'aa1b0e63623a450ba66427610a85f05d', 'tenant_name': 'tempest-AZV2TestJSON-1478604767', 'user_domain_id': 'default', 'user_domain_name': 'Default', 'user_id': '35565837bc3949d4a971eb66bc22c2d9', 'system': None}, Network: None, Subnet: None, Router: None
2025-12-02 15:04:08.377 66170 INFO tempest.lib.common.dynamic_creds [-] Created isolated network resources for: credentials: Credentials: {'domain_id': 'default', 'domain_name': 'Default', 'username': 'tempest-AZV2TestJSON-1478604767-project-member', 'project_domain_id': 'default', 'project_domain_name': 'Default', 'project_id': 'aa1b0e63623a450ba66427610a85f05d', 'project_name': 'tempest-AZV2TestJSON-1478604767', 'tenant_id': 'aa1b0e63623a450ba66427610a85f05d', 'tenant_name': 'tempest-AZV2TestJSON-1478604767', 'user_domain_id': 'default', 'user_domain_name': 'Default', 'user_id': '35565837bc3949d4a971eb66bc22c2d9', 'system': None}, Network: None, Subnet: None, Router: None
2025-12-02 15:04:08.390 66162 INFO tempest.lib.common.rest_client [req-4deffc73-c105-49f2-ad2b-72477b1ef867 req-4deffc73-c105-49f2-ad2b-72477b1ef867 ] Request (ImagesNegativeTestJSON:setUpClass): 200 GET http://10.180.1.21/identity/v3/domains?name=Default 0.031s
2025-12-02 15:04:08.453 66164 INFO tempest.lib.common.rest_client [req-f9c6839a-7cc1-4803-8449-a1458555b537 req-f9c6839a-7cc1-4803-8449-a1458555b537 ] Request (FloatingIPDetailsNegativeTestJSON:tearDownClass): 204 DELETE http://10.180.1.21/networking/v2.0/subnets/fabf395a-30ee-45a0-b661-ca06779a6702 0.483s
2025-12-02 15:04:08.466 66170 INFO tempest.lib.common.rest_client [req-8c217217-3e67-404c-8bc8-2d2c8793ab5d req-8c217217-3e67-404c-8bc8-2d2c8793ab5d ] Request (AZV2TestJSON:setUpClass): 201 POST http://10.180.1.21/identity/v3/auth/tokens 0.083s
2025-12-02 15:04:08.467 66162 INFO tempest.lib.common.rest_client [req-43ff721c-ec95-44e2-93d0-dae9c68d01f3 req-43ff721c-ec95-44e2-93d0-dae9c68d01f3 ] Request (ImagesNegativeTestJSON:setUpClass): 201 POST http://10.180.1.21/identity/v3/projects 0.076s
2025-12-02 15:04:08.528 66126 INFO tempest.lib.common.rest_client [req-a784f0cd-e10e-48bb-afaa-5f9ef10d9378 req-a784f0cd-e10e-48bb-afaa-5f9ef10d9378 ] Request (AttachInterfacesTestJSON:test_create_list_show_delete_interfaces_by_fixed_ip): 200 GET http://10.180.1.21/compute/v2.1/servers/211c5712-6b16-46fc-be0f-bbd2fd4f43a9/os-interface 5.691s
2025-12-02 15:04:08.553 66162 INFO tempest.lib.common.rest_client [req-2271e2e1-8525-4cd9-8939-74191588908d req-2271e2e1-8525-4cd9-8939-74191588908d ] Request (ImagesNegativeTestJSON:setUpClass): 201 POST http://10.180.1.21/identity/v3/users 0.086s
2025-12-02 15:04:08.565 66146 INFO tempest.lib.common.rest_client [req-a236f54a-151c-4d28-bdf3-e1b0006aadb9 req-a236f54a-151c-4d28-bdf3-e1b0006aadb9 ] Request (FlavorsExtraSpecsNegativeTestJSON:tearDownClass): 200 GET http://10.180.1.21/compute/v2.1/flavors/detail 5.636s
2025-12-02 15:04:08.575 66118 INFO tempest.lib.common.rest_client [req-175ac5a1-64ef-47b4-b410-dcbf15444916 req-175ac5a1-64ef-47b4-b410-dcbf15444916 ] Request (AggregatesAdminNegativeTestJSON:test_aggregate_create_as_user): 403 POST http://10.180.1.21/compute/v2.1/os-aggregates 5.531s
2025-12-02 15:04:08.576 66162 INFO tempest.lib.common.rest_client [req-b240ae15-db8c-448d-9f33-9268292b6ada req-b240ae15-db8c-448d-9f33-9268292b6ada ] Request (ImagesNegativeTestJSON:setUpClass): 200 GET http://10.180.1.21/identity/v3/roles 0.023s
2025-12-02 15:04:08.619 66162 INFO tempest.lib.common.rest_client [req-41dc1ef0-d20f-4072-a19e-104f0e92aa36 req-41dc1ef0-d20f-4072-a19e-104f0e92aa36 ] Request (ImagesNegativeTestJSON:setUpClass): 204 PUT http://10.180.1.21/identity/v3/projects/4ac95674826b4178ad5fac55c9ee6117/users/17e5b3c2ded34b76b8324ab0552636ae/roles/794219207442444e9c94aa72c2b22b32 0.042s
2025-12-02 15:04:08.620 66162 INFO tempest.lib.common.dynamic_creds [-] Dynamic test user 17e5b3c2ded34b76b8324ab0552636ae is created with scope project and roles: ['member']
2025-12-02 15:04:08.620 66162 INFO tempest.lib.common.dynamic_creds [-] Acquired dynamic creds: credentials: Credentials: {'domain_id': 'default', 'domain_name': 'Default', 'username': 'tempest-ImagesNegativeTestJSON-300356835-project-member', 'project_domain_id': 'default', 'project_domain_name': 'Default', 'project_id': '4ac95674826b4178ad5fac55c9ee6117', 'project_name': 'tempest-ImagesNegativeTestJSON-300356835', 'tenant_id': '4ac95674826b4178ad5fac55c9ee6117', 'tenant_name': 'tempest-ImagesNegativeTestJSON-300356835', 'user_domain_id': 'default', 'user_domain_name': 'Default', 'user_id': '17e5b3c2ded34b76b8324ab0552636ae', 'system': None}, Network: None, Subnet: None, Router: None
2025-12-02 15:04:08.649 66146 INFO tempest.lib.common.rest_client [req-8ae560e7-0551-4766-b54f-3bc97af6e5dd req-8ae560e7-0551-4766-b54f-3bc97af6e5dd ] Request (FlavorsExtraSpecsNegativeTestJSON:tearDownClass): 204 DELETE http://10.180.1.21/identity/v3/users/8d1a2bd4207f4235bc30be926ff0aadf 0.078s
2025-12-02 15:04:08.690 66162 INFO tempest.lib.common.rest_client [req-52442ef4-126f-4d1a-a185-c45a82d3e850 req-52442ef4-126f-4d1a-a185-c45a82d3e850 ] Request (ImagesNegativeTestJSON:setUpClass): 201 POST http://10.180.1.21/identity/v3/auth/tokens 0.069s
2025-12-02 15:04:08.760 66146 INFO tempest.lib.common.rest_client [req-4911fe58-c61a-41c0-a774-346f4506ac03 req-4911fe58-c61a-41c0-a774-346f4506ac03 ] Request (FlavorsExtraSpecsNegativeTestJSON:tearDownClass): 204 DELETE http://10.180.1.21/identity/v3/users/c4fd489383814f1baec37c2f828c1160 0.110s
2025-12-02 15:04:08.760 66146 INFO tempest.lib.common.dynamic_creds [-] Deleting project and security group for project: 088871b3d8d34ba684eef88a1010bbc3
2025-12-02 15:04:08.815 66154 INFO tempest.lib.common.rest_client [req-1c3a82f9-d718-4116-958c-6105df03ed95 req-1c3a82f9-d718-4116-958c-6105df03ed95 ] Request (FlavorsAccessNegativeTestJSON:_run_cleanups): 200 POST http://10.180.1.21/compute/v2.1/flavors/2034998804/action 5.770s
2025-12-02 15:04:08.841 66146 INFO tempest.lib.common.rest_client [req-38f3a051-d7e7-4f05-9337-92a5967148cb req-38f3a051-d7e7-4f05-9337-92a5967148cb ] Request (FlavorsExtraSpecsNegativeTestJSON:tearDownClass): 201 POST http://10.180.1.21/identity/v3/auth/tokens 0.080s
2025-12-02 15:04:09.040 66148 INFO tempest.lib.common.rest_client [req-7db9284e-cf3b-45dd-b56e-d2d6425ad5d7 req-7db9284e-cf3b-45dd-b56e-d2d6425ad5d7 ] Request (ServersTestBootFromVolume:setUpClass): 200 GET http://10.180.1.21/volume/v3/volumes/496b7d36-de41-4ad8-9b1a-54eec0e56f65 0.035s
2025-12-02 15:04:09.195 66136 INFO tempest.lib.common.rest_client [req-00989910-18ca-4e28-9540-d519a9d86d6b req-00989910-18ca-4e28-9540-d519a9d86d6b ] Request (VolumesAdminNegativeTest:setUpClass): 200 PUT http://10.180.1.21/networking/v2.0/routers/683b5e84-89bc-4bbf-ae46-f285ef58480f/add_router_interface 1.476s
2025-12-02 15:04:09.196 66136 INFO tempest.lib.common.dynamic_creds [-] Created isolated network resources for: credentials: Credentials: {'domain_id': 'default', 'domain_name': 'Default', 'username': 'tempest-VolumesAdminNegativeTest-1541554558-project-member', 'project_domain_id': 'default', 'project_domain_name': 'Default', 'project_id': 'e0643e526f8f4040a36dd9bd326be7b4', 'project_name': 'tempest-VolumesAdminNegativeTest-1541554558', 'tenant_id': 'e0643e526f8f4040a36dd9bd326be7b4', 'tenant_name': 'tempest-VolumesAdminNegativeTest-1541554558', 'user_domain_id': 'default', 'user_domain_name': 'Default', 'user_id': '668d17bec1914c0d8a79d655d0f49588', 'system': None}, Network: {'id': 'b07f2eac-3f24-4b82-b74a-0cc0cfae1398', 'name': 'tempest-VolumesAdminNegativeTest-1386494897-network', 'tenant_id': 'e0643e526f8f4040a36dd9bd326be7b4', 'project_id': 'e0643e526f8f4040a36dd9bd326be7b4', 'admin_state_up': True, 'mtu': 8950, 'status': 'ACTIVE', 'subnets': [], 'shared': False, 'port_security_enabled': True, 'router:external': False, 'provider:network_type': 'vlan', 'provider:physical_network': 'default', 'provider:segmentation_id': 649, 'availability_zone_hints': [], 'availability_zones': [], 'ipv4_address_scope': None, 'ipv6_address_scope': None, 'description': '', 'tags': [], 'created_at': '2025-12-02T15:04:05Z', 'updated_at': '2025-12-02T15:04:05Z', 'revision_number': 1}, Subnet: {'id': 'c36b49ff-105b-4f53-a30d-2b97436eacec', 'name': 'tempest-VolumesAdminNegativeTest-1386494897-subnet', 'tenant_id': 'e0643e526f8f4040a36dd9bd326be7b4', 'network_id': 'b07f2eac-3f24-4b82-b74a-0cc0cfae1398', 'ip_version': 4, 'subnetpool_id': None, 'enable_dhcp': True, 'ipv6_ra_mode': None, 'ipv6_address_mode': None, 'gateway_ip': '192.168.128.1', 'cidr': '192.168.128.0/28', 'allocation_pools': [{'start': '192.168.128.2', 'end': '192.168.128.14'}], 'host_routes': [], 'dns_nameservers': [], 'description': '', 'router:external': False, 'service_types': [], 'tags': [], 'created_at': '2025-12-02T15:04:05Z', 'updated_at': '2025-12-02T15:04:05Z', 'revision_number': 0, 'project_id': 'e0643e526f8f4040a36dd9bd326be7b4'}, Router: {'id': '683b5e84-89bc-4bbf-ae46-f285ef58480f', 'name': 'tempest-VolumesAdminNegativeTest-1386494897-router', 'tenant_id': 'e0643e526f8f4040a36dd9bd326be7b4', 'admin_state_up': True, 'status': 'ACTIVE', 'external_gateway_info': {'network_id': 'c84c5ec4-1474-475e-b71c-c948e965b09e', 'external_fixed_ips': [{'subnet_id': 'dc125165-dfd3-40f8-9d1d-7ef01ca09f6e', 'ip_address': '10.180.180.224'}], 'enable_snat': True}, 'description': '', 'availability_zones': [], 'distributed': False, 'ha': False, 'availability_zone_hints': [], 'routes': [], 'flavor_id': None, 'tags': [], 'created_at': '2025-12-02T15:04:06Z', 'updated_at': '2025-12-02T15:04:07Z', 'revision_number': 2, 'project_id': 'e0643e526f8f4040a36dd9bd326be7b4'}
2025-12-02 15:04:09.280 66136 INFO tempest.lib.common.rest_client [req-2019f9dc-7b41-4331-b5a8-5ceb58d0ca54 req-2019f9dc-7b41-4331-b5a8-5ceb58d0ca54 ] Request (VolumesAdminNegativeTest:setUpClass): 201 POST http://10.180.1.21/identity/v3/auth/tokens 0.077s
2025-12-02 15:04:09.333 66136 INFO tempest.lib.common.rest_client [req-88786139-d89c-496a-b89b-e2e06464aed2 req-88786139-d89c-496a-b89b-e2e06464aed2 ] Request (VolumesAdminNegativeTest:setUpClass): 201 POST http://10.180.1.21/identity/v3/projects 0.052s
2025-12-02 15:04:09.387 66150 INFO tempest.lib.common.rest_client [req-6f7288b1-7421-4710-8e22-f097ee963975 req-6f7288b1-7421-4710-8e22-f097ee963975 ] Request (InstanceActionsNegativeTestJSON:setUpClass): 201 POST http://10.180.1.21/networking/v2.0/routers 1.040s
2025-12-02 15:04:09.427 66136 INFO tempest.lib.common.rest_client [req-03a28e4e-d304-481d-9fae-4386e63c27b9 req-03a28e4e-d304-481d-9fae-4386e63c27b9 ] Request (VolumesAdminNegativeTest:setUpClass): 201 POST http://10.180.1.21/identity/v3/users 0.092s
2025-12-02 15:04:09.439 66164 INFO tempest.lib.common.rest_client [req-e0716cf8-b6a1-4502-a890-fbf006a98b6e req-e0716cf8-b6a1-4502-a890-fbf006a98b6e ] Request (FloatingIPDetailsNegativeTestJSON:tearDownClass): 204 DELETE http://10.180.1.21/networking/v2.0/networks/dae1e7d4-b24b-4fcb-8881-40d46b941195 0.985s
2025-12-02 15:04:09.458 66136 INFO tempest.lib.common.rest_client [req-3bd218fa-08cc-40f9-8579-3a4c0207caab req-3bd218fa-08cc-40f9-8579-3a4c0207caab ] Request (VolumesAdminNegativeTest:setUpClass): 200 GET http://10.180.1.21/identity/v3/roles 0.030s
2025-12-02 15:04:09.546 66136 INFO tempest.lib.common.rest_client [req-8f5b43f0-66a0-417a-a81f-2b93a216842e req-8f5b43f0-66a0-417a-a81f-2b93a216842e ] Request (VolumesAdminNegativeTest:setUpClass): 204 PUT http://10.180.1.21/identity/v3/projects/5f3e73e636f8429e98c2a8511035a2e8/users/e6450e7296344c4ba4fcb102b34de3a5/roles/13e863d1d1234ffab9e855c608be04f8 0.088s
2025-12-02 15:04:09.589 66164 INFO tempest.lib.common.rest_client [req-4f616b3d-5141-4eec-b9d0-4ac9a4413434 req-4f616b3d-5141-4eec-b9d0-4ac9a4413434 ] Request (FloatingIPDetailsNegativeTestJSON:tearDownClass): 204 DELETE http://10.180.1.21/identity/v3/users/285eb43f60084f148abc76b43086a754 0.149s
2025-12-02 15:04:09.589 66164 INFO tempest.lib.common.dynamic_creds [-] Deleting project and security group for project: 6c9258a31f064b46a5b9bd72d1995d0b
2025-12-02 15:04:09.661 66136 INFO tempest.lib.common.rest_client [req-e1019d41-b2c7-4393-bc30-9472c7c6748d req-e1019d41-b2c7-4393-bc30-9472c7c6748d ] Request (VolumesAdminNegativeTest:setUpClass): 200 GET http://10.180.1.21/identity/v3/roles 0.114s
2025-12-02 15:04:09.682 66136 INFO tempest.lib.common.rest_client [req-d191e75c-bce5-497d-b5fe-af1b81923a65 req-d191e75c-bce5-497d-b5fe-af1b81923a65 ] Request (VolumesAdminNegativeTest:setUpClass): 204 PUT http://10.180.1.21/identity/v3/projects/5f3e73e636f8429e98c2a8511035a2e8/users/e6450e7296344c4ba4fcb102b34de3a5/roles/13e863d1d1234ffab9e855c608be04f8 0.021s
2025-12-02 15:04:09.683 66136 INFO tempest.lib.common.dynamic_creds [-] Dynamic test user e6450e7296344c4ba4fcb102b34de3a5 is created with scope project and roles: ['admin']
2025-12-02 15:04:09.683 66136 INFO tempest.lib.common.dynamic_creds [-] Acquired dynamic creds: credentials: Credentials: {'domain_id': 'default', 'domain_name': 'Default', 'username': 'tempest-VolumesAdminNegativeTest-1213318703-project-admin', 'project_domain_id': 'default', 'project_domain_name': 'Default', 'project_id': '5f3e73e636f8429e98c2a8511035a2e8', 'project_name': 'tempest-VolumesAdminNegativeTest-1213318703', 'tenant_id': '5f3e73e636f8429e98c2a8511035a2e8', 'tenant_name': 'tempest-VolumesAdminNegativeTest-1213318703', 'user_domain_id': 'default', 'user_domain_name': 'Default', 'user_id': 'e6450e7296344c4ba4fcb102b34de3a5', 'system': None}, Network: None, Subnet: None, Router: None
2025-12-02 15:04:09.940 66120 INFO tempest.lib.common.rest_client [req-42fe01bc-6313-4ef4-8225-fd592942d11a req-42fe01bc-6313-4ef4-8225-fd592942d11a ] Request (FloatingIPsAssociationTestJSON:setUpClass): 200 POST http://10.180.1.21/compute/v2.1/os-floating-ips 7.296s
2025-12-02 15:04:09.988 66126 INFO tempest.lib.common.rest_client [req-4b7fdb7b-5c1d-4008-ba19-42b876bb2418 req-4b7fdb7b-5c1d-4008-ba19-42b876bb2418 ] Request (AttachInterfacesTestJSON:test_create_list_show_delete_interfaces_by_fixed_ip): 200 PUT http://10.180.1.21/networking/v2.0/floatingips/e2303577-d5f9-4759-8494-1bd958fb4fd4 1.457s
2025-12-02 15:04:10.093 66148 INFO tempest.lib.common.rest_client [req-2f0d1860-072c-4c3e-8ae8-e81ec2954183 req-2f0d1860-072c-4c3e-8ae8-e81ec2954183 ] Request (ServersTestBootFromVolume:setUpClass): 200 GET http://10.180.1.21/volume/v3/volumes/496b7d36-de41-4ad8-9b1a-54eec0e56f65 0.045s
2025-12-02 15:04:10.176 66120 INFO tempest.lib.common.rest_client [req-c9d90fdc-c0f6-4270-934a-6c74f76db1c3 req-c9d90fdc-c0f6-4270-934a-6c74f76db1c3 ] Request (FloatingIPsAssociationTestJSON:test_associate_already_associated_floating_ip): 201 POST http://10.180.1.21/identity/v3/auth/tokens 0.229s
2025-12-02 15:04:10.176 66120 INFO tempest.lib.common.fixed_network [-] (FloatingIPsAssociationTestJSON:test_associate_already_associated_floating_ip) Found network {'id': 'fa92d508-bbd6-410c-a49a-e9f10c35a45f', 'name': 'tempest-FloatingIPsAssociationTestJSON-722898991-network', 'tenant_id': '923c6e90635543878628e1a44d7b1680', 'project_id': '923c6e90635543878628e1a44d7b1680', 'admin_state_up': True, 'mtu': 8950, 'status': 'ACTIVE', 'subnets': [], 'shared': False, 'port_security_enabled': True, 'router:external': False, 'provider:network_type': 'vlan', 'provider:physical_network': 'default', 'provider:segmentation_id': 394, 'availability_zone_hints': [], 'availability_zones': [], 'ipv4_address_scope': None, 'ipv6_address_scope': None, 'description': '', 'tags': [], 'created_at': '2025-12-02T15:03:22Z', 'updated_at': '2025-12-02T15:03:22Z', 'revision_number': 1} available for tenant
2025-12-02 15:04:10.193 66112 INFO tempest.lib.common.rest_client [req-68ee00c2-ff84-46be-9c94-114bd5a4f451 req-68ee00c2-ff84-46be-9c94-114bd5a4f451 ] Request (QuotasAdminTestV236:test_get_updated_quotas): 200 GET http://10.180.1.21/compute/v2.1/os-quota-sets/9ee78123eb254d4eb0c3ac647020e37c?user_id=6c9d37f42d0f460391d8742daa882529 6.896s
2025-12-02 15:04:10.207 66132 INFO tempest.lib.common.rest_client [req-7f5fed38-012a-435d-91e0-fcf755cc9b8f req-7f5fed38-012a-435d-91e0-fcf755cc9b8f ] Request (HostsAdminNegativeTestJSON:test_reboot_nonexistent_host): 404 GET http://10.180.1.21/compute/v2.1/os-hosts/nonexistent_hostname/reboot 6.435s
2025-12-02 15:04:10.279 66162 INFO tempest.lib.common.rest_client [req-7a53c983-5dc9-4ffc-968f-fb00dd69cf45 req-7a53c983-5dc9-4ffc-968f-fb00dd69cf45 ] Request (ImagesNegativeTestJSON:setUpClass): 201 POST http://10.180.1.21/networking/v2.0/networks 1.589s
2025-12-02 15:04:10.319 66112 INFO tempest.lib.common.rest_client [req-39ef54a4-9b3c-4eec-b65a-2c945b510dea req-39ef54a4-9b3c-4eec-b65a-2c945b510dea ] Request (QuotasAdminTestV236:_run_cleanups): 204 DELETE http://10.180.1.21/identity/v3/users/6c9d37f42d0f460391d8742daa882529 0.123s
2025-12-02 15:04:10.345 66146 INFO tempest.lib.common.rest_client [req-c41c54f5-6c05-4011-8b72-404a23791baf req-c41c54f5-6c05-4011-8b72-404a23791baf ] Request (FlavorsExtraSpecsNegativeTestJSON:tearDownClass): 200 GET http://10.180.1.21/networking/v2.0/security-groups?tenant_id=088871b3d8d34ba684eef88a1010bbc3&name=default 1.503s
2025-12-02 15:04:10.408 66164 INFO tempest.lib.common.rest_client [req-6f05b50d-90e2-4ad3-896d-9c91ccc7b63c req-6f05b50d-90e2-4ad3-896d-9c91ccc7b63c ] Request (FloatingIPDetailsNegativeTestJSON:tearDownClass): 200 GET http://10.180.1.21/networking/v2.0/security-groups?tenant_id=6c9258a31f064b46a5b9bd72d1995d0b&name=default 0.819s
2025-12-02 15:04:10.465 66112 INFO tempest.lib.common.rest_client [req-84c006ce-830d-4dc7-9917-166f468df17b req-84c006ce-830d-4dc7-9917-166f468df17b ] Request (QuotasAdminTestV236:_run_cleanups): 204 DELETE http://10.180.1.21/identity/v3/projects/9ee78123eb254d4eb0c3ac647020e37c 0.146s
2025-12-02 15:04:10.643 66128 INFO tempest.lib.common.rest_client [req-8dcc6e80-0181-4594-bbfd-21a6a9cecccd req-8dcc6e80-0181-4594-bbfd-21a6a9cecccd ] Request (QuotasAdminTestJSON:test_delete_quota): 200 GET http://10.180.1.21/identity/v3/domains?name=Default 0.103s
2025-12-02 15:04:10.675 66136 INFO tempest.lib.common.rest_client [req-7c294dca-4d1d-4c80-9540-0053c8a5689b req-7c294dca-4d1d-4c80-9540-0053c8a5689b ] Request (VolumesAdminNegativeTest:setUpClass): 201 POST http://10.180.1.21/networking/v2.0/networks 0.991s
2025-12-02 15:04:10.684 66112 INFO tempest.lib.common.rest_client [req-a7ebd803-d77b-4f24-aad4-e0abb08543e2 req-a7ebd803-d77b-4f24-aad4-e0abb08543e2 ] Request (QuotasAdminTestV236:tearDownClass): 204 DELETE http://10.180.1.21/identity/v3/users/29918812c14b485eae9ddc3bf056aa96 0.210s
2025-12-02 15:04:10.720 66128 INFO tempest.lib.common.rest_client [req-a20f5260-e179-4b19-a722-39c772f7c5ac req-a20f5260-e179-4b19-a722-39c772f7c5ac ] Request (QuotasAdminTestJSON:test_delete_quota): 201 POST http://10.180.1.21/identity/v3/projects 0.076s
2025-12-02 15:04:10.820 66128 INFO tempest.lib.common.rest_client [req-701baa5c-6f24-40dd-985a-2ca3bfa4d772 req-701baa5c-6f24-40dd-985a-2ca3bfa4d772 ] Request (QuotasAdminTestJSON:test_delete_quota): 200 GET http://10.180.1.21/identity/v3/domains?name=Default 0.100s
2025-12-02 15:04:10.870 66112 INFO tempest.lib.common.rest_client [req-4ca1ee04-8b4c-496a-953c-562669da8972 req-4ca1ee04-8b4c-496a-953c-562669da8972 ] Request (QuotasAdminTestV236:tearDownClass): 204 DELETE http://10.180.1.21/identity/v3/users/895db8c8a6564c948324e9bc56bb16d2 0.185s
2025-12-02 15:04:10.870 66112 INFO tempest.lib.common.dynamic_creds [-] Deleting project and security group for project: 95d19d78144245e28575e8929dba480b
2025-12-02 15:04:10.948 66112 INFO tempest.lib.common.rest_client [req-642fd112-30a9-4865-87b5-e41aa723add7 req-642fd112-30a9-4865-87b5-e41aa723add7 ] Request (QuotasAdminTestV236:tearDownClass): 201 POST http://10.180.1.21/identity/v3/auth/tokens 0.077s
2025-12-02 15:04:11.136 66148 INFO tempest.lib.common.rest_client [req-c1b81f05-5309-41c5-8862-62e5736124c3 req-c1b81f05-5309-41c5-8862-62e5736124c3 ] Request (ServersTestBootFromVolume:setUpClass): 200 GET http://10.180.1.21/volume/v3/volumes/496b7d36-de41-4ad8-9b1a-54eec0e56f65 0.033s
2025-12-02 15:04:11.278 66150 INFO tempest.lib.common.rest_client [req-41754703-a9b6-45af-aa90-5fe4151e7fab req-41754703-a9b6-45af-aa90-5fe4151e7fab ] Request (InstanceActionsNegativeTestJSON:setUpClass): 200 PUT http://10.180.1.21/networking/v2.0/routers/0e9c4d60-d1de-45b1-8070-35d2e2c24400/add_router_interface 1.891s
2025-12-02 15:04:11.279 66150 INFO tempest.lib.common.dynamic_creds [-] Created isolated network resources for: credentials: Credentials: {'domain_id': 'default', 'domain_name': 'Default', 'username': 'tempest-InstanceActionsNegativeTestJSON-826058681-project-member', 'project_domain_id': 'default', 'project_domain_name': 'Default', 'project_id': '11bb7189e28c4f79b07a169bd93953a5', 'project_name': 'tempest-InstanceActionsNegativeTestJSON-826058681', 'tenant_id': '11bb7189e28c4f79b07a169bd93953a5', 'tenant_name': 'tempest-InstanceActionsNegativeTestJSON-826058681', 'user_domain_id': 'default', 'user_domain_name': 'Default', 'user_id': '6321bb39af7542ceafeeba277c4756df', 'system': None}, Network: {'id': '28153b07-5049-4bb3-a6db-7138b1a0dd0c', 'name': 'tempest-InstanceActionsNegativeTestJSON-1332413488-network', 'tenant_id': '11bb7189e28c4f79b07a169bd93953a5', 'project_id': '11bb7189e28c4f79b07a169bd93953a5', 'admin_state_up': True, 'mtu': 8950, 'status': 'ACTIVE', 'subnets': [], 'shared': False, 'port_security_enabled': True, 'router:external': False, 'provider:network_type': 'vlan', 'provider:physical_network': 'default', 'provider:segmentation_id': 31, 'availability_zone_hints': [], 'availability_zones': [], 'ipv4_address_scope': None, 'ipv6_address_scope': None, 'description': '', 'tags': [], 'created_at': '2025-12-02T15:04:06Z', 'updated_at': '2025-12-02T15:04:06Z', 'revision_number': 1}, Subnet: {'id': 'a857561f-f681-48d6-8f28-0b768f5f1b20', 'name': 'tempest-InstanceActionsNegativeTestJSON-1332413488-subnet', 'tenant_id': '11bb7189e28c4f79b07a169bd93953a5', 'network_id': '28153b07-5049-4bb3-a6db-7138b1a0dd0c', 'ip_version': 4, 'subnetpool_id': None, 'enable_dhcp': True, 'ipv6_ra_mode': None, 'ipv6_address_mode': None, 'gateway_ip': '192.168.128.1', 'cidr': '192.168.128.0/28', 'allocation_pools': [{'start': '192.168.128.2', 'end': '192.168.128.14'}], 'host_routes': [], 'dns_nameservers': [], 'description': '', 'router:external': False, 'service_types': [], 'tags': [], 'created_at': '2025-12-02T15:04:08Z', 'updated_at': '2025-12-02T15:04:08Z', 'revision_number': 0, 'project_id': '11bb7189e28c4f79b07a169bd93953a5'}, Router: {'id': '0e9c4d60-d1de-45b1-8070-35d2e2c24400', 'name': 'tempest-InstanceActionsNegativeTestJSON-1332413488-router', 'tenant_id': '11bb7189e28c4f79b07a169bd93953a5', 'admin_state_up': True, 'status': 'ACTIVE', 'external_gateway_info': {'network_id': 'c84c5ec4-1474-475e-b71c-c948e965b09e', 'external_fixed_ips': [{'subnet_id': 'dc125165-dfd3-40f8-9d1d-7ef01ca09f6e', 'ip_address': '10.180.180.143'}], 'enable_snat': True}, 'description': '', 'availability_zones': [], 'distributed': False, 'ha': False, 'availability_zone_hints': [], 'routes': [], 'flavor_id': None, 'tags': [], 'created_at': '2025-12-02T15:04:08Z', 'updated_at': '2025-12-02T15:04:09Z', 'revision_number': 2, 'project_id': '11bb7189e28c4f79b07a169bd93953a5'}
2025-12-02 15:04:11.307 66122 INFO tempest.lib.common.rest_client [req-2b15dd7a-6c46-44f1-a4af-98b3885702ef req-2b15dd7a-6c46-44f1-a4af-98b3885702ef ] Request (ServersAdmin275Test:_run_cleanups): 200 GET http://10.180.1.21/compute/v2.1/servers/b6f76a1f-a74b-466d-bb37-bcd94fb35745 7.504s
2025-12-02 15:04:11.319 66122 INFO tempest.common.waiters [-] State transition "REBUILD/rebuilding" ==> "REBUILD/rebuild_spawning" after 9 second wait
2025-12-02 15:04:11.373 66150 INFO tempest.lib.common.rest_client [req-d4e74035-1b67-4c05-acd6-64645d990b4f req-d4e74035-1b67-4c05-acd6-64645d990b4f ] Request (InstanceActionsNegativeTestJSON:setUpClass): 201 POST http://10.180.1.21/identity/v3/auth/tokens 0.089s
2025-12-02 15:04:11.414 66150 INFO tempest.lib.common.rest_client [req-47a3d9fc-b52c-47d3-9990-ec691335b83f req-47a3d9fc-b52c-47d3-9990-ec691335b83f ] Request (InstanceActionsNegativeTestJSON:setUpClass): 201 POST http://10.180.1.21/identity/v3/auth/tokens 0.036s
2025-12-02 15:04:11.415 66150 INFO tempest.lib.common.fixed_network [-] (InstanceActionsNegativeTestJSON:setUpClass) Found network {'id': '28153b07-5049-4bb3-a6db-7138b1a0dd0c', 'name': 'tempest-InstanceActionsNegativeTestJSON-1332413488-network', 'tenant_id': '11bb7189e28c4f79b07a169bd93953a5', 'project_id': '11bb7189e28c4f79b07a169bd93953a5', 'admin_state_up': True, 'mtu': 8950, 'status': 'ACTIVE', 'subnets': [], 'shared': False, 'port_security_enabled': True, 'router:external': False, 'provider:network_type': 'vlan', 'provider:physical_network': 'default', 'provider:segmentation_id': 31, 'availability_zone_hints': [], 'availability_zones': [], 'ipv4_address_scope': None, 'ipv6_address_scope': None, 'description': '', 'tags': [], 'created_at': '2025-12-02T15:04:06Z', 'updated_at': '2025-12-02T15:04:06Z', 'revision_number': 1} available for tenant
2025-12-02 15:04:11.471 66162 INFO tempest.lib.common.rest_client [req-05228778-0fdd-4b8e-b6a1-d798d3f95c48 req-05228778-0fdd-4b8e-b6a1-d798d3f95c48 ] Request (ImagesNegativeTestJSON:setUpClass): 201 POST http://10.180.1.21/networking/v2.0/subnets 1.191s
2025-12-02 15:04:11.575 66146 INFO tempest.lib.common.rest_client [req-884abcf9-8737-4cc0-888c-eb36f9affd56 req-884abcf9-8737-4cc0-888c-eb36f9affd56 ] Request (FlavorsExtraSpecsNegativeTestJSON:tearDownClass): 204 DELETE http://10.180.1.21/networking/v2.0/security-groups/3e538ba2-5e40-472f-aca0-809fb9d0ea00 1.229s
2025-12-02 15:04:11.636 66160 INFO tempest.lib.common.rest_client [req-d941b432-9637-4cdd-83e8-ac2723a4c81d req-d941b432-9637-4cdd-83e8-ac2723a4c81d ] Request (MigrationsAdminTest:test_list_migrations_in_flavor_resize_situation): 200 GET http://10.180.1.21/compute/v2.1/servers/43074d72-5623-4616-998d-ebbe1592b712 8.489s
2025-12-02 15:04:11.691 66146 INFO tempest.lib.common.rest_client [req-e23a6c7d-89ce-4c38-908b-74e8db0b9728 req-e23a6c7d-89ce-4c38-908b-74e8db0b9728 ] Request (FlavorsExtraSpecsNegativeTestJSON:tearDownClass): 204 DELETE http://10.180.1.21/identity/v3/projects/088871b3d8d34ba684eef88a1010bbc3 0.116s
2025-12-02 15:04:11.692 66146 INFO tempest.lib.common.dynamic_creds [-] Deleting project and security group for project: 1a142b6f820844f5aad8a915a782459c
2025-12-02 15:04:11.773 66164 INFO tempest.lib.common.rest_client [req-01435d80-d286-4b24-89e1-65757b9fc78c req-01435d80-d286-4b24-89e1-65757b9fc78c ] Request (FloatingIPDetailsNegativeTestJSON:tearDownClass): 204 DELETE http://10.180.1.21/networking/v2.0/security-groups/a330efc0-fddf-4717-842d-a5c1a0b6a61f 1.364s
2025-12-02 15:04:11.888 66164 INFO tempest.lib.common.rest_client [req-7ce23f88-00cd-44ed-b8f3-3711865f204f req-7ce23f88-00cd-44ed-b8f3-3711865f204f ] Request (FloatingIPDetailsNegativeTestJSON:tearDownClass): 204 DELETE http://10.180.1.21/identity/v3/projects/6c9258a31f064b46a5b9bd72d1995d0b 0.114s
2025-12-02 15:04:11.954 66136 INFO tempest.lib.common.rest_client [req-a03348d2-7230-41f4-b37f-b6beabb7c8d7 req-a03348d2-7230-41f4-b37f-b6beabb7c8d7 ] Request (VolumesAdminNegativeTest:setUpClass): 201 POST http://10.180.1.21/networking/v2.0/subnets 1.279s
2025-12-02 15:04:12.164 66112 INFO tempest.lib.common.rest_client [req-bd5a2dce-d5a6-4ff3-889a-afae9c2f6ff9 req-bd5a2dce-d5a6-4ff3-889a-afae9c2f6ff9 ] Request (QuotasAdminTestV236:tearDownClass): 200 GET http://10.180.1.21/networking/v2.0/security-groups?tenant_id=95d19d78144245e28575e8929dba480b&name=default 1.215s
2025-12-02 15:04:12.172 66148 INFO tempest.lib.common.rest_client [req-860959a6-7bd1-4051-adb8-9bb4fa27330b req-860959a6-7bd1-4051-adb8-9bb4fa27330b ] Request (ServersTestBootFromVolume:setUpClass): 200 GET http://10.180.1.21/volume/v3/volumes/496b7d36-de41-4ad8-9b1a-54eec0e56f65 0.027s
2025-12-02 15:04:12.292 66168 INFO tempest.lib.common.rest_client [req-5500fc48-7724-4bd8-a62a-65ed76fc3516 req-5500fc48-7724-4bd8-a62a-65ed76fc3516 ] Request (ServersAaction247Test:test_create_backup): 200 GET http://10.180.1.21/compute/v2.1/servers/17fe56a2-a12d-4840-9674-892a192b12cd 8.407s
2025-12-02 15:04:12.302 66168 INFO tempest.common.waiters [-] State transition "BUILD/None" ==> "BUILD/spawning" after 25 second wait
2025-12-02 15:04:12.348 66158 INFO tempest.lib.common.rest_client [req-8bd84e4d-4be1-4f5f-bc1d-3df8b5f30b75 req-8bd84e4d-4be1-4f5f-bc1d-3df8b5f30b75 ] Request (ServerAddressesTestJSON:setUpClass): 200 GET http://10.180.1.21/compute/v2.1/servers/2f724be8-1663-459d-b00f-77a651d9fa32 8.429s
2025-12-02 15:04:12.495 66146 INFO tempest.lib.common.rest_client [req-76e7acc6-46a9-4d1c-95e0-eb21629e4a16 req-76e7acc6-46a9-4d1c-95e0-eb21629e4a16 ] Request (FlavorsExtraSpecsNegativeTestJSON:tearDownClass): 200 GET http://10.180.1.21/networking/v2.0/security-groups?tenant_id=1a142b6f820844f5aad8a915a782459c&name=default 0.803s
2025-12-02 15:04:12.997 66162 INFO tempest.lib.common.rest_client [req-96af7876-32d7-4eef-8350-a3694e33bde0 req-96af7876-32d7-4eef-8350-a3694e33bde0 ] Request (ImagesNegativeTestJSON:setUpClass): 201 POST http://10.180.1.21/networking/v2.0/routers 1.525s
2025-12-02 15:04:13.143 66112 INFO tempest.lib.common.rest_client [req-02681786-ef3e-4787-a901-717b19733f82 req-02681786-ef3e-4787-a901-717b19733f82 ] Request (QuotasAdminTestV236:tearDownClass): 204 DELETE http://10.180.1.21/networking/v2.0/security-groups/e8b2ffa2-074c-424e-a288-3e904d76e622 0.979s
2025-12-02 15:04:13.211 66134 INFO tempest.lib.common.rest_client [req-53d8b326-db01-42bc-af55-aaf46c818a2f req-53d8b326-db01-42bc-af55-aaf46c818a2f ] Request (ServerDiagnosticsV248Test:tearDownClass): 200 GET http://10.180.1.21/compute/v2.1/servers/aa3d42b3-a7e0-4a0f-ba9b-b8104f980c52 9.161s
2025-12-02 15:04:13.224 66112 INFO tempest.lib.common.rest_client [req-fcd72e76-3cf8-4420-9fb8-d2cc496c40f6 req-fcd72e76-3cf8-4420-9fb8-d2cc496c40f6 ] Request (QuotasAdminTestV236:tearDownClass): 204 DELETE http://10.180.1.21/identity/v3/projects/95d19d78144245e28575e8929dba480b 0.080s
2025-12-02 15:04:13.224 66112 INFO tempest.lib.common.dynamic_creds [-] Deleting project and security group for project: 269cc9d6a1d64fcc987ec439a0f59195
2025-12-02 15:04:13.229 66134 INFO tempest.common.waiters [-] State transition "ACTIVE/deleting" ==> "DELETED/None" after 10 second wait
2025-12-02 15:04:13.230 66148 INFO tempest.lib.common.rest_client [req-681207f1-5823-432c-8c69-ecfbf819f3f1 req-681207f1-5823-432c-8c69-ecfbf819f3f1 ] Request (ServersTestBootFromVolume:setUpClass): 200 GET http://10.180.1.21/volume/v3/volumes/496b7d36-de41-4ad8-9b1a-54eec0e56f65 0.047s
2025-12-02 15:04:13.264 66136 INFO tempest.lib.common.rest_client [req-e18754ca-255e-4b75-9098-2f98c8cd095e req-e18754ca-255e-4b75-9098-2f98c8cd095e ] Request (VolumesAdminNegativeTest:setUpClass): 201 POST http://10.180.1.21/networking/v2.0/routers 1.308s
2025-12-02 15:04:13.344 66146 INFO tempest.lib.common.rest_client [req-27624ac5-9373-434d-8d4a-efb43bc54359 req-27624ac5-9373-434d-8d4a-efb43bc54359 ] Request (FlavorsExtraSpecsNegativeTestJSON:tearDownClass): 204 DELETE http://10.180.1.21/networking/v2.0/security-groups/0a54bdc9-c78b-476e-8631-4b3a5eb80a04 0.847s
2025-12-02 15:04:13.465 66146 INFO tempest.lib.common.rest_client [req-94d94c87-b512-4064-88e5-bddadc5e3041 req-94d94c87-b512-4064-88e5-bddadc5e3041 ] Request (FlavorsExtraSpecsNegativeTestJSON:tearDownClass): 204 DELETE http://10.180.1.21/identity/v3/projects/1a142b6f820844f5aad8a915a782459c 0.120s
2025-12-02 15:04:13.501 66112 INFO tempest.lib.common.rest_client [req-793520dd-65a5-4688-b3c4-936492001c29 req-793520dd-65a5-4688-b3c4-936492001c29 ] Request (QuotasAdminTestV236:tearDownClass): 200 GET http://10.180.1.21/networking/v2.0/security-groups?tenant_id=269cc9d6a1d64fcc987ec439a0f59195&name=default 0.277s
2025-12-02 15:04:13.557 66146 INFO tempest.lib.common.rest_client [req-1bf204c6-6451-45b7-a5e4-06d6f9406544 req-1bf204c6-6451-45b7-a5e4-06d6f9406544 ] Request (FlavorsV261TestJSON:setUpClass): 201 POST http://10.180.1.21/identity/v3/auth/tokens 0.090s
2025-12-02 15:04:13.599 66146 INFO tempest.lib.common.rest_client [req-e9fbe604-4900-4e0c-8f5b-9e37d1f1620c req-e9fbe604-4900-4e0c-8f5b-9e37d1f1620c ] Request (FlavorsV261TestJSON:setUpClass): 201 POST http://10.180.1.21/identity/v3/auth/tokens 0.037s
2025-12-02 15:04:13.641 66146 INFO tempest.lib.common.rest_client [req-08efb54e-4fa8-4348-8e8c-6ce250d2e3dd req-08efb54e-4fa8-4348-8e8c-6ce250d2e3dd ] Request (FlavorsV261TestJSON:setUpClass): 200 GET http://10.180.1.21/identity/v3/domains?name=Default 0.041s
2025-12-02 15:04:13.680 66146 INFO tempest.lib.common.rest_client [req-03aeb0f5-112e-4b12-8a97-6be918f43b92 req-03aeb0f5-112e-4b12-8a97-6be918f43b92 ] Request (FlavorsV261TestJSON:setUpClass): 201 POST http://10.180.1.21/identity/v3/projects 0.038s
2025-12-02 15:04:13.765 66146 INFO tempest.lib.common.rest_client [req-f19f543e-619e-4e59-b101-43a5622adaab req-f19f543e-619e-4e59-b101-43a5622adaab ] Request (FlavorsV261TestJSON:setUpClass): 201 POST http://10.180.1.21/identity/v3/users 0.084s
2025-12-02 15:04:13.790 66146 INFO tempest.lib.common.rest_client [req-44852272-91be-4784-814a-647d71fb8a7f req-44852272-91be-4784-814a-647d71fb8a7f ] Request (FlavorsV261TestJSON:setUpClass): 200 GET http://10.180.1.21/identity/v3/roles 0.024s
2025-12-02 15:04:13.826 66146 INFO tempest.lib.common.rest_client [req-f48441a5-7fb9-4ceb-abce-06a97ebb0cc3 req-f48441a5-7fb9-4ceb-abce-06a97ebb0cc3 ] Request (FlavorsV261TestJSON:setUpClass): 204 PUT http://10.180.1.21/identity/v3/projects/6b4763ec969040c2b1a2daa4ea79adcd/users/e30220eab4e1459daa805455531e3a62/roles/794219207442444e9c94aa72c2b22b32 0.035s
2025-12-02 15:04:13.827 66146 INFO tempest.lib.common.dynamic_creds [-] Dynamic test user e30220eab4e1459daa805455531e3a62 is created with scope project and roles: ['member']
2025-12-02 15:04:13.827 66146 INFO tempest.lib.common.dynamic_creds [-] Acquired dynamic creds: credentials: Credentials: {'domain_id': 'default', 'domain_name': 'Default', 'username': 'tempest-FlavorsV261TestJSON-128704377-project-member', 'project_domain_id': 'default', 'project_domain_name': 'Default', 'project_id': '6b4763ec969040c2b1a2daa4ea79adcd', 'project_name': 'tempest-FlavorsV261TestJSON-128704377', 'tenant_id': '6b4763ec969040c2b1a2daa4ea79adcd', 'tenant_name': 'tempest-FlavorsV261TestJSON-128704377', 'user_domain_id': 'default', 'user_domain_name': 'Default', 'user_id': 'e30220eab4e1459daa805455531e3a62', 'system': None}, Network: None, Subnet: None, Router: None
2025-12-02 15:04:13.827 66146 INFO tempest.lib.common.dynamic_creds [-] Created isolated network resources for: credentials: Credentials: {'domain_id': 'default', 'domain_name': 'Default', 'username': 'tempest-FlavorsV261TestJSON-128704377-project-member', 'project_domain_id': 'default', 'project_domain_name': 'Default', 'project_id': '6b4763ec969040c2b1a2daa4ea79adcd', 'project_name': 'tempest-FlavorsV261TestJSON-128704377', 'tenant_id': '6b4763ec969040c2b1a2daa4ea79adcd', 'tenant_name': 'tempest-FlavorsV261TestJSON-128704377', 'user_domain_id': 'default', 'user_domain_name': 'Default', 'user_id': 'e30220eab4e1459daa805455531e3a62', 'system': None}, Network: None, Subnet: None, Router: None
2025-12-02 15:04:13.934 66146 INFO tempest.lib.common.rest_client [req-9efed44d-21b4-445e-b9c2-6f53cecea0f2 req-9efed44d-21b4-445e-b9c2-6f53cecea0f2 ] Request (FlavorsV261TestJSON:setUpClass): 201 POST http://10.180.1.21/identity/v3/auth/tokens 0.104s
2025-12-02 15:04:14.018 66146 INFO tempest.lib.common.rest_client [req-267f85d6-8d27-4cda-82ef-41d0e7125038 req-267f85d6-8d27-4cda-82ef-41d0e7125038 ] Request (FlavorsV261TestJSON:setUpClass): 201 POST http://10.180.1.21/identity/v3/projects 0.083s
2025-12-02 15:04:14.105 66146 INFO tempest.lib.common.rest_client [req-0eaa8c6f-acf7-494f-80e1-4aa5f124475f req-0eaa8c6f-acf7-494f-80e1-4aa5f124475f ] Request (FlavorsV261TestJSON:setUpClass): 201 POST http://10.180.1.21/identity/v3/users 0.086s
2025-12-02 15:04:14.137 66146 INFO tempest.lib.common.rest_client [req-695a5e59-a3a1-42ef-b78b-de4a7b5dea1a req-695a5e59-a3a1-42ef-b78b-de4a7b5dea1a ] Request (FlavorsV261TestJSON:setUpClass): 200 GET http://10.180.1.21/identity/v3/roles 0.032s
2025-12-02 15:04:14.171 66146 INFO tempest.lib.common.rest_client [req-569b0b3a-c5db-4a57-ad59-35bcc0a37eca req-569b0b3a-c5db-4a57-ad59-35bcc0a37eca ] Request (FlavorsV261TestJSON:setUpClass): 204 PUT http://10.180.1.21/identity/v3/projects/48326234cfc9468f889d77392c4da573/users/7db912a74c23434182acb0ec0f74c64f/roles/13e863d1d1234ffab9e855c608be04f8 0.033s
2025-12-02 15:04:14.250 66162 INFO tempest.lib.common.rest_client [req-135ca1a8-cc4a-418c-84d7-90f97772ff4e req-135ca1a8-cc4a-418c-84d7-90f97772ff4e ] Request (ImagesNegativeTestJSON:setUpClass): 200 PUT http://10.180.1.21/networking/v2.0/routers/a29dc602-7ca6-48bb-a4f6-b31bfe8781fa/add_router_interface 1.252s
