2025-12-02 15:06:44.483 66120 INFO tempest.lib.common.rest_client [req-3f62ae3d-a37a-40d1-8ea7-b5e5aa5e26f2 req-3f62ae3d-a37a-40d1-8ea7-b5e5aa5e26f2 ] Request (SecurityGroupsTestJSON:test_list_security_groups_by_server): 200 GET http://10.180.1.21/compute/v2.1/servers/bb5262c7-3340-4814-8a92-39eb10451ec9 0.392s
2025-12-02 15:06:44.570 66140 INFO tempest.lib.common.rest_client [req-ca4e12a9-cd0a-4d89-b0b5-87f91dddd804 req-ca4e12a9-cd0a-4d89-b0b5-87f91dddd804 ] Request (DeleteServersTestJSON:test_delete_server_while_in_shelved_state): 200 GET http://10.180.1.21/compute/v2.1/servers/13a51846-07ab-417f-af34-29cf19fc84ae 0.425s
2025-12-02 15:06:45.050 66134 INFO tempest.lib.common.rest_client [req-6d034fd6-449d-4178-b143-78e53007027a req-6d034fd6-449d-4178-b143-78e53007027a ] Request (ServersTestJSON:tearDownClass): 200 PUT http://10.180.1.21/networking/v2.0/routers/e81a5960-d903-403d-95e7-baa7bf3bff65/remove_router_interface 0.811s
2025-12-02 15:06:45.059 66160 INFO tempest.lib.common.rest_client [req-02338028-aeb0-499a-bd59-9e30aec374e5 req-02338028-aeb0-499a-bd59-9e30aec374e5 ] Request (MigrationsAdminTest:test_resize_server_revert_deleted_flavor): 200 GET http://10.180.1.21/compute/v2.1/servers/ec9bedcd-81b9-460d-bead-1064f73bf39e 0.937s
2025-12-02 15:06:45.078 66154 INFO tempest.lib.common.rest_client [req-16d42b36-4cc6-479d-a9a6-5fcfe464ca57 req-16d42b36-4cc6-479d-a9a6-5fcfe464ca57 ] Request (ListServerFiltersTestJSON:tearDownClass): 200 GET http://10.180.1.21/compute/v2.1/servers/6fe5899b-aaea-4f43-b3b8-c87a16d1ba95 0.891s
2025-12-02 15:06:45.170 66150 INFO tempest.lib.common.rest_client [req-45e0f452-1b16-4944-b3b7-26f4532d8519 req-45e0f452-1b16-4944-b3b7-26f4532d8519 ] Request (AttachVolumeNegativeTest:test_attach_attached_volume_to_different_server): 200 GET http://10.180.1.21/compute/v2.1/servers/9b22006c-aaa3-4ee6-b9d5-f61ee26d7088 0.908s
2025-12-02 15:06:45.188 66116 INFO tempest.lib.common.rest_client [req-cb921347-4770-4c90-8d2f-7f220654a356 req-cb921347-4770-4c90-8d2f-7f220654a356 ] Request (MultipleCreateTestJSON:test_multiple_create_with_reservation_return): 200 GET http://10.180.1.21/compute/v2.1/servers/a472a0f0-a076-40af-84d3-b49e4c47e393 0.825s
2025-12-02 15:06:45.311 66122 INFO tempest.lib.common.rest_client [req-af8ff4fb-f807-420b-92b1-d80e7d05cc8c req-af8ff4fb-f807-420b-92b1-d80e7d05cc8c ] Request (ServerShowV257Test:tearDownClass): 200 GET http://10.180.1.21/compute/v2.1/servers/c0f78f97-a7e7-4665-a8c1-9867abc63a59 0.657s
2025-12-02 15:06:45.340 66156 INFO tempest.lib.common.rest_client [req-a2cd9453-c3d0-471f-b95a-b8aacf95a9aa req-a2cd9453-c3d0-471f-b95a-b8aacf95a9aa ] Request (ServerDiskConfigTestJSON:test_rebuild_server_with_manual_disk_config): 200 GET http://10.180.1.21/compute/v2.1/servers/7a6d84ab-95ea-46bc-8791-06bbb2819034 0.853s
2025-12-02 15:06:45.379 66114 INFO tempest.lib.common.rest_client [req-8ce756c3-d747-4e40-acb0-c91aeb94736f req-8ce756c3-d747-4e40-acb0-c91aeb94736f ] Request (ServerActionsV293TestJSON:setUpClass): 200 GET http://10.180.1.21/compute/v2.1/servers/8660b206-1e61-4d70-a955-5e3378e4419f 0.643s
2025-12-02 15:06:45.411 66144 INFO tempest.lib.common.rest_client [req-195f6778-f17f-4e87-b4e2-4aff2f0c18f9 req-195f6778-f17f-4e87-b4e2-4aff2f0c18f9 ] Request (ServersAdminTestJSON:tearDownClass): 200 GET http://10.180.1.21/compute/v2.1/servers/df063b88-cb08-4fe1-ad0b-5ad8cba6ea89 0.616s
2025-12-02 15:06:45.439 66162 INFO tempest.lib.common.rest_client [req-85c16c76-cdef-4e61-b41e-220f9368a29f req-85c16c76-cdef-4e61-b41e-220f9368a29f ] Request (ServerAddressesNegativeTestJSON:setUpClass): 200 GET http://10.180.1.21/compute/v2.1/servers/d33fa20e-470f-46c0-882d-e6f9456caf22 0.643s
2025-12-02 15:06:45.468 66108 INFO tempest.lib.common.rest_client [req-b3fd0289-a70b-45f2-b6eb-83c3fc4dde3e req-b3fd0289-a70b-45f2-b6eb-83c3fc4dde3e ] Request (ImagesTestJSON:test_create_server_from_snapshot): 200 GET http://10.180.1.21/compute/v2.1/servers/7522c65a-615b-4c5a-b338-ac56bc8fab5a 0.605s
2025-12-02 15:06:45.495 66134 INFO tempest.lib.common.rest_client [req-05d39ca9-e92a-4a54-b1eb-b5a56b09cbcc req-05d39ca9-e92a-4a54-b1eb-b5a56b09cbcc ] Request (ServersTestJSON:tearDownClass): 204 DELETE http://10.180.1.21/networking/v2.0/routers/e81a5960-d903-403d-95e7-baa7bf3bff65 0.445s
2025-12-02 15:06:45.516 66118 INFO tempest.lib.common.rest_client [req-d6b7be6b-cbd5-4e87-bb23-da684c34ccf8 req-d6b7be6b-cbd5-4e87-bb23-da684c34ccf8 ] Request (ServersListShow298Test:tearDownClass): 200 GET http://10.180.1.21/compute/v2.1/servers/52d84788-73f1-4816-a6ae-0d2bb2de6daf 0.580s
2025-12-02 15:06:45.526 66132 INFO tempest.lib.common.rest_client [req-48f33818-bead-412b-9e0b-7ac5a0ca2195 req-48f33818-bead-412b-9e0b-7ac5a0ca2195 ] Request (ImagesOneServerNegativeTestJSON:_run_cleanups): 200 GET http://10.180.1.21/compute/v2.1/servers/957f375f-c94f-4a6e-91dc-916505dc7ca1 0.582s
2025-12-02 15:06:45.657 66134 INFO tempest.lib.common.rest_client [req-dc76bf69-7f63-458e-933e-bd2ab768851f req-dc76bf69-7f63-458e-933e-bd2ab768851f ] Request (ServersTestJSON:tearDownClass): 204 DELETE http://10.180.1.21/networking/v2.0/subnets/0c739312-d72e-49c2-ad6e-521290aed4ed 0.161s
2025-12-02 15:06:45.702 66124 INFO tempest.lib.common.rest_client [req-aa407942-b56e-4d44-9db5-faf76c9edd3d req-aa407942-b56e-4d44-9db5-faf76c9edd3d ] Request (ServerRescueTestJSONUnderV235:setUpClass): 200 GET http://10.180.1.21/compute/v2.1/servers/a3ad6cff-5032-42c2-82bd-3fb8d13c5c8f 0.659s
2025-12-02 15:06:45.728 66128 INFO tempest.lib.common.rest_client [req-ce0dabcb-b359-4ff2-ad2c-346956f087db req-ce0dabcb-b359-4ff2-ad2c-346956f087db ] Request (ListImageFiltersTestJSON:setUpClass): 200 GET http://10.180.1.21/compute/v2.1/servers/de299e65-6cd7-4538-b695-f6a84a01fd5f 0.636s
2025-12-02 15:06:45.737 66128 INFO tempest.common.waiters [-] State transition "ACTIVE/image_uploading" ==> "ACTIVE/None" after 3 second wait
2025-12-02 15:06:45.927 66110 INFO tempest.lib.common.rest_client [req-e0ec7400-5d30-4381-9ca8-35169f0bd1e5 req-e0ec7400-5d30-4381-9ca8-35169f0bd1e5 ] Request (ServerActionsTestJSON:test_lock_unlock_server): 200 GET http://10.180.1.21/compute/v2.1/servers/b5e3f2b6-8f27-48e9-bb47-d8d3d697f9ed 0.684s
2025-12-02 15:06:45.957 66146 INFO tempest.lib.common.rest_client [req-321f58e6-0763-4f71-ad46-ad3163f2ddd9 req-321f58e6-0763-4f71-ad46-ad3163f2ddd9 ] Request (ServersV294TestFqdnHostnames:setUpClass): 200 GET http://10.180.1.21/compute/v2.1/servers/7f25e51f-c763-4e4b-9edb-728e742c1062 0.686s
2025-12-02 15:06:45.987 66134 INFO tempest.lib.common.rest_client [req-41110a74-65bc-4d25-bbae-a31e89cf8ba3 req-41110a74-65bc-4d25-bbae-a31e89cf8ba3 ] Request (ServersTestJSON:tearDownClass): 204 DELETE http://10.180.1.21/networking/v2.0/networks/ed485229-6668-4166-be0b-55baf307069c 0.330s
2025-12-02 15:06:45.990 66168 INFO tempest.lib.common.rest_client [req-c6b65fc9-cd81-48de-8a74-20ccd987a549 req-c6b65fc9-cd81-48de-8a74-20ccd987a549 ] Request (ServerGroupTestJSON:_run_cleanups): 200 GET http://10.180.1.21/compute/v2.1/servers/18b672a8-a6a9-4001-9b68-a0ed0bffcbbd 0.634s
2025-12-02 15:06:46.011 66167 INFO tempest.lib.common.rest_client [req-2b89c33f-e880-4bd1-9738-8496b3fe64e7 req-2b89c33f-e880-4bd1-9738-8496b3fe64e7 ] Request (ServerActionsTestOtherA:test_rebuild_server_in_stop_state): 200 GET http://10.180.1.21/compute/v2.1/servers/82fdf126-dc35-42dc-b0c9-6e0d97e281b3 0.644s
2025-12-02 15:06:46.042 66126 INFO tempest.lib.common.rest_client [req-60206e82-bfea-48b3-be0c-2135e191383f req-60206e82-bfea-48b3-be0c-2135e191383f ] Request (AttachInterfacesTestJSON:test_create_list_show_delete_interfaces_by_network_port): 200 GET http://10.180.1.21/compute/v2.1/servers/bf8455b8-23de-4de0-997a-37fcb0461df5 0.615s
2025-12-02 15:06:46.062 66130 INFO tempest.lib.common.rest_client [req-dcf7aa92-87c6-4e7c-8c27-f40739136a92 req-dcf7aa92-87c6-4e7c-8c27-f40739136a92 ] Request (ServersAdminNegativeTestJSON:test_migrate_server_invalid_state): 200 GET http://10.180.1.21/compute/v2.1/servers/008ad1df-b0a5-44ac-becf-89334f17ae81 0.616s
2025-12-02 15:06:46.091 66120 INFO tempest.lib.common.rest_client [req-2cf4f841-d1ef-4e62-a78d-b45c04a01174 req-2cf4f841-d1ef-4e62-a78d-b45c04a01174 ] Request (SecurityGroupsTestJSON:test_list_security_groups_by_server): 200 GET http://10.180.1.21/compute/v2.1/servers/bb5262c7-3340-4814-8a92-39eb10451ec9 0.598s
2025-12-02 15:06:46.108 66140 INFO tempest.lib.common.rest_client [req-78432ac0-5a5e-426f-88a4-3e482f8e4a96 req-78432ac0-5a5e-426f-88a4-3e482f8e4a96 ] Request (DeleteServersTestJSON:test_delete_server_while_in_shelved_state): 200 GET http://10.180.1.21/compute/v2.1/servers/13a51846-07ab-417f-af34-29cf19fc84ae 0.523s
2025-12-02 15:06:46.122 66134 INFO tempest.lib.common.rest_client [req-fe70773d-74ca-4e83-95a5-deb0d8c01bcb req-fe70773d-74ca-4e83-95a5-deb0d8c01bcb ] Request (ServersTestJSON:tearDownClass): 204 DELETE http://10.180.1.21/identity/v3/users/98b1a62d7bde45c7ac5ecd1cd3c55bb7 0.134s
2025-12-02 15:06:46.122 66134 INFO tempest.lib.common.dynamic_creds [-] Deleting project and security group for project: a4115d4525d1439ea079a998025ae488
2025-12-02 15:06:46.154 66134 INFO tempest.lib.common.rest_client [req-dbcec169-89be-493f-9351-462104fa9bb0 req-dbcec169-89be-493f-9351-462104fa9bb0 ] Request (ServersTestJSON:tearDownClass): 200 GET http://10.180.1.21/networking/v2.0/security-groups?tenant_id=a4115d4525d1439ea079a998025ae488&name=default 0.032s
2025-12-02 15:06:46.208 66160 INFO tempest.lib.common.rest_client [req-744cdfcb-ad59-440d-a372-ec2375f65e1c req-744cdfcb-ad59-440d-a372-ec2375f65e1c ] Request (MigrationsAdminTest:test_resize_server_revert_deleted_flavor): 200 GET http://10.180.1.21/compute/v2.1/servers/ec9bedcd-81b9-460d-bead-1064f73bf39e 0.139s
2025-12-02 15:06:46.273 66134 INFO tempest.lib.common.rest_client [req-857266e2-473c-421a-8ba9-50b536e3dcca req-857266e2-473c-421a-8ba9-50b536e3dcca ] Request (ServersTestJSON:tearDownClass): 204 DELETE http://10.180.1.21/networking/v2.0/security-groups/d998e00c-b2da-4934-b119-eaa6daef1c31 0.117s
2025-12-02 15:06:46.285 66154 INFO tempest.lib.common.rest_client [req-7236db02-1045-47a8-9936-fc2d11b50523 req-7236db02-1045-47a8-9936-fc2d11b50523 ] Request (ListServerFiltersTestJSON:tearDownClass): 200 GET http://10.180.1.21/compute/v2.1/servers/6fe5899b-aaea-4f43-b3b8-c87a16d1ba95 0.190s
2025-12-02 15:06:46.348 66150 INFO tempest.lib.common.rest_client [req-2cb73165-ae86-4396-abf6-7a7cfa5949a9 req-2cb73165-ae86-4396-abf6-7a7cfa5949a9 ] Request (AttachVolumeNegativeTest:test_attach_attached_volume_to_different_server): 200 GET http://10.180.1.21/compute/v2.1/servers/9b22006c-aaa3-4ee6-b9d5-f61ee26d7088 0.168s
2025-12-02 15:06:46.384 66134 INFO tempest.lib.common.rest_client [req-b0296965-e1c2-4df9-926b-22d6ffd57a71 req-b0296965-e1c2-4df9-926b-22d6ffd57a71 ] Request (ServersTestJSON:tearDownClass): 204 DELETE http://10.180.1.21/identity/v3/projects/a4115d4525d1439ea079a998025ae488 0.111s
2025-12-02 15:06:46.400 66116 INFO tempest.lib.common.rest_client [req-94dfb052-87fe-4ccb-b36d-11113486d2a1 req-94dfb052-87fe-4ccb-b36d-11113486d2a1 ] Request (MultipleCreateTestJSON:test_multiple_create_with_reservation_return): 200 GET http://10.180.1.21/compute/v2.1/servers/a472a0f0-a076-40af-84d3-b49e4c47e393 0.201s
2025-12-02 15:06:46.445 66134 INFO tempest.lib.common.rest_client [req-17bfca41-13d1-40fa-98d1-3b94d7958352 req-17bfca41-13d1-40fa-98d1-3b94d7958352 ] Request (ServersListShow296Test:setUpClass): 201 POST http://10.180.1.21/identity/v3/auth/tokens 0.059s
2025-12-02 15:06:46.461 66122 INFO tempest.lib.common.rest_client [req-194440bd-4652-40d8-9548-d95fb1b103f5 req-194440bd-4652-40d8-9548-d95fb1b103f5 ] Request (ServerShowV257Test:tearDownClass): 200 GET http://10.180.1.21/compute/v2.1/servers/c0f78f97-a7e7-4665-a8c1-9867abc63a59 0.140s
2025-12-02 15:06:46.487 66134 INFO tempest.lib.common.rest_client [req-74e36d21-b5ca-4f57-9acc-d266db82b104 req-74e36d21-b5ca-4f57-9acc-d266db82b104 ] Request (ServersListShow296Test:setUpClass): 201 POST http://10.180.1.21/identity/v3/auth/tokens 0.039s
2025-12-02 15:06:46.514 66134 INFO tempest.lib.common.rest_client [req-04b8e43e-842b-4864-b788-7aba72290b6d req-04b8e43e-842b-4864-b788-7aba72290b6d ] Request (ServersListShow296Test:setUpClass): 200 GET http://10.180.1.21/identity/v3/domains?name=Default 0.026s
2025-12-02 15:06:46.543 66134 INFO tempest.lib.common.rest_client [req-2631da39-8d6a-46a7-a203-14ce4dca1bdd req-2631da39-8d6a-46a7-a203-14ce4dca1bdd ] Request (ServersListShow296Test:setUpClass): 201 POST http://10.180.1.21/identity/v3/projects 0.028s
2025-12-02 15:06:46.624 66134 INFO tempest.lib.common.rest_client [req-b66ec548-9bc3-457d-aef1-f1c8d717cf3a req-b66ec548-9bc3-457d-aef1-f1c8d717cf3a ] Request (ServersListShow296Test:setUpClass): 201 POST http://10.180.1.21/identity/v3/users 0.081s
2025-12-02 15:06:46.626 66156 INFO tempest.lib.common.rest_client [req-80e95e1c-fb0d-49a8-afce-e4eb24c32429 req-80e95e1c-fb0d-49a8-afce-e4eb24c32429 ] Request (ServerDiskConfigTestJSON:test_rebuild_server_with_manual_disk_config): 200 GET http://10.180.1.21/compute/v2.1/servers/7a6d84ab-95ea-46bc-8791-06bbb2819034 0.277s
2025-12-02 15:06:46.634 66128 INFO tempest.lib.common.rest_client [req-8f8c9234-a5dc-491a-a399-488c97672744 req-8f8c9234-a5dc-491a-a399-488c97672744 ] Request (ListImageFiltersTestJSON:setUpClass): 202 POST http://10.180.1.21/compute/v2.1/servers/2f1c2425-2844-4556-a871-d26d28199f63/action 0.896s
2025-12-02 15:06:46.654 66134 INFO tempest.lib.common.rest_client [req-8eef6a02-79e8-4be7-bc8c-efa4d98ad13a req-8eef6a02-79e8-4be7-bc8c-efa4d98ad13a ] Request (ServersListShow296Test:setUpClass): 200 GET http://10.180.1.21/identity/v3/roles 0.029s
2025-12-02 15:06:46.696 66134 INFO tempest.lib.common.rest_client [req-96f4fa56-8810-400d-9097-b495b6c47f5d req-96f4fa56-8810-400d-9097-b495b6c47f5d ] Request (ServersListShow296Test:setUpClass): 204 PUT http://10.180.1.21/identity/v3/projects/277f549f4c9f456292423b2f7ceef0ae/users/e1bd7b0a2a204e29876ae635723744d1/roles/794219207442444e9c94aa72c2b22b32 0.042s
2025-12-02 15:06:46.697 66134 INFO tempest.lib.common.dynamic_creds [-] Dynamic test user e1bd7b0a2a204e29876ae635723744d1 is created with scope project and roles: ['member']
2025-12-02 15:06:46.697 66134 INFO tempest.lib.common.dynamic_creds [-] Acquired dynamic creds: credentials: Credentials: {'domain_id': 'default', 'domain_name': 'Default', 'username': 'tempest-ServersListShow296Test-1589091899-project-member', 'project_domain_id': 'default', 'project_domain_name': 'Default', 'project_id': '277f549f4c9f456292423b2f7ceef0ae', 'project_name': 'tempest-ServersListShow296Test-1589091899', 'tenant_id': '277f549f4c9f456292423b2f7ceef0ae', 'tenant_name': 'tempest-ServersListShow296Test-1589091899', 'user_domain_id': 'default', 'user_domain_name': 'Default', 'user_id': 'e1bd7b0a2a204e29876ae635723744d1', 'system': None}, Network: None, Subnet: None, Router: None
2025-12-02 15:06:46.697 66134 INFO tempest.lib.common.dynamic_creds [-] Created isolated network resources for: credentials: Credentials: {'domain_id': 'default', 'domain_name': 'Default', 'username': 'tempest-ServersListShow296Test-1589091899-project-member', 'project_domain_id': 'default', 'project_domain_name': 'Default', 'project_id': '277f549f4c9f456292423b2f7ceef0ae', 'project_name': 'tempest-ServersListShow296Test-1589091899', 'tenant_id': '277f549f4c9f456292423b2f7ceef0ae', 'tenant_name': 'tempest-ServersListShow296Test-1589091899', 'user_domain_id': 'default', 'user_domain_name': 'Default', 'user_id': 'e1bd7b0a2a204e29876ae635723744d1', 'system': None}, Network: None, Subnet: None, Router: None
2025-12-02 15:06:46.720 66114 INFO tempest.lib.common.rest_client [req-3113dadc-2cc7-47e3-8a9c-02cc1b39ad61 req-3113dadc-2cc7-47e3-8a9c-02cc1b39ad61 ] Request (ServerActionsV293TestJSON:setUpClass): 200 GET http://10.180.1.21/compute/v2.1/servers/8660b206-1e61-4d70-a955-5e3378e4419f 0.330s
2025-12-02 15:06:46.729 66144 INFO tempest.lib.common.rest_client [req-6732ac67-5c0e-4859-beb8-c00b960da51b req-6732ac67-5c0e-4859-beb8-c00b960da51b ] Request (ServersAdminTestJSON:tearDownClass): 200 GET http://10.180.1.21/compute/v2.1/servers/df063b88-cb08-4fe1-ad0b-5ad8cba6ea89 0.309s
2025-12-02 15:06:46.797 66134 INFO tempest.lib.common.rest_client [req-9420e1e4-e9a8-472e-9d8a-bda931b02791 req-9420e1e4-e9a8-472e-9d8a-bda931b02791 ] Request (ServersListShow296Test:setUpClass): 201 POST http://10.180.1.21/identity/v3/auth/tokens 0.096s
2025-12-02 15:06:46.799 66162 INFO tempest.lib.common.rest_client [req-f7b98c1d-ec4f-4d77-bcc1-5f070aa7cd47 req-f7b98c1d-ec4f-4d77-bcc1-5f070aa7cd47 ] Request (ServerAddressesNegativeTestJSON:setUpClass): 200 GET http://10.180.1.21/compute/v2.1/servers/d33fa20e-470f-46c0-882d-e6f9456caf22 0.348s
2025-12-02 15:06:46.806 66162 INFO tempest.common.waiters [-] State transition "BUILD/None" ==> "BUILD/networking" after 56 second wait
2025-12-02 15:06:46.814 66108 INFO tempest.lib.common.rest_client [req-d9735476-498c-46b4-a63e-5d37568fad21 req-d9735476-498c-46b4-a63e-5d37568fad21 ] Request (ImagesTestJSON:test_create_server_from_snapshot): 200 GET http://10.180.1.21/compute/v2.1/servers/7522c65a-615b-4c5a-b338-ac56bc8fab5a 0.335s
2025-12-02 15:06:46.837 66134 INFO tempest.lib.common.rest_client [req-2bb3a726-e8c5-4140-87d7-2bcd3bb81f85 req-2bb3a726-e8c5-4140-87d7-2bcd3bb81f85 ] Request (ServersListShow296Test:test_list_show_update_rebuild_server_296): 201 POST http://10.180.1.21/identity/v3/auth/tokens 0.036s
2025-12-02 15:06:46.838 66134 INFO tempest.lib.common.fixed_network [-] (ServersListShow296Test:test_list_show_update_rebuild_server_296) Found network None available for tenant
2025-12-02 15:06:46.875 66132 INFO tempest.lib.common.rest_client [req-fabd232e-03af-459a-8897-2362be0bc1ab req-fabd232e-03af-459a-8897-2362be0bc1ab ] Request (ImagesOneServerNegativeTestJSON:_run_cleanups): 200 GET http://10.180.1.21/compute/v2.1/servers/957f375f-c94f-4a6e-91dc-916505dc7ca1 0.340s
2025-12-02 15:06:46.899 66118 INFO tempest.lib.common.rest_client [req-5d3e06fd-878c-4fbb-9554-723c5e83769b req-5d3e06fd-878c-4fbb-9554-723c5e83769b ] Request (ServersListShow298Test:tearDownClass): 200 GET http://10.180.1.21/compute/v2.1/servers/52d84788-73f1-4816-a6ae-0d2bb2de6daf 0.369s
2025-12-02 15:06:46.919 66128 INFO tempest.lib.common.rest_client [req-41dd78ee-19e4-4c66-a4cb-66944bab4416 req-41dd78ee-19e4-4c66-a4cb-66944bab4416 ] Request (ListImageFiltersTestJSON:setUpClass): 200 GET http://10.180.1.21/compute/v2.1/images/c94adc72-4141-4224-ba0e-d5ca9a0efce0 0.283s
2025-12-02 15:06:47.017 66124 INFO tempest.lib.common.rest_client [req-9b338502-a5e5-4cca-addc-721e2f64730c req-9b338502-a5e5-4cca-addc-721e2f64730c ] Request (ServerRescueTestJSONUnderV235:setUpClass): 200 GET http://10.180.1.21/compute/v2.1/servers/a3ad6cff-5032-42c2-82bd-3fb8d13c5c8f 0.305s
2025-12-02 15:06:47.163 66134 INFO tempest.lib.common.rest_client [req-927558ef-3a02-4605-a44b-5f8a28bd4c23 req-927558ef-3a02-4605-a44b-5f8a28bd4c23 ] Request (ServersListShow296Test:test_list_show_update_rebuild_server_296): 202 POST http://10.180.1.21/compute/v2.1/servers 0.323s
2025-12-02 15:06:47.172 66110 INFO tempest.lib.common.rest_client [req-b87cfe0e-f12b-4b2e-99b6-7ed90c8d5e36 req-b87cfe0e-f12b-4b2e-99b6-7ed90c8d5e36 ] Request (ServerActionsTestJSON:test_lock_unlock_server): 200 GET http://10.180.1.21/compute/v2.1/servers/b5e3f2b6-8f27-48e9-bb47-d8d3d697f9ed 0.236s
2025-12-02 15:06:47.186 66110 INFO tempest.common.waiters [-] State transition "ACTIVE/powering-off" ==> "SHUTOFF/None" after 3 second wait
2025-12-02 15:06:47.310 66168 INFO tempest.lib.common.rest_client [req-a3faba97-8cb7-4820-ae91-5bf154afd2f0 req-a3faba97-8cb7-4820-ae91-5bf154afd2f0 ] Request (ServerGroupTestJSON:_run_cleanups): 200 GET http://10.180.1.21/compute/v2.1/servers/18b672a8-a6a9-4001-9b68-a0ed0bffcbbd 0.313s
2025-12-02 15:06:47.345 66146 INFO tempest.lib.common.rest_client [req-7114a8c1-4401-432d-a16c-26862868abd7 req-7114a8c1-4401-432d-a16c-26862868abd7 ] Request (ServersV294TestFqdnHostnames:setUpClass): 200 GET http://10.180.1.21/compute/v2.1/servers/7f25e51f-c763-4e4b-9edb-728e742c1062 0.375s
2025-12-02 15:06:47.355 66146 INFO tempest.common.waiters [-] State transition "BUILD/spawning" ==> "ACTIVE/None" after 80 second wait
2025-12-02 15:06:47.367 66167 INFO tempest.lib.common.rest_client [req-8248faee-45bf-492f-ada2-ce1be9b89da5 req-8248faee-45bf-492f-ada2-ce1be9b89da5 ] Request (ServerActionsTestOtherA:test_rebuild_server_in_stop_state): 200 GET http://10.180.1.21/compute/v2.1/servers/82fdf126-dc35-42dc-b0c9-6e0d97e281b3 0.345s
2025-12-02 15:06:47.396 66126 INFO tempest.lib.common.rest_client [req-84a7999d-faac-4d1d-9d70-65acd99f32b9 req-84a7999d-faac-4d1d-9d70-65acd99f32b9 ] Request (AttachInterfacesTestJSON:test_create_list_show_delete_interfaces_by_network_port): 200 GET http://10.180.1.21/compute/v2.1/servers/bf8455b8-23de-4de0-997a-37fcb0461df5 0.346s
2025-12-02 15:06:47.424 66130 INFO tempest.lib.common.rest_client [req-7530b8d6-b9d3-4872-9d5d-9018bd0b199e req-7530b8d6-b9d3-4872-9d5d-9018bd0b199e ] Request (ServersAdminNegativeTestJSON:test_migrate_server_invalid_state): 200 GET http://10.180.1.21/compute/v2.1/servers/008ad1df-b0a5-44ac-becf-89334f17ae81 0.352s
2025-12-02 15:06:47.445 66120 INFO tempest.lib.common.rest_client [req-d56f5b18-6f71-4dff-b466-aee63e17e5dc req-d56f5b18-6f71-4dff-b466-aee63e17e5dc ] Request (SecurityGroupsTestJSON:test_list_security_groups_by_server): 200 GET http://10.180.1.21/compute/v2.1/servers/bb5262c7-3340-4814-8a92-39eb10451ec9 0.345s
2025-12-02 15:06:47.472 66140 INFO tempest.lib.common.rest_client [req-4a5680f7-1a83-43ae-9a4d-186a576d56dc req-4a5680f7-1a83-43ae-9a4d-186a576d56dc ] Request (DeleteServersTestJSON:test_delete_server_while_in_shelved_state): 200 GET http://10.180.1.21/compute/v2.1/servers/13a51846-07ab-417f-af34-29cf19fc84ae 0.355s
2025-12-02 15:06:47.494 66134 INFO tempest.lib.common.rest_client [req-7a5597f9-c340-49e0-8769-eb81b67d5d9f req-7a5597f9-c340-49e0-8769-eb81b67d5d9f ] Request (ServersListShow296Test:test_list_show_update_rebuild_server_296): 200 GET http://10.180.1.21/compute/v2.1/servers/05e55859-3f56-47c0-bd7b-868a44fbc587 0.325s
2025-12-02 15:06:47.528 66110 INFO tempest.lib.common.rest_client [req-5be9e2d5-9d2e-402d-b64a-856ab0b68778 req-5be9e2d5-9d2e-402d-b64a-856ab0b68778 ] Request (ServerActionsTestJSON:test_lock_unlock_server): 202 POST http://10.180.1.21/compute/v2.1/servers/b5e3f2b6-8f27-48e9-bb47-d8d3d697f9ed/action 0.340s
2025-12-02 15:06:47.597 66160 INFO tempest.lib.common.rest_client [req-2610a83f-91fa-40d9-a6a6-3d67435b2a87 req-2610a83f-91fa-40d9-a6a6-3d67435b2a87 ] Request (MigrationsAdminTest:test_resize_server_revert_deleted_flavor): 200 GET http://10.180.1.21/compute/v2.1/servers/ec9bedcd-81b9-460d-bead-1064f73bf39e 0.379s
2025-12-02 15:06:47.711 66146 INFO tempest.lib.common.rest_client [req-c881d565-a20c-460f-a700-2237963d9f8b req-c881d565-a20c-460f-a700-2237963d9f8b ] Request (ServersV294TestFqdnHostnames:setUpClass): 200 GET http://10.180.1.21/compute/v2.1/servers/7f25e51f-c763-4e4b-9edb-728e742c1062/os-interface 0.355s
2025-12-02 15:06:48.274 66138 WARNING tempest.lib.common.ssh [-] Failed to establish authenticated ssh connection to cirros@10.180.180.216 ([Errno None] Unable to connect to port 22 on 10.180.180.216). Number attempts: 14. Retry after 15 seconds.: paramiko.ssh_exception.NoValidConnectionsError: [Errno None] Unable to connect to port 22 on 10.180.180.216
2025-12-02 15:06:48.321 66146 INFO tempest.lib.common.rest_client [req-c0788e06-28ec-48c5-95c8-dca0dc1290df req-c0788e06-28ec-48c5-95c8-dca0dc1290df ] Request (ServersV294TestFqdnHostnames:setUpClass): 200 PUT http://10.180.1.21/networking/v2.0/floatingips/311f7a3a-efb9-48af-9a31-189dfc606a66 0.607s
2025-12-02 15:06:48.347 66150 INFO tempest.lib.common.rest_client [req-b16eccf2-8268-4ada-8e18-2b913d69e1ec req-b16eccf2-8268-4ada-8e18-2b913d69e1ec ] Request (AttachVolumeNegativeTest:test_attach_attached_volume_to_different_server): 200 GET http://10.180.1.21/compute/v2.1/servers/9b22006c-aaa3-4ee6-b9d5-f61ee26d7088 0.991s
2025-12-02 15:06:48.365 66154 INFO tempest.lib.common.rest_client [req-526ac7f8-a298-4f5c-9a97-b399c88322fa req-526ac7f8-a298-4f5c-9a97-b399c88322fa ] Request (ListServerFiltersTestJSON:tearDownClass): 200 GET http://10.180.1.21/compute/v2.1/servers/6fe5899b-aaea-4f43-b3b8-c87a16d1ba95 1.069s
2025-12-02 15:06:48.407 66116 INFO tempest.lib.common.rest_client [req-af58cfd6-39dc-4768-a882-1b16fd4d37e2 req-af58cfd6-39dc-4768-a882-1b16fd4d37e2 ] Request (MultipleCreateTestJSON:test_multiple_create_with_reservation_return): 200 GET http://10.180.1.21/compute/v2.1/servers/a472a0f0-a076-40af-84d3-b49e4c47e393 0.990s
2025-12-02 15:06:48.436 66122 INFO tempest.lib.common.rest_client [req-343efd7b-306a-467a-a85b-de6c181616dc req-343efd7b-306a-467a-a85b-de6c181616dc ] Request (ServerShowV257Test:tearDownClass): 200 GET http://10.180.1.21/compute/v2.1/servers/c0f78f97-a7e7-4665-a8c1-9867abc63a59 0.965s
2025-12-02 15:06:48.447 66122 INFO tempest.common.waiters [-] State transition "ACTIVE/deleting" ==> "DELETED/None" after 5 second wait
2025-12-02 15:06:48.559 66110 INFO tempest.lib.common.rest_client [req-b97d9c9a-30c1-473a-ac7a-65bac7de345f req-b97d9c9a-30c1-473a-ac7a-65bac7de345f ] Request (ServerActionsTestJSON:test_lock_unlock_server): 200 GET http://10.180.1.21/compute/v2.1/servers/b5e3f2b6-8f27-48e9-bb47-d8d3d697f9ed 1.030s
2025-12-02 15:06:48.586 66156 INFO tempest.lib.common.rest_client [req-1047944f-3e70-473b-8f98-0cdc4910f985 req-1047944f-3e70-473b-8f98-0cdc4910f985 ] Request (ServerDiskConfigTestJSON:test_rebuild_server_with_manual_disk_config): 200 GET http://10.180.1.21/compute/v2.1/servers/7a6d84ab-95ea-46bc-8791-06bbb2819034 0.947s
2025-12-02 15:06:48.628 66114 INFO tempest.lib.common.rest_client [req-1709e8c4-49a6-4542-a7a7-1d541f508237 req-1709e8c4-49a6-4542-a7a7-1d541f508237 ] Request (ServerActionsV293TestJSON:setUpClass): 200 GET http://10.180.1.21/compute/v2.1/servers/8660b206-1e61-4d70-a955-5e3378e4419f 0.896s
2025-12-02 15:06:48.657 66144 INFO tempest.lib.common.rest_client [req-54528cc6-ebe4-4853-8b46-04d6bf10de3b req-54528cc6-ebe4-4853-8b46-04d6bf10de3b ] Request (ServersAdminTestJSON:tearDownClass): 200 GET http://10.180.1.21/compute/v2.1/servers/df063b88-cb08-4fe1-ad0b-5ad8cba6ea89 0.916s
2025-12-02 15:06:48.782 66108 INFO tempest.lib.common.rest_client [req-3eebccd2-43aa-44ba-8aa0-bcd453545a8f req-3eebccd2-43aa-44ba-8aa0-bcd453545a8f ] Request (ImagesTestJSON:test_create_server_from_snapshot): 200 GET http://10.180.1.21/compute/v2.1/servers/7522c65a-615b-4c5a-b338-ac56bc8fab5a 0.960s
2025-12-02 15:06:48.822 66162 INFO tempest.lib.common.rest_client [req-8de3e70d-08e9-4c6c-acd9-9f1c58bd0f4f req-8de3e70d-08e9-4c6c-acd9-9f1c58bd0f4f ] Request (ServerAddressesNegativeTestJSON:setUpClass): 200 GET http://10.180.1.21/compute/v2.1/servers/d33fa20e-470f-46c0-882d-e6f9456caf22 1.014s
2025-12-02 15:06:48.831 66162 INFO tempest.common.waiters [-] State transition "BUILD/networking" ==> "BUILD/spawning" after 58 second wait
2025-12-02 15:06:48.866 66132 INFO tempest.lib.common.rest_client [req-ad7d5bfe-bbc5-43d4-be20-cf15764e1fe6 req-ad7d5bfe-bbc5-43d4-be20-cf15764e1fe6 ] Request (ImagesOneServerNegativeTestJSON:_run_cleanups): 200 GET http://10.180.1.21/compute/v2.1/servers/957f375f-c94f-4a6e-91dc-916505dc7ca1 0.979s
2025-12-02 15:06:48.907 66128 INFO tempest.lib.common.rest_client [req-ffd5bcb2-1742-4e3f-90bc-4bd079c3ee5f req-ffd5bcb2-1742-4e3f-90bc-4bd079c3ee5f ] Request (ListImageFiltersTestJSON:setUpClass): 200 GET http://10.180.1.21/compute/v2.1/images/c94adc72-4141-4224-ba0e-d5ca9a0efce0 0.982s
2025-12-02 15:06:48.920 66118 INFO tempest.lib.common.rest_client [req-6b2b957e-73d5-4004-9355-337fe6c3aafd req-6b2b957e-73d5-4004-9355-337fe6c3aafd ] Request (ServersListShow298Test:tearDownClass): 200 GET http://10.180.1.21/compute/v2.1/servers/52d84788-73f1-4816-a6ae-0d2bb2de6daf 1.010s
2025-12-02 15:06:49.027 66124 INFO tempest.lib.common.rest_client [req-96fa49e9-68f4-44d5-97f4-f8a0015ea180 req-96fa49e9-68f4-44d5-97f4-f8a0015ea180 ] Request (ServerRescueTestJSONUnderV235:setUpClass): 200 GET http://10.180.1.21/compute/v2.1/servers/a3ad6cff-5032-42c2-82bd-3fb8d13c5c8f 0.998s
2025-12-02 15:06:49.030 66146 INFO tempest.lib.common.rest_client [req-7f06b568-adb3-40b0-889d-423f4f30ce79 req-7f06b568-adb3-40b0-889d-423f4f30ce79 ] Request (ServersV294TestFqdnHostnames:setUpClass): 200 GET http://10.180.1.21/compute/v2.1/servers/7f25e51f-c763-4e4b-9edb-728e742c1062 0.708s
2025-12-02 15:06:49.034 66124 INFO tempest.common.waiters [-] State transition "ACTIVE/rescuing" ==> "RESCUE/None" after 9 second wait
2025-12-02 15:06:49.044 66146 INFO tempest.api.compute.base [-] Attempting to verify tagged devices in server 7f25e51f-c763-4e4b-9edb-728e742c1062 via the metadata service: http://169.254.169.254/openstack/latest/meta_data.json
2025-12-02 15:06:49.044 66146 INFO tempest.lib.common.ssh [-] Creating ssh connection to '10.180.180.206:22' as 'cirros' with public key authentication
2025-12-02 15:06:49.089 66168 INFO tempest.lib.common.rest_client [req-78f5f6fe-dfc1-4e3a-af51-31d97d82d6e5 req-78f5f6fe-dfc1-4e3a-af51-31d97d82d6e5 ] Request (ServerGroupTestJSON:_run_cleanups): 200 GET http://10.180.1.21/compute/v2.1/servers/18b672a8-a6a9-4001-9b68-a0ed0bffcbbd 0.763s
2025-12-02 15:06:49.104 66167 INFO tempest.lib.common.rest_client [req-916f2b64-99e8-463f-be57-c1c749097e6f req-916f2b64-99e8-463f-be57-c1c749097e6f ] Request (ServerActionsTestOtherA:test_rebuild_server_in_stop_state): 200 GET http://10.180.1.21/compute/v2.1/servers/82fdf126-dc35-42dc-b0c9-6e0d97e281b3 0.730s
2025-12-02 15:06:49.143 66126 INFO tempest.lib.common.rest_client [req-dc408a27-3765-4ef7-8c6f-dea29553acdd req-dc408a27-3765-4ef7-8c6f-dea29553acdd ] Request (AttachInterfacesTestJSON:test_create_list_show_delete_interfaces_by_network_port): 200 GET http://10.180.1.21/compute/v2.1/servers/bf8455b8-23de-4de0-997a-37fcb0461df5 0.739s
2025-12-02 15:06:49.160 66130 INFO tempest.lib.common.rest_client [req-358efe02-b267-4f75-97ee-3b6dab29e9a4 req-358efe02-b267-4f75-97ee-3b6dab29e9a4 ] Request (ServersAdminNegativeTestJSON:test_migrate_server_invalid_state): 200 GET http://10.180.1.21/compute/v2.1/servers/008ad1df-b0a5-44ac-becf-89334f17ae81 0.727s
2025-12-02 15:06:49.197 66120 INFO tempest.lib.common.rest_client [req-d618120c-0448-4528-bfeb-a120edb47008 req-d618120c-0448-4528-bfeb-a120edb47008 ] Request (SecurityGroupsTestJSON:test_list_security_groups_by_server): 200 GET http://10.180.1.21/compute/v2.1/servers/bb5262c7-3340-4814-8a92-39eb10451ec9 0.744s
2025-12-02 15:06:49.206 66120 INFO tempest.common.waiters [-] State transition "BUILD/scheduling" ==> "BUILD/None" after 22 second wait
2025-12-02 15:06:49.224 66140 INFO tempest.lib.common.rest_client [req-0f39bb6a-53ac-45f6-baa1-776bea270c26 req-0f39bb6a-53ac-45f6-baa1-776bea270c26 ] Request (DeleteServersTestJSON:test_delete_server_while_in_shelved_state): 200 GET http://10.180.1.21/compute/v2.1/servers/13a51846-07ab-417f-af34-29cf19fc84ae 0.742s
2025-12-02 15:06:49.268 66134 INFO tempest.lib.common.rest_client [req-04086753-463d-4a77-9c88-c2ca0e0b91d5 req-04086753-463d-4a77-9c88-c2ca0e0b91d5 ] Request (ServersListShow296Test:test_list_show_update_rebuild_server_296): 200 GET http://10.180.1.21/compute/v2.1/servers/05e55859-3f56-47c0-bd7b-868a44fbc587 0.763s
2025-12-02 15:06:49.391 66160 INFO tempest.lib.common.rest_client [req-94c373ec-6360-46ff-90c9-7b3ace8c21e2 req-94c373ec-6360-46ff-90c9-7b3ace8c21e2 ] Request (MigrationsAdminTest:test_resize_server_revert_deleted_flavor): 200 GET http://10.180.1.21/compute/v2.1/servers/ec9bedcd-81b9-460d-bead-1064f73bf39e 0.785s
2025-12-02 15:06:49.422 66124 INFO tempest.lib.common.rest_client [req-55e6da11-5483-4278-84f7-e2540f4bb853 req-55e6da11-5483-4278-84f7-e2540f4bb853 ] Request (ServerRescueTestJSONUnderV235:test_rescued_vm_add_remove_security_group): 200 POST http://10.180.1.21/compute/v2.1/os-security-groups 0.388s
2025-12-02 15:06:49.450 66150 INFO tempest.lib.common.rest_client [req-365d2806-1290-4e1f-beb8-9ef17e587c45 req-365d2806-1290-4e1f-beb8-9ef17e587c45 ] Request (AttachVolumeNegativeTest:test_attach_attached_volume_to_different_server): 200 GET http://10.180.1.21/compute/v2.1/servers/9b22006c-aaa3-4ee6-b9d5-f61ee26d7088 0.090s
2025-12-02 15:06:49.487 66154 INFO tempest.lib.common.rest_client [req-23359d0c-8e11-406a-b38f-43e3de1ba990 req-23359d0c-8e11-406a-b38f-43e3de1ba990 ] Request (ListServerFiltersTestJSON:tearDownClass): 200 GET http://10.180.1.21/compute/v2.1/servers/6fe5899b-aaea-4f43-b3b8-c87a16d1ba95 0.113s
2025-12-02 15:06:49.507 66116 INFO tempest.lib.common.rest_client [req-02f3f1e8-f78b-440a-b775-2b7a2bcae4a9 req-02f3f1e8-f78b-440a-b775-2b7a2bcae4a9 ] Request (MultipleCreateTestJSON:test_multiple_create_with_reservation_return): 200 GET http://10.180.1.21/compute/v2.1/servers/a472a0f0-a076-40af-84d3-b49e4c47e393 0.090s
2025-12-02 15:06:49.578 66122 INFO tempest.lib.common.rest_client [req-45182e27-204b-4e3d-833e-a0cac33861ad req-45182e27-204b-4e3d-833e-a0cac33861ad ] Request (ServerShowV257Test:tearDownClass): 200 GET http://10.180.1.21/compute/v2.1/servers/c0f78f97-a7e7-4665-a8c1-9867abc63a59 0.130s
2025-12-02 15:06:49.838 66110 INFO tempest.lib.common.rest_client [req-80463f5b-5b71-4422-86c0-5f8155ecf8f4 req-80463f5b-5b71-4422-86c0-5f8155ecf8f4 ] Request (ServerActionsTestJSON:test_lock_unlock_server): 200 GET http://10.180.1.21/compute/v2.1/servers/b5e3f2b6-8f27-48e9-bb47-d8d3d697f9ed 0.265s
2025-12-02 15:06:49.960 66124 INFO tempest.lib.common.rest_client [req-86ecc8df-8d54-4e86-87e6-fac523c1a33c req-86ecc8df-8d54-4e86-87e6-fac523c1a33c ] Request (ServerRescueTestJSONUnderV235:test_rescued_vm_add_remove_security_group): 202 POST http://10.180.1.21/compute/v2.1/servers/a3ad6cff-5032-42c2-82bd-3fb8d13c5c8f/action 0.534s
2025-12-02 15:06:50.040 66156 INFO tempest.lib.common.rest_client [req-c77d577d-c1c7-45a4-ac43-2137595a3381 req-c77d577d-c1c7-45a4-ac43-2137595a3381 ] Request (ServerDiskConfigTestJSON:test_rebuild_server_with_manual_disk_config): 200 GET http://10.180.1.21/compute/v2.1/servers/7a6d84ab-95ea-46bc-8791-06bbb2819034 0.445s
2025-12-02 15:06:50.049 66156 INFO tempest.common.waiters [-] State transition "BUILD/spawning" ==> "ACTIVE/None" after 61 second wait
2025-12-02 15:06:50.065 66114 INFO tempest.lib.common.rest_client [req-a3ac3cbd-1a77-4f36-b45f-c0c72e2c4f0d req-a3ac3cbd-1a77-4f36-b45f-c0c72e2c4f0d ] Request (ServerActionsV293TestJSON:setUpClass): 200 GET http://10.180.1.21/compute/v2.1/servers/8660b206-1e61-4d70-a955-5e3378e4419f 0.423s
2025-12-02 15:06:50.127 66144 INFO tempest.lib.common.rest_client [req-a79beffe-23ce-4ca1-8c60-29e80dce9188 req-a79beffe-23ce-4ca1-8c60-29e80dce9188 ] Request (ServersAdminTestJSON:tearDownClass): 200 GET http://10.180.1.21/compute/v2.1/servers/df063b88-cb08-4fe1-ad0b-5ad8cba6ea89 0.460s
2025-12-02 15:06:50.146 66108 INFO tempest.lib.common.rest_client [req-10a279f9-8306-4797-aa85-332b557a4ba2 req-10a279f9-8306-4797-aa85-332b557a4ba2 ] Request (ImagesTestJSON:test_create_server_from_snapshot): 200 GET http://10.180.1.21/compute/v2.1/servers/7522c65a-615b-4c5a-b338-ac56bc8fab5a 0.355s
2025-12-02 15:06:50.219 66132 INFO tempest.lib.common.rest_client [req-44e72209-2f76-4a4c-a161-3a959db145c7 req-44e72209-2f76-4a4c-a161-3a959db145c7 ] Request (ImagesOneServerNegativeTestJSON:_run_cleanups): 200 GET http://10.180.1.21/compute/v2.1/servers/957f375f-c94f-4a6e-91dc-916505dc7ca1 0.342s
2025-12-02 15:06:50.230 66162 INFO tempest.lib.common.rest_client [req-5db57067-935e-4570-84aa-02166df86c46 req-5db57067-935e-4570-84aa-02166df86c46 ] Request (ServerAddressesNegativeTestJSON:setUpClass): 200 GET http://10.180.1.21/compute/v2.1/servers/d33fa20e-470f-46c0-882d-e6f9456caf22 0.398s
2025-12-02 15:06:50.259 66128 INFO tempest.lib.common.rest_client [req-ea127b8b-c952-4cc0-adde-b07c738465f4 req-ea127b8b-c952-4cc0-adde-b07c738465f4 ] Request (ListImageFiltersTestJSON:setUpClass): 200 GET http://10.180.1.21/compute/v2.1/images/c94adc72-4141-4224-ba0e-d5ca9a0efce0 0.348s
2025-12-02 15:06:50.295 66118 INFO tempest.lib.common.rest_client [req-c3e5623c-dcad-4155-98f9-7fd4dbad47b6 req-c3e5623c-dcad-4155-98f9-7fd4dbad47b6 ] Request (ServersListShow298Test:tearDownClass): 200 GET http://10.180.1.21/compute/v2.1/servers/52d84788-73f1-4816-a6ae-0d2bb2de6daf 0.362s
2025-12-02 15:06:50.392 66156 INFO tempest.lib.common.rest_client [req-c48764d6-7a59-4706-b869-4cdbce5d9f22 req-c48764d6-7a59-4706-b869-4cdbce5d9f22 ] Request (ServerDiskConfigTestJSON:test_rebuild_server_with_manual_disk_config): 200 GET http://10.180.1.21/compute/v2.1/servers/7a6d84ab-95ea-46bc-8791-06bbb2819034 0.343s
2025-12-02 15:06:50.468 66168 INFO tempest.lib.common.rest_client [req-d0979f26-5aaa-4e13-a3f4-a2073a7af5b0 req-d0979f26-5aaa-4e13-a3f4-a2073a7af5b0 ] Request (ServerGroupTestJSON:_run_cleanups): 200 GET http://10.180.1.21/compute/v2.1/servers/18b672a8-a6a9-4001-9b68-a0ed0bffcbbd 0.371s
2025-12-02 15:06:50.529 66167 INFO tempest.lib.common.rest_client [req-0bbdd2ae-3955-423f-865a-18ce8300cbfa req-0bbdd2ae-3955-423f-865a-18ce8300cbfa ] Request (ServerActionsTestOtherA:test_rebuild_server_in_stop_state): 200 GET http://10.180.1.21/compute/v2.1/servers/82fdf126-dc35-42dc-b0c9-6e0d97e281b3 0.416s
2025-12-02 15:06:50.588 66126 INFO tempest.lib.common.rest_client [req-46d69b71-7958-4aaa-b912-00c4c5b03c3a req-46d69b71-7958-4aaa-b912-00c4c5b03c3a ] Request (AttachInterfacesTestJSON:test_create_list_show_delete_interfaces_by_network_port): 200 GET http://10.180.1.21/compute/v2.1/servers/bf8455b8-23de-4de0-997a-37fcb0461df5 0.436s
2025-12-02 15:06:50.640 66152 WARNING tempest.lib.common.ssh [-] Failed to establish authenticated ssh connection to cirros@10.180.180.164 ([Errno None] Unable to connect to port 22 on 10.180.180.164). Number attempts: 5. Retry after 6 seconds.: paramiko.ssh_exception.NoValidConnectionsError: [Errno None] Unable to connect to port 22 on 10.180.180.164
2025-12-02 15:06:50.744 66124 INFO tempest.lib.common.rest_client [req-485303b2-bc17-4f2f-b8b6-468841a026fb req-485303b2-bc17-4f2f-b8b6-468841a026fb ] Request (ServerRescueTestJSONUnderV235:test_rescued_vm_add_remove_security_group): 202 POST http://10.180.1.21/compute/v2.1/servers/a3ad6cff-5032-42c2-82bd-3fb8d13c5c8f/action 0.783s
2025-12-02 15:06:50.763 66130 INFO tempest.lib.common.rest_client [req-e6f22a1f-8685-49a8-93d6-ed22d0340386 req-e6f22a1f-8685-49a8-93d6-ed22d0340386 ] Request (ServersAdminNegativeTestJSON:test_migrate_server_invalid_state): 200 GET http://10.180.1.21/compute/v2.1/servers/008ad1df-b0a5-44ac-becf-89334f17ae81 0.596s
2025-12-02 15:06:50.827 66120 INFO tempest.lib.common.rest_client [req-aff48c5d-c964-487e-84d7-38a5daae6bbc req-aff48c5d-c964-487e-84d7-38a5daae6bbc ] Request (SecurityGroupsTestJSON:test_list_security_groups_by_server): 200 GET http://10.180.1.21/compute/v2.1/servers/bb5262c7-3340-4814-8a92-39eb10451ec9 0.621s
2025-12-02 15:06:50.852 66140 INFO tempest.lib.common.rest_client [req-ece1965e-c7b4-4d7d-bd30-f26fc3797487 req-ece1965e-c7b4-4d7d-bd30-f26fc3797487 ] Request (DeleteServersTestJSON:test_delete_server_while_in_shelved_state): 200 GET http://10.180.1.21/compute/v2.1/servers/13a51846-07ab-417f-af34-29cf19fc84ae 0.618s
2025-12-02 15:06:50.917 66134 INFO tempest.lib.common.rest_client [req-7dd2ed64-4fd3-42c4-82fb-9f722ab55716 req-7dd2ed64-4fd3-42c4-82fb-9f722ab55716 ] Request (ServersListShow296Test:test_list_show_update_rebuild_server_296): 200 GET http://10.180.1.21/compute/v2.1/servers/05e55859-3f56-47c0-bd7b-868a44fbc587 0.638s
2025-12-02 15:06:50.976 66156 INFO tempest.lib.common.rest_client [req-f89b25b3-a00d-4f87-b676-2ed352983d8e req-f89b25b3-a00d-4f87-b676-2ed352983d8e ] Request (ServerDiskConfigTestJSON:test_rebuild_server_with_manual_disk_config): 200 PUT http://10.180.1.21/compute/v2.1/servers/7a6d84ab-95ea-46bc-8791-06bbb2819034 0.569s
2025-12-02 15:06:50.995 66160 INFO tempest.lib.common.rest_client [req-0dfe2e5e-48ea-4382-9cad-61f42a29a061 req-0dfe2e5e-48ea-4382-9cad-61f42a29a061 ] Request (MigrationsAdminTest:test_resize_server_revert_deleted_flavor): 200 GET http://10.180.1.21/compute/v2.1/servers/ec9bedcd-81b9-460d-bead-1064f73bf39e 0.593s
2025-12-02 15:06:51.072 66154 INFO tempest.lib.common.rest_client [req-5b1d5c25-4675-42da-9c1e-3dd6c7b87711 req-5b1d5c25-4675-42da-9c1e-3dd6c7b87711 ] Request (ListServerFiltersTestJSON:tearDownClass): 200 GET http://10.180.1.21/compute/v2.1/servers/6fe5899b-aaea-4f43-b3b8-c87a16d1ba95 0.577s
2025-12-02 15:06:51.108 66150 INFO tempest.lib.common.rest_client [req-66dcae28-d3f0-4b1e-9707-91864cd1d937 req-66dcae28-d3f0-4b1e-9707-91864cd1d937 ] Request (AttachVolumeNegativeTest:test_attach_attached_volume_to_different_server): 200 GET http://10.180.1.21/compute/v2.1/servers/9b22006c-aaa3-4ee6-b9d5-f61ee26d7088 0.648s
2025-12-02 15:06:51.115 66150 INFO tempest.common.waiters [-] State transition "BUILD/None" ==> "BUILD/networking" after 56 second wait
2025-12-02 15:06:51.135 66116 INFO tempest.lib.common.rest_client [req-fad41ca5-52eb-490f-911d-d29a268ddf1a req-fad41ca5-52eb-490f-911d-d29a268ddf1a ] Request (MultipleCreateTestJSON:test_multiple_create_with_reservation_return): 200 GET http://10.180.1.21/compute/v2.1/servers/a472a0f0-a076-40af-84d3-b49e4c47e393 0.617s
2025-12-02 15:06:51.221 66122 INFO tempest.lib.common.rest_client [req-c2401b7f-c533-4b8c-afeb-38b0cbbfb983 req-c2401b7f-c533-4b8c-afeb-38b0cbbfb983 ] Request (ServerShowV257Test:tearDownClass): 200 GET http://10.180.1.21/compute/v2.1/servers/c0f78f97-a7e7-4665-a8c1-9867abc63a59 0.630s
2025-12-02 15:06:51.778 66110 INFO tempest.lib.common.rest_client [req-0440e557-54b8-4807-b2d7-035af6625116 req-0440e557-54b8-4807-b2d7-035af6625116 ] Request (ServerActionsTestJSON:test_lock_unlock_server): 200 GET http://10.180.1.21/compute/v2.1/servers/b5e3f2b6-8f27-48e9-bb47-d8d3d697f9ed 0.930s
2025-12-02 15:06:51.816 66124 INFO tempest.lib.common.rest_client [req-5547a6d5-019f-4781-86e7-881609a4ab81 req-5547a6d5-019f-4781-86e7-881609a4ab81 ] Request (ServerRescueTestJSONUnderV235:test_rescued_vm_associate_dissociate_floating_ip): 200 POST http://10.180.1.21/compute/v2.1/os-floating-ips 1.070s
2025-12-02 15:06:51.918 66114 INFO tempest.lib.common.rest_client [req-4214e086-a702-4c31-8df6-676647941afc req-4214e086-a702-4c31-8df6-676647941afc ] Request (ServerActionsV293TestJSON:setUpClass): 200 GET http://10.180.1.21/compute/v2.1/servers/8660b206-1e61-4d70-a955-5e3378e4419f 0.842s
2025-12-02 15:06:51.941 66156 INFO tempest.lib.common.rest_client [req-73c52e7a-51f7-43bf-a75a-81565df86200 req-73c52e7a-51f7-43bf-a75a-81565df86200 ] Request (ServerDiskConfigTestJSON:test_rebuild_server_with_manual_disk_config): 200 GET http://10.180.1.21/compute/v2.1/servers/7a6d84ab-95ea-46bc-8791-06bbb2819034 0.959s
2025-12-02 15:06:51.990 66144 INFO tempest.lib.common.rest_client [req-8f067f77-bd5b-4448-9444-9585a448de33 req-8f067f77-bd5b-4448-9444-9585a448de33 ] Request (ServersAdminTestJSON:tearDownClass): 200 GET http://10.180.1.21/compute/v2.1/servers/df063b88-cb08-4fe1-ad0b-5ad8cba6ea89 0.856s
2025-12-02 15:06:52.001 66108 INFO tempest.lib.common.rest_client [req-3dfea58e-2310-4460-8757-8e61eb6a6891 req-3dfea58e-2310-4460-8757-8e61eb6a6891 ] Request (ImagesTestJSON:test_create_server_from_snapshot): 200 GET http://10.180.1.21/compute/v2.1/servers/7522c65a-615b-4c5a-b338-ac56bc8fab5a 0.846s
2025-12-02 15:06:52.047 66132 INFO tempest.lib.common.rest_client [req-2294df5c-4f2b-4a48-a9b2-d2cc8f274876 req-2294df5c-4f2b-4a48-a9b2-d2cc8f274876 ] Request (ImagesOneServerNegativeTestJSON:_run_cleanups): 200 GET http://10.180.1.21/compute/v2.1/servers/957f375f-c94f-4a6e-91dc-916505dc7ca1 0.818s
2025-12-02 15:06:52.090 66128 INFO tempest.lib.common.rest_client [req-21c09f8c-4b9d-4740-bd9e-893036b614ae req-21c09f8c-4b9d-4740-bd9e-893036b614ae ] Request (ListImageFiltersTestJSON:setUpClass): 200 GET http://10.180.1.21/compute/v2.1/images/c94adc72-4141-4224-ba0e-d5ca9a0efce0 0.827s
2025-12-02 15:06:52.131 66162 INFO tempest.lib.common.rest_client [req-6dfb7b50-ef7f-4e9f-bd2f-42d4887d2c61 req-6dfb7b50-ef7f-4e9f-bd2f-42d4887d2c61 ] Request (ServerAddressesNegativeTestJSON:setUpClass): 200 GET http://10.180.1.21/compute/v2.1/servers/d33fa20e-470f-46c0-882d-e6f9456caf22 0.891s
2025-12-02 15:06:52.202 66168 INFO tempest.lib.common.rest_client [req-e8cd6751-d024-4d73-b81f-56680ec92e33 req-e8cd6751-d024-4d73-b81f-56680ec92e33 ] Request (ServerGroupTestJSON:_run_cleanups): 200 GET http://10.180.1.21/compute/v2.1/servers/18b672a8-a6a9-4001-9b68-a0ed0bffcbbd 0.725s
2025-12-02 15:06:52.221 66118 INFO tempest.lib.common.rest_client [req-18a3f17c-0d26-440f-ab53-4761f1f847c0 req-18a3f17c-0d26-440f-ab53-4761f1f847c0 ] Request (ServersListShow298Test:tearDownClass): 200 GET http://10.180.1.21/compute/v2.1/servers/52d84788-73f1-4816-a6ae-0d2bb2de6daf 0.913s
2025-12-02 15:06:52.254 66167 INFO tempest.lib.common.rest_client [req-3e680c8b-d204-48d5-ab58-9d729e445f47 req-3e680c8b-d204-48d5-ab58-9d729e445f47 ] Request (ServerActionsTestOtherA:test_rebuild_server_in_stop_state): 200 GET http://10.180.1.21/compute/v2.1/servers/82fdf126-dc35-42dc-b0c9-6e0d97e281b3 0.716s
2025-12-02 15:06:52.268 66126 INFO tempest.lib.common.rest_client [req-b7976325-dfda-43c9-a280-795607156572 req-b7976325-dfda-43c9-a280-795607156572 ] Request (AttachInterfacesTestJSON:test_create_list_show_delete_interfaces_by_network_port): 200 GET http://10.180.1.21/compute/v2.1/servers/bf8455b8-23de-4de0-997a-37fcb0461df5 0.672s
2025-12-02 15:06:52.317 66130 INFO tempest.lib.common.rest_client [req-6fc2af5a-3df5-4985-800d-cde74829593c req-6fc2af5a-3df5-4985-800d-cde74829593c ] Request (ServersAdminNegativeTestJSON:test_migrate_server_invalid_state): 200 GET http://10.180.1.21/compute/v2.1/servers/008ad1df-b0a5-44ac-becf-89334f17ae81 0.545s
2025-12-02 15:06:52.392 66120 INFO tempest.lib.common.rest_client [req-53a55b79-8008-471b-9b4c-7c1bf551bfd5 req-53a55b79-8008-471b-9b4c-7c1bf551bfd5 ] Request (SecurityGroupsTestJSON:test_list_security_groups_by_server): 200 GET http://10.180.1.21/compute/v2.1/servers/bb5262c7-3340-4814-8a92-39eb10451ec9 0.553s
2025-12-02 15:06:52.597 66140 INFO tempest.lib.common.rest_client [req-96f066ed-e28c-43d3-b4c4-73b993867e64 req-96f066ed-e28c-43d3-b4c4-73b993867e64 ] Request (DeleteServersTestJSON:test_delete_server_while_in_shelved_state): 200 GET http://10.180.1.21/compute/v2.1/servers/13a51846-07ab-417f-af34-29cf19fc84ae 0.737s
2025-12-02 15:06:52.723 66134 INFO tempest.lib.common.rest_client [req-e17665c1-2c23-43ce-9882-0b9dd3235379 req-e17665c1-2c23-43ce-9882-0b9dd3235379 ] Request (ServersListShow296Test:test_list_show_update_rebuild_server_296): 200 GET http://10.180.1.21/compute/v2.1/servers/05e55859-3f56-47c0-bd7b-868a44fbc587 0.791s
2025-12-02 15:06:52.916 66156 INFO tempest.lib.common.rest_client [req-110c8587-fa5a-4334-91a2-3fd35d46ede5 req-110c8587-fa5a-4334-91a2-3fd35d46ede5 ] Request (ServerDiskConfigTestJSON:test_rebuild_server_with_manual_disk_config): 200 GET http://10.180.1.21/compute/v2.1/servers/7a6d84ab-95ea-46bc-8791-06bbb2819034 0.967s
2025-12-02 15:06:53.104 66160 INFO tempest.lib.common.rest_client [req-3b56998d-033f-4d8a-863c-76607565fdc8 req-3b56998d-033f-4d8a-863c-76607565fdc8 ] Request (MigrationsAdminTest:test_resize_server_revert_deleted_flavor): 200 GET http://10.180.1.21/compute/v2.1/servers/ec9bedcd-81b9-460d-bead-1064f73bf39e 1.098s
2025-12-02 15:06:53.129 66154 INFO tempest.lib.common.rest_client [req-832248c1-59d7-4f85-9490-e1413155e750 req-832248c1-59d7-4f85-9490-e1413155e750 ] Request (ListServerFiltersTestJSON:tearDownClass): 404 GET http://10.180.1.21/compute/v2.1/servers/6fe5899b-aaea-4f43-b3b8-c87a16d1ba95 1.047s
2025-12-02 15:06:53.140 66146 WARNING tempest.lib.common.ssh [-] Failed to establish authenticated ssh connection to cirros@10.180.180.206 ([Errno None] Unable to connect to port 22 on 10.180.180.206). Number attempts: 1. Retry after 2 seconds.: paramiko.ssh_exception.NoValidConnectionsError: [Errno None] Unable to connect to port 22 on 10.180.180.206
2025-12-02 15:06:53.244 66124 INFO tempest.lib.common.rest_client [req-4669719d-7e68-40d4-b7b7-6854ebc339a3 req-4669719d-7e68-40d4-b7b7-6854ebc339a3 ] Request (ServerRescueTestJSONUnderV235:test_rescued_vm_associate_dissociate_floating_ip): 202 POST http://10.180.1.21/compute/v2.1/servers/a3ad6cff-5032-42c2-82bd-3fb8d13c5c8f/action 1.425s
2025-12-02 15:06:53.306 66150 INFO tempest.lib.common.rest_client [req-aabb6ea6-2e17-4509-8fe8-d1f20785b8f6 req-aabb6ea6-2e17-4509-8fe8-d1f20785b8f6 ] Request (AttachVolumeNegativeTest:test_attach_attached_volume_to_different_server): 200 GET http://10.180.1.21/compute/v2.1/servers/9b22006c-aaa3-4ee6-b9d5-f61ee26d7088 1.189s
2025-12-02 15:06:53.313 66150 INFO tempest.common.waiters [-] State transition "BUILD/networking" ==> "BUILD/spawning" after 58 second wait
2025-12-02 15:06:53.319 66116 INFO tempest.lib.common.rest_client [req-5d0729a7-924e-401d-b209-19f2a4c30709 req-5d0729a7-924e-401d-b209-19f2a4c30709 ] Request (MultipleCreateTestJSON:test_multiple_create_with_reservation_return): 200 GET http://10.180.1.21/compute/v2.1/servers/a472a0f0-a076-40af-84d3-b49e4c47e393 1.175s
2025-12-02 15:06:53.399 66122 INFO tempest.lib.common.rest_client [req-721491b5-4fd9-4bd5-b7d7-a999c50bdd19 req-721491b5-4fd9-4bd5-b7d7-a999c50bdd19 ] Request (ServerShowV257Test:tearDownClass): 200 GET http://10.180.1.21/compute/v2.1/servers/c0f78f97-a7e7-4665-a8c1-9867abc63a59 1.167s
2025-12-02 15:06:53.453 66110 INFO tempest.lib.common.rest_client [req-ca459672-a81e-40d9-9839-13a830962dc2 req-ca459672-a81e-40d9-9839-13a830962dc2 ] Request (ServerActionsTestJSON:test_lock_unlock_server): 200 GET http://10.180.1.21/compute/v2.1/servers/b5e3f2b6-8f27-48e9-bb47-d8d3d697f9ed 0.664s
2025-12-02 15:06:53.465 66110 INFO tempest.common.waiters [-] State transition "SHUTOFF/powering-on" ==> "ACTIVE/None" after 5 second wait
