2025-12-02 15:05:17.389 66110 INFO tempest.lib.common.rest_client [req-e4cd1b56-0c03-43e1-bfe8-0329120ef821 req-e4cd1b56-0c03-43e1-bfe8-0329120ef821 ] Request (ServerActionsTestJSON:setUpClass): 200 GET http://10.180.1.21/compute/v2.1/servers/b5e3f2b6-8f27-48e9-bb47-d8d3d697f9ed 1.206s
2025-12-02 15:05:17.390 66114 INFO tempest.lib.common.rest_client [req-85411c0e-5f01-4354-a8aa-8a6c95e51495 req-85411c0e-5f01-4354-a8aa-8a6c95e51495 ] Request (ServersTestManualDisk:tearDownClass): 200 GET http://10.180.1.21/compute/v2.1/servers/83a9936a-8f1c-4c7c-9dc5-cf34eb0cfae4 1.686s
2025-12-02 15:05:17.399 66158 INFO tempest.lib.common.rest_client [req-0a75eea8-e1c0-4368-8574-fa293e4a8be8 req-0a75eea8-e1c0-4368-8574-fa293e4a8be8 ] Request (ExtensionsTest:tearDownClass): 204 DELETE http://10.180.1.21/identity/v3/users/6712b0c8b5924e66b8585634538488c9 0.117s
2025-12-02 15:05:17.399 66158 INFO tempest.lib.common.dynamic_creds [-] Deleting project and security group for project: c267b9d85f494da1927a7f98b93154a3
2025-12-02 15:05:17.446 66136 INFO tempest.lib.common.rest_client [req-6d69c9e8-fb23-433e-be12-0496c2d0e094 req-6d69c9e8-fb23-433e-be12-0496c2d0e094 ] Request (VolumesAdminNegativeTest:tearDownClass): 200 GET http://10.180.1.21/compute/v2.1/servers/f89c5683-702c-44cc-a12b-765cfbec4769 1.173s
2025-12-02 15:05:17.450 66162 INFO tempest.lib.common.rest_client [req-8311bc03-b886-4fea-ba65-dcafcf0a6db6 req-8311bc03-b886-4fea-ba65-dcafcf0a6db6 ] Request (ImagesNegativeTestJSON:test_create_image_from_deleted_server): 200 GET http://10.180.1.21/compute/v2.1/servers/83bdd11b-1887-49a7-9fc9-bfe6039e0419 1.197s
2025-12-02 15:05:17.466 66124 INFO tempest.lib.common.rest_client [req-b727a39f-f98b-488a-a47b-c6e5e91f77f0 req-b727a39f-f98b-488a-a47b-c6e5e91f77f0 ] Request (FloatingIPsTestJSON:tearDownClass): 204 DELETE http://10.180.1.21/identity/v3/projects/3fa59d821b4641498abc56ffaf16ef1e 0.098s
2025-12-02 15:05:17.472 66158 INFO tempest.lib.common.rest_client [req-267f9ffb-f4c4-4d03-bf7e-d8d8eb2de30b req-267f9ffb-f4c4-4d03-bf7e-d8d8eb2de30b ] Request (ExtensionsTest:tearDownClass): 201 POST http://10.180.1.21/identity/v3/auth/tokens 0.072s
2025-12-02 15:05:17.502 66116 INFO tempest.lib.common.rest_client [req-a328dcd6-5cdd-4af6-833d-ec4eded777f4 req-a328dcd6-5cdd-4af6-833d-ec4eded777f4 ] Request (MultipleCreateTestJSON:test_multiple_create): 200 GET http://10.180.1.21/compute/v2.1/servers/42ff810f-a36a-4b49-9a84-286c835883f2 1.164s
2025-12-02 15:05:17.516 66112 INFO tempest.lib.common.rest_client [req-f2b697ef-ef7c-4f6e-9507-228a5b03b451 req-f2b697ef-ef7c-4f6e-9507-228a5b03b451 ] Request (ServerShowV247Test:test_update_rebuild_list_server): 200 GET http://10.180.1.21/compute/v2.1/servers/b6e1a28f-1274-493f-b3a1-4c72967875f9 1.071s
2025-12-02 15:05:17.531 66112 INFO tempest.common.waiters [-] State transition "REBUILD/rebuilding" ==> "REBUILD/rebuild_spawning" after 2 second wait
2025-12-02 15:05:17.548 66124 INFO tempest.lib.common.rest_client [req-65f8f564-c38c-4ee2-acee-31d2ecca0419 req-65f8f564-c38c-4ee2-acee-31d2ecca0419 ] Request (ImagesDeleteNegativeTestJSON:setUpClass): 201 POST http://10.180.1.21/identity/v3/auth/tokens 0.081s
2025-12-02 15:05:17.599 66124 INFO tempest.lib.common.rest_client [req-97bc4cc4-dba3-40d7-b824-7f2d9df86918 req-97bc4cc4-dba3-40d7-b824-7f2d9df86918 ] Request (ImagesDeleteNegativeTestJSON:setUpClass): 201 POST http://10.180.1.21/identity/v3/auth/tokens 0.048s
2025-12-02 15:05:17.629 66124 INFO tempest.lib.common.rest_client [req-cc1ae116-d291-4de5-8929-e461b4e6d9b7 req-cc1ae116-d291-4de5-8929-e461b4e6d9b7 ] Request (ImagesDeleteNegativeTestJSON:setUpClass): 200 GET http://10.180.1.21/identity/v3/domains?name=Default 0.028s
2025-12-02 15:05:17.662 66124 INFO tempest.lib.common.rest_client [req-f9966ded-fcf5-42c1-a1fd-d7ae92471b0c req-f9966ded-fcf5-42c1-a1fd-d7ae92471b0c ] Request (ImagesDeleteNegativeTestJSON:setUpClass): 201 POST http://10.180.1.21/identity/v3/projects 0.033s
2025-12-02 15:05:17.735 66158 INFO tempest.lib.common.rest_client [req-86cc7569-d4b3-4b68-bc57-00f30e3959f0 req-86cc7569-d4b3-4b68-bc57-00f30e3959f0 ] Request (ExtensionsTest:tearDownClass): 200 GET http://10.180.1.21/networking/v2.0/security-groups?tenant_id=c267b9d85f494da1927a7f98b93154a3&name=default 0.263s
2025-12-02 15:05:17.739 66124 INFO tempest.lib.common.rest_client [req-69c20331-8449-49cf-8b44-c301f343032c req-69c20331-8449-49cf-8b44-c301f343032c ] Request (ImagesDeleteNegativeTestJSON:setUpClass): 201 POST http://10.180.1.21/identity/v3/users 0.076s
2025-12-02 15:05:17.762 66124 INFO tempest.lib.common.rest_client [req-1c29827d-1c3f-43ed-97ee-d3908fcdfd05 req-1c29827d-1c3f-43ed-97ee-d3908fcdfd05 ] Request (ImagesDeleteNegativeTestJSON:setUpClass): 200 GET http://10.180.1.21/identity/v3/roles 0.022s
2025-12-02 15:05:17.765 66118 INFO tempest.lib.common.rest_client [req-d22b64a4-6369-4e33-ac5e-f34d8675fafe req-d22b64a4-6369-4e33-ac5e-f34d8675fafe ] Request (ServersListShow298Test:test_list_show_update_rebuild_server_298): 200 GET http://10.180.1.21/compute/v2.1/servers/52d84788-73f1-4816-a6ae-0d2bb2de6daf 1.036s
2025-12-02 15:05:17.781 66132 INFO tempest.lib.common.rest_client [req-c1068b88-6664-4a28-a581-23281d992411 req-c1068b88-6664-4a28-a581-23281d992411 ] Request (ImagesOneServerNegativeTestJSON:setUpClass): 200 GET http://10.180.1.21/compute/v2.1/servers/4b8df03c-4bdd-4838-a6b8-c55d4b951ccd 1.044s
2025-12-02 15:05:17.800 66124 INFO tempest.lib.common.rest_client [req-a68f6832-1ac2-4461-bebd-83903f7011c5 req-a68f6832-1ac2-4461-bebd-83903f7011c5 ] Request (ImagesDeleteNegativeTestJSON:setUpClass): 204 PUT http://10.180.1.21/identity/v3/projects/244e74726162464c872b72a4a7fba990/users/bf8aea4bc9f146e792dbdcb7539ad245/roles/794219207442444e9c94aa72c2b22b32 0.038s
2025-12-02 15:05:17.800 66124 INFO tempest.lib.common.dynamic_creds [-] Dynamic test user bf8aea4bc9f146e792dbdcb7539ad245 is created with scope project and roles: ['member']
2025-12-02 15:05:17.801 66124 INFO tempest.lib.common.dynamic_creds [-] Acquired dynamic creds: credentials: Credentials: {'domain_id': 'default', 'domain_name': 'Default', 'username': 'tempest-ImagesDeleteNegativeTestJSON-1889896511-project-member', 'project_domain_id': 'default', 'project_domain_name': 'Default', 'project_id': '244e74726162464c872b72a4a7fba990', 'project_name': 'tempest-ImagesDeleteNegativeTestJSON-1889896511', 'tenant_id': '244e74726162464c872b72a4a7fba990', 'tenant_name': 'tempest-ImagesDeleteNegativeTestJSON-1889896511', 'user_domain_id': 'default', 'user_domain_name': 'Default', 'user_id': 'bf8aea4bc9f146e792dbdcb7539ad245', 'system': None}, Network: None, Subnet: None, Router: None
2025-12-02 15:05:17.801 66124 INFO tempest.lib.common.dynamic_creds [-] Created isolated network resources for: credentials: Credentials: {'domain_id': 'default', 'domain_name': 'Default', 'username': 'tempest-ImagesDeleteNegativeTestJSON-1889896511-project-member', 'project_domain_id': 'default', 'project_domain_name': 'Default', 'project_id': '244e74726162464c872b72a4a7fba990', 'project_name': 'tempest-ImagesDeleteNegativeTestJSON-1889896511', 'tenant_id': '244e74726162464c872b72a4a7fba990', 'tenant_name': 'tempest-ImagesDeleteNegativeTestJSON-1889896511', 'user_domain_id': 'default', 'user_domain_name': 'Default', 'user_id': 'bf8aea4bc9f146e792dbdcb7539ad245', 'system': None}, Network: None, Subnet: None, Router: None
2025-12-02 15:05:17.868 66158 INFO tempest.lib.common.rest_client [req-322b1125-a747-4365-9e59-3fd6fdc94f71 req-322b1125-a747-4365-9e59-3fd6fdc94f71 ] Request (ExtensionsTest:tearDownClass): 204 DELETE http://10.180.1.21/networking/v2.0/security-groups/391ed0bf-3d81-4acd-8367-e5531683f1f0 0.133s
2025-12-02 15:05:17.885 66124 INFO tempest.lib.common.rest_client [req-3cf64e8a-2148-4390-a6b7-c4e130f6343e req-3cf64e8a-2148-4390-a6b7-c4e130f6343e ] Request (ImagesDeleteNegativeTestJSON:setUpClass): 201 POST http://10.180.1.21/identity/v3/auth/tokens 0.080s
2025-12-02 15:05:17.893 66128 INFO tempest.lib.common.rest_client [req-f64a9cc9-76e2-41e4-a16a-20b03066f344 req-f64a9cc9-76e2-41e4-a16a-20b03066f344 ] Request (ListImageFiltersTestJSON:setUpClass): 200 GET http://10.180.1.21/compute/v2.1/servers/2f1c2425-2844-4556-a871-d26d28199f63 0.871s
2025-12-02 15:05:17.908 66120 INFO tempest.lib.common.rest_client [req-9bc00063-b1d9-4ff8-abca-867c7497a5e9 req-9bc00063-b1d9-4ff8-abca-867c7497a5e9 ] Request (FloatingIPsAssociationTestJSON:tearDownClass): 200 GET http://10.180.1.21/compute/v2.1/servers/46650d97-b09a-41ee-b370-45251234953d 1.088s
2025-12-02 15:05:17.918 66160 INFO tempest.lib.common.rest_client [req-a81d0d30-c5d9-45d0-b1d5-0722d2ee621e req-a81d0d30-c5d9-45d0-b1d5-0722d2ee621e ] Request (MigrationsAdminTest:test_resize_server_revert_deleted_flavor): 200 POST http://10.180.1.21/compute/v2.1/flavors/3106cbf3-9e04-4b17-9b7d-a3451dbea454/os-extra_specs 0.884s
2025-12-02 15:05:17.935 66122 INFO tempest.lib.common.rest_client [req-cfd13602-0be7-4773-a945-623ea4cf97ef req-cfd13602-0be7-4773-a945-623ea4cf97ef ] Request (FlavorsV2TestJSON:test_list_flavors_filter_by_min_disk): 200 GET http://10.180.1.21/compute/v2.1/flavors?minDisk=2 0.726s
2025-12-02 15:05:17.985 66160 INFO tempest.lib.common.rest_client [req-5e2a7037-8053-4474-94f9-553db12fc6ce req-5e2a7037-8053-4474-94f9-553db12fc6ce ] Request (MigrationsAdminTest:test_resize_server_revert_deleted_flavor): 201 POST http://10.180.1.21/identity/v3/auth/tokens 0.063s
2025-12-02 15:05:17.985 66160 INFO tempest.lib.common.fixed_network [-] (MigrationsAdminTest:test_resize_server_revert_deleted_flavor) Found network None available for tenant
2025-12-02 15:05:17.988 66158 INFO tempest.lib.common.rest_client [req-30b110ae-e0b8-499d-8fed-c71b1348fcfc req-30b110ae-e0b8-499d-8fed-c71b1348fcfc ] Request (ExtensionsTest:tearDownClass): 204 DELETE http://10.180.1.21/identity/v3/projects/c267b9d85f494da1927a7f98b93154a3 0.119s
2025-12-02 15:05:18.045 66146 INFO tempest.lib.common.rest_client [req-857094e7-e096-4a24-8464-af4455e675ec req-857094e7-e096-4a24-8464-af4455e675ec ] Request (SecurityGroupRulesNegativeTestJSON:tearDownClass): 202 DELETE http://10.180.1.21/compute/v2.1/os-security-groups/4aaa6a72-fd94-49ec-a410-27e263967d7a 0.792s
2025-12-02 15:05:18.068 66130 INFO tempest.lib.common.rest_client [req-0df4696b-0ade-40b1-864a-67819fc24a71 req-0df4696b-0ade-40b1-864a-67819fc24a71 ] Request (ServersAdminNegativeTestJSON:setUpClass): 200 GET http://10.180.1.21/compute/v2.1/servers/a71d34e2-05b0-428b-b5bb-d5c4e03fb743 0.802s
2025-12-02 15:05:18.097 66168 INFO tempest.lib.common.rest_client [req-d7d1e5c9-60af-42db-b400-1884ea18e37d req-d7d1e5c9-60af-42db-b400-1884ea18e37d ] Request (ServerGroupTestJSON:test_create_delete_server_group_with_affinity_policy): 204 DELETE http://10.180.1.21/compute/v2.1/os-server-groups/0e57e7af-79dd-41b5-9b79-f6ce0d418c45 0.800s
2025-12-02 15:05:18.166 66150 INFO tempest.lib.common.rest_client [req-93221784-22bd-4446-b95b-ebfd5b490e58 req-93221784-22bd-4446-b95b-ebfd5b490e58 ] Request (InstanceActionsNegativeTestJSON:tearDownClass): 200 GET http://10.180.1.21/compute/v2.1/servers/85ed39c3-2d1a-4c2f-82cf-1c1b97346c70 0.806s
2025-12-02 15:05:18.175 66156 INFO tempest.lib.common.rest_client [req-4f90a0e7-8ce5-4d86-8b15-bc313d0b4f92 req-4f90a0e7-8ce5-4d86-8b15-bc313d0b4f92 ] Request (ServerDiskConfigTestJSON:test_rebuild_server_with_auto_disk_config): 200 GET http://10.180.1.21/compute/v2.1/servers/efb4d3c0-983c-4b56-a593-e8a2d31cf488 0.889s
2025-12-02 15:05:18.227 66154 INFO tempest.lib.common.rest_client [req-d728e064-71ad-4f6f-9720-8378acd2387a req-d728e064-71ad-4f6f-9720-8378acd2387a ] Request (ListServerFiltersTestJSON:setUpClass): 200 GET http://10.180.1.21/compute/v2.1/servers/6fe5899b-aaea-4f43-b3b8-c87a16d1ba95 0.744s
2025-12-02 15:05:18.228 66142 INFO tempest.lib.common.rest_client [req-3f2682c4-0851-4c0d-a84d-9a0bc28fc3c9 req-3f2682c4-0851-4c0d-a84d-9a0bc28fc3c9 ] Request (ServerDiagnosticsNegativeTest:tearDownClass): 200 GET http://10.180.1.21/compute/v2.1/servers/496575b8-213d-4faf-99ea-ed096cb907b9 0.853s
2025-12-02 15:05:18.301 66152 INFO tempest.lib.common.rest_client [req-b3dea142-23fd-408a-955c-17d9e2a4f797 req-b3dea142-23fd-408a-955c-17d9e2a4f797 ] Request (ServersWithSpecificFlavorTestJSON:test_verify_created_server_ephemeral_disk): 200 GET http://10.180.1.21/compute/v2.1/servers/449f08fd-bffb-4f29-b195-45042cbaa2e8 0.671s
2025-12-02 15:05:18.349 66108 INFO tempest.lib.common.rest_client [req-3488376b-abcc-4a9b-b312-ed887d9715fa req-3488376b-abcc-4a9b-b312-ed887d9715fa ] Request (ImagesTestJSON:test_create_image_from_suspended_server): 200 GET http://10.180.1.21/compute/v2.1/servers/63504ab3-8f56-450a-a10b-7eac4d408823 0.663s
2025-12-02 15:05:18.352 66148 WARNING tempest.lib.common.ssh [-] Failed to establish authenticated ssh connection to cirros@10.180.180.170 ([Errno None] Unable to connect to port 22 on 10.180.180.170). Number attempts: 2. Retry after 3 seconds.: paramiko.ssh_exception.NoValidConnectionsError: [Errno None] Unable to connect to port 22 on 10.180.180.170
2025-12-02 15:05:18.365 66134 INFO tempest.lib.common.rest_client [req-9639af80-e3a2-43ae-a16d-876b2226c67e req-9639af80-e3a2-43ae-a16d-876b2226c67e ] Request (ServersTestJSON:setUpClass): 200 GET http://10.180.1.21/compute/v2.1/servers/84447a7b-cc05-4218-8196-9205878b447e 0.799s
2025-12-02 15:05:18.405 66144 INFO tempest.lib.common.rest_client [req-13832f2b-5794-42e6-a7fc-c8789cbd735e req-13832f2b-5794-42e6-a7fc-c8789cbd735e ] Request (ServersAdminTestJSON:test_inject_network_info): 200 GET http://10.180.1.21/compute/v2.1/servers/df063b88-cb08-4fe1-ad0b-5ad8cba6ea89 0.692s
2025-12-02 15:05:18.419 66122 INFO tempest.lib.common.rest_client [req-c10cf1bf-b474-413c-a88e-1312d334cee4 req-c10cf1bf-b474-413c-a88e-1312d334cee4 ] Request (FlavorsV2TestJSON:test_list_flavors_filter_by_min_ram): 200 GET http://10.180.1.21/compute/v2.1/flavors/42 0.478s
2025-12-02 15:05:18.526 66124 INFO tempest.lib.common.rest_client [req-18e36f3f-8fe5-409c-8e57-a8a68cda9077 req-18e36f3f-8fe5-409c-8e57-a8a68cda9077 ] Request (ImagesDeleteNegativeTestJSON:test_delete_image_blank_id): 404 DELETE http://10.180.1.21/compute/v2.1/images/ 0.640s
2025-12-02 15:05:18.603 66126 INFO tempest.lib.common.rest_client [req-70354157-bb54-473a-971e-7b1de80d19f7 req-70354157-bb54-473a-971e-7b1de80d19f7 ] Request (AttachInterfacesTestJSON:_run_cleanups): 200 GET http://10.180.1.21/compute/v2.1/servers/211c5712-6b16-46fc-be0f-bbd2fd4f43a9 0.589s
2025-12-02 15:05:18.713 66146 INFO tempest.lib.common.rest_client [req-02f7df28-8d3f-4919-9849-c26d348977f2 req-02f7df28-8d3f-4919-9849-c26d348977f2 ] Request (SecurityGroupRulesNegativeTestJSON:tearDownClass): 202 DELETE http://10.180.1.21/compute/v2.1/os-security-groups/8841a105-c298-423c-9c21-de7d3df206ba 0.668s
2025-12-02 15:05:18.733 66168 INFO tempest.lib.common.rest_client [req-b21b8399-6bd4-479f-8243-c80d9b54c2af req-b21b8399-6bd4-479f-8243-c80d9b54c2af ] Request (ServerGroupTestJSON:test_create_delete_server_group_with_affinity_policy): 200 GET http://10.180.1.21/compute/v2.1/os-server-groups 0.635s
2025-12-02 15:05:18.801 66140 INFO tempest.lib.common.rest_client [req-9359b3d7-12ab-482f-acf1-906ed2c15e4b req-9359b3d7-12ab-482f-acf1-906ed2c15e4b ] Request (DeleteServersTestJSON:test_delete_server_while_in_attached_volume): 200 GET http://10.180.1.21/compute/v2.1/servers/9855a8ba-6c9e-4f65-90c4-fb2bf7e45f15 0.599s
2025-12-02 15:05:18.887 66110 INFO tempest.lib.common.rest_client [req-5d3f9fba-91ae-42b3-b98b-631d66c71197 req-5d3f9fba-91ae-42b3-b98b-631d66c71197 ] Request (ServerActionsTestJSON:setUpClass): 200 GET http://10.180.1.21/compute/v2.1/servers/b5e3f2b6-8f27-48e9-bb47-d8d3d697f9ed 0.490s
2025-12-02 15:05:18.943 66160 INFO tempest.lib.common.rest_client [req-7317ae65-4157-472a-84cb-4505e6bea558 req-7317ae65-4157-472a-84cb-4505e6bea558 ] Request (MigrationsAdminTest:test_resize_server_revert_deleted_flavor): 202 POST http://10.180.1.21/compute/v2.1/servers 0.957s
2025-12-02 15:05:18.966 66122 INFO tempest.lib.common.rest_client [req-23d5dc04-0ad4-42a1-9de7-10628c93d614 req-23d5dc04-0ad4-42a1-9de7-10628c93d614 ] Request (FlavorsV2TestJSON:test_list_flavors_filter_by_min_ram): 200 GET http://10.180.1.21/compute/v2.1/flavors?minRam=193 0.545s
2025-12-02 15:05:18.984 66114 INFO tempest.lib.common.rest_client [req-e606e1b4-58ac-4c77-b3f9-fbe5a6a68771 req-e606e1b4-58ac-4c77-b3f9-fbe5a6a68771 ] Request (ServersTestManualDisk:tearDownClass): 200 GET http://10.180.1.21/compute/v2.1/servers/83a9936a-8f1c-4c7c-9dc5-cf34eb0cfae4 0.585s
2025-12-02 15:05:19.038 66136 INFO tempest.lib.common.rest_client [req-8ce83fc3-b4ba-4caa-8847-1564b3129690 req-8ce83fc3-b4ba-4caa-8847-1564b3129690 ] Request (VolumesAdminNegativeTest:tearDownClass): 200 GET http://10.180.1.21/compute/v2.1/servers/f89c5683-702c-44cc-a12b-765cfbec4769 0.584s
2025-12-02 15:05:19.078 66162 INFO tempest.lib.common.rest_client [req-5fb6d9ed-0947-48a7-8926-4417429e43fb req-5fb6d9ed-0947-48a7-8926-4417429e43fb ] Request (ImagesNegativeTestJSON:test_create_image_from_deleted_server): 200 GET http://10.180.1.21/compute/v2.1/servers/83bdd11b-1887-49a7-9fc9-bfe6039e0419 0.618s
2025-12-02 15:05:19.096 66116 INFO tempest.lib.common.rest_client [req-db14a8b0-19f0-4b63-a660-685a03649b64 req-db14a8b0-19f0-4b63-a660-685a03649b64 ] Request (MultipleCreateTestJSON:test_multiple_create): 200 GET http://10.180.1.21/compute/v2.1/servers/42ff810f-a36a-4b49-9a84-286c835883f2 0.583s
2025-12-02 15:05:19.104 66124 INFO tempest.lib.common.rest_client [req-fb3d6364-05c2-4dfb-ae8b-4e08ecca1cbf req-fb3d6364-05c2-4dfb-ae8b-4e08ecca1cbf ] Request (ImagesDeleteNegativeTestJSON:test_delete_image_negative_image_id): 404 DELETE http://10.180.1.21/compute/v2.1/images/-1 0.576s
2025-12-02 15:05:19.181 66112 INFO tempest.lib.common.rest_client [req-709f4a98-54e2-4173-ba4e-7f0783eb153c req-709f4a98-54e2-4173-ba4e-7f0783eb153c ] Request (ServerShowV247Test:test_update_rebuild_list_server): 200 GET http://10.180.1.21/compute/v2.1/servers/b6e1a28f-1274-493f-b3a1-4c72967875f9 0.647s
2025-12-02 15:05:19.235 66168 INFO tempest.lib.common.rest_client [req-c6fc377c-14ce-4615-b9ad-09590042676d req-c6fc377c-14ce-4615-b9ad-09590042676d ] Request (ServerGroupTestJSON:test_create_delete_server_group_with_anti_affinity_policy): 200 POST http://10.180.1.21/compute/v2.1/os-server-groups 0.499s
2025-12-02 15:05:19.238 66146 INFO tempest.lib.common.rest_client [req-f7b37be1-0387-4011-a7af-d57edc50433c req-f7b37be1-0387-4011-a7af-d57edc50433c ] Request (SecurityGroupRulesNegativeTestJSON:tearDownClass): 202 DELETE http://10.180.1.21/compute/v2.1/os-security-groups/8e7212fe-4d9f-4f14-b945-d6223e74f465 0.524s
2025-12-02 15:05:19.285 66132 INFO tempest.lib.common.rest_client [req-c9783cac-9c81-41fe-84c9-34d2582c2a03 req-c9783cac-9c81-41fe-84c9-34d2582c2a03 ] Request (ImagesOneServerNegativeTestJSON:setUpClass): 200 GET http://10.180.1.21/compute/v2.1/servers/4b8df03c-4bdd-4838-a6b8-c55d4b951ccd 0.495s
2025-12-02 15:05:19.294 66118 INFO tempest.lib.common.rest_client [req-669c3d87-ee01-497e-a8da-813b92ae4839 req-669c3d87-ee01-497e-a8da-813b92ae4839 ] Request (ServersListShow298Test:test_list_show_update_rebuild_server_298): 200 GET http://10.180.1.21/compute/v2.1/servers/52d84788-73f1-4816-a6ae-0d2bb2de6daf 0.514s
2025-12-02 15:05:19.332 66128 INFO tempest.lib.common.rest_client [req-ae3e49a7-a34b-4bc0-942d-4dd9b3860f3d req-ae3e49a7-a34b-4bc0-942d-4dd9b3860f3d ] Request (ListImageFiltersTestJSON:setUpClass): 200 GET http://10.180.1.21/compute/v2.1/servers/2f1c2425-2844-4556-a871-d26d28199f63 0.429s
2025-12-02 15:05:19.355 66120 INFO tempest.lib.common.rest_client [req-4fac2a22-9b4e-46a5-8720-2f2924ee51c8 req-4fac2a22-9b4e-46a5-8720-2f2924ee51c8 ] Request (FloatingIPsAssociationTestJSON:tearDownClass): 200 GET http://10.180.1.21/compute/v2.1/servers/46650d97-b09a-41ee-b370-45251234953d 0.437s
2025-12-02 15:05:19.370 66122 INFO tempest.lib.common.rest_client [req-37fa6e44-e734-49d7-9ec4-156e9a4568b0 req-37fa6e44-e734-49d7-9ec4-156e9a4568b0 ] Request (FlavorsV2TestJSON:test_list_flavors_limit_results): 200 GET http://10.180.1.21/compute/v2.1/flavors?limit=1 0.397s
2025-12-02 15:05:19.377 66160 INFO tempest.lib.common.rest_client [req-a7f29e24-eb9b-417a-b2d4-6adbda218663 req-a7f29e24-eb9b-417a-b2d4-6adbda218663 ] Request (MigrationsAdminTest:test_resize_server_revert_deleted_flavor): 200 GET http://10.180.1.21/compute/v2.1/servers/ec9bedcd-81b9-460d-bead-1064f73bf39e 0.431s
2025-12-02 15:05:19.397 66124 INFO tempest.lib.common.rest_client [req-ce6f335b-fe8d-425f-841f-5c3023ff53d0 req-ce6f335b-fe8d-425f-841f-5c3023ff53d0 ] Request (ImagesDeleteNegativeTestJSON:test_delete_image_non_hex_string_id): 404 DELETE http://10.180.1.21/compute/v2.1/images/dd0fcf66-92b0-4e38-a498-65678386e04j 0.291s
2025-12-02 15:05:19.425 66130 INFO tempest.lib.common.rest_client [req-7e7f1b5f-da67-42e5-94ca-2e16b4a0fe29 req-7e7f1b5f-da67-42e5-94ca-2e16b4a0fe29 ] Request (ServersAdminNegativeTestJSON:setUpClass): 200 GET http://10.180.1.21/compute/v2.1/servers/a71d34e2-05b0-428b-b5bb-d5c4e03fb743 0.349s
2025-12-02 15:05:19.452 66150 INFO tempest.lib.common.rest_client [req-e81c3bd7-3b19-4900-96e6-8df127db8787 req-e81c3bd7-3b19-4900-96e6-8df127db8787 ] Request (InstanceActionsNegativeTestJSON:tearDownClass): 200 GET http://10.180.1.21/compute/v2.1/servers/85ed39c3-2d1a-4c2f-82cf-1c1b97346c70 0.276s
2025-12-02 15:05:19.505 66154 INFO tempest.lib.common.rest_client [req-cfde28d4-7b78-4844-9cfb-3acc9bb4f5e2 req-cfde28d4-7b78-4844-9cfb-3acc9bb4f5e2 ] Request (ListServerFiltersTestJSON:setUpClass): 200 GET http://10.180.1.21/compute/v2.1/servers/6fe5899b-aaea-4f43-b3b8-c87a16d1ba95 0.270s
2025-12-02 15:05:19.526 66168 INFO tempest.lib.common.rest_client [req-a765aa9c-739c-4aac-b83d-ff66c5c00a32 req-a765aa9c-739c-4aac-b83d-ff66c5c00a32 ] Request (ServerGroupTestJSON:test_create_delete_server_group_with_anti_affinity_policy): 204 DELETE http://10.180.1.21/compute/v2.1/os-server-groups/64094d52-9c81-41fc-887b-4a0960e114a2 0.289s
2025-12-02 15:05:19.579 66156 INFO tempest.lib.common.rest_client [req-993cf9f0-c0e9-4bde-8a62-0c0d83508eb1 req-993cf9f0-c0e9-4bde-8a62-0c0d83508eb1 ] Request (ServerDiskConfigTestJSON:test_rebuild_server_with_auto_disk_config): 200 GET http://10.180.1.21/compute/v2.1/servers/efb4d3c0-983c-4b56-a593-e8a2d31cf488 0.389s
2025-12-02 15:05:19.597 66142 INFO tempest.lib.common.rest_client [req-5d8181b2-fd98-4d8d-8b2f-60ce638c47ee req-5d8181b2-fd98-4d8d-8b2f-60ce638c47ee ] Request (ServerDiagnosticsNegativeTest:tearDownClass): 200 GET http://10.180.1.21/compute/v2.1/servers/496575b8-213d-4faf-99ea-ed096cb907b9 0.358s
2025-12-02 15:05:19.644 66152 INFO tempest.lib.common.rest_client [req-6b42ef8e-b9e2-4c98-b0b1-9ff7236973ec req-6b42ef8e-b9e2-4c98-b0b1-9ff7236973ec ] Request (ServersWithSpecificFlavorTestJSON:test_verify_created_server_ephemeral_disk): 200 GET http://10.180.1.21/compute/v2.1/servers/449f08fd-bffb-4f29-b195-45042cbaa2e8 0.334s
2025-12-02 15:05:19.685 66146 INFO tempest.lib.common.rest_client [req-7a98abc5-ca18-4a30-830e-e6c99a5f3f95 req-7a98abc5-ca18-4a30-830e-e6c99a5f3f95 ] Request (SecurityGroupRulesNegativeTestJSON:tearDownClass): 202 DELETE http://10.180.1.21/compute/v2.1/os-security-groups/0ec1e09f-72b6-417b-9b96-eb9dcf67cba8 0.446s
2025-12-02 15:05:19.696 66108 INFO tempest.lib.common.rest_client [req-ebc879e1-541e-45a8-b0e8-19c546643f54 req-ebc879e1-541e-45a8-b0e8-19c546643f54 ] Request (ImagesTestJSON:test_create_image_from_suspended_server): 200 GET http://10.180.1.21/compute/v2.1/servers/63504ab3-8f56-450a-a10b-7eac4d408823 0.339s
2025-12-02 15:05:19.701 66122 INFO tempest.lib.common.rest_client [req-a5685849-d93d-43c8-8c6a-a7f9634447e9 req-a5685849-d93d-43c8-8c6a-a7f9634447e9 ] Request (FlavorsV2TestJSON:test_list_flavors_using_marker): 200 GET http://10.180.1.21/compute/v2.1/flavors/42 0.328s
2025-12-02 15:05:19.718 66124 INFO tempest.lib.common.rest_client [req-32c1b3ab-1796-40ae-a90e-2fbf31c83c56 req-32c1b3ab-1796-40ae-a90e-2fbf31c83c56 ] Request (ImagesDeleteNegativeTestJSON:test_delete_image_with_id_over_character_limit): 404 DELETE http://10.180.1.21/compute/v2.1/images/080f6e7d-30ed-4c3e-a149-abcadcf9b7a01 0.319s
2025-12-02 15:05:19.825 66144 INFO tempest.lib.common.rest_client [req-3f512655-479c-4cf3-bc5d-dfc10672c064 req-3f512655-479c-4cf3-bc5d-dfc10672c064 ] Request (ServersAdminTestJSON:test_inject_network_info): 200 GET http://10.180.1.21/compute/v2.1/servers/df063b88-cb08-4fe1-ad0b-5ad8cba6ea89 0.411s
2025-12-02 15:05:19.841 66168 INFO tempest.lib.common.rest_client [req-30cc8813-9054-4c45-93af-74a07e4b3d6a req-30cc8813-9054-4c45-93af-74a07e4b3d6a ] Request (ServerGroupTestJSON:test_create_delete_server_group_with_anti_affinity_policy): 200 GET http://10.180.1.21/compute/v2.1/os-server-groups 0.315s
2025-12-02 15:05:19.849 66134 INFO tempest.lib.common.rest_client [req-1c65e3b9-eb40-46e5-8285-b1ca8cebe83e req-1c65e3b9-eb40-46e5-8285-b1ca8cebe83e ] Request (ServersTestJSON:setUpClass): 200 GET http://10.180.1.21/compute/v2.1/servers/84447a7b-cc05-4218-8196-9205878b447e 0.475s
2025-12-02 15:05:19.855 66134 INFO tempest.common.waiters [-] State transition "BUILD/spawning" ==> "ACTIVE/None" after 41 second wait
2025-12-02 15:05:19.869 66122 INFO tempest.lib.common.rest_client [req-e824953d-fd2f-4023-ad5e-5a3207fdec6f req-e824953d-fd2f-4023-ad5e-5a3207fdec6f ] Request (FlavorsV2TestJSON:test_list_flavors_using_marker): 200 GET http://10.180.1.21/compute/v2.1/flavors?marker=42 0.161s
2025-12-02 15:05:19.883 66124 INFO tempest.lib.common.rest_client [req-a0d4bec4-afb8-4945-8dc5-b3b10f1cd7f1 req-a0d4bec4-afb8-4945-8dc5-b3b10f1cd7f1 ] Request (ImagesDeleteNegativeTestJSON:test_delete_image_with_invalid_image_id): 404 DELETE http://10.180.1.21/compute/v2.1/images/tempest-invalid-1532899538 0.162s
2025-12-02 15:05:19.906 66126 INFO tempest.lib.common.rest_client [req-46a79840-7f33-4977-bd53-d687b8d50a40 req-46a79840-7f33-4977-bd53-d687b8d50a40 ] Request (AttachInterfacesTestJSON:_run_cleanups): 200 GET http://10.180.1.21/compute/v2.1/servers/211c5712-6b16-46fc-be0f-bbd2fd4f43a9 0.290s
2025-12-02 15:05:19.912 66168 INFO tempest.lib.common.rest_client [req-0d542f22-f623-4606-acc0-cf86e1d102e4 req-0d542f22-f623-4606-acc0-cf86e1d102e4 ] Request (ServerGroupTestJSON:test_create_server_with_scheduler_hint_group): 201 POST http://10.180.1.21/identity/v3/auth/tokens 0.065s
2025-12-02 15:05:19.913 66168 INFO tempest.lib.common.fixed_network [-] (ServerGroupTestJSON:test_create_server_with_scheduler_hint_group) Found network {'id': '43abc6d0-b6ce-43c4-a958-9760b2c573e0', 'name': 'tempest-ServerGroupTestJSON-1353194037-network', 'tenant_id': '186ecac7efd84189b87ddf2fa4cfc69e', 'project_id': '186ecac7efd84189b87ddf2fa4cfc69e', 'admin_state_up': True, 'mtu': 8950, 'status': 'ACTIVE', 'subnets': [], 'shared': False, 'port_security_enabled': True, 'router:external': False, 'provider:network_type': 'vlan', 'provider:physical_network': 'default', 'provider:segmentation_id': 135, 'availability_zone_hints': [], 'availability_zones': [], 'ipv4_address_scope': None, 'ipv6_address_scope': None, 'description': '', 'tags': [], 'created_at': '2025-12-02T15:05:02Z', 'updated_at': '2025-12-02T15:05:02Z', 'revision_number': 1} available for tenant
2025-12-02 15:05:19.914 66126 INFO tempest.common.waiters [-] State transition "ACTIVE/deleting" ==> "DELETED/None" after 2 second wait
2025-12-02 15:05:19.941 66140 INFO tempest.lib.common.rest_client [req-e5da249b-6c1a-4f05-b31a-bb054dbb226d req-e5da249b-6c1a-4f05-b31a-bb054dbb226d ] Request (DeleteServersTestJSON:test_delete_server_while_in_attached_volume): 200 GET http://10.180.1.21/compute/v2.1/servers/9855a8ba-6c9e-4f65-90c4-fb2bf7e45f15 0.132s
2025-12-02 15:05:19.949 66140 INFO tempest.common.waiters [-] State transition "ACTIVE/deleting" ==> "DELETED/None" after 5 second wait
2025-12-02 15:05:19.963 66122 INFO tempest.lib.common.rest_client [req-66039a05-3c04-4141-ab19-ecfa04518a31 req-66039a05-3c04-4141-ab19-ecfa04518a31 ] Request (FlavorsV2TestJSON:test_list_flavors_with_detail): 200 GET http://10.180.1.21/compute/v2.1/flavors/detail 0.091s
2025-12-02 15:05:19.967 66134 INFO tempest.lib.common.rest_client [req-a1854ca9-f667-45d3-ac35-655330aa9301 req-a1854ca9-f667-45d3-ac35-655330aa9301 ] Request (ServersTestJSON:setUpClass): 200 GET http://10.180.1.21/compute/v2.1/servers/84447a7b-cc05-4218-8196-9205878b447e/os-interface 0.111s
2025-12-02 15:05:19.979 66124 INFO tempest.lib.common.rest_client [req-56335232-9de5-498f-acbf-d8777e1d971d req-56335232-9de5-498f-acbf-d8777e1d971d ] Request (ImagesDeleteNegativeTestJSON:test_delete_non_existent_image): 404 DELETE http://10.180.1.21/compute/v2.1/images/07bd7e03-1b2c-460a-8716-cc694f42f5ce 0.094s
2025-12-02 15:05:20.094 66124 INFO tempest.lib.common.rest_client [req-5ec7c4a4-d72a-4d6a-bbfa-f663e3882b9c req-5ec7c4a4-d72a-4d6a-bbfa-f663e3882b9c ] Request (ImagesDeleteNegativeTestJSON:tearDownClass): 204 DELETE http://10.180.1.21/identity/v3/users/bf8aea4bc9f146e792dbdcb7539ad245 0.113s
2025-12-02 15:05:20.094 66124 INFO tempest.lib.common.dynamic_creds [-] Deleting project and security group for project: 244e74726162464c872b72a4a7fba990
2025-12-02 15:05:20.162 66124 INFO tempest.lib.common.rest_client [req-619f6959-a4ec-400f-b1ff-b37e0712253c req-619f6959-a4ec-400f-b1ff-b37e0712253c ] Request (ImagesDeleteNegativeTestJSON:tearDownClass): 201 POST http://10.180.1.21/identity/v3/auth/tokens 0.068s
2025-12-02 15:05:20.399 66146 INFO tempest.lib.common.rest_client [req-72fa471a-06ad-4fc5-832e-5344370786e1 req-72fa471a-06ad-4fc5-832e-5344370786e1 ] Request (SecurityGroupRulesNegativeTestJSON:tearDownClass): 200 PUT http://10.180.1.21/networking/v2.0/routers/c0ee5900-aff3-45da-ab1e-2fd18fba1402/remove_router_interface 0.713s
2025-12-02 15:05:20.431 66110 INFO tempest.lib.common.rest_client [req-8ba09a31-3925-43a3-806a-70586b1f9c24 req-8ba09a31-3925-43a3-806a-70586b1f9c24 ] Request (ServerActionsTestJSON:setUpClass): 200 GET http://10.180.1.21/compute/v2.1/servers/b5e3f2b6-8f27-48e9-bb47-d8d3d697f9ed 0.537s
2025-12-02 15:05:20.452 66122 INFO tempest.lib.common.rest_client [req-e70669d4-3fa9-4d95-a098-d5164ab2fd76 req-e70669d4-3fa9-4d95-a098-d5164ab2fd76 ] Request (FlavorsV2TestJSON:test_list_flavors_with_detail): 200 GET http://10.180.1.21/compute/v2.1/flavors/42 0.482s
2025-12-02 15:05:20.507 66134 INFO tempest.lib.common.rest_client [req-c35991c0-47ae-43fb-a64a-e86ecfb2479e req-c35991c0-47ae-43fb-a64a-e86ecfb2479e ] Request (ServersTestJSON:setUpClass): 200 PUT http://10.180.1.21/networking/v2.0/floatingips/6cdfb992-8937-43d4-abd0-80ae1b51cf95 0.537s
2025-12-02 15:05:20.593 66122 INFO tempest.lib.common.rest_client [req-d7de3b16-8380-4cad-a6cd-5d4eaef291a4 req-d7de3b16-8380-4cad-a6cd-5d4eaef291a4 ] Request (FlavorsV2TestJSON:tearDownClass): 204 DELETE http://10.180.1.21/identity/v3/users/4f3d56b4fa0b427db0432fd8eef5da20 0.136s
2025-12-02 15:05:20.594 66122 INFO tempest.lib.common.dynamic_creds [-] Deleting project and security group for project: 2cdfe5d4ebf2469b90a3b3643dc94eaa
2025-12-02 15:05:20.699 66122 INFO tempest.lib.common.rest_client [req-da3e485d-4e18-4fb6-99d5-30360b62cb9c req-da3e485d-4e18-4fb6-99d5-30360b62cb9c ] Request (FlavorsV2TestJSON:tearDownClass): 201 POST http://10.180.1.21/identity/v3/auth/tokens 0.106s
2025-12-02 15:05:20.715 66124 INFO tempest.lib.common.rest_client [req-0e8f9426-3618-4058-96f6-bbc05e987926 req-0e8f9426-3618-4058-96f6-bbc05e987926 ] Request (ImagesDeleteNegativeTestJSON:tearDownClass): 200 GET http://10.180.1.21/networking/v2.0/security-groups?tenant_id=244e74726162464c872b72a4a7fba990&name=default 0.552s
2025-12-02 15:05:20.755 66114 INFO tempest.lib.common.rest_client [req-b8446b5e-f11f-4ef4-9f41-9c8eba2e3b1a req-b8446b5e-f11f-4ef4-9f41-9c8eba2e3b1a ] Request (ServersTestManualDisk:tearDownClass): 200 GET http://10.180.1.21/compute/v2.1/servers/83a9936a-8f1c-4c7c-9dc5-cf34eb0cfae4 0.762s
2025-12-02 15:05:20.953 66122 INFO tempest.lib.common.rest_client [req-9709c5bc-7bef-4e45-ac6e-ced836786532 req-9709c5bc-7bef-4e45-ac6e-ced836786532 ] Request (FlavorsV2TestJSON:tearDownClass): 200 GET http://10.180.1.21/networking/v2.0/security-groups?tenant_id=2cdfe5d4ebf2469b90a3b3643dc94eaa&name=default 0.253s
2025-12-02 15:05:21.025 66146 INFO tempest.lib.common.rest_client [req-35a8c1d4-585b-4247-adf6-5902fb98acb6 req-35a8c1d4-585b-4247-adf6-5902fb98acb6 ] Request (SecurityGroupRulesNegativeTestJSON:tearDownClass): 204 DELETE http://10.180.1.21/networking/v2.0/routers/c0ee5900-aff3-45da-ab1e-2fd18fba1402 0.626s
2025-12-02 15:05:21.050 66124 INFO tempest.lib.common.rest_client [req-bf02663a-fa98-4180-ab7e-84631f92289b req-bf02663a-fa98-4180-ab7e-84631f92289b ] Request (ImagesDeleteNegativeTestJSON:tearDownClass): 204 DELETE http://10.180.1.21/networking/v2.0/security-groups/6af3f47d-d1c9-4c53-aa11-b325166d26b1 0.334s
2025-12-02 15:05:21.090 66136 INFO tempest.lib.common.rest_client [req-09affdac-62ad-4dd9-b397-a25d142ed4b9 req-09affdac-62ad-4dd9-b397-a25d142ed4b9 ] Request (VolumesAdminNegativeTest:tearDownClass): 200 GET http://10.180.1.21/compute/v2.1/servers/f89c5683-702c-44cc-a12b-765cfbec4769 1.035s
2025-12-02 15:05:21.164 66124 INFO tempest.lib.common.rest_client [req-e146876e-2d41-41ed-a15e-94e6f36d11cf req-e146876e-2d41-41ed-a15e-94e6f36d11cf ] Request (ImagesDeleteNegativeTestJSON:tearDownClass): 204 DELETE http://10.180.1.21/identity/v3/projects/244e74726162464c872b72a4a7fba990 0.114s
2025-12-02 15:05:21.188 66122 INFO tempest.lib.common.rest_client [req-b8a46ed3-ebc7-4c5a-b6a4-5d0caccb21fb req-b8a46ed3-ebc7-4c5a-b6a4-5d0caccb21fb ] Request (FlavorsV2TestJSON:tearDownClass): 204 DELETE http://10.180.1.21/networking/v2.0/security-groups/5833be6c-f5d5-4fe7-bb42-1f153d0c7794 0.234s
2025-12-02 15:05:21.234 66167 WARNING tempest.lib.common.ssh [-] Failed to establish authenticated ssh connection to cirros@10.180.180.215 ([Errno None] Unable to connect to port 22 on 10.180.180.215). Number attempts: 7. Retry after 8 seconds.: paramiko.ssh_exception.NoValidConnectionsError: [Errno None] Unable to connect to port 22 on 10.180.180.215
2025-12-02 15:05:21.257 66162 INFO tempest.lib.common.rest_client [req-ad16c39e-f5cd-4a1c-98a9-36369eb928fa req-ad16c39e-f5cd-4a1c-98a9-36369eb928fa ] Request (ImagesNegativeTestJSON:test_create_image_from_deleted_server): 200 GET http://10.180.1.21/compute/v2.1/servers/83bdd11b-1887-49a7-9fc9-bfe6039e0419 1.169s
2025-12-02 15:05:21.266 66124 INFO tempest.lib.common.rest_client [req-8f106df2-29fe-486c-a416-af5b9cf3751a req-8f106df2-29fe-486c-a416-af5b9cf3751a ] Request (ServerRescueTestJSONUnderV235:setUpClass): 201 POST http://10.180.1.21/identity/v3/auth/tokens 0.100s
2025-12-02 15:05:21.281 66146 INFO tempest.lib.common.rest_client [req-a46fb820-4f17-40bf-a3bd-0d757630c111 req-a46fb820-4f17-40bf-a3bd-0d757630c111 ] Request (SecurityGroupRulesNegativeTestJSON:tearDownClass): 204 DELETE http://10.180.1.21/networking/v2.0/subnets/25cb58e2-5d1d-47f5-a175-1642c9394aae 0.255s
2025-12-02 15:05:21.306 66124 INFO tempest.lib.common.rest_client [req-e03551f7-df62-4329-9fb9-bb8c39bfdf5d req-e03551f7-df62-4329-9fb9-bb8c39bfdf5d ] Request (ServerRescueTestJSONUnderV235:setUpClass): 201 POST http://10.180.1.21/identity/v3/auth/tokens 0.036s
2025-12-02 15:05:21.336 66124 INFO tempest.lib.common.rest_client [req-f47c05fa-2bac-46e3-8bbc-45cf66691601 req-f47c05fa-2bac-46e3-8bbc-45cf66691601 ] Request (ServerRescueTestJSONUnderV235:setUpClass): 200 GET http://10.180.1.21/identity/v3/domains?name=Default 0.029s
2025-12-02 15:05:21.338 66116 INFO tempest.lib.common.rest_client [req-d9da2cac-5006-4450-ad6f-907e5b2ad3e5 req-d9da2cac-5006-4450-ad6f-907e5b2ad3e5 ] Request (MultipleCreateTestJSON:test_multiple_create): 200 GET http://10.180.1.21/compute/v2.1/servers/42ff810f-a36a-4b49-9a84-286c835883f2 1.234s
2025-12-02 15:05:21.356 66122 INFO tempest.lib.common.rest_client [req-b0e2f4a2-3154-4428-bab1-d348ea4c3711 req-b0e2f4a2-3154-4428-bab1-d348ea4c3711 ] Request (FlavorsV2TestJSON:tearDownClass): 204 DELETE http://10.180.1.21/identity/v3/projects/2cdfe5d4ebf2469b90a3b3643dc94eaa 0.167s
2025-12-02 15:05:21.388 66122 INFO tempest.lib.common.rest_client [req-3718ca30-6369-41cc-8f22-465c28570265 req-3718ca30-6369-41cc-8f22-465c28570265 ] Request (ListImageFiltersNegativeTestJSON:setUpClass): 201 POST http://10.180.1.21/identity/v3/auth/tokens 0.030s
2025-12-02 15:05:21.403 66124 INFO tempest.lib.common.rest_client [req-17d7705f-518f-49a2-a129-7e97272edbc1 req-17d7705f-518f-49a2-a129-7e97272edbc1 ] Request (ServerRescueTestJSONUnderV235:setUpClass): 201 POST http://10.180.1.21/identity/v3/projects 0.067s
2025-12-02 15:05:21.419 66112 INFO tempest.lib.common.rest_client [req-ce0f9c85-c549-455d-bbd5-e07ac6ac3602 req-ce0f9c85-c549-455d-bbd5-e07ac6ac3602 ] Request (ServerShowV247Test:test_update_rebuild_list_server): 200 GET http://10.180.1.21/compute/v2.1/servers/b6e1a28f-1274-493f-b3a1-4c72967875f9 1.229s
2025-12-02 15:05:21.453 66168 INFO tempest.lib.common.rest_client [req-0ccac522-0770-418a-b960-191e60d58368 req-0ccac522-0770-418a-b960-191e60d58368 ] Request (ServerGroupTestJSON:test_create_server_with_scheduler_hint_group): 202 POST http://10.180.1.21/compute/v2.1/servers 1.540s
2025-12-02 15:05:21.466 66122 INFO tempest.lib.common.rest_client [req-c5efcb51-6728-49bb-bbe5-25062e8d754c req-c5efcb51-6728-49bb-bbe5-25062e8d754c ] Request (ListImageFiltersNegativeTestJSON:setUpClass): 201 POST http://10.180.1.21/identity/v3/auth/tokens 0.074s
2025-12-02 15:05:21.500 66124 INFO tempest.lib.common.rest_client [req-f3e538fb-b9e0-41d8-b74a-61b2859b36dd req-f3e538fb-b9e0-41d8-b74a-61b2859b36dd ] Request (ServerRescueTestJSONUnderV235:setUpClass): 201 POST http://10.180.1.21/identity/v3/users 0.096s
2025-12-02 15:05:21.519 66122 INFO tempest.lib.common.rest_client [req-3abe5564-6c3d-4923-a14d-546419c298c5 req-3abe5564-6c3d-4923-a14d-546419c298c5 ] Request (ListImageFiltersNegativeTestJSON:setUpClass): 200 GET http://10.180.1.21/identity/v3/domains?name=Default 0.053s
2025-12-02 15:05:21.533 66124 INFO tempest.lib.common.rest_client [req-66ea08cb-44e3-422f-9af0-32a260c2f4e8 req-66ea08cb-44e3-422f-9af0-32a260c2f4e8 ] Request (ServerRescueTestJSONUnderV235:setUpClass): 200 GET http://10.180.1.21/identity/v3/roles 0.032s
2025-12-02 15:05:21.538 66132 INFO tempest.lib.common.rest_client [req-2e017dcb-2cde-4671-a72e-d9f8c5648b88 req-2e017dcb-2cde-4671-a72e-d9f8c5648b88 ] Request (ImagesOneServerNegativeTestJSON:setUpClass): 200 GET http://10.180.1.21/compute/v2.1/servers/4b8df03c-4bdd-4838-a6b8-c55d4b951ccd 1.245s
2025-12-02 15:05:21.564 66122 INFO tempest.lib.common.rest_client [req-a6761971-697a-45e2-afe1-f1b2e65a10d5 req-a6761971-697a-45e2-afe1-f1b2e65a10d5 ] Request (ListImageFiltersNegativeTestJSON:setUpClass): 201 POST http://10.180.1.21/identity/v3/projects 0.044s
2025-12-02 15:05:21.564 66118 INFO tempest.lib.common.rest_client [req-0ccb273d-6765-42c2-b9a3-830c9e1c6c42 req-0ccb273d-6765-42c2-b9a3-830c9e1c6c42 ] Request (ServersListShow298Test:test_list_show_update_rebuild_server_298): 200 GET http://10.180.1.21/compute/v2.1/servers/52d84788-73f1-4816-a6ae-0d2bb2de6daf 1.260s
2025-12-02 15:05:21.582 66124 INFO tempest.lib.common.rest_client [req-dc20f86e-4d50-449d-aa22-511a01f277f2 req-dc20f86e-4d50-449d-aa22-511a01f277f2 ] Request (ServerRescueTestJSONUnderV235:setUpClass): 204 PUT http://10.180.1.21/identity/v3/projects/bb84df330c5d497e9541fc9bbc4fed26/users/e6f1080249804c03af63f48e5a3af6e1/roles/794219207442444e9c94aa72c2b22b32 0.048s
2025-12-02 15:05:21.582 66124 INFO tempest.lib.common.dynamic_creds [-] Dynamic test user e6f1080249804c03af63f48e5a3af6e1 is created with scope project and roles: ['member']
2025-12-02 15:05:21.582 66124 INFO tempest.lib.common.dynamic_creds [-] Acquired dynamic creds: credentials: Credentials: {'domain_id': 'default', 'domain_name': 'Default', 'username': 'tempest-ServerRescueTestJSONUnderV235-281470977-project-member', 'project_domain_id': 'default', 'project_domain_name': 'Default', 'project_id': 'bb84df330c5d497e9541fc9bbc4fed26', 'project_name': 'tempest-ServerRescueTestJSONUnderV235-281470977', 'tenant_id': 'bb84df330c5d497e9541fc9bbc4fed26', 'tenant_name': 'tempest-ServerRescueTestJSONUnderV235-281470977', 'user_domain_id': 'default', 'user_domain_name': 'Default', 'user_id': 'e6f1080249804c03af63f48e5a3af6e1', 'system': None}, Network: None, Subnet: None, Router: None
2025-12-02 15:05:21.631 66128 INFO tempest.lib.common.rest_client [req-af047175-aae8-417a-85c6-c1485e65af96 req-af047175-aae8-417a-85c6-c1485e65af96 ] Request (ListImageFiltersTestJSON:setUpClass): 200 GET http://10.180.1.21/compute/v2.1/servers/2f1c2425-2844-4556-a871-d26d28199f63 1.288s
2025-12-02 15:05:21.651 66120 INFO tempest.lib.common.rest_client [req-ac2cd164-20f1-4ebe-8561-b91d59b4cd78 req-ac2cd164-20f1-4ebe-8561-b91d59b4cd78 ] Request (FloatingIPsAssociationTestJSON:tearDownClass): 200 GET http://10.180.1.21/compute/v2.1/servers/46650d97-b09a-41ee-b370-45251234953d 1.288s
2025-12-02 15:05:21.655 66146 INFO tempest.lib.common.rest_client [req-a1d83a67-0d0c-428a-89eb-a26253f1a1eb req-a1d83a67-0d0c-428a-89eb-a26253f1a1eb ] Request (SecurityGroupRulesNegativeTestJSON:tearDownClass): 204 DELETE http://10.180.1.21/networking/v2.0/networks/fbae54e2-3a98-4311-81e4-87c70c6efffa 0.373s
2025-12-02 15:05:21.672 66124 INFO tempest.lib.common.rest_client [req-3541dff6-44b5-46b7-bf67-19c6cb7eff66 req-3541dff6-44b5-46b7-bf67-19c6cb7eff66 ] Request (ServerRescueTestJSONUnderV235:setUpClass): 201 POST http://10.180.1.21/identity/v3/auth/tokens 0.090s
2025-12-02 15:05:21.683 66122 INFO tempest.lib.common.rest_client [req-ceca005f-1ec0-428f-a358-50f70909263d req-ceca005f-1ec0-428f-a358-50f70909263d ] Request (ListImageFiltersNegativeTestJSON:setUpClass): 201 POST http://10.180.1.21/identity/v3/users 0.119s
2025-12-02 15:05:21.712 66160 INFO tempest.lib.common.rest_client [req-14b90a4b-24bc-48fd-b310-a1d6619d69cc req-14b90a4b-24bc-48fd-b310-a1d6619d69cc ] Request (MigrationsAdminTest:test_resize_server_revert_deleted_flavor): 200 GET http://10.180.1.21/compute/v2.1/servers/ec9bedcd-81b9-460d-bead-1064f73bf39e 1.326s
2025-12-02 15:05:21.729 66130 INFO tempest.lib.common.rest_client [req-ddd4637b-19bc-4dae-b296-6bf1d4254890 req-ddd4637b-19bc-4dae-b296-6bf1d4254890 ] Request (ServersAdminNegativeTestJSON:setUpClass): 200 GET http://10.180.1.21/compute/v2.1/servers/a71d34e2-05b0-428b-b5bb-d5c4e03fb743 1.296s
2025-12-02 15:05:21.754 66146 INFO tempest.lib.common.rest_client [req-d9296237-972d-45bf-9e2a-04a5b7a8c647 req-d9296237-972d-45bf-9e2a-04a5b7a8c647 ] Request (SecurityGroupRulesNegativeTestJSON:tearDownClass): 204 DELETE http://10.180.1.21/identity/v3/users/6d505d967f8d458e8cd3861f17806a6b 0.098s
2025-12-02 15:05:21.754 66146 INFO tempest.lib.common.dynamic_creds [-] Deleting project and security group for project: fa75864467d047f3897f8de91dfef332
2025-12-02 15:05:21.785 66146 INFO tempest.lib.common.rest_client [req-120970ba-fd07-46cd-9667-37cceeefba38 req-120970ba-fd07-46cd-9667-37cceeefba38 ] Request (SecurityGroupRulesNegativeTestJSON:tearDownClass): 200 GET http://10.180.1.21/networking/v2.0/security-groups?tenant_id=fa75864467d047f3897f8de91dfef332&name=default 0.030s
2025-12-02 15:05:21.814 66122 INFO tempest.lib.common.rest_client [req-b3bb7348-82a7-4529-8fa6-d2c19e1ce6ec req-b3bb7348-82a7-4529-8fa6-d2c19e1ce6ec ] Request (ListImageFiltersNegativeTestJSON:setUpClass): 200 GET http://10.180.1.21/identity/v3/roles 0.130s
2025-12-02 15:05:21.845 66122 INFO tempest.lib.common.rest_client [req-a69344af-06bf-46ea-a37e-a422ffdfcc32 req-a69344af-06bf-46ea-a37e-a422ffdfcc32 ] Request (ListImageFiltersNegativeTestJSON:setUpClass): 204 PUT http://10.180.1.21/identity/v3/projects/5e201388dbf54a3e82b24a36cc411590/users/10ca3b61e1894a43a2a59f558e97711c/roles/794219207442444e9c94aa72c2b22b32 0.030s
2025-12-02 15:05:21.845 66122 INFO tempest.lib.common.dynamic_creds [-] Dynamic test user 10ca3b61e1894a43a2a59f558e97711c is created with scope project and roles: ['member']
2025-12-02 15:05:21.845 66122 INFO tempest.lib.common.dynamic_creds [-] Acquired dynamic creds: credentials: Credentials: {'domain_id': 'default', 'domain_name': 'Default', 'username': 'tempest-ListImageFiltersNegativeTestJSON-153612775-project-member', 'project_domain_id': 'default', 'project_domain_name': 'Default', 'project_id': '5e201388dbf54a3e82b24a36cc411590', 'project_name': 'tempest-ListImageFiltersNegativeTestJSON-153612775', 'tenant_id': '5e201388dbf54a3e82b24a36cc411590', 'tenant_name': 'tempest-ListImageFiltersNegativeTestJSON-153612775', 'user_domain_id': 'default', 'user_domain_name': 'Default', 'user_id': '10ca3b61e1894a43a2a59f558e97711c', 'system': None}, Network: None, Subnet: None, Router: None
2025-12-02 15:05:21.845 66122 INFO tempest.lib.common.dynamic_creds [-] Created isolated network resources for: credentials: Credentials: {'domain_id': 'default', 'domain_name': 'Default', 'username': 'tempest-ListImageFiltersNegativeTestJSON-153612775-project-member', 'project_domain_id': 'default', 'project_domain_name': 'Default', 'project_id': '5e201388dbf54a3e82b24a36cc411590', 'project_name': 'tempest-ListImageFiltersNegativeTestJSON-153612775', 'tenant_id': '5e201388dbf54a3e82b24a36cc411590', 'tenant_name': 'tempest-ListImageFiltersNegativeTestJSON-153612775', 'user_domain_id': 'default', 'user_domain_name': 'Default', 'user_id': '10ca3b61e1894a43a2a59f558e97711c', 'system': None}, Network: None, Subnet: None, Router: None
2025-12-02 15:05:21.847 66150 INFO tempest.lib.common.rest_client [req-e5f609d2-2dec-40f9-bc6e-ebc4f95c98c1 req-e5f609d2-2dec-40f9-bc6e-ebc4f95c98c1 ] Request (InstanceActionsNegativeTestJSON:tearDownClass): 200 GET http://10.180.1.21/compute/v2.1/servers/85ed39c3-2d1a-4c2f-82cf-1c1b97346c70 1.384s
2025-12-02 15:05:21.931 66146 INFO tempest.lib.common.rest_client [req-bdcaf168-419f-4ca6-8e4b-202507e6b523 req-bdcaf168-419f-4ca6-8e4b-202507e6b523 ] Request (SecurityGroupRulesNegativeTestJSON:tearDownClass): 204 DELETE http://10.180.1.21/networking/v2.0/security-groups/581c6480-4323-4572-af49-a027a2057d53 0.146s
2025-12-02 15:05:21.948 66122 INFO tempest.lib.common.rest_client [req-68595d00-ccf9-49d4-aca4-590868961cf2 req-68595d00-ccf9-49d4-aca4-590868961cf2 ] Request (ListImageFiltersNegativeTestJSON:setUpClass): 201 POST http://10.180.1.21/identity/v3/auth/tokens 0.100s
2025-12-02 15:05:21.978 66134 INFO tempest.lib.common.rest_client [req-f09349bf-7dd1-4dca-a2d6-bf711f926b67 req-f09349bf-7dd1-4dca-a2d6-bf711f926b67 ] Request (ServersTestJSON:setUpClass): 200 GET http://10.180.1.21/compute/v2.1/servers/84447a7b-cc05-4218-8196-9205878b447e 1.470s
2025-12-02 15:05:21.988 66134 INFO tempest.lib.common.ssh [-] Creating ssh connection to '10.180.180.185:22' as 'cirros' with public key authentication
2025-12-02 15:05:21.989 66154 INFO tempest.lib.common.rest_client [req-f0c77eb1-d3f2-4b3b-bb24-bd2d48511461 req-f0c77eb1-d3f2-4b3b-bb24-bd2d48511461 ] Request (ListServerFiltersTestJSON:setUpClass): 200 GET http://10.180.1.21/compute/v2.1/servers/6fe5899b-aaea-4f43-b3b8-c87a16d1ba95 1.477s
2025-12-02 15:05:22.055 66146 INFO tempest.lib.common.rest_client [req-40651aed-337e-4c53-a86a-01527c75a194 req-40651aed-337e-4c53-a86a-01527c75a194 ] Request (SecurityGroupRulesNegativeTestJSON:tearDownClass): 204 DELETE http://10.180.1.21/identity/v3/projects/fa75864467d047f3897f8de91dfef332 0.123s
2025-12-02 15:05:22.073 66124 INFO tempest.lib.common.rest_client [req-4accdeb4-7855-433b-99fd-129311912089 req-4accdeb4-7855-433b-99fd-129311912089 ] Request (ServerRescueTestJSONUnderV235:setUpClass): 201 POST http://10.180.1.21/networking/v2.0/networks 0.400s
2025-12-02 15:05:22.099 66142 INFO tempest.lib.common.rest_client [req-ce56af49-9e9b-4109-ac4f-8e0f485f94a1 req-ce56af49-9e9b-4109-ac4f-8e0f485f94a1 ] Request (ServerDiagnosticsNegativeTest:tearDownClass): 200 GET http://10.180.1.21/compute/v2.1/servers/496575b8-213d-4faf-99ea-ed096cb907b9 1.493s
2025-12-02 15:05:22.133 66146 INFO tempest.lib.common.rest_client [req-f231159f-33a8-4e1f-b2f6-2b973e60245b req-f231159f-33a8-4e1f-b2f6-2b973e60245b ] Request (ServersV294TestFqdnHostnames:setUpClass): 201 POST http://10.180.1.21/identity/v3/auth/tokens 0.074s
2025-12-02 15:05:22.168 66156 INFO tempest.lib.common.rest_client [req-b12c6dad-5d15-464a-b346-31c351a3d391 req-b12c6dad-5d15-464a-b346-31c351a3d391 ] Request (ServerDiskConfigTestJSON:test_rebuild_server_with_auto_disk_config): 200 GET http://10.180.1.21/compute/v2.1/servers/efb4d3c0-983c-4b56-a593-e8a2d31cf488 1.578s
2025-12-02 15:05:22.184 66146 INFO tempest.lib.common.rest_client [req-bf2c92f1-fd2f-460a-9c53-060736ec3e10 req-bf2c92f1-fd2f-460a-9c53-060736ec3e10 ] Request (ServersV294TestFqdnHostnames:setUpClass): 201 POST http://10.180.1.21/identity/v3/auth/tokens 0.047s
2025-12-02 15:05:22.185 66152 INFO tempest.lib.common.rest_client [req-7a5d8309-7403-47fe-9b26-97cc25724cb8 req-7a5d8309-7403-47fe-9b26-97cc25724cb8 ] Request (ServersWithSpecificFlavorTestJSON:test_verify_created_server_ephemeral_disk): 200 GET http://10.180.1.21/compute/v2.1/servers/449f08fd-bffb-4f29-b195-45042cbaa2e8 1.532s
2025-12-02 15:05:22.225 66146 INFO tempest.lib.common.rest_client [req-e3760f0b-9bbd-447e-b3a6-fcef83fe357c req-e3760f0b-9bbd-447e-b3a6-fcef83fe357c ] Request (ServersV294TestFqdnHostnames:setUpClass): 200 GET http://10.180.1.21/identity/v3/domains?name=Default 0.039s
2025-12-02 15:05:22.251 66108 INFO tempest.lib.common.rest_client [req-dfa3c9a2-7f18-418d-9b67-d522cbf0a7b6 req-dfa3c9a2-7f18-418d-9b67-d522cbf0a7b6 ] Request (ImagesTestJSON:test_create_image_from_suspended_server): 200 GET http://10.180.1.21/compute/v2.1/servers/63504ab3-8f56-450a-a10b-7eac4d408823 1.547s
2025-12-02 15:05:22.257 66144 INFO tempest.lib.common.rest_client [req-54042b8d-2f2c-4922-a0d4-7203b86c5032 req-54042b8d-2f2c-4922-a0d4-7203b86c5032 ] Request (ServersAdminTestJSON:test_inject_network_info): 200 GET http://10.180.1.21/compute/v2.1/servers/df063b88-cb08-4fe1-ad0b-5ad8cba6ea89 1.424s
