2025-12-09 04:46:23.584 65453 INFO tempest.lib.common.rest_client [req-c9404db7-30b5-4c31-9928-f4774ad365cd req-c9404db7-30b5-4c31-9928-f4774ad365cd ] Request (MultipleCreateNegativeTestJSON:setUpClass): 201 POST http://10.180.1.21/identity/v3/auth/tokens 0.097s
2025-12-09 04:46:23.616 65453 INFO tempest.lib.common.rest_client [req-caf5d7c3-174b-4c2f-b88f-c1a77c129329 req-caf5d7c3-174b-4c2f-b88f-c1a77c129329 ] Request (MultipleCreateNegativeTestJSON:setUpClass): 201 POST http://10.180.1.21/identity/v3/auth/tokens 0.029s
2025-12-09 04:46:23.648 65453 INFO tempest.lib.common.rest_client [req-a29b2970-2dac-4fcc-b666-ca41b7d63385 req-a29b2970-2dac-4fcc-b666-ca41b7d63385 ] Request (MultipleCreateNegativeTestJSON:setUpClass): 200 GET http://10.180.1.21/identity/v3/domains?name=Default 0.031s
2025-12-09 04:46:23.692 65453 INFO tempest.lib.common.rest_client [req-d0a059ed-4663-41a0-a402-41eb31ad427b req-d0a059ed-4663-41a0-a402-41eb31ad427b ] Request (MultipleCreateNegativeTestJSON:setUpClass): 201 POST http://10.180.1.21/identity/v3/projects 0.043s
2025-12-09 04:46:23.773 65453 INFO tempest.lib.common.rest_client [req-2c6e0be4-5223-4b0b-80dc-323a15a7e9be req-2c6e0be4-5223-4b0b-80dc-323a15a7e9be ] Request (MultipleCreateNegativeTestJSON:setUpClass): 201 POST http://10.180.1.21/identity/v3/users 0.080s
2025-12-09 04:46:23.816 65453 INFO tempest.lib.common.rest_client [req-10df83ed-e396-4bd3-9616-150617e29edd req-10df83ed-e396-4bd3-9616-150617e29edd ] Request (MultipleCreateNegativeTestJSON:setUpClass): 200 GET http://10.180.1.21/identity/v3/roles 0.042s
2025-12-09 04:46:23.834 65441 INFO tempest.lib.common.rest_client [req-a5375876-5a6b-4ef4-8266-a6285f388d99 req-a5375876-5a6b-4ef4-8266-a6285f388d99 ] Request (AttachInterfacesV270Test:tearDownClass): 204 DELETE http://10.180.1.21/networking/v2.0/routers/37b5bdfe-0d02-4af4-8047-1e8aa70505c9 0.602s
2025-12-09 04:46:23.855 65453 INFO tempest.lib.common.rest_client [req-9e1a0e64-c01a-4fef-8d42-60f411a6db96 req-9e1a0e64-c01a-4fef-8d42-60f411a6db96 ] Request (MultipleCreateNegativeTestJSON:setUpClass): 204 PUT http://10.180.1.21/identity/v3/projects/dca2449e1a2e47bda01dda24906d192e/users/d4266217a3494cc187e64cc664197c91/roles/d960c854b5064d88a06c0b15cc9d52bd 0.039s
2025-12-09 04:46:23.856 65453 INFO tempest.lib.common.dynamic_creds [-] Dynamic test user d4266217a3494cc187e64cc664197c91 is created with scope project and roles: ['member']
2025-12-09 04:46:23.856 65453 INFO tempest.lib.common.dynamic_creds [-] Acquired dynamic creds: credentials: Credentials: {'domain_id': 'default', 'domain_name': 'Default', 'username': 'tempest-MultipleCreateNegativeTestJSON-480854520-project-member', 'project_domain_id': 'default', 'project_domain_name': 'Default', 'project_id': 'dca2449e1a2e47bda01dda24906d192e', 'project_name': 'tempest-MultipleCreateNegativeTestJSON-480854520', 'tenant_id': 'dca2449e1a2e47bda01dda24906d192e', 'tenant_name': 'tempest-MultipleCreateNegativeTestJSON-480854520', 'user_domain_id': 'default', 'user_domain_name': 'Default', 'user_id': 'd4266217a3494cc187e64cc664197c91', 'system': None}, Network: None, Subnet: None, Router: None
2025-12-09 04:46:23.857 65453 INFO tempest.lib.common.dynamic_creds [-] Created isolated network resources for: credentials: Credentials: {'domain_id': 'default', 'domain_name': 'Default', 'username': 'tempest-MultipleCreateNegativeTestJSON-480854520-project-member', 'project_domain_id': 'default', 'project_domain_name': 'Default', 'project_id': 'dca2449e1a2e47bda01dda24906d192e', 'project_name': 'tempest-MultipleCreateNegativeTestJSON-480854520', 'tenant_id': 'dca2449e1a2e47bda01dda24906d192e', 'tenant_name': 'tempest-MultipleCreateNegativeTestJSON-480854520', 'user_domain_id': 'default', 'user_domain_name': 'Default', 'user_id': 'd4266217a3494cc187e64cc664197c91', 'system': None}, Network: None, Subnet: None, Router: None
2025-12-09 04:46:23.872 65471 INFO tempest.lib.common.rest_client [req-01d37ab1-f673-46e2-83e1-5eef7e0efe0d req-01d37ab1-f673-46e2-83e1-5eef7e0efe0d ] Request (SecurityGroupsTestJSON:test_list_security_groups_by_server): 200 GET http://10.180.1.21/compute/v2.1/servers/e6730cd6-32c4-4ad7-ae30-5880fb953024 3.213s
2025-12-09 04:46:23.894 65427 INFO tempest.lib.common.rest_client [req-f87c2b17-e7e4-4388-9643-392fbf400fd3 req-f87c2b17-e7e4-4388-9643-392fbf400fd3 ] Request (ServersAdminTestJSON:test_create_server_with_scheduling_hint): 200 GET http://10.180.1.21/compute/v2.1/servers/fc7b7a48-19b2-4631-9e67-eb7d33031a8b 3.210s
2025-12-09 04:46:23.967 65453 INFO tempest.lib.common.rest_client [req-119efad7-7995-45d2-bd65-210a09a22276 req-119efad7-7995-45d2-bd65-210a09a22276 ] Request (MultipleCreateNegativeTestJSON:setUpClass): 201 POST http://10.180.1.21/identity/v3/auth/tokens 0.106s
2025-12-09 04:46:24.011 65453 INFO tempest.lib.common.rest_client [req-e2359aa4-2eff-4c3b-beab-6dbbfc329e7f req-e2359aa4-2eff-4c3b-beab-6dbbfc329e7f ] Request (MultipleCreateNegativeTestJSON:test_max_count_less_than_min_count): 201 POST http://10.180.1.21/identity/v3/auth/tokens 0.039s
2025-12-09 04:46:24.011 65453 INFO tempest.lib.common.fixed_network [-] (MultipleCreateNegativeTestJSON:test_max_count_less_than_min_count) Found network None available for tenant
2025-12-09 04:46:24.285 65447 INFO tempest.lib.common.rest_client [req-da68f964-42ac-4f54-9408-2c4cea0e6eea req-da68f964-42ac-4f54-9408-2c4cea0e6eea ] Request (FloatingIPDetailsTestJSON:setUpClass): 200 PUT http://10.180.1.21/networking/v2.0/routers/10563ea8-0398-401f-82e1-3eb787d3c5ca/add_router_interface 1.139s
2025-12-09 04:46:24.286 65447 INFO tempest.lib.common.dynamic_creds [-] Created isolated network resources for: credentials: Credentials: {'domain_id': 'default', 'domain_name': 'Default', 'username': 'tempest-FloatingIPDetailsTestJSON-347824587-project-member', 'project_domain_id': 'default', 'project_domain_name': 'Default', 'project_id': '79d38e728fa34243bbe0121a3e69f8c0', 'project_name': 'tempest-FloatingIPDetailsTestJSON-347824587', 'tenant_id': '79d38e728fa34243bbe0121a3e69f8c0', 'tenant_name': 'tempest-FloatingIPDetailsTestJSON-347824587', 'user_domain_id': 'default', 'user_domain_name': 'Default', 'user_id': 'a235fe2d29e74c93902d7f04cc997bd9', 'system': None}, Network: {'id': '91d2957e-8573-45b3-83f6-7d70e7532a8f', 'name': 'tempest-FloatingIPDetailsTestJSON-1416614832-network', 'tenant_id': '79d38e728fa34243bbe0121a3e69f8c0', 'project_id': '79d38e728fa34243bbe0121a3e69f8c0', 'admin_state_up': True, 'mtu': 8950, 'status': 'ACTIVE', 'subnets': [], 'shared': False, 'port_security_enabled': True, 'router:external': False, 'provider:network_type': 'vlan', 'provider:physical_network': 'default', 'provider:segmentation_id': 602, 'availability_zone_hints': [], 'availability_zones': [], 'ipv4_address_scope': None, 'ipv6_address_scope': None, 'description': '', 'tags': [], 'created_at': '2025-12-09T04:46:21Z', 'updated_at': '2025-12-09T04:46:21Z', 'revision_number': 1}, Subnet: {'id': '19138625-f6e8-42ef-b903-013bda4fc392', 'name': 'tempest-FloatingIPDetailsTestJSON-1416614832-subnet', 'tenant_id': '79d38e728fa34243bbe0121a3e69f8c0', 'network_id': '91d2957e-8573-45b3-83f6-7d70e7532a8f', 'ip_version': 4, 'subnetpool_id': None, 'enable_dhcp': True, 'ipv6_ra_mode': None, 'ipv6_address_mode': None, 'gateway_ip': '192.168.128.1', 'cidr': '192.168.128.0/28', 'allocation_pools': [{'start': '192.168.128.2', 'end': '192.168.128.14'}], 'host_routes': [], 'dns_nameservers': [], 'description': '', 'router:external': False, 'service_types': [], 'tags': [], 'created_at': '2025-12-09T04:46:21Z', 'updated_at': '2025-12-09T04:46:21Z', 'revision_number': 0, 'project_id': '79d38e728fa34243bbe0121a3e69f8c0'}, Router: {'id': '10563ea8-0398-401f-82e1-3eb787d3c5ca', 'name': 'tempest-FloatingIPDetailsTestJSON-1416614832-router', 'tenant_id': '79d38e728fa34243bbe0121a3e69f8c0', 'admin_state_up': True, 'status': 'ACTIVE', 'external_gateway_info': {'network_id': '69dccdf5-89cd-48e3-adb5-0f621798403d', 'external_fixed_ips': [{'subnet_id': '5293f9a6-792e-441d-87ab-8e3a4a8e30e8', 'ip_address': '10.180.180.140'}], 'enable_snat': True}, 'description': '', 'availability_zones': [], 'distributed': False, 'ha': False, 'availability_zone_hints': [], 'routes': [], 'flavor_id': None, 'tags': [], 'created_at': '2025-12-09T04:46:22Z', 'updated_at': '2025-12-09T04:46:22Z', 'revision_number': 2, 'project_id': '79d38e728fa34243bbe0121a3e69f8c0'}
2025-12-09 04:46:24.369 65441 INFO tempest.lib.common.rest_client [req-837a55f0-c1b7-45b0-a9d0-3a60367c9a04 req-837a55f0-c1b7-45b0-a9d0-3a60367c9a04 ] Request (AttachInterfacesV270Test:tearDownClass): 204 DELETE http://10.180.1.21/networking/v2.0/subnets/1a05b80b-4f44-4230-baa6-e6ee8e654e25 0.534s
2025-12-09 04:46:24.370 65447 INFO tempest.lib.common.rest_client [req-be5e3898-419f-4242-93e4-8d336188c3de req-be5e3898-419f-4242-93e4-8d336188c3de ] Request (FloatingIPDetailsTestJSON:setUpClass): 201 POST http://10.180.1.21/identity/v3/auth/tokens 0.081s
2025-12-09 04:46:24.411 65467 INFO tempest.lib.common.rest_client [req-ddc24977-f2bd-497c-9080-418833c7fbc0 req-ddc24977-f2bd-497c-9080-418833c7fbc0 ] Request (ListImageFiltersTestJSON:setUpClass): 200 GET http://10.180.1.21/compute/v2.1/servers/a2c18d98-ced1-43ac-8963-cfde90cc4e25 3.636s
2025-12-09 04:46:24.418 65467 INFO tempest.common.waiters [-] State transition "BUILD/spawning" ==> "ACTIVE/None" after 35 second wait
2025-12-09 04:46:24.496 65477 INFO tempest.lib.common.rest_client [req-09b5a05c-48bc-4f4e-ac61-127bbbb61b5d req-09b5a05c-48bc-4f4e-ac61-127bbbb61b5d ] Request (ServersAdminNegativeTestJSON:test_migrate_server_invalid_state): 200 GET http://10.180.1.21/compute/v2.1/servers/7e587105-42c0-48a0-a384-e06a4f97e49c 3.568s
2025-12-09 04:46:24.640 65456 INFO tempest.lib.common.rest_client [req-e9178fb8-7ddd-4c3b-afa8-30a2fd8bb225 req-e9178fb8-7ddd-4c3b-afa8-30a2fd8bb225 ] Request (InstanceActionsNegativeTestJSON:setUpClass): 200 GET http://10.180.1.21/compute/v2.1/servers/050605ef-6e5c-4164-9d16-ae93e62aa2c7 3.559s
2025-12-09 04:46:24.671 65461 INFO tempest.lib.common.rest_client [req-5e2ccb7f-83b3-49e9-a04b-1881c86fe6af req-5e2ccb7f-83b3-49e9-a04b-1881c86fe6af ] Request (ServerTagsTestJSON:setUpClass): 200 GET http://10.180.1.21/compute/v2.1/servers/e1174c3f-77cc-48a5-9864-66599cc6b070 3.712s
2025-12-09 04:46:24.676 65475 INFO tempest.lib.common.rest_client [req-246333f1-c1b0-4007-8eb5-611ea5150cb9 req-246333f1-c1b0-4007-8eb5-611ea5150cb9 ] Request (AggregatesAdminNegativeTestJSON:test_aggregate_get_details_as_user): 403 GET http://10.180.1.21/compute/v2.1/os-aggregates/6 3.409s
2025-12-09 04:46:24.683 65481 INFO tempest.lib.common.rest_client [req-4d7d62e0-f1c8-470a-908e-97a1942172ef req-4d7d62e0-f1c8-470a-908e-97a1942172ef ] Request (VolumesAdminNegativeTest:tearDownClass): 404 GET http://10.180.1.21/compute/v2.1/servers/35b98776-d8b8-4eed-bc0f-f59ab5f3ca5f 3.597s
2025-12-09 04:46:24.686 65461 INFO tempest.common.waiters [-] State transition "BUILD/spawning" ==> "ACTIVE/None" after 30 second wait
2025-12-09 04:46:24.780 65441 INFO tempest.lib.common.rest_client [req-65866f33-bf30-44f2-8f86-1c4e909e76b6 req-65866f33-bf30-44f2-8f86-1c4e909e76b6 ] Request (AttachInterfacesV270Test:tearDownClass): 204 DELETE http://10.180.1.21/networking/v2.0/networks/c2c91bf4-96f4-40c7-94f8-3bc776298528 0.410s
2025-12-09 04:46:24.900 65451 INFO tempest.lib.common.rest_client [req-ddad681f-9392-4c6c-bcef-c20ab0c18fb3 req-ddad681f-9392-4c6c-bcef-c20ab0c18fb3 ] Request (SecurityGroupRulesNegativeTestJSON:test_create_security_group_rule_with_invalid_ip_protocol): 200 POST http://10.180.1.21/compute/v2.1/os-security-groups 3.626s
2025-12-09 04:46:24.925 65489 INFO tempest.lib.common.rest_client [req-79f65e0a-f90f-4262-9fbd-536c8bd995d4 req-79f65e0a-f90f-4262-9fbd-536c8bd995d4 ] Request (ServerDiskConfigTestJSON:test_rebuild_server_with_auto_disk_config): 200 GET http://10.180.1.21/compute/v2.1/servers/68147a8b-f03b-4e2c-90eb-93e2fe243b7b 3.647s
2025-12-09 04:46:24.928 65441 INFO tempest.lib.common.rest_client [req-6c885c13-4b60-4d41-bba2-d47c13af060b req-6c885c13-4b60-4d41-bba2-d47c13af060b ] Request (AttachInterfacesV270Test:tearDownClass): 204 DELETE http://10.180.1.21/identity/v3/users/e9c7a896fcdf4cbaa68817d2ed0a6384 0.148s
2025-12-09 04:46:24.929 65441 INFO tempest.lib.common.dynamic_creds [-] Deleting project and security group for project: 8d4c568c4bd74ce0ad773e621ab10885
2025-12-09 04:46:24.931 65435 INFO tempest.lib.common.rest_client [req-b7c8d57a-532e-42ab-86a6-4ef18bd32339 req-b7c8d57a-532e-42ab-86a6-4ef18bd32339 ] Request (FlavorsAdminTestJSON:_run_cleanups): 200 GET http://10.180.1.21/compute/v2.1/flavors/detail 3.635s
2025-12-09 04:46:24.951 65479 INFO tempest.lib.common.rest_client [req-f7dad049-9266-499c-8988-39367a4cfbc5 req-f7dad049-9266-499c-8988-39367a4cfbc5 ] Request (FlavorsAccessNegativeTestJSON:_run_cleanups): 200 GET http://10.180.1.21/compute/v2.1/flavors/detail 3.629s
2025-12-09 04:46:24.967 65441 INFO tempest.lib.common.rest_client [req-6626dea1-4a93-4df3-a9b9-b57851b1cedd req-6626dea1-4a93-4df3-a9b9-b57851b1cedd ] Request (AttachInterfacesV270Test:tearDownClass): 200 GET http://10.180.1.21/networking/v2.0/security-groups?tenant_id=8d4c568c4bd74ce0ad773e621ab10885&name=default 0.038s
2025-12-09 04:46:24.979 65459 INFO tempest.lib.common.rest_client [req-5a1ad2e3-7307-4f2f-9228-a0abafff631a req-5a1ad2e3-7307-4f2f-9228-a0abafff631a ] Request (ImagesOneServerTestJSON:test_create_delete_image): 200 GET http://10.180.1.21/compute/v2.1/images/0f0652ea-cd80-466d-8ff7-78ac62e73d02 3.649s
2025-12-09 04:46:25.014 65429 INFO tempest.lib.common.rest_client [req-6a9fb6e8-c30c-4edb-94ef-cf9598330fff req-6a9fb6e8-c30c-4edb-94ef-cf9598330fff ] Request (KeyPairsV2TestJSON:test_keypairs_create_list_delete): 200 POST http://10.180.1.21/compute/v2.1/os-keypairs 3.640s
2025-12-09 04:46:25.042 65443 INFO tempest.lib.common.rest_client [req-8b0c632f-06ce-4672-8a9d-721b3c4cba81 req-8b0c632f-06ce-4672-8a9d-721b3c4cba81 ] Request (ServicesAdminNegativeV253TestJSON:test_enable_service_with_invalid_service_id): 404 PUT http://10.180.1.21/compute/v2.1/os-services/ca6ca184-010b-4105-bada-a84b747b67af 3.639s
2025-12-09 04:46:25.053 65469 INFO tempest.lib.common.rest_client [req-00c80ccc-5203-4bc8-9dba-c3d3b60419de req-00c80ccc-5203-4bc8-9dba-c3d3b60419de ] Request (QuotaClassesAdmin257Test:_run_cleanups): 200 PUT http://10.180.1.21/compute/v2.1/os-quota-class-sets/default 3.667s
2025-12-09 04:46:25.103 65441 INFO tempest.lib.common.rest_client [req-501a5d1e-32c9-42ef-8ffd-6a5e11b9827f req-501a5d1e-32c9-42ef-8ffd-6a5e11b9827f ] Request (AttachInterfacesV270Test:tearDownClass): 204 DELETE http://10.180.1.21/networking/v2.0/security-groups/36b0a7bf-c185-47f8-9c6c-88ed66cc1f56 0.136s
2025-12-09 04:46:25.108 65479 INFO tempest.lib.common.rest_client [req-f877f3be-b599-4fb7-9f4e-8dfc44536e12 req-f877f3be-b599-4fb7-9f4e-8dfc44536e12 ] Request (FlavorsAccessNegativeTestJSON:tearDownClass): 204 DELETE http://10.180.1.21/identity/v3/users/7ab6970cfdbe40ef8d289924736fe2fe 0.150s
2025-12-09 04:46:25.147 65483 INFO tempest.lib.common.rest_client [req-c5b35554-d766-4544-b921-d3bb3259da70 req-c5b35554-d766-4544-b921-d3bb3259da70 ] Request (ServerActionsTestJSON:setUpClass): 200 GET http://10.180.1.21/compute/v2.1/servers/2d6fe47e-a0c4-4328-9335-23abc0739b74 3.561s
2025-12-09 04:46:25.215 65485 INFO tempest.lib.common.rest_client [req-337592b1-ed70-4615-bcc4-4c735ce3c86c req-337592b1-ed70-4615-bcc4-4c735ce3c86c ] Request (ServersWithSpecificFlavorTestJSON:test_verify_created_server_ephemeral_disk): 200 GET http://10.180.1.21/compute/v2.1/servers/2a561c1e-4dfa-42ab-8ff4-16751559888c/os-interface 3.401s
2025-12-09 04:46:25.233 65469 INFO tempest.lib.common.rest_client [req-10a9ce34-8a6b-4eb9-8eda-9da1ec4bc86a req-10a9ce34-8a6b-4eb9-8eda-9da1ec4bc86a ] Request (QuotaClassesAdmin257Test:tearDownClass): 204 DELETE http://10.180.1.21/identity/v3/users/36584e9fe91d4140a74cb049efb2caa8 0.173s
2025-12-09 04:46:25.243 65431 INFO tempest.lib.common.rest_client [req-7eb906cf-b988-430b-a1a0-53eb6e38d959 req-7eb906cf-b988-430b-a1a0-53eb6e38d959 ] Request (InstanceActionsTestJSON:tearDownClass): 200 GET http://10.180.1.21/compute/v2.1/servers/4998bc6e-7f3e-44ef-bd04-319c86483f55 3.074s
2025-12-09 04:46:25.320 65441 INFO tempest.lib.common.rest_client [req-b59aeaae-a251-425c-9dab-6c1591f1b2ec req-b59aeaae-a251-425c-9dab-6c1591f1b2ec ] Request (AttachInterfacesV270Test:tearDownClass): 204 DELETE http://10.180.1.21/identity/v3/projects/8d4c568c4bd74ce0ad773e621ab10885 0.216s
2025-12-09 04:46:25.384 65479 INFO tempest.lib.common.rest_client [req-d80ee2de-dd6e-43a9-a4b4-808896efc1fc req-d80ee2de-dd6e-43a9-a4b4-808896efc1fc ] Request (FlavorsAccessNegativeTestJSON:tearDownClass): 204 DELETE http://10.180.1.21/identity/v3/users/95341b2d0033421e8b209d9f962c20f3 0.276s
2025-12-09 04:46:25.458 65437 INFO tempest.lib.common.rest_client [req-438eab8b-4ae1-4371-a2e3-cbee459105cb req-438eab8b-4ae1-4371-a2e3-cbee459105cb ] Request (QuotasAdminTestV236:test_get_updated_quotas): 200 GET http://10.180.1.21/identity/v3/domains?name=Default 0.314s
2025-12-09 04:46:25.512 65441 INFO tempest.lib.common.rest_client [req-57b4e1b4-0679-483a-9cc6-8e51749f2f86 req-57b4e1b4-0679-483a-9cc6-8e51749f2f86 ] Request (ServersTestBootFromVolume:setUpClass): 201 POST http://10.180.1.21/identity/v3/auth/tokens 0.189s
2025-12-09 04:46:25.578 65469 INFO tempest.lib.common.rest_client [req-b0edfcad-df78-4d8f-8beb-3ba3e64dedee req-b0edfcad-df78-4d8f-8beb-3ba3e64dedee ] Request (QuotaClassesAdmin257Test:tearDownClass): 204 DELETE http://10.180.1.21/identity/v3/users/1d92e2c03c5444fb895aa5d8b90a6746 0.344s
2025-12-09 04:46:25.578 65469 INFO tempest.lib.common.dynamic_creds [-] Deleting project and security group for project: 60f98ef32c7a4e1ca367902ae9bd19fb
2025-12-09 04:46:25.615 65481 INFO tempest.lib.common.rest_client [req-75e40925-ebd5-4b18-aed0-372161c21d21 req-75e40925-ebd5-4b18-aed0-372161c21d21 ] Request (VolumesAdminNegativeTest:tearDownClass): 200 PUT http://10.180.1.21/networking/v2.0/routers/532711a5-7375-46cd-b404-e4f76a1d6d6d/remove_router_interface 0.931s
2025-12-09 04:46:25.668 65437 INFO tempest.lib.common.rest_client [req-a8a3c3c1-9ef7-4304-a33b-434240c1f56a req-a8a3c3c1-9ef7-4304-a33b-434240c1f56a ] Request (QuotasAdminTestV236:test_get_updated_quotas): 201 POST http://10.180.1.21/identity/v3/projects 0.210s
2025-12-09 04:46:25.706 65479 INFO tempest.lib.common.rest_client [req-676c5303-5b83-437b-8649-a2d6ffce5a8a req-676c5303-5b83-437b-8649-a2d6ffce5a8a ] Request (FlavorsAccessNegativeTestJSON:tearDownClass): 204 DELETE http://10.180.1.21/identity/v3/users/0a028c67774847f08ddd25d7681cf40f 0.321s
2025-12-09 04:46:25.707 65479 INFO tempest.lib.common.dynamic_creds [-] Deleting project and security group for project: 3173604d24a64a69a5420233f7a8f7c9
2025-12-09 04:46:25.744 65441 INFO tempest.lib.common.rest_client [req-b924fdc7-f8ff-4b41-9b16-832fd0275ec2 req-b924fdc7-f8ff-4b41-9b16-832fd0275ec2 ] Request (ServersTestBootFromVolume:setUpClass): 201 POST http://10.180.1.21/identity/v3/auth/tokens 0.227s
2025-12-09 04:46:25.779 65469 INFO tempest.lib.common.rest_client [req-ff06adb8-91c3-4212-bc28-cd44a33b541e req-ff06adb8-91c3-4212-bc28-cd44a33b541e ] Request (QuotaClassesAdmin257Test:tearDownClass): 201 POST http://10.180.1.21/identity/v3/auth/tokens 0.200s
2025-12-09 04:46:25.806 65479 INFO tempest.lib.common.rest_client [req-01721650-05a6-4df5-a4b0-21757d6b61d3 req-01721650-05a6-4df5-a4b0-21757d6b61d3 ] Request (FlavorsAccessNegativeTestJSON:tearDownClass): 201 POST http://10.180.1.21/identity/v3/auth/tokens 0.099s
2025-12-09 04:46:25.832 65441 INFO tempest.lib.common.rest_client [req-cc316680-7e6d-4fd0-a865-b43216abb10a req-cc316680-7e6d-4fd0-a865-b43216abb10a ] Request (ServersTestBootFromVolume:setUpClass): 200 GET http://10.180.1.21/identity/v3/domains?name=Default 0.087s
2025-12-09 04:46:25.839 65437 INFO tempest.lib.common.rest_client [req-4995b4f5-2f4a-42c1-bfce-0f751059909c req-4995b4f5-2f4a-42c1-bfce-0f751059909c ] Request (QuotasAdminTestV236:test_get_updated_quotas): 200 GET http://10.180.1.21/identity/v3/domains?name=Default 0.170s
2025-12-09 04:46:25.869 65441 INFO tempest.lib.common.rest_client [req-b1f15afe-adf7-4006-875e-3df11a6547fa req-b1f15afe-adf7-4006-875e-3df11a6547fa ] Request (ServersTestBootFromVolume:setUpClass): 201 POST http://10.180.1.21/identity/v3/projects 0.036s
2025-12-09 04:46:25.871 65485 INFO tempest.lib.common.rest_client [req-a4a02370-c184-4f45-9b60-2022f9a24d49 req-a4a02370-c184-4f45-9b60-2022f9a24d49 ] Request (ServersWithSpecificFlavorTestJSON:test_verify_created_server_ephemeral_disk): 200 PUT http://10.180.1.21/networking/v2.0/floatingips/2453aa64-08ab-4273-a372-2f155fc08f03 0.653s
2025-12-09 04:46:25.907 65433 INFO tempest.lib.common.rest_client [req-311ea27f-08b0-4d89-8415-56f979ea7c8d req-311ea27f-08b0-4d89-8415-56f979ea7c8d ] Request (MigrationsAdminTest:test_list_migrations_in_flavor_resize_situation): 200 GET http://10.180.1.21/compute/v2.1/servers/20a445fc-9ca1-4a0e-bd59-47af806f6898 3.664s
2025-12-09 04:46:25.948 65441 INFO tempest.lib.common.rest_client [req-681eab4b-4cbc-4cbb-b2d5-705583b26570 req-681eab4b-4cbc-4cbb-b2d5-705583b26570 ] Request (ServersTestBootFromVolume:setUpClass): 201 POST http://10.180.1.21/identity/v3/users 0.079s
2025-12-09 04:46:25.986 65473 INFO tempest.lib.common.rest_client [req-d72a5004-ef3a-488f-b95d-c0e4417d6f15 req-d72a5004-ef3a-488f-b95d-c0e4417d6f15 ] Request (ImagesTestJSON:test_create_image_from_stopped_server): 200 GET http://10.180.1.21/compute/v2.1/servers/8ecee494-1154-465c-addb-5b80de167fd3 3.615s
2025-12-09 04:46:25.992 65441 INFO tempest.lib.common.rest_client [req-0851e20c-952f-40c1-b690-123ae5405a39 req-0851e20c-952f-40c1-b690-123ae5405a39 ] Request (ServersTestBootFromVolume:setUpClass): 200 GET http://10.180.1.21/identity/v3/roles 0.042s
2025-12-09 04:46:25.995 65473 INFO tempest.common.waiters [-] State transition "ACTIVE/powering-off" ==> "SHUTOFF/None" after 4 second wait
2025-12-09 04:46:26.040 65441 INFO tempest.lib.common.rest_client [req-b8740f19-016f-408c-992d-3cf910c63974 req-b8740f19-016f-408c-992d-3cf910c63974 ] Request (ServersTestBootFromVolume:setUpClass): 204 PUT http://10.180.1.21/identity/v3/projects/f715586204574b708c8b2f8b210b1c09/users/0ea4d6088280490e9cd6cc560b3e348c/roles/d960c854b5064d88a06c0b15cc9d52bd 0.048s
2025-12-09 04:46:26.040 65441 INFO tempest.lib.common.dynamic_creds [-] Dynamic test user 0ea4d6088280490e9cd6cc560b3e348c is created with scope project and roles: ['member']
2025-12-09 04:46:26.040 65441 INFO tempest.lib.common.dynamic_creds [-] Acquired dynamic creds: credentials: Credentials: {'domain_id': 'default', 'domain_name': 'Default', 'username': 'tempest-ServersTestBootFromVolume-1803684170-project-member', 'project_domain_id': 'default', 'project_domain_name': 'Default', 'project_id': 'f715586204574b708c8b2f8b210b1c09', 'project_name': 'tempest-ServersTestBootFromVolume-1803684170', 'tenant_id': 'f715586204574b708c8b2f8b210b1c09', 'tenant_name': 'tempest-ServersTestBootFromVolume-1803684170', 'user_domain_id': 'default', 'user_domain_name': 'Default', 'user_id': '0ea4d6088280490e9cd6cc560b3e348c', 'system': None}, Network: None, Subnet: None, Router: None
2025-12-09 04:46:26.110 65441 INFO tempest.lib.common.rest_client [req-4b362f04-8095-43f0-a479-5b8b6e3d0519 req-4b362f04-8095-43f0-a479-5b8b6e3d0519 ] Request (ServersTestBootFromVolume:setUpClass): 201 POST http://10.180.1.21/identity/v3/auth/tokens 0.069s
2025-12-09 04:46:26.234 65469 INFO tempest.lib.common.rest_client [req-50312b55-0e38-4a16-81ee-dee0ad2dbe54 req-50312b55-0e38-4a16-81ee-dee0ad2dbe54 ] Request (QuotaClassesAdmin257Test:tearDownClass): 200 GET http://10.180.1.21/networking/v2.0/security-groups?tenant_id=60f98ef32c7a4e1ca367902ae9bd19fb&name=default 0.455s
2025-12-09 04:46:26.411 65479 INFO tempest.lib.common.rest_client [req-4a9fd0b0-93b9-4eff-8225-004a7dbfc77e req-4a9fd0b0-93b9-4eff-8225-004a7dbfc77e ] Request (FlavorsAccessNegativeTestJSON:tearDownClass): 200 GET http://10.180.1.21/networking/v2.0/security-groups?tenant_id=3173604d24a64a69a5420233f7a8f7c9&name=default 0.604s
2025-12-09 04:46:26.530 65457 INFO tempest.lib.common.rest_client [req-6b66f309-7fa4-4e87-8cb1-afc9d196c9da req-6b66f309-7fa4-4e87-8cb1-afc9d196c9da ] Request (TenantUsagesTestJSON:tearDownClass): 200 GET http://10.180.1.21/compute/v2.1/servers/cedd94d3-5f19-4c98-82d4-b68538c31d39 3.622s
2025-12-09 04:46:26.543 65457 INFO tempest.common.waiters [-] State transition "ACTIVE/deleting" ==> "DELETED/None" after 5 second wait
2025-12-09 04:46:26.572 65487 INFO tempest.lib.common.rest_client [req-6eab2f87-37b5-4956-8fe2-247cad3390f6 req-6eab2f87-37b5-4956-8fe2-247cad3390f6 ] Request (ServerActionsTestOtherB:setUpClass): 200 GET http://10.180.1.21/compute/v2.1/servers/79805f6c-1e2f-467c-9a5b-7a199de1bbee 3.433s
2025-12-09 04:46:26.674 65481 INFO tempest.lib.common.rest_client [req-8dfd34e0-c398-4f0b-94e9-e7e5dc9709fd req-8dfd34e0-c398-4f0b-94e9-e7e5dc9709fd ] Request (VolumesAdminNegativeTest:tearDownClass): 204 DELETE http://10.180.1.21/networking/v2.0/routers/532711a5-7375-46cd-b404-e4f76a1d6d6d 1.058s
2025-12-09 04:46:26.705 65453 INFO tempest.lib.common.rest_client [req-be3ee9a7-cbbd-4d6e-bfe4-4d1ad99cc5a7 req-be3ee9a7-cbbd-4d6e-bfe4-4d1ad99cc5a7 ] Request (MultipleCreateNegativeTestJSON:test_max_count_less_than_min_count): 400 POST http://10.180.1.21/compute/v2.1/servers 2.693s
2025-12-09 04:46:26.744 65453 INFO tempest.lib.common.rest_client [req-3e5f27e8-dd08-4b0e-bc49-7991da4e5404 req-3e5f27e8-dd08-4b0e-bc49-7991da4e5404 ] Request (MultipleCreateNegativeTestJSON:test_max_count_less_than_one): 201 POST http://10.180.1.21/identity/v3/auth/tokens 0.033s
2025-12-09 04:46:26.744 65453 INFO tempest.lib.common.fixed_network [-] (MultipleCreateNegativeTestJSON:test_max_count_less_than_one) Found network None available for tenant
2025-12-09 04:46:26.768 65469 INFO tempest.lib.common.rest_client [req-d75fcf44-4e87-44bb-b1ca-cd7f51da8a6b req-d75fcf44-4e87-44bb-b1ca-cd7f51da8a6b ] Request (QuotaClassesAdmin257Test:tearDownClass): 204 DELETE http://10.180.1.21/networking/v2.0/security-groups/7248d344-e4b2-4493-9cdd-90517f3625c7 0.533s
2025-12-09 04:46:26.888 65441 INFO tempest.lib.common.rest_client [req-92900cfd-9e6f-4e7c-914f-36ba3cf3cc8e req-92900cfd-9e6f-4e7c-914f-36ba3cf3cc8e ] Request (ServersTestBootFromVolume:setUpClass): 201 POST http://10.180.1.21/networking/v2.0/networks 0.778s
2025-12-09 04:46:26.900 65469 INFO tempest.lib.common.rest_client [req-a12c4a37-6b1a-499c-879f-8f2a7e8fd780 req-a12c4a37-6b1a-499c-879f-8f2a7e8fd780 ] Request (QuotaClassesAdmin257Test:tearDownClass): 204 DELETE http://10.180.1.21/identity/v3/projects/60f98ef32c7a4e1ca367902ae9bd19fb 0.130s
2025-12-09 04:46:26.900 65479 INFO tempest.lib.common.rest_client [req-507a3811-541a-4e37-b02e-180f5f1c3c51 req-507a3811-541a-4e37-b02e-180f5f1c3c51 ] Request (FlavorsAccessNegativeTestJSON:tearDownClass): 204 DELETE http://10.180.1.21/networking/v2.0/security-groups/d372c017-b1ed-4355-b06d-5d6e335e5801 0.488s
2025-12-09 04:46:26.900 65469 INFO tempest.lib.common.dynamic_creds [-] Deleting project and security group for project: 188bc0e1aa004b04806cdf3b1a608ac3
2025-12-09 04:46:27.032 65463 WARNING tempest.lib.common.ssh [-] Failed to establish authenticated ssh connection to cirros@10.180.180.178 ([Errno None] Unable to connect to port 22 on 10.180.180.178). Number attempts: 3. Retry after 4 seconds.: paramiko.ssh_exception.NoValidConnectionsError: [Errno None] Unable to connect to port 22 on 10.180.180.178
2025-12-09 04:46:27.034 65479 INFO tempest.lib.common.rest_client [req-89eabdca-fb7a-4f00-892c-a5d9a41a7a0c req-89eabdca-fb7a-4f00-892c-a5d9a41a7a0c ] Request (FlavorsAccessNegativeTestJSON:tearDownClass): 204 DELETE http://10.180.1.21/identity/v3/projects/3173604d24a64a69a5420233f7a8f7c9 0.133s
2025-12-09 04:46:27.034 65479 INFO tempest.lib.common.dynamic_creds [-] Deleting project and security group for project: 3ca5ad5b0e0a4c518084717424bdb238
2025-12-09 04:46:27.086 65481 INFO tempest.lib.common.rest_client [req-57e5494a-5759-44fc-a540-7108517e7f54 req-57e5494a-5759-44fc-a540-7108517e7f54 ] Request (VolumesAdminNegativeTest:tearDownClass): 204 DELETE http://10.180.1.21/networking/v2.0/subnets/9900d26e-2c05-4820-af7e-dd03ee43b40d 0.411s
2025-12-09 04:46:27.169 65441 INFO tempest.lib.common.rest_client [req-b5aea925-947b-4cdf-b449-a53e296e2c03 req-b5aea925-947b-4cdf-b449-a53e296e2c03 ] Request (ServersTestBootFromVolume:setUpClass): 201 POST http://10.180.1.21/networking/v2.0/subnets 0.280s
2025-12-09 04:46:27.194 65469 INFO tempest.lib.common.rest_client [req-0509106e-5501-45bd-9dba-acc63aab2595 req-0509106e-5501-45bd-9dba-acc63aab2595 ] Request (QuotaClassesAdmin257Test:tearDownClass): 200 GET http://10.180.1.21/networking/v2.0/security-groups?tenant_id=188bc0e1aa004b04806cdf3b1a608ac3&name=default 0.294s
2025-12-09 04:46:27.227 65465 INFO tempest.lib.common.rest_client [req-f91af5c8-599f-4187-9d15-341d88673b51 req-f91af5c8-599f-4187-9d15-341d88673b51 ] Request (DeleteServersAdminTestJSON:test_delete_server_while_in_error_state): 200 GET http://10.180.1.21/compute/v2.1/servers/feeb3578-6c43-4b55-89eb-f40890218568 2.999s
2025-12-09 04:46:27.234 65465 INFO tempest.common.waiters [-] State transition "BUILD/spawning" ==> "ACTIVE/None" after 32 second wait
2025-12-09 04:46:27.348 65479 INFO tempest.lib.common.rest_client [req-2eb4e676-edfa-4b43-ae02-0519a994ddb6 req-2eb4e676-edfa-4b43-ae02-0519a994ddb6 ] Request (FlavorsAccessNegativeTestJSON:tearDownClass): 200 GET http://10.180.1.21/networking/v2.0/security-groups?tenant_id=3ca5ad5b0e0a4c518084717424bdb238&name=default 0.313s
2025-12-09 04:46:27.636 65481 INFO tempest.lib.common.rest_client [req-a3ffbcfb-e979-4de1-a808-676225ec344e req-a3ffbcfb-e979-4de1-a808-676225ec344e ] Request (VolumesAdminNegativeTest:tearDownClass): 204 DELETE http://10.180.1.21/networking/v2.0/networks/7cae3b49-6b11-4200-b9aa-09db370954aa 0.550s
2025-12-09 04:46:27.757 65469 INFO tempest.lib.common.rest_client [req-131b734e-4878-419d-b980-d616a0751e37 req-131b734e-4878-419d-b980-d616a0751e37 ] Request (QuotaClassesAdmin257Test:tearDownClass): 204 DELETE http://10.180.1.21/networking/v2.0/security-groups/9a66bb75-df4a-4abc-ad06-d92ff76dda96 0.562s
2025-12-09 04:46:27.870 65469 INFO tempest.lib.common.rest_client [req-cc26fe3e-4522-42e4-8a32-0c91fa3a2431 req-cc26fe3e-4522-42e4-8a32-0c91fa3a2431 ] Request (QuotaClassesAdmin257Test:tearDownClass): 204 DELETE http://10.180.1.21/identity/v3/projects/188bc0e1aa004b04806cdf3b1a608ac3 0.113s
2025-12-09 04:46:27.900 65479 INFO tempest.lib.common.rest_client [req-c96ca461-d4cc-4703-a285-0f1c61f3a46f req-c96ca461-d4cc-4703-a285-0f1c61f3a46f ] Request (FlavorsAccessNegativeTestJSON:tearDownClass): 204 DELETE http://10.180.1.21/networking/v2.0/security-groups/f42db4cd-7c6f-462c-8ecb-c62676e1daf0 0.552s
2025-12-09 04:46:27.977 65469 INFO tempest.lib.common.rest_client [req-4d4757ff-2c55-4562-948e-f6994a1e5bc5 req-4d4757ff-2c55-4562-948e-f6994a1e5bc5 ] Request (KeyPairsV22TestJSON:setUpClass): 201 POST http://10.180.1.21/identity/v3/auth/tokens 0.105s
2025-12-09 04:46:28.015 65479 INFO tempest.lib.common.rest_client [req-6a6f2cab-9693-4ac0-98bf-ecbc7552cd20 req-6a6f2cab-9693-4ac0-98bf-ecbc7552cd20 ] Request (FlavorsAccessNegativeTestJSON:tearDownClass): 204 DELETE http://10.180.1.21/identity/v3/projects/3ca5ad5b0e0a4c518084717424bdb238 0.115s
2025-12-09 04:46:28.016 65479 INFO tempest.lib.common.dynamic_creds [-] Deleting project and security group for project: 9eb532eb363f496b80f11589a8391296
2025-12-09 04:46:28.053 65469 INFO tempest.lib.common.rest_client [req-c9a9fdd5-758b-4beb-915e-79bcc5556c10 req-c9a9fdd5-758b-4beb-915e-79bcc5556c10 ] Request (KeyPairsV22TestJSON:setUpClass): 201 POST http://10.180.1.21/identity/v3/auth/tokens 0.071s
2025-12-09 04:46:28.093 65469 INFO tempest.lib.common.rest_client [req-43c20375-b631-4fff-99d5-4decf558ecb8 req-43c20375-b631-4fff-99d5-4decf558ecb8 ] Request (KeyPairsV22TestJSON:setUpClass): 200 GET http://10.180.1.21/identity/v3/domains?name=Default 0.040s
2025-12-09 04:46:28.125 65469 INFO tempest.lib.common.rest_client [req-e546f6c3-abec-4bfc-849d-23c2dee7ce5f req-e546f6c3-abec-4bfc-849d-23c2dee7ce5f ] Request (KeyPairsV22TestJSON:setUpClass): 201 POST http://10.180.1.21/identity/v3/projects 0.031s
2025-12-09 04:46:28.196 65469 INFO tempest.lib.common.rest_client [req-c539c089-4770-4e49-b475-0dbd8406cf96 req-c539c089-4770-4e49-b475-0dbd8406cf96 ] Request (KeyPairsV22TestJSON:setUpClass): 201 POST http://10.180.1.21/identity/v3/users 0.069s
2025-12-09 04:46:28.223 65469 INFO tempest.lib.common.rest_client [req-e335ed64-91c8-4d35-92f6-33742b7652b2 req-e335ed64-91c8-4d35-92f6-33742b7652b2 ] Request (KeyPairsV22TestJSON:setUpClass): 200 GET http://10.180.1.21/identity/v3/roles 0.026s
2025-12-09 04:46:28.269 65469 INFO tempest.lib.common.rest_client [req-69bb8ef7-add0-43ee-9406-631fa85cf4f9 req-69bb8ef7-add0-43ee-9406-631fa85cf4f9 ] Request (KeyPairsV22TestJSON:setUpClass): 204 PUT http://10.180.1.21/identity/v3/projects/8fb45ab9bd45420f83052fb6ef03c0ec/users/0f5fc6ec5306495d859a566ba0fb3620/roles/d960c854b5064d88a06c0b15cc9d52bd 0.046s
2025-12-09 04:46:28.270 65469 INFO tempest.lib.common.dynamic_creds [-] Dynamic test user 0f5fc6ec5306495d859a566ba0fb3620 is created with scope project and roles: ['member']
2025-12-09 04:46:28.270 65469 INFO tempest.lib.common.dynamic_creds [-] Acquired dynamic creds: credentials: Credentials: {'domain_id': 'default', 'domain_name': 'Default', 'username': 'tempest-KeyPairsV22TestJSON-1298870984-project-member', 'project_domain_id': 'default', 'project_domain_name': 'Default', 'project_id': '8fb45ab9bd45420f83052fb6ef03c0ec', 'project_name': 'tempest-KeyPairsV22TestJSON-1298870984', 'tenant_id': '8fb45ab9bd45420f83052fb6ef03c0ec', 'tenant_name': 'tempest-KeyPairsV22TestJSON-1298870984', 'user_domain_id': 'default', 'user_domain_name': 'Default', 'user_id': '0f5fc6ec5306495d859a566ba0fb3620', 'system': None}, Network: None, Subnet: None, Router: None
2025-12-09 04:46:28.270 65469 INFO tempest.lib.common.dynamic_creds [-] Created isolated network resources for: credentials: Credentials: {'domain_id': 'default', 'domain_name': 'Default', 'username': 'tempest-KeyPairsV22TestJSON-1298870984-project-member', 'project_domain_id': 'default', 'project_domain_name': 'Default', 'project_id': '8fb45ab9bd45420f83052fb6ef03c0ec', 'project_name': 'tempest-KeyPairsV22TestJSON-1298870984', 'tenant_id': '8fb45ab9bd45420f83052fb6ef03c0ec', 'tenant_name': 'tempest-KeyPairsV22TestJSON-1298870984', 'user_domain_id': 'default', 'user_domain_name': 'Default', 'user_id': '0f5fc6ec5306495d859a566ba0fb3620', 'system': None}, Network: None, Subnet: None, Router: None
2025-12-09 04:46:28.353 65469 INFO tempest.lib.common.rest_client [req-8a085253-34f2-4988-83db-73665f271b2d req-8a085253-34f2-4988-83db-73665f271b2d ] Request (KeyPairsV22TestJSON:setUpClass): 201 POST http://10.180.1.21/identity/v3/auth/tokens 0.080s
2025-12-09 04:46:28.367 65441 INFO tempest.lib.common.rest_client [req-3b1ca981-0b70-4093-a4e7-f2099897df03 req-3b1ca981-0b70-4093-a4e7-f2099897df03 ] Request (ServersTestBootFromVolume:setUpClass): 201 POST http://10.180.1.21/networking/v2.0/routers 1.197s
2025-12-09 04:46:28.478 65467 INFO tempest.lib.common.rest_client [req-e903a383-a506-438a-91ac-91a9a210fad1 req-e903a383-a506-438a-91ac-91a9a210fad1 ] Request (ListImageFiltersTestJSON:setUpClass): 200 GET http://10.180.1.21/compute/v2.1/servers/7b891df5-f671-4db5-8f72-4af903f626c1 4.059s
2025-12-09 04:46:28.552 65447 INFO tempest.lib.common.rest_client [req-7451fa04-6f3a-4d73-97e6-8e9d38ded66d req-7451fa04-6f3a-4d73-97e6-8e9d38ded66d ] Request (FloatingIPDetailsTestJSON:setUpClass): 200 POST http://10.180.1.21/compute/v2.1/os-floating-ips 4.180s
2025-12-09 04:46:28.574 65475 INFO tempest.lib.common.rest_client [req-a799498d-21a8-46c8-b0c5-8f092dc3692e req-a799498d-21a8-46c8-b0c5-8f092dc3692e ] Request (AggregatesAdminNegativeTestJSON:_run_cleanups): 200 DELETE http://10.180.1.21/compute/v2.1/os-aggregates/6 3.897s
2025-12-09 04:46:28.676 65479 INFO tempest.lib.common.rest_client [req-4107252d-8660-46ba-82d3-ca9f22f0286a req-4107252d-8660-46ba-82d3-ca9f22f0286a ] Request (FlavorsAccessNegativeTestJSON:tearDownClass): 200 GET http://10.180.1.21/networking/v2.0/security-groups?tenant_id=9eb532eb363f496b80f11589a8391296&name=default 0.660s
2025-12-09 04:46:28.678 65461 INFO tempest.lib.common.rest_client [req-6487e278-5c10-4d78-a9e8-8f095b59a179 req-6487e278-5c10-4d78-a9e8-8f095b59a179 ] Request (ServerTagsTestJSON:test_check_tag_existence): 201 PUT http://10.180.1.21/compute/v2.1/servers/e1174c3f-77cc-48a5-9864-66599cc6b070/tags/tempest-tag-1258861529 3.992s
2025-12-09 04:46:28.833 65481 INFO tempest.lib.common.rest_client [req-07145205-422e-4d4e-a7b5-2c67b16f390e req-07145205-422e-4d4e-a7b5-2c67b16f390e ] Request (VolumesAdminNegativeTest:tearDownClass): 200 PUT http://10.180.1.21/networking/v2.0/routers/8c8d63b6-0c35-4fb8-9b43-6a8783521e51/remove_router_interface 1.196s
2025-12-09 04:46:29.149 65477 INFO tempest.lib.common.rest_client [req-0e98a4ec-5a30-4337-878e-3d8289efd8f6 req-0e98a4ec-5a30-4337-878e-3d8289efd8f6 ] Request (ServersAdminNegativeTestJSON:test_migrate_server_invalid_state): 409 POST http://10.180.1.21/compute/v2.1/servers/7e587105-42c0-48a0-a384-e06a4f97e49c/action 4.640s
2025-12-09 04:46:29.222 65479 INFO tempest.lib.common.rest_client [req-f01d99d9-0198-479e-90c1-3d3c2f240820 req-f01d99d9-0198-479e-90c1-3d3c2f240820 ] Request (FlavorsAccessNegativeTestJSON:tearDownClass): 204 DELETE http://10.180.1.21/networking/v2.0/security-groups/a14d1877-9a95-4219-859d-1f6f06837813 0.545s
2025-12-09 04:46:29.338 65479 INFO tempest.lib.common.rest_client [req-875d614b-d26d-47fa-ab1a-61ecf306f159 req-875d614b-d26d-47fa-ab1a-61ecf306f159 ] Request (FlavorsAccessNegativeTestJSON:tearDownClass): 204 DELETE http://10.180.1.21/identity/v3/projects/9eb532eb363f496b80f11589a8391296 0.115s
2025-12-09 04:46:29.407 65479 INFO tempest.lib.common.rest_client [req-54905d05-3874-4b2c-92e8-2a4f92a548a2 req-54905d05-3874-4b2c-92e8-2a4f92a548a2 ] Request (SecurityGroupsTestAdminJSON:setUpClass): 201 POST http://10.180.1.21/identity/v3/auth/tokens 0.068s
2025-12-09 04:46:29.440 65479 INFO tempest.lib.common.rest_client [req-a2005e28-d8d5-4856-9b78-178f413b9ca2 req-a2005e28-d8d5-4856-9b78-178f413b9ca2 ] Request (SecurityGroupsTestAdminJSON:setUpClass): 201 POST http://10.180.1.21/identity/v3/auth/tokens 0.030s
2025-12-09 04:46:29.458 65441 INFO tempest.lib.common.rest_client [req-61c50786-b718-4257-aad0-e5b468482361 req-61c50786-b718-4257-aad0-e5b468482361 ] Request (ServersTestBootFromVolume:setUpClass): 200 PUT http://10.180.1.21/networking/v2.0/routers/05a9d222-f0f1-4bb8-982b-d64faa650569/add_router_interface 1.090s
2025-12-09 04:46:29.458 65441 INFO tempest.lib.common.dynamic_creds [-] Created isolated network resources for: credentials: Credentials: {'domain_id': 'default', 'domain_name': 'Default', 'username': 'tempest-ServersTestBootFromVolume-1803684170-project-member', 'project_domain_id': 'default', 'project_domain_name': 'Default', 'project_id': 'f715586204574b708c8b2f8b210b1c09', 'project_name': 'tempest-ServersTestBootFromVolume-1803684170', 'tenant_id': 'f715586204574b708c8b2f8b210b1c09', 'tenant_name': 'tempest-ServersTestBootFromVolume-1803684170', 'user_domain_id': 'default', 'user_domain_name': 'Default', 'user_id': '0ea4d6088280490e9cd6cc560b3e348c', 'system': None}, Network: {'id': 'b19336b6-0920-4ccf-805d-98c103dad332', 'name': 'tempest-ServersTestBootFromVolume-818467902-network', 'tenant_id': 'f715586204574b708c8b2f8b210b1c09', 'project_id': 'f715586204574b708c8b2f8b210b1c09', 'admin_state_up': True, 'mtu': 8950, 'status': 'ACTIVE', 'subnets': [], 'shared': False, 'port_security_enabled': True, 'router:external': False, 'provider:network_type': 'vlan', 'provider:physical_network': 'default', 'provider:segmentation_id': 192, 'availability_zone_hints': [], 'availability_zones': [], 'ipv4_address_scope': None, 'ipv6_address_scope': None, 'description': '', 'tags': [], 'created_at': '2025-12-09T04:46:26Z', 'updated_at': '2025-12-09T04:46:26Z', 'revision_number': 1}, Subnet: {'id': '806f8d9c-381e-41ff-880f-f360f2a655d0', 'name': 'tempest-ServersTestBootFromVolume-818467902-subnet', 'tenant_id': 'f715586204574b708c8b2f8b210b1c09', 'network_id': 'b19336b6-0920-4ccf-805d-98c103dad332', 'ip_version': 4, 'subnetpool_id': None, 'enable_dhcp': True, 'ipv6_ra_mode': None, 'ipv6_address_mode': None, 'gateway_ip': '192.168.128.1', 'cidr': '192.168.128.0/28', 'allocation_pools': [{'start': '192.168.128.2', 'end': '192.168.128.14'}], 'host_routes': [], 'dns_nameservers': [], 'description': '', 'router:external': False, 'service_types': [], 'tags': [], 'created_at': '2025-12-09T04:46:27Z', 'updated_at': '2025-12-09T04:46:27Z', 'revision_number': 0, 'project_id': 'f715586204574b708c8b2f8b210b1c09'}, Router: {'id': '05a9d222-f0f1-4bb8-982b-d64faa650569', 'name': 'tempest-ServersTestBootFromVolume-818467902-router', 'tenant_id': 'f715586204574b708c8b2f8b210b1c09', 'admin_state_up': True, 'status': 'ACTIVE', 'external_gateway_info': {'network_id': '69dccdf5-89cd-48e3-adb5-0f621798403d', 'external_fixed_ips': [{'subnet_id': '5293f9a6-792e-441d-87ab-8e3a4a8e30e8', 'ip_address': '10.180.180.189'}], 'enable_snat': True}, 'description': '', 'availability_zones': [], 'distributed': False, 'ha': False, 'availability_zone_hints': [], 'routes': [], 'flavor_id': None, 'tags': [], 'created_at': '2025-12-09T04:46:27Z', 'updated_at': '2025-12-09T04:46:28Z', 'revision_number': 2, 'project_id': 'f715586204574b708c8b2f8b210b1c09'}
2025-12-09 04:46:29.469 65479 INFO tempest.lib.common.rest_client [req-945c4b19-8059-43b4-b026-26caa8df184b req-945c4b19-8059-43b4-b026-26caa8df184b ] Request (SecurityGroupsTestAdminJSON:setUpClass): 200 GET http://10.180.1.21/identity/v3/domains?name=Default 0.029s
2025-12-09 04:46:29.525 65479 INFO tempest.lib.common.rest_client [req-ea3f554d-ce23-4dc3-b986-83d528bc1c1d req-ea3f554d-ce23-4dc3-b986-83d528bc1c1d ] Request (SecurityGroupsTestAdminJSON:setUpClass): 201 POST http://10.180.1.21/identity/v3/projects 0.055s
2025-12-09 04:46:29.580 65441 INFO tempest.lib.common.rest_client [req-3df07ca8-2fd9-451d-9523-d2483f51afb6 req-3df07ca8-2fd9-451d-9523-d2483f51afb6 ] Request (ServersTestBootFromVolume:setUpClass): 201 POST http://10.180.1.21/identity/v3/auth/tokens 0.118s
2025-12-09 04:46:29.596 65479 INFO tempest.lib.common.rest_client [req-e54c8c49-ae39-4972-afdb-10487ec52dfb req-e54c8c49-ae39-4972-afdb-10487ec52dfb ] Request (SecurityGroupsTestAdminJSON:setUpClass): 201 POST http://10.180.1.21/identity/v3/users 0.070s
2025-12-09 04:46:29.621 65479 INFO tempest.lib.common.rest_client [req-86b09adb-0eea-4588-985e-4dca74e2d6dc req-86b09adb-0eea-4588-985e-4dca74e2d6dc ] Request (SecurityGroupsTestAdminJSON:setUpClass): 200 GET http://10.180.1.21/identity/v3/roles 0.024s
2025-12-09 04:46:29.661 65479 INFO tempest.lib.common.rest_client [req-c79fd0b0-518b-453b-ab0e-cc11c69b294f req-c79fd0b0-518b-453b-ab0e-cc11c69b294f ] Request (SecurityGroupsTestAdminJSON:setUpClass): 204 PUT http://10.180.1.21/identity/v3/projects/630621b4c3a045b28a65347251aa6354/users/1a9793f57f964170bc7a3df7f7973deb/roles/d960c854b5064d88a06c0b15cc9d52bd 0.040s
2025-12-09 04:46:29.661 65479 INFO tempest.lib.common.dynamic_creds [-] Dynamic test user 1a9793f57f964170bc7a3df7f7973deb is created with scope project and roles: ['member']
2025-12-09 04:46:29.662 65479 INFO tempest.lib.common.dynamic_creds [-] Acquired dynamic creds: credentials: Credentials: {'domain_id': 'default', 'domain_name': 'Default', 'username': 'tempest-SecurityGroupsTestAdminJSON-1782839858-project-member', 'project_domain_id': 'default', 'project_domain_name': 'Default', 'project_id': '630621b4c3a045b28a65347251aa6354', 'project_name': 'tempest-SecurityGroupsTestAdminJSON-1782839858', 'tenant_id': '630621b4c3a045b28a65347251aa6354', 'tenant_name': 'tempest-SecurityGroupsTestAdminJSON-1782839858', 'user_domain_id': 'default', 'user_domain_name': 'Default', 'user_id': '1a9793f57f964170bc7a3df7f7973deb', 'system': None}, Network: None, Subnet: None, Router: None
2025-12-09 04:46:29.662 65479 INFO tempest.lib.common.dynamic_creds [-] Created isolated network resources for: credentials: Credentials: {'domain_id': 'default', 'domain_name': 'Default', 'username': 'tempest-SecurityGroupsTestAdminJSON-1782839858-project-member', 'project_domain_id': 'default', 'project_domain_name': 'Default', 'project_id': '630621b4c3a045b28a65347251aa6354', 'project_name': 'tempest-SecurityGroupsTestAdminJSON-1782839858', 'tenant_id': '630621b4c3a045b28a65347251aa6354', 'tenant_name': 'tempest-SecurityGroupsTestAdminJSON-1782839858', 'user_domain_id': 'default', 'user_domain_name': 'Default', 'user_id': '1a9793f57f964170bc7a3df7f7973deb', 'system': None}, Network: None, Subnet: None, Router: None
2025-12-09 04:46:29.731 65479 INFO tempest.lib.common.rest_client [req-18a3e1fd-98f0-479a-9858-49fb6e026044 req-18a3e1fd-98f0-479a-9858-49fb6e026044 ] Request (SecurityGroupsTestAdminJSON:setUpClass): 201 POST http://10.180.1.21/identity/v3/auth/tokens 0.066s
2025-12-09 04:46:29.754 65481 INFO tempest.lib.common.rest_client [req-6c712df7-642a-4fe1-9779-572d4f06c1bc req-6c712df7-642a-4fe1-9779-572d4f06c1bc ] Request (VolumesAdminNegativeTest:tearDownClass): 204 DELETE http://10.180.1.21/networking/v2.0/routers/8c8d63b6-0c35-4fb8-9b43-6a8783521e51 0.920s
2025-12-09 04:46:29.775 65451 INFO tempest.lib.common.rest_client [req-e01a2747-3233-4a6d-b40b-4c3d04d949f6 req-e01a2747-3233-4a6d-b40b-4c3d04d949f6 ] Request (SecurityGroupRulesNegativeTestJSON:test_create_security_group_rule_with_invalid_ip_protocol): 400 POST http://10.180.1.21/compute/v2.1/os-security-group-rules 4.872s
2025-12-09 04:46:29.805 65479 INFO tempest.lib.common.rest_client [req-fabddd6b-4c68-48b0-97a9-3a42a50cd6dd req-fabddd6b-4c68-48b0-97a9-3a42a50cd6dd ] Request (SecurityGroupsTestAdminJSON:setUpClass): 201 POST http://10.180.1.21/identity/v3/projects 0.073s
2025-12-09 04:46:29.807 65471 INFO tempest.lib.common.rest_client [req-865f2fc5-e748-4e6d-b607-005ad1d56fd0 req-865f2fc5-e748-4e6d-b607-005ad1d56fd0 ] Request (SecurityGroupsTestJSON:test_list_security_groups_by_server): 200 GET http://10.180.1.21/compute/v2.1/servers/e6730cd6-32c4-4ad7-ae30-5880fb953024 4.925s
2025-12-09 04:46:29.816 65471 INFO tempest.common.waiters [-] State transition "BUILD/spawning" ==> "ACTIVE/None" after 27 second wait
2025-12-09 04:46:29.829 65435 INFO tempest.lib.common.rest_client [req-be4128dd-ef0d-4cd6-9640-8547126ffc89 req-be4128dd-ef0d-4cd6-9640-8547126ffc89 ] Request (FlavorsAdminTestJSON:test_is_public_string_variations): 200 POST http://10.180.1.21/compute/v2.1/flavors 4.884s
2025-12-09 04:46:29.864 65429 INFO tempest.lib.common.rest_client [req-ca0bc2f8-d963-444f-ae72-d8423727a6da req-ca0bc2f8-d963-444f-ae72-d8423727a6da ] Request (KeyPairsV2TestJSON:test_keypairs_create_list_delete): 200 GET http://10.180.1.21/compute/v2.1/os-keypairs 4.848s
2025-12-09 04:46:29.891 65443 INFO tempest.lib.common.rest_client [req-89628bfd-19b3-4a6a-9c82-07f84cb1eaef req-89628bfd-19b3-4a6a-9c82-07f84cb1eaef ] Request (ServicesAdminNegativeV253TestJSON:test_get_service_by_invalid_params): 200 GET http://10.180.1.21/compute/v2.1/os-services 4.848s
2025-12-09 04:46:29.911 65479 INFO tempest.lib.common.rest_client [req-9571aab3-c20f-425e-a78c-dd29bac677a6 req-9571aab3-c20f-425e-a78c-dd29bac677a6 ] Request (SecurityGroupsTestAdminJSON:setUpClass): 201 POST http://10.180.1.21/identity/v3/users 0.106s
2025-12-09 04:46:29.962 65479 INFO tempest.lib.common.rest_client [req-2a84c28c-c4d8-4e2b-a32f-3c52a773d91b req-2a84c28c-c4d8-4e2b-a32f-3c52a773d91b ] Request (SecurityGroupsTestAdminJSON:setUpClass): 200 GET http://10.180.1.21/identity/v3/roles 0.050s
2025-12-09 04:46:30.026 65479 INFO tempest.lib.common.rest_client [req-85d78f2a-a2b0-4b81-8460-6967215b19be req-85d78f2a-a2b0-4b81-8460-6967215b19be ] Request (SecurityGroupsTestAdminJSON:setUpClass): 204 PUT http://10.180.1.21/identity/v3/projects/217011cc4431446b85e6942a59a07696/users/208c0e0fa971436ea8e28c836dfb6f2c/roles/d33104784fa7476e8ef29d260756f539 0.064s
2025-12-09 04:46:30.107 65481 INFO tempest.lib.common.rest_client [req-6ca5b04e-ffeb-40ba-8027-b9fc6678abb2 req-6ca5b04e-ffeb-40ba-8027-b9fc6678abb2 ] Request (VolumesAdminNegativeTest:tearDownClass): 204 DELETE http://10.180.1.21/networking/v2.0/subnets/3a8f275e-c013-4fcd-97bb-592c434c2799 0.353s
2025-12-09 04:46:30.130 65427 INFO tempest.lib.common.rest_client [req-7c91d117-76c3-41b0-8b9e-849ef1e5c29c req-7c91d117-76c3-41b0-8b9e-849ef1e5c29c ] Request (ServersAdminTestJSON:test_create_server_with_scheduling_hint): 200 GET http://10.180.1.21/compute/v2.1/servers/fc7b7a48-19b2-4631-9e67-eb7d33031a8b 5.226s
2025-12-09 04:46:30.139 65427 INFO tempest.common.waiters [-] State transition "BUILD/None" ==> "BUILD/networking" after 17 second wait
2025-12-09 04:46:30.146 65479 INFO tempest.lib.common.rest_client [req-57d25b84-54f4-41ad-bd69-e6d8097b4a19 req-57d25b84-54f4-41ad-bd69-e6d8097b4a19 ] Request (SecurityGroupsTestAdminJSON:setUpClass): 200 GET http://10.180.1.21/identity/v3/roles 0.119s
2025-12-09 04:46:30.169 65479 INFO tempest.lib.common.rest_client [req-7c62c022-70a9-43cf-9a54-c4dac2630266 req-7c62c022-70a9-43cf-9a54-c4dac2630266 ] Request (SecurityGroupsTestAdminJSON:setUpClass): 204 PUT http://10.180.1.21/identity/v3/projects/217011cc4431446b85e6942a59a07696/users/208c0e0fa971436ea8e28c836dfb6f2c/roles/d33104784fa7476e8ef29d260756f539 0.022s
2025-12-09 04:46:30.169 65479 INFO tempest.lib.common.dynamic_creds [-] Dynamic test user 208c0e0fa971436ea8e28c836dfb6f2c is created with scope project and roles: ['admin']
