2025-12-09 04:47:01.495 65443 INFO tempest.lib.common.rest_client [req-08f08282-4a5e-4ada-bce1-805f1a943557 req-08f08282-4a5e-4ada-bce1-805f1a943557 ] Request (ListImagesTestJSON:tearDownClass): 200 GET http://10.180.1.21/networking/v2.0/security-groups?tenant_id=6c64cebcb7ee4593992e57209c1f331f&name=default 0.285s
2025-12-09 04:47:01.522 65475 INFO tempest.lib.common.rest_client [req-28b5f139-1f5f-4596-9cfa-6e4dbf70b7fb req-28b5f139-1f5f-4596-9cfa-6e4dbf70b7fb ] Request (AggregatesAdminNegativeTestJSON:tearDownClass): 200 GET http://10.180.1.21/networking/v2.0/security-groups?tenant_id=bf918e90604746fa88e41715ed91a39a&name=default 0.209s
2025-12-09 04:47:01.556 65437 INFO tempest.lib.common.rest_client [req-6f53f30f-1e47-44b3-b9ba-4bc62456f326 req-6f53f30f-1e47-44b3-b9ba-4bc62456f326 ] Request (ServerRescueTestJSONUnderV235:setUpClass): 200 GET http://10.180.1.21/compute/v2.1/servers/5a045f1f-7d27-498f-b324-9003bd94e8a7 1.663s
2025-12-09 04:47:01.691 65443 INFO tempest.lib.common.rest_client [req-c25b436b-0e10-40c7-8c49-8d4661fd5d73 req-c25b436b-0e10-40c7-8c49-8d4661fd5d73 ] Request (ListImagesTestJSON:tearDownClass): 204 DELETE http://10.180.1.21/networking/v2.0/security-groups/ae333caf-81da-4bc8-bd32-6d2734f385e7 0.196s
2025-12-09 04:47:01.743 65481 INFO tempest.lib.common.rest_client [req-2ae7682b-4eb6-4e7c-8184-cc3386f59b69 req-2ae7682b-4eb6-4e7c-8184-cc3386f59b69 ] Request (ImagesOneServerNegativeTestJSON:setUpClass): 200 GET http://10.180.1.21/compute/v2.1/servers/8fee54e2-ea57-464b-9fbd-1b02d7f72c6f 1.905s
2025-12-09 04:47:01.751 65475 INFO tempest.lib.common.rest_client [req-2069496c-6062-4201-9239-091a2543e041 req-2069496c-6062-4201-9239-091a2543e041 ] Request (AggregatesAdminNegativeTestJSON:tearDownClass): 204 DELETE http://10.180.1.21/networking/v2.0/security-groups/f84261f3-4cdf-4619-b689-55ae9919e9cc 0.229s
2025-12-09 04:47:01.788 65443 INFO tempest.lib.common.rest_client [req-26132be9-5a5c-4a44-a60c-21af561609b7 req-26132be9-5a5c-4a44-a60c-21af561609b7 ] Request (ListImagesTestJSON:tearDownClass): 204 DELETE http://10.180.1.21/identity/v3/projects/6c64cebcb7ee4593992e57209c1f331f 0.096s
2025-12-09 04:47:01.882 65443 INFO tempest.lib.common.rest_client [req-9a147624-e0bc-4fb2-90bd-3d85fe85604a req-9a147624-e0bc-4fb2-90bd-3d85fe85604a ] Request (ServerGroupTestJSON:setUpClass): 201 POST http://10.180.1.21/identity/v3/auth/tokens 0.093s
2025-12-09 04:47:01.897 65475 INFO tempest.lib.common.rest_client [req-7c8af7ea-90e9-4233-9bd8-d8d105b4c52c req-7c8af7ea-90e9-4233-9bd8-d8d105b4c52c ] Request (AggregatesAdminNegativeTestJSON:tearDownClass): 204 DELETE http://10.180.1.21/identity/v3/projects/bf918e90604746fa88e41715ed91a39a 0.145s
2025-12-09 04:47:01.897 65475 INFO tempest.lib.common.dynamic_creds [-] Deleting project and security group for project: 8fdd15468151448f883251e2ad7f5167
2025-12-09 04:47:01.936 65451 INFO tempest.lib.common.rest_client [req-7aa64e48-99d8-4c58-b36d-d5d2daa6cbca req-7aa64e48-99d8-4c58-b36d-d5d2daa6cbca ] Request (SecurityGroupRulesNegativeTestJSON:tearDownClass): 202 DELETE http://10.180.1.21/compute/v2.1/os-security-groups/8be85895-e78d-4e5d-8fdb-ea3af6003509 1.825s
2025-12-09 04:47:01.956 65443 INFO tempest.lib.common.rest_client [req-1bb1f67c-dffe-4d2d-b909-4fabb21ec694 req-1bb1f67c-dffe-4d2d-b909-4fabb21ec694 ] Request (ServerGroupTestJSON:setUpClass): 201 POST http://10.180.1.21/identity/v3/auth/tokens 0.071s
2025-12-09 04:47:01.988 65443 INFO tempest.lib.common.rest_client [req-7d7495f1-adc6-49fb-8858-a51305b74406 req-7d7495f1-adc6-49fb-8858-a51305b74406 ] Request (ServerGroupTestJSON:setUpClass): 200 GET http://10.180.1.21/identity/v3/domains?name=Default 0.032s
2025-12-09 04:47:02.021 65443 INFO tempest.lib.common.rest_client [req-9408c275-bf37-49c7-9a2c-9cc2b0b01a86 req-9408c275-bf37-49c7-9a2c-9cc2b0b01a86 ] Request (ServerGroupTestJSON:setUpClass): 201 POST http://10.180.1.21/identity/v3/projects 0.032s
2025-12-09 04:47:02.076 65475 INFO tempest.lib.common.rest_client [req-885d0b42-e491-4042-934c-768aa80c0972 req-885d0b42-e491-4042-934c-768aa80c0972 ] Request (AggregatesAdminNegativeTestJSON:tearDownClass): 200 GET http://10.180.1.21/networking/v2.0/security-groups?tenant_id=8fdd15468151448f883251e2ad7f5167&name=default 0.178s
2025-12-09 04:47:02.098 65443 INFO tempest.lib.common.rest_client [req-a44cdf25-8cc1-4847-8b08-01485ca71218 req-a44cdf25-8cc1-4847-8b08-01485ca71218 ] Request (ServerGroupTestJSON:setUpClass): 201 POST http://10.180.1.21/identity/v3/users 0.076s
2025-12-09 04:47:02.123 65431 INFO tempest.lib.common.rest_client [req-229d8162-fc76-4414-97a1-515200be2682 req-229d8162-fc76-4414-97a1-515200be2682 ] Request (ServerShowV257Test:test_rebuild_server): 200 GET http://10.180.1.21/compute/v2.1/servers/df831264-c07f-4513-b251-9e20001b14d4 1.815s
2025-12-09 04:47:02.131 65443 INFO tempest.lib.common.rest_client [req-fc05e15b-878d-4bb4-8656-d3d7bcd6c1f9 req-fc05e15b-878d-4bb4-8656-d3d7bcd6c1f9 ] Request (ServerGroupTestJSON:setUpClass): 200 GET http://10.180.1.21/identity/v3/roles 0.032s
2025-12-09 04:47:02.177 65443 INFO tempest.lib.common.rest_client [req-113e9e8e-765a-4f9e-9f41-2f43f9c7ac48 req-113e9e8e-765a-4f9e-9f41-2f43f9c7ac48 ] Request (ServerGroupTestJSON:setUpClass): 204 PUT http://10.180.1.21/identity/v3/projects/68922c4b6ec84d87a3481ca5c84fe49b/users/69f38b2378c646b48ebb32374360b05e/roles/d960c854b5064d88a06c0b15cc9d52bd 0.045s
2025-12-09 04:47:02.177 65443 INFO tempest.lib.common.dynamic_creds [-] Dynamic test user 69f38b2378c646b48ebb32374360b05e is created with scope project and roles: ['member']
2025-12-09 04:47:02.177 65443 INFO tempest.lib.common.dynamic_creds [-] Acquired dynamic creds: credentials: Credentials: {'domain_id': 'default', 'domain_name': 'Default', 'username': 'tempest-ServerGroupTestJSON-266849952-project-member', 'project_domain_id': 'default', 'project_domain_name': 'Default', 'project_id': '68922c4b6ec84d87a3481ca5c84fe49b', 'project_name': 'tempest-ServerGroupTestJSON-266849952', 'tenant_id': '68922c4b6ec84d87a3481ca5c84fe49b', 'tenant_name': 'tempest-ServerGroupTestJSON-266849952', 'user_domain_id': 'default', 'user_domain_name': 'Default', 'user_id': '69f38b2378c646b48ebb32374360b05e', 'system': None}, Network: None, Subnet: None, Router: None
2025-12-09 04:47:02.238 65475 INFO tempest.lib.common.rest_client [req-98ab144c-7e4e-4aca-b4fd-425ab50d7900 req-98ab144c-7e4e-4aca-b4fd-425ab50d7900 ] Request (AggregatesAdminNegativeTestJSON:tearDownClass): 204 DELETE http://10.180.1.21/networking/v2.0/security-groups/26e33a7c-730e-456d-a46c-72c1c4ebd253 0.161s
2025-12-09 04:47:02.274 65443 INFO tempest.lib.common.rest_client [req-2429a5c1-1028-468e-995b-db907cf97aaa req-2429a5c1-1028-468e-995b-db907cf97aaa ] Request (ServerGroupTestJSON:setUpClass): 201 POST http://10.180.1.21/identity/v3/auth/tokens 0.096s
2025-12-09 04:47:02.326 65477 INFO tempest.lib.common.rest_client [req-89387fad-9b76-49ea-ac60-ab08c62f1dad req-89387fad-9b76-49ea-ac60-ab08c62f1dad ] Request (ServersAdminNegativeTestJSON:test_resize_server_using_overlimit_vcpus): 200 GET http://10.180.1.21/compute/v2.1/os-quota-sets/f79a08f29b5c4d9a8b756a008180401b 1.992s
2025-12-09 04:47:02.332 65483 WARNING tempest.lib.common.ssh [-] Failed to establish authenticated ssh connection to cirros@10.180.180.193 ([Errno None] Unable to connect to port 22 on 10.180.180.193). Number attempts: 1. Retry after 2 seconds.: paramiko.ssh_exception.NoValidConnectionsError: [Errno None] Unable to connect to port 22 on 10.180.180.193
2025-12-09 04:47:02.341 65475 INFO tempest.lib.common.rest_client [req-107a8f51-8c6e-40e0-88a0-22f7c35b9662 req-107a8f51-8c6e-40e0-88a0-22f7c35b9662 ] Request (AggregatesAdminNegativeTestJSON:tearDownClass): 204 DELETE http://10.180.1.21/identity/v3/projects/8fdd15468151448f883251e2ad7f5167 0.103s
2025-12-09 04:47:02.422 65475 INFO tempest.lib.common.rest_client [req-790912d0-1293-41d5-9105-38f3b3e894db req-790912d0-1293-41d5-9105-38f3b3e894db ] Request (InstanceUsageAuditLogNegativeTestJSON:setUpClass): 201 POST http://10.180.1.21/identity/v3/auth/tokens 0.079s
2025-12-09 04:47:02.471 65475 INFO tempest.lib.common.rest_client [req-2ef77774-a8e8-4631-8837-f232e119923f req-2ef77774-a8e8-4631-8837-f232e119923f ] Request (InstanceUsageAuditLogNegativeTestJSON:setUpClass): 201 POST http://10.180.1.21/identity/v3/auth/tokens 0.045s
2025-12-09 04:47:02.516 65475 INFO tempest.lib.common.rest_client [req-03bed864-1eb7-4069-a728-74498a8fd9ed req-03bed864-1eb7-4069-a728-74498a8fd9ed ] Request (InstanceUsageAuditLogNegativeTestJSON:setUpClass): 200 GET http://10.180.1.21/identity/v3/domains?name=Default 0.043s
2025-12-09 04:47:02.538 65447 INFO tempest.lib.common.rest_client [req-702c912a-ad8d-4c2a-acfe-3b40c96d4b0a req-702c912a-ad8d-4c2a-acfe-3b40c96d4b0a ] Request (FloatingIPDetailsTestJSON:tearDownClass): 202 DELETE http://10.180.1.21/compute/v2.1/os-floating-ips/f3adbfcf-6927-47f4-94dd-252ac868009e 2.497s
2025-12-09 04:47:02.573 65475 INFO tempest.lib.common.rest_client [req-debdbb1a-5b5d-40e3-9e75-c861d248734e req-debdbb1a-5b5d-40e3-9e75-c861d248734e ] Request (InstanceUsageAuditLogNegativeTestJSON:setUpClass): 201 POST http://10.180.1.21/identity/v3/projects 0.057s
2025-12-09 04:47:02.686 65475 INFO tempest.lib.common.rest_client [req-12dc230c-aed0-40d5-9f86-e2e1aaa9794e req-12dc230c-aed0-40d5-9f86-e2e1aaa9794e ] Request (InstanceUsageAuditLogNegativeTestJSON:setUpClass): 201 POST http://10.180.1.21/identity/v3/users 0.111s
2025-12-09 04:47:02.712 65475 INFO tempest.lib.common.rest_client [req-365e0d95-0f97-49cd-bb8f-322071756839 req-365e0d95-0f97-49cd-bb8f-322071756839 ] Request (InstanceUsageAuditLogNegativeTestJSON:setUpClass): 200 GET http://10.180.1.21/identity/v3/roles 0.025s
2025-12-09 04:47:02.749 65475 INFO tempest.lib.common.rest_client [req-8120a1b5-ee48-48ad-bea0-efc75622c3bc req-8120a1b5-ee48-48ad-bea0-efc75622c3bc ] Request (InstanceUsageAuditLogNegativeTestJSON:setUpClass): 204 PUT http://10.180.1.21/identity/v3/projects/6812628d35444fefb5be791fd64d99be/users/2e9ec2691f6d426b882e4706f01bcbd0/roles/d960c854b5064d88a06c0b15cc9d52bd 0.036s
2025-12-09 04:47:02.749 65475 INFO tempest.lib.common.dynamic_creds [-] Dynamic test user 2e9ec2691f6d426b882e4706f01bcbd0 is created with scope project and roles: ['member']
2025-12-09 04:47:02.750 65475 INFO tempest.lib.common.dynamic_creds [-] Acquired dynamic creds: credentials: Credentials: {'domain_id': 'default', 'domain_name': 'Default', 'username': 'tempest-InstanceUsageAuditLogNegativeTestJSON-511141895-project-member', 'project_domain_id': 'default', 'project_domain_name': 'Default', 'project_id': '6812628d35444fefb5be791fd64d99be', 'project_name': 'tempest-InstanceUsageAuditLogNegativeTestJSON-511141895', 'tenant_id': '6812628d35444fefb5be791fd64d99be', 'tenant_name': 'tempest-InstanceUsageAuditLogNegativeTestJSON-511141895', 'user_domain_id': 'default', 'user_domain_name': 'Default', 'user_id': '2e9ec2691f6d426b882e4706f01bcbd0', 'system': None}, Network: None, Subnet: None, Router: None
2025-12-09 04:47:02.750 65475 INFO tempest.lib.common.dynamic_creds [-] Created isolated network resources for: credentials: Credentials: {'domain_id': 'default', 'domain_name': 'Default', 'username': 'tempest-InstanceUsageAuditLogNegativeTestJSON-511141895-project-member', 'project_domain_id': 'default', 'project_domain_name': 'Default', 'project_id': '6812628d35444fefb5be791fd64d99be', 'project_name': 'tempest-InstanceUsageAuditLogNegativeTestJSON-511141895', 'tenant_id': '6812628d35444fefb5be791fd64d99be', 'tenant_name': 'tempest-InstanceUsageAuditLogNegativeTestJSON-511141895', 'user_domain_id': 'default', 'user_domain_name': 'Default', 'user_id': '2e9ec2691f6d426b882e4706f01bcbd0', 'system': None}, Network: None, Subnet: None, Router: None
2025-12-09 04:47:02.799 65443 INFO tempest.lib.common.rest_client [req-24621554-aac4-47e7-b650-c19afaf3552b req-24621554-aac4-47e7-b650-c19afaf3552b ] Request (ServerGroupTestJSON:setUpClass): 201 POST http://10.180.1.21/networking/v2.0/networks 0.524s
2025-12-09 04:47:02.843 65475 INFO tempest.lib.common.rest_client [req-ac36524c-782c-4940-8ad9-0da624904db5 req-ac36524c-782c-4940-8ad9-0da624904db5 ] Request (InstanceUsageAuditLogNegativeTestJSON:setUpClass): 201 POST http://10.180.1.21/identity/v3/auth/tokens 0.089s
2025-12-09 04:47:02.858 65489 INFO tempest.lib.common.rest_client [req-ed288f16-fd46-4a1e-9dd1-aa97b677b693 req-ed288f16-fd46-4a1e-9dd1-aa97b677b693 ] Request (ServerDiskConfigTestJSON:test_rebuild_server_with_auto_disk_config): 200 GET http://10.180.1.21/compute/v2.1/servers/68147a8b-f03b-4e2c-90eb-93e2fe243b7b 2.432s
2025-12-09 04:47:02.911 65459 INFO tempest.lib.common.rest_client [req-70060539-5ffc-407a-a38d-47dfe5c6a2c5 req-70060539-5ffc-407a-a38d-47dfe5c6a2c5 ] Request (ImagesOneServerTestJSON:test_create_image_specify_multibyte_character_image_name): 200 GET http://10.180.1.21/compute/v2.1/images/80467dad-bdd3-4815-be68-94b3f0cea625 2.433s
2025-12-09 04:47:02.913 65475 INFO tempest.lib.common.rest_client [req-c59dc38c-2549-4a17-8960-d49812bae677 req-c59dc38c-2549-4a17-8960-d49812bae677 ] Request (InstanceUsageAuditLogNegativeTestJSON:setUpClass): 201 POST http://10.180.1.21/identity/v3/projects 0.069s
2025-12-09 04:47:02.950 65467 INFO tempest.lib.common.rest_client [req-84a9a9d6-2a0f-4799-804a-17db2b92434c req-84a9a9d6-2a0f-4799-804a-17db2b92434c ] Request (ListImageFiltersTestJSON:setUpClass): 200 GET http://10.180.1.21/compute/v2.1/images/3d450930-68d2-4596-b60e-92851d23fa15 2.301s
2025-12-09 04:47:02.991 65475 INFO tempest.lib.common.rest_client [req-7d0cd59f-267d-4bfa-9b28-b996b7ef3f52 req-7d0cd59f-267d-4bfa-9b28-b996b7ef3f52 ] Request (InstanceUsageAuditLogNegativeTestJSON:setUpClass): 201 POST http://10.180.1.21/identity/v3/users 0.077s
2025-12-09 04:47:03.019 65475 INFO tempest.lib.common.rest_client [req-be92c0ba-406e-4dc2-bc03-2d8b2f376d41 req-be92c0ba-406e-4dc2-bc03-2d8b2f376d41 ] Request (InstanceUsageAuditLogNegativeTestJSON:setUpClass): 200 GET http://10.180.1.21/identity/v3/roles 0.027s
2025-12-09 04:47:03.030 65443 INFO tempest.lib.common.rest_client [req-1d5b81c2-d1ec-45f4-b784-16711a4b02e5 req-1d5b81c2-d1ec-45f4-b784-16711a4b02e5 ] Request (ServerGroupTestJSON:setUpClass): 201 POST http://10.180.1.21/networking/v2.0/subnets 0.231s
2025-12-09 04:47:03.055 65475 INFO tempest.lib.common.rest_client [req-d2dc692b-0e2d-42e6-900f-d36260b2e476 req-d2dc692b-0e2d-42e6-900f-d36260b2e476 ] Request (InstanceUsageAuditLogNegativeTestJSON:setUpClass): 204 PUT http://10.180.1.21/identity/v3/projects/d9c955ba8d9a4a569ca91d2104b9afd2/users/57dde662eabf440ba95e50329bc746cd/roles/d33104784fa7476e8ef29d260756f539 0.036s
2025-12-09 04:47:03.116 65475 INFO tempest.lib.common.rest_client [req-1a9c9f49-cbab-44e9-b8b0-da7af22a96e9 req-1a9c9f49-cbab-44e9-b8b0-da7af22a96e9 ] Request (InstanceUsageAuditLogNegativeTestJSON:setUpClass): 200 GET http://10.180.1.21/identity/v3/roles 0.061s
2025-12-09 04:47:03.117 65479 INFO tempest.lib.common.rest_client [req-6690ea6c-339d-4689-bdf2-79000caed486 req-6690ea6c-339d-4689-bdf2-79000caed486 ] Request (SecurityGroupsTestAdminJSON:_run_cleanups): 202 DELETE http://10.180.1.21/compute/v2.1/os-security-groups/7d7a4904-5b1c-4f5e-a4c6-44cf292be469 2.672s
2025-12-09 04:47:03.171 65475 INFO tempest.lib.common.rest_client [req-6440d9f4-af2a-4b0f-8dc2-6e97504dee2a req-6440d9f4-af2a-4b0f-8dc2-6e97504dee2a ] Request (InstanceUsageAuditLogNegativeTestJSON:setUpClass): 204 PUT http://10.180.1.21/identity/v3/projects/d9c955ba8d9a4a569ca91d2104b9afd2/users/57dde662eabf440ba95e50329bc746cd/roles/d33104784fa7476e8ef29d260756f539 0.055s
2025-12-09 04:47:03.172 65475 INFO tempest.lib.common.dynamic_creds [-] Dynamic test user 57dde662eabf440ba95e50329bc746cd is created with scope project and roles: ['admin']
2025-12-09 04:47:03.172 65475 INFO tempest.lib.common.dynamic_creds [-] Acquired dynamic creds: credentials: Credentials: {'domain_id': 'default', 'domain_name': 'Default', 'username': 'tempest-InstanceUsageAuditLogNegativeTestJSON-1361078121-project-admin', 'project_domain_id': 'default', 'project_domain_name': 'Default', 'project_id': 'd9c955ba8d9a4a569ca91d2104b9afd2', 'project_name': 'tempest-InstanceUsageAuditLogNegativeTestJSON-1361078121', 'tenant_id': 'd9c955ba8d9a4a569ca91d2104b9afd2', 'tenant_name': 'tempest-InstanceUsageAuditLogNegativeTestJSON-1361078121', 'user_domain_id': 'default', 'user_domain_name': 'Default', 'user_id': '57dde662eabf440ba95e50329bc746cd', 'system': None}, Network: None, Subnet: None, Router: None
2025-12-09 04:47:03.172 65475 INFO tempest.lib.common.dynamic_creds [-] Created isolated network resources for: credentials: Credentials: {'domain_id': 'default', 'domain_name': 'Default', 'username': 'tempest-InstanceUsageAuditLogNegativeTestJSON-1361078121-project-admin', 'project_domain_id': 'default', 'project_domain_name': 'Default', 'project_id': 'd9c955ba8d9a4a569ca91d2104b9afd2', 'project_name': 'tempest-InstanceUsageAuditLogNegativeTestJSON-1361078121', 'tenant_id': 'd9c955ba8d9a4a569ca91d2104b9afd2', 'tenant_name': 'tempest-InstanceUsageAuditLogNegativeTestJSON-1361078121', 'user_domain_id': 'default', 'user_domain_name': 'Default', 'user_id': '57dde662eabf440ba95e50329bc746cd', 'system': None}, Network: None, Subnet: None, Router: None
2025-12-09 04:47:03.227 65471 INFO tempest.lib.common.rest_client [req-d688cb72-61c8-44ce-8225-6125162277cf req-d688cb72-61c8-44ce-8225-6125162277cf ] Request (SecurityGroupsTestJSON:test_security_groups_create_list_delete): 200 POST http://10.180.1.21/compute/v2.1/os-security-groups 2.463s
2025-12-09 04:47:03.279 65475 INFO tempest.lib.common.rest_client [req-bf9636b8-35ee-44dc-97c1-4b022ab9cb01 req-bf9636b8-35ee-44dc-97c1-4b022ab9cb01 ] Request (InstanceUsageAuditLogNegativeTestJSON:setUpClass): 201 POST http://10.180.1.21/identity/v3/auth/tokens 0.102s
2025-12-09 04:47:03.440 65447 INFO tempest.lib.common.rest_client [req-c188417f-6714-49dc-8d44-6e4d011ecdec req-c188417f-6714-49dc-8d44-6e4d011ecdec ] Request (FloatingIPDetailsTestJSON:tearDownClass): 200 PUT http://10.180.1.21/networking/v2.0/routers/10563ea8-0398-401f-82e1-3eb787d3c5ca/remove_router_interface 0.901s
2025-12-09 04:47:03.463 65441 INFO tempest.lib.common.rest_client [req-3db4bacb-b782-46a2-a15c-6822a5e1c4c0 req-3db4bacb-b782-46a2-a15c-6822a5e1c4c0 ] Request (ServersTestBootFromVolume:setUpClass): 200 GET http://10.180.1.21/compute/v2.1/servers/5a313987-fbab-4b6d-b76b-566e6362750c 2.597s
2025-12-09 04:47:03.473 65441 INFO tempest.common.waiters [-] State transition "BUILD/scheduling" ==> "BUILD/None" after 4 second wait
2025-12-09 04:47:03.600 65456 INFO tempest.lib.common.rest_client [req-084d5722-2d55-476e-beb2-cb6866835861 req-084d5722-2d55-476e-beb2-cb6866835861 ] Request (InstanceActionsNegativeTestJSON:tearDownClass): 204 DELETE http://10.180.1.21/compute/v2.1/servers/050605ef-6e5c-4164-9d16-ae93e62aa2c7 2.687s
2025-12-09 04:47:03.947 65447 INFO tempest.lib.common.rest_client [req-889b92b5-8859-4c5e-ab0d-4e8cab589782 req-889b92b5-8859-4c5e-ab0d-4e8cab589782 ] Request (FloatingIPDetailsTestJSON:tearDownClass): 204 DELETE http://10.180.1.21/networking/v2.0/routers/10563ea8-0398-401f-82e1-3eb787d3c5ca 0.507s
2025-12-09 04:47:03.989 65433 INFO tempest.lib.common.rest_client [req-3cc898fe-7b87-412b-ae5b-1ab293ac4d9f req-3cc898fe-7b87-412b-ae5b-1ab293ac4d9f ] Request (MigrationsAdminTest:test_list_migrations_in_flavor_resize_situation): 200 GET http://10.180.1.21/compute/v2.1/servers/20a445fc-9ca1-4a0e-bd59-47af806f6898 3.079s
2025-12-09 04:47:04.002 65469 INFO tempest.lib.common.rest_client [req-8586180b-04db-4e0b-896d-df559557ff50 req-8586180b-04db-4e0b-896d-df559557ff50 ] Request (KeyPairsV22TestJSON:test_keypairs_create_list_delete): 200 GET http://10.180.1.21/compute/v2.1/os-keypairs 3.042s
2025-12-09 04:47:04.008 65485 INFO tempest.lib.common.rest_client [req-f5fde31d-dcf1-4404-9283-9528359c6121 req-f5fde31d-dcf1-4404-9283-9528359c6121 ] Request (ServersWithSpecificFlavorTestJSON:test_verify_created_server_ephemeral_disk): 200 GET http://10.180.1.21/compute/v2.1/servers/2a09939b-43ad-46d0-93f2-c5fa0b6cf35c 3.079s
2025-12-09 04:47:04.040 65435 INFO tempest.lib.common.rest_client [req-99262c7f-aa31-412c-9b8b-c49f5fb3fd70 req-99262c7f-aa31-412c-9b8b-c49f5fb3fd70 ] Request (FlavorsAdminTestJSON:_run_cleanups): 200 GET http://10.180.1.21/compute/v2.1/flavors/detail 3.048s
2025-12-09 04:47:04.040 65443 INFO tempest.lib.common.rest_client [req-fc8d4a01-b85d-4914-9a21-c5b465ddeb9e req-fc8d4a01-b85d-4914-9a21-c5b465ddeb9e ] Request (ServerGroupTestJSON:setUpClass): 201 POST http://10.180.1.21/networking/v2.0/routers 1.009s
2025-12-09 04:47:04.044 65465 INFO tempest.lib.common.rest_client [req-414fdb2e-16ba-40d9-b210-eec2999c39d6 req-414fdb2e-16ba-40d9-b210-eec2999c39d6 ] Request (DeleteServersAdminTestJSON:tearDownClass): 404 GET http://10.180.1.21/compute/v2.1/servers/6eb54b9f-2b25-452d-bc65-42e639efc4ba 3.071s
2025-12-09 04:47:04.124 65461 INFO tempest.lib.common.rest_client [req-3dfe3a59-4132-490e-917e-1466a500b229 req-3dfe3a59-4132-490e-917e-1466a500b229 ] Request (ServerTagsTestJSON:test_delete_all_tags): 204 DELETE http://10.180.1.21/compute/v2.1/servers/e1174c3f-77cc-48a5-9864-66599cc6b070/tags 3.083s
2025-12-09 04:47:04.183 65447 INFO tempest.lib.common.rest_client [req-bcacb59d-c534-48e4-9363-cbdc72d96b33 req-bcacb59d-c534-48e4-9363-cbdc72d96b33 ] Request (FloatingIPDetailsTestJSON:tearDownClass): 204 DELETE http://10.180.1.21/networking/v2.0/subnets/19138625-f6e8-42ef-b903-013bda4fc392 0.235s
2025-12-09 04:47:04.281 65465 INFO tempest.lib.common.rest_client [req-f9125649-11ec-4c23-9d43-a60635823efd req-f9125649-11ec-4c23-9d43-a60635823efd ] Request (DeleteServersAdminTestJSON:tearDownClass): 204 DELETE http://10.180.1.21/identity/v3/users/70bb135adcf9407da65c6a7b392a24c5 0.236s
2025-12-09 04:47:04.347 65457 INFO tempest.lib.common.rest_client [req-1c1f63ec-1442-468d-8e35-9813b78815d5 req-1c1f63ec-1442-468d-8e35-9813b78815d5 ] Request (SecurityGroupRulesTestJSON:test_security_group_rules_create_with_optional_group_id): 200 POST http://10.180.1.21/compute/v2.1/os-security-groups 3.025s
2025-12-09 04:47:04.407 65487 WARNING tempest.lib.common.ssh [-] Failed to establish authenticated ssh connection to cirros@10.180.180.131 ([Errno None] Unable to connect to port 22 on 10.180.180.131). Number attempts: 3. Retry after 4 seconds.: paramiko.ssh_exception.NoValidConnectionsError: [Errno None] Unable to connect to port 22 on 10.180.180.131
2025-12-09 04:47:04.440 65465 INFO tempest.lib.common.rest_client [req-ce3de82f-09f7-4da0-9bd1-daa5c52573c5 req-ce3de82f-09f7-4da0-9bd1-daa5c52573c5 ] Request (DeleteServersAdminTestJSON:tearDownClass): 204 DELETE http://10.180.1.21/identity/v3/users/6624c2cd56e847718db569210c1bf0c1 0.159s
2025-12-09 04:47:04.441 65465 INFO tempest.lib.common.dynamic_creds [-] Deleting project and security group for project: 55347c0d20114c9db424ecad627d3dff
2025-12-09 04:47:04.527 65465 INFO tempest.lib.common.rest_client [req-05eb25a5-afe6-4de7-82b6-d5e1c37bb729 req-05eb25a5-afe6-4de7-82b6-d5e1c37bb729 ] Request (DeleteServersAdminTestJSON:tearDownClass): 201 POST http://10.180.1.21/identity/v3/auth/tokens 0.086s
2025-12-09 04:47:04.737 65447 INFO tempest.lib.common.rest_client [req-a7429cb7-4ed1-4141-a4b2-9998d038b56b req-a7429cb7-4ed1-4141-a4b2-9998d038b56b ] Request (FloatingIPDetailsTestJSON:tearDownClass): 204 DELETE http://10.180.1.21/networking/v2.0/networks/91d2957e-8573-45b3-83f6-7d70e7532a8f 0.553s
2025-12-09 04:47:04.847 65447 INFO tempest.lib.common.rest_client [req-f2c73708-afcb-4a38-a8ec-7d06aa6c2cde req-f2c73708-afcb-4a38-a8ec-7d06aa6c2cde ] Request (FloatingIPDetailsTestJSON:tearDownClass): 204 DELETE http://10.180.1.21/identity/v3/users/a235fe2d29e74c93902d7f04cc997bd9 0.109s
2025-12-09 04:47:04.847 65447 INFO tempest.lib.common.dynamic_creds [-] Deleting project and security group for project: 79d38e728fa34243bbe0121a3e69f8c0
2025-12-09 04:47:04.848 65473 INFO tempest.lib.common.rest_client [req-2a44e120-8211-4832-bc7b-d8e9b01c833d req-2a44e120-8211-4832-bc7b-d8e9b01c833d ] Request (ImagesTestJSON:test_create_image_from_suspended_server): 200 GET http://10.180.1.21/compute/v2.1/servers/0ac247df-bede-4f81-b902-24943e724096 3.335s
2025-12-09 04:47:05.028 65465 INFO tempest.lib.common.rest_client [req-fa534884-54d7-4741-8dc5-649b5104435c req-fa534884-54d7-4741-8dc5-649b5104435c ] Request (DeleteServersAdminTestJSON:tearDownClass): 200 GET http://10.180.1.21/networking/v2.0/security-groups?tenant_id=55347c0d20114c9db424ecad627d3dff&name=default 0.500s
2025-12-09 04:47:05.106 65443 INFO tempest.lib.common.rest_client [req-7fd7e916-2e4e-475e-b91c-d339b8e15482 req-7fd7e916-2e4e-475e-b91c-d339b8e15482 ] Request (ServerGroupTestJSON:setUpClass): 200 PUT http://10.180.1.21/networking/v2.0/routers/f31cea3b-e0de-4314-9278-f9c46f9052d4/add_router_interface 1.065s
2025-12-09 04:47:05.107 65443 INFO tempest.lib.common.dynamic_creds [-] Created isolated network resources for: credentials: Credentials: {'domain_id': 'default', 'domain_name': 'Default', 'username': 'tempest-ServerGroupTestJSON-266849952-project-member', 'project_domain_id': 'default', 'project_domain_name': 'Default', 'project_id': '68922c4b6ec84d87a3481ca5c84fe49b', 'project_name': 'tempest-ServerGroupTestJSON-266849952', 'tenant_id': '68922c4b6ec84d87a3481ca5c84fe49b', 'tenant_name': 'tempest-ServerGroupTestJSON-266849952', 'user_domain_id': 'default', 'user_domain_name': 'Default', 'user_id': '69f38b2378c646b48ebb32374360b05e', 'system': None}, Network: {'id': '6272cbe9-0562-4370-a5c9-e4796ecb1664', 'name': 'tempest-ServerGroupTestJSON-591561615-network', 'tenant_id': '68922c4b6ec84d87a3481ca5c84fe49b', 'project_id': '68922c4b6ec84d87a3481ca5c84fe49b', 'admin_state_up': True, 'mtu': 8950, 'status': 'ACTIVE', 'subnets': [], 'shared': False, 'port_security_enabled': True, 'router:external': False, 'provider:network_type': 'vlan', 'provider:physical_network': 'default', 'provider:segmentation_id': 707, 'availability_zone_hints': [], 'availability_zones': [], 'ipv4_address_scope': None, 'ipv6_address_scope': None, 'description': '', 'tags': [], 'created_at': '2025-12-09T04:47:02Z', 'updated_at': '2025-12-09T04:47:02Z', 'revision_number': 1}, Subnet: {'id': 'b1c84e34-4f21-4cf7-93c3-028108b61369', 'name': 'tempest-ServerGroupTestJSON-591561615-subnet', 'tenant_id': '68922c4b6ec84d87a3481ca5c84fe49b', 'network_id': '6272cbe9-0562-4370-a5c9-e4796ecb1664', 'ip_version': 4, 'subnetpool_id': None, 'enable_dhcp': True, 'ipv6_ra_mode': None, 'ipv6_address_mode': None, 'gateway_ip': '192.168.128.1', 'cidr': '192.168.128.0/28', 'allocation_pools': [{'start': '192.168.128.2', 'end': '192.168.128.14'}], 'host_routes': [], 'dns_nameservers': [], 'description': '', 'router:external': False, 'service_types': [], 'tags': [], 'created_at': '2025-12-09T04:47:02Z', 'updated_at': '2025-12-09T04:47:02Z', 'revision_number': 0, 'project_id': '68922c4b6ec84d87a3481ca5c84fe49b'}, Router: {'id': 'f31cea3b-e0de-4314-9278-f9c46f9052d4', 'name': 'tempest-ServerGroupTestJSON-591561615-router', 'tenant_id': '68922c4b6ec84d87a3481ca5c84fe49b', 'admin_state_up': True, 'status': 'ACTIVE', 'external_gateway_info': {'network_id': '69dccdf5-89cd-48e3-adb5-0f621798403d', 'external_fixed_ips': [{'subnet_id': '5293f9a6-792e-441d-87ab-8e3a4a8e30e8', 'ip_address': '10.180.180.212'}], 'enable_snat': True}, 'description': '', 'availability_zones': [], 'distributed': False, 'ha': False, 'availability_zone_hints': [], 'routes': [], 'flavor_id': None, 'tags': [], 'created_at': '2025-12-09T04:47:03Z', 'updated_at': '2025-12-09T04:47:03Z', 'revision_number': 2, 'project_id': '68922c4b6ec84d87a3481ca5c84fe49b'}
2025-12-09 04:47:05.135 65463 INFO tempest.lib.common.rest_client [req-95eb2109-9f0d-4aa7-8661-ecdce1dbc763 req-95eb2109-9f0d-4aa7-8661-ecdce1dbc763 ] Request (ServersTestJSON:test_list_servers_with_detail): 200 GET http://10.180.1.21/compute/v2.1/servers/detail 3.964s
2025-12-09 04:47:05.136 65447 INFO tempest.lib.common.rest_client [req-e95f2473-6939-4d7e-beef-83bfae0685c3 req-e95f2473-6939-4d7e-beef-83bfae0685c3 ] Request (FloatingIPDetailsTestJSON:tearDownClass): 200 GET http://10.180.1.21/networking/v2.0/security-groups?tenant_id=79d38e728fa34243bbe0121a3e69f8c0&name=default 0.288s
2025-12-09 04:47:05.225 65443 INFO tempest.lib.common.rest_client [req-8d706988-9af4-4060-b011-f99956a1435b req-8d706988-9af4-4060-b011-f99956a1435b ] Request (ServerGroupTestJSON:setUpClass): 201 POST http://10.180.1.21/identity/v3/auth/tokens 0.114s
2025-12-09 04:47:05.250 65465 INFO tempest.lib.common.rest_client [req-35b22be1-1afe-414c-a1d3-59eae4cbc1eb req-35b22be1-1afe-414c-a1d3-59eae4cbc1eb ] Request (DeleteServersAdminTestJSON:tearDownClass): 204 DELETE http://10.180.1.21/networking/v2.0/security-groups/5501386c-6d40-4911-b095-561660dd038b 0.221s
2025-12-09 04:47:05.350 65447 INFO tempest.lib.common.rest_client [req-0ff15cc4-a5c7-4461-93b8-300baaed86d9 req-0ff15cc4-a5c7-4461-93b8-300baaed86d9 ] Request (FloatingIPDetailsTestJSON:tearDownClass): 204 DELETE http://10.180.1.21/networking/v2.0/security-groups/54ce6231-b7cb-46da-a816-eeaa75605b24 0.214s
2025-12-09 04:47:05.357 65465 INFO tempest.lib.common.rest_client [req-5111b131-efe0-46af-bd32-6f56002b31f9 req-5111b131-efe0-46af-bd32-6f56002b31f9 ] Request (DeleteServersAdminTestJSON:tearDownClass): 204 DELETE http://10.180.1.21/identity/v3/projects/55347c0d20114c9db424ecad627d3dff 0.106s
2025-12-09 04:47:05.358 65465 INFO tempest.lib.common.dynamic_creds [-] Deleting project and security group for project: f53c572fab7d49bfa3b0946516fb5683
2025-12-09 04:47:05.367 65483 WARNING tempest.lib.common.ssh [-] Failed to establish authenticated ssh connection to cirros@10.180.180.193 ([Errno None] Unable to connect to port 22 on 10.180.180.193). Number attempts: 2. Retry after 3 seconds.: paramiko.ssh_exception.NoValidConnectionsError: [Errno None] Unable to connect to port 22 on 10.180.180.193
2025-12-09 04:47:05.437 65451 INFO tempest.lib.common.rest_client [req-66ffa54f-d875-46ab-b7dc-49d8409de504 req-66ffa54f-d875-46ab-b7dc-49d8409de504 ] Request (SecurityGroupRulesNegativeTestJSON:tearDownClass): 202 DELETE http://10.180.1.21/compute/v2.1/os-security-groups/47b1df8e-a0e7-4e08-86e1-7802829e32e3 3.501s
2025-12-09 04:47:05.462 65477 INFO tempest.lib.common.rest_client [req-72637e43-36ad-4e47-9328-3f386143933c req-72637e43-36ad-4e47-9328-3f386143933c ] Request (ServersAdminNegativeTestJSON:test_resize_server_using_overlimit_vcpus): 200 POST http://10.180.1.21/compute/v2.1/flavors 3.133s
2025-12-09 04:47:05.553 65447 INFO tempest.lib.common.rest_client [req-906b7b82-cca5-4cc8-8229-29ddc6f36b4f req-906b7b82-cca5-4cc8-8229-29ddc6f36b4f ] Request (FloatingIPDetailsTestJSON:tearDownClass): 204 DELETE http://10.180.1.21/identity/v3/projects/79d38e728fa34243bbe0121a3e69f8c0 0.202s
2025-12-09 04:47:05.647 65465 INFO tempest.lib.common.rest_client [req-29ee79e1-3bbb-467d-820b-277e6152e2e9 req-29ee79e1-3bbb-467d-820b-277e6152e2e9 ] Request (DeleteServersAdminTestJSON:tearDownClass): 200 GET http://10.180.1.21/networking/v2.0/security-groups?tenant_id=f53c572fab7d49bfa3b0946516fb5683&name=default 0.289s
2025-12-09 04:47:05.672 65447 INFO tempest.lib.common.rest_client [req-97b465c2-d903-4596-ae85-4b04c81dfd11 req-97b465c2-d903-4596-ae85-4b04c81dfd11 ] Request (ImagesNegativeTestJSON:setUpClass): 201 POST http://10.180.1.21/identity/v3/auth/tokens 0.117s
2025-12-09 04:47:05.713 65447 INFO tempest.lib.common.rest_client [req-99e410d4-e8d9-4840-b9d4-50659dd53600 req-99e410d4-e8d9-4840-b9d4-50659dd53600 ] Request (ImagesNegativeTestJSON:setUpClass): 201 POST http://10.180.1.21/identity/v3/auth/tokens 0.038s
2025-12-09 04:47:05.739 65427 INFO tempest.lib.common.rest_client [req-48f6192e-660c-46a8-b1e2-6f4e5805732e req-48f6192e-660c-46a8-b1e2-6f4e5805732e ] Request (ServersAdminTestJSON:test_inject_network_info): 200 GET http://10.180.1.21/compute/v2.1/servers/1d32ead5-a931-4918-a85b-166d9c7e58e6 3.549s
2025-12-09 04:47:05.747 65447 INFO tempest.lib.common.rest_client [req-c0c76f47-7cdc-4df9-9ad9-9fd12fe6ffab req-c0c76f47-7cdc-4df9-9ad9-9fd12fe6ffab ] Request (ImagesNegativeTestJSON:setUpClass): 200 GET http://10.180.1.21/identity/v3/domains?name=Default 0.033s
2025-12-09 04:47:05.780 65453 INFO tempest.lib.common.rest_client [req-18717675-3ee3-4f11-af60-ac97b56234f1 req-18717675-3ee3-4f11-af60-ac97b56234f1 ] Request (ServerShowV254Test:test_rebuild_server): 200 GET http://10.180.1.21/compute/v2.1/servers/fb2fa1f9-ebec-49e5-a87f-4bed37ebab1a 3.427s
2025-12-09 04:47:05.793 65447 INFO tempest.lib.common.rest_client [req-4921eb0b-09c6-40db-adbf-0c024b8edc09 req-4921eb0b-09c6-40db-adbf-0c024b8edc09 ] Request (ImagesNegativeTestJSON:setUpClass): 201 POST http://10.180.1.21/identity/v3/projects 0.046s
2025-12-09 04:47:05.903 65447 INFO tempest.lib.common.rest_client [req-bacf8bc6-7dcd-4d17-84b7-3241c05a68a7 req-bacf8bc6-7dcd-4d17-84b7-3241c05a68a7 ] Request (ImagesNegativeTestJSON:setUpClass): 201 POST http://10.180.1.21/identity/v3/users 0.109s
2025-12-09 04:47:05.920 65465 INFO tempest.lib.common.rest_client [req-80d35175-92a2-4841-bb99-e0573e5a709d req-80d35175-92a2-4841-bb99-e0573e5a709d ] Request (DeleteServersAdminTestJSON:tearDownClass): 204 DELETE http://10.180.1.21/networking/v2.0/security-groups/1089bbca-d525-4d8e-9be8-4d65221dd105 0.272s
2025-12-09 04:47:05.926 65447 INFO tempest.lib.common.rest_client [req-c6354df7-1981-434e-9436-5aa6575f963f req-c6354df7-1981-434e-9436-5aa6575f963f ] Request (ImagesNegativeTestJSON:setUpClass): 200 GET http://10.180.1.21/identity/v3/roles 0.022s
2025-12-09 04:47:05.962 65447 INFO tempest.lib.common.rest_client [req-31a01143-c860-4b17-b5cb-14f4df910e5a req-31a01143-c860-4b17-b5cb-14f4df910e5a ] Request (ImagesNegativeTestJSON:setUpClass): 204 PUT http://10.180.1.21/identity/v3/projects/cbeea6a97afe4ea2892811cec3fc57aa/users/e53fd861d0ed4c5db7427725945bb0ca/roles/d960c854b5064d88a06c0b15cc9d52bd 0.035s
2025-12-09 04:47:05.963 65447 INFO tempest.lib.common.dynamic_creds [-] Dynamic test user e53fd861d0ed4c5db7427725945bb0ca is created with scope project and roles: ['member']
2025-12-09 04:47:05.963 65447 INFO tempest.lib.common.dynamic_creds [-] Acquired dynamic creds: credentials: Credentials: {'domain_id': 'default', 'domain_name': 'Default', 'username': 'tempest-ImagesNegativeTestJSON-279276685-project-member', 'project_domain_id': 'default', 'project_domain_name': 'Default', 'project_id': 'cbeea6a97afe4ea2892811cec3fc57aa', 'project_name': 'tempest-ImagesNegativeTestJSON-279276685', 'tenant_id': 'cbeea6a97afe4ea2892811cec3fc57aa', 'tenant_name': 'tempest-ImagesNegativeTestJSON-279276685', 'user_domain_id': 'default', 'user_domain_name': 'Default', 'user_id': 'e53fd861d0ed4c5db7427725945bb0ca', 'system': None}, Network: None, Subnet: None, Router: None
2025-12-09 04:47:06.010 65465 INFO tempest.lib.common.rest_client [req-ba9833e2-1243-4c66-93d7-829971744d1d req-ba9833e2-1243-4c66-93d7-829971744d1d ] Request (DeleteServersAdminTestJSON:tearDownClass): 204 DELETE http://10.180.1.21/identity/v3/projects/f53c572fab7d49bfa3b0946516fb5683 0.090s
2025-12-09 04:47:06.061 65447 INFO tempest.lib.common.rest_client [req-3beeff1f-ae29-4726-ae32-5c049e3ed056 req-3beeff1f-ae29-4726-ae32-5c049e3ed056 ] Request (ImagesNegativeTestJSON:setUpClass): 201 POST http://10.180.1.21/identity/v3/auth/tokens 0.097s
2025-12-09 04:47:06.062 65465 INFO tempest.lib.common.rest_client [req-690750ae-43ea-4bd3-af3c-79bdcd9c483a req-690750ae-43ea-4bd3-af3c-79bdcd9c483a ] Request (ServerDiagnosticsV248Test:setUpClass): 201 POST http://10.180.1.21/identity/v3/auth/tokens 0.051s
2025-12-09 04:47:06.098 65465 INFO tempest.lib.common.rest_client [req-93e81d38-f973-4a66-a81a-f9f1cf22e23a req-93e81d38-f973-4a66-a81a-f9f1cf22e23a ] Request (ServerDiagnosticsV248Test:setUpClass): 201 POST http://10.180.1.21/identity/v3/auth/tokens 0.032s
2025-12-09 04:47:06.128 65465 INFO tempest.lib.common.rest_client [req-bbfabef5-4d12-4d54-a336-2a6da32cf3d9 req-bbfabef5-4d12-4d54-a336-2a6da32cf3d9 ] Request (ServerDiagnosticsV248Test:setUpClass): 200 GET http://10.180.1.21/identity/v3/domains?name=Default 0.029s
2025-12-09 04:47:06.161 65465 INFO tempest.lib.common.rest_client [req-faee2078-9637-4a5e-8322-42af3e063d4d req-faee2078-9637-4a5e-8322-42af3e063d4d ] Request (ServerDiagnosticsV248Test:setUpClass): 201 POST http://10.180.1.21/identity/v3/projects 0.032s
2025-12-09 04:47:06.236 65465 INFO tempest.lib.common.rest_client [req-a7a80654-f12e-409f-bd09-553ced0615f6 req-a7a80654-f12e-409f-bd09-553ced0615f6 ] Request (ServerDiagnosticsV248Test:setUpClass): 201 POST http://10.180.1.21/identity/v3/users 0.075s
2025-12-09 04:47:06.270 65465 INFO tempest.lib.common.rest_client [req-78e6d8ed-3e86-4747-9526-39da9cc30d17 req-78e6d8ed-3e86-4747-9526-39da9cc30d17 ] Request (ServerDiagnosticsV248Test:setUpClass): 200 GET http://10.180.1.21/identity/v3/roles 0.033s
2025-12-09 04:47:06.275 65449 WARNING tempest.lib.common.ssh [-] Failed to establish authenticated ssh connection to cirros@10.180.180.248 ([Errno None] Unable to connect to port 22 on 10.180.180.248). Number attempts: 10. Retry after 11 seconds.: paramiko.ssh_exception.NoValidConnectionsError: [Errno None] Unable to connect to port 22 on 10.180.180.248
2025-12-09 04:47:06.311 65465 INFO tempest.lib.common.rest_client [req-1db9b56f-f39c-4ad7-8550-2fea2c19fdbd req-1db9b56f-f39c-4ad7-8550-2fea2c19fdbd ] Request (ServerDiagnosticsV248Test:setUpClass): 204 PUT http://10.180.1.21/identity/v3/projects/d159a3487ff5465ebe077dd908cdbbb6/users/4156d1864f8b4c89ba12aab5f08be496/roles/d960c854b5064d88a06c0b15cc9d52bd 0.040s
2025-12-09 04:47:06.311 65465 INFO tempest.lib.common.dynamic_creds [-] Dynamic test user 4156d1864f8b4c89ba12aab5f08be496 is created with scope project and roles: ['member']
2025-12-09 04:47:06.312 65465 INFO tempest.lib.common.dynamic_creds [-] Acquired dynamic creds: credentials: Credentials: {'domain_id': 'default', 'domain_name': 'Default', 'username': 'tempest-ServerDiagnosticsV248Test-1098993970-project-member', 'project_domain_id': 'default', 'project_domain_name': 'Default', 'project_id': 'd159a3487ff5465ebe077dd908cdbbb6', 'project_name': 'tempest-ServerDiagnosticsV248Test-1098993970', 'tenant_id': 'd159a3487ff5465ebe077dd908cdbbb6', 'tenant_name': 'tempest-ServerDiagnosticsV248Test-1098993970', 'user_domain_id': 'default', 'user_domain_name': 'Default', 'user_id': '4156d1864f8b4c89ba12aab5f08be496', 'system': None}, Network: None, Subnet: None, Router: None
2025-12-09 04:47:06.312 65465 INFO tempest.lib.common.dynamic_creds [-] Created isolated network resources for: credentials: Credentials: {'domain_id': 'default', 'domain_name': 'Default', 'username': 'tempest-ServerDiagnosticsV248Test-1098993970-project-member', 'project_domain_id': 'default', 'project_domain_name': 'Default', 'project_id': 'd159a3487ff5465ebe077dd908cdbbb6', 'project_name': 'tempest-ServerDiagnosticsV248Test-1098993970', 'tenant_id': 'd159a3487ff5465ebe077dd908cdbbb6', 'tenant_name': 'tempest-ServerDiagnosticsV248Test-1098993970', 'user_domain_id': 'default', 'user_domain_name': 'Default', 'user_id': '4156d1864f8b4c89ba12aab5f08be496', 'system': None}, Network: None, Subnet: None, Router: None
2025-12-09 04:47:06.431 65465 INFO tempest.lib.common.rest_client [req-dab850b5-ab65-4720-9b44-db9b16ff2703 req-dab850b5-ab65-4720-9b44-db9b16ff2703 ] Request (ServerDiagnosticsV248Test:setUpClass): 201 POST http://10.180.1.21/identity/v3/auth/tokens 0.115s
2025-12-09 04:47:06.541 65465 INFO tempest.lib.common.rest_client [req-7967e34d-bc8b-491a-90c9-0972c3b97bc8 req-7967e34d-bc8b-491a-90c9-0972c3b97bc8 ] Request (ServerDiagnosticsV248Test:setUpClass): 201 POST http://10.180.1.21/identity/v3/projects 0.110s
2025-12-09 04:47:06.618 65451 INFO tempest.lib.common.rest_client [req-97faf4e6-a9ef-45e6-b618-d4bd89d29ff1 req-97faf4e6-a9ef-45e6-b618-d4bd89d29ff1 ] Request (SecurityGroupRulesNegativeTestJSON:tearDownClass): 200 PUT http://10.180.1.21/networking/v2.0/routers/b2f4528d-b3c0-4c23-8078-f1e09c44d594/remove_router_interface 1.180s
2025-12-09 04:47:06.659 65465 INFO tempest.lib.common.rest_client [req-736fdba7-ea95-49a3-b454-f50d413c15e8 req-736fdba7-ea95-49a3-b454-f50d413c15e8 ] Request (ServerDiagnosticsV248Test:setUpClass): 201 POST http://10.180.1.21/identity/v3/users 0.116s
2025-12-09 04:47:06.691 65465 INFO tempest.lib.common.rest_client [req-f5343a2c-8635-460e-b78c-a4b86bc02480 req-f5343a2c-8635-460e-b78c-a4b86bc02480 ] Request (ServerDiagnosticsV248Test:setUpClass): 200 GET http://10.180.1.21/identity/v3/roles 0.031s
2025-12-09 04:47:06.734 65465 INFO tempest.lib.common.rest_client [req-a245ab62-ab1d-4c04-8d82-9a619677335e req-a245ab62-ab1d-4c04-8d82-9a619677335e ] Request (ServerDiagnosticsV248Test:setUpClass): 204 PUT http://10.180.1.21/identity/v3/projects/b33cb4accf5a41d6939d3cb75109899a/users/7dc5d79c181b4f1693aede80e878a0ab/roles/d33104784fa7476e8ef29d260756f539 0.042s
2025-12-09 04:47:06.817 65465 INFO tempest.lib.common.rest_client [req-f2094092-7c04-4d3f-a62c-6282c971d85a req-f2094092-7c04-4d3f-a62c-6282c971d85a ] Request (ServerDiagnosticsV248Test:setUpClass): 200 GET http://10.180.1.21/identity/v3/roles 0.083s
2025-12-09 04:47:06.848 65465 INFO tempest.lib.common.rest_client [req-4f8776a0-bb87-4952-a86a-5462d15d06bf req-4f8776a0-bb87-4952-a86a-5462d15d06bf ] Request (ServerDiagnosticsV248Test:setUpClass): 204 PUT http://10.180.1.21/identity/v3/projects/b33cb4accf5a41d6939d3cb75109899a/users/7dc5d79c181b4f1693aede80e878a0ab/roles/d33104784fa7476e8ef29d260756f539 0.030s
2025-12-09 04:47:06.848 65465 INFO tempest.lib.common.dynamic_creds [-] Dynamic test user 7dc5d79c181b4f1693aede80e878a0ab is created with scope project and roles: ['admin']
2025-12-09 04:47:06.848 65465 INFO tempest.lib.common.dynamic_creds [-] Acquired dynamic creds: credentials: Credentials: {'domain_id': 'default', 'domain_name': 'Default', 'username': 'tempest-ServerDiagnosticsV248Test-2039984076-project-admin', 'project_domain_id': 'default', 'project_domain_name': 'Default', 'project_id': 'b33cb4accf5a41d6939d3cb75109899a', 'project_name': 'tempest-ServerDiagnosticsV248Test-2039984076', 'tenant_id': 'b33cb4accf5a41d6939d3cb75109899a', 'tenant_name': 'tempest-ServerDiagnosticsV248Test-2039984076', 'user_domain_id': 'default', 'user_domain_name': 'Default', 'user_id': '7dc5d79c181b4f1693aede80e878a0ab', 'system': None}, Network: None, Subnet: None, Router: None
2025-12-09 04:47:06.848 65465 INFO tempest.lib.common.dynamic_creds [-] Created isolated network resources for: credentials: Credentials: {'domain_id': 'default', 'domain_name': 'Default', 'username': 'tempest-ServerDiagnosticsV248Test-2039984076-project-admin', 'project_domain_id': 'default', 'project_domain_name': 'Default', 'project_id': 'b33cb4accf5a41d6939d3cb75109899a', 'project_name': 'tempest-ServerDiagnosticsV248Test-2039984076', 'tenant_id': 'b33cb4accf5a41d6939d3cb75109899a', 'tenant_name': 'tempest-ServerDiagnosticsV248Test-2039984076', 'user_domain_id': 'default', 'user_domain_name': 'Default', 'user_id': '7dc5d79c181b4f1693aede80e878a0ab', 'system': None}, Network: None, Subnet: None, Router: None
2025-12-09 04:47:06.953 65465 INFO tempest.lib.common.rest_client [req-f7a99310-1966-4f5a-8399-08cd60639863 req-f7a99310-1966-4f5a-8399-08cd60639863 ] Request (ServerDiagnosticsV248Test:setUpClass): 201 POST http://10.180.1.21/identity/v3/auth/tokens 0.102s
2025-12-09 04:47:07.090 65465 INFO tempest.lib.common.rest_client [req-044da340-cece-4b28-86ec-229fd698d284 req-044da340-cece-4b28-86ec-229fd698d284 ] Request (ServerDiagnosticsV248Test:test_get_server_diagnostics): 201 POST http://10.180.1.21/identity/v3/auth/tokens 0.131s
2025-12-09 04:47:07.091 65465 INFO tempest.lib.common.fixed_network [-] (ServerDiagnosticsV248Test:test_get_server_diagnostics) Found network None available for tenant
2025-12-09 04:47:07.287 65447 INFO tempest.lib.common.rest_client [req-01b992fe-7366-4019-b607-094e2a0a94c8 req-01b992fe-7366-4019-b607-094e2a0a94c8 ] Request (ImagesNegativeTestJSON:setUpClass): 201 POST http://10.180.1.21/networking/v2.0/networks 1.224s
2025-12-09 04:47:07.849 65451 INFO tempest.lib.common.rest_client [req-77621149-53fc-4e54-8c2b-d02a168fbfd8 req-77621149-53fc-4e54-8c2b-d02a168fbfd8 ] Request (SecurityGroupRulesNegativeTestJSON:tearDownClass): 204 DELETE http://10.180.1.21/networking/v2.0/routers/b2f4528d-b3c0-4c23-8078-f1e09c44d594 1.230s
2025-12-09 04:47:07.900 65437 INFO tempest.lib.common.rest_client [req-2714cbf8-8d28-4062-bc9a-7625324ed40d req-2714cbf8-8d28-4062-bc9a-7625324ed40d ] Request (ServerRescueTestJSONUnderV235:setUpClass): 200 GET http://10.180.1.21/compute/v2.1/servers/5a045f1f-7d27-498f-b324-9003bd94e8a7 5.334s
2025-12-09 04:47:07.909 65437 INFO tempest.common.waiters [-] State transition "BUILD/None" ==> "BUILD/block_device_mapping" after 9 second wait
2025-12-09 04:47:07.932 65481 INFO tempest.lib.common.rest_client [req-7244020f-1d2a-4092-a976-83b5f413416c req-7244020f-1d2a-4092-a976-83b5f413416c ] Request (ImagesOneServerNegativeTestJSON:setUpClass): 200 GET http://10.180.1.21/compute/v2.1/servers/8fee54e2-ea57-464b-9fbd-1b02d7f72c6f 5.179s
2025-12-09 04:47:07.944 65481 INFO tempest.common.waiters [-] State transition "BUILD/spawning" ==> "ACTIVE/None" after 19 second wait
2025-12-09 04:47:08.119 65447 INFO tempest.lib.common.rest_client [req-3ae1b573-a7d4-4008-b7a7-d5c8d96efa77 req-3ae1b573-a7d4-4008-b7a7-d5c8d96efa77 ] Request (ImagesNegativeTestJSON:setUpClass): 201 POST http://10.180.1.21/networking/v2.0/subnets 0.831s
2025-12-09 04:47:08.186 65431 INFO tempest.lib.common.rest_client [req-713520d8-177e-42f9-9e2e-675e47cf215a req-713520d8-177e-42f9-9e2e-675e47cf215a ] Request (ServerShowV257Test:test_rebuild_server): 200 GET http://10.180.1.21/compute/v2.1/servers/df831264-c07f-4513-b251-9e20001b14d4 5.052s
2025-12-09 04:47:08.197 65431 INFO tempest.common.waiters [-] State transition "REBUILD/rebuilding" ==> "REBUILD/rebuild_spawning" after 6 second wait
2025-12-09 04:47:08.238 65451 INFO tempest.lib.common.rest_client [req-0340f0f4-eed5-4991-b65e-5bf8e179d5f0 req-0340f0f4-eed5-4991-b65e-5bf8e179d5f0 ] Request (SecurityGroupRulesNegativeTestJSON:tearDownClass): 204 DELETE http://10.180.1.21/networking/v2.0/subnets/1f56be82-7df6-4469-a61d-df627ce00cbb 0.387s
2025-12-09 04:47:08.315 65479 INFO tempest.lib.common.rest_client [req-571f0d60-4ff5-4bed-baf9-fedca3694819 req-571f0d60-4ff5-4bed-baf9-fedca3694819 ] Request (SecurityGroupsTestAdminJSON:_run_cleanups): 202 DELETE http://10.180.1.21/compute/v2.1/os-security-groups/ff2bfd5c-b719-4040-8477-865613060256 5.197s
2025-12-09 04:47:08.435 65475 INFO tempest.lib.common.rest_client [req-02392075-2c03-4199-861b-75ed6eea91d6 req-02392075-2c03-4199-861b-75ed6eea91d6 ] Request (InstanceUsageAuditLogNegativeTestJSON:test_get_instance_usage_audit_logs_with_invalid_time): 400 GET http://10.180.1.21/compute/v2.1/os-instance_usage_audit_log/invalid_time 5.154s
2025-12-09 04:47:08.629 65451 INFO tempest.lib.common.rest_client [req-2eb87b34-3bc2-45cc-ae75-c6734bcc8fc2 req-2eb87b34-3bc2-45cc-ae75-c6734bcc8fc2 ] Request (SecurityGroupRulesNegativeTestJSON:tearDownClass): 204 DELETE http://10.180.1.21/networking/v2.0/networks/367df72f-ea51-48c6-b18e-42a92b4f0f77 0.391s
2025-12-09 04:47:08.684 65456 INFO tempest.lib.common.rest_client [req-b5dcba2a-c761-46e1-a8ab-adb21272e07d req-b5dcba2a-c761-46e1-a8ab-adb21272e07d ] Request (InstanceActionsNegativeTestJSON:tearDownClass): 200 GET http://10.180.1.21/compute/v2.1/servers/050605ef-6e5c-4164-9d16-ae93e62aa2c7 5.083s
2025-12-09 04:47:08.710 65471 INFO tempest.lib.common.rest_client [req-a2f7c381-5bfe-49bd-8273-d6d6b8d0e383 req-a2f7c381-5bfe-49bd-8273-d6d6b8d0e383 ] Request (SecurityGroupsTestJSON:test_security_groups_create_list_delete): 200 GET http://10.180.1.21/compute/v2.1/os-security-groups 5.480s
2025-12-09 04:47:08.752 65451 INFO tempest.lib.common.rest_client [req-9c205090-d2af-4248-ac93-57e86797c0b9 req-9c205090-d2af-4248-ac93-57e86797c0b9 ] Request (SecurityGroupRulesNegativeTestJSON:tearDownClass): 204 DELETE http://10.180.1.21/identity/v3/users/3a144cf8b57f45109a72bb7398c3e7d2 0.122s
2025-12-09 04:47:08.752 65451 INFO tempest.lib.common.dynamic_creds [-] Deleting project and security group for project: 35848634814f445581ca1e88a71b7d7d
2025-12-09 04:47:08.844 65451 INFO tempest.lib.common.rest_client [req-aa1b9849-089b-42fc-acf3-7f9531af96ba req-aa1b9849-089b-42fc-acf3-7f9531af96ba ] Request (SecurityGroupRulesNegativeTestJSON:tearDownClass): 200 GET http://10.180.1.21/networking/v2.0/security-groups?tenant_id=35848634814f445581ca1e88a71b7d7d&name=default 0.091s
2025-12-09 04:47:08.893 65489 INFO tempest.lib.common.rest_client [req-fbd59034-fec1-487d-80bf-c0b1f17781c4 req-fbd59034-fec1-487d-80bf-c0b1f17781c4 ] Request (ServerDiskConfigTestJSON:test_rebuild_server_with_auto_disk_config): 200 GET http://10.180.1.21/compute/v2.1/servers/68147a8b-f03b-4e2c-90eb-93e2fe243b7b 5.024s
2025-12-09 04:47:08.900 65489 INFO tempest.common.waiters [-] State transition "REBUILD/rebuild_spawning" ==> "ACTIVE/None" after 12 second wait
2025-12-09 04:47:08.915 65487 WARNING tempest.lib.common.ssh [-] Failed to establish authenticated ssh connection to cirros@10.180.180.131 ([Errno None] Unable to connect to port 22 on 10.180.180.131). Number attempts: 4. Retry after 5 seconds.: paramiko.ssh_exception.NoValidConnectionsError: [Errno None] Unable to connect to port 22 on 10.180.180.131
2025-12-09 04:47:08.934 65447 INFO tempest.lib.common.rest_client [req-742c9b6a-e04c-4cc8-997f-ccf68d5d79fa req-742c9b6a-e04c-4cc8-997f-ccf68d5d79fa ] Request (ImagesNegativeTestJSON:setUpClass): 201 POST http://10.180.1.21/networking/v2.0/routers 0.813s
