2025-12-09 04:49:09.532 65489 INFO tempest.lib.common.rest_client [req-29050a18-bdf9-4a31-ad86-519a1ed9ad7a req-29050a18-bdf9-4a31-ad86-519a1ed9ad7a ] Request (ServerDiskConfigTestJSON:test_resize_server_from_auto_to_manual): 200 GET http://10.180.1.21/compute/v2.1/servers/69bfb4ae-54a0-4696-9bcf-f56a96e3e25e 1.350s
2025-12-09 04:49:09.972 65441 INFO tempest.lib.common.rest_client [req-e5296e76-9066-4cd6-822d-b47908b44742 req-e5296e76-9066-4cd6-822d-b47908b44742 ] Request (ServerAddressesNegativeTestJSON:setUpClass): 202 POST http://10.180.1.21/compute/v2.1/servers 1.703s
2025-12-09 04:49:09.980 65443 INFO tempest.lib.common.rest_client [req-c9598924-1186-438b-b8dc-ffb9601f1dc1 req-c9598924-1186-438b-b8dc-ffb9601f1dc1 ] Request (ServerGroupTestJSON:tearDownClass): 404 DELETE http://10.180.1.21/compute/v2.1/os-server-groups/a712e42c-cebf-478a-a4f1-dd81d6f923d7 1.505s
2025-12-09 04:49:10.013 65471 INFO tempest.lib.common.rest_client [req-9e1d33ec-b573-4d7b-96a2-c8738e489c61 req-9e1d33ec-b573-4d7b-96a2-c8738e489c61 ] Request (SecurityGroupsTestJSON:test_update_security_groups): 200 GET http://10.180.1.21/compute/v2.1/os-security-groups/31bc38a8-32a3-42e3-a340-975b22ee3ed8 1.472s
2025-12-09 04:49:10.150 65433 INFO tempest.lib.common.rest_client [req-51144e11-5fc5-4883-a356-9840666fdbe9 req-51144e11-5fc5-4883-a356-9840666fdbe9 ] Request (MigrationsAdminTest:test_resize_server_revert_deleted_flavor): 200 GET http://10.180.1.21/compute/v2.1/servers/5e46a076-8cde-4cf1-a1d2-0a8ee8eab91e 1.601s
2025-12-09 04:49:10.158 65433 INFO tempest.common.waiters [-] State transition "RESIZE/resize_migrated" ==> "RESIZE/resize_finish" after 62 second wait
2025-12-09 04:49:10.500 65461 INFO tempest.lib.common.rest_client [req-07d15923-b711-4181-bcc5-7a7e3dbd9872 req-07d15923-b711-4181-bcc5-7a7e3dbd9872 ] Request (ServersNegativeTestJSON:setUpClass): 202 POST http://10.180.1.21/compute/v2.1/servers 1.528s
2025-12-09 04:49:10.577 65445 INFO tempest.lib.common.rest_client [req-5bb8bfd2-e1c1-4fdd-9862-772919b6854b req-5bb8bfd2-e1c1-4fdd-9862-772919b6854b ] Request (VolumesAssistedSnapshotsTest:test_volume_assisted_snapshot_create_delete): 200 POST http://10.180.1.21/compute/v2.1/servers/a537a196-f927-466d-9b70-ffe7cdfc387c/os-volume_attachments 3.440s
2025-12-09 04:49:10.632 65445 INFO tempest.lib.common.rest_client [req-31c889d8-8a2e-467a-b3fb-457b04025586 req-31c889d8-8a2e-467a-b3fb-457b04025586 ] Request (VolumesAssistedSnapshotsTest:test_volume_assisted_snapshot_create_delete): 200 GET http://10.180.1.21/volume/v3/volumes/f1cfa346-89a7-4f3d-be5b-ccba4605a278 0.053s
2025-12-09 04:49:10.677 65427 INFO tempest.lib.common.rest_client [req-f0976d2e-2dfd-436e-8b20-9b9a30fa18b5 req-f0976d2e-2dfd-436e-8b20-9b9a30fa18b5 ] Request (ServersAdminTestJSON:tearDownClass): 200 GET http://10.180.1.21/compute/v2.1/servers/fc7b7a48-19b2-4631-9e67-eb7d33031a8b 1.490s
2025-12-09 04:49:10.742 65481 INFO tempest.lib.common.rest_client [req-68e870c2-4858-46c8-bccb-e13d35632da1 req-68e870c2-4858-46c8-bccb-e13d35632da1 ] Request (ImagesOneServerNegativeTestJSON:_run_cleanups): 200 GET http://10.180.1.21/compute/v2.1/servers/18e43de1-7cc0-48a0-84a0-4463d21a4109 1.578s
2025-12-09 04:49:10.844 65465 INFO tempest.lib.common.rest_client [req-b00aa5ca-a790-4b1d-a9b7-957b899edb07 req-b00aa5ca-a790-4b1d-a9b7-957b899edb07 ] Request (ServersListShow2100Test:test_list_show_rebuild_update_server_2100): 200 GET http://10.180.1.21/compute/v2.1/servers/b382e2d5-a756-43ce-8ef0-71e7d6cb449b 1.516s
2025-12-09 04:49:10.861 65465 INFO tempest.common.waiters [-] State transition "BUILD/None" ==> "BUILD/block_device_mapping" after 29 second wait
2025-12-09 04:49:10.905 65483 INFO tempest.lib.common.rest_client [req-59fab073-4a07-4d43-b432-93210556f7f0 req-59fab073-4a07-4d43-b432-93210556f7f0 ] Request (ServerActionsTestJSON:test_reboot_server_hard): 200 GET http://10.180.1.21/compute/v2.1/servers/2d6fe47e-a0c4-4328-9335-23abc0739b74 1.679s
2025-12-09 04:49:10.979 65477 INFO tempest.lib.common.rest_client [req-7d03bf62-130f-4110-a9c4-0438990c332c req-7d03bf62-130f-4110-a9c4-0438990c332c ] Request (InstanceActionsV221TestJSON:test_get_list_deleted_instance_actions): 200 GET http://10.180.1.21/compute/v2.1/servers/fc8bf7c4-ee9c-4ae2-a908-3c25c1e21222 1.631s
2025-12-09 04:49:10.989 65477 INFO tempest.common.waiters [-] State transition "BUILD/block_device_mapping" ==> "BUILD/spawning" after 33 second wait
2025-12-09 04:49:11.000 65435 INFO tempest.lib.common.rest_client [req-ebc54316-1af1-4921-b2a2-8ea467361005 req-ebc54316-1af1-4921-b2a2-8ea467361005 ] Request (ServersAdmin275Test:test_rebuild_update_server_275): 200 GET http://10.180.1.21/compute/v2.1/servers/15df783a-6885-4c17-bae4-0aef23b60fd3 1.615s
2025-12-09 04:49:11.056 65485 INFO tempest.lib.common.rest_client [req-a5b8eacf-25b7-4d60-b559-ea575e51486e req-a5b8eacf-25b7-4d60-b559-ea575e51486e ] Request (ServersWithSpecificFlavorTestJSON:_run_cleanups): 200 GET http://10.180.1.21/compute/v2.1/servers/2a09939b-43ad-46d0-93f2-c5fa0b6cf35c 1.595s
2025-12-09 04:49:11.070 65473 INFO tempest.lib.common.rest_client [req-4a1d0e06-62e1-4c27-87e5-b6c335909adc req-4a1d0e06-62e1-4c27-87e5-b6c335909adc ] Request (ImagesTestJSON:test_create_server_from_snapshot): 200 GET http://10.180.1.21/compute/v2.1/servers/b1de48ea-e281-40d9-8884-78339749c254 1.372s
2025-12-09 04:49:11.217 65451 INFO tempest.lib.common.rest_client [req-99178920-b85c-4c4a-b5b5-e75a1662da84 req-99178920-b85c-4c4a-b5b5-e75a1662da84 ] Request (ServerMetadataTestJSON:setUpClass): 200 GET http://10.180.1.21/compute/v2.1/servers/4c61da69-0781-4f77-ae24-c3c7b883d37d 1.485s
2025-12-09 04:49:11.253 65487 INFO tempest.lib.common.rest_client [req-59e7eb29-759e-4ae6-ad57-f00d78004e1e req-59e7eb29-759e-4ae6-ad57-f00d78004e1e ] Request (ServerActionsTestOtherB:test_resize_server_confirm_from_stopped): 200 GET http://10.180.1.21/compute/v2.1/servers/79805f6c-1e2f-467c-9a5b-7a199de1bbee 1.381s
2025-12-09 04:49:11.283 65479 INFO tempest.lib.common.rest_client [req-f82e5f98-a34f-4a0b-8aaa-2ff39d764a62 req-f82e5f98-a34f-4a0b-8aaa-2ff39d764a62 ] Request (FloatingIPsAssociationTestJSON:tearDownClass): 200 GET http://10.180.1.21/compute/v2.1/servers/cd32af17-735d-46ab-976c-c164ecc0b1d9 1.352s
2025-12-09 04:49:11.294 65443 INFO tempest.lib.common.rest_client [req-bf24ff13-a2f3-4364-836b-93625b97a8c8 req-bf24ff13-a2f3-4364-836b-93625b97a8c8 ] Request (ServerGroupTestJSON:tearDownClass): 404 DELETE http://10.180.1.21/compute/v2.1/os-server-groups/5eee651f-2f9b-4e44-8f11-bd6ca4cedc26 1.313s
2025-12-09 04:49:11.308 65441 INFO tempest.lib.common.rest_client [req-35dce03e-5929-4f4e-9281-668d9163b728 req-35dce03e-5929-4f4e-9281-668d9163b728 ] Request (ServerAddressesNegativeTestJSON:setUpClass): 200 GET http://10.180.1.21/compute/v2.1/servers/475e1d13-1ad0-4a2f-838e-4cc668dd9379 1.334s
2025-12-09 04:49:11.327 65467 INFO tempest.lib.common.rest_client [req-6d2369e6-5521-43c0-b73c-9e20395e8e5e req-6d2369e6-5521-43c0-b73c-9e20395e8e5e ] Request (ListImageFiltersTestJSON:tearDownClass): 404 GET http://10.180.1.21/compute/v2.1/servers/7b891df5-f671-4db5-8f72-4af903f626c1 1.281s
2025-12-09 04:49:11.381 65457 INFO tempest.lib.common.rest_client [req-a05e46f6-fa6b-417a-bf57-494b0c8e94ce req-a05e46f6-fa6b-417a-bf57-494b0c8e94ce ] Request (DeleteServersTestJSON:test_delete_server_while_in_attached_volume): 200 GET http://10.180.1.21/compute/v2.1/servers/1be0fd91-b325-4bef-b0ab-6ceb8bb73f0e 1.235s
2025-12-09 04:49:11.410 65471 INFO tempest.lib.common.rest_client [req-ecd6c5ed-4036-48e5-ab25-78d90651cb45 req-ecd6c5ed-4036-48e5-ab25-78d90651cb45 ] Request (SecurityGroupsTestJSON:tearDownClass): 202 DELETE http://10.180.1.21/compute/v2.1/os-security-groups/31bc38a8-32a3-42e3-a340-975b22ee3ed8 1.389s
2025-12-09 04:49:11.448 65461 INFO tempest.lib.common.rest_client [req-07f7a88d-07c0-4811-8192-7e125674ed1c req-07f7a88d-07c0-4811-8192-7e125674ed1c ] Request (ServersNegativeTestJSON:setUpClass): 200 GET http://10.180.1.21/compute/v2.1/servers/c7be250f-cf76-436c-845c-d10696cff09d 0.945s
2025-12-09 04:49:11.531 65489 INFO tempest.lib.common.rest_client [req-ed60026f-8fe4-4688-b616-e087296379d1 req-ed60026f-8fe4-4688-b616-e087296379d1 ] Request (ServerDiskConfigTestJSON:test_resize_server_from_auto_to_manual): 200 GET http://10.180.1.21/compute/v2.1/servers/69bfb4ae-54a0-4696-9bcf-f56a96e3e25e 0.983s
2025-12-09 04:49:11.538 65443 INFO tempest.lib.common.rest_client [req-d4985d8b-173b-4cfc-90aa-e97bd3d4fdc5 req-d4985d8b-173b-4cfc-90aa-e97bd3d4fdc5 ] Request (ServerGroupTestJSON:tearDownClass): 404 DELETE http://10.180.1.21/compute/v2.1/os-server-groups/b586da4a-96cd-46bb-815d-797307cf4656 0.244s
2025-12-09 04:49:11.539 65489 INFO tempest.common.waiters [-] State transition "BUILD/spawning" ==> "ACTIVE/None" after 60 second wait
2025-12-09 04:49:11.572 65433 INFO tempest.lib.common.rest_client [req-ede751b7-f7eb-439d-9a2f-adbaa4d151c5 req-ede751b7-f7eb-439d-9a2f-adbaa4d151c5 ] Request (MigrationsAdminTest:test_resize_server_revert_deleted_flavor): 200 GET http://10.180.1.21/compute/v2.1/servers/5e46a076-8cde-4cf1-a1d2-0a8ee8eab91e 0.412s
2025-12-09 04:49:11.579 65433 INFO tempest.common.waiters [-] State transition "RESIZE/resize_finish" ==> "VERIFY_RESIZE/None" after 63 second wait
2025-12-09 04:49:11.590 65471 INFO tempest.lib.common.rest_client [req-30c9dbd8-a822-4669-945e-8f10581da64d req-30c9dbd8-a822-4669-945e-8f10581da64d ] Request (SecurityGroupsTestJSON:tearDownClass): 404 DELETE http://10.180.1.21/compute/v2.1/servers/12a2bb04-c16d-4b43-9b2f-f4d9c1f20a89 0.179s
2025-12-09 04:49:11.598 65443 INFO tempest.lib.common.rest_client [req-b7a8dce0-0af5-4814-8b40-6f2af4002ebb req-b7a8dce0-0af5-4814-8b40-6f2af4002ebb ] Request (ServerGroupTestJSON:tearDownClass): 404 DELETE http://10.180.1.21/compute/v2.1/os-server-groups/fbd36d4a-ce30-4dba-9a28-1ae122f8be2f 0.059s
2025-12-09 04:49:11.607 65467 INFO tempest.lib.common.rest_client [req-b1bde061-c723-465b-99dc-d3819ddcc380 req-b1bde061-c723-465b-99dc-d3819ddcc380 ] Request (ListImageFiltersTestJSON:tearDownClass): 204 DELETE http://10.180.1.21/compute/v2.1/images/834d2fce-7ae7-4af9-a2df-402881b79285 0.279s
2025-12-09 04:49:11.687 65445 INFO tempest.lib.common.rest_client [req-47bbfd1c-695c-44d4-a524-2eb632756e32 req-47bbfd1c-695c-44d4-a524-2eb632756e32 ] Request (VolumesAssistedSnapshotsTest:test_volume_assisted_snapshot_create_delete): 200 GET http://10.180.1.21/volume/v3/volumes/f1cfa346-89a7-4f3d-be5b-ccba4605a278 0.042s
2025-12-09 04:49:11.731 65489 INFO tempest.lib.common.rest_client [req-3d74fbbb-51d7-428b-adf9-28807eec83e0 req-3d74fbbb-51d7-428b-adf9-28807eec83e0 ] Request (ServerDiskConfigTestJSON:test_resize_server_from_auto_to_manual): 200 GET http://10.180.1.21/compute/v2.1/servers/69bfb4ae-54a0-4696-9bcf-f56a96e3e25e 0.192s
2025-12-09 04:49:11.760 65471 INFO tempest.lib.common.rest_client [req-e8c7fee3-27a1-475b-8e9a-4a27bffcdfd6 req-e8c7fee3-27a1-475b-8e9a-4a27bffcdfd6 ] Request (SecurityGroupsTestJSON:tearDownClass): 404 GET http://10.180.1.21/compute/v2.1/servers/12a2bb04-c16d-4b43-9b2f-f4d9c1f20a89 0.168s
2025-12-09 04:49:11.807 65443 INFO tempest.lib.common.rest_client [req-0600d4a6-ad4f-4dcf-8894-85d5df4ee0f5 req-0600d4a6-ad4f-4dcf-8894-85d5df4ee0f5 ] Request (ServerGroupTestJSON:tearDownClass): 204 DELETE http://10.180.1.21/compute/v2.1/os-server-groups/7d794224-25c5-4f07-b6f8-413da0bd03c8 0.209s
2025-12-09 04:49:11.813 65433 INFO tempest.lib.common.rest_client [req-b346200b-0d87-45ff-beda-bb7a63505a74 req-b346200b-0d87-45ff-beda-bb7a63505a74 ] Request (MigrationsAdminTest:test_resize_server_revert_deleted_flavor): 202 POST http://10.180.1.21/compute/v2.1/servers/5e46a076-8cde-4cf1-a1d2-0a8ee8eab91e/action 0.234s
2025-12-09 04:49:11.895 65467 INFO tempest.lib.common.rest_client [req-dbe39ae2-4cee-41d8-9b65-582385d5755e req-dbe39ae2-4cee-41d8-9b65-582385d5755e ] Request (ListImageFiltersTestJSON:tearDownClass): 204 DELETE http://10.180.1.21/compute/v2.1/images/3dbde074-0f64-4d18-aa77-5c373d1f0ba1 0.288s
2025-12-09 04:49:11.915 65427 INFO tempest.lib.common.rest_client [req-7a7c242a-d6f3-4643-a5c1-e27a7a19ebab req-7a7c242a-d6f3-4643-a5c1-e27a7a19ebab ] Request (ServersAdminTestJSON:tearDownClass): 200 GET http://10.180.1.21/compute/v2.1/servers/fc7b7a48-19b2-4631-9e67-eb7d33031a8b 0.222s
2025-12-09 04:49:11.967 65489 INFO tempest.lib.common.rest_client [req-3890d026-a8ba-4982-9c8f-e58eba9a0b71 req-3890d026-a8ba-4982-9c8f-e58eba9a0b71 ] Request (ServerDiskConfigTestJSON:test_resize_server_from_auto_to_manual): 200 PUT http://10.180.1.21/compute/v2.1/servers/69bfb4ae-54a0-4696-9bcf-f56a96e3e25e 0.229s
2025-12-09 04:49:12.069 65471 INFO tempest.lib.common.rest_client [req-5d890f11-80aa-4cd3-92b2-e542df36f803 req-5d890f11-80aa-4cd3-92b2-e542df36f803 ] Request (SecurityGroupsTestJSON:tearDownClass): 404 DELETE http://10.180.1.21/compute/v2.1/os-security-groups/fe6a6a99-3736-4814-86e5-a69125ecc42e 0.309s
2025-12-09 04:49:12.114 65481 INFO tempest.lib.common.rest_client [req-ecf4edd7-6b80-47f2-8b30-f2d40f99025b req-ecf4edd7-6b80-47f2-8b30-f2d40f99025b ] Request (ImagesOneServerNegativeTestJSON:_run_cleanups): 200 GET http://10.180.1.21/compute/v2.1/servers/18e43de1-7cc0-48a0-84a0-4463d21a4109 0.364s
2025-12-09 04:49:12.298 65465 INFO tempest.lib.common.rest_client [req-50202b50-11b2-430b-a289-0b02569d90ba req-50202b50-11b2-430b-a289-0b02569d90ba ] Request (ServersListShow2100Test:test_list_show_rebuild_update_server_2100): 200 GET http://10.180.1.21/compute/v2.1/servers/b382e2d5-a756-43ce-8ef0-71e7d6cb449b 0.435s
2025-12-09 04:49:12.311 65465 INFO tempest.common.waiters [-] State transition "BUILD/block_device_mapping" ==> "BUILD/spawning" after 31 second wait
2025-12-09 04:49:12.340 65433 INFO tempest.lib.common.rest_client [req-1bfafe28-8df6-4209-8cd5-d96e2924a45e req-1bfafe28-8df6-4209-8cd5-d96e2924a45e ] Request (MigrationsAdminTest:test_resize_server_revert_deleted_flavor): 200 GET http://10.180.1.21/compute/v2.1/servers/5e46a076-8cde-4cf1-a1d2-0a8ee8eab91e 0.525s
2025-12-09 04:49:12.368 65467 INFO tempest.lib.common.rest_client [req-57cc5b15-871c-43e2-98b6-14468fbc4eab req-57cc5b15-871c-43e2-98b6-14468fbc4eab ] Request (ListImageFiltersTestJSON:tearDownClass): 204 DELETE http://10.180.1.21/compute/v2.1/images/46903af0-105d-4a3c-90bc-9eb2abba8327 0.472s
2025-12-09 04:49:12.519 65467 INFO tempest.lib.common.rest_client [req-5354c596-296d-4e5a-b7c1-34db8a49924b req-5354c596-296d-4e5a-b7c1-34db8a49924b ] Request (ListImageFiltersTestJSON:tearDownClass): 204 DELETE http://10.180.1.21/identity/v3/users/c6c6531a4a4e4730b9c5c22b5032e361 0.150s
2025-12-09 04:49:12.519 65467 INFO tempest.lib.common.dynamic_creds [-] Deleting project and security group for project: 2ca748ed7b7f488781e1bb4057a1d0c8
2025-12-09 04:49:12.584 65467 INFO tempest.lib.common.rest_client [req-4c47e6ad-ef23-4c5a-b0ba-3ad52b89c69b req-4c47e6ad-ef23-4c5a-b0ba-3ad52b89c69b ] Request (ListImageFiltersTestJSON:tearDownClass): 201 POST http://10.180.1.21/identity/v3/auth/tokens 0.064s
2025-12-09 04:49:12.677 65483 INFO tempest.lib.common.rest_client [req-a3fe505f-dbcf-4528-93e4-a389ce6c9cd9 req-a3fe505f-dbcf-4528-93e4-a389ce6c9cd9 ] Request (ServerActionsTestJSON:test_reboot_server_hard): 200 GET http://10.180.1.21/compute/v2.1/servers/2d6fe47e-a0c4-4328-9335-23abc0739b74 0.756s
2025-12-09 04:49:12.684 65483 INFO tempest.common.waiters [-] State transition "HARD_REBOOT/rebooting_hard" ==> "HARD_REBOOT/reboot_pending_hard" after 2 second wait
2025-12-09 04:49:12.734 65445 INFO tempest.lib.common.rest_client [req-84ffcd45-c4c8-4e31-b4e2-abd96a8735a0 req-84ffcd45-c4c8-4e31-b4e2-abd96a8735a0 ] Request (VolumesAssistedSnapshotsTest:test_volume_assisted_snapshot_create_delete): 200 GET http://10.180.1.21/volume/v3/volumes/f1cfa346-89a7-4f3d-be5b-ccba4605a278 0.035s
2025-12-09 04:49:12.738 65459 WARNING tempest.lib.common.ssh [-] Failed to establish authenticated ssh connection to cirros@10.180.180.188 ([Errno None] Unable to connect to port 22 on 10.180.180.188). Number attempts: 3. Retry after 4 seconds.: paramiko.ssh_exception.NoValidConnectionsError: [Errno None] Unable to connect to port 22 on 10.180.180.188
2025-12-09 04:49:12.808 65443 INFO tempest.lib.common.rest_client [req-5dc0214f-040c-48de-a10e-46b95dae5835 req-5dc0214f-040c-48de-a10e-46b95dae5835 ] Request (ServerGroupTestJSON:tearDownClass): 200 PUT http://10.180.1.21/networking/v2.0/routers/f31cea3b-e0de-4314-9278-f9c46f9052d4/remove_router_interface 0.998s
2025-12-09 04:49:12.853 65467 INFO tempest.lib.common.rest_client [req-90c11ccb-8741-4793-b601-f63d7fa1ea40 req-90c11ccb-8741-4793-b601-f63d7fa1ea40 ] Request (ListImageFiltersTestJSON:tearDownClass): 200 GET http://10.180.1.21/networking/v2.0/security-groups?tenant_id=2ca748ed7b7f488781e1bb4057a1d0c8&name=default 0.268s
2025-12-09 04:49:12.863 65489 INFO tempest.lib.common.rest_client [req-c372332f-ad4a-4f1c-bd35-bf95ac1942c7 req-c372332f-ad4a-4f1c-bd35-bf95ac1942c7 ] Request (ServerDiskConfigTestJSON:test_resize_server_from_auto_to_manual): 200 GET http://10.180.1.21/compute/v2.1/servers/69bfb4ae-54a0-4696-9bcf-f56a96e3e25e 0.888s
2025-12-09 04:49:12.920 65449 WARNING tempest.lib.common.ssh [-] Failed to establish authenticated ssh connection to cirros@10.180.180.166 ([Errno None] Unable to connect to port 22 on 10.180.180.166). Number attempts: 4. Retry after 5 seconds.: paramiko.ssh_exception.NoValidConnectionsError: [Errno None] Unable to connect to port 22 on 10.180.180.166
2025-12-09 04:49:13.016 65467 INFO tempest.lib.common.rest_client [req-e391faca-fc15-4fe8-a809-7032ec9866d8 req-e391faca-fc15-4fe8-a809-7032ec9866d8 ] Request (ListImageFiltersTestJSON:tearDownClass): 204 DELETE http://10.180.1.21/networking/v2.0/security-groups/1cb445c1-075d-4f89-884f-a4bbf84030d0 0.162s
2025-12-09 04:49:13.049 65435 INFO tempest.lib.common.rest_client [req-be54e9c6-6aa5-4141-940b-9d42b370674c req-be54e9c6-6aa5-4141-940b-9d42b370674c ] Request (ServersAdmin275Test:test_rebuild_update_server_275): 200 GET http://10.180.1.21/compute/v2.1/servers/15df783a-6885-4c17-bae4-0aef23b60fd3 1.034s
2025-12-09 04:49:13.073 65477 INFO tempest.lib.common.rest_client [req-8dc9bdee-88d0-4d21-97fb-d3d602b8a01d req-8dc9bdee-88d0-4d21-97fb-d3d602b8a01d ] Request (InstanceActionsV221TestJSON:test_get_list_deleted_instance_actions): 200 GET http://10.180.1.21/compute/v2.1/servers/fc8bf7c4-ee9c-4ae2-a908-3c25c1e21222 1.082s
2025-12-09 04:49:13.083 65485 INFO tempest.lib.common.rest_client [req-810e09ab-ccd4-4a30-bd81-d91f1fefe9f3 req-810e09ab-ccd4-4a30-bd81-d91f1fefe9f3 ] Request (ServersWithSpecificFlavorTestJSON:_run_cleanups): 404 GET http://10.180.1.21/compute/v2.1/servers/2a09939b-43ad-46d0-93f2-c5fa0b6cf35c 1.015s
2025-12-09 04:49:13.098 65471 INFO tempest.lib.common.rest_client [req-a2ac535e-f451-4e4e-9930-7d8570bbaaf4 req-a2ac535e-f451-4e4e-9930-7d8570bbaaf4 ] Request (SecurityGroupsTestJSON:tearDownClass): 404 DELETE http://10.180.1.21/compute/v2.1/os-security-groups/6c6d05e2-e80c-477f-9eea-12f17d58d439 1.027s
2025-12-09 04:49:13.116 65467 INFO tempest.lib.common.rest_client [req-53a5ad9f-ad14-49d1-a051-ea4678fb6e7b req-53a5ad9f-ad14-49d1-a051-ea4678fb6e7b ] Request (ListImageFiltersTestJSON:tearDownClass): 204 DELETE http://10.180.1.21/identity/v3/projects/2ca748ed7b7f488781e1bb4057a1d0c8 0.099s
2025-12-09 04:49:13.157 65473 INFO tempest.lib.common.rest_client [req-d00504a0-62ad-42c6-995d-f7e6d818e525 req-d00504a0-62ad-42c6-995d-f7e6d818e525 ] Request (ImagesTestJSON:test_create_server_from_snapshot): 200 GET http://10.180.1.21/compute/v2.1/servers/b1de48ea-e281-40d9-8884-78339749c254 1.079s
2025-12-09 04:49:13.202 65467 INFO tempest.lib.common.rest_client [req-aec7d8f5-6517-4934-9eee-cc46ade7a359 req-aec7d8f5-6517-4934-9eee-cc46ade7a359 ] Request (ListServerFiltersTestJSON:setUpClass): 201 POST http://10.180.1.21/identity/v3/auth/tokens 0.085s
2025-12-09 04:49:13.239 65467 INFO tempest.lib.common.rest_client [req-669c669c-f338-478f-b8cb-7b655d085f0e req-669c669c-f338-478f-b8cb-7b655d085f0e ] Request (ListServerFiltersTestJSON:setUpClass): 201 POST http://10.180.1.21/identity/v3/auth/tokens 0.034s
2025-12-09 04:49:13.260 65451 INFO tempest.lib.common.rest_client [req-54db89e0-7cb0-4345-91bf-a0de3e9d0bd4 req-54db89e0-7cb0-4345-91bf-a0de3e9d0bd4 ] Request (ServerMetadataTestJSON:setUpClass): 200 GET http://10.180.1.21/compute/v2.1/servers/4c61da69-0781-4f77-ae24-c3c7b883d37d 1.033s
2025-12-09 04:49:13.270 65467 INFO tempest.lib.common.rest_client [req-7be3d50e-268b-4148-a8b9-f02c10d249b2 req-7be3d50e-268b-4148-a8b9-f02c10d249b2 ] Request (ListServerFiltersTestJSON:setUpClass): 200 GET http://10.180.1.21/identity/v3/domains?name=Default 0.031s
2025-12-09 04:49:13.301 65467 INFO tempest.lib.common.rest_client [req-032b90ac-b435-404a-a7f1-866de67c348a req-032b90ac-b435-404a-a7f1-866de67c348a ] Request (ListServerFiltersTestJSON:setUpClass): 201 POST http://10.180.1.21/identity/v3/projects 0.028s
2025-12-09 04:49:13.328 65443 INFO tempest.lib.common.rest_client [req-411fdef1-baec-4481-bd02-888cdb923d25 req-411fdef1-baec-4481-bd02-888cdb923d25 ] Request (ServerGroupTestJSON:tearDownClass): 204 DELETE http://10.180.1.21/networking/v2.0/routers/f31cea3b-e0de-4314-9278-f9c46f9052d4 0.519s
2025-12-09 04:49:13.351 65479 INFO tempest.lib.common.rest_client [req-c145993a-2060-47ec-ba50-ddb843bd52be req-c145993a-2060-47ec-ba50-ddb843bd52be ] Request (FloatingIPsAssociationTestJSON:tearDownClass): 200 GET http://10.180.1.21/compute/v2.1/servers/cd32af17-735d-46ab-976c-c164ecc0b1d9 1.057s
2025-12-09 04:49:13.376 65487 INFO tempest.lib.common.rest_client [req-0e168ef6-3e31-4b48-bd9b-6491031f90a1 req-0e168ef6-3e31-4b48-bd9b-6491031f90a1 ] Request (ServerActionsTestOtherB:test_resize_server_confirm_from_stopped): 200 GET http://10.180.1.21/compute/v2.1/servers/79805f6c-1e2f-467c-9a5b-7a199de1bbee 1.115s
2025-12-09 04:49:13.392 65467 INFO tempest.lib.common.rest_client [req-4ca6d117-bdc5-4b4b-bfbb-b49fddc19f94 req-4ca6d117-bdc5-4b4b-bfbb-b49fddc19f94 ] Request (ListServerFiltersTestJSON:setUpClass): 201 POST http://10.180.1.21/identity/v3/users 0.090s
2025-12-09 04:49:13.418 65441 INFO tempest.lib.common.rest_client [req-8b98a0f7-6727-4d93-916b-9795329203f3 req-8b98a0f7-6727-4d93-916b-9795329203f3 ] Request (ServerAddressesNegativeTestJSON:setUpClass): 200 GET http://10.180.1.21/compute/v2.1/servers/475e1d13-1ad0-4a2f-838e-4cc668dd9379 1.101s
2025-12-09 04:49:13.418 65467 INFO tempest.lib.common.rest_client [req-6c0266aa-d0de-460a-9ae6-ece8b21060ac req-6c0266aa-d0de-460a-9ae6-ece8b21060ac ] Request (ListServerFiltersTestJSON:setUpClass): 200 GET http://10.180.1.21/identity/v3/roles 0.026s
2025-12-09 04:49:13.425 65441 INFO tempest.common.waiters [-] State transition "BUILD/scheduling" ==> "BUILD/None" after 2 second wait
2025-12-09 04:49:13.458 65457 INFO tempest.lib.common.rest_client [req-0b094bbb-f2bc-417e-9416-b87df42ad995 req-0b094bbb-f2bc-417e-9416-b87df42ad995 ] Request (DeleteServersTestJSON:test_delete_server_while_in_attached_volume): 200 GET http://10.180.1.21/compute/v2.1/servers/1be0fd91-b325-4bef-b0ab-6ceb8bb73f0e 1.069s
2025-12-09 04:49:13.470 65467 INFO tempest.lib.common.rest_client [req-63b3c6ec-2784-4248-b1fa-2c998b50bd06 req-63b3c6ec-2784-4248-b1fa-2c998b50bd06 ] Request (ListServerFiltersTestJSON:setUpClass): 204 PUT http://10.180.1.21/identity/v3/projects/aab0bc2f4746476a88c4918364b84cd0/users/90b6e4f419c84f9180f53ae463f03094/roles/d960c854b5064d88a06c0b15cc9d52bd 0.051s
2025-12-09 04:49:13.471 65467 INFO tempest.lib.common.dynamic_creds [-] Dynamic test user 90b6e4f419c84f9180f53ae463f03094 is created with scope project and roles: ['member']
2025-12-09 04:49:13.471 65467 INFO tempest.lib.common.dynamic_creds [-] Acquired dynamic creds: credentials: Credentials: {'domain_id': 'default', 'domain_name': 'Default', 'username': 'tempest-ListServerFiltersTestJSON-2126051990-project-member', 'project_domain_id': 'default', 'project_domain_name': 'Default', 'project_id': 'aab0bc2f4746476a88c4918364b84cd0', 'project_name': 'tempest-ListServerFiltersTestJSON-2126051990', 'tenant_id': 'aab0bc2f4746476a88c4918364b84cd0', 'tenant_name': 'tempest-ListServerFiltersTestJSON-2126051990', 'user_domain_id': 'default', 'user_domain_name': 'Default', 'user_id': '90b6e4f419c84f9180f53ae463f03094', 'system': None}, Network: None, Subnet: None, Router: None
2025-12-09 04:49:13.514 65461 INFO tempest.lib.common.rest_client [req-c5d563ce-a1a6-48f9-849d-d4fc8657ce0c req-c5d563ce-a1a6-48f9-849d-d4fc8657ce0c ] Request (ServersNegativeTestJSON:setUpClass): 200 GET http://10.180.1.21/compute/v2.1/servers/c7be250f-cf76-436c-845c-d10696cff09d 1.059s
2025-12-09 04:49:13.521 65461 INFO tempest.common.waiters [-] State transition "BUILD/scheduling" ==> "BUILD/None" after 2 second wait
2025-12-09 04:49:13.552 65443 INFO tempest.lib.common.rest_client [req-05f0495a-12bc-4b1f-8be9-6367495b1940 req-05f0495a-12bc-4b1f-8be9-6367495b1940 ] Request (ServerGroupTestJSON:tearDownClass): 204 DELETE http://10.180.1.21/networking/v2.0/subnets/b1c84e34-4f21-4cf7-93c3-028108b61369 0.223s
2025-12-09 04:49:13.563 65467 INFO tempest.lib.common.rest_client [req-3168ef89-14a3-4ac0-acc9-0e769d910e36 req-3168ef89-14a3-4ac0-acc9-0e769d910e36 ] Request (ListServerFiltersTestJSON:setUpClass): 201 POST http://10.180.1.21/identity/v3/auth/tokens 0.092s
2025-12-09 04:49:13.771 65445 INFO tempest.lib.common.rest_client [req-9cf8d0d8-ad6a-40ab-ab75-4b16eb613ccd req-9cf8d0d8-ad6a-40ab-ab75-4b16eb613ccd ] Request (VolumesAssistedSnapshotsTest:test_volume_assisted_snapshot_create_delete): 200 GET http://10.180.1.21/volume/v3/volumes/f1cfa346-89a7-4f3d-be5b-ccba4605a278 0.030s
2025-12-09 04:49:13.826 65443 INFO tempest.lib.common.rest_client [req-929792fb-34cd-4e6a-8032-0484b45e9f0a req-929792fb-34cd-4e6a-8032-0484b45e9f0a ] Request (ServerGroupTestJSON:tearDownClass): 204 DELETE http://10.180.1.21/networking/v2.0/networks/6272cbe9-0562-4370-a5c9-e4796ecb1664 0.273s
2025-12-09 04:49:13.848 65427 INFO tempest.lib.common.rest_client [req-c7fd5cc4-cf73-4b12-b789-939efc492f24 req-c7fd5cc4-cf73-4b12-b789-939efc492f24 ] Request (ServersAdminTestJSON:tearDownClass): 200 GET http://10.180.1.21/compute/v2.1/servers/fc7b7a48-19b2-4631-9e67-eb7d33031a8b 0.922s
2025-12-09 04:49:13.871 65485 INFO tempest.lib.common.rest_client [req-02be33c5-7c9b-4cbb-a7f5-ad1c29c248f7 req-02be33c5-7c9b-4cbb-a7f5-ad1c29c248f7 ] Request (ServersWithSpecificFlavorTestJSON:_run_cleanups): 404 DELETE http://10.180.1.21/compute/v2.1/servers/2a561c1e-4dfa-42ab-8ff4-16751559888c 0.787s
2025-12-09 04:49:13.872 65489 INFO tempest.lib.common.rest_client [req-e76b28ef-32bb-47b6-9fdf-fd7fb90466a4 req-e76b28ef-32bb-47b6-9fdf-fd7fb90466a4 ] Request (ServerDiskConfigTestJSON:test_resize_server_from_auto_to_manual): 200 GET http://10.180.1.21/compute/v2.1/servers/69bfb4ae-54a0-4696-9bcf-f56a96e3e25e 1.000s
2025-12-09 04:49:13.892 65471 INFO tempest.lib.common.rest_client [req-92527322-228f-4083-8bec-089632d98142 req-92527322-228f-4083-8bec-089632d98142 ] Request (SecurityGroupsTestJSON:tearDownClass): 404 DELETE http://10.180.1.21/compute/v2.1/os-security-groups/65219eb0-ccfe-423b-a917-999f3a8153d6 0.793s
2025-12-09 04:49:13.904 65467 INFO tempest.lib.common.rest_client [req-734a477b-cf27-46d8-a0b3-db2365eb84fb req-734a477b-cf27-46d8-a0b3-db2365eb84fb ] Request (ListServerFiltersTestJSON:setUpClass): 201 POST http://10.180.1.21/networking/v2.0/networks 0.340s
2025-12-09 04:49:13.930 65443 INFO tempest.lib.common.rest_client [req-c2af4a45-2973-4c07-97ce-4cbd77403a6e req-c2af4a45-2973-4c07-97ce-4cbd77403a6e ] Request (ServerGroupTestJSON:tearDownClass): 204 DELETE http://10.180.1.21/identity/v3/users/69f38b2378c646b48ebb32374360b05e 0.103s
2025-12-09 04:49:13.930 65443 INFO tempest.lib.common.dynamic_creds [-] Deleting project and security group for project: 68922c4b6ec84d87a3481ca5c84fe49b
2025-12-09 04:49:13.985 65443 INFO tempest.lib.common.rest_client [req-73cb2526-6148-44cd-b9ac-ae902ceb7238 req-73cb2526-6148-44cd-b9ac-ae902ceb7238 ] Request (ServerGroupTestJSON:tearDownClass): 200 GET http://10.180.1.21/networking/v2.0/security-groups?tenant_id=68922c4b6ec84d87a3481ca5c84fe49b&name=default 0.055s
2025-12-09 04:49:14.010 65465 INFO tempest.lib.common.rest_client [req-3b45354a-4310-446a-94b1-519873af8c83 req-3b45354a-4310-446a-94b1-519873af8c83 ] Request (ServersListShow2100Test:test_list_show_rebuild_update_server_2100): 200 GET http://10.180.1.21/compute/v2.1/servers/b382e2d5-a756-43ce-8ef0-71e7d6cb449b 0.696s
2025-12-09 04:49:14.032 65481 INFO tempest.lib.common.rest_client [req-350117c5-4029-42e8-8d3f-4ea8f64d6b4b req-350117c5-4029-42e8-8d3f-4ea8f64d6b4b ] Request (ImagesOneServerNegativeTestJSON:_run_cleanups): 200 GET http://10.180.1.21/compute/v2.1/servers/18e43de1-7cc0-48a0-84a0-4463d21a4109 0.910s
2025-12-09 04:49:14.065 65467 INFO tempest.lib.common.rest_client [req-eebc8e06-20f7-4613-9ab7-303c7dac9145 req-eebc8e06-20f7-4613-9ab7-303c7dac9145 ] Request (ListServerFiltersTestJSON:setUpClass): 201 POST http://10.180.1.21/networking/v2.0/subnets 0.160s
2025-12-09 04:49:14.065 65467 INFO tempest.lib.common.dynamic_creds [-] Created isolated network resources for: credentials: Credentials: {'domain_id': 'default', 'domain_name': 'Default', 'username': 'tempest-ListServerFiltersTestJSON-2126051990-project-member', 'project_domain_id': 'default', 'project_domain_name': 'Default', 'project_id': 'aab0bc2f4746476a88c4918364b84cd0', 'project_name': 'tempest-ListServerFiltersTestJSON-2126051990', 'tenant_id': 'aab0bc2f4746476a88c4918364b84cd0', 'tenant_name': 'tempest-ListServerFiltersTestJSON-2126051990', 'user_domain_id': 'default', 'user_domain_name': 'Default', 'user_id': '90b6e4f419c84f9180f53ae463f03094', 'system': None}, Network: {'id': 'ba8175a9-578d-4ac9-9004-83f1c46a3893', 'name': 'tempest-ListServerFiltersTestJSON-947937582-network', 'tenant_id': 'aab0bc2f4746476a88c4918364b84cd0', 'project_id': 'aab0bc2f4746476a88c4918364b84cd0', 'admin_state_up': True, 'mtu': 8950, 'status': 'ACTIVE', 'subnets': [], 'shared': False, 'port_security_enabled': True, 'router:external': False, 'provider:network_type': 'vlan', 'provider:physical_network': 'default', 'provider:segmentation_id': 811, 'availability_zone_hints': [], 'availability_zones': [], 'ipv4_address_scope': None, 'ipv6_address_scope': None, 'description': '', 'tags': [], 'created_at': '2025-12-09T04:49:13Z', 'updated_at': '2025-12-09T04:49:13Z', 'revision_number': 1}, Subnet: {'id': '56cb7ca9-91b1-4611-81d8-670516123a45', 'name': 'tempest-ListServerFiltersTestJSON-947937582-subnet', 'tenant_id': 'aab0bc2f4746476a88c4918364b84cd0', 'network_id': 'ba8175a9-578d-4ac9-9004-83f1c46a3893', 'ip_version': 4, 'subnetpool_id': None, 'enable_dhcp': True, 'ipv6_ra_mode': None, 'ipv6_address_mode': None, 'gateway_ip': '192.168.128.1', 'cidr': '192.168.128.0/28', 'allocation_pools': [{'start': '192.168.128.2', 'end': '192.168.128.14'}], 'host_routes': [], 'dns_nameservers': [], 'description': '', 'router:external': False, 'service_types': [], 'tags': [], 'created_at': '2025-12-09T04:49:13Z', 'updated_at': '2025-12-09T04:49:13Z', 'revision_number': 0, 'project_id': 'aab0bc2f4746476a88c4918364b84cd0'}, Router: None
2025-12-09 04:49:14.112 65443 INFO tempest.lib.common.rest_client [req-31622b8e-fb53-42fa-9ce7-bea3d52d93fa req-31622b8e-fb53-42fa-9ce7-bea3d52d93fa ] Request (ServerGroupTestJSON:tearDownClass): 204 DELETE http://10.180.1.21/networking/v2.0/security-groups/64777a42-07f5-4e1e-a53c-afd2accca690 0.126s
2025-12-09 04:49:14.147 65467 INFO tempest.lib.common.rest_client [req-a17a8c6c-b9c2-4bad-abc3-232d37164cf6 req-a17a8c6c-b9c2-4bad-abc3-232d37164cf6 ] Request (ListServerFiltersTestJSON:setUpClass): 201 POST http://10.180.1.21/identity/v3/auth/tokens 0.078s
2025-12-09 04:49:14.185 65467 INFO tempest.lib.common.rest_client [req-07bc523e-8f73-447f-9136-debbd773c5e8 req-07bc523e-8f73-447f-9136-debbd773c5e8 ] Request (ListServerFiltersTestJSON:setUpClass): 201 POST http://10.180.1.21/identity/v3/auth/tokens 0.034s
2025-12-09 04:49:14.185 65467 INFO tempest.lib.common.fixed_network [-] (ListServerFiltersTestJSON:setUpClass) Found network {'id': 'ba8175a9-578d-4ac9-9004-83f1c46a3893', 'name': 'tempest-ListServerFiltersTestJSON-947937582-network', 'tenant_id': 'aab0bc2f4746476a88c4918364b84cd0', 'project_id': 'aab0bc2f4746476a88c4918364b84cd0', 'admin_state_up': True, 'mtu': 8950, 'status': 'ACTIVE', 'subnets': [], 'shared': False, 'port_security_enabled': True, 'router:external': False, 'provider:network_type': 'vlan', 'provider:physical_network': 'default', 'provider:segmentation_id': 811, 'availability_zone_hints': [], 'availability_zones': [], 'ipv4_address_scope': None, 'ipv6_address_scope': None, 'description': '', 'tags': [], 'created_at': '2025-12-09T04:49:13Z', 'updated_at': '2025-12-09T04:49:13Z', 'revision_number': 1} available for tenant
2025-12-09 04:49:14.189 65433 INFO tempest.lib.common.rest_client [req-5cb5bd25-3748-4fa6-93eb-f77f85fa96db req-5cb5bd25-3748-4fa6-93eb-f77f85fa96db ] Request (MigrationsAdminTest:test_resize_server_revert_deleted_flavor): 200 GET http://10.180.1.21/compute/v2.1/servers/5e46a076-8cde-4cf1-a1d2-0a8ee8eab91e 0.839s
2025-12-09 04:49:14.196 65483 INFO tempest.lib.common.rest_client [req-73382d8a-3503-4bd6-ace0-bf8600d0f078 req-73382d8a-3503-4bd6-ace0-bf8600d0f078 ] Request (ServerActionsTestJSON:test_reboot_server_hard): 200 GET http://10.180.1.21/compute/v2.1/servers/2d6fe47e-a0c4-4328-9335-23abc0739b74 0.510s
2025-12-09 04:49:14.210 65483 INFO tempest.common.waiters [-] State transition "HARD_REBOOT/reboot_pending_hard" ==> "ACTIVE/None" after 4 second wait
2025-12-09 04:49:14.211 65483 INFO tempest.lib.common.ssh [-] Creating ssh connection to '10.180.180.193:22' as 'cirros' with public key authentication
2025-12-09 04:49:14.230 65485 INFO tempest.lib.common.rest_client [req-63842082-f9c5-4c0d-ae4f-79f51e272560 req-63842082-f9c5-4c0d-ae4f-79f51e272560 ] Request (ServersWithSpecificFlavorTestJSON:_run_cleanups): 404 GET http://10.180.1.21/compute/v2.1/servers/2a561c1e-4dfa-42ab-8ff4-16751559888c 0.358s
2025-12-09 04:49:14.252 65471 INFO tempest.lib.common.rest_client [req-afb8cff2-9442-46aa-8f33-82946d9c4414 req-afb8cff2-9442-46aa-8f33-82946d9c4414 ] Request (SecurityGroupsTestJSON:tearDownClass): 404 DELETE http://10.180.1.21/compute/v2.1/os-security-groups/5da64612-8e77-4794-b430-ccf3254aec61 0.359s
2025-12-09 04:49:14.279 65443 INFO tempest.lib.common.rest_client [req-94c24a17-da76-4eb7-9410-6d66feba05b1 req-94c24a17-da76-4eb7-9410-6d66feba05b1 ] Request (ServerGroupTestJSON:tearDownClass): 204 DELETE http://10.180.1.21/identity/v3/projects/68922c4b6ec84d87a3481ca5c84fe49b 0.166s
2025-12-09 04:49:14.281 65467 INFO tempest.lib.common.rest_client [req-912be2fd-271e-433c-8d75-a2656f31df1a req-912be2fd-271e-433c-8d75-a2656f31df1a ] Request (ListServerFiltersTestJSON:setUpClass): 201 POST http://10.180.1.21/identity/v3/auth/tokens 0.093s
2025-12-09 04:49:14.281 65467 INFO tempest.lib.common.fixed_network [-] (ListServerFiltersTestJSON:setUpClass) Found network {'id': 'ba8175a9-578d-4ac9-9004-83f1c46a3893', 'name': 'tempest-ListServerFiltersTestJSON-947937582-network', 'tenant_id': 'aab0bc2f4746476a88c4918364b84cd0', 'project_id': 'aab0bc2f4746476a88c4918364b84cd0', 'admin_state_up': True, 'mtu': 8950, 'status': 'ACTIVE', 'subnets': [], 'shared': False, 'port_security_enabled': True, 'router:external': False, 'provider:network_type': 'vlan', 'provider:physical_network': 'default', 'provider:segmentation_id': 811, 'availability_zone_hints': [], 'availability_zones': [], 'ipv4_address_scope': None, 'ipv6_address_scope': None, 'description': '', 'tags': [], 'created_at': '2025-12-09T04:49:13Z', 'updated_at': '2025-12-09T04:49:13Z', 'revision_number': 1} available for tenant
2025-12-09 04:49:14.312 65435 INFO tempest.lib.common.rest_client [req-18f5d345-751b-4a69-8484-96258cca70d4 req-18f5d345-751b-4a69-8484-96258cca70d4 ] Request (ServersAdmin275Test:test_rebuild_update_server_275): 200 GET http://10.180.1.21/compute/v2.1/servers/15df783a-6885-4c17-bae4-0aef23b60fd3 0.249s
2025-12-09 04:49:14.341 65443 INFO tempest.lib.common.rest_client [req-7134e61d-3041-4cc6-a1a5-e49fff87629e req-7134e61d-3041-4cc6-a1a5-e49fff87629e ] Request (ServerPasswordTestJSON:setUpClass): 201 POST http://10.180.1.21/identity/v3/auth/tokens 0.061s
2025-12-09 04:49:14.376 65489 INFO tempest.lib.common.rest_client [req-475c01d4-c1c0-4403-8a27-43a92d337a0c req-475c01d4-c1c0-4403-8a27-43a92d337a0c ] Request (ServerDiskConfigTestJSON:test_resize_server_from_auto_to_manual): 202 POST http://10.180.1.21/compute/v2.1/servers/69bfb4ae-54a0-4696-9bcf-f56a96e3e25e/action 0.494s
2025-12-09 04:49:14.378 65443 INFO tempest.lib.common.rest_client [req-b5b82654-982a-4ccc-af8e-d4481d77f5d8 req-b5b82654-982a-4ccc-af8e-d4481d77f5d8 ] Request (ServerPasswordTestJSON:setUpClass): 201 POST http://10.180.1.21/identity/v3/auth/tokens 0.034s
2025-12-09 04:49:14.409 65443 INFO tempest.lib.common.rest_client [req-3741fc24-0b2d-4061-88b8-58f26edbe88e req-3741fc24-0b2d-4061-88b8-58f26edbe88e ] Request (ServerPasswordTestJSON:setUpClass): 200 GET http://10.180.1.21/identity/v3/domains?name=Default 0.030s
2025-12-09 04:49:14.436 65473 INFO tempest.lib.common.rest_client [req-6fe83098-6544-403a-a736-e271b871f1df req-6fe83098-6544-403a-a736-e271b871f1df ] Request (ImagesTestJSON:test_create_server_from_snapshot): 200 GET http://10.180.1.21/compute/v2.1/servers/b1de48ea-e281-40d9-8884-78339749c254 0.268s
2025-12-09 04:49:14.443 65443 INFO tempest.lib.common.rest_client [req-e5a10a4d-19dd-4d42-9ab3-2eb52dfc2d3d req-e5a10a4d-19dd-4d42-9ab3-2eb52dfc2d3d ] Request (ServerPasswordTestJSON:setUpClass): 201 POST http://10.180.1.21/identity/v3/projects 0.033s
2025-12-09 04:49:14.453 65485 INFO tempest.lib.common.rest_client [req-370b47b5-d137-44dc-9a9f-f23b2be18b4d req-370b47b5-d137-44dc-9a9f-f23b2be18b4d ] Request (ServersWithSpecificFlavorTestJSON:_run_cleanups): 202 DELETE http://10.180.1.21/compute/v2.1/os-keypairs/tempest-keypair-981390073 0.222s
2025-12-09 04:49:14.493 65477 INFO tempest.lib.common.rest_client [req-8338b2f7-514d-4a00-b8a2-3248c5bce942 req-8338b2f7-514d-4a00-b8a2-3248c5bce942 ] Request (InstanceActionsV221TestJSON:test_get_list_deleted_instance_actions): 200 GET http://10.180.1.21/compute/v2.1/servers/fc8bf7c4-ee9c-4ae2-a908-3c25c1e21222 0.404s
2025-12-09 04:49:14.497 65471 INFO tempest.lib.common.rest_client [req-e76c9c06-eeb0-4f21-a821-1a01dfcfeb24 req-e76c9c06-eeb0-4f21-a821-1a01dfcfeb24 ] Request (SecurityGroupsTestJSON:tearDownClass): 404 DELETE http://10.180.1.21/compute/v2.1/os-security-groups/ffef872f-c1d2-4220-bbf0-7c8555303df1 0.245s
2025-12-09 04:49:14.528 65443 INFO tempest.lib.common.rest_client [req-1f12116a-3ce2-4af5-ae93-bb258bb12881 req-1f12116a-3ce2-4af5-ae93-bb258bb12881 ] Request (ServerPasswordTestJSON:setUpClass): 201 POST http://10.180.1.21/identity/v3/users 0.084s
2025-12-09 04:49:14.551 65443 INFO tempest.lib.common.rest_client [req-fb4a0ac7-d952-4950-a7df-7e0e11e3907c req-fb4a0ac7-d952-4950-a7df-7e0e11e3907c ] Request (ServerPasswordTestJSON:setUpClass): 200 GET http://10.180.1.21/identity/v3/roles 0.023s
2025-12-09 04:49:14.573 65485 INFO tempest.lib.common.rest_client [req-082091a4-92d1-4191-801e-66ae19f4c12b req-082091a4-92d1-4191-801e-66ae19f4c12b ] Request (ServersWithSpecificFlavorTestJSON:_run_cleanups): 204 DELETE http://10.180.1.21/networking/v2.0/security-groups/9576b45f-b344-47bd-8f8b-9df4c3725ddb 0.119s
2025-12-09 04:49:14.589 65485 INFO tempest.lib.common.rest_client [req-f3afc5cc-37c4-47c1-973d-e8dc0bdd61b3 req-f3afc5cc-37c4-47c1-973d-e8dc0bdd61b3 ] Request (ServersWithSpecificFlavorTestJSON:_run_cleanups): 404 GET http://10.180.1.21/networking/v2.0/security-groups/9576b45f-b344-47bd-8f8b-9df4c3725ddb 0.015s
2025-12-09 04:49:14.590 65443 INFO tempest.lib.common.rest_client [req-94c08cb6-876a-4a16-a1f8-6a151c2b3aba req-94c08cb6-876a-4a16-a1f8-6a151c2b3aba ] Request (ServerPasswordTestJSON:setUpClass): 204 PUT http://10.180.1.21/identity/v3/projects/e647f6a373784a59b64c57520571c204/users/49feaaa9caa44adf81557ce20457c961/roles/d960c854b5064d88a06c0b15cc9d52bd 0.038s
2025-12-09 04:49:14.591 65443 INFO tempest.lib.common.dynamic_creds [-] Dynamic test user 49feaaa9caa44adf81557ce20457c961 is created with scope project and roles: ['member']
2025-12-09 04:49:14.591 65443 INFO tempest.lib.common.dynamic_creds [-] Acquired dynamic creds: credentials: Credentials: {'domain_id': 'default', 'domain_name': 'Default', 'username': 'tempest-ServerPasswordTestJSON-730886141-project-member', 'project_domain_id': 'default', 'project_domain_name': 'Default', 'project_id': 'e647f6a373784a59b64c57520571c204', 'project_name': 'tempest-ServerPasswordTestJSON-730886141', 'tenant_id': 'e647f6a373784a59b64c57520571c204', 'tenant_name': 'tempest-ServerPasswordTestJSON-730886141', 'user_domain_id': 'default', 'user_domain_name': 'Default', 'user_id': '49feaaa9caa44adf81557ce20457c961', 'system': None}, Network: None, Subnet: None, Router: None
2025-12-09 04:49:14.655 65451 INFO tempest.lib.common.rest_client [req-f4f52b1f-a2b8-4c6f-856f-d56bef7bad2a req-f4f52b1f-a2b8-4c6f-856f-d56bef7bad2a ] Request (ServerMetadataTestJSON:setUpClass): 200 GET http://10.180.1.21/compute/v2.1/servers/4c61da69-0781-4f77-ae24-c3c7b883d37d 0.381s
2025-12-09 04:49:14.692 65443 INFO tempest.lib.common.rest_client [req-ea43b521-a76a-45b7-a7f8-38cb48dd7261 req-ea43b521-a76a-45b7-a7f8-38cb48dd7261 ] Request (ServerPasswordTestJSON:setUpClass): 201 POST http://10.180.1.21/identity/v3/auth/tokens 0.100s
2025-12-09 04:49:14.810 65445 INFO tempest.lib.common.rest_client [req-6afeccc8-4a22-4a55-a967-ba384bc0f05e req-6afeccc8-4a22-4a55-a967-ba384bc0f05e ] Request (VolumesAssistedSnapshotsTest:test_volume_assisted_snapshot_create_delete): 200 GET http://10.180.1.21/volume/v3/volumes/f1cfa346-89a7-4f3d-be5b-ccba4605a278 0.031s
2025-12-09 04:49:14.926 65485 INFO tempest.lib.common.rest_client [req-87d4512c-b8c8-4cfb-90ad-c462918b4722 req-87d4512c-b8c8-4cfb-90ad-c462918b4722 ] Request (ServersWithSpecificFlavorTestJSON:_run_cleanups): 204 DELETE http://10.180.1.21/networking/v2.0/floatingips/2453aa64-08ab-4273-a372-2f155fc08f03 0.336s
2025-12-09 04:49:14.991 65479 INFO tempest.lib.common.rest_client [req-529da827-1a5b-43fe-b9dd-a5cfeaf2ffe7 req-529da827-1a5b-43fe-b9dd-a5cfeaf2ffe7 ] Request (FloatingIPsAssociationTestJSON:tearDownClass): 200 GET http://10.180.1.21/compute/v2.1/servers/cd32af17-735d-46ab-976c-c164ecc0b1d9 0.628s
2025-12-09 04:49:15.023 65443 INFO tempest.lib.common.rest_client [req-474b3728-3be2-4612-ab06-abc20623f39b req-474b3728-3be2-4612-ab06-abc20623f39b ] Request (ServerPasswordTestJSON:setUpClass): 201 POST http://10.180.1.21/networking/v2.0/networks 0.330s
2025-12-09 04:49:15.207 65443 INFO tempest.lib.common.rest_client [req-81c8ed23-9732-4447-8c1e-c507a9620d0f req-81c8ed23-9732-4447-8c1e-c507a9620d0f ] Request (ServerPasswordTestJSON:setUpClass): 201 POST http://10.180.1.21/networking/v2.0/subnets 0.183s
2025-12-09 04:49:15.238 65489 INFO tempest.lib.common.rest_client [req-ed12666e-2ee6-4ef2-9635-958598f835d7 req-ed12666e-2ee6-4ef2-9635-958598f835d7 ] Request (ServerDiskConfigTestJSON:test_resize_server_from_auto_to_manual): 200 GET http://10.180.1.21/compute/v2.1/servers/69bfb4ae-54a0-4696-9bcf-f56a96e3e25e 0.861s
2025-12-09 04:49:15.275 65467 INFO tempest.lib.common.rest_client [req-8a1f5575-8cc1-4340-8a89-f7aa11890415 req-8a1f5575-8cc1-4340-8a89-f7aa11890415 ] Request (ListServerFiltersTestJSON:setUpClass): 202 POST http://10.180.1.21/compute/v2.1/servers 0.993s
2025-12-09 04:49:15.361 65467 INFO tempest.lib.common.rest_client [req-ff7c4a9c-4195-42ae-89ef-aff939159e81 req-ff7c4a9c-4195-42ae-89ef-aff939159e81 ] Request (ListServerFiltersTestJSON:setUpClass): 201 POST http://10.180.1.21/identity/v3/auth/tokens 0.080s
2025-12-09 04:49:15.361 65467 INFO tempest.lib.common.fixed_network [-] (ListServerFiltersTestJSON:setUpClass) Found network {'id': 'ba8175a9-578d-4ac9-9004-83f1c46a3893', 'name': 'tempest-ListServerFiltersTestJSON-947937582-network', 'tenant_id': 'aab0bc2f4746476a88c4918364b84cd0', 'project_id': 'aab0bc2f4746476a88c4918364b84cd0', 'admin_state_up': True, 'mtu': 8950, 'status': 'ACTIVE', 'subnets': [], 'shared': False, 'port_security_enabled': True, 'router:external': False, 'provider:network_type': 'vlan', 'provider:physical_network': 'default', 'provider:segmentation_id': 811, 'availability_zone_hints': [], 'availability_zones': [], 'ipv4_address_scope': None, 'ipv6_address_scope': None, 'description': '', 'tags': [], 'created_at': '2025-12-09T04:49:13Z', 'updated_at': '2025-12-09T04:49:13Z', 'revision_number': 1} available for tenant
2025-12-09 04:49:15.374 65441 INFO tempest.lib.common.rest_client [req-7e66c739-d21c-4588-bdc5-8c0df1577ebd req-7e66c739-d21c-4588-bdc5-8c0df1577ebd ] Request (ServerAddressesNegativeTestJSON:setUpClass): 200 GET http://10.180.1.21/compute/v2.1/servers/475e1d13-1ad0-4a2f-838e-4cc668dd9379 0.947s
2025-12-09 04:49:15.407 65487 INFO tempest.lib.common.rest_client [req-dfaf2258-de45-4012-a4e2-f5f557f9017d req-dfaf2258-de45-4012-a4e2-f5f557f9017d ] Request (ServerActionsTestOtherB:test_resize_server_confirm_from_stopped): 200 GET http://10.180.1.21/compute/v2.1/servers/79805f6c-1e2f-467c-9a5b-7a199de1bbee 1.019s
2025-12-09 04:49:15.452 65457 INFO tempest.lib.common.rest_client [req-ea571177-7d20-4471-b9d1-a18e52450531 req-ea571177-7d20-4471-b9d1-a18e52450531 ] Request (DeleteServersTestJSON:test_delete_server_while_in_attached_volume): 200 GET http://10.180.1.21/compute/v2.1/servers/1be0fd91-b325-4bef-b0ab-6ceb8bb73f0e 0.987s
2025-12-09 04:49:15.460 65471 INFO tempest.lib.common.rest_client [req-517d7d6f-cff7-4ac2-a7fe-5903a1d8e63d req-517d7d6f-cff7-4ac2-a7fe-5903a1d8e63d ] Request (SecurityGroupsTestJSON:tearDownClass): 404 DELETE http://10.180.1.21/compute/v2.1/os-security-groups/8cac2490-a583-4f1f-bd00-2017740552ae 0.962s
2025-12-09 04:49:15.562 65461 INFO tempest.lib.common.rest_client [req-76673c2d-7039-4c9f-a4f0-e39c42ed76b1 req-76673c2d-7039-4c9f-a4f0-e39c42ed76b1 ] Request (ServersNegativeTestJSON:setUpClass): 200 GET http://10.180.1.21/compute/v2.1/servers/c7be250f-cf76-436c-845c-d10696cff09d 1.039s
2025-12-09 04:49:15.573 65427 INFO tempest.lib.common.rest_client [req-ea097489-0d2b-44e5-87c3-2bd19ec0c937 req-ea097489-0d2b-44e5-87c3-2bd19ec0c937 ] Request (ServersAdminTestJSON:tearDownClass): 200 GET http://10.180.1.21/compute/v2.1/servers/fc7b7a48-19b2-4631-9e67-eb7d33031a8b 0.716s
2025-12-09 04:49:15.593 65485 INFO tempest.lib.common.rest_client [req-e93d00c8-4bbb-4273-b2d9-48cd95911362 req-e93d00c8-4bbb-4273-b2d9-48cd95911362 ] Request (ServersWithSpecificFlavorTestJSON:_run_cleanups): 202 DELETE http://10.180.1.21/compute/v2.1/flavors/1763604985 0.666s
2025-12-09 04:49:15.776 65465 INFO tempest.lib.common.rest_client [req-f6d0c101-4493-4ca9-94e2-1a8056e75606 req-f6d0c101-4493-4ca9-94e2-1a8056e75606 ] Request (ServersListShow2100Test:test_list_show_rebuild_update_server_2100): 200 GET http://10.180.1.21/compute/v2.1/servers/b382e2d5-a756-43ce-8ef0-71e7d6cb449b 0.752s
2025-12-09 04:49:15.796 65481 INFO tempest.lib.common.rest_client [req-6ec56c80-b05c-4272-98b7-fe02a151e0d2 req-6ec56c80-b05c-4272-98b7-fe02a151e0d2 ] Request (ImagesOneServerNegativeTestJSON:_run_cleanups): 200 GET http://10.180.1.21/compute/v2.1/servers/18e43de1-7cc0-48a0-84a0-4463d21a4109 0.754s
2025-12-09 04:49:15.803 65481 INFO tempest.common.waiters [-] State transition "BUILD/spawning" ==> "ACTIVE/None" after 55 second wait
2025-12-09 04:49:15.856 65445 INFO tempest.lib.common.rest_client [req-c1fd90b7-e151-4b17-871f-b61bfd624f18 req-c1fd90b7-e151-4b17-871f-b61bfd624f18 ] Request (VolumesAssistedSnapshotsTest:test_volume_assisted_snapshot_create_delete): 200 GET http://10.180.1.21/volume/v3/volumes/f1cfa346-89a7-4f3d-be5b-ccba4605a278 0.038s
2025-12-09 04:49:15.880 65435 INFO tempest.lib.common.rest_client [req-4fc4ea21-b141-47be-8092-78a2c0f5c106 req-4fc4ea21-b141-47be-8092-78a2c0f5c106 ] Request (ServersAdmin275Test:test_rebuild_update_server_275): 200 GET http://10.180.1.21/compute/v2.1/servers/15df783a-6885-4c17-bae4-0aef23b60fd3 0.558s
2025-12-09 04:49:15.931 65433 INFO tempest.lib.common.rest_client [req-b36563a7-a1eb-446b-8dd5-86b444f73b7b req-b36563a7-a1eb-446b-8dd5-86b444f73b7b ] Request (MigrationsAdminTest:test_resize_server_revert_deleted_flavor): 200 GET http://10.180.1.21/compute/v2.1/servers/5e46a076-8cde-4cf1-a1d2-0a8ee8eab91e 0.731s
2025-12-09 04:49:15.996 65473 INFO tempest.lib.common.rest_client [req-da74ec06-3283-4cfb-a535-586f2fdcc76c req-da74ec06-3283-4cfb-a535-586f2fdcc76c ] Request (ImagesTestJSON:test_create_server_from_snapshot): 200 GET http://10.180.1.21/compute/v2.1/servers/b1de48ea-e281-40d9-8884-78339749c254 0.549s
2025-12-09 04:49:16.067 65443 INFO tempest.lib.common.rest_client [req-c7afdef1-fbc8-45de-b2ce-1bbee73af595 req-c7afdef1-fbc8-45de-b2ce-1bbee73af595 ] Request (ServerPasswordTestJSON:setUpClass): 201 POST http://10.180.1.21/networking/v2.0/routers 0.860s
2025-12-09 04:49:16.091 65471 INFO tempest.lib.common.rest_client [req-0113b7b6-d0b1-48d5-bf7a-7cbf34b1f381 req-0113b7b6-d0b1-48d5-bf7a-7cbf34b1f381 ] Request (SecurityGroupsTestJSON:tearDownClass): 204 DELETE http://10.180.1.21/compute/v2.1/servers/e6730cd6-32c4-4ad7-ae30-5880fb953024 0.630s
2025-12-09 04:49:16.179 65467 INFO tempest.lib.common.rest_client [req-98a3a995-fe04-474a-bd00-f111850c2d73 req-98a3a995-fe04-474a-bd00-f111850c2d73 ] Request (ListServerFiltersTestJSON:setUpClass): 202 POST http://10.180.1.21/compute/v2.1/servers 0.817s
2025-12-09 04:49:16.200 65485 INFO tempest.lib.common.rest_client [req-bf3b587b-e46f-4422-83c0-07d9797ab657 req-bf3b587b-e46f-4422-83c0-07d9797ab657 ] Request (ServersWithSpecificFlavorTestJSON:_run_cleanups): 200 GET http://10.180.1.21/compute/v2.1/flavors/detail 0.606s
