2025-12-09 04:45:33.539 65473 INFO tempest.lib.common.rest_client [req-67a10d17-f031-4231-a36d-84bd252a1c96 req-67a10d17-f031-4231-a36d-84bd252a1c96 ] Request (ImagesTestJSON:setUpClass): 200 GET http://10.180.1.21/identity/v3/domains?name=Default 0.031s
2025-12-09 04:45:33.576 65473 INFO tempest.lib.common.rest_client [req-52d5ac65-5dba-4d86-9b7c-5c920021cf77 req-52d5ac65-5dba-4d86-9b7c-5c920021cf77 ] Request (ImagesTestJSON:setUpClass): 201 POST http://10.180.1.21/identity/v3/projects 0.036s
2025-12-09 04:45:33.646 65473 INFO tempest.lib.common.rest_client [req-ec93d73b-68db-456a-9994-2dc9f0cef955 req-ec93d73b-68db-456a-9994-2dc9f0cef955 ] Request (ImagesTestJSON:setUpClass): 201 POST http://10.180.1.21/identity/v3/users 0.070s
2025-12-09 04:45:33.675 65473 INFO tempest.lib.common.rest_client [req-08240913-a9cb-4529-a55c-f123a48b17ce req-08240913-a9cb-4529-a55c-f123a48b17ce ] Request (ImagesTestJSON:setUpClass): 200 GET http://10.180.1.21/identity/v3/roles 0.028s
2025-12-09 04:45:33.679 65463 INFO tempest.lib.common.rest_client [req-8c0d3d22-6f2c-461d-98ad-f0fae9ca509b req-8c0d3d22-6f2c-461d-98ad-f0fae9ca509b ] Request (ServersTestJSON:setUpClass): 202 POST http://10.180.1.21/compute/v2.1/servers 5.558s
2025-12-09 04:45:33.712 65473 INFO tempest.lib.common.rest_client [req-8eb8d7e1-e08a-4975-aeb2-87ec306bc4fb req-8eb8d7e1-e08a-4975-aeb2-87ec306bc4fb ] Request (ImagesTestJSON:setUpClass): 204 PUT http://10.180.1.21/identity/v3/projects/73226e85d9fa41e5a520347b8f1bf621/users/9c86f0b2682a44008c76fac14b2892b2/roles/d960c854b5064d88a06c0b15cc9d52bd 0.036s
2025-12-09 04:45:33.712 65473 INFO tempest.lib.common.dynamic_creds [-] Dynamic test user 9c86f0b2682a44008c76fac14b2892b2 is created with scope project and roles: ['member']
2025-12-09 04:45:33.714 65473 INFO tempest.lib.common.dynamic_creds [-] Acquired dynamic creds: credentials: Credentials: {'domain_id': 'default', 'domain_name': 'Default', 'username': 'tempest-ImagesTestJSON-1714479415-project-member', 'project_domain_id': 'default', 'project_domain_name': 'Default', 'project_id': '73226e85d9fa41e5a520347b8f1bf621', 'project_name': 'tempest-ImagesTestJSON-1714479415', 'tenant_id': '73226e85d9fa41e5a520347b8f1bf621', 'tenant_name': 'tempest-ImagesTestJSON-1714479415', 'user_domain_id': 'default', 'user_domain_name': 'Default', 'user_id': '9c86f0b2682a44008c76fac14b2892b2', 'system': None}, Network: None, Subnet: None, Router: None
2025-12-09 04:45:33.753 65485 INFO tempest.lib.common.rest_client [req-fc96ddba-34e7-4639-9466-e0c69274a07e req-fc96ddba-34e7-4639-9466-e0c69274a07e ] Request (ServersWithSpecificFlavorTestJSON:test_verify_created_server_ephemeral_disk): 200 GET http://10.180.1.21/compute/v2.1/flavors/42/os-extra_specs 4.833s
2025-12-09 04:45:33.773 65449 INFO tempest.lib.common.rest_client [req-9a16cf33-90a7-4a62-987d-37d514b8e0d6 req-9a16cf33-90a7-4a62-987d-37d514b8e0d6 ] Request (ServersTestFqdnHostnames:test_create_server_with_fqdn_name): 200 GET http://10.180.1.21/compute/v2.1/servers/9fb4b7f4-9269-4b1a-acc3-87c5d4b5151e 5.162s
2025-12-09 04:45:33.782 65449 INFO tempest.common.waiters [-] State transition "BUILD/None" ==> "BUILD/spawning" after 12 second wait
2025-12-09 04:45:33.783 65456 INFO tempest.lib.common.rest_client [req-00e56c74-b19c-48fe-a17c-24817a89fc66 req-00e56c74-b19c-48fe-a17c-24817a89fc66 ] Request (FlavorsExtraSpecsNegativeTestJSON:test_flavor_non_admin_update_specific_key): 403 PUT http://10.180.1.21/compute/v2.1/flavors/1796293022/os-extra_specs/hw:numa_nodes 4.817s
2025-12-09 04:45:33.799 65453 INFO tempest.lib.common.rest_client [req-7a2690cc-27f0-4819-b76f-26ab4d1312a3 req-7a2690cc-27f0-4819-b76f-26ab4d1312a3 ] Request (HostsAdminNegativeTestJSON:test_shutdown_nonexistent_host): 404 GET http://10.180.1.21/compute/v2.1/os-hosts/nonexistent_hostname/shutdown 4.829s
2025-12-09 04:45:33.812 65473 INFO tempest.lib.common.rest_client [req-5106c250-4e73-4cef-86dc-83f95d1c68c2 req-5106c250-4e73-4cef-86dc-83f95d1c68c2 ] Request (ImagesTestJSON:setUpClass): 201 POST http://10.180.1.21/identity/v3/auth/tokens 0.098s
2025-12-09 04:45:33.870 65475 INFO tempest.lib.common.rest_client [req-419c2df9-da5a-4070-98b6-6b45f0032ae5 req-419c2df9-da5a-4070-98b6-6b45f0032ae5 ] Request (AggregatesAdminNegativeTestJSON:test_aggregate_add_host_as_user): 403 POST http://10.180.1.21/compute/v2.1/os-aggregates/2/action 4.924s
2025-12-09 04:45:33.890 65437 INFO tempest.lib.common.rest_client [req-06ae5699-b6bb-4665-a21b-e482a671e344 req-06ae5699-b6bb-4665-a21b-e482a671e344 ] Request (QuotasAdminTestJSON:test_get_default_quotas): 200 GET http://10.180.1.21/compute/v2.1/os-quota-sets/4f168bb5684f4a5488b49be7b2cdcb46/defaults 4.917s
2025-12-09 04:45:33.912 65435 INFO tempest.lib.common.rest_client [req-0b1f00b8-e07d-4c08-8075-215047d7bede req-0b1f00b8-e07d-4c08-8075-215047d7bede ] Request (FlavorsAdminTestJSON:_run_cleanups): 202 DELETE http://10.180.1.21/compute/v2.1/flavors/1259195543 4.738s
2025-12-09 04:45:33.920 65437 INFO tempest.lib.common.rest_client [req-c4248666-c169-4ce2-b554-412f8d0fb97b req-c4248666-c169-4ce2-b554-412f8d0fb97b ] Request (QuotasAdminTestJSON:test_get_updated_quotas): 200 GET http://10.180.1.21/identity/v3/domains?name=Default 0.025s
2025-12-09 04:45:33.938 65483 INFO tempest.lib.common.rest_client [req-cbcc8c49-b4c3-4997-8607-92d4642eb6f0 req-cbcc8c49-b4c3-4997-8607-92d4642eb6f0 ] Request (FlavorsExtraSpecsTestJSON:test_flavor_set_get_update_show_unset_keys): 200 PUT http://10.180.1.21/compute/v2.1/flavors/894719372/os-extra_specs/hw:numa_nodes 4.728s
2025-12-09 04:45:33.951 65437 INFO tempest.lib.common.rest_client [req-39c9a57b-cb6a-4fea-81a2-5daff86cd190 req-39c9a57b-cb6a-4fea-81a2-5daff86cd190 ] Request (QuotasAdminTestJSON:test_get_updated_quotas): 201 POST http://10.180.1.21/identity/v3/projects 0.031s
2025-12-09 04:45:33.964 65447 INFO tempest.lib.common.rest_client [req-5d8e839c-f765-4cb8-8af0-dd6d039aa980 req-5d8e839c-f765-4cb8-8af0-dd6d039aa980 ] Request (FlavorsV2TestJSON:test_list_flavors_detailed_filter_by_min_disk): 200 GET http://10.180.1.21/compute/v2.1/flavors/detail?minDisk=2 4.739s
2025-12-09 04:45:34.019 65437 INFO tempest.lib.common.rest_client [req-6b1fe312-4d0d-4c5d-92b8-ecda0d12b4ad req-6b1fe312-4d0d-4c5d-92b8-ecda0d12b4ad ] Request (QuotasAdminTestJSON:test_get_updated_quotas): 200 GET http://10.180.1.21/identity/v3/domains?name=Default 0.067s
2025-12-09 04:45:34.094 65477 INFO tempest.lib.common.rest_client [req-8c0ca17e-aa58-4895-a218-231cda43524f req-8c0ca17e-aa58-4895-a218-231cda43524f ] Request (ServersAdminNegativeTestJSON:test_migrate_non_existent_server): 404 POST http://10.180.1.21/compute/v2.1/servers/44f8d3b4-5176-4242-a843-04c10ecd7ebb/action 4.381s
2025-12-09 04:45:34.177 65477 INFO tempest.lib.common.rest_client [req-1f77fe3e-f8ba-4175-ab2f-f27653ff32af req-1f77fe3e-f8ba-4175-ab2f-f27653ff32af ] Request (ServersAdminNegativeTestJSON:test_migrate_server_invalid_state): 201 POST http://10.180.1.21/identity/v3/auth/tokens 0.074s
2025-12-09 04:45:34.178 65477 INFO tempest.lib.common.fixed_network [-] (ServersAdminNegativeTestJSON:test_migrate_server_invalid_state) Found network None available for tenant
2025-12-09 04:45:34.347 65473 INFO tempest.lib.common.rest_client [req-acf322bf-0557-4846-bea8-37f722cd86b3 req-acf322bf-0557-4846-bea8-37f722cd86b3 ] Request (ImagesTestJSON:setUpClass): 201 POST http://10.180.1.21/networking/v2.0/networks 0.535s
2025-12-09 04:45:34.373 65427 INFO tempest.lib.common.rest_client [req-51a96137-351d-4129-a3e1-47be1d58811e req-51a96137-351d-4129-a3e1-47be1d58811e ] Request (ServersAdminTestJSON:setUpClass): 200 GET http://10.180.1.21/compute/v2.1/servers/7cc33ae6-9d54-4e2f-a750-3b8662a76fc2 4.608s
2025-12-09 04:45:34.626 65473 INFO tempest.lib.common.rest_client [req-1b95d73b-e863-4b30-8907-d8b6422f393b req-1b95d73b-e863-4b30-8907-d8b6422f393b ] Request (ImagesTestJSON:setUpClass): 201 POST http://10.180.1.21/networking/v2.0/subnets 0.278s
2025-12-09 04:45:34.653 65433 INFO tempest.lib.common.rest_client [req-0e6828b5-a118-4136-a0e1-4aee3ef3b911 req-0e6828b5-a118-4136-a0e1-4aee3ef3b911 ] Request (MigrationsAdminTest:test_list_migrations_in_flavor_resize_situation): 200 GET http://10.180.1.21/compute/v2.1/servers/20a445fc-9ca1-4a0e-bd59-47af806f6898 3.854s
2025-12-09 04:45:34.660 65433 INFO tempest.common.waiters [-] State transition "BUILD/scheduling" ==> "BUILD/None" after 9 second wait
2025-12-09 04:45:35.256 65473 INFO tempest.lib.common.rest_client [req-6aabb23a-965c-4dc3-afc5-aa47719d6d5c req-6aabb23a-965c-4dc3-afc5-aa47719d6d5c ] Request (ImagesTestJSON:setUpClass): 201 POST http://10.180.1.21/networking/v2.0/routers 0.628s
2025-12-09 04:45:35.841 65481 INFO tempest.lib.common.rest_client [req-8a112ed0-8011-4324-9c70-308e9fd50814 req-8a112ed0-8011-4324-9c70-308e9fd50814 ] Request (VolumesAdminNegativeTest:test_update_attached_volume_with_nonexistent_volume_in_uri): 200 GET http://10.180.1.21/compute/v2.1/servers/35b98776-d8b8-4eed-bc0f-f59ab5f3ca5f 4.298s
2025-12-09 04:45:35.849 65481 INFO tempest.common.waiters [-] State transition "BUILD/None" ==> "BUILD/spawning" after 13 second wait
2025-12-09 04:45:36.100 65461 INFO tempest.lib.common.rest_client [req-9fd19af3-7c5c-4041-baa8-8c600fd904ee req-9fd19af3-7c5c-4041-baa8-8c600fd904ee ] Request (FloatingIPsTestJSON:test_delete_floating_ip): 202 DELETE http://10.180.1.21/compute/v2.1/os-floating-ips/0d075fa4-aa9f-4823-8588-92a2305e039b 6.958s
2025-12-09 04:45:36.216 65473 INFO tempest.lib.common.rest_client [req-72650412-0646-4b36-9a3d-ebcf96b45882 req-72650412-0646-4b36-9a3d-ebcf96b45882 ] Request (ImagesTestJSON:setUpClass): 200 PUT http://10.180.1.21/networking/v2.0/routers/2d314a5b-5115-41fb-b1be-904e2f5984fe/add_router_interface 0.960s
2025-12-09 04:45:36.216 65473 INFO tempest.lib.common.dynamic_creds [-] Created isolated network resources for: credentials: Credentials: {'domain_id': 'default', 'domain_name': 'Default', 'username': 'tempest-ImagesTestJSON-1714479415-project-member', 'project_domain_id': 'default', 'project_domain_name': 'Default', 'project_id': '73226e85d9fa41e5a520347b8f1bf621', 'project_name': 'tempest-ImagesTestJSON-1714479415', 'tenant_id': '73226e85d9fa41e5a520347b8f1bf621', 'tenant_name': 'tempest-ImagesTestJSON-1714479415', 'user_domain_id': 'default', 'user_domain_name': 'Default', 'user_id': '9c86f0b2682a44008c76fac14b2892b2', 'system': None}, Network: {'id': 'cfd476dd-3c89-42bd-bb0e-8d5e862c03da', 'name': 'tempest-ImagesTestJSON-20329428-network', 'tenant_id': '73226e85d9fa41e5a520347b8f1bf621', 'project_id': '73226e85d9fa41e5a520347b8f1bf621', 'admin_state_up': True, 'mtu': 8950, 'status': 'ACTIVE', 'subnets': [], 'shared': False, 'port_security_enabled': True, 'router:external': False, 'provider:network_type': 'vlan', 'provider:physical_network': 'default', 'provider:segmentation_id': 582, 'availability_zone_hints': [], 'availability_zones': [], 'ipv4_address_scope': None, 'ipv6_address_scope': None, 'description': '', 'tags': [], 'created_at': '2025-12-09T04:45:34Z', 'updated_at': '2025-12-09T04:45:34Z', 'revision_number': 1}, Subnet: {'id': '1fc87a4e-a829-47f2-8c92-822f05a53199', 'name': 'tempest-ImagesTestJSON-20329428-subnet', 'tenant_id': '73226e85d9fa41e5a520347b8f1bf621', 'network_id': 'cfd476dd-3c89-42bd-bb0e-8d5e862c03da', 'ip_version': 4, 'subnetpool_id': None, 'enable_dhcp': True, 'ipv6_ra_mode': None, 'ipv6_address_mode': None, 'gateway_ip': '192.168.128.1', 'cidr': '192.168.128.0/28', 'allocation_pools': [{'start': '192.168.128.2', 'end': '192.168.128.14'}], 'host_routes': [], 'dns_nameservers': [], 'description': '', 'router:external': False, 'service_types': [], 'tags': [], 'created_at': '2025-12-09T04:45:34Z', 'updated_at': '2025-12-09T04:45:34Z', 'revision_number': 0, 'project_id': '73226e85d9fa41e5a520347b8f1bf621'}, Router: {'id': '2d314a5b-5115-41fb-b1be-904e2f5984fe', 'name': 'tempest-ImagesTestJSON-20329428-router', 'tenant_id': '73226e85d9fa41e5a520347b8f1bf621', 'admin_state_up': True, 'status': 'ACTIVE', 'external_gateway_info': {'network_id': '69dccdf5-89cd-48e3-adb5-0f621798403d', 'external_fixed_ips': [{'subnet_id': '5293f9a6-792e-441d-87ab-8e3a4a8e30e8', 'ip_address': '10.180.180.134'}], 'enable_snat': True}, 'description': '', 'availability_zones': [], 'distributed': False, 'ha': False, 'availability_zone_hints': [], 'routes': [], 'flavor_id': None, 'tags': [], 'created_at': '2025-12-09T04:45:34Z', 'updated_at': '2025-12-09T04:45:34Z', 'revision_number': 2, 'project_id': '73226e85d9fa41e5a520347b8f1bf621'}
2025-12-09 04:45:36.234 65471 INFO tempest.lib.common.rest_client [req-d78ff337-4003-44f3-8e62-1c00b83f063a req-d78ff337-4003-44f3-8e62-1c00b83f063a ] Request (FloatingIPsNegativeTestJSON:setUpClass): 200 GET http://10.180.1.21/compute/v2.1/os-floating-ips 4.448s
2025-12-09 04:45:36.249 65479 INFO tempest.lib.common.rest_client [req-6a59760b-354f-4709-a7c5-a31eebc5bc30 req-6a59760b-354f-4709-a7c5-a31eebc5bc30 ] Request (FlavorsAccessNegativeTestJSON:test_flavor_access_list_with_public_flavor): 404 GET http://10.180.1.21/compute/v2.1/flavors/1894972262/os-flavor-access 4.245s
2025-12-09 04:45:36.252 65487 INFO tempest.lib.common.rest_client [req-aabde359-b0b8-46d6-a8cc-df15d12ee286 req-aabde359-b0b8-46d6-a8cc-df15d12ee286 ] Request (HypervisorAdminNegativeTestJSON:test_show_nonexistent_hypervisor): 404 GET http://10.180.1.21/compute/v2.1/os-hypervisors/0cdece73-6004-470c-a4db-9752ce914a90 4.239s
2025-12-09 04:45:36.304 65467 INFO tempest.lib.common.rest_client [req-856faab3-2ad2-4f25-ae32-9cbc26043a48 req-856faab3-2ad2-4f25-ae32-9cbc26043a48 ] Request (ListImageFiltersTestJSON:setUpClass): 200 GET http://10.180.1.21/compute/v2.1/images/834d2fce-7ae7-4af9-a2df-402881b79285 4.249s
2025-12-09 04:45:36.324 65473 INFO tempest.lib.common.rest_client [req-8d8802fb-6c95-467d-83df-36f69db9e705 req-8d8802fb-6c95-467d-83df-36f69db9e705 ] Request (ImagesTestJSON:setUpClass): 201 POST http://10.180.1.21/identity/v3/auth/tokens 0.104s
2025-12-09 04:45:36.379 65487 INFO tempest.lib.common.rest_client [req-24161021-d136-43eb-852a-059df682fa1e req-24161021-d136-43eb-852a-059df682fa1e ] Request (HypervisorAdminNegativeTestJSON:tearDownClass): 204 DELETE http://10.180.1.21/identity/v3/users/32b2a1cd3ab3440089d3bba85b483068 0.125s
2025-12-09 04:45:36.446 65467 INFO tempest.lib.common.rest_client [req-1a87c11e-1877-4aa2-9678-be2f71720b1e req-1a87c11e-1877-4aa2-9678-be2f71720b1e ] Request (ListImageFiltersTestJSON:setUpClass): 201 POST http://10.180.1.21/identity/v3/auth/tokens 0.135s
2025-12-09 04:45:36.447 65467 INFO tempest.lib.common.fixed_network [-] (ListImageFiltersTestJSON:setUpClass) Found network None available for tenant
2025-12-09 04:45:36.486 65473 INFO tempest.lib.common.rest_client [req-6ec95177-34b4-43ad-b250-7971936b7a71 req-6ec95177-34b4-43ad-b250-7971936b7a71 ] Request (ImagesTestJSON:test_create_image_from_stopped_server): 201 POST http://10.180.1.21/identity/v3/auth/tokens 0.156s
2025-12-09 04:45:36.486 65473 INFO tempest.lib.common.fixed_network [-] (ImagesTestJSON:test_create_image_from_stopped_server) Found network {'id': 'cfd476dd-3c89-42bd-bb0e-8d5e862c03da', 'name': 'tempest-ImagesTestJSON-20329428-network', 'tenant_id': '73226e85d9fa41e5a520347b8f1bf621', 'project_id': '73226e85d9fa41e5a520347b8f1bf621', 'admin_state_up': True, 'mtu': 8950, 'status': 'ACTIVE', 'subnets': [], 'shared': False, 'port_security_enabled': True, 'router:external': False, 'provider:network_type': 'vlan', 'provider:physical_network': 'default', 'provider:segmentation_id': 582, 'availability_zone_hints': [], 'availability_zones': [], 'ipv4_address_scope': None, 'ipv6_address_scope': None, 'description': '', 'tags': [], 'created_at': '2025-12-09T04:45:34Z', 'updated_at': '2025-12-09T04:45:34Z', 'revision_number': 1} available for tenant
2025-12-09 04:45:36.493 65451 INFO tempest.lib.common.rest_client [req-9ed4583a-3513-44fa-803e-d0b34a1919c7 req-9ed4583a-3513-44fa-803e-d0b34a1919c7 ] Request (ServerDiagnosticsTest:test_get_server_diagnostics): 200 GET http://10.180.1.21/compute/v2.1/servers/5ab5b905-00b0-405b-af84-f33551fe5a7f/diagnostics 4.756s
2025-12-09 04:45:36.572 65465 INFO tempest.lib.common.rest_client [req-46ebfbe0-2666-4a2f-abca-f47f17b56a51 req-46ebfbe0-2666-4a2f-abca-f47f17b56a51 ] Request (DeleteServersAdminTestJSON:test_admin_delete_servers_of_others): 204 DELETE http://10.180.1.21/compute/v2.1/servers/6eb54b9f-2b25-452d-bc65-42e639efc4ba 4.184s
2025-12-09 04:45:36.578 65459 INFO tempest.lib.common.rest_client [req-712a412c-c53c-4d38-ba92-1ffb61020436 req-712a412c-c53c-4d38-ba92-1ffb61020436 ] Request (ImagesOneServerTestJSON:setUpClass): 200 GET http://10.180.1.21/compute/v2.1/servers/4019bf80-6bab-4134-b971-cdeae7431643 4.081s
2025-12-09 04:45:36.596 65487 INFO tempest.lib.common.rest_client [req-8bd57d7e-2125-44cf-a424-5001cab1fa03 req-8bd57d7e-2125-44cf-a424-5001cab1fa03 ] Request (HypervisorAdminNegativeTestJSON:tearDownClass): 204 DELETE http://10.180.1.21/identity/v3/users/124cfa8c40a045c8b69aec4f8ba98824 0.216s
2025-12-09 04:45:36.596 65487 INFO tempest.lib.common.dynamic_creds [-] Deleting project and security group for project: 486bce956f8a40fd95a4584b7f16ac89
2025-12-09 04:45:36.693 65429 INFO tempest.lib.common.rest_client [req-dad6d629-9a1e-4183-bf17-a52f9ada7273 req-dad6d629-9a1e-4183-bf17-a52f9ada7273 ] Request (HypervisorAdminNegativeUnderV252Test:test_search_hypervisor_with_non_admin_user): 403 GET http://10.180.1.21/compute/v2.1/os-hypervisors/domain-c8.fc996f14-c53b-4953-92e3-bdfa48f5cc28/search 4.009s
2025-12-09 04:45:36.698 65439 INFO tempest.lib.common.rest_client [req-149ac259-72c1-4b8c-9486-0976b4f5d368 req-149ac259-72c1-4b8c-9486-0976b4f5d368 ] Request (KeyPairsNegativeTestJSON:test_create_keypair_invalid_name): 400 POST http://10.180.1.21/compute/v2.1/os-keypairs 3.937s
2025-12-09 04:45:36.753 65487 INFO tempest.lib.common.rest_client [req-89f76005-3525-444c-889e-aade1f431d39 req-89f76005-3525-444c-889e-aade1f431d39 ] Request (HypervisorAdminNegativeTestJSON:tearDownClass): 201 POST http://10.180.1.21/identity/v3/auth/tokens 0.157s
2025-12-09 04:45:36.809 65489 INFO tempest.lib.common.rest_client [req-53b5988d-7290-4b9b-bb1d-fd634ee359f8 req-53b5988d-7290-4b9b-bb1d-fd634ee359f8 ] Request (ServerExternalEventsTest:test_create_server_external_events): 200 POST http://10.180.1.21/compute/v2.1/os-server-external-events 3.804s
2025-12-09 04:45:36.951 65487 INFO tempest.lib.common.rest_client [req-3303763d-8371-4f74-b18b-36a72cea0fd2 req-3303763d-8371-4f74-b18b-36a72cea0fd2 ] Request (HypervisorAdminNegativeTestJSON:tearDownClass): 200 GET http://10.180.1.21/networking/v2.0/security-groups?tenant_id=486bce956f8a40fd95a4584b7f16ac89&name=default 0.197s
2025-12-09 04:45:36.992 65441 INFO tempest.lib.common.rest_client [req-96f59a04-8ee6-43d9-86dd-f4a07fa3c7dc req-96f59a04-8ee6-43d9-86dd-f4a07fa3c7dc ] Request (AttachInterfacesV270Test:test_create_get_list_interfaces): 200 GET http://10.180.1.21/compute/v2.1/servers/8b02e8db-72b3-4ae0-9b98-a801f50d0ee7 4.037s
2025-12-09 04:45:37.008 65441 INFO tempest.common.waiters [-] State transition "BUILD/None" ==> "BUILD/block_device_mapping" after 14 second wait
2025-12-09 04:45:37.141 65487 INFO tempest.lib.common.rest_client [req-798394c7-01cc-47f5-a13f-cf21ad053cb5 req-798394c7-01cc-47f5-a13f-cf21ad053cb5 ] Request (HypervisorAdminNegativeTestJSON:tearDownClass): 204 DELETE http://10.180.1.21/networking/v2.0/security-groups/630d4b61-fad0-4526-a3cd-b55134e2c34d 0.189s
2025-12-09 04:45:37.190 65445 INFO tempest.lib.common.rest_client [req-ab40b523-d10a-4ba9-b868-3cb719b241e6 req-ab40b523-d10a-4ba9-b868-3cb719b241e6 ] Request (VolumesAssistedSnapshotsTest:test_volume_assisted_snapshot_create_delete): 200 GET http://10.180.1.21/compute/v2.1/servers/a537a196-f927-466d-9b70-ffe7cdfc387c 3.714s
2025-12-09 04:45:37.234 65487 INFO tempest.lib.common.rest_client [req-781a8866-c696-4d2b-baa5-da20bbfe9c0d req-781a8866-c696-4d2b-baa5-da20bbfe9c0d ] Request (HypervisorAdminNegativeTestJSON:tearDownClass): 204 DELETE http://10.180.1.21/identity/v3/projects/486bce956f8a40fd95a4584b7f16ac89 0.093s
2025-12-09 04:45:37.234 65487 INFO tempest.lib.common.dynamic_creds [-] Deleting project and security group for project: c32154c656704f5bb7aca23a230ef241
2025-12-09 04:45:37.296 65463 INFO tempest.lib.common.rest_client [req-3d776cb6-8211-44bf-8366-6d8974702460 req-3d776cb6-8211-44bf-8366-6d8974702460 ] Request (ServersTestJSON:setUpClass): 200 GET http://10.180.1.21/compute/v2.1/servers/7be8fe9e-ff1b-4e5e-9c18-655fd2964120 3.615s
2025-12-09 04:45:37.329 65485 INFO tempest.lib.common.rest_client [req-9f855104-b9ed-4ae9-b903-b6c66c7cec28 req-9f855104-b9ed-4ae9-b903-b6c66c7cec28 ] Request (ServersWithSpecificFlavorTestJSON:test_verify_created_server_ephemeral_disk): 200 POST http://10.180.1.21/compute/v2.1/flavors/1763604985/os-extra_specs 3.574s
2025-12-09 04:45:37.343 65456 INFO tempest.lib.common.rest_client [req-f953a1c4-a3de-4d7d-9b0c-c2405a794dec req-f953a1c4-a3de-4d7d-9b0c-c2405a794dec ] Request (FlavorsExtraSpecsNegativeTestJSON:test_flavor_unset_nonexistent_key): 404 DELETE http://10.180.1.21/compute/v2.1/flavors/1796293022/os-extra_specs/hw:cpu_thread_policy 3.558s
2025-12-09 04:45:37.347 65453 INFO tempest.lib.common.rest_client [req-059e59d1-836a-4dd0-a487-ec3c2d1509e3 req-059e59d1-836a-4dd0-a487-ec3c2d1509e3 ] Request (HostsAdminNegativeTestJSON:test_startup_host_with_non_admin_user): 403 GET http://10.180.1.21/compute/v2.1/os-hosts/devstack/startup 3.546s
2025-12-09 04:45:37.381 65475 INFO tempest.lib.common.rest_client [req-409f8209-4260-4da3-9942-62f602576541 req-409f8209-4260-4da3-9942-62f602576541 ] Request (AggregatesAdminNegativeTestJSON:_run_cleanups): 200 DELETE http://10.180.1.21/compute/v2.1/os-aggregates/2 3.510s
2025-12-09 04:45:37.407 65435 INFO tempest.lib.common.rest_client [req-4dfbdb98-2b24-4b25-8b73-6e5241242de3 req-4dfbdb98-2b24-4b25-8b73-6e5241242de3 ] Request (FlavorsAdminTestJSON:_run_cleanups): 200 GET http://10.180.1.21/compute/v2.1/flavors/detail 3.494s
2025-12-09 04:45:37.413 65487 INFO tempest.lib.common.rest_client [req-595d0fff-8083-4c91-b279-5758f8b79044 req-595d0fff-8083-4c91-b279-5758f8b79044 ] Request (HypervisorAdminNegativeTestJSON:tearDownClass): 200 GET http://10.180.1.21/networking/v2.0/security-groups?tenant_id=c32154c656704f5bb7aca23a230ef241&name=default 0.178s
2025-12-09 04:45:37.425 65483 INFO tempest.lib.common.rest_client [req-b1d0ee01-b5f6-4017-8963-0eaba44a0650 req-b1d0ee01-b5f6-4017-8963-0eaba44a0650 ] Request (FlavorsExtraSpecsTestJSON:test_flavor_set_get_update_show_unset_keys): 200 GET http://10.180.1.21/compute/v2.1/flavors/894719372/os-extra_specs 3.486s
2025-12-09 04:45:37.441 65447 INFO tempest.lib.common.rest_client [req-2de06399-02a9-41af-850c-d10decbcbb22 req-2de06399-02a9-41af-850c-d10decbcbb22 ] Request (FlavorsV2TestJSON:test_list_flavors_detailed_filter_by_min_ram): 200 GET http://10.180.1.21/compute/v2.1/flavors/42 3.469s
2025-12-09 04:45:37.563 65457 INFO tempest.lib.common.rest_client [req-3c8a4fb2-649a-49bb-9a61-56ca5f2be01e req-3c8a4fb2-649a-49bb-9a61-56ca5f2be01e ] Request (TenantUsagesTestJSON:setUpClass): 202 POST http://10.180.1.21/compute/v2.1/servers 4.252s
2025-12-09 04:45:37.619 65487 INFO tempest.lib.common.rest_client [req-2a04ca8c-21c9-41d7-8a96-7292d9d29fe2 req-2a04ca8c-21c9-41d7-8a96-7292d9d29fe2 ] Request (HypervisorAdminNegativeTestJSON:tearDownClass): 204 DELETE http://10.180.1.21/networking/v2.0/security-groups/fda7d740-56ab-4795-8e40-7668004e98ab 0.205s
2025-12-09 04:45:37.645 65437 INFO tempest.lib.common.rest_client [req-8e477270-a07c-455b-84b1-a3922d31698b req-8e477270-a07c-455b-84b1-a3922d31698b ] Request (QuotasAdminTestJSON:test_get_updated_quotas): 200 PUT http://10.180.1.21/compute/v2.1/os-quota-sets/f6435e9df90e46e6b974e2240896af4f 3.625s
2025-12-09 04:45:37.731 65487 INFO tempest.lib.common.rest_client [req-9e150433-8769-4262-889f-048286cf283f req-9e150433-8769-4262-889f-048286cf283f ] Request (HypervisorAdminNegativeTestJSON:tearDownClass): 204 DELETE http://10.180.1.21/identity/v3/projects/c32154c656704f5bb7aca23a230ef241 0.111s
2025-12-09 04:45:37.803 65487 INFO tempest.lib.common.rest_client [req-3b4ca75a-283a-49a4-9fb9-9400dcffe14d req-3b4ca75a-283a-49a4-9fb9-9400dcffe14d ] Request (NetworksTest:setUpClass): 201 POST http://10.180.1.21/identity/v3/auth/tokens 0.070s
2025-12-09 04:45:37.833 65487 INFO tempest.lib.common.rest_client [req-486ac131-633c-4760-81da-a2926464fae6 req-486ac131-633c-4760-81da-a2926464fae6 ] Request (NetworksTest:setUpClass): 201 POST http://10.180.1.21/identity/v3/auth/tokens 0.026s
2025-12-09 04:45:37.857 65487 INFO tempest.lib.common.rest_client [req-865e9b12-05ee-4f04-8eed-790ca46e0a10 req-865e9b12-05ee-4f04-8eed-790ca46e0a10 ] Request (NetworksTest:setUpClass): 200 GET http://10.180.1.21/identity/v3/domains?name=Default 0.023s
2025-12-09 04:45:37.884 65431 INFO tempest.lib.common.rest_client [req-fdead014-3958-4947-9d9f-ce8040ab892a req-fdead014-3958-4947-9d9f-ce8040ab892a ] Request (InstanceActionsTestJSON:setUpClass): 200 GET http://10.180.1.21/compute/v2.1/servers/4998bc6e-7f3e-44ef-bd04-319c86483f55 3.423s
2025-12-09 04:45:37.891 65487 INFO tempest.lib.common.rest_client [req-ccc9c3c7-77ca-4523-b0ed-32338f4319db req-ccc9c3c7-77ca-4523-b0ed-32338f4319db ] Request (NetworksTest:setUpClass): 201 POST http://10.180.1.21/identity/v3/projects 0.034s
2025-12-09 04:45:37.955 65487 INFO tempest.lib.common.rest_client [req-00fac82d-d72b-44ca-9fe0-49dd36a63810 req-00fac82d-d72b-44ca-9fe0-49dd36a63810 ] Request (NetworksTest:setUpClass): 201 POST http://10.180.1.21/identity/v3/users 0.063s
2025-12-09 04:45:37.978 65487 INFO tempest.lib.common.rest_client [req-e828069f-2788-4226-8670-e9097187e37b req-e828069f-2788-4226-8670-e9097187e37b ] Request (NetworksTest:setUpClass): 200 GET http://10.180.1.21/identity/v3/roles 0.022s
2025-12-09 04:45:38.008 65487 INFO tempest.lib.common.rest_client [req-d520b57b-8849-4727-aa5e-b6a9563ec208 req-d520b57b-8849-4727-aa5e-b6a9563ec208 ] Request (NetworksTest:setUpClass): 204 PUT http://10.180.1.21/identity/v3/projects/f7168853c57f4bb5a819c7778db8420d/users/c680d3ca4ad543f99d0b4e820722bd79/roles/d960c854b5064d88a06c0b15cc9d52bd 0.030s
2025-12-09 04:45:38.008 65487 INFO tempest.lib.common.dynamic_creds [-] Dynamic test user c680d3ca4ad543f99d0b4e820722bd79 is created with scope project and roles: ['member']
2025-12-09 04:45:38.008 65487 INFO tempest.lib.common.dynamic_creds [-] Acquired dynamic creds: credentials: Credentials: {'domain_id': 'default', 'domain_name': 'Default', 'username': 'tempest-NetworksTest-1624614516-project-member', 'project_domain_id': 'default', 'project_domain_name': 'Default', 'project_id': 'f7168853c57f4bb5a819c7778db8420d', 'project_name': 'tempest-NetworksTest-1624614516', 'tenant_id': 'f7168853c57f4bb5a819c7778db8420d', 'tenant_name': 'tempest-NetworksTest-1624614516', 'user_domain_id': 'default', 'user_domain_name': 'Default', 'user_id': 'c680d3ca4ad543f99d0b4e820722bd79', 'system': None}, Network: None, Subnet: None, Router: None
2025-12-09 04:45:38.009 65487 INFO tempest.lib.common.dynamic_creds [-] Created isolated network resources for: credentials: Credentials: {'domain_id': 'default', 'domain_name': 'Default', 'username': 'tempest-NetworksTest-1624614516-project-member', 'project_domain_id': 'default', 'project_domain_name': 'Default', 'project_id': 'f7168853c57f4bb5a819c7778db8420d', 'project_name': 'tempest-NetworksTest-1624614516', 'tenant_id': 'f7168853c57f4bb5a819c7778db8420d', 'tenant_name': 'tempest-NetworksTest-1624614516', 'user_domain_id': 'default', 'user_domain_name': 'Default', 'user_id': 'c680d3ca4ad543f99d0b4e820722bd79', 'system': None}, Network: None, Subnet: None, Router: None
2025-12-09 04:45:38.081 65487 INFO tempest.lib.common.rest_client [req-8bc07a33-5233-4bd9-8200-41e5f2ed81c3 req-8bc07a33-5233-4bd9-8200-41e5f2ed81c3 ] Request (NetworksTest:setUpClass): 201 POST http://10.180.1.21/identity/v3/auth/tokens 0.070s
2025-12-09 04:45:38.085 65477 INFO tempest.lib.common.rest_client [req-27509255-39a1-49a9-b4c9-14747f4066eb req-27509255-39a1-49a9-b4c9-14747f4066eb ] Request (ServersAdminNegativeTestJSON:test_migrate_server_invalid_state): 202 POST http://10.180.1.21/compute/v2.1/servers 3.907s
2025-12-09 04:45:38.184 65487 INFO tempest.lib.common.rest_client [req-c4b0db4e-9d0f-41e9-ac11-c6da744a8d68 req-c4b0db4e-9d0f-41e9-ac11-c6da744a8d68 ] Request (NetworksTest:setUpClass): 201 POST http://10.180.1.21/identity/v3/projects 0.102s
2025-12-09 04:45:38.245 65449 INFO tempest.lib.common.rest_client [req-c058175d-f1ea-472d-b618-48c79f555176 req-c058175d-f1ea-472d-b618-48c79f555176 ] Request (ServersTestFqdnHostnames:test_create_server_with_fqdn_name): 200 GET http://10.180.1.21/compute/v2.1/servers/9fb4b7f4-9269-4b1a-acc3-87c5d4b5151e 3.461s
2025-12-09 04:45:38.253 65427 INFO tempest.lib.common.rest_client [req-09df5b44-35ae-4cd5-b63d-f4a63a3a811c req-09df5b44-35ae-4cd5-b63d-f4a63a3a811c ] Request (ServersAdminTestJSON:setUpClass): 200 GET http://10.180.1.21/compute/v2.1/servers/7cc33ae6-9d54-4e2f-a750-3b8662a76fc2 2.872s
2025-12-09 04:45:38.265 65427 INFO tempest.common.waiters [-] State transition "BUILD/None" ==> "BUILD/networking" after 14 second wait
2025-12-09 04:45:38.283 65487 INFO tempest.lib.common.rest_client [req-6be50509-d95f-47c8-952f-9d36efad8f18 req-6be50509-d95f-47c8-952f-9d36efad8f18 ] Request (NetworksTest:setUpClass): 201 POST http://10.180.1.21/identity/v3/users 0.099s
2025-12-09 04:45:38.312 65487 INFO tempest.lib.common.rest_client [req-5444562d-9df7-40c2-b8c3-73791d56974c req-5444562d-9df7-40c2-b8c3-73791d56974c ] Request (NetworksTest:setUpClass): 200 GET http://10.180.1.21/identity/v3/roles 0.028s
2025-12-09 04:45:38.316 65433 INFO tempest.lib.common.rest_client [req-ea75152d-225f-430c-91e0-7105284b5a81 req-ea75152d-225f-430c-91e0-7105284b5a81 ] Request (MigrationsAdminTest:test_list_migrations_in_flavor_resize_situation): 200 GET http://10.180.1.21/compute/v2.1/servers/20a445fc-9ca1-4a0e-bd59-47af806f6898 2.654s
2025-12-09 04:45:38.330 65461 INFO tempest.lib.common.rest_client [req-6a639372-884b-4810-976a-e9ba7589601e req-6a639372-884b-4810-976a-e9ba7589601e ] Request (FloatingIPsTestJSON:test_delete_floating_ip): 404 GET http://10.180.1.21/compute/v2.1/os-floating-ips/0d075fa4-aa9f-4823-8588-92a2305e039b 2.230s
2025-12-09 04:45:38.344 65471 INFO tempest.lib.common.rest_client [req-70328caa-09f3-421d-8928-1787d8ab0ac9 req-70328caa-09f3-421d-8928-1787d8ab0ac9 ] Request (FloatingIPsNegativeTestJSON:test_allocate_floating_ip_from_nonexistent_pool): 404 POST http://10.180.1.21/compute/v2.1/os-floating-ips 2.107s
2025-12-09 04:45:38.357 65479 INFO tempest.lib.common.rest_client [req-98c4b2b4-f1be-42c0-aa45-b2ab01fa4ccb req-98c4b2b4-f1be-42c0-aa45-b2ab01fa4ccb ] Request (FlavorsAccessNegativeTestJSON:_run_cleanups): 202 DELETE http://10.180.1.21/compute/v2.1/flavors/1894972262 2.107s
2025-12-09 04:45:38.364 65487 INFO tempest.lib.common.rest_client [req-65f29636-3baa-418b-9a91-4ec8d149bb11 req-65f29636-3baa-418b-9a91-4ec8d149bb11 ] Request (NetworksTest:setUpClass): 204 PUT http://10.180.1.21/identity/v3/projects/62c4c5b6c0074b8180e15db2dc47c82a/users/177ffba9c1ad4d859d7438906f39c95b/roles/d33104784fa7476e8ef29d260756f539 0.052s
2025-12-09 04:45:38.447 65487 INFO tempest.lib.common.rest_client [req-9c910643-21ca-4353-8cde-b0b5b0d60f49 req-9c910643-21ca-4353-8cde-b0b5b0d60f49 ] Request (NetworksTest:setUpClass): 200 GET http://10.180.1.21/identity/v3/roles 0.081s
2025-12-09 04:45:38.472 65487 INFO tempest.lib.common.rest_client [req-d00372d1-6b19-4219-8793-f72162ce854e req-d00372d1-6b19-4219-8793-f72162ce854e ] Request (NetworksTest:setUpClass): 204 PUT http://10.180.1.21/identity/v3/projects/62c4c5b6c0074b8180e15db2dc47c82a/users/177ffba9c1ad4d859d7438906f39c95b/roles/d33104784fa7476e8ef29d260756f539 0.025s
2025-12-09 04:45:38.472 65487 INFO tempest.lib.common.dynamic_creds [-] Dynamic test user 177ffba9c1ad4d859d7438906f39c95b is created with scope project and roles: ['admin']
2025-12-09 04:45:38.472 65487 INFO tempest.lib.common.dynamic_creds [-] Acquired dynamic creds: credentials: Credentials: {'domain_id': 'default', 'domain_name': 'Default', 'username': 'tempest-NetworksTest-910881590-project-admin', 'project_domain_id': 'default', 'project_domain_name': 'Default', 'project_id': '62c4c5b6c0074b8180e15db2dc47c82a', 'project_name': 'tempest-NetworksTest-910881590', 'tenant_id': '62c4c5b6c0074b8180e15db2dc47c82a', 'tenant_name': 'tempest-NetworksTest-910881590', 'user_domain_id': 'default', 'user_domain_name': 'Default', 'user_id': '177ffba9c1ad4d859d7438906f39c95b', 'system': None}, Network: None, Subnet: None, Router: None
2025-12-09 04:45:38.473 65487 INFO tempest.lib.common.dynamic_creds [-] Created isolated network resources for: credentials: Credentials: {'domain_id': 'default', 'domain_name': 'Default', 'username': 'tempest-NetworksTest-910881590-project-admin', 'project_domain_id': 'default', 'project_domain_name': 'Default', 'project_id': '62c4c5b6c0074b8180e15db2dc47c82a', 'project_name': 'tempest-NetworksTest-910881590', 'tenant_id': '62c4c5b6c0074b8180e15db2dc47c82a', 'tenant_name': 'tempest-NetworksTest-910881590', 'user_domain_id': 'default', 'user_domain_name': 'Default', 'user_id': '177ffba9c1ad4d859d7438906f39c95b', 'system': None}, Network: None, Subnet: None, Router: None
2025-12-09 04:45:38.571 65487 INFO tempest.lib.common.rest_client [req-5fdecf1e-d523-4c7e-8427-2f687abeda1d req-5fdecf1e-d523-4c7e-8427-2f687abeda1d ] Request (NetworksTest:setUpClass): 201 POST http://10.180.1.21/identity/v3/auth/tokens 0.096s
2025-12-09 04:45:38.619 65467 INFO tempest.lib.common.rest_client [req-d24a2a3e-eba3-4073-8cf0-7c3af7004444 req-d24a2a3e-eba3-4073-8cf0-7c3af7004444 ] Request (ListImageFiltersTestJSON:setUpClass): 202 POST http://10.180.1.21/compute/v2.1/servers 2.171s
2025-12-09 04:45:38.736 65467 INFO tempest.lib.common.rest_client [req-1be31511-f4e1-4c35-a9f7-8d0c61a53f04 req-1be31511-f4e1-4c35-a9f7-8d0c61a53f04 ] Request (ListImageFiltersTestJSON:setUpClass): 201 POST http://10.180.1.21/identity/v3/auth/tokens 0.112s
2025-12-09 04:45:38.737 65467 INFO tempest.lib.common.fixed_network [-] (ListImageFiltersTestJSON:setUpClass) Found network None available for tenant
2025-12-09 04:45:38.778 65451 INFO tempest.lib.common.rest_client [req-4e0211cd-f953-483e-b63b-b49f936ffdee req-4e0211cd-f953-483e-b63b-b49f936ffdee ] Request (ServerDiagnosticsTest:tearDownClass): 204 DELETE http://10.180.1.21/compute/v2.1/servers/5ab5b905-00b0-405b-af84-f33551fe5a7f 2.276s
2025-12-09 04:45:39.266 65465 INFO tempest.lib.common.rest_client [req-1fb1c33d-1033-4622-96bb-6b1ce972b912 req-1fb1c33d-1033-4622-96bb-6b1ce972b912 ] Request (DeleteServersAdminTestJSON:test_admin_delete_servers_of_others): 200 GET http://10.180.1.21/compute/v2.1/servers/6eb54b9f-2b25-452d-bc65-42e639efc4ba 2.693s
2025-12-09 04:45:39.281 65429 INFO tempest.lib.common.rest_client [req-05230516-90ef-4ee2-82d4-10abc90dd2c4 req-05230516-90ef-4ee2-82d4-10abc90dd2c4 ] Request (HypervisorAdminNegativeUnderV252Test:test_search_nonexistent_hypervisor): 404 GET http://10.180.1.21/compute/v2.1/os-hypervisors/nonexistent_hypervisor_name/search 2.586s
2025-12-09 04:45:39.298 65473 INFO tempest.lib.common.rest_client [req-953ac31a-c24e-4e0c-8216-9e8da54dc28d req-953ac31a-c24e-4e0c-8216-9e8da54dc28d ] Request (ImagesTestJSON:test_create_image_from_stopped_server): 202 POST http://10.180.1.21/compute/v2.1/servers 2.810s
2025-12-09 04:45:39.315 65439 INFO tempest.lib.common.rest_client [req-36904cad-1886-4cc2-b3ef-26ef2820d3e8 req-36904cad-1886-4cc2-b3ef-26ef2820d3e8 ] Request (KeyPairsNegativeTestJSON:test_create_keypair_when_public_key_bits_exceeds_maximum): 400 POST http://10.180.1.21/compute/v2.1/os-keypairs 2.616s
2025-12-09 04:45:39.413 65489 INFO tempest.lib.common.rest_client [req-57686db8-02da-4da3-8885-730576ce7d3c req-57686db8-02da-4da3-8885-730576ce7d3c ] Request (ServerExternalEventsTest:tearDownClass): 204 DELETE http://10.180.1.21/compute/v2.1/servers/80b7eb41-f741-4f3b-8a74-95e9792e2267 2.595s
2025-12-09 04:45:39.453 65485 INFO tempest.lib.common.rest_client [req-fad3054b-51c0-4b3e-b436-50bf30bf0f05 req-fad3054b-51c0-4b3e-b436-50bf30bf0f05 ] Request (ValidationResourcesFixture:setUp): 200 POST http://10.180.1.21/compute/v2.1/os-keypairs 2.122s
2025-12-09 04:45:39.459 65456 INFO tempest.lib.common.rest_client [req-17da8d4c-53a5-49bd-94e2-a97d120dc042 req-17da8d4c-53a5-49bd-94e2-a97d120dc042 ] Request (FlavorsExtraSpecsNegativeTestJSON:test_flavor_update_mismatch_key): 400 PUT http://10.180.1.21/compute/v2.1/flavors/1796293022/os-extra_specs/hw:numa_nodes 2.115s
2025-12-09 04:45:39.471 65453 INFO tempest.lib.common.rest_client [req-06b28b79-cd4b-4ce4-a2e2-007579312cb1 req-06b28b79-cd4b-4ce4-a2e2-007579312cb1 ] Request (HostsAdminNegativeTestJSON:test_startup_nonexistent_host): 404 GET http://10.180.1.21/compute/v2.1/os-hosts/nonexistent_hostname/startup 2.123s
2025-12-09 04:45:39.498 65475 INFO tempest.lib.common.rest_client [req-849f9165-5143-4691-842d-2aa6b7ffdcaf req-849f9165-5143-4691-842d-2aa6b7ffdcaf ] Request (AggregatesAdminNegativeTestJSON:test_aggregate_add_non_exist_host): 200 POST http://10.180.1.21/compute/v2.1/os-aggregates 2.115s
2025-12-09 04:45:39.526 65435 INFO tempest.lib.common.rest_client [req-321e534f-c309-4227-809e-f1f100b3e4a1 req-321e534f-c309-4227-809e-f1f100b3e4a1 ] Request (FlavorsAdminTestJSON:test_create_flavor_with_none_id): 200 POST http://10.180.1.21/compute/v2.1/flavors 2.110s
2025-12-09 04:45:39.547 65483 INFO tempest.lib.common.rest_client [req-7b30d083-e237-485a-914a-de895a80871e req-7b30d083-e237-485a-914a-de895a80871e ] Request (FlavorsExtraSpecsTestJSON:test_flavor_set_get_update_show_unset_keys): 200 DELETE http://10.180.1.21/compute/v2.1/flavors/894719372/os-extra_specs/hw:numa_nodes 2.119s
2025-12-09 04:45:39.575 65447 INFO tempest.lib.common.rest_client [req-84921bd6-f5fc-42b6-ba42-6bf9667649a8 req-84921bd6-f5fc-42b6-ba42-6bf9667649a8 ] Request (FlavorsV2TestJSON:test_list_flavors_detailed_filter_by_min_ram): 200 GET http://10.180.1.21/compute/v2.1/flavors/detail?minRam=193 2.131s
2025-12-09 04:45:39.648 65485 INFO tempest.lib.common.rest_client [req-3fadc740-e6f8-4591-b959-07db0674005b req-3fadc740-e6f8-4591-b959-07db0674005b ] Request (ValidationResourcesFixture:setUp): 201 POST http://10.180.1.21/networking/v2.0/security-groups 0.192s
2025-12-09 04:45:39.683 65481 INFO tempest.lib.common.rest_client [req-e48ae34c-b33c-49d2-a80a-0901e6dabf0a req-e48ae34c-b33c-49d2-a80a-0901e6dabf0a ] Request (VolumesAdminNegativeTest:test_update_attached_volume_with_nonexistent_volume_in_uri): 200 GET http://10.180.1.21/compute/v2.1/servers/35b98776-d8b8-4eed-bc0f-f59ab5f3ca5f 2.833s
2025-12-09 04:45:39.768 65457 INFO tempest.lib.common.rest_client [req-cd8128f3-5e9f-49fa-b3dc-945bc76917d5 req-cd8128f3-5e9f-49fa-b3dc-945bc76917d5 ] Request (TenantUsagesTestJSON:setUpClass): 200 GET http://10.180.1.21/compute/v2.1/servers/cedd94d3-5f19-4c98-82d4-b68538c31d39 2.202s
2025-12-09 04:45:39.860 65485 INFO tempest.lib.common.rest_client [req-c4c13aba-ac07-4747-95fb-5e7d3c54dba8 req-c4c13aba-ac07-4747-95fb-5e7d3c54dba8 ] Request (ValidationResourcesFixture:setUp): 201 POST http://10.180.1.21/networking/v2.0/security-group-rules 0.212s
2025-12-09 04:45:39.890 65459 INFO tempest.lib.common.rest_client [req-2d4901ac-9d75-48bc-99d0-f6abecf044ea req-2d4901ac-9d75-48bc-99d0-f6abecf044ea ] Request (ImagesOneServerTestJSON:setUpClass): 200 GET http://10.180.1.21/compute/v2.1/servers/4019bf80-6bab-4134-b971-cdeae7431643 2.299s
2025-12-09 04:45:39.944 65437 INFO tempest.lib.common.rest_client [req-cc2d19dd-5203-4547-a9ba-50068a97da5d req-cc2d19dd-5203-4547-a9ba-50068a97da5d ] Request (QuotasAdminTestJSON:test_get_updated_quotas): 200 GET http://10.180.1.21/compute/v2.1/os-quota-sets/f6435e9df90e46e6b974e2240896af4f/detail 2.296s
2025-12-09 04:45:39.980 65437 INFO tempest.lib.common.rest_client [req-09b479d6-35fd-445d-b4cd-aabcf806b7f2 req-09b479d6-35fd-445d-b4cd-aabcf806b7f2 ] Request (QuotasAdminTestJSON:test_get_updated_quotas): 200 GET http://10.180.1.21/identity/v3/domains?name=Default 0.029s
2025-12-09 04:45:40.027 65437 INFO tempest.lib.common.rest_client [req-ab94e728-bc55-421d-9f81-0a779482b6e8 req-ab94e728-bc55-421d-9f81-0a779482b6e8 ] Request (QuotasAdminTestJSON:test_get_updated_quotas): 201 POST http://10.180.1.21/identity/v3/users 0.046s
2025-12-09 04:45:40.057 65437 INFO tempest.lib.common.rest_client [req-f6dd5a2a-db13-403b-a166-3c9eb457a249 req-f6dd5a2a-db13-403b-a166-3c9eb457a249 ] Request (QuotasAdminTestJSON:test_get_updated_quotas): 200 GET http://10.180.1.21/identity/v3/domains?name=Default 0.029s
2025-12-09 04:45:40.117 65485 INFO tempest.lib.common.rest_client [req-bc708ad6-83c6-4f90-ae0d-991a18834576 req-bc708ad6-83c6-4f90-ae0d-991a18834576 ] Request (ValidationResourcesFixture:setUp): 201 POST http://10.180.1.21/networking/v2.0/security-group-rules 0.255s
2025-12-09 04:45:40.149 65477 INFO tempest.lib.common.rest_client [req-bcfa7142-e7ea-4231-860f-aac21e32d632 req-bcfa7142-e7ea-4231-860f-aac21e32d632 ] Request (ServersAdminNegativeTestJSON:test_migrate_server_invalid_state): 200 GET http://10.180.1.21/compute/v2.1/servers/7e587105-42c0-48a0-a384-e06a4f97e49c 2.062s
2025-12-09 04:45:40.223 65441 INFO tempest.lib.common.rest_client [req-6a874160-294e-484a-a97a-130a6da66b53 req-6a874160-294e-484a-a97a-130a6da66b53 ] Request (AttachInterfacesV270Test:test_create_get_list_interfaces): 200 GET http://10.180.1.21/compute/v2.1/servers/8b02e8db-72b3-4ae0-9b98-a801f50d0ee7 2.213s
2025-12-09 04:45:40.236 65441 INFO tempest.common.waiters [-] State transition "BUILD/block_device_mapping" ==> "BUILD/spawning" after 17 second wait
2025-12-09 04:45:40.257 65445 INFO tempest.lib.common.rest_client [req-1401b5c5-2812-43e2-9d39-1172d8b8cbcd req-1401b5c5-2812-43e2-9d39-1172d8b8cbcd ] Request (VolumesAssistedSnapshotsTest:test_volume_assisted_snapshot_create_delete): 200 GET http://10.180.1.21/compute/v2.1/servers/a537a196-f927-466d-9b70-ffe7cdfc387c 2.060s
2025-12-09 04:45:40.290 65463 INFO tempest.lib.common.rest_client [req-14826f8c-2468-4194-aa5c-538de493e215 req-14826f8c-2468-4194-aa5c-538de493e215 ] Request (ServersTestJSON:setUpClass): 200 GET http://10.180.1.21/compute/v2.1/servers/7be8fe9e-ff1b-4e5e-9c18-655fd2964120 1.983s
2025-12-09 04:45:40.301 65461 INFO tempest.lib.common.rest_client [req-46ba10a5-2850-414b-8f91-553b8e38062d req-46ba10a5-2850-414b-8f91-553b8e38062d ] Request (FloatingIPsTestJSON:_run_cleanups): 404 DELETE http://10.180.1.21/compute/v2.1/os-floating-ips/0d075fa4-aa9f-4823-8588-92a2305e039b 1.970s
2025-12-09 04:45:40.327 65479 INFO tempest.lib.common.rest_client [req-1cc5b944-7497-468a-92fb-c215d168cb1a req-1cc5b944-7497-468a-92fb-c215d168cb1a ] Request (FlavorsAccessNegativeTestJSON:_run_cleanups): 200 GET http://10.180.1.21/compute/v2.1/flavors/detail 1.970s
2025-12-09 04:45:40.351 65471 INFO tempest.lib.common.rest_client [req-5ddbb885-3b24-4a6a-8832-b274b1473c01 req-5ddbb885-3b24-4a6a-8832-b274b1473c01 ] Request (FloatingIPsNegativeTestJSON:test_delete_nonexistent_floating_ip): 404 DELETE http://10.180.1.21/compute/v2.1/os-floating-ips/d01d6fa3-52eb-4105-8d0a-1ee966691602 2.006s
2025-12-09 04:45:40.631 65485 INFO tempest.lib.common.rest_client [req-3b3e9b85-f819-440e-9372-8150a805b4e6 req-3b3e9b85-f819-440e-9372-8150a805b4e6 ] Request (ValidationResourcesFixture:setUp): 201 POST http://10.180.1.21/networking/v2.0/floatingips 0.513s
2025-12-09 04:45:40.714 65485 INFO tempest.lib.common.rest_client [req-30626b79-4682-4a5e-8806-39bfc9228ac1 req-30626b79-4682-4a5e-8806-39bfc9228ac1 ] Request (ServersWithSpecificFlavorTestJSON:test_verify_created_server_ephemeral_disk): 201 POST http://10.180.1.21/identity/v3/auth/tokens 0.078s
2025-12-09 04:45:40.714 65485 INFO tempest.lib.common.fixed_network [-] (ServersWithSpecificFlavorTestJSON:test_verify_created_server_ephemeral_disk) Found network {'id': '5e8f1669-ff9b-4f4b-93b9-7bc9bacdabea', 'name': 'tempest-ServersWithSpecificFlavorTestJSON-1823391782-network', 'tenant_id': 'bd76ce676ef84277bdb900a05876c776', 'project_id': 'bd76ce676ef84277bdb900a05876c776', 'admin_state_up': True, 'mtu': 8950, 'status': 'ACTIVE', 'subnets': [], 'shared': False, 'port_security_enabled': True, 'router:external': False, 'provider:network_type': 'vlan', 'provider:physical_network': 'default', 'provider:segmentation_id': 487, 'availability_zone_hints': [], 'availability_zones': [], 'ipv4_address_scope': None, 'ipv6_address_scope': None, 'description': '', 'tags': [], 'created_at': '2025-12-09T04:44:59Z', 'updated_at': '2025-12-09T04:44:59Z', 'revision_number': 1} available for tenant
2025-12-09 04:45:41.175 65461 INFO tempest.lib.common.rest_client [req-927d7a43-40ba-4976-8cf5-96c9f891424f req-927d7a43-40ba-4976-8cf5-96c9f891424f ] Request (FloatingIPsTestJSON:tearDownClass): 200 PUT http://10.180.1.21/networking/v2.0/routers/996420a9-fed2-45ac-b67e-4a330232bd25/remove_router_interface 0.872s
2025-12-09 04:45:41.342 65487 INFO tempest.lib.common.rest_client [req-be60337a-de67-49f4-b4b3-63094c30ff99 req-be60337a-de67-49f4-b4b3-63094c30ff99 ] Request (NetworksTest:test_get_network): 200 GET http://10.180.1.21/compute/v2.1/os-networks 2.768s
2025-12-09 04:45:41.620 65471 INFO tempest.lib.common.rest_client [req-c4b0e993-d24e-46a5-89c4-5fb16514fa7b req-c4b0e993-d24e-46a5-89c4-5fb16514fa7b ] Request (FloatingIPsNegativeTestJSON:tearDownClass): 200 PUT http://10.180.1.21/networking/v2.0/routers/646f1ffd-a982-41aa-b930-65b5410778ed/remove_router_interface 1.266s
2025-12-09 04:45:41.969 65461 INFO tempest.lib.common.rest_client [req-b91123f1-1267-4113-b603-92f71c3063b5 req-b91123f1-1267-4113-b603-92f71c3063b5 ] Request (FloatingIPsTestJSON:tearDownClass): 204 DELETE http://10.180.1.21/networking/v2.0/routers/996420a9-fed2-45ac-b67e-4a330232bd25 0.794s
2025-12-09 04:45:42.318 65451 INFO tempest.lib.common.rest_client [req-ea6643d0-f123-4888-9c0f-1017a5fcc471 req-ea6643d0-f123-4888-9c0f-1017a5fcc471 ] Request (ServerDiagnosticsTest:tearDownClass): 200 GET http://10.180.1.21/compute/v2.1/servers/5ab5b905-00b0-405b-af84-f33551fe5a7f 3.539s
2025-12-09 04:45:42.478 65461 INFO tempest.lib.common.rest_client [req-c4b77481-7df7-46ff-b844-4fc62a8ef47f req-c4b77481-7df7-46ff-b844-4fc62a8ef47f ] Request (FloatingIPsTestJSON:tearDownClass): 204 DELETE http://10.180.1.21/networking/v2.0/subnets/6165cfe6-bf96-4a18-a906-f995f190b376 0.509s
2025-12-09 04:45:42.496 65471 INFO tempest.lib.common.rest_client [req-d3e4a8a8-c08c-4f59-baa7-4ad600cffc44 req-d3e4a8a8-c08c-4f59-baa7-4ad600cffc44 ] Request (FloatingIPsNegativeTestJSON:tearDownClass): 204 DELETE http://10.180.1.21/networking/v2.0/routers/646f1ffd-a982-41aa-b930-65b5410778ed 0.875s
2025-12-09 04:45:42.638 65467 INFO tempest.lib.common.rest_client [req-99fdc068-0449-46e1-8b50-6cd262f5b265 req-99fdc068-0449-46e1-8b50-6cd262f5b265 ] Request (ListImageFiltersTestJSON:setUpClass): 202 POST http://10.180.1.21/compute/v2.1/servers 3.901s
2025-12-09 04:45:43.152 65461 INFO tempest.lib.common.rest_client [req-d92b0b61-4fd9-4f2c-924e-f5731e761c4f req-d92b0b61-4fd9-4f2c-924e-f5731e761c4f ] Request (FloatingIPsTestJSON:tearDownClass): 204 DELETE http://10.180.1.21/networking/v2.0/networks/01be955e-54e0-477c-b3c5-8810195cf670 0.673s
2025-12-09 04:45:43.270 65471 INFO tempest.lib.common.rest_client [req-885f7185-b443-48df-926a-be203b9e8dc2 req-885f7185-b443-48df-926a-be203b9e8dc2 ] Request (FloatingIPsNegativeTestJSON:tearDownClass): 204 DELETE http://10.180.1.21/networking/v2.0/subnets/95b068fb-15da-4d58-90c4-efd4345d4731 0.774s
2025-12-09 04:45:43.304 65461 INFO tempest.lib.common.rest_client [req-5a6cd211-a9a3-456a-9ae4-a83f7116c794 req-5a6cd211-a9a3-456a-9ae4-a83f7116c794 ] Request (FloatingIPsTestJSON:tearDownClass): 204 DELETE http://10.180.1.21/identity/v3/users/5fb553e4c3214698aebf5ca7ca0f757e 0.151s
2025-12-09 04:45:43.304 65461 INFO tempest.lib.common.dynamic_creds [-] Deleting project and security group for project: f5e6dd094fdc456f942e7cbdd59ef57e
2025-12-09 04:45:43.440 65431 INFO tempest.lib.common.rest_client [req-d49ba9d4-480c-4d4d-a3cd-5c6aa1632f0c req-d49ba9d4-480c-4d4d-a3cd-5c6aa1632f0c ] Request (InstanceActionsTestJSON:setUpClass): 200 GET http://10.180.1.21/compute/v2.1/servers/4998bc6e-7f3e-44ef-bd04-319c86483f55 4.545s
2025-12-09 04:45:43.680 65471 INFO tempest.lib.common.rest_client [req-80de4e7e-9fd4-44f2-86fe-6073d77b50f8 req-80de4e7e-9fd4-44f2-86fe-6073d77b50f8 ] Request (FloatingIPsNegativeTestJSON:tearDownClass): 204 DELETE http://10.180.1.21/networking/v2.0/networks/854e2508-12dd-4554-9787-3d2619302ba9 0.409s
2025-12-09 04:45:43.706 65461 INFO tempest.lib.common.rest_client [req-f48482b6-c7fd-4fd5-95fe-994b5ae01292 req-f48482b6-c7fd-4fd5-95fe-994b5ae01292 ] Request (FloatingIPsTestJSON:tearDownClass): 200 GET http://10.180.1.21/networking/v2.0/security-groups?tenant_id=f5e6dd094fdc456f942e7cbdd59ef57e&name=default 0.402s
2025-12-09 04:45:43.774 65449 INFO tempest.lib.common.rest_client [req-53d8fcd7-1943-40dc-860c-67bbb9ea55dd req-53d8fcd7-1943-40dc-860c-67bbb9ea55dd ] Request (ServersTestFqdnHostnames:test_create_server_with_fqdn_name): 200 GET http://10.180.1.21/compute/v2.1/servers/9fb4b7f4-9269-4b1a-acc3-87c5d4b5151e 4.517s
2025-12-09 04:45:43.786 65471 INFO tempest.lib.common.rest_client [req-e79b09b5-7443-43e2-beac-a198093c45e0 req-e79b09b5-7443-43e2-beac-a198093c45e0 ] Request (FloatingIPsNegativeTestJSON:tearDownClass): 204 DELETE http://10.180.1.21/identity/v3/users/c67832d5b081447ab425bc5f9dcbee03 0.105s
2025-12-09 04:45:43.786 65471 INFO tempest.lib.common.dynamic_creds [-] Deleting project and security group for project: cb2da06b51d9420c977ab2d44a5b4a51
