2025-12-09 23:12:24.138 65876 INFO tempest.lib.common.rest_client [req-ac8b1747-9b3f-4670-9d96-d421b42fa30e req-ac8b1747-9b3f-4670-9d96-d421b42fa30e ] Request (FloatingIPsAssociationNegativeTestJSON:tearDownClass): 200 GET http://10.180.1.21/networking/v2.0/security-groups?tenant_id=9fcdf18fcf6b4dfa8e8bcab75b376340&name=default 0.227s
2025-12-09 23:12:24.171 65906 INFO tempest.lib.common.rest_client [req-f1acdb6d-57e1-44f3-a56b-0dc198ef55f7 req-f1acdb6d-57e1-44f3-a56b-0dc198ef55f7 ] Request (FlavorsV261TestJSON:tearDownClass): 204 DELETE http://10.180.1.21/identity/v3/projects/2fffc66f0b59416f9b76d6893435018b 0.240s
2025-12-09 23:12:24.171 65906 INFO tempest.lib.common.dynamic_creds [-] Deleting project and security group for project: 7ae37eaac5644a4487a5aeb93c879b8e
2025-12-09 23:12:24.288 65928 INFO tempest.lib.common.rest_client [req-397d0291-97a8-4a92-84b4-9a04bcb3f076 req-397d0291-97a8-4a92-84b4-9a04bcb3f076 ] Request (ImagesOneServerNegativeTestJSON:_run_cleanups): 200 GET http://10.180.1.21/compute/v2.1/servers/c138764d-d194-40ec-ad27-4a4efae1112c 6.673s
2025-12-09 23:12:24.375 65876 INFO tempest.lib.common.rest_client [req-95fd14d7-596a-4781-bb83-795550173ffa req-95fd14d7-596a-4781-bb83-795550173ffa ] Request (FloatingIPsAssociationNegativeTestJSON:tearDownClass): 204 DELETE http://10.180.1.21/networking/v2.0/security-groups/b00c6e7b-676b-4965-8eb6-8d6765748a2c 0.236s
2025-12-09 23:12:24.398 65914 INFO tempest.lib.common.rest_client [req-e475ad10-ffa6-4ac0-91ea-601ee27d7f16 req-e475ad10-ffa6-4ac0-91ea-601ee27d7f16 ] Request (ServerDiagnosticsTest:tearDownClass): 200 GET http://10.180.1.21/networking/v2.0/security-groups?tenant_id=d1468dfff44f419a85aaf8b45bf8d268&name=default 0.596s
2025-12-09 23:12:24.477 65876 INFO tempest.lib.common.rest_client [req-12056611-8cdc-49a0-906a-0bc50758b56b req-12056611-8cdc-49a0-906a-0bc50758b56b ] Request (FloatingIPsAssociationNegativeTestJSON:tearDownClass): 204 DELETE http://10.180.1.21/identity/v3/projects/9fcdf18fcf6b4dfa8e8bcab75b376340 0.102s
2025-12-09 23:12:24.527 65906 INFO tempest.lib.common.rest_client [req-453164c8-7c1d-4aaf-aa54-2d10cc830c64 req-453164c8-7c1d-4aaf-aa54-2d10cc830c64 ] Request (FlavorsV261TestJSON:tearDownClass): 200 GET http://10.180.1.21/networking/v2.0/security-groups?tenant_id=7ae37eaac5644a4487a5aeb93c879b8e&name=default 0.356s
2025-12-09 23:12:24.561 65866 INFO tempest.lib.common.rest_client [req-783af430-6bff-4541-847b-466d7a751a42 req-783af430-6bff-4541-847b-466d7a751a42 ] Request (MigrationsAdminTest:test_list_migrations_in_flavor_resize_situation): 200 GET http://10.180.1.21/compute/v2.1/servers/c39e4097-2af1-49e0-bafd-b69ede5d7134 6.226s
2025-12-09 23:12:24.564 65876 INFO tempest.lib.common.rest_client [req-85b1fb0d-4756-46f7-ae44-5ea40147994a req-85b1fb0d-4756-46f7-ae44-5ea40147994a ] Request (ServerActionsTestOtherB:setUpClass): 201 POST http://10.180.1.21/identity/v3/auth/tokens 0.085s
2025-12-09 23:12:24.575 65914 INFO tempest.lib.common.rest_client [req-855cc3d3-d3ba-4f00-b5eb-f39d3868a810 req-855cc3d3-d3ba-4f00-b5eb-f39d3868a810 ] Request (ServerDiagnosticsTest:tearDownClass): 204 DELETE http://10.180.1.21/networking/v2.0/security-groups/d69015fa-a022-444f-9d56-6b40a70ec651 0.177s
2025-12-09 23:12:24.610 65876 INFO tempest.lib.common.rest_client [req-648246b1-39b2-4bd0-869f-81c3751edec5 req-648246b1-39b2-4bd0-869f-81c3751edec5 ] Request (ServerActionsTestOtherB:setUpClass): 201 POST http://10.180.1.21/identity/v3/auth/tokens 0.043s
2025-12-09 23:12:24.642 65876 INFO tempest.lib.common.rest_client [req-b8187122-03d1-4b2c-9e52-3a01f6a06ab3 req-b8187122-03d1-4b2c-9e52-3a01f6a06ab3 ] Request (ServerActionsTestOtherB:setUpClass): 200 GET http://10.180.1.21/identity/v3/domains?name=Default 0.031s
2025-12-09 23:12:24.662 65914 INFO tempest.lib.common.rest_client [req-93fc8c5b-c176-44ef-a70d-f7fa8c360adc req-93fc8c5b-c176-44ef-a70d-f7fa8c360adc ] Request (ServerDiagnosticsTest:tearDownClass): 204 DELETE http://10.180.1.21/identity/v3/projects/d1468dfff44f419a85aaf8b45bf8d268 0.087s
2025-12-09 23:12:24.663 65914 INFO tempest.lib.common.dynamic_creds [-] Deleting project and security group for project: e3989f5e755d44cd8e3a15e1b6378b0f
2025-12-09 23:12:24.692 65913 INFO tempest.lib.common.rest_client [req-7000f987-2f92-4e1a-9d95-064d4651d7e2 req-7000f987-2f92-4e1a-9d95-064d4651d7e2 ] Request (VolumesAssistedSnapshotsTest:test_volume_assisted_snapshot_create_delete): 200 GET http://10.180.1.21/volume/v3/volumes/281a3d96-2e59-4470-8cce-a489c7ebc819 0.043s
2025-12-09 23:12:24.699 65918 INFO tempest.lib.common.rest_client [req-98d8fc56-4cc1-4cdf-899f-ebda55d1e62f req-98d8fc56-4cc1-4cdf-899f-ebda55d1e62f ] Request (ServersListShow296Test:tearDownClass): 200 GET http://10.180.1.21/compute/v2.1/servers/f51b1bc9-5648-4e20-a213-a30451e33205 6.300s
2025-12-09 23:12:24.714 65906 INFO tempest.lib.common.rest_client [req-39c1ec41-e734-4b75-9027-259ee2fdfbed req-39c1ec41-e734-4b75-9027-259ee2fdfbed ] Request (FlavorsV261TestJSON:tearDownClass): 204 DELETE http://10.180.1.21/networking/v2.0/security-groups/43110a6c-a963-4d63-b3b0-7a35aefd2a0e 0.186s
2025-12-09 23:12:24.733 65911 INFO tempest.lib.common.rest_client [req-f72b2f78-b95f-4add-887b-f834147323f6 req-f72b2f78-b95f-4add-887b-f834147323f6 ] Request (FlavorsAdminTestJSON:test_list_public_flavor_with_other_user): 200 GET http://10.180.1.21/compute/v2.1/flavors/detail 6.080s
2025-12-09 23:12:24.737 65876 INFO tempest.lib.common.rest_client [req-d27d534b-6664-43ea-b635-3579e38b5c56 req-d27d534b-6664-43ea-b635-3579e38b5c56 ] Request (ServerActionsTestOtherB:setUpClass): 201 POST http://10.180.1.21/identity/v3/projects 0.094s
2025-12-09 23:12:24.795 65914 INFO tempest.lib.common.rest_client [req-64127dcd-eb4a-4250-b5a8-d3f23c45851b req-64127dcd-eb4a-4250-b5a8-d3f23c45851b ] Request (ServerDiagnosticsTest:tearDownClass): 200 GET http://10.180.1.21/networking/v2.0/security-groups?tenant_id=e3989f5e755d44cd8e3a15e1b6378b0f&name=default 0.132s
2025-12-09 23:12:24.802 65906 INFO tempest.lib.common.rest_client [req-08b9a652-7bbb-4630-93a7-3fac9fe1c170 req-08b9a652-7bbb-4630-93a7-3fac9fe1c170 ] Request (FlavorsV261TestJSON:tearDownClass): 204 DELETE http://10.180.1.21/identity/v3/projects/7ae37eaac5644a4487a5aeb93c879b8e 0.087s
2025-12-09 23:12:24.879 65906 INFO tempest.lib.common.rest_client [req-d171d24c-d94e-48ee-b984-0acdb44af976 req-d171d24c-d94e-48ee-b984-0acdb44af976 ] Request (ServicesAdminTestJSON:setUpClass): 201 POST http://10.180.1.21/identity/v3/auth/tokens 0.075s
2025-12-09 23:12:24.885 65876 INFO tempest.lib.common.rest_client [req-ab9c8a70-3842-4080-9298-201947b33760 req-ab9c8a70-3842-4080-9298-201947b33760 ] Request (ServerActionsTestOtherB:setUpClass): 201 POST http://10.180.1.21/identity/v3/users 0.148s
2025-12-09 23:12:24.909 65906 INFO tempest.lib.common.rest_client [req-debf1745-148b-42c6-b154-54cccc918b06 req-debf1745-148b-42c6-b154-54cccc918b06 ] Request (ServicesAdminTestJSON:setUpClass): 201 POST http://10.180.1.21/identity/v3/auth/tokens 0.028s
2025-12-09 23:12:24.919 65876 INFO tempest.lib.common.rest_client [req-a7e77ef6-3057-4f08-b945-9424fff737eb req-a7e77ef6-3057-4f08-b945-9424fff737eb ] Request (ServerActionsTestOtherB:setUpClass): 200 GET http://10.180.1.21/identity/v3/roles 0.033s
2025-12-09 23:12:24.938 65906 INFO tempest.lib.common.rest_client [req-1c9d5860-76b0-480d-82ff-13f601c299f4 req-1c9d5860-76b0-480d-82ff-13f601c299f4 ] Request (ServicesAdminTestJSON:setUpClass): 200 GET http://10.180.1.21/identity/v3/domains?name=Default 0.027s
2025-12-09 23:12:24.943 65894 INFO tempest.lib.common.rest_client [req-e41617c9-29b4-47a0-bb0f-0caaa470c440 req-e41617c9-29b4-47a0-bb0f-0caaa470c440 ] Request (AttachInterfacesV270Test:test_create_get_list_interfaces): 200 GET http://10.180.1.21/compute/v2.1/servers/bd1cf19e-a67b-4b61-9bee-c0aa49664c0f 5.704s
2025-12-09 23:12:24.954 65876 INFO tempest.lib.common.rest_client [req-81f5909f-6bd4-4131-aa7b-e0f49496a3ac req-81f5909f-6bd4-4131-aa7b-e0f49496a3ac ] Request (ServerActionsTestOtherB:setUpClass): 204 PUT http://10.180.1.21/identity/v3/projects/bf4b26cef90b4bf2ab9fc06c57e366ea/users/d9f41a84d1064db89f6be1bddc1a3cfb/roles/90f551ab100a438caa8ce07128a8d6c1 0.035s
2025-12-09 23:12:24.955 65876 INFO tempest.lib.common.dynamic_creds [-] Dynamic test user d9f41a84d1064db89f6be1bddc1a3cfb is created with scope project and roles: ['member']
2025-12-09 23:12:24.955 65876 INFO tempest.lib.common.dynamic_creds [-] Acquired dynamic creds: credentials: Credentials: {'domain_id': 'default', 'domain_name': 'Default', 'username': 'tempest-ServerActionsTestOtherB-164561601-project-member', 'project_domain_id': 'default', 'project_domain_name': 'Default', 'project_id': 'bf4b26cef90b4bf2ab9fc06c57e366ea', 'project_name': 'tempest-ServerActionsTestOtherB-164561601', 'tenant_id': 'bf4b26cef90b4bf2ab9fc06c57e366ea', 'tenant_name': 'tempest-ServerActionsTestOtherB-164561601', 'user_domain_id': 'default', 'user_domain_name': 'Default', 'user_id': 'd9f41a84d1064db89f6be1bddc1a3cfb', 'system': None}, Network: None, Subnet: None, Router: None
2025-12-09 23:12:24.956 65894 INFO tempest.common.waiters [-] State transition "BUILD/None" ==> "BUILD/spawning" after 33 second wait
2025-12-09 23:12:24.967 65906 INFO tempest.lib.common.rest_client [req-eee3bb85-bb01-46bf-b03e-fe9d4b23d755 req-eee3bb85-bb01-46bf-b03e-fe9d4b23d755 ] Request (ServicesAdminTestJSON:setUpClass): 201 POST http://10.180.1.21/identity/v3/projects 0.028s
2025-12-09 23:12:25.001 65925 WARNING tempest.lib.common.ssh [-] Failed to establish authenticated ssh connection to cirros@10.180.180.153 ([Errno None] Unable to connect to port 22 on 10.180.180.153). Number attempts: 3. Retry after 4 seconds.: paramiko.ssh_exception.NoValidConnectionsError: [Errno None] Unable to connect to port 22 on 10.180.180.153
2025-12-09 23:12:25.051 65906 INFO tempest.lib.common.rest_client [req-943750d2-25fc-4524-a4cc-cd1fe3e3246d req-943750d2-25fc-4524-a4cc-cd1fe3e3246d ] Request (ServicesAdminTestJSON:setUpClass): 201 POST http://10.180.1.21/identity/v3/users 0.084s
2025-12-09 23:12:25.055 65874 INFO tempest.lib.common.rest_client [req-e5693894-7ffd-4bdb-92e8-4d8ee3e9b382 req-e5693894-7ffd-4bdb-92e8-4d8ee3e9b382 ] Request (ServersAdminNegativeTestJSON:test_migrate_server_invalid_state): 409 POST http://10.180.1.21/compute/v2.1/servers/78a1f47f-c77e-4cac-ab56-d13bea100795/action 5.564s
2025-12-09 23:12:25.080 65876 INFO tempest.lib.common.rest_client [req-b4ae5134-422e-44be-91b4-4d0220aed3db req-b4ae5134-422e-44be-91b4-4d0220aed3db ] Request (ServerActionsTestOtherB:setUpClass): 201 POST http://10.180.1.21/identity/v3/auth/tokens 0.124s
2025-12-09 23:12:25.114 65906 INFO tempest.lib.common.rest_client [req-260b7a45-56d4-4231-8420-b13e5fe032cd req-260b7a45-56d4-4231-8420-b13e5fe032cd ] Request (ServicesAdminTestJSON:setUpClass): 200 GET http://10.180.1.21/identity/v3/roles 0.061s
2025-12-09 23:12:25.142 65892 INFO tempest.lib.common.rest_client [req-18c06f89-c5da-4d65-a1e9-277704862d8c req-18c06f89-c5da-4d65-a1e9-277704862d8c ] Request (ServersNegativeTestJSON:setUpClass): 202 POST http://10.180.1.21/compute/v2.1/servers 6.770s
2025-12-09 23:12:25.208 65906 INFO tempest.lib.common.rest_client [req-66980597-1e4e-43e1-9954-43a2df6ba507 req-66980597-1e4e-43e1-9954-43a2df6ba507 ] Request (ServicesAdminTestJSON:setUpClass): 204 PUT http://10.180.1.21/identity/v3/projects/8f770246cb174771a9c152cc756dfcda/users/285bad861b7b4095bb6157871457dffd/roles/90f551ab100a438caa8ce07128a8d6c1 0.093s
2025-12-09 23:12:25.208 65906 INFO tempest.lib.common.dynamic_creds [-] Dynamic test user 285bad861b7b4095bb6157871457dffd is created with scope project and roles: ['member']
2025-12-09 23:12:25.209 65906 INFO tempest.lib.common.dynamic_creds [-] Acquired dynamic creds: credentials: Credentials: {'domain_id': 'default', 'domain_name': 'Default', 'username': 'tempest-ServicesAdminTestJSON-1223440706-project-member', 'project_domain_id': 'default', 'project_domain_name': 'Default', 'project_id': '8f770246cb174771a9c152cc756dfcda', 'project_name': 'tempest-ServicesAdminTestJSON-1223440706', 'tenant_id': '8f770246cb174771a9c152cc756dfcda', 'tenant_name': 'tempest-ServicesAdminTestJSON-1223440706', 'user_domain_id': 'default', 'user_domain_name': 'Default', 'user_id': '285bad861b7b4095bb6157871457dffd', 'system': None}, Network: None, Subnet: None, Router: None
2025-12-09 23:12:25.209 65906 INFO tempest.lib.common.dynamic_creds [-] Created isolated network resources for: credentials: Credentials: {'domain_id': 'default', 'domain_name': 'Default', 'username': 'tempest-ServicesAdminTestJSON-1223440706-project-member', 'project_domain_id': 'default', 'project_domain_name': 'Default', 'project_id': '8f770246cb174771a9c152cc756dfcda', 'project_name': 'tempest-ServicesAdminTestJSON-1223440706', 'tenant_id': '8f770246cb174771a9c152cc756dfcda', 'tenant_name': 'tempest-ServicesAdminTestJSON-1223440706', 'user_domain_id': 'default', 'user_domain_name': 'Default', 'user_id': '285bad861b7b4095bb6157871457dffd', 'system': None}, Network: None, Subnet: None, Router: None
2025-12-09 23:12:25.312 65906 INFO tempest.lib.common.rest_client [req-96595543-3b64-4c73-83a7-8d02c7710e43 req-96595543-3b64-4c73-83a7-8d02c7710e43 ] Request (ServicesAdminTestJSON:setUpClass): 201 POST http://10.180.1.21/identity/v3/auth/tokens 0.098s
2025-12-09 23:12:25.386 65906 INFO tempest.lib.common.rest_client [req-8934b44a-39d4-46c9-a90c-9ba5cb902406 req-8934b44a-39d4-46c9-a90c-9ba5cb902406 ] Request (ServicesAdminTestJSON:setUpClass): 201 POST http://10.180.1.21/identity/v3/projects 0.073s
2025-12-09 23:12:25.418 65914 INFO tempest.lib.common.rest_client [req-83776e2f-1095-4e8d-95ba-2146832e7b06 req-83776e2f-1095-4e8d-95ba-2146832e7b06 ] Request (ServerDiagnosticsTest:tearDownClass): 204 DELETE http://10.180.1.21/networking/v2.0/security-groups/31c8c9f0-3805-4685-a6db-c4f603a01e92 0.621s
2025-12-09 23:12:25.463 65906 INFO tempest.lib.common.rest_client [req-a000097f-6b75-431f-b7f1-87106dcd1619 req-a000097f-6b75-431f-b7f1-87106dcd1619 ] Request (ServicesAdminTestJSON:setUpClass): 201 POST http://10.180.1.21/identity/v3/users 0.076s
2025-12-09 23:12:25.491 65906 INFO tempest.lib.common.rest_client [req-5b7e6c43-b15c-4054-9a8f-7041449a242f req-5b7e6c43-b15c-4054-9a8f-7041449a242f ] Request (ServicesAdminTestJSON:setUpClass): 200 GET http://10.180.1.21/identity/v3/roles 0.028s
2025-12-09 23:12:25.524 65906 INFO tempest.lib.common.rest_client [req-8a230cc0-1818-462a-be59-9167d4d5759a req-8a230cc0-1818-462a-be59-9167d4d5759a ] Request (ServicesAdminTestJSON:setUpClass): 204 PUT http://10.180.1.21/identity/v3/projects/d9c96306578741e981d97b3d9d572b45/users/1a87dfab49554f44bd1222ccc3dac904/roles/fd4440a17f3e4b8aa8331da31775bf91 0.033s
2025-12-09 23:12:25.550 65914 INFO tempest.lib.common.rest_client [req-2dad8f84-59e5-4818-9cf4-a7d2410a93ef req-2dad8f84-59e5-4818-9cf4-a7d2410a93ef ] Request (ServerDiagnosticsTest:tearDownClass): 204 DELETE http://10.180.1.21/identity/v3/projects/e3989f5e755d44cd8e3a15e1b6378b0f 0.132s
2025-12-09 23:12:25.551 65914 INFO tempest.test [-] raised in ServersOnMultiNodesTest.setUpClass. Invoking tearDownClass.
2025-12-09 23:12:25.556 65922 INFO tempest.lib.common.rest_client [req-4d5b90c6-7aa1-4963-88e8-9956ab6c9168 req-4d5b90c6-7aa1-4963-88e8-9956ab6c9168 ] Request (ServersTestJSON:test_create_server_specify_multibyte_character_name): 200 GET http://10.180.1.21/compute/v2.1/servers/5786339b-745c-419c-97ed-c24365524024 4.900s
2025-12-09 23:12:25.584 65876 INFO tempest.lib.common.rest_client [req-d533b9c1-1cfa-49bf-a777-65e022d5badd req-d533b9c1-1cfa-49bf-a777-65e022d5badd ] Request (ServerActionsTestOtherB:setUpClass): 201 POST http://10.180.1.21/networking/v2.0/networks 0.504s
2025-12-09 23:12:25.596 65914 INFO tempest.lib.common.rest_client [req-1e0c437c-5df0-4daf-b2ed-37cbc5283783 req-1e0c437c-5df0-4daf-b2ed-37cbc5283783 ] Request (FloatingIPDetailsTestJSON:setUpClass): 201 POST http://10.180.1.21/identity/v3/auth/tokens 0.042s
2025-12-09 23:12:25.597 65906 INFO tempest.lib.common.rest_client [req-bb203d7d-0792-424a-9608-8d0da748e257 req-bb203d7d-0792-424a-9608-8d0da748e257 ] Request (ServicesAdminTestJSON:setUpClass): 200 GET http://10.180.1.21/identity/v3/roles 0.072s
2025-12-09 23:12:25.612 65891 INFO tempest.lib.common.rest_client [req-551d9055-eecb-4159-a287-3f2f13aab9a7 req-551d9055-eecb-4159-a287-3f2f13aab9a7 ] Request (ServerMetadataTestJSON:setUpClass): 200 GET http://10.180.1.21/compute/v2.1/servers/c80f2a36-ab18-43d2-818c-c6edc1d36e29 5.974s
2025-12-09 23:12:25.632 65906 INFO tempest.lib.common.rest_client [req-e1e6ed79-c335-4101-9ca4-d67044cdd951 req-e1e6ed79-c335-4101-9ca4-d67044cdd951 ] Request (ServicesAdminTestJSON:setUpClass): 204 PUT http://10.180.1.21/identity/v3/projects/d9c96306578741e981d97b3d9d572b45/users/1a87dfab49554f44bd1222ccc3dac904/roles/fd4440a17f3e4b8aa8331da31775bf91 0.034s
2025-12-09 23:12:25.632 65906 INFO tempest.lib.common.dynamic_creds [-] Dynamic test user 1a87dfab49554f44bd1222ccc3dac904 is created with scope project and roles: ['admin']
2025-12-09 23:12:25.632 65906 INFO tempest.lib.common.dynamic_creds [-] Acquired dynamic creds: credentials: Credentials: {'domain_id': 'default', 'domain_name': 'Default', 'username': 'tempest-ServicesAdminTestJSON-245710381-project-admin', 'project_domain_id': 'default', 'project_domain_name': 'Default', 'project_id': 'd9c96306578741e981d97b3d9d572b45', 'project_name': 'tempest-ServicesAdminTestJSON-245710381', 'tenant_id': 'd9c96306578741e981d97b3d9d572b45', 'tenant_name': 'tempest-ServicesAdminTestJSON-245710381', 'user_domain_id': 'default', 'user_domain_name': 'Default', 'user_id': '1a87dfab49554f44bd1222ccc3dac904', 'system': None}, Network: None, Subnet: None, Router: None
2025-12-09 23:12:25.632 65906 INFO tempest.lib.common.dynamic_creds [-] Created isolated network resources for: credentials: Credentials: {'domain_id': 'default', 'domain_name': 'Default', 'username': 'tempest-ServicesAdminTestJSON-245710381-project-admin', 'project_domain_id': 'default', 'project_domain_name': 'Default', 'project_id': 'd9c96306578741e981d97b3d9d572b45', 'project_name': 'tempest-ServicesAdminTestJSON-245710381', 'tenant_id': 'd9c96306578741e981d97b3d9d572b45', 'tenant_name': 'tempest-ServicesAdminTestJSON-245710381', 'user_domain_id': 'default', 'user_domain_name': 'Default', 'user_id': '1a87dfab49554f44bd1222ccc3dac904', 'system': None}, Network: None, Subnet: None, Router: None
2025-12-09 23:12:25.713 65882 INFO tempest.lib.common.rest_client [req-aea459ac-2884-46d5-b726-606f61d51c53 req-aea459ac-2884-46d5-b726-606f61d51c53 ] Request (ServerRescueTestJSON:setUpClass): 200 GET http://10.180.1.21/compute/v2.1/servers/b3c31b0d-b4a9-473d-a7c2-e49f197ecc36 4.766s
2025-12-09 23:12:25.758 65913 INFO tempest.lib.common.rest_client [req-60d5ccf6-8885-45f0-b131-0433405c6b51 req-60d5ccf6-8885-45f0-b131-0433405c6b51 ] Request (VolumesAssistedSnapshotsTest:test_volume_assisted_snapshot_create_delete): 200 GET http://10.180.1.21/volume/v3/volumes/281a3d96-2e59-4470-8cce-a489c7ebc819 0.053s
2025-12-09 23:12:25.758 65914 INFO tempest.lib.common.rest_client [req-3a3aec19-0e17-4b80-87f3-647d6afca853 req-3a3aec19-0e17-4b80-87f3-647d6afca853 ] Request (FloatingIPDetailsTestJSON:setUpClass): 201 POST http://10.180.1.21/identity/v3/auth/tokens 0.155s
2025-12-09 23:12:25.765 65913 INFO tempest.common.waiters [-] Attachment cf162039-9f27-4342-a0f4-07c47e3d92e1 created for volume 281a3d96-2e59-4470-8cce-a489c7ebc819 to server 29081ac2-b600-4b5e-bebe-c14ef2102ab1 after waiting for 7.765319 seconds
2025-12-09 23:12:25.809 65913 INFO tempest.lib.common.rest_client [req-72c7cf0b-6a5f-4a4c-9634-06fe4a72079a req-72c7cf0b-6a5f-4a4c-9634-06fe4a72079a ] Request (VolumesAssistedSnapshotsTest:test_volume_assisted_snapshot_create_delete): 200 GET http://10.180.1.21/volume/v3/volumes/281a3d96-2e59-4470-8cce-a489c7ebc819 0.043s
2025-12-09 23:12:25.813 65920 INFO tempest.lib.common.rest_client [req-819c388a-5a0f-479e-bc57-c12a26101621 req-819c388a-5a0f-479e-bc57-c12a26101621 ] Request (ServersTestJSON:setUpClass): 200 GET http://10.180.1.21/compute/v2.1/servers/a84452e8-064b-48ab-b772-3d37e22c2ecd 4.827s
2025-12-09 23:12:25.820 65913 INFO tempest.common.waiters [-] volume 281a3d96-2e59-4470-8cce-a489c7ebc819 reached in-use after waiting for 0.820856 seconds
2025-12-09 23:12:25.824 65902 INFO tempest.lib.common.rest_client [req-135e9f11-4208-4dcd-b4c3-493c58f719fa req-135e9f11-4208-4dcd-b4c3-493c58f719fa ] Request (QuotasAdminTestV257:test_get_updated_quotas): 200 GET http://10.180.1.21/compute/v2.1/os-quota-sets/55c7ee5fe2a846129eebb7c4518715a2?user_id=635d91739a744d74b5def65d0ce8be9c 4.959s
2025-12-09 23:12:25.835 65876 INFO tempest.lib.common.rest_client [req-01cb0cb8-ab0a-4e86-ba69-bee925c46fd0 req-01cb0cb8-ab0a-4e86-ba69-bee925c46fd0 ] Request (ServerActionsTestOtherB:setUpClass): 201 POST http://10.180.1.21/networking/v2.0/subnets 0.250s
2025-12-09 23:12:25.849 65914 INFO tempest.lib.common.rest_client [req-17534806-38e7-4c6b-9a96-6470dd4a730e req-17534806-38e7-4c6b-9a96-6470dd4a730e ] Request (FloatingIPDetailsTestJSON:setUpClass): 200 GET http://10.180.1.21/identity/v3/domains?name=Default 0.090s
2025-12-09 23:12:25.893 65906 INFO tempest.lib.common.rest_client [req-790bcd5b-3556-4bc3-9586-e06e390ae011 req-790bcd5b-3556-4bc3-9586-e06e390ae011 ] Request (ServicesAdminTestJSON:setUpClass): 201 POST http://10.180.1.21/identity/v3/auth/tokens 0.256s
2025-12-09 23:12:25.979 65902 INFO tempest.lib.common.rest_client [req-da649513-5673-4604-a9d0-170efbedd958 req-da649513-5673-4604-a9d0-170efbedd958 ] Request (QuotasAdminTestV257:_run_cleanups): 204 DELETE http://10.180.1.21/identity/v3/users/635d91739a744d74b5def65d0ce8be9c 0.150s
2025-12-09 23:12:26.002 65904 INFO tempest.lib.common.rest_client [req-5ede915e-86fc-4621-bca3-e2c2bb0cb98d req-5ede915e-86fc-4621-bca3-e2c2bb0cb98d ] Request (TenantUsagesTestJSON:tearDownClass): 200 GET http://10.180.1.21/compute/v2.1/servers/599ed706-5a8e-4c2e-a218-e579852385bf 4.023s
2025-12-09 23:12:26.091 65914 INFO tempest.lib.common.rest_client [req-6f5b218d-6097-4583-b29c-af080fb09dbd req-6f5b218d-6097-4583-b29c-af080fb09dbd ] Request (FloatingIPDetailsTestJSON:setUpClass): 201 POST http://10.180.1.21/identity/v3/projects 0.242s
2025-12-09 23:12:26.152 65902 INFO tempest.lib.common.rest_client [req-bcb8806c-2f47-418d-b54c-a1f89f601aa3 req-bcb8806c-2f47-418d-b54c-a1f89f601aa3 ] Request (QuotasAdminTestV257:_run_cleanups): 204 DELETE http://10.180.1.21/identity/v3/projects/55c7ee5fe2a846129eebb7c4518715a2 0.172s
2025-12-09 23:12:26.235 65914 INFO tempest.lib.common.rest_client [req-b9bc4e2a-546a-4ee5-bcc0-12d18ee7a935 req-b9bc4e2a-546a-4ee5-bcc0-12d18ee7a935 ] Request (FloatingIPDetailsTestJSON:setUpClass): 201 POST http://10.180.1.21/identity/v3/users 0.143s
2025-12-09 23:12:26.265 65914 INFO tempest.lib.common.rest_client [req-db31bd6b-4591-4b84-b54a-5dde29fa7402 req-db31bd6b-4591-4b84-b54a-5dde29fa7402 ] Request (FloatingIPDetailsTestJSON:setUpClass): 200 GET http://10.180.1.21/identity/v3/roles 0.029s
2025-12-09 23:12:26.286 65902 INFO tempest.lib.common.rest_client [req-e75e4d83-4089-4eb0-b244-4ecfead09b99 req-e75e4d83-4089-4eb0-b244-4ecfead09b99 ] Request (QuotasAdminTestV257:tearDownClass): 204 DELETE http://10.180.1.21/identity/v3/users/b12eb1e70e8a4475b5643cd8b69b5549 0.128s
2025-12-09 23:12:26.336 65914 INFO tempest.lib.common.rest_client [req-41a50bc0-77d4-4452-a82a-420a704ad60a req-41a50bc0-77d4-4452-a82a-420a704ad60a ] Request (FloatingIPDetailsTestJSON:setUpClass): 204 PUT http://10.180.1.21/identity/v3/projects/15408749ca454f6886b1f60f1507611e/users/76e11d7af5644d759b9741c236672557/roles/90f551ab100a438caa8ce07128a8d6c1 0.070s
2025-12-09 23:12:26.336 65914 INFO tempest.lib.common.dynamic_creds [-] Dynamic test user 76e11d7af5644d759b9741c236672557 is created with scope project and roles: ['member']
2025-12-09 23:12:26.337 65914 INFO tempest.lib.common.dynamic_creds [-] Acquired dynamic creds: credentials: Credentials: {'domain_id': 'default', 'domain_name': 'Default', 'username': 'tempest-FloatingIPDetailsTestJSON-1946089443-project-member', 'project_domain_id': 'default', 'project_domain_name': 'Default', 'project_id': '15408749ca454f6886b1f60f1507611e', 'project_name': 'tempest-FloatingIPDetailsTestJSON-1946089443', 'tenant_id': '15408749ca454f6886b1f60f1507611e', 'tenant_name': 'tempest-FloatingIPDetailsTestJSON-1946089443', 'user_domain_id': 'default', 'user_domain_name': 'Default', 'user_id': '76e11d7af5644d759b9741c236672557', 'system': None}, Network: None, Subnet: None, Router: None
2025-12-09 23:12:26.423 65914 INFO tempest.lib.common.rest_client [req-3b1dd217-461c-41c7-94f7-cf2b5a6acd79 req-3b1dd217-461c-41c7-94f7-cf2b5a6acd79 ] Request (FloatingIPDetailsTestJSON:setUpClass): 201 POST http://10.180.1.21/identity/v3/auth/tokens 0.085s
2025-12-09 23:12:26.438 65868 INFO tempest.lib.common.rest_client [req-0039b4d9-cbad-45bb-847a-c595b929920b req-0039b4d9-cbad-45bb-847a-c595b929920b ] Request (ImagesNegativeTestJSON:test_create_image_from_deleted_server): 200 GET http://10.180.1.21/compute/v2.1/servers/569d0bcb-258a-4406-9755-3950603e091b 3.706s
2025-12-09 23:12:26.449 65902 INFO tempest.lib.common.rest_client [req-15a77895-a907-4241-8e61-23de743b2300 req-15a77895-a907-4241-8e61-23de743b2300 ] Request (QuotasAdminTestV257:tearDownClass): 204 DELETE http://10.180.1.21/identity/v3/users/4d8370fc3d6a4aac82d08d9a84b14944 0.162s
2025-12-09 23:12:26.449 65902 INFO tempest.lib.common.dynamic_creds [-] Deleting project and security group for project: d0001a640e954882b8068924507ba6ad
2025-12-09 23:12:26.524 65902 INFO tempest.lib.common.rest_client [req-00a92434-847d-4ab0-95b5-e63a3caa3e1c req-00a92434-847d-4ab0-95b5-e63a3caa3e1c ] Request (QuotasAdminTestV257:tearDownClass): 201 POST http://10.180.1.21/identity/v3/auth/tokens 0.074s
2025-12-09 23:12:26.780 65876 INFO tempest.lib.common.rest_client [req-67507348-af5f-44dc-98f9-79bcbac76c62 req-67507348-af5f-44dc-98f9-79bcbac76c62 ] Request (ServerActionsTestOtherB:setUpClass): 201 POST http://10.180.1.21/networking/v2.0/routers 0.944s
2025-12-09 23:12:27.066 65878 INFO paramiko.transport [-] Connected (version 2.0, client dropbear_2020.81)
2025-12-09 23:12:27.138 65914 INFO tempest.lib.common.rest_client [req-a328158e-c1bf-45da-b538-74ceeaff796c req-a328158e-c1bf-45da-b538-74ceeaff796c ] Request (FloatingIPDetailsTestJSON:setUpClass): 201 POST http://10.180.1.21/networking/v2.0/networks 0.714s
2025-12-09 23:12:27.173 65878 INFO paramiko.transport [-] Authentication (publickey) successful!
2025-12-09 23:12:27.173 65878 INFO tempest.lib.common.ssh [-] ssh connection to cirros@10.180.180.211 successfully created
2025-12-09 23:12:27.176 65908 INFO tempest.lib.common.rest_client [req-50e41d03-ad3d-42c1-93fb-abccb0be918f req-50e41d03-ad3d-42c1-93fb-abccb0be918f ] Request (ServerDiagnosticsV248Test:tearDownClass): 200 GET http://10.180.1.21/compute/v2.1/servers/b4f6b554-1ccd-4e83-991e-201b95dd32e3 3.993s
2025-12-09 23:12:27.316 65902 INFO tempest.lib.common.rest_client [req-35c51b81-18e7-4804-84d0-dfaa46f800a0 req-35c51b81-18e7-4804-84d0-dfaa46f800a0 ] Request (QuotasAdminTestV257:tearDownClass): 200 GET http://10.180.1.21/networking/v2.0/security-groups?tenant_id=d0001a640e954882b8068924507ba6ad&name=default 0.792s
2025-12-09 23:12:28.155 65876 INFO tempest.lib.common.rest_client [req-d6a373c2-d001-4067-b7c8-298d6cd9d0c4 req-d6a373c2-d001-4067-b7c8-298d6cd9d0c4 ] Request (ServerActionsTestOtherB:setUpClass): 200 PUT http://10.180.1.21/networking/v2.0/routers/d17f9efa-dca2-4ad7-a6dd-d960da229628/add_router_interface 1.374s
2025-12-09 23:12:28.155 65876 INFO tempest.lib.common.dynamic_creds [-] Created isolated network resources for: credentials: Credentials: {'domain_id': 'default', 'domain_name': 'Default', 'username': 'tempest-ServerActionsTestOtherB-164561601-project-member', 'project_domain_id': 'default', 'project_domain_name': 'Default', 'project_id': 'bf4b26cef90b4bf2ab9fc06c57e366ea', 'project_name': 'tempest-ServerActionsTestOtherB-164561601', 'tenant_id': 'bf4b26cef90b4bf2ab9fc06c57e366ea', 'tenant_name': 'tempest-ServerActionsTestOtherB-164561601', 'user_domain_id': 'default', 'user_domain_name': 'Default', 'user_id': 'd9f41a84d1064db89f6be1bddc1a3cfb', 'system': None}, Network: {'id': '722a5736-097b-4a94-b8ec-488b82f0c02c', 'name': 'tempest-ServerActionsTestOtherB-666861110-network', 'tenant_id': 'bf4b26cef90b4bf2ab9fc06c57e366ea', 'project_id': 'bf4b26cef90b4bf2ab9fc06c57e366ea', 'admin_state_up': True, 'mtu': 8950, 'status': 'ACTIVE', 'subnets': [], 'shared': False, 'port_security_enabled': True, 'router:external': False, 'provider:network_type': 'vlan', 'provider:physical_network': 'default', 'provider:segmentation_id': 966, 'availability_zone_hints': [], 'availability_zones': [], 'ipv4_address_scope': None, 'ipv6_address_scope': None, 'description': '', 'tags': [], 'created_at': '2025-12-09T23:12:25Z', 'updated_at': '2025-12-09T23:12:25Z', 'revision_number': 1}, Subnet: {'id': 'af0a203e-cd3e-4bdc-b3a7-509953ac4d2c', 'name': 'tempest-ServerActionsTestOtherB-666861110-subnet', 'tenant_id': 'bf4b26cef90b4bf2ab9fc06c57e366ea', 'network_id': '722a5736-097b-4a94-b8ec-488b82f0c02c', 'ip_version': 4, 'subnetpool_id': None, 'enable_dhcp': True, 'ipv6_ra_mode': None, 'ipv6_address_mode': None, 'gateway_ip': '192.168.128.1', 'cidr': '192.168.128.0/28', 'allocation_pools': [{'start': '192.168.128.2', 'end': '192.168.128.14'}], 'host_routes': [], 'dns_nameservers': [], 'description': '', 'router:external': False, 'service_types': [], 'tags': [], 'created_at': '2025-12-09T23:12:25Z', 'updated_at': '2025-12-09T23:12:25Z', 'revision_number': 0, 'project_id': 'bf4b26cef90b4bf2ab9fc06c57e366ea'}, Router: {'id': 'd17f9efa-dca2-4ad7-a6dd-d960da229628', 'name': 'tempest-ServerActionsTestOtherB-666861110-router', 'tenant_id': 'bf4b26cef90b4bf2ab9fc06c57e366ea', 'admin_state_up': True, 'status': 'ACTIVE', 'external_gateway_info': {'network_id': '90a4cbf0-121a-46f0-9b54-5a1a24b48e1f', 'external_fixed_ips': [{'subnet_id': '06c870d3-d729-42a6-a225-1c398f684d56', 'ip_address': '10.180.180.142'}], 'enable_snat': True}, 'description': '', 'availability_zones': [], 'distributed': False, 'ha': False, 'availability_zone_hints': [], 'routes': [], 'flavor_id': None, 'tags': [], 'created_at': '2025-12-09T23:12:25Z', 'updated_at': '2025-12-09T23:12:26Z', 'revision_number': 2, 'project_id': 'bf4b26cef90b4bf2ab9fc06c57e366ea'}
2025-12-09 23:12:28.232 65914 INFO tempest.lib.common.rest_client [req-b564e7dd-db45-4d7b-91c9-f1a6bedb0f03 req-b564e7dd-db45-4d7b-91c9-f1a6bedb0f03 ] Request (FloatingIPDetailsTestJSON:setUpClass): 201 POST http://10.180.1.21/networking/v2.0/subnets 1.093s
2025-12-09 23:12:28.266 65876 INFO tempest.lib.common.rest_client [req-42f5240c-9551-4be5-b865-3c3ff97ae8df req-42f5240c-9551-4be5-b865-3c3ff97ae8df ] Request (ServerActionsTestOtherB:setUpClass): 201 POST http://10.180.1.21/identity/v3/auth/tokens 0.107s
2025-12-09 23:12:28.340 65902 INFO tempest.lib.common.rest_client [req-97891783-d816-4fd1-9a63-9715a9f9125b req-97891783-d816-4fd1-9a63-9715a9f9125b ] Request (QuotasAdminTestV257:tearDownClass): 204 DELETE http://10.180.1.21/networking/v2.0/security-groups/0332774c-5047-4e7d-a247-044f5cfaf5ac 1.023s
2025-12-09 23:12:28.386 65926 INFO tempest.lib.common.rest_client [req-ca5d6ee3-ecb4-48ae-99a1-b4548f7df5ed req-ca5d6ee3-ecb4-48ae-99a1-b4548f7df5ed ] Request (DeleteServersTestJSON:test_delete_server_while_in_attached_volume): 200 GET http://10.180.1.21/compute/v2.1/servers/d56ee909-a186-4c73-bf0b-4485e7ad6113 5.164s
2025-12-09 23:12:28.394 65926 INFO tempest.common.waiters [-] State transition "BUILD/spawning" ==> "ACTIVE/None" after 42 second wait
2025-12-09 23:12:28.438 65896 INFO tempest.lib.common.rest_client [req-96005d54-24a5-4ae7-9da3-42f7fa8a77f4 req-96005d54-24a5-4ae7-9da3-42f7fa8a77f4 ] Request (ListImageFiltersTestJSON:setUpClass): 200 GET http://10.180.1.21/compute/v2.1/images/93512cd0-f1c0-4220-a24b-eafaa29e79b4 5.181s
2025-12-09 23:12:28.441 65902 INFO tempest.lib.common.rest_client [req-3253141a-e84d-4862-9268-95ed73414844 req-3253141a-e84d-4862-9268-95ed73414844 ] Request (QuotasAdminTestV257:tearDownClass): 204 DELETE http://10.180.1.21/identity/v3/projects/d0001a640e954882b8068924507ba6ad 0.101s
2025-12-09 23:12:28.442 65902 INFO tempest.lib.common.dynamic_creds [-] Deleting project and security group for project: c21ea60787f04129ad3c21ba39ed5747
2025-12-09 23:12:28.523 65888 INFO tempest.lib.common.rest_client [req-9c0f6a4f-09b2-488c-aaf1-b867adc38e45 req-9c0f6a4f-09b2-488c-aaf1-b867adc38e45 ] Request (ServersAdminTestJSON:setUpClass): 202 POST http://10.180.1.21/compute/v2.1/servers 6.641s
2025-12-09 23:12:28.575 65902 INFO tempest.lib.common.rest_client [req-a313891f-7802-4b67-99d4-582bda50321c req-a313891f-7802-4b67-99d4-582bda50321c ] Request (QuotasAdminTestV257:tearDownClass): 200 GET http://10.180.1.21/networking/v2.0/security-groups?tenant_id=c21ea60787f04129ad3c21ba39ed5747&name=default 0.133s
2025-12-09 23:12:28.611 65884 INFO tempest.lib.common.rest_client [req-68258e59-4d25-4457-8b23-8f24a18450bf req-68258e59-4d25-4457-8b23-8f24a18450bf ] Request (ServerAddressesTestJSON:setUpClass): 200 GET http://10.180.1.21/compute/v2.1/servers/524579f4-6bfd-42a8-a36c-7f7345c4a587 4.730s
2025-12-09 23:12:28.641 65926 INFO tempest.lib.common.rest_client [req-2bae497c-bc3b-40db-b6fd-4beb0f3b56ff req-2bae497c-bc3b-40db-b6fd-4beb0f3b56ff ] Request (DeleteServersTestJSON:test_delete_server_while_in_attached_volume): 202 POST http://10.180.1.21/volume/v3/volumes 0.245s
2025-12-09 23:12:28.648 65888 INFO tempest.lib.common.rest_client [req-1bdca7e1-84a3-4e46-a617-1530010878b5 req-1bdca7e1-84a3-4e46-a617-1530010878b5 ] Request (ServersAdminTestJSON:setUpClass): 201 POST http://10.180.1.21/identity/v3/auth/tokens 0.118s
2025-12-09 23:12:28.648 65888 INFO tempest.lib.common.fixed_network [-] (ServersAdminTestJSON:setUpClass) Found network {'id': '5be1ab9d-f29d-49e5-9124-9df738f5ace6', 'name': 'tempest-ServersAdminTestJSON-1841908399-network', 'tenant_id': '498b142107d8405ea02a0cb8e6ee8667', 'project_id': '498b142107d8405ea02a0cb8e6ee8667', 'admin_state_up': True, 'mtu': 8950, 'status': 'ACTIVE', 'subnets': [], 'shared': False, 'port_security_enabled': True, 'router:external': False, 'provider:network_type': 'vlan', 'provider:physical_network': 'default', 'provider:segmentation_id': 142, 'availability_zone_hints': [], 'availability_zones': [], 'ipv4_address_scope': None, 'ipv6_address_scope': None, 'description': '', 'tags': [], 'created_at': '2025-12-09T23:12:15Z', 'updated_at': '2025-12-09T23:12:15Z', 'revision_number': 1} available for tenant
2025-12-09 23:12:28.683 65926 INFO tempest.lib.common.rest_client [req-f88f51c9-48eb-4ed6-acbb-89c4905b0a4d req-f88f51c9-48eb-4ed6-acbb-89c4905b0a4d ] Request (DeleteServersTestJSON:test_delete_server_while_in_attached_volume): 200 GET http://10.180.1.21/volume/v3/volumes/35c7a229-d394-4d76-b6ac-37e0afcc2aa5 0.037s
2025-12-09 23:12:28.774 65886 WARNING tempest.lib.common.ssh [-] Failed to establish authenticated ssh connection to cirros@10.180.180.247 ([Errno None] Unable to connect to port 22 on 10.180.180.247). Number attempts: 8. Retry after 9 seconds.: paramiko.ssh_exception.NoValidConnectionsError: [Errno None] Unable to connect to port 22 on 10.180.180.247
2025-12-09 23:12:28.980 65902 INFO tempest.lib.common.rest_client [req-01c78361-5b82-4331-9622-f5b6fc22791d req-01c78361-5b82-4331-9622-f5b6fc22791d ] Request (QuotasAdminTestV257:tearDownClass): 204 DELETE http://10.180.1.21/networking/v2.0/security-groups/6a7b95ce-79ee-4360-9379-7d542120c6d1 0.404s
2025-12-09 23:12:29.140 65872 INFO tempest.lib.common.rest_client [req-bffa5f03-e1f4-44f3-a426-d719132643f2 req-bffa5f03-e1f4-44f3-a426-d719132643f2 ] Request (ServersTestMultiNic:test_verify_duplicate_network_nics): 200 GET http://10.180.1.21/compute/v2.1/servers/569006f2-f9b0-4f7f-acbc-4509ee657a92 4.797s
2025-12-09 23:12:29.155 65872 INFO tempest.common.waiters [-] State transition "BUILD/spawning" ==> "ACTIVE/None" after 56 second wait
2025-12-09 23:12:29.178 65911 INFO tempest.lib.common.rest_client [req-6e4332ab-f799-4e01-9729-53cf98fea5a0 req-6e4332ab-f799-4e01-9729-53cf98fea5a0 ] Request (FlavorsAdminTestJSON:_run_cleanups): 202 DELETE http://10.180.1.21/compute/v2.1/flavors/1488535580 4.433s
2025-12-09 23:12:29.186 65902 INFO tempest.lib.common.rest_client [req-8705ffa2-78a0-4a41-afe4-0d70d4d3d6d1 req-8705ffa2-78a0-4a41-afe4-0d70d4d3d6d1 ] Request (QuotasAdminTestV257:tearDownClass): 204 DELETE http://10.180.1.21/identity/v3/projects/c21ea60787f04129ad3c21ba39ed5747 0.205s
2025-12-09 23:12:29.285 65902 INFO tempest.lib.common.rest_client [req-2de00fa8-6a5b-43db-9069-a9d2a45f3fe7 req-2de00fa8-6a5b-43db-9069-a9d2a45f3fe7 ] Request (AbsoluteLimitsNegativeTestJSON:setUpClass): 201 POST http://10.180.1.21/identity/v3/auth/tokens 0.097s
2025-12-09 23:12:29.299 65914 INFO tempest.lib.common.rest_client [req-b841869c-d901-47af-a32c-dec955d86b24 req-b841869c-d901-47af-a32c-dec955d86b24 ] Request (FloatingIPDetailsTestJSON:setUpClass): 201 POST http://10.180.1.21/networking/v2.0/routers 1.067s
2025-12-09 23:12:29.336 65902 INFO tempest.lib.common.rest_client [req-1fb859ee-ebfc-4bfa-857b-8bb5f90cb3bd req-1fb859ee-ebfc-4bfa-857b-8bb5f90cb3bd ] Request (AbsoluteLimitsNegativeTestJSON:setUpClass): 201 POST http://10.180.1.21/identity/v3/auth/tokens 0.049s
2025-12-09 23:12:29.364 65902 INFO tempest.lib.common.rest_client [req-d18dedff-0abb-4100-9a6f-4eed31051d8d req-d18dedff-0abb-4100-9a6f-4eed31051d8d ] Request (AbsoluteLimitsNegativeTestJSON:setUpClass): 200 GET http://10.180.1.21/identity/v3/domains?name=Default 0.027s
2025-12-09 23:12:29.387 65898 INFO tempest.lib.common.rest_client [req-982554ea-eb4a-4636-abda-0a4074438767 req-982554ea-eb4a-4636-abda-0a4074438767 ] Request (ServersTestBootFromVolume:setUpClass): 200 GET http://10.180.1.21/compute/v2.1/servers/d7c1246a-f704-4f72-8f01-1fd2776bca98 4.953s
2025-12-09 23:12:29.397 65898 INFO tempest.common.waiters [-] State transition "BUILD/None" ==> "BUILD/block_device_mapping" after 36 second wait
2025-12-09 23:12:29.398 65874 INFO tempest.lib.common.rest_client [req-5faaebf9-add0-4e64-b6f4-4ccde7979c67 req-5faaebf9-add0-4e64-b6f4-4ccde7979c67 ] Request (ServersAdminNegativeTestJSON:test_reset_state_server_invalid_state): 400 POST http://10.180.1.21/compute/v2.1/servers/0fb00606-3189-4fab-8328-3dc36adb706a/action 4.339s
2025-12-09 23:12:29.405 65902 INFO tempest.lib.common.rest_client [req-ceb2a687-d39a-4c69-9248-0dc0e28dbf98 req-ceb2a687-d39a-4c69-9248-0dc0e28dbf98 ] Request (AbsoluteLimitsNegativeTestJSON:setUpClass): 201 POST http://10.180.1.21/identity/v3/projects 0.040s
2025-12-09 23:12:29.441 65870 INFO tempest.lib.common.rest_client [req-76ee0882-a459-4c5a-a725-d39b877e756d req-76ee0882-a459-4c5a-a725-d39b877e756d ] Request (DeleteServersAdminTestJSON:test_delete_server_while_in_error_state): 200 GET http://10.180.1.21/compute/v2.1/servers/e1ab5b73-a1e3-4c70-951e-6a1bc9e5ff5f 4.462s
2025-12-09 23:12:29.489 65902 INFO tempest.lib.common.rest_client [req-3b9434f9-e020-4ff7-861a-1a4d1205a5b1 req-3b9434f9-e020-4ff7-861a-1a4d1205a5b1 ] Request (AbsoluteLimitsNegativeTestJSON:setUpClass): 201 POST http://10.180.1.21/identity/v3/users 0.083s
2025-12-09 23:12:29.525 65902 INFO tempest.lib.common.rest_client [req-75268942-111a-4ee3-825d-3d4ed2491632 req-75268942-111a-4ee3-825d-3d4ed2491632 ] Request (AbsoluteLimitsNegativeTestJSON:setUpClass): 200 GET http://10.180.1.21/identity/v3/roles 0.035s
2025-12-09 23:12:29.556 65902 INFO tempest.lib.common.rest_client [req-f7468736-d1d1-4b73-8bd6-cc279aaf88d8 req-f7468736-d1d1-4b73-8bd6-cc279aaf88d8 ] Request (AbsoluteLimitsNegativeTestJSON:setUpClass): 204 PUT http://10.180.1.21/identity/v3/projects/53c7b8e28bbf4959b9b8c90907f1090c/users/3c233f5cf2aa4362ada93016a1c02922/roles/90f551ab100a438caa8ce07128a8d6c1 0.031s
2025-12-09 23:12:29.557 65902 INFO tempest.lib.common.dynamic_creds [-] Dynamic test user 3c233f5cf2aa4362ada93016a1c02922 is created with scope project and roles: ['member']
2025-12-09 23:12:29.557 65902 INFO tempest.lib.common.dynamic_creds [-] Acquired dynamic creds: credentials: Credentials: {'domain_id': 'default', 'domain_name': 'Default', 'username': 'tempest-AbsoluteLimitsNegativeTestJSON-369664444-project-member', 'project_domain_id': 'default', 'project_domain_name': 'Default', 'project_id': '53c7b8e28bbf4959b9b8c90907f1090c', 'project_name': 'tempest-AbsoluteLimitsNegativeTestJSON-369664444', 'tenant_id': '53c7b8e28bbf4959b9b8c90907f1090c', 'tenant_name': 'tempest-AbsoluteLimitsNegativeTestJSON-369664444', 'user_domain_id': 'default', 'user_domain_name': 'Default', 'user_id': '3c233f5cf2aa4362ada93016a1c02922', 'system': None}, Network: None, Subnet: None, Router: None
2025-12-09 23:12:29.557 65902 INFO tempest.lib.common.dynamic_creds [-] Created isolated network resources for: credentials: Credentials: {'domain_id': 'default', 'domain_name': 'Default', 'username': 'tempest-AbsoluteLimitsNegativeTestJSON-369664444-project-member', 'project_domain_id': 'default', 'project_domain_name': 'Default', 'project_id': '53c7b8e28bbf4959b9b8c90907f1090c', 'project_name': 'tempest-AbsoluteLimitsNegativeTestJSON-369664444', 'tenant_id': '53c7b8e28bbf4959b9b8c90907f1090c', 'tenant_name': 'tempest-AbsoluteLimitsNegativeTestJSON-369664444', 'user_domain_id': 'default', 'user_domain_name': 'Default', 'user_id': '3c233f5cf2aa4362ada93016a1c02922', 'system': None}, Network: None, Subnet: None, Router: None
2025-12-09 23:12:29.637 65880 INFO tempest.lib.common.rest_client [req-a556ec15-580e-489a-81cb-c1b25226c2d4 req-a556ec15-580e-489a-81cb-c1b25226c2d4 ] Request (ServersNegativeTestMultiTenantJSON:tearDownClass): 200 GET http://10.180.1.21/compute/v2.1/servers/11db2efc-5d2a-4fd9-ae5b-6869e28340e2 4.574s
2025-12-09 23:12:29.642 65902 INFO tempest.lib.common.rest_client [req-58ee2885-ddf4-4e97-ba5e-81fc9f7177e7 req-58ee2885-ddf4-4e97-ba5e-81fc9f7177e7 ] Request (AbsoluteLimitsNegativeTestJSON:setUpClass): 201 POST http://10.180.1.21/identity/v3/auth/tokens 0.081s
2025-12-09 23:12:29.662 65892 INFO tempest.lib.common.rest_client [req-dcf518cf-eea8-4818-bfba-b1865be4f4ee req-dcf518cf-eea8-4818-bfba-b1865be4f4ee ] Request (ServersNegativeTestJSON:setUpClass): 200 GET http://10.180.1.21/compute/v2.1/servers/72931099-cbcc-47a0-9508-2aa0ed733865 4.506s
2025-12-09 23:12:29.733 65926 INFO tempest.lib.common.rest_client [req-3210b845-f9cd-4872-abd0-eab43c25bf66 req-3210b845-f9cd-4872-abd0-eab43c25bf66 ] Request (DeleteServersTestJSON:test_delete_server_while_in_attached_volume): 200 GET http://10.180.1.21/volume/v3/volumes/35c7a229-d394-4d76-b6ac-37e0afcc2aa5 0.040s
2025-12-09 23:12:29.741 65926 INFO tempest.common.waiters [-] volume 35c7a229-d394-4d76-b6ac-37e0afcc2aa5 reached available after waiting for 1.741736 seconds
2025-12-09 23:12:30.356 65914 INFO tempest.lib.common.rest_client [req-19b5356b-7db6-41b7-9731-5f84f0b6b096 req-19b5356b-7db6-41b7-9731-5f84f0b6b096 ] Request (FloatingIPDetailsTestJSON:setUpClass): 200 PUT http://10.180.1.21/networking/v2.0/routers/a4a4bfe0-b5ab-4a9c-a2ba-42c10af5e5c4/add_router_interface 1.056s
2025-12-09 23:12:30.356 65914 INFO tempest.lib.common.dynamic_creds [-] Created isolated network resources for: credentials: Credentials: {'domain_id': 'default', 'domain_name': 'Default', 'username': 'tempest-FloatingIPDetailsTestJSON-1946089443-project-member', 'project_domain_id': 'default', 'project_domain_name': 'Default', 'project_id': '15408749ca454f6886b1f60f1507611e', 'project_name': 'tempest-FloatingIPDetailsTestJSON-1946089443', 'tenant_id': '15408749ca454f6886b1f60f1507611e', 'tenant_name': 'tempest-FloatingIPDetailsTestJSON-1946089443', 'user_domain_id': 'default', 'user_domain_name': 'Default', 'user_id': '76e11d7af5644d759b9741c236672557', 'system': None}, Network: {'id': '9e22baa4-b1f1-4aab-96c3-c82a80c573ec', 'name': 'tempest-FloatingIPDetailsTestJSON-1323079761-network', 'tenant_id': '15408749ca454f6886b1f60f1507611e', 'project_id': '15408749ca454f6886b1f60f1507611e', 'admin_state_up': True, 'mtu': 8950, 'status': 'ACTIVE', 'subnets': [], 'shared': False, 'port_security_enabled': True, 'router:external': False, 'provider:network_type': 'vlan', 'provider:physical_network': 'default', 'provider:segmentation_id': 42, 'availability_zone_hints': [], 'availability_zones': [], 'ipv4_address_scope': None, 'ipv6_address_scope': None, 'description': '', 'tags': [], 'created_at': '2025-12-09T23:12:26Z', 'updated_at': '2025-12-09T23:12:27Z', 'revision_number': 1}, Subnet: {'id': '00ec2694-201e-48d3-9bc4-6cb5fd1732bb', 'name': 'tempest-FloatingIPDetailsTestJSON-1323079761-subnet', 'tenant_id': '15408749ca454f6886b1f60f1507611e', 'network_id': '9e22baa4-b1f1-4aab-96c3-c82a80c573ec', 'ip_version': 4, 'subnetpool_id': None, 'enable_dhcp': True, 'ipv6_ra_mode': None, 'ipv6_address_mode': None, 'gateway_ip': '192.168.128.1', 'cidr': '192.168.128.0/28', 'allocation_pools': [{'start': '192.168.128.2', 'end': '192.168.128.14'}], 'host_routes': [], 'dns_nameservers': [], 'description': '', 'router:external': False, 'service_types': [], 'tags': [], 'created_at': '2025-12-09T23:12:28Z', 'updated_at': '2025-12-09T23:12:28Z', 'revision_number': 0, 'project_id': '15408749ca454f6886b1f60f1507611e'}, Router: {'id': 'a4a4bfe0-b5ab-4a9c-a2ba-42c10af5e5c4', 'name': 'tempest-FloatingIPDetailsTestJSON-1323079761-router', 'tenant_id': '15408749ca454f6886b1f60f1507611e', 'admin_state_up': True, 'status': 'ACTIVE', 'external_gateway_info': {'network_id': '90a4cbf0-121a-46f0-9b54-5a1a24b48e1f', 'external_fixed_ips': [{'subnet_id': '06c870d3-d729-42a6-a225-1c398f684d56', 'ip_address': '10.180.180.166'}], 'enable_snat': True}, 'description': '', 'availability_zones': [], 'distributed': False, 'ha': False, 'availability_zone_hints': [], 'routes': [], 'flavor_id': None, 'tags': [], 'created_at': '2025-12-09T23:12:28Z', 'updated_at': '2025-12-09T23:12:28Z', 'revision_number': 2, 'project_id': '15408749ca454f6886b1f60f1507611e'}
2025-12-09 23:12:30.453 65914 INFO tempest.lib.common.rest_client [req-65f8621b-04cb-40d9-8e24-d043cccac783 req-65f8621b-04cb-40d9-8e24-d043cccac783 ] Request (FloatingIPDetailsTestJSON:setUpClass): 201 POST http://10.180.1.21/identity/v3/auth/tokens 0.093s
2025-12-09 23:12:30.480 65928 INFO tempest.lib.common.rest_client [req-bd281edf-1b30-4922-9155-c550f609a478 req-bd281edf-1b30-4922-9155-c550f609a478 ] Request (ImagesOneServerNegativeTestJSON:_run_cleanups): 200 GET http://10.180.1.21/compute/v2.1/servers/c138764d-d194-40ec-ad27-4a4efae1112c 5.184s
2025-12-09 23:12:30.581 65866 INFO tempest.lib.common.rest_client [req-258a362b-d6b1-40d5-b097-c67d2f70d7fd req-258a362b-d6b1-40d5-b097-c67d2f70d7fd ] Request (MigrationsAdminTest:test_list_migrations_in_flavor_resize_situation): 200 GET http://10.180.1.21/compute/v2.1/servers/c39e4097-2af1-49e0-bafd-b69ede5d7134 5.007s
2025-12-09 23:12:30.672 65918 INFO tempest.lib.common.rest_client [req-3751dd49-b451-43a9-a209-749074e8f120 req-3751dd49-b451-43a9-a209-749074e8f120 ] Request (ServersListShow296Test:tearDownClass): 200 GET http://10.180.1.21/compute/v2.1/servers/f51b1bc9-5648-4e20-a213-a30451e33205 4.951s
2025-12-09 23:12:30.762 65913 INFO tempest.lib.common.rest_client [req-4e97fe90-b520-41fc-a1b9-90f7a334d4b8 req-4e97fe90-b520-41fc-a1b9-90f7a334d4b8 ] Request (VolumesAssistedSnapshotsTest:test_volume_assisted_snapshot_create_delete): 200 POST http://10.180.1.21/compute/v2.1/os-assisted-volume-snapshots 4.941s
2025-12-09 23:12:30.778 65906 INFO tempest.lib.common.rest_client [req-b6b3acbb-1189-44c2-bf8a-ab58944f03cc req-b6b3acbb-1189-44c2-bf8a-ab58944f03cc ] Request (ServicesAdminTestJSON:test_get_service_by_host_name): 200 GET http://10.180.1.21/compute/v2.1/os-services 4.882s
2025-12-09 23:12:30.911 65922 INFO tempest.lib.common.rest_client [req-13840eec-37d1-4b0b-8ce9-b577f617145d req-13840eec-37d1-4b0b-8ce9-b577f617145d ] Request (ServersTestJSON:test_create_server_specify_multibyte_character_name): 200 GET http://10.180.1.21/compute/v2.1/servers/5786339b-745c-419c-97ed-c24365524024 4.342s
2025-12-09 23:12:30.933 65894 INFO tempest.lib.common.rest_client [req-c41c94c7-a1d1-4882-90a9-7a1db73a9655 req-c41c94c7-a1d1-4882-90a9-7a1db73a9655 ] Request (AttachInterfacesV270Test:test_create_get_list_interfaces): 200 GET http://10.180.1.21/compute/v2.1/servers/bd1cf19e-a67b-4b61-9bee-c0aa49664c0f 4.976s
2025-12-09 23:12:31.045 65882 INFO tempest.lib.common.rest_client [req-c9c7d998-7de2-487c-bce4-e87ee38bef4f req-c9c7d998-7de2-487c-bce4-e87ee38bef4f ] Request (ServerRescueTestJSON:setUpClass): 200 GET http://10.180.1.21/compute/v2.1/servers/b3c31b0d-b4a9-473d-a7c2-e49f197ecc36 4.323s
2025-12-09 23:12:31.061 65882 INFO tempest.common.waiters [-] State transition "BUILD/scheduling" ==> "BUILD/None" after 6 second wait
2025-12-09 23:12:31.070 65891 INFO tempest.lib.common.rest_client [req-9c3abdb5-946c-4bb4-bc36-2f9db433cfcb req-9c3abdb5-946c-4bb4-bc36-2f9db433cfcb ] Request (ServerMetadataTestJSON:setUpClass): 200 GET http://10.180.1.21/compute/v2.1/servers/c80f2a36-ab18-43d2-818c-c6edc1d36e29 4.448s
2025-12-09 23:12:31.080 65891 INFO tempest.common.waiters [-] State transition "BUILD/spawning" ==> "ACTIVE/None" after 44 second wait
2025-12-09 23:12:31.236 65904 INFO tempest.lib.common.rest_client [req-4be85884-02cf-46d4-b22c-295e53488764 req-4be85884-02cf-46d4-b22c-295e53488764 ] Request (TenantUsagesTestJSON:tearDownClass): 200 GET http://10.180.1.21/compute/v2.1/servers/599ed706-5a8e-4c2e-a218-e579852385bf 4.222s
2025-12-09 23:12:31.262 65920 INFO tempest.lib.common.rest_client [req-50d2459f-af85-435e-8d0a-342b6f1cd606 req-50d2459f-af85-435e-8d0a-342b6f1cd606 ] Request (ServersTestJSON:setUpClass): 200 GET http://10.180.1.21/compute/v2.1/servers/a84452e8-064b-48ab-b772-3d37e22c2ecd 4.437s
