2025-12-09 23:11:02.255 65880 INFO tempest.lib.common.rest_client [req-dee7ae97-93e5-43c8-93c7-bee235c77166 req-dee7ae97-93e5-43c8-93c7-bee235c77166 ] Request (ServersNegativeTestMultiTenantJSON:setUpClass): 200 GET http://10.180.1.21/identity/v3/roles 0.070s
2025-12-09 23:11:02.264 65908 INFO tempest.lib.common.rest_client [req-1490d267-cc6f-46ad-b63d-b01e09c9497d req-1490d267-cc6f-46ad-b63d-b01e09c9497d ] Request (InstanceUsageAuditLogTestJSON:setUpClass): 200 GET http://10.180.1.21/identity/v3/domains?name=Default 0.026s
2025-12-09 23:11:02.280 65918 INFO tempest.lib.common.rest_client [req-6359db1f-31b9-4dd9-b893-34ebdf8e1812 req-6359db1f-31b9-4dd9-b893-34ebdf8e1812 ] Request (ImagesDeleteNegativeTestJSON:tearDownClass): 200 GET http://10.180.1.21/networking/v2.0/security-groups?tenant_id=b2bcb7c143164858bdd50593f0c902c9&name=default 0.246s
2025-12-09 23:11:02.284 65880 INFO tempest.lib.common.rest_client [req-f5e3a914-31fa-41df-af36-cd79cf28ef91 req-f5e3a914-31fa-41df-af36-cd79cf28ef91 ] Request (ServersNegativeTestMultiTenantJSON:setUpClass): 204 PUT http://10.180.1.21/identity/v3/projects/4b19c90c9af544be8a095e557a6a2a30/users/2baec45e05a44d30b7fe13efad391f3c/roles/90f551ab100a438caa8ce07128a8d6c1 0.028s
2025-12-09 23:11:02.284 65880 INFO tempest.lib.common.dynamic_creds [-] Dynamic test user 2baec45e05a44d30b7fe13efad391f3c is created with scope project and roles: ['member']
2025-12-09 23:11:02.284 65880 INFO tempest.lib.common.dynamic_creds [-] Acquired dynamic creds: credentials: Credentials: {'domain_id': 'default', 'domain_name': 'Default', 'username': 'tempest-ServersNegativeTestMultiTenantJSON-1116529651-project-member', 'project_domain_id': 'default', 'project_domain_name': 'Default', 'project_id': '4b19c90c9af544be8a095e557a6a2a30', 'project_name': 'tempest-ServersNegativeTestMultiTenantJSON-1116529651', 'tenant_id': '4b19c90c9af544be8a095e557a6a2a30', 'tenant_name': 'tempest-ServersNegativeTestMultiTenantJSON-1116529651', 'user_domain_id': 'default', 'user_domain_name': 'Default', 'user_id': '2baec45e05a44d30b7fe13efad391f3c', 'system': None}, Network: None, Subnet: None, Router: None
2025-12-09 23:11:02.289 65908 INFO tempest.lib.common.rest_client [req-7014bd37-5444-46f0-9a5e-31edea8c94c2 req-7014bd37-5444-46f0-9a5e-31edea8c94c2 ] Request (InstanceUsageAuditLogTestJSON:setUpClass): 201 POST http://10.180.1.21/identity/v3/projects 0.025s
2025-12-09 23:11:02.309 65916 INFO tempest.lib.common.rest_client [req-b5b29319-d4bc-447e-80a6-ee44848c70db req-b5b29319-d4bc-447e-80a6-ee44848c70db ] Request (HostsAdminTestJSON:tearDownClass): 200 GET http://10.180.1.21/networking/v2.0/security-groups?tenant_id=4a66c64949b440efa0336777514548f6&name=default 0.266s
2025-12-09 23:11:02.344 65908 INFO tempest.lib.common.rest_client [req-016a77bc-c054-44f3-9251-840af4b59e16 req-016a77bc-c054-44f3-9251-840af4b59e16 ] Request (InstanceUsageAuditLogTestJSON:setUpClass): 201 POST http://10.180.1.21/identity/v3/users 0.054s
2025-12-09 23:11:02.349 65880 INFO tempest.lib.common.rest_client [req-2967c18c-4d14-4cb1-8134-049586258696 req-2967c18c-4d14-4cb1-8134-049586258696 ] Request (ServersNegativeTestMultiTenantJSON:setUpClass): 201 POST http://10.180.1.21/identity/v3/auth/tokens 0.065s
2025-12-09 23:11:02.367 65908 INFO tempest.lib.common.rest_client [req-eb277271-d9fe-4974-8bf3-3a538413827d req-eb277271-d9fe-4974-8bf3-3a538413827d ] Request (InstanceUsageAuditLogTestJSON:setUpClass): 200 GET http://10.180.1.21/identity/v3/roles 0.022s
2025-12-09 23:11:02.399 65908 INFO tempest.lib.common.rest_client [req-b6378dbd-a095-462c-a155-eca682e1da45 req-b6378dbd-a095-462c-a155-eca682e1da45 ] Request (InstanceUsageAuditLogTestJSON:setUpClass): 204 PUT http://10.180.1.21/identity/v3/projects/ca8d149742a442238961e57394d05879/users/3a4bf67e5d2d45818aead7a7e2daeb17/roles/90f551ab100a438caa8ce07128a8d6c1 0.030s
2025-12-09 23:11:02.399 65908 INFO tempest.lib.common.dynamic_creds [-] Dynamic test user 3a4bf67e5d2d45818aead7a7e2daeb17 is created with scope project and roles: ['member']
2025-12-09 23:11:02.399 65908 INFO tempest.lib.common.dynamic_creds [-] Acquired dynamic creds: credentials: Credentials: {'domain_id': 'default', 'domain_name': 'Default', 'username': 'tempest-InstanceUsageAuditLogTestJSON-2093510038-project-member', 'project_domain_id': 'default', 'project_domain_name': 'Default', 'project_id': 'ca8d149742a442238961e57394d05879', 'project_name': 'tempest-InstanceUsageAuditLogTestJSON-2093510038', 'tenant_id': 'ca8d149742a442238961e57394d05879', 'tenant_name': 'tempest-InstanceUsageAuditLogTestJSON-2093510038', 'user_domain_id': 'default', 'user_domain_name': 'Default', 'user_id': '3a4bf67e5d2d45818aead7a7e2daeb17', 'system': None}, Network: None, Subnet: None, Router: None
2025-12-09 23:11:02.399 65908 INFO tempest.lib.common.dynamic_creds [-] Created isolated network resources for: credentials: Credentials: {'domain_id': 'default', 'domain_name': 'Default', 'username': 'tempest-InstanceUsageAuditLogTestJSON-2093510038-project-member', 'project_domain_id': 'default', 'project_domain_name': 'Default', 'project_id': 'ca8d149742a442238961e57394d05879', 'project_name': 'tempest-InstanceUsageAuditLogTestJSON-2093510038', 'tenant_id': 'ca8d149742a442238961e57394d05879', 'tenant_name': 'tempest-InstanceUsageAuditLogTestJSON-2093510038', 'user_domain_id': 'default', 'user_domain_name': 'Default', 'user_id': '3a4bf67e5d2d45818aead7a7e2daeb17', 'system': None}, Network: None, Subnet: None, Router: None
2025-12-09 23:11:02.461 65918 INFO tempest.lib.common.rest_client [req-882f1e20-2959-47af-8c8d-5c476b48eade req-882f1e20-2959-47af-8c8d-5c476b48eade ] Request (ImagesDeleteNegativeTestJSON:tearDownClass): 204 DELETE http://10.180.1.21/networking/v2.0/security-groups/c7edf671-daa5-43e6-9d3b-a4539ca2746d 0.181s
2025-12-09 23:11:02.477 65916 INFO tempest.lib.common.rest_client [req-a0fe51ce-ebaf-46e6-992f-f2b79edd00e4 req-a0fe51ce-ebaf-46e6-992f-f2b79edd00e4 ] Request (HostsAdminTestJSON:tearDownClass): 204 DELETE http://10.180.1.21/networking/v2.0/security-groups/dbcf88fd-1902-4654-9dab-f62a99067e18 0.167s
2025-12-09 23:11:02.489 65908 INFO tempest.lib.common.rest_client [req-b682ce4c-9cad-42cc-ae12-b8c455492fac req-b682ce4c-9cad-42cc-ae12-b8c455492fac ] Request (InstanceUsageAuditLogTestJSON:setUpClass): 201 POST http://10.180.1.21/identity/v3/auth/tokens 0.086s
2025-12-09 23:11:02.567 65918 INFO tempest.lib.common.rest_client [req-8aaef50a-f273-4121-a2c0-ae4415bcbc0d req-8aaef50a-f273-4121-a2c0-ae4415bcbc0d ] Request (ImagesDeleteNegativeTestJSON:tearDownClass): 204 DELETE http://10.180.1.21/identity/v3/projects/b2bcb7c143164858bdd50593f0c902c9 0.104s
2025-12-09 23:11:02.575 65916 INFO tempest.lib.common.rest_client [req-aeb27be4-2da8-4ed1-a56b-b5dbbfa9c03b req-aeb27be4-2da8-4ed1-a56b-b5dbbfa9c03b ] Request (HostsAdminTestJSON:tearDownClass): 204 DELETE http://10.180.1.21/identity/v3/projects/4a66c64949b440efa0336777514548f6 0.097s
2025-12-09 23:11:02.575 65916 INFO tempest.lib.common.dynamic_creds [-] Deleting project and security group for project: bde62eaf22914295845852b652516c17
2025-12-09 23:11:02.585 65876 INFO tempest.lib.common.rest_client [req-937c8bf7-b61d-4102-8563-cb3f43a95e42 req-937c8bf7-b61d-4102-8563-cb3f43a95e42 ] Request (FloatingIPsAssociationNegativeTestJSON:setUpClass): 200 GET http://10.180.1.21/compute/v2.1/servers/195a5fb9-b6e8-4906-a1d1-5175620fda83 1.349s
2025-12-09 23:11:02.593 65876 INFO tempest.common.waiters [-] State transition "BUILD/spawning" ==> "ACTIVE/None" after 17 second wait
2025-12-09 23:11:02.651 65908 INFO tempest.lib.common.rest_client [req-be5e5f4f-b5a3-4241-842e-61810d64e9c8 req-be5e5f4f-b5a3-4241-842e-61810d64e9c8 ] Request (InstanceUsageAuditLogTestJSON:setUpClass): 201 POST http://10.180.1.21/identity/v3/projects 0.161s
2025-12-09 23:11:02.706 65918 INFO tempest.lib.common.rest_client [req-f27faf30-d298-4d86-b95e-6358f68432b2 req-f27faf30-d298-4d86-b95e-6358f68432b2 ] Request (ServersListShow296Test:setUpClass): 201 POST http://10.180.1.21/identity/v3/auth/tokens 0.137s
2025-12-09 23:11:02.730 65908 INFO tempest.lib.common.rest_client [req-a34bd3a4-26c2-4e88-a6ca-53ada0126a2c req-a34bd3a4-26c2-4e88-a6ca-53ada0126a2c ] Request (InstanceUsageAuditLogTestJSON:setUpClass): 201 POST http://10.180.1.21/identity/v3/users 0.078s
2025-12-09 23:11:02.737 65918 INFO tempest.lib.common.rest_client [req-3550ddd9-2da4-486c-8526-b1fa837ad9f3 req-3550ddd9-2da4-486c-8526-b1fa837ad9f3 ] Request (ServersListShow296Test:setUpClass): 201 POST http://10.180.1.21/identity/v3/auth/tokens 0.028s
2025-12-09 23:11:02.749 65916 INFO tempest.lib.common.rest_client [req-4d2187b3-dfb2-44e6-9398-add21e67b8ca req-4d2187b3-dfb2-44e6-9398-add21e67b8ca ] Request (HostsAdminTestJSON:tearDownClass): 200 GET http://10.180.1.21/networking/v2.0/security-groups?tenant_id=bde62eaf22914295845852b652516c17&name=default 0.173s
2025-12-09 23:11:02.753 65908 INFO tempest.lib.common.rest_client [req-406cae4c-d8a1-43e2-a99f-64ad6c9cada4 req-406cae4c-d8a1-43e2-a99f-64ad6c9cada4 ] Request (InstanceUsageAuditLogTestJSON:setUpClass): 200 GET http://10.180.1.21/identity/v3/roles 0.023s
2025-12-09 23:11:02.764 65918 INFO tempest.lib.common.rest_client [req-9808427f-a125-470c-99cc-73f049a036f2 req-9808427f-a125-470c-99cc-73f049a036f2 ] Request (ServersListShow296Test:setUpClass): 200 GET http://10.180.1.21/identity/v3/domains?name=Default 0.027s
2025-12-09 23:11:02.781 65908 INFO tempest.lib.common.rest_client [req-65d96a13-8116-4da9-977d-293658ded787 req-65d96a13-8116-4da9-977d-293658ded787 ] Request (InstanceUsageAuditLogTestJSON:setUpClass): 204 PUT http://10.180.1.21/identity/v3/projects/828d19218a5742119c71beb4801674e2/users/690016836e5f48be9420bb4494c94c0a/roles/fd4440a17f3e4b8aa8331da31775bf91 0.027s
2025-12-09 23:11:02.791 65918 INFO tempest.lib.common.rest_client [req-44f35692-dc3a-4c75-894f-7b3d6512796b req-44f35692-dc3a-4c75-894f-7b3d6512796b ] Request (ServersListShow296Test:setUpClass): 201 POST http://10.180.1.21/identity/v3/projects 0.026s
2025-12-09 23:11:02.847 65918 INFO tempest.lib.common.rest_client [req-1746bdf1-3040-41ed-9605-0e1a2685a622 req-1746bdf1-3040-41ed-9605-0e1a2685a622 ] Request (ServersListShow296Test:setUpClass): 201 POST http://10.180.1.21/identity/v3/users 0.055s
2025-12-09 23:11:02.865 65880 INFO tempest.lib.common.rest_client [req-9bac8827-597e-4c6d-b818-269c9db8f266 req-9bac8827-597e-4c6d-b818-269c9db8f266 ] Request (ServersNegativeTestMultiTenantJSON:setUpClass): 201 POST http://10.180.1.21/networking/v2.0/networks 0.515s
2025-12-09 23:11:02.870 65908 INFO tempest.lib.common.rest_client [req-b3a52c7c-62f2-4f8f-b682-1cffd7748f21 req-b3a52c7c-62f2-4f8f-b682-1cffd7748f21 ] Request (InstanceUsageAuditLogTestJSON:setUpClass): 200 GET http://10.180.1.21/identity/v3/roles 0.088s
2025-12-09 23:11:02.874 65888 INFO tempest.lib.common.rest_client [req-de7ced73-83d4-46a2-8179-6b68cf475a83 req-de7ced73-83d4-46a2-8179-6b68cf475a83 ] Request (ServersAdmin275Test:test_rebuild_update_server_275): 200 GET http://10.180.1.21/compute/v2.1/servers/180da5d3-c5a3-410a-8f20-cf96efe1a8d5 1.604s
2025-12-09 23:11:02.874 65918 INFO tempest.lib.common.rest_client [req-86caad51-58a1-455c-822d-b453c344dd19 req-86caad51-58a1-455c-822d-b453c344dd19 ] Request (ServersListShow296Test:setUpClass): 200 GET http://10.180.1.21/identity/v3/roles 0.026s
2025-12-09 23:11:02.889 65888 INFO tempest.common.waiters [-] State transition "REBUILD/rebuilding" ==> "REBUILD/rebuild_block_device_mapping" after 2 second wait
2025-12-09 23:11:02.898 65908 INFO tempest.lib.common.rest_client [req-e42c1729-24c4-4349-ad2d-e0425ee18d6c req-e42c1729-24c4-4349-ad2d-e0425ee18d6c ] Request (InstanceUsageAuditLogTestJSON:setUpClass): 204 PUT http://10.180.1.21/identity/v3/projects/828d19218a5742119c71beb4801674e2/users/690016836e5f48be9420bb4494c94c0a/roles/fd4440a17f3e4b8aa8331da31775bf91 0.028s
2025-12-09 23:11:02.898 65908 INFO tempest.lib.common.dynamic_creds [-] Dynamic test user 690016836e5f48be9420bb4494c94c0a is created with scope project and roles: ['admin']
2025-12-09 23:11:02.898 65908 INFO tempest.lib.common.dynamic_creds [-] Acquired dynamic creds: credentials: Credentials: {'domain_id': 'default', 'domain_name': 'Default', 'username': 'tempest-InstanceUsageAuditLogTestJSON-134569126-project-admin', 'project_domain_id': 'default', 'project_domain_name': 'Default', 'project_id': '828d19218a5742119c71beb4801674e2', 'project_name': 'tempest-InstanceUsageAuditLogTestJSON-134569126', 'tenant_id': '828d19218a5742119c71beb4801674e2', 'tenant_name': 'tempest-InstanceUsageAuditLogTestJSON-134569126', 'user_domain_id': 'default', 'user_domain_name': 'Default', 'user_id': '690016836e5f48be9420bb4494c94c0a', 'system': None}, Network: None, Subnet: None, Router: None
2025-12-09 23:11:02.898 65908 INFO tempest.lib.common.dynamic_creds [-] Created isolated network resources for: credentials: Credentials: {'domain_id': 'default', 'domain_name': 'Default', 'username': 'tempest-InstanceUsageAuditLogTestJSON-134569126-project-admin', 'project_domain_id': 'default', 'project_domain_name': 'Default', 'project_id': '828d19218a5742119c71beb4801674e2', 'project_name': 'tempest-InstanceUsageAuditLogTestJSON-134569126', 'tenant_id': '828d19218a5742119c71beb4801674e2', 'tenant_name': 'tempest-InstanceUsageAuditLogTestJSON-134569126', 'user_domain_id': 'default', 'user_domain_name': 'Default', 'user_id': '690016836e5f48be9420bb4494c94c0a', 'system': None}, Network: None, Subnet: None, Router: None
2025-12-09 23:11:02.920 65918 INFO tempest.lib.common.rest_client [req-5c45d382-f0cd-43e0-8979-a0033fac9c0b req-5c45d382-f0cd-43e0-8979-a0033fac9c0b ] Request (ServersListShow296Test:setUpClass): 204 PUT http://10.180.1.21/identity/v3/projects/ab2da455b6f64d8495a28d3a59050f99/users/680c53bd3fba46f0aeea0d948d80f115/roles/90f551ab100a438caa8ce07128a8d6c1 0.045s
2025-12-09 23:11:02.921 65918 INFO tempest.lib.common.dynamic_creds [-] Dynamic test user 680c53bd3fba46f0aeea0d948d80f115 is created with scope project and roles: ['member']
2025-12-09 23:11:02.921 65918 INFO tempest.lib.common.dynamic_creds [-] Acquired dynamic creds: credentials: Credentials: {'domain_id': 'default', 'domain_name': 'Default', 'username': 'tempest-ServersListShow296Test-1417346200-project-member', 'project_domain_id': 'default', 'project_domain_name': 'Default', 'project_id': 'ab2da455b6f64d8495a28d3a59050f99', 'project_name': 'tempest-ServersListShow296Test-1417346200', 'tenant_id': 'ab2da455b6f64d8495a28d3a59050f99', 'tenant_name': 'tempest-ServersListShow296Test-1417346200', 'user_domain_id': 'default', 'user_domain_name': 'Default', 'user_id': '680c53bd3fba46f0aeea0d948d80f115', 'system': None}, Network: None, Subnet: None, Router: None
2025-12-09 23:11:02.921 65918 INFO tempest.lib.common.dynamic_creds [-] Created isolated network resources for: credentials: Credentials: {'domain_id': 'default', 'domain_name': 'Default', 'username': 'tempest-ServersListShow296Test-1417346200-project-member', 'project_domain_id': 'default', 'project_domain_name': 'Default', 'project_id': 'ab2da455b6f64d8495a28d3a59050f99', 'project_name': 'tempest-ServersListShow296Test-1417346200', 'tenant_id': 'ab2da455b6f64d8495a28d3a59050f99', 'tenant_name': 'tempest-ServersListShow296Test-1417346200', 'user_domain_id': 'default', 'user_domain_name': 'Default', 'user_id': '680c53bd3fba46f0aeea0d948d80f115', 'system': None}, Network: None, Subnet: None, Router: None
2025-12-09 23:11:02.983 65914 INFO tempest.lib.common.rest_client [req-464fcd8b-0a3e-4a0e-9c0c-90afa5647446 req-464fcd8b-0a3e-4a0e-9c0c-90afa5647446 ] Request (ServerDiagnosticsTest:test_get_server_diagnostics): 202 POST http://10.180.1.21/compute/v2.1/servers 1.983s
2025-12-09 23:11:02.985 65916 INFO tempest.lib.common.rest_client [req-3b62db15-2487-4c33-a3a5-9a93568b8cb4 req-3b62db15-2487-4c33-a3a5-9a93568b8cb4 ] Request (HostsAdminTestJSON:tearDownClass): 204 DELETE http://10.180.1.21/networking/v2.0/security-groups/c3b1b160-bcd6-4639-9489-cba2a89ef85c 0.235s
2025-12-09 23:11:03.003 65908 INFO tempest.lib.common.rest_client [req-42790136-db26-4ee6-a101-d2ebb4fb8a6c req-42790136-db26-4ee6-a101-d2ebb4fb8a6c ] Request (InstanceUsageAuditLogTestJSON:setUpClass): 201 POST http://10.180.1.21/identity/v3/auth/tokens 0.101s
2025-12-09 23:11:03.081 65925 INFO tempest.lib.common.rest_client [req-6edd7660-ad74-45c5-a130-ccc0b168c3b5 req-6edd7660-ad74-45c5-a130-ccc0b168c3b5 ] Request (QuotasAdminTestV236:test_get_updated_quotas): 200 GET http://10.180.1.21/compute/v2.1/os-quota-sets/4c697027e1ff4cbd8cc1afe12af1474c?user_id=11e47d1b48bb4e5387892243069eb733 1.808s
2025-12-09 23:11:03.104 65918 INFO tempest.lib.common.rest_client [req-00a2287b-37f6-4025-a26f-1678f0621101 req-00a2287b-37f6-4025-a26f-1678f0621101 ] Request (ServersListShow296Test:setUpClass): 201 POST http://10.180.1.21/identity/v3/auth/tokens 0.177s
2025-12-09 23:11:03.111 65902 INFO tempest.lib.common.rest_client [req-4a0e9c14-0a1f-4488-84c5-41475d551ffd req-4a0e9c14-0a1f-4488-84c5-41475d551ffd ] Request (FlavorsAccessNegativeTestJSON:_run_cleanups): 200 GET http://10.180.1.21/compute/v2.1/flavors/detail 1.737s
2025-12-09 23:11:03.134 65882 INFO tempest.lib.common.rest_client [req-7e20c814-bdd0-41b2-889a-73597f2e4f6d req-7e20c814-bdd0-41b2-889a-73597f2e4f6d ] Request (FlavorsExtraSpecsNegativeTestJSON:tearDownClass): 202 DELETE http://10.180.1.21/compute/v2.1/flavors/1071108906 1.753s
2025-12-09 23:11:03.141 65872 INFO tempest.lib.common.rest_client [req-b0e78d54-9e2a-4a37-90a4-a90f7100f5bd req-b0e78d54-9e2a-4a37-90a4-a90f7100f5bd ] Request (HostsAdminNegativeTestJSON:test_update_host_with_invalid_maintenance_mode): 400 PUT http://10.180.1.21/compute/v2.1/os-hosts/devstack 1.750s
2025-12-09 23:11:03.165 65884 INFO tempest.lib.common.rest_client [req-301298f9-b673-4daa-ba19-827b4b801f64 req-301298f9-b673-4daa-ba19-827b4b801f64 ] Request (ImagesMetadataNegativeTestJSON:test_set_nonexistent_image_metadata): 404 PUT http://10.180.1.21/compute/v2.1/images/8ab1ced9-199e-49aa-b8b9-78b57dfc1589/metadata 1.755s
2025-12-09 23:11:03.182 65916 INFO tempest.lib.common.rest_client [req-4a27f2ed-3531-43a2-9d49-a6b34f7c56c0 req-4a27f2ed-3531-43a2-9d49-a6b34f7c56c0 ] Request (HostsAdminTestJSON:tearDownClass): 204 DELETE http://10.180.1.21/identity/v3/projects/bde62eaf22914295845852b652516c17 0.197s
2025-12-09 23:11:03.237 65925 INFO tempest.lib.common.rest_client [req-51d69cdf-b081-4865-8a6a-93826ac181d0 req-51d69cdf-b081-4865-8a6a-93826ac181d0 ] Request (QuotasAdminTestV236:_run_cleanups): 204 DELETE http://10.180.1.21/identity/v3/users/11e47d1b48bb4e5387892243069eb733 0.153s
2025-12-09 23:11:03.280 65918 INFO tempest.lib.common.rest_client [req-03d65119-8e30-4762-a72b-6b05382b22ea req-03d65119-8e30-4762-a72b-6b05382b22ea ] Request (ServersListShow296Test:test_list_show_update_rebuild_server_296): 201 POST http://10.180.1.21/identity/v3/auth/tokens 0.172s
2025-12-09 23:11:03.280 65918 INFO tempest.lib.common.fixed_network [-] (ServersListShow296Test:test_list_show_update_rebuild_server_296) Found network None available for tenant
2025-12-09 23:11:03.297 65880 INFO tempest.lib.common.rest_client [req-3a302d73-d496-4a40-84de-86c2e24161df req-3a302d73-d496-4a40-84de-86c2e24161df ] Request (ServersNegativeTestMultiTenantJSON:setUpClass): 201 POST http://10.180.1.21/networking/v2.0/subnets 0.430s
2025-12-09 23:11:03.311 65916 INFO tempest.lib.common.rest_client [req-d5dd137b-3401-442b-88d1-9e2bc9be30ca req-d5dd137b-3401-442b-88d1-9e2bc9be30ca ] Request (HypervisorAdminNegativeUnderV252Test:setUpClass): 201 POST http://10.180.1.21/identity/v3/auth/tokens 0.124s
2025-12-09 23:11:03.329 65870 INFO tempest.lib.common.rest_client [req-fb80e4e4-22e4-4286-99d9-f859b710e7f4 req-fb80e4e4-22e4-4286-99d9-f859b710e7f4 ] Request (DeleteServersAdminTestJSON:test_admin_delete_servers_of_others): 200 GET http://10.180.1.21/compute/v2.1/servers/e3c47eeb-5c74-4c2c-9711-f834d6061ff0 2.028s
2025-12-09 23:11:03.346 65916 INFO tempest.lib.common.rest_client [req-d72da034-66fa-4a83-95fe-f8d033a541fc req-d72da034-66fa-4a83-95fe-f8d033a541fc ] Request (HypervisorAdminNegativeUnderV252Test:setUpClass): 201 POST http://10.180.1.21/identity/v3/auth/tokens 0.031s
2025-12-09 23:11:03.378 65916 INFO tempest.lib.common.rest_client [req-2044db50-fc7a-4d8c-bbcf-970c7124d84c req-2044db50-fc7a-4d8c-bbcf-970c7124d84c ] Request (HypervisorAdminNegativeUnderV252Test:setUpClass): 200 GET http://10.180.1.21/identity/v3/domains?name=Default 0.031s
2025-12-09 23:11:03.388 65900 INFO tempest.lib.common.rest_client [req-d3dee91e-7b9b-4a70-a518-0831872f7fd1 req-d3dee91e-7b9b-4a70-a518-0831872f7fd1 ] Request (KeyPairsV2TestJSON:test_keypairs_create_list_delete): 200 POST http://10.180.1.21/compute/v2.1/os-keypairs 1.891s
2025-12-09 23:11:03.460 65916 INFO tempest.lib.common.rest_client [req-d1e7f8c5-7ac9-493f-b93b-f9c39c14af5e req-d1e7f8c5-7ac9-493f-b93b-f9c39c14af5e ] Request (HypervisorAdminNegativeUnderV252Test:setUpClass): 201 POST http://10.180.1.21/identity/v3/projects 0.081s
2025-12-09 23:11:03.488 65925 INFO tempest.lib.common.rest_client [req-8c501881-42e9-47c0-b55c-7f74a2d9a446 req-8c501881-42e9-47c0-b55c-7f74a2d9a446 ] Request (QuotasAdminTestV236:_run_cleanups): 204 DELETE http://10.180.1.21/identity/v3/projects/4c697027e1ff4cbd8cc1afe12af1474c 0.250s
2025-12-09 23:11:03.545 65916 INFO tempest.lib.common.rest_client [req-388b7120-8792-4b3d-a8b2-f2e12a6dac7b req-388b7120-8792-4b3d-a8b2-f2e12a6dac7b ] Request (HypervisorAdminNegativeUnderV252Test:setUpClass): 201 POST http://10.180.1.21/identity/v3/users 0.082s
2025-12-09 23:11:03.580 65916 INFO tempest.lib.common.rest_client [req-23a3cab8-9848-415c-99d1-fea333e41544 req-23a3cab8-9848-415c-99d1-fea333e41544 ] Request (HypervisorAdminNegativeUnderV252Test:setUpClass): 200 GET http://10.180.1.21/identity/v3/roles 0.035s
2025-12-09 23:11:03.619 65916 INFO tempest.lib.common.rest_client [req-88906c4f-6fea-4f1d-b767-920565017890 req-88906c4f-6fea-4f1d-b767-920565017890 ] Request (HypervisorAdminNegativeUnderV252Test:setUpClass): 204 PUT http://10.180.1.21/identity/v3/projects/b5cf2b61b86843fbb87892044fb98c8e/users/f2005c4a7cba4355b0838cee0810a3e8/roles/90f551ab100a438caa8ce07128a8d6c1 0.037s
2025-12-09 23:11:03.619 65916 INFO tempest.lib.common.dynamic_creds [-] Dynamic test user f2005c4a7cba4355b0838cee0810a3e8 is created with scope project and roles: ['member']
2025-12-09 23:11:03.619 65916 INFO tempest.lib.common.dynamic_creds [-] Acquired dynamic creds: credentials: Credentials: {'domain_id': 'default', 'domain_name': 'Default', 'username': 'tempest-HypervisorAdminNegativeUnderV252Test-1427034457-project-member', 'project_domain_id': 'default', 'project_domain_name': 'Default', 'project_id': 'b5cf2b61b86843fbb87892044fb98c8e', 'project_name': 'tempest-HypervisorAdminNegativeUnderV252Test-1427034457', 'tenant_id': 'b5cf2b61b86843fbb87892044fb98c8e', 'tenant_name': 'tempest-HypervisorAdminNegativeUnderV252Test-1427034457', 'user_domain_id': 'default', 'user_domain_name': 'Default', 'user_id': 'f2005c4a7cba4355b0838cee0810a3e8', 'system': None}, Network: None, Subnet: None, Router: None
2025-12-09 23:11:03.619 65916 INFO tempest.lib.common.dynamic_creds [-] Created isolated network resources for: credentials: Credentials: {'domain_id': 'default', 'domain_name': 'Default', 'username': 'tempest-HypervisorAdminNegativeUnderV252Test-1427034457-project-member', 'project_domain_id': 'default', 'project_domain_name': 'Default', 'project_id': 'b5cf2b61b86843fbb87892044fb98c8e', 'project_name': 'tempest-HypervisorAdminNegativeUnderV252Test-1427034457', 'tenant_id': 'b5cf2b61b86843fbb87892044fb98c8e', 'tenant_name': 'tempest-HypervisorAdminNegativeUnderV252Test-1427034457', 'user_domain_id': 'default', 'user_domain_name': 'Default', 'user_id': 'f2005c4a7cba4355b0838cee0810a3e8', 'system': None}, Network: None, Subnet: None, Router: None
2025-12-09 23:11:03.748 65925 INFO tempest.lib.common.rest_client [req-db62c34b-ad5e-4989-9b24-8f5439198bc2 req-db62c34b-ad5e-4989-9b24-8f5439198bc2 ] Request (QuotasAdminTestV236:tearDownClass): 204 DELETE http://10.180.1.21/identity/v3/users/df0142fa60274a23935421a39ef7353f 0.258s
2025-12-09 23:11:03.768 65916 INFO tempest.lib.common.rest_client [req-b9d450c3-7dd4-4d6f-9d2f-8ea77dc6a4f7 req-b9d450c3-7dd4-4d6f-9d2f-8ea77dc6a4f7 ] Request (HypervisorAdminNegativeUnderV252Test:setUpClass): 201 POST http://10.180.1.21/identity/v3/auth/tokens 0.144s
2025-12-09 23:11:03.845 65925 INFO tempest.lib.common.rest_client [req-8ce318d9-29c3-408e-93a0-16efb8a14128 req-8ce318d9-29c3-408e-93a0-16efb8a14128 ] Request (QuotasAdminTestV236:tearDownClass): 204 DELETE http://10.180.1.21/identity/v3/users/7cb5ba1ca2c545ac9d995418016bf261 0.097s
2025-12-09 23:11:03.846 65925 INFO tempest.lib.common.dynamic_creds [-] Deleting project and security group for project: f0866376c80e455c986c742eb2ccecf6
2025-12-09 23:11:03.875 65916 INFO tempest.lib.common.rest_client [req-b0eee50c-2196-4118-be47-85d8860587cf req-b0eee50c-2196-4118-be47-85d8860587cf ] Request (HypervisorAdminNegativeUnderV252Test:setUpClass): 201 POST http://10.180.1.21/identity/v3/projects 0.106s
2025-12-09 23:11:03.902 65925 INFO tempest.lib.common.rest_client [req-b9f493c5-26d0-4bfa-a278-686632dc93ec req-b9f493c5-26d0-4bfa-a278-686632dc93ec ] Request (QuotasAdminTestV236:tearDownClass): 201 POST http://10.180.1.21/identity/v3/auth/tokens 0.056s
2025-12-09 23:11:03.942 65916 INFO tempest.lib.common.rest_client [req-b01c7135-0061-4c5f-87d0-b572e6a0c746 req-b01c7135-0061-4c5f-87d0-b572e6a0c746 ] Request (HypervisorAdminNegativeUnderV252Test:setUpClass): 201 POST http://10.180.1.21/identity/v3/users 0.067s
2025-12-09 23:11:03.966 65916 INFO tempest.lib.common.rest_client [req-c0f68478-1a37-45ce-8aba-e740e7fb10cb req-c0f68478-1a37-45ce-8aba-e740e7fb10cb ] Request (HypervisorAdminNegativeUnderV252Test:setUpClass): 200 GET http://10.180.1.21/identity/v3/roles 0.023s
2025-12-09 23:11:03.995 65916 INFO tempest.lib.common.rest_client [req-2039d8f0-05cd-4cb6-ab59-de5b6a2c6595 req-2039d8f0-05cd-4cb6-ab59-de5b6a2c6595 ] Request (HypervisorAdminNegativeUnderV252Test:setUpClass): 204 PUT http://10.180.1.21/identity/v3/projects/dc7e8d1552a947cfb085ca1826ce3fb8/users/4957792a93e54fe3a4111b8d64edab4a/roles/fd4440a17f3e4b8aa8331da31775bf91 0.029s
2025-12-09 23:11:04.049 65916 INFO tempest.lib.common.rest_client [req-cd05f351-2f4a-4a29-a25d-05b3e8f5fb8c req-cd05f351-2f4a-4a29-a25d-05b3e8f5fb8c ] Request (HypervisorAdminNegativeUnderV252Test:setUpClass): 200 GET http://10.180.1.21/identity/v3/roles 0.053s
2025-12-09 23:11:04.068 65916 INFO tempest.lib.common.rest_client [req-999e7f25-a2f8-4a16-b1bf-3467aad3202f req-999e7f25-a2f8-4a16-b1bf-3467aad3202f ] Request (HypervisorAdminNegativeUnderV252Test:setUpClass): 204 PUT http://10.180.1.21/identity/v3/projects/dc7e8d1552a947cfb085ca1826ce3fb8/users/4957792a93e54fe3a4111b8d64edab4a/roles/fd4440a17f3e4b8aa8331da31775bf91 0.019s
2025-12-09 23:11:04.069 65916 INFO tempest.lib.common.dynamic_creds [-] Dynamic test user 4957792a93e54fe3a4111b8d64edab4a is created with scope project and roles: ['admin']
2025-12-09 23:11:04.069 65916 INFO tempest.lib.common.dynamic_creds [-] Acquired dynamic creds: credentials: Credentials: {'domain_id': 'default', 'domain_name': 'Default', 'username': 'tempest-HypervisorAdminNegativeUnderV252Test-173660307-project-admin', 'project_domain_id': 'default', 'project_domain_name': 'Default', 'project_id': 'dc7e8d1552a947cfb085ca1826ce3fb8', 'project_name': 'tempest-HypervisorAdminNegativeUnderV252Test-173660307', 'tenant_id': 'dc7e8d1552a947cfb085ca1826ce3fb8', 'tenant_name': 'tempest-HypervisorAdminNegativeUnderV252Test-173660307', 'user_domain_id': 'default', 'user_domain_name': 'Default', 'user_id': '4957792a93e54fe3a4111b8d64edab4a', 'system': None}, Network: None, Subnet: None, Router: None
2025-12-09 23:11:04.069 65916 INFO tempest.lib.common.dynamic_creds [-] Created isolated network resources for: credentials: Credentials: {'domain_id': 'default', 'domain_name': 'Default', 'username': 'tempest-HypervisorAdminNegativeUnderV252Test-173660307-project-admin', 'project_domain_id': 'default', 'project_domain_name': 'Default', 'project_id': 'dc7e8d1552a947cfb085ca1826ce3fb8', 'project_name': 'tempest-HypervisorAdminNegativeUnderV252Test-173660307', 'tenant_id': 'dc7e8d1552a947cfb085ca1826ce3fb8', 'tenant_name': 'tempest-HypervisorAdminNegativeUnderV252Test-173660307', 'user_domain_id': 'default', 'user_domain_name': 'Default', 'user_id': '4957792a93e54fe3a4111b8d64edab4a', 'system': None}, Network: None, Subnet: None, Router: None
2025-12-09 23:11:04.144 65916 INFO tempest.lib.common.rest_client [req-21535401-14d1-4451-ac26-2227413d4add req-21535401-14d1-4451-ac26-2227413d4add ] Request (HypervisorAdminNegativeUnderV252Test:setUpClass): 201 POST http://10.180.1.21/identity/v3/auth/tokens 0.073s
2025-12-09 23:11:04.230 65880 INFO tempest.lib.common.rest_client [req-dba8c554-ae73-4b39-b6e2-60d8b9a80bb3 req-dba8c554-ae73-4b39-b6e2-60d8b9a80bb3 ] Request (ServersNegativeTestMultiTenantJSON:setUpClass): 201 POST http://10.180.1.21/networking/v2.0/routers 0.932s
2025-12-09 23:11:04.538 65925 INFO tempest.lib.common.rest_client [req-955b83cd-c04e-4da6-aa95-a16a5cbbe3a4 req-955b83cd-c04e-4da6-aa95-a16a5cbbe3a4 ] Request (QuotasAdminTestV236:tearDownClass): 200 GET http://10.180.1.21/networking/v2.0/security-groups?tenant_id=f0866376c80e455c986c742eb2ccecf6&name=default 0.636s
2025-12-09 23:11:05.011 65920 INFO tempest.lib.common.rest_client [req-fbf57d46-dc7e-47db-b2fc-999012edd8eb req-fbf57d46-dc7e-47db-b2fc-999012edd8eb ] Request (ServerExternalEventsTest:test_create_server_external_events): 200 GET http://10.180.1.21/compute/v2.1/servers/d9e89a7c-e4d6-40d6-b448-f224c40af8d5 3.502s
2025-12-09 23:11:05.037 65906 INFO tempest.lib.common.rest_client [req-9de5fd2d-e0c2-4711-bf99-653764e5625e req-9de5fd2d-e0c2-4711-bf99-653764e5625e ] Request (AggregatesAdminNegativeTestJSON:test_aggregate_add_non_exist_host): 404 POST http://10.180.1.21/compute/v2.1/os-aggregates/3/action 3.517s
2025-12-09 23:11:05.161 65925 INFO tempest.lib.common.rest_client [req-1172effa-b6dd-4296-94ee-2cfa3d27c6bb req-1172effa-b6dd-4296-94ee-2cfa3d27c6bb ] Request (QuotasAdminTestV236:tearDownClass): 204 DELETE http://10.180.1.21/networking/v2.0/security-groups/cbd19604-5967-4d33-bab9-d19d7e258cb5 0.622s
2025-12-09 23:11:05.218 65891 INFO tempest.lib.common.rest_client [req-bd12427e-3bf2-4641-be28-f4b81588bca1 req-bd12427e-3bf2-4641-be28-f4b81588bca1 ] Request (ImagesMetadataTestJSON:setUp): 200 PUT http://10.180.1.21/compute/v2.1/images/faa7e3cc-b7c1-4d20-ae0a-09f531590e36/metadata 3.657s
2025-12-09 23:11:05.241 65911 INFO tempest.lib.common.rest_client [req-0a18011b-e5a3-4c62-828f-33ae2e497a1b req-0a18011b-e5a3-4c62-828f-33ae2e497a1b ] Request (FlavorsAdminTestJSON:test_create_flavor_with_none_id): 200 POST http://10.180.1.21/compute/v2.1/flavors 3.628s
2025-12-09 23:11:05.270 65925 INFO tempest.lib.common.rest_client [req-5b151d0d-82fd-45ac-a86d-c2d69a3d8592 req-5b151d0d-82fd-45ac-a86d-c2d69a3d8592 ] Request (QuotasAdminTestV236:tearDownClass): 204 DELETE http://10.180.1.21/identity/v3/projects/f0866376c80e455c986c742eb2ccecf6 0.108s
2025-12-09 23:11:05.270 65925 INFO tempest.lib.common.dynamic_creds [-] Deleting project and security group for project: b136ace46a6b439d8f8ed5ec457b8b37
2025-12-09 23:11:05.345 65896 INFO tempest.lib.common.rest_client [req-89f51c36-cd85-483e-905b-cc1d49209f3f req-89f51c36-cd85-483e-905b-cc1d49209f3f ] Request (ListImageFiltersTestJSON:setUpClass): 202 POST http://10.180.1.21/compute/v2.1/servers 3.920s
2025-12-09 23:11:05.435 65925 INFO tempest.lib.common.rest_client [req-33c88723-5ca5-4b1d-b6de-0af8624794ec req-33c88723-5ca5-4b1d-b6de-0af8624794ec ] Request (QuotasAdminTestV236:tearDownClass): 200 GET http://10.180.1.21/networking/v2.0/security-groups?tenant_id=b136ace46a6b439d8f8ed5ec457b8b37&name=default 0.164s
2025-12-09 23:11:05.456 65886 INFO tempest.lib.common.rest_client [req-ae263a96-4637-474f-a9a6-a537dd9013cc req-ae263a96-4637-474f-a9a6-a537dd9013cc ] Request (AttachInterfacesUnderV243Test:test_add_remove_fixed_ip): 200 GET http://10.180.1.21/compute/v2.1/servers/d167e077-7d62-4e3f-91c2-b4b3d7bc160b 3.828s
2025-12-09 23:11:05.508 65880 INFO tempest.lib.common.rest_client [req-92fd1437-2ff9-498a-93bb-f2c07a616903 req-92fd1437-2ff9-498a-93bb-f2c07a616903 ] Request (ServersNegativeTestMultiTenantJSON:setUpClass): 200 PUT http://10.180.1.21/networking/v2.0/routers/496f7959-760c-4294-a0a3-33d0a6a2eeba/add_router_interface 1.278s
2025-12-09 23:11:05.508 65880 INFO tempest.lib.common.dynamic_creds [-] Created isolated network resources for: credentials: Credentials: {'domain_id': 'default', 'domain_name': 'Default', 'username': 'tempest-ServersNegativeTestMultiTenantJSON-1116529651-project-member', 'project_domain_id': 'default', 'project_domain_name': 'Default', 'project_id': '4b19c90c9af544be8a095e557a6a2a30', 'project_name': 'tempest-ServersNegativeTestMultiTenantJSON-1116529651', 'tenant_id': '4b19c90c9af544be8a095e557a6a2a30', 'tenant_name': 'tempest-ServersNegativeTestMultiTenantJSON-1116529651', 'user_domain_id': 'default', 'user_domain_name': 'Default', 'user_id': '2baec45e05a44d30b7fe13efad391f3c', 'system': None}, Network: {'id': 'f77aefa7-47ec-47e4-9b86-599ce4787115', 'name': 'tempest-ServersNegativeTestMultiTenantJSON-167973513-network', 'tenant_id': '4b19c90c9af544be8a095e557a6a2a30', 'project_id': '4b19c90c9af544be8a095e557a6a2a30', 'admin_state_up': True, 'mtu': 8950, 'status': 'ACTIVE', 'subnets': [], 'shared': False, 'port_security_enabled': True, 'router:external': False, 'provider:network_type': 'vlan', 'provider:physical_network': 'default', 'provider:segmentation_id': 287, 'availability_zone_hints': [], 'availability_zones': [], 'ipv4_address_scope': None, 'ipv6_address_scope': None, 'description': '', 'tags': [], 'created_at': '2025-12-09T23:11:02Z', 'updated_at': '2025-12-09T23:11:02Z', 'revision_number': 1}, Subnet: {'id': '895d3b84-949b-45ae-ab81-1c14d87229ce', 'name': 'tempest-ServersNegativeTestMultiTenantJSON-167973513-subnet', 'tenant_id': '4b19c90c9af544be8a095e557a6a2a30', 'network_id': 'f77aefa7-47ec-47e4-9b86-599ce4787115', 'ip_version': 4, 'subnetpool_id': None, 'enable_dhcp': True, 'ipv6_ra_mode': None, 'ipv6_address_mode': None, 'gateway_ip': '192.168.128.1', 'cidr': '192.168.128.0/28', 'allocation_pools': [{'start': '192.168.128.2', 'end': '192.168.128.14'}], 'host_routes': [], 'dns_nameservers': [], 'description': '', 'router:external': False, 'service_types': [], 'tags': [], 'created_at': '2025-12-09T23:11:03Z', 'updated_at': '2025-12-09T23:11:03Z', 'revision_number': 0, 'project_id': '4b19c90c9af544be8a095e557a6a2a30'}, Router: {'id': '496f7959-760c-4294-a0a3-33d0a6a2eeba', 'name': 'tempest-ServersNegativeTestMultiTenantJSON-167973513-router', 'tenant_id': '4b19c90c9af544be8a095e557a6a2a30', 'admin_state_up': True, 'status': 'ACTIVE', 'external_gateway_info': {'network_id': '90a4cbf0-121a-46f0-9b54-5a1a24b48e1f', 'external_fixed_ips': [{'subnet_id': '06c870d3-d729-42a6-a225-1c398f684d56', 'ip_address': '10.180.180.190'}], 'enable_snat': True}, 'description': '', 'availability_zones': [], 'distributed': False, 'ha': False, 'availability_zone_hints': [], 'routes': [], 'flavor_id': None, 'tags': [], 'created_at': '2025-12-09T23:11:03Z', 'updated_at': '2025-12-09T23:11:03Z', 'revision_number': 2, 'project_id': '4b19c90c9af544be8a095e557a6a2a30'}
2025-12-09 23:11:05.643 65925 INFO tempest.lib.common.rest_client [req-3603f4de-c3e6-4d00-af91-1abeadd6ad12 req-3603f4de-c3e6-4d00-af91-1abeadd6ad12 ] Request (QuotasAdminTestV236:tearDownClass): 204 DELETE http://10.180.1.21/networking/v2.0/security-groups/900b0b59-43e0-4c21-891c-ccf1899f5ae2 0.208s
2025-12-09 23:11:05.656 65880 INFO tempest.lib.common.rest_client [req-399b69f2-ace2-455e-805a-7b7bfff8bd74 req-399b69f2-ace2-455e-805a-7b7bfff8bd74 ] Request (ServersNegativeTestMultiTenantJSON:setUpClass): 201 POST http://10.180.1.21/identity/v3/auth/tokens 0.143s
2025-12-09 23:11:05.746 65880 INFO tempest.lib.common.rest_client [req-fbe2a78b-4f25-4871-bb60-65485a22b18e req-fbe2a78b-4f25-4871-bb60-65485a22b18e ] Request (ServersNegativeTestMultiTenantJSON:setUpClass): 201 POST http://10.180.1.21/identity/v3/projects 0.090s
2025-12-09 23:11:05.785 65925 INFO tempest.lib.common.rest_client [req-c02a45a6-7d9a-4c54-a68c-14ab074ec084 req-c02a45a6-7d9a-4c54-a68c-14ab074ec084 ] Request (QuotasAdminTestV236:tearDownClass): 204 DELETE http://10.180.1.21/identity/v3/projects/b136ace46a6b439d8f8ed5ec457b8b37 0.141s
2025-12-09 23:11:05.850 65904 INFO tempest.lib.common.rest_client [req-043d2f29-d198-477d-87cf-3486ff13c3c4 req-043d2f29-d198-477d-87cf-3486ff13c3c4 ] Request (SecurityGroupsTestAdminJSON:_run_cleanups): 202 DELETE http://10.180.1.21/compute/v2.1/os-security-groups/884b2ea4-3cb3-4a28-ac56-cf4c40a63be9 4.170s
2025-12-09 23:11:05.895 65925 INFO tempest.lib.common.rest_client [req-20c8e375-fb54-4e1f-aedc-90514e15d336 req-20c8e375-fb54-4e1f-aedc-90514e15d336 ] Request (ListImageFiltersNegativeTestJSON:setUpClass): 201 POST http://10.180.1.21/identity/v3/auth/tokens 0.108s
2025-12-09 23:11:05.901 65880 INFO tempest.lib.common.rest_client [req-2b9546f5-99b9-4ee8-8847-ae80980186ca req-2b9546f5-99b9-4ee8-8847-ae80980186ca ] Request (ServersNegativeTestMultiTenantJSON:setUpClass): 201 POST http://10.180.1.21/identity/v3/users 0.154s
2025-12-09 23:11:05.904 65892 INFO tempest.lib.common.rest_client [req-c99d4760-2a13-4c1b-ba06-6dde9dc931f8 req-c99d4760-2a13-4c1b-ba06-6dde9dc931f8 ] Request (InstanceActionsTestJSON:setUpClass): 200 GET http://10.180.1.21/compute/v2.1/servers/dc146ebc-09c2-4845-a497-272c3f007859 4.191s
2025-12-09 23:11:05.947 65880 INFO tempest.lib.common.rest_client [req-1a520d58-4a8d-434d-a832-74d87bebeac5 req-1a520d58-4a8d-434d-a832-74d87bebeac5 ] Request (ServersNegativeTestMultiTenantJSON:setUpClass): 200 GET http://10.180.1.21/identity/v3/roles 0.046s
2025-12-09 23:11:05.971 65925 INFO tempest.lib.common.rest_client [req-5d6f7452-f7e2-4387-a048-346e5e503e1c req-5d6f7452-f7e2-4387-a048-346e5e503e1c ] Request (ListImageFiltersNegativeTestJSON:setUpClass): 201 POST http://10.180.1.21/identity/v3/auth/tokens 0.069s
2025-12-09 23:11:05.973 65913 INFO tempest.lib.common.rest_client [req-61aa868e-d4a6-4cf1-8b98-dde57e3f2516 req-61aa868e-d4a6-4cf1-8b98-dde57e3f2516 ] Request (VolumesAssistedSnapshotsTest:test_volume_assisted_snapshot_create_delete): 200 GET http://10.180.1.21/compute/v2.1/servers/29081ac2-b600-4b5e-bebe-c14ef2102ab1 4.129s
2025-12-09 23:11:06.005 65880 INFO tempest.lib.common.rest_client [req-3ac873a1-a7ca-4e1d-b64c-8ae064a30a0d req-3ac873a1-a7ca-4e1d-b64c-8ae064a30a0d ] Request (ServersNegativeTestMultiTenantJSON:setUpClass): 204 PUT http://10.180.1.21/identity/v3/projects/b6dfc6b26f034ba5af8e6849a8129108/users/7c63412656e548a9bdbef160c86785d9/roles/90f551ab100a438caa8ce07128a8d6c1 0.057s
2025-12-09 23:11:06.005 65880 INFO tempest.lib.common.dynamic_creds [-] Dynamic test user 7c63412656e548a9bdbef160c86785d9 is created with scope project and roles: ['member']
2025-12-09 23:11:06.005 65880 INFO tempest.lib.common.dynamic_creds [-] Acquired dynamic creds: credentials: Credentials: {'domain_id': 'default', 'domain_name': 'Default', 'username': 'tempest-ServersNegativeTestMultiTenantJSON-632326673-project-member', 'project_domain_id': 'default', 'project_domain_name': 'Default', 'project_id': 'b6dfc6b26f034ba5af8e6849a8129108', 'project_name': 'tempest-ServersNegativeTestMultiTenantJSON-632326673', 'tenant_id': 'b6dfc6b26f034ba5af8e6849a8129108', 'tenant_name': 'tempest-ServersNegativeTestMultiTenantJSON-632326673', 'user_domain_id': 'default', 'user_domain_name': 'Default', 'user_id': '7c63412656e548a9bdbef160c86785d9', 'system': None}, Network: None, Subnet: None, Router: None
2025-12-09 23:11:06.015 65925 INFO tempest.lib.common.rest_client [req-30f5d44e-5b12-4138-a75f-447111096a52 req-30f5d44e-5b12-4138-a75f-447111096a52 ] Request (ListImageFiltersNegativeTestJSON:setUpClass): 200 GET http://10.180.1.21/identity/v3/domains?name=Default 0.044s
2025-12-09 23:11:06.067 65894 INFO tempest.lib.common.rest_client [req-dd74e577-465c-4d5d-94d9-955a300715a0 req-dd74e577-465c-4d5d-94d9-955a300715a0 ] Request (SecurityGroupRulesNegativeTestJSON:test_create_security_group_rule_with_invalid_port_range): 400 POST http://10.180.1.21/compute/v2.1/os-security-group-rules 3.950s
2025-12-09 23:11:06.119 65925 INFO tempest.lib.common.rest_client [req-9601f7b6-4dc5-4c43-ab23-058738542cd2 req-9601f7b6-4dc5-4c43-ab23-058738542cd2 ] Request (ListImageFiltersNegativeTestJSON:setUpClass): 201 POST http://10.180.1.21/identity/v3/projects 0.102s
2025-12-09 23:11:06.183 65925 INFO tempest.lib.common.rest_client [req-1ce923f7-3aa7-41a0-8982-03ec36cfa141 req-1ce923f7-3aa7-41a0-8982-03ec36cfa141 ] Request (ListImageFiltersNegativeTestJSON:setUpClass): 201 POST http://10.180.1.21/identity/v3/users 0.063s
2025-12-09 23:11:06.206 65925 INFO tempest.lib.common.rest_client [req-97910151-50f1-42e4-be62-26609b6579bc req-97910151-50f1-42e4-be62-26609b6579bc ] Request (ListImageFiltersNegativeTestJSON:setUpClass): 200 GET http://10.180.1.21/identity/v3/roles 0.023s
2025-12-09 23:11:06.231 65898 INFO tempest.lib.common.rest_client [req-cc946eaf-0b8d-4b17-b3ff-635ab2e01b7d req-cc946eaf-0b8d-4b17-b3ff-635ab2e01b7d ] Request (TenantUsagesNegativeTestJSON:test_get_usage_tenant_with_empty_tenant_id): 404 GET http://10.180.1.21/compute/v2.1/os-simple-tenant-usage/?start=2025-12-08T23%3A11%3A02.246324&end=2025-12-10T23%3A11%3A02.246324 3.984s
2025-12-09 23:11:06.231 65925 INFO tempest.lib.common.rest_client [req-935f3ee9-0bc0-47d2-a65b-2325f3c5e922 req-935f3ee9-0bc0-47d2-a65b-2325f3c5e922 ] Request (ListImageFiltersNegativeTestJSON:setUpClass): 204 PUT http://10.180.1.21/identity/v3/projects/253bf1fd07484448a6692af425573174/users/c3ee5cb57cb54319800ec82ef3c8aeca/roles/90f551ab100a438caa8ce07128a8d6c1 0.025s
2025-12-09 23:11:06.231 65925 INFO tempest.lib.common.dynamic_creds [-] Dynamic test user c3ee5cb57cb54319800ec82ef3c8aeca is created with scope project and roles: ['member']
2025-12-09 23:11:06.232 65925 INFO tempest.lib.common.dynamic_creds [-] Acquired dynamic creds: credentials: Credentials: {'domain_id': 'default', 'domain_name': 'Default', 'username': 'tempest-ListImageFiltersNegativeTestJSON-2133458879-project-member', 'project_domain_id': 'default', 'project_domain_name': 'Default', 'project_id': '253bf1fd07484448a6692af425573174', 'project_name': 'tempest-ListImageFiltersNegativeTestJSON-2133458879', 'tenant_id': '253bf1fd07484448a6692af425573174', 'tenant_name': 'tempest-ListImageFiltersNegativeTestJSON-2133458879', 'user_domain_id': 'default', 'user_domain_name': 'Default', 'user_id': 'c3ee5cb57cb54319800ec82ef3c8aeca', 'system': None}, Network: None, Subnet: None, Router: None
2025-12-09 23:11:06.232 65925 INFO tempest.lib.common.dynamic_creds [-] Created isolated network resources for: credentials: Credentials: {'domain_id': 'default', 'domain_name': 'Default', 'username': 'tempest-ListImageFiltersNegativeTestJSON-2133458879-project-member', 'project_domain_id': 'default', 'project_domain_name': 'Default', 'project_id': '253bf1fd07484448a6692af425573174', 'project_name': 'tempest-ListImageFiltersNegativeTestJSON-2133458879', 'tenant_id': '253bf1fd07484448a6692af425573174', 'tenant_name': 'tempest-ListImageFiltersNegativeTestJSON-2133458879', 'user_domain_id': 'default', 'user_domain_name': 'Default', 'user_id': 'c3ee5cb57cb54319800ec82ef3c8aeca', 'system': None}, Network: None, Subnet: None, Router: None
2025-12-09 23:11:06.232 65898 WARNING tempest.lib.common.rest_client [-] Deprecated: "tenant_id" property is deprecated for removal, use "project_id" instead
2025-12-09 23:11:06.271 65880 INFO tempest.lib.common.rest_client [req-21989626-2efb-4f5c-b09e-e67547158ffb req-21989626-2efb-4f5c-b09e-e67547158ffb ] Request (ServersNegativeTestMultiTenantJSON:setUpClass): 201 POST http://10.180.1.21/networking/v2.0/networks 0.265s
2025-12-09 23:11:06.312 65925 INFO tempest.lib.common.rest_client [req-455bd8a5-a19d-47bc-9a6a-33ae83c627d0 req-455bd8a5-a19d-47bc-9a6a-33ae83c627d0 ] Request (ListImageFiltersNegativeTestJSON:setUpClass): 201 POST http://10.180.1.21/identity/v3/auth/tokens 0.074s
2025-12-09 23:11:06.488 65880 INFO tempest.lib.common.rest_client [req-ae975731-2703-43a2-9d7a-6011321f2429 req-ae975731-2703-43a2-9d7a-6011321f2429 ] Request (ServersNegativeTestMultiTenantJSON:setUpClass): 201 POST http://10.180.1.21/networking/v2.0/subnets 0.217s
2025-12-09 23:11:07.869 65876 INFO tempest.lib.common.rest_client [req-c185e850-ca51-4b40-9c9d-248462d9e30c req-c185e850-ca51-4b40-9c9d-248462d9e30c ] Request (FloatingIPsAssociationNegativeTestJSON:test_associate_ip_to_server_with_floating_ip): 200 POST http://10.180.1.21/compute/v2.1/os-floating-ips 5.275s
2025-12-09 23:11:07.979 65922 INFO tempest.lib.common.rest_client [req-fdd14c1a-ef18-478f-b53b-2b1ff2de9062 req-fdd14c1a-ef18-478f-b53b-2b1ff2de9062 ] Request (ServersAaction247Test:test_create_backup): 200 GET http://10.180.1.21/compute/v2.1/servers/7842f448-2658-4e67-a802-e991212966cd 5.160s
2025-12-09 23:11:07.990 65922 INFO tempest.common.waiters [-] State transition "BUILD/scheduling" ==> "BUILD/None" after 10 second wait
2025-12-09 23:11:08.025 65878 INFO tempest.lib.common.rest_client [req-e61bc19e-262a-4c4d-b08e-a537ebcb18d5 req-e61bc19e-262a-4c4d-b08e-a537ebcb18d5 ] Request (ServersWithSpecificFlavorTestJSON:test_verify_created_server_ephemeral_disk): 202 POST http://10.180.1.21/compute/v2.1/servers 6.038s
2025-12-09 23:11:08.056 65880 INFO tempest.lib.common.rest_client [req-11108522-6df0-48e5-8649-f9255fcbcd0d req-11108522-6df0-48e5-8649-f9255fcbcd0d ] Request (ServersNegativeTestMultiTenantJSON:setUpClass): 201 POST http://10.180.1.21/networking/v2.0/routers 1.567s
2025-12-09 23:11:08.458 65928 INFO tempest.lib.common.rest_client [req-5dc9d295-7ea9-41fa-8dfe-0fb3ffe70793 req-5dc9d295-7ea9-41fa-8dfe-0fb3ffe70793 ] Request (ImagesOneServerNegativeTestJSON:setUpClass): 200 GET http://10.180.1.21/compute/v2.1/servers/c138764d-d194-40ec-ad27-4a4efae1112c 5.566s
2025-12-09 23:11:08.466 65928 INFO tempest.common.waiters [-] State transition "BUILD/None" ==> "BUILD/spawning" after 20 second wait
2025-12-09 23:11:09.008 65880 INFO tempest.lib.common.rest_client [req-0924f983-374b-4b03-a29f-288ca93a775c req-0924f983-374b-4b03-a29f-288ca93a775c ] Request (ServersNegativeTestMultiTenantJSON:setUpClass): 200 PUT http://10.180.1.21/networking/v2.0/routers/7f2feff2-2226-4aef-b617-a880611b738e/add_router_interface 0.951s
2025-12-09 23:11:09.008 65880 INFO tempest.lib.common.dynamic_creds [-] Created isolated network resources for: credentials: Credentials: {'domain_id': 'default', 'domain_name': 'Default', 'username': 'tempest-ServersNegativeTestMultiTenantJSON-632326673-project-member', 'project_domain_id': 'default', 'project_domain_name': 'Default', 'project_id': 'b6dfc6b26f034ba5af8e6849a8129108', 'project_name': 'tempest-ServersNegativeTestMultiTenantJSON-632326673', 'tenant_id': 'b6dfc6b26f034ba5af8e6849a8129108', 'tenant_name': 'tempest-ServersNegativeTestMultiTenantJSON-632326673', 'user_domain_id': 'default', 'user_domain_name': 'Default', 'user_id': '7c63412656e548a9bdbef160c86785d9', 'system': None}, Network: {'id': 'b3cf43bf-cb80-42a9-86ca-af8e91b50aee', 'name': 'tempest-ServersNegativeTestMultiTenantJSON-1218989819-network', 'tenant_id': 'b6dfc6b26f034ba5af8e6849a8129108', 'project_id': 'b6dfc6b26f034ba5af8e6849a8129108', 'admin_state_up': True, 'mtu': 8950, 'status': 'ACTIVE', 'subnets': [], 'shared': False, 'port_security_enabled': True, 'router:external': False, 'provider:network_type': 'vlan', 'provider:physical_network': 'default', 'provider:segmentation_id': 548, 'availability_zone_hints': [], 'availability_zones': [], 'ipv4_address_scope': None, 'ipv6_address_scope': None, 'description': '', 'tags': [], 'created_at': '2025-12-09T23:11:06Z', 'updated_at': '2025-12-09T23:11:06Z', 'revision_number': 1}, Subnet: {'id': '0a39cf6d-90f4-4b78-80c0-1dd285dc1214', 'name': 'tempest-ServersNegativeTestMultiTenantJSON-1218989819-subnet', 'tenant_id': 'b6dfc6b26f034ba5af8e6849a8129108', 'network_id': 'b3cf43bf-cb80-42a9-86ca-af8e91b50aee', 'ip_version': 4, 'subnetpool_id': None, 'enable_dhcp': True, 'ipv6_ra_mode': None, 'ipv6_address_mode': None, 'gateway_ip': '192.168.128.1', 'cidr': '192.168.128.0/28', 'allocation_pools': [{'start': '192.168.128.2', 'end': '192.168.128.14'}], 'host_routes': [], 'dns_nameservers': [], 'description': '', 'router:external': False, 'service_types': [], 'tags': [], 'created_at': '2025-12-09T23:11:06Z', 'updated_at': '2025-12-09T23:11:06Z', 'revision_number': 0, 'project_id': 'b6dfc6b26f034ba5af8e6849a8129108'}, Router: {'id': '7f2feff2-2226-4aef-b617-a880611b738e', 'name': 'tempest-ServersNegativeTestMultiTenantJSON-1218989819-router', 'tenant_id': 'b6dfc6b26f034ba5af8e6849a8129108', 'admin_state_up': True, 'status': 'ACTIVE', 'external_gateway_info': {'network_id': '90a4cbf0-121a-46f0-9b54-5a1a24b48e1f', 'external_fixed_ips': [{'subnet_id': '06c870d3-d729-42a6-a225-1c398f684d56', 'ip_address': '10.180.180.212'}], 'enable_snat': True}, 'description': '', 'availability_zones': [], 'distributed': False, 'ha': False, 'availability_zone_hints': [], 'routes': [], 'flavor_id': None, 'tags': [], 'created_at': '2025-12-09T23:11:07Z', 'updated_at': '2025-12-09T23:11:07Z', 'revision_number': 2, 'project_id': 'b6dfc6b26f034ba5af8e6849a8129108'}
2025-12-09 23:11:09.047 65926 INFO tempest.lib.common.rest_client [req-c1fd0498-3093-40d9-aef4-c5a578b7b48a req-c1fd0498-3093-40d9-aef4-c5a578b7b48a ] Request (DeleteServersTestJSON:test_delete_active_server): 200 GET http://10.180.1.21/compute/v2.1/servers/e56047b6-689d-4b87-b399-2176a9866364 6.110s
