2025-12-09 23:12:00.853 65925 INFO tempest.lib.common.rest_client [req-da3ff0ec-d8b1-46ab-ac64-56025293a07e req-da3ff0ec-d8b1-46ab-ac64-56025293a07e ] Request (ServersTestManualDisk:setUpClass): 200 GET http://10.180.1.21/compute/v2.1/servers/b09067a6-f134-40ce-b733-a0f45d193b30 0.914s
2025-12-09 23:12:00.872 65884 INFO tempest.lib.common.rest_client [req-8903b339-f08c-4339-a878-c2822708e254 req-8903b339-f08c-4339-a878-c2822708e254 ] Request (KeyPairsV22TestJSON:tearDownClass): 204 DELETE http://10.180.1.21/identity/v3/projects/ac4725c2b12d4439b00b97857ef185e5 0.071s
2025-12-09 23:12:00.876 65906 INFO tempest.lib.common.rest_client [req-f84a96c1-f664-4f3a-ac99-7e3d2e3cfbce req-f84a96c1-f664-4f3a-ac99-7e3d2e3cfbce ] Request (AggregatesAdminNegativeTestJSON:tearDownClass): 204 DELETE http://10.180.1.21/identity/v3/projects/b02e61a88ff14bd6a4cd022e8696ac5a 0.095s
2025-12-09 23:12:00.876 65906 INFO tempest.lib.common.dynamic_creds [-] Deleting project and security group for project: 3956662815d6485582de4aa89fea936a
2025-12-09 23:12:00.963 65884 INFO tempest.lib.common.rest_client [req-6b203c81-0ec2-4e79-9f56-3ee83ad35ac5 req-6b203c81-0ec2-4e79-9f56-3ee83ad35ac5 ] Request (ServerAddressesTestJSON:setUpClass): 201 POST http://10.180.1.21/identity/v3/auth/tokens 0.089s
2025-12-09 23:12:01.008 65884 INFO tempest.lib.common.rest_client [req-609f8eb6-4860-4322-9992-83005bc769ea req-609f8eb6-4860-4322-9992-83005bc769ea ] Request (ServerAddressesTestJSON:setUpClass): 201 POST http://10.180.1.21/identity/v3/auth/tokens 0.041s
2025-12-09 23:12:01.058 65884 INFO tempest.lib.common.rest_client [req-db4f826b-5068-44ac-aa9c-f437004ef661 req-db4f826b-5068-44ac-aa9c-f437004ef661 ] Request (ServerAddressesTestJSON:setUpClass): 200 GET http://10.180.1.21/identity/v3/domains?name=Default 0.050s
2025-12-09 23:12:01.071 65906 INFO tempest.lib.common.rest_client [req-a44000a1-62f0-40ff-91c6-a358e3d65a7f req-a44000a1-62f0-40ff-91c6-a358e3d65a7f ] Request (AggregatesAdminNegativeTestJSON:tearDownClass): 200 GET http://10.180.1.21/networking/v2.0/security-groups?tenant_id=3956662815d6485582de4aa89fea936a&name=default 0.194s
2025-12-09 23:12:01.117 65884 INFO tempest.lib.common.rest_client [req-6f845bb1-2c7a-43f6-a594-0d0bc80964ce req-6f845bb1-2c7a-43f6-a594-0d0bc80964ce ] Request (ServerAddressesTestJSON:setUpClass): 201 POST http://10.180.1.21/identity/v3/projects 0.058s
2025-12-09 23:12:01.136 65928 INFO tempest.lib.common.rest_client [req-692cf345-2556-4783-aa88-119d63a53805 req-692cf345-2556-4783-aa88-119d63a53805 ] Request (ImagesOneServerNegativeTestJSON:tearDown): 200 GET http://10.180.1.21/compute/v2.1/servers/c138764d-d194-40ec-ad27-4a4efae1112c 1.056s
2025-12-09 23:12:01.232 65884 INFO tempest.lib.common.rest_client [req-7c84c56c-84a7-4093-87ff-80923b82f344 req-7c84c56c-84a7-4093-87ff-80923b82f344 ] Request (ServerAddressesTestJSON:setUpClass): 201 POST http://10.180.1.21/identity/v3/users 0.115s
2025-12-09 23:12:01.261 65884 INFO tempest.lib.common.rest_client [req-24a8d4db-a40c-45b3-9f9b-fc894895a7cb req-24a8d4db-a40c-45b3-9f9b-fc894895a7cb ] Request (ServerAddressesTestJSON:setUpClass): 200 GET http://10.180.1.21/identity/v3/roles 0.028s
2025-12-09 23:12:01.297 65884 INFO tempest.lib.common.rest_client [req-a894e648-1585-45e8-bba5-7fb99f770b6b req-a894e648-1585-45e8-bba5-7fb99f770b6b ] Request (ServerAddressesTestJSON:setUpClass): 204 PUT http://10.180.1.21/identity/v3/projects/c80a12353885459b8f9a2cae80c685a5/users/65fd94f0780f442096e039c6d48cf692/roles/90f551ab100a438caa8ce07128a8d6c1 0.035s
2025-12-09 23:12:01.297 65884 INFO tempest.lib.common.dynamic_creds [-] Dynamic test user 65fd94f0780f442096e039c6d48cf692 is created with scope project and roles: ['member']
2025-12-09 23:12:01.297 65884 INFO tempest.lib.common.dynamic_creds [-] Acquired dynamic creds: credentials: Credentials: {'domain_id': 'default', 'domain_name': 'Default', 'username': 'tempest-ServerAddressesTestJSON-1794231216-project-member', 'project_domain_id': 'default', 'project_domain_name': 'Default', 'project_id': 'c80a12353885459b8f9a2cae80c685a5', 'project_name': 'tempest-ServerAddressesTestJSON-1794231216', 'tenant_id': 'c80a12353885459b8f9a2cae80c685a5', 'tenant_name': 'tempest-ServerAddressesTestJSON-1794231216', 'user_domain_id': 'default', 'user_domain_name': 'Default', 'user_id': '65fd94f0780f442096e039c6d48cf692', 'system': None}, Network: None, Subnet: None, Router: None
2025-12-09 23:12:01.297 65906 INFO tempest.lib.common.rest_client [req-3b393410-ad73-4107-9ca3-3e407c918b3c req-3b393410-ad73-4107-9ca3-3e407c918b3c ] Request (AggregatesAdminNegativeTestJSON:tearDownClass): 204 DELETE http://10.180.1.21/networking/v2.0/security-groups/d9b8cc5e-e9c6-4023-8585-63cf015a1c85 0.226s
2025-12-09 23:12:01.359 65880 INFO tempest.lib.common.rest_client [req-64b475fc-653c-4301-902f-070b38ccd3df req-64b475fc-653c-4301-902f-070b38ccd3df ] Request (ServersNegativeTestMultiTenantJSON:tearDownClass): 200 GET http://10.180.1.21/compute/v2.1/servers/11db2efc-5d2a-4fd9-ae5b-6869e28340e2 1.262s
2025-12-09 23:12:01.374 65884 INFO tempest.lib.common.rest_client [req-15914511-9e11-4da9-b1e0-e3a6d64c565a req-15914511-9e11-4da9-b1e0-e3a6d64c565a ] Request (ServerAddressesTestJSON:setUpClass): 201 POST http://10.180.1.21/identity/v3/auth/tokens 0.076s
2025-12-09 23:12:01.402 65906 INFO tempest.lib.common.rest_client [req-46d8b8ef-9b89-4d89-a7d5-b0612c8a36e8 req-46d8b8ef-9b89-4d89-a7d5-b0612c8a36e8 ] Request (AggregatesAdminNegativeTestJSON:tearDownClass): 204 DELETE http://10.180.1.21/identity/v3/projects/3956662815d6485582de4aa89fea936a 0.104s
2025-12-09 23:12:01.438 65918 INFO tempest.lib.common.rest_client [req-f8a0676b-9ef3-43bf-9499-fcaa67f64cdd req-f8a0676b-9ef3-43bf-9499-fcaa67f64cdd ] Request (ServersListShow296Test:test_list_show_update_rebuild_server_296): 200 GET http://10.180.1.21/compute/v2.1/servers/f51b1bc9-5648-4e20-a213-a30451e33205 1.169s
2025-12-09 23:12:01.458 65870 INFO tempest.lib.common.rest_client [req-8ae6b3c3-02a8-4d90-9c0e-c46c72bd032d req-8ae6b3c3-02a8-4d90-9c0e-c46c72bd032d ] Request (DeleteServersAdminTestJSON:test_delete_server_while_in_error_state): 202 POST http://10.180.1.21/compute/v2.1/servers 1.367s
2025-12-09 23:12:01.465 65906 INFO tempest.lib.common.rest_client [req-806b35b4-b149-4c99-9977-374d4c32d457 req-806b35b4-b149-4c99-9977-374d4c32d457 ] Request (FlavorsV261TestJSON:setUpClass): 201 POST http://10.180.1.21/identity/v3/auth/tokens 0.061s
2025-12-09 23:12:01.504 65906 INFO tempest.lib.common.rest_client [req-05900cb2-27b4-4152-aafc-8f287f882b44 req-05900cb2-27b4-4152-aafc-8f287f882b44 ] Request (FlavorsV261TestJSON:setUpClass): 201 POST http://10.180.1.21/identity/v3/auth/tokens 0.036s
2025-12-09 23:12:01.513 65896 INFO tempest.lib.common.rest_client [req-c03fe4cd-9284-46af-9d79-45f5ff2c7cc3 req-c03fe4cd-9284-46af-9d79-45f5ff2c7cc3 ] Request (ListImageFiltersTestJSON:setUpClass): 200 GET http://10.180.1.21/compute/v2.1/images/6c3d1619-e681-4eb3-84b9-61bc29cd9352 1.216s
2025-12-09 23:12:01.536 65906 INFO tempest.lib.common.rest_client [req-8c153a68-b506-418f-b517-b3f68a619833 req-8c153a68-b506-418f-b517-b3f68a619833 ] Request (FlavorsV261TestJSON:setUpClass): 200 GET http://10.180.1.21/identity/v3/domains?name=Default 0.031s
2025-12-09 23:12:01.575 65906 INFO tempest.lib.common.rest_client [req-02d09541-6331-427e-974c-26dc83952083 req-02d09541-6331-427e-974c-26dc83952083 ] Request (FlavorsV261TestJSON:setUpClass): 201 POST http://10.180.1.21/identity/v3/projects 0.038s
2025-12-09 23:12:01.662 65866 INFO tempest.lib.common.rest_client [req-d98c371f-e31e-4541-961b-279425df2567 req-d98c371f-e31e-4541-961b-279425df2567 ] Request (MigrationsAdminTest:test_list_migrations_in_flavor_resize_situation): 200 GET http://10.180.1.21/compute/v2.1/servers/c39e4097-2af1-49e0-bafd-b69ede5d7134 1.368s
2025-12-09 23:12:01.670 65866 INFO tempest.common.waiters [-] State transition "RESIZE/resize_migrating" ==> "RESIZE/resize_migrated" after 33 second wait
2025-12-09 23:12:01.677 65892 INFO tempest.lib.common.rest_client [req-7b74672e-083c-4c1c-9c6a-34f0acead403 req-7b74672e-083c-4c1c-9c6a-34f0acead403 ] Request (InstanceActionsTestJSON:tearDownClass): 200 GET http://10.180.1.21/compute/v2.1/servers/dc146ebc-09c2-4845-a497-272c3f007859 1.298s
2025-12-09 23:12:01.711 65906 INFO tempest.lib.common.rest_client [req-e46102ba-9bf3-486b-b260-7443c68e9ebe req-e46102ba-9bf3-486b-b260-7443c68e9ebe ] Request (FlavorsV261TestJSON:setUpClass): 201 POST http://10.180.1.21/identity/v3/users 0.136s
2025-12-09 23:12:01.750 65906 INFO tempest.lib.common.rest_client [req-96afa5f4-54aa-4677-b83f-2460224f7560 req-96afa5f4-54aa-4677-b83f-2460224f7560 ] Request (FlavorsV261TestJSON:setUpClass): 200 GET http://10.180.1.21/identity/v3/roles 0.038s
2025-12-09 23:12:01.766 65894 INFO tempest.lib.common.rest_client [req-32ffb812-c2e2-4abb-a6ee-df111592abca req-32ffb812-c2e2-4abb-a6ee-df111592abca ] Request (AttachInterfacesV270Test:test_create_get_list_interfaces): 200 GET http://10.180.1.21/compute/v2.1/servers/bd1cf19e-a67b-4b61-9bee-c0aa49664c0f 1.272s
2025-12-09 23:12:01.780 65868 INFO tempest.lib.common.rest_client [req-92ae98b4-c6de-4f7f-8336-ca9896ccc11d req-92ae98b4-c6de-4f7f-8336-ca9896ccc11d ] Request (ServerDiagnosticsNegativeTest:tearDownClass): 200 GET http://10.180.1.21/compute/v2.1/servers/9a17e6bb-8cda-461c-80e7-b309500d1f4f 1.319s
2025-12-09 23:12:01.805 65906 INFO tempest.lib.common.rest_client [req-8ef2b462-8f4c-4d64-9be8-0a00c5d8710b req-8ef2b462-8f4c-4d64-9be8-0a00c5d8710b ] Request (FlavorsV261TestJSON:setUpClass): 204 PUT http://10.180.1.21/identity/v3/projects/2fffc66f0b59416f9b76d6893435018b/users/973235f43fb84b91910ce7a44d431a29/roles/90f551ab100a438caa8ce07128a8d6c1 0.054s
2025-12-09 23:12:01.805 65906 INFO tempest.lib.common.dynamic_creds [-] Dynamic test user 973235f43fb84b91910ce7a44d431a29 is created with scope project and roles: ['member']
2025-12-09 23:12:01.806 65906 INFO tempest.lib.common.dynamic_creds [-] Acquired dynamic creds: credentials: Credentials: {'domain_id': 'default', 'domain_name': 'Default', 'username': 'tempest-FlavorsV261TestJSON-1948093583-project-member', 'project_domain_id': 'default', 'project_domain_name': 'Default', 'project_id': '2fffc66f0b59416f9b76d6893435018b', 'project_name': 'tempest-FlavorsV261TestJSON-1948093583', 'tenant_id': '2fffc66f0b59416f9b76d6893435018b', 'tenant_name': 'tempest-FlavorsV261TestJSON-1948093583', 'user_domain_id': 'default', 'user_domain_name': 'Default', 'user_id': '973235f43fb84b91910ce7a44d431a29', 'system': None}, Network: None, Subnet: None, Router: None
2025-12-09 23:12:01.806 65906 INFO tempest.lib.common.dynamic_creds [-] Created isolated network resources for: credentials: Credentials: {'domain_id': 'default', 'domain_name': 'Default', 'username': 'tempest-FlavorsV261TestJSON-1948093583-project-member', 'project_domain_id': 'default', 'project_domain_name': 'Default', 'project_id': '2fffc66f0b59416f9b76d6893435018b', 'project_name': 'tempest-FlavorsV261TestJSON-1948093583', 'tenant_id': '2fffc66f0b59416f9b76d6893435018b', 'tenant_name': 'tempest-FlavorsV261TestJSON-1948093583', 'user_domain_id': 'default', 'user_domain_name': 'Default', 'user_id': '973235f43fb84b91910ce7a44d431a29', 'system': None}, Network: None, Subnet: None, Router: None
2025-12-09 23:12:01.886 65888 INFO tempest.lib.common.rest_client [req-a025464c-3f87-46a7-bcf8-7695a927ebdc req-a025464c-3f87-46a7-bcf8-7695a927ebdc ] Request (ServersAdmin275Test:tearDownClass): 200 GET http://10.180.1.21/compute/v2.1/servers/180da5d3-c5a3-410a-8f20-cf96efe1a8d5 1.391s
2025-12-09 23:12:01.897 65884 INFO tempest.lib.common.rest_client [req-b771af86-e82f-4aeb-804d-1b8bb599e74f req-b771af86-e82f-4aeb-804d-1b8bb599e74f ] Request (ServerAddressesTestJSON:setUpClass): 201 POST http://10.180.1.21/networking/v2.0/networks 0.523s
2025-12-09 23:12:01.927 65906 INFO tempest.lib.common.rest_client [req-670dd571-c6a3-4a01-935a-df37616f6a99 req-670dd571-c6a3-4a01-935a-df37616f6a99 ] Request (FlavorsV261TestJSON:setUpClass): 201 POST http://10.180.1.21/identity/v3/auth/tokens 0.117s
2025-12-09 23:12:01.942 65882 INFO tempest.lib.common.rest_client [req-25142736-0285-4cc3-89dc-61fc1021c671 req-25142736-0285-4cc3-89dc-61fc1021c671 ] Request (QuotasAdminNegativeTest:test_create_server_when_memory_quota_is_full): 200 GET http://10.180.1.21/compute/v2.1/os-quota-sets/d1cd923a22264f0fa84dbb9eef44af3d 1.373s
2025-12-09 23:12:01.972 65891 INFO tempest.lib.common.rest_client [req-45783d81-3bc6-4395-b019-ce4267e19808 req-45783d81-3bc6-4395-b019-ce4267e19808 ] Request (ServerMetadataTestJSON:setUpClass): 200 GET http://10.180.1.21/compute/v2.1/servers/c80f2a36-ab18-43d2-818c-c6edc1d36e29 1.394s
2025-12-09 23:12:02.020 65902 INFO tempest.lib.common.rest_client [req-c19fa168-53a0-4490-987a-130b3b34976c req-c19fa168-53a0-4490-987a-130b3b34976c ] Request (FlavorsExtraSpecsTestJSON:test_flavor_set_get_update_show_unset_keys): 200 DELETE http://10.180.1.21/compute/v2.1/flavors/2028821765/os-extra_specs/hw:cpu_policy 1.357s
2025-12-09 23:12:02.027 65920 INFO tempest.lib.common.rest_client [req-3c154937-16ec-44f2-b85f-8fde99230361 req-3c154937-16ec-44f2-b85f-8fde99230361 ] Request (ServersTestJSON:setUpClass): 200 GET http://10.180.1.21/compute/v2.1/servers/a84452e8-064b-48ab-b772-3d37e22c2ecd 1.389s
2025-12-09 23:12:02.062 65911 INFO tempest.lib.common.rest_client [req-db1f4ba1-80cb-4efa-9c7b-1c22fd2ecb39 req-db1f4ba1-80cb-4efa-9c7b-1c22fd2ecb39 ] Request (FlavorsAdminTestJSON:_run_cleanups): 202 DELETE http://10.180.1.21/compute/v2.1/flavors/569328141 1.360s
2025-12-09 23:12:02.071 65906 INFO tempest.lib.common.rest_client [req-9e48d031-78f5-41fa-84d8-57c90a7cf6f7 req-9e48d031-78f5-41fa-84d8-57c90a7cf6f7 ] Request (FlavorsV261TestJSON:setUpClass): 201 POST http://10.180.1.21/identity/v3/projects 0.143s
2025-12-09 23:12:02.158 65906 INFO tempest.lib.common.rest_client [req-d0233647-d2c9-463b-a340-669067c1737d req-d0233647-d2c9-463b-a340-669067c1737d ] Request (FlavorsV261TestJSON:setUpClass): 201 POST http://10.180.1.21/identity/v3/users 0.087s
2025-12-09 23:12:02.166 65884 INFO tempest.lib.common.rest_client [req-e7a1deaf-d619-4678-8310-e37d36bcb76d req-e7a1deaf-d619-4678-8310-e37d36bcb76d ] Request (ServerAddressesTestJSON:setUpClass): 201 POST http://10.180.1.21/networking/v2.0/subnets 0.268s
2025-12-09 23:12:02.172 65876 INFO tempest.lib.common.rest_client [req-b06314a8-7d47-4292-989b-27ff6a9da0ee req-b06314a8-7d47-4292-989b-27ff6a9da0ee ] Request (FloatingIPsAssociationNegativeTestJSON:tearDownClass): 200 GET http://10.180.1.21/compute/v2.1/servers/195a5fb9-b6e8-4906-a1d1-5175620fda83 1.356s
2025-12-09 23:12:02.193 65906 INFO tempest.lib.common.rest_client [req-f8093549-85ff-48d9-a3b5-0e2e40e3bd32 req-f8093549-85ff-48d9-a3b5-0e2e40e3bd32 ] Request (FlavorsV261TestJSON:setUpClass): 200 GET http://10.180.1.21/identity/v3/roles 0.034s
2025-12-09 23:12:02.216 65904 INFO tempest.lib.common.rest_client [req-9253de53-ffb6-456b-990d-88c2a4dcb5ce req-9253de53-ffb6-456b-990d-88c2a4dcb5ce ] Request (TenantUsagesTestJSON:tearDownClass): 200 GET http://10.180.1.21/compute/v2.1/servers/599ed706-5a8e-4c2e-a218-e579852385bf 1.414s
2025-12-09 23:12:02.240 65906 INFO tempest.lib.common.rest_client [req-39632028-0aab-43ef-ae5a-d125139b1bd2 req-39632028-0aab-43ef-ae5a-d125139b1bd2 ] Request (FlavorsV261TestJSON:setUpClass): 204 PUT http://10.180.1.21/identity/v3/projects/7ae37eaac5644a4487a5aeb93c879b8e/users/f558d24b76f14b329ed3fe35f0858ee1/roles/fd4440a17f3e4b8aa8331da31775bf91 0.046s
2025-12-09 23:12:02.249 65922 INFO tempest.lib.common.rest_client [req-7a69bdbf-5ba7-48b6-add0-e54c35b195d7 req-7a69bdbf-5ba7-48b6-add0-e54c35b195d7 ] Request (ServersAaction247Test:tearDownClass): 200 GET http://10.180.1.21/compute/v2.1/servers/7842f448-2658-4e67-a802-e991212966cd 1.426s
2025-12-09 23:12:02.282 65872 INFO tempest.lib.common.rest_client [req-f538b6cf-6728-41f8-b685-d025adfc7ccb req-f538b6cf-6728-41f8-b685-d025adfc7ccb ] Request (ServersTestMultiNic:test_verify_duplicate_network_nics): 200 GET http://10.180.1.21/compute/v2.1/servers/569006f2-f9b0-4f7f-acbc-4509ee657a92 1.408s
2025-12-09 23:12:02.292 65872 INFO tempest.common.waiters [-] State transition "BUILD/None" ==> "BUILD/networking" after 29 second wait
2025-12-09 23:12:02.308 65906 INFO tempest.lib.common.rest_client [req-91605003-6097-4d89-ab37-e810fd37c64b req-91605003-6097-4d89-ab37-e810fd37c64b ] Request (FlavorsV261TestJSON:setUpClass): 200 GET http://10.180.1.21/identity/v3/roles 0.067s
2025-12-09 23:12:02.335 65906 INFO tempest.lib.common.rest_client [req-2ed78362-d27e-4b8d-bb83-e316778e1473 req-2ed78362-d27e-4b8d-bb83-e316778e1473 ] Request (FlavorsV261TestJSON:setUpClass): 204 PUT http://10.180.1.21/identity/v3/projects/7ae37eaac5644a4487a5aeb93c879b8e/users/f558d24b76f14b329ed3fe35f0858ee1/roles/fd4440a17f3e4b8aa8331da31775bf91 0.027s
2025-12-09 23:12:02.335 65906 INFO tempest.lib.common.dynamic_creds [-] Dynamic test user f558d24b76f14b329ed3fe35f0858ee1 is created with scope project and roles: ['admin']
2025-12-09 23:12:02.335 65906 INFO tempest.lib.common.dynamic_creds [-] Acquired dynamic creds: credentials: Credentials: {'domain_id': 'default', 'domain_name': 'Default', 'username': 'tempest-FlavorsV261TestJSON-383852902-project-admin', 'project_domain_id': 'default', 'project_domain_name': 'Default', 'project_id': '7ae37eaac5644a4487a5aeb93c879b8e', 'project_name': 'tempest-FlavorsV261TestJSON-383852902', 'tenant_id': '7ae37eaac5644a4487a5aeb93c879b8e', 'tenant_name': 'tempest-FlavorsV261TestJSON-383852902', 'user_domain_id': 'default', 'user_domain_name': 'Default', 'user_id': 'f558d24b76f14b329ed3fe35f0858ee1', 'system': None}, Network: None, Subnet: None, Router: None
2025-12-09 23:12:02.336 65906 INFO tempest.lib.common.dynamic_creds [-] Created isolated network resources for: credentials: Credentials: {'domain_id': 'default', 'domain_name': 'Default', 'username': 'tempest-FlavorsV261TestJSON-383852902-project-admin', 'project_domain_id': 'default', 'project_domain_name': 'Default', 'project_id': '7ae37eaac5644a4487a5aeb93c879b8e', 'project_name': 'tempest-FlavorsV261TestJSON-383852902', 'tenant_id': '7ae37eaac5644a4487a5aeb93c879b8e', 'tenant_name': 'tempest-FlavorsV261TestJSON-383852902', 'user_domain_id': 'default', 'user_domain_name': 'Default', 'user_id': 'f558d24b76f14b329ed3fe35f0858ee1', 'system': None}, Network: None, Subnet: None, Router: None
2025-12-09 23:12:02.351 65926 INFO tempest.lib.common.rest_client [req-2e215d97-38cb-41e9-8998-91066fc3aaf7 req-2e215d97-38cb-41e9-8998-91066fc3aaf7 ] Request (DeleteServersTestJSON:test_delete_server_while_in_attached_volume): 200 GET http://10.180.1.21/compute/v2.1/servers/d56ee909-a186-4c73-bf0b-4485e7ad6113 1.374s
2025-12-09 23:12:02.388 65874 INFO tempest.lib.common.rest_client [req-10f8e182-ff61-4cc0-bf8a-51990f58edc6 req-10f8e182-ff61-4cc0-bf8a-51990f58edc6 ] Request (ServersAdminNegativeTestJSON:test_migrate_server_invalid_state): 200 GET http://10.180.1.21/compute/v2.1/servers/78a1f47f-c77e-4cac-ab56-d13bea100795 1.448s
2025-12-09 23:12:02.421 65898 INFO tempest.lib.common.rest_client [req-a08dbf10-fe7e-4fd4-9932-85b20b944003 req-a08dbf10-fe7e-4fd4-9932-85b20b944003 ] Request (ServersTestBootFromVolume:setUpClass): 200 GET http://10.180.1.21/compute/v2.1/servers/d7c1246a-f704-4f72-8f01-1fd2776bca98 1.418s
2025-12-09 23:12:02.438 65906 INFO tempest.lib.common.rest_client [req-42c439dd-e0c0-442d-a5ca-2f62f61b19cc req-42c439dd-e0c0-442d-a5ca-2f62f61b19cc ] Request (FlavorsV261TestJSON:setUpClass): 201 POST http://10.180.1.21/identity/v3/auth/tokens 0.099s
2025-12-09 23:12:02.442 65870 INFO tempest.lib.common.rest_client [req-d5323a2b-b515-485b-9c23-7f1a2bd4ccdf req-d5323a2b-b515-485b-9c23-7f1a2bd4ccdf ] Request (DeleteServersAdminTestJSON:test_delete_server_while_in_error_state): 200 GET http://10.180.1.21/compute/v2.1/servers/e1ab5b73-a1e3-4c70-951e-6a1bc9e5ff5f 0.982s
2025-12-09 23:12:02.489 65914 INFO tempest.lib.common.rest_client [req-833e37e7-9ac8-40ca-b49f-ac164b22fb5b req-833e37e7-9ac8-40ca-b49f-ac164b22fb5b ] Request (ServerDiagnosticsTest:tearDownClass): 200 GET http://10.180.1.21/compute/v2.1/servers/a7442304-d8bd-4115-8ea4-6491e5602dd3 0.848s
2025-12-09 23:12:02.569 65925 INFO tempest.lib.common.rest_client [req-85896253-b942-41dd-8e79-2a325d6eb779 req-85896253-b942-41dd-8e79-2a325d6eb779 ] Request (ServersTestManualDisk:setUpClass): 200 GET http://10.180.1.21/compute/v2.1/servers/b09067a6-f134-40ce-b733-a0f45d193b30 0.709s
2025-12-09 23:12:02.582 65902 INFO tempest.lib.common.rest_client [req-778cada4-54c9-4fc7-ac7b-89b46774f19a req-778cada4-54c9-4fc7-ac7b-89b46774f19a ] Request (FlavorsExtraSpecsTestJSON:test_flavor_set_get_update_show_unset_keys): 200 GET http://10.180.1.21/compute/v2.1/flavors/2028821765/os-extra_specs 0.562s
2025-12-09 23:12:02.613 65911 INFO tempest.lib.common.rest_client [req-cc1f6061-c996-44ca-b2fd-15465308ad9c req-cc1f6061-c996-44ca-b2fd-15465308ad9c ] Request (FlavorsAdminTestJSON:_run_cleanups): 200 GET http://10.180.1.21/compute/v2.1/flavors/detail 0.550s
2025-12-09 23:12:02.663 65882 INFO tempest.lib.common.rest_client [req-3a3493eb-d69e-434a-bb10-b405190774bc req-3a3493eb-d69e-434a-bb10-b405190774bc ] Request (QuotasAdminNegativeTest:test_create_server_when_memory_quota_is_full): 200 PUT http://10.180.1.21/compute/v2.1/os-quota-sets/d1cd923a22264f0fa84dbb9eef44af3d 0.717s
2025-12-09 23:12:02.752 65882 INFO tempest.lib.common.rest_client [req-5792f012-5422-438a-a435-bcfab8ed1cd9 req-5792f012-5422-438a-a435-bcfab8ed1cd9 ] Request (QuotasAdminNegativeTest:test_create_server_when_memory_quota_is_full): 201 POST http://10.180.1.21/identity/v3/auth/tokens 0.083s
2025-12-09 23:12:02.752 65882 INFO tempest.lib.common.fixed_network [-] (QuotasAdminNegativeTest:test_create_server_when_memory_quota_is_full) Found network None available for tenant
2025-12-09 23:12:02.780 65880 INFO tempest.lib.common.rest_client [req-f9c55ef5-ea0f-4ad6-8e21-999f24d09087 req-f9c55ef5-ea0f-4ad6-8e21-999f24d09087 ] Request (ServersNegativeTestMultiTenantJSON:tearDownClass): 200 GET http://10.180.1.21/compute/v2.1/servers/11db2efc-5d2a-4fd9-ae5b-6869e28340e2 0.411s
2025-12-09 23:12:02.787 65880 INFO tempest.common.waiters [-] State transition "ACTIVE/deleting" ==> "DELETED/None" after 3 second wait
2025-12-09 23:12:02.830 65906 INFO tempest.lib.common.rest_client [req-ed59a836-f40b-40e0-b5ff-cb7b8f5129d0 req-ed59a836-f40b-40e0-b5ff-cb7b8f5129d0 ] Request (FlavorsV261TestJSON:test_crud_flavor): 200 POST http://10.180.1.21/compute/v2.1/flavors 0.390s
2025-12-09 23:12:03.033 65878 WARNING tempest.lib.common.ssh [-] Failed to establish authenticated ssh connection to cirros@10.180.180.211 ([Errno None] Unable to connect to port 22 on 10.180.180.211). Number attempts: 3. Retry after 4 seconds.: paramiko.ssh_exception.NoValidConnectionsError: [Errno None] Unable to connect to port 22 on 10.180.180.211
2025-12-09 23:12:03.090 65884 INFO tempest.lib.common.rest_client [req-40366772-42cf-4c5b-ac09-0ef9bf88f7f4 req-40366772-42cf-4c5b-ac09-0ef9bf88f7f4 ] Request (ServerAddressesTestJSON:setUpClass): 201 POST http://10.180.1.21/networking/v2.0/routers 0.924s
2025-12-09 23:12:03.137 65928 INFO tempest.lib.common.rest_client [req-5ac296d1-522e-4860-8728-5ee3fbfaa441 req-5ac296d1-522e-4860-8728-5ee3fbfaa441 ] Request (ImagesOneServerNegativeTestJSON:tearDown): 200 GET http://10.180.1.21/compute/v2.1/servers/c138764d-d194-40ec-ad27-4a4efae1112c 0.988s
2025-12-09 23:12:03.153 65928 INFO tempest.common.waiters [-] State transition "ACTIVE/image_uploading" ==> "ACTIVE/None" after 8 second wait
2025-12-09 23:12:03.180 65896 INFO tempest.lib.common.rest_client [req-9fb7cf82-8081-4112-9f12-50c6a4ad3b3e req-9fb7cf82-8081-4112-9f12-50c6a4ad3b3e ] Request (ListImageFiltersTestJSON:setUpClass): 200 GET http://10.180.1.21/compute/v2.1/images/6c3d1619-e681-4eb3-84b9-61bc29cd9352 0.662s
2025-12-09 23:12:03.208 65902 INFO tempest.lib.common.rest_client [req-0ced81e6-b2f8-4455-87e7-32ad20e822f8 req-0ced81e6-b2f8-4455-87e7-32ad20e822f8 ] Request (FlavorsExtraSpecsTestJSON:tearDownClass): 202 DELETE http://10.180.1.21/compute/v2.1/flavors/2028821765 0.624s
2025-12-09 23:12:03.211 65918 INFO tempest.lib.common.rest_client [req-2beaa8f0-be4a-4006-bec7-d1de7998aa4e req-2beaa8f0-be4a-4006-bec7-d1de7998aa4e ] Request (ServersListShow296Test:test_list_show_update_rebuild_server_296): 200 GET http://10.180.1.21/compute/v2.1/servers/f51b1bc9-5648-4e20-a213-a30451e33205 0.756s
2025-12-09 23:12:03.231 65911 INFO tempest.lib.common.rest_client [req-149b2a08-067b-4826-9a39-7a17d74d1483 req-149b2a08-067b-4826-9a39-7a17d74d1483 ] Request (FlavorsAdminTestJSON:test_list_non_public_flavor): 200 POST http://10.180.1.21/compute/v2.1/flavors 0.611s
2025-12-09 23:12:03.886 65892 INFO tempest.lib.common.rest_client [req-0787e8d6-67cf-4e48-a948-853b91c55ef0 req-0787e8d6-67cf-4e48-a948-853b91c55ef0 ] Request (InstanceActionsTestJSON:tearDownClass): 200 GET http://10.180.1.21/compute/v2.1/servers/dc146ebc-09c2-4845-a497-272c3f007859 1.198s
2025-12-09 23:12:04.140 65884 INFO tempest.lib.common.rest_client [req-9d96f0ca-3062-4dd9-b216-c00ffc9f6a46 req-9d96f0ca-3062-4dd9-b216-c00ffc9f6a46 ] Request (ServerAddressesTestJSON:setUpClass): 200 PUT http://10.180.1.21/networking/v2.0/routers/12f9a098-b12e-428e-9975-fc3c568ee57e/add_router_interface 1.049s
2025-12-09 23:12:04.141 65884 INFO tempest.lib.common.dynamic_creds [-] Created isolated network resources for: credentials: Credentials: {'domain_id': 'default', 'domain_name': 'Default', 'username': 'tempest-ServerAddressesTestJSON-1794231216-project-member', 'project_domain_id': 'default', 'project_domain_name': 'Default', 'project_id': 'c80a12353885459b8f9a2cae80c685a5', 'project_name': 'tempest-ServerAddressesTestJSON-1794231216', 'tenant_id': 'c80a12353885459b8f9a2cae80c685a5', 'tenant_name': 'tempest-ServerAddressesTestJSON-1794231216', 'user_domain_id': 'default', 'user_domain_name': 'Default', 'user_id': '65fd94f0780f442096e039c6d48cf692', 'system': None}, Network: {'id': 'ebc5b3cf-7e32-479f-b71c-01d0528d4452', 'name': 'tempest-ServerAddressesTestJSON-1308765076-network', 'tenant_id': 'c80a12353885459b8f9a2cae80c685a5', 'project_id': 'c80a12353885459b8f9a2cae80c685a5', 'admin_state_up': True, 'mtu': 8950, 'status': 'ACTIVE', 'subnets': [], 'shared': False, 'port_security_enabled': True, 'router:external': False, 'provider:network_type': 'vlan', 'provider:physical_network': 'default', 'provider:segmentation_id': 665, 'availability_zone_hints': [], 'availability_zones': [], 'ipv4_address_scope': None, 'ipv6_address_scope': None, 'description': '', 'tags': [], 'created_at': '2025-12-09T23:12:01Z', 'updated_at': '2025-12-09T23:12:01Z', 'revision_number': 1}, Subnet: {'id': '7178dcbc-2267-4d5b-8c3e-e52c75b6d8ba', 'name': 'tempest-ServerAddressesTestJSON-1308765076-subnet', 'tenant_id': 'c80a12353885459b8f9a2cae80c685a5', 'network_id': 'ebc5b3cf-7e32-479f-b71c-01d0528d4452', 'ip_version': 4, 'subnetpool_id': None, 'enable_dhcp': True, 'ipv6_ra_mode': None, 'ipv6_address_mode': None, 'gateway_ip': '192.168.128.1', 'cidr': '192.168.128.0/28', 'allocation_pools': [{'start': '192.168.128.2', 'end': '192.168.128.14'}], 'host_routes': [], 'dns_nameservers': [], 'description': '', 'router:external': False, 'service_types': [], 'tags': [], 'created_at': '2025-12-09T23:12:01Z', 'updated_at': '2025-12-09T23:12:01Z', 'revision_number': 0, 'project_id': 'c80a12353885459b8f9a2cae80c685a5'}, Router: {'id': '12f9a098-b12e-428e-9975-fc3c568ee57e', 'name': 'tempest-ServerAddressesTestJSON-1308765076-router', 'tenant_id': 'c80a12353885459b8f9a2cae80c685a5', 'admin_state_up': True, 'status': 'ACTIVE', 'external_gateway_info': {'network_id': '90a4cbf0-121a-46f0-9b54-5a1a24b48e1f', 'external_fixed_ips': [{'subnet_id': '06c870d3-d729-42a6-a225-1c398f684d56', 'ip_address': '10.180.180.174'}], 'enable_snat': True}, 'description': '', 'availability_zones': [], 'distributed': False, 'ha': False, 'availability_zone_hints': [], 'routes': [], 'flavor_id': None, 'tags': [], 'created_at': '2025-12-09T23:12:02Z', 'updated_at': '2025-12-09T23:12:02Z', 'revision_number': 2, 'project_id': 'c80a12353885459b8f9a2cae80c685a5'}
2025-12-09 23:12:04.236 65884 INFO tempest.lib.common.rest_client [req-89e3c1ed-f13b-4c06-a4d6-4e7ce4c6712d req-89e3c1ed-f13b-4c06-a4d6-4e7ce4c6712d ] Request (ServerAddressesTestJSON:setUpClass): 201 POST http://10.180.1.21/identity/v3/auth/tokens 0.090s
2025-12-09 23:12:04.269 65866 INFO tempest.lib.common.rest_client [req-255bb8fb-6b68-41fc-8f48-5a3281633358 req-255bb8fb-6b68-41fc-8f48-5a3281633358 ] Request (MigrationsAdminTest:test_list_migrations_in_flavor_resize_situation): 200 GET http://10.180.1.21/compute/v2.1/servers/c39e4097-2af1-49e0-bafd-b69ede5d7134 1.597s
2025-12-09 23:12:04.286 65884 INFO tempest.lib.common.rest_client [req-b9e1c0a6-8f99-4e7b-bcbe-c6b6936e3a4e req-b9e1c0a6-8f99-4e7b-bcbe-c6b6936e3a4e ] Request (ServerAddressesTestJSON:setUpClass): 201 POST http://10.180.1.21/identity/v3/auth/tokens 0.046s
2025-12-09 23:12:04.286 65884 INFO tempest.lib.common.fixed_network [-] (ServerAddressesTestJSON:setUpClass) Found network {'id': 'ebc5b3cf-7e32-479f-b71c-01d0528d4452', 'name': 'tempest-ServerAddressesTestJSON-1308765076-network', 'tenant_id': 'c80a12353885459b8f9a2cae80c685a5', 'project_id': 'c80a12353885459b8f9a2cae80c685a5', 'admin_state_up': True, 'mtu': 8950, 'status': 'ACTIVE', 'subnets': [], 'shared': False, 'port_security_enabled': True, 'router:external': False, 'provider:network_type': 'vlan', 'provider:physical_network': 'default', 'provider:segmentation_id': 665, 'availability_zone_hints': [], 'availability_zones': [], 'ipv4_address_scope': None, 'ipv6_address_scope': None, 'description': '', 'tags': [], 'created_at': '2025-12-09T23:12:01Z', 'updated_at': '2025-12-09T23:12:01Z', 'revision_number': 1} available for tenant
2025-12-09 23:12:04.440 65894 INFO tempest.lib.common.rest_client [req-ce981756-d76c-4635-9907-c79ad3b2d45b req-ce981756-d76c-4635-9907-c79ad3b2d45b ] Request (AttachInterfacesV270Test:test_create_get_list_interfaces): 200 GET http://10.180.1.21/compute/v2.1/servers/bd1cf19e-a67b-4b61-9bee-c0aa49664c0f 1.664s
2025-12-09 23:12:04.463 65868 INFO tempest.lib.common.rest_client [req-77df761c-a635-4969-893c-4c2d6363f342 req-77df761c-a635-4969-893c-4c2d6363f342 ] Request (ServerDiagnosticsNegativeTest:tearDownClass): 404 GET http://10.180.1.21/compute/v2.1/servers/9a17e6bb-8cda-461c-80e7-b309500d1f4f 1.674s
2025-12-09 23:12:04.543 65906 INFO tempest.lib.common.rest_client [req-0d46d98d-4abc-44a7-a1aa-3fa2c9f8a00d req-0d46d98d-4abc-44a7-a1aa-3fa2c9f8a00d ] Request (FlavorsV261TestJSON:test_crud_flavor): 200 GET http://10.180.1.21/compute/v2.1/flavors/540171850 1.709s
2025-12-09 23:12:04.572 65882 INFO tempest.lib.common.rest_client [req-3627f843-7700-4b68-b461-06aa081f66b3 req-3627f843-7700-4b68-b461-06aa081f66b3 ] Request (QuotasAdminNegativeTest:test_create_server_when_memory_quota_is_full): 403 POST http://10.180.1.21/compute/v2.1/servers 1.819s
2025-12-09 23:12:04.611 65868 INFO tempest.lib.common.rest_client [req-a4f07adc-73d3-4761-9705-f489e5ae02e9 req-a4f07adc-73d3-4761-9705-f489e5ae02e9 ] Request (ServerDiagnosticsNegativeTest:tearDownClass): 204 DELETE http://10.180.1.21/identity/v3/users/c7c80a08a8a343f181e35c7c9491ef06 0.147s
2025-12-09 23:12:04.667 65888 INFO tempest.lib.common.rest_client [req-3bb8b9ea-0618-4643-9aab-a89175abff1b req-3bb8b9ea-0618-4643-9aab-a89175abff1b ] Request (ServersAdmin275Test:tearDownClass): 200 GET http://10.180.1.21/compute/v2.1/servers/180da5d3-c5a3-410a-8f20-cf96efe1a8d5 1.763s
2025-12-09 23:12:04.682 65891 INFO tempest.lib.common.rest_client [req-5dd62cd0-dc9f-4021-b458-628abbf46c6f req-5dd62cd0-dc9f-4021-b458-628abbf46c6f ] Request (ServerMetadataTestJSON:setUpClass): 200 GET http://10.180.1.21/compute/v2.1/servers/c80f2a36-ab18-43d2-818c-c6edc1d36e29 1.698s
2025-12-09 23:12:04.751 65920 INFO tempest.lib.common.rest_client [req-0574e757-b628-4546-b63b-5246889c4f16 req-0574e757-b628-4546-b63b-5246889c4f16 ] Request (ServersTestJSON:setUpClass): 200 GET http://10.180.1.21/compute/v2.1/servers/a84452e8-064b-48ab-b772-3d37e22c2ecd 1.711s
2025-12-09 23:12:04.777 65868 INFO tempest.lib.common.rest_client [req-86a0d4b7-e828-459a-bc54-b242b1c7e78a req-86a0d4b7-e828-459a-bc54-b242b1c7e78a ] Request (ServerDiagnosticsNegativeTest:tearDownClass): 204 DELETE http://10.180.1.21/identity/v3/users/2ed94f843a4e4a3e82cdf43e8bdd6523 0.166s
2025-12-09 23:12:04.778 65868 INFO tempest.lib.common.dynamic_creds [-] Deleting project and security group for project: 7c4d9caf15324d54b4bc460accaa3ba1
2025-12-09 23:12:04.802 65928 INFO tempest.lib.common.rest_client [req-04f73a8c-cdc8-42f7-b3a4-f0952d61d946 req-04f73a8c-cdc8-42f7-b3a4-f0952d61d946 ] Request (ImagesOneServerNegativeTestJSON:_run_cleanups): 204 DELETE http://10.180.1.21/compute/v2.1/servers/c138764d-d194-40ec-ad27-4a4efae1112c 1.648s
2025-12-09 23:12:04.838 65902 INFO tempest.lib.common.rest_client [req-a48d48eb-feb4-4568-8d14-ec1a73c653ba req-a48d48eb-feb4-4568-8d14-ec1a73c653ba ] Request (FlavorsExtraSpecsTestJSON:tearDownClass): 200 GET http://10.180.1.21/compute/v2.1/flavors/detail 1.629s
2025-12-09 23:12:04.846 65876 INFO tempest.lib.common.rest_client [req-383087ef-9d60-4970-912a-14ab5b892a51 req-383087ef-9d60-4970-912a-14ab5b892a51 ] Request (FloatingIPsAssociationNegativeTestJSON:tearDownClass): 200 GET http://10.180.1.21/compute/v2.1/servers/195a5fb9-b6e8-4906-a1d1-5175620fda83 1.665s
2025-12-09 23:12:04.879 65911 INFO tempest.lib.common.rest_client [req-f45ff553-087d-47a6-8f19-0e2fded2ddb4 req-f45ff553-087d-47a6-8f19-0e2fded2ddb4 ] Request (FlavorsAdminTestJSON:test_list_non_public_flavor): 200 GET http://10.180.1.21/compute/v2.1/flavors/detail 1.646s
2025-12-09 23:12:04.899 65868 INFO tempest.lib.common.rest_client [req-8b5f335b-2e19-42e6-948d-cf7bbcaa1427 req-8b5f335b-2e19-42e6-948d-cf7bbcaa1427 ] Request (ServerDiagnosticsNegativeTest:tearDownClass): 201 POST http://10.180.1.21/identity/v3/auth/tokens 0.121s
2025-12-09 23:12:04.930 65904 INFO tempest.lib.common.rest_client [req-7523a3c3-adf4-4807-813f-3b4436b3f44d req-7523a3c3-adf4-4807-813f-3b4436b3f44d ] Request (TenantUsagesTestJSON:tearDownClass): 200 GET http://10.180.1.21/compute/v2.1/servers/599ed706-5a8e-4c2e-a218-e579852385bf 1.705s
2025-12-09 23:12:04.942 65904 INFO tempest.common.waiters [-] State transition "ACTIVE/deleting" ==> "DELETED/None" after 2 second wait
2025-12-09 23:12:05.008 65902 INFO tempest.lib.common.rest_client [req-b6a69743-10a3-4619-bf7f-6f873991195b req-b6a69743-10a3-4619-bf7f-6f873991195b ] Request (FlavorsExtraSpecsTestJSON:tearDownClass): 204 DELETE http://10.180.1.21/identity/v3/users/5ce8b9bd988c43868baa8186decc365e 0.158s
2025-12-09 23:12:05.140 65868 INFO tempest.lib.common.rest_client [req-4bc2b65c-4c6f-457f-b8f0-624a6d7ef7d1 req-4bc2b65c-4c6f-457f-b8f0-624a6d7ef7d1 ] Request (ServerDiagnosticsNegativeTest:tearDownClass): 200 GET http://10.180.1.21/networking/v2.0/security-groups?tenant_id=7c4d9caf15324d54b4bc460accaa3ba1&name=default 0.241s
2025-12-09 23:12:05.157 65902 INFO tempest.lib.common.rest_client [req-97cb3f3c-761e-47ce-a4df-2ade9b153216 req-97cb3f3c-761e-47ce-a4df-2ade9b153216 ] Request (FlavorsExtraSpecsTestJSON:tearDownClass): 204 DELETE http://10.180.1.21/identity/v3/users/649df8c873bb40cd98e92a265f27fd05 0.148s
2025-12-09 23:12:05.158 65902 INFO tempest.lib.common.dynamic_creds [-] Deleting project and security group for project: f1b33307e6aa478093023d192a925a90
2025-12-09 23:12:05.171 65922 INFO tempest.lib.common.rest_client [req-3af4325f-b750-4ad3-a03f-6e54d624a985 req-3af4325f-b750-4ad3-a03f-6e54d624a985 ] Request (ServersAaction247Test:tearDownClass): 200 GET http://10.180.1.21/compute/v2.1/servers/7842f448-2658-4e67-a802-e991212966cd 1.908s
2025-12-09 23:12:05.254 65902 INFO tempest.lib.common.rest_client [req-a1425472-21e3-4954-80b2-eb897894baf6 req-a1425472-21e3-4954-80b2-eb897894baf6 ] Request (FlavorsExtraSpecsTestJSON:tearDownClass): 201 POST http://10.180.1.21/identity/v3/auth/tokens 0.096s
2025-12-09 23:12:05.319 65868 INFO tempest.lib.common.rest_client [req-e3c6aca6-08b9-48b4-aeb7-673fb91fa7c7 req-e3c6aca6-08b9-48b4-aeb7-673fb91fa7c7 ] Request (ServerDiagnosticsNegativeTest:tearDownClass): 204 DELETE http://10.180.1.21/networking/v2.0/security-groups/2812bd6d-a0d9-4971-b6aa-a26a9ec57d72 0.179s
2025-12-09 23:12:05.345 65926 INFO tempest.lib.common.rest_client [req-71eb53f7-cb08-4187-96b1-5582840e82a8 req-71eb53f7-cb08-4187-96b1-5582840e82a8 ] Request (DeleteServersTestJSON:test_delete_server_while_in_attached_volume): 200 GET http://10.180.1.21/compute/v2.1/servers/d56ee909-a186-4c73-bf0b-4485e7ad6113 1.983s
2025-12-09 23:12:05.367 65872 INFO tempest.lib.common.rest_client [req-aff41e9d-3341-4543-b695-5c5f56ca914e req-aff41e9d-3341-4543-b695-5c5f56ca914e ] Request (ServersTestMultiNic:test_verify_duplicate_network_nics): 200 GET http://10.180.1.21/compute/v2.1/servers/569006f2-f9b0-4f7f-acbc-4509ee657a92 2.074s
2025-12-09 23:12:05.374 65872 INFO tempest.common.waiters [-] State transition "BUILD/networking" ==> "BUILD/spawning" after 32 second wait
2025-12-09 23:12:05.388 65913 WARNING tempest.lib.common.ssh [-] Failed to establish authenticated ssh connection to cirros@10.180.180.221 ([Errno None] Unable to connect to port 22 on 10.180.180.221). Number attempts: 6. Retry after 7 seconds.: paramiko.ssh_exception.NoValidConnectionsError: [Errno None] Unable to connect to port 22 on 10.180.180.221
2025-12-09 23:12:05.398 65868 INFO tempest.lib.common.rest_client [req-2197df78-9bf2-4d96-9f81-5d0dc35a84e0 req-2197df78-9bf2-4d96-9f81-5d0dc35a84e0 ] Request (ServerDiagnosticsNegativeTest:tearDownClass): 204 DELETE http://10.180.1.21/identity/v3/projects/7c4d9caf15324d54b4bc460accaa3ba1 0.078s
2025-12-09 23:12:05.398 65868 INFO tempest.lib.common.dynamic_creds [-] Deleting project and security group for project: e72d7aaa948a4871902b7a3095ef79e3
2025-12-09 23:12:05.572 65902 INFO tempest.lib.common.rest_client [req-efedb0ef-802c-4a21-95b5-82e48c13de4a req-efedb0ef-802c-4a21-95b5-82e48c13de4a ] Request (FlavorsExtraSpecsTestJSON:tearDownClass): 200 GET http://10.180.1.21/networking/v2.0/security-groups?tenant_id=f1b33307e6aa478093023d192a925a90&name=default 0.317s
2025-12-09 23:12:05.805 65868 INFO tempest.lib.common.rest_client [req-b2a6a029-c499-487e-b7db-b9ee406242b2 req-b2a6a029-c499-487e-b7db-b9ee406242b2 ] Request (ServerDiagnosticsNegativeTest:tearDownClass): 200 GET http://10.180.1.21/networking/v2.0/security-groups?tenant_id=e72d7aaa948a4871902b7a3095ef79e3&name=default 0.406s
2025-12-09 23:12:05.832 65898 INFO tempest.lib.common.rest_client [req-33ec484e-e861-4e55-92d2-07cca8b4aeb9 req-33ec484e-e861-4e55-92d2-07cca8b4aeb9 ] Request (ServersTestBootFromVolume:setUpClass): 200 GET http://10.180.1.21/compute/v2.1/servers/d7c1246a-f704-4f72-8f01-1fd2776bca98 2.402s
2025-12-09 23:12:05.915 65902 INFO tempest.lib.common.rest_client [req-9b989992-fe23-47a7-ab55-729e4cda80c6 req-9b989992-fe23-47a7-ab55-729e4cda80c6 ] Request (FlavorsExtraSpecsTestJSON:tearDownClass): 204 DELETE http://10.180.1.21/networking/v2.0/security-groups/eddf998a-3174-4023-ac26-1eaf4b9c6b00 0.342s
2025-12-09 23:12:05.990 65874 INFO tempest.lib.common.rest_client [req-21b9699c-8d7f-4a02-8cab-cc64bc9aae9e req-21b9699c-8d7f-4a02-8cab-cc64bc9aae9e ] Request (ServersAdminNegativeTestJSON:test_migrate_server_invalid_state): 200 GET http://10.180.1.21/compute/v2.1/servers/78a1f47f-c77e-4cac-ab56-d13bea100795 2.590s
2025-12-09 23:12:06.011 65870 INFO tempest.lib.common.rest_client [req-a57e4862-78d7-421e-88ed-3181db4cdfc2 req-a57e4862-78d7-421e-88ed-3181db4cdfc2 ] Request (DeleteServersAdminTestJSON:test_delete_server_while_in_error_state): 200 GET http://10.180.1.21/compute/v2.1/servers/e1ab5b73-a1e3-4c70-951e-6a1bc9e5ff5f 2.561s
2025-12-09 23:12:06.026 65870 INFO tempest.common.waiters [-] State transition "BUILD/scheduling" ==> "BUILD/None" after 4 second wait
2025-12-09 23:12:06.038 65902 INFO tempest.lib.common.rest_client [req-43e778c8-8dd9-4573-864d-bc372682983f req-43e778c8-8dd9-4573-864d-bc372682983f ] Request (FlavorsExtraSpecsTestJSON:tearDownClass): 204 DELETE http://10.180.1.21/identity/v3/projects/f1b33307e6aa478093023d192a925a90 0.123s
2025-12-09 23:12:06.038 65902 INFO tempest.lib.common.dynamic_creds [-] Deleting project and security group for project: 1a3198b5de654075a82b0fe83755b9b1
2025-12-09 23:12:06.101 65868 INFO tempest.lib.common.rest_client [req-c1d6558b-1e22-43e6-99f4-1f6486e587c6 req-c1d6558b-1e22-43e6-99f4-1f6486e587c6 ] Request (ServerDiagnosticsNegativeTest:tearDownClass): 204 DELETE http://10.180.1.21/networking/v2.0/security-groups/fd60e53a-b231-47da-a049-3ca4178162e4 0.296s
2025-12-09 23:12:06.174 65902 INFO tempest.lib.common.rest_client [req-8b2b08f1-24e7-464c-aad8-27027040a615 req-8b2b08f1-24e7-464c-aad8-27027040a615 ] Request (FlavorsExtraSpecsTestJSON:tearDownClass): 200 GET http://10.180.1.21/networking/v2.0/security-groups?tenant_id=1a3198b5de654075a82b0fe83755b9b1&name=default 0.135s
2025-12-09 23:12:06.206 65914 INFO tempest.lib.common.rest_client [req-6e6024db-6077-4a6e-966d-53b67f3d4432 req-6e6024db-6077-4a6e-966d-53b67f3d4432 ] Request (ServerDiagnosticsTest:tearDownClass): 200 GET http://10.180.1.21/compute/v2.1/servers/a7442304-d8bd-4115-8ea4-6491e5602dd3 2.709s
2025-12-09 23:12:06.210 65925 INFO tempest.lib.common.rest_client [req-ca3b8c95-95cb-4412-83f3-d5351744e088 req-ca3b8c95-95cb-4412-83f3-d5351744e088 ] Request (ServersTestManualDisk:setUpClass): 200 GET http://10.180.1.21/compute/v2.1/servers/b09067a6-f134-40ce-b733-a0f45d193b30 2.632s
2025-12-09 23:12:06.221 65868 INFO tempest.lib.common.rest_client [req-8ea3877d-e5f4-441b-9767-a54f1b5da567 req-8ea3877d-e5f4-441b-9767-a54f1b5da567 ] Request (ServerDiagnosticsNegativeTest:tearDownClass): 204 DELETE http://10.180.1.21/identity/v3/projects/e72d7aaa948a4871902b7a3095ef79e3 0.119s
2025-12-09 23:12:06.224 65925 INFO tempest.common.waiters [-] State transition "BUILD/spawning" ==> "ACTIVE/None" after 37 second wait
2025-12-09 23:12:06.248 65886 WARNING tempest.lib.common.ssh [-] Failed to establish authenticated ssh connection to cirros@10.180.180.247 ([Errno None] Unable to connect to port 22 on 10.180.180.247). Number attempts: 5. Retry after 6 seconds.: paramiko.ssh_exception.NoValidConnectionsError: [Errno None] Unable to connect to port 22 on 10.180.180.247
2025-12-09 23:12:06.297 65902 INFO tempest.lib.common.rest_client [req-563385a9-9d47-474e-87fa-d8c318792b63 req-563385a9-9d47-474e-87fa-d8c318792b63 ] Request (FlavorsExtraSpecsTestJSON:tearDownClass): 204 DELETE http://10.180.1.21/networking/v2.0/security-groups/c9ad57b4-9f38-4e53-b1fa-3440cdb833f2 0.122s
2025-12-09 23:12:06.300 65896 INFO tempest.lib.common.rest_client [req-548bb8fa-c469-43cd-aba5-fef8b29f3768 req-548bb8fa-c469-43cd-aba5-fef8b29f3768 ] Request (ListImageFiltersTestJSON:setUpClass): 200 GET http://10.180.1.21/compute/v2.1/images/6c3d1619-e681-4eb3-84b9-61bc29cd9352 2.114s
2025-12-09 23:12:06.299 65880 INFO tempest.lib.common.rest_client [req-7849a633-71ff-4ae6-8801-44494df555d1 req-7849a633-71ff-4ae6-8801-44494df555d1 ] Request (ServersNegativeTestMultiTenantJSON:tearDownClass): 200 GET http://10.180.1.21/compute/v2.1/servers/11db2efc-5d2a-4fd9-ae5b-6869e28340e2 2.510s
2025-12-09 23:12:06.312 65868 INFO tempest.lib.common.rest_client [req-ade26e28-0214-4274-b1f5-65b5a3452545 req-ade26e28-0214-4274-b1f5-65b5a3452545 ] Request (ImagesNegativeTestJSON:setUpClass): 201 POST http://10.180.1.21/identity/v3/auth/tokens 0.090s
2025-12-09 23:12:06.385 65918 INFO tempest.lib.common.rest_client [req-e6e2c66d-3a63-4379-abbd-1debe6093ff6 req-e6e2c66d-3a63-4379-abbd-1debe6093ff6 ] Request (ServersListShow296Test:test_list_show_update_rebuild_server_296): 200 GET http://10.180.1.21/compute/v2.1/servers/f51b1bc9-5648-4e20-a213-a30451e33205 2.161s
2025-12-09 23:12:06.395 65918 INFO tempest.common.waiters [-] State transition "REBUILD/rebuild_spawning" ==> "ACTIVE/None" after 11 second wait
2025-12-09 23:12:06.423 65902 INFO tempest.lib.common.rest_client [req-974b5da4-51fa-43b2-9bc4-eecd875bbf13 req-974b5da4-51fa-43b2-9bc4-eecd875bbf13 ] Request (FlavorsExtraSpecsTestJSON:tearDownClass): 204 DELETE http://10.180.1.21/identity/v3/projects/1a3198b5de654075a82b0fe83755b9b1 0.125s
2025-12-09 23:12:06.425 65906 INFO tempest.lib.common.rest_client [req-0c66f483-f94f-467c-8153-58c0964ff994 req-0c66f483-f94f-467c-8153-58c0964ff994 ] Request (FlavorsV261TestJSON:test_crud_flavor): 200 PUT http://10.180.1.21/compute/v2.1/flavors/540171850 1.878s
2025-12-09 23:12:06.518 65902 INFO tempest.lib.common.rest_client [req-3083cec2-6fb4-4902-9adb-a565cb02e0f9 req-3083cec2-6fb4-4902-9adb-a565cb02e0f9 ] Request (QuotasAdminTestV257:setUpClass): 201 POST http://10.180.1.21/identity/v3/auth/tokens 0.094s
2025-12-09 23:12:06.520 65868 INFO tempest.lib.common.rest_client [req-6d6e2a0a-9681-458b-b07a-f4ba34861106 req-6d6e2a0a-9681-458b-b07a-f4ba34861106 ] Request (ImagesNegativeTestJSON:setUpClass): 201 POST http://10.180.1.21/identity/v3/auth/tokens 0.205s
2025-12-09 23:12:06.554 65868 INFO tempest.lib.common.rest_client [req-6d1ca827-efd0-46c3-86e2-c1efff08f997 req-6d1ca827-efd0-46c3-86e2-c1efff08f997 ] Request (ImagesNegativeTestJSON:setUpClass): 200 GET http://10.180.1.21/identity/v3/domains?name=Default 0.034s
2025-12-09 23:12:06.557 65902 INFO tempest.lib.common.rest_client [req-c75b63b1-95fd-4021-aba3-a6a272aa03d7 req-c75b63b1-95fd-4021-aba3-a6a272aa03d7 ] Request (QuotasAdminTestV257:setUpClass): 201 POST http://10.180.1.21/identity/v3/auth/tokens 0.035s
2025-12-09 23:12:06.588 65868 INFO tempest.lib.common.rest_client [req-8b883c5a-e202-48bc-8960-83658a3b742c req-8b883c5a-e202-48bc-8960-83658a3b742c ] Request (ImagesNegativeTestJSON:setUpClass): 201 POST http://10.180.1.21/identity/v3/projects 0.033s
2025-12-09 23:12:06.661 65902 INFO tempest.lib.common.rest_client [req-9edcd7d0-7871-428c-87fe-c517011c57ea req-9edcd7d0-7871-428c-87fe-c517011c57ea ] Request (QuotasAdminTestV257:setUpClass): 200 GET http://10.180.1.21/identity/v3/domains?name=Default 0.103s
2025-12-09 23:12:06.689 65868 INFO tempest.lib.common.rest_client [req-05c7e044-3ecd-4628-8d53-c19c512d92a9 req-05c7e044-3ecd-4628-8d53-c19c512d92a9 ] Request (ImagesNegativeTestJSON:setUpClass): 201 POST http://10.180.1.21/identity/v3/users 0.100s
2025-12-09 23:12:06.719 65902 INFO tempest.lib.common.rest_client [req-40ad6768-0ca1-4d66-9026-93590afa8898 req-40ad6768-0ca1-4d66-9026-93590afa8898 ] Request (QuotasAdminTestV257:setUpClass): 201 POST http://10.180.1.21/identity/v3/projects 0.058s
2025-12-09 23:12:06.792 65882 INFO tempest.lib.common.rest_client [req-920c16d0-0893-4ae1-a457-430a1d00d6a6 req-920c16d0-0893-4ae1-a457-430a1d00d6a6 ] Request (QuotasAdminNegativeTest:_run_cleanups): 200 PUT http://10.180.1.21/compute/v2.1/os-quota-sets/d1cd923a22264f0fa84dbb9eef44af3d 2.218s
2025-12-09 23:12:06.814 65868 INFO tempest.lib.common.rest_client [req-8c728665-22b2-47f0-b4d5-e3f2291e190a req-8c728665-22b2-47f0-b4d5-e3f2291e190a ] Request (ImagesNegativeTestJSON:setUpClass): 200 GET http://10.180.1.21/identity/v3/roles 0.125s
2025-12-09 23:12:06.827 65902 INFO tempest.lib.common.rest_client [req-aa083bf2-b1ff-4273-b1c7-65cc99b28a3d req-aa083bf2-b1ff-4273-b1c7-65cc99b28a3d ] Request (QuotasAdminTestV257:setUpClass): 201 POST http://10.180.1.21/identity/v3/users 0.107s
2025-12-09 23:12:06.833 65884 INFO tempest.lib.common.rest_client [req-21b4a3db-b152-4ab5-8974-205dca3d93b5 req-21b4a3db-b152-4ab5-8974-205dca3d93b5 ] Request (ServerAddressesTestJSON:setUpClass): 202 POST http://10.180.1.21/compute/v2.1/servers 2.545s
2025-12-09 23:12:06.852 65868 INFO tempest.lib.common.rest_client [req-2bc13ecb-ea30-450d-9cdc-03378980a6f5 req-2bc13ecb-ea30-450d-9cdc-03378980a6f5 ] Request (ImagesNegativeTestJSON:setUpClass): 204 PUT http://10.180.1.21/identity/v3/projects/c1c00940fcc24f62a30c5e0bd437df6e/users/586f0fb3f3124f7e88b7ccf2e539ee26/roles/90f551ab100a438caa8ce07128a8d6c1 0.037s
2025-12-09 23:12:06.852 65868 INFO tempest.lib.common.dynamic_creds [-] Dynamic test user 586f0fb3f3124f7e88b7ccf2e539ee26 is created with scope project and roles: ['member']
2025-12-09 23:12:06.852 65868 INFO tempest.lib.common.dynamic_creds [-] Acquired dynamic creds: credentials: Credentials: {'domain_id': 'default', 'domain_name': 'Default', 'username': 'tempest-ImagesNegativeTestJSON-1407980632-project-member', 'project_domain_id': 'default', 'project_domain_name': 'Default', 'project_id': 'c1c00940fcc24f62a30c5e0bd437df6e', 'project_name': 'tempest-ImagesNegativeTestJSON-1407980632', 'tenant_id': 'c1c00940fcc24f62a30c5e0bd437df6e', 'tenant_name': 'tempest-ImagesNegativeTestJSON-1407980632', 'user_domain_id': 'default', 'user_domain_name': 'Default', 'user_id': '586f0fb3f3124f7e88b7ccf2e539ee26', 'system': None}, Network: None, Subnet: None, Router: None
2025-12-09 23:12:06.864 65902 INFO tempest.lib.common.rest_client [req-9332f5a1-124c-48f7-8042-3e452f827eb6 req-9332f5a1-124c-48f7-8042-3e452f827eb6 ] Request (QuotasAdminTestV257:setUpClass): 200 GET http://10.180.1.21/identity/v3/roles 0.036s
2025-12-09 23:12:06.875 65911 INFO tempest.lib.common.rest_client [req-7a41a152-a1d7-400a-abc0-ab4b268d234d req-7a41a152-a1d7-400a-abc0-ab4b268d234d ] Request (FlavorsAdminTestJSON:test_list_non_public_flavor): 200 GET http://10.180.1.21/compute/v2.1/flavors/detail 1.990s
2025-12-09 23:12:06.933 65868 INFO tempest.lib.common.rest_client [req-a9df2a41-f276-4cdf-9716-7cbdc2f41806 req-a9df2a41-f276-4cdf-9716-7cbdc2f41806 ] Request (ImagesNegativeTestJSON:setUpClass): 201 POST http://10.180.1.21/identity/v3/auth/tokens 0.081s
