2025-12-09 23:10:42.271 65891 INFO tempest.lib.common.rest_client [req-c53450db-3b5e-4c1a-8028-0bfc4a4fc0ee req-c53450db-3b5e-4c1a-8028-0bfc4a4fc0ee ] Request (ImagesMetadataTestJSON:setUpClass): 201 POST http://10.180.1.21/identity/v3/auth/tokens 0.126s
2025-12-09 23:10:42.281 65870 INFO tempest.lib.common.rest_client [req-efd9450b-1149-4df5-9bf9-cf90a9afe21f req-efd9450b-1149-4df5-9bf9-cf90a9afe21f ] Request (DeleteServersAdminTestJSON:setUpClass): 201 POST http://10.180.1.21/identity/v3/projects 0.091s
2025-12-09 23:10:42.343 65868 INFO tempest.lib.common.rest_client [req-d4dc7c03-b8bd-4617-86ce-60d0800155c1 req-d4dc7c03-b8bd-4617-86ce-60d0800155c1 ] Request (ServerDiagnosticsNegativeTest:setUpClass): 201 POST http://10.180.1.21/identity/v3/projects 0.136s
2025-12-09 23:10:42.398 65874 INFO tempest.lib.common.rest_client [req-de302c6e-4894-41eb-89ca-91c18848c4cd req-de302c6e-4894-41eb-89ca-91c18848c4cd ] Request (ServersAdminNegativeTestJSON:setUpClass): 201 POST http://10.180.1.21/identity/v3/users 0.178s
2025-12-09 23:10:42.443 65870 INFO tempest.lib.common.rest_client [req-486510a1-2cc4-4124-93cd-775dd8c5e825 req-486510a1-2cc4-4124-93cd-775dd8c5e825 ] Request (DeleteServersAdminTestJSON:setUpClass): 201 POST http://10.180.1.21/identity/v3/users 0.161s
2025-12-09 23:10:42.455 65886 INFO tempest.lib.common.rest_client [req-42c074d4-8f31-48b6-a3f3-5f47c5a6b720 req-42c074d4-8f31-48b6-a3f3-5f47c5a6b720 ] Request (AttachInterfacesUnderV243Test:setUpClass): 201 POST http://10.180.1.21/networking/v2.0/routers 1.088s
2025-12-09 23:10:42.463 65868 INFO tempest.lib.common.rest_client [req-5e379db8-7df5-4dcb-8e7e-754f49beaa65 req-5e379db8-7df5-4dcb-8e7e-754f49beaa65 ] Request (ServerDiagnosticsNegativeTest:setUpClass): 201 POST http://10.180.1.21/identity/v3/users 0.120s
2025-12-09 23:10:42.468 65874 INFO tempest.lib.common.rest_client [req-7c645f18-2ee1-43f0-ace6-770fe3044da0 req-7c645f18-2ee1-43f0-ace6-770fe3044da0 ] Request (ServersAdminNegativeTestJSON:setUpClass): 200 GET http://10.180.1.21/identity/v3/roles 0.069s
2025-12-09 23:10:42.491 65870 INFO tempest.lib.common.rest_client [req-0be232cb-8aa2-48b2-b2b7-2331fc82faa8 req-0be232cb-8aa2-48b2-b2b7-2331fc82faa8 ] Request (DeleteServersAdminTestJSON:setUpClass): 200 GET http://10.180.1.21/identity/v3/roles 0.046s
2025-12-09 23:10:42.531 65868 INFO tempest.lib.common.rest_client [req-ac47ba3f-965e-4be0-83f8-8f77e61cc651 req-ac47ba3f-965e-4be0-83f8-8f77e61cc651 ] Request (ServerDiagnosticsNegativeTest:setUpClass): 200 GET http://10.180.1.21/identity/v3/roles 0.068s
2025-12-09 23:10:42.599 65874 INFO tempest.lib.common.rest_client [req-4b8b22bf-783f-4da7-8ae2-f86774f243f5 req-4b8b22bf-783f-4da7-8ae2-f86774f243f5 ] Request (ServersAdminNegativeTestJSON:setUpClass): 204 PUT http://10.180.1.21/identity/v3/projects/c99e0dcc2b97426e9d5c3ad29fa838d2/users/7dddd1361a844db9bab5240156002931/roles/fd4440a17f3e4b8aa8331da31775bf91 0.131s
2025-12-09 23:10:42.610 65870 INFO tempest.lib.common.rest_client [req-b722e5c8-ca5e-472c-9aa5-5740538f33e1 req-b722e5c8-ca5e-472c-9aa5-5740538f33e1 ] Request (DeleteServersAdminTestJSON:setUpClass): 204 PUT http://10.180.1.21/identity/v3/projects/6ad2576ae9604b43a140311fc9976c22/users/56135233444c4e97bdf10a939d0e4bd5/roles/90f551ab100a438caa8ce07128a8d6c1 0.119s
2025-12-09 23:10:42.611 65870 INFO tempest.lib.common.dynamic_creds [-] Dynamic test user 56135233444c4e97bdf10a939d0e4bd5 is created with scope project and roles: ['member']
2025-12-09 23:10:42.611 65870 INFO tempest.lib.common.dynamic_creds [-] Acquired dynamic creds: credentials: Credentials: {'domain_id': 'default', 'domain_name': 'Default', 'username': 'tempest-DeleteServersAdminTestJSON-1033522712-project-member', 'project_domain_id': 'default', 'project_domain_name': 'Default', 'project_id': '6ad2576ae9604b43a140311fc9976c22', 'project_name': 'tempest-DeleteServersAdminTestJSON-1033522712', 'tenant_id': '6ad2576ae9604b43a140311fc9976c22', 'tenant_name': 'tempest-DeleteServersAdminTestJSON-1033522712', 'user_domain_id': 'default', 'user_domain_name': 'Default', 'user_id': '56135233444c4e97bdf10a939d0e4bd5', 'system': None}, Network: None, Subnet: None, Router: None
2025-12-09 23:10:42.611 65870 INFO tempest.lib.common.dynamic_creds [-] Created isolated network resources for: credentials: Credentials: {'domain_id': 'default', 'domain_name': 'Default', 'username': 'tempest-DeleteServersAdminTestJSON-1033522712-project-member', 'project_domain_id': 'default', 'project_domain_name': 'Default', 'project_id': '6ad2576ae9604b43a140311fc9976c22', 'project_name': 'tempest-DeleteServersAdminTestJSON-1033522712', 'tenant_id': '6ad2576ae9604b43a140311fc9976c22', 'tenant_name': 'tempest-DeleteServersAdminTestJSON-1033522712', 'user_domain_id': 'default', 'user_domain_name': 'Default', 'user_id': '56135233444c4e97bdf10a939d0e4bd5', 'system': None}, Network: None, Subnet: None, Router: None
2025-12-09 23:10:42.679 65876 INFO tempest.lib.common.rest_client [req-acff08e5-5952-4d83-9734-1cd739c77e99 req-acff08e5-5952-4d83-9734-1cd739c77e99 ] Request (FloatingIPsAssociationNegativeTestJSON:setUpClass): 202 POST http://10.180.1.21/compute/v2.1/servers 6.899s
2025-12-09 23:10:42.786 65868 INFO tempest.lib.common.rest_client [req-299e76fc-d6f7-4f82-9e88-834cf50f1806 req-299e76fc-d6f7-4f82-9e88-834cf50f1806 ] Request (ServerDiagnosticsNegativeTest:setUpClass): 204 PUT http://10.180.1.21/identity/v3/projects/e72d7aaa948a4871902b7a3095ef79e3/users/2ed94f843a4e4a3e82cdf43e8bdd6523/roles/fd4440a17f3e4b8aa8331da31775bf91 0.254s
2025-12-09 23:10:42.851 65874 INFO tempest.lib.common.rest_client [req-d4acf66e-4bea-450f-99db-fa69c128d0d8 req-d4acf66e-4bea-450f-99db-fa69c128d0d8 ] Request (ServersAdminNegativeTestJSON:setUpClass): 200 GET http://10.180.1.21/identity/v3/roles 0.251s
2025-12-09 23:10:42.915 65870 INFO tempest.lib.common.rest_client [req-dc868e8f-8fc9-47fa-beb4-11dc91ce284e req-dc868e8f-8fc9-47fa-beb4-11dc91ce284e ] Request (DeleteServersAdminTestJSON:setUpClass): 201 POST http://10.180.1.21/identity/v3/auth/tokens 0.299s
2025-12-09 23:10:42.963 65868 INFO tempest.lib.common.rest_client [req-d920cd71-e789-4256-a8a0-975180eb8b0b req-d920cd71-e789-4256-a8a0-975180eb8b0b ] Request (ServerDiagnosticsNegativeTest:setUpClass): 200 GET http://10.180.1.21/identity/v3/roles 0.176s
2025-12-09 23:10:42.982 65866 INFO tempest.lib.common.rest_client [req-551c08f7-40f7-443f-b52d-8ccb739bd435 req-551c08f7-40f7-443f-b52d-8ccb739bd435 ] Request (MigrationsAdminTest:test_list_migrations): 200 GET http://10.180.1.21/compute/v2.1/os-migrations 5.187s
2025-12-09 23:10:42.983 65874 INFO tempest.lib.common.rest_client [req-7b61a4e6-d6d7-41cc-8644-2bc3f49c309b req-7b61a4e6-d6d7-41cc-8644-2bc3f49c309b ] Request (ServersAdminNegativeTestJSON:setUpClass): 204 PUT http://10.180.1.21/identity/v3/projects/c99e0dcc2b97426e9d5c3ad29fa838d2/users/7dddd1361a844db9bab5240156002931/roles/fd4440a17f3e4b8aa8331da31775bf91 0.131s
2025-12-09 23:10:42.983 65874 INFO tempest.lib.common.dynamic_creds [-] Dynamic test user 7dddd1361a844db9bab5240156002931 is created with scope project and roles: ['admin']
2025-12-09 23:10:42.984 65874 INFO tempest.lib.common.dynamic_creds [-] Acquired dynamic creds: credentials: Credentials: {'domain_id': 'default', 'domain_name': 'Default', 'username': 'tempest-ServersAdminNegativeTestJSON-1682984930-project-admin', 'project_domain_id': 'default', 'project_domain_name': 'Default', 'project_id': 'c99e0dcc2b97426e9d5c3ad29fa838d2', 'project_name': 'tempest-ServersAdminNegativeTestJSON-1682984930', 'tenant_id': 'c99e0dcc2b97426e9d5c3ad29fa838d2', 'tenant_name': 'tempest-ServersAdminNegativeTestJSON-1682984930', 'user_domain_id': 'default', 'user_domain_name': 'Default', 'user_id': '7dddd1361a844db9bab5240156002931', 'system': None}, Network: None, Subnet: None, Router: None
2025-12-09 23:10:42.984 65874 INFO tempest.lib.common.dynamic_creds [-] Created isolated network resources for: credentials: Credentials: {'domain_id': 'default', 'domain_name': 'Default', 'username': 'tempest-ServersAdminNegativeTestJSON-1682984930-project-admin', 'project_domain_id': 'default', 'project_domain_name': 'Default', 'project_id': 'c99e0dcc2b97426e9d5c3ad29fa838d2', 'project_name': 'tempest-ServersAdminNegativeTestJSON-1682984930', 'tenant_id': 'c99e0dcc2b97426e9d5c3ad29fa838d2', 'tenant_name': 'tempest-ServersAdminNegativeTestJSON-1682984930', 'user_domain_id': 'default', 'user_domain_name': 'Default', 'user_id': '7dddd1361a844db9bab5240156002931', 'system': None}, Network: None, Subnet: None, Router: None
2025-12-09 23:10:43.068 65870 INFO tempest.lib.common.rest_client [req-8fb9c453-e419-4500-901b-91599c9b7504 req-8fb9c453-e419-4500-901b-91599c9b7504 ] Request (DeleteServersAdminTestJSON:setUpClass): 201 POST http://10.180.1.21/identity/v3/projects 0.153s
2025-12-09 23:10:43.118 65868 INFO tempest.lib.common.rest_client [req-7c511b6d-ab62-41ec-8e1c-4363e0c541cd req-7c511b6d-ab62-41ec-8e1c-4363e0c541cd ] Request (ServerDiagnosticsNegativeTest:setUpClass): 204 PUT http://10.180.1.21/identity/v3/projects/e72d7aaa948a4871902b7a3095ef79e3/users/2ed94f843a4e4a3e82cdf43e8bdd6523/roles/fd4440a17f3e4b8aa8331da31775bf91 0.154s
2025-12-09 23:10:43.119 65868 INFO tempest.lib.common.dynamic_creds [-] Dynamic test user 2ed94f843a4e4a3e82cdf43e8bdd6523 is created with scope project and roles: ['admin']
2025-12-09 23:10:43.120 65868 INFO tempest.lib.common.dynamic_creds [-] Acquired dynamic creds: credentials: Credentials: {'domain_id': 'default', 'domain_name': 'Default', 'username': 'tempest-ServerDiagnosticsNegativeTest-1640288854-project-admin', 'project_domain_id': 'default', 'project_domain_name': 'Default', 'project_id': 'e72d7aaa948a4871902b7a3095ef79e3', 'project_name': 'tempest-ServerDiagnosticsNegativeTest-1640288854', 'tenant_id': 'e72d7aaa948a4871902b7a3095ef79e3', 'tenant_name': 'tempest-ServerDiagnosticsNegativeTest-1640288854', 'user_domain_id': 'default', 'user_domain_name': 'Default', 'user_id': '2ed94f843a4e4a3e82cdf43e8bdd6523', 'system': None}, Network: None, Subnet: None, Router: None
2025-12-09 23:10:43.120 65868 INFO tempest.lib.common.dynamic_creds [-] Created isolated network resources for: credentials: Credentials: {'domain_id': 'default', 'domain_name': 'Default', 'username': 'tempest-ServerDiagnosticsNegativeTest-1640288854-project-admin', 'project_domain_id': 'default', 'project_domain_name': 'Default', 'project_id': 'e72d7aaa948a4871902b7a3095ef79e3', 'project_name': 'tempest-ServerDiagnosticsNegativeTest-1640288854', 'tenant_id': 'e72d7aaa948a4871902b7a3095ef79e3', 'tenant_name': 'tempest-ServerDiagnosticsNegativeTest-1640288854', 'user_domain_id': 'default', 'user_domain_name': 'Default', 'user_id': '2ed94f843a4e4a3e82cdf43e8bdd6523', 'system': None}, Network: None, Subnet: None, Router: None
2025-12-09 23:10:43.194 65902 INFO tempest.lib.common.rest_client [req-6c6d67d4-e9ad-40cd-aa78-3729ee874d3d req-6c6d67d4-e9ad-40cd-aa78-3729ee874d3d ] Request (FlavorsAccessNegativeTestJSON:test_add_flavor_access_duplicate): 200 POST http://10.180.1.21/compute/v2.1/flavors 5.327s
2025-12-09 23:10:43.226 65866 INFO tempest.lib.common.rest_client [req-9bd76f44-24e1-4388-90c5-147af36b8249 req-9bd76f44-24e1-4388-90c5-147af36b8249 ] Request (MigrationsAdminTest:test_list_migrations_in_flavor_resize_situation): 201 POST http://10.180.1.21/identity/v3/auth/tokens 0.236s
2025-12-09 23:10:43.226 65866 INFO tempest.lib.common.fixed_network [-] (MigrationsAdminTest:test_list_migrations_in_flavor_resize_situation) Found network None available for tenant
2025-12-09 23:10:43.232 65913 INFO tempest.lib.common.rest_client [req-8567d88c-3508-48f7-bf05-0c007a39d05d req-8567d88c-3508-48f7-bf05-0c007a39d05d ] Request (VolumesAssistedSnapshotsTest:setUpClass): 200 PUT http://10.180.1.21/networking/v2.0/routers/b97826b7-cc41-4123-9543-e96f6b971809/add_router_interface 1.159s
2025-12-09 23:10:43.232 65913 INFO tempest.lib.common.dynamic_creds [-] Created isolated network resources for: credentials: Credentials: {'domain_id': 'default', 'domain_name': 'Default', 'username': 'tempest-VolumesAssistedSnapshotsTest-960533191-project-admin', 'project_domain_id': 'default', 'project_domain_name': 'Default', 'project_id': '1afd48898e784e8babd2e7cd3b5dea62', 'project_name': 'tempest-VolumesAssistedSnapshotsTest-960533191', 'tenant_id': '1afd48898e784e8babd2e7cd3b5dea62', 'tenant_name': 'tempest-VolumesAssistedSnapshotsTest-960533191', 'user_domain_id': 'default', 'user_domain_name': 'Default', 'user_id': 'd4a7b1dd58114b3fbee172bd7927238c', 'system': None}, Network: {'id': 'aab938e7-9f86-44ad-84ab-87812d2dff93', 'name': 'tempest-VolumesAssistedSnapshotsTest-1042266707-network', 'tenant_id': '1afd48898e784e8babd2e7cd3b5dea62', 'project_id': '1afd48898e784e8babd2e7cd3b5dea62', 'admin_state_up': True, 'mtu': 8950, 'status': 'ACTIVE', 'subnets': [], 'shared': False, 'port_security_enabled': True, 'router:external': False, 'provider:network_type': 'vlan', 'provider:physical_network': 'default', 'provider:segmentation_id': 718, 'availability_zone_hints': [], 'availability_zones': [], 'ipv4_address_scope': None, 'ipv6_address_scope': None, 'description': '', 'tags': [], 'created_at': '2025-12-09T23:10:39Z', 'updated_at': '2025-12-09T23:10:39Z', 'revision_number': 1}, Subnet: {'id': '8e2bb071-03f6-4166-9f4d-adabce3da57d', 'name': 'tempest-VolumesAssistedSnapshotsTest-1042266707-subnet', 'tenant_id': '1afd48898e784e8babd2e7cd3b5dea62', 'network_id': 'aab938e7-9f86-44ad-84ab-87812d2dff93', 'ip_version': 4, 'subnetpool_id': None, 'enable_dhcp': True, 'ipv6_ra_mode': None, 'ipv6_address_mode': None, 'gateway_ip': '192.168.128.1', 'cidr': '192.168.128.0/28', 'allocation_pools': [{'start': '192.168.128.2', 'end': '192.168.128.14'}], 'host_routes': [], 'dns_nameservers': [], 'description': '', 'router:external': False, 'service_types': [], 'tags': [], 'created_at': '2025-12-09T23:10:40Z', 'updated_at': '2025-12-09T23:10:40Z', 'revision_number': 0, 'project_id': '1afd48898e784e8babd2e7cd3b5dea62'}, Router: {'id': 'b97826b7-cc41-4123-9543-e96f6b971809', 'name': 'tempest-VolumesAssistedSnapshotsTest-1042266707-router', 'tenant_id': '1afd48898e784e8babd2e7cd3b5dea62', 'admin_state_up': True, 'status': 'ACTIVE', 'external_gateway_info': {'network_id': '90a4cbf0-121a-46f0-9b54-5a1a24b48e1f', 'external_fixed_ips': [{'subnet_id': '06c870d3-d729-42a6-a225-1c398f684d56', 'ip_address': '10.180.180.203'}], 'enable_snat': True}, 'description': '', 'availability_zones': [], 'distributed': False, 'ha': False, 'availability_zone_hints': [], 'routes': [], 'flavor_id': None, 'tags': [], 'created_at': '2025-12-09T23:10:41Z', 'updated_at': '2025-12-09T23:10:41Z', 'revision_number': 2, 'project_id': '1afd48898e784e8babd2e7cd3b5dea62'}
2025-12-09 23:10:43.235 65874 INFO tempest.lib.common.rest_client [req-fb053a47-b358-478a-a7d8-bacd055f3bf9 req-fb053a47-b358-478a-a7d8-bacd055f3bf9 ] Request (ServersAdminNegativeTestJSON:setUpClass): 201 POST http://10.180.1.21/identity/v3/auth/tokens 0.248s
2025-12-09 23:10:43.243 65896 INFO tempest.lib.common.rest_client [req-93c26ecd-70d9-4109-a2b7-ef4d810c7164 req-93c26ecd-70d9-4109-a2b7-ef4d810c7164 ] Request (ListImageFiltersTestJSON:setUpClass): 200 GET http://10.180.1.21/compute/v2.1/images/37f676a7-35cb-40d0-92cb-6b1cc7350c06 5.117s
2025-12-09 23:10:43.298 65870 INFO tempest.lib.common.rest_client [req-806a3f52-ffcb-4d0c-9d48-766549b9d055 req-806a3f52-ffcb-4d0c-9d48-766549b9d055 ] Request (DeleteServersAdminTestJSON:setUpClass): 201 POST http://10.180.1.21/identity/v3/users 0.229s
2025-12-09 23:10:43.360 65868 INFO tempest.lib.common.rest_client [req-10d8702c-5547-4a4e-b59e-030443fa09ed req-10d8702c-5547-4a4e-b59e-030443fa09ed ] Request (ServerDiagnosticsNegativeTest:setUpClass): 201 POST http://10.180.1.21/identity/v3/auth/tokens 0.237s
2025-12-09 23:10:43.386 65913 INFO tempest.lib.common.rest_client [req-4e37c6be-46e3-4712-8ba7-4b614437b4e1 req-4e37c6be-46e3-4712-8ba7-4b614437b4e1 ] Request (VolumesAssistedSnapshotsTest:setUpClass): 201 POST http://10.180.1.21/identity/v3/auth/tokens 0.150s
2025-12-09 23:10:43.411 65874 INFO tempest.lib.common.rest_client [req-35fa1af6-e021-4485-b608-fb4103692b50 req-35fa1af6-e021-4485-b608-fb4103692b50 ] Request (ServersAdminNegativeTestJSON:setUpClass): 201 POST http://10.180.1.21/identity/v3/auth/tokens 0.169s
2025-12-09 23:10:43.412 65874 INFO tempest.lib.common.fixed_network [-] (ServersAdminNegativeTestJSON:setUpClass) Found network None available for tenant
2025-12-09 23:10:43.487 65870 INFO tempest.lib.common.rest_client [req-6b7d6f98-359e-4887-8ae2-d59c7dfa8205 req-6b7d6f98-359e-4887-8ae2-d59c7dfa8205 ] Request (DeleteServersAdminTestJSON:setUpClass): 200 GET http://10.180.1.21/identity/v3/roles 0.188s
2025-12-09 23:10:43.522 65913 INFO tempest.lib.common.rest_client [req-5d08af51-1ab8-48c3-a033-200f90f1bbe7 req-5d08af51-1ab8-48c3-a033-200f90f1bbe7 ] Request (VolumesAssistedSnapshotsTest:setUpClass): 201 POST http://10.180.1.21/identity/v3/projects 0.135s
2025-12-09 23:10:43.541 65868 INFO tempest.lib.common.rest_client [req-2fa5c62d-4f46-4b4d-bd01-3a533d64e07c req-2fa5c62d-4f46-4b4d-bd01-3a533d64e07c ] Request (ServerDiagnosticsNegativeTest:test_get_server_diagnostics_by_non_admin): 201 POST http://10.180.1.21/identity/v3/auth/tokens 0.172s
2025-12-09 23:10:43.541 65868 INFO tempest.lib.common.fixed_network [-] (ServerDiagnosticsNegativeTest:test_get_server_diagnostics_by_non_admin) Found network None available for tenant
2025-12-09 23:10:43.628 65886 INFO tempest.lib.common.rest_client [req-69841735-19f7-4e7f-91a8-6d5512fdb53a req-69841735-19f7-4e7f-91a8-6d5512fdb53a ] Request (AttachInterfacesUnderV243Test:setUpClass): 200 PUT http://10.180.1.21/networking/v2.0/routers/3a75e3c5-74fd-400c-bc9f-89c1a696a423/add_router_interface 1.172s
2025-12-09 23:10:43.628 65886 INFO tempest.lib.common.dynamic_creds [-] Created isolated network resources for: credentials: Credentials: {'domain_id': 'default', 'domain_name': 'Default', 'username': 'tempest-AttachInterfacesUnderV243Test-133595038-project-member', 'project_domain_id': 'default', 'project_domain_name': 'Default', 'project_id': '0b4aff3465b44320bab36f090a378c4b', 'project_name': 'tempest-AttachInterfacesUnderV243Test-133595038', 'tenant_id': '0b4aff3465b44320bab36f090a378c4b', 'tenant_name': 'tempest-AttachInterfacesUnderV243Test-133595038', 'user_domain_id': 'default', 'user_domain_name': 'Default', 'user_id': '35946796eaf641d780c39734a08cc1ba', 'system': None}, Network: {'id': '02ef2d4f-4728-46f6-a870-246e292a0192', 'name': 'tempest-AttachInterfacesUnderV243Test-1784532245-network', 'tenant_id': '0b4aff3465b44320bab36f090a378c4b', 'project_id': '0b4aff3465b44320bab36f090a378c4b', 'admin_state_up': True, 'mtu': 8950, 'status': 'ACTIVE', 'subnets': [], 'shared': False, 'port_security_enabled': True, 'router:external': False, 'provider:network_type': 'vlan', 'provider:physical_network': 'default', 'provider:segmentation_id': 33, 'availability_zone_hints': [], 'availability_zones': [], 'ipv4_address_scope': None, 'ipv6_address_scope': None, 'description': '', 'tags': [], 'created_at': '2025-12-09T23:10:40Z', 'updated_at': '2025-12-09T23:10:40Z', 'revision_number': 1}, Subnet: {'id': '180fd3db-32f8-4c98-8497-b6683c67f14c', 'name': 'tempest-AttachInterfacesUnderV243Test-1784532245-subnet', 'tenant_id': '0b4aff3465b44320bab36f090a378c4b', 'network_id': '02ef2d4f-4728-46f6-a870-246e292a0192', 'ip_version': 4, 'subnetpool_id': None, 'enable_dhcp': True, 'ipv6_ra_mode': None, 'ipv6_address_mode': None, 'gateway_ip': '192.168.128.1', 'cidr': '192.168.128.0/28', 'allocation_pools': [{'start': '192.168.128.2', 'end': '192.168.128.14'}], 'host_routes': [], 'dns_nameservers': [], 'description': '', 'router:external': False, 'service_types': [], 'tags': [], 'created_at': '2025-12-09T23:10:41Z', 'updated_at': '2025-12-09T23:10:41Z', 'revision_number': 0, 'project_id': '0b4aff3465b44320bab36f090a378c4b'}, Router: {'id': '3a75e3c5-74fd-400c-bc9f-89c1a696a423', 'name': 'tempest-AttachInterfacesUnderV243Test-1784532245-router', 'tenant_id': '0b4aff3465b44320bab36f090a378c4b', 'admin_state_up': True, 'status': 'ACTIVE', 'external_gateway_info': {'network_id': '90a4cbf0-121a-46f0-9b54-5a1a24b48e1f', 'external_fixed_ips': [{'subnet_id': '06c870d3-d729-42a6-a225-1c398f684d56', 'ip_address': '10.180.180.177'}], 'enable_snat': True}, 'description': '', 'availability_zones': [], 'distributed': False, 'ha': False, 'availability_zone_hints': [], 'routes': [], 'flavor_id': None, 'tags': [], 'created_at': '2025-12-09T23:10:41Z', 'updated_at': '2025-12-09T23:10:42Z', 'revision_number': 2, 'project_id': '0b4aff3465b44320bab36f090a378c4b'}
2025-12-09 23:10:43.690 65891 INFO tempest.lib.common.rest_client [req-25df01c8-4fbc-41b9-8a44-fd74a86dc145 req-25df01c8-4fbc-41b9-8a44-fd74a86dc145 ] Request (ImagesMetadataTestJSON:setUpClass): 201 POST http://10.180.1.21/image/v2/images 1.417s
2025-12-09 23:10:43.705 65870 INFO tempest.lib.common.rest_client [req-f58dd11a-06c8-4126-b3c8-1206bc038ee2 req-f58dd11a-06c8-4126-b3c8-1206bc038ee2 ] Request (DeleteServersAdminTestJSON:setUpClass): 204 PUT http://10.180.1.21/identity/v3/projects/5809a7e92da643fb8d5111b6e7208b2c/users/8da1e32ccf4f4104b89b57d7c705241d/roles/fd4440a17f3e4b8aa8331da31775bf91 0.217s
2025-12-09 23:10:43.717 65913 INFO tempest.lib.common.rest_client [req-355caa21-cded-432d-b168-9ddbbfb6575c req-355caa21-cded-432d-b168-9ddbbfb6575c ] Request (VolumesAssistedSnapshotsTest:setUpClass): 201 POST http://10.180.1.21/identity/v3/users 0.194s
2025-12-09 23:10:43.785 65920 INFO tempest.lib.common.rest_client [req-0b4e582f-492c-4c6e-8fba-594a47984302 req-0b4e582f-492c-4c6e-8fba-594a47984302 ] Request (ServerExternalEventsTest:test_create_server_external_events): 202 POST http://10.180.1.21/compute/v2.1/servers 5.587s
2025-12-09 23:10:43.805 65886 INFO tempest.lib.common.rest_client [req-40fac389-84ed-4401-ad75-4866c2874a33 req-40fac389-84ed-4401-ad75-4866c2874a33 ] Request (AttachInterfacesUnderV243Test:setUpClass): 201 POST http://10.180.1.21/identity/v3/auth/tokens 0.172s
2025-12-09 23:10:43.884 65870 INFO tempest.lib.common.rest_client [req-932a550b-a9ea-4fc2-8559-97912964088b req-932a550b-a9ea-4fc2-8559-97912964088b ] Request (DeleteServersAdminTestJSON:setUpClass): 200 GET http://10.180.1.21/identity/v3/roles 0.179s
2025-12-09 23:10:43.891 65913 INFO tempest.lib.common.rest_client [req-0a552dd1-7698-44ff-be59-cda53c8508b2 req-0a552dd1-7698-44ff-be59-cda53c8508b2 ] Request (VolumesAssistedSnapshotsTest:setUpClass): 200 GET http://10.180.1.21/identity/v3/roles 0.174s
2025-12-09 23:10:43.965 65870 INFO tempest.lib.common.rest_client [req-bfd800f0-b4e3-4c0a-ac3f-6ce934298d43 req-bfd800f0-b4e3-4c0a-ac3f-6ce934298d43 ] Request (DeleteServersAdminTestJSON:setUpClass): 204 PUT http://10.180.1.21/identity/v3/projects/5809a7e92da643fb8d5111b6e7208b2c/users/8da1e32ccf4f4104b89b57d7c705241d/roles/fd4440a17f3e4b8aa8331da31775bf91 0.080s
2025-12-09 23:10:43.965 65870 INFO tempest.lib.common.dynamic_creds [-] Dynamic test user 8da1e32ccf4f4104b89b57d7c705241d is created with scope project and roles: ['admin']
2025-12-09 23:10:43.965 65870 INFO tempest.lib.common.dynamic_creds [-] Acquired dynamic creds: credentials: Credentials: {'domain_id': 'default', 'domain_name': 'Default', 'username': 'tempest-DeleteServersAdminTestJSON-1205923438-project-admin', 'project_domain_id': 'default', 'project_domain_name': 'Default', 'project_id': '5809a7e92da643fb8d5111b6e7208b2c', 'project_name': 'tempest-DeleteServersAdminTestJSON-1205923438', 'tenant_id': '5809a7e92da643fb8d5111b6e7208b2c', 'tenant_name': 'tempest-DeleteServersAdminTestJSON-1205923438', 'user_domain_id': 'default', 'user_domain_name': 'Default', 'user_id': '8da1e32ccf4f4104b89b57d7c705241d', 'system': None}, Network: None, Subnet: None, Router: None
2025-12-09 23:10:43.965 65870 INFO tempest.lib.common.dynamic_creds [-] Created isolated network resources for: credentials: Credentials: {'domain_id': 'default', 'domain_name': 'Default', 'username': 'tempest-DeleteServersAdminTestJSON-1205923438-project-admin', 'project_domain_id': 'default', 'project_domain_name': 'Default', 'project_id': '5809a7e92da643fb8d5111b6e7208b2c', 'project_name': 'tempest-DeleteServersAdminTestJSON-1205923438', 'tenant_id': '5809a7e92da643fb8d5111b6e7208b2c', 'tenant_name': 'tempest-DeleteServersAdminTestJSON-1205923438', 'user_domain_id': 'default', 'user_domain_name': 'Default', 'user_id': '8da1e32ccf4f4104b89b57d7c705241d', 'system': None}, Network: None, Subnet: None, Router: None
2025-12-09 23:10:43.995 65913 INFO tempest.lib.common.rest_client [req-ecf88a72-b0cf-4e16-9e4b-72f18a1080c8 req-ecf88a72-b0cf-4e16-9e4b-72f18a1080c8 ] Request (VolumesAssistedSnapshotsTest:setUpClass): 204 PUT http://10.180.1.21/identity/v3/projects/77a0a2b38a444fdd842aeb13d7cb7b6c/users/02ef0e2256f04d2ba306385dbe938ad3/roles/fd4440a17f3e4b8aa8331da31775bf91 0.103s
2025-12-09 23:10:44.001 65892 INFO tempest.lib.common.rest_client [req-18496066-df44-4421-b770-aea65369a8de req-18496066-df44-4421-b770-aea65369a8de ] Request (InstanceActionsTestJSON:setUpClass): 202 POST http://10.180.1.21/compute/v2.1/servers 6.731s
2025-12-09 23:10:44.008 65900 INFO tempest.lib.common.rest_client [req-8c17d96a-c51f-4446-8449-047df396056c req-8c17d96a-c51f-4446-8449-047df396056c ] Request (KeyPairsV2TestJSON:test_get_keypair_detail): 200 POST http://10.180.1.21/compute/v2.1/os-keypairs 5.477s
2025-12-09 23:10:44.059 65884 INFO tempest.lib.common.rest_client [req-7eb5d194-f634-47f0-b2f2-d3e6dc1cfc32 req-7eb5d194-f634-47f0-b2f2-d3e6dc1cfc32 ] Request (NetworksTest:test_get_network): 200 GET http://10.180.1.21/compute/v2.1/os-networks/90a4cbf0-121a-46f0-9b54-5a1a24b48e1f 5.276s
2025-12-09 23:10:44.063 65913 INFO tempest.lib.common.rest_client [req-8e7aa819-5e6a-440c-be98-fa853a6f9d56 req-8e7aa819-5e6a-440c-be98-fa853a6f9d56 ] Request (VolumesAssistedSnapshotsTest:setUpClass): 200 GET http://10.180.1.21/identity/v3/roles 0.067s
2025-12-09 23:10:44.070 65870 INFO tempest.lib.common.rest_client [req-61d11745-f799-46be-b942-92bf3e9b6a93 req-61d11745-f799-46be-b942-92bf3e9b6a93 ] Request (DeleteServersAdminTestJSON:setUpClass): 201 POST http://10.180.1.21/identity/v3/auth/tokens 0.101s
2025-12-09 23:10:44.152 65913 INFO tempest.lib.common.rest_client [req-b08c9d62-d02d-4d7a-ac27-a61e047b69c0 req-b08c9d62-d02d-4d7a-ac27-a61e047b69c0 ] Request (VolumesAssistedSnapshotsTest:setUpClass): 204 PUT http://10.180.1.21/identity/v3/projects/77a0a2b38a444fdd842aeb13d7cb7b6c/users/02ef0e2256f04d2ba306385dbe938ad3/roles/86cdaf13d8234aec8ac171e4f4743a92 0.088s
2025-12-09 23:10:44.153 65913 INFO tempest.lib.common.dynamic_creds [-] Dynamic test user 02ef0e2256f04d2ba306385dbe938ad3 is created with scope project and roles: ['admin', 'service']
2025-12-09 23:10:44.153 65913 INFO tempest.lib.common.dynamic_creds [-] Acquired dynamic creds: credentials: Credentials: {'domain_id': 'default', 'domain_name': 'Default', 'username': 'tempest-VolumesAssistedSnapshotsTest-1668564027-project', 'project_domain_id': 'default', 'project_domain_name': 'Default', 'project_id': '77a0a2b38a444fdd842aeb13d7cb7b6c', 'project_name': 'tempest-VolumesAssistedSnapshotsTest-1668564027', 'tenant_id': '77a0a2b38a444fdd842aeb13d7cb7b6c', 'tenant_name': 'tempest-VolumesAssistedSnapshotsTest-1668564027', 'user_domain_id': 'default', 'user_domain_name': 'Default', 'user_id': '02ef0e2256f04d2ba306385dbe938ad3', 'system': None}, Network: None, Subnet: None, Router: None
2025-12-09 23:10:44.216 65870 INFO tempest.lib.common.rest_client [req-d6cf07cb-f6b1-4396-b3bf-7448f5891c1c req-d6cf07cb-f6b1-4396-b3bf-7448f5891c1c ] Request (DeleteServersAdminTestJSON:test_admin_delete_servers_of_others): 201 POST http://10.180.1.21/identity/v3/auth/tokens 0.142s
2025-12-09 23:10:44.217 65870 INFO tempest.lib.common.fixed_network [-] (DeleteServersAdminTestJSON:test_admin_delete_servers_of_others) Found network None available for tenant
2025-12-09 23:10:44.224 65882 INFO tempest.lib.common.rest_client [req-d8e30f44-99a9-4f46-8f76-3b2338986803 req-d8e30f44-99a9-4f46-8f76-3b2338986803 ] Request (FlavorsExtraSpecsNegativeTestJSON:test_flavor_get_nonexistent_key): 404 GET http://10.180.1.21/compute/v2.1/flavors/1071108906/os-extra_specs/hw:cpu_thread_policy 5.334s
2025-12-09 23:10:44.329 65872 INFO tempest.lib.common.rest_client [req-0067ddf7-acbd-4dd8-8929-6bf6ae060905 req-0067ddf7-acbd-4dd8-8929-6bf6ae060905 ] Request (HostsAdminNegativeTestJSON:test_list_hosts_with_non_admin_user): 403 GET http://10.180.1.21/compute/v2.1/os-hosts 5.349s
2025-12-09 23:10:44.335 65908 INFO tempest.lib.common.rest_client [req-98b8c398-26d3-46f1-8a5c-085d5517300e req-98b8c398-26d3-46f1-8a5c-085d5517300e ] Request (HypervisorAdminNegativeTestJSON:test_get_hypervisor_list_with_non_admin_user): 403 GET http://10.180.1.21/compute/v2.1/os-hypervisors 5.271s
2025-12-09 23:10:44.406 65913 INFO tempest.lib.common.rest_client [req-77348609-00bc-4441-a4bb-b0aaa0c78b0a req-77348609-00bc-4441-a4bb-b0aaa0c78b0a ] Request (VolumesAssistedSnapshotsTest:setUpClass): 201 POST http://10.180.1.21/networking/v2.0/networks 0.252s
2025-12-09 23:10:44.447 65880 INFO tempest.lib.common.rest_client [req-348c57e8-26ba-4f23-a816-c5f44846bd9f req-348c57e8-26ba-4f23-a816-c5f44846bd9f ] Request (FlavorMetadataValidation:test_flavor_update_with_custom_namespace): 200 POST http://10.180.1.21/compute/v2.1/flavors/492290942/os-extra_specs 5.305s
2025-12-09 23:10:44.487 65906 INFO tempest.lib.common.rest_client [req-237d1f9e-54f3-4bc1-904c-8413fe3be7ed req-237d1f9e-54f3-4bc1-904c-8413fe3be7ed ] Request (AggregatesAdminNegativeTestJSON:test_aggregate_add_existent_host): 200 POST http://10.180.1.21/compute/v2.1/os-aggregates 5.276s
2025-12-09 23:10:44.590 65914 INFO tempest.lib.common.rest_client [req-248c935d-d6e9-4ef5-bb2c-975484205f58 req-248c935d-d6e9-4ef5-bb2c-975484205f58 ] Request (FlavorsV255TestJSON:test_crud_flavor): 200 GET http://10.180.1.21/compute/v2.1/flavors/1379610449 5.309s
2025-12-09 23:10:44.603 65926 INFO tempest.lib.common.rest_client [req-e0103857-a974-42d9-823e-220856c789f3 req-e0103857-a974-42d9-823e-220856c789f3 ] Request (DeleteServersTestJSON:test_delete_active_server): 202 POST http://10.180.1.21/compute/v2.1/servers 5.880s
2025-12-09 23:10:44.627 65891 INFO tempest.lib.common.rest_client [req-4b9d9310-3685-482e-83ee-ff165551e971 req-4b9d9310-3685-482e-83ee-ff165551e971 ] Request (ImagesMetadataTestJSON:setUpClass): 204 PUT http://10.180.1.21/image/v2/images/faa7e3cc-b7c1-4d20-ae0a-09f531590e36/file 0.936s
2025-12-09 23:10:44.631 65913 INFO tempest.lib.common.rest_client [req-faf4abeb-8395-4f0c-b5f1-412c16aeb813 req-faf4abeb-8395-4f0c-b5f1-412c16aeb813 ] Request (VolumesAssistedSnapshotsTest:setUpClass): 201 POST http://10.180.1.21/networking/v2.0/subnets 0.223s
2025-12-09 23:10:44.632 65922 INFO tempest.lib.common.rest_client [req-e35137bf-a9b0-4646-ae8e-2412389b7e73 req-e35137bf-a9b0-4646-ae8e-2412389b7e73 ] Request (HypervisorAdminV228Test:test_get_list_hypervisor_details): 200 GET http://10.180.1.21/compute/v2.1/os-hypervisors/1 5.271s
2025-12-09 23:10:44.825 65922 INFO tempest.lib.common.rest_client [req-0cf51300-d82d-40d7-ad18-7788c30a8298 req-0cf51300-d82d-40d7-ad18-7788c30a8298 ] Request (HypervisorAdminV228Test:tearDownClass): 204 DELETE http://10.180.1.21/identity/v3/users/4ce1337dca1f4c379a6be399dbb4089d 0.176s
2025-12-09 23:10:44.929 65922 INFO tempest.lib.common.rest_client [req-bf3310b4-bd07-4aa4-a57e-a0cd6d38a05f req-bf3310b4-bd07-4aa4-a57e-a0cd6d38a05f ] Request (HypervisorAdminV228Test:tearDownClass): 204 DELETE http://10.180.1.21/identity/v3/users/0981d18bc77e4f85889557936b213b7e 0.103s
2025-12-09 23:10:44.929 65922 INFO tempest.lib.common.dynamic_creds [-] Deleting project and security group for project: f98abe5d93104321832872130d91478b
2025-12-09 23:10:44.971 65888 INFO tempest.lib.common.rest_client [req-88fe22d1-3acc-4ae9-bd90-601d37d54b04 req-88fe22d1-3acc-4ae9-bd90-601d37d54b04 ] Request (ServersAdmin275Test:test_rebuild_update_server_275): 200 PUT http://10.180.1.21/compute/v2.1/servers/180da5d3-c5a3-410a-8f20-cf96efe1a8d5 5.398s
2025-12-09 23:10:44.996 65922 INFO tempest.lib.common.rest_client [req-91374bd3-5459-4c0e-a3db-e6806de065e1 req-91374bd3-5459-4c0e-a3db-e6806de065e1 ] Request (HypervisorAdminV228Test:tearDownClass): 201 POST http://10.180.1.21/identity/v3/auth/tokens 0.066s
2025-12-09 23:10:45.007 65898 INFO tempest.lib.common.rest_client [req-aed33be3-a4dc-4ade-90ee-70d80863692d req-aed33be3-a4dc-4ade-90ee-70d80863692d ] Request (KeyPairsV210TestJSON:test_admin_manage_keypairs_for_other_users): 201 POST http://10.180.1.21/compute/v2.1/os-keypairs 5.274s
2025-12-09 23:10:45.020 65918 INFO tempest.lib.common.rest_client [req-09515cd2-4d5c-450d-a019-db0a8ecbf889 req-09515cd2-4d5c-450d-a019-db0a8ecbf889 ] Request (QuotaClassesAdminTestJSON:test_update_default_quotas): 200 GET http://10.180.1.21/compute/v2.1/os-quota-class-sets/default 5.074s
2025-12-09 23:10:45.039 65916 INFO tempest.lib.common.rest_client [req-784e8346-f43c-457b-b23e-f450d7107eb1 req-784e8346-f43c-457b-b23e-f450d7107eb1 ] Request (HostsAdminTestJSON:test_list_hosts_with_a_blank_zone): 200 GET http://10.180.1.21/compute/v2.1/os-hosts?zone= 4.954s
2025-12-09 23:10:45.095 65928 INFO tempest.lib.common.rest_client [req-c704aeac-9855-4725-9456-51d178ed34a5 req-c704aeac-9855-4725-9456-51d178ed34a5 ] Request (ImagesOneServerNegativeTestJSON:setUpClass): 202 POST http://10.180.1.21/compute/v2.1/servers 5.740s
2025-12-09 23:10:45.212 65922 INFO tempest.lib.common.rest_client [req-cfdc0a73-3c89-4526-9e9c-0d542ce086d4 req-cfdc0a73-3c89-4526-9e9c-0d542ce086d4 ] Request (HypervisorAdminV228Test:tearDownClass): 200 GET http://10.180.1.21/networking/v2.0/security-groups?tenant_id=f98abe5d93104321832872130d91478b&name=default 0.215s
2025-12-09 23:10:45.225 65878 INFO tempest.lib.common.rest_client [req-5e162731-5922-46d2-9f2c-66754a1dd0d7 req-5e162731-5922-46d2-9f2c-66754a1dd0d7 ] Request (ServersWithSpecificFlavorTestJSON:test_verify_created_server_ephemeral_disk): 200 GET http://10.180.1.21/compute/v2.1/flavors/42 4.040s
2025-12-09 23:10:45.257 65925 INFO tempest.lib.common.rest_client [req-09016c2c-fece-4f55-9751-3e0ddcc2210f req-09016c2c-fece-4f55-9751-3e0ddcc2210f ] Request (HypervisorAdminTestJSON:test_get_hypervisor_list_details): 200 GET http://10.180.1.21/compute/v2.1/os-hypervisors/detail 3.965s
2025-12-09 23:10:45.279 65911 INFO tempest.lib.common.rest_client [req-f0a29436-2d8b-4e79-b47c-08cf6beec83a req-f0a29436-2d8b-4e79-b47c-08cf6beec83a ] Request (FlavorsAdminTestJSON:_run_cleanups): 202 DELETE http://10.180.1.21/compute/v2.1/flavors/911246975 3.907s
2025-12-09 23:10:45.365 65904 INFO tempest.lib.common.rest_client [req-c3ba153f-c454-4292-9dce-25b6b8783ab6 req-c3ba153f-c454-4292-9dce-25b6b8783ab6 ] Request (SecurityGroupsTestAdminJSON:test_list_security_groups_list_all_tenants_filter): 200 POST http://10.180.1.21/compute/v2.1/os-security-groups 4.191s
2025-12-09 23:10:45.422 65913 INFO tempest.lib.common.rest_client [req-88019de2-83f1-49f7-9221-f4e466fe09e6 req-88019de2-83f1-49f7-9221-f4e466fe09e6 ] Request (VolumesAssistedSnapshotsTest:setUpClass): 201 POST http://10.180.1.21/networking/v2.0/routers 0.790s
2025-12-09 23:10:45.443 65922 INFO tempest.lib.common.rest_client [req-5338a68f-784e-49a6-9c5d-d0131a60e9e6 req-5338a68f-784e-49a6-9c5d-d0131a60e9e6 ] Request (HypervisorAdminV228Test:tearDownClass): 204 DELETE http://10.180.1.21/networking/v2.0/security-groups/ed56b3dc-1454-49b3-8986-4d58b5e899f7 0.231s
2025-12-09 23:10:45.486 65876 INFO tempest.lib.common.rest_client [req-e2eb4286-8396-481b-a9ff-2d8246a37a06 req-e2eb4286-8396-481b-a9ff-2d8246a37a06 ] Request (FloatingIPsAssociationNegativeTestJSON:setUpClass): 200 GET http://10.180.1.21/compute/v2.1/servers/195a5fb9-b6e8-4906-a1d1-5175620fda83 2.802s
2025-12-09 23:10:45.538 65922 INFO tempest.lib.common.rest_client [req-acaa4adc-cdeb-419e-b605-ca362ed06e79 req-acaa4adc-cdeb-419e-b605-ca362ed06e79 ] Request (HypervisorAdminV228Test:tearDownClass): 204 DELETE http://10.180.1.21/identity/v3/projects/f98abe5d93104321832872130d91478b 0.094s
2025-12-09 23:10:45.539 65922 INFO tempest.lib.common.dynamic_creds [-] Deleting project and security group for project: c8539b041a60482ba67011eb27726730
2025-12-09 23:10:45.623 65894 INFO tempest.lib.common.rest_client [req-1fd51a6e-e54b-466e-b87a-21cc4df82128 req-1fd51a6e-e54b-466e-b87a-21cc4df82128 ] Request (SecurityGroupRulesNegativeTestJSON:test_create_security_group_rule_duplicate): 200 POST http://10.180.1.21/compute/v2.1/os-security-group-rules 3.420s
2025-12-09 23:10:45.678 65902 INFO tempest.lib.common.rest_client [req-8e7a4511-ea47-4226-98ce-c54d6223584e req-8e7a4511-ea47-4226-98ce-c54d6223584e ] Request (FlavorsAccessNegativeTestJSON:test_add_flavor_access_duplicate): 200 POST http://10.180.1.21/compute/v2.1/flavors/685868123/action 2.480s
2025-12-09 23:10:45.728 65896 INFO tempest.lib.common.rest_client [req-15d6d7d6-d2be-496c-a76f-0f289a50fedb req-15d6d7d6-d2be-496c-a76f-0f289a50fedb ] Request (ListImageFiltersTestJSON:setUpClass): 200 GET http://10.180.1.21/compute/v2.1/images/37f676a7-35cb-40d0-92cb-6b1cc7350c06 2.476s
2025-12-09 23:10:45.816 65922 INFO tempest.lib.common.rest_client [req-ff5de1ba-56d7-4aae-b9f2-8cc0439c4d9a req-ff5de1ba-56d7-4aae-b9f2-8cc0439c4d9a ] Request (HypervisorAdminV228Test:tearDownClass): 200 GET http://10.180.1.21/networking/v2.0/security-groups?tenant_id=c8539b041a60482ba67011eb27726730&name=default 0.276s
2025-12-09 23:10:45.923 65922 INFO tempest.lib.common.rest_client [req-cb0ca691-774f-4fcf-ba45-c602b6056ed3 req-cb0ca691-774f-4fcf-ba45-c602b6056ed3 ] Request (HypervisorAdminV228Test:tearDownClass): 204 DELETE http://10.180.1.21/networking/v2.0/security-groups/5a10d8c3-c9e9-4b9e-bc64-97477b92bebe 0.106s
2025-12-09 23:10:46.102 65922 INFO tempest.lib.common.rest_client [req-7fe86238-adb2-4ac8-92eb-3c0b5f4055d5 req-7fe86238-adb2-4ac8-92eb-3c0b5f4055d5 ] Request (HypervisorAdminV228Test:tearDownClass): 204 DELETE http://10.180.1.21/identity/v3/projects/c8539b041a60482ba67011eb27726730 0.177s
2025-12-09 23:10:46.186 65922 INFO tempest.lib.common.rest_client [req-98f59ca7-da30-41f6-8cf9-8a73da39f506 req-98f59ca7-da30-41f6-8cf9-8a73da39f506 ] Request (QuotasSecurityGroupAdminNegativeTest:setUpClass): 201 POST http://10.180.1.21/identity/v3/auth/tokens 0.081s
2025-12-09 23:10:46.190 65896 INFO tempest.lib.common.rest_client [req-82c15762-6620-4392-8154-855cfd67f475 req-82c15762-6620-4392-8154-855cfd67f475 ] Request (ListImageFiltersTestJSON:setUpClass): 201 POST http://10.180.1.21/image/v2/images 0.456s
2025-12-09 23:10:46.192 65866 INFO tempest.lib.common.rest_client [req-4d37433e-276f-48cc-919f-901ed95f6ca6 req-4d37433e-276f-48cc-919f-901ed95f6ca6 ] Request (MigrationsAdminTest:test_list_migrations_in_flavor_resize_situation): 202 POST http://10.180.1.21/compute/v2.1/servers 2.965s
2025-12-09 23:10:46.195 65874 INFO tempest.lib.common.rest_client [req-e0b77779-a340-4b50-9061-a3fa7e6d559f req-e0b77779-a340-4b50-9061-a3fa7e6d559f ] Request (ServersAdminNegativeTestJSON:setUpClass): 202 POST http://10.180.1.21/compute/v2.1/servers 2.782s
2025-12-09 23:10:46.239 65922 INFO tempest.lib.common.rest_client [req-9e331cfb-ed4a-4da3-aa2c-11e703343e6d req-9e331cfb-ed4a-4da3-aa2c-11e703343e6d ] Request (QuotasSecurityGroupAdminNegativeTest:setUpClass): 201 POST http://10.180.1.21/identity/v3/auth/tokens 0.049s
2025-12-09 23:10:46.273 65922 INFO tempest.lib.common.rest_client [req-263af88f-f1e1-46b8-8eca-1ddc0f6e3e6a req-263af88f-f1e1-46b8-8eca-1ddc0f6e3e6a ] Request (QuotasSecurityGroupAdminNegativeTest:setUpClass): 200 GET http://10.180.1.21/identity/v3/domains?name=Default 0.034s
2025-12-09 23:10:46.286 65920 INFO tempest.lib.common.rest_client [req-0319d047-541e-434c-ae7b-b3ab6893325b req-0319d047-541e-434c-ae7b-b3ab6893325b ] Request (ServerExternalEventsTest:test_create_server_external_events): 200 GET http://10.180.1.21/compute/v2.1/servers/d9e89a7c-e4d6-40d6-b448-f224c40af8d5 2.499s
2025-12-09 23:10:46.332 65922 INFO tempest.lib.common.rest_client [req-21ce960f-dcb1-46ae-8007-4e4a0eeaabf1 req-21ce960f-dcb1-46ae-8007-4e4a0eeaabf1 ] Request (QuotasSecurityGroupAdminNegativeTest:setUpClass): 201 POST http://10.180.1.21/identity/v3/projects 0.059s
2025-12-09 23:10:46.534 65922 INFO tempest.lib.common.rest_client [req-3d602bcf-10d2-4f8d-8367-7c9f4c21b5f0 req-3d602bcf-10d2-4f8d-8367-7c9f4c21b5f0 ] Request (QuotasSecurityGroupAdminNegativeTest:setUpClass): 201 POST http://10.180.1.21/identity/v3/users 0.201s
2025-12-09 23:10:46.544 65886 INFO tempest.lib.common.rest_client [req-5a22ba08-eeb3-4251-8e34-2b62dabe0a67 req-5a22ba08-eeb3-4251-8e34-2b62dabe0a67 ] Request (ValidationResourcesFixture:setUp): 200 POST http://10.180.1.21/compute/v2.1/os-keypairs 2.736s
2025-12-09 23:10:46.588 65922 INFO tempest.lib.common.rest_client [req-0a5e8a79-e74d-4f9d-8d52-f91ca3d3db9d req-0a5e8a79-e74d-4f9d-8d52-f91ca3d3db9d ] Request (QuotasSecurityGroupAdminNegativeTest:setUpClass): 200 GET http://10.180.1.21/identity/v3/roles 0.053s
2025-12-09 23:10:46.601 65913 INFO tempest.lib.common.rest_client [req-a46e0580-cb43-43f9-a0cb-b2cc51ca4525 req-a46e0580-cb43-43f9-a0cb-b2cc51ca4525 ] Request (VolumesAssistedSnapshotsTest:setUpClass): 200 PUT http://10.180.1.21/networking/v2.0/routers/88695645-86f8-4ab1-b962-7214c92c8d8a/add_router_interface 1.179s
2025-12-09 23:10:46.602 65913 INFO tempest.lib.common.dynamic_creds [-] Created isolated network resources for: credentials: Credentials: {'domain_id': 'default', 'domain_name': 'Default', 'username': 'tempest-VolumesAssistedSnapshotsTest-1668564027-project', 'project_domain_id': 'default', 'project_domain_name': 'Default', 'project_id': '77a0a2b38a444fdd842aeb13d7cb7b6c', 'project_name': 'tempest-VolumesAssistedSnapshotsTest-1668564027', 'tenant_id': '77a0a2b38a444fdd842aeb13d7cb7b6c', 'tenant_name': 'tempest-VolumesAssistedSnapshotsTest-1668564027', 'user_domain_id': 'default', 'user_domain_name': 'Default', 'user_id': '02ef0e2256f04d2ba306385dbe938ad3', 'system': None}, Network: {'id': 'b626d790-ab0c-45c0-8603-7e9ae8b0fc50', 'name': 'tempest-VolumesAssistedSnapshotsTest-1552399857-network', 'tenant_id': '77a0a2b38a444fdd842aeb13d7cb7b6c', 'project_id': '77a0a2b38a444fdd842aeb13d7cb7b6c', 'admin_state_up': True, 'mtu': 8950, 'status': 'ACTIVE', 'subnets': [], 'shared': False, 'port_security_enabled': True, 'router:external': False, 'provider:network_type': 'vlan', 'provider:physical_network': 'default', 'provider:segmentation_id': 568, 'availability_zone_hints': [], 'availability_zones': [], 'ipv4_address_scope': None, 'ipv6_address_scope': None, 'description': '', 'tags': [], 'created_at': '2025-12-09T23:10:44Z', 'updated_at': '2025-12-09T23:10:44Z', 'revision_number': 1}, Subnet: {'id': '05360ae9-405b-4a4a-9cf9-3cb73e63890b', 'name': 'tempest-VolumesAssistedSnapshotsTest-1552399857-subnet', 'tenant_id': '77a0a2b38a444fdd842aeb13d7cb7b6c', 'network_id': 'b626d790-ab0c-45c0-8603-7e9ae8b0fc50', 'ip_version': 4, 'subnetpool_id': None, 'enable_dhcp': True, 'ipv6_ra_mode': None, 'ipv6_address_mode': None, 'gateway_ip': '192.168.128.1', 'cidr': '192.168.128.0/28', 'allocation_pools': [{'start': '192.168.128.2', 'end': '192.168.128.14'}], 'host_routes': [], 'dns_nameservers': [], 'description': '', 'router:external': False, 'service_types': [], 'tags': [], 'created_at': '2025-12-09T23:10:44Z', 'updated_at': '2025-12-09T23:10:44Z', 'revision_number': 0, 'project_id': '77a0a2b38a444fdd842aeb13d7cb7b6c'}, Router: {'id': '88695645-86f8-4ab1-b962-7214c92c8d8a', 'name': 'tempest-VolumesAssistedSnapshotsTest-1552399857-router', 'tenant_id': '77a0a2b38a444fdd842aeb13d7cb7b6c', 'admin_state_up': True, 'status': 'ACTIVE', 'external_gateway_info': {'network_id': '90a4cbf0-121a-46f0-9b54-5a1a24b48e1f', 'external_fixed_ips': [{'subnet_id': '06c870d3-d729-42a6-a225-1c398f684d56', 'ip_address': '10.180.180.129'}], 'enable_snat': True}, 'description': '', 'availability_zones': [], 'distributed': False, 'ha': False, 'availability_zone_hints': [], 'routes': [], 'flavor_id': None, 'tags': [], 'created_at': '2025-12-09T23:10:44Z', 'updated_at': '2025-12-09T23:10:45Z', 'revision_number': 2, 'project_id': '77a0a2b38a444fdd842aeb13d7cb7b6c'}
2025-12-09 23:10:46.648 65922 INFO tempest.lib.common.rest_client [req-52c82b80-d4f4-4c99-9923-4483ec798d01 req-52c82b80-d4f4-4c99-9923-4483ec798d01 ] Request (QuotasSecurityGroupAdminNegativeTest:setUpClass): 204 PUT http://10.180.1.21/identity/v3/projects/83aa502ea85b48a6b93dcb0af00f3a2d/users/6858bf1d486f4c7bb5538ed6840944fd/roles/90f551ab100a438caa8ce07128a8d6c1 0.059s
2025-12-09 23:10:46.648 65922 INFO tempest.lib.common.dynamic_creds [-] Dynamic test user 6858bf1d486f4c7bb5538ed6840944fd is created with scope project and roles: ['member']
2025-12-09 23:10:46.649 65922 INFO tempest.lib.common.dynamic_creds [-] Acquired dynamic creds: credentials: Credentials: {'domain_id': 'default', 'domain_name': 'Default', 'username': 'tempest-QuotasSecurityGroupAdminNegativeTest-1160507892-project-member', 'project_domain_id': 'default', 'project_domain_name': 'Default', 'project_id': '83aa502ea85b48a6b93dcb0af00f3a2d', 'project_name': 'tempest-QuotasSecurityGroupAdminNegativeTest-1160507892', 'tenant_id': '83aa502ea85b48a6b93dcb0af00f3a2d', 'tenant_name': 'tempest-QuotasSecurityGroupAdminNegativeTest-1160507892', 'user_domain_id': 'default', 'user_domain_name': 'Default', 'user_id': '6858bf1d486f4c7bb5538ed6840944fd', 'system': None}, Network: None, Subnet: None, Router: None
2025-12-09 23:10:46.649 65922 INFO tempest.lib.common.dynamic_creds [-] Created isolated network resources for: credentials: Credentials: {'domain_id': 'default', 'domain_name': 'Default', 'username': 'tempest-QuotasSecurityGroupAdminNegativeTest-1160507892-project-member', 'project_domain_id': 'default', 'project_domain_name': 'Default', 'project_id': '83aa502ea85b48a6b93dcb0af00f3a2d', 'project_name': 'tempest-QuotasSecurityGroupAdminNegativeTest-1160507892', 'tenant_id': '83aa502ea85b48a6b93dcb0af00f3a2d', 'tenant_name': 'tempest-QuotasSecurityGroupAdminNegativeTest-1160507892', 'user_domain_id': 'default', 'user_domain_name': 'Default', 'user_id': '6858bf1d486f4c7bb5538ed6840944fd', 'system': None}, Network: None, Subnet: None, Router: None
2025-12-09 23:10:46.668 65892 INFO tempest.lib.common.rest_client [req-672cfd38-39cf-44d2-a59a-973b86143812 req-672cfd38-39cf-44d2-a59a-973b86143812 ] Request (InstanceActionsTestJSON:setUpClass): 200 GET http://10.180.1.21/compute/v2.1/servers/dc146ebc-09c2-4845-a497-272c3f007859 2.666s
2025-12-09 23:10:46.700 65900 INFO tempest.lib.common.rest_client [req-baa2da52-13ef-4898-88cf-a3cc63a46dd9 req-baa2da52-13ef-4898-88cf-a3cc63a46dd9 ] Request (KeyPairsV2TestJSON:test_get_keypair_detail): 200 GET http://10.180.1.21/compute/v2.1/os-keypairs/tempest-keypair-1367962020 2.689s
2025-12-09 23:10:46.726 65886 INFO tempest.lib.common.rest_client [req-9194ecb9-7236-49ad-83ba-fc03772112be req-9194ecb9-7236-49ad-83ba-fc03772112be ] Request (ValidationResourcesFixture:setUp): 201 POST http://10.180.1.21/networking/v2.0/security-groups 0.180s
2025-12-09 23:10:46.736 65913 INFO tempest.lib.common.rest_client [req-7ce45e83-bd1c-4e45-9996-d9e1661ad03d req-7ce45e83-bd1c-4e45-9996-d9e1661ad03d ] Request (VolumesAssistedSnapshotsTest:setUpClass): 201 POST http://10.180.1.21/identity/v3/auth/tokens 0.128s
2025-12-09 23:10:46.768 65868 INFO tempest.lib.common.rest_client [req-17c9c58c-161e-4e93-bc56-a1499026c95a req-17c9c58c-161e-4e93-bc56-a1499026c95a ] Request (ServerDiagnosticsNegativeTest:test_get_server_diagnostics_by_non_admin): 202 POST http://10.180.1.21/compute/v2.1/servers 3.226s
2025-12-09 23:10:46.783 65922 INFO tempest.lib.common.rest_client [req-e92abb82-3883-4c82-b2a6-356cdba22896 req-e92abb82-3883-4c82-b2a6-356cdba22896 ] Request (QuotasSecurityGroupAdminNegativeTest:setUpClass): 201 POST http://10.180.1.21/identity/v3/auth/tokens 0.123s
2025-12-09 23:10:46.871 65884 INFO tempest.lib.common.rest_client [req-37a71534-eb2c-49a0-8340-d914d4ae774c req-37a71534-eb2c-49a0-8340-d914d4ae774c ] Request (NetworksTest:test_list_all_networks): 200 GET http://10.180.1.21/compute/v2.1/os-networks 2.803s
2025-12-09 23:10:46.882 65882 INFO tempest.lib.common.rest_client [req-75ae785b-f110-4749-9f9a-b2a42eda194a req-75ae785b-f110-4749-9f9a-b2a42eda194a ] Request (FlavorsExtraSpecsNegativeTestJSON:test_flavor_non_admin_set_keys): 403 POST http://10.180.1.21/compute/v2.1/flavors/1071108906/os-extra_specs 2.650s
2025-12-09 23:10:46.894 65908 INFO tempest.lib.common.rest_client [req-e1bc173b-2851-424f-9a5b-4a286fa656d9 req-e1bc173b-2851-424f-9a5b-4a286fa656d9 ] Request (HypervisorAdminNegativeTestJSON:test_get_hypervisor_stats_with_non_admin_user): 403 GET http://10.180.1.21/compute/v2.1/os-hypervisors/statistics 2.557s
2025-12-09 23:10:46.898 65886 INFO tempest.lib.common.rest_client [req-b5ff7247-d6b2-4b46-8b7a-c98c93455b39 req-b5ff7247-d6b2-4b46-8b7a-c98c93455b39 ] Request (ValidationResourcesFixture:setUp): 201 POST http://10.180.1.21/networking/v2.0/security-group-rules 0.171s
2025-12-09 23:10:46.902 65872 INFO tempest.lib.common.rest_client [req-543202f4-f1b4-4dc1-8e56-0ad992cff409 req-543202f4-f1b4-4dc1-8e56-0ad992cff409 ] Request (HostsAdminNegativeTestJSON:test_reboot_host_with_non_admin_user): 403 GET http://10.180.1.21/compute/v2.1/os-hosts/devstack/reboot 2.565s
2025-12-09 23:10:46.930 65880 INFO tempest.lib.common.rest_client [req-5cdd66a9-9316-4510-9092-ea0cd4d7b797 req-5cdd66a9-9316-4510-9092-ea0cd4d7b797 ] Request (FlavorMetadataValidation:_run_cleanups): 202 DELETE http://10.180.1.21/compute/v2.1/flavors/492290942 2.481s
2025-12-09 23:10:47.022 65922 INFO tempest.lib.common.rest_client [req-e46ad1d0-88da-46f1-ba90-76ed4643a451 req-e46ad1d0-88da-46f1-ba90-76ed4643a451 ] Request (QuotasSecurityGroupAdminNegativeTest:setUpClass): 201 POST http://10.180.1.21/identity/v3/projects 0.238s
