2025-12-09 23:11:53.874 65928 INFO tempest.lib.common.rest_client [req-17a26064-7903-462e-b2df-6d8f281dcd8f req-17a26064-7903-462e-b2df-6d8f281dcd8f ] Request (ImagesOneServerNegativeTestJSON:test_create_second_image_when_first_image_is_being_saved): 409 POST http://10.180.1.21/compute/v2.1/servers/c138764d-d194-40ec-ad27-4a4efae1112c/action 1.031s
2025-12-09 23:11:53.938 65868 INFO tempest.lib.common.rest_client [req-d624c965-7c39-4d89-bc60-b90b84367d50 req-d624c965-7c39-4d89-bc60-b90b84367d50 ] Request (ServerDiagnosticsNegativeTest:tearDownClass): 200 GET http://10.180.1.21/compute/v2.1/servers/9a17e6bb-8cda-461c-80e7-b309500d1f4f 1.043s
2025-12-09 23:11:54.018 65904 INFO tempest.lib.common.rest_client [req-7106ac04-6762-463d-aca9-3c56fce63ed5 req-7106ac04-6762-463d-aca9-3c56fce63ed5 ] Request (TenantUsagesTestJSON:setUpClass): 200 GET http://10.180.1.21/compute/v2.1/servers/599ed706-5a8e-4c2e-a218-e579852385bf 1.151s
2025-12-09 23:11:54.041 65891 INFO tempest.lib.common.rest_client [req-c0dcde18-7abc-4898-a8f0-97450d73334d req-c0dcde18-7abc-4898-a8f0-97450d73334d ] Request (ServerMetadataTestJSON:setUpClass): 200 GET http://10.180.1.21/compute/v2.1/servers/c80f2a36-ab18-43d2-818c-c6edc1d36e29 1.096s
2025-12-09 23:11:54.130 65920 INFO tempest.lib.common.rest_client [req-295c5c56-b1d8-41bf-8683-f321c0b457e1 req-295c5c56-b1d8-41bf-8683-f321c0b457e1 ] Request (ServersTestJSON:setUpClass): 200 GET http://10.180.1.21/compute/v2.1/servers/a84452e8-064b-48ab-b772-3d37e22c2ecd 1.114s
2025-12-09 23:11:54.154 65884 INFO tempest.lib.common.rest_client [req-5457e69a-74dc-42d3-9cc6-1c3398944c6d req-5457e69a-74dc-42d3-9cc6-1c3398944c6d ] Request (KeyPairsV22TestJSON:_run_cleanups): 204 DELETE http://10.180.1.21/compute/v2.1/os-keypairs/tempest-KeyPairsV22TestJSON-keypair-2123027855 1.118s
2025-12-09 23:11:54.202 65902 INFO tempest.lib.common.rest_client [req-2cdf29f7-ff1f-42fa-874f-ca5846b6ea2a req-2cdf29f7-ff1f-42fa-874f-ca5846b6ea2a ] Request (FlavorsExtraSpecsTestJSON:setUpClass): 200 POST http://10.180.1.21/compute/v2.1/flavors 1.213s
2025-12-09 23:11:54.230 65876 INFO tempest.lib.common.rest_client [req-06ede34d-5fbd-461c-8121-459dfbd6a687 req-06ede34d-5fbd-461c-8121-459dfbd6a687 ] Request (FloatingIPsAssociationNegativeTestJSON:tearDownClass): 200 GET http://10.180.1.21/compute/v2.1/servers/195a5fb9-b6e8-4906-a1d1-5175620fda83 1.175s
2025-12-09 23:11:54.325 65922 INFO tempest.lib.common.rest_client [req-b0209f33-131a-4d8d-a497-0066f42bed1d req-b0209f33-131a-4d8d-a497-0066f42bed1d ] Request (ServersAaction247Test:tearDownClass): 200 GET http://10.180.1.21/compute/v2.1/servers/7842f448-2658-4e67-a802-e991212966cd 1.102s
2025-12-09 23:11:54.346 65880 INFO tempest.lib.common.rest_client [req-9d74e1a1-355f-49f0-8126-7680083e0f89 req-9d74e1a1-355f-49f0-8126-7680083e0f89 ] Request (ServersNegativeTestMultiTenantJSON:setUpClass): 200 GET http://10.180.1.21/compute/v2.1/servers/11db2efc-5d2a-4fd9-ae5b-6869e28340e2 1.183s
2025-12-09 23:11:54.353 65880 INFO tempest.common.waiters [-] State transition "BUILD/spawning" ==> "ACTIVE/None" after 38 second wait
2025-12-09 23:11:54.390 65874 INFO tempest.lib.common.rest_client [req-593f7789-0bb2-4999-9348-820f9c26b223 req-593f7789-0bb2-4999-9348-820f9c26b223 ] Request (ServersAdminNegativeTestJSON:test_migrate_server_invalid_state): 200 GET http://10.180.1.21/compute/v2.1/servers/78a1f47f-c77e-4cac-ab56-d13bea100795 1.063s
2025-12-09 23:11:54.401 65872 INFO tempest.lib.common.rest_client [req-1baa3688-cc84-48a5-8c3d-67684de59310 req-1baa3688-cc84-48a5-8c3d-67684de59310 ] Request (ServersTestMultiNic:test_verify_duplicate_network_nics): 200 GET http://10.180.1.21/compute/v2.1/servers/569006f2-f9b0-4f7f-acbc-4509ee657a92 1.072s
2025-12-09 23:11:54.433 65900 INFO tempest.lib.common.rest_client [req-07894e66-593f-4625-abcd-8129f9e61ee0 req-07894e66-593f-4625-abcd-8129f9e61ee0 ] Request (VolumesSnapshotsTestJSON:_run_cleanups): 404 GET http://10.180.1.21/compute/v2.1/os-volumes/ce291176-4323-4460-a74e-7b6af4b30348 0.866s
2025-12-09 23:11:54.476 65906 INFO tempest.lib.common.rest_client [req-643d539d-cba0-4541-97de-856b76b346bd req-643d539d-cba0-4541-97de-856b76b346bd ] Request (AggregatesAdminNegativeTestJSON:test_aggregate_remove_host_as_user): 200 POST http://10.180.1.21/compute/v2.1/os-aggregates 0.811s
2025-12-09 23:11:54.485 65882 INFO tempest.lib.common.rest_client [req-0b6d7367-7e28-4313-b7b3-6a00d1fd4776 req-0b6d7367-7e28-4313-b7b3-6a00d1fd4776 ] Request (QuotasAdminNegativeTest:test_create_server_when_cpu_quota_is_full): 200 GET http://10.180.1.21/compute/v2.1/os-quota-sets/d1cd923a22264f0fa84dbb9eef44af3d 1.002s
2025-12-09 23:11:54.494 65911 INFO tempest.lib.common.rest_client [req-d176828b-9162-4de5-85b7-a80d08567b26 req-d176828b-9162-4de5-85b7-a80d08567b26 ] Request (FlavorsAdminTestJSON:test_is_public_string_variations): 200 GET http://10.180.1.21/compute/v2.1/flavors/detail?is_public=f 0.727s
2025-12-09 23:11:54.638 65928 INFO tempest.lib.common.rest_client [req-6ec59067-ff32-44e1-9d23-3da38d8eb981 req-6ec59067-ff32-44e1-9d23-3da38d8eb981 ] Request (ImagesOneServerNegativeTestJSON:test_create_second_image_when_first_image_is_being_saved): 204 DELETE http://10.180.1.21/compute/v2.1/images/8c4ac5d9-b148-4f50-85f0-cf28f52f9b66 0.762s
2025-12-09 23:11:54.677 65884 INFO tempest.lib.common.rest_client [req-9d354b7c-29b7-48d0-abfa-aaced1c463e5 req-9d354b7c-29b7-48d0-abfa-aaced1c463e5 ] Request (KeyPairsV22TestJSON:test_keypairsv22_create_list_show): 201 POST http://10.180.1.21/compute/v2.1/os-keypairs 0.520s
2025-12-09 23:11:54.704 65902 INFO tempest.lib.common.rest_client [req-ff70cc36-e813-4306-9ca7-835f6b06a992 req-ff70cc36-e813-4306-9ca7-835f6b06a992 ] Request (FlavorsExtraSpecsTestJSON:test_flavor_non_admin_get_all_keys): 200 POST http://10.180.1.21/compute/v2.1/flavors/2028821765/os-extra_specs 0.499s
2025-12-09 23:11:54.740 65918 INFO tempest.lib.common.rest_client [req-4787d480-cbcd-45d4-8e03-81a22c7654d9 req-4787d480-cbcd-45d4-8e03-81a22c7654d9 ] Request (ServersListShow296Test:test_list_show_update_rebuild_server_296): 202 POST http://10.180.1.21/compute/v2.1/servers/f51b1bc9-5648-4e20-a213-a30451e33205/action 0.961s
2025-12-09 23:11:54.823 65870 INFO tempest.lib.common.rest_client [req-2903b053-ccfe-446a-9484-da934c69fc94 req-2903b053-ccfe-446a-9484-da934c69fc94 ] Request (DeleteServersAdminTestJSON:test_admin_delete_servers_of_others): 200 GET http://10.180.1.21/compute/v2.1/servers/e3c47eeb-5c74-4c2c-9711-f834d6061ff0 0.457s
2025-12-09 23:11:54.851 65880 INFO tempest.lib.common.rest_client [req-cd6ef3e4-f26e-425d-bab8-eead16f175f8 req-cd6ef3e4-f26e-425d-bab8-eead16f175f8 ] Request (ServersNegativeTestMultiTenantJSON:setUp): 200 GET http://10.180.1.21/compute/v2.1/servers/11db2efc-5d2a-4fd9-ae5b-6869e28340e2 0.497s
2025-12-09 23:11:54.871 65926 INFO tempest.lib.common.rest_client [req-8376b2df-58b5-400a-b9f4-014170678379 req-8376b2df-58b5-400a-b9f4-014170678379 ] Request (DeleteServersTestJSON:test_delete_server_while_in_attached_volume): 200 GET http://10.180.1.21/compute/v2.1/servers/d56ee909-a186-4c73-bf0b-4485e7ad6113 0.451s
2025-12-09 23:11:54.872 65900 INFO tempest.lib.common.rest_client [req-abbab9b2-55e9-4fa5-ad79-20f8ad4c3256 req-abbab9b2-55e9-4fa5-ad79-20f8ad4c3256 ] Request (VolumesSnapshotsTestJSON:tearDownClass): 404 DELETE http://10.180.1.21/compute/v2.1/os-volumes/ce291176-4323-4460-a74e-7b6af4b30348 0.432s
2025-12-09 23:11:54.918 65898 INFO tempest.lib.common.rest_client [req-ec05e8bf-c7eb-4fcf-87c2-2586ac6afba3 req-ec05e8bf-c7eb-4fcf-87c2-2586ac6afba3 ] Request (ServersTestBootFromVolume:setUpClass): 200 GET http://10.180.1.21/compute/v2.1/servers/d7c1246a-f704-4f72-8f01-1fd2776bca98 0.449s
2025-12-09 23:11:55.011 65906 INFO tempest.lib.common.rest_client [req-79ea51cc-a10c-4947-8a82-e96ed0f91bf1 req-79ea51cc-a10c-4947-8a82-e96ed0f91bf1 ] Request (AggregatesAdminNegativeTestJSON:test_aggregate_remove_host_as_user): 200 POST http://10.180.1.21/compute/v2.1/os-aggregates/7/action 0.533s
2025-12-09 23:11:55.031 65911 INFO tempest.lib.common.rest_client [req-88bf58b5-6326-404c-822e-a6cd49f665c9 req-88bf58b5-6326-404c-822e-a6cd49f665c9 ] Request (FlavorsAdminTestJSON:test_is_public_string_variations): 200 GET http://10.180.1.21/compute/v2.1/flavors/detail?is_public=false 0.532s
2025-12-09 23:11:55.034 65882 INFO tempest.lib.common.rest_client [req-e95f3c09-2073-4152-8212-ebb6cf732b6c req-e95f3c09-2073-4152-8212-ebb6cf732b6c ] Request (QuotasAdminNegativeTest:test_create_server_when_cpu_quota_is_full): 200 PUT http://10.180.1.21/compute/v2.1/os-quota-sets/d1cd923a22264f0fa84dbb9eef44af3d 0.546s
2025-12-09 23:11:55.114 65882 INFO tempest.lib.common.rest_client [req-c38be47f-4c07-4571-a5fd-d0a4e01b5ab6 req-c38be47f-4c07-4571-a5fd-d0a4e01b5ab6 ] Request (QuotasAdminNegativeTest:test_create_server_when_cpu_quota_is_full): 201 POST http://10.180.1.21/identity/v3/auth/tokens 0.068s
2025-12-09 23:11:55.115 65882 INFO tempest.lib.common.fixed_network [-] (QuotasAdminNegativeTest:test_create_server_when_cpu_quota_is_full) Found network None available for tenant
2025-12-09 23:11:55.138 65914 INFO tempest.lib.common.rest_client [req-c8d1d072-0078-43d8-8f26-71f307f1f65a req-c8d1d072-0078-43d8-8f26-71f307f1f65a ] Request (ServerDiagnosticsTest:tearDownClass): 200 GET http://10.180.1.21/compute/v2.1/servers/a7442304-d8bd-4115-8ea4-6491e5602dd3 0.623s
2025-12-09 23:11:55.167 65925 INFO tempest.lib.common.rest_client [req-9cbcece4-c9f9-4653-a8c7-cfc61a82e1bc req-9cbcece4-c9f9-4653-a8c7-cfc61a82e1bc ] Request (ServersTestManualDisk:setUpClass): 200 GET http://10.180.1.21/compute/v2.1/servers/b09067a6-f134-40ce-b733-a0f45d193b30 0.635s
2025-12-09 23:11:55.175 65925 INFO tempest.common.waiters [-] State transition "BUILD/networking" ==> "BUILD/spawning" after 26 second wait
2025-12-09 23:11:55.267 65908 INFO tempest.lib.common.rest_client [req-33368c46-a3e9-4753-bb1f-7e9b09d67a2e req-33368c46-a3e9-4753-bb1f-7e9b09d67a2e ] Request (ServerDiagnosticsV248Test:test_get_server_diagnostics): 200 GET http://10.180.1.21/compute/v2.1/servers/b4f6b554-1ccd-4e83-991e-201b95dd32e3 0.603s
2025-12-09 23:11:55.278 65884 INFO tempest.lib.common.rest_client [req-3249d2b6-2b30-4fbf-8398-38807058a55c req-3249d2b6-2b30-4fbf-8398-38807058a55c ] Request (KeyPairsV22TestJSON:test_keypairsv22_create_list_show): 200 GET http://10.180.1.21/compute/v2.1/os-keypairs/tempest-keypair-813274795 0.599s
2025-12-09 23:11:55.300 65928 INFO tempest.lib.common.rest_client [req-1242f2a1-3442-41b6-a063-5944e02100b4 req-1242f2a1-3442-41b6-a063-5944e02100b4 ] Request (ImagesOneServerNegativeTestJSON:tearDown): 200 GET http://10.180.1.21/compute/v2.1/servers/c138764d-d194-40ec-ad27-4a4efae1112c 0.661s
2025-12-09 23:11:55.390 65902 INFO tempest.lib.common.rest_client [req-8db20d81-0a02-4d53-9984-cc15cec77ec7 req-8db20d81-0a02-4d53-9984-cc15cec77ec7 ] Request (FlavorsExtraSpecsTestJSON:test_flavor_non_admin_get_all_keys): 200 GET http://10.180.1.21/compute/v2.1/flavors/2028821765/os-extra_specs 0.685s
2025-12-09 23:11:55.436 65866 INFO tempest.lib.common.rest_client [req-d31bb446-b454-4a21-a51d-b8f125d22753 req-d31bb446-b454-4a21-a51d-b8f125d22753 ] Request (MigrationsAdminTest:test_list_migrations_in_flavor_resize_situation): 200 GET http://10.180.1.21/compute/v2.1/servers/c39e4097-2af1-49e0-bafd-b69ede5d7134 0.736s
2025-12-09 23:11:55.448 65866 INFO tempest.common.waiters [-] State transition "RESIZE/resize_prep" ==> "RESIZE/resize_migrating" after 27 second wait
2025-12-09 23:11:55.474 65918 INFO tempest.lib.common.rest_client [req-ff36869e-700c-4604-99e3-f116208c5d69 req-ff36869e-700c-4604-99e3-f116208c5d69 ] Request (ServersListShow296Test:test_list_show_update_rebuild_server_296): 200 GET http://10.180.1.21/compute/v2.1/servers/f51b1bc9-5648-4e20-a213-a30451e33205 0.720s
2025-12-09 23:11:55.535 65888 INFO tempest.lib.common.rest_client [req-030a9b0a-1d1c-407b-a01d-0521a694a8b8 req-030a9b0a-1d1c-407b-a01d-0521a694a8b8 ] Request (ServersAdmin275Test:tearDownClass): 200 GET http://10.180.1.21/compute/v2.1/servers/180da5d3-c5a3-410a-8f20-cf96efe1a8d5 0.775s
2025-12-09 23:11:55.542 65896 INFO tempest.lib.common.rest_client [req-0130f1e9-6262-4466-8074-910b4bce496f req-0130f1e9-6262-4466-8074-910b4bce496f ] Request (ListImageFiltersTestJSON:setUpClass): 200 GET http://10.180.1.21/compute/v2.1/images/6c3d1619-e681-4eb3-84b9-61bc29cd9352 0.731s
2025-12-09 23:11:55.634 65880 INFO tempest.lib.common.rest_client [req-ad91b7cc-a2af-4b6c-bf53-19f8402899dd req-ad91b7cc-a2af-4b6c-bf53-19f8402899dd ] Request (ServersNegativeTestMultiTenantJSON:test_delete_a_server_of_another_tenant): 404 DELETE http://10.180.1.21/compute/v2.1/servers/11db2efc-5d2a-4fd9-ae5b-6869e28340e2 0.774s
2025-12-09 23:11:55.664 65900 INFO tempest.lib.common.rest_client [req-0e804cf3-428c-4e68-b47c-346ee38a556c req-0e804cf3-428c-4e68-b47c-346ee38a556c ] Request (VolumesSnapshotsTestJSON:tearDownClass): 404 GET http://10.180.1.21/compute/v2.1/os-volumes/ce291176-4323-4460-a74e-7b6af4b30348 0.792s
2025-12-09 23:11:55.668 65892 INFO tempest.lib.common.rest_client [req-93e2ffa9-fb7c-4ee2-9722-245d1cbba18b req-93e2ffa9-fb7c-4ee2-9722-245d1cbba18b ] Request (InstanceActionsTestJSON:tearDownClass): 200 GET http://10.180.1.21/compute/v2.1/servers/dc146ebc-09c2-4845-a497-272c3f007859 0.826s
2025-12-09 23:11:55.744 65894 INFO tempest.lib.common.rest_client [req-df19023a-dc17-4810-9d68-4494358c19a7 req-df19023a-dc17-4810-9d68-4494358c19a7 ] Request (AttachInterfacesV270Test:test_create_get_list_interfaces): 200 GET http://10.180.1.21/compute/v2.1/servers/bd1cf19e-a67b-4b61-9bee-c0aa49664c0f 0.861s
2025-12-09 23:11:55.750 65906 INFO tempest.lib.common.rest_client [req-fa455497-eb5b-467d-8d62-18bd69e5b566 req-fa455497-eb5b-467d-8d62-18bd69e5b566 ] Request (AggregatesAdminNegativeTestJSON:test_aggregate_remove_host_as_user): 403 POST http://10.180.1.21/compute/v2.1/os-aggregates/7/action 0.735s
2025-12-09 23:11:55.795 65868 INFO tempest.lib.common.rest_client [req-c44e9563-4939-4535-93e8-28a034d95d87 req-c44e9563-4939-4535-93e8-28a034d95d87 ] Request (ServerDiagnosticsNegativeTest:tearDownClass): 200 GET http://10.180.1.21/compute/v2.1/servers/9a17e6bb-8cda-461c-80e7-b309500d1f4f 0.846s
2025-12-09 23:11:55.805 65900 INFO tempest.lib.common.rest_client [req-d63fc6be-7294-406a-a3b0-0d3586c862c6 req-d63fc6be-7294-406a-a3b0-0d3586c862c6 ] Request (VolumesSnapshotsTestJSON:tearDownClass): 204 DELETE http://10.180.1.21/identity/v3/users/e35e6ac4208b4d819899dd6f505e0895 0.140s
2025-12-09 23:11:55.805 65900 INFO tempest.lib.common.dynamic_creds [-] Deleting project and security group for project: 0edc5be8747c40189484a3c67ee6f7d6
2025-12-09 23:11:55.812 65911 INFO tempest.lib.common.rest_client [req-924924a7-8041-4d45-9e99-a0222d99d772 req-924924a7-8041-4d45-9e99-a0222d99d772 ] Request (FlavorsAdminTestJSON:test_is_public_string_variations): 200 GET http://10.180.1.21/compute/v2.1/flavors/detail?is_public=no 0.777s
2025-12-09 23:11:55.869 65900 INFO tempest.lib.common.rest_client [req-86f1e3be-f532-4e1e-8ea3-fbd80895b06d req-86f1e3be-f532-4e1e-8ea3-fbd80895b06d ] Request (VolumesSnapshotsTestJSON:tearDownClass): 201 POST http://10.180.1.21/identity/v3/auth/tokens 0.063s
2025-12-09 23:11:55.917 65891 INFO tempest.lib.common.rest_client [req-35f137ca-7ffa-40d8-8f65-c99380b6c3d8 req-35f137ca-7ffa-40d8-8f65-c99380b6c3d8 ] Request (ServerMetadataTestJSON:setUpClass): 200 GET http://10.180.1.21/compute/v2.1/servers/c80f2a36-ab18-43d2-818c-c6edc1d36e29 0.861s
2025-12-09 23:11:55.947 65904 INFO tempest.lib.common.rest_client [req-2207e9f6-1280-46ae-87a3-12a0619a90de req-2207e9f6-1280-46ae-87a3-12a0619a90de ] Request (TenantUsagesTestJSON:setUpClass): 200 GET http://10.180.1.21/compute/v2.1/servers/599ed706-5a8e-4c2e-a218-e579852385bf 0.915s
2025-12-09 23:11:56.131 65900 INFO tempest.lib.common.rest_client [req-a35bd103-ebe7-4e4c-bfc0-cca100ce160e req-a35bd103-ebe7-4e4c-bfc0-cca100ce160e ] Request (VolumesSnapshotsTestJSON:tearDownClass): 200 GET http://10.180.1.21/networking/v2.0/security-groups?tenant_id=0edc5be8747c40189484a3c67ee6f7d6&name=default 0.261s
2025-12-09 23:11:56.168 65920 INFO tempest.lib.common.rest_client [req-bee357fa-7336-452b-84e4-2c51e3683cfc req-bee357fa-7336-452b-84e4-2c51e3683cfc ] Request (ServersTestJSON:setUpClass): 200 GET http://10.180.1.21/compute/v2.1/servers/a84452e8-064b-48ab-b772-3d37e22c2ecd 1.026s
2025-12-09 23:11:56.180 65920 INFO tempest.common.waiters [-] State transition "BUILD/scheduling" ==> "BUILD/None" after 2 second wait
2025-12-09 23:11:56.251 65900 INFO tempest.lib.common.rest_client [req-87543089-5b0e-49e9-b568-6ebb0635be4f req-87543089-5b0e-49e9-b568-6ebb0635be4f ] Request (VolumesSnapshotsTestJSON:tearDownClass): 204 DELETE http://10.180.1.21/networking/v2.0/security-groups/909cb186-5fed-4c6e-8646-808db8f6079d 0.120s
2025-12-09 23:11:56.253 65876 INFO tempest.lib.common.rest_client [req-f2fe7f47-d4e6-4a8f-ad3a-693cea58574c req-f2fe7f47-d4e6-4a8f-ad3a-693cea58574c ] Request (FloatingIPsAssociationNegativeTestJSON:tearDownClass): 200 GET http://10.180.1.21/compute/v2.1/servers/195a5fb9-b6e8-4906-a1d1-5175620fda83 1.013s
2025-12-09 23:11:56.267 65884 INFO tempest.lib.common.rest_client [req-eb009b3c-cd01-49e9-84c7-02692c7a8277 req-eb009b3c-cd01-49e9-84c7-02692c7a8277 ] Request (KeyPairsV22TestJSON:test_keypairsv22_create_list_show): 200 GET http://10.180.1.21/compute/v2.1/os-keypairs 0.984s
2025-12-09 23:11:56.302 65882 INFO tempest.lib.common.rest_client [req-dc2468d6-8e4f-4eb0-b254-40ed4133cd54 req-dc2468d6-8e4f-4eb0-b254-40ed4133cd54 ] Request (QuotasAdminNegativeTest:test_create_server_when_cpu_quota_is_full): 403 POST http://10.180.1.21/compute/v2.1/servers 1.186s
2025-12-09 23:11:56.329 65902 INFO tempest.lib.common.rest_client [req-c10a64ad-f855-4aa9-819d-586ebf197e11 req-c10a64ad-f855-4aa9-819d-586ebf197e11 ] Request (FlavorsExtraSpecsTestJSON:test_flavor_non_admin_get_specific_key): 200 POST http://10.180.1.21/compute/v2.1/flavors/2028821765/os-extra_specs 0.937s
2025-12-09 23:11:56.340 65922 INFO tempest.lib.common.rest_client [req-f289cca2-0839-4c86-8714-79e76e79d34a req-f289cca2-0839-4c86-8714-79e76e79d34a ] Request (ServersAaction247Test:tearDownClass): 200 GET http://10.180.1.21/compute/v2.1/servers/7842f448-2658-4e67-a802-e991212966cd 1.005s
2025-12-09 23:11:56.343 65900 INFO tempest.lib.common.rest_client [req-74fa3753-80be-402c-9ea1-2cee841c1889 req-74fa3753-80be-402c-9ea1-2cee841c1889 ] Request (VolumesSnapshotsTestJSON:tearDownClass): 204 DELETE http://10.180.1.21/identity/v3/projects/0edc5be8747c40189484a3c67ee6f7d6 0.092s
2025-12-09 23:11:56.387 65874 INFO tempest.lib.common.rest_client [req-c92d992f-df46-4ecf-8251-a369cb708de3 req-c92d992f-df46-4ecf-8251-a369cb708de3 ] Request (ServersAdminNegativeTestJSON:test_migrate_server_invalid_state): 200 GET http://10.180.1.21/compute/v2.1/servers/78a1f47f-c77e-4cac-ab56-d13bea100795 0.987s
2025-12-09 23:11:56.400 65872 INFO tempest.lib.common.rest_client [req-0d176258-e6e4-42de-a49a-770b2cb13837 req-0d176258-e6e4-42de-a49a-770b2cb13837 ] Request (ServersTestMultiNic:test_verify_duplicate_network_nics): 200 GET http://10.180.1.21/compute/v2.1/servers/569006f2-f9b0-4f7f-acbc-4509ee657a92 0.991s
2025-12-09 23:11:56.458 65878 WARNING tempest.lib.common.ssh [-] Failed to establish authenticated ssh connection to cirros@10.180.180.211 ([Errno None] Unable to connect to port 22 on 10.180.180.211). Number attempts: 1. Retry after 2 seconds.: paramiko.ssh_exception.NoValidConnectionsError: [Errno None] Unable to connect to port 22 on 10.180.180.211
2025-12-09 23:11:56.493 65880 INFO tempest.lib.common.rest_client [req-4c768f77-74c8-4dd1-b9fc-5a002a66788d req-4c768f77-74c8-4dd1-b9fc-5a002a66788d ] Request (ServersNegativeTestMultiTenantJSON:setUp): 200 GET http://10.180.1.21/compute/v2.1/servers/11db2efc-5d2a-4fd9-ae5b-6869e28340e2 0.857s
2025-12-09 23:11:56.511 65911 INFO tempest.lib.common.rest_client [req-19a19ecd-85f9-4b71-b853-798fb41ca2f4 req-19a19ecd-85f9-4b71-b853-798fb41ca2f4 ] Request (FlavorsAdminTestJSON:test_is_public_string_variations): 200 GET http://10.180.1.21/compute/v2.1/flavors/detail?is_public=0 0.695s
2025-12-09 23:11:56.587 65870 INFO tempest.lib.common.rest_client [req-b71e1866-e666-4c69-a4d7-ef523d46803c req-b71e1866-e666-4c69-a4d7-ef523d46803c ] Request (DeleteServersAdminTestJSON:test_admin_delete_servers_of_others): 200 GET http://10.180.1.21/compute/v2.1/servers/e3c47eeb-5c74-4c2c-9711-f834d6061ff0 0.756s
2025-12-09 23:11:56.641 65926 INFO tempest.lib.common.rest_client [req-6743eb4f-ec85-473c-abd2-1f72ef9e94b3 req-6743eb4f-ec85-473c-abd2-1f72ef9e94b3 ] Request (DeleteServersTestJSON:test_delete_server_while_in_attached_volume): 200 GET http://10.180.1.21/compute/v2.1/servers/d56ee909-a186-4c73-bf0b-4485e7ad6113 0.758s
2025-12-09 23:11:56.701 65898 INFO tempest.lib.common.rest_client [req-a351a260-fe57-4c0a-825a-260ca15a766d req-a351a260-fe57-4c0a-825a-260ca15a766d ] Request (ServersTestBootFromVolume:setUpClass): 200 GET http://10.180.1.21/compute/v2.1/servers/d7c1246a-f704-4f72-8f01-1fd2776bca98 0.775s
2025-12-09 23:11:56.735 65906 INFO tempest.lib.common.rest_client [req-e558609e-d776-4fbc-a93f-71046251f67b req-e558609e-d776-4fbc-a93f-71046251f67b ] Request (AggregatesAdminNegativeTestJSON:_run_cleanups): 200 POST http://10.180.1.21/compute/v2.1/os-aggregates/7/action 0.985s
2025-12-09 23:11:56.764 65914 INFO tempest.lib.common.rest_client [req-9acd02db-f8b6-46cc-b719-f9d5b738e21d req-9acd02db-f8b6-46cc-b719-f9d5b738e21d ] Request (ServerDiagnosticsTest:tearDownClass): 200 GET http://10.180.1.21/compute/v2.1/servers/a7442304-d8bd-4115-8ea4-6491e5602dd3 0.618s
2025-12-09 23:11:56.788 65884 INFO tempest.lib.common.rest_client [req-4c6885a3-4a90-4c7d-a856-04c037be4240 req-4c6885a3-4a90-4c7d-a856-04c037be4240 ] Request (KeyPairsV22TestJSON:_run_cleanups): 204 DELETE http://10.180.1.21/compute/v2.1/os-keypairs/tempest-keypair-813274795 0.519s
2025-12-09 23:11:56.840 65908 INFO tempest.lib.common.rest_client [req-359f3d6f-f3ef-4a53-8aa7-d238c2491d74 req-359f3d6f-f3ef-4a53-8aa7-d238c2491d74 ] Request (ServerDiagnosticsV248Test:test_get_server_diagnostics): 200 GET http://10.180.1.21/compute/v2.1/servers/b4f6b554-1ccd-4e83-991e-201b95dd32e3 0.561s
2025-12-09 23:11:56.846 65925 INFO tempest.lib.common.rest_client [req-25e31a3c-22e3-4268-ac2a-cd841738cdeb req-25e31a3c-22e3-4268-ac2a-cd841738cdeb ] Request (ServersTestManualDisk:setUpClass): 200 GET http://10.180.1.21/compute/v2.1/servers/b09067a6-f134-40ce-b733-a0f45d193b30 0.670s
2025-12-09 23:11:56.849 65908 INFO tempest.common.waiters [-] State transition "BUILD/spawning" ==> "ACTIVE/None" after 30 second wait
2025-12-09 23:11:56.957 65928 INFO tempest.lib.common.rest_client [req-cf160624-b62c-47a3-8529-4917e5c7b2e4 req-cf160624-b62c-47a3-8529-4917e5c7b2e4 ] Request (ImagesOneServerNegativeTestJSON:tearDown): 200 GET http://10.180.1.21/compute/v2.1/servers/c138764d-d194-40ec-ad27-4a4efae1112c 0.648s
2025-12-09 23:11:56.965 65928 INFO tempest.common.waiters [-] State transition "ACTIVE/image_pending_upload" ==> "ACTIVE/image_uploading" after 1 second wait
2025-12-09 23:11:56.984 65902 INFO tempest.lib.common.rest_client [req-61eaca96-3eac-4faf-b89d-5f2c4d1b4b7a req-61eaca96-3eac-4faf-b89d-5f2c4d1b4b7a ] Request (FlavorsExtraSpecsTestJSON:test_flavor_non_admin_get_specific_key): 200 GET http://10.180.1.21/compute/v2.1/flavors/2028821765/os-extra_specs/hw:numa_nodes 0.654s
2025-12-09 23:11:57.132 65866 INFO tempest.lib.common.rest_client [req-10eaac1d-d593-4af8-bad2-3bb98f629356 req-10eaac1d-d593-4af8-bad2-3bb98f629356 ] Request (MigrationsAdminTest:test_list_migrations_in_flavor_resize_situation): 200 GET http://10.180.1.21/compute/v2.1/servers/c39e4097-2af1-49e0-bafd-b69ede5d7134 0.683s
2025-12-09 23:11:57.151 65882 INFO tempest.lib.common.rest_client [req-f35983a8-2ca8-4ff0-8414-27dc923318cd req-f35983a8-2ca8-4ff0-8414-27dc923318cd ] Request (QuotasAdminNegativeTest:_run_cleanups): 200 PUT http://10.180.1.21/compute/v2.1/os-quota-sets/d1cd923a22264f0fa84dbb9eef44af3d 0.848s
2025-12-09 23:11:57.171 65880 INFO tempest.lib.common.rest_client [req-080fe855-3094-4a76-8fd7-86613604be55 req-080fe855-3094-4a76-8fd7-86613604be55 ] Request (ServersNegativeTestMultiTenantJSON:test_update_server_of_another_tenant): 404 PUT http://10.180.1.21/compute/v2.1/servers/11db2efc-5d2a-4fd9-ae5b-6869e28340e2 0.666s
2025-12-09 23:11:57.196 65911 INFO tempest.lib.common.rest_client [req-6f45059b-db49-4f98-a63a-dc863396c292 req-6f45059b-db49-4f98-a63a-dc863396c292 ] Request (FlavorsAdminTestJSON:test_is_public_string_variations): 200 GET http://10.180.1.21/compute/v2.1/flavors/detail?is_public=t 0.681s
2025-12-09 23:11:57.209 65918 INFO tempest.lib.common.rest_client [req-8d4bb40c-9b8f-42ed-9428-40196f2c8074 req-8d4bb40c-9b8f-42ed-9428-40196f2c8074 ] Request (ServersListShow296Test:test_list_show_update_rebuild_server_296): 200 GET http://10.180.1.21/compute/v2.1/servers/f51b1bc9-5648-4e20-a213-a30451e33205 0.724s
2025-12-09 23:11:57.234 65896 INFO tempest.lib.common.rest_client [req-ac0dc192-38a0-4266-bff8-e64c8081771b req-ac0dc192-38a0-4266-bff8-e64c8081771b ] Request (ListImageFiltersTestJSON:setUpClass): 200 GET http://10.180.1.21/compute/v2.1/images/6c3d1619-e681-4eb3-84b9-61bc29cd9352 0.686s
2025-12-09 23:11:57.282 65888 INFO tempest.lib.common.rest_client [req-8562c13e-02a9-4983-9070-0183bde993af req-8562c13e-02a9-4983-9070-0183bde993af ] Request (ServersAdmin275Test:tearDownClass): 200 GET http://10.180.1.21/compute/v2.1/servers/180da5d3-c5a3-410a-8f20-cf96efe1a8d5 0.728s
2025-12-09 23:11:57.304 65906 INFO tempest.lib.common.rest_client [req-5dc19512-251c-4f4a-8e94-5fc33246531b req-5dc19512-251c-4f4a-8e94-5fc33246531b ] Request (AggregatesAdminNegativeTestJSON:_run_cleanups): 200 DELETE http://10.180.1.21/compute/v2.1/os-aggregates/7 0.567s
2025-12-09 23:11:57.326 65892 INFO tempest.lib.common.rest_client [req-0406fc8b-09ce-46a3-a4e4-dbe1177ca9e4 req-0406fc8b-09ce-46a3-a4e4-dbe1177ca9e4 ] Request (InstanceActionsTestJSON:tearDownClass): 200 GET http://10.180.1.21/compute/v2.1/servers/dc146ebc-09c2-4845-a497-272c3f007859 0.648s
2025-12-09 23:11:57.380 65894 INFO tempest.lib.common.rest_client [req-ebd246a9-c446-441b-b97c-733d13e13d82 req-ebd246a9-c446-441b-b97c-733d13e13d82 ] Request (AttachInterfacesV270Test:test_create_get_list_interfaces): 200 GET http://10.180.1.21/compute/v2.1/servers/bd1cf19e-a67b-4b61-9bee-c0aa49664c0f 0.626s
2025-12-09 23:11:57.452 65868 INFO tempest.lib.common.rest_client [req-4b198f3c-a7b4-4b4b-9e08-a5c05d44595c req-4b198f3c-a7b4-4b4b-9e08-a5c05d44595c ] Request (ServerDiagnosticsNegativeTest:tearDownClass): 200 GET http://10.180.1.21/compute/v2.1/servers/9a17e6bb-8cda-461c-80e7-b309500d1f4f 0.644s
2025-12-09 23:11:57.608 65884 INFO tempest.lib.common.rest_client [req-5a1990c2-d7dc-4d3c-bc6d-f5cedd7a50cd req-5a1990c2-d7dc-4d3c-bc6d-f5cedd7a50cd ] Request (KeyPairsV22TestJSON:test_keypairsv22_create_list_show_with_type): 201 POST http://10.180.1.21/compute/v2.1/os-keypairs 0.818s
2025-12-09 23:11:57.663 65891 INFO tempest.lib.common.rest_client [req-518b77a3-1ae4-4885-8d6b-4268c37bf531 req-518b77a3-1ae4-4885-8d6b-4268c37bf531 ] Request (ServerMetadataTestJSON:setUpClass): 200 GET http://10.180.1.21/compute/v2.1/servers/c80f2a36-ab18-43d2-818c-c6edc1d36e29 0.730s
2025-12-09 23:11:57.671 65886 WARNING tempest.lib.common.ssh [-] Failed to establish authenticated ssh connection to cirros@10.180.180.247 ([Errno None] Unable to connect to port 22 on 10.180.180.247). Number attempts: 4. Retry after 5 seconds.: paramiko.ssh_exception.NoValidConnectionsError: [Errno None] Unable to connect to port 22 on 10.180.180.247
2025-12-09 23:11:57.816 65904 INFO tempest.lib.common.rest_client [req-2bccec35-85fb-45de-bc3a-87c7dccbce5b req-2bccec35-85fb-45de-bc3a-87c7dccbce5b ] Request (TenantUsagesTestJSON:setUpClass): 200 GET http://10.180.1.21/compute/v2.1/servers/599ed706-5a8e-4c2e-a218-e579852385bf 0.858s
2025-12-09 23:11:57.824 65904 INFO tempest.common.waiters [-] State transition "BUILD/spawning" ==> "ACTIVE/None" after 36 second wait
2025-12-09 23:11:57.842 65902 INFO tempest.lib.common.rest_client [req-c67c40b4-ed9a-45be-bf37-56e63130807d req-c67c40b4-ed9a-45be-bf37-56e63130807d ] Request (FlavorsExtraSpecsTestJSON:test_flavor_set_get_update_show_unset_keys): 200 POST http://10.180.1.21/compute/v2.1/flavors/2028821765/os-extra_specs 0.855s
2025-12-09 23:11:57.882 65882 INFO tempest.lib.common.rest_client [req-013fe8a7-f30a-4e31-baef-2ce37b78537f req-013fe8a7-f30a-4e31-baef-2ce37b78537f ] Request (QuotasAdminNegativeTest:test_create_server_when_instances_quota_is_full): 200 GET http://10.180.1.21/compute/v2.1/os-quota-sets/d1cd923a22264f0fa84dbb9eef44af3d 0.728s
2025-12-09 23:11:57.972 65880 INFO tempest.lib.common.rest_client [req-f5c08291-3467-4167-9d48-1dc5fde78136 req-f5c08291-3467-4167-9d48-1dc5fde78136 ] Request (ServersNegativeTestMultiTenantJSON:tearDownClass): 204 DELETE http://10.180.1.21/compute/v2.1/servers/11db2efc-5d2a-4fd9-ae5b-6869e28340e2 0.799s
2025-12-09 23:11:58.043 65920 INFO tempest.lib.common.rest_client [req-7cb6f91e-45d1-4392-b8d7-3c8810a1f0c6 req-7cb6f91e-45d1-4392-b8d7-3c8810a1f0c6 ] Request (ServersTestJSON:setUpClass): 200 GET http://10.180.1.21/compute/v2.1/servers/a84452e8-064b-48ab-b772-3d37e22c2ecd 0.861s
2025-12-09 23:11:58.068 65911 INFO tempest.lib.common.rest_client [req-a3828d41-724a-402d-82f0-cef1809bf4be req-a3828d41-724a-402d-82f0-cef1809bf4be ] Request (FlavorsAdminTestJSON:test_is_public_string_variations): 200 GET http://10.180.1.21/compute/v2.1/flavors/detail?is_public=true 0.865s
2025-12-09 23:11:58.079 65908 INFO tempest.lib.common.rest_client [req-6c4ccf65-e930-4663-8ebb-2b9d0f3f4914 req-6c4ccf65-e930-4663-8ebb-2b9d0f3f4914 ] Request (ServerDiagnosticsV248Test:test_get_server_diagnostics): 200 GET http://10.180.1.21/compute/v2.1/servers/b4f6b554-1ccd-4e83-991e-201b95dd32e3/diagnostics 1.229s
2025-12-09 23:11:58.101 65906 INFO tempest.lib.common.rest_client [req-49861c9c-12dc-4177-b527-401fcfbb5779 req-49861c9c-12dc-4177-b527-401fcfbb5779 ] Request (AggregatesAdminNegativeTestJSON:test_aggregate_remove_nonexistent_host): 200 POST http://10.180.1.21/compute/v2.1/os-aggregates 0.795s
2025-12-09 23:11:58.146 65876 INFO tempest.lib.common.rest_client [req-1b2442d2-f646-40d1-a917-c8bb815ddddc req-1b2442d2-f646-40d1-a917-c8bb815ddddc ] Request (FloatingIPsAssociationNegativeTestJSON:tearDownClass): 200 GET http://10.180.1.21/compute/v2.1/servers/195a5fb9-b6e8-4906-a1d1-5175620fda83 0.884s
2025-12-09 23:11:58.180 65922 INFO tempest.lib.common.rest_client [req-2f6cf2c8-5d53-4e4f-a38d-9d4ab2f0e7b3 req-2f6cf2c8-5d53-4e4f-a38d-9d4ab2f0e7b3 ] Request (ServersAaction247Test:tearDownClass): 200 GET http://10.180.1.21/compute/v2.1/servers/7842f448-2658-4e67-a802-e991212966cd 0.829s
2025-12-09 23:11:58.242 65872 INFO tempest.lib.common.rest_client [req-83f7c072-f7ae-4d97-944f-3624f43e23ca req-83f7c072-f7ae-4d97-944f-3624f43e23ca ] Request (ServersTestMultiNic:test_verify_duplicate_network_nics): 200 GET http://10.180.1.21/compute/v2.1/servers/569006f2-f9b0-4f7f-acbc-4509ee657a92 0.828s
2025-12-09 23:11:58.273 65874 INFO tempest.lib.common.rest_client [req-3d53b332-a54c-4e69-835f-e57d3e3021e6 req-3d53b332-a54c-4e69-835f-e57d3e3021e6 ] Request (ServersAdminNegativeTestJSON:test_migrate_server_invalid_state): 200 GET http://10.180.1.21/compute/v2.1/servers/78a1f47f-c77e-4cac-ab56-d13bea100795 0.874s
2025-12-09 23:11:58.282 65874 INFO tempest.common.waiters [-] State transition "BUILD/None" ==> "BUILD/block_device_mapping" after 25 second wait
2025-12-09 23:11:58.285 65884 INFO tempest.lib.common.rest_client [req-30644c81-70e5-4822-beee-30291bb88234 req-30644c81-70e5-4822-beee-30291bb88234 ] Request (KeyPairsV22TestJSON:test_keypairsv22_create_list_show_with_type): 200 GET http://10.180.1.21/compute/v2.1/os-keypairs/tempest-keypair-1005323093 0.675s
2025-12-09 23:11:58.325 65870 INFO tempest.lib.common.rest_client [req-3c2cfc86-9af2-461c-b6de-8b13a18cf951 req-3c2cfc86-9af2-461c-b6de-8b13a18cf951 ] Request (DeleteServersAdminTestJSON:test_admin_delete_servers_of_others): 200 GET http://10.180.1.21/compute/v2.1/servers/e3c47eeb-5c74-4c2c-9711-f834d6061ff0 0.728s
2025-12-09 23:11:58.344 65926 INFO tempest.lib.common.rest_client [req-7d693e5c-90fe-4786-8012-b8a9bbd0c604 req-7d693e5c-90fe-4786-8012-b8a9bbd0c604 ] Request (DeleteServersTestJSON:test_delete_server_while_in_attached_volume): 200 GET http://10.180.1.21/compute/v2.1/servers/d56ee909-a186-4c73-bf0b-4485e7ad6113 0.693s
2025-12-09 23:11:58.385 65898 INFO tempest.lib.common.rest_client [req-091a022c-04af-4f7e-aafe-cef43b8d5c67 req-091a022c-04af-4f7e-aafe-cef43b8d5c67 ] Request (ServersTestBootFromVolume:setUpClass): 200 GET http://10.180.1.21/compute/v2.1/servers/d7c1246a-f704-4f72-8f01-1fd2776bca98 0.673s
2025-12-09 23:11:58.523 65904 INFO tempest.lib.common.rest_client [req-0f5482b5-f173-4e1f-8974-43714b9d46ff req-0f5482b5-f173-4e1f-8974-43714b9d46ff ] Request (TenantUsagesTestJSON:test_get_usage_tenant): 200 GET http://10.180.1.21/compute/v2.1/os-simple-tenant-usage/803c052cc24745fd8fcc1e232896d24d?start=2025-12-08T23%3A11%3A57.824652&end=2025-12-10T23%3A11%3A57.824652 0.698s
2025-12-09 23:11:58.540 65902 INFO tempest.lib.common.rest_client [req-fd04b88b-9d1f-4644-bc45-a18040932c15 req-fd04b88b-9d1f-4644-bc45-a18040932c15 ] Request (FlavorsExtraSpecsTestJSON:test_flavor_set_get_update_show_unset_keys): 200 GET http://10.180.1.21/compute/v2.1/flavors/2028821765/os-extra_specs 0.697s
2025-12-09 23:11:58.807 65914 INFO tempest.lib.common.rest_client [req-6a49c2e0-6746-4de6-b31f-85ac896c530c req-6a49c2e0-6746-4de6-b31f-85ac896c530c ] Request (ServerDiagnosticsTest:tearDownClass): 200 GET http://10.180.1.21/compute/v2.1/servers/a7442304-d8bd-4115-8ea4-6491e5602dd3 1.033s
2025-12-09 23:11:58.878 65913 WARNING tempest.lib.common.ssh [-] Failed to establish authenticated ssh connection to cirros@10.180.180.221 ([Errno None] Unable to connect to port 22 on 10.180.180.221). Number attempts: 5. Retry after 6 seconds.: paramiko.ssh_exception.NoValidConnectionsError: [Errno None] Unable to connect to port 22 on 10.180.180.221
2025-12-09 23:11:58.888 65882 INFO tempest.lib.common.rest_client [req-41fe47b5-e0fa-48b9-b843-ff729d838d6a req-41fe47b5-e0fa-48b9-b843-ff729d838d6a ] Request (QuotasAdminNegativeTest:test_create_server_when_instances_quota_is_full): 200 PUT http://10.180.1.21/compute/v2.1/os-quota-sets/d1cd923a22264f0fa84dbb9eef44af3d 1.003s
2025-12-09 23:11:58.929 65925 INFO tempest.lib.common.rest_client [req-802fe16b-9663-4dad-898d-a6c9d480a47a req-802fe16b-9663-4dad-898d-a6c9d480a47a ] Request (ServersTestManualDisk:setUpClass): 200 GET http://10.180.1.21/compute/v2.1/servers/b09067a6-f134-40ce-b733-a0f45d193b30 1.075s
2025-12-09 23:11:58.964 65882 INFO tempest.lib.common.rest_client [req-38c9af94-df29-48a5-bd91-dbe386bdbbae req-38c9af94-df29-48a5-bd91-dbe386bdbbae ] Request (QuotasAdminNegativeTest:test_create_server_when_instances_quota_is_full): 201 POST http://10.180.1.21/identity/v3/auth/tokens 0.071s
2025-12-09 23:11:58.964 65882 INFO tempest.lib.common.fixed_network [-] (QuotasAdminNegativeTest:test_create_server_when_instances_quota_is_full) Found network None available for tenant
2025-12-09 23:11:59.068 65928 INFO tempest.lib.common.rest_client [req-6111731b-b9ad-47a2-bb34-07486c02779f req-6111731b-b9ad-47a2-bb34-07486c02779f ] Request (ImagesOneServerNegativeTestJSON:tearDown): 200 GET http://10.180.1.21/compute/v2.1/servers/c138764d-d194-40ec-ad27-4a4efae1112c 1.103s
2025-12-09 23:11:59.089 65880 INFO tempest.lib.common.rest_client [req-90cc8a3c-3c53-4ee6-93b3-344e363adbea req-90cc8a3c-3c53-4ee6-93b3-344e363adbea ] Request (ServersNegativeTestMultiTenantJSON:tearDownClass): 200 GET http://10.180.1.21/compute/v2.1/servers/11db2efc-5d2a-4fd9-ae5b-6869e28340e2 1.117s
2025-12-09 23:11:59.103 65911 INFO tempest.lib.common.rest_client [req-25fc9a62-f699-477e-b23d-baee05e7e550 req-25fc9a62-f699-477e-b23d-baee05e7e550 ] Request (FlavorsAdminTestJSON:test_is_public_string_variations): 200 GET http://10.180.1.21/compute/v2.1/flavors/detail?is_public=yes 1.030s
2025-12-09 23:11:59.125 65906 INFO tempest.lib.common.rest_client [req-f90bfa6c-5b25-4d44-b0a9-03d023d04257 req-f90bfa6c-5b25-4d44-b0a9-03d023d04257 ] Request (AggregatesAdminNegativeTestJSON:test_aggregate_remove_nonexistent_host): 404 POST http://10.180.1.21/compute/v2.1/os-aggregates/8/action 1.021s
2025-12-09 23:11:59.245 65918 INFO tempest.lib.common.rest_client [req-219632e1-b986-46a6-b30c-3cd9d988a14e req-219632e1-b986-46a6-b30c-3cd9d988a14e ] Request (ServersListShow296Test:test_list_show_update_rebuild_server_296): 200 GET http://10.180.1.21/compute/v2.1/servers/f51b1bc9-5648-4e20-a213-a30451e33205 1.025s
2025-12-09 23:11:59.265 65918 INFO tempest.common.waiters [-] State transition "REBUILD/rebuilding" ==> "REBUILD/rebuild_spawning" after 4 second wait
2025-12-09 23:11:59.284 65866 INFO tempest.lib.common.rest_client [req-52b82dc3-7373-4fda-a472-a34b336211e6 req-52b82dc3-7373-4fda-a472-a34b336211e6 ] Request (MigrationsAdminTest:test_list_migrations_in_flavor_resize_situation): 200 GET http://10.180.1.21/compute/v2.1/servers/c39e4097-2af1-49e0-bafd-b69ede5d7134 1.139s
2025-12-09 23:11:59.292 65896 INFO tempest.lib.common.rest_client [req-ad077e63-6678-4ebb-8638-ec5d7f6619cb req-ad077e63-6678-4ebb-8638-ec5d7f6619cb ] Request (ListImageFiltersTestJSON:setUpClass): 200 GET http://10.180.1.21/compute/v2.1/images/6c3d1619-e681-4eb3-84b9-61bc29cd9352 1.053s
2025-12-09 23:11:59.302 65884 INFO tempest.lib.common.rest_client [req-ba5e9de0-0805-4f5d-8527-bf5fc09cf1c2 req-ba5e9de0-0805-4f5d-8527-bf5fc09cf1c2 ] Request (KeyPairsV22TestJSON:test_keypairsv22_create_list_show_with_type): 200 GET http://10.180.1.21/compute/v2.1/os-keypairs 1.015s
2025-12-09 23:11:59.370 65892 INFO tempest.lib.common.rest_client [req-199d4fe6-6963-4200-b676-c36bcbc7896f req-199d4fe6-6963-4200-b676-c36bcbc7896f ] Request (InstanceActionsTestJSON:tearDownClass): 200 GET http://10.180.1.21/compute/v2.1/servers/dc146ebc-09c2-4845-a497-272c3f007859 1.035s
2025-12-09 23:11:59.372 65888 INFO tempest.lib.common.rest_client [req-90e9a9d9-8fd9-4ae0-980f-97a780c8f248 req-90e9a9d9-8fd9-4ae0-980f-97a780c8f248 ] Request (ServersAdmin275Test:tearDownClass): 200 GET http://10.180.1.21/compute/v2.1/servers/180da5d3-c5a3-410a-8f20-cf96efe1a8d5 1.077s
2025-12-09 23:11:59.437 65894 INFO tempest.lib.common.rest_client [req-7c3ff976-6e88-472a-8539-3d66c6e8cfa9 req-7c3ff976-6e88-472a-8539-3d66c6e8cfa9 ] Request (AttachInterfacesV270Test:test_create_get_list_interfaces): 200 GET http://10.180.1.21/compute/v2.1/servers/bd1cf19e-a67b-4b61-9bee-c0aa49664c0f 1.044s
2025-12-09 23:11:59.451 65868 INFO tempest.lib.common.rest_client [req-7d3794c3-0cd0-4edd-9b9a-d73514b83f06 req-7d3794c3-0cd0-4edd-9b9a-d73514b83f06 ] Request (ServerDiagnosticsNegativeTest:tearDownClass): 200 GET http://10.180.1.21/compute/v2.1/servers/9a17e6bb-8cda-461c-80e7-b309500d1f4f 0.986s
2025-12-09 23:11:59.485 65904 INFO tempest.lib.common.rest_client [req-cbed25a9-ba1a-458a-b24c-db574b9db59a req-cbed25a9-ba1a-458a-b24c-db574b9db59a ] Request (TenantUsagesTestJSON:test_get_usage_tenant_with_non_admin_user): 200 GET http://10.180.1.21/compute/v2.1/os-simple-tenant-usage/803c052cc24745fd8fcc1e232896d24d?start=2025-12-08T23%3A11%3A57.824652&end=2025-12-10T23%3A11%3A57.824652 0.956s
2025-12-09 23:11:59.488 65902 INFO tempest.lib.common.rest_client [req-cc6516d3-08de-4160-9b0b-7bac446ca3b9 req-cc6516d3-08de-4160-9b0b-7bac446ca3b9 ] Request (FlavorsExtraSpecsTestJSON:test_flavor_set_get_update_show_unset_keys): 200 PUT http://10.180.1.21/compute/v2.1/flavors/2028821765/os-extra_specs/hw:numa_nodes 0.947s
2025-12-09 23:11:59.529 65878 WARNING tempest.lib.common.ssh [-] Failed to establish authenticated ssh connection to cirros@10.180.180.211 ([Errno None] Unable to connect to port 22 on 10.180.180.211). Number attempts: 2. Retry after 3 seconds.: paramiko.ssh_exception.NoValidConnectionsError: [Errno None] Unable to connect to port 22 on 10.180.180.211
2025-12-09 23:11:59.565 65891 INFO tempest.lib.common.rest_client [req-95667bd8-03e2-4920-9645-65aedf1f015c req-95667bd8-03e2-4920-9645-65aedf1f015c ] Request (ServerMetadataTestJSON:setUpClass): 200 GET http://10.180.1.21/compute/v2.1/servers/c80f2a36-ab18-43d2-818c-c6edc1d36e29 0.891s
2025-12-09 23:11:59.627 65920 INFO tempest.lib.common.rest_client [req-df0143b1-f78c-4388-a2c0-d3c9fe6d8587 req-df0143b1-f78c-4388-a2c0-d3c9fe6d8587 ] Request (ServersTestJSON:setUpClass): 200 GET http://10.180.1.21/compute/v2.1/servers/a84452e8-064b-48ab-b772-3d37e22c2ecd 0.575s
2025-12-09 23:11:59.657 65911 INFO tempest.lib.common.rest_client [req-2207ede2-1967-4e4f-9824-3c064b839aa8 req-2207ede2-1967-4e4f-9824-3c064b839aa8 ] Request (FlavorsAdminTestJSON:test_is_public_string_variations): 200 GET http://10.180.1.21/compute/v2.1/flavors/detail?is_public=1 0.549s
2025-12-09 23:11:59.712 65906 INFO tempest.lib.common.rest_client [req-01dfa4c9-b014-4fa4-b2f9-54169ffb047a req-01dfa4c9-b014-4fa4-b2f9-54169ffb047a ] Request (AggregatesAdminNegativeTestJSON:_run_cleanups): 200 DELETE http://10.180.1.21/compute/v2.1/os-aggregates/8 0.586s
2025-12-09 23:11:59.717 65882 INFO tempest.lib.common.rest_client [req-230bcc3f-d3b2-41ee-a892-977315f74369 req-230bcc3f-d3b2-41ee-a892-977315f74369 ] Request (QuotasAdminNegativeTest:test_create_server_when_instances_quota_is_full): 403 POST http://10.180.1.21/compute/v2.1/servers 0.752s
2025-12-09 23:11:59.806 65876 INFO tempest.lib.common.rest_client [req-c752c7eb-58b2-46c9-80e4-e10ccafafef3 req-c752c7eb-58b2-46c9-80e4-e10ccafafef3 ] Request (FloatingIPsAssociationNegativeTestJSON:tearDownClass): 200 GET http://10.180.1.21/compute/v2.1/servers/195a5fb9-b6e8-4906-a1d1-5175620fda83 0.651s
2025-12-09 23:11:59.807 65922 INFO tempest.lib.common.rest_client [req-07d3df8e-5577-462d-bea1-056979b33bc9 req-07d3df8e-5577-462d-bea1-056979b33bc9 ] Request (ServersAaction247Test:tearDownClass): 200 GET http://10.180.1.21/compute/v2.1/servers/7842f448-2658-4e67-a802-e991212966cd 0.614s
2025-12-09 23:11:59.865 65872 INFO tempest.lib.common.rest_client [req-74366ade-5688-464b-bfb0-c92a1a33b94b req-74366ade-5688-464b-bfb0-c92a1a33b94b ] Request (ServersTestMultiNic:test_verify_duplicate_network_nics): 200 GET http://10.180.1.21/compute/v2.1/servers/569006f2-f9b0-4f7f-acbc-4509ee657a92 0.615s
2025-12-09 23:11:59.873 65906 INFO tempest.lib.common.rest_client [req-80618058-8120-4f54-9a07-736034dcd505 req-80618058-8120-4f54-9a07-736034dcd505 ] Request (AggregatesAdminNegativeTestJSON:tearDownClass): 204 DELETE http://10.180.1.21/identity/v3/users/56b42608c727428b99f75a62cbf32cbc 0.159s
2025-12-09 23:11:59.882 65884 INFO tempest.lib.common.rest_client [req-b5bf15da-5112-4d59-b757-4559d6271397 req-b5bf15da-5112-4d59-b757-4559d6271397 ] Request (KeyPairsV22TestJSON:_run_cleanups): 204 DELETE http://10.180.1.21/compute/v2.1/os-keypairs/tempest-keypair-1005323093 0.579s
2025-12-09 23:11:59.905 65870 INFO tempest.lib.common.rest_client [req-7fdbd7dc-6d68-4c56-823b-601d394ef083 req-7fdbd7dc-6d68-4c56-823b-601d394ef083 ] Request (DeleteServersAdminTestJSON:test_admin_delete_servers_of_others): 404 GET http://10.180.1.21/compute/v2.1/servers/e3c47eeb-5c74-4c2c-9711-f834d6061ff0 0.571s
2025-12-09 23:11:59.931 65874 INFO tempest.lib.common.rest_client [req-2fd272fd-ccf7-47ee-950e-4cde5a4d0af5 req-2fd272fd-ccf7-47ee-950e-4cde5a4d0af5 ] Request (ServersAdminNegativeTestJSON:test_migrate_server_invalid_state): 200 GET http://10.180.1.21/compute/v2.1/servers/78a1f47f-c77e-4cac-ab56-d13bea100795 0.647s
2025-12-09 23:11:59.939 65874 INFO tempest.common.waiters [-] State transition "BUILD/block_device_mapping" ==> "BUILD/spawning" after 26 second wait
2025-12-09 23:11:59.965 65926 INFO tempest.lib.common.rest_client [req-5afd31b0-48f7-4bc0-9ee0-02bf418de35e req-5afd31b0-48f7-4bc0-9ee0-02bf418de35e ] Request (DeleteServersTestJSON:test_delete_server_while_in_attached_volume): 200 GET http://10.180.1.21/compute/v2.1/servers/d56ee909-a186-4c73-bf0b-4485e7ad6113 0.613s
2025-12-09 23:11:59.979 65902 INFO tempest.lib.common.rest_client [req-a27a4517-5e68-49d9-abe9-2d3f59b646b7 req-a27a4517-5e68-49d9-abe9-2d3f59b646b7 ] Request (FlavorsExtraSpecsTestJSON:test_flavor_set_get_update_show_unset_keys): 200 GET http://10.180.1.21/compute/v2.1/flavors/2028821765/os-extra_specs 0.491s
2025-12-09 23:11:59.984 65906 INFO tempest.lib.common.rest_client [req-2093fa54-eeec-4042-be15-d2b7c19bc411 req-2093fa54-eeec-4042-be15-d2b7c19bc411 ] Request (AggregatesAdminNegativeTestJSON:tearDownClass): 204 DELETE http://10.180.1.21/identity/v3/users/8733f0f77f914d42ab6cb7b94439eb1e 0.111s
2025-12-09 23:11:59.984 65906 INFO tempest.lib.common.dynamic_creds [-] Deleting project and security group for project: b02e61a88ff14bd6a4cd022e8696ac5a
2025-12-09 23:11:59.994 65898 INFO tempest.lib.common.rest_client [req-e95f8c18-4e7a-4cd8-858a-eccb86585308 req-e95f8c18-4e7a-4cd8-858a-eccb86585308 ] Request (ServersTestBootFromVolume:setUpClass): 200 GET http://10.180.1.21/compute/v2.1/servers/d7c1246a-f704-4f72-8f01-1fd2776bca98 0.599s
2025-12-09 23:12:00.019 65911 INFO tempest.lib.common.rest_client [req-9e4a7c76-2d22-4065-a03c-e06fd69d9075 req-9e4a7c76-2d22-4065-a03c-e06fd69d9075 ] Request (FlavorsAdminTestJSON:_run_cleanups): 202 DELETE http://10.180.1.21/compute/v2.1/flavors/1351996673 0.354s
2025-12-09 23:12:00.022 65884 INFO tempest.lib.common.rest_client [req-e7b80b9d-1658-4e0b-b859-0a98b157fbcf req-e7b80b9d-1658-4e0b-b859-0a98b157fbcf ] Request (KeyPairsV22TestJSON:tearDownClass): 204 DELETE http://10.180.1.21/identity/v3/users/bbce1b481c1c4e04a9b980a0706af314 0.138s
2025-12-09 23:12:00.022 65884 INFO tempest.lib.common.dynamic_creds [-] Deleting project and security group for project: ac4725c2b12d4439b00b97857ef185e5
2025-12-09 23:12:00.043 65904 INFO tempest.lib.common.rest_client [req-c7e4e814-60c0-4e1f-b657-fb5ca6fe8702 req-c7e4e814-60c0-4e1f-b657-fb5ca6fe8702 ] Request (TenantUsagesTestJSON:test_list_usage_all_tenants): 200 GET http://10.180.1.21/compute/v2.1/os-simple-tenant-usage?start=2025-12-08T23%3A11%3A57.824652&end=2025-12-10T23%3A11%3A57.824652&detailed=1 0.551s
2025-12-09 23:12:00.088 65870 INFO tempest.lib.common.rest_client [req-e0ba0efc-3e44-424a-b3c3-53e8f38bc0da req-e0ba0efc-3e44-424a-b3c3-53e8f38bc0da ] Request (DeleteServersAdminTestJSON:test_delete_server_while_in_error_state): 201 POST http://10.180.1.21/identity/v3/auth/tokens 0.179s
2025-12-09 23:12:00.089 65870 INFO tempest.lib.common.fixed_network [-] (DeleteServersAdminTestJSON:test_delete_server_while_in_error_state) Found network None available for tenant
2025-12-09 23:12:00.144 65906 INFO tempest.lib.common.rest_client [req-f4b5f4f6-e644-4008-809a-118b05746561 req-f4b5f4f6-e644-4008-809a-118b05746561 ] Request (AggregatesAdminNegativeTestJSON:tearDownClass): 201 POST http://10.180.1.21/identity/v3/auth/tokens 0.159s
2025-12-09 23:12:00.175 65884 INFO tempest.lib.common.rest_client [req-c9cde1d6-a2d0-4617-a4ea-842b924bc8d0 req-c9cde1d6-a2d0-4617-a4ea-842b924bc8d0 ] Request (KeyPairsV22TestJSON:tearDownClass): 201 POST http://10.180.1.21/identity/v3/auth/tokens 0.152s
2025-12-09 23:12:00.565 65882 INFO tempest.lib.common.rest_client [req-37e91fce-dd8c-45ea-a7d0-6d6064b98350 req-37e91fce-dd8c-45ea-a7d0-6d6064b98350 ] Request (QuotasAdminNegativeTest:_run_cleanups): 200 PUT http://10.180.1.21/compute/v2.1/os-quota-sets/d1cd923a22264f0fa84dbb9eef44af3d 0.847s
2025-12-09 23:12:00.605 65906 INFO tempest.lib.common.rest_client [req-df5977c5-766c-4cc5-9422-407422c8d0f3 req-df5977c5-766c-4cc5-9422-407422c8d0f3 ] Request (AggregatesAdminNegativeTestJSON:tearDownClass): 200 GET http://10.180.1.21/networking/v2.0/security-groups?tenant_id=b02e61a88ff14bd6a4cd022e8696ac5a&name=default 0.461s
2025-12-09 23:12:00.608 65884 INFO tempest.lib.common.rest_client [req-3fcd86ee-48c6-43a9-bff7-0b98b343a589 req-3fcd86ee-48c6-43a9-bff7-0b98b343a589 ] Request (KeyPairsV22TestJSON:tearDownClass): 200 GET http://10.180.1.21/networking/v2.0/security-groups?tenant_id=ac4725c2b12d4439b00b97857ef185e5&name=default 0.433s
2025-12-09 23:12:00.630 65914 INFO tempest.lib.common.rest_client [req-a6a42c72-e800-42ef-9e3d-95ebb853ccab req-a6a42c72-e800-42ef-9e3d-95ebb853ccab ] Request (ServerDiagnosticsTest:tearDownClass): 200 GET http://10.180.1.21/compute/v2.1/servers/a7442304-d8bd-4115-8ea4-6491e5602dd3 0.799s
2025-12-09 23:12:00.663 65902 INFO tempest.lib.common.rest_client [req-5142fdc5-bafe-485f-a3e9-7f0ef6a3cb70 req-5142fdc5-bafe-485f-a3e9-7f0ef6a3cb70 ] Request (FlavorsExtraSpecsTestJSON:test_flavor_set_get_update_show_unset_keys): 200 DELETE http://10.180.1.21/compute/v2.1/flavors/2028821765/os-extra_specs/hw:numa_nodes 0.683s
2025-12-09 23:12:00.690 65911 INFO tempest.lib.common.rest_client [req-d465495d-d1a7-454f-a906-80ab0c6b3d07 req-d465495d-d1a7-454f-a906-80ab0c6b3d07 ] Request (FlavorsAdminTestJSON:_run_cleanups): 200 GET http://10.180.1.21/compute/v2.1/flavors/detail 0.670s
2025-12-09 23:12:00.780 65906 INFO tempest.lib.common.rest_client [req-cc189122-e7d6-4b7f-82f5-1890d2b7103e req-cc189122-e7d6-4b7f-82f5-1890d2b7103e ] Request (AggregatesAdminNegativeTestJSON:tearDownClass): 204 DELETE http://10.180.1.21/networking/v2.0/security-groups/5b7d125b-301c-4795-bc7f-5e534afa6d0d 0.174s
2025-12-09 23:12:00.800 65884 INFO tempest.lib.common.rest_client [req-28783c35-8349-45ab-b215-7f931561e3b7 req-28783c35-8349-45ab-b215-7f931561e3b7 ] Request (KeyPairsV22TestJSON:tearDownClass): 204 DELETE http://10.180.1.21/networking/v2.0/security-groups/bbb7ff23-4376-4feb-ad3d-3058099d5f19 0.191s
2025-12-09 23:12:00.801 65904 INFO tempest.lib.common.rest_client [req-c4cdc824-3294-4832-885e-c6aae07da30c req-c4cdc824-3294-4832-885e-c6aae07da30c ] Request (TenantUsagesTestJSON:tearDownClass): 204 DELETE http://10.180.1.21/compute/v2.1/servers/599ed706-5a8e-4c2e-a218-e579852385bf 0.747s
