2025-12-09 23:13:33.363 65913 INFO tempest.lib.common.rest_client [req-3d577f76-1c1f-4216-ad95-2a7c971205f3 req-3d577f76-1c1f-4216-ad95-2a7c971205f3 ] Request (VolumesAssistedSnapshotsTest:tearDownClass): 200 PUT http://10.180.1.21/networking/v2.0/routers/88695645-86f8-4ab1-b962-7214c92c8d8a/remove_router_interface 0.828s
2025-12-09 23:13:33.387 65922 INFO tempest.lib.common.rest_client [req-611c545d-407e-4427-a008-65e050972894 req-611c545d-407e-4427-a008-65e050972894 ] Request (ServersTestJSON:test_create_server_with_ipv6_addr_only): 200 GET http://10.180.1.21/compute/v2.1/servers/e30a0b9b-cdd1-4f74-9b6f-f8ccab3dba7f 1.273s
2025-12-09 23:13:33.400 65866 INFO tempest.lib.common.rest_client [req-d6f3bfe1-00f5-4e87-b102-f40099af8f5e req-d6f3bfe1-00f5-4e87-b102-f40099af8f5e ] Request (MigrationsAdminTest:test_resize_server_revert_deleted_flavor): 200 GET http://10.180.1.21/compute/v2.1/servers/56bc93f4-99bd-43ac-9026-b8a3f15d2f26 1.272s
2025-12-09 23:13:33.783 65884 INFO tempest.lib.common.rest_client [req-52801a0d-f682-49a2-8799-9b49b995bd8d req-52801a0d-f682-49a2-8799-9b49b995bd8d ] Request (ServerAddressesTestJSON:tearDownClass): 200 PUT http://10.180.1.21/networking/v2.0/routers/12f9a098-b12e-428e-9975-fc3c568ee57e/remove_router_interface 0.811s
2025-12-09 23:13:33.788 65913 INFO tempest.lib.common.rest_client [req-499f44d7-0db1-43a2-beb5-684fd4323b32 req-499f44d7-0db1-43a2-beb5-684fd4323b32 ] Request (VolumesAssistedSnapshotsTest:tearDownClass): 204 DELETE http://10.180.1.21/networking/v2.0/routers/88695645-86f8-4ab1-b962-7214c92c8d8a 0.425s
2025-12-09 23:13:33.807 65925 INFO tempest.lib.common.rest_client [req-bc953fb6-dfc7-4e71-8ce0-a430336cd6f8 req-bc953fb6-dfc7-4e71-8ce0-a430336cd6f8 ] Request (ServersTestManualDisk:tearDownClass): 200 GET http://10.180.1.21/compute/v2.1/servers/b09067a6-f134-40ce-b733-a0f45d193b30 1.529s
2025-12-09 23:13:33.812 65874 INFO tempest.lib.common.rest_client [req-dc0f84ac-ac28-4c6c-abcd-d744ebb21b64 req-dc0f84ac-ac28-4c6c-abcd-d744ebb21b64 ] Request (ServersAdminNegativeTestJSON:tearDownClass): 200 GET http://10.180.1.21/compute/v2.1/servers/78a1f47f-c77e-4cac-ab56-d13bea100795 1.576s
2025-12-09 23:13:33.963 65913 INFO tempest.lib.common.rest_client [req-0210ee4b-fbb2-4360-adcc-193b482c7118 req-0210ee4b-fbb2-4360-adcc-193b482c7118 ] Request (VolumesAssistedSnapshotsTest:tearDownClass): 204 DELETE http://10.180.1.21/networking/v2.0/subnets/05360ae9-405b-4a4a-9cf9-3cb73e63890b 0.174s
2025-12-09 23:13:34.024 65882 INFO tempest.lib.common.rest_client [req-43c90ccd-379d-4965-88df-92bf0c82ad22 req-43c90ccd-379d-4965-88df-92bf0c82ad22 ] Request (ServerRescueTestJSON:test_rescue_unrescue_instance): 200 GET http://10.180.1.21/compute/v2.1/servers/e81c83af-b8b5-43ca-a1cf-4865313a6009 1.687s
2025-12-09 23:13:34.052 65892 INFO tempest.lib.common.rest_client [req-5c614a6e-fa40-4d31-b7a9-b51c6521e094 req-5c614a6e-fa40-4d31-b7a9-b51c6521e094 ] Request (ServersNegativeTestJSON:setUpClass): 200 GET http://10.180.1.21/compute/v2.1/servers/e4bcc2e6-cc0a-4a29-84b7-0b2c15804ff8 1.731s
2025-12-09 23:13:34.064 65892 INFO tempest.common.waiters [-] State transition "BUILD/scheduling" ==> "BUILD/None" after 13 second wait
2025-12-09 23:13:34.262 65884 INFO tempest.lib.common.rest_client [req-d29a2217-1cc4-42e8-9d23-3178e0bbaa16 req-d29a2217-1cc4-42e8-9d23-3178e0bbaa16 ] Request (ServerAddressesTestJSON:tearDownClass): 204 DELETE http://10.180.1.21/networking/v2.0/routers/12f9a098-b12e-428e-9975-fc3c568ee57e 0.478s
2025-12-09 23:13:34.309 65913 INFO tempest.lib.common.rest_client [req-a1ce5633-4116-42bd-91e2-3def8a5d2348 req-a1ce5633-4116-42bd-91e2-3def8a5d2348 ] Request (VolumesAssistedSnapshotsTest:tearDownClass): 204 DELETE http://10.180.1.21/networking/v2.0/networks/b626d790-ab0c-45c0-8603-7e9ae8b0fc50 0.345s
2025-12-09 23:13:34.332 65928 INFO tempest.lib.common.rest_client [req-8742c1b5-e512-413b-aad8-7efae4b936ed req-8742c1b5-e512-413b-aad8-7efae4b936ed ] Request (ImagesOneServerNegativeTestJSON:_run_cleanups): 200 GET http://10.180.1.21/compute/v2.1/servers/d2cb4787-57de-46ad-99b2-29b2f0a2f317 1.941s
2025-12-09 23:13:34.335 65891 INFO tempest.lib.common.rest_client [req-d79959be-8691-4316-8778-770d106944da req-d79959be-8691-4316-8778-770d106944da ] Request (ServerMetadataTestJSON:tearDownClass): 200 GET http://10.180.1.21/compute/v2.1/servers/c80f2a36-ab18-43d2-818c-c6edc1d36e29 1.920s
2025-12-09 23:13:34.389 65870 INFO tempest.lib.common.rest_client [req-96ad5047-74ac-4421-b228-ca9091f2d08e req-96ad5047-74ac-4421-b228-ca9091f2d08e ] Request (ServicesAdminNegativeTestJSON:test_get_service_by_invalid_params): 200 GET http://10.180.1.21/compute/v2.1/os-services?xxx=nova-compute 1.530s
2025-12-09 23:13:34.454 65884 INFO tempest.lib.common.rest_client [req-8d9e1d60-3aa2-4e1d-b74d-33cadde5ded0 req-8d9e1d60-3aa2-4e1d-b74d-33cadde5ded0 ] Request (ServerAddressesTestJSON:tearDownClass): 204 DELETE http://10.180.1.21/networking/v2.0/subnets/7178dcbc-2267-4d5b-8c3e-e52c75b6d8ba 0.191s
2025-12-09 23:13:34.460 65898 INFO tempest.lib.common.rest_client [req-51fc473d-15d6-4eea-8b70-2511a0c96221 req-51fc473d-15d6-4eea-8b70-2511a0c96221 ] Request (ServersTestBootFromVolume:tearDownClass): 200 GET http://10.180.1.21/compute/v2.1/servers/d7c1246a-f704-4f72-8f01-1fd2776bca98 1.967s
2025-12-09 23:13:34.464 65913 INFO tempest.lib.common.rest_client [req-91ec487b-ce0e-4637-a8ce-581980fafb02 req-91ec487b-ce0e-4637-a8ce-581980fafb02 ] Request (VolumesAssistedSnapshotsTest:tearDownClass): 204 DELETE http://10.180.1.21/identity/v3/users/7b0c63c8e12d497cb5e47ae313485af2 0.155s
2025-12-09 23:13:34.479 65894 INFO tempest.lib.common.rest_client [req-e77e9fc0-d9ce-4151-8616-9a0ecdd32907 req-e77e9fc0-d9ce-4151-8616-9a0ecdd32907 ] Request (ServerMetadataNegativeTestJSON:setUpClass): 200 GET http://10.180.1.21/compute/v2.1/servers/e19bafac-9e13-4297-8c0a-ee973940c56f 1.510s
2025-12-09 23:13:34.540 65918 INFO tempest.lib.common.rest_client [req-bb89485c-29d4-4520-9309-c947a88995a6 req-bb89485c-29d4-4520-9309-c947a88995a6 ] Request (ServerShowV257Test:test_rebuild_server): 200 GET http://10.180.1.21/compute/v2.1/servers/66c79759-fbd7-485b-90fb-497fc1f53ac5 1.476s
2025-12-09 23:13:34.571 65896 INFO tempest.lib.common.rest_client [req-aed05064-3476-472c-b645-de7e76bf27da req-aed05064-3476-472c-b645-de7e76bf27da ] Request (ListImageFiltersTestJSON:tearDownClass): 200 GET http://10.180.1.21/compute/v2.1/servers/6ec498ec-3e9c-412d-9a4c-a2f518148a36 1.272s
2025-12-09 23:13:34.617 65913 INFO tempest.lib.common.rest_client [req-fe3b6ba7-5d0e-4add-b09d-6904238f700d req-fe3b6ba7-5d0e-4add-b09d-6904238f700d ] Request (VolumesAssistedSnapshotsTest:tearDownClass): 204 DELETE http://10.180.1.21/identity/v3/users/d4a7b1dd58114b3fbee172bd7927238c 0.152s
2025-12-09 23:13:34.663 65872 INFO tempest.lib.common.rest_client [req-43d6f7c2-5846-48ba-a5c7-f737f13b9bfb req-43d6f7c2-5846-48ba-a5c7-f737f13b9bfb ] Request (ServersTestMultiNic:test_verify_multiple_nics_order): 200 GET http://10.180.1.21/compute/v2.1/servers/c0d54295-e8a6-4499-8cba-d235e2d3bc10 1.134s
2025-12-09 23:13:34.703 65904 INFO tempest.lib.common.rest_client [req-5f2d8641-f7fd-471f-aef1-fb3a01e86dcb req-5f2d8641-f7fd-471f-aef1-fb3a01e86dcb ] Request (FloatingIPsAssociationTestJSON:setUpClass): 200 GET http://10.180.1.21/compute/v2.1/servers/bf95f34e-ffc7-4231-8346-24046e49d01d 1.192s
2025-12-09 23:13:34.746 65913 INFO tempest.lib.common.rest_client [req-6a4a8906-59c1-4585-989e-0c73854bbf03 req-6a4a8906-59c1-4585-989e-0c73854bbf03 ] Request (VolumesAssistedSnapshotsTest:tearDownClass): 204 DELETE http://10.180.1.21/identity/v3/users/02ef0e2256f04d2ba306385dbe938ad3 0.127s
2025-12-09 23:13:34.746 65913 INFO tempest.lib.common.dynamic_creds [-] Deleting project and security group for project: 77a0a2b38a444fdd842aeb13d7cb7b6c
2025-12-09 23:13:34.749 65886 INFO tempest.lib.common.rest_client [req-fe6b95b1-3b32-4694-8072-ed653ffb78c8 req-fe6b95b1-3b32-4694-8072-ed653ffb78c8 ] Request (AttachInterfacesUnderV243Test:_run_cleanups): 200 GET http://10.180.1.21/compute/v2.1/servers/d167e077-7d62-4e3f-91c2-b4b3d7bc160b 1.113s
2025-12-09 23:13:34.771 65884 INFO tempest.lib.common.rest_client [req-ed9ae001-bb74-44d7-b0d3-08755ea3e1cf req-ed9ae001-bb74-44d7-b0d3-08755ea3e1cf ] Request (ServerAddressesTestJSON:tearDownClass): 204 DELETE http://10.180.1.21/networking/v2.0/networks/ebc5b3cf-7e32-479f-b71c-01d0528d4452 0.317s
2025-12-09 23:13:34.802 65913 INFO tempest.lib.common.rest_client [req-0d9e4465-c4ed-401c-b3b3-1a4fdbfd705a req-0d9e4465-c4ed-401c-b3b3-1a4fdbfd705a ] Request (VolumesAssistedSnapshotsTest:tearDownClass): 200 GET http://10.180.1.21/networking/v2.0/security-groups?tenant_id=77a0a2b38a444fdd842aeb13d7cb7b6c&name=default 0.055s
2025-12-09 23:13:34.827 65902 INFO tempest.lib.common.rest_client [req-1d181cab-bb87-491a-98f6-e804bb514a42 req-1d181cab-bb87-491a-98f6-e804bb514a42 ] Request (ServerShowV247Test:test_update_rebuild_list_server): 200 GET http://10.180.1.21/compute/v2.1/servers/6c788080-5b11-428a-83b8-1a058e1ba67f 1.123s
2025-12-09 23:13:34.863 65876 INFO tempest.lib.common.rest_client [req-c72ffee8-c9b5-4777-9921-c27e9501bfd8 req-c72ffee8-c9b5-4777-9921-c27e9501bfd8 ] Request (ServerActionsTestOtherB:setUpClass): 200 GET http://10.180.1.21/compute/v2.1/servers/76a2e92e-4764-4cb7-a671-67cc1be93f29 1.198s
2025-12-09 23:13:34.869 65876 INFO tempest.common.waiters [-] State transition "BUILD/spawning" ==> "ACTIVE/None" after 52 second wait
2025-12-09 23:13:34.887 65884 INFO tempest.lib.common.rest_client [req-939e9483-0a64-4f67-b987-a0df7ffacffc req-939e9483-0a64-4f67-b987-a0df7ffacffc ] Request (ServerAddressesTestJSON:tearDownClass): 204 DELETE http://10.180.1.21/identity/v3/users/65fd94f0780f442096e039c6d48cf692 0.115s
2025-12-09 23:13:34.887 65884 INFO tempest.lib.common.dynamic_creds [-] Deleting project and security group for project: c80a12353885459b8f9a2cae80c685a5
2025-12-09 23:13:34.891 65888 INFO tempest.lib.common.rest_client [req-58350d25-dd72-411f-bb01-6dfb537db9c9 req-58350d25-dd72-411f-bb01-6dfb537db9c9 ] Request (ServersAdminTestJSON:test_create_server_with_scheduling_hint): 200 GET http://10.180.1.21/compute/v2.1/servers/f56cfcb4-bc69-4249-a1b6-322b8469e9f1 1.169s
2025-12-09 23:13:34.909 65913 INFO tempest.lib.common.rest_client [req-d00a735b-76e4-428b-a1bb-04d859092e61 req-d00a735b-76e4-428b-a1bb-04d859092e61 ] Request (VolumesAssistedSnapshotsTest:tearDownClass): 204 DELETE http://10.180.1.21/networking/v2.0/security-groups/13a6dd16-556c-4c79-8d3d-afcf2475186b 0.107s
2025-12-09 23:13:34.919 65884 INFO tempest.lib.common.rest_client [req-80b605c1-fcc2-4975-9d14-a4b411436259 req-80b605c1-fcc2-4975-9d14-a4b411436259 ] Request (ServerAddressesTestJSON:tearDownClass): 200 GET http://10.180.1.21/networking/v2.0/security-groups?tenant_id=c80a12353885459b8f9a2cae80c685a5&name=default 0.031s
2025-12-09 23:13:34.932 65926 INFO tempest.lib.common.rest_client [req-9b95574f-959c-4c96-83f8-0d2399e88e1c req-9b95574f-959c-4c96-83f8-0d2399e88e1c ] Request (DeleteServersTestJSON:test_delete_server_while_in_shelved_state): 200 GET http://10.180.1.21/compute/v2.1/servers/195df19a-b1f1-49c5-bf0e-59fbcd24f5d7 1.174s
2025-12-09 23:13:34.959 65911 INFO tempest.lib.common.rest_client [req-60ade847-898d-4743-a380-85a1f9c78802 req-60ade847-898d-4743-a380-85a1f9c78802 ] Request (InstanceActionsV221TestJSON:test_get_list_deleted_instance_actions): 200 GET http://10.180.1.21/compute/v2.1/servers/ce5d47ab-7ed7-4fa1-8ee6-1d78b09e9ddb 1.169s
2025-12-09 23:13:34.986 65870 INFO tempest.lib.common.rest_client [req-ea2f9e27-73d0-417f-ac52-91336b9b297b req-ea2f9e27-73d0-417f-ac52-91336b9b297b ] Request (ServicesAdminNegativeTestJSON:test_get_service_by_invalid_service_and_valid_host): 200 GET http://10.180.1.21/compute/v2.1/os-services 0.594s
2025-12-09 23:13:35.016 65868 INFO tempest.lib.common.rest_client [req-2e9e5a9d-8fb0-449d-bb99-9791716d0f30 req-2e9e5a9d-8fb0-449d-bb99-9791716d0f30 ] Request (ImagesNegativeTestJSON:test_create_image_from_deleted_server): 200 GET http://10.180.1.21/compute/v2.1/servers/569d0bcb-258a-4406-9755-3950603e091b 1.068s
2025-12-09 23:13:35.036 65913 INFO tempest.lib.common.rest_client [req-b31283c5-5f6e-4833-924b-529043586963 req-b31283c5-5f6e-4833-924b-529043586963 ] Request (VolumesAssistedSnapshotsTest:tearDownClass): 204 DELETE http://10.180.1.21/identity/v3/projects/77a0a2b38a444fdd842aeb13d7cb7b6c 0.126s
2025-12-09 23:13:35.036 65913 INFO tempest.lib.common.dynamic_creds [-] Deleting project and security group for project: 1afd48898e784e8babd2e7cd3b5dea62
2025-12-09 23:13:35.046 65884 INFO tempest.lib.common.rest_client [req-483a0b09-74bc-416b-b24f-c9ac4be350a2 req-483a0b09-74bc-416b-b24f-c9ac4be350a2 ] Request (ServerAddressesTestJSON:tearDownClass): 204 DELETE http://10.180.1.21/networking/v2.0/security-groups/eefa6e68-2d0d-4dd1-8266-d7dbdd92a332 0.126s
2025-12-09 23:13:35.052 65922 INFO tempest.lib.common.rest_client [req-b3d6fe65-f38b-4022-b9b4-3750f9013571 req-b3d6fe65-f38b-4022-b9b4-3750f9013571 ] Request (ServersTestJSON:test_create_server_with_ipv6_addr_only): 200 GET http://10.180.1.21/compute/v2.1/servers/e30a0b9b-cdd1-4f74-9b6f-f8ccab3dba7f 0.648s
2025-12-09 23:13:35.089 65866 INFO tempest.lib.common.rest_client [req-bb20fe6f-a6d3-4cda-bea5-f888a7ad565b req-bb20fe6f-a6d3-4cda-bea5-f888a7ad565b ] Request (MigrationsAdminTest:test_resize_server_revert_deleted_flavor): 200 GET http://10.180.1.21/compute/v2.1/servers/56bc93f4-99bd-43ac-9026-b8a3f15d2f26 0.673s
2025-12-09 23:13:35.096 65913 INFO tempest.lib.common.rest_client [req-2a6c75b4-286c-465c-ba5f-2d3a5f4c2a2b req-2a6c75b4-286c-465c-ba5f-2d3a5f4c2a2b ] Request (VolumesAssistedSnapshotsTest:tearDownClass): 200 GET http://10.180.1.21/networking/v2.0/security-groups?tenant_id=1afd48898e784e8babd2e7cd3b5dea62&name=default 0.059s
2025-12-09 23:13:35.121 65874 INFO tempest.lib.common.rest_client [req-301ede2c-01a8-4d36-9215-62db8c27141b req-301ede2c-01a8-4d36-9215-62db8c27141b ] Request (ServersAdminNegativeTestJSON:tearDownClass): 404 GET http://10.180.1.21/compute/v2.1/servers/78a1f47f-c77e-4cac-ab56-d13bea100795 0.301s
2025-12-09 23:13:35.131 65925 INFO tempest.lib.common.rest_client [req-6406bfc3-595d-4b6e-bbd5-22573e9a8296 req-6406bfc3-595d-4b6e-bbd5-22573e9a8296 ] Request (ServersTestManualDisk:tearDownClass): 200 GET http://10.180.1.21/compute/v2.1/servers/b09067a6-f134-40ce-b733-a0f45d193b30 0.316s
2025-12-09 23:13:35.141 65925 INFO tempest.common.waiters [-] State transition "ACTIVE/deleting" ==> "DELETED/None" after 6 second wait
2025-12-09 23:13:35.156 65870 INFO tempest.lib.common.rest_client [req-ae75ebc8-732c-4660-a13c-6c0baa43055d req-ae75ebc8-732c-4660-a13c-6c0baa43055d ] Request (ServicesAdminNegativeTestJSON:test_get_service_by_invalid_service_and_valid_host): 200 GET http://10.180.1.21/compute/v2.1/os-services?host=devstack&binary=xxx 0.167s
2025-12-09 23:13:35.214 65884 INFO tempest.lib.common.rest_client [req-f81992f2-315a-44e5-a372-019ac0c2211c req-f81992f2-315a-44e5-a372-019ac0c2211c ] Request (ServerAddressesTestJSON:tearDownClass): 204 DELETE http://10.180.1.21/identity/v3/projects/c80a12353885459b8f9a2cae80c685a5 0.167s
2025-12-09 23:13:35.224 65876 INFO tempest.lib.common.rest_client [req-098d0da4-c1dd-494d-9420-278b91d57e70 req-098d0da4-c1dd-494d-9420-278b91d57e70 ] Request (ServerActionsTestOtherB:setUpClass): 200 GET http://10.180.1.21/compute/v2.1/servers/76a2e92e-4764-4cb7-a671-67cc1be93f29/os-interface 0.354s
2025-12-09 23:13:35.225 65913 INFO tempest.lib.common.rest_client [req-625f4829-5d66-4e7c-8489-7e97b31a286f req-625f4829-5d66-4e7c-8489-7e97b31a286f ] Request (VolumesAssistedSnapshotsTest:tearDownClass): 204 DELETE http://10.180.1.21/networking/v2.0/security-groups/3c0ea756-dcd3-4258-8652-45d6c77e8509 0.128s
2025-12-09 23:13:35.250 65882 INFO tempest.lib.common.rest_client [req-be2ff2aa-f15c-4880-9886-62d21eb39c76 req-be2ff2aa-f15c-4880-9886-62d21eb39c76 ] Request (ServerRescueTestJSON:test_rescue_unrescue_instance): 200 GET http://10.180.1.21/compute/v2.1/servers/e81c83af-b8b5-43ca-a1cf-4865313a6009 0.212s
2025-12-09 23:13:35.263 65882 INFO tempest.common.waiters [-] State transition "BUILD/scheduling" ==> "BUILD/None" after 14 second wait
2025-12-09 23:13:35.288 65892 INFO tempest.lib.common.rest_client [req-5bc80140-94e3-48de-bb28-f81db905fa08 req-5bc80140-94e3-48de-bb28-f81db905fa08 ] Request (ServersNegativeTestJSON:setUpClass): 200 GET http://10.180.1.21/compute/v2.1/servers/e4bcc2e6-cc0a-4a29-84b7-0b2c15804ff8 0.223s
2025-12-09 23:13:35.312 65870 INFO tempest.lib.common.rest_client [req-c89d6ed0-c061-4489-a631-9b8e8bd8eb0e req-c89d6ed0-c061-4489-a631-9b8e8bd8eb0e ] Request (ServicesAdminNegativeTestJSON:test_get_service_with_valid_service_and_invalid_host): 200 GET http://10.180.1.21/compute/v2.1/os-services 0.150s
2025-12-09 23:13:35.347 65870 INFO tempest.lib.common.rest_client [req-ce8d2ae4-ca13-4eb5-a4a2-8c325da9396f req-ce8d2ae4-ca13-4eb5-a4a2-8c325da9396f ] Request (ServicesAdminNegativeTestJSON:test_get_service_with_valid_service_and_invalid_host): 200 GET http://10.180.1.21/compute/v2.1/os-services?host=xxx&binary=nova-scheduler 0.032s
2025-12-09 23:13:35.351 65874 INFO tempest.lib.common.rest_client [req-7a7730b5-ab66-494b-9853-033e3568fb3a req-7a7730b5-ab66-494b-9853-033e3568fb3a ] Request (ServersAdminNegativeTestJSON:tearDownClass): 204 DELETE http://10.180.1.21/compute/v2.1/servers/0fb00606-3189-4fab-8328-3dc36adb706a 0.230s
2025-12-09 23:13:35.373 65913 INFO tempest.lib.common.rest_client [req-5b077f50-c31c-4d38-b10e-3b3551a09a2a req-5b077f50-c31c-4d38-b10e-3b3551a09a2a ] Request (VolumesAssistedSnapshotsTest:tearDownClass): 204 DELETE http://10.180.1.21/identity/v3/projects/1afd48898e784e8babd2e7cd3b5dea62 0.148s
2025-12-09 23:13:35.373 65913 INFO tempest.lib.common.dynamic_creds [-] Deleting project and security group for project: 1e557e1a385f4f269a3112003e70dd2c
2025-12-09 23:13:35.411 65913 INFO tempest.lib.common.rest_client [req-35b7354d-aa6e-4c81-a265-0b9785481432 req-35b7354d-aa6e-4c81-a265-0b9785481432 ] Request (VolumesAssistedSnapshotsTest:tearDownClass): 200 GET http://10.180.1.21/networking/v2.0/security-groups?tenant_id=1e557e1a385f4f269a3112003e70dd2c&name=default 0.037s
2025-12-09 23:13:35.434 65928 INFO tempest.lib.common.rest_client [req-6ebff722-a365-418c-bee5-4370e7665f9a req-6ebff722-a365-418c-bee5-4370e7665f9a ] Request (ImagesOneServerNegativeTestJSON:_run_cleanups): 200 GET http://10.180.1.21/compute/v2.1/servers/d2cb4787-57de-46ad-99b2-29b2f0a2f317 0.092s
2025-12-09 23:13:35.447 65891 INFO tempest.lib.common.rest_client [req-c85f57a5-0561-46f9-b78f-b903729b4b94 req-c85f57a5-0561-46f9-b78f-b903729b4b94 ] Request (ServerMetadataTestJSON:tearDownClass): 200 GET http://10.180.1.21/compute/v2.1/servers/c80f2a36-ab18-43d2-818c-c6edc1d36e29 0.097s
2025-12-09 23:13:35.556 65913 INFO tempest.lib.common.rest_client [req-23643870-010f-410d-bb56-5b4e28a03d1f req-23643870-010f-410d-bb56-5b4e28a03d1f ] Request (VolumesAssistedSnapshotsTest:tearDownClass): 204 DELETE http://10.180.1.21/networking/v2.0/security-groups/68c1e8a0-8777-46f9-826a-fbdafba4fac8 0.145s
2025-12-09 23:13:35.599 65870 INFO tempest.lib.common.rest_client [req-209dc3db-1072-4558-a9b4-8d914b615bdc req-209dc3db-1072-4558-a9b4-8d914b615bdc ] Request (ServicesAdminNegativeTestJSON:test_list_services_with_non_admin_user): 403 GET http://10.180.1.21/compute/v2.1/os-services 0.246s
2025-12-09 23:13:35.679 65874 INFO tempest.lib.common.rest_client [req-83d74b39-253c-40e2-8f70-747636ef9939 req-83d74b39-253c-40e2-8f70-747636ef9939 ] Request (ServersAdminNegativeTestJSON:tearDownClass): 200 GET http://10.180.1.21/compute/v2.1/servers/0fb00606-3189-4fab-8328-3dc36adb706a 0.327s
2025-12-09 23:13:35.696 65898 INFO tempest.lib.common.rest_client [req-0ef7c097-de20-465c-8f81-96373632cf42 req-0ef7c097-de20-465c-8f81-96373632cf42 ] Request (ServersTestBootFromVolume:tearDownClass): 200 GET http://10.180.1.21/compute/v2.1/servers/d7c1246a-f704-4f72-8f01-1fd2776bca98 0.224s
2025-12-09 23:13:35.705 65913 INFO tempest.lib.common.rest_client [req-6af57bb3-5d3d-415d-a794-270cd3eb3bf0 req-6af57bb3-5d3d-415d-a794-270cd3eb3bf0 ] Request (VolumesAssistedSnapshotsTest:tearDownClass): 204 DELETE http://10.180.1.21/identity/v3/projects/1e557e1a385f4f269a3112003e70dd2c 0.148s
2025-12-09 23:13:35.706 65913 INFO tempest.test [-] raised in LiveMigrationManagerWorkflowTest.setUpClass. Invoking tearDownClass.
2025-12-09 23:13:35.720 65870 INFO tempest.lib.common.rest_client [req-d50376bf-f90f-4f23-8a2f-f41853dad88d req-d50376bf-f90f-4f23-8a2f-f41853dad88d ] Request (ServicesAdminNegativeTestJSON:tearDownClass): 204 DELETE http://10.180.1.21/identity/v3/users/a11834d558f5417c8d004460249e9b04 0.119s
2025-12-09 23:13:35.752 65894 INFO tempest.lib.common.rest_client [req-0bb782e1-847e-4f9e-aab7-54fb20cbb839 req-0bb782e1-847e-4f9e-aab7-54fb20cbb839 ] Request (ServerMetadataNegativeTestJSON:setUpClass): 200 GET http://10.180.1.21/compute/v2.1/servers/e19bafac-9e13-4297-8c0a-ee973940c56f 0.263s
2025-12-09 23:13:35.772 65918 INFO tempest.lib.common.rest_client [req-16a7256d-a2ac-45fd-a1b8-05e3ed1adb48 req-16a7256d-a2ac-45fd-a1b8-05e3ed1adb48 ] Request (ServerShowV257Test:test_rebuild_server): 200 GET http://10.180.1.21/compute/v2.1/servers/66c79759-fbd7-485b-90fb-497fc1f53ac5 0.217s
2025-12-09 23:13:35.781 65913 INFO tempest.lib.common.rest_client [req-364f8874-057c-4fab-a98d-68df6e1bc371 req-364f8874-057c-4fab-a98d-68df6e1bc371 ] Request (ImagesOneServerTestJSON:setUpClass): 201 POST http://10.180.1.21/identity/v3/auth/tokens 0.072s
2025-12-09 23:13:35.830 65896 INFO tempest.lib.common.rest_client [req-f1aa86a6-8d0c-46fa-89e5-73319cbd1c67 req-f1aa86a6-8d0c-46fa-89e5-73319cbd1c67 ] Request (ListImageFiltersTestJSON:tearDownClass): 200 GET http://10.180.1.21/compute/v2.1/servers/6ec498ec-3e9c-412d-9a4c-a2f518148a36 0.248s
2025-12-09 23:13:35.839 65876 INFO tempest.lib.common.rest_client [req-6057eeb9-cc56-4415-baef-f2fd755dc5cc req-6057eeb9-cc56-4415-baef-f2fd755dc5cc ] Request (ServerActionsTestOtherB:setUpClass): 200 PUT http://10.180.1.21/networking/v2.0/floatingips/ed1ac0df-2f06-46c1-9264-6ae812b845a5 0.612s
2025-12-09 23:13:35.841 65876 INFO tempest.lib.common.ssh [-] Creating ssh connection to '10.180.180.136:22' as 'cirros' with public key authentication
2025-12-09 23:13:35.847 65872 INFO tempest.lib.common.rest_client [req-dfd2c9a1-ae70-4bd0-a809-29934caf3b1a req-dfd2c9a1-ae70-4bd0-a809-29934caf3b1a ] Request (ServersTestMultiNic:test_verify_multiple_nics_order): 200 GET http://10.180.1.21/compute/v2.1/servers/c0d54295-e8a6-4499-8cba-d235e2d3bc10 0.175s
2025-12-09 23:13:35.849 65870 INFO tempest.lib.common.rest_client [req-55887b27-a446-46f0-b107-9ae0e9745515 req-55887b27-a446-46f0-b107-9ae0e9745515 ] Request (ServicesAdminNegativeTestJSON:tearDownClass): 204 DELETE http://10.180.1.21/identity/v3/users/b41888f27dd042dfb4d2b7989f6d4cf5 0.129s
2025-12-09 23:13:35.849 65870 INFO tempest.lib.common.dynamic_creds [-] Deleting project and security group for project: 3664c04155cd4d428b866785be704181
2025-12-09 23:13:35.866 65913 INFO tempest.lib.common.rest_client [req-4476c1f2-70e1-423f-aa2f-6c61eb0aedf3 req-4476c1f2-70e1-423f-aa2f-6c61eb0aedf3 ] Request (ImagesOneServerTestJSON:setUpClass): 201 POST http://10.180.1.21/identity/v3/auth/tokens 0.081s
2025-12-09 23:13:35.910 65870 INFO tempest.lib.common.rest_client [req-61c43673-742f-4207-80ed-c0efdde06f8d req-61c43673-742f-4207-80ed-c0efdde06f8d ] Request (ServicesAdminNegativeTestJSON:tearDownClass): 201 POST http://10.180.1.21/identity/v3/auth/tokens 0.060s
2025-12-09 23:13:35.912 65886 INFO tempest.lib.common.rest_client [req-af695599-0c7a-4083-afd6-38ab1118f0e5 req-af695599-0c7a-4083-afd6-38ab1118f0e5 ] Request (AttachInterfacesUnderV243Test:_run_cleanups): 200 GET http://10.180.1.21/compute/v2.1/servers/d167e077-7d62-4e3f-91c2-b4b3d7bc160b 0.153s
2025-12-09 23:13:35.929 65913 INFO tempest.lib.common.rest_client [req-b04ce0bf-d681-418d-831e-63fa56a5e020 req-b04ce0bf-d681-418d-831e-63fa56a5e020 ] Request (ImagesOneServerTestJSON:setUpClass): 200 GET http://10.180.1.21/identity/v3/domains?name=Default 0.063s
2025-12-09 23:13:35.945 65904 INFO tempest.lib.common.rest_client [req-780a22fb-89bf-41eb-a49f-c28d3f4b58fe req-780a22fb-89bf-41eb-a49f-c28d3f4b58fe ] Request (FloatingIPsAssociationTestJSON:setUpClass): 200 GET http://10.180.1.21/compute/v2.1/servers/bf95f34e-ffc7-4231-8346-24046e49d01d 0.233s
2025-12-09 23:13:35.954 65904 INFO tempest.common.waiters [-] State transition "BUILD/spawning" ==> "ACTIVE/None" after 47 second wait
2025-12-09 23:13:35.961 65913 INFO tempest.lib.common.rest_client [req-f18d44c1-e5e5-4228-b269-d1cd0eadc801 req-f18d44c1-e5e5-4228-b269-d1cd0eadc801 ] Request (ImagesOneServerTestJSON:setUpClass): 201 POST http://10.180.1.21/identity/v3/projects 0.031s
2025-12-09 23:13:35.970 65902 INFO tempest.lib.common.rest_client [req-c9d176bd-93c0-4b9d-b6e6-4d89e55e3112 req-c9d176bd-93c0-4b9d-b6e6-4d89e55e3112 ] Request (ServerShowV247Test:test_update_rebuild_list_server): 200 GET http://10.180.1.21/compute/v2.1/servers/6c788080-5b11-428a-83b8-1a058e1ba67f 0.134s
2025-12-09 23:13:36.014 65888 INFO tempest.lib.common.rest_client [req-c6d5e29d-eae2-4a35-a1aa-cec29afac722 req-c6d5e29d-eae2-4a35-a1aa-cec29afac722 ] Request (ServersAdminTestJSON:test_create_server_with_scheduling_hint): 200 GET http://10.180.1.21/compute/v2.1/servers/f56cfcb4-bc69-4249-a1b6-322b8469e9f1 0.111s
2025-12-09 23:13:36.029 65913 INFO tempest.lib.common.rest_client [req-c4f4ea21-d945-4dfa-a05c-ea3b89d67acb req-c4f4ea21-d945-4dfa-a05c-ea3b89d67acb ] Request (ImagesOneServerTestJSON:setUpClass): 201 POST http://10.180.1.21/identity/v3/users 0.067s
2025-12-09 23:13:36.044 65878 WARNING tempest.lib.common.ssh [-] Failed to establish authenticated ssh connection to cirros@10.180.180.211 ([Errno None] Unable to connect to port 22 on 10.180.180.211). Number attempts: 1. Retry after 2 seconds.: paramiko.ssh_exception.NoValidConnectionsError: [Errno None] Unable to connect to port 22 on 10.180.180.211
2025-12-09 23:13:36.046 65926 INFO tempest.lib.common.rest_client [req-9d611e48-6c2b-4656-b38d-11413a8edc22 req-9d611e48-6c2b-4656-b38d-11413a8edc22 ] Request (DeleteServersTestJSON:test_delete_server_while_in_shelved_state): 200 GET http://10.180.1.21/compute/v2.1/servers/195df19a-b1f1-49c5-bf0e-59fbcd24f5d7 0.103s
2025-12-09 23:13:36.053 65913 INFO tempest.lib.common.rest_client [req-8db2bfb6-fe67-400e-8640-2e59332a53e0 req-8db2bfb6-fe67-400e-8640-2e59332a53e0 ] Request (ImagesOneServerTestJSON:setUpClass): 200 GET http://10.180.1.21/identity/v3/roles 0.024s
2025-12-09 23:13:36.110 65913 INFO tempest.lib.common.rest_client [req-748f71f9-75ad-47a6-a10d-99b89fda40fe req-748f71f9-75ad-47a6-a10d-99b89fda40fe ] Request (ImagesOneServerTestJSON:setUpClass): 204 PUT http://10.180.1.21/identity/v3/projects/2d9a59b20ae14fb3bd894004fc81b06b/users/3cbac6bc046047f8a031af5ee5ebfa5d/roles/90f551ab100a438caa8ce07128a8d6c1 0.056s
2025-12-09 23:13:36.110 65913 INFO tempest.lib.common.dynamic_creds [-] Dynamic test user 3cbac6bc046047f8a031af5ee5ebfa5d is created with scope project and roles: ['member']
2025-12-09 23:13:36.110 65913 INFO tempest.lib.common.dynamic_creds [-] Acquired dynamic creds: credentials: Credentials: {'domain_id': 'default', 'domain_name': 'Default', 'username': 'tempest-ImagesOneServerTestJSON-418340587-project-member', 'project_domain_id': 'default', 'project_domain_name': 'Default', 'project_id': '2d9a59b20ae14fb3bd894004fc81b06b', 'project_name': 'tempest-ImagesOneServerTestJSON-418340587', 'tenant_id': '2d9a59b20ae14fb3bd894004fc81b06b', 'tenant_name': 'tempest-ImagesOneServerTestJSON-418340587', 'user_domain_id': 'default', 'user_domain_name': 'Default', 'user_id': '3cbac6bc046047f8a031af5ee5ebfa5d', 'system': None}, Network: None, Subnet: None, Router: None
2025-12-09 23:13:36.135 65911 INFO tempest.lib.common.rest_client [req-2d9f7a76-1366-4da4-81b3-fcc11a99b1b3 req-2d9f7a76-1366-4da4-81b3-fcc11a99b1b3 ] Request (InstanceActionsV221TestJSON:test_get_list_deleted_instance_actions): 200 GET http://10.180.1.21/compute/v2.1/servers/ce5d47ab-7ed7-4fa1-8ee6-1d78b09e9ddb 0.165s
2025-12-09 23:13:36.201 65913 INFO tempest.lib.common.rest_client [req-b2eaf896-cd88-41b2-baba-94aa57fd3158 req-b2eaf896-cd88-41b2-baba-94aa57fd3158 ] Request (ImagesOneServerTestJSON:setUpClass): 201 POST http://10.180.1.21/identity/v3/auth/tokens 0.090s
2025-12-09 23:13:36.230 65870 INFO tempest.lib.common.rest_client [req-47aeaadd-4a54-48e9-a055-815774da1ef1 req-47aeaadd-4a54-48e9-a055-815774da1ef1 ] Request (ServicesAdminNegativeTestJSON:tearDownClass): 200 GET http://10.180.1.21/networking/v2.0/security-groups?tenant_id=3664c04155cd4d428b866785be704181&name=default 0.320s
2025-12-09 23:13:36.254 65868 INFO tempest.lib.common.rest_client [req-36e1a71d-805e-46dd-a0d9-f0822191b6dd req-36e1a71d-805e-46dd-a0d9-f0822191b6dd ] Request (ImagesNegativeTestJSON:test_create_image_from_deleted_server): 200 GET http://10.180.1.21/compute/v2.1/servers/569d0bcb-258a-4406-9755-3950603e091b 0.230s
2025-12-09 23:13:36.515 65913 INFO tempest.lib.common.rest_client [req-a5c91527-f13b-481f-a5d6-5baf8ed46441 req-a5c91527-f13b-481f-a5d6-5baf8ed46441 ] Request (ImagesOneServerTestJSON:setUpClass): 201 POST http://10.180.1.21/networking/v2.0/networks 0.314s
2025-12-09 23:13:36.596 65922 INFO tempest.lib.common.rest_client [req-08b22f9f-9510-4677-a888-2ec6782b3719 req-08b22f9f-9510-4677-a888-2ec6782b3719 ] Request (ServersTestJSON:test_create_server_with_ipv6_addr_only): 200 GET http://10.180.1.21/compute/v2.1/servers/e30a0b9b-cdd1-4f74-9b6f-f8ccab3dba7f 0.535s
2025-12-09 23:13:36.614 65870 INFO tempest.lib.common.rest_client [req-344071c4-e3ab-442a-a28d-b7e3640e1ab6 req-344071c4-e3ab-442a-a28d-b7e3640e1ab6 ] Request (ServicesAdminNegativeTestJSON:tearDownClass): 204 DELETE http://10.180.1.21/networking/v2.0/security-groups/7756bb2b-4e27-4850-8a70-7b29b8659a08 0.384s
2025-12-09 23:13:36.664 65866 INFO tempest.lib.common.rest_client [req-a5ed81b6-9566-4d09-98d4-b6a41b6b50bf req-a5ed81b6-9566-4d09-98d4-b6a41b6b50bf ] Request (MigrationsAdminTest:test_resize_server_revert_deleted_flavor): 200 GET http://10.180.1.21/compute/v2.1/servers/56bc93f4-99bd-43ac-9026-b8a3f15d2f26 0.564s
2025-12-09 23:13:36.707 65870 INFO tempest.lib.common.rest_client [req-9afe2e1a-13eb-4621-aa60-46e325173562 req-9afe2e1a-13eb-4621-aa60-46e325173562 ] Request (ServicesAdminNegativeTestJSON:tearDownClass): 204 DELETE http://10.180.1.21/identity/v3/projects/3664c04155cd4d428b866785be704181 0.092s
2025-12-09 23:13:36.708 65870 INFO tempest.lib.common.dynamic_creds [-] Deleting project and security group for project: f47f0522d7fc4050bff60513c66bbc47
2025-12-09 23:13:36.708 65904 INFO tempest.lib.common.rest_client [req-a351631e-7cd2-4d7e-a8c6-ee868545ba90 req-a351631e-7cd2-4d7e-a8c6-ee868545ba90 ] Request (FloatingIPsAssociationTestJSON:setUpClass): 200 POST http://10.180.1.21/compute/v2.1/os-floating-ips 0.753s
2025-12-09 23:13:36.774 65913 INFO tempest.lib.common.rest_client [req-70783166-6388-4e1b-9247-d3665b2875af req-70783166-6388-4e1b-9247-d3665b2875af ] Request (ImagesOneServerTestJSON:setUpClass): 201 POST http://10.180.1.21/networking/v2.0/subnets 0.258s
2025-12-09 23:13:36.782 65904 INFO tempest.lib.common.rest_client [req-b7c2084a-771e-425d-b6c8-bfc530dac590 req-b7c2084a-771e-425d-b6c8-bfc530dac590 ] Request (FloatingIPsAssociationTestJSON:test_associate_already_associated_floating_ip): 201 POST http://10.180.1.21/identity/v3/auth/tokens 0.069s
2025-12-09 23:13:36.783 65904 INFO tempest.lib.common.fixed_network [-] (FloatingIPsAssociationTestJSON:test_associate_already_associated_floating_ip) Found network {'id': 'ebc28439-01f2-41f9-87e8-f9e9a651ace7', 'name': 'tempest-FloatingIPsAssociationTestJSON-2086666271-network', 'tenant_id': 'e68c9598e9ae4181ba004b98838cb55f', 'project_id': 'e68c9598e9ae4181ba004b98838cb55f', 'admin_state_up': True, 'mtu': 8950, 'status': 'ACTIVE', 'subnets': [], 'shared': False, 'port_security_enabled': True, 'router:external': False, 'provider:network_type': 'vlan', 'provider:physical_network': 'default', 'provider:segmentation_id': 417, 'availability_zone_hints': [], 'availability_zones': [], 'ipv4_address_scope': None, 'ipv6_address_scope': None, 'description': '', 'tags': [], 'created_at': '2025-12-09T23:12:38Z', 'updated_at': '2025-12-09T23:12:38Z', 'revision_number': 1} available for tenant
2025-12-09 23:13:36.802 65925 INFO tempest.lib.common.rest_client [req-0972bdc2-cca2-46df-8ae3-4568aea2e8e6 req-0972bdc2-cca2-46df-8ae3-4568aea2e8e6 ] Request (ServersTestManualDisk:tearDownClass): 200 GET http://10.180.1.21/compute/v2.1/servers/b09067a6-f134-40ce-b733-a0f45d193b30 0.659s
2025-12-09 23:13:36.820 65882 INFO tempest.lib.common.rest_client [req-3173fa88-5ba0-48ca-a5fc-ea36250dd724 req-3173fa88-5ba0-48ca-a5fc-ea36250dd724 ] Request (ServerRescueTestJSON:test_rescue_unrescue_instance): 200 GET http://10.180.1.21/compute/v2.1/servers/e81c83af-b8b5-43ca-a1cf-4865313a6009 0.555s
2025-12-09 23:13:36.839 65870 INFO tempest.lib.common.rest_client [req-c4068627-b586-48c6-9f4f-b5dd9d5ac08b req-c4068627-b586-48c6-9f4f-b5dd9d5ac08b ] Request (ServicesAdminNegativeTestJSON:tearDownClass): 200 GET http://10.180.1.21/networking/v2.0/security-groups?tenant_id=f47f0522d7fc4050bff60513c66bbc47&name=default 0.131s
2025-12-09 23:13:36.840 65920 WARNING tempest.lib.common.ssh [-] Failed to establish authenticated ssh connection to cirros@10.180.180.216 ([Errno None] Unable to connect to port 22 on 10.180.180.216). Number attempts: 7. Retry after 8 seconds.: paramiko.ssh_exception.NoValidConnectionsError: [Errno None] Unable to connect to port 22 on 10.180.180.216
2025-12-09 23:13:36.974 65870 INFO tempest.lib.common.rest_client [req-6fe1d1f4-92f0-4164-b919-ed6841d842b9 req-6fe1d1f4-92f0-4164-b919-ed6841d842b9 ] Request (ServicesAdminNegativeTestJSON:tearDownClass): 204 DELETE http://10.180.1.21/networking/v2.0/security-groups/1c823cdb-c7c1-497e-825d-fa79cc498eed 0.135s
2025-12-09 23:13:37.007 65892 INFO tempest.lib.common.rest_client [req-49e1e5ba-a733-4968-b477-867fd08a89bf req-49e1e5ba-a733-4968-b477-867fd08a89bf ] Request (ServersNegativeTestJSON:setUpClass): 200 GET http://10.180.1.21/compute/v2.1/servers/e4bcc2e6-cc0a-4a29-84b7-0b2c15804ff8 0.708s
2025-12-09 23:13:37.025 65928 INFO tempest.lib.common.rest_client [req-24494021-0c2f-496f-9015-0d294a09e7bc req-24494021-0c2f-496f-9015-0d294a09e7bc ] Request (ImagesOneServerNegativeTestJSON:_run_cleanups): 200 GET http://10.180.1.21/compute/v2.1/servers/d2cb4787-57de-46ad-99b2-29b2f0a2f317 0.582s
2025-12-09 23:13:37.143 65870 INFO tempest.lib.common.rest_client [req-0ced4738-d032-47af-a559-68b02b1bde6b req-0ced4738-d032-47af-a559-68b02b1bde6b ] Request (ServicesAdminNegativeTestJSON:tearDownClass): 204 DELETE http://10.180.1.21/identity/v3/projects/f47f0522d7fc4050bff60513c66bbc47 0.168s
2025-12-09 23:13:37.195 65891 INFO tempest.lib.common.rest_client [req-7abc4b4b-af54-47a9-82a8-772b86cae1bc req-7abc4b4b-af54-47a9-82a8-772b86cae1bc ] Request (ServerMetadataTestJSON:tearDownClass): 200 GET http://10.180.1.21/compute/v2.1/servers/c80f2a36-ab18-43d2-818c-c6edc1d36e29 0.740s
2025-12-09 23:13:37.220 65870 INFO tempest.lib.common.rest_client [req-fc11be09-bf2e-490b-a428-b4844f9a6888 req-fc11be09-bf2e-490b-a428-b4844f9a6888 ] Request (FloatingIPsTestJSON:setUpClass): 201 POST http://10.180.1.21/identity/v3/auth/tokens 0.076s
2025-12-09 23:13:37.222 65874 INFO tempest.lib.common.rest_client [req-5b1ba367-008b-479a-aae8-208061dea0db req-5b1ba367-008b-479a-aae8-208061dea0db ] Request (ServersAdminNegativeTestJSON:tearDownClass): 200 GET http://10.180.1.21/compute/v2.1/servers/0fb00606-3189-4fab-8328-3dc36adb706a 0.529s
2025-12-09 23:13:37.251 65870 INFO tempest.lib.common.rest_client [req-06f26670-e8f5-4d4a-b0d2-a645b8905056 req-06f26670-e8f5-4d4a-b0d2-a645b8905056 ] Request (FloatingIPsTestJSON:setUpClass): 201 POST http://10.180.1.21/identity/v3/auth/tokens 0.028s
2025-12-09 23:13:37.279 65898 INFO tempest.lib.common.rest_client [req-ae3d4497-c129-4c20-9225-008c975f4dc8 req-ae3d4497-c129-4c20-9225-008c975f4dc8 ] Request (ServersTestBootFromVolume:tearDownClass): 200 GET http://10.180.1.21/compute/v2.1/servers/d7c1246a-f704-4f72-8f01-1fd2776bca98 0.572s
2025-12-09 23:13:37.282 65870 INFO tempest.lib.common.rest_client [req-1a6ab9d8-e013-477f-a469-a85cbd1236a4 req-1a6ab9d8-e013-477f-a469-a85cbd1236a4 ] Request (FloatingIPsTestJSON:setUpClass): 200 GET http://10.180.1.21/identity/v3/domains?name=Default 0.030s
2025-12-09 23:13:37.290 65894 INFO tempest.lib.common.rest_client [req-f7e2140f-7bf6-4354-9b50-3ba60f2df790 req-f7e2140f-7bf6-4354-9b50-3ba60f2df790 ] Request (ServerMetadataNegativeTestJSON:setUpClass): 200 GET http://10.180.1.21/compute/v2.1/servers/e19bafac-9e13-4297-8c0a-ee973940c56f 0.525s
2025-12-09 23:13:37.316 65870 INFO tempest.lib.common.rest_client [req-fb4de1df-8d7b-41ae-85cf-06840e5dc90c req-fb4de1df-8d7b-41ae-85cf-06840e5dc90c ] Request (FloatingIPsTestJSON:setUpClass): 201 POST http://10.180.1.21/identity/v3/projects 0.033s
2025-12-09 23:13:37.356 65918 INFO tempest.lib.common.rest_client [req-71c286f2-154c-4b85-aeb4-d2c125f0a4a8 req-71c286f2-154c-4b85-aeb4-d2c125f0a4a8 ] Request (ServerShowV257Test:test_rebuild_server): 200 GET http://10.180.1.21/compute/v2.1/servers/66c79759-fbd7-485b-90fb-497fc1f53ac5 0.570s
2025-12-09 23:13:37.397 65870 INFO tempest.lib.common.rest_client [req-1e34a21e-b9eb-42bc-a00b-981840221a00 req-1e34a21e-b9eb-42bc-a00b-981840221a00 ] Request (FloatingIPsTestJSON:setUpClass): 201 POST http://10.180.1.21/identity/v3/users 0.080s
2025-12-09 23:13:37.427 65870 INFO tempest.lib.common.rest_client [req-64baec6f-d7ec-4f15-a06d-0939206a80a6 req-64baec6f-d7ec-4f15-a06d-0939206a80a6 ] Request (FloatingIPsTestJSON:setUpClass): 200 GET http://10.180.1.21/identity/v3/roles 0.029s
2025-12-09 23:13:37.457 65896 INFO tempest.lib.common.rest_client [req-9236de2e-af03-4248-bba6-7a963c0169eb req-9236de2e-af03-4248-bba6-7a963c0169eb ] Request (ListImageFiltersTestJSON:tearDownClass): 200 GET http://10.180.1.21/compute/v2.1/servers/6ec498ec-3e9c-412d-9a4c-a2f518148a36 0.616s
2025-12-09 23:13:37.465 65870 INFO tempest.lib.common.rest_client [req-c82b9ea5-b83f-4ccb-8b73-a43dee33de82 req-c82b9ea5-b83f-4ccb-8b73-a43dee33de82 ] Request (FloatingIPsTestJSON:setUpClass): 204 PUT http://10.180.1.21/identity/v3/projects/6455ba17ce634784b673cdbd690a73be/users/4a91bab968c34db280256a719391979a/roles/90f551ab100a438caa8ce07128a8d6c1 0.038s
2025-12-09 23:13:37.465 65870 INFO tempest.lib.common.dynamic_creds [-] Dynamic test user 4a91bab968c34db280256a719391979a is created with scope project and roles: ['member']
2025-12-09 23:13:37.466 65870 INFO tempest.lib.common.dynamic_creds [-] Acquired dynamic creds: credentials: Credentials: {'domain_id': 'default', 'domain_name': 'Default', 'username': 'tempest-FloatingIPsTestJSON-2091939031-project-member', 'project_domain_id': 'default', 'project_domain_name': 'Default', 'project_id': '6455ba17ce634784b673cdbd690a73be', 'project_name': 'tempest-FloatingIPsTestJSON-2091939031', 'tenant_id': '6455ba17ce634784b673cdbd690a73be', 'tenant_name': 'tempest-FloatingIPsTestJSON-2091939031', 'user_domain_id': 'default', 'user_domain_name': 'Default', 'user_id': '4a91bab968c34db280256a719391979a', 'system': None}, Network: None, Subnet: None, Router: None
2025-12-09 23:13:37.533 65870 INFO tempest.lib.common.rest_client [req-c373c40a-f363-4eee-a134-94098d3d8925 req-c373c40a-f363-4eee-a134-94098d3d8925 ] Request (FloatingIPsTestJSON:setUpClass): 201 POST http://10.180.1.21/identity/v3/auth/tokens 0.067s
2025-12-09 23:13:37.545 65872 INFO tempest.lib.common.rest_client [req-647d83f2-91da-411f-8777-d8ea6a31bcb6 req-647d83f2-91da-411f-8777-d8ea6a31bcb6 ] Request (ServersTestMultiNic:test_verify_multiple_nics_order): 200 GET http://10.180.1.21/compute/v2.1/servers/c0d54295-e8a6-4499-8cba-d235e2d3bc10 0.689s
2025-12-09 23:13:37.678 65913 INFO tempest.lib.common.rest_client [req-687a730a-b043-4f14-a9c6-0d62841530a1 req-687a730a-b043-4f14-a9c6-0d62841530a1 ] Request (ImagesOneServerTestJSON:setUpClass): 201 POST http://10.180.1.21/networking/v2.0/routers 0.904s
2025-12-09 23:13:37.729 65886 INFO tempest.lib.common.rest_client [req-be5c2696-f623-4159-8c6e-ad75c5498cb0 req-be5c2696-f623-4159-8c6e-ad75c5498cb0 ] Request (AttachInterfacesUnderV243Test:_run_cleanups): 200 GET http://10.180.1.21/compute/v2.1/servers/d167e077-7d62-4e3f-91c2-b4b3d7bc160b 0.810s
2025-12-09 23:13:37.939 65870 INFO tempest.lib.common.rest_client [req-7434ecaf-eb8c-485d-8f54-61bdad11e394 req-7434ecaf-eb8c-485d-8f54-61bdad11e394 ] Request (FloatingIPsTestJSON:setUpClass): 201 POST http://10.180.1.21/networking/v2.0/networks 0.406s
2025-12-09 23:13:38.094 65902 INFO tempest.lib.common.rest_client [req-a2fe387f-4d22-44da-8174-b9415704228d req-a2fe387f-4d22-44da-8174-b9415704228d ] Request (ServerShowV247Test:test_update_rebuild_list_server): 200 GET http://10.180.1.21/compute/v2.1/servers/6c788080-5b11-428a-83b8-1a058e1ba67f 1.114s
2025-12-09 23:13:38.108 65904 INFO tempest.lib.common.rest_client [req-a404e3d0-c050-4f79-a643-8840b9d306e0 req-a404e3d0-c050-4f79-a643-8840b9d306e0 ] Request (FloatingIPsAssociationTestJSON:test_associate_already_associated_floating_ip): 202 POST http://10.180.1.21/compute/v2.1/servers 1.324s
2025-12-09 23:13:38.306 65870 INFO tempest.lib.common.rest_client [req-b535a812-7f30-4767-95c2-2a119443aca2 req-b535a812-7f30-4767-95c2-2a119443aca2 ] Request (FloatingIPsTestJSON:setUpClass): 201 POST http://10.180.1.21/networking/v2.0/subnets 0.366s
2025-12-09 23:13:38.387 65926 INFO tempest.lib.common.rest_client [req-0a1a5ae6-bcc4-4c07-9ea8-39e2cc2a99c4 req-0a1a5ae6-bcc4-4c07-9ea8-39e2cc2a99c4 ] Request (DeleteServersTestJSON:test_delete_server_while_in_shelved_state): 200 GET http://10.180.1.21/compute/v2.1/servers/195df19a-b1f1-49c5-bf0e-59fbcd24f5d7 1.332s
2025-12-09 23:13:38.398 65926 INFO tempest.common.waiters [-] State transition "BUILD/scheduling" ==> "BUILD/None" after 11 second wait
2025-12-09 23:13:38.404 65888 INFO tempest.lib.common.rest_client [req-25a36726-1489-4bea-89d7-f74900d02714 req-25a36726-1489-4bea-89d7-f74900d02714 ] Request (ServersAdminTestJSON:test_create_server_with_scheduling_hint): 200 GET http://10.180.1.21/compute/v2.1/servers/f56cfcb4-bc69-4249-a1b6-322b8469e9f1 1.375s
2025-12-09 23:13:38.424 65868 INFO tempest.lib.common.rest_client [req-adfee04f-d7f5-4f63-8d07-f557dd4b03f3 req-adfee04f-d7f5-4f63-8d07-f557dd4b03f3 ] Request (ImagesNegativeTestJSON:test_create_image_from_deleted_server): 404 GET http://10.180.1.21/compute/v2.1/servers/569d0bcb-258a-4406-9755-3950603e091b 1.162s
2025-12-09 23:13:38.898 65913 INFO tempest.lib.common.rest_client [req-51cb4774-5839-47b8-a99b-2e09aa1cf24b req-51cb4774-5839-47b8-a99b-2e09aa1cf24b ] Request (ImagesOneServerTestJSON:setUpClass): 200 PUT http://10.180.1.21/networking/v2.0/routers/698499a2-9b8b-4377-a574-df84557bedd4/add_router_interface 1.219s
2025-12-09 23:13:38.898 65913 INFO tempest.lib.common.dynamic_creds [-] Created isolated network resources for: credentials: Credentials: {'domain_id': 'default', 'domain_name': 'Default', 'username': 'tempest-ImagesOneServerTestJSON-418340587-project-member', 'project_domain_id': 'default', 'project_domain_name': 'Default', 'project_id': '2d9a59b20ae14fb3bd894004fc81b06b', 'project_name': 'tempest-ImagesOneServerTestJSON-418340587', 'tenant_id': '2d9a59b20ae14fb3bd894004fc81b06b', 'tenant_name': 'tempest-ImagesOneServerTestJSON-418340587', 'user_domain_id': 'default', 'user_domain_name': 'Default', 'user_id': '3cbac6bc046047f8a031af5ee5ebfa5d', 'system': None}, Network: {'id': '1c7541e0-ec25-43fb-8489-d53e0d26fac3', 'name': 'tempest-ImagesOneServerTestJSON-1977656573-network', 'tenant_id': '2d9a59b20ae14fb3bd894004fc81b06b', 'project_id': '2d9a59b20ae14fb3bd894004fc81b06b', 'admin_state_up': True, 'mtu': 8950, 'status': 'ACTIVE', 'subnets': [], 'shared': False, 'port_security_enabled': True, 'router:external': False, 'provider:network_type': 'vlan', 'provider:physical_network': 'default', 'provider:segmentation_id': 945, 'availability_zone_hints': [], 'availability_zones': [], 'ipv4_address_scope': None, 'ipv6_address_scope': None, 'description': '', 'tags': [], 'created_at': '2025-12-09T23:13:36Z', 'updated_at': '2025-12-09T23:13:36Z', 'revision_number': 1}, Subnet: {'id': 'dd5f5fe1-4580-4f42-9c56-17c1f3574f4e', 'name': 'tempest-ImagesOneServerTestJSON-1977656573-subnet', 'tenant_id': '2d9a59b20ae14fb3bd894004fc81b06b', 'network_id': '1c7541e0-ec25-43fb-8489-d53e0d26fac3', 'ip_version': 4, 'subnetpool_id': None, 'enable_dhcp': True, 'ipv6_ra_mode': None, 'ipv6_address_mode': None, 'gateway_ip': '192.168.128.1', 'cidr': '192.168.128.0/28', 'allocation_pools': [{'start': '192.168.128.2', 'end': '192.168.128.14'}], 'host_routes': [], 'dns_nameservers': [], 'description': '', 'router:external': False, 'service_types': [], 'tags': [], 'created_at': '2025-12-09T23:13:36Z', 'updated_at': '2025-12-09T23:13:36Z', 'revision_number': 0, 'project_id': '2d9a59b20ae14fb3bd894004fc81b06b'}, Router: {'id': '698499a2-9b8b-4377-a574-df84557bedd4', 'name': 'tempest-ImagesOneServerTestJSON-1977656573-router', 'tenant_id': '2d9a59b20ae14fb3bd894004fc81b06b', 'admin_state_up': True, 'status': 'ACTIVE', 'external_gateway_info': {'network_id': '90a4cbf0-121a-46f0-9b54-5a1a24b48e1f', 'external_fixed_ips': [{'subnet_id': '06c870d3-d729-42a6-a225-1c398f684d56', 'ip_address': '10.180.180.175'}], 'enable_snat': True}, 'description': '', 'availability_zones': [], 'distributed': False, 'ha': False, 'availability_zone_hints': [], 'routes': [], 'flavor_id': None, 'tags': [], 'created_at': '2025-12-09T23:13:36Z', 'updated_at': '2025-12-09T23:13:37Z', 'revision_number': 2, 'project_id': '2d9a59b20ae14fb3bd894004fc81b06b'}
2025-12-09 23:13:38.962 65911 INFO tempest.lib.common.rest_client [req-cb623c54-fbe5-4a42-b85f-bdc54fb67739 req-cb623c54-fbe5-4a42-b85f-bdc54fb67739 ] Request (InstanceActionsV221TestJSON:test_get_list_deleted_instance_actions): 200 GET http://10.180.1.21/compute/v2.1/servers/ce5d47ab-7ed7-4fa1-8ee6-1d78b09e9ddb 1.816s
2025-12-09 23:13:38.975 65922 INFO tempest.lib.common.rest_client [req-a9414c6b-e5fd-460e-bd22-6e00e1284758 req-a9414c6b-e5fd-460e-bd22-6e00e1284758 ] Request (ServersTestJSON:test_create_server_with_ipv6_addr_only): 200 GET http://10.180.1.21/compute/v2.1/servers/e30a0b9b-cdd1-4f74-9b6f-f8ccab3dba7f 1.370s
2025-12-09 23:13:39.022 65913 INFO tempest.lib.common.rest_client [req-9ad65b9e-2c6a-4b50-9daa-6d0126d4b510 req-9ad65b9e-2c6a-4b50-9daa-6d0126d4b510 ] Request (ImagesOneServerTestJSON:setUpClass): 201 POST http://10.180.1.21/identity/v3/auth/tokens 0.120s
2025-12-09 23:13:39.048 65866 INFO tempest.lib.common.rest_client [req-362f2e38-5145-4bd4-b6be-6b376bae0da8 req-362f2e38-5145-4bd4-b6be-6b376bae0da8 ] Request (MigrationsAdminTest:test_resize_server_revert_deleted_flavor): 200 GET http://10.180.1.21/compute/v2.1/servers/56bc93f4-99bd-43ac-9026-b8a3f15d2f26 1.375s
2025-12-09 23:13:39.078 65913 INFO tempest.lib.common.rest_client [req-1b04888a-2d7b-4b2c-89ae-cb771d8fb249 req-1b04888a-2d7b-4b2c-89ae-cb771d8fb249 ] Request (ImagesOneServerTestJSON:setUpClass): 201 POST http://10.180.1.21/identity/v3/auth/tokens 0.051s
2025-12-09 23:13:39.079 65913 INFO tempest.lib.common.fixed_network [-] (ImagesOneServerTestJSON:setUpClass) Found network {'id': '1c7541e0-ec25-43fb-8489-d53e0d26fac3', 'name': 'tempest-ImagesOneServerTestJSON-1977656573-network', 'tenant_id': '2d9a59b20ae14fb3bd894004fc81b06b', 'project_id': '2d9a59b20ae14fb3bd894004fc81b06b', 'admin_state_up': True, 'mtu': 8950, 'status': 'ACTIVE', 'subnets': [], 'shared': False, 'port_security_enabled': True, 'router:external': False, 'provider:network_type': 'vlan', 'provider:physical_network': 'default', 'provider:segmentation_id': 945, 'availability_zone_hints': [], 'availability_zones': [], 'ipv4_address_scope': None, 'ipv6_address_scope': None, 'description': '', 'tags': [], 'created_at': '2025-12-09T23:13:36Z', 'updated_at': '2025-12-09T23:13:36Z', 'revision_number': 1} available for tenant
2025-12-09 23:13:39.080 65925 INFO tempest.lib.common.rest_client [req-fe45aeb9-756d-44db-a4d7-86f983d79772 req-fe45aeb9-756d-44db-a4d7-86f983d79772 ] Request (ServersTestManualDisk:tearDownClass): 200 GET http://10.180.1.21/compute/v2.1/servers/b09067a6-f134-40ce-b733-a0f45d193b30 1.267s
2025-12-09 23:13:39.132 65870 INFO tempest.lib.common.rest_client [req-f3fbeaef-5dbc-4943-af03-f87f15063fab req-f3fbeaef-5dbc-4943-af03-f87f15063fab ] Request (FloatingIPsTestJSON:setUpClass): 201 POST http://10.180.1.21/networking/v2.0/routers 0.825s
2025-12-09 23:13:39.133 65882 INFO tempest.lib.common.rest_client [req-6f98877c-a3d4-44f1-bf51-b361fd20203a req-6f98877c-a3d4-44f1-bf51-b361fd20203a ] Request (ServerRescueTestJSON:test_rescue_unrescue_instance): 200 GET http://10.180.1.21/compute/v2.1/servers/e81c83af-b8b5-43ca-a1cf-4865313a6009 1.302s
2025-12-09 23:13:39.181 65892 INFO tempest.lib.common.rest_client [req-3dfcfb71-5c42-43bb-baa5-491db5ba6911 req-3dfcfb71-5c42-43bb-baa5-491db5ba6911 ] Request (ServersNegativeTestJSON:setUpClass): 200 GET http://10.180.1.21/compute/v2.1/servers/e4bcc2e6-cc0a-4a29-84b7-0b2c15804ff8 1.161s
2025-12-09 23:13:39.197 65928 INFO tempest.lib.common.rest_client [req-ca3129e5-0c31-45d4-87b7-090ca7b721f1 req-ca3129e5-0c31-45d4-87b7-090ca7b721f1 ] Request (ImagesOneServerNegativeTestJSON:_run_cleanups): 200 GET http://10.180.1.21/compute/v2.1/servers/d2cb4787-57de-46ad-99b2-29b2f0a2f317 1.162s
2025-12-09 23:13:39.236 65904 INFO tempest.lib.common.rest_client [req-8e4348ca-8dfa-41c1-8d49-6bdc3c1f837f req-8e4348ca-8dfa-41c1-8d49-6bdc3c1f837f ] Request (FloatingIPsAssociationTestJSON:test_associate_already_associated_floating_ip): 200 GET http://10.180.1.21/compute/v2.1/servers/49331b16-66cb-4eee-8134-1b5973825fe0 1.127s
