2025-12-09 23:14:30.631 65920 INFO tempest.lib.common.rest_client [req-138a1e31-6c04-4fef-af30-f3558799dbd9 req-138a1e31-6c04-4fef-af30-f3558799dbd9 ] Request (ServerGroup264TestJSON:setUpClass): 201 POST http://10.180.1.21/networking/v2.0/subnets 0.233s
2025-12-09 23:14:30.850 65876 INFO tempest.lib.common.rest_client [req-5ba34f42-5b12-4578-a967-da251fd31972 req-5ba34f42-5b12-4578-a967-da251fd31972 ] Request (ServerActionsTestOtherB:test_create_backup): 200 GET http://10.180.1.21/image/v2/images/c799bb51-75c9-40dc-aacd-589314697f27 0.044s
2025-12-09 23:14:31.089 65882 INFO tempest.lib.common.rest_client [req-2fa5a113-f0d1-4b0e-a3f8-19ea5dcc6ecf req-2fa5a113-f0d1-4b0e-a3f8-19ea5dcc6ecf ] Request (ServerRescueTestJSON:test_rescue_unrescue_instance): 200 GET http://10.180.1.21/compute/v2.1/servers/e81c83af-b8b5-43ca-a1cf-4865313a6009 1.870s
2025-12-09 23:14:31.101 65892 INFO tempest.lib.common.rest_client [req-2d74f2fd-b344-4a3c-bf00-7b339cf225a2 req-2d74f2fd-b344-4a3c-bf00-7b339cf225a2 ] Request (ServersNegativeTestJSON:setUpClass): 200 GET http://10.180.1.21/compute/v2.1/servers/e4bcc2e6-cc0a-4a29-84b7-0b2c15804ff8 1.739s
2025-12-09 23:14:31.307 65894 INFO tempest.lib.common.rest_client [req-05db6a0a-5f93-4e7d-9332-8a77322ee50f req-05db6a0a-5f93-4e7d-9332-8a77322ee50f ] Request (ServerMetadataNegativeTestJSON:test_metadata_items_limit): 200 GET http://10.180.1.21/compute/v2.1/os-quota-sets/e569308a53f349aab6d5f2a78ec78431 1.790s
2025-12-09 23:14:31.587 65866 INFO tempest.lib.common.rest_client [req-df4c6088-1401-4370-b029-dd5a4d9c6c61 req-df4c6088-1401-4370-b029-dd5a4d9c6c61 ] Request (MigrationsAdminTest:test_resize_server_revert_deleted_flavor): 200 GET http://10.180.1.21/compute/v2.1/servers/56bc93f4-99bd-43ac-9026-b8a3f15d2f26 1.891s
2025-12-09 23:14:31.621 65902 INFO tempest.lib.common.rest_client [req-a62312a1-d3ec-47d1-b29c-a078633f1a75 req-a62312a1-d3ec-47d1-b29c-a078633f1a75 ] Request (ServerShowV247Test:tearDownClass): 404 GET http://10.180.1.21/compute/v2.1/servers/6c788080-5b11-428a-83b8-1a058e1ba67f 1.275s
2025-12-09 23:14:31.701 65911 INFO tempest.lib.common.rest_client [req-96413ee2-3561-485f-9327-62022af70549 req-96413ee2-3561-485f-9327-62022af70549 ] Request (InstanceActionsV221TestJSON:test_get_list_deleted_instance_actions): 200 GET http://10.180.1.21/compute/v2.1/servers/ce5d47ab-7ed7-4fa1-8ee6-1d78b09e9ddb 1.352s
2025-12-09 23:14:31.764 65872 INFO tempest.lib.common.rest_client [req-35831285-42aa-4003-9873-43cac871f5f2 req-35831285-42aa-4003-9873-43cac871f5f2 ] Request (ServersTestMultiNic:_run_cleanups): 200 GET http://10.180.1.21/compute/v2.1/servers/c0d54295-e8a6-4499-8cba-d235e2d3bc10 1.249s
2025-12-09 23:14:31.801 65896 INFO tempest.lib.common.rest_client [req-7766c44c-39c8-435d-a174-2ac0a491cbd2 req-7766c44c-39c8-435d-a174-2ac0a491cbd2 ] Request (SecurityGroupsTestJSON:test_list_security_groups_by_server): 202 POST http://10.180.1.21/compute/v2.1/servers 2.418s
2025-12-09 23:14:31.824 65874 INFO tempest.lib.common.rest_client [req-88c39af9-8c65-44a3-9ebb-2c436937b181 req-88c39af9-8c65-44a3-9ebb-2c436937b181 ] Request (ImagesTestJSON:test_create_image_from_stopped_server): 200 GET http://10.180.1.21/compute/v2.1/servers/5a4dced1-281e-460c-94c1-8e9806928a19 1.306s
2025-12-09 23:14:31.867 65876 INFO tempest.lib.common.rest_client [req-891d8744-355d-4fd8-94c0-2d7512d954e1 req-891d8744-355d-4fd8-94c0-2d7512d954e1 ] Request (ServerActionsTestOtherB:test_create_backup): 200 GET http://10.180.1.21/image/v2/images/c799bb51-75c9-40dc-aacd-589314697f27 0.015s
2025-12-09 23:14:31.878 65891 INFO tempest.lib.common.rest_client [req-603be1a6-d42b-45d6-a621-c122e092b0cd req-603be1a6-d42b-45d6-a621-c122e092b0cd ] Request (ServerTagsTestJSON:setUpClass): 200 GET http://10.180.1.21/compute/v2.1/servers/fbeb887e-e0a9-4a51-8c1b-30ea915bbfaf 1.279s
2025-12-09 23:14:31.883 65920 INFO tempest.lib.common.rest_client [req-60a3a386-e9cf-44c1-90f3-10bbb07ff283 req-60a3a386-e9cf-44c1-90f3-10bbb07ff283 ] Request (ServerGroup264TestJSON:setUpClass): 201 POST http://10.180.1.21/networking/v2.0/routers 1.251s
2025-12-09 23:14:31.892 65898 INFO tempest.lib.common.rest_client [req-b698bb46-c467-4950-928d-e1a7da5fc72f req-b698bb46-c467-4950-928d-e1a7da5fc72f ] Request (MultipleCreateTestJSON:test_multiple_create): 200 GET http://10.180.1.21/compute/v2.1/servers/5ac34307-b576-4fe2-8f4d-6db22fe483f5 1.261s
2025-12-09 23:14:31.951 65922 INFO tempest.lib.common.rest_client [req-9cfba29c-254c-4e2c-a6f6-c4de635455d2 req-9cfba29c-254c-4e2c-a6f6-c4de635455d2 ] Request (ServersTestJSON:_run_cleanups): 200 GET http://10.180.1.21/compute/v2.1/servers/e30a0b9b-cdd1-4f74-9b6f-f8ccab3dba7f 1.278s
2025-12-09 23:14:31.968 65928 INFO tempest.lib.common.rest_client [req-5ef1e687-e7e5-4ced-913e-fb2dfff6ffa6 req-5ef1e687-e7e5-4ced-913e-fb2dfff6ffa6 ] Request (ImagesOneServerNegativeTestJSON:_run_cleanups): 200 GET http://10.180.1.21/compute/v2.1/servers/d2cb4787-57de-46ad-99b2-29b2f0a2f317 1.251s
2025-12-09 23:14:32.017 65918 INFO tempest.lib.common.rest_client [req-504808f8-301f-4095-8c68-f3bc252a0452 req-504808f8-301f-4095-8c68-f3bc252a0452 ] Request (ServerShowV257Test:tearDownClass): 200 GET http://10.180.1.21/compute/v2.1/servers/66c79759-fbd7-485b-90fb-497fc1f53ac5 1.219s
2025-12-09 23:14:32.078 65926 INFO tempest.lib.common.rest_client [req-365053b0-567a-41fc-838a-74cec152b999 req-365053b0-567a-41fc-838a-74cec152b999 ] Request (DeleteServersTestJSON:test_delete_server_while_in_shelved_state): 200 GET http://10.180.1.21/compute/v2.1/servers/195df19a-b1f1-49c5-bf0e-59fbcd24f5d7 1.240s
2025-12-09 23:14:32.095 65868 INFO tempest.lib.common.rest_client [req-193f8064-47fa-4a3a-8a72-3a433023ecdc req-193f8064-47fa-4a3a-8a72-3a433023ecdc ] Request (ServerDiskConfigTestJSON:test_rebuild_server_with_auto_disk_config): 200 GET http://10.180.1.21/compute/v2.1/servers/0b413b97-653c-4abd-a10f-6160d29ae4d1 1.235s
2025-12-09 23:14:32.150 65886 INFO tempest.lib.common.rest_client [req-9cc4b2ec-bff4-422b-b5fb-787fead228e3 req-9cc4b2ec-bff4-422b-b5fb-787fead228e3 ] Request (ServersV294TestFqdnHostnames:setUpClass): 200 GET http://10.180.1.21/compute/v2.1/servers/551146d9-2735-4635-baa0-5efda02f695b 1.222s
2025-12-09 23:14:32.233 65904 INFO tempest.lib.common.rest_client [req-3df50a29-803e-4f5d-8f9c-8cfede82d7b6 req-3df50a29-803e-4f5d-8f9c-8cfede82d7b6 ] Request (FloatingIPsAssociationTestJSON:test_associate_already_associated_floating_ip): 200 GET http://10.180.1.21/compute/v2.1/servers/49331b16-66cb-4eee-8134-1b5973825fe0 1.122s
2025-12-09 23:14:32.336 65888 INFO tempest.lib.common.rest_client [req-db460387-f3b1-4152-ab6c-1f5dbf4ca8e8 req-db460387-f3b1-4152-ab6c-1f5dbf4ca8e8 ] Request (ServersAdminTestJSON:test_create_server_with_scheduling_hint): 200 GET http://10.180.1.21/compute/v2.1/servers/f56cfcb4-bc69-4249-a1b6-322b8469e9f1 1.203s
2025-12-09 23:14:32.344 65894 INFO tempest.lib.common.rest_client [req-71227c2a-63f2-4115-9771-e509b5789e73 req-71227c2a-63f2-4115-9771-e509b5789e73 ] Request (ServerMetadataNegativeTestJSON:test_metadata_items_limit): 403 PUT http://10.180.1.21/compute/v2.1/servers/e19bafac-9e13-4297-8c0a-ee973940c56f/metadata 1.033s
2025-12-09 23:14:32.407 65913 INFO tempest.lib.common.rest_client [req-287ea160-fd77-4743-8a53-f177f16c0a82 req-287ea160-fd77-4743-8a53-f177f16c0a82 ] Request (ImagesOneServerTestJSON:setUpClass): 200 GET http://10.180.1.21/compute/v2.1/servers/1209a278-ff99-4c6b-ad3a-b8ea23d3a827 0.915s
2025-12-09 23:14:32.445 65902 INFO tempest.lib.common.rest_client [req-b49ffc0b-6b0d-4dbe-bae5-fa38242848f9 req-b49ffc0b-6b0d-4dbe-bae5-fa38242848f9 ] Request (ServerShowV247Test:tearDownClass): 204 DELETE http://10.180.1.21/compute/v2.1/servers/7d3d616a-d76e-4bd0-9e42-16dd0ec35263 0.824s
2025-12-09 23:14:32.452 65896 INFO tempest.lib.common.rest_client [req-51f1ba2e-20bd-4f7e-b40f-7cdb9965e934 req-51f1ba2e-20bd-4f7e-b40f-7cdb9965e934 ] Request (SecurityGroupsTestJSON:test_list_security_groups_by_server): 200 GET http://10.180.1.21/compute/v2.1/servers/85c48525-02ed-4355-9155-94c52c03a384 0.649s
2025-12-09 23:14:32.566 65892 INFO tempest.lib.common.rest_client [req-827f4746-db63-4d73-8d5a-f1111dd272c6 req-827f4746-db63-4d73-8d5a-f1111dd272c6 ] Request (ServersNegativeTestJSON:setUpClass): 200 GET http://10.180.1.21/compute/v2.1/servers/e4bcc2e6-cc0a-4a29-84b7-0b2c15804ff8 0.450s
2025-12-09 23:14:32.610 65894 INFO tempest.lib.common.rest_client [req-66a6fc46-5b20-4621-8b03-e669a44a6428 req-66a6fc46-5b20-4621-8b03-e669a44a6428 ] Request (ServerMetadataNegativeTestJSON:test_metadata_items_limit): 403 POST http://10.180.1.21/compute/v2.1/servers/e19bafac-9e13-4297-8c0a-ee973940c56f/metadata 0.266s
2025-12-09 23:14:32.612 65882 INFO tempest.lib.common.rest_client [req-87fb836f-5200-4fa7-9328-0f99b71321dd req-87fb836f-5200-4fa7-9328-0f99b71321dd ] Request (ServerRescueTestJSON:test_rescue_unrescue_instance): 200 GET http://10.180.1.21/compute/v2.1/servers/e81c83af-b8b5-43ca-a1cf-4865313a6009 0.511s
2025-12-09 23:14:32.622 65882 INFO tempest.common.waiters [-] State transition "ACTIVE/rescuing" ==> "RESCUE/None" after 9 second wait
2025-12-09 23:14:32.676 65894 INFO tempest.lib.common.rest_client [req-3280ae91-7169-4655-add2-e98df0e77a11 req-3280ae91-7169-4655-add2-e98df0e77a11 ] Request (ServerMetadataNegativeTestJSON:test_server_create_metadata_key_too_long): 201 POST http://10.180.1.21/identity/v3/auth/tokens 0.060s
2025-12-09 23:14:32.676 65894 INFO tempest.lib.common.fixed_network [-] (ServerMetadataNegativeTestJSON:test_server_create_metadata_key_too_long) Found network {'id': '24f8e2f0-6713-4a19-ba0c-3b3642ba0482', 'name': 'tempest-ServerMetadataNegativeTestJSON-248719886-network', 'tenant_id': 'e569308a53f349aab6d5f2a78ec78431', 'project_id': 'e569308a53f349aab6d5f2a78ec78431', 'admin_state_up': True, 'mtu': 8950, 'status': 'ACTIVE', 'subnets': [], 'shared': False, 'port_security_enabled': True, 'router:external': False, 'provider:network_type': 'vlan', 'provider:physical_network': 'default', 'provider:segmentation_id': 38, 'availability_zone_hints': [], 'availability_zones': [], 'ipv4_address_scope': None, 'ipv6_address_scope': None, 'description': '', 'tags': [], 'created_at': '2025-12-09T23:13:24Z', 'updated_at': '2025-12-09T23:13:24Z', 'revision_number': 1} available for tenant
2025-12-09 23:14:32.707 65902 INFO tempest.lib.common.rest_client [req-b4b47956-a7d8-4c9f-b3e5-bf583cd09096 req-b4b47956-a7d8-4c9f-b3e5-bf583cd09096 ] Request (ServerShowV247Test:tearDownClass): 200 GET http://10.180.1.21/compute/v2.1/servers/7d3d616a-d76e-4bd0-9e42-16dd0ec35263 0.261s
2025-12-09 23:14:32.780 65882 INFO tempest.lib.common.rest_client [req-53aa93d0-70b3-42e9-b9d9-d22d24d351c3 req-53aa93d0-70b3-42e9-b9d9-d22d24d351c3 ] Request (ServerRescueTestJSON:test_rescue_unrescue_instance): 202 POST http://10.180.1.21/compute/v2.1/servers/e81c83af-b8b5-43ca-a1cf-4865313a6009/action 0.157s
2025-12-09 23:14:32.787 65894 INFO tempest.lib.common.rest_client [req-3931e1fe-fe1b-4e48-8a19-8565db35410a req-3931e1fe-fe1b-4e48-8a19-8565db35410a ] Request (ServerMetadataNegativeTestJSON:test_server_create_metadata_key_too_long): 400 POST http://10.180.1.21/compute/v2.1/servers 0.110s
2025-12-09 23:14:32.826 65894 INFO tempest.lib.common.rest_client [req-99e1b0d2-360d-4036-ab82-9168b5a966aa req-99e1b0d2-360d-4036-ab82-9168b5a966aa ] Request (ServerMetadataNegativeTestJSON:test_server_create_metadata_key_too_long): 201 POST http://10.180.1.21/identity/v3/auth/tokens 0.037s
2025-12-09 23:14:32.827 65894 INFO tempest.lib.common.fixed_network [-] (ServerMetadataNegativeTestJSON:test_server_create_metadata_key_too_long) Found network {'id': '24f8e2f0-6713-4a19-ba0c-3b3642ba0482', 'name': 'tempest-ServerMetadataNegativeTestJSON-248719886-network', 'tenant_id': 'e569308a53f349aab6d5f2a78ec78431', 'project_id': 'e569308a53f349aab6d5f2a78ec78431', 'admin_state_up': True, 'mtu': 8950, 'status': 'ACTIVE', 'subnets': [], 'shared': False, 'port_security_enabled': True, 'router:external': False, 'provider:network_type': 'vlan', 'provider:physical_network': 'default', 'provider:segmentation_id': 38, 'availability_zone_hints': [], 'availability_zones': [], 'ipv4_address_scope': None, 'ipv6_address_scope': None, 'description': '', 'tags': [], 'created_at': '2025-12-09T23:13:24Z', 'updated_at': '2025-12-09T23:13:24Z', 'revision_number': 1} available for tenant
2025-12-09 23:14:32.838 65866 INFO tempest.lib.common.rest_client [req-bb11fdd9-124b-471c-adaf-b753874a12f2 req-bb11fdd9-124b-471c-adaf-b753874a12f2 ] Request (MigrationsAdminTest:test_resize_server_revert_deleted_flavor): 200 GET http://10.180.1.21/compute/v2.1/servers/56bc93f4-99bd-43ac-9026-b8a3f15d2f26 0.237s
2025-12-09 23:14:32.864 65920 INFO tempest.lib.common.rest_client [req-21e14243-ec14-48c0-aa00-6925e67c9719 req-21e14243-ec14-48c0-aa00-6925e67c9719 ] Request (ServerGroup264TestJSON:setUpClass): 200 PUT http://10.180.1.21/networking/v2.0/routers/ede86f84-bd44-4518-8f9b-497c600c88b9/add_router_interface 0.980s
2025-12-09 23:14:32.865 65920 INFO tempest.lib.common.dynamic_creds [-] Created isolated network resources for: credentials: Credentials: {'domain_id': 'default', 'domain_name': 'Default', 'username': 'tempest-ServerGroup264TestJSON-491750308-project-member', 'project_domain_id': 'default', 'project_domain_name': 'Default', 'project_id': '028d1ff9f7fa46dbbeaa1d467ca852a4', 'project_name': 'tempest-ServerGroup264TestJSON-491750308', 'tenant_id': '028d1ff9f7fa46dbbeaa1d467ca852a4', 'tenant_name': 'tempest-ServerGroup264TestJSON-491750308', 'user_domain_id': 'default', 'user_domain_name': 'Default', 'user_id': '4a315c8cd3eb41e2ad2d2fe982697058', 'system': None}, Network: {'id': 'b155a049-c93e-47bc-ae03-4e725db05a4e', 'name': 'tempest-ServerGroup264TestJSON-759008138-network', 'tenant_id': '028d1ff9f7fa46dbbeaa1d467ca852a4', 'project_id': '028d1ff9f7fa46dbbeaa1d467ca852a4', 'admin_state_up': True, 'mtu': 8950, 'status': 'ACTIVE', 'subnets': [], 'shared': False, 'port_security_enabled': True, 'router:external': False, 'provider:network_type': 'vlan', 'provider:physical_network': 'default', 'provider:segmentation_id': 353, 'availability_zone_hints': [], 'availability_zones': [], 'ipv4_address_scope': None, 'ipv6_address_scope': None, 'description': '', 'tags': [], 'created_at': '2025-12-09T23:14:30Z', 'updated_at': '2025-12-09T23:14:30Z', 'revision_number': 1}, Subnet: {'id': '6d4dd7dc-ef15-4e50-931f-733c65024956', 'name': 'tempest-ServerGroup264TestJSON-759008138-subnet', 'tenant_id': '028d1ff9f7fa46dbbeaa1d467ca852a4', 'network_id': 'b155a049-c93e-47bc-ae03-4e725db05a4e', 'ip_version': 4, 'subnetpool_id': None, 'enable_dhcp': True, 'ipv6_ra_mode': None, 'ipv6_address_mode': None, 'gateway_ip': '192.168.128.1', 'cidr': '192.168.128.0/28', 'allocation_pools': [{'start': '192.168.128.2', 'end': '192.168.128.14'}], 'host_routes': [], 'dns_nameservers': [], 'description': '', 'router:external': False, 'service_types': [], 'tags': [], 'created_at': '2025-12-09T23:14:30Z', 'updated_at': '2025-12-09T23:14:30Z', 'revision_number': 0, 'project_id': '028d1ff9f7fa46dbbeaa1d467ca852a4'}, Router: {'id': 'ede86f84-bd44-4518-8f9b-497c600c88b9', 'name': 'tempest-ServerGroup264TestJSON-759008138-router', 'tenant_id': '028d1ff9f7fa46dbbeaa1d467ca852a4', 'admin_state_up': True, 'status': 'ACTIVE', 'external_gateway_info': {'network_id': '90a4cbf0-121a-46f0-9b54-5a1a24b48e1f', 'external_fixed_ips': [{'subnet_id': '06c870d3-d729-42a6-a225-1c398f684d56', 'ip_address': '10.180.180.190'}], 'enable_snat': True}, 'description': '', 'availability_zones': [], 'distributed': False, 'ha': False, 'availability_zone_hints': [], 'routes': [], 'flavor_id': None, 'tags': [], 'created_at': '2025-12-09T23:14:31Z', 'updated_at': '2025-12-09T23:14:31Z', 'revision_number': 2, 'project_id': '028d1ff9f7fa46dbbeaa1d467ca852a4'}
2025-12-09 23:14:32.883 65876 INFO tempest.lib.common.rest_client [req-8245f814-9b5c-4fa8-aae7-e6a9760560e0 req-8245f814-9b5c-4fa8-aae7-e6a9760560e0 ] Request (ServerActionsTestOtherB:test_create_backup): 200 GET http://10.180.1.21/image/v2/images/c799bb51-75c9-40dc-aacd-589314697f27 0.015s
2025-12-09 23:14:32.895 65911 INFO tempest.lib.common.rest_client [req-1cc6853c-db90-465b-b776-9eb762b15dab req-1cc6853c-db90-465b-b776-9eb762b15dab ] Request (InstanceActionsV221TestJSON:test_get_list_deleted_instance_actions): 200 GET http://10.180.1.21/compute/v2.1/servers/ce5d47ab-7ed7-4fa1-8ee6-1d78b09e9ddb 0.185s
2025-12-09 23:14:32.913 65872 INFO tempest.lib.common.rest_client [req-3efcdfc5-4def-4331-8259-001b6405af2e req-3efcdfc5-4def-4331-8259-001b6405af2e ] Request (ServersTestMultiNic:_run_cleanups): 200 GET http://10.180.1.21/compute/v2.1/servers/c0d54295-e8a6-4499-8cba-d235e2d3bc10 0.139s
2025-12-09 23:14:32.918 65894 INFO tempest.lib.common.rest_client [req-392d99bd-1149-4fe3-b9e5-9fe5fd2a1acb req-392d99bd-1149-4fe3-b9e5-9fe5fd2a1acb ] Request (ServerMetadataNegativeTestJSON:test_server_create_metadata_key_too_long): 400 POST http://10.180.1.21/compute/v2.1/servers 0.090s
2025-12-09 23:14:32.967 65894 INFO tempest.lib.common.rest_client [req-5c1feb8e-b8fb-4597-aae4-c1e9c5733f30 req-5c1feb8e-b8fb-4597-aae4-c1e9c5733f30 ] Request (ServerMetadataNegativeTestJSON:test_server_create_metadata_key_too_long): 201 POST http://10.180.1.21/identity/v3/auth/tokens 0.045s
2025-12-09 23:14:32.968 65894 INFO tempest.lib.common.fixed_network [-] (ServerMetadataNegativeTestJSON:test_server_create_metadata_key_too_long) Found network {'id': '24f8e2f0-6713-4a19-ba0c-3b3642ba0482', 'name': 'tempest-ServerMetadataNegativeTestJSON-248719886-network', 'tenant_id': 'e569308a53f349aab6d5f2a78ec78431', 'project_id': 'e569308a53f349aab6d5f2a78ec78431', 'admin_state_up': True, 'mtu': 8950, 'status': 'ACTIVE', 'subnets': [], 'shared': False, 'port_security_enabled': True, 'router:external': False, 'provider:network_type': 'vlan', 'provider:physical_network': 'default', 'provider:segmentation_id': 38, 'availability_zone_hints': [], 'availability_zones': [], 'ipv4_address_scope': None, 'ipv6_address_scope': None, 'description': '', 'tags': [], 'created_at': '2025-12-09T23:13:24Z', 'updated_at': '2025-12-09T23:13:24Z', 'revision_number': 1} available for tenant
2025-12-09 23:14:32.982 65920 INFO tempest.lib.common.rest_client [req-1df7bc28-56f2-4e8c-af60-1508869b5a96 req-1df7bc28-56f2-4e8c-af60-1508869b5a96 ] Request (ServerGroup264TestJSON:setUpClass): 201 POST http://10.180.1.21/identity/v3/auth/tokens 0.109s
2025-12-09 23:14:32.985 65874 INFO tempest.lib.common.rest_client [req-c3078602-f54d-4083-a905-f397c7b31112 req-c3078602-f54d-4083-a905-f397c7b31112 ] Request (ImagesTestJSON:test_create_image_from_stopped_server): 200 GET http://10.180.1.21/compute/v2.1/servers/5a4dced1-281e-460c-94c1-8e9806928a19 0.154s
2025-12-09 23:14:33.052 65891 INFO tempest.lib.common.rest_client [req-31164bad-a797-465a-aa6c-37b18c4103a9 req-31164bad-a797-465a-aa6c-37b18c4103a9 ] Request (ServerTagsTestJSON:setUpClass): 200 GET http://10.180.1.21/compute/v2.1/servers/fbeb887e-e0a9-4a51-8c1b-30ea915bbfaf 0.160s
2025-12-09 23:14:33.072 65882 INFO tempest.lib.common.rest_client [req-6c27c429-4c33-4baf-b99f-6fcceeffe49b req-6c27c429-4c33-4baf-b99f-6fcceeffe49b ] Request (ServerRescueTestJSON:test_rescue_unrescue_instance): 200 GET http://10.180.1.21/compute/v2.1/servers/e81c83af-b8b5-43ca-a1cf-4865313a6009 0.291s
2025-12-09 23:14:33.133 65898 INFO tempest.lib.common.rest_client [req-66d09ebb-795a-47ac-9f33-88532b749b62 req-66d09ebb-795a-47ac-9f33-88532b749b62 ] Request (MultipleCreateTestJSON:test_multiple_create): 200 GET http://10.180.1.21/compute/v2.1/servers/5ac34307-b576-4fe2-8f4d-6db22fe483f5 0.231s
2025-12-09 23:14:33.140 65894 INFO tempest.lib.common.rest_client [req-8ae4c51a-b9bc-4bf5-9709-062ebaf38a07 req-8ae4c51a-b9bc-4bf5-9709-062ebaf38a07 ] Request (ServerMetadataNegativeTestJSON:test_server_create_metadata_key_too_long): 400 POST http://10.180.1.21/compute/v2.1/servers 0.171s
2025-12-09 23:14:33.178 65922 INFO tempest.lib.common.rest_client [req-fc4ee4a3-194b-46f8-a743-bd7a439feabe req-fc4ee4a3-194b-46f8-a743-bd7a439feabe ] Request (ServersTestJSON:_run_cleanups): 200 GET http://10.180.1.21/compute/v2.1/servers/e30a0b9b-cdd1-4f74-9b6f-f8ccab3dba7f 0.217s
2025-12-09 23:14:33.185 65894 INFO tempest.lib.common.rest_client [req-05efce00-1d98-4965-9839-29b9e475b729 req-05efce00-1d98-4965-9839-29b9e475b729 ] Request (ServerMetadataNegativeTestJSON:test_server_create_metadata_key_too_long): 201 POST http://10.180.1.21/identity/v3/auth/tokens 0.041s
2025-12-09 23:14:33.185 65894 INFO tempest.lib.common.fixed_network [-] (ServerMetadataNegativeTestJSON:test_server_create_metadata_key_too_long) Found network {'id': '24f8e2f0-6713-4a19-ba0c-3b3642ba0482', 'name': 'tempest-ServerMetadataNegativeTestJSON-248719886-network', 'tenant_id': 'e569308a53f349aab6d5f2a78ec78431', 'project_id': 'e569308a53f349aab6d5f2a78ec78431', 'admin_state_up': True, 'mtu': 8950, 'status': 'ACTIVE', 'subnets': [], 'shared': False, 'port_security_enabled': True, 'router:external': False, 'provider:network_type': 'vlan', 'provider:physical_network': 'default', 'provider:segmentation_id': 38, 'availability_zone_hints': [], 'availability_zones': [], 'ipv4_address_scope': None, 'ipv6_address_scope': None, 'description': '', 'tags': [], 'created_at': '2025-12-09T23:13:24Z', 'updated_at': '2025-12-09T23:13:24Z', 'revision_number': 1} available for tenant
2025-12-09 23:14:33.216 65928 INFO tempest.lib.common.rest_client [req-63744b47-0ba4-4a24-83fb-4c7c56eb0a67 req-63744b47-0ba4-4a24-83fb-4c7c56eb0a67 ] Request (ImagesOneServerNegativeTestJSON:_run_cleanups): 200 GET http://10.180.1.21/compute/v2.1/servers/d2cb4787-57de-46ad-99b2-29b2f0a2f317 0.236s
2025-12-09 23:14:33.303 65918 INFO tempest.lib.common.rest_client [req-793d6204-41e8-408e-a425-5e3465c56e77 req-793d6204-41e8-408e-a425-5e3465c56e77 ] Request (ServerShowV257Test:tearDownClass): 200 GET http://10.180.1.21/compute/v2.1/servers/66c79759-fbd7-485b-90fb-497fc1f53ac5 0.269s
2025-12-09 23:14:33.315 65920 INFO tempest.lib.common.rest_client [req-daed227d-d250-49f7-9a32-fd7323956f40 req-daed227d-d250-49f7-9a32-fd7323956f40 ] Request (ServerGroup264TestJSON:test_create_get_server_group): 200 POST http://10.180.1.21/compute/v2.1/os-server-groups 0.332s
2025-12-09 23:14:33.378 65868 INFO tempest.lib.common.rest_client [req-fc05d54a-0338-4a5f-91d1-36b297828dbf req-fc05d54a-0338-4a5f-91d1-36b297828dbf ] Request (ServerDiskConfigTestJSON:test_rebuild_server_with_auto_disk_config): 200 GET http://10.180.1.21/compute/v2.1/servers/0b413b97-653c-4abd-a10f-6160d29ae4d1 0.275s
2025-12-09 23:14:33.438 65926 INFO tempest.lib.common.rest_client [req-6f82e6c6-8858-4461-8f01-53921ab34af6 req-6f82e6c6-8858-4461-8f01-53921ab34af6 ] Request (DeleteServersTestJSON:test_delete_server_while_in_shelved_state): 200 GET http://10.180.1.21/compute/v2.1/servers/195df19a-b1f1-49c5-bf0e-59fbcd24f5d7 0.348s
2025-12-09 23:14:33.446 65894 INFO tempest.lib.common.rest_client [req-f1697dff-78e8-4933-bd61-56d39114277f req-f1697dff-78e8-4933-bd61-56d39114277f ] Request (ServerMetadataNegativeTestJSON:test_server_create_metadata_key_too_long): 400 POST http://10.180.1.21/compute/v2.1/servers 0.260s
2025-12-09 23:14:33.453 65886 INFO tempest.lib.common.rest_client [req-b7360147-a355-4236-9219-c908209e460a req-b7360147-a355-4236-9219-c908209e460a ] Request (ServersV294TestFqdnHostnames:setUpClass): 200 GET http://10.180.1.21/compute/v2.1/servers/551146d9-2735-4635-baa0-5efda02f695b 0.292s
2025-12-09 23:14:33.477 65920 INFO tempest.lib.common.rest_client [req-87dd3cac-81d7-4592-bc06-6ece540d4c58 req-87dd3cac-81d7-4592-bc06-6ece540d4c58 ] Request (ServerGroup264TestJSON:test_create_get_server_group): 200 GET http://10.180.1.21/compute/v2.1/os-server-groups 0.160s
2025-12-09 23:14:33.557 65904 INFO tempest.lib.common.rest_client [req-23269637-0119-442c-a395-448b9d37ba7b req-23269637-0119-442c-a395-448b9d37ba7b ] Request (FloatingIPsAssociationTestJSON:test_associate_already_associated_floating_ip): 200 GET http://10.180.1.21/compute/v2.1/servers/49331b16-66cb-4eee-8134-1b5973825fe0 0.312s
2025-12-09 23:14:33.590 65888 INFO tempest.lib.common.rest_client [req-d7b51c8a-e915-4f1d-9293-958eb0413b11 req-d7b51c8a-e915-4f1d-9293-958eb0413b11 ] Request (ServersAdminTestJSON:test_create_server_with_scheduling_hint): 200 GET http://10.180.1.21/compute/v2.1/servers/f56cfcb4-bc69-4249-a1b6-322b8469e9f1 0.245s
2025-12-09 23:14:33.600 65888 INFO tempest.common.waiters [-] State transition "BUILD/spawning" ==> "ACTIVE/None" after 64 second wait
2025-12-09 23:14:33.605 65894 INFO tempest.lib.common.rest_client [req-c36ab0b4-4bf6-4aa0-994e-9cf8490789c2 req-c36ab0b4-4bf6-4aa0-994e-9cf8490789c2 ] Request (ServerMetadataNegativeTestJSON:test_server_metadata_non_existent_server): 404 GET http://10.180.1.21/compute/v2.1/servers/12328221-a4c6-48f0-a72a-06944a63c536/metadata/test2 0.157s
2025-12-09 23:14:33.622 65913 INFO tempest.lib.common.rest_client [req-0f00b897-7405-4203-89cf-54dbf962cdc1 req-0f00b897-7405-4203-89cf-54dbf962cdc1 ] Request (ImagesOneServerTestJSON:setUpClass): 200 GET http://10.180.1.21/compute/v2.1/servers/1209a278-ff99-4c6b-ad3a-b8ea23d3a827 0.200s
2025-12-09 23:14:33.640 65920 INFO tempest.lib.common.rest_client [req-183cd59b-8d05-49be-8bdb-b687ac356638 req-183cd59b-8d05-49be-8bdb-b687ac356638 ] Request (ServerGroup264TestJSON:test_create_get_server_group): 200 GET http://10.180.1.21/compute/v2.1/os-server-groups/597f9195-f2c9-4cf8-9c22-52743d268f15 0.160s
2025-12-09 23:14:33.668 65896 INFO tempest.lib.common.rest_client [req-2c0724d6-4cb3-41de-8198-1e2b54baa6b3 req-2c0724d6-4cb3-41de-8198-1e2b54baa6b3 ] Request (SecurityGroupsTestJSON:test_list_security_groups_by_server): 200 GET http://10.180.1.21/compute/v2.1/servers/85c48525-02ed-4355-9155-94c52c03a384 0.209s
2025-12-09 23:14:33.677 65896 INFO tempest.common.waiters [-] State transition "BUILD/scheduling" ==> "BUILD/None" after 1 second wait
2025-12-09 23:14:33.681 65888 INFO tempest.lib.common.rest_client [req-327d0f09-6a3b-4f20-8c44-5ed21703421f req-327d0f09-6a3b-4f20-8c44-5ed21703421f ] Request (ServersAdminTestJSON:test_inject_network_info): 201 POST http://10.180.1.21/identity/v3/auth/tokens 0.074s
2025-12-09 23:14:33.681 65888 INFO tempest.lib.common.fixed_network [-] (ServersAdminTestJSON:test_inject_network_info) Found network {'id': '5be1ab9d-f29d-49e5-9124-9df738f5ace6', 'name': 'tempest-ServersAdminTestJSON-1841908399-network', 'tenant_id': '498b142107d8405ea02a0cb8e6ee8667', 'project_id': '498b142107d8405ea02a0cb8e6ee8667', 'admin_state_up': True, 'mtu': 8950, 'status': 'ACTIVE', 'subnets': [], 'shared': False, 'port_security_enabled': True, 'router:external': False, 'provider:network_type': 'vlan', 'provider:physical_network': 'default', 'provider:segmentation_id': 142, 'availability_zone_hints': [], 'availability_zones': [], 'ipv4_address_scope': None, 'ipv6_address_scope': None, 'description': '', 'tags': [], 'created_at': '2025-12-09T23:12:15Z', 'updated_at': '2025-12-09T23:12:15Z', 'revision_number': 1} available for tenant
2025-12-09 23:14:33.697 65894 INFO tempest.lib.common.rest_client [req-d75f3393-3c1f-4efc-b39d-f60e023accf9 req-d75f3393-3c1f-4efc-b39d-f60e023accf9 ] Request (ServerMetadataNegativeTestJSON:test_set_metadata_invalid_key): 400 PUT http://10.180.1.21/compute/v2.1/servers/e19bafac-9e13-4297-8c0a-ee973940c56f/metadata/key 0.091s
2025-12-09 23:14:33.709 65892 INFO tempest.lib.common.rest_client [req-745706db-4cd7-40d8-90be-07c8fb182bfc req-745706db-4cd7-40d8-90be-07c8fb182bfc ] Request (ServersNegativeTestJSON:setUpClass): 200 GET http://10.180.1.21/compute/v2.1/servers/e4bcc2e6-cc0a-4a29-84b7-0b2c15804ff8 0.133s
2025-12-09 23:14:33.729 65920 INFO tempest.lib.common.rest_client [req-96170a6b-4bb5-47be-8c5e-0aeb12a54e1b req-96170a6b-4bb5-47be-8c5e-0aeb12a54e1b ] Request (ServerGroup264TestJSON:_run_cleanups): 204 DELETE http://10.180.1.21/compute/v2.1/os-server-groups/597f9195-f2c9-4cf8-9c22-52743d268f15 0.088s
2025-12-09 23:14:33.737 65894 INFO tempest.lib.common.rest_client [req-b0673b36-e5c9-4234-8652-78f92c524b32 req-b0673b36-e5c9-4234-8652-78f92c524b32 ] Request (ServerMetadataNegativeTestJSON:test_set_metadata_non_existent_server): 404 PUT http://10.180.1.21/compute/v2.1/servers/44d78c48-71a0-45dc-a59a-0bee3581da8a/metadata 0.038s
2025-12-09 23:14:33.800 65902 INFO tempest.lib.common.rest_client [req-085229d1-71e9-4168-9fba-e0854c84caaa req-085229d1-71e9-4168-9fba-e0854c84caaa ] Request (ServerShowV247Test:tearDownClass): 200 GET http://10.180.1.21/compute/v2.1/servers/7d3d616a-d76e-4bd0-9e42-16dd0ec35263 0.081s
2025-12-09 23:14:33.810 65920 INFO tempest.lib.common.rest_client [req-38b8a713-fe45-4f02-a736-ff7558292612 req-38b8a713-fe45-4f02-a736-ff7558292612 ] Request (ServerGroup264TestJSON:tearDownClass): 404 DELETE http://10.180.1.21/compute/v2.1/os-server-groups/597f9195-f2c9-4cf8-9c22-52743d268f15 0.079s
2025-12-09 23:14:33.816 65894 INFO tempest.lib.common.rest_client [req-139061dd-aeff-4aa5-8666-7a72ba313a4c req-139061dd-aeff-4aa5-8666-7a72ba313a4c ] Request (ServerMetadataNegativeTestJSON:test_set_server_metadata_blank_key): 400 PUT http://10.180.1.21/compute/v2.1/servers/e19bafac-9e13-4297-8c0a-ee973940c56f/metadata 0.077s
2025-12-09 23:14:33.827 65894 INFO tempest.lib.common.rest_client [req-71c12e11-10ea-4ea2-9423-de9d9c183b18 req-71c12e11-10ea-4ea2-9423-de9d9c183b18 ] Request (ServerMetadataNegativeTestJSON:test_set_server_metadata_missing_metadata): 400 PUT http://10.180.1.21/compute/v2.1/servers/e19bafac-9e13-4297-8c0a-ee973940c56f/metadata 0.010s
2025-12-09 23:14:33.845 65894 INFO tempest.lib.common.rest_client [req-b142c656-4bd8-42fe-9328-793fefb0db74 req-b142c656-4bd8-42fe-9328-793fefb0db74 ] Request (ServerMetadataNegativeTestJSON:test_update_metadata_non_existent_server): 404 POST http://10.180.1.21/compute/v2.1/servers/bc213e19-9e18-4e7b-ac8e-286d26fdbb92/metadata 0.016s
2025-12-09 23:14:33.988 65866 INFO tempest.lib.common.rest_client [req-2c96adea-4231-40a4-ba98-c3dfd6366ef9 req-2c96adea-4231-40a4-ba98-c3dfd6366ef9 ] Request (MigrationsAdminTest:test_resize_server_revert_deleted_flavor): 200 GET http://10.180.1.21/compute/v2.1/servers/56bc93f4-99bd-43ac-9026-b8a3f15d2f26 0.142s
2025-12-09 23:14:33.993 65894 INFO tempest.lib.common.rest_client [req-02418277-fc37-4df2-8a1f-26268a0eca30 req-02418277-fc37-4df2-8a1f-26268a0eca30 ] Request (ServerMetadataNegativeTestJSON:test_update_metadata_with_blank_key): 400 POST http://10.180.1.21/compute/v2.1/servers/e19bafac-9e13-4297-8c0a-ee973940c56f/metadata 0.145s
2025-12-09 23:14:34.072 65911 INFO tempest.lib.common.rest_client [req-c801df3a-cf27-4e83-993f-2ae9f13a6d93 req-c801df3a-cf27-4e83-993f-2ae9f13a6d93 ] Request (InstanceActionsV221TestJSON:test_get_list_deleted_instance_actions): 200 GET http://10.180.1.21/compute/v2.1/servers/ce5d47ab-7ed7-4fa1-8ee6-1d78b09e9ddb 0.166s
2025-12-09 23:14:34.237 65872 INFO tempest.lib.common.rest_client [req-59693a26-0ec7-4f4d-85c7-0da47b6d31b6 req-59693a26-0ec7-4f4d-85c7-0da47b6d31b6 ] Request (ServersTestMultiNic:_run_cleanups): 200 GET http://10.180.1.21/compute/v2.1/servers/c0d54295-e8a6-4499-8cba-d235e2d3bc10 0.308s
2025-12-09 23:14:34.329 65894 INFO tempest.lib.common.rest_client [req-a0acae89-9c4e-4755-9c6d-019a98e0b782 req-a0acae89-9c4e-4755-9c6d-019a98e0b782 ] Request (ServerMetadataNegativeTestJSON:tearDownClass): 204 DELETE http://10.180.1.21/compute/v2.1/servers/e19bafac-9e13-4297-8c0a-ee973940c56f 0.335s
2025-12-09 23:14:34.392 65874 INFO tempest.lib.common.rest_client [req-b4266c18-19e8-4d6a-bd3c-80e322bd8eba req-b4266c18-19e8-4d6a-bd3c-80e322bd8eba ] Request (ImagesTestJSON:test_create_image_from_stopped_server): 200 GET http://10.180.1.21/compute/v2.1/servers/5a4dced1-281e-460c-94c1-8e9806928a19 0.394s
2025-12-09 23:14:34.459 65891 INFO tempest.lib.common.rest_client [req-462cf8e4-ffe2-42b4-a9a1-7739133d164b req-462cf8e4-ffe2-42b4-a9a1-7739133d164b ] Request (ServerTagsTestJSON:setUpClass): 200 GET http://10.180.1.21/compute/v2.1/servers/fbeb887e-e0a9-4a51-8c1b-30ea915bbfaf 0.393s
2025-12-09 23:14:34.577 65882 INFO tempest.lib.common.rest_client [req-70f2b717-025d-4f95-8537-efcb1af7964b req-70f2b717-025d-4f95-8537-efcb1af7964b ] Request (ServerRescueTestJSON:test_rescue_unrescue_instance): 200 GET http://10.180.1.21/compute/v2.1/servers/e81c83af-b8b5-43ca-a1cf-4865313a6009 0.492s
2025-12-09 23:14:34.638 65898 INFO tempest.lib.common.rest_client [req-37dacac5-1f0f-4dd6-81ed-32526028dccd req-37dacac5-1f0f-4dd6-81ed-32526028dccd ] Request (MultipleCreateTestJSON:test_multiple_create): 200 GET http://10.180.1.21/compute/v2.1/servers/5ac34307-b576-4fe2-8f4d-6db22fe483f5 0.490s
2025-12-09 23:14:34.645 65920 INFO tempest.lib.common.rest_client [req-a91a41f8-bb53-4f8d-8ba2-9376c4209ee8 req-a91a41f8-bb53-4f8d-8ba2-9376c4209ee8 ] Request (ServerGroup264TestJSON:tearDownClass): 200 PUT http://10.180.1.21/networking/v2.0/routers/ede86f84-bd44-4518-8f9b-497c600c88b9/remove_router_interface 0.834s
2025-12-09 23:14:34.768 65922 INFO tempest.lib.common.rest_client [req-04bf5c5e-e244-4991-be9e-574c52eafc5c req-04bf5c5e-e244-4991-be9e-574c52eafc5c ] Request (ServersTestJSON:_run_cleanups): 200 GET http://10.180.1.21/compute/v2.1/servers/e30a0b9b-cdd1-4f74-9b6f-f8ccab3dba7f 0.574s
2025-12-09 23:14:34.878 65928 INFO tempest.lib.common.rest_client [req-22b81043-af8f-4e95-a844-27ed325da883 req-22b81043-af8f-4e95-a844-27ed325da883 ] Request (ImagesOneServerNegativeTestJSON:_run_cleanups): 200 GET http://10.180.1.21/compute/v2.1/servers/d2cb4787-57de-46ad-99b2-29b2f0a2f317 0.653s
2025-12-09 23:14:34.965 65918 INFO tempest.lib.common.rest_client [req-c851469c-bbe0-4969-b315-6cdb75e7a670 req-c851469c-bbe0-4969-b315-6cdb75e7a670 ] Request (ServerShowV257Test:tearDownClass): 200 GET http://10.180.1.21/compute/v2.1/servers/66c79759-fbd7-485b-90fb-497fc1f53ac5 0.652s
2025-12-09 23:14:35.064 65920 INFO tempest.lib.common.rest_client [req-784f0469-84a0-44b2-9687-6f1557519b30 req-784f0469-84a0-44b2-9687-6f1557519b30 ] Request (ServerGroup264TestJSON:tearDownClass): 204 DELETE http://10.180.1.21/networking/v2.0/routers/ede86f84-bd44-4518-8f9b-497c600c88b9 0.419s
2025-12-09 23:14:35.096 65894 INFO tempest.lib.common.rest_client [req-27d6659c-52e7-41f2-8533-25e1faea6b88 req-27d6659c-52e7-41f2-8533-25e1faea6b88 ] Request (ServerMetadataNegativeTestJSON:tearDownClass): 200 GET http://10.180.1.21/compute/v2.1/servers/e19bafac-9e13-4297-8c0a-ee973940c56f 0.766s
2025-12-09 23:14:35.165 65868 INFO tempest.lib.common.rest_client [req-2c62e707-c638-42cd-8e9d-ba137cde4122 req-2c62e707-c638-42cd-8e9d-ba137cde4122 ] Request (ServerDiskConfigTestJSON:test_rebuild_server_with_auto_disk_config): 200 GET http://10.180.1.21/compute/v2.1/servers/0b413b97-653c-4abd-a10f-6160d29ae4d1 0.779s
2025-12-09 23:14:35.208 65920 INFO tempest.lib.common.rest_client [req-8ef53778-8a80-487a-a1bd-266b79935057 req-8ef53778-8a80-487a-a1bd-266b79935057 ] Request (ServerGroup264TestJSON:tearDownClass): 204 DELETE http://10.180.1.21/networking/v2.0/subnets/6d4dd7dc-ef15-4e50-931f-733c65024956 0.143s
2025-12-09 23:14:35.367 65926 INFO tempest.lib.common.rest_client [req-cca19c28-b0fe-4dda-a46e-8867b92c5b39 req-cca19c28-b0fe-4dda-a46e-8867b92c5b39 ] Request (DeleteServersTestJSON:test_delete_server_while_in_shelved_state): 200 GET http://10.180.1.21/compute/v2.1/servers/195df19a-b1f1-49c5-bf0e-59fbcd24f5d7 0.919s
2025-12-09 23:14:35.430 65920 INFO tempest.lib.common.rest_client [req-1e1ec642-99cf-45d4-883c-808057bd1589 req-1e1ec642-99cf-45d4-883c-808057bd1589 ] Request (ServerGroup264TestJSON:tearDownClass): 204 DELETE http://10.180.1.21/networking/v2.0/networks/b155a049-c93e-47bc-ae03-4e725db05a4e 0.221s
2025-12-09 23:14:35.467 65886 INFO tempest.lib.common.rest_client [req-dbdc44c2-1f25-4be3-851c-eb58d9331514 req-dbdc44c2-1f25-4be3-851c-eb58d9331514 ] Request (ServersV294TestFqdnHostnames:setUpClass): 200 GET http://10.180.1.21/compute/v2.1/servers/551146d9-2735-4635-baa0-5efda02f695b 0.997s
2025-12-09 23:14:35.524 65920 INFO tempest.lib.common.rest_client [req-e4394191-c669-44d6-a957-6db0a2982b01 req-e4394191-c669-44d6-a957-6db0a2982b01 ] Request (ServerGroup264TestJSON:tearDownClass): 204 DELETE http://10.180.1.21/identity/v3/users/4a315c8cd3eb41e2ad2d2fe982697058 0.094s
2025-12-09 23:14:35.528 65920 INFO tempest.lib.common.dynamic_creds [-] Deleting project and security group for project: 028d1ff9f7fa46dbbeaa1d467ca852a4
2025-12-09 23:14:35.587 65920 INFO tempest.lib.common.rest_client [req-ec89c40c-95ef-4174-9c25-d3b7eea7b524 req-ec89c40c-95ef-4174-9c25-d3b7eea7b524 ] Request (ServerGroup264TestJSON:tearDownClass): 200 GET http://10.180.1.21/networking/v2.0/security-groups?tenant_id=028d1ff9f7fa46dbbeaa1d467ca852a4&name=default 0.059s
2025-12-09 23:14:35.650 65904 INFO tempest.lib.common.rest_client [req-2fc270a3-8a41-47f2-b5b3-bc86e840a0d0 req-2fc270a3-8a41-47f2-b5b3-bc86e840a0d0 ] Request (FloatingIPsAssociationTestJSON:test_associate_already_associated_floating_ip): 200 GET http://10.180.1.21/compute/v2.1/servers/49331b16-66cb-4eee-8134-1b5973825fe0 1.077s
2025-12-09 23:14:35.690 65920 INFO tempest.lib.common.rest_client [req-006f696c-40c9-4f43-9d13-fa62b2e14f1b req-006f696c-40c9-4f43-9d13-fa62b2e14f1b ] Request (ServerGroup264TestJSON:tearDownClass): 204 DELETE http://10.180.1.21/networking/v2.0/security-groups/83f7c13e-6a82-4a0b-afcb-43b0863bd1ed 0.103s
2025-12-09 23:14:35.713 65913 INFO tempest.lib.common.rest_client [req-b2214f91-d763-4767-8f18-ccb6364b46f4 req-b2214f91-d763-4767-8f18-ccb6364b46f4 ] Request (ImagesOneServerTestJSON:setUpClass): 200 GET http://10.180.1.21/compute/v2.1/servers/1209a278-ff99-4c6b-ad3a-b8ea23d3a827 1.083s
2025-12-09 23:14:35.787 65896 INFO tempest.lib.common.rest_client [req-2a32e9e2-a223-4a39-901f-06f91e629f82 req-2a32e9e2-a223-4a39-901f-06f91e629f82 ] Request (SecurityGroupsTestJSON:test_list_security_groups_by_server): 200 GET http://10.180.1.21/compute/v2.1/servers/85c48525-02ed-4355-9155-94c52c03a384 1.107s
2025-12-09 23:14:35.834 65920 INFO tempest.lib.common.rest_client [req-d191eff3-4370-4d0d-8921-e78dc1bb9a72 req-d191eff3-4370-4d0d-8921-e78dc1bb9a72 ] Request (ServerGroup264TestJSON:tearDownClass): 204 DELETE http://10.180.1.21/identity/v3/projects/028d1ff9f7fa46dbbeaa1d467ca852a4 0.144s
2025-12-09 23:14:35.873 65892 INFO tempest.lib.common.rest_client [req-9f6045b2-21c2-4112-86c7-2dde396910b2 req-9f6045b2-21c2-4112-86c7-2dde396910b2 ] Request (ServersNegativeTestJSON:setUpClass): 200 GET http://10.180.1.21/compute/v2.1/servers/e4bcc2e6-cc0a-4a29-84b7-0b2c15804ff8 1.156s
2025-12-09 23:14:35.903 65920 INFO tempest.lib.common.rest_client [req-f72e7515-ff9f-4014-8ad3-78c27eaa74df req-f72e7515-ff9f-4014-8ad3-78c27eaa74df ] Request (QuotasTestJSON:setUpClass): 201 POST http://10.180.1.21/identity/v3/auth/tokens 0.067s
2025-12-09 23:14:35.936 65902 INFO tempest.lib.common.rest_client [req-f3909bfc-a6c6-4ca7-986d-d443f676ad1c req-f3909bfc-a6c6-4ca7-986d-d443f676ad1c ] Request (ServerShowV247Test:tearDownClass): 200 GET http://10.180.1.21/compute/v2.1/servers/7d3d616a-d76e-4bd0-9e42-16dd0ec35263 1.117s
2025-12-09 23:14:35.939 65920 INFO tempest.lib.common.rest_client [req-944c5d36-471f-4718-90a1-aaa607a93320 req-944c5d36-471f-4718-90a1-aaa607a93320 ] Request (QuotasTestJSON:setUpClass): 201 POST http://10.180.1.21/identity/v3/auth/tokens 0.033s
2025-12-09 23:14:35.966 65920 INFO tempest.lib.common.rest_client [req-7a2efa6a-b149-4201-bf71-9de34e874462 req-7a2efa6a-b149-4201-bf71-9de34e874462 ] Request (QuotasTestJSON:setUpClass): 200 GET http://10.180.1.21/identity/v3/domains?name=Default 0.027s
2025-12-09 23:14:35.996 65920 INFO tempest.lib.common.rest_client [req-1e7aed34-ff18-42de-b4bb-da8ffa023695 req-1e7aed34-ff18-42de-b4bb-da8ffa023695 ] Request (QuotasTestJSON:setUpClass): 201 POST http://10.180.1.21/identity/v3/projects 0.029s
2025-12-09 23:14:36.049 65866 INFO tempest.lib.common.rest_client [req-1a7b0464-9fbe-4265-acd5-4c80633ec83e req-1a7b0464-9fbe-4265-acd5-4c80633ec83e ] Request (MigrationsAdminTest:test_resize_server_revert_deleted_flavor): 200 GET http://10.180.1.21/compute/v2.1/servers/56bc93f4-99bd-43ac-9026-b8a3f15d2f26 1.050s
2025-12-09 23:14:36.060 65920 INFO tempest.lib.common.rest_client [req-f4594e9a-cefc-41d3-946e-833c0bcee403 req-f4594e9a-cefc-41d3-946e-833c0bcee403 ] Request (QuotasTestJSON:setUpClass): 201 POST http://10.180.1.21/identity/v3/users 0.064s
2025-12-09 23:14:36.070 65911 INFO tempest.lib.common.rest_client [req-2d1f2fe3-56a0-4a3c-9b8a-81247aefdcec req-2d1f2fe3-56a0-4a3c-9b8a-81247aefdcec ] Request (InstanceActionsV221TestJSON:test_get_list_deleted_instance_actions): 404 GET http://10.180.1.21/compute/v2.1/servers/ce5d47ab-7ed7-4fa1-8ee6-1d78b09e9ddb 0.984s
2025-12-09 23:14:36.083 65920 INFO tempest.lib.common.rest_client [req-058a3d53-e922-433f-bf0f-2e4118c00373 req-058a3d53-e922-433f-bf0f-2e4118c00373 ] Request (QuotasTestJSON:setUpClass): 200 GET http://10.180.1.21/identity/v3/roles 0.022s
2025-12-09 23:14:36.113 65920 INFO tempest.lib.common.rest_client [req-124086ec-180f-48e3-a54d-b84b1e4c38a0 req-124086ec-180f-48e3-a54d-b84b1e4c38a0 ] Request (QuotasTestJSON:setUpClass): 204 PUT http://10.180.1.21/identity/v3/projects/c248df8a067447809bf4eaf22c985b52/users/680874b8946c47979530bc91504195d2/roles/90f551ab100a438caa8ce07128a8d6c1 0.030s
2025-12-09 23:14:36.113 65920 INFO tempest.lib.common.dynamic_creds [-] Dynamic test user 680874b8946c47979530bc91504195d2 is created with scope project and roles: ['member']
2025-12-09 23:14:36.114 65920 INFO tempest.lib.common.dynamic_creds [-] Acquired dynamic creds: credentials: Credentials: {'domain_id': 'default', 'domain_name': 'Default', 'username': 'tempest-QuotasTestJSON-1271833832-project-member', 'project_domain_id': 'default', 'project_domain_name': 'Default', 'project_id': 'c248df8a067447809bf4eaf22c985b52', 'project_name': 'tempest-QuotasTestJSON-1271833832', 'tenant_id': 'c248df8a067447809bf4eaf22c985b52', 'tenant_name': 'tempest-QuotasTestJSON-1271833832', 'user_domain_id': 'default', 'user_domain_name': 'Default', 'user_id': '680874b8946c47979530bc91504195d2', 'system': None}, Network: None, Subnet: None, Router: None
2025-12-09 23:14:36.114 65920 INFO tempest.lib.common.dynamic_creds [-] Created isolated network resources for: credentials: Credentials: {'domain_id': 'default', 'domain_name': 'Default', 'username': 'tempest-QuotasTestJSON-1271833832-project-member', 'project_domain_id': 'default', 'project_domain_name': 'Default', 'project_id': 'c248df8a067447809bf4eaf22c985b52', 'project_name': 'tempest-QuotasTestJSON-1271833832', 'tenant_id': 'c248df8a067447809bf4eaf22c985b52', 'tenant_name': 'tempest-QuotasTestJSON-1271833832', 'user_domain_id': 'default', 'user_domain_name': 'Default', 'user_id': '680874b8946c47979530bc91504195d2', 'system': None}, Network: None, Subnet: None, Router: None
2025-12-09 23:14:36.135 65878 WARNING tempest.lib.common.ssh [-] Failed to establish authenticated ssh connection to cirros@10.180.180.211 ([Errno None] Unable to connect to port 22 on 10.180.180.211). Number attempts: 8. Retry after 9 seconds.: paramiko.ssh_exception.NoValidConnectionsError: [Errno None] Unable to connect to port 22 on 10.180.180.211
2025-12-09 23:14:36.136 65872 INFO tempest.lib.common.rest_client [req-f001aed2-ce48-4330-b1c7-8408e4893a14 req-f001aed2-ce48-4330-b1c7-8408e4893a14 ] Request (ServersTestMultiNic:_run_cleanups): 200 GET http://10.180.1.21/compute/v2.1/servers/c0d54295-e8a6-4499-8cba-d235e2d3bc10 0.889s
2025-12-09 23:14:36.189 65874 INFO tempest.lib.common.rest_client [req-e9f8e58d-5335-4889-bd10-dfc64936924d req-e9f8e58d-5335-4889-bd10-dfc64936924d ] Request (ImagesTestJSON:test_create_image_from_stopped_server): 200 GET http://10.180.1.21/compute/v2.1/servers/5a4dced1-281e-460c-94c1-8e9806928a19 0.789s
2025-12-09 23:14:36.196 65920 INFO tempest.lib.common.rest_client [req-46951e2c-36fc-43d0-a23a-8e794fbe0ef7 req-46951e2c-36fc-43d0-a23a-8e794fbe0ef7 ] Request (QuotasTestJSON:setUpClass): 201 POST http://10.180.1.21/identity/v3/auth/tokens 0.079s
2025-12-09 23:14:36.197 65920 WARNING tempest.lib.common.rest_client [-] Deprecated: "tenant_id" property is deprecated for removal, use "project_id" instead
2025-12-09 23:14:36.275 65891 INFO tempest.lib.common.rest_client [req-55a6a7b7-89d9-45b0-b3e2-cc87069b9c96 req-55a6a7b7-89d9-45b0-b3e2-cc87069b9c96 ] Request (ServerTagsTestJSON:setUpClass): 200 GET http://10.180.1.21/compute/v2.1/servers/fbeb887e-e0a9-4a51-8c1b-30ea915bbfaf 0.797s
2025-12-09 23:14:36.455 65882 INFO tempest.lib.common.rest_client [req-4a0be3f2-d49c-4f58-b412-26b375d37007 req-4a0be3f2-d49c-4f58-b412-26b375d37007 ] Request (ServerRescueTestJSON:test_rescue_unrescue_instance): 200 GET http://10.180.1.21/compute/v2.1/servers/e81c83af-b8b5-43ca-a1cf-4865313a6009 0.867s
2025-12-09 23:14:36.524 65898 INFO tempest.lib.common.rest_client [req-8db10902-7abd-4b05-955b-db9fed779707 req-8db10902-7abd-4b05-955b-db9fed779707 ] Request (MultipleCreateTestJSON:test_multiple_create): 200 GET http://10.180.1.21/compute/v2.1/servers/5ac34307-b576-4fe2-8f4d-6db22fe483f5 0.877s
2025-12-09 23:14:36.587 65922 INFO tempest.lib.common.rest_client [req-4bf90e75-4a71-42d6-8927-5d8b45bc5306 req-4bf90e75-4a71-42d6-8927-5d8b45bc5306 ] Request (ServersTestJSON:_run_cleanups): 200 GET http://10.180.1.21/compute/v2.1/servers/e30a0b9b-cdd1-4f74-9b6f-f8ccab3dba7f 0.801s
2025-12-09 23:14:36.648 65928 INFO tempest.lib.common.rest_client [req-00b05fdc-149e-4ae9-9a30-91bf2534f656 req-00b05fdc-149e-4ae9-9a30-91bf2534f656 ] Request (ImagesOneServerNegativeTestJSON:_run_cleanups): 200 GET http://10.180.1.21/compute/v2.1/servers/d2cb4787-57de-46ad-99b2-29b2f0a2f317 0.759s
2025-12-09 23:14:36.709 65918 INFO tempest.lib.common.rest_client [req-63ff828f-9ebc-4528-9683-05ca1cc8bf1d req-63ff828f-9ebc-4528-9683-05ca1cc8bf1d ] Request (ServerShowV257Test:tearDownClass): 200 GET http://10.180.1.21/compute/v2.1/servers/66c79759-fbd7-485b-90fb-497fc1f53ac5 0.734s
2025-12-09 23:14:36.762 65911 INFO tempest.lib.common.rest_client [req-78b6298c-0aba-42dc-81cd-26a4debc580a req-78b6298c-0aba-42dc-81cd-26a4debc580a ] Request (InstanceActionsV221TestJSON:test_get_list_deleted_instance_actions): 200 GET http://10.180.1.21/compute/v2.1/servers/ce5d47ab-7ed7-4fa1-8ee6-1d78b09e9ddb/os-instance-actions 0.691s
2025-12-09 23:14:36.830 65894 INFO tempest.lib.common.rest_client [req-cc7070bf-c76b-4ddb-aa84-bfc1cc653cf8 req-cc7070bf-c76b-4ddb-aa84-bfc1cc653cf8 ] Request (ServerMetadataNegativeTestJSON:tearDownClass): 200 GET http://10.180.1.21/compute/v2.1/servers/e19bafac-9e13-4297-8c0a-ee973940c56f 0.720s
2025-12-09 23:14:36.888 65868 INFO tempest.lib.common.rest_client [req-f43c34c6-f841-4394-8ed6-4bf7253e0a55 req-f43c34c6-f841-4394-8ed6-4bf7253e0a55 ] Request (ServerDiskConfigTestJSON:test_rebuild_server_with_auto_disk_config): 200 GET http://10.180.1.21/compute/v2.1/servers/0b413b97-653c-4abd-a10f-6160d29ae4d1 0.709s
2025-12-09 23:14:36.987 65920 INFO tempest.lib.common.rest_client [req-3bd9779f-ac9b-46cb-9987-57dc3e2aeeb6 req-3bd9779f-ac9b-46cb-9987-57dc3e2aeeb6 ] Request (QuotasTestJSON:test_compare_tenant_quotas_with_default_quotas): 200 GET http://10.180.1.21/compute/v2.1/os-quota-sets/c248df8a067447809bf4eaf22c985b52/defaults 0.788s
2025-12-09 23:14:37.095 65926 INFO tempest.lib.common.rest_client [req-e529c918-9694-403b-a1a7-c7064fac2bf3 req-e529c918-9694-403b-a1a7-c7064fac2bf3 ] Request (DeleteServersTestJSON:test_delete_server_while_in_shelved_state): 200 GET http://10.180.1.21/compute/v2.1/servers/195df19a-b1f1-49c5-bf0e-59fbcd24f5d7 0.717s
2025-12-09 23:14:37.161 65886 INFO tempest.lib.common.rest_client [req-1dd78a34-8cf6-435b-b6e9-1a65dc0f934f req-1dd78a34-8cf6-435b-b6e9-1a65dc0f934f ] Request (ServersV294TestFqdnHostnames:setUpClass): 200 GET http://10.180.1.21/compute/v2.1/servers/551146d9-2735-4635-baa0-5efda02f695b 0.681s
2025-12-09 23:14:37.309 65904 INFO tempest.lib.common.rest_client [req-a23b7306-8238-4f5c-8ce3-6503ef811f1f req-a23b7306-8238-4f5c-8ce3-6503ef811f1f ] Request (FloatingIPsAssociationTestJSON:test_associate_already_associated_floating_ip): 200 GET http://10.180.1.21/compute/v2.1/servers/49331b16-66cb-4eee-8134-1b5973825fe0 0.651s
2025-12-09 23:14:37.335 65876 INFO tempest.lib.common.rest_client [req-e8339076-0500-4daf-83aa-9edaed05a437 req-e8339076-0500-4daf-83aa-9edaed05a437 ] Request (ServerActionsTestOtherB:test_create_backup): 200 GET http://10.180.1.21/image/v2/images/c799bb51-75c9-40dc-aacd-589314697f27 3.450s
2025-12-09 23:14:37.379 65913 INFO tempest.lib.common.rest_client [req-e01f0728-f716-43f1-b772-86343d99f84a req-e01f0728-f716-43f1-b772-86343d99f84a ] Request (ImagesOneServerTestJSON:setUpClass): 200 GET http://10.180.1.21/compute/v2.1/servers/1209a278-ff99-4c6b-ad3a-b8ea23d3a827 0.658s
2025-12-09 23:14:37.384 65876 INFO tempest.lib.common.rest_client [req-9e0596ec-7c45-432e-bba5-9b7ce9b21ab7 req-9e0596ec-7c45-432e-bba5-9b7ce9b21ab7 ] Request (ServerActionsTestOtherB:test_create_backup): 200 GET http://10.180.1.21/image/v2/images/c799bb51-75c9-40dc-aacd-589314697f27/tasks 0.049s
2025-12-09 23:14:37.391 65913 INFO tempest.common.waiters [-] State transition "BUILD/None" ==> "BUILD/networking" after 56 second wait
2025-12-09 23:14:37.398 65911 INFO tempest.lib.common.rest_client [req-c52bce85-0040-467f-9873-244615f51e02 req-c52bce85-0040-467f-9873-244615f51e02 ] Request (InstanceActionsV221TestJSON:tearDownClass): 404 DELETE http://10.180.1.21/compute/v2.1/servers/ce5d47ab-7ed7-4fa1-8ee6-1d78b09e9ddb 0.632s
2025-12-09 23:14:37.507 65896 INFO tempest.lib.common.rest_client [req-5ff191f0-4251-4adc-bc08-24af4a336012 req-5ff191f0-4251-4adc-bc08-24af4a336012 ] Request (SecurityGroupsTestJSON:test_list_security_groups_by_server): 200 GET http://10.180.1.21/compute/v2.1/servers/85c48525-02ed-4355-9155-94c52c03a384 0.712s
