2025-12-02 14:35:16.750 66016 INFO tempest.lib.common.rest_client [req-63bd6d41-65e4-44d0-a1e6-ac7d39d9b631 req-63bd6d41-65e4-44d0-a1e6-ac7d39d9b631 ] Request (FloatingIPsTestJSON:tearDownClass): 200 PUT http://10.180.1.21/networking/v2.0/routers/296db46b-0a2d-4db9-8800-277511e295fb/remove_router_interface 0.864s
2025-12-02 14:35:16.759 65992 INFO tempest.lib.common.rest_client [req-3bd16feb-f799-496e-9539-6d7f55d5b350 req-3bd16feb-f799-496e-9539-6d7f55d5b350 ] Request (QuotasAdminNegativeTest:tearDownClass): 204 DELETE http://10.180.1.21/networking/v2.0/security-groups/f5dfd7ee-3cd9-4714-9530-1bdefbe25465 0.822s
2025-12-02 14:35:16.851 65992 INFO tempest.lib.common.rest_client [req-23fd9c9f-b0c9-4644-be37-5cd724ad0e85 req-23fd9c9f-b0c9-4644-be37-5cd724ad0e85 ] Request (QuotasAdminNegativeTest:tearDownClass): 204 DELETE http://10.180.1.21/identity/v3/projects/c7450b90b46f4488ada922c504ecda84 0.092s
2025-12-02 14:35:16.920 65992 INFO tempest.lib.common.rest_client [req-bc51ffb3-c3f0-404c-9519-e82a53247712 req-bc51ffb3-c3f0-404c-9519-e82a53247712 ] Request (KeyPairsV22TestJSON:setUpClass): 201 POST http://10.180.1.21/identity/v3/auth/tokens 0.066s
2025-12-02 14:35:16.950 65992 INFO tempest.lib.common.rest_client [req-6835bc4d-e689-41a5-9c5a-204d775481c7 req-6835bc4d-e689-41a5-9c5a-204d775481c7 ] Request (KeyPairsV22TestJSON:setUpClass): 201 POST http://10.180.1.21/identity/v3/auth/tokens 0.026s
2025-12-02 14:35:16.967 65986 INFO tempest.lib.common.rest_client [req-c4a66dad-a654-416f-9f92-dbdeced9df95 req-c4a66dad-a654-416f-9f92-dbdeced9df95 ] Request (ServerDiagnosticsTest:tearDownClass): 200 GET http://10.180.1.21/networking/v2.0/security-groups?tenant_id=871df4f6120f4deb8591280eafc1a555&name=default 0.691s
2025-12-02 14:35:16.977 65992 INFO tempest.lib.common.rest_client [req-d2922c1a-d8cd-42ce-bf3f-3c6c6cb8ee55 req-d2922c1a-d8cd-42ce-bf3f-3c6c6cb8ee55 ] Request (KeyPairsV22TestJSON:setUpClass): 200 GET http://10.180.1.21/identity/v3/domains?name=Default 0.027s
2025-12-02 14:35:17.006 65992 INFO tempest.lib.common.rest_client [req-06aaa0f4-bb52-4609-875e-ce92bdb5aa83 req-06aaa0f4-bb52-4609-875e-ce92bdb5aa83 ] Request (KeyPairsV22TestJSON:setUpClass): 201 POST http://10.180.1.21/identity/v3/projects 0.028s
2025-12-02 14:35:17.088 65992 INFO tempest.lib.common.rest_client [req-23be5b75-612d-48c6-a578-5cdd82be724a req-23be5b75-612d-48c6-a578-5cdd82be724a ] Request (KeyPairsV22TestJSON:setUpClass): 201 POST http://10.180.1.21/identity/v3/users 0.080s
2025-12-02 14:35:17.115 65992 INFO tempest.lib.common.rest_client [req-96b35908-d828-4aed-b273-4cc67f5c201a req-96b35908-d828-4aed-b273-4cc67f5c201a ] Request (KeyPairsV22TestJSON:setUpClass): 200 GET http://10.180.1.21/identity/v3/roles 0.027s
2025-12-02 14:35:17.156 65992 INFO tempest.lib.common.rest_client [req-19ea1030-47b1-4af6-89d1-a54f5e638653 req-19ea1030-47b1-4af6-89d1-a54f5e638653 ] Request (KeyPairsV22TestJSON:setUpClass): 204 PUT http://10.180.1.21/identity/v3/projects/573889e6b2e545898bb5d73b219531b3/users/79f9b8be77324fd7bf5afb1e1226cee9/roles/d20dfc7834a94cc5899f7f49b9fe7649 0.039s
2025-12-02 14:35:17.156 65992 INFO tempest.lib.common.dynamic_creds [-] Dynamic test user 79f9b8be77324fd7bf5afb1e1226cee9 is created with scope project and roles: ['member']
2025-12-02 14:35:17.156 65992 INFO tempest.lib.common.dynamic_creds [-] Acquired dynamic creds: credentials: Credentials: {'domain_id': 'default', 'domain_name': 'Default', 'username': 'tempest-KeyPairsV22TestJSON-234438280-project-member', 'project_domain_id': 'default', 'project_domain_name': 'Default', 'project_id': '573889e6b2e545898bb5d73b219531b3', 'project_name': 'tempest-KeyPairsV22TestJSON-234438280', 'tenant_id': '573889e6b2e545898bb5d73b219531b3', 'tenant_name': 'tempest-KeyPairsV22TestJSON-234438280', 'user_domain_id': 'default', 'user_domain_name': 'Default', 'user_id': '79f9b8be77324fd7bf5afb1e1226cee9', 'system': None}, Network: None, Subnet: None, Router: None
2025-12-02 14:35:17.156 65992 INFO tempest.lib.common.dynamic_creds [-] Created isolated network resources for: credentials: Credentials: {'domain_id': 'default', 'domain_name': 'Default', 'username': 'tempest-KeyPairsV22TestJSON-234438280-project-member', 'project_domain_id': 'default', 'project_domain_name': 'Default', 'project_id': '573889e6b2e545898bb5d73b219531b3', 'project_name': 'tempest-KeyPairsV22TestJSON-234438280', 'tenant_id': '573889e6b2e545898bb5d73b219531b3', 'tenant_name': 'tempest-KeyPairsV22TestJSON-234438280', 'user_domain_id': 'default', 'user_domain_name': 'Default', 'user_id': '79f9b8be77324fd7bf5afb1e1226cee9', 'system': None}, Network: None, Subnet: None, Router: None
2025-12-02 14:35:17.239 65992 INFO tempest.lib.common.rest_client [req-0e473b4a-123b-4206-b587-c464b926b3bb req-0e473b4a-123b-4206-b587-c464b926b3bb ] Request (KeyPairsV22TestJSON:setUpClass): 201 POST http://10.180.1.21/identity/v3/auth/tokens 0.077s
2025-12-02 14:35:17.411 66016 INFO tempest.lib.common.rest_client [req-9efa755c-cefa-4f58-a217-5e80761ebd08 req-9efa755c-cefa-4f58-a217-5e80761ebd08 ] Request (FloatingIPsTestJSON:tearDownClass): 204 DELETE http://10.180.1.21/networking/v2.0/routers/296db46b-0a2d-4db9-8800-277511e295fb 0.661s
2025-12-02 14:35:17.474 66036 INFO tempest.lib.common.rest_client [req-7ec4dd3d-fea2-4cda-9501-c4768b8d0e8c req-7ec4dd3d-fea2-4cda-9501-c4768b8d0e8c ] Request (MigrationsAdminTest:test_list_migrations_in_flavor_resize_situation): 200 GET http://10.180.1.21/compute/v2.1/servers/fddf26c6-531f-4ac0-b435-01705f1a83d9 6.775s
2025-12-02 14:35:17.496 66027 INFO tempest.lib.common.rest_client [req-d9521faf-c053-4f8c-80b9-b6e19c41d528 req-d9521faf-c053-4f8c-80b9-b6e19c41d528 ] Request (FloatingIPsAssociationTestJSON:test_associate_already_associated_floating_ip): 200 GET http://10.180.1.21/compute/v2.1/servers/c0b2f2bf-c161-41e6-8019-5f8594e9361d 6.884s
2025-12-02 14:35:17.509 66027 INFO tempest.common.waiters [-] State transition "BUILD/spawning" ==> "ACTIVE/None" after 25 second wait
2025-12-02 14:35:17.588 65986 INFO tempest.lib.common.rest_client [req-fab7ba44-3649-41b7-adf9-80e5d75b65d9 req-fab7ba44-3649-41b7-adf9-80e5d75b65d9 ] Request (ServerDiagnosticsTest:tearDownClass): 204 DELETE http://10.180.1.21/networking/v2.0/security-groups/941f1ae9-b485-42bb-a5fc-cbff073fd26f 0.621s
2025-12-02 14:35:17.638 66008 INFO tempest.lib.common.rest_client [req-6ff0bdb9-28ae-4e54-9ee9-a9bbf81895e3 req-6ff0bdb9-28ae-4e54-9ee9-a9bbf81895e3 ] Request (ServerShowV247Test:test_update_rebuild_list_server): 202 POST http://10.180.1.21/compute/v2.1/servers 6.643s
2025-12-02 14:35:17.770 65986 INFO tempest.lib.common.rest_client [req-63f31463-b4f5-4a31-8c00-0781f816bc0a req-63f31463-b4f5-4a31-8c00-0781f816bc0a ] Request (ServerDiagnosticsTest:tearDownClass): 204 DELETE http://10.180.1.21/identity/v3/projects/871df4f6120f4deb8591280eafc1a555 0.181s
2025-12-02 14:35:17.770 65986 INFO tempest.lib.common.dynamic_creds [-] Deleting project and security group for project: 55bf02f75184438980b866e4aff65a6f
2025-12-02 14:35:17.790 65982 INFO tempest.lib.common.rest_client [req-21a05c4e-30ae-45ed-a31f-b33e6c2e5213 req-21a05c4e-30ae-45ed-a31f-b33e6c2e5213 ] Request (SecurityGroupsTestJSON:setUpClass): 200 PUT http://10.180.1.21/networking/v2.0/routers/b22b124a-f489-4a7c-aabf-56722c43cf74/add_router_interface 1.119s
2025-12-02 14:35:17.791 65982 INFO tempest.lib.common.dynamic_creds [-] Created isolated network resources for: credentials: Credentials: {'domain_id': 'default', 'domain_name': 'Default', 'username': 'tempest-SecurityGroupsTestJSON-1648438995-project-member', 'project_domain_id': 'default', 'project_domain_name': 'Default', 'project_id': 'ec3e50b1974d4e509cd393026dcbeda0', 'project_name': 'tempest-SecurityGroupsTestJSON-1648438995', 'tenant_id': 'ec3e50b1974d4e509cd393026dcbeda0', 'tenant_name': 'tempest-SecurityGroupsTestJSON-1648438995', 'user_domain_id': 'default', 'user_domain_name': 'Default', 'user_id': '8660a617f3de4cddb131c0de3e694274', 'system': None}, Network: {'id': '6eef0a48-5adc-4f27-8f1d-145f3a53afdc', 'name': 'tempest-SecurityGroupsTestJSON-1132890066-network', 'tenant_id': 'ec3e50b1974d4e509cd393026dcbeda0', 'project_id': 'ec3e50b1974d4e509cd393026dcbeda0', 'admin_state_up': True, 'mtu': 8950, 'status': 'ACTIVE', 'subnets': [], 'shared': False, 'port_security_enabled': True, 'router:external': False, 'provider:network_type': 'vlan', 'provider:physical_network': 'default', 'provider:segmentation_id': 436, 'availability_zone_hints': [], 'availability_zones': [], 'ipv4_address_scope': None, 'ipv6_address_scope': None, 'description': '', 'tags': [], 'created_at': '2025-12-02T14:35:14Z', 'updated_at': '2025-12-02T14:35:14Z', 'revision_number': 1}, Subnet: {'id': '8fb5d5f9-ba54-4592-8c3d-bb12bd45332d', 'name': 'tempest-SecurityGroupsTestJSON-1132890066-subnet', 'tenant_id': 'ec3e50b1974d4e509cd393026dcbeda0', 'network_id': '6eef0a48-5adc-4f27-8f1d-145f3a53afdc', 'ip_version': 4, 'subnetpool_id': None, 'enable_dhcp': True, 'ipv6_ra_mode': None, 'ipv6_address_mode': None, 'gateway_ip': '192.168.128.1', 'cidr': '192.168.128.0/28', 'allocation_pools': [{'start': '192.168.128.2', 'end': '192.168.128.14'}], 'host_routes': [], 'dns_nameservers': [], 'description': '', 'router:external': False, 'service_types': [], 'tags': [], 'created_at': '2025-12-02T14:35:15Z', 'updated_at': '2025-12-02T14:35:15Z', 'revision_number': 0, 'project_id': 'ec3e50b1974d4e509cd393026dcbeda0'}, Router: {'id': 'b22b124a-f489-4a7c-aabf-56722c43cf74', 'name': 'tempest-SecurityGroupsTestJSON-1132890066-router', 'tenant_id': 'ec3e50b1974d4e509cd393026dcbeda0', 'admin_state_up': True, 'status': 'ACTIVE', 'external_gateway_info': {'network_id': 'c0bcccb3-ef46-491f-8245-0eb1da004961', 'external_fixed_ips': [{'subnet_id': '50c7bba0-d6a5-4c4b-ba05-b598ebd1befd', 'ip_address': '10.180.180.177'}], 'enable_snat': True}, 'description': '', 'availability_zones': [], 'distributed': False, 'ha': False, 'availability_zone_hints': [], 'routes': [], 'flavor_id': None, 'tags': [], 'created_at': '2025-12-02T14:35:15Z', 'updated_at': '2025-12-02T14:35:16Z', 'revision_number': 2, 'project_id': 'ec3e50b1974d4e509cd393026dcbeda0'}
2025-12-02 14:35:17.831 66016 INFO tempest.lib.common.rest_client [req-ba842610-5e61-4913-9ceb-0ed97f752544 req-ba842610-5e61-4913-9ceb-0ed97f752544 ] Request (FloatingIPsTestJSON:tearDownClass): 204 DELETE http://10.180.1.21/networking/v2.0/subnets/044c3450-f943-447b-a4b2-ca9fe2c3a59b 0.420s
2025-12-02 14:35:17.888 66028 INFO tempest.lib.common.rest_client [req-5f8a5604-c6e1-40e5-9701-dbc34b852664 req-5f8a5604-c6e1-40e5-9701-dbc34b852664 ] Request (ServersWithSpecificFlavorTestJSON:test_verify_created_server_ephemeral_disk): 200 GET http://10.180.1.21/compute/v2.1/servers/31af68ed-b88f-4e3a-a724-e9a1dfba972c 7.183s
2025-12-02 14:35:17.899 65998 INFO tempest.lib.common.rest_client [req-ad1601bc-7daf-42de-924c-0a1fcdeb3a43 req-ad1601bc-7daf-42de-924c-0a1fcdeb3a43 ] Request (DeleteServersTestJSON:test_delete_active_server): 200 GET http://10.180.1.21/compute/v2.1/servers/a7f757fe-713e-40eb-a55a-9b0a02c9522f 6.552s
2025-12-02 14:35:17.901 66028 INFO tempest.common.waiters [-] State transition "BUILD/None" ==> "BUILD/networking" after 8 second wait
2025-12-02 14:35:17.948 65982 INFO tempest.lib.common.rest_client [req-3b951c22-2c54-4623-84ba-b10d0ce18ec6 req-3b951c22-2c54-4623-84ba-b10d0ce18ec6 ] Request (SecurityGroupsTestJSON:setUpClass): 201 POST http://10.180.1.21/identity/v3/auth/tokens 0.149s
2025-12-02 14:35:18.024 65986 INFO tempest.lib.common.rest_client [req-bccff8d0-7281-4bbe-bd5c-43cffb07fc0a req-bccff8d0-7281-4bbe-bd5c-43cffb07fc0a ] Request (ServerDiagnosticsTest:tearDownClass): 200 GET http://10.180.1.21/networking/v2.0/security-groups?tenant_id=55bf02f75184438980b866e4aff65a6f&name=default 0.253s
2025-12-02 14:35:18.282 66016 INFO tempest.lib.common.rest_client [req-292a0874-e982-4ef8-84e9-bf06b3b2576c req-292a0874-e982-4ef8-84e9-bf06b3b2576c ] Request (FloatingIPsTestJSON:tearDownClass): 204 DELETE http://10.180.1.21/networking/v2.0/networks/a30b7843-3fdb-4726-b855-ca0b7bd0e1b7 0.450s
2025-12-02 14:35:18.306 66040 INFO tempest.lib.common.rest_client [req-4b794e02-2fa8-44ef-9b4a-3a2709a49487 req-4b794e02-2fa8-44ef-9b4a-3a2709a49487 ] Request (ServersAdminNegativeTestJSON:test_migrate_server_invalid_state): 200 GET http://10.180.1.21/compute/v2.1/servers/22655795-e428-4b4c-b48c-029c8aeae14b 6.947s
2025-12-02 14:35:18.333 65990 INFO tempest.lib.common.rest_client [req-1d858de2-d757-47a8-9f59-426f62a63979 req-1d858de2-d757-47a8-9f59-426f62a63979 ] Request (ServerExternalEventsTest:tearDownClass): 200 GET http://10.180.1.21/compute/v2.1/servers/ade20c0e-40f9-48b7-a8ae-5675b7584e5d 6.906s
2025-12-02 14:35:18.376 66032 INFO tempest.lib.common.rest_client [req-8273d096-701b-4ab4-87ff-1c0672fb3a4f req-8273d096-701b-4ab4-87ff-1c0672fb3a4f ] Request (TenantUsagesTestJSON:tearDownClass): 404 GET http://10.180.1.21/compute/v2.1/servers/3030ccea-f1db-431c-a980-be1673e5db01 6.886s
2025-12-02 14:35:18.395 65984 INFO tempest.lib.common.rest_client [req-a8d0a99d-d124-4efc-b81e-40a877effd9b req-a8d0a99d-d124-4efc-b81e-40a877effd9b ] Request (ServersTestMultiNic:test_verify_duplicate_network_nics): 200 GET http://10.180.1.21/compute/v2.1/servers/4f41ce6e-88f1-4f65-9e5a-0daee8d99a44/ips 6.817s
2025-12-02 14:35:18.471 65986 INFO tempest.lib.common.rest_client [req-9e78bb80-a68c-4fd4-afa1-843e08b228f0 req-9e78bb80-a68c-4fd4-afa1-843e08b228f0 ] Request (ServerDiagnosticsTest:tearDownClass): 204 DELETE http://10.180.1.21/networking/v2.0/security-groups/04bf9634-1c05-448d-9b94-b57a06291f3c 0.445s
2025-12-02 14:35:18.498 66016 INFO tempest.lib.common.rest_client [req-edb9674a-d97b-48fd-bb48-3e0346845142 req-edb9674a-d97b-48fd-bb48-3e0346845142 ] Request (FloatingIPsTestJSON:tearDownClass): 204 DELETE http://10.180.1.21/identity/v3/users/87c313246d0c46f59e877fecf606fa5a 0.216s
2025-12-02 14:35:18.498 66016 INFO tempest.lib.common.dynamic_creds [-] Deleting project and security group for project: 7aef5a9ed0c24b28acdddefc50ae73e3
2025-12-02 14:35:18.503 66032 INFO tempest.lib.common.rest_client [req-f5e5bffd-dd29-49b8-b516-6c87472c77d2 req-f5e5bffd-dd29-49b8-b516-6c87472c77d2 ] Request (TenantUsagesTestJSON:tearDownClass): 204 DELETE http://10.180.1.21/identity/v3/users/c0697246d0ee4a7598593e8ed7186418 0.127s
2025-12-02 14:35:18.545 65996 INFO tempest.lib.common.rest_client [req-3b4105f7-8079-4440-94d3-19a16be8b174 req-3b4105f7-8079-4440-94d3-19a16be8b174 ] Request (DeleteServersAdminTestJSON:test_delete_server_while_in_error_state): 200 GET http://10.180.1.21/compute/v2.1/servers/b15eefbe-fd85-486c-80b4-309b72a37611 5.951s
2025-12-02 14:35:18.581 66016 INFO tempest.lib.common.rest_client [req-0afd7d81-df3e-4b42-9e32-959ee370d27c req-0afd7d81-df3e-4b42-9e32-959ee370d27c ] Request (FloatingIPsTestJSON:tearDownClass): 200 GET http://10.180.1.21/networking/v2.0/security-groups?tenant_id=7aef5a9ed0c24b28acdddefc50ae73e3&name=default 0.082s
2025-12-02 14:35:18.581 66006 INFO tempest.lib.common.rest_client [req-35bc4f41-57d3-42d4-a79a-ae2c09d456f0 req-35bc4f41-57d3-42d4-a79a-ae2c09d456f0 ] Request (ServersAdmin275Test:_run_cleanups): 200 GET http://10.180.1.21/compute/v2.1/servers/f44e7bfb-1c67-4e1a-8e4c-afeb3f4ec4b7 6.674s
2025-12-02 14:35:18.592 66006 INFO tempest.common.waiters [-] State transition "REBUILD/rebuild_spawning" ==> "ACTIVE/None" after 8 second wait
2025-12-02 14:35:18.603 66004 INFO tempest.lib.common.rest_client [req-bfe34a47-7789-4bbc-a5a8-284d9582450c req-bfe34a47-7789-4bbc-a5a8-284d9582450c ] Request (FlavorsExtraSpecsNegativeTestJSON:tearDownClass): 202 DELETE http://10.180.1.21/compute/v2.1/flavors/1175887263 5.553s
2025-12-02 14:35:18.651 65986 INFO tempest.lib.common.rest_client [req-27b5a9b1-c096-462f-acae-548638713a37 req-27b5a9b1-c096-462f-acae-548638713a37 ] Request (ServerDiagnosticsTest:tearDownClass): 204 DELETE http://10.180.1.21/identity/v3/projects/55bf02f75184438980b866e4aff65a6f 0.180s
2025-12-02 14:35:18.651 66032 INFO tempest.lib.common.rest_client [req-e82ed9a5-d304-4146-b1bf-37c9818eb449 req-e82ed9a5-d304-4146-b1bf-37c9818eb449 ] Request (TenantUsagesTestJSON:tearDownClass): 204 DELETE http://10.180.1.21/identity/v3/users/686a7863cdbf4ec7b9707e64ac396f1e 0.147s
2025-12-02 14:35:18.652 66032 INFO tempest.lib.common.dynamic_creds [-] Deleting project and security group for project: 5b54f720876e49b0b5bb74c9d860427e
2025-12-02 14:35:18.717 66016 INFO tempest.lib.common.rest_client [req-ef6e1ae6-2dcc-456b-a540-dad6356f5dd1 req-ef6e1ae6-2dcc-456b-a540-dad6356f5dd1 ] Request (FloatingIPsTestJSON:tearDownClass): 204 DELETE http://10.180.1.21/networking/v2.0/security-groups/8b194ebe-3e6e-4be7-ad1e-089164b6f5fc 0.136s
2025-12-02 14:35:18.735 65986 INFO tempest.lib.common.rest_client [req-dc40002d-317e-4a6c-ba87-6375ba1b35d2 req-dc40002d-317e-4a6c-ba87-6375ba1b35d2 ] Request (FlavorsV2TestJSON:setUpClass): 201 POST http://10.180.1.21/identity/v3/auth/tokens 0.082s
2025-12-02 14:35:18.751 66032 INFO tempest.lib.common.rest_client [req-0f4c98ae-4a3d-4792-b0c1-388464f9d826 req-0f4c98ae-4a3d-4792-b0c1-388464f9d826 ] Request (TenantUsagesTestJSON:tearDownClass): 201 POST http://10.180.1.21/identity/v3/auth/tokens 0.099s
2025-12-02 14:35:18.800 65986 INFO tempest.lib.common.rest_client [req-9d714158-7951-497a-8ce0-d28031d7c8cf req-9d714158-7951-497a-8ce0-d28031d7c8cf ] Request (FlavorsV2TestJSON:setUpClass): 201 POST http://10.180.1.21/identity/v3/auth/tokens 0.061s
2025-12-02 14:35:18.808 66012 INFO tempest.lib.common.rest_client [req-57c63a70-0878-4aa2-a8a3-2c6319e86ab7 req-57c63a70-0878-4aa2-a8a3-2c6319e86ab7 ] Request (ImagesMetadataTestJSON:setUp): 200 PUT http://10.180.1.21/compute/v2.1/images/f61e248a-3ef6-4295-a542-8f1b98aabe7f/metadata 5.705s
2025-12-02 14:35:18.838 66016 INFO tempest.lib.common.rest_client [req-2154c237-11f9-4b7f-9762-f853f8be0ec0 req-2154c237-11f9-4b7f-9762-f853f8be0ec0 ] Request (FloatingIPsTestJSON:tearDownClass): 204 DELETE http://10.180.1.21/identity/v3/projects/7aef5a9ed0c24b28acdddefc50ae73e3 0.120s
2025-12-02 14:35:18.916 65986 INFO tempest.lib.common.rest_client [req-06aa6823-219a-47ea-a85a-c961a2270f53 req-06aa6823-219a-47ea-a85a-c961a2270f53 ] Request (FlavorsV2TestJSON:setUpClass): 200 GET http://10.180.1.21/identity/v3/domains?name=Default 0.116s
2025-12-02 14:35:18.937 66016 INFO tempest.lib.common.rest_client [req-221beac7-ef24-4fa3-b92a-d38438422b93 req-221beac7-ef24-4fa3-b92a-d38438422b93 ] Request (ListServerFiltersTestJSON:setUpClass): 201 POST http://10.180.1.21/identity/v3/auth/tokens 0.098s
2025-12-02 14:35:18.951 65986 INFO tempest.lib.common.rest_client [req-2a71fe9a-0b96-41bb-8c10-e893f6559be6 req-2a71fe9a-0b96-41bb-8c10-e893f6559be6 ] Request (FlavorsV2TestJSON:setUpClass): 201 POST http://10.180.1.21/identity/v3/projects 0.034s
2025-12-02 14:35:19.016 66016 INFO tempest.lib.common.rest_client [req-5e2bb98a-f3e9-4162-9f01-25701127957a req-5e2bb98a-f3e9-4162-9f01-25701127957a ] Request (ListServerFiltersTestJSON:setUpClass): 201 POST http://10.180.1.21/identity/v3/auth/tokens 0.076s
2025-12-02 14:35:19.022 65986 INFO tempest.lib.common.rest_client [req-912dc131-4cce-4934-8b22-8be90f5de9bf req-912dc131-4cce-4934-8b22-8be90f5de9bf ] Request (FlavorsV2TestJSON:setUpClass): 201 POST http://10.180.1.21/identity/v3/users 0.070s
2025-12-02 14:35:19.024 66032 INFO tempest.lib.common.rest_client [req-af5d0268-7d46-4949-b624-4548dba9cdff req-af5d0268-7d46-4949-b624-4548dba9cdff ] Request (TenantUsagesTestJSON:tearDownClass): 200 GET http://10.180.1.21/networking/v2.0/security-groups?tenant_id=5b54f720876e49b0b5bb74c9d860427e&name=default 0.273s
2025-12-02 14:35:19.043 66016 INFO tempest.lib.common.rest_client [req-d48c525e-0def-4ee5-b7c7-7f245a89be9d req-d48c525e-0def-4ee5-b7c7-7f245a89be9d ] Request (ListServerFiltersTestJSON:setUpClass): 200 GET http://10.180.1.21/identity/v3/domains?name=Default 0.026s
2025-12-02 14:35:19.047 65986 INFO tempest.lib.common.rest_client [req-42445a72-e3db-4d8a-8760-a784449b222b req-42445a72-e3db-4d8a-8760-a784449b222b ] Request (FlavorsV2TestJSON:setUpClass): 200 GET http://10.180.1.21/identity/v3/roles 0.024s
2025-12-02 14:35:19.079 66016 INFO tempest.lib.common.rest_client [req-3c35d1db-b27b-4276-a3f1-2ba0ee8656a4 req-3c35d1db-b27b-4276-a3f1-2ba0ee8656a4 ] Request (ListServerFiltersTestJSON:setUpClass): 201 POST http://10.180.1.21/identity/v3/projects 0.035s
2025-12-02 14:35:19.104 65986 INFO tempest.lib.common.rest_client [req-1256316c-c35c-4f3d-8999-a758b0f8c597 req-1256316c-c35c-4f3d-8999-a758b0f8c597 ] Request (FlavorsV2TestJSON:setUpClass): 204 PUT http://10.180.1.21/identity/v3/projects/25c6d408ec3045a79a134c6650d725d7/users/0b17d6d11fdb4f23b4202c9654b3e08f/roles/d20dfc7834a94cc5899f7f49b9fe7649 0.057s
2025-12-02 14:35:19.105 65986 INFO tempest.lib.common.dynamic_creds [-] Dynamic test user 0b17d6d11fdb4f23b4202c9654b3e08f is created with scope project and roles: ['member']
2025-12-02 14:35:19.105 65986 INFO tempest.lib.common.dynamic_creds [-] Acquired dynamic creds: credentials: Credentials: {'domain_id': 'default', 'domain_name': 'Default', 'username': 'tempest-FlavorsV2TestJSON-444584400-project-member', 'project_domain_id': 'default', 'project_domain_name': 'Default', 'project_id': '25c6d408ec3045a79a134c6650d725d7', 'project_name': 'tempest-FlavorsV2TestJSON-444584400', 'tenant_id': '25c6d408ec3045a79a134c6650d725d7', 'tenant_name': 'tempest-FlavorsV2TestJSON-444584400', 'user_domain_id': 'default', 'user_domain_name': 'Default', 'user_id': '0b17d6d11fdb4f23b4202c9654b3e08f', 'system': None}, Network: None, Subnet: None, Router: None
2025-12-02 14:35:19.105 65986 INFO tempest.lib.common.dynamic_creds [-] Created isolated network resources for: credentials: Credentials: {'domain_id': 'default', 'domain_name': 'Default', 'username': 'tempest-FlavorsV2TestJSON-444584400-project-member', 'project_domain_id': 'default', 'project_domain_name': 'Default', 'project_id': '25c6d408ec3045a79a134c6650d725d7', 'project_name': 'tempest-FlavorsV2TestJSON-444584400', 'tenant_id': '25c6d408ec3045a79a134c6650d725d7', 'tenant_name': 'tempest-FlavorsV2TestJSON-444584400', 'user_domain_id': 'default', 'user_domain_name': 'Default', 'user_id': '0b17d6d11fdb4f23b4202c9654b3e08f', 'system': None}, Network: None, Subnet: None, Router: None
2025-12-02 14:35:19.203 66016 INFO tempest.lib.common.rest_client [req-3c664426-dcc4-4381-826b-c7226be884c5 req-3c664426-dcc4-4381-826b-c7226be884c5 ] Request (ListServerFiltersTestJSON:setUpClass): 201 POST http://10.180.1.21/identity/v3/users 0.123s
2025-12-02 14:35:19.209 65986 INFO tempest.lib.common.rest_client [req-4d909798-0a41-43b0-be90-828832884ff7 req-4d909798-0a41-43b0-be90-828832884ff7 ] Request (FlavorsV2TestJSON:setUpClass): 201 POST http://10.180.1.21/identity/v3/auth/tokens 0.100s
2025-12-02 14:35:19.221 66002 INFO tempest.lib.common.rest_client [req-e879283f-ad67-4696-aa8b-073b92ece468 req-e879283f-ad67-4696-aa8b-073b92ece468 ] Request (SecurityGroupRulesNegativeTestJSON:test_create_security_group_rule_with_invalid_ip_protocol): 200 POST http://10.180.1.21/compute/v2.1/os-security-groups 6.110s
2025-12-02 14:35:19.238 66016 INFO tempest.lib.common.rest_client [req-6b8b3f11-5e86-4b6c-ba39-f2a50224f4d2 req-6b8b3f11-5e86-4b6c-ba39-f2a50224f4d2 ] Request (ListServerFiltersTestJSON:setUpClass): 200 GET http://10.180.1.21/identity/v3/roles 0.034s
2025-12-02 14:35:19.276 66016 INFO tempest.lib.common.rest_client [req-fc7c8fed-c6f4-4b2d-a58a-7d0faf1e6627 req-fc7c8fed-c6f4-4b2d-a58a-7d0faf1e6627 ] Request (ListServerFiltersTestJSON:setUpClass): 204 PUT http://10.180.1.21/identity/v3/projects/092847b3573a46dab35793d5262ecf2d/users/5371d8a67ed44fe59d10d68f9911688c/roles/d20dfc7834a94cc5899f7f49b9fe7649 0.037s
2025-12-02 14:35:19.277 66016 INFO tempest.lib.common.dynamic_creds [-] Dynamic test user 5371d8a67ed44fe59d10d68f9911688c is created with scope project and roles: ['member']
2025-12-02 14:35:19.277 66016 INFO tempest.lib.common.dynamic_creds [-] Acquired dynamic creds: credentials: Credentials: {'domain_id': 'default', 'domain_name': 'Default', 'username': 'tempest-ListServerFiltersTestJSON-1483185442-project-member', 'project_domain_id': 'default', 'project_domain_name': 'Default', 'project_id': '092847b3573a46dab35793d5262ecf2d', 'project_name': 'tempest-ListServerFiltersTestJSON-1483185442', 'tenant_id': '092847b3573a46dab35793d5262ecf2d', 'tenant_name': 'tempest-ListServerFiltersTestJSON-1483185442', 'user_domain_id': 'default', 'user_domain_name': 'Default', 'user_id': '5371d8a67ed44fe59d10d68f9911688c', 'system': None}, Network: None, Subnet: None, Router: None
2025-12-02 14:35:19.361 66016 INFO tempest.lib.common.rest_client [req-fbf688fe-b714-42ea-943a-15809db8a4cf req-fbf688fe-b714-42ea-943a-15809db8a4cf ] Request (ListServerFiltersTestJSON:setUpClass): 201 POST http://10.180.1.21/identity/v3/auth/tokens 0.084s
2025-12-02 14:35:19.404 66032 INFO tempest.lib.common.rest_client [req-99808cbf-0b8e-47f2-a738-05f0450124b2 req-99808cbf-0b8e-47f2-a738-05f0450124b2 ] Request (TenantUsagesTestJSON:tearDownClass): 204 DELETE http://10.180.1.21/networking/v2.0/security-groups/1a7ccf95-0be3-486a-b0c5-7a4031d1ee05 0.380s
2025-12-02 14:35:19.481 66032 INFO tempest.lib.common.rest_client [req-45af3ba3-db6e-4e57-99c8-4294a37cc5fe req-45af3ba3-db6e-4e57-99c8-4294a37cc5fe ] Request (TenantUsagesTestJSON:tearDownClass): 204 DELETE http://10.180.1.21/identity/v3/projects/5b54f720876e49b0b5bb74c9d860427e 0.077s
2025-12-02 14:35:19.482 66032 INFO tempest.lib.common.dynamic_creds [-] Deleting project and security group for project: 9818dd91866944fa8c23b453293e54bc
2025-12-02 14:35:19.540 66030 INFO tempest.lib.common.rest_client [req-756ad4f8-d880-4879-950c-1d824844f572 req-756ad4f8-d880-4879-950c-1d824844f572 ] Request (FloatingIPsAssociationNegativeTestJSON:test_associate_ip_to_server_with_floating_ip): 400 POST http://10.180.1.21/compute/v2.1/servers/0acf724b-0779-41d4-a07a-449ff044ec9c/action 6.511s
2025-12-02 14:35:19.673 65994 INFO tempest.lib.common.rest_client [req-45b2588f-23d0-428e-98d4-45b3be5ccc06 req-45b2588f-23d0-428e-98d4-45b3be5ccc06 ] Request (QuotasAdminTestJSON:test_get_default_quotas): 200 GET http://10.180.1.21/compute/v2.1/os-quota-sets/476c365c3e47469087a108930c15a320/defaults 6.030s
2025-12-02 14:35:19.701 65994 INFO tempest.lib.common.rest_client [req-e57d1123-3158-4a63-9922-c0e1c6dd65c0 req-e57d1123-3158-4a63-9922-c0e1c6dd65c0 ] Request (QuotasAdminTestJSON:test_get_updated_quotas): 200 GET http://10.180.1.21/identity/v3/domains?name=Default 0.024s
2025-12-02 14:35:19.735 65994 INFO tempest.lib.common.rest_client [req-c7673b19-7fd7-4c92-bd47-25983d87171d req-c7673b19-7fd7-4c92-bd47-25983d87171d ] Request (QuotasAdminTestJSON:test_get_updated_quotas): 201 POST http://10.180.1.21/identity/v3/projects 0.033s
2025-12-02 14:35:19.786 65994 INFO tempest.lib.common.rest_client [req-d9090b2e-bd8a-4c40-8226-84979b7208ea req-d9090b2e-bd8a-4c40-8226-84979b7208ea ] Request (QuotasAdminTestJSON:test_get_updated_quotas): 200 GET http://10.180.1.21/identity/v3/domains?name=Default 0.050s
2025-12-02 14:35:20.313 66032 INFO tempest.lib.common.rest_client [req-b0de438a-6c02-4922-ba2a-0c639c34df83 req-b0de438a-6c02-4922-ba2a-0c639c34df83 ] Request (TenantUsagesTestJSON:tearDownClass): 200 GET http://10.180.1.21/networking/v2.0/security-groups?tenant_id=9818dd91866944fa8c23b453293e54bc&name=default 0.831s
2025-12-02 14:35:20.337 66000 INFO tempest.lib.common.rest_client [req-d7065147-935a-4659-9843-161ed0bb0786 req-d7065147-935a-4659-9843-161ed0bb0786 ] Request (ServerDiagnosticsV248Test:tearDownClass): 200 GET http://10.180.1.21/compute/v2.1/servers/9be503e1-d3cc-4553-9b4f-c9bbc5ba4e0a 6.611s
2025-12-02 14:35:20.348 66000 INFO tempest.common.waiters [-] State transition "ACTIVE/deleting" ==> "DELETED/None" after 8 second wait
2025-12-02 14:35:20.426 66024 INFO tempest.lib.common.rest_client [req-ce5d7825-63c9-4937-b4ab-a549282e6cfa req-ce5d7825-63c9-4937-b4ab-a549282e6cfa ] Request (AttachInterfacesV270Test:test_create_get_list_interfaces): 200 GET http://10.180.1.21/compute/v2.1/servers/d32a9328-b0a5-4993-9572-bd34189a6b43 6.958s
2025-12-02 14:35:20.432 66016 INFO tempest.lib.common.rest_client [req-38b3ae86-fce3-4bc4-922a-2d1c72d837f5 req-38b3ae86-fce3-4bc4-922a-2d1c72d837f5 ] Request (ListServerFiltersTestJSON:setUpClass): 201 POST http://10.180.1.21/networking/v2.0/networks 1.070s
2025-12-02 14:35:20.437 66024 INFO tempest.common.waiters [-] State transition "BUILD/spawning" ==> "ACTIVE/None" after 23 second wait
2025-12-02 14:35:20.521 66022 INFO tempest.lib.common.rest_client [req-20d30d9c-2e75-4810-b649-71ba4891d43c req-20d30d9c-2e75-4810-b649-71ba4891d43c ] Request (VolumesAdminNegativeTest:test_update_attached_volume_with_nonexistent_volume_in_uri): 200 GET http://10.180.1.21/compute/v2.1/servers/d4073604-85c7-4071-8712-64f8829662c0 4.901s
2025-12-02 14:35:20.555 66032 INFO tempest.lib.common.rest_client [req-b13dfe14-8612-4561-90ef-cc7f8e86f30a req-b13dfe14-8612-4561-90ef-cc7f8e86f30a ] Request (TenantUsagesTestJSON:tearDownClass): 204 DELETE http://10.180.1.21/networking/v2.0/security-groups/7bc72922-53df-4c78-9499-1428a078f0c1 0.241s
2025-12-02 14:35:20.590 66014 WARNING tempest.lib.common.ssh [-] Failed to establish authenticated ssh connection to cirros@10.180.180.167 ([Errno None] Unable to connect to port 22 on 10.180.180.167). Number attempts: 5. Retry after 6 seconds.: paramiko.ssh_exception.NoValidConnectionsError: [Errno None] Unable to connect to port 22 on 10.180.180.167
2025-12-02 14:35:20.668 66032 INFO tempest.lib.common.rest_client [req-e1e69f77-105a-445e-9029-f6f3de66ac80 req-e1e69f77-105a-445e-9029-f6f3de66ac80 ] Request (TenantUsagesTestJSON:tearDownClass): 204 DELETE http://10.180.1.21/identity/v3/projects/9818dd91866944fa8c23b453293e54bc 0.113s
2025-12-02 14:35:20.727 66016 INFO tempest.lib.common.rest_client [req-3c2b7b66-eb40-4ed5-8823-caf4c76de3d1 req-3c2b7b66-eb40-4ed5-8823-caf4c76de3d1 ] Request (ListServerFiltersTestJSON:setUpClass): 201 POST http://10.180.1.21/networking/v2.0/subnets 0.294s
2025-12-02 14:35:20.727 66016 INFO tempest.lib.common.dynamic_creds [-] Created isolated network resources for: credentials: Credentials: {'domain_id': 'default', 'domain_name': 'Default', 'username': 'tempest-ListServerFiltersTestJSON-1483185442-project-member', 'project_domain_id': 'default', 'project_domain_name': 'Default', 'project_id': '092847b3573a46dab35793d5262ecf2d', 'project_name': 'tempest-ListServerFiltersTestJSON-1483185442', 'tenant_id': '092847b3573a46dab35793d5262ecf2d', 'tenant_name': 'tempest-ListServerFiltersTestJSON-1483185442', 'user_domain_id': 'default', 'user_domain_name': 'Default', 'user_id': '5371d8a67ed44fe59d10d68f9911688c', 'system': None}, Network: {'id': '0cfcd282-5f81-4c9e-b9b3-b706d6d90ffa', 'name': 'tempest-ListServerFiltersTestJSON-1641758332-network', 'tenant_id': '092847b3573a46dab35793d5262ecf2d', 'project_id': '092847b3573a46dab35793d5262ecf2d', 'admin_state_up': True, 'mtu': 8950, 'status': 'ACTIVE', 'subnets': [], 'shared': False, 'port_security_enabled': True, 'router:external': False, 'provider:network_type': 'vlan', 'provider:physical_network': 'default', 'provider:segmentation_id': 939, 'availability_zone_hints': [], 'availability_zones': [], 'ipv4_address_scope': None, 'ipv6_address_scope': None, 'description': '', 'tags': [], 'created_at': '2025-12-02T14:35:20Z', 'updated_at': '2025-12-02T14:35:20Z', 'revision_number': 1}, Subnet: {'id': '47489aa2-686f-4986-b20b-5e8314963cd3', 'name': 'tempest-ListServerFiltersTestJSON-1641758332-subnet', 'tenant_id': '092847b3573a46dab35793d5262ecf2d', 'network_id': '0cfcd282-5f81-4c9e-b9b3-b706d6d90ffa', 'ip_version': 4, 'subnetpool_id': None, 'enable_dhcp': True, 'ipv6_ra_mode': None, 'ipv6_address_mode': None, 'gateway_ip': '192.168.128.1', 'cidr': '192.168.128.0/28', 'allocation_pools': [{'start': '192.168.128.2', 'end': '192.168.128.14'}], 'host_routes': [], 'dns_nameservers': [], 'description': '', 'router:external': False, 'service_types': [], 'tags': [], 'created_at': '2025-12-02T14:35:20Z', 'updated_at': '2025-12-02T14:35:20Z', 'revision_number': 0, 'project_id': '092847b3573a46dab35793d5262ecf2d'}, Router: None
2025-12-02 14:35:20.761 66032 INFO tempest.lib.common.rest_client [req-dd10852b-e963-41be-8c35-c089b8784730 req-dd10852b-e963-41be-8c35-c089b8784730 ] Request (AbsoluteLimitsNegativeTestJSON:setUpClass): 201 POST http://10.180.1.21/identity/v3/auth/tokens 0.091s
2025-12-02 14:35:20.780 66020 INFO tempest.lib.common.rest_client [req-9b9ff965-d742-4bd9-b477-c94305e503b1 req-9b9ff965-d742-4bd9-b477-c94305e503b1 ] Request (ServersTestJSON:setUpClass): 200 POST http://10.180.1.21/compute/v2.1/os-keypairs 4.907s
2025-12-02 14:35:20.787 66034 INFO tempest.lib.common.rest_client [req-ade39711-446c-45ec-a271-8ee856394b51 req-ade39711-446c-45ec-a271-8ee856394b51 ] Request (AggregatesAdminNegativeTestJSON:test_aggregate_create_aggregate_name_length_less_than_1): 400 POST http://10.180.1.21/compute/v2.1/os-aggregates 4.894s
2025-12-02 14:35:20.807 66032 INFO tempest.lib.common.rest_client [req-b0e58a73-afb3-4b49-ad97-72295e1bdb54 req-b0e58a73-afb3-4b49-ad97-72295e1bdb54 ] Request (AbsoluteLimitsNegativeTestJSON:setUpClass): 201 POST http://10.180.1.21/identity/v3/auth/tokens 0.041s
2025-12-02 14:35:20.826 66016 INFO tempest.lib.common.rest_client [req-66d78b3d-aae5-437b-9587-0754d7affa24 req-66d78b3d-aae5-437b-9587-0754d7affa24 ] Request (ListServerFiltersTestJSON:setUpClass): 201 POST http://10.180.1.21/identity/v3/auth/tokens 0.093s
2025-12-02 14:35:20.828 66042 INFO tempest.lib.common.rest_client [req-5fffffcd-5f32-4272-8988-421d06823a7b req-5fffffcd-5f32-4272-8988-421d06823a7b ] Request (FlavorsAccessNegativeTestJSON:_run_cleanups): 200 GET http://10.180.1.21/compute/v2.1/flavors/detail 4.829s
2025-12-02 14:35:20.841 66032 INFO tempest.lib.common.rest_client [req-ab0054e0-cbcd-4f31-b148-bbe62afdac1f req-ab0054e0-cbcd-4f31-b148-bbe62afdac1f ] Request (AbsoluteLimitsNegativeTestJSON:setUpClass): 200 GET http://10.180.1.21/identity/v3/domains?name=Default 0.033s
2025-12-02 14:35:20.847 66018 INFO tempest.lib.common.rest_client [req-ebd30043-2f3d-4908-8972-27938ee7ff54 req-ebd30043-2f3d-4908-8972-27938ee7ff54 ] Request (ServersTestBootFromVolume:setUpClass): 200 GET http://10.180.1.21/compute/v2.1/servers/883fe962-af4d-4172-9f3a-a594f88ebe11 4.989s
2025-12-02 14:35:20.877 66016 INFO tempest.lib.common.rest_client [req-c01ca4e6-84ee-4b1a-81bf-8f1fad013f5f req-c01ca4e6-84ee-4b1a-81bf-8f1fad013f5f ] Request (ListServerFiltersTestJSON:setUpClass): 201 POST http://10.180.1.21/identity/v3/auth/tokens 0.045s
2025-12-02 14:35:20.877 66016 INFO tempest.lib.common.fixed_network [-] (ListServerFiltersTestJSON:setUpClass) Found network {'id': '0cfcd282-5f81-4c9e-b9b3-b706d6d90ffa', 'name': 'tempest-ListServerFiltersTestJSON-1641758332-network', 'tenant_id': '092847b3573a46dab35793d5262ecf2d', 'project_id': '092847b3573a46dab35793d5262ecf2d', 'admin_state_up': True, 'mtu': 8950, 'status': 'ACTIVE', 'subnets': [], 'shared': False, 'port_security_enabled': True, 'router:external': False, 'provider:network_type': 'vlan', 'provider:physical_network': 'default', 'provider:segmentation_id': 939, 'availability_zone_hints': [], 'availability_zones': [], 'ipv4_address_scope': None, 'ipv6_address_scope': None, 'description': '', 'tags': [], 'created_at': '2025-12-02T14:35:20Z', 'updated_at': '2025-12-02T14:35:20Z', 'revision_number': 1} available for tenant
2025-12-02 14:35:20.902 66032 INFO tempest.lib.common.rest_client [req-1333174e-43cc-4ca3-97ff-357628be445c req-1333174e-43cc-4ca3-97ff-357628be445c ] Request (AbsoluteLimitsNegativeTestJSON:setUpClass): 201 POST http://10.180.1.21/identity/v3/projects 0.058s
2025-12-02 14:35:20.986 66016 INFO tempest.lib.common.rest_client [req-9c2acbbb-79ce-42b7-9ad7-8e64450399c9 req-9c2acbbb-79ce-42b7-9ad7-8e64450399c9 ] Request (ListServerFiltersTestJSON:setUpClass): 201 POST http://10.180.1.21/identity/v3/auth/tokens 0.105s
2025-12-02 14:35:20.987 66016 INFO tempest.lib.common.fixed_network [-] (ListServerFiltersTestJSON:setUpClass) Found network {'id': '0cfcd282-5f81-4c9e-b9b3-b706d6d90ffa', 'name': 'tempest-ListServerFiltersTestJSON-1641758332-network', 'tenant_id': '092847b3573a46dab35793d5262ecf2d', 'project_id': '092847b3573a46dab35793d5262ecf2d', 'admin_state_up': True, 'mtu': 8950, 'status': 'ACTIVE', 'subnets': [], 'shared': False, 'port_security_enabled': True, 'router:external': False, 'provider:network_type': 'vlan', 'provider:physical_network': 'default', 'provider:segmentation_id': 939, 'availability_zone_hints': [], 'availability_zones': [], 'ipv4_address_scope': None, 'ipv6_address_scope': None, 'description': '', 'tags': [], 'created_at': '2025-12-02T14:35:20Z', 'updated_at': '2025-12-02T14:35:20Z', 'revision_number': 1} available for tenant
2025-12-02 14:35:21.039 65992 INFO tempest.lib.common.rest_client [req-70ef6842-ed1d-4bbc-9ef0-58b662b3dffe req-70ef6842-ed1d-4bbc-9ef0-58b662b3dffe ] Request (KeyPairsV22TestJSON:test_get_keypair_detail): 201 POST http://10.180.1.21/compute/v2.1/os-keypairs 3.798s
2025-12-02 14:35:21.043 66020 INFO tempest.lib.common.rest_client [req-cd6fcf80-5150-4b88-ae8e-fc7e5d7aeeb6 req-cd6fcf80-5150-4b88-ae8e-fc7e5d7aeeb6 ] Request (ServersTestJSON:setUpClass): 201 POST http://10.180.1.21/networking/v2.0/security-groups 0.262s
2025-12-02 14:35:21.047 66032 INFO tempest.lib.common.rest_client [req-95d74561-fe62-41f1-98db-cef9a8dd55eb req-95d74561-fe62-41f1-98db-cef9a8dd55eb ] Request (AbsoluteLimitsNegativeTestJSON:setUpClass): 201 POST http://10.180.1.21/identity/v3/users 0.144s
2025-12-02 14:35:21.072 66032 INFO tempest.lib.common.rest_client [req-217aa74c-06e9-4ca9-8817-2c28102baeda req-217aa74c-06e9-4ca9-8817-2c28102baeda ] Request (AbsoluteLimitsNegativeTestJSON:setUpClass): 200 GET http://10.180.1.21/identity/v3/roles 0.024s
2025-12-02 14:35:21.109 66032 INFO tempest.lib.common.rest_client [req-2aecfab8-89b8-47c0-a2d2-f76ead46697e req-2aecfab8-89b8-47c0-a2d2-f76ead46697e ] Request (AbsoluteLimitsNegativeTestJSON:setUpClass): 204 PUT http://10.180.1.21/identity/v3/projects/e887e86e91b14622a3fd8d6ab93dfd15/users/3b592ef131bb48328ae854f4edc03e91/roles/d20dfc7834a94cc5899f7f49b9fe7649 0.037s
2025-12-02 14:35:21.110 66032 INFO tempest.lib.common.dynamic_creds [-] Dynamic test user 3b592ef131bb48328ae854f4edc03e91 is created with scope project and roles: ['member']
2025-12-02 14:35:21.110 66032 INFO tempest.lib.common.dynamic_creds [-] Acquired dynamic creds: credentials: Credentials: {'domain_id': 'default', 'domain_name': 'Default', 'username': 'tempest-AbsoluteLimitsNegativeTestJSON-951629634-project-member', 'project_domain_id': 'default', 'project_domain_name': 'Default', 'project_id': 'e887e86e91b14622a3fd8d6ab93dfd15', 'project_name': 'tempest-AbsoluteLimitsNegativeTestJSON-951629634', 'tenant_id': 'e887e86e91b14622a3fd8d6ab93dfd15', 'tenant_name': 'tempest-AbsoluteLimitsNegativeTestJSON-951629634', 'user_domain_id': 'default', 'user_domain_name': 'Default', 'user_id': '3b592ef131bb48328ae854f4edc03e91', 'system': None}, Network: None, Subnet: None, Router: None
2025-12-02 14:35:21.110 66032 INFO tempest.lib.common.dynamic_creds [-] Created isolated network resources for: credentials: Credentials: {'domain_id': 'default', 'domain_name': 'Default', 'username': 'tempest-AbsoluteLimitsNegativeTestJSON-951629634-project-member', 'project_domain_id': 'default', 'project_domain_name': 'Default', 'project_id': 'e887e86e91b14622a3fd8d6ab93dfd15', 'project_name': 'tempest-AbsoluteLimitsNegativeTestJSON-951629634', 'tenant_id': 'e887e86e91b14622a3fd8d6ab93dfd15', 'tenant_name': 'tempest-AbsoluteLimitsNegativeTestJSON-951629634', 'user_domain_id': 'default', 'user_domain_name': 'Default', 'user_id': '3b592ef131bb48328ae854f4edc03e91', 'system': None}, Network: None, Subnet: None, Router: None
2025-12-02 14:35:21.198 66032 INFO tempest.lib.common.rest_client [req-e8c71fa4-4d9a-41c5-89a7-2cf7655abb2d req-e8c71fa4-4d9a-41c5-89a7-2cf7655abb2d ] Request (AbsoluteLimitsNegativeTestJSON:setUpClass): 201 POST http://10.180.1.21/identity/v3/auth/tokens 0.085s
2025-12-02 14:35:21.256 66020 INFO tempest.lib.common.rest_client [req-490f5e7b-a6d7-49c7-a6d8-d7011dd09ced req-490f5e7b-a6d7-49c7-a6d8-d7011dd09ced ] Request (ServersTestJSON:setUpClass): 201 POST http://10.180.1.21/networking/v2.0/security-group-rules 0.212s
2025-12-02 14:35:21.384 65988 INFO tempest.lib.common.rest_client [req-aed74f20-a5d7-46b2-a8e2-f0cd9951cb60 req-aed74f20-a5d7-46b2-a8e2-f0cd9951cb60 ] Request (ListImageFiltersTestJSON:setUpClass): 200 GET http://10.180.1.21/compute/v2.1/servers/3c938c24-422c-4ba9-824b-ca637bd6aa50 4.402s
2025-12-02 14:35:21.459 66008 INFO tempest.lib.common.rest_client [req-e482fd3e-c8ff-41cf-9d58-41b7e7b90ad9 req-e482fd3e-c8ff-41cf-9d58-41b7e7b90ad9 ] Request (ServerShowV247Test:test_update_rebuild_list_server): 200 PUT http://10.180.1.21/compute/v2.1/servers/212dab32-78c3-4ee8-8bcb-909d567bb132 3.819s
2025-12-02 14:35:21.467 66020 INFO tempest.lib.common.rest_client [req-aa6a32d4-1c44-4ae8-8b32-6542634a515c req-aa6a32d4-1c44-4ae8-8b32-6542634a515c ] Request (ServersTestJSON:setUpClass): 201 POST http://10.180.1.21/networking/v2.0/security-group-rules 0.210s
2025-12-02 14:35:21.524 66010 WARNING tempest.lib.common.ssh [-] Failed to establish authenticated ssh connection to cirros@10.180.180.187 ([Errno None] Unable to connect to port 22 on 10.180.180.187). Number attempts: 2. Retry after 3 seconds.: paramiko.ssh_exception.NoValidConnectionsError: [Errno None] Unable to connect to port 22 on 10.180.180.187
2025-12-02 14:35:21.886 66020 INFO tempest.lib.common.rest_client [req-6c6849fc-e08c-4574-b071-71b93b0eaea9 req-6c6849fc-e08c-4574-b071-71b93b0eaea9 ] Request (ServersTestJSON:setUpClass): 201 POST http://10.180.1.21/networking/v2.0/floatingips 0.418s
2025-12-02 14:35:21.988 66020 INFO tempest.lib.common.rest_client [req-76b37ce4-2968-45d6-89a3-ce1a2df5969c req-76b37ce4-2968-45d6-89a3-ce1a2df5969c ] Request (ServersTestJSON:setUpClass): 201 POST http://10.180.1.21/identity/v3/auth/tokens 0.099s
2025-12-02 14:35:21.989 66020 INFO tempest.lib.common.fixed_network [-] (ServersTestJSON:setUpClass) Found network {'id': 'feb176e4-1a85-44e0-9394-3f7a79847e01', 'name': 'tempest-ServersTestJSON-906633275-network', 'tenant_id': '56e53285c6d24de6b9b901203e4eafce', 'project_id': '56e53285c6d24de6b9b901203e4eafce', 'admin_state_up': True, 'mtu': 8950, 'status': 'ACTIVE', 'subnets': [], 'shared': False, 'port_security_enabled': True, 'router:external': False, 'provider:network_type': 'vlan', 'provider:physical_network': 'default', 'provider:segmentation_id': 686, 'availability_zone_hints': [], 'availability_zones': [], 'ipv4_address_scope': None, 'ipv6_address_scope': None, 'description': '', 'tags': [], 'created_at': '2025-12-02T14:35:12Z', 'updated_at': '2025-12-02T14:35:12Z', 'revision_number': 1} available for tenant
2025-12-02 14:35:22.633 65982 INFO tempest.lib.common.rest_client [req-056065e0-b81a-4ec8-b448-302afd029b9d req-056065e0-b81a-4ec8-b448-302afd029b9d ] Request (SecurityGroupsTestJSON:test_list_security_groups_by_server): 200 POST http://10.180.1.21/compute/v2.1/os-security-groups 4.683s
2025-12-02 14:35:22.737 65984 INFO tempest.lib.common.rest_client [req-3c67fca4-7300-408c-afd2-b3f0826e8113 req-3c67fca4-7300-408c-afd2-b3f0826e8113 ] Request (ServersTestMultiNic:_run_cleanups): 204 DELETE http://10.180.1.21/compute/v2.1/servers/4f41ce6e-88f1-4f65-9e5a-0daee8d99a44 4.336s
2025-12-02 14:35:23.056 66036 INFO tempest.lib.common.rest_client [req-dcec0190-5c4c-4944-8701-000f60444137 req-dcec0190-5c4c-4944-8701-000f60444137 ] Request (MigrationsAdminTest:test_list_migrations_in_flavor_resize_situation): 200 GET http://10.180.1.21/compute/v2.1/servers/fddf26c6-531f-4ac0-b435-01705f1a83d9 4.573s
2025-12-02 14:35:23.164 66006 INFO tempest.lib.common.rest_client [req-fb483ce9-880f-4cbb-8ac8-022fc0199831 req-fb483ce9-880f-4cbb-8ac8-022fc0199831 ] Request (ServersAdmin275Test:tearDownClass): 204 DELETE http://10.180.1.21/compute/v2.1/servers/f44e7bfb-1c67-4e1a-8e4c-afeb3f4ec4b7 4.566s
2025-12-02 14:35:23.187 66004 INFO tempest.lib.common.rest_client [req-f80acf83-3587-40eb-99bc-b4dde331ad14 req-f80acf83-3587-40eb-99bc-b4dde331ad14 ] Request (FlavorsExtraSpecsNegativeTestJSON:tearDownClass): 200 GET http://10.180.1.21/compute/v2.1/flavors/detail 4.584s
2025-12-02 14:35:23.227 66012 INFO tempest.lib.common.rest_client [req-e627ec04-90b2-424b-b1bd-98b374946a9b req-e627ec04-90b2-424b-b1bd-98b374946a9b ] Request (ImagesMetadataTestJSON:test_list_image_metadata): 200 GET http://10.180.1.21/compute/v2.1/images/f61e248a-3ef6-4295-a542-8f1b98aabe7f/metadata 4.418s
2025-12-02 14:35:23.322 66004 INFO tempest.lib.common.rest_client [req-cb0b9b36-1dc7-48ed-9723-d8314812d1fb req-cb0b9b36-1dc7-48ed-9723-d8314812d1fb ] Request (FlavorsExtraSpecsNegativeTestJSON:tearDownClass): 204 DELETE http://10.180.1.21/identity/v3/users/11166cde74c34272942ab3a2628ab06c 0.126s
2025-12-02 14:35:23.415 66004 INFO tempest.lib.common.rest_client [req-01313d99-bb00-49c6-9179-addb5d66f534 req-01313d99-bb00-49c6-9179-addb5d66f534 ] Request (FlavorsExtraSpecsNegativeTestJSON:tearDownClass): 204 DELETE http://10.180.1.21/identity/v3/users/6c17fc88e69d420eb38eb40cc3f40ad8 0.092s
2025-12-02 14:35:23.415 66004 INFO tempest.lib.common.dynamic_creds [-] Deleting project and security group for project: d30598b59d784af093e29204c34070c8
2025-12-02 14:35:23.474 66004 INFO tempest.lib.common.rest_client [req-1f931bcb-ea5d-4d68-bfb9-7ede54e43df2 req-1f931bcb-ea5d-4d68-bfb9-7ede54e43df2 ] Request (FlavorsExtraSpecsNegativeTestJSON:tearDownClass): 201 POST http://10.180.1.21/identity/v3/auth/tokens 0.058s
2025-12-02 14:35:23.549 66028 INFO tempest.lib.common.rest_client [req-69f0514e-07ff-4a03-b837-8cea20b5c7e5 req-69f0514e-07ff-4a03-b837-8cea20b5c7e5 ] Request (ServersWithSpecificFlavorTestJSON:test_verify_created_server_ephemeral_disk): 200 GET http://10.180.1.21/compute/v2.1/servers/31af68ed-b88f-4e3a-a724-e9a1dfba972c 4.647s
2025-12-02 14:35:23.561 66028 INFO tempest.common.waiters [-] State transition "BUILD/networking" ==> "BUILD/spawning" after 14 second wait
2025-12-02 14:35:23.734 66004 INFO tempest.lib.common.rest_client [req-6e69c160-89a8-480a-8212-7a3c4f2ad9d8 req-6e69c160-89a8-480a-8212-7a3c4f2ad9d8 ] Request (FlavorsExtraSpecsNegativeTestJSON:tearDownClass): 200 GET http://10.180.1.21/networking/v2.0/security-groups?tenant_id=d30598b59d784af093e29204c34070c8&name=default 0.260s
2025-12-02 14:35:23.797 66027 INFO tempest.lib.common.rest_client [req-4907537f-6a3a-4601-8d96-d92a0fe736c9 req-4907537f-6a3a-4601-8d96-d92a0fe736c9 ] Request (FloatingIPsAssociationTestJSON:test_associate_already_associated_floating_ip): 202 POST http://10.180.1.21/compute/v2.1/servers/94ca17e8-9153-414b-a1b3-8454c05563bf/action 6.287s
2025-12-02 14:35:23.951 66004 INFO tempest.lib.common.rest_client [req-d7cb70b4-f06b-4df4-b567-e320cbf47484 req-d7cb70b4-f06b-4df4-b567-e320cbf47484 ] Request (FlavorsExtraSpecsNegativeTestJSON:tearDownClass): 204 DELETE http://10.180.1.21/networking/v2.0/security-groups/be40ba45-dfd6-44c3-b1eb-0cfb11a4b3f8 0.216s
2025-12-02 14:35:24.020 65998 INFO tempest.lib.common.rest_client [req-cc2e4f3f-fa2a-4485-a094-c678749301b8 req-cc2e4f3f-fa2a-4485-a094-c678749301b8 ] Request (DeleteServersTestJSON:test_delete_active_server): 200 GET http://10.180.1.21/compute/v2.1/servers/a7f757fe-713e-40eb-a55a-9b0a02c9522f 5.107s
2025-12-02 14:35:24.037 65998 INFO tempest.common.waiters [-] State transition "BUILD/None" ==> "BUILD/block_device_mapping" after 14 second wait
2025-12-02 14:35:24.060 66004 INFO tempest.lib.common.rest_client [req-3ee43749-41f7-477c-b236-de9fda011b33 req-3ee43749-41f7-477c-b236-de9fda011b33 ] Request (FlavorsExtraSpecsNegativeTestJSON:tearDownClass): 204 DELETE http://10.180.1.21/identity/v3/projects/d30598b59d784af093e29204c34070c8 0.108s
2025-12-02 14:35:24.060 66004 INFO tempest.lib.common.dynamic_creds [-] Deleting project and security group for project: ef8cfb1be5804792bbac7141df8b53f7
2025-12-02 14:35:24.069 66002 INFO tempest.lib.common.rest_client [req-24ae6dbb-10ef-471a-86bd-f37281c19d2d req-24ae6dbb-10ef-471a-86bd-f37281c19d2d ] Request (SecurityGroupRulesNegativeTestJSON:test_create_security_group_rule_with_invalid_ip_protocol): 400 POST http://10.180.1.21/compute/v2.1/os-security-group-rules 4.843s
2025-12-02 14:35:24.112 65986 INFO tempest.lib.common.rest_client [req-418ac9d0-79ca-4b35-b01f-4933129555d1 req-418ac9d0-79ca-4b35-b01f-4933129555d1 ] Request (FlavorsV2TestJSON:test_get_flavor): 200 GET http://10.180.1.21/compute/v2.1/flavors/42 4.901s
2025-12-02 14:35:24.220 66004 INFO tempest.lib.common.rest_client [req-eec5299a-2642-400d-93d2-763b7d99297d req-eec5299a-2642-400d-93d2-763b7d99297d ] Request (FlavorsExtraSpecsNegativeTestJSON:tearDownClass): 200 GET http://10.180.1.21/networking/v2.0/security-groups?tenant_id=ef8cfb1be5804792bbac7141df8b53f7&name=default 0.160s
2025-12-02 14:35:24.426 66004 INFO tempest.lib.common.rest_client [req-321492fd-c266-4645-8182-681c7aef1dd9 req-321492fd-c266-4645-8182-681c7aef1dd9 ] Request (FlavorsExtraSpecsNegativeTestJSON:tearDownClass): 204 DELETE http://10.180.1.21/networking/v2.0/security-groups/5f322cd1-250f-4d76-828d-37015140b8e9 0.206s
2025-12-02 14:35:24.495 66040 INFO tempest.lib.common.rest_client [req-e964799d-ddd7-450c-b313-d78235851f45 req-e964799d-ddd7-450c-b313-d78235851f45 ] Request (ServersAdminNegativeTestJSON:test_migrate_server_invalid_state): 200 GET http://10.180.1.21/compute/v2.1/servers/22655795-e428-4b4c-b48c-029c8aeae14b 5.172s
2025-12-02 14:35:24.502 66040 INFO tempest.common.waiters [-] State transition "BUILD/None" ==> "BUILD/spawning" after 14 second wait
