2025-12-02 14:37:15.298 66000 INFO tempest.lib.common.rest_client [req-4ee799df-9e28-47fa-9a8d-0509f36363c5 req-4ee799df-9e28-47fa-9a8d-0509f36363c5 ] Request (ImagesNegativeTestJSON:tearDownClass): 204 DELETE http://10.180.1.21/networking/v2.0/networks/d45bab95-cfac-40cf-b1b7-d792e3552799 0.409s
2025-12-02 14:37:15.322 66018 INFO tempest.lib.common.rest_client [req-ec4fdea6-b265-4bef-9e64-5ebbfaa9ae6b req-ec4fdea6-b265-4bef-9e64-5ebbfaa9ae6b ] Request (ServerDiskConfigTestJSON:test_rebuild_server_with_auto_disk_config): 200 GET http://10.180.1.21/compute/v2.1/servers/98fe1f58-7fc1-48e0-a2e7-f636a93d902d 1.857s
2025-12-02 14:37:15.396 66020 INFO paramiko.transport [-] Authentication (publickey) successful!
2025-12-02 14:37:15.396 66020 INFO tempest.lib.common.ssh [-] ssh connection to cirros@10.180.180.220 successfully created
2025-12-02 14:37:15.426 66000 INFO tempest.lib.common.rest_client [req-b2a86097-8936-4d80-be45-cb0e495c4212 req-b2a86097-8936-4d80-be45-cb0e495c4212 ] Request (ImagesNegativeTestJSON:tearDownClass): 204 DELETE http://10.180.1.21/identity/v3/users/fe7da0597ba24654a15e9a3bb34ab960 0.127s
2025-12-02 14:37:15.426 66000 INFO tempest.lib.common.dynamic_creds [-] Deleting project and security group for project: 49bb4bbdb9594dc58ed48208efdad579
2025-12-02 14:37:15.472 66030 INFO tempest.lib.common.rest_client [req-86e0ecb9-def5-434c-9a03-ca8894447f9b req-86e0ecb9-def5-434c-9a03-ca8894447f9b ] Request (ServersTestManualDisk:setUpClass): 200 GET http://10.180.1.21/compute/v2.1/servers/aee5de22-939c-46ae-9bfe-328b7bea4a74 1.705s
2025-12-02 14:37:15.494 66000 INFO tempest.lib.common.rest_client [req-7d9c6718-2c14-4f64-9bc3-2fec24baddc4 req-7d9c6718-2c14-4f64-9bc3-2fec24baddc4 ] Request (ImagesNegativeTestJSON:tearDownClass): 200 GET http://10.180.1.21/networking/v2.0/security-groups?tenant_id=49bb4bbdb9594dc58ed48208efdad579&name=default 0.067s
2025-12-02 14:37:15.550 66032 INFO tempest.lib.common.rest_client [req-875a6d5f-60b5-4cf1-97e3-61ae0480d632 req-875a6d5f-60b5-4cf1-97e3-61ae0480d632 ] Request (SecurityGroupRulesTestJSON:tearDownClass): 202 DELETE http://10.180.1.21/compute/v2.1/os-security-groups/d8d8235f-dcd3-4ae9-aae1-6d1b014037c7 1.777s
2025-12-02 14:37:15.571 65998 INFO tempest.lib.common.rest_client [req-3b870f62-7d21-43a9-8227-3a0756d3feea req-3b870f62-7d21-43a9-8227-3a0756d3feea ] Request (DeleteServersTestJSON:test_delete_server_while_in_attached_volume): 200 GET http://10.180.1.21/volume/v3/volumes/3c735021-52a8-4001-9d39-0e91470b629c 0.042s
2025-12-02 14:37:15.599 66006 INFO tempest.lib.common.rest_client [req-3c810aa3-ec95-446b-a013-1856cba549e1 req-3c810aa3-ec95-446b-a013-1856cba549e1 ] Request (ServerActionsTestOtherA:setUpClass): 200 GET http://10.180.1.21/compute/v2.1/servers/1aedfe5e-de99-416b-a692-fd5428ec7d5b 1.808s
2025-12-02 14:37:15.629 66000 INFO tempest.lib.common.rest_client [req-a4b1d75b-c884-4818-afba-69a15b8e0e16 req-a4b1d75b-c884-4818-afba-69a15b8e0e16 ] Request (ImagesNegativeTestJSON:tearDownClass): 204 DELETE http://10.180.1.21/networking/v2.0/security-groups/0edb53fc-0b50-4fee-8b85-bbd9030b4d04 0.135s
2025-12-02 14:37:15.654 65984 INFO tempest.lib.common.rest_client [req-ddfd571e-152c-45aa-90ec-4981fd8f30ad req-ddfd571e-152c-45aa-90ec-4981fd8f30ad ] Request (ServersTestMultiNic:_run_cleanups): 200 GET http://10.180.1.21/compute/v2.1/servers/62304c75-76bf-41b9-b8ad-5a3af34cde3a 1.777s
2025-12-02 14:37:15.694 65980 INFO tempest.lib.common.rest_client [req-d1a4aafe-4ef6-496d-b085-c3473c73a36e req-d1a4aafe-4ef6-496d-b085-c3473c73a36e ] Request (ServerShowV254Test:test_rebuild_server): 200 GET http://10.180.1.21/compute/v2.1/servers/72ef72d0-97b9-4ff7-876d-665278194775 1.740s
2025-12-02 14:37:15.704 65980 INFO tempest.common.waiters [-] State transition "REBUILD/rebuilding" ==> "REBUILD/rebuild_block_device_mapping" after 3 second wait
2025-12-02 14:37:15.723 65996 INFO tempest.lib.common.rest_client [req-b8df50ad-9453-4b46-9afb-3c3b3a2839e8 req-b8df50ad-9453-4b46-9afb-3c3b3a2839e8 ] Request (InstanceActionsV221TestJSON:test_get_list_deleted_instance_actions): 200 GET http://10.180.1.21/compute/v2.1/servers/44b1f84a-841f-457f-b07b-1926d89e01cb 1.727s
2025-12-02 14:37:15.748 66000 INFO tempest.lib.common.rest_client [req-27053ab9-d22a-43ce-ae3b-c07952a14126 req-27053ab9-d22a-43ce-ae3b-c07952a14126 ] Request (ImagesNegativeTestJSON:tearDownClass): 204 DELETE http://10.180.1.21/identity/v3/projects/49bb4bbdb9594dc58ed48208efdad579 0.118s
2025-12-02 14:37:15.762 65994 INFO tempest.lib.common.rest_client [req-75eeff8e-4a3a-48e5-b9ae-5051516aaadc req-75eeff8e-4a3a-48e5-b9ae-5051516aaadc ] Request (ServersListShow296Test:test_list_show_update_rebuild_server_296): 200 GET http://10.180.1.21/compute/v2.1/servers/d0c71bf4-408d-4fec-9ac4-8910ff03dc55 1.693s
2025-12-02 14:37:15.778 65994 INFO tempest.common.waiters [-] State transition "REBUILD/rebuilding" ==> "REBUILD/rebuild_block_device_mapping" after 2 second wait
2025-12-02 14:37:15.784 66028 INFO tempest.lib.common.rest_client [req-d5f6d067-9270-428f-9991-73cca1a1e83b req-d5f6d067-9270-428f-9991-73cca1a1e83b ] Request (ServersWithSpecificFlavorTestJSON:test_verify_created_server_ephemeral_disk): 200 GET http://10.180.1.21/compute/v2.1/servers/28896d0f-07d4-4c59-8f57-da59c384bb12 1.702s
2025-12-02 14:37:15.832 66000 INFO tempest.lib.common.rest_client [req-f228871b-4147-40f2-875c-5938f11682da req-f228871b-4147-40f2-875c-5938f11682da ] Request (ServerMetadataTestJSON:setUpClass): 201 POST http://10.180.1.21/identity/v3/auth/tokens 0.083s
2025-12-02 14:37:15.864 65990 INFO tempest.lib.common.rest_client [req-281eb54b-6f44-4157-88a3-748e677ac697 req-281eb54b-6f44-4157-88a3-748e677ac697 ] Request (ServersAdminTestJSON:test_inject_network_info): 200 GET http://10.180.1.21/compute/v2.1/servers/ac1b27f0-7570-470d-b9e8-4ae03c17d60a 1.615s
2025-12-02 14:37:15.870 66024 INFO tempest.lib.common.rest_client [req-5c0d0620-b282-49ac-9742-87dae6f8f3a0 req-5c0d0620-b282-49ac-9742-87dae6f8f3a0 ] Request (ServerMetadataNegativeTestJSON:test_server_create_metadata_key_too_long): 400 POST http://10.180.1.21/compute/v2.1/servers 1.570s
2025-12-02 14:37:15.871 66000 INFO tempest.lib.common.rest_client [req-07ece7a3-86fa-490b-af5c-f64bab1d7489 req-07ece7a3-86fa-490b-af5c-f64bab1d7489 ] Request (ServerMetadataTestJSON:setUpClass): 201 POST http://10.180.1.21/identity/v3/auth/tokens 0.036s
2025-12-02 14:37:15.898 66000 INFO tempest.lib.common.rest_client [req-309a206e-7acc-4480-b34d-e46363b04d24 req-309a206e-7acc-4480-b34d-e46363b04d24 ] Request (ServerMetadataTestJSON:setUpClass): 200 GET http://10.180.1.21/identity/v3/domains?name=Default 0.027s
2025-12-02 14:37:15.905 66042 INFO tempest.lib.common.rest_client [req-b8cd6749-997d-4eb1-b134-96d147458fcf req-b8cd6749-997d-4eb1-b134-96d147458fcf ] Request (ImagesOneServerNegativeTestJSON:setUpClass): 200 GET http://10.180.1.21/compute/v2.1/servers/51c27ccc-e63b-4aab-9496-4eced3863508 1.742s
2025-12-02 14:37:15.914 66042 INFO tempest.common.waiters [-] State transition "BUILD/spawning" ==> "ACTIVE/None" after 33 second wait
2025-12-02 14:37:15.928 66000 INFO tempest.lib.common.rest_client [req-d1e057d5-3006-4c2d-be4c-24d7c8ff6868 req-d1e057d5-3006-4c2d-be4c-24d7c8ff6868 ] Request (ServerMetadataTestJSON:setUpClass): 201 POST http://10.180.1.21/identity/v3/projects 0.029s
2025-12-02 14:37:15.929 66024 INFO tempest.lib.common.rest_client [req-6410e6d6-c45f-4752-a8a4-872eef347b57 req-6410e6d6-c45f-4752-a8a4-872eef347b57 ] Request (ServerMetadataNegativeTestJSON:test_server_create_metadata_key_too_long): 201 POST http://10.180.1.21/identity/v3/auth/tokens 0.056s
2025-12-02 14:37:15.929 66024 INFO tempest.lib.common.fixed_network [-] (ServerMetadataNegativeTestJSON:test_server_create_metadata_key_too_long) Found network {'id': '3277690d-9b15-45d0-8739-1c9354817783', 'name': 'tempest-ServerMetadataNegativeTestJSON-1371688623-network', 'tenant_id': 'e7b4c0354b224b82b4929f911aa48180', 'project_id': 'e7b4c0354b224b82b4929f911aa48180', 'admin_state_up': True, 'mtu': 8950, 'status': 'ACTIVE', 'subnets': [], 'shared': False, 'port_security_enabled': True, 'router:external': False, 'provider:network_type': 'vlan', 'provider:physical_network': 'default', 'provider:segmentation_id': 767, 'availability_zone_hints': [], 'availability_zones': [], 'ipv4_address_scope': None, 'ipv6_address_scope': None, 'description': '', 'tags': [], 'created_at': '2025-12-02T14:36:04Z', 'updated_at': '2025-12-02T14:36:04Z', 'revision_number': 1} available for tenant
2025-12-02 14:37:15.931 66040 INFO tempest.lib.common.rest_client [req-6a5ceecc-793b-4f6b-97a3-1cc05a05571e req-6a5ceecc-793b-4f6b-97a3-1cc05a05571e ] Request (ServersAdminNegativeTestJSON:tearDownClass): 200 GET http://10.180.1.21/compute/v2.1/servers/3c708e13-7f52-4c5c-89c7-a8fc3c81937e 1.634s
2025-12-02 14:37:15.994 66000 INFO tempest.lib.common.rest_client [req-784edefb-a84a-41dd-9937-2a27de437f52 req-784edefb-a84a-41dd-9937-2a27de437f52 ] Request (ServerMetadataTestJSON:setUpClass): 201 POST http://10.180.1.21/identity/v3/users 0.065s
2025-12-02 14:37:16.018 66000 INFO tempest.lib.common.rest_client [req-edd118c7-e1c6-478a-a434-32405ff4477a req-edd118c7-e1c6-478a-a434-32405ff4477a ] Request (ServerMetadataTestJSON:setUpClass): 200 GET http://10.180.1.21/identity/v3/roles 0.023s
2025-12-02 14:37:16.047 66000 INFO tempest.lib.common.rest_client [req-bd2cbfa2-9b5f-4bf4-9e70-1e019dcfcf68 req-bd2cbfa2-9b5f-4bf4-9e70-1e019dcfcf68 ] Request (ServerMetadataTestJSON:setUpClass): 204 PUT http://10.180.1.21/identity/v3/projects/500cd37c9cfa4171a9b0f87abd08b656/users/17d5fc2bd1e84fda864d4c9f741391d2/roles/d20dfc7834a94cc5899f7f49b9fe7649 0.029s
2025-12-02 14:37:16.048 66000 INFO tempest.lib.common.dynamic_creds [-] Dynamic test user 17d5fc2bd1e84fda864d4c9f741391d2 is created with scope project and roles: ['member']
2025-12-02 14:37:16.048 66000 INFO tempest.lib.common.dynamic_creds [-] Acquired dynamic creds: credentials: Credentials: {'domain_id': 'default', 'domain_name': 'Default', 'username': 'tempest-ServerMetadataTestJSON-894511568-project-member', 'project_domain_id': 'default', 'project_domain_name': 'Default', 'project_id': '500cd37c9cfa4171a9b0f87abd08b656', 'project_name': 'tempest-ServerMetadataTestJSON-894511568', 'tenant_id': '500cd37c9cfa4171a9b0f87abd08b656', 'tenant_name': 'tempest-ServerMetadataTestJSON-894511568', 'user_domain_id': 'default', 'user_domain_name': 'Default', 'user_id': '17d5fc2bd1e84fda864d4c9f741391d2', 'system': None}, Network: None, Subnet: None, Router: None
2025-12-02 14:37:16.053 66036 INFO tempest.lib.common.rest_client [req-72593be2-5d40-4a6e-8449-3c73cf26d397 req-72593be2-5d40-4a6e-8449-3c73cf26d397 ] Request (MigrationsAdminTest:test_resize_server_revert_deleted_flavor): 200 GET http://10.180.1.21/compute/v2.1/servers/98ca41bd-f013-4a0b-87d0-f1d4a9ba84f6 1.734s
2025-12-02 14:37:16.061 66036 INFO tempest.common.waiters [-] State transition "BUILD/networking" ==> "BUILD/spawning" after 11 second wait
2025-12-02 14:37:16.116 66027 INFO tempest.lib.common.rest_client [req-58000837-ac29-4e1e-a544-592c84072902 req-58000837-ac29-4e1e-a544-592c84072902 ] Request (ServersTestFqdnHostnames:test_create_server_with_fqdn_name): 200 GET http://10.180.1.21/compute/v2.1/servers/f1ebe666-f2e2-4ab7-b6b8-6a499363d1ed 1.443s
2025-12-02 14:37:16.117 66000 INFO tempest.lib.common.rest_client [req-2ecfd536-104e-46bc-9932-3476f3f08af2 req-2ecfd536-104e-46bc-9932-3476f3f08af2 ] Request (ServerMetadataTestJSON:setUpClass): 201 POST http://10.180.1.21/identity/v3/auth/tokens 0.069s
2025-12-02 14:37:16.125 66016 INFO tempest.lib.common.rest_client [req-5a860d8f-02d2-40ab-a90e-18fec01959e3 req-5a860d8f-02d2-40ab-a90e-18fec01959e3 ] Request (ListServerFiltersTestJSON:test_list_servers_filter_by_zero_limit): 200 GET http://10.180.1.21/compute/v2.1/servers?limit=0 1.413s
2025-12-02 14:37:16.214 65988 INFO tempest.lib.common.rest_client [req-8f1452db-e26e-478c-9533-6eff5856f9ed req-8f1452db-e26e-478c-9533-6eff5856f9ed ] Request (ListImageFiltersTestJSON:test_list_images_filter_by_status): 200 GET http://10.180.1.21/compute/v2.1/images?status=ACTIVE 1.197s
2025-12-02 14:37:16.228 66014 INFO tempest.lib.common.rest_client [req-83389d2e-a213-4689-ab7b-821db73c1fef req-83389d2e-a213-4689-ab7b-821db73c1fef ] Request (HostsAdminNegativeTestJSON:test_shutdown_nonexistent_host): 404 GET http://10.180.1.21/compute/v2.1/os-hosts/nonexistent_hostname/shutdown 1.206s
2025-12-02 14:37:16.288 66020 INFO tempest.lib.common.rest_client [req-7c7c7560-7ab1-419b-8e1a-919c5214fe73 req-7c7c7560-7ab1-419b-8e1a-919c5214fe73 ] Request (ServersTestJSON:test_list_servers): 200 GET http://10.180.1.21/compute/v2.1/servers 0.883s
2025-12-02 14:37:16.289 65982 INFO tempest.lib.common.rest_client [req-1e8c0fc1-962b-4128-8d0f-ff84e99b0842 req-1e8c0fc1-962b-4128-8d0f-ff84e99b0842 ] Request (SecurityGroupsTestJSON:test_server_security_groups): 202 POST http://10.180.1.21/compute/v2.1/servers 1.956s
2025-12-02 14:37:16.342 65986 WARNING tempest.lib.common.ssh [-] Failed to establish authenticated ssh connection to cirros@10.180.180.218 ([Errno None] Unable to connect to port 22 on 10.180.180.218). Number attempts: 1. Retry after 2 seconds.: paramiko.ssh_exception.NoValidConnectionsError: [Errno None] Unable to connect to port 22 on 10.180.180.218
2025-12-02 14:37:16.436 66032 INFO tempest.lib.common.rest_client [req-c10bc28c-abf1-4d69-922d-7f79ad67e506 req-c10bc28c-abf1-4d69-922d-7f79ad67e506 ] Request (SecurityGroupRulesTestJSON:tearDownClass): 202 DELETE http://10.180.1.21/compute/v2.1/os-security-groups/c2e14931-225c-4492-b100-59b1e027784b 0.886s
2025-12-02 14:37:16.440 66000 INFO tempest.lib.common.rest_client [req-f14bdec2-450a-4fc2-9f2e-a33d81df4514 req-f14bdec2-450a-4fc2-9f2e-a33d81df4514 ] Request (ServerMetadataTestJSON:setUpClass): 201 POST http://10.180.1.21/networking/v2.0/networks 0.323s
2025-12-02 14:37:16.466 66008 INFO tempest.lib.common.rest_client [req-61e52c48-303c-4197-8cbd-11bd56b81890 req-61e52c48-303c-4197-8cbd-11bd56b81890 ] Request (ServerShowV247Test:tearDownClass): 200 GET http://10.180.1.21/compute/v2.1/servers/713e8db5-8be0-4492-810a-b37621f6e349 0.731s
2025-12-02 14:37:16.595 66034 INFO tempest.lib.common.rest_client [req-167916cd-d558-4c40-a093-87218376cbab req-167916cd-d558-4c40-a093-87218376cbab ] Request (ServerDiagnosticsNegativeTest:test_get_server_diagnostics_by_non_admin): 200 GET http://10.180.1.21/compute/v2.1/servers/72f947d7-3cb2-41b4-8290-beb4c9c5e831 0.676s
2025-12-02 14:37:16.601 66024 INFO tempest.lib.common.rest_client [req-00104fba-f25f-40d0-bae1-0cca86134716 req-00104fba-f25f-40d0-bae1-0cca86134716 ] Request (ServerMetadataNegativeTestJSON:test_server_create_metadata_key_too_long): 400 POST http://10.180.1.21/compute/v2.1/servers 0.671s
2025-12-02 14:37:16.605 66034 INFO tempest.common.waiters [-] State transition "BUILD/None" ==> "BUILD/networking" after 10 second wait
2025-12-02 14:37:16.605 65998 INFO tempest.lib.common.rest_client [req-0f0d9fba-50f6-4dc4-b2db-ef91f2232040 req-0f0d9fba-50f6-4dc4-b2db-ef91f2232040 ] Request (DeleteServersTestJSON:test_delete_server_while_in_attached_volume): 200 GET http://10.180.1.21/volume/v3/volumes/3c735021-52a8-4001-9d39-0e91470b629c 0.026s
2025-12-02 14:37:16.624 66042 INFO tempest.lib.common.rest_client [req-fe1d2da5-235d-4a40-bde9-3e56ea74f19c req-fe1d2da5-235d-4a40-bde9-3e56ea74f19c ] Request (ImagesOneServerNegativeTestJSON:setUp): 200 GET http://10.180.1.21/compute/v2.1/servers/51c27ccc-e63b-4aab-9496-4eced3863508 0.709s
2025-12-02 14:37:16.649 66000 INFO tempest.lib.common.rest_client [req-3f6006a4-a195-40d8-b5a8-6a9d1223ab59 req-3f6006a4-a195-40d8-b5a8-6a9d1223ab59 ] Request (ServerMetadataTestJSON:setUpClass): 201 POST http://10.180.1.21/networking/v2.0/subnets 0.208s
2025-12-02 14:37:16.667 66022 INFO tempest.lib.common.rest_client [req-b2fb1e1d-086b-40e8-8cf0-5598f6e28b6d req-b2fb1e1d-086b-40e8-8cf0-5598f6e28b6d ] Request (ImagesOneServerTestJSON:setUpClass): 200 GET http://10.180.1.21/compute/v2.1/servers/ea869e6f-1025-4760-882d-a0e5a5ae8c29 0.727s
2025-12-02 14:37:16.684 66024 INFO tempest.lib.common.rest_client [req-cb6615a1-88ae-4f70-b352-19d2d2d02feb req-cb6615a1-88ae-4f70-b352-19d2d2d02feb ] Request (ServerMetadataNegativeTestJSON:test_server_create_metadata_key_too_long): 201 POST http://10.180.1.21/identity/v3/auth/tokens 0.080s
2025-12-02 14:37:16.684 66024 INFO tempest.lib.common.fixed_network [-] (ServerMetadataNegativeTestJSON:test_server_create_metadata_key_too_long) Found network {'id': '3277690d-9b15-45d0-8739-1c9354817783', 'name': 'tempest-ServerMetadataNegativeTestJSON-1371688623-network', 'tenant_id': 'e7b4c0354b224b82b4929f911aa48180', 'project_id': 'e7b4c0354b224b82b4929f911aa48180', 'admin_state_up': True, 'mtu': 8950, 'status': 'ACTIVE', 'subnets': [], 'shared': False, 'port_security_enabled': True, 'router:external': False, 'provider:network_type': 'vlan', 'provider:physical_network': 'default', 'provider:segmentation_id': 767, 'availability_zone_hints': [], 'availability_zones': [], 'ipv4_address_scope': None, 'ipv6_address_scope': None, 'description': '', 'tags': [], 'created_at': '2025-12-02T14:36:04Z', 'updated_at': '2025-12-02T14:36:04Z', 'revision_number': 1} available for tenant
2025-12-02 14:37:16.746 65988 INFO tempest.lib.common.rest_client [req-e896cdd1-a97a-434d-9cb1-1b1cdfe0fcdd req-e896cdd1-a97a-434d-9cb1-1b1cdfe0fcdd ] Request (ListImageFiltersTestJSON:test_list_images_filter_by_type): 200 GET http://10.180.1.21/compute/v2.1/images?type=snapshot 0.525s
2025-12-02 14:37:16.752 66014 INFO tempest.lib.common.rest_client [req-daf499b8-6d68-4eac-adca-7b4d93027601 req-daf499b8-6d68-4eac-adca-7b4d93027601 ] Request (HostsAdminNegativeTestJSON:test_startup_host_with_non_admin_user): 403 GET http://10.180.1.21/compute/v2.1/os-hosts/devstack/startup 0.522s
2025-12-02 14:37:16.828 66016 INFO tempest.lib.common.rest_client [req-2332a783-a6f4-4d77-b6ce-70e8158fa465 req-2332a783-a6f4-4d77-b6ce-70e8158fa465 ] Request (ListServerFiltersTestJSON:test_list_servers_filtered_by_ip): 200 GET http://10.180.1.21/compute/v2.1/servers/654e645c-e3f6-45b3-9fbe-86c0e3789d57 0.700s
2025-12-02 14:37:16.847 65982 INFO tempest.lib.common.rest_client [req-3781573e-1ee0-489f-ae19-7efdf2b9ac03 req-3781573e-1ee0-489f-ae19-7efdf2b9ac03 ] Request (SecurityGroupsTestJSON:test_server_security_groups): 200 GET http://10.180.1.21/compute/v2.1/servers/c76e5037-b2fd-4cd4-8c05-c6e0a6f9df6d 0.556s
2025-12-02 14:37:16.912 66018 INFO tempest.lib.common.rest_client [req-559ca1eb-0ebf-4193-993a-737f1cfae4f3 req-559ca1eb-0ebf-4193-993a-737f1cfae4f3 ] Request (ServerDiskConfigTestJSON:test_rebuild_server_with_auto_disk_config): 200 GET http://10.180.1.21/compute/v2.1/servers/98fe1f58-7fc1-48e0-a2e7-f636a93d902d 0.580s
2025-12-02 14:37:17.399 66000 INFO tempest.lib.common.rest_client [req-69a10df5-3fd8-4f00-b2e5-d017f120dd79 req-69a10df5-3fd8-4f00-b2e5-d017f120dd79 ] Request (ServerMetadataTestJSON:setUpClass): 201 POST http://10.180.1.21/networking/v2.0/routers 0.750s
2025-12-02 14:37:17.497 66032 INFO tempest.lib.common.rest_client [req-9f15c8e9-7de4-45cd-b137-e5015c755b78 req-9f15c8e9-7de4-45cd-b137-e5015c755b78 ] Request (SecurityGroupRulesTestJSON:tearDownClass): 202 DELETE http://10.180.1.21/compute/v2.1/os-security-groups/fbf049be-282d-45ed-b7b8-725fd400f195 1.060s
2025-12-02 14:37:17.508 66020 INFO tempest.lib.common.rest_client [req-f3759dc8-636a-4ecf-b9a0-1cbe8371d8cc req-f3759dc8-636a-4ecf-b9a0-1cbe8371d8cc ] Request (ServersTestJSON:test_list_servers_with_detail): 200 GET http://10.180.1.21/compute/v2.1/servers/detail 1.217s
2025-12-02 14:37:17.664 65998 INFO tempest.lib.common.rest_client [req-709ba65f-e6c7-47b7-a901-81cafa6685df req-709ba65f-e6c7-47b7-a901-81cafa6685df ] Request (DeleteServersTestJSON:test_delete_server_while_in_attached_volume): 200 GET http://10.180.1.21/volume/v3/volumes/3c735021-52a8-4001-9d39-0e91470b629c 0.045s
2025-12-02 14:37:18.367 66000 INFO tempest.lib.common.rest_client [req-1d910f31-8bf2-4058-bc9a-684d8cde9c59 req-1d910f31-8bf2-4058-bc9a-684d8cde9c59 ] Request (ServerMetadataTestJSON:setUpClass): 200 PUT http://10.180.1.21/networking/v2.0/routers/a4a8fdc5-bcc3-48bb-a813-6853fb46cb2a/add_router_interface 0.967s
2025-12-02 14:37:18.367 66000 INFO tempest.lib.common.dynamic_creds [-] Created isolated network resources for: credentials: Credentials: {'domain_id': 'default', 'domain_name': 'Default', 'username': 'tempest-ServerMetadataTestJSON-894511568-project-member', 'project_domain_id': 'default', 'project_domain_name': 'Default', 'project_id': '500cd37c9cfa4171a9b0f87abd08b656', 'project_name': 'tempest-ServerMetadataTestJSON-894511568', 'tenant_id': '500cd37c9cfa4171a9b0f87abd08b656', 'tenant_name': 'tempest-ServerMetadataTestJSON-894511568', 'user_domain_id': 'default', 'user_domain_name': 'Default', 'user_id': '17d5fc2bd1e84fda864d4c9f741391d2', 'system': None}, Network: {'id': '81d56946-d010-47cc-812f-28b019b639c3', 'name': 'tempest-ServerMetadataTestJSON-1981758338-network', 'tenant_id': '500cd37c9cfa4171a9b0f87abd08b656', 'project_id': '500cd37c9cfa4171a9b0f87abd08b656', 'admin_state_up': True, 'mtu': 8950, 'status': 'ACTIVE', 'subnets': [], 'shared': False, 'port_security_enabled': True, 'router:external': False, 'provider:network_type': 'vlan', 'provider:physical_network': 'default', 'provider:segmentation_id': 707, 'availability_zone_hints': [], 'availability_zones': [], 'ipv4_address_scope': None, 'ipv6_address_scope': None, 'description': '', 'tags': [], 'created_at': '2025-12-02T14:37:16Z', 'updated_at': '2025-12-02T14:37:16Z', 'revision_number': 1}, Subnet: {'id': '24b64966-a642-40ac-839b-066b1d257593', 'name': 'tempest-ServerMetadataTestJSON-1981758338-subnet', 'tenant_id': '500cd37c9cfa4171a9b0f87abd08b656', 'network_id': '81d56946-d010-47cc-812f-28b019b639c3', 'ip_version': 4, 'subnetpool_id': None, 'enable_dhcp': True, 'ipv6_ra_mode': None, 'ipv6_address_mode': None, 'gateway_ip': '192.168.128.1', 'cidr': '192.168.128.0/28', 'allocation_pools': [{'start': '192.168.128.2', 'end': '192.168.128.14'}], 'host_routes': [], 'dns_nameservers': [], 'description': '', 'router:external': False, 'service_types': [], 'tags': [], 'created_at': '2025-12-02T14:37:16Z', 'updated_at': '2025-12-02T14:37:16Z', 'revision_number': 0, 'project_id': '500cd37c9cfa4171a9b0f87abd08b656'}, Router: {'id': 'a4a8fdc5-bcc3-48bb-a813-6853fb46cb2a', 'name': 'tempest-ServerMetadataTestJSON-1981758338-router', 'tenant_id': '500cd37c9cfa4171a9b0f87abd08b656', 'admin_state_up': True, 'status': 'ACTIVE', 'external_gateway_info': {'network_id': 'c0bcccb3-ef46-491f-8245-0eb1da004961', 'external_fixed_ips': [{'subnet_id': '50c7bba0-d6a5-4c4b-ba05-b598ebd1befd', 'ip_address': '10.180.180.164'}], 'enable_snat': True}, 'description': '', 'availability_zones': [], 'distributed': False, 'ha': False, 'availability_zone_hints': [], 'routes': [], 'flavor_id': None, 'tags': [], 'created_at': '2025-12-02T14:37:16Z', 'updated_at': '2025-12-02T14:37:17Z', 'revision_number': 2, 'project_id': '500cd37c9cfa4171a9b0f87abd08b656'}
2025-12-02 14:37:18.495 66000 INFO tempest.lib.common.rest_client [req-38e2265d-d481-4140-8e02-ddca02a12588 req-38e2265d-d481-4140-8e02-ddca02a12588 ] Request (ServerMetadataTestJSON:setUpClass): 201 POST http://10.180.1.21/identity/v3/auth/tokens 0.125s
2025-12-02 14:37:18.556 66000 INFO tempest.lib.common.rest_client [req-50843c6d-b6de-490b-9be1-ec7ee295c375 req-50843c6d-b6de-490b-9be1-ec7ee295c375 ] Request (ServerMetadataTestJSON:setUpClass): 201 POST http://10.180.1.21/identity/v3/auth/tokens 0.056s
2025-12-02 14:37:18.556 66000 INFO tempest.lib.common.fixed_network [-] (ServerMetadataTestJSON:setUpClass) Found network {'id': '81d56946-d010-47cc-812f-28b019b639c3', 'name': 'tempest-ServerMetadataTestJSON-1981758338-network', 'tenant_id': '500cd37c9cfa4171a9b0f87abd08b656', 'project_id': '500cd37c9cfa4171a9b0f87abd08b656', 'admin_state_up': True, 'mtu': 8950, 'status': 'ACTIVE', 'subnets': [], 'shared': False, 'port_security_enabled': True, 'router:external': False, 'provider:network_type': 'vlan', 'provider:physical_network': 'default', 'provider:segmentation_id': 707, 'availability_zone_hints': [], 'availability_zones': [], 'ipv4_address_scope': None, 'ipv6_address_scope': None, 'description': '', 'tags': [], 'created_at': '2025-12-02T14:37:16Z', 'updated_at': '2025-12-02T14:37:16Z', 'revision_number': 1} available for tenant
2025-12-02 14:37:18.708 65998 INFO tempest.lib.common.rest_client [req-fcbe4fe7-b2ee-4fda-ab49-2a85e49940b8 req-fcbe4fe7-b2ee-4fda-ab49-2a85e49940b8 ] Request (DeleteServersTestJSON:test_delete_server_while_in_attached_volume): 200 GET http://10.180.1.21/volume/v3/volumes/3c735021-52a8-4001-9d39-0e91470b629c 0.036s
2025-12-02 14:37:18.900 66012 WARNING tempest.lib.common.ssh [-] Failed to establish authenticated ssh connection to cirros@10.180.180.229 ([Errno None] Unable to connect to port 22 on 10.180.180.229). Number attempts: 3. Retry after 4 seconds.: paramiko.ssh_exception.NoValidConnectionsError: [Errno None] Unable to connect to port 22 on 10.180.180.229
2025-12-02 14:37:19.205 66032 INFO tempest.lib.common.rest_client [req-365854e9-ea81-43eb-868f-02d781afdad0 req-365854e9-ea81-43eb-868f-02d781afdad0 ] Request (SecurityGroupRulesTestJSON:tearDownClass): 200 PUT http://10.180.1.21/networking/v2.0/routers/92291604-f5ea-4b99-8652-ab295ab83399/remove_router_interface 1.707s
2025-12-02 14:37:19.209 66006 INFO tempest.lib.common.rest_client [req-2279ac63-e6a1-4a5d-825e-078d950d49ab req-2279ac63-e6a1-4a5d-825e-078d950d49ab ] Request (ServerActionsTestOtherA:setUpClass): 200 GET http://10.180.1.21/compute/v2.1/servers/1aedfe5e-de99-416b-a692-fd5428ec7d5b 2.601s
2025-12-02 14:37:19.220 66042 INFO tempest.lib.common.rest_client [req-eae6357f-6904-4f7d-83d6-dd5ca5a81ab8 req-eae6357f-6904-4f7d-83d6-dd5ca5a81ab8 ] Request (ImagesOneServerNegativeTestJSON:test_create_image_specify_invalid_metadata): 400 POST http://10.180.1.21/compute/v2.1/servers/51c27ccc-e63b-4aab-9496-4eced3863508/action 2.587s
2025-12-02 14:37:19.348 66002 WARNING tempest.lib.common.ssh [-] Failed to establish authenticated ssh connection to cirros@10.180.180.221 ([Errno None] Unable to connect to port 22 on 10.180.180.221). Number attempts: 2. Retry after 3 seconds.: paramiko.ssh_exception.NoValidConnectionsError: [Errno None] Unable to connect to port 22 on 10.180.180.221
2025-12-02 14:37:19.364 65984 INFO tempest.lib.common.rest_client [req-62f75ed3-4618-4acf-b9f6-7edad33b799b req-62f75ed3-4618-4acf-b9f6-7edad33b799b ] Request (ServersTestMultiNic:_run_cleanups): 200 GET http://10.180.1.21/compute/v2.1/servers/62304c75-76bf-41b9-b8ad-5a3af34cde3a 2.701s
2025-12-02 14:37:19.375 66024 INFO tempest.lib.common.rest_client [req-0ca21a16-554f-4643-aa8e-97f2d92a9fe5 req-0ca21a16-554f-4643-aa8e-97f2d92a9fe5 ] Request (ServerMetadataNegativeTestJSON:test_server_create_metadata_key_too_long): 400 POST http://10.180.1.21/compute/v2.1/servers 2.689s
2025-12-02 14:37:19.398 66030 INFO tempest.lib.common.rest_client [req-4d3ddf78-184a-4681-a3c2-495282e3a3f0 req-4d3ddf78-184a-4681-a3c2-495282e3a3f0 ] Request (ServersTestManualDisk:setUpClass): 200 GET http://10.180.1.21/compute/v2.1/servers/aee5de22-939c-46ae-9bfe-328b7bea4a74 2.918s
2025-12-02 14:37:19.412 65986 WARNING tempest.lib.common.ssh [-] Failed to establish authenticated ssh connection to cirros@10.180.180.218 ([Errno None] Unable to connect to port 22 on 10.180.180.218). Number attempts: 2. Retry after 3 seconds.: paramiko.ssh_exception.NoValidConnectionsError: [Errno None] Unable to connect to port 22 on 10.180.180.218
2025-12-02 14:37:19.457 65980 INFO tempest.lib.common.rest_client [req-b6312cd5-071e-4cf1-9c09-5ec6d83726ca req-b6312cd5-071e-4cf1-9c09-5ec6d83726ca ] Request (ServerShowV254Test:test_rebuild_server): 200 GET http://10.180.1.21/compute/v2.1/servers/72ef72d0-97b9-4ff7-876d-665278194775 2.752s
2025-12-02 14:37:19.469 65980 INFO tempest.common.waiters [-] State transition "REBUILD/rebuild_block_device_mapping" ==> "REBUILD/rebuild_spawning" after 7 second wait
2025-12-02 14:37:19.471 65996 INFO tempest.lib.common.rest_client [req-aae0428e-485d-4c98-8a5b-4e653db4777e req-aae0428e-485d-4c98-8a5b-4e653db4777e ] Request (InstanceActionsV221TestJSON:test_get_list_deleted_instance_actions): 200 GET http://10.180.1.21/compute/v2.1/servers/44b1f84a-841f-457f-b07b-1926d89e01cb 2.738s
2025-12-02 14:37:19.480 66014 INFO tempest.lib.common.rest_client [req-2fd4fef8-f29b-4dab-96f3-f9cf5056084d req-2fd4fef8-f29b-4dab-96f3-f9cf5056084d ] Request (HostsAdminNegativeTestJSON:test_startup_nonexistent_host): 404 GET http://10.180.1.21/compute/v2.1/os-hosts/nonexistent_hostname/startup 2.726s
2025-12-02 14:37:19.536 65988 INFO tempest.lib.common.rest_client [req-c525ea30-d382-4678-8100-95fd630beaa5 req-c525ea30-d382-4678-8100-95fd630beaa5 ] Request (ListImageFiltersTestJSON:test_list_images_limit_results): 200 GET http://10.180.1.21/compute/v2.1/images?limit=1 2.785s
2025-12-02 14:37:19.545 65994 INFO tempest.lib.common.rest_client [req-b2fde8fd-e415-4c26-b9f7-be0ab2dde0c6 req-b2fde8fd-e415-4c26-b9f7-be0ab2dde0c6 ] Request (ServersListShow296Test:test_list_show_update_rebuild_server_296): 200 GET http://10.180.1.21/compute/v2.1/servers/d0c71bf4-408d-4fec-9ac4-8910ff03dc55 2.766s
2025-12-02 14:37:19.558 65994 INFO tempest.common.waiters [-] State transition "REBUILD/rebuild_block_device_mapping" ==> "REBUILD/rebuild_spawning" after 6 second wait
2025-12-02 14:37:19.628 66028 INFO tempest.lib.common.rest_client [req-08a5c5d0-175d-4ab0-b96c-72ba42e9344c req-08a5c5d0-175d-4ab0-b96c-72ba42e9344c ] Request (ServersWithSpecificFlavorTestJSON:test_verify_created_server_ephemeral_disk): 200 GET http://10.180.1.21/compute/v2.1/servers/28896d0f-07d4-4c59-8f57-da59c384bb12 2.833s
2025-12-02 14:37:19.727 66032 INFO tempest.lib.common.rest_client [req-900f2fc6-ece2-4c45-9d45-34f26e8b7e2d req-900f2fc6-ece2-4c45-9d45-34f26e8b7e2d ] Request (SecurityGroupRulesTestJSON:tearDownClass): 204 DELETE http://10.180.1.21/networking/v2.0/routers/92291604-f5ea-4b99-8652-ab295ab83399 0.522s
2025-12-02 14:37:19.766 65998 INFO tempest.lib.common.rest_client [req-b6d098ac-3075-412e-a297-5c4cee99dca6 req-b6d098ac-3075-412e-a297-5c4cee99dca6 ] Request (DeleteServersTestJSON:test_delete_server_while_in_attached_volume): 200 GET http://10.180.1.21/volume/v3/volumes/3c735021-52a8-4001-9d39-0e91470b629c 0.049s
2025-12-02 14:37:19.773 66016 INFO tempest.lib.common.rest_client [req-ed512507-f291-40e7-9d01-4bb5d4fdf7a8 req-ed512507-f291-40e7-9d01-4bb5d4fdf7a8 ] Request (ListServerFiltersTestJSON:test_list_servers_filtered_by_ip): 200 GET http://10.180.1.21/compute/v2.1/servers/e9ca88b7-4175-43f6-9be1-4e7a34b0822a 2.936s
2025-12-02 14:37:19.775 65998 INFO tempest.common.waiters [-] Attachment fdc627e1-8d8e-42fc-a158-cd5f278399c1 created for volume 3c735021-52a8-4001-9d39-0e91470b629c to server 4a6fb785-9fbe-4365-bc5e-bcee4f7b62c6 after waiting for 8.775501 seconds
2025-12-02 14:37:19.791 65990 INFO tempest.lib.common.rest_client [req-6980a534-4a10-4024-aed5-85458c0b65b6 req-6980a534-4a10-4024-aed5-85458c0b65b6 ] Request (ServersAdminTestJSON:test_inject_network_info): 200 GET http://10.180.1.21/compute/v2.1/servers/ac1b27f0-7570-470d-b9e8-4ae03c17d60a 2.919s
2025-12-02 14:37:19.801 65990 INFO tempest.common.waiters [-] State transition "BUILD/scheduling" ==> "BUILD/None" after 6 second wait
2025-12-02 14:37:19.812 65998 INFO tempest.lib.common.rest_client [req-ae7588d1-e864-4e91-81c7-7525cd17cdd0 req-ae7588d1-e864-4e91-81c7-7525cd17cdd0 ] Request (DeleteServersTestJSON:test_delete_server_while_in_attached_volume): 200 GET http://10.180.1.21/volume/v3/volumes/3c735021-52a8-4001-9d39-0e91470b629c 0.037s
2025-12-02 14:37:19.824 65998 INFO tempest.common.waiters [-] volume 3c735021-52a8-4001-9d39-0e91470b629c reached in-use after waiting for 0.824486 seconds
2025-12-02 14:37:19.932 66032 INFO tempest.lib.common.rest_client [req-4f9035a4-43d1-4660-9aca-58c8296a3196 req-4f9035a4-43d1-4660-9aca-58c8296a3196 ] Request (SecurityGroupRulesTestJSON:tearDownClass): 204 DELETE http://10.180.1.21/networking/v2.0/subnets/69c3208f-37c5-45fc-9d47-c06bc394fae7 0.204s
2025-12-02 14:37:19.954 66040 INFO tempest.lib.common.rest_client [req-4bd2efd8-6cbd-490a-85d3-bb047ee7f36d req-4bd2efd8-6cbd-490a-85d3-bb047ee7f36d ] Request (ServersAdminNegativeTestJSON:tearDownClass): 200 GET http://10.180.1.21/compute/v2.1/servers/3c708e13-7f52-4c5c-89c7-a8fc3c81937e 3.015s
2025-12-02 14:37:20.071 66027 INFO tempest.lib.common.rest_client [req-28637735-870e-4374-83a0-b1e5c94b9595 req-28637735-870e-4374-83a0-b1e5c94b9595 ] Request (ServersTestFqdnHostnames:test_create_server_with_fqdn_name): 200 GET http://10.180.1.21/compute/v2.1/servers/f1ebe666-f2e2-4ab7-b6b8-6a499363d1ed 2.947s
2025-12-02 14:37:20.100 66036 INFO tempest.lib.common.rest_client [req-444dcc05-6679-45b9-9217-737c8a0a87ed req-444dcc05-6679-45b9-9217-737c8a0a87ed ] Request (MigrationsAdminTest:test_resize_server_revert_deleted_flavor): 200 GET http://10.180.1.21/compute/v2.1/servers/98ca41bd-f013-4a0b-87d0-f1d4a9ba84f6 3.038s
2025-12-02 14:37:20.119 66020 INFO tempest.lib.common.rest_client [req-053e6420-40aa-4366-8072-715f363813b6 req-053e6420-40aa-4366-8072-715f363813b6 ] Request (ServersTestJSON:test_verify_created_server_vcpus): 200 GET http://10.180.1.21/compute/v2.1/flavors/42 2.600s
2025-12-02 14:37:20.125 66020 INFO tempest.lib.common.ssh [-] Creating ssh connection to '10.180.180.220:22' as 'cirros' with public key authentication
2025-12-02 14:37:20.131 66020 INFO paramiko.transport [-] Connected (version 2.0, client dropbear_2020.81)
2025-12-02 14:37:20.237 66020 INFO paramiko.transport [-] Authentication (publickey) successful!
2025-12-02 14:37:20.237 66020 INFO tempest.lib.common.ssh [-] ssh connection to cirros@10.180.180.220 successfully created
2025-12-02 14:37:20.328 66032 INFO tempest.lib.common.rest_client [req-cc178d05-ffc9-466d-8049-bd37bdbc50bf req-cc178d05-ffc9-466d-8049-bd37bdbc50bf ] Request (SecurityGroupRulesTestJSON:tearDownClass): 204 DELETE http://10.180.1.21/networking/v2.0/networks/602a1a1e-4aa3-4c68-8042-80b22003de2f 0.396s
2025-12-02 14:37:20.360 66008 INFO tempest.lib.common.rest_client [req-1578342d-043b-40db-8f6a-06560aef3e60 req-1578342d-043b-40db-8f6a-06560aef3e60 ] Request (ServerShowV247Test:tearDownClass): 200 GET http://10.180.1.21/compute/v2.1/servers/713e8db5-8be0-4492-810a-b37621f6e349 2.877s
2025-12-02 14:37:20.449 66032 INFO tempest.lib.common.rest_client [req-591fb196-68dd-4f1f-a76c-c2964ecd68d9 req-591fb196-68dd-4f1f-a76c-c2964ecd68d9 ] Request (SecurityGroupRulesTestJSON:tearDownClass): 204 DELETE http://10.180.1.21/identity/v3/users/26b88e42c0f847e8aa568e8b04c39abc 0.120s
2025-12-02 14:37:20.449 66032 INFO tempest.lib.common.dynamic_creds [-] Deleting project and security group for project: dffb21a479184471a5738c396df3abbb
2025-12-02 14:37:20.484 66034 INFO tempest.lib.common.rest_client [req-f08b9ca3-e334-4013-8ac6-8d568b5a9e85 req-f08b9ca3-e334-4013-8ac6-8d568b5a9e85 ] Request (ServerDiagnosticsNegativeTest:test_get_server_diagnostics_by_non_admin): 200 GET http://10.180.1.21/compute/v2.1/servers/72f947d7-3cb2-41b4-8290-beb4c9c5e831 2.878s
2025-12-02 14:37:20.498 66034 INFO tempest.common.waiters [-] State transition "BUILD/networking" ==> "BUILD/spawning" after 14 second wait
2025-12-02 14:37:20.632 66032 INFO tempest.lib.common.rest_client [req-3aaf0b18-624a-4977-ac28-76d7dd4cb48f req-3aaf0b18-624a-4977-ac28-76d7dd4cb48f ] Request (SecurityGroupRulesTestJSON:tearDownClass): 200 GET http://10.180.1.21/networking/v2.0/security-groups?tenant_id=dffb21a479184471a5738c396df3abbb&name=default 0.183s
2025-12-02 14:37:20.658 65982 INFO tempest.lib.common.rest_client [req-ab0fa5da-2a01-4451-b4c8-0e32e4434dbf req-ab0fa5da-2a01-4451-b4c8-0e32e4434dbf ] Request (SecurityGroupsTestJSON:test_server_security_groups): 200 GET http://10.180.1.21/compute/v2.1/servers/c76e5037-b2fd-4cd4-8c05-c6e0a6f9df6d 2.803s
2025-12-02 14:37:20.684 66022 INFO tempest.lib.common.rest_client [req-e1a6a457-ac62-4786-bf71-37d0423790a6 req-e1a6a457-ac62-4786-bf71-37d0423790a6 ] Request (ImagesOneServerTestJSON:setUpClass): 200 GET http://10.180.1.21/compute/v2.1/servers/ea869e6f-1025-4760-882d-a0e5a5ae8c29 3.008s
2025-12-02 14:37:20.696 66022 INFO tempest.common.waiters [-] State transition "BUILD/None" ==> "BUILD/block_device_mapping" after 13 second wait
2025-12-02 14:37:20.854 66032 INFO tempest.lib.common.rest_client [req-cc903ab7-e910-4368-b10d-9cb40d77fa33 req-cc903ab7-e910-4368-b10d-9cb40d77fa33 ] Request (SecurityGroupRulesTestJSON:tearDownClass): 204 DELETE http://10.180.1.21/networking/v2.0/security-groups/1517c88a-785d-4d1e-8b19-01d05e1bccac 0.221s
2025-12-02 14:37:20.895 66018 INFO tempest.lib.common.rest_client [req-5b3b724e-7b1b-410c-b4d0-e4e9f0494ba1 req-5b3b724e-7b1b-410c-b4d0-e4e9f0494ba1 ] Request (ServerDiskConfigTestJSON:test_rebuild_server_with_auto_disk_config): 200 GET http://10.180.1.21/compute/v2.1/servers/98fe1f58-7fc1-48e0-a2e7-f636a93d902d 2.972s
2025-12-02 14:37:21.003 66032 INFO tempest.lib.common.rest_client [req-e42b7ff6-2c01-40a7-b405-fe9def6cc7dd req-e42b7ff6-2c01-40a7-b405-fe9def6cc7dd ] Request (SecurityGroupRulesTestJSON:tearDownClass): 204 DELETE http://10.180.1.21/identity/v3/projects/dffb21a479184471a5738c396df3abbb 0.149s
2025-12-02 14:37:21.080 66032 INFO tempest.lib.common.rest_client [req-ace0ed4a-9305-4297-9847-6aeec6fb7d1a req-ace0ed4a-9305-4297-9847-6aeec6fb7d1a ] Request (VolumesNegativeTest:setUpClass): 201 POST http://10.180.1.21/identity/v3/auth/tokens 0.074s
2025-12-02 14:37:21.113 66032 INFO tempest.lib.common.rest_client [req-c6826231-05dc-46cd-b98c-a95ec8f1f9b2 req-c6826231-05dc-46cd-b98c-a95ec8f1f9b2 ] Request (VolumesNegativeTest:setUpClass): 201 POST http://10.180.1.21/identity/v3/auth/tokens 0.030s
2025-12-02 14:37:21.139 66032 INFO tempest.lib.common.rest_client [req-062ac062-5ef0-4ed9-91f1-b07e07df4f1d req-062ac062-5ef0-4ed9-91f1-b07e07df4f1d ] Request (VolumesNegativeTest:setUpClass): 200 GET http://10.180.1.21/identity/v3/domains?name=Default 0.025s
2025-12-02 14:37:21.169 66032 INFO tempest.lib.common.rest_client [req-0ce96742-676b-4a05-9aa3-8180ef68d39b req-0ce96742-676b-4a05-9aa3-8180ef68d39b ] Request (VolumesNegativeTest:setUpClass): 201 POST http://10.180.1.21/identity/v3/projects 0.030s
2025-12-02 14:37:21.276 66032 INFO tempest.lib.common.rest_client [req-5c771e91-3088-4109-ac16-6f0170eb765e req-5c771e91-3088-4109-ac16-6f0170eb765e ] Request (VolumesNegativeTest:setUpClass): 201 POST http://10.180.1.21/identity/v3/users 0.106s
2025-12-02 14:37:21.277 66042 INFO tempest.lib.common.rest_client [req-cd18cc51-ca80-4229-9aa5-fb7902be933d req-cd18cc51-ca80-4229-9aa5-fb7902be933d ] Request (ImagesOneServerNegativeTestJSON:tearDown): 200 GET http://10.180.1.21/compute/v2.1/servers/51c27ccc-e63b-4aab-9496-4eced3863508 2.057s
2025-12-02 14:37:21.287 66024 INFO tempest.lib.common.rest_client [req-50e6421d-cf02-4a52-8311-5a5b670d4ad7 req-50e6421d-cf02-4a52-8311-5a5b670d4ad7 ] Request (ServerMetadataNegativeTestJSON:test_server_metadata_non_existent_server): 404 GET http://10.180.1.21/compute/v2.1/servers/f9207c27-c389-4dce-82ad-b94355956b4d/metadata/test2 1.910s
2025-12-02 14:37:21.295 66014 INFO tempest.lib.common.rest_client [req-584deb47-3100-4b6b-8020-7683fa2e6ff4 req-584deb47-3100-4b6b-8020-7683fa2e6ff4 ] Request (HostsAdminNegativeTestJSON:test_update_host_with_invalid_maintenance_mode): 400 PUT http://10.180.1.21/compute/v2.1/os-hosts/devstack 1.811s
2025-12-02 14:37:21.302 66032 INFO tempest.lib.common.rest_client [req-e2384a91-585c-4ed9-a96c-1534b17fc34a req-e2384a91-585c-4ed9-a96c-1534b17fc34a ] Request (VolumesNegativeTest:setUpClass): 200 GET http://10.180.1.21/identity/v3/roles 0.025s
2025-12-02 14:37:21.340 66032 INFO tempest.lib.common.rest_client [req-7522f1bc-e2ef-4bac-9571-25b69a19f5b4 req-7522f1bc-e2ef-4bac-9571-25b69a19f5b4 ] Request (VolumesNegativeTest:setUpClass): 204 PUT http://10.180.1.21/identity/v3/projects/8ade6a272b704d5ab314fc2b8b7014b9/users/1e258011162847319601c3d1e29c28a5/roles/d20dfc7834a94cc5899f7f49b9fe7649 0.038s
2025-12-02 14:37:21.341 66032 INFO tempest.lib.common.dynamic_creds [-] Dynamic test user 1e258011162847319601c3d1e29c28a5 is created with scope project and roles: ['member']
2025-12-02 14:37:21.341 66032 INFO tempest.lib.common.dynamic_creds [-] Acquired dynamic creds: credentials: Credentials: {'domain_id': 'default', 'domain_name': 'Default', 'username': 'tempest-VolumesNegativeTest-1461606048-project-member', 'project_domain_id': 'default', 'project_domain_name': 'Default', 'project_id': '8ade6a272b704d5ab314fc2b8b7014b9', 'project_name': 'tempest-VolumesNegativeTest-1461606048', 'tenant_id': '8ade6a272b704d5ab314fc2b8b7014b9', 'tenant_name': 'tempest-VolumesNegativeTest-1461606048', 'user_domain_id': 'default', 'user_domain_name': 'Default', 'user_id': '1e258011162847319601c3d1e29c28a5', 'system': None}, Network: None, Subnet: None, Router: None
2025-12-02 14:37:21.341 66032 INFO tempest.lib.common.dynamic_creds [-] Created isolated network resources for: credentials: Credentials: {'domain_id': 'default', 'domain_name': 'Default', 'username': 'tempest-VolumesNegativeTest-1461606048-project-member', 'project_domain_id': 'default', 'project_domain_name': 'Default', 'project_id': '8ade6a272b704d5ab314fc2b8b7014b9', 'project_name': 'tempest-VolumesNegativeTest-1461606048', 'tenant_id': '8ade6a272b704d5ab314fc2b8b7014b9', 'tenant_name': 'tempest-VolumesNegativeTest-1461606048', 'user_domain_id': 'default', 'user_domain_name': 'Default', 'user_id': '1e258011162847319601c3d1e29c28a5', 'system': None}, Network: None, Subnet: None, Router: None
2025-12-02 14:37:21.392 65988 INFO tempest.lib.common.rest_client [req-e49b82b7-b21f-4ccd-bc11-0733084dff96 req-e49b82b7-b21f-4ccd-bc11-0733084dff96 ] Request (ListImageFiltersTestJSON:test_list_images_with_detail_filter_by_changes_since): 200 GET http://10.180.1.21/compute/v2.1/images/detail?changes-since=2025-12-02T14%3A34%3A07Z 1.851s
2025-12-02 14:37:21.436 66032 INFO tempest.lib.common.rest_client [req-96d256da-758b-466f-9a47-872129277e32 req-96d256da-758b-466f-9a47-872129277e32 ] Request (VolumesNegativeTest:setUpClass): 201 POST http://10.180.1.21/identity/v3/auth/tokens 0.092s
2025-12-02 14:37:21.561 66000 INFO tempest.lib.common.rest_client [req-9c3b45f8-1ab8-4b32-a4a7-742c0f1ac036 req-9c3b45f8-1ab8-4b32-a4a7-742c0f1ac036 ] Request (ServerMetadataTestJSON:setUpClass): 202 POST http://10.180.1.21/compute/v2.1/servers 3.004s
2025-12-02 14:37:21.587 66016 INFO tempest.lib.common.rest_client [req-b6d7a5cd-5ab8-47ec-a2a8-957e813f90f8 req-b6d7a5cd-5ab8-47ec-a2a8-957e813f90f8 ] Request (ListServerFiltersTestJSON:test_list_servers_filtered_by_ip): 200 GET http://10.180.1.21/compute/v2.1/servers/7fb158fc-2156-4180-8684-1795d7abb316 1.805s
2025-12-02 14:37:21.642 66006 INFO tempest.lib.common.rest_client [req-d15007ef-1276-4ad2-a0ac-ceed7382cffd req-d15007ef-1276-4ad2-a0ac-ceed7382cffd ] Request (ServerActionsTestOtherA:setUpClass): 200 GET http://10.180.1.21/compute/v2.1/servers/1aedfe5e-de99-416b-a692-fd5428ec7d5b 1.422s
2025-12-02 14:37:21.659 65998 INFO tempest.lib.common.rest_client [req-60312073-c4f6-456c-8a8b-781f5e92d974 req-60312073-c4f6-456c-8a8b-781f5e92d974 ] Request (DeleteServersTestJSON:test_delete_server_while_in_attached_volume): 204 DELETE http://10.180.1.21/compute/v2.1/servers/4a6fb785-9fbe-4365-bc5e-bcee4f7b62c6 1.835s
2025-12-02 14:37:21.732 65984 INFO tempest.lib.common.rest_client [req-8249ea6e-8f9a-49ad-8391-9912a7260204 req-8249ea6e-8f9a-49ad-8391-9912a7260204 ] Request (ServersTestMultiNic:_run_cleanups): 200 GET http://10.180.1.21/compute/v2.1/servers/62304c75-76bf-41b9-b8ad-5a3af34cde3a 1.359s
2025-12-02 14:37:21.745 66020 INFO tempest.lib.common.rest_client [req-951cef0b-62df-44ed-b13c-2a3d2c9508b5 req-951cef0b-62df-44ed-b13c-2a3d2c9508b5 ] Request (ServersTestJSON:tearDownClass): 204 DELETE http://10.180.1.21/compute/v2.1/servers/46ba79c6-c8c8-43cb-8a9b-e834e2e9827a 1.500s
2025-12-02 14:37:21.819 65980 INFO tempest.lib.common.rest_client [req-ee2973fe-34ad-44d3-ad87-db8d66b56783 req-ee2973fe-34ad-44d3-ad87-db8d66b56783 ] Request (ServerShowV254Test:test_rebuild_server): 200 GET http://10.180.1.21/compute/v2.1/servers/72ef72d0-97b9-4ff7-876d-665278194775 1.348s
2025-12-02 14:37:21.881 65996 INFO tempest.lib.common.rest_client [req-bf110cf7-9dd8-4c84-8f65-a2db3a841225 req-bf110cf7-9dd8-4c84-8f65-a2db3a841225 ] Request (InstanceActionsV221TestJSON:test_get_list_deleted_instance_actions): 200 GET http://10.180.1.21/compute/v2.1/servers/44b1f84a-841f-457f-b07b-1926d89e01cb 1.400s
2025-12-02 14:37:21.896 66030 INFO tempest.lib.common.rest_client [req-66e944fb-804b-4081-86ec-e75007cff903 req-66e944fb-804b-4081-86ec-e75007cff903 ] Request (ServersTestManualDisk:setUpClass): 200 GET http://10.180.1.21/compute/v2.1/servers/aee5de22-939c-46ae-9bfe-328b7bea4a74 1.484s
2025-12-02 14:37:21.905 66030 INFO tempest.common.waiters [-] State transition "BUILD/spawning" ==> "ACTIVE/None" after 30 second wait
2025-12-02 14:37:21.953 66028 INFO tempest.lib.common.rest_client [req-bb56a73c-0c32-430f-9727-12f217c7f8c5 req-bb56a73c-0c32-430f-9727-12f217c7f8c5 ] Request (ServersWithSpecificFlavorTestJSON:test_verify_created_server_ephemeral_disk): 200 GET http://10.180.1.21/compute/v2.1/servers/28896d0f-07d4-4c59-8f57-da59c384bb12 1.315s
2025-12-02 14:37:21.957 65994 INFO tempest.lib.common.rest_client [req-284e767c-c222-40bd-ac83-3e08e9216347 req-284e767c-c222-40bd-ac83-3e08e9216347 ] Request (ServersListShow296Test:test_list_show_update_rebuild_server_296): 200 GET http://10.180.1.21/compute/v2.1/servers/d0c71bf4-408d-4fec-9ac4-8910ff03dc55 1.398s
2025-12-02 14:37:22.007 65990 INFO tempest.lib.common.rest_client [req-38395b69-75f7-4364-9f75-4fefe9180470 req-38395b69-75f7-4364-9f75-4fefe9180470 ] Request (ServersAdminTestJSON:test_inject_network_info): 200 GET http://10.180.1.21/compute/v2.1/servers/ac1b27f0-7570-470d-b9e8-4ae03c17d60a 1.205s
2025-12-02 14:37:22.024 66040 INFO tempest.lib.common.rest_client [req-b0a27199-b09b-49fa-a3e2-2acd5116e683 req-b0a27199-b09b-49fa-a3e2-2acd5116e683 ] Request (ServersAdminNegativeTestJSON:tearDownClass): 200 GET http://10.180.1.21/compute/v2.1/servers/3c708e13-7f52-4c5c-89c7-a8fc3c81937e 1.060s
2025-12-02 14:37:22.072 66027 INFO tempest.lib.common.rest_client [req-ac80c8fb-de95-4caa-9c22-70d29cc3dc46 req-ac80c8fb-de95-4caa-9c22-70d29cc3dc46 ] Request (ServersTestFqdnHostnames:test_create_server_with_fqdn_name): 200 GET http://10.180.1.21/compute/v2.1/servers/f1ebe666-f2e2-4ab7-b6b8-6a499363d1ed 0.991s
2025-12-02 14:37:22.132 66036 INFO tempest.lib.common.rest_client [req-b0e24952-20dd-4c27-8660-4f232c630844 req-b0e24952-20dd-4c27-8660-4f232c630844 ] Request (MigrationsAdminTest:test_resize_server_revert_deleted_flavor): 200 GET http://10.180.1.21/compute/v2.1/servers/98ca41bd-f013-4a0b-87d0-f1d4a9ba84f6 1.021s
2025-12-02 14:37:22.157 66024 INFO tempest.lib.common.rest_client [req-45f07f41-0508-4f33-b635-f08000139d3b req-45f07f41-0508-4f33-b635-f08000139d3b ] Request (ServerMetadataNegativeTestJSON:test_set_metadata_invalid_key): 400 PUT http://10.180.1.21/compute/v2.1/servers/2df00eb7-e74d-4eec-ad70-f9cd0482d41a/metadata/key 0.869s
2025-12-02 14:37:22.164 66014 INFO tempest.lib.common.rest_client [req-0d849b9d-ed0a-4806-aae7-d07254243676 req-0d849b9d-ed0a-4806-aae7-d07254243676 ] Request (HostsAdminNegativeTestJSON:test_update_host_with_invalid_status): 400 PUT http://10.180.1.21/compute/v2.1/os-hosts/devstack 0.868s
2025-12-02 14:37:22.179 66042 INFO tempest.lib.common.rest_client [req-1e20a19b-ee4d-41c4-b949-35917c47eca5 req-1e20a19b-ee4d-41c4-b949-35917c47eca5 ] Request (ImagesOneServerNegativeTestJSON:setUp): 200 GET http://10.180.1.21/compute/v2.1/servers/51c27ccc-e63b-4aab-9496-4eced3863508 0.892s
2025-12-02 14:37:22.238 66008 INFO tempest.lib.common.rest_client [req-d3ac3aaa-dcbb-4237-b923-0fec7865418b req-d3ac3aaa-dcbb-4237-b923-0fec7865418b ] Request (ServerShowV247Test:tearDownClass): 200 GET http://10.180.1.21/compute/v2.1/servers/713e8db5-8be0-4492-810a-b37621f6e349 0.865s
2025-12-02 14:37:22.239 65988 INFO tempest.lib.common.rest_client [req-3a960a44-dd5d-4fda-bc78-e594e66ab53b req-3a960a44-dd5d-4fda-bc78-e594e66ab53b ] Request (ListImageFiltersTestJSON:test_list_images_with_detail_filter_by_name): 200 GET http://10.180.1.21/compute/v2.1/images/detail?name=tempest-ListImageFiltersTestJSON-image-1273881885 0.830s
2025-12-02 14:37:22.324 66032 INFO tempest.lib.common.rest_client [req-6581e8d0-4736-4d04-b6f8-8f851eca2133 req-6581e8d0-4736-4d04-b6f8-8f851eca2133 ] Request (VolumesNegativeTest:test_create_volume_with_invalid_size): 400 POST http://10.180.1.21/compute/v2.1/os-volumes 0.886s
2025-12-02 14:37:22.377 66000 INFO tempest.lib.common.rest_client [req-2e5517ab-9cde-41f2-99e8-90393c459f3e req-2e5517ab-9cde-41f2-99e8-90393c459f3e ] Request (ServerMetadataTestJSON:setUpClass): 200 GET http://10.180.1.21/compute/v2.1/servers/0c713782-c272-48ea-a39b-9c31312a7644 0.814s
2025-12-02 14:37:22.404 66034 INFO tempest.lib.common.rest_client [req-0547c013-5a05-48b2-8ceb-df3ddee43957 req-0547c013-5a05-48b2-8ceb-df3ddee43957 ] Request (ServerDiagnosticsNegativeTest:test_get_server_diagnostics_by_non_admin): 200 GET http://10.180.1.21/compute/v2.1/servers/72f947d7-3cb2-41b4-8290-beb4c9c5e831 0.905s
2025-12-02 14:37:22.562 65998 INFO tempest.lib.common.rest_client [req-9badb6e4-f4ab-4a27-aeb0-c16c89998595 req-9badb6e4-f4ab-4a27-aeb0-c16c89998595 ] Request (DeleteServersTestJSON:test_delete_server_while_in_attached_volume): 200 GET http://10.180.1.21/compute/v2.1/servers/4a6fb785-9fbe-4365-bc5e-bcee4f7b62c6 0.902s
