2025-12-02 16:04:07.376 67257 INFO tempest.lib.common.rest_client [req-d7be930d-a934-474c-90a1-f17baefb80cc req-d7be930d-a934-474c-90a1-f17baefb80cc ] Request (ServersNegativeTestMultiTenantJSON:setUpClass): 200 GET http://10.180.1.21/identity/v3/roles 0.032s
2025-12-02 16:04:07.383 67260 INFO tempest.lib.common.rest_client [req-eb1786e1-97ef-41e7-87a6-057565cea9ca req-eb1786e1-97ef-41e7-87a6-057565cea9ca ] Request (AttachInterfacesUnderV243Test:test_add_remove_fixed_ip): 202 POST http://10.180.1.21/compute/v2.1/servers 3.638s
2025-12-02 16:04:07.386 67223 INFO tempest.lib.common.rest_client [req-9d5e2797-3acb-4eb7-b7dc-dcfef1ae6a3a req-9d5e2797-3acb-4eb7-b7dc-dcfef1ae6a3a ] Request (DeleteServersTestJSON:setUpClass): 200 GET http://10.180.1.21/identity/v3/domains?name=Default 0.027s
2025-12-02 16:04:07.402 67247 INFO tempest.lib.common.rest_client [req-56197544-16e0-40e9-92e2-efd827d211ee req-56197544-16e0-40e9-92e2-efd827d211ee ] Request (KeyPairsV22TestJSON:_run_cleanups): 204 DELETE http://10.180.1.21/compute/v2.1/os-keypairs/tempest-KeyPairsV22TestJSON-keypair-1662086109 2.732s
2025-12-02 16:04:07.418 67223 INFO tempest.lib.common.rest_client [req-6bbf3db8-1d75-41f5-b0ea-d32faf491b63 req-6bbf3db8-1d75-41f5-b0ea-d32faf491b63 ] Request (DeleteServersTestJSON:setUpClass): 201 POST http://10.180.1.21/identity/v3/projects 0.031s
2025-12-02 16:04:07.419 67257 INFO tempest.lib.common.rest_client [req-42332482-1d31-4c78-ab25-a105ed69e674 req-42332482-1d31-4c78-ab25-a105ed69e674 ] Request (ServersNegativeTestMultiTenantJSON:setUpClass): 204 PUT http://10.180.1.21/identity/v3/projects/8f9d0a609957435d95fd93f55cde0d6d/users/d3a250d446e44277b1a561915dad73dd/roles/0cb1e11e5b794f6d9694769b1f652da1 0.041s
2025-12-02 16:04:07.419 67257 INFO tempest.lib.common.dynamic_creds [-] Dynamic test user d3a250d446e44277b1a561915dad73dd is created with scope project and roles: ['member']
2025-12-02 16:04:07.419 67257 INFO tempest.lib.common.dynamic_creds [-] Acquired dynamic creds: credentials: Credentials: {'domain_id': 'default', 'domain_name': 'Default', 'username': 'tempest-ServersNegativeTestMultiTenantJSON-1819920719-project-member', 'project_domain_id': 'default', 'project_domain_name': 'Default', 'project_id': '8f9d0a609957435d95fd93f55cde0d6d', 'project_name': 'tempest-ServersNegativeTestMultiTenantJSON-1819920719', 'tenant_id': '8f9d0a609957435d95fd93f55cde0d6d', 'tenant_name': 'tempest-ServersNegativeTestMultiTenantJSON-1819920719', 'user_domain_id': 'default', 'user_domain_name': 'Default', 'user_id': 'd3a250d446e44277b1a561915dad73dd', 'system': None}, Network: None, Subnet: None, Router: None
2025-12-02 16:04:07.521 67223 INFO tempest.lib.common.rest_client [req-14697e08-915a-4f34-989f-eb44af806194 req-14697e08-915a-4f34-989f-eb44af806194 ] Request (DeleteServersTestJSON:setUpClass): 201 POST http://10.180.1.21/identity/v3/users 0.103s
2025-12-02 16:04:07.549 67223 INFO tempest.lib.common.rest_client [req-10e72041-c62e-45af-8242-2fd90a3f605a req-10e72041-c62e-45af-8242-2fd90a3f605a ] Request (DeleteServersTestJSON:setUpClass): 200 GET http://10.180.1.21/identity/v3/roles 0.027s
2025-12-02 16:04:07.589 67223 INFO tempest.lib.common.rest_client [req-b27e631e-b170-42ef-811b-853a10d4f559 req-b27e631e-b170-42ef-811b-853a10d4f559 ] Request (DeleteServersTestJSON:setUpClass): 204 PUT http://10.180.1.21/identity/v3/projects/f1f6fc8d58384af79676edb8c9c33b89/users/5515011a91544df0b26f8d6676c7390c/roles/0cb1e11e5b794f6d9694769b1f652da1 0.039s
2025-12-02 16:04:07.589 67223 INFO tempest.lib.common.dynamic_creds [-] Dynamic test user 5515011a91544df0b26f8d6676c7390c is created with scope project and roles: ['member']
2025-12-02 16:04:07.590 67223 INFO tempest.lib.common.dynamic_creds [-] Acquired dynamic creds: credentials: Credentials: {'domain_id': 'default', 'domain_name': 'Default', 'username': 'tempest-DeleteServersTestJSON-1931463905-project-member', 'project_domain_id': 'default', 'project_domain_name': 'Default', 'project_id': 'f1f6fc8d58384af79676edb8c9c33b89', 'project_name': 'tempest-DeleteServersTestJSON-1931463905', 'tenant_id': 'f1f6fc8d58384af79676edb8c9c33b89', 'tenant_name': 'tempest-DeleteServersTestJSON-1931463905', 'user_domain_id': 'default', 'user_domain_name': 'Default', 'user_id': '5515011a91544df0b26f8d6676c7390c', 'system': None}, Network: None, Subnet: None, Router: None
2025-12-02 16:04:07.658 67257 INFO tempest.lib.common.rest_client [req-6ed7731f-f2fb-4aa1-a42b-3c87f9fb3c86 req-6ed7731f-f2fb-4aa1-a42b-3c87f9fb3c86 ] Request (ServersNegativeTestMultiTenantJSON:setUpClass): 201 POST http://10.180.1.21/networking/v2.0/networks 0.238s
2025-12-02 16:04:07.672 67223 INFO tempest.lib.common.rest_client [req-6db5b56e-21e3-456e-8685-b3b9fad06fcb req-6db5b56e-21e3-456e-8685-b3b9fad06fcb ] Request (DeleteServersTestJSON:setUpClass): 201 POST http://10.180.1.21/identity/v3/auth/tokens 0.082s
2025-12-02 16:04:07.695 67219 INFO tempest.lib.common.rest_client [req-11c40e62-ee82-457a-893d-f2826048d849 req-11c40e62-ee82-457a-893d-f2826048d849 ] Request (ServerRescueNegativeTestJSON:test_rescued_vm_attach_volume): 200 GET http://10.180.1.21/compute/v2.1/servers/e7eb0fe6-7b1b-428d-8ec1-f28d844cadc1 2.817s
2025-12-02 16:04:07.924 67257 INFO tempest.lib.common.rest_client [req-366cafe7-6ae9-4bcc-9e1e-72fc4e024ab7 req-366cafe7-6ae9-4bcc-9e1e-72fc4e024ab7 ] Request (ServersNegativeTestMultiTenantJSON:setUpClass): 201 POST http://10.180.1.21/networking/v2.0/subnets 0.266s
2025-12-02 16:04:07.983 67275 INFO tempest.lib.common.rest_client [req-ad996573-7509-495f-8fc7-1a3dbe078929 req-ad996573-7509-495f-8fc7-1a3dbe078929 ] Request (ServersAdminTestJSON:test_list_servers_by_admin_with_all_tenants): 200 GET http://10.180.1.21/compute/v2.1/servers/detail?all_tenants= 3.443s
2025-12-02 16:04:08.027 67275 WARNING tempest.lib.common.rest_client [-] Deprecated: "tenant_id" property is deprecated for removal, use "project_id" instead
2025-12-02 16:04:08.028 67252 INFO tempest.lib.common.rest_client [req-ba2388f3-6b61-4a50-be7a-2988b92fa6ce req-ba2388f3-6b61-4a50-be7a-2988b92fa6ce ] Request (ServerDiagnosticsV248Test:test_get_server_diagnostics): 200 GET http://10.180.1.21/compute/v2.1/servers/3ddb74f2-d092-4c94-b60e-5920637e68fa 3.068s
2025-12-02 16:04:08.039 67223 INFO tempest.lib.common.rest_client [req-91002682-2a91-4507-beb3-b44364e64352 req-91002682-2a91-4507-beb3-b44364e64352 ] Request (DeleteServersTestJSON:setUpClass): 201 POST http://10.180.1.21/networking/v2.0/networks 0.366s
2025-12-02 16:04:08.087 67237 INFO tempest.lib.common.rest_client [req-a6a3bc25-9e80-419f-8f09-a1e3b2371a4c req-a6a3bc25-9e80-419f-8f09-a1e3b2371a4c ] Request (ServerActionsV293TestJSON:setUpClass): 200 GET http://10.180.1.21/volume/v3/volumes/9799e448-edbd-458c-b4b0-fa652fa9d38d 0.030s
2025-12-02 16:04:08.091 67273 INFO tempest.lib.common.rest_client [req-c597445f-60c9-4da7-a4ba-644be0179c2b req-c597445f-60c9-4da7-a4ba-644be0179c2b ] Request (ServerActionsTestOtherB:setUpClass): 200 GET http://10.180.1.21/compute/v2.1/servers/6f280fd8-83d6-4843-8328-5118a76cdf43 2.971s
2025-12-02 16:04:08.239 67223 INFO tempest.lib.common.rest_client [req-48ceb6fa-acc6-4c22-a4d1-16b6c21229fb req-48ceb6fa-acc6-4c22-a4d1-16b6c21229fb ] Request (DeleteServersTestJSON:setUpClass): 201 POST http://10.180.1.21/networking/v2.0/subnets 0.198s
2025-12-02 16:04:08.367 67217 INFO tempest.lib.common.rest_client [req-53a9f50d-485e-4f91-84fa-09f2a37453e1 req-53a9f50d-485e-4f91-84fa-09f2a37453e1 ] Request (ServerDiskConfigTestJSON:test_resize_server_from_auto_to_manual): 200 GET http://10.180.1.21/compute/v2.1/servers/dadc09b5-2145-4df5-84f2-97a5d7d4eb19 3.137s
2025-12-02 16:04:08.757 67257 INFO tempest.lib.common.rest_client [req-9fdff1f2-2616-496d-bdf2-e991b1c9c1e0 req-9fdff1f2-2616-496d-bdf2-e991b1c9c1e0 ] Request (ServersNegativeTestMultiTenantJSON:setUpClass): 201 POST http://10.180.1.21/networking/v2.0/routers 0.832s
2025-12-02 16:04:08.805 67249 INFO tempest.lib.common.rest_client [req-174a69f8-2e99-427a-be93-3b4e945745b4 req-174a69f8-2e99-427a-be93-3b4e945745b4 ] Request (ServersTestFqdnHostnames:test_create_server_with_fqdn_name): 200 GET http://10.180.1.21/compute/v2.1/servers/25e8701d-e5a3-4839-9a2f-f2f897abda73 3.614s
2025-12-02 16:04:08.882 67253 INFO tempest.lib.common.rest_client [req-d649d4d2-b6d0-4ecf-8ff8-7d187c8aa96d req-d649d4d2-b6d0-4ecf-8ff8-7d187c8aa96d ] Request (MigrationsAdminTest:test_resize_server_revert_deleted_flavor): 200 GET http://10.180.1.21/compute/v2.1/servers/4161ffd6-2327-442b-b5c7-407b5d6a216d 3.588s
2025-12-02 16:04:09.129 67237 INFO tempest.lib.common.rest_client [req-0650823d-058e-405e-a6b0-2b556f3ab769 req-0650823d-058e-405e-a6b0-2b556f3ab769 ] Request (ServerActionsV293TestJSON:setUpClass): 200 GET http://10.180.1.21/volume/v3/volumes/9799e448-edbd-458c-b4b0-fa652fa9d38d 0.033s
2025-12-02 16:04:09.140 67223 INFO tempest.lib.common.rest_client [req-7f7e2e46-693e-4e78-9ad9-ff2bea494382 req-7f7e2e46-693e-4e78-9ad9-ff2bea494382 ] Request (DeleteServersTestJSON:setUpClass): 201 POST http://10.180.1.21/networking/v2.0/routers 0.901s
2025-12-02 16:04:09.206 67269 INFO tempest.lib.common.rest_client [req-a26a7416-e1da-4b0e-9f3c-794f40dadc3f req-a26a7416-e1da-4b0e-9f3c-794f40dadc3f ] Request (InstanceActionsNegativeTestJSON:setUpClass): 200 GET http://10.180.1.21/compute/v2.1/servers/7395e460-384d-4435-bc77-e1d88f0b330c 3.904s
2025-12-02 16:04:09.237 67227 INFO tempest.lib.common.rest_client [req-3e4cb05e-cdb4-427b-abd9-02023cf7eb89 req-3e4cb05e-cdb4-427b-abd9-02023cf7eb89 ] Request (ListServersNegativeTestJSON:setUpClass): 404 GET http://10.180.1.21/compute/v2.1/servers/2862a358-d7ae-4256-b0b9-2a7e4bfabae7 3.863s
2025-12-02 16:04:09.248 67235 INFO tempest.lib.common.rest_client [req-be4b50b8-3bf5-4669-8b59-7028c0c1b2a1 req-be4b50b8-3bf5-4669-8b59-7028c0c1b2a1 ] Request (ServerPasswordTestJSON:setUpClass): 200 GET http://10.180.1.21/compute/v2.1/servers/86778ef9-bf1e-47c4-b42f-65b76419d34d 3.886s
2025-12-02 16:04:09.774 67257 INFO tempest.lib.common.rest_client [req-6bbf84ff-88d1-49ee-aca0-e75a69fd4438 req-6bbf84ff-88d1-49ee-aca0-e75a69fd4438 ] Request (ServersNegativeTestMultiTenantJSON:setUpClass): 200 PUT http://10.180.1.21/networking/v2.0/routers/acc819cd-c48a-44e7-8cd4-d60d9d0fc02d/add_router_interface 1.016s
2025-12-02 16:04:09.774 67257 INFO tempest.lib.common.dynamic_creds [-] Created isolated network resources for: credentials: Credentials: {'domain_id': 'default', 'domain_name': 'Default', 'username': 'tempest-ServersNegativeTestMultiTenantJSON-1819920719-project-member', 'project_domain_id': 'default', 'project_domain_name': 'Default', 'project_id': '8f9d0a609957435d95fd93f55cde0d6d', 'project_name': 'tempest-ServersNegativeTestMultiTenantJSON-1819920719', 'tenant_id': '8f9d0a609957435d95fd93f55cde0d6d', 'tenant_name': 'tempest-ServersNegativeTestMultiTenantJSON-1819920719', 'user_domain_id': 'default', 'user_domain_name': 'Default', 'user_id': 'd3a250d446e44277b1a561915dad73dd', 'system': None}, Network: {'id': '054f6e0f-ed6e-4000-9b1a-4725291eda53', 'name': 'tempest-ServersNegativeTestMultiTenantJSON-1328996063-network', 'tenant_id': '8f9d0a609957435d95fd93f55cde0d6d', 'project_id': '8f9d0a609957435d95fd93f55cde0d6d', 'admin_state_up': True, 'mtu': 8950, 'status': 'ACTIVE', 'subnets': [], 'shared': False, 'port_security_enabled': True, 'router:external': False, 'provider:network_type': 'vlan', 'provider:physical_network': 'default', 'provider:segmentation_id': 347, 'availability_zone_hints': [], 'availability_zones': [], 'ipv4_address_scope': None, 'ipv6_address_scope': None, 'description': '', 'tags': [], 'created_at': '2025-12-02T16:04:07Z', 'updated_at': '2025-12-02T16:04:07Z', 'revision_number': 1}, Subnet: {'id': '7c2be7f7-623a-4317-a5c7-f2a1d9be74c5', 'name': 'tempest-ServersNegativeTestMultiTenantJSON-1328996063-subnet', 'tenant_id': '8f9d0a609957435d95fd93f55cde0d6d', 'network_id': '054f6e0f-ed6e-4000-9b1a-4725291eda53', 'ip_version': 4, 'subnetpool_id': None, 'enable_dhcp': True, 'ipv6_ra_mode': None, 'ipv6_address_mode': None, 'gateway_ip': '192.168.128.1', 'cidr': '192.168.128.0/28', 'allocation_pools': [{'start': '192.168.128.2', 'end': '192.168.128.14'}], 'host_routes': [], 'dns_nameservers': [], 'description': '', 'router:external': False, 'service_types': [], 'tags': [], 'created_at': '2025-12-02T16:04:07Z', 'updated_at': '2025-12-02T16:04:07Z', 'revision_number': 0, 'project_id': '8f9d0a609957435d95fd93f55cde0d6d'}, Router: {'id': 'acc819cd-c48a-44e7-8cd4-d60d9d0fc02d', 'name': 'tempest-ServersNegativeTestMultiTenantJSON-1328996063-router', 'tenant_id': '8f9d0a609957435d95fd93f55cde0d6d', 'admin_state_up': True, 'status': 'ACTIVE', 'external_gateway_info': {'network_id': '0d6857a1-e38a-4190-8bb1-0484a8dc1e94', 'external_fixed_ips': [{'subnet_id': 'bbea23ed-fdd4-4a4e-a438-18a85291482c', 'ip_address': '10.180.180.253'}], 'enable_snat': True}, 'description': '', 'availability_zones': [], 'distributed': False, 'ha': False, 'availability_zone_hints': [], 'routes': [], 'flavor_id': None, 'tags': [], 'created_at': '2025-12-02T16:04:08Z', 'updated_at': '2025-12-02T16:04:08Z', 'revision_number': 2, 'project_id': '8f9d0a609957435d95fd93f55cde0d6d'}
2025-12-02 16:04:09.813 67265 INFO tempest.lib.common.rest_client [req-2f5a994e-df89-4015-b89d-962110d30f56 req-2f5a994e-df89-4015-b89d-962110d30f56 ] Request (ServerAddressesNegativeTestJSON:setUpClass): 200 GET http://10.180.1.21/compute/v2.1/servers/26ff306c-2d39-44ec-8a47-8482f044cb25 4.280s
2025-12-02 16:04:09.840 67241 INFO tempest.lib.common.rest_client [req-007bafc3-f6c2-4a91-8de6-82958baef5ad req-007bafc3-f6c2-4a91-8de6-82958baef5ad ] Request (ServerShowV257Test:tearDownClass): 200 GET http://10.180.1.21/compute/v2.1/servers/7f0c6037-a9b1-4118-8320-3d73c8ddd606 4.360s
2025-12-02 16:04:09.910 67257 INFO tempest.lib.common.rest_client [req-cf3a0712-a722-4101-9369-e3f7f32cb090 req-cf3a0712-a722-4101-9369-e3f7f32cb090 ] Request (ServersNegativeTestMultiTenantJSON:setUpClass): 201 POST http://10.180.1.21/identity/v3/auth/tokens 0.132s
2025-12-02 16:04:09.930 67245 INFO tempest.lib.common.rest_client [req-8d606c85-d353-4888-ae50-7d744c9dc756 req-8d606c85-d353-4888-ae50-7d744c9dc756 ] Request (ListServerFiltersTestJSON:setUpClass): 200 GET http://10.180.1.21/compute/v2.1/servers/37b05ea8-ba31-4985-9c99-f150765932ed 4.265s
2025-12-02 16:04:10.012 67257 INFO tempest.lib.common.rest_client [req-a95d9cd1-7081-438e-8a52-0e335674cc08 req-a95d9cd1-7081-438e-8a52-0e335674cc08 ] Request (ServersNegativeTestMultiTenantJSON:setUpClass): 201 POST http://10.180.1.21/identity/v3/auth/tokens 0.094s
2025-12-02 16:04:10.012 67257 INFO tempest.lib.common.fixed_network [-] (ServersNegativeTestMultiTenantJSON:setUpClass) Found network {'id': '1af602dc-37b5-4129-ba33-1afd92b3e257', 'name': 'tempest-ServersNegativeTestMultiTenantJSON-2135855906-network', 'tenant_id': '4ccd4a75d6dd4fafbc9f89d45a91a490', 'project_id': '4ccd4a75d6dd4fafbc9f89d45a91a490', 'admin_state_up': True, 'mtu': 8950, 'status': 'ACTIVE', 'subnets': [], 'shared': False, 'port_security_enabled': True, 'router:external': False, 'provider:network_type': 'vlan', 'provider:physical_network': 'default', 'provider:segmentation_id': 839, 'availability_zone_hints': [], 'availability_zones': [], 'ipv4_address_scope': None, 'ipv6_address_scope': None, 'description': '', 'tags': [], 'created_at': '2025-12-02T16:04:04Z', 'updated_at': '2025-12-02T16:04:04Z', 'revision_number': 1} available for tenant
2025-12-02 16:04:10.139 67261 INFO tempest.lib.common.rest_client [req-c19fdce3-a901-4859-a97a-2cb46b2dcf5a req-c19fdce3-a901-4859-a97a-2cb46b2dcf5a ] Request (SecurityGroupsTestJSON:test_server_security_groups): 200 GET http://10.180.1.21/compute/v2.1/servers/ea703068-fa50-4dad-ba1f-2f47cde3400f 4.424s
2025-12-02 16:04:10.155 67261 INFO tempest.common.waiters [-] State transition "HARD_REBOOT/rebooting_hard" ==> "ACTIVE/None" after 8 second wait
2025-12-02 16:04:10.176 67237 INFO tempest.lib.common.rest_client [req-26696370-7309-4a97-925f-9904ac22ecf2 req-26696370-7309-4a97-925f-9904ac22ecf2 ] Request (ServerActionsV293TestJSON:setUpClass): 200 GET http://10.180.1.21/volume/v3/volumes/9799e448-edbd-458c-b4b0-fa652fa9d38d 0.035s
2025-12-02 16:04:10.178 67223 INFO tempest.lib.common.rest_client [req-0214726a-b114-4257-b069-ea45c3fa9b4f req-0214726a-b114-4257-b069-ea45c3fa9b4f ] Request (DeleteServersTestJSON:setUpClass): 200 PUT http://10.180.1.21/networking/v2.0/routers/772157a1-7476-4450-b60d-502e594fedba/add_router_interface 1.037s
2025-12-02 16:04:10.178 67223 INFO tempest.lib.common.dynamic_creds [-] Created isolated network resources for: credentials: Credentials: {'domain_id': 'default', 'domain_name': 'Default', 'username': 'tempest-DeleteServersTestJSON-1931463905-project-member', 'project_domain_id': 'default', 'project_domain_name': 'Default', 'project_id': 'f1f6fc8d58384af79676edb8c9c33b89', 'project_name': 'tempest-DeleteServersTestJSON-1931463905', 'tenant_id': 'f1f6fc8d58384af79676edb8c9c33b89', 'tenant_name': 'tempest-DeleteServersTestJSON-1931463905', 'user_domain_id': 'default', 'user_domain_name': 'Default', 'user_id': '5515011a91544df0b26f8d6676c7390c', 'system': None}, Network: {'id': '872cfcbc-4aa6-43d0-a112-7f1e4e59d511', 'name': 'tempest-DeleteServersTestJSON-1146174340-network', 'tenant_id': 'f1f6fc8d58384af79676edb8c9c33b89', 'project_id': 'f1f6fc8d58384af79676edb8c9c33b89', 'admin_state_up': True, 'mtu': 8950, 'status': 'ACTIVE', 'subnets': [], 'shared': False, 'port_security_enabled': True, 'router:external': False, 'provider:network_type': 'vlan', 'provider:physical_network': 'default', 'provider:segmentation_id': 833, 'availability_zone_hints': [], 'availability_zones': [], 'ipv4_address_scope': None, 'ipv6_address_scope': None, 'description': '', 'tags': [], 'created_at': '2025-12-02T16:04:07Z', 'updated_at': '2025-12-02T16:04:07Z', 'revision_number': 1}, Subnet: {'id': '1f800f57-9834-4ff0-8627-aa5458bc2e50', 'name': 'tempest-DeleteServersTestJSON-1146174340-subnet', 'tenant_id': 'f1f6fc8d58384af79676edb8c9c33b89', 'network_id': '872cfcbc-4aa6-43d0-a112-7f1e4e59d511', 'ip_version': 4, 'subnetpool_id': None, 'enable_dhcp': True, 'ipv6_ra_mode': None, 'ipv6_address_mode': None, 'gateway_ip': '192.168.128.1', 'cidr': '192.168.128.0/28', 'allocation_pools': [{'start': '192.168.128.2', 'end': '192.168.128.14'}], 'host_routes': [], 'dns_nameservers': [], 'description': '', 'router:external': False, 'service_types': [], 'tags': [], 'created_at': '2025-12-02T16:04:08Z', 'updated_at': '2025-12-02T16:04:08Z', 'revision_number': 0, 'project_id': 'f1f6fc8d58384af79676edb8c9c33b89'}, Router: {'id': '772157a1-7476-4450-b60d-502e594fedba', 'name': 'tempest-DeleteServersTestJSON-1146174340-router', 'tenant_id': 'f1f6fc8d58384af79676edb8c9c33b89', 'admin_state_up': True, 'status': 'ACTIVE', 'external_gateway_info': {'network_id': '0d6857a1-e38a-4190-8bb1-0484a8dc1e94', 'external_fixed_ips': [{'subnet_id': 'bbea23ed-fdd4-4a4e-a438-18a85291482c', 'ip_address': '10.180.180.219'}], 'enable_snat': True}, 'description': '', 'availability_zones': [], 'distributed': False, 'ha': False, 'availability_zone_hints': [], 'routes': [], 'flavor_id': None, 'tags': [], 'created_at': '2025-12-02T16:04:08Z', 'updated_at': '2025-12-02T16:04:08Z', 'revision_number': 2, 'project_id': 'f1f6fc8d58384af79676edb8c9c33b89'}
2025-12-02 16:04:10.183 67232 INFO tempest.lib.common.rest_client [req-fb943e62-5dec-40f5-9b0d-12a6d4b1525c req-fb943e62-5dec-40f5-9b0d-12a6d4b1525c ] Request (ImagesOneServerNegativeTestJSON:tearDown): 200 GET http://10.180.1.21/compute/v2.1/servers/1551bff5-78ef-4cf3-8ebf-c6e30ef94c01 4.154s
2025-12-02 16:04:10.208 67233 INFO tempest.lib.common.rest_client [req-8d82e45d-4955-4952-b4d8-7cb0ffd77461 req-8d82e45d-4955-4952-b4d8-7cb0ffd77461 ] Request (TenantUsagesTestJSON:test_get_usage_tenant_with_non_admin_user): 200 GET http://10.180.1.21/compute/v2.1/os-simple-tenant-usage/af77f2461fab4f5386d47ad23562fe17?start=2025-12-01T16%3A04%3A03.864329&end=2025-12-03T16%3A04%3A03.864329 3.967s
2025-12-02 16:04:10.216 67229 INFO tempest.lib.common.rest_client [req-5d961727-f3ce-418d-825a-6d55a12c1247 req-5d961727-f3ce-418d-825a-6d55a12c1247 ] Request (ServersAdminNegativeTestJSON:test_reset_state_server_invalid_type): 400 POST http://10.180.1.21/compute/v2.1/servers/4d4b8d0f-7677-4b2d-8b38-adca04d45ed2/action 3.971s
2025-12-02 16:04:10.245 67279 INFO tempest.lib.common.rest_client [req-2dbe34ab-d033-4b74-88d6-ad52fd0a4fe5 req-2dbe34ab-d033-4b74-88d6-ad52fd0a4fe5 ] Request (InstanceActionsTestJSON:tearDownClass): 200 GET http://10.180.1.21/compute/v2.1/servers/a2d337e7-f84e-4079-aee9-72ebe0344f91 4.159s
2025-12-02 16:04:10.256 67279 INFO tempest.common.waiters [-] State transition "ACTIVE/deleting" ==> "DELETED/None" after 8 second wait
2025-12-02 16:04:10.266 67223 INFO tempest.lib.common.rest_client [req-c92bbded-165f-42df-9cab-111d991a13d2 req-c92bbded-165f-42df-9cab-111d991a13d2 ] Request (DeleteServersTestJSON:setUpClass): 201 POST http://10.180.1.21/identity/v3/auth/tokens 0.081s
2025-12-02 16:04:10.276 67239 INFO tempest.lib.common.rest_client [req-348ac810-a972-43a9-b189-4037990e6dd0 req-348ac810-a972-43a9-b189-4037990e6dd0 ] Request (ServerMetadataNegativeTestJSON:setUpClass): 200 GET http://10.180.1.21/compute/v2.1/servers/f77569bb-f2ed-4474-90ad-e4b8c56c08c2 3.952s
2025-12-02 16:04:10.296 67247 INFO tempest.lib.common.rest_client [req-91aa686d-a774-4905-a57d-b7f768d43cbd req-91aa686d-a774-4905-a57d-b7f768d43cbd ] Request (KeyPairsV22TestJSON:_run_cleanups): 204 DELETE http://10.180.1.21/compute/v2.1/os-keypairs/tempest-KeyPairsV22TestJSON-keypair-1623439271 2.894s
2025-12-02 16:04:10.310 67223 INFO tempest.lib.common.rest_client [req-6d588cef-464b-4dd6-9e7c-13e5018846f3 req-6d588cef-464b-4dd6-9e7c-13e5018846f3 ] Request (DeleteServersTestJSON:test_delete_active_server): 201 POST http://10.180.1.21/identity/v3/auth/tokens 0.039s
2025-12-02 16:04:10.310 67223 INFO tempest.lib.common.fixed_network [-] (DeleteServersTestJSON:test_delete_active_server) Found network {'id': '872cfcbc-4aa6-43d0-a112-7f1e4e59d511', 'name': 'tempest-DeleteServersTestJSON-1146174340-network', 'tenant_id': 'f1f6fc8d58384af79676edb8c9c33b89', 'project_id': 'f1f6fc8d58384af79676edb8c9c33b89', 'admin_state_up': True, 'mtu': 8950, 'status': 'ACTIVE', 'subnets': [], 'shared': False, 'port_security_enabled': True, 'router:external': False, 'provider:network_type': 'vlan', 'provider:physical_network': 'default', 'provider:segmentation_id': 833, 'availability_zone_hints': [], 'availability_zones': [], 'ipv4_address_scope': None, 'ipv6_address_scope': None, 'description': '', 'tags': [], 'created_at': '2025-12-02T16:04:07Z', 'updated_at': '2025-12-02T16:04:07Z', 'revision_number': 1} available for tenant
2025-12-02 16:04:10.327 67275 INFO tempest.lib.common.rest_client [req-a3686627-8691-4b38-b885-a4ea88f56046 req-a3686627-8691-4b38-b885-a4ea88f56046 ] Request (ServersAdminTestJSON:test_list_servers_by_admin_with_specified_tenant): 200 GET http://10.180.1.21/compute/v2.1/servers/detail?tenant_id=4d536520960a41a3820e3d50ed6a834d 2.300s
2025-12-02 16:04:10.342 67260 INFO tempest.lib.common.rest_client [req-b5d1c373-58c2-4470-aa6b-4be0d5244680 req-b5d1c373-58c2-4470-aa6b-4be0d5244680 ] Request (AttachInterfacesUnderV243Test:test_add_remove_fixed_ip): 200 GET http://10.180.1.21/compute/v2.1/servers/0ad8d175-9ac5-4b84-9c45-0d1812040412 2.955s
2025-12-02 16:04:10.412 67255 INFO tempest.lib.common.rest_client [req-a3f2264e-b872-4acb-a067-76b780920a57 req-a3f2264e-b872-4acb-a067-76b780920a57 ] Request (ServersListShow296Test:tearDownClass): 200 GET http://10.180.1.21/compute/v2.1/servers/33ea2805-4beb-4cdf-8a97-2642e3641677 2.092s
2025-12-02 16:04:10.439 67267 INFO tempest.lib.common.rest_client [req-752698c2-22ff-47ac-bc94-0fabec1a1715 req-752698c2-22ff-47ac-bc94-0fabec1a1715 ] Request (ServersWithSpecificFlavorTestJSON:test_verify_created_server_ephemeral_disk): 200 GET http://10.180.1.21/compute/v2.1/servers/c4e6cc6b-8d9b-4e77-9fd7-f787394d623c 2.229s
2025-12-02 16:04:10.501 67252 INFO tempest.lib.common.rest_client [req-5c42fad5-c3bd-4ce7-bfee-ba8ff039c0b7 req-5c42fad5-c3bd-4ce7-bfee-ba8ff039c0b7 ] Request (ServerDiagnosticsV248Test:test_get_server_diagnostics): 200 GET http://10.180.1.21/compute/v2.1/servers/3ddb74f2-d092-4c94-b60e-5920637e68fa 1.465s
2025-12-02 16:04:10.527 67219 INFO tempest.lib.common.rest_client [req-a04a4a85-8892-46f8-a4d0-80849bd624cb req-a04a4a85-8892-46f8-a4d0-80849bd624cb ] Request (ServerRescueNegativeTestJSON:test_rescued_vm_attach_volume): 200 GET http://10.180.1.21/compute/v2.1/servers/e7eb0fe6-7b1b-428d-8ec1-f28d844cadc1 1.820s
2025-12-02 16:04:10.577 67273 INFO tempest.lib.common.rest_client [req-500cfa4a-243c-43d4-a05f-1488e073a407 req-500cfa4a-243c-43d4-a05f-1488e073a407 ] Request (ServerActionsTestOtherB:setUpClass): 200 GET http://10.180.1.21/compute/v2.1/servers/6f280fd8-83d6-4843-8328-5118a76cdf43 1.472s
2025-12-02 16:04:10.608 67227 INFO tempest.lib.common.rest_client [req-822c5136-9001-4fdc-a91a-f1ef9e62c62b req-822c5136-9001-4fdc-a91a-f1ef9e62c62b ] Request (ListServersNegativeTestJSON:test_list_servers_by_changes_since_future_date): 200 GET http://10.180.1.21/compute/v2.1/servers?changes-since=2051-01-01T12%3A34%3A00Z&status=ACTIVE 1.370s
2025-12-02 16:04:10.646 67217 INFO tempest.lib.common.rest_client [req-9bb004c8-1fc2-4d4b-8769-0e85982a829e req-9bb004c8-1fc2-4d4b-8769-0e85982a829e ] Request (ServerDiskConfigTestJSON:test_resize_server_from_auto_to_manual): 200 GET http://10.180.1.21/compute/v2.1/servers/dadc09b5-2145-4df5-84f2-97a5d7d4eb19 1.270s
2025-12-02 16:04:10.707 67253 INFO tempest.lib.common.rest_client [req-0bccdbe7-aa64-401c-9960-aa3828d4ee0b req-0bccdbe7-aa64-401c-9960-aa3828d4ee0b ] Request (MigrationsAdminTest:test_resize_server_revert_deleted_flavor): 200 GET http://10.180.1.21/compute/v2.1/servers/4161ffd6-2327-442b-b5c7-407b5d6a216d 0.810s
2025-12-02 16:04:10.729 67249 INFO tempest.lib.common.rest_client [req-8498d1f7-faf6-47fb-8b83-5bf0af56cc11 req-8498d1f7-faf6-47fb-8b83-5bf0af56cc11 ] Request (ServersTestFqdnHostnames:test_create_server_with_fqdn_name): 200 GET http://10.180.1.21/compute/v2.1/servers/25e8701d-e5a3-4839-9a2f-f2f897abda73 0.902s
2025-12-02 16:04:10.737 67249 INFO tempest.common.waiters [-] State transition "BUILD/spawning" ==> "ACTIVE/None" after 54 second wait
2025-12-02 16:04:10.896 67243 WARNING tempest.lib.common.ssh [-] Failed to establish authenticated ssh connection to cirros@10.180.180.211 ([Errno None] Unable to connect to port 22 on 10.180.180.211). Number attempts: 5. Retry after 6 seconds.: paramiko.ssh_exception.NoValidConnectionsError: [Errno None] Unable to connect to port 22 on 10.180.180.211
2025-12-02 16:04:11.214 67237 INFO tempest.lib.common.rest_client [req-8f5a0686-6d28-4799-b3e5-a20420d8ce39 req-8f5a0686-6d28-4799-b3e5-a20420d8ce39 ] Request (ServerActionsV293TestJSON:setUpClass): 200 GET http://10.180.1.21/volume/v3/volumes/9799e448-edbd-458c-b4b0-fa652fa9d38d 0.030s
2025-12-02 16:04:11.224 67261 INFO tempest.lib.common.rest_client [req-07dba287-de49-4917-a8a7-d702cf9f3546 req-07dba287-de49-4917-a8a7-d702cf9f3546 ] Request (SecurityGroupsTestJSON:test_server_security_groups): 202 POST http://10.180.1.21/compute/v2.1/servers/ea703068-fa50-4dad-ba1f-2f47cde3400f/action 1.068s
2025-12-02 16:04:11.363 67257 INFO tempest.lib.common.rest_client [req-fc455b63-edef-46da-a2d6-64eff9cdec64 req-fc455b63-edef-46da-a2d6-64eff9cdec64 ] Request (ServersNegativeTestMultiTenantJSON:setUpClass): 202 POST http://10.180.1.21/compute/v2.1/servers 1.349s
2025-12-02 16:04:11.402 67232 INFO tempest.lib.common.rest_client [req-3ac3b151-124f-4705-b31c-38df7365d9fa req-3ac3b151-124f-4705-b31c-38df7365d9fa ] Request (ImagesOneServerNegativeTestJSON:setUp): 200 GET http://10.180.1.21/compute/v2.1/servers/1551bff5-78ef-4cf3-8ebf-c6e30ef94c01 1.207s
2025-12-02 16:04:11.416 67229 INFO tempest.lib.common.rest_client [req-1371117b-1d9f-4930-b3a7-10b7f4a82879 req-1371117b-1d9f-4930-b3a7-10b7f4a82879 ] Request (ServersAdminNegativeTestJSON:test_reset_state_server_nonexistent_server): 404 POST http://10.180.1.21/compute/v2.1/servers/999/action 1.198s
2025-12-02 16:04:11.453 67233 INFO tempest.lib.common.rest_client [req-0de83a40-378f-4441-a9d9-24147581c103 req-0de83a40-378f-4441-a9d9-24147581c103 ] Request (TenantUsagesTestJSON:test_list_usage_all_tenants): 200 GET http://10.180.1.21/compute/v2.1/os-simple-tenant-usage?start=2025-12-01T16%3A04%3A03.864329&end=2025-12-03T16%3A04%3A03.864329&detailed=1 1.240s
2025-12-02 16:04:11.561 67235 INFO tempest.lib.common.rest_client [req-d20271c6-b2a1-4410-b02b-676cb0077dd7 req-d20271c6-b2a1-4410-b02b-676cb0077dd7 ] Request (ServerPasswordTestJSON:setUpClass): 200 GET http://10.180.1.21/compute/v2.1/servers/86778ef9-bf1e-47c4-b42f-65b76419d34d 1.303s
2025-12-02 16:04:11.586 67247 INFO tempest.lib.common.rest_client [req-8962906c-57e0-4511-89dc-b86b3de1ddf6 req-8962906c-57e0-4511-89dc-b86b3de1ddf6 ] Request (KeyPairsV22TestJSON:_run_cleanups): 204 DELETE http://10.180.1.21/compute/v2.1/os-keypairs/tempest-KeyPairsV22TestJSON-keypair-215173860 1.288s
2025-12-02 16:04:11.595 67269 INFO tempest.lib.common.rest_client [req-939edc52-14fd-43b5-b6b9-1526944fac4f req-939edc52-14fd-43b5-b6b9-1526944fac4f ] Request (InstanceActionsNegativeTestJSON:setUpClass): 200 GET http://10.180.1.21/compute/v2.1/servers/7395e460-384d-4435-bc77-e1d88f0b330c 1.377s
2025-12-02 16:04:11.606 67269 INFO tempest.common.waiters [-] State transition "BUILD/None" ==> "BUILD/networking" after 30 second wait
2025-12-02 16:04:11.868 67275 INFO tempest.lib.common.rest_client [req-8c8d7f1a-a074-45d7-820e-f99ce553cccc req-8c8d7f1a-a074-45d7-820e-f99ce553cccc ] Request (ServersAdminTestJSON:test_list_servers_by_admin_with_specified_tenant): 200 GET http://10.180.1.21/compute/v2.1/servers/detail?all_tenants=&tenant_id=4d536520960a41a3820e3d50ed6a834d 1.532s
2025-12-02 16:04:11.873 67227 INFO tempest.lib.common.rest_client [req-1f85a09e-ff04-4876-b267-65f853fb9f1d req-1f85a09e-ff04-4876-b267-65f853fb9f1d ] Request (ListServersNegativeTestJSON:test_list_servers_by_changes_since_invalid_date): 400 GET http://10.180.1.21/compute/v2.1/servers?changes-since=2011%2F01%2F01 1.256s
2025-12-02 16:04:12.012 67249 INFO tempest.lib.common.rest_client [req-385786dd-6e46-426d-b888-dd81f7b6f5c3 req-385786dd-6e46-426d-b888-dd81f7b6f5c3 ] Request (ServersTestFqdnHostnames:test_create_server_with_fqdn_name): 200 GET http://10.180.1.21/compute/v2.1/servers/25e8701d-e5a3-4839-9a2f-f2f897abda73/os-interface 1.274s
2025-12-02 16:04:12.255 67237 INFO tempest.lib.common.rest_client [req-2e633452-86e4-4002-875f-fa0a12d4342c req-2e633452-86e4-4002-875f-fa0a12d4342c ] Request (ServerActionsV293TestJSON:setUpClass): 200 GET http://10.180.1.21/volume/v3/volumes/9799e448-edbd-458c-b4b0-fa652fa9d38d 0.030s
2025-12-02 16:04:12.561 67249 INFO tempest.lib.common.rest_client [req-60fedc12-0e92-497a-a1b3-c89a4e2f8d94 req-60fedc12-0e92-497a-a1b3-c89a4e2f8d94 ] Request (ServersTestFqdnHostnames:test_create_server_with_fqdn_name): 200 PUT http://10.180.1.21/networking/v2.0/floatingips/d0811948-ac99-412d-976d-99072539a8c1 0.547s
2025-12-02 16:04:12.563 67249 INFO tempest.lib.common.ssh [-] Creating ssh connection to '10.180.180.158:22' as 'cirros' with public key authentication
2025-12-02 16:04:12.590 67265 INFO tempest.lib.common.rest_client [req-792901b7-7184-4824-b0e0-6fdd47d55816 req-792901b7-7184-4824-b0e0-6fdd47d55816 ] Request (ServerAddressesNegativeTestJSON:setUpClass): 200 GET http://10.180.1.21/compute/v2.1/servers/26ff306c-2d39-44ec-8a47-8482f044cb25 1.763s
2025-12-02 16:04:12.598 67265 INFO tempest.common.waiters [-] State transition "BUILD/scheduling" ==> "BUILD/None" after 10 second wait
2025-12-02 16:04:12.683 67241 INFO tempest.lib.common.rest_client [req-d6fb2add-b880-4c59-9b3a-3c627fd60269 req-d6fb2add-b880-4c59-9b3a-3c627fd60269 ] Request (ServerShowV257Test:tearDownClass): 200 GET http://10.180.1.21/compute/v2.1/servers/7f0c6037-a9b1-4118-8320-3d73c8ddd606 1.827s
2025-12-02 16:04:12.707 67223 INFO tempest.lib.common.rest_client [req-dee60a4c-1a5b-44f5-afcd-3d19da8c0748 req-dee60a4c-1a5b-44f5-afcd-3d19da8c0748 ] Request (DeleteServersTestJSON:test_delete_active_server): 202 POST http://10.180.1.21/compute/v2.1/servers 2.396s
2025-12-02 16:04:12.768 67245 INFO tempest.lib.common.rest_client [req-bf0323d5-e849-4e70-82b0-3a09067599aa req-bf0323d5-e849-4e70-82b0-3a09067599aa ] Request (ListServerFiltersTestJSON:setUpClass): 200 GET http://10.180.1.21/compute/v2.1/servers/37b05ea8-ba31-4985-9c99-f150765932ed 1.827s
2025-12-02 16:04:12.794 67261 INFO tempest.lib.common.rest_client [req-7a6a74a7-acc3-4113-876a-bf0ea5653d95 req-7a6a74a7-acc3-4113-876a-bf0ea5653d95 ] Request (SecurityGroupsTestJSON:test_server_security_groups): 400 DELETE http://10.180.1.21/compute/v2.1/os-security-groups/42bf2c51-9cb0-4bb7-9f8c-fc83cd7232ea 1.566s
2025-12-02 16:04:12.889 67279 INFO tempest.lib.common.rest_client [req-1f13ede7-df7f-4d9f-9e38-754f0c3c56e0 req-1f13ede7-df7f-4d9f-9e38-754f0c3c56e0 ] Request (InstanceActionsTestJSON:tearDownClass): 200 GET http://10.180.1.21/compute/v2.1/servers/a2d337e7-f84e-4079-aee9-72ebe0344f91 1.631s
2025-12-02 16:04:12.907 67239 INFO tempest.lib.common.rest_client [req-86b42f43-9d0d-4b30-b23b-7c0fc6629349 req-86b42f43-9d0d-4b30-b23b-7c0fc6629349 ] Request (ServerMetadataNegativeTestJSON:setUpClass): 200 GET http://10.180.1.21/compute/v2.1/servers/f77569bb-f2ed-4474-90ad-e4b8c56c08c2 1.618s
2025-12-02 16:04:12.976 67260 INFO tempest.lib.common.rest_client [req-2c74a994-f049-488c-88fd-504a830bf5d2 req-2c74a994-f049-488c-88fd-504a830bf5d2 ] Request (AttachInterfacesUnderV243Test:test_add_remove_fixed_ip): 200 GET http://10.180.1.21/compute/v2.1/servers/0ad8d175-9ac5-4b84-9c45-0d1812040412 1.626s
2025-12-02 16:04:12.986 67232 INFO tempest.lib.common.rest_client [req-9b5c979b-4131-41a8-a5b5-c67c1e10706e req-9b5c979b-4131-41a8-a5b5-c67c1e10706e ] Request (ImagesOneServerNegativeTestJSON:test_create_image_specify_name_over_character_limit): 400 POST http://10.180.1.21/compute/v2.1/servers/1551bff5-78ef-4cf3-8ebf-c6e30ef94c01/action 1.572s
2025-12-02 16:04:12.992 67257 INFO tempest.lib.common.rest_client [req-f37ec4a4-76b3-4755-8125-2606395b097b req-f37ec4a4-76b3-4755-8125-2606395b097b ] Request (ServersNegativeTestMultiTenantJSON:setUpClass): 200 GET http://10.180.1.21/compute/v2.1/servers/a2fafee7-3bbd-48b4-8210-60626abe5caf 1.628s
2025-12-02 16:04:13.079 67255 INFO tempest.lib.common.rest_client [req-7c938771-f7cd-4d45-8563-1e6c2e68f1a6 req-7c938771-f7cd-4d45-8563-1e6c2e68f1a6 ] Request (ServersListShow296Test:tearDownClass): 200 GET http://10.180.1.21/compute/v2.1/servers/33ea2805-4beb-4cdf-8a97-2642e3641677 1.651s
2025-12-02 16:04:13.088 67255 INFO tempest.common.waiters [-] State transition "ACTIVE/deleting" ==> "DELETED/None" after 6 second wait
2025-12-02 16:04:13.094 67229 INFO tempest.lib.common.rest_client [req-782707ca-9a48-4bd5-b2ec-adb76c8377ba req-782707ca-9a48-4bd5-b2ec-adb76c8377ba ] Request (ServersAdminNegativeTestJSON:test_resize_server_using_overlimit_ram): 200 GET http://10.180.1.21/compute/v2.1/os-quota-sets/94f95816ec4f4188939c818234d0e161 1.672s
2025-12-02 16:04:13.192 67233 INFO tempest.lib.common.rest_client [req-44bc067d-a568-4ea5-981e-bb17ef51c9c8 req-44bc067d-a568-4ea5-981e-bb17ef51c9c8 ] Request (TenantUsagesTestJSON:tearDownClass): 204 DELETE http://10.180.1.21/compute/v2.1/servers/9877e401-3f0e-4b6f-841d-7954638cd74d 1.721s
2025-12-02 16:04:13.254 67267 INFO tempest.lib.common.rest_client [req-8e295a56-be89-4a1f-ab2f-df0a0929b039 req-8e295a56-be89-4a1f-ab2f-df0a0929b039 ] Request (ServersWithSpecificFlavorTestJSON:test_verify_created_server_ephemeral_disk): 200 GET http://10.180.1.21/compute/v2.1/servers/c4e6cc6b-8d9b-4e77-9fd7-f787394d623c 1.804s
2025-12-02 16:04:13.254 67252 INFO tempest.lib.common.rest_client [req-a6632877-982b-418b-8640-3e6121a43ca1 req-a6632877-982b-418b-8640-3e6121a43ca1 ] Request (ServerDiagnosticsV248Test:test_get_server_diagnostics): 200 GET http://10.180.1.21/compute/v2.1/servers/3ddb74f2-d092-4c94-b60e-5920637e68fa 1.740s
2025-12-02 16:04:13.294 67237 INFO tempest.lib.common.rest_client [req-fea80fad-a8c7-4f2d-929d-7fd6604fd810 req-fea80fad-a8c7-4f2d-929d-7fd6604fd810 ] Request (ServerActionsV293TestJSON:setUpClass): 200 GET http://10.180.1.21/volume/v3/volumes/9799e448-edbd-458c-b4b0-fa652fa9d38d 0.031s
2025-12-02 16:04:13.309 67247 INFO tempest.lib.common.rest_client [req-7c133e72-8f23-4875-9844-8242cda12763 req-7c133e72-8f23-4875-9844-8242cda12763 ] Request (KeyPairsV22TestJSON:test_keypairsv22_create_list_show): 201 POST http://10.180.1.21/compute/v2.1/os-keypairs 1.721s
2025-12-02 16:04:13.375 67273 INFO tempest.lib.common.rest_client [req-5ef8c5f7-0c5c-4370-a62d-ca77ecdb9daf req-5ef8c5f7-0c5c-4370-a62d-ca77ecdb9daf ] Request (ServerActionsTestOtherB:setUpClass): 200 GET http://10.180.1.21/compute/v2.1/servers/6f280fd8-83d6-4843-8328-5118a76cdf43 1.783s
2025-12-02 16:04:13.431 67219 INFO tempest.lib.common.rest_client [req-64b7c4eb-7041-4a53-bb86-7db6ab9fbe31 req-64b7c4eb-7041-4a53-bb86-7db6ab9fbe31 ] Request (ServerRescueNegativeTestJSON:test_rescued_vm_attach_volume): 200 GET http://10.180.1.21/compute/v2.1/servers/e7eb0fe6-7b1b-428d-8ec1-f28d844cadc1 1.892s
2025-12-02 16:04:13.433 67217 INFO tempest.lib.common.rest_client [req-b9dbf89a-50e7-4359-a121-94886e8c274c req-b9dbf89a-50e7-4359-a121-94886e8c274c ] Request (ServerDiskConfigTestJSON:test_resize_server_from_auto_to_manual): 200 GET http://10.180.1.21/compute/v2.1/servers/dadc09b5-2145-4df5-84f2-97a5d7d4eb19 1.775s
2025-12-02 16:04:13.483 67253 INFO tempest.lib.common.rest_client [req-6bd7498d-10fe-4d45-ae95-e43b369915a0 req-6bd7498d-10fe-4d45-ae95-e43b369915a0 ] Request (MigrationsAdminTest:test_resize_server_revert_deleted_flavor): 200 GET http://10.180.1.21/compute/v2.1/servers/4161ffd6-2327-442b-b5c7-407b5d6a216d 1.766s
2025-12-02 16:04:13.489 67227 INFO tempest.lib.common.rest_client [req-aef7c8d0-36b1-4b50-8eff-58d07357f2ad req-aef7c8d0-36b1-4b50-8eff-58d07357f2ad ] Request (ListServersNegativeTestJSON:test_list_servers_by_limits_greater_than_actual_count): 200 GET http://10.180.1.21/compute/v2.1/servers 1.614s
2025-12-02 16:04:13.517 67275 INFO tempest.lib.common.rest_client [req-cad3f8ea-e6e8-4844-94d5-9a1c1eea1909 req-cad3f8ea-e6e8-4844-94d5-9a1c1eea1909 ] Request (ServersAdminTestJSON:test_list_servers_by_admin_with_specified_tenant): 200 GET http://10.180.1.21/compute/v2.1/servers/detail?all_tenants=&tenant_id=40976878885a4f34b2a15a2fc94f0c9e 1.630s
2025-12-02 16:04:13.575 67235 INFO tempest.lib.common.rest_client [req-928de07e-86a4-495f-b136-3ef7ec5d2555 req-928de07e-86a4-495f-b136-3ef7ec5d2555 ] Request (ServerPasswordTestJSON:setUpClass): 200 GET http://10.180.1.21/compute/v2.1/servers/86778ef9-bf1e-47c4-b42f-65b76419d34d 1.003s
2025-12-02 16:04:13.628 67269 INFO tempest.lib.common.rest_client [req-b5f14f5d-c761-4daf-93c4-eb48a993a285 req-b5f14f5d-c761-4daf-93c4-eb48a993a285 ] Request (InstanceActionsNegativeTestJSON:setUpClass): 200 GET http://10.180.1.21/compute/v2.1/servers/7395e460-384d-4435-bc77-e1d88f0b330c 1.021s
2025-12-02 16:04:13.628 67223 INFO tempest.lib.common.rest_client [req-d3513807-8a13-40b5-9cd0-2d8f73500f45 req-d3513807-8a13-40b5-9cd0-2d8f73500f45 ] Request (DeleteServersTestJSON:test_delete_active_server): 200 GET http://10.180.1.21/compute/v2.1/servers/150e50bd-966a-4d55-ab18-201310e1f45c 0.920s
2025-12-02 16:04:13.636 67269 INFO tempest.common.waiters [-] State transition "BUILD/networking" ==> "BUILD/spawning" after 32 second wait
2025-12-02 16:04:13.708 67261 INFO tempest.lib.common.rest_client [req-766472e7-e551-40df-bdb8-7b4b02438914 req-766472e7-e551-40df-bdb8-7b4b02438914 ] Request (SecurityGroupsTestJSON:test_server_security_groups): 204 DELETE http://10.180.1.21/compute/v2.1/servers/ea703068-fa50-4dad-ba1f-2f47cde3400f 0.913s
2025-12-02 16:04:13.736 67232 INFO tempest.lib.common.rest_client [req-815548fa-ecde-47e7-aadc-bd600c6fd760 req-815548fa-ecde-47e7-aadc-bd600c6fd760 ] Request (ImagesOneServerNegativeTestJSON:tearDown): 200 GET http://10.180.1.21/compute/v2.1/servers/1551bff5-78ef-4cf3-8ebf-c6e30ef94c01 0.749s
2025-12-02 16:04:13.747 67229 INFO tempest.lib.common.rest_client [req-94dae88e-0df8-465f-a8e0-0ce84c544502 req-94dae88e-0df8-465f-a8e0-0ce84c544502 ] Request (ServersAdminNegativeTestJSON:test_resize_server_using_overlimit_ram): 200 POST http://10.180.1.21/compute/v2.1/flavors 0.651s
2025-12-02 16:04:13.757 67247 INFO tempest.lib.common.rest_client [req-8bc9aec4-bf6b-471d-9eba-336ee1dbde16 req-8bc9aec4-bf6b-471d-9eba-336ee1dbde16 ] Request (KeyPairsV22TestJSON:test_keypairsv22_create_list_show): 200 GET http://10.180.1.21/compute/v2.1/os-keypairs/tempest-keypair-860008911 0.447s
2025-12-02 16:04:13.801 67227 INFO tempest.lib.common.rest_client [req-7463c0aa-9de2-4e4c-9711-82cf4cc002b2 req-7463c0aa-9de2-4e4c-9711-82cf4cc002b2 ] Request (ListServersNegativeTestJSON:test_list_servers_by_limits_greater_than_actual_count): 200 GET http://10.180.1.21/compute/v2.1/servers?limit=102 0.309s
2025-12-02 16:04:13.808 67275 INFO tempest.lib.common.rest_client [req-26587da8-8f49-4fb4-8678-cf92cef999f8 req-26587da8-8f49-4fb4-8678-cf92cef999f8 ] Request (ServersAdminTestJSON:test_list_servers_detailed_filter_by_invalid_status): 200 GET http://10.180.1.21/compute/v2.1/servers/detail?status=invalid_status 0.281s
2025-12-02 16:04:13.877 67265 INFO tempest.lib.common.rest_client [req-ef279537-3eec-4b54-b781-c0c6cdd4a0eb req-ef279537-3eec-4b54-b781-c0c6cdd4a0eb ] Request (ServerAddressesNegativeTestJSON:setUpClass): 200 GET http://10.180.1.21/compute/v2.1/servers/26ff306c-2d39-44ec-8a47-8482f044cb25 0.277s
2025-12-02 16:04:13.893 67233 INFO tempest.lib.common.rest_client [req-1ec80a58-c15f-40cc-b7fa-744dd1422c2a req-1ec80a58-c15f-40cc-b7fa-744dd1422c2a ] Request (TenantUsagesTestJSON:tearDownClass): 200 GET http://10.180.1.21/compute/v2.1/servers/9877e401-3f0e-4b6f-841d-7954638cd74d 0.700s
2025-12-02 16:04:13.948 67241 INFO tempest.lib.common.rest_client [req-73f006c8-19d6-4772-9283-7359c83ae5cc req-73f006c8-19d6-4772-9283-7359c83ae5cc ] Request (ServerShowV257Test:tearDownClass): 200 GET http://10.180.1.21/compute/v2.1/servers/7f0c6037-a9b1-4118-8320-3d73c8ddd606 0.253s
2025-12-02 16:04:13.998 67261 INFO tempest.lib.common.rest_client [req-1d4c8992-9655-4eaf-8210-2eb140f40784 req-1d4c8992-9655-4eaf-8210-2eb140f40784 ] Request (SecurityGroupsTestJSON:test_server_security_groups): 200 GET http://10.180.1.21/compute/v2.1/servers/ea703068-fa50-4dad-ba1f-2f47cde3400f 0.289s
2025-12-02 16:04:14.050 67232 INFO tempest.lib.common.rest_client [req-282d232f-bb6c-4146-a014-9eb4f5f5e8cd req-282d232f-bb6c-4146-a014-9eb4f5f5e8cd ] Request (ImagesOneServerNegativeTestJSON:setUp): 200 GET http://10.180.1.21/compute/v2.1/servers/1551bff5-78ef-4cf3-8ebf-c6e30ef94c01 0.305s
2025-12-02 16:04:14.062 67247 INFO tempest.lib.common.rest_client [req-c2fd7e18-6391-4c6c-98ba-6b74f03a94a7 req-c2fd7e18-6391-4c6c-98ba-6b74f03a94a7 ] Request (KeyPairsV22TestJSON:test_keypairsv22_create_list_show): 200 GET http://10.180.1.21/compute/v2.1/os-keypairs 0.301s
2025-12-02 16:04:14.119 67245 INFO tempest.lib.common.rest_client [req-3a77e235-a35a-4c5e-bd06-5863f675419f req-3a77e235-a35a-4c5e-bd06-5863f675419f ] Request (ListServerFiltersTestJSON:setUpClass): 200 GET http://10.180.1.21/compute/v2.1/servers/37b05ea8-ba31-4985-9c99-f150765932ed 0.337s
2025-12-02 16:04:14.126 67227 INFO tempest.lib.common.rest_client [req-efce350e-a76b-41b6-bade-5319530cf37d req-efce350e-a76b-41b6-bade-5319530cf37d ] Request (ListServersNegativeTestJSON:test_list_servers_by_limits_pass_negative_value): 400 GET http://10.180.1.21/compute/v2.1/servers?limit=-1 0.318s
2025-12-02 16:04:14.140 67229 INFO tempest.lib.common.rest_client [req-684f24f0-992e-451c-82c9-a1f036aa42f4 req-684f24f0-992e-451c-82c9-a1f036aa42f4 ] Request (ServersAdminNegativeTestJSON:test_resize_server_using_overlimit_ram): 403 POST http://10.180.1.21/compute/v2.1/servers/4d4b8d0f-7677-4b2d-8b38-adca04d45ed2/action 0.385s
2025-12-02 16:04:14.195 67275 INFO tempest.lib.common.rest_client [req-5ab8a499-4bbe-40e8-8c43-83faf6a845cc req-5ab8a499-4bbe-40e8-8c43-83faf6a845cc ] Request (ServersAdminTestJSON:test_list_servers_filter_by_error_status): 202 POST http://10.180.1.21/compute/v2.1/servers/f4e95bdc-8f65-4edd-91a1-9eafc34aeb77/action 0.377s
2025-12-02 16:04:14.208 67279 INFO tempest.lib.common.rest_client [req-f845706b-b0bb-4a1e-8d32-b7c6e45da888 req-f845706b-b0bb-4a1e-8d32-b7c6e45da888 ] Request (InstanceActionsTestJSON:tearDownClass): 200 GET http://10.180.1.21/compute/v2.1/servers/a2d337e7-f84e-4079-aee9-72ebe0344f91 0.306s
2025-12-02 16:04:14.261 67239 INFO tempest.lib.common.rest_client [req-15cf2ef6-7ed1-49ca-96b9-176eb6abb1b2 req-15cf2ef6-7ed1-49ca-96b9-176eb6abb1b2 ] Request (ServerMetadataNegativeTestJSON:setUpClass): 200 GET http://10.180.1.21/compute/v2.1/servers/f77569bb-f2ed-4474-90ad-e4b8c56c08c2 0.342s
2025-12-02 16:04:14.276 67260 INFO tempest.lib.common.rest_client [req-6a6b0984-ac06-40ac-9315-7e31bb94db64 req-6a6b0984-ac06-40ac-9315-7e31bb94db64 ] Request (AttachInterfacesUnderV243Test:test_add_remove_fixed_ip): 200 GET http://10.180.1.21/compute/v2.1/servers/0ad8d175-9ac5-4b84-9c45-0d1812040412 0.291s
2025-12-02 16:04:14.327 67225 WARNING tempest.lib.common.ssh [-] Failed to establish authenticated ssh connection to cirros@10.180.180.242 ([Errno None] Unable to connect to port 22 on 10.180.180.242). Number attempts: 9. Retry after 10 seconds.: paramiko.ssh_exception.NoValidConnectionsError: [Errno None] Unable to connect to port 22 on 10.180.180.242
2025-12-02 16:04:14.335 67257 INFO tempest.lib.common.rest_client [req-9d8f0809-9655-41bc-addd-370e1b7f9509 req-9d8f0809-9655-41bc-addd-370e1b7f9509 ] Request (ServersNegativeTestMultiTenantJSON:setUpClass): 200 GET http://10.180.1.21/compute/v2.1/servers/a2fafee7-3bbd-48b4-8210-60626abe5caf 0.334s
2025-12-02 16:04:14.337 67237 INFO tempest.lib.common.rest_client [req-abf4fd8d-885d-4692-9d9c-047a8e90a30b req-abf4fd8d-885d-4692-9d9c-047a8e90a30b ] Request (ServerActionsV293TestJSON:setUpClass): 200 GET http://10.180.1.21/volume/v3/volumes/9799e448-edbd-458c-b4b0-fa652fa9d38d 0.031s
2025-12-02 16:04:14.361 67247 INFO tempest.lib.common.rest_client [req-b8d316f1-39d1-4f20-8a0d-6e0e112a515a req-b8d316f1-39d1-4f20-8a0d-6e0e112a515a ] Request (KeyPairsV22TestJSON:_run_cleanups): 204 DELETE http://10.180.1.21/compute/v2.1/os-keypairs/tempest-keypair-860008911 0.297s
2025-12-02 16:04:14.453 67255 INFO tempest.lib.common.rest_client [req-45dec171-4fb3-4fc8-856e-089ba7242b38 req-45dec171-4fb3-4fc8-856e-089ba7242b38 ] Request (ServersListShow296Test:tearDownClass): 200 GET http://10.180.1.21/compute/v2.1/servers/33ea2805-4beb-4cdf-8a97-2642e3641677 0.363s
2025-12-02 16:04:14.459 67227 INFO tempest.lib.common.rest_client [req-7887a2f0-ae4b-41c7-a1d9-3fc9f5a26a51 req-7887a2f0-ae4b-41c7-a1d9-3fc9f5a26a51 ] Request (ListServersNegativeTestJSON:test_list_servers_by_limits_pass_string): 400 GET http://10.180.1.21/compute/v2.1/servers?limit=testing 0.331s
2025-12-02 16:04:14.478 67229 INFO tempest.lib.common.rest_client [req-f426d168-269b-4903-8e39-8699b81a92ed req-f426d168-269b-4903-8e39-8699b81a92ed ] Request (ServersAdminNegativeTestJSON:_run_cleanups): 202 DELETE http://10.180.1.21/compute/v2.1/flavors/164896238 0.338s
2025-12-02 16:04:14.591 67275 INFO tempest.lib.common.rest_client [req-8c188cff-6d32-41dc-bcaa-79dac054bbb4 req-8c188cff-6d32-41dc-bcaa-79dac054bbb4 ] Request (ServersAdminTestJSON:test_list_servers_filter_by_error_status): 200 GET http://10.180.1.21/compute/v2.1/servers?status=error 0.395s
2025-12-02 16:04:14.696 67267 INFO tempest.lib.common.rest_client [req-c29869b4-1695-44f7-b75b-ab73563c3b1b req-c29869b4-1695-44f7-b75b-ab73563c3b1b ] Request (ServersWithSpecificFlavorTestJSON:test_verify_created_server_ephemeral_disk): 200 GET http://10.180.1.21/compute/v2.1/servers/c4e6cc6b-8d9b-4e77-9fd7-f787394d623c 0.431s
2025-12-02 16:04:14.751 67252 INFO tempest.lib.common.rest_client [req-7268d052-05c3-4cb4-90b3-aced63d8ec22 req-7268d052-05c3-4cb4-90b3-aced63d8ec22 ] Request (ServerDiagnosticsV248Test:test_get_server_diagnostics): 200 GET http://10.180.1.21/compute/v2.1/servers/3ddb74f2-d092-4c94-b60e-5920637e68fa 0.486s
2025-12-02 16:04:14.796 67232 INFO tempest.lib.common.rest_client [req-ead28494-b22c-487a-934a-046ff9371389 req-ead28494-b22c-487a-934a-046ff9371389 ] Request (ImagesOneServerNegativeTestJSON:test_create_second_image_when_first_image_is_being_saved): 202 POST http://10.180.1.21/compute/v2.1/servers/1551bff5-78ef-4cf3-8ebf-c6e30ef94c01/action 0.739s
2025-12-02 16:04:14.886 67273 INFO tempest.lib.common.rest_client [req-49ba4980-d1ee-4937-ade8-3a94065fe4cb req-49ba4980-d1ee-4937-ade8-3a94065fe4cb ] Request (ServerActionsTestOtherB:setUpClass): 200 GET http://10.180.1.21/compute/v2.1/servers/6f280fd8-83d6-4843-8328-5118a76cdf43 0.499s
2025-12-02 16:04:15.072 67219 INFO tempest.lib.common.rest_client [req-973a8798-4790-4edd-af5d-1a402dafd527 req-973a8798-4790-4edd-af5d-1a402dafd527 ] Request (ServerRescueNegativeTestJSON:test_rescued_vm_attach_volume): 200 GET http://10.180.1.21/compute/v2.1/servers/e7eb0fe6-7b1b-428d-8ec1-f28d844cadc1 0.629s
2025-12-02 16:04:15.079 67219 INFO tempest.common.waiters [-] State transition "ACTIVE/rescuing" ==> "RESCUE/None" after 8 second wait
2025-12-02 16:04:15.125 67247 INFO tempest.lib.common.rest_client [req-597ac9cc-bd61-4491-8a21-8e9ecef1f3c1 req-597ac9cc-bd61-4491-8a21-8e9ecef1f3c1 ] Request (KeyPairsV22TestJSON:test_keypairsv22_create_list_show_with_type): 201 POST http://10.180.1.21/compute/v2.1/os-keypairs 0.762s
