2025-12-02 16:01:02.549 67265 INFO tempest.lib.common.rest_client [req-f1715033-2fe6-4189-83dd-740813e803fa req-f1715033-2fe6-4189-83dd-740813e803fa ] Request (ServersTestMultiNic:test_verify_duplicate_network_nics): 200 GET http://10.180.1.21/compute/v2.1/servers/16f06fb4-0833-42c5-a893-19c72bc08e7c 5.203s
2025-12-02 16:01:02.773 67271 INFO tempest.lib.common.rest_client [req-c1b6d4b5-94ab-4f8a-b225-26f2335c2350 req-c1b6d4b5-94ab-4f8a-b225-26f2335c2350 ] Request (FlavorsV2NegativeTest:test_boot_with_low_ram): 204 PUT http://10.180.1.21/image/v2/images/454f129d-21c5-4696-8a3b-e592b10149f7/file 0.804s
2025-12-02 16:01:02.776 67219 INFO tempest.lib.common.rest_client [req-afb06218-81b2-469d-be90-8650a30218be req-afb06218-81b2-469d-be90-8650a30218be ] Request (FlavorsAccessNegativeTestJSON:_run_cleanups): 200 POST http://10.180.1.21/compute/v2.1/flavors/1602680893/action 5.219s
2025-12-02 16:01:02.780 67225 INFO tempest.lib.common.rest_client [req-80184d3e-acfa-42d1-b9c8-bdd956def2be req-80184d3e-acfa-42d1-b9c8-bdd956def2be ] Request (FlavorsExtraSpecsNegativeTestJSON:test_flavor_non_admin_unset_keys): 403 DELETE http://10.180.1.21/compute/v2.1/flavors/1632233504/os-extra_specs/hw:numa_nodes 5.196s
2025-12-02 16:01:02.795 67275 INFO tempest.lib.common.rest_client [req-26fb6871-6b18-4168-a9c6-f5aae3eb621e req-26fb6871-6b18-4168-a9c6-f5aae3eb621e ] Request (FlavorMetadataValidation:tearDownClass): 200 GET http://10.180.1.21/networking/v2.0/security-groups?tenant_id=4673d5c2f7344977a7982ad05c5f40de&name=default 0.566s
2025-12-02 16:01:02.864 67271 INFO tempest.lib.common.rest_client [req-73b9b314-9a14-480a-9464-16b623d6c435 req-73b9b314-9a14-480a-9464-16b623d6c435 ] Request (FlavorsV2NegativeTest:test_boot_with_low_ram): 201 POST http://10.180.1.21/identity/v3/auth/tokens 0.089s
2025-12-02 16:01:02.865 67271 INFO tempest.lib.common.fixed_network [-] (FlavorsV2NegativeTest:test_boot_with_low_ram) Found network None available for tenant
2025-12-02 16:01:02.936 67247 INFO tempest.lib.common.rest_client [req-85e80c4a-c3dd-4c1c-b221-3afd3363dad6 req-85e80c4a-c3dd-4c1c-b221-3afd3363dad6 ] Request (FloatingIPsAssociationTestJSON:setUpClass): 200 GET http://10.180.1.21/compute/v2.1/servers/c243af65-1dd6-4972-a943-42dce5ba07b6 7.834s
2025-12-02 16:01:02.945 67247 INFO tempest.common.waiters [-] State transition "BUILD/None" ==> "BUILD/spawning" after 12 second wait
2025-12-02 16:01:02.960 67253 INFO tempest.lib.common.rest_client [req-a4f141e4-d914-4346-947d-bc82114a5b30 req-a4f141e4-d914-4346-947d-bc82114a5b30 ] Request (FlavorsV261TestJSON:test_crud_flavor): 200 GET http://10.180.1.21/compute/v2.1/flavors 5.250s
2025-12-02 16:01:02.967 67223 INFO tempest.lib.common.rest_client [req-749cb549-04e5-43c6-be1c-81aa03cbb500 req-749cb549-04e5-43c6-be1c-81aa03cbb500 ] Request (VolumesAssistedSnapshotsTest:test_volume_assisted_snapshot_create_delete): 201 POST http://10.180.1.21/networking/v2.0/security-group-rules 0.548s
2025-12-02 16:01:02.995 67279 INFO tempest.lib.common.rest_client [req-3c37646c-9efd-47b4-a89f-e4a9ade1d19e req-3c37646c-9efd-47b4-a89f-e4a9ade1d19e ] Request (ImagesMetadataTestJSON:test_delete_image_metadata_item): 200 GET http://10.180.1.21/compute/v2.1/images/9088c8fb-cbc9-4bca-b9e9-58ef8bd4ce24/metadata 5.199s
2025-12-02 16:01:03.005 67260 INFO tempest.lib.common.rest_client [req-32b6ca6a-0d01-4fd5-8203-790771e234db req-32b6ca6a-0d01-4fd5-8203-790771e234db ] Request (HypervisorAdminNegativeTestJSON:test_get_hypervisor_uptime_with_non_admin_user): 403 GET http://10.180.1.21/compute/v2.1/os-hypervisors/1/uptime 4.957s
2025-12-02 16:01:03.010 67237 INFO tempest.lib.common.rest_client [req-3703be4a-fa29-468e-ab1f-64f718a51f6a req-3703be4a-fa29-468e-ab1f-64f718a51f6a ] Request (HostsAdminNegativeTestJSON:test_show_host_detail_with_non_admin_user): 403 GET http://10.180.1.21/compute/v2.1/os-hosts/devstack 4.935s
2025-12-02 16:01:03.050 67275 INFO tempest.lib.common.rest_client [req-922a5273-babe-474b-a92f-0587c63bd2c3 req-922a5273-babe-474b-a92f-0587c63bd2c3 ] Request (FlavorMetadataValidation:tearDownClass): 204 DELETE http://10.180.1.21/networking/v2.0/security-groups/f446c9b8-eefb-4957-bbd8-11d50493cea4 0.254s
2025-12-02 16:01:03.238 67223 INFO tempest.lib.common.rest_client [req-d353f6f3-91d2-4db8-8534-2dbd1cfb1a77 req-d353f6f3-91d2-4db8-8534-2dbd1cfb1a77 ] Request (VolumesAssistedSnapshotsTest:test_volume_assisted_snapshot_create_delete): 201 POST http://10.180.1.21/networking/v2.0/security-group-rules 0.270s
2025-12-02 16:01:03.251 67275 INFO tempest.lib.common.rest_client [req-04bfbfe1-4d43-41f4-bec2-78706330f549 req-04bfbfe1-4d43-41f4-bec2-78706330f549 ] Request (FlavorMetadataValidation:tearDownClass): 204 DELETE http://10.180.1.21/identity/v3/projects/4673d5c2f7344977a7982ad05c5f40de 0.200s
2025-12-02 16:01:03.251 67275 INFO tempest.lib.common.dynamic_creds [-] Deleting project and security group for project: 7432ba0633084f458cdf7cc23b525a18
2025-12-02 16:01:04.524 67223 INFO tempest.lib.common.rest_client [req-315da539-9e00-476f-98b8-40c24121442a req-315da539-9e00-476f-98b8-40c24121442a ] Request (VolumesAssistedSnapshotsTest:test_volume_assisted_snapshot_create_delete): 201 POST http://10.180.1.21/networking/v2.0/floatingips 1.285s
2025-12-02 16:01:04.607 67223 INFO tempest.lib.common.rest_client [req-3143bd71-1bac-4448-b91f-a7e7baa69122 req-3143bd71-1bac-4448-b91f-a7e7baa69122 ] Request (VolumesAssistedSnapshotsTest:test_volume_assisted_snapshot_create_delete): 201 POST http://10.180.1.21/identity/v3/auth/tokens 0.080s
2025-12-02 16:01:04.608 67223 INFO tempest.lib.common.fixed_network [-] (VolumesAssistedSnapshotsTest:test_volume_assisted_snapshot_create_delete) Found network {'id': 'cc294fe3-b1c5-4190-a799-faca2128ca9f', 'name': 'tempest-VolumesAssistedSnapshotsTest-1211783472-network', 'tenant_id': '06fb81f2ce1e4deda49b115216f2cfc2', 'project_id': '06fb81f2ce1e4deda49b115216f2cfc2', 'admin_state_up': True, 'mtu': 8950, 'status': 'ACTIVE', 'subnets': [], 'shared': False, 'port_security_enabled': True, 'router:external': False, 'provider:network_type': 'vlan', 'provider:physical_network': 'default', 'provider:segmentation_id': 595, 'availability_zone_hints': [], 'availability_zones': [], 'ipv4_address_scope': None, 'ipv6_address_scope': None, 'description': '', 'tags': [], 'created_at': '2025-12-02T16:00:44Z', 'updated_at': '2025-12-02T16:00:44Z', 'revision_number': 1} available for tenant
2025-12-02 16:01:04.628 67275 INFO tempest.lib.common.rest_client [req-e6204c30-91c6-452c-920e-5824668df8cb req-e6204c30-91c6-452c-920e-5824668df8cb ] Request (FlavorMetadataValidation:tearDownClass): 200 GET http://10.180.1.21/networking/v2.0/security-groups?tenant_id=7432ba0633084f458cdf7cc23b525a18&name=default 1.377s
2025-12-02 16:01:04.711 67217 INFO tempest.lib.common.rest_client [req-05323af5-ffd7-4228-b6ca-d6bcf8f665b7 req-05323af5-ffd7-4228-b6ca-d6bcf8f665b7 ] Request (ServerDiskConfigTestJSON:test_rebuild_server_with_auto_disk_config): 200 GET http://10.180.1.21/compute/v2.1/servers/c12492a5-779c-4f1a-ae11-e1e0a32c5f76 6.565s
2025-12-02 16:01:04.718 67217 INFO tempest.common.waiters [-] State transition "BUILD/None" ==> "BUILD/spawning" after 13 second wait
2025-12-02 16:01:04.833 67255 INFO tempest.lib.common.rest_client [req-c3bb4803-3a48-4420-87ce-7206c0267dfb req-c3bb4803-3a48-4420-87ce-7206c0267dfb ] Request (QuotasAdminTestJSON:test_update_all_quota_resources_for_tenant): 200 GET http://10.180.1.21/compute/v2.1/os-quota-sets/a37d0a0fc7154fdd913d6f5aeea114fb/defaults 6.669s
2025-12-02 16:01:04.914 67275 INFO tempest.lib.common.rest_client [req-05004265-7389-4f07-b620-c9e7dc9469a2 req-05004265-7389-4f07-b620-c9e7dc9469a2 ] Request (FlavorMetadataValidation:tearDownClass): 204 DELETE http://10.180.1.21/networking/v2.0/security-groups/ab74e58b-7d63-4472-8605-98fcf0e942d9 0.285s
2025-12-02 16:01:04.953 67227 INFO tempest.lib.common.rest_client [req-d4614bd2-fb2f-4251-b5fb-de71cca321b4 req-d4614bd2-fb2f-4251-b5fb-de71cca321b4 ] Request (FloatingIPDetailsTestJSON:setUpClass): 200 POST http://10.180.1.21/compute/v2.1/os-floating-ips 7.293s
2025-12-02 16:01:04.985 67243 INFO tempest.lib.common.rest_client [req-ec4ddfa1-a25e-4229-8f3b-77a79936b042 req-ec4ddfa1-a25e-4229-8f3b-77a79936b042 ] Request (FlavorsAccessTestJSON:test_flavor_access_add_remove): 200 GET http://10.180.1.21/compute/v2.1/flavors/detail 6.027s
2025-12-02 16:01:05.007 67221 INFO tempest.lib.common.rest_client [req-3bcc1f98-e570-4678-8930-1a1d15d5a7fa req-3bcc1f98-e570-4678-8930-1a1d15d5a7fa ] Request (FlavorsV255TestJSON:test_crud_flavor): 200 GET http://10.180.1.21/compute/v2.1/flavors 6.008s
2025-12-02 16:01:05.010 67275 INFO tempest.lib.common.rest_client [req-973ceb52-638f-4683-9cdd-532a09e149ab req-973ceb52-638f-4683-9cdd-532a09e149ab ] Request (FlavorMetadataValidation:tearDownClass): 204 DELETE http://10.180.1.21/identity/v3/projects/7432ba0633084f458cdf7cc23b525a18 0.095s
2025-12-02 16:01:05.066 67275 INFO tempest.lib.common.rest_client [req-401a326f-ddaa-487d-b3be-a2d5ac2d0076 req-401a326f-ddaa-487d-b3be-a2d5ac2d0076 ] Request (HypervisorAdminUnderV252Test:setUpClass): 201 POST http://10.180.1.21/identity/v3/auth/tokens 0.054s
2025-12-02 16:01:05.101 67275 INFO tempest.lib.common.rest_client [req-17c106cf-cdf5-4393-a768-dfa7ffdf487d req-17c106cf-cdf5-4393-a768-dfa7ffdf487d ] Request (HypervisorAdminUnderV252Test:setUpClass): 201 POST http://10.180.1.21/identity/v3/auth/tokens 0.032s
2025-12-02 16:01:05.124 67232 INFO tempest.lib.common.rest_client [req-3914a67a-37d5-41b1-81a4-c3fcaf42b3e4 req-3914a67a-37d5-41b1-81a4-c3fcaf42b3e4 ] Request (AggregatesAdminNegativeTestJSON:_run_cleanups): 200 POST http://10.180.1.21/compute/v2.1/os-aggregates/1/action 6.265s
2025-12-02 16:01:05.126 67275 INFO tempest.lib.common.rest_client [req-c8cae45c-b292-44d6-87b9-4f8eef0f641a req-c8cae45c-b292-44d6-87b9-4f8eef0f641a ] Request (HypervisorAdminUnderV252Test:setUpClass): 200 GET http://10.180.1.21/identity/v3/domains?name=Default 0.024s
2025-12-02 16:01:05.160 67275 INFO tempest.lib.common.rest_client [req-f6101766-0479-4edd-9fb1-90c6c90157e8 req-f6101766-0479-4edd-9fb1-90c6c90157e8 ] Request (HypervisorAdminUnderV252Test:setUpClass): 201 POST http://10.180.1.21/identity/v3/projects 0.034s
2025-12-02 16:01:05.219 67275 INFO tempest.lib.common.rest_client [req-9c47eebd-8a36-440a-bf9e-fb245a3cfb1e req-9c47eebd-8a36-440a-bf9e-fb245a3cfb1e ] Request (HypervisorAdminUnderV252Test:setUpClass): 201 POST http://10.180.1.21/identity/v3/users 0.058s
2025-12-02 16:01:05.241 67275 INFO tempest.lib.common.rest_client [req-7ecb6634-b417-4d9a-b7b1-63b90839a1af req-7ecb6634-b417-4d9a-b7b1-63b90839a1af ] Request (HypervisorAdminUnderV252Test:setUpClass): 200 GET http://10.180.1.21/identity/v3/roles 0.021s
2025-12-02 16:01:05.268 67275 INFO tempest.lib.common.rest_client [req-0ddc8c1e-efb3-4f37-8258-5a01d6755647 req-0ddc8c1e-efb3-4f37-8258-5a01d6755647 ] Request (HypervisorAdminUnderV252Test:setUpClass): 204 PUT http://10.180.1.21/identity/v3/projects/bbbf655531604144a9fa90242d4288e4/users/60b088245fef4885919cbadeab4425b8/roles/0cb1e11e5b794f6d9694769b1f652da1 0.026s
2025-12-02 16:01:05.268 67275 INFO tempest.lib.common.dynamic_creds [-] Dynamic test user 60b088245fef4885919cbadeab4425b8 is created with scope project and roles: ['member']
2025-12-02 16:01:05.269 67275 INFO tempest.lib.common.dynamic_creds [-] Acquired dynamic creds: credentials: Credentials: {'domain_id': 'default', 'domain_name': 'Default', 'username': 'tempest-HypervisorAdminUnderV252Test-1581139113-project-member', 'project_domain_id': 'default', 'project_domain_name': 'Default', 'project_id': 'bbbf655531604144a9fa90242d4288e4', 'project_name': 'tempest-HypervisorAdminUnderV252Test-1581139113', 'tenant_id': 'bbbf655531604144a9fa90242d4288e4', 'tenant_name': 'tempest-HypervisorAdminUnderV252Test-1581139113', 'user_domain_id': 'default', 'user_domain_name': 'Default', 'user_id': '60b088245fef4885919cbadeab4425b8', 'system': None}, Network: None, Subnet: None, Router: None
2025-12-02 16:01:05.269 67275 INFO tempest.lib.common.dynamic_creds [-] Created isolated network resources for: credentials: Credentials: {'domain_id': 'default', 'domain_name': 'Default', 'username': 'tempest-HypervisorAdminUnderV252Test-1581139113-project-member', 'project_domain_id': 'default', 'project_domain_name': 'Default', 'project_id': 'bbbf655531604144a9fa90242d4288e4', 'project_name': 'tempest-HypervisorAdminUnderV252Test-1581139113', 'tenant_id': 'bbbf655531604144a9fa90242d4288e4', 'tenant_name': 'tempest-HypervisorAdminUnderV252Test-1581139113', 'user_domain_id': 'default', 'user_domain_name': 'Default', 'user_id': '60b088245fef4885919cbadeab4425b8', 'system': None}, Network: None, Subnet: None, Router: None
2025-12-02 16:01:05.333 67275 INFO tempest.lib.common.rest_client [req-1d42ec80-d14d-4e96-a67f-54a220e210ec req-1d42ec80-d14d-4e96-a67f-54a220e210ec ] Request (HypervisorAdminUnderV252Test:setUpClass): 201 POST http://10.180.1.21/identity/v3/auth/tokens 0.061s
2025-12-02 16:01:05.394 67275 INFO tempest.lib.common.rest_client [req-c969d61d-a71e-4f20-9dbd-120fa9e1c8ce req-c969d61d-a71e-4f20-9dbd-120fa9e1c8ce ] Request (HypervisorAdminUnderV252Test:setUpClass): 201 POST http://10.180.1.21/identity/v3/projects 0.060s
2025-12-02 16:01:05.460 67275 INFO tempest.lib.common.rest_client [req-d231e94f-029d-4472-a0b0-3acb3f1540f3 req-d231e94f-029d-4472-a0b0-3acb3f1540f3 ] Request (HypervisorAdminUnderV252Test:setUpClass): 201 POST http://10.180.1.21/identity/v3/users 0.065s
2025-12-02 16:01:05.485 67275 INFO tempest.lib.common.rest_client [req-a3d83c0d-dd46-490f-86df-6cb8cd6a5831 req-a3d83c0d-dd46-490f-86df-6cb8cd6a5831 ] Request (HypervisorAdminUnderV252Test:setUpClass): 200 GET http://10.180.1.21/identity/v3/roles 0.023s
2025-12-02 16:01:05.511 67275 INFO tempest.lib.common.rest_client [req-353c23a3-1324-4a10-a623-c86072367045 req-353c23a3-1324-4a10-a623-c86072367045 ] Request (HypervisorAdminUnderV252Test:setUpClass): 204 PUT http://10.180.1.21/identity/v3/projects/8a5f8676442041de81cab0cb0243f6e7/users/1463a1838e8b41a188107bb99ae933cc/roles/2cb3b6a8232842afb657e30cd6908497 0.026s
2025-12-02 16:01:05.562 67275 INFO tempest.lib.common.rest_client [req-6b221e34-2a1a-41fc-88c2-7b4d912d2739 req-6b221e34-2a1a-41fc-88c2-7b4d912d2739 ] Request (HypervisorAdminUnderV252Test:setUpClass): 200 GET http://10.180.1.21/identity/v3/roles 0.050s
2025-12-02 16:01:05.581 67275 INFO tempest.lib.common.rest_client [req-7b0a4268-5a28-4cff-8daf-ec51a70900ca req-7b0a4268-5a28-4cff-8daf-ec51a70900ca ] Request (HypervisorAdminUnderV252Test:setUpClass): 204 PUT http://10.180.1.21/identity/v3/projects/8a5f8676442041de81cab0cb0243f6e7/users/1463a1838e8b41a188107bb99ae933cc/roles/2cb3b6a8232842afb657e30cd6908497 0.019s
2025-12-02 16:01:05.581 67275 INFO tempest.lib.common.dynamic_creds [-] Dynamic test user 1463a1838e8b41a188107bb99ae933cc is created with scope project and roles: ['admin']
2025-12-02 16:01:05.581 67275 INFO tempest.lib.common.dynamic_creds [-] Acquired dynamic creds: credentials: Credentials: {'domain_id': 'default', 'domain_name': 'Default', 'username': 'tempest-HypervisorAdminUnderV252Test-2094292337-project-admin', 'project_domain_id': 'default', 'project_domain_name': 'Default', 'project_id': '8a5f8676442041de81cab0cb0243f6e7', 'project_name': 'tempest-HypervisorAdminUnderV252Test-2094292337', 'tenant_id': '8a5f8676442041de81cab0cb0243f6e7', 'tenant_name': 'tempest-HypervisorAdminUnderV252Test-2094292337', 'user_domain_id': 'default', 'user_domain_name': 'Default', 'user_id': '1463a1838e8b41a188107bb99ae933cc', 'system': None}, Network: None, Subnet: None, Router: None
2025-12-02 16:01:05.581 67275 INFO tempest.lib.common.dynamic_creds [-] Created isolated network resources for: credentials: Credentials: {'domain_id': 'default', 'domain_name': 'Default', 'username': 'tempest-HypervisorAdminUnderV252Test-2094292337-project-admin', 'project_domain_id': 'default', 'project_domain_name': 'Default', 'project_id': '8a5f8676442041de81cab0cb0243f6e7', 'project_name': 'tempest-HypervisorAdminUnderV252Test-2094292337', 'tenant_id': '8a5f8676442041de81cab0cb0243f6e7', 'tenant_name': 'tempest-HypervisorAdminUnderV252Test-2094292337', 'user_domain_id': 'default', 'user_domain_name': 'Default', 'user_id': '1463a1838e8b41a188107bb99ae933cc', 'system': None}, Network: None, Subnet: None, Router: None
2025-12-02 16:01:05.676 67275 INFO tempest.lib.common.rest_client [req-675290eb-8d35-44ae-b50a-61dde33b1016 req-675290eb-8d35-44ae-b50a-61dde33b1016 ] Request (HypervisorAdminUnderV252Test:setUpClass): 201 POST http://10.180.1.21/identity/v3/auth/tokens 0.092s
2025-12-02 16:01:06.253 67233 INFO tempest.lib.common.rest_client [req-aa874f00-4ffb-497c-bbc7-edc882fa5578 req-aa874f00-4ffb-497c-bbc7-edc882fa5578 ] Request (DeleteServersAdminTestJSON:test_admin_delete_servers_of_others): 200 GET http://10.180.1.21/compute/v2.1/servers/ccfe4833-5aa3-44fe-ad7e-979a441190b9 7.110s
2025-12-02 16:01:06.263 67233 INFO tempest.common.waiters [-] State transition "BUILD/None" ==> "BUILD/spawning" after 14 second wait
2025-12-02 16:01:06.281 67239 INFO tempest.lib.common.rest_client [req-e91bc97b-c796-470f-9345-d6ef2c01a8cf req-e91bc97b-c796-470f-9345-d6ef2c01a8cf ] Request (ImagesOneServerTestJSON:setUpClass): 200 GET http://10.180.1.21/compute/v2.1/servers/a7ee369c-7749-4daf-b91d-dd2d74c31581 6.470s
2025-12-02 16:01:06.293 67239 INFO tempest.common.waiters [-] State transition "BUILD/None" ==> "BUILD/block_device_mapping" after 13 second wait
2025-12-02 16:01:06.334 67249 INFO tempest.lib.common.rest_client [req-9ac295f0-fc39-4a11-83b6-bd8f96e5c465 req-9ac295f0-fc39-4a11-83b6-bd8f96e5c465 ] Request (ServerDiagnosticsTest:test_get_server_diagnostics): 200 GET http://10.180.1.21/compute/v2.1/servers/b22b1a1b-0d84-4982-820c-e48faf55739e 6.507s
2025-12-02 16:01:06.345 67249 INFO tempest.common.waiters [-] State transition "BUILD/None" ==> "BUILD/networking" after 13 second wait
2025-12-02 16:01:06.359 67229 INFO tempest.lib.common.rest_client [req-5cccbc0b-1d41-4c0a-a160-cfeddaa40c35 req-5cccbc0b-1d41-4c0a-a160-cfeddaa40c35 ] Request (ServerExternalEventsTest:test_create_server_external_events): 200 GET http://10.180.1.21/compute/v2.1/servers/0e343a66-c896-4ad5-b968-df7ef14cdc6e 4.995s
2025-12-02 16:01:06.577 67245 INFO tempest.lib.common.rest_client [req-699b9897-0a49-4182-95dc-18c536185995 req-699b9897-0a49-4182-95dc-18c536185995 ] Request (QuotasAdminNegativeTest:test_create_server_when_instances_quota_is_full): 200 GET http://10.180.1.21/compute/v2.1/os-quota-sets/02c3ce46028f46799b3ec1a6cbda69ff 4.746s
2025-12-02 16:01:06.583 67263 INFO tempest.lib.common.rest_client [req-702a30d6-0aa7-4df2-8e53-60c7f2a5ee02 req-702a30d6-0aa7-4df2-8e53-60c7f2a5ee02 ] Request (HypervisorAdminNegativeUnderV252Test:test_show_servers_with_non_admin_user): 403 GET http://10.180.1.21/compute/v2.1/os-hypervisors/1/servers 4.721s
2025-12-02 16:01:06.598 67241 INFO tempest.lib.common.rest_client [req-0b7f8d61-f9bb-47ea-86ac-618f073e87b0 req-0b7f8d61-f9bb-47ea-86ac-618f073e87b0 ] Request (FlavorsExtraSpecsTestJSON:test_flavor_non_admin_get_specific_key): 200 GET http://10.180.1.21/compute/v2.1/flavors/38387260/os-extra_specs/hw:numa_nodes 4.711s
2025-12-02 16:01:06.616 67252 INFO tempest.lib.common.rest_client [req-2957b5e1-35f2-446b-9f51-14478f803cf3 req-2957b5e1-35f2-446b-9f51-14478f803cf3 ] Request (FlavorsAdminTestJSON:_run_cleanups): 202 DELETE http://10.180.1.21/compute/v2.1/flavors/515994126 4.663s
2025-12-02 16:01:06.634 67261 INFO tempest.lib.common.rest_client [req-8ad6da7d-49a0-4af3-ae52-0fcbe1747e51 req-8ad6da7d-49a0-4af3-ae52-0fcbe1747e51 ] Request (SecurityGroupsTestJSON:test_list_security_groups_by_server): 200 POST http://10.180.1.21/compute/v2.1/os-security-groups 5.238s
2025-12-02 16:01:06.691 67267 INFO tempest.lib.common.rest_client [req-2b9bdf7d-e37c-4cdb-a364-15127d93ab4e req-2b9bdf7d-e37c-4cdb-a364-15127d93ab4e ] Request (ServersWithSpecificFlavorTestJSON:test_verify_created_server_ephemeral_disk): 200 GET http://10.180.1.21/compute/v2.1/flavors/42 4.318s
2025-12-02 16:01:06.798 67269 INFO tempest.lib.common.rest_client [req-d238e48c-d1a2-4631-aec4-4b59a728b9ca req-d238e48c-d1a2-4631-aec4-4b59a728b9ca ] Request (ServersTestBootFromVolume:setUpClass): 200 POST http://10.180.1.21/compute/v2.1/os-keypairs 4.269s
2025-12-02 16:01:06.815 67219 INFO tempest.lib.common.rest_client [req-b504788a-d144-49a8-a3bb-a9a9a598cd8e req-b504788a-d144-49a8-a3bb-a9a9a598cd8e ] Request (FlavorsAccessNegativeTestJSON:_run_cleanups): 202 DELETE http://10.180.1.21/compute/v2.1/flavors/1602680893 4.037s
2025-12-02 16:01:06.833 67225 INFO tempest.lib.common.rest_client [req-19567444-6f7a-410c-8534-58f9e2bfd522 req-19567444-6f7a-410c-8534-58f9e2bfd522 ] Request (FlavorsExtraSpecsNegativeTestJSON:test_flavor_non_admin_update_specific_key): 200 POST http://10.180.1.21/compute/v2.1/flavors/1632233504/os-extra_specs 4.051s
2025-12-02 16:01:07.061 67273 INFO tempest.lib.common.rest_client [req-e0415a67-6b5a-4fd5-a806-bd65063c01fa req-e0415a67-6b5a-4fd5-a806-bd65063c01fa ] Request (MultipleCreateTestJSON:test_multiple_create): 200 GET http://10.180.1.21/compute/v2.1/servers/77aa603f-f801-42b1-a437-f3cc477d3022 4.579s
2025-12-02 16:01:07.079 67253 INFO tempest.lib.common.rest_client [req-767b8a41-5942-4a76-badb-9421bdd5adaf req-767b8a41-5942-4a76-badb-9421bdd5adaf ] Request (FlavorsV261TestJSON:_run_cleanups): 202 DELETE http://10.180.1.21/compute/v2.1/flavors/1788623247 4.115s
2025-12-02 16:01:07.109 67269 INFO tempest.lib.common.rest_client [req-22444d04-e386-4926-b332-ae259f2f30b4 req-22444d04-e386-4926-b332-ae259f2f30b4 ] Request (ServersTestBootFromVolume:setUpClass): 201 POST http://10.180.1.21/networking/v2.0/security-groups 0.308s
2025-12-02 16:01:07.255 67269 INFO tempest.lib.common.rest_client [req-3b9c1cc0-727b-497f-9f6e-5a6ef34ace8d req-3b9c1cc0-727b-497f-9f6e-5a6ef34ace8d ] Request (ServersTestBootFromVolume:setUpClass): 201 POST http://10.180.1.21/networking/v2.0/security-group-rules 0.145s
2025-12-02 16:01:07.287 67279 INFO tempest.lib.common.rest_client [req-9b34ada1-43f0-48a4-b56d-bbbc1d5bb69e req-9b34ada1-43f0-48a4-b56d-bbbc1d5bb69e ] Request (ImagesMetadataTestJSON:setUp): 200 PUT http://10.180.1.21/compute/v2.1/images/9088c8fb-cbc9-4bca-b9e9-58ef8bd4ce24/metadata 4.289s
2025-12-02 16:01:07.293 67260 INFO tempest.lib.common.rest_client [req-c87c1770-500d-44ec-a59e-0bcf0ef1ca5a req-c87c1770-500d-44ec-a59e-0bcf0ef1ca5a ] Request (HypervisorAdminNegativeTestJSON:test_get_nonexistent_hypervisor_uptime): 404 GET http://10.180.1.21/compute/v2.1/os-hypervisors/b2e27747-824e-450a-b711-8fe9a35a270f/uptime 4.285s
2025-12-02 16:01:07.304 67237 INFO tempest.lib.common.rest_client [req-3c6c0676-c65b-4d69-ba60-d1c7fada999e req-3c6c0676-c65b-4d69-ba60-d1c7fada999e ] Request (HostsAdminNegativeTestJSON:test_show_host_detail_with_nonexistent_hostname): 404 GET http://10.180.1.21/compute/v2.1/os-hosts/nonexistent_hostname 4.291s
2025-12-02 16:01:07.382 67269 INFO tempest.lib.common.rest_client [req-1e34571f-245d-48ad-a9b5-8bc49bc41cac req-1e34571f-245d-48ad-a9b5-8bc49bc41cac ] Request (ServersTestBootFromVolume:setUpClass): 201 POST http://10.180.1.21/networking/v2.0/security-group-rules 0.126s
2025-12-02 16:01:07.399 67271 INFO tempest.lib.common.rest_client [req-31ee9dab-9c55-40bf-872d-362004fd2934 req-31ee9dab-9c55-40bf-872d-362004fd2934 ] Request (FlavorsV2NegativeTest:test_boot_with_low_ram): 400 POST http://10.180.1.21/compute/v2.1/servers 4.533s
2025-12-02 16:01:07.439 67265 INFO tempest.lib.common.rest_client [req-879993bb-ed66-4d47-9e29-5d0f3523cd65 req-879993bb-ed66-4d47-9e29-5d0f3523cd65 ] Request (ServersTestMultiNic:test_verify_duplicate_network_nics): 200 GET http://10.180.1.21/compute/v2.1/servers/16f06fb4-0833-42c5-a893-19c72bc08e7c 3.881s
2025-12-02 16:01:07.468 67271 INFO tempest.lib.common.rest_client [req-a2c0eae9-b6b4-462b-9c7a-3dcfeec96550 req-a2c0eae9-b6b4-462b-9c7a-3dcfeec96550 ] Request (FlavorsV2NegativeTest:_run_cleanups): 204 DELETE http://10.180.1.21/image/v2/images/454f129d-21c5-4696-8a3b-e592b10149f7 0.068s
2025-12-02 16:01:07.599 67271 INFO tempest.lib.common.rest_client [req-d46c5016-dec7-4dfb-b422-73fa54a17b37 req-d46c5016-dec7-4dfb-b422-73fa54a17b37 ] Request (FlavorsV2NegativeTest:tearDownClass): 204 DELETE http://10.180.1.21/identity/v3/users/0ce00d511bd3486cb3babeea847a5f67 0.129s
2025-12-02 16:01:07.599 67271 INFO tempest.lib.common.dynamic_creds [-] Deleting project and security group for project: 95868b1a771149eca8d16f587913bc71
2025-12-02 16:01:07.658 67271 INFO tempest.lib.common.rest_client [req-2f6e4e0a-eed9-4e71-860b-737703b71f52 req-2f6e4e0a-eed9-4e71-860b-737703b71f52 ] Request (FlavorsV2NegativeTest:tearDownClass): 201 POST http://10.180.1.21/identity/v3/auth/tokens 0.059s
2025-12-02 16:01:07.877 67269 INFO tempest.lib.common.rest_client [req-ede1f50a-6144-4935-80aa-c1f5cee49406 req-ede1f50a-6144-4935-80aa-c1f5cee49406 ] Request (ServersTestBootFromVolume:setUpClass): 201 POST http://10.180.1.21/networking/v2.0/floatingips 0.494s
2025-12-02 16:01:07.943 67269 INFO tempest.lib.common.rest_client [req-77b0cf56-300a-445c-9804-c22fe2242425 req-77b0cf56-300a-445c-9804-c22fe2242425 ] Request (ServersTestBootFromVolume:setUpClass): 201 POST http://10.180.1.21/identity/v3/auth/tokens 0.063s
2025-12-02 16:01:07.943 67269 INFO tempest.lib.common.fixed_network [-] (ServersTestBootFromVolume:setUpClass) Found network {'id': '6e7ffa34-1313-4084-b310-1cd4d392f9ed', 'name': 'tempest-ServersTestBootFromVolume-240737784-network', 'tenant_id': 'ebac9ee93d8a49f58e46f7fb54488a1f', 'project_id': 'ebac9ee93d8a49f58e46f7fb54488a1f', 'admin_state_up': True, 'mtu': 8950, 'status': 'ACTIVE', 'subnets': [], 'shared': False, 'port_security_enabled': True, 'router:external': False, 'provider:network_type': 'vlan', 'provider:physical_network': 'default', 'provider:segmentation_id': 697, 'availability_zone_hints': [], 'availability_zones': [], 'ipv4_address_scope': None, 'ipv6_address_scope': None, 'description': '', 'tags': [], 'created_at': '2025-12-02T16:00:58Z', 'updated_at': '2025-12-02T16:00:58Z', 'revision_number': 1} available for tenant
2025-12-02 16:01:08.184 67271 INFO tempest.lib.common.rest_client [req-6d2ea050-308b-4bb3-b05c-db1cc207a6d4 req-6d2ea050-308b-4bb3-b05c-db1cc207a6d4 ] Request (FlavorsV2NegativeTest:tearDownClass): 200 GET http://10.180.1.21/networking/v2.0/security-groups?tenant_id=95868b1a771149eca8d16f587913bc71&name=default 0.525s
2025-12-02 16:01:08.323 67247 INFO tempest.lib.common.rest_client [req-7aaf2554-1ca9-436f-86c4-a9988d39358f req-7aaf2554-1ca9-436f-86c4-a9988d39358f ] Request (FloatingIPsAssociationTestJSON:setUpClass): 200 GET http://10.180.1.21/compute/v2.1/servers/c243af65-1dd6-4972-a943-42dce5ba07b6 4.377s
2025-12-02 16:01:08.436 67271 INFO tempest.lib.common.rest_client [req-aadb6d53-ea5f-4a97-87b5-e1f58c7798f3 req-aadb6d53-ea5f-4a97-87b5-e1f58c7798f3 ] Request (FlavorsV2NegativeTest:tearDownClass): 204 DELETE http://10.180.1.21/networking/v2.0/security-groups/110e8b91-ab77-49b5-8850-d0567a9972b1 0.251s
2025-12-02 16:01:08.528 67271 INFO tempest.lib.common.rest_client [req-37b8b5bb-5900-44a9-9312-da5950ab497f req-37b8b5bb-5900-44a9-9312-da5950ab497f ] Request (FlavorsV2NegativeTest:tearDownClass): 204 DELETE http://10.180.1.21/identity/v3/projects/95868b1a771149eca8d16f587913bc71 0.092s
2025-12-02 16:01:08.568 67255 INFO tempest.lib.common.rest_client [req-28c91c99-6b02-4fd8-b6bc-82bfacff629a req-28c91c99-6b02-4fd8-b6bc-82bfacff629a ] Request (QuotasAdminTestJSON:test_update_all_quota_resources_for_tenant): 200 PUT http://10.180.1.21/compute/v2.1/os-quota-sets/a37d0a0fc7154fdd913d6f5aeea114fb 3.733s
2025-12-02 16:01:08.573 67269 INFO tempest.lib.common.rest_client [req-37a921b8-0e4d-4fa1-a45b-b0351f0d9703 req-37a921b8-0e4d-4fa1-a45b-b0351f0d9703 ] Request (ServersTestBootFromVolume:setUpClass): 202 POST http://10.180.1.21/volume/v3/volumes 0.629s
2025-12-02 16:01:08.599 67271 INFO tempest.lib.common.rest_client [req-a7dffd9b-f0f5-4439-b4ca-2a1eed68cb8d req-a7dffd9b-f0f5-4439-b4ca-2a1eed68cb8d ] Request (ServersV294TestFqdnHostnames:setUpClass): 201 POST http://10.180.1.21/identity/v3/auth/tokens 0.067s
2025-12-02 16:01:08.632 67269 INFO tempest.lib.common.rest_client [req-618fbdb3-ef32-438a-984f-ede8d3c7bcd1 req-618fbdb3-ef32-438a-984f-ede8d3c7bcd1 ] Request (ServersTestBootFromVolume:setUpClass): 200 GET http://10.180.1.21/volume/v3/volumes/80044ea3-95c7-42c7-bc55-9958936499e6 0.051s
2025-12-02 16:01:08.650 67271 INFO tempest.lib.common.rest_client [req-3966a1ae-8dde-4158-9b59-8c5f1713e469 req-3966a1ae-8dde-4158-9b59-8c5f1713e469 ] Request (ServersV294TestFqdnHostnames:setUpClass): 201 POST http://10.180.1.21/identity/v3/auth/tokens 0.048s
2025-12-02 16:01:08.684 67271 INFO tempest.lib.common.rest_client [req-80673b55-2861-46e0-826c-18262c455b68 req-80673b55-2861-46e0-826c-18262c455b68 ] Request (ServersV294TestFqdnHostnames:setUpClass): 200 GET http://10.180.1.21/identity/v3/domains?name=Default 0.033s
2025-12-02 16:01:08.726 67271 INFO tempest.lib.common.rest_client [req-d96ec88e-986f-46f7-9efd-8c2892b6d02b req-d96ec88e-986f-46f7-9efd-8c2892b6d02b ] Request (ServersV294TestFqdnHostnames:setUpClass): 201 POST http://10.180.1.21/identity/v3/projects 0.041s
2025-12-02 16:01:08.789 67271 INFO tempest.lib.common.rest_client [req-137ead28-7924-42dc-a60b-2becd0e71328 req-137ead28-7924-42dc-a60b-2becd0e71328 ] Request (ServersV294TestFqdnHostnames:setUpClass): 201 POST http://10.180.1.21/identity/v3/users 0.062s
2025-12-02 16:01:08.810 67271 INFO tempest.lib.common.rest_client [req-93b7d5d8-3986-4335-be76-7fecfe1eac4f req-93b7d5d8-3986-4335-be76-7fecfe1eac4f ] Request (ServersV294TestFqdnHostnames:setUpClass): 200 GET http://10.180.1.21/identity/v3/roles 0.020s
2025-12-02 16:01:08.841 67271 INFO tempest.lib.common.rest_client [req-7366d890-350a-4d6e-b3b1-ace96ebc2b6a req-7366d890-350a-4d6e-b3b1-ace96ebc2b6a ] Request (ServersV294TestFqdnHostnames:setUpClass): 204 PUT http://10.180.1.21/identity/v3/projects/6abab13656204afc82121790d70bb0c7/users/2c8d14120f374d52927ca3a64cf1d8f0/roles/0cb1e11e5b794f6d9694769b1f652da1 0.030s
2025-12-02 16:01:08.841 67271 INFO tempest.lib.common.dynamic_creds [-] Dynamic test user 2c8d14120f374d52927ca3a64cf1d8f0 is created with scope project and roles: ['member']
2025-12-02 16:01:08.841 67271 INFO tempest.lib.common.dynamic_creds [-] Acquired dynamic creds: credentials: Credentials: {'domain_id': 'default', 'domain_name': 'Default', 'username': 'tempest-ServersV294TestFqdnHostnames-1797053889-project-member', 'project_domain_id': 'default', 'project_domain_name': 'Default', 'project_id': '6abab13656204afc82121790d70bb0c7', 'project_name': 'tempest-ServersV294TestFqdnHostnames-1797053889', 'tenant_id': '6abab13656204afc82121790d70bb0c7', 'tenant_name': 'tempest-ServersV294TestFqdnHostnames-1797053889', 'user_domain_id': 'default', 'user_domain_name': 'Default', 'user_id': '2c8d14120f374d52927ca3a64cf1d8f0', 'system': None}, Network: None, Subnet: None, Router: None
2025-12-02 16:01:08.899 67271 INFO tempest.lib.common.rest_client [req-45b45718-b888-4122-bb6d-e67101f73fcf req-45b45718-b888-4122-bb6d-e67101f73fcf ] Request (ServersV294TestFqdnHostnames:setUpClass): 201 POST http://10.180.1.21/identity/v3/auth/tokens 0.057s
2025-12-02 16:01:09.023 67223 INFO tempest.lib.common.rest_client [req-d7ba2cfc-cdcc-4f81-9078-cba97e298ad2 req-d7ba2cfc-cdcc-4f81-9078-cba97e298ad2 ] Request (VolumesAssistedSnapshotsTest:test_volume_assisted_snapshot_create_delete): 202 POST http://10.180.1.21/compute/v2.1/servers 4.415s
2025-12-02 16:01:09.045 67243 INFO tempest.lib.common.rest_client [req-3601de36-1857-42c5-bd6f-b9ad95e1f3aa req-3601de36-1857-42c5-bd6f-b9ad95e1f3aa ] Request (FlavorsAccessTestJSON:_run_cleanups): 202 DELETE http://10.180.1.21/compute/v2.1/flavors/1844551026 4.052s
2025-12-02 16:01:09.070 67221 INFO tempest.lib.common.rest_client [req-3a9418ea-75b7-49fe-bb20-0c8016741a24 req-3a9418ea-75b7-49fe-bb20-0c8016741a24 ] Request (FlavorsV255TestJSON:_run_cleanups): 202 DELETE http://10.180.1.21/compute/v2.1/flavors/1645310605 4.059s
2025-12-02 16:01:09.099 67232 INFO tempest.lib.common.rest_client [req-9efa825e-9c9e-4d62-98d9-fe43cc5b447a req-9efa825e-9c9e-4d62-98d9-fe43cc5b447a ] Request (AggregatesAdminNegativeTestJSON:_run_cleanups): 200 DELETE http://10.180.1.21/compute/v2.1/os-aggregates/1 3.972s
2025-12-02 16:01:09.286 67275 INFO tempest.lib.common.rest_client [req-58003b5d-e142-4143-ad56-5f9a64b2d139 req-58003b5d-e142-4143-ad56-5f9a64b2d139 ] Request (HypervisorAdminUnderV252Test:test_get_hypervisor_show_servers): 200 GET http://10.180.1.21/compute/v2.1/os-hypervisors 3.609s
2025-12-02 16:01:09.421 67271 INFO tempest.lib.common.rest_client [req-e5c1e931-e7f1-4aaf-ab4e-e91733053abd req-e5c1e931-e7f1-4aaf-ab4e-e91733053abd ] Request (ServersV294TestFqdnHostnames:setUpClass): 201 POST http://10.180.1.21/networking/v2.0/networks 0.521s
2025-12-02 16:01:09.683 67269 INFO tempest.lib.common.rest_client [req-1d48485e-3158-4775-ac04-87138ebe6199 req-1d48485e-3158-4775-ac04-87138ebe6199 ] Request (ServersTestBootFromVolume:setUpClass): 200 GET http://10.180.1.21/volume/v3/volumes/80044ea3-95c7-42c7-bc55-9958936499e6 0.038s
2025-12-02 16:01:09.700 67271 INFO tempest.lib.common.rest_client [req-3bea6a55-af43-4cae-b6a0-db78037e53db req-3bea6a55-af43-4cae-b6a0-db78037e53db ] Request (ServersV294TestFqdnHostnames:setUpClass): 201 POST http://10.180.1.21/networking/v2.0/subnets 0.278s
2025-12-02 16:01:09.811 67217 INFO tempest.lib.common.rest_client [req-7035c294-f96d-4726-9a1d-0c0bb368fe49 req-7035c294-f96d-4726-9a1d-0c0bb368fe49 ] Request (ServerDiskConfigTestJSON:test_rebuild_server_with_auto_disk_config): 200 GET http://10.180.1.21/compute/v2.1/servers/c12492a5-779c-4f1a-ae11-e1e0a32c5f76 4.092s
2025-12-02 16:01:09.938 67245 INFO tempest.lib.common.rest_client [req-5116e50f-13a3-4070-a76a-d738f18a5c90 req-5116e50f-13a3-4070-a76a-d738f18a5c90 ] Request (QuotasAdminNegativeTest:test_create_server_when_instances_quota_is_full): 200 PUT http://10.180.1.21/compute/v2.1/os-quota-sets/02c3ce46028f46799b3ec1a6cbda69ff 3.357s
2025-12-02 16:01:09.956 67263 INFO tempest.lib.common.rest_client [req-f3e85cde-b310-4a99-8681-753ddad9c682 req-f3e85cde-b310-4a99-8681-753ddad9c682 ] Request (HypervisorAdminNegativeUnderV252Test:test_show_servers_with_nonexistent_hypervisor): 404 GET http://10.180.1.21/compute/v2.1/os-hypervisors/18274b27-4482-4a82-9f2b-f4da3e4b86c5/servers 3.372s
2025-12-02 16:01:09.985 67241 INFO tempest.lib.common.rest_client [req-0321742c-5892-4016-a44c-c065e534aa5f req-0321742c-5892-4016-a44c-c065e534aa5f ] Request (FlavorsExtraSpecsTestJSON:test_flavor_set_get_update_show_unset_keys): 200 POST http://10.180.1.21/compute/v2.1/flavors/38387260/os-extra_specs 3.385s
2025-12-02 16:01:10.011 67252 INFO tempest.lib.common.rest_client [req-455beab9-38fd-4086-8a24-2e59aa280a7e req-455beab9-38fd-4086-8a24-2e59aa280a7e ] Request (FlavorsAdminTestJSON:_run_cleanups): 200 GET http://10.180.1.21/compute/v2.1/flavors/detail 3.395s
2025-12-02 16:01:10.031 67245 INFO tempest.lib.common.rest_client [req-fc47d94c-15ac-4747-9ab3-d8b092e871e1 req-fc47d94c-15ac-4747-9ab3-d8b092e871e1 ] Request (QuotasAdminNegativeTest:test_create_server_when_instances_quota_is_full): 201 POST http://10.180.1.21/identity/v3/auth/tokens 0.089s
2025-12-02 16:01:10.031 67245 INFO tempest.lib.common.fixed_network [-] (QuotasAdminNegativeTest:test_create_server_when_instances_quota_is_full) Found network None available for tenant
2025-12-02 16:01:10.034 67263 INFO tempest.lib.common.rest_client [req-3cb0e322-c99d-40cd-86d2-3f05c8b7cbcb req-3cb0e322-c99d-40cd-86d2-3f05c8b7cbcb ] Request (HypervisorAdminNegativeUnderV252Test:tearDownClass): 204 DELETE http://10.180.1.21/identity/v3/users/621c0a30c96a41a4a6d7c0f19fe41717 0.076s
2025-12-02 16:01:10.124 67263 INFO tempest.lib.common.rest_client [req-f94d9c33-94af-4af5-b5aa-de92617f0ef7 req-f94d9c33-94af-4af5-b5aa-de92617f0ef7 ] Request (HypervisorAdminNegativeUnderV252Test:tearDownClass): 204 DELETE http://10.180.1.21/identity/v3/users/fd9122f1da3f4c56b2ff8815564732d3 0.089s
2025-12-02 16:01:10.124 67263 INFO tempest.lib.common.dynamic_creds [-] Deleting project and security group for project: 42759d0e8c5745b2bdaf4d5284ba54a9
2025-12-02 16:01:10.180 67263 INFO tempest.lib.common.rest_client [req-5a1c6307-f97c-4de2-bfd2-437bce8d7c6f req-5a1c6307-f97c-4de2-bfd2-437bce8d7c6f ] Request (HypervisorAdminNegativeUnderV252Test:tearDownClass): 201 POST http://10.180.1.21/identity/v3/auth/tokens 0.056s
2025-12-02 16:01:10.488 67271 INFO tempest.lib.common.rest_client [req-378cb9b0-6efc-4ae4-90ba-2199b6746a02 req-378cb9b0-6efc-4ae4-90ba-2199b6746a02 ] Request (ServersV294TestFqdnHostnames:setUpClass): 201 POST http://10.180.1.21/networking/v2.0/routers 0.786s
2025-12-02 16:01:10.496 67227 INFO tempest.lib.common.rest_client [req-ad5fe163-830a-4ed0-8acc-c8f5473e306a req-ad5fe163-830a-4ed0-8acc-c8f5473e306a ] Request (FloatingIPDetailsTestJSON:setUpClass): 200 POST http://10.180.1.21/compute/v2.1/os-floating-ips 5.540s
2025-12-02 16:01:10.614 67267 INFO tempest.lib.common.rest_client [req-07e46d90-53bc-474e-95a2-06eb46dc1201 req-07e46d90-53bc-474e-95a2-06eb46dc1201 ] Request (ServersWithSpecificFlavorTestJSON:test_verify_created_server_ephemeral_disk): 200 POST http://10.180.1.21/compute/v2.1/flavors 3.920s
2025-12-02 16:01:10.637 67219 INFO tempest.lib.common.rest_client [req-6fe50678-65ba-4b4c-b7f7-ff6f5297872e req-6fe50678-65ba-4b4c-b7f7-ff6f5297872e ] Request (FlavorsAccessNegativeTestJSON:_run_cleanups): 200 GET http://10.180.1.21/compute/v2.1/flavors/detail 3.821s
2025-12-02 16:01:10.640 67261 INFO tempest.lib.common.rest_client [req-3a55984f-f2b9-437e-8a12-021c503b07d4 req-3a55984f-f2b9-437e-8a12-021c503b07d4 ] Request (SecurityGroupsTestJSON:test_list_security_groups_by_server): 200 POST http://10.180.1.21/compute/v2.1/os-security-groups 4.001s
2025-12-02 16:01:10.643 67225 INFO tempest.lib.common.rest_client [req-a03b8c20-a6a1-444a-889b-ab62679a5011 req-a03b8c20-a6a1-444a-889b-ab62679a5011 ] Request (FlavorsExtraSpecsNegativeTestJSON:test_flavor_non_admin_update_specific_key): 403 PUT http://10.180.1.21/compute/v2.1/flavors/1632233504/os-extra_specs/hw:numa_nodes 3.808s
2025-12-02 16:01:10.672 67253 INFO tempest.lib.common.rest_client [req-2912ee8b-3639-44f6-9d9f-4f8d073d6d8f req-2912ee8b-3639-44f6-9d9f-4f8d073d6d8f ] Request (FlavorsV261TestJSON:_run_cleanups): 200 GET http://10.180.1.21/compute/v2.1/flavors/detail 3.592s
2025-12-02 16:01:10.723 67269 INFO tempest.lib.common.rest_client [req-2e2447fc-4b2f-4cd5-85d9-56fea5c9e527 req-2e2447fc-4b2f-4cd5-85d9-56fea5c9e527 ] Request (ServersTestBootFromVolume:setUpClass): 200 GET http://10.180.1.21/volume/v3/volumes/80044ea3-95c7-42c7-bc55-9958936499e6 0.030s
2025-12-02 16:01:10.728 67261 INFO tempest.lib.common.rest_client [req-670c3114-4205-4c6b-a7df-22de2407d37a req-670c3114-4205-4c6b-a7df-22de2407d37a ] Request (SecurityGroupsTestJSON:test_list_security_groups_by_server): 201 POST http://10.180.1.21/identity/v3/auth/tokens 0.083s
2025-12-02 16:01:10.728 67261 INFO tempest.lib.common.fixed_network [-] (SecurityGroupsTestJSON:test_list_security_groups_by_server) Found network {'id': '2787cd00-4df1-431a-871c-a432582edfd5', 'name': 'tempest-SecurityGroupsTestJSON-763113426-network', 'tenant_id': '53db87dc3fa847178b3b240455c9e9fb', 'project_id': '53db87dc3fa847178b3b240455c9e9fb', 'admin_state_up': True, 'mtu': 8950, 'status': 'ACTIVE', 'subnets': [], 'shared': False, 'port_security_enabled': True, 'router:external': False, 'provider:network_type': 'vlan', 'provider:physical_network': 'default', 'provider:segmentation_id': 312, 'availability_zone_hints': [], 'availability_zones': [], 'ipv4_address_scope': None, 'ipv6_address_scope': None, 'description': '', 'tags': [], 'created_at': '2025-12-02T16:00:57Z', 'updated_at': '2025-12-02T16:00:57Z', 'revision_number': 1} available for tenant
2025-12-02 16:01:10.731 67279 INFO tempest.lib.common.rest_client [req-314ba308-37b9-4d7b-a7e9-708097319fd0 req-314ba308-37b9-4d7b-a7e9-708097319fd0 ] Request (ImagesMetadataTestJSON:test_get_image_metadata_item): 200 GET http://10.180.1.21/compute/v2.1/images/9088c8fb-cbc9-4bca-b9e9-58ef8bd4ce24/metadata/os_distro 3.443s
2025-12-02 16:01:10.770 67260 INFO tempest.lib.common.rest_client [req-81f6411a-21dd-4c7d-8867-351e753abdc4 req-81f6411a-21dd-4c7d-8867-351e753abdc4 ] Request (HypervisorAdminNegativeTestJSON:test_show_hypervisor_with_non_admin_user): 200 GET http://10.180.1.21/compute/v2.1/os-hypervisors 3.475s
2025-12-02 16:01:10.800 67253 INFO tempest.lib.common.rest_client [req-8ffe21de-3f3a-4a72-b466-4d5bed5d72ca req-8ffe21de-3f3a-4a72-b466-4d5bed5d72ca ] Request (FlavorsV261TestJSON:tearDownClass): 204 DELETE http://10.180.1.21/identity/v3/users/2c955f4361724a6e853ca50090aa37fc 0.116s
2025-12-02 16:01:10.844 67263 INFO tempest.lib.common.rest_client [req-830b5366-312f-4b56-b678-2a8691a0d76a req-830b5366-312f-4b56-b678-2a8691a0d76a ] Request (HypervisorAdminNegativeUnderV252Test:tearDownClass): 200 GET http://10.180.1.21/networking/v2.0/security-groups?tenant_id=42759d0e8c5745b2bdaf4d5284ba54a9&name=default 0.664s
2025-12-02 16:01:10.941 67253 INFO tempest.lib.common.rest_client [req-269ede5e-6fdb-49e1-b021-61057997a90b req-269ede5e-6fdb-49e1-b021-61057997a90b ] Request (FlavorsV261TestJSON:tearDownClass): 204 DELETE http://10.180.1.21/identity/v3/users/f3e2b961af354e3eaa00708feb5228da 0.140s
2025-12-02 16:01:10.941 67253 INFO tempest.lib.common.dynamic_creds [-] Deleting project and security group for project: 030e9c54588446afad2f0a8547d74934
2025-12-02 16:01:11.021 67253 INFO tempest.lib.common.rest_client [req-c2a0bbe8-bb73-4a5e-930d-ef8c164e1080 req-c2a0bbe8-bb73-4a5e-930d-ef8c164e1080 ] Request (FlavorsV261TestJSON:tearDownClass): 201 POST http://10.180.1.21/identity/v3/auth/tokens 0.080s
2025-12-02 16:01:11.399 67263 INFO tempest.lib.common.rest_client [req-fbf1f3d3-e4e0-45e7-86db-033f270094d4 req-fbf1f3d3-e4e0-45e7-86db-033f270094d4 ] Request (HypervisorAdminNegativeUnderV252Test:tearDownClass): 204 DELETE http://10.180.1.21/networking/v2.0/security-groups/87ecf1b4-ab05-4595-93a0-ea9caea0c4d1 0.554s
2025-12-02 16:01:11.468 67263 INFO tempest.lib.common.rest_client [req-a1bc3e67-97ab-49b9-899c-9bea783298d1 req-a1bc3e67-97ab-49b9-899c-9bea783298d1 ] Request (HypervisorAdminNegativeUnderV252Test:tearDownClass): 204 DELETE http://10.180.1.21/identity/v3/projects/42759d0e8c5745b2bdaf4d5284ba54a9 0.068s
2025-12-02 16:01:11.469 67263 INFO tempest.lib.common.dynamic_creds [-] Deleting project and security group for project: f1dfc56435dd4284b315b8719d9cb6e7
2025-12-02 16:01:11.737 67253 INFO tempest.lib.common.rest_client [req-334a0b37-06de-4882-81ab-4077d9158828 req-334a0b37-06de-4882-81ab-4077d9158828 ] Request (FlavorsV261TestJSON:tearDownClass): 200 GET http://10.180.1.21/networking/v2.0/security-groups?tenant_id=030e9c54588446afad2f0a8547d74934&name=default 0.715s
2025-12-02 16:01:11.763 67269 INFO tempest.lib.common.rest_client [req-290716b8-2c76-4a7f-9874-d46d3ad19be3 req-290716b8-2c76-4a7f-9874-d46d3ad19be3 ] Request (ServersTestBootFromVolume:setUpClass): 200 GET http://10.180.1.21/volume/v3/volumes/80044ea3-95c7-42c7-bc55-9958936499e6 0.031s
2025-12-02 16:01:11.770 67271 INFO tempest.lib.common.rest_client [req-67c3211f-5681-4579-9d39-224de9da9f44 req-67c3211f-5681-4579-9d39-224de9da9f44 ] Request (ServersV294TestFqdnHostnames:setUpClass): 200 PUT http://10.180.1.21/networking/v2.0/routers/795b43f5-ce97-4c41-9972-7198edf4466c/add_router_interface 1.282s
2025-12-02 16:01:11.770 67271 INFO tempest.lib.common.dynamic_creds [-] Created isolated network resources for: credentials: Credentials: {'domain_id': 'default', 'domain_name': 'Default', 'username': 'tempest-ServersV294TestFqdnHostnames-1797053889-project-member', 'project_domain_id': 'default', 'project_domain_name': 'Default', 'project_id': '6abab13656204afc82121790d70bb0c7', 'project_name': 'tempest-ServersV294TestFqdnHostnames-1797053889', 'tenant_id': '6abab13656204afc82121790d70bb0c7', 'tenant_name': 'tempest-ServersV294TestFqdnHostnames-1797053889', 'user_domain_id': 'default', 'user_domain_name': 'Default', 'user_id': '2c8d14120f374d52927ca3a64cf1d8f0', 'system': None}, Network: {'id': '387dd8b3-3ee2-4579-94be-296fbba07710', 'name': 'tempest-ServersV294TestFqdnHostnames-1803289329-network', 'tenant_id': '6abab13656204afc82121790d70bb0c7', 'project_id': '6abab13656204afc82121790d70bb0c7', 'admin_state_up': True, 'mtu': 8950, 'status': 'ACTIVE', 'subnets': [], 'shared': False, 'port_security_enabled': True, 'router:external': False, 'provider:network_type': 'vlan', 'provider:physical_network': 'default', 'provider:segmentation_id': 794, 'availability_zone_hints': [], 'availability_zones': [], 'ipv4_address_scope': None, 'ipv6_address_scope': None, 'description': '', 'tags': [], 'created_at': '2025-12-02T16:01:09Z', 'updated_at': '2025-12-02T16:01:09Z', 'revision_number': 1}, Subnet: {'id': 'a6132a98-4b72-4086-a4f4-68a09f13cb5d', 'name': 'tempest-ServersV294TestFqdnHostnames-1803289329-subnet', 'tenant_id': '6abab13656204afc82121790d70bb0c7', 'network_id': '387dd8b3-3ee2-4579-94be-296fbba07710', 'ip_version': 4, 'subnetpool_id': None, 'enable_dhcp': True, 'ipv6_ra_mode': None, 'ipv6_address_mode': None, 'gateway_ip': '192.168.128.1', 'cidr': '192.168.128.0/28', 'allocation_pools': [{'start': '192.168.128.2', 'end': '192.168.128.14'}], 'host_routes': [], 'dns_nameservers': [], 'description': '', 'router:external': False, 'service_types': [], 'tags': [], 'created_at': '2025-12-02T16:01:09Z', 'updated_at': '2025-12-02T16:01:09Z', 'revision_number': 0, 'project_id': '6abab13656204afc82121790d70bb0c7'}, Router: {'id': '795b43f5-ce97-4c41-9972-7198edf4466c', 'name': 'tempest-ServersV294TestFqdnHostnames-1803289329-router', 'tenant_id': '6abab13656204afc82121790d70bb0c7', 'admin_state_up': True, 'status': 'ACTIVE', 'external_gateway_info': {'network_id': '0d6857a1-e38a-4190-8bb1-0484a8dc1e94', 'external_fixed_ips': [{'subnet_id': 'bbea23ed-fdd4-4a4e-a438-18a85291482c', 'ip_address': '10.180.180.131'}], 'enable_snat': True}, 'description': '', 'availability_zones': [], 'distributed': False, 'ha': False, 'availability_zone_hints': [], 'routes': [], 'flavor_id': None, 'tags': [], 'created_at': '2025-12-02T16:01:09Z', 'updated_at': '2025-12-02T16:01:10Z', 'revision_number': 2, 'project_id': '6abab13656204afc82121790d70bb0c7'}
2025-12-02 16:01:11.832 67233 INFO tempest.lib.common.rest_client [req-85e8657d-acbb-4fe9-8cc5-edcfc96ba02c req-85e8657d-acbb-4fe9-8cc5-edcfc96ba02c ] Request (DeleteServersAdminTestJSON:test_admin_delete_servers_of_others): 200 GET http://10.180.1.21/compute/v2.1/servers/ccfe4833-5aa3-44fe-ad7e-979a441190b9 4.566s
2025-12-02 16:01:11.838 67237 INFO tempest.lib.common.rest_client [req-6f33dbec-38fb-4002-a3e8-95b7411140a5 req-6f33dbec-38fb-4002-a3e8-95b7411140a5 ] Request (HostsAdminNegativeTestJSON:test_shutdown_host_with_non_admin_user): 403 GET http://10.180.1.21/compute/v2.1/os-hosts/devstack/shutdown 4.532s
2025-12-02 16:01:11.839 67239 INFO tempest.lib.common.rest_client [req-e6ad02c1-5973-4cd1-b976-6e27c3f245ce req-e6ad02c1-5973-4cd1-b976-6e27c3f245ce ] Request (ImagesOneServerTestJSON:setUpClass): 200 GET http://10.180.1.21/compute/v2.1/servers/a7ee369c-7749-4daf-b91d-dd2d74c31581 4.543s
2025-12-02 16:01:11.853 67239 INFO tempest.common.waiters [-] State transition "BUILD/block_device_mapping" ==> "BUILD/spawning" after 18 second wait
2025-12-02 16:01:11.875 67271 INFO tempest.lib.common.rest_client [req-3b2db2de-be9a-4023-8974-e58b5b5f8be2 req-3b2db2de-be9a-4023-8974-e58b5b5f8be2 ] Request (ServersV294TestFqdnHostnames:setUpClass): 201 POST http://10.180.1.21/identity/v3/auth/tokens 0.101s
2025-12-02 16:01:11.954 67263 INFO tempest.lib.common.rest_client [req-9e161051-4c24-4228-b57f-053738fdebd9 req-9e161051-4c24-4228-b57f-053738fdebd9 ] Request (HypervisorAdminNegativeUnderV252Test:tearDownClass): 200 GET http://10.180.1.21/networking/v2.0/security-groups?tenant_id=f1dfc56435dd4284b315b8719d9cb6e7&name=default 0.485s
2025-12-02 16:01:12.053 67253 INFO tempest.lib.common.rest_client [req-18e3507c-ae3c-44f7-9fad-7652b81834b8 req-18e3507c-ae3c-44f7-9fad-7652b81834b8 ] Request (FlavorsV261TestJSON:tearDownClass): 204 DELETE http://10.180.1.21/networking/v2.0/security-groups/d426eebf-802c-4f1a-ae20-8e0ef6b02738 0.315s
2025-12-02 16:01:12.156 67253 INFO tempest.lib.common.rest_client [req-36febc24-241c-4144-80a9-85c2c6509422 req-36febc24-241c-4144-80a9-85c2c6509422 ] Request (FlavorsV261TestJSON:tearDownClass): 204 DELETE http://10.180.1.21/identity/v3/projects/030e9c54588446afad2f0a8547d74934 0.103s
2025-12-02 16:01:12.157 67253 INFO tempest.lib.common.dynamic_creds [-] Deleting project and security group for project: f3c85f60a9874f8db5c6035d5ed60423
2025-12-02 16:01:12.261 67263 INFO tempest.lib.common.rest_client [req-e867765a-796f-45a1-ba1e-0f4cef8152fa req-e867765a-796f-45a1-ba1e-0f4cef8152fa ] Request (HypervisorAdminNegativeUnderV252Test:tearDownClass): 204 DELETE http://10.180.1.21/networking/v2.0/security-groups/600aee5a-b4f3-4524-8160-0e379b47c8f4 0.306s
2025-12-02 16:01:12.377 67253 INFO tempest.lib.common.rest_client [req-72cc0819-646d-4bc8-9477-7a7a5201b1d9 req-72cc0819-646d-4bc8-9477-7a7a5201b1d9 ] Request (FlavorsV261TestJSON:tearDownClass): 200 GET http://10.180.1.21/networking/v2.0/security-groups?tenant_id=f3c85f60a9874f8db5c6035d5ed60423&name=default 0.220s
2025-12-02 16:01:12.379 67263 INFO tempest.lib.common.rest_client [req-88b331a8-0828-457e-8fe3-5ee44bfbdb23 req-88b331a8-0828-457e-8fe3-5ee44bfbdb23 ] Request (HypervisorAdminNegativeUnderV252Test:tearDownClass): 204 DELETE http://10.180.1.21/identity/v3/projects/f1dfc56435dd4284b315b8719d9cb6e7 0.117s
