2025-12-02 16:03:45.262 67252 INFO tempest.lib.common.dynamic_creds [-] Deleting project and security group for project: c6e92943e21343abbb96ef13833c2ebc
2025-12-02 16:03:45.448 67223 INFO tempest.lib.common.rest_client [req-7f1596f6-e28b-4cd6-8dd5-9cb1a85241cc req-7f1596f6-e28b-4cd6-8dd5-9cb1a85241cc ] Request (NetworksTest:tearDownClass): 204 DELETE http://10.180.1.21/networking/v2.0/security-groups/67aa12c6-d64f-43a3-9373-c95e9d36fa5c 0.229s
2025-12-02 16:03:45.495 67237 INFO tempest.lib.common.rest_client [req-5db556f7-2b2a-4c0e-a1ec-39b319780d1e req-5db556f7-2b2a-4c0e-a1ec-39b319780d1e ] Request (ImagesNegativeTestJSON:tearDownClass): 204 DELETE http://10.180.1.21/networking/v2.0/networks/fc70930e-b766-4527-98b8-f04b15ae0b66 0.468s
2025-12-02 16:03:45.521 67233 INFO tempest.lib.common.rest_client [req-33700ddf-2218-46e3-b059-7e7cfcecd9b8 req-33700ddf-2218-46e3-b059-7e7cfcecd9b8 ] Request (TenantUsagesTestJSON:setUpClass): 200 GET http://10.180.1.21/compute/v2.1/servers/9877e401-3f0e-4b6f-841d-7954638cd74d 1.741s
2025-12-02 16:03:45.572 67232 INFO tempest.lib.common.rest_client [req-42f62251-d7be-4827-b3fc-e1ecac852338 req-42f62251-d7be-4827-b3fc-e1ecac852338 ] Request (ImagesOneServerNegativeTestJSON:setUpClass): 200 GET http://10.180.1.21/compute/v2.1/servers/1551bff5-78ef-4cf3-8ebf-c6e30ef94c01 1.841s
2025-12-02 16:03:45.595 67223 INFO tempest.lib.common.rest_client [req-931bb7e3-a137-432d-b3d0-b0d76c408e88 req-931bb7e3-a137-432d-b3d0-b0d76c408e88 ] Request (NetworksTest:tearDownClass): 204 DELETE http://10.180.1.21/identity/v3/projects/51ed071c2093441091d1aee497851395 0.146s
2025-12-02 16:03:45.595 67223 INFO tempest.lib.common.dynamic_creds [-] Deleting project and security group for project: d30fc4be9c4b4995972bc3c770935f0d
2025-12-02 16:03:45.627 67252 INFO tempest.lib.common.rest_client [req-aec1a0db-4c02-4b19-a6d1-e6ec039cf330 req-aec1a0db-4c02-4b19-a6d1-e6ec039cf330 ] Request (HypervisorAdminTestJSON:tearDownClass): 200 GET http://10.180.1.21/networking/v2.0/security-groups?tenant_id=c6e92943e21343abbb96ef13833c2ebc&name=default 0.365s
2025-12-02 16:03:45.655 67249 INFO tempest.lib.common.rest_client [req-f5412075-4338-4357-977c-035d0e2c9011 req-f5412075-4338-4357-977c-035d0e2c9011 ] Request (ServersTestFqdnHostnames:test_create_server_with_fqdn_name): 200 GET http://10.180.1.21/compute/v2.1/servers/25e8701d-e5a3-4839-9a2f-f2f897abda73 1.815s
2025-12-02 16:03:45.683 67275 INFO tempest.lib.common.rest_client [req-f7de424e-1a2e-4144-ac34-acf442316685 req-f7de424e-1a2e-4144-ac34-acf442316685 ] Request (ServersAdminTestJSON:test_inject_network_info): 200 GET http://10.180.1.21/compute/v2.1/servers/3806f51b-dda7-40eb-8b2d-524670a0e7e3 1.785s
2025-12-02 16:03:45.687 67265 INFO tempest.lib.common.rest_client [req-8836c7f2-2067-4eb4-bd7f-f541492d6d17 req-8836c7f2-2067-4eb4-bd7f-f541492d6d17 ] Request (ServersTestMultiNic:tearDownClass): 404 DELETE http://10.180.1.21/compute/v2.1/servers/7390ab76-c100-4aa9-9ad0-c0c95780c1b9 1.703s
2025-12-02 16:03:45.709 67237 INFO tempest.lib.common.rest_client [req-9916e94f-bd84-4fd2-8df6-443073622bba req-9916e94f-bd84-4fd2-8df6-443073622bba ] Request (ImagesNegativeTestJSON:tearDownClass): 204 DELETE http://10.180.1.21/identity/v3/users/ff205c77243c4edda9959164dae62591 0.213s
2025-12-02 16:03:45.709 67237 INFO tempest.lib.common.dynamic_creds [-] Deleting project and security group for project: 3431243f06564a138a15481c343f8d02
2025-12-02 16:03:45.749 67223 INFO tempest.lib.common.rest_client [req-91d5372d-4364-4f88-b85d-e2e69aaf65d3 req-91d5372d-4364-4f88-b85d-e2e69aaf65d3 ] Request (NetworksTest:tearDownClass): 200 GET http://10.180.1.21/networking/v2.0/security-groups?tenant_id=d30fc4be9c4b4995972bc3c770935f0d&name=default 0.153s
2025-12-02 16:03:45.794 67252 INFO tempest.lib.common.rest_client [req-99f8f86e-4aff-4bed-940e-99df32e280dd req-99f8f86e-4aff-4bed-940e-99df32e280dd ] Request (HypervisorAdminTestJSON:tearDownClass): 204 DELETE http://10.180.1.21/networking/v2.0/security-groups/d376cd26-0c5f-49ff-9bc4-6295fd55de67 0.166s
2025-12-02 16:03:45.831 67237 INFO tempest.lib.common.rest_client [req-58fd0887-1c98-4fc5-9ef5-e43334dcbe87 req-58fd0887-1c98-4fc5-9ef5-e43334dcbe87 ] Request (ImagesNegativeTestJSON:tearDownClass): 200 GET http://10.180.1.21/networking/v2.0/security-groups?tenant_id=3431243f06564a138a15481c343f8d02&name=default 0.121s
2025-12-02 16:03:45.856 67257 INFO tempest.lib.common.rest_client [req-9a899351-d7e7-4057-8681-d64ac46e866b req-9a899351-d7e7-4057-8681-d64ac46e866b ] Request (ServerMetadataTestJSON:tearDownClass): 200 GET http://10.180.1.21/compute/v2.1/servers/550cc00f-d974-4d00-bc6c-3e7c006bd66c 1.747s
2025-12-02 16:03:45.923 67252 INFO tempest.lib.common.rest_client [req-81171b4f-0249-4450-9cdb-b98ac8a1cabe req-81171b4f-0249-4450-9cdb-b98ac8a1cabe ] Request (HypervisorAdminTestJSON:tearDownClass): 204 DELETE http://10.180.1.21/identity/v3/projects/c6e92943e21343abbb96ef13833c2ebc 0.129s
2025-12-02 16:03:45.957 67223 INFO tempest.lib.common.rest_client [req-80ed573b-ab76-45b7-81bc-fa889089d6e7 req-80ed573b-ab76-45b7-81bc-fa889089d6e7 ] Request (NetworksTest:tearDownClass): 204 DELETE http://10.180.1.21/networking/v2.0/security-groups/29348f85-e78a-42fc-b9b1-829859fdb8d9 0.207s
2025-12-02 16:03:45.983 67237 INFO tempest.lib.common.rest_client [req-cf5f819c-abcb-454e-b40b-1008df11d9f8 req-cf5f819c-abcb-454e-b40b-1008df11d9f8 ] Request (ImagesNegativeTestJSON:tearDownClass): 204 DELETE http://10.180.1.21/networking/v2.0/security-groups/92583910-38be-424b-ae0b-e27f87da131b 0.152s
2025-12-02 16:03:45.994 67261 INFO tempest.lib.common.rest_client [req-afbabede-bc79-4c89-9aef-cfdc3d535998 req-afbabede-bc79-4c89-9aef-cfdc3d535998 ] Request (SecurityGroupsTestJSON:test_server_security_groups): 200 GET http://10.180.1.21/compute/v2.1/servers/ea703068-fa50-4dad-ba1f-2f47cde3400f 1.850s
2025-12-02 16:03:46.005 67252 INFO tempest.lib.common.rest_client [req-4b641ab8-1d6d-42ad-8218-126719ec9afe req-4b641ab8-1d6d-42ad-8218-126719ec9afe ] Request (ServerDiagnosticsV248Test:setUpClass): 201 POST http://10.180.1.21/identity/v3/auth/tokens 0.080s
2025-12-02 16:03:46.026 67245 INFO tempest.lib.common.rest_client [req-18758813-6dd7-46fc-a946-28aae257be51 req-18758813-6dd7-46fc-a946-28aae257be51 ] Request (FloatingIPsAssociationNegativeTestJSON:tearDownClass): 404 GET http://10.180.1.21/compute/v2.1/servers/94616311-8843-4309-b8e5-a36f01bc1054 1.814s
2025-12-02 16:03:46.072 67223 INFO tempest.lib.common.rest_client [req-819eb6f4-8601-48cc-bd8f-96c21d7ab7ec req-819eb6f4-8601-48cc-bd8f-96c21d7ab7ec ] Request (NetworksTest:tearDownClass): 204 DELETE http://10.180.1.21/identity/v3/projects/d30fc4be9c4b4995972bc3c770935f0d 0.115s
2025-12-02 16:03:46.087 67237 INFO tempest.lib.common.rest_client [req-c91ecef6-29e1-4839-8e04-0d674a8fc548 req-c91ecef6-29e1-4839-8e04-0d674a8fc548 ] Request (ImagesNegativeTestJSON:tearDownClass): 204 DELETE http://10.180.1.21/identity/v3/projects/3431243f06564a138a15481c343f8d02 0.103s
2025-12-02 16:03:46.087 67260 INFO tempest.lib.common.rest_client [req-7f1032a9-4d96-4d67-960b-4eee3278848a req-7f1032a9-4d96-4d67-960b-4eee3278848a ] Request (SecurityGroupRulesNegativeTestJSON:tearDownClass): 202 DELETE http://10.180.1.21/compute/v2.1/os-security-groups/7af95196-0dce-42e6-be77-a06161f19bf8 1.906s
2025-12-02 16:03:46.107 67273 INFO tempest.lib.common.rest_client [req-ac8df4a2-2828-415f-b576-27b4eade84b8 req-ac8df4a2-2828-415f-b576-27b4eade84b8 ] Request (ServerActionsTestOtherB:setUpClass): 200 GET http://10.180.1.21/compute/v2.1/servers/6f280fd8-83d6-4843-8328-5118a76cdf43 1.836s
2025-12-02 16:03:46.146 67252 INFO tempest.lib.common.rest_client [req-f4d6f142-0535-41d8-9f5b-eb277d1bfdc3 req-f4d6f142-0535-41d8-9f5b-eb277d1bfdc3 ] Request (ServerDiagnosticsV248Test:setUpClass): 201 POST http://10.180.1.21/identity/v3/auth/tokens 0.137s
2025-12-02 16:03:46.148 67217 INFO tempest.lib.common.rest_client [req-3eb754a0-0c00-425f-9d2f-611ed4d6de0a req-3eb754a0-0c00-425f-9d2f-611ed4d6de0a ] Request (ServerDiskConfigTestJSON:test_resize_server_from_auto_to_manual): 200 GET http://10.180.1.21/compute/v2.1/servers/dadc09b5-2145-4df5-84f2-97a5d7d4eb19 1.811s
2025-12-02 16:03:46.171 67223 INFO tempest.lib.common.rest_client [req-247236a3-062e-4b05-8666-96bc15d9342e req-247236a3-062e-4b05-8666-96bc15d9342e ] Request (ServicesAdminTestJSON:setUpClass): 201 POST http://10.180.1.21/identity/v3/auth/tokens 0.097s
2025-12-02 16:03:46.180 67237 INFO tempest.lib.common.rest_client [req-57cf76cd-8572-4b6a-ae2c-81ecb8641841 req-57cf76cd-8572-4b6a-ae2c-81ecb8641841 ] Request (ServerActionsV293TestJSON:setUpClass): 201 POST http://10.180.1.21/identity/v3/auth/tokens 0.090s
2025-12-02 16:03:46.183 67255 INFO tempest.lib.common.rest_client [req-46af80e5-a571-4c78-9e3b-46526362cd79 req-46af80e5-a571-4c78-9e3b-46526362cd79 ] Request (ServersListShow296Test:test_list_show_update_rebuild_server_296): 200 GET http://10.180.1.21/compute/v2.1/servers/33ea2805-4beb-4cdf-8a97-2642e3641677 1.828s
2025-12-02 16:03:46.200 67252 INFO tempest.lib.common.rest_client [req-9015907a-16c5-4b42-baf9-09730302adad req-9015907a-16c5-4b42-baf9-09730302adad ] Request (ServerDiagnosticsV248Test:setUpClass): 200 GET http://10.180.1.21/identity/v3/domains?name=Default 0.053s
2025-12-02 16:03:46.208 67223 INFO tempest.lib.common.rest_client [req-f8a76d22-cb1c-4bed-80a6-747feeaf0915 req-f8a76d22-cb1c-4bed-80a6-747feeaf0915 ] Request (ServicesAdminTestJSON:setUpClass): 201 POST http://10.180.1.21/identity/v3/auth/tokens 0.031s
2025-12-02 16:03:46.213 67253 INFO tempest.lib.common.rest_client [req-4662e930-3870-4ad3-8379-a04ac60df8c9 req-4662e930-3870-4ad3-8379-a04ac60df8c9 ] Request (MigrationsAdminTest:test_resize_server_revert_deleted_flavor): 200 GET http://10.180.1.21/compute/v2.1/servers/4161ffd6-2327-442b-b5c7-407b5d6a216d 1.769s
2025-12-02 16:03:46.231 67237 INFO tempest.lib.common.rest_client [req-14f0525f-3d27-4010-947a-bcae6237771a req-14f0525f-3d27-4010-947a-bcae6237771a ] Request (ServerActionsV293TestJSON:setUpClass): 201 POST http://10.180.1.21/identity/v3/auth/tokens 0.043s
2025-12-02 16:03:46.241 67252 INFO tempest.lib.common.rest_client [req-5e165cb0-4dd5-4a7f-a6b4-51c95ec0e3fe req-5e165cb0-4dd5-4a7f-a6b4-51c95ec0e3fe ] Request (ServerDiagnosticsV248Test:setUpClass): 201 POST http://10.180.1.21/identity/v3/projects 0.040s
2025-12-02 16:03:46.249 67227 INFO tempest.lib.common.rest_client [req-d5f62acd-c374-494a-ad77-14013e6a9e0f req-d5f62acd-c374-494a-ad77-14013e6a9e0f ] Request (ListServersNegativeTestJSON:setUpClass): 200 GET http://10.180.1.21/compute/v2.1/servers/2862a358-d7ae-4256-b0b9-2a7e4bfabae7 1.783s
2025-12-02 16:03:46.255 67223 INFO tempest.lib.common.rest_client [req-a70c0fff-2b05-4524-bdd3-e0feba710962 req-a70c0fff-2b05-4524-bdd3-e0feba710962 ] Request (ServicesAdminTestJSON:setUpClass): 200 GET http://10.180.1.21/identity/v3/domains?name=Default 0.046s
2025-12-02 16:03:46.263 67269 INFO tempest.lib.common.rest_client [req-7da69c30-c7e6-4fc9-9746-cc68e10c115a req-7da69c30-c7e6-4fc9-9746-cc68e10c115a ] Request (InstanceActionsNegativeTestJSON:setUpClass): 200 GET http://10.180.1.21/compute/v2.1/servers/7395e460-384d-4435-bc77-e1d88f0b330c 1.598s
2025-12-02 16:03:46.269 67247 INFO tempest.lib.common.rest_client [req-798cc2da-81fd-4ccf-bb4b-ce6fdf2f06ca req-798cc2da-81fd-4ccf-bb4b-ce6fdf2f06ca ] Request (KeyPairsV22TestJSON:_run_cleanups): 204 DELETE http://10.180.1.21/compute/v2.1/os-keypairs/tempest-keypair-385229822 1.388s
2025-12-02 16:03:46.272 67271 INFO tempest.lib.common.rest_client [-] Request (TestVersions:test_list_api_versions): 200 GET http://10.180.1.21/compute/ 1.277s
2025-12-02 16:03:46.302 67237 INFO tempest.lib.common.rest_client [req-3d5e7059-231d-43b1-92ca-6a39f0ea824d req-3d5e7059-231d-43b1-92ca-6a39f0ea824d ] Request (ServerActionsV293TestJSON:setUpClass): 200 GET http://10.180.1.21/identity/v3/domains?name=Default 0.071s
2025-12-02 16:03:46.323 67252 INFO tempest.lib.common.rest_client [req-06348b58-6a75-44e4-9d83-b30e2b7ae632 req-06348b58-6a75-44e4-9d83-b30e2b7ae632 ] Request (ServerDiagnosticsV248Test:setUpClass): 201 POST http://10.180.1.21/identity/v3/users 0.082s
2025-12-02 16:03:46.331 67223 INFO tempest.lib.common.rest_client [req-946ed882-ad71-4299-8d34-719c992487c1 req-946ed882-ad71-4299-8d34-719c992487c1 ] Request (ServicesAdminTestJSON:setUpClass): 201 POST http://10.180.1.21/identity/v3/projects 0.076s
2025-12-02 16:03:46.392 67237 INFO tempest.lib.common.rest_client [req-550ef207-d280-45ff-9058-ec81726258f2 req-550ef207-d280-45ff-9058-ec81726258f2 ] Request (ServerActionsV293TestJSON:setUpClass): 201 POST http://10.180.1.21/identity/v3/projects 0.089s
2025-12-02 16:03:46.405 67235 INFO tempest.lib.common.rest_client [req-59f975ae-3436-409b-888d-a1cd33f7af3f req-59f975ae-3436-409b-888d-a1cd33f7af3f ] Request (ServerPasswordTestJSON:setUpClass): 200 GET http://10.180.1.21/compute/v2.1/servers/86778ef9-bf1e-47c4-b42f-65b76419d34d 1.338s
2025-12-02 16:03:46.428 67279 INFO tempest.lib.common.rest_client [req-53b5ca7e-3e0c-486a-b4fe-5341a019c5c0 req-53b5ca7e-3e0c-486a-b4fe-5341a019c5c0 ] Request (InstanceActionsTestJSON:test_list_instance_actions): 200 GET http://10.180.1.21/compute/v2.1/servers/a2d337e7-f84e-4079-aee9-72ebe0344f91 1.458s
2025-12-02 16:03:46.432 67271 INFO tempest.lib.common.rest_client [req-3fa28dab-03ca-46e9-8514-c63d2a65b6ad req-3fa28dab-03ca-46e9-8514-c63d2a65b6ad ] Request (TestVersions:tearDownClass): 204 DELETE http://10.180.1.21/identity/v3/users/6ec7489fe4f444cf831e904464e3f4be 0.152s
2025-12-02 16:03:46.432 67271 INFO tempest.lib.common.dynamic_creds [-] Deleting project and security group for project: 64c03179f75c467d94c390fe70ac9fb0
2025-12-02 16:03:46.477 67241 INFO tempest.lib.common.rest_client [req-9124d909-c5a8-4dcb-a7ce-e5fae76d633c req-9124d909-c5a8-4dcb-a7ce-e5fae76d633c ] Request (ServerShowV257Test:tearDownClass): 200 GET http://10.180.1.21/compute/v2.1/servers/7f0c6037-a9b1-4118-8320-3d73c8ddd606 1.373s
2025-12-02 16:03:46.494 67252 INFO tempest.lib.common.rest_client [req-7ab78ae5-23a0-4199-97ba-7dc17fe62b82 req-7ab78ae5-23a0-4199-97ba-7dc17fe62b82 ] Request (ServerDiagnosticsV248Test:setUpClass): 200 GET http://10.180.1.21/identity/v3/roles 0.170s
2025-12-02 16:03:46.498 67223 INFO tempest.lib.common.rest_client [req-f1c5e285-5711-409b-a8cc-bc1bf81fcc85 req-f1c5e285-5711-409b-a8cc-bc1bf81fcc85 ] Request (ServicesAdminTestJSON:setUpClass): 201 POST http://10.180.1.21/identity/v3/users 0.166s
2025-12-02 16:03:46.498 67239 INFO tempest.lib.common.rest_client [req-80b470d3-84f9-430e-996f-96f44986f483 req-80b470d3-84f9-430e-996f-96f44986f483 ] Request (ServerMetadataNegativeTestJSON:setUpClass): 200 GET http://10.180.1.21/compute/v2.1/servers/f77569bb-f2ed-4474-90ad-e4b8c56c08c2 1.217s
2025-12-02 16:03:46.502 67265 INFO tempest.lib.common.rest_client [req-9059dba0-3180-4cb4-bdc8-43f9962fd943 req-9059dba0-3180-4cb4-bdc8-43f9962fd943 ] Request (ServersTestMultiNic:tearDownClass): 404 GET http://10.180.1.21/compute/v2.1/servers/7390ab76-c100-4aa9-9ad0-c0c95780c1b9 0.813s
2025-12-02 16:03:46.523 67271 INFO tempest.lib.common.rest_client [req-9dfa0227-3b06-44fd-85bb-8990ff7e7715 req-9dfa0227-3b06-44fd-85bb-8990ff7e7715 ] Request (TestVersions:tearDownClass): 201 POST http://10.180.1.21/identity/v3/auth/tokens 0.090s
2025-12-02 16:03:46.525 67237 INFO tempest.lib.common.rest_client [req-e484d257-06a7-4a77-b8f6-5a707140997d req-e484d257-06a7-4a77-b8f6-5a707140997d ] Request (ServerActionsV293TestJSON:setUpClass): 201 POST http://10.180.1.21/identity/v3/users 0.131s
2025-12-02 16:03:46.542 67223 INFO tempest.lib.common.rest_client [req-4fcd7885-464b-4bcd-b41d-7b034bf2bf07 req-4fcd7885-464b-4bcd-b41d-7b034bf2bf07 ] Request (ServicesAdminTestJSON:setUpClass): 200 GET http://10.180.1.21/identity/v3/roles 0.044s
2025-12-02 16:03:46.553 67252 INFO tempest.lib.common.rest_client [req-0afba354-a9bc-4a41-90ed-e569ec6342f0 req-0afba354-a9bc-4a41-90ed-e569ec6342f0 ] Request (ServerDiagnosticsV248Test:setUpClass): 204 PUT http://10.180.1.21/identity/v3/projects/128f64b2e0b44bcd9265c985e526af75/users/9a173b67acc6490ba83fc3fb31da7675/roles/0cb1e11e5b794f6d9694769b1f652da1 0.058s
2025-12-02 16:03:46.554 67252 INFO tempest.lib.common.dynamic_creds [-] Dynamic test user 9a173b67acc6490ba83fc3fb31da7675 is created with scope project and roles: ['member']
2025-12-02 16:03:46.554 67252 INFO tempest.lib.common.dynamic_creds [-] Acquired dynamic creds: credentials: Credentials: {'domain_id': 'default', 'domain_name': 'Default', 'username': 'tempest-ServerDiagnosticsV248Test-1717522681-project-member', 'project_domain_id': 'default', 'project_domain_name': 'Default', 'project_id': '128f64b2e0b44bcd9265c985e526af75', 'project_name': 'tempest-ServerDiagnosticsV248Test-1717522681', 'tenant_id': '128f64b2e0b44bcd9265c985e526af75', 'tenant_name': 'tempest-ServerDiagnosticsV248Test-1717522681', 'user_domain_id': 'default', 'user_domain_name': 'Default', 'user_id': '9a173b67acc6490ba83fc3fb31da7675', 'system': None}, Network: None, Subnet: None, Router: None
2025-12-02 16:03:46.554 67252 INFO tempest.lib.common.dynamic_creds [-] Created isolated network resources for: credentials: Credentials: {'domain_id': 'default', 'domain_name': 'Default', 'username': 'tempest-ServerDiagnosticsV248Test-1717522681-project-member', 'project_domain_id': 'default', 'project_domain_name': 'Default', 'project_id': '128f64b2e0b44bcd9265c985e526af75', 'project_name': 'tempest-ServerDiagnosticsV248Test-1717522681', 'tenant_id': '128f64b2e0b44bcd9265c985e526af75', 'tenant_name': 'tempest-ServerDiagnosticsV248Test-1717522681', 'user_domain_id': 'default', 'user_domain_name': 'Default', 'user_id': '9a173b67acc6490ba83fc3fb31da7675', 'system': None}, Network: None, Subnet: None, Router: None
2025-12-02 16:03:46.558 67237 INFO tempest.lib.common.rest_client [req-b87b3d7c-c4f7-4698-bae4-a64307218da0 req-b87b3d7c-c4f7-4698-bae4-a64307218da0 ] Request (ServerActionsV293TestJSON:setUpClass): 200 GET http://10.180.1.21/identity/v3/roles 0.033s
2025-12-02 16:03:46.631 67223 INFO tempest.lib.common.rest_client [req-a3c6b8b5-7e06-428e-b01c-e29408ce2ef8 req-a3c6b8b5-7e06-428e-b01c-e29408ce2ef8 ] Request (ServicesAdminTestJSON:setUpClass): 204 PUT http://10.180.1.21/identity/v3/projects/1bae27624d6346dd8898581983bd0e15/users/34f18d86899f413fa085c7e18d2dcedf/roles/0cb1e11e5b794f6d9694769b1f652da1 0.088s
2025-12-02 16:03:46.631 67223 INFO tempest.lib.common.dynamic_creds [-] Dynamic test user 34f18d86899f413fa085c7e18d2dcedf is created with scope project and roles: ['member']
2025-12-02 16:03:46.632 67223 INFO tempest.lib.common.dynamic_creds [-] Acquired dynamic creds: credentials: Credentials: {'domain_id': 'default', 'domain_name': 'Default', 'username': 'tempest-ServicesAdminTestJSON-1733783851-project-member', 'project_domain_id': 'default', 'project_domain_name': 'Default', 'project_id': '1bae27624d6346dd8898581983bd0e15', 'project_name': 'tempest-ServicesAdminTestJSON-1733783851', 'tenant_id': '1bae27624d6346dd8898581983bd0e15', 'tenant_name': 'tempest-ServicesAdminTestJSON-1733783851', 'user_domain_id': 'default', 'user_domain_name': 'Default', 'user_id': '34f18d86899f413fa085c7e18d2dcedf', 'system': None}, Network: None, Subnet: None, Router: None
2025-12-02 16:03:46.632 67223 INFO tempest.lib.common.dynamic_creds [-] Created isolated network resources for: credentials: Credentials: {'domain_id': 'default', 'domain_name': 'Default', 'username': 'tempest-ServicesAdminTestJSON-1733783851-project-member', 'project_domain_id': 'default', 'project_domain_name': 'Default', 'project_id': '1bae27624d6346dd8898581983bd0e15', 'project_name': 'tempest-ServicesAdminTestJSON-1733783851', 'tenant_id': '1bae27624d6346dd8898581983bd0e15', 'tenant_name': 'tempest-ServicesAdminTestJSON-1733783851', 'user_domain_id': 'default', 'user_domain_name': 'Default', 'user_id': '34f18d86899f413fa085c7e18d2dcedf', 'system': None}, Network: None, Subnet: None, Router: None
2025-12-02 16:03:46.709 67252 INFO tempest.lib.common.rest_client [req-6290fe98-d7eb-411a-9306-1b88e6b21103 req-6290fe98-d7eb-411a-9306-1b88e6b21103 ] Request (ServerDiagnosticsV248Test:setUpClass): 201 POST http://10.180.1.21/identity/v3/auth/tokens 0.152s
2025-12-02 16:03:46.716 67237 INFO tempest.lib.common.rest_client [req-e14fae90-aba3-4198-8d1f-33e9a2a37630 req-e14fae90-aba3-4198-8d1f-33e9a2a37630 ] Request (ServerActionsV293TestJSON:setUpClass): 204 PUT http://10.180.1.21/identity/v3/projects/2df9ccc26aa44a60b8973ffedd225bf5/users/178643ac300641f09e306e0c59d62165/roles/0cb1e11e5b794f6d9694769b1f652da1 0.157s
2025-12-02 16:03:46.716 67237 INFO tempest.lib.common.dynamic_creds [-] Dynamic test user 178643ac300641f09e306e0c59d62165 is created with scope project and roles: ['member']
2025-12-02 16:03:46.716 67237 INFO tempest.lib.common.dynamic_creds [-] Acquired dynamic creds: credentials: Credentials: {'domain_id': 'default', 'domain_name': 'Default', 'username': 'tempest-ServerActionsV293TestJSON-908997761-project-member', 'project_domain_id': 'default', 'project_domain_name': 'Default', 'project_id': '2df9ccc26aa44a60b8973ffedd225bf5', 'project_name': 'tempest-ServerActionsV293TestJSON-908997761', 'tenant_id': '2df9ccc26aa44a60b8973ffedd225bf5', 'tenant_name': 'tempest-ServerActionsV293TestJSON-908997761', 'user_domain_id': 'default', 'user_domain_name': 'Default', 'user_id': '178643ac300641f09e306e0c59d62165', 'system': None}, Network: None, Subnet: None, Router: None
2025-12-02 16:03:46.762 67271 INFO tempest.lib.common.rest_client [req-8434f7d4-1ffe-491f-b2d7-4f50713c5708 req-8434f7d4-1ffe-491f-b2d7-4f50713c5708 ] Request (TestVersions:tearDownClass): 200 GET http://10.180.1.21/networking/v2.0/security-groups?tenant_id=64c03179f75c467d94c390fe70ac9fb0&name=default 0.238s
2025-12-02 16:03:46.769 67223 INFO tempest.lib.common.rest_client [req-5a8abc77-0c2e-438c-b7f0-91c5f8c0c5b8 req-5a8abc77-0c2e-438c-b7f0-91c5f8c0c5b8 ] Request (ServicesAdminTestJSON:setUpClass): 201 POST http://10.180.1.21/identity/v3/auth/tokens 0.134s
2025-12-02 16:03:46.772 67252 INFO tempest.lib.common.rest_client [req-dc847037-dc07-4cbe-9bf6-62e1f153ca16 req-dc847037-dc07-4cbe-9bf6-62e1f153ca16 ] Request (ServerDiagnosticsV248Test:setUpClass): 201 POST http://10.180.1.21/identity/v3/projects 0.061s
2025-12-02 16:03:46.817 67245 INFO tempest.lib.common.rest_client [req-1b67e1ed-b31b-479b-92dd-0cccbfeb87f1 req-1b67e1ed-b31b-479b-92dd-0cccbfeb87f1 ] Request (FloatingIPsAssociationNegativeTestJSON:tearDownClass): 200 PUT http://10.180.1.21/networking/v2.0/routers/9c209cb4-138e-44ab-95af-bfb84ff7d0ee/remove_router_interface 0.788s
2025-12-02 16:03:46.841 67237 INFO tempest.lib.common.rest_client [req-e77b4e04-fe7f-4dc3-b877-702021df405c req-e77b4e04-fe7f-4dc3-b877-702021df405c ] Request (ServerActionsV293TestJSON:setUpClass): 201 POST http://10.180.1.21/identity/v3/auth/tokens 0.124s
2025-12-02 16:03:46.847 67223 INFO tempest.lib.common.rest_client [req-180afc94-c1ff-4139-998a-59b6e1e7c93b req-180afc94-c1ff-4139-998a-59b6e1e7c93b ] Request (ServicesAdminTestJSON:setUpClass): 201 POST http://10.180.1.21/identity/v3/projects 0.077s
2025-12-02 16:03:46.867 67252 INFO tempest.lib.common.rest_client [req-9b0f296c-c00d-4c70-b5bd-ea163746ae4f req-9b0f296c-c00d-4c70-b5bd-ea163746ae4f ] Request (ServerDiagnosticsV248Test:setUpClass): 201 POST http://10.180.1.21/identity/v3/users 0.094s
2025-12-02 16:03:46.927 67252 INFO tempest.lib.common.rest_client [req-4277e178-f2d4-46e8-aac1-32cc5312d9e5 req-4277e178-f2d4-46e8-aac1-32cc5312d9e5 ] Request (ServerDiagnosticsV248Test:setUpClass): 200 GET http://10.180.1.21/identity/v3/roles 0.059s
2025-12-02 16:03:46.929 67223 INFO tempest.lib.common.rest_client [req-9bbb5a01-c491-470e-b228-af37f09048c4 req-9bbb5a01-c491-470e-b228-af37f09048c4 ] Request (ServicesAdminTestJSON:setUpClass): 201 POST http://10.180.1.21/identity/v3/users 0.081s
2025-12-02 16:03:46.953 67223 INFO tempest.lib.common.rest_client [req-8ff523c2-2cca-4600-975e-24ca7b800bfc req-8ff523c2-2cca-4600-975e-24ca7b800bfc ] Request (ServicesAdminTestJSON:setUpClass): 200 GET http://10.180.1.21/identity/v3/roles 0.022s
2025-12-02 16:03:46.956 67252 INFO tempest.lib.common.rest_client [req-edc746e1-45a2-426b-9b3c-b4a546c885c9 req-edc746e1-45a2-426b-9b3c-b4a546c885c9 ] Request (ServerDiagnosticsV248Test:setUpClass): 204 PUT http://10.180.1.21/identity/v3/projects/5f52dae7adf040789bafa6d8d0f59c02/users/745b4006428445c0a20a74520fe087c3/roles/2cb3b6a8232842afb657e30cd6908497 0.029s
2025-12-02 16:03:47.024 67223 INFO tempest.lib.common.rest_client [req-c6743d5f-228b-465d-83e0-8983c183083c req-c6743d5f-228b-465d-83e0-8983c183083c ] Request (ServicesAdminTestJSON:setUpClass): 204 PUT http://10.180.1.21/identity/v3/projects/111791a27b0244af88debb776bc28246/users/acdff10ceb5449daa755b6bc0c33d1d0/roles/2cb3b6a8232842afb657e30cd6908497 0.071s
2025-12-02 16:03:47.027 67271 INFO tempest.lib.common.rest_client [req-d447ecfd-b94f-486d-972d-26aa5f4bc571 req-d447ecfd-b94f-486d-972d-26aa5f4bc571 ] Request (TestVersions:tearDownClass): 204 DELETE http://10.180.1.21/networking/v2.0/security-groups/98fe5017-b56e-454b-adf6-13a54690baec 0.265s
2025-12-02 16:03:47.028 67252 INFO tempest.lib.common.rest_client [req-5fc7f2f8-b2c9-4cb1-a960-76defb56eb02 req-5fc7f2f8-b2c9-4cb1-a960-76defb56eb02 ] Request (ServerDiagnosticsV248Test:setUpClass): 200 GET http://10.180.1.21/identity/v3/roles 0.071s
2025-12-02 16:03:47.075 67223 INFO tempest.lib.common.rest_client [req-1be8d493-15bb-48e4-88cc-97fdfdbec308 req-1be8d493-15bb-48e4-88cc-97fdfdbec308 ] Request (ServicesAdminTestJSON:setUpClass): 200 GET http://10.180.1.21/identity/v3/roles 0.050s
2025-12-02 16:03:47.126 67271 INFO tempest.lib.common.rest_client [req-e112ecef-98cc-4323-b347-827a6dccf0b2 req-e112ecef-98cc-4323-b347-827a6dccf0b2 ] Request (TestVersions:tearDownClass): 204 DELETE http://10.180.1.21/identity/v3/projects/64c03179f75c467d94c390fe70ac9fb0 0.098s
2025-12-02 16:03:47.188 67252 INFO tempest.lib.common.rest_client [req-9ee01d56-a011-4088-8f24-3aabe242bf13 req-9ee01d56-a011-4088-8f24-3aabe242bf13 ] Request (ServerDiagnosticsV248Test:setUpClass): 204 PUT http://10.180.1.21/identity/v3/projects/5f52dae7adf040789bafa6d8d0f59c02/users/745b4006428445c0a20a74520fe087c3/roles/2cb3b6a8232842afb657e30cd6908497 0.159s
2025-12-02 16:03:47.189 67252 INFO tempest.lib.common.dynamic_creds [-] Dynamic test user 745b4006428445c0a20a74520fe087c3 is created with scope project and roles: ['admin']
2025-12-02 16:03:47.189 67252 INFO tempest.lib.common.dynamic_creds [-] Acquired dynamic creds: credentials: Credentials: {'domain_id': 'default', 'domain_name': 'Default', 'username': 'tempest-ServerDiagnosticsV248Test-690521952-project-admin', 'project_domain_id': 'default', 'project_domain_name': 'Default', 'project_id': '5f52dae7adf040789bafa6d8d0f59c02', 'project_name': 'tempest-ServerDiagnosticsV248Test-690521952', 'tenant_id': '5f52dae7adf040789bafa6d8d0f59c02', 'tenant_name': 'tempest-ServerDiagnosticsV248Test-690521952', 'user_domain_id': 'default', 'user_domain_name': 'Default', 'user_id': '745b4006428445c0a20a74520fe087c3', 'system': None}, Network: None, Subnet: None, Router: None
2025-12-02 16:03:47.189 67252 INFO tempest.lib.common.dynamic_creds [-] Created isolated network resources for: credentials: Credentials: {'domain_id': 'default', 'domain_name': 'Default', 'username': 'tempest-ServerDiagnosticsV248Test-690521952-project-admin', 'project_domain_id': 'default', 'project_domain_name': 'Default', 'project_id': '5f52dae7adf040789bafa6d8d0f59c02', 'project_name': 'tempest-ServerDiagnosticsV248Test-690521952', 'tenant_id': '5f52dae7adf040789bafa6d8d0f59c02', 'tenant_name': 'tempest-ServerDiagnosticsV248Test-690521952', 'user_domain_id': 'default', 'user_domain_name': 'Default', 'user_id': '745b4006428445c0a20a74520fe087c3', 'system': None}, Network: None, Subnet: None, Router: None
2025-12-02 16:03:47.268 67223 INFO tempest.lib.common.rest_client [req-0f7eecfd-ccdf-42cd-831f-12d96c4e7a18 req-0f7eecfd-ccdf-42cd-831f-12d96c4e7a18 ] Request (ServicesAdminTestJSON:setUpClass): 204 PUT http://10.180.1.21/identity/v3/projects/111791a27b0244af88debb776bc28246/users/acdff10ceb5449daa755b6bc0c33d1d0/roles/2cb3b6a8232842afb657e30cd6908497 0.192s
2025-12-02 16:03:47.268 67223 INFO tempest.lib.common.dynamic_creds [-] Dynamic test user acdff10ceb5449daa755b6bc0c33d1d0 is created with scope project and roles: ['admin']
2025-12-02 16:03:47.268 67223 INFO tempest.lib.common.dynamic_creds [-] Acquired dynamic creds: credentials: Credentials: {'domain_id': 'default', 'domain_name': 'Default', 'username': 'tempest-ServicesAdminTestJSON-1951065512-project-admin', 'project_domain_id': 'default', 'project_domain_name': 'Default', 'project_id': '111791a27b0244af88debb776bc28246', 'project_name': 'tempest-ServicesAdminTestJSON-1951065512', 'tenant_id': '111791a27b0244af88debb776bc28246', 'tenant_name': 'tempest-ServicesAdminTestJSON-1951065512', 'user_domain_id': 'default', 'user_domain_name': 'Default', 'user_id': 'acdff10ceb5449daa755b6bc0c33d1d0', 'system': None}, Network: None, Subnet: None, Router: None
2025-12-02 16:03:47.268 67223 INFO tempest.lib.common.dynamic_creds [-] Created isolated network resources for: credentials: Credentials: {'domain_id': 'default', 'domain_name': 'Default', 'username': 'tempest-ServicesAdminTestJSON-1951065512-project-admin', 'project_domain_id': 'default', 'project_domain_name': 'Default', 'project_id': '111791a27b0244af88debb776bc28246', 'project_name': 'tempest-ServicesAdminTestJSON-1951065512', 'tenant_id': '111791a27b0244af88debb776bc28246', 'tenant_name': 'tempest-ServicesAdminTestJSON-1951065512', 'user_domain_id': 'default', 'user_domain_name': 'Default', 'user_id': 'acdff10ceb5449daa755b6bc0c33d1d0', 'system': None}, Network: None, Subnet: None, Router: None
2025-12-02 16:03:47.280 67252 INFO tempest.lib.common.rest_client [req-9ba8d82f-2719-4757-9c49-44dc6ebaac2c req-9ba8d82f-2719-4757-9c49-44dc6ebaac2c ] Request (ServerDiagnosticsV248Test:setUpClass): 201 POST http://10.180.1.21/identity/v3/auth/tokens 0.087s
2025-12-02 16:03:47.321 67245 INFO tempest.lib.common.rest_client [req-71e3c703-55fb-44d9-b6f3-eca5a1074b0e req-71e3c703-55fb-44d9-b6f3-eca5a1074b0e ] Request (FloatingIPsAssociationNegativeTestJSON:tearDownClass): 204 DELETE http://10.180.1.21/networking/v2.0/routers/9c209cb4-138e-44ab-95af-bfb84ff7d0ee 0.503s
2025-12-02 16:03:47.353 67252 INFO tempest.lib.common.rest_client [req-a522265e-c0ef-40d0-b515-805266c3830b req-a522265e-c0ef-40d0-b515-805266c3830b ] Request (ServerDiagnosticsV248Test:test_get_server_diagnostics): 201 POST http://10.180.1.21/identity/v3/auth/tokens 0.068s
2025-12-02 16:03:47.353 67252 INFO tempest.lib.common.fixed_network [-] (ServerDiagnosticsV248Test:test_get_server_diagnostics) Found network None available for tenant
2025-12-02 16:03:47.360 67223 INFO tempest.lib.common.rest_client [req-6c35f5da-9e8b-4566-bac1-4e34581f27b3 req-6c35f5da-9e8b-4566-bac1-4e34581f27b3 ] Request (ServicesAdminTestJSON:setUpClass): 201 POST http://10.180.1.21/identity/v3/auth/tokens 0.089s
2025-12-02 16:03:47.363 67219 INFO tempest.lib.common.rest_client [req-d62bbaf9-7741-4e94-b2ca-953d07fc4e8c req-d62bbaf9-7741-4e94-b2ca-953d07fc4e8c ] Request (ServerRescueNegativeTestJSON:setUpClass): 200 GET http://10.180.1.21/compute/v2.1/servers/da3804d6-e4f0-402e-9fb5-bd45cbd8de6b 1.486s
2025-12-02 16:03:47.402 67229 INFO tempest.lib.common.rest_client [req-046bd0e5-0e92-4bca-a98f-feed26983311 req-046bd0e5-0e92-4bca-a98f-feed26983311 ] Request (ServersAdminNegativeTestJSON:test_migrate_server_invalid_state): 200 GET http://10.180.1.21/compute/v2.1/servers/8216b160-e6d8-440d-b06c-7cc69a879d97 1.401s
2025-12-02 16:03:47.446 67237 INFO tempest.lib.common.rest_client [req-e783f214-70e7-4366-ae03-8c280eb66951 req-e783f214-70e7-4366-ae03-8c280eb66951 ] Request (ServerActionsV293TestJSON:setUpClass): 201 POST http://10.180.1.21/networking/v2.0/networks 0.605s
2025-12-02 16:03:47.615 67245 INFO tempest.lib.common.rest_client [req-61e752ab-ea77-4945-90c0-27d9a2af1225 req-61e752ab-ea77-4945-90c0-27d9a2af1225 ] Request (FloatingIPsAssociationNegativeTestJSON:tearDownClass): 204 DELETE http://10.180.1.21/networking/v2.0/subnets/3584b694-ffe6-4a0d-9908-645b89d3336d 0.293s
2025-12-02 16:03:47.646 67255 INFO tempest.lib.common.rest_client [req-bbd26cd3-7df9-4adc-9f1d-3f9963bde75d req-bbd26cd3-7df9-4adc-9f1d-3f9963bde75d ] Request (ServersListShow296Test:test_list_show_update_rebuild_server_296): 200 PUT http://10.180.1.21/compute/v2.1/servers/33ea2805-4beb-4cdf-8a97-2642e3641677 1.449s
2025-12-02 16:03:47.749 67237 INFO tempest.lib.common.rest_client [req-cbc14957-3b21-4e9f-abbc-30aac13dfb24 req-cbc14957-3b21-4e9f-abbc-30aac13dfb24 ] Request (ServerActionsV293TestJSON:setUpClass): 201 POST http://10.180.1.21/networking/v2.0/subnets 0.301s
2025-12-02 16:03:47.897 67260 INFO tempest.lib.common.rest_client [req-8b39c98e-bffd-4fa3-a4a2-794e293a3200 req-8b39c98e-bffd-4fa3-a4a2-794e293a3200 ] Request (SecurityGroupRulesNegativeTestJSON:tearDownClass): 202 DELETE http://10.180.1.21/compute/v2.1/os-security-groups/c877bc85-2f18-451a-b5bf-fa25a1bdf109 1.808s
2025-12-02 16:03:47.943 67247 INFO tempest.lib.common.rest_client [req-8dc7a874-4264-44f4-8ff5-4b27e0cf6a16 req-8dc7a874-4264-44f4-8ff5-4b27e0cf6a16 ] Request (KeyPairsV22TestJSON:test_keypair_create_delete): 201 POST http://10.180.1.21/compute/v2.1/os-keypairs 1.672s
2025-12-02 16:03:47.967 67265 INFO tempest.lib.common.rest_client [req-bfd9eafd-07af-41a4-b85d-c972009c7fc4 req-bfd9eafd-07af-41a4-b85d-c972009c7fc4 ] Request (ServersTestMultiNic:tearDownClass): 404 DELETE http://10.180.1.21/compute/v2.1/servers/16f06fb4-0833-42c5-a893-19c72bc08e7c 1.464s
2025-12-02 16:03:48.046 67267 INFO tempest.lib.common.rest_client [req-43eee6c2-dccb-48d7-a354-607074580eca req-43eee6c2-dccb-48d7-a354-607074580eca ] Request (ServersWithSpecificFlavorTestJSON:test_verify_created_server_ephemeral_disk): 200 GET http://10.180.1.21/compute/v2.1/servers/c4e6cc6b-8d9b-4e77-9fd7-f787394d623c 1.791s
2025-12-02 16:03:48.111 67243 WARNING tempest.lib.common.ssh [-] Failed to establish authenticated ssh connection to cirros@10.180.180.211 ([Errno None] Unable to connect to port 22 on 10.180.180.211). Number attempts: 2. Retry after 3 seconds.: paramiko.ssh_exception.NoValidConnectionsError: [Errno None] Unable to connect to port 22 on 10.180.180.211
2025-12-02 16:03:48.229 67245 INFO tempest.lib.common.rest_client [req-59fd1068-8e8c-4fe0-9353-0253805ca14c req-59fd1068-8e8c-4fe0-9353-0253805ca14c ] Request (FloatingIPsAssociationNegativeTestJSON:tearDownClass): 204 DELETE http://10.180.1.21/networking/v2.0/networks/affc4989-b5b2-4775-8ca4-e982cdb7189d 0.614s
2025-12-02 16:03:48.315 67233 INFO tempest.lib.common.rest_client [req-f69449f4-a5dc-4c6f-a2f6-5ef9c33f2d81 req-f69449f4-a5dc-4c6f-a2f6-5ef9c33f2d81 ] Request (TenantUsagesTestJSON:setUpClass): 200 GET http://10.180.1.21/compute/v2.1/servers/9877e401-3f0e-4b6f-841d-7954638cd74d 1.783s
2025-12-02 16:03:48.369 67245 INFO tempest.lib.common.rest_client [req-58dc6390-795c-44ae-b565-d1461cbe2895 req-58dc6390-795c-44ae-b565-d1461cbe2895 ] Request (FloatingIPsAssociationNegativeTestJSON:tearDownClass): 204 DELETE http://10.180.1.21/identity/v3/users/1c9a8628b0e34d1ca2134853bbe5c387 0.139s
2025-12-02 16:03:48.369 67245 INFO tempest.lib.common.dynamic_creds [-] Deleting project and security group for project: 975c0a9abeb9411a942d360ffddf6f48
2025-12-02 16:03:48.770 67237 INFO tempest.lib.common.rest_client [req-e06e81f5-e69b-4452-b75b-ccc43d1540d9 req-e06e81f5-e69b-4452-b75b-ccc43d1540d9 ] Request (ServerActionsV293TestJSON:setUpClass): 201 POST http://10.180.1.21/networking/v2.0/routers 1.020s
2025-12-02 16:03:48.929 67249 INFO tempest.lib.common.rest_client [req-bb457dce-c580-4d1e-b002-61a045fb5553 req-bb457dce-c580-4d1e-b002-61a045fb5553 ] Request (ServersTestFqdnHostnames:test_create_server_with_fqdn_name): 200 GET http://10.180.1.21/compute/v2.1/servers/25e8701d-e5a3-4839-9a2f-f2f897abda73 2.264s
2025-12-02 16:03:48.947 67245 INFO tempest.lib.common.rest_client [req-1e583e26-154a-479a-8422-b1a4fe24cc2b req-1e583e26-154a-479a-8422-b1a4fe24cc2b ] Request (FloatingIPsAssociationNegativeTestJSON:tearDownClass): 200 GET http://10.180.1.21/networking/v2.0/security-groups?tenant_id=975c0a9abeb9411a942d360ffddf6f48&name=default 0.578s
2025-12-02 16:03:49.721 67237 INFO tempest.lib.common.rest_client [req-4e692161-0588-4335-9f89-62d61cd6f1e6 req-4e692161-0588-4335-9f89-62d61cd6f1e6 ] Request (ServerActionsV293TestJSON:setUpClass): 200 PUT http://10.180.1.21/networking/v2.0/routers/d3069378-cb0d-4297-9a3a-70c6a307e322/add_router_interface 0.951s
2025-12-02 16:03:49.721 67237 INFO tempest.lib.common.dynamic_creds [-] Created isolated network resources for: credentials: Credentials: {'domain_id': 'default', 'domain_name': 'Default', 'username': 'tempest-ServerActionsV293TestJSON-908997761-project-member', 'project_domain_id': 'default', 'project_domain_name': 'Default', 'project_id': '2df9ccc26aa44a60b8973ffedd225bf5', 'project_name': 'tempest-ServerActionsV293TestJSON-908997761', 'tenant_id': '2df9ccc26aa44a60b8973ffedd225bf5', 'tenant_name': 'tempest-ServerActionsV293TestJSON-908997761', 'user_domain_id': 'default', 'user_domain_name': 'Default', 'user_id': '178643ac300641f09e306e0c59d62165', 'system': None}, Network: {'id': 'ef818931-cc46-491f-a972-29e60aebdfa7', 'name': 'tempest-ServerActionsV293TestJSON-1513421903-network', 'tenant_id': '2df9ccc26aa44a60b8973ffedd225bf5', 'project_id': '2df9ccc26aa44a60b8973ffedd225bf5', 'admin_state_up': True, 'mtu': 8950, 'status': 'ACTIVE', 'subnets': [], 'shared': False, 'port_security_enabled': True, 'router:external': False, 'provider:network_type': 'vlan', 'provider:physical_network': 'default', 'provider:segmentation_id': 495, 'availability_zone_hints': [], 'availability_zones': [], 'ipv4_address_scope': None, 'ipv6_address_scope': None, 'description': '', 'tags': [], 'created_at': '2025-12-02T16:03:47Z', 'updated_at': '2025-12-02T16:03:47Z', 'revision_number': 1}, Subnet: {'id': 'f57cba57-d332-4b36-872d-f1e99dc290bd', 'name': 'tempest-ServerActionsV293TestJSON-1513421903-subnet', 'tenant_id': '2df9ccc26aa44a60b8973ffedd225bf5', 'network_id': 'ef818931-cc46-491f-a972-29e60aebdfa7', 'ip_version': 4, 'subnetpool_id': None, 'enable_dhcp': True, 'ipv6_ra_mode': None, 'ipv6_address_mode': None, 'gateway_ip': '192.168.128.1', 'cidr': '192.168.128.0/28', 'allocation_pools': [{'start': '192.168.128.2', 'end': '192.168.128.14'}], 'host_routes': [], 'dns_nameservers': [], 'description': '', 'router:external': False, 'service_types': [], 'tags': [], 'created_at': '2025-12-02T16:03:47Z', 'updated_at': '2025-12-02T16:03:47Z', 'revision_number': 0, 'project_id': '2df9ccc26aa44a60b8973ffedd225bf5'}, Router: {'id': 'd3069378-cb0d-4297-9a3a-70c6a307e322', 'name': 'tempest-ServerActionsV293TestJSON-1513421903-router', 'tenant_id': '2df9ccc26aa44a60b8973ffedd225bf5', 'admin_state_up': True, 'status': 'ACTIVE', 'external_gateway_info': {'network_id': '0d6857a1-e38a-4190-8bb1-0484a8dc1e94', 'external_fixed_ips': [{'subnet_id': 'bbea23ed-fdd4-4a4e-a438-18a85291482c', 'ip_address': '10.180.180.225'}], 'enable_snat': True}, 'description': '', 'availability_zones': [], 'distributed': False, 'ha': False, 'availability_zone_hints': [], 'routes': [], 'flavor_id': None, 'tags': [], 'created_at': '2025-12-02T16:03:48Z', 'updated_at': '2025-12-02T16:03:48Z', 'revision_number': 2, 'project_id': '2df9ccc26aa44a60b8973ffedd225bf5'}
2025-12-02 16:03:49.752 67232 INFO tempest.lib.common.rest_client [req-3600cc65-53a1-4dd4-8d1b-82059d7b891e req-3600cc65-53a1-4dd4-8d1b-82059d7b891e ] Request (ImagesOneServerNegativeTestJSON:setUpClass): 200 GET http://10.180.1.21/compute/v2.1/servers/1551bff5-78ef-4cf3-8ebf-c6e30ef94c01 3.171s
2025-12-02 16:03:49.839 67237 INFO tempest.lib.common.rest_client [req-415782b6-bb3c-4d30-a56f-3e97f300b2c2 req-415782b6-bb3c-4d30-a56f-3e97f300b2c2 ] Request (ServerActionsV293TestJSON:setUpClass): 201 POST http://10.180.1.21/identity/v3/auth/tokens 0.113s
2025-12-02 16:03:49.911 67245 INFO tempest.lib.common.rest_client [req-1733523f-64ae-4c54-808f-049dc9ef0d31 req-1733523f-64ae-4c54-808f-049dc9ef0d31 ] Request (FloatingIPsAssociationNegativeTestJSON:tearDownClass): 204 DELETE http://10.180.1.21/networking/v2.0/security-groups/57f39420-06ae-4013-a107-2dab8327c1d0 0.963s
2025-12-02 16:03:50.009 67257 INFO tempest.lib.common.rest_client [req-1bf19046-a0a9-46a7-bafd-6e183710b51b req-1bf19046-a0a9-46a7-bafd-6e183710b51b ] Request (ServerMetadataTestJSON:tearDownClass): 200 GET http://10.180.1.21/compute/v2.1/servers/550cc00f-d974-4d00-bc6c-3e7c006bd66c 3.143s
2025-12-02 16:03:50.031 67245 INFO tempest.lib.common.rest_client [req-3325f2c3-5eea-4918-aed0-11f75d7bdee7 req-3325f2c3-5eea-4918-aed0-11f75d7bdee7 ] Request (FloatingIPsAssociationNegativeTestJSON:tearDownClass): 204 DELETE http://10.180.1.21/identity/v3/projects/975c0a9abeb9411a942d360ffddf6f48 0.119s
2025-12-02 16:03:50.038 67275 INFO tempest.lib.common.rest_client [req-a3e16b41-577a-43cc-8fae-0413e58f2960 req-a3e16b41-577a-43cc-8fae-0413e58f2960 ] Request (ServersAdminTestJSON:test_inject_network_info): 200 GET http://10.180.1.21/compute/v2.1/servers/3806f51b-dda7-40eb-8b2d-524670a0e7e3 3.345s
2025-12-02 16:03:50.049 67275 INFO tempest.common.waiters [-] State transition "BUILD/None" ==> "BUILD/spawning" after 40 second wait
2025-12-02 16:03:50.122 67245 INFO tempest.lib.common.rest_client [req-28826ce0-fc4d-4980-b14a-20a620843bf4 req-28826ce0-fc4d-4980-b14a-20a620843bf4 ] Request (AZV2TestJSON:setUpClass): 201 POST http://10.180.1.21/identity/v3/auth/tokens 0.089s
2025-12-02 16:03:50.150 67273 INFO tempest.lib.common.rest_client [req-3c77ff2b-bcef-4223-bc4a-397500b073e8 req-3c77ff2b-bcef-4223-bc4a-397500b073e8 ] Request (ServerActionsTestOtherB:setUpClass): 200 GET http://10.180.1.21/compute/v2.1/servers/6f280fd8-83d6-4843-8328-5118a76cdf43 3.034s
2025-12-02 16:03:50.162 67245 INFO tempest.lib.common.rest_client [req-4776f04a-7c17-47f2-b0bc-233c6e1db5bf req-4776f04a-7c17-47f2-b0bc-233c6e1db5bf ] Request (AZV2TestJSON:setUpClass): 201 POST http://10.180.1.21/identity/v3/auth/tokens 0.037s
2025-12-02 16:03:50.186 67261 INFO tempest.lib.common.rest_client [req-6fd38906-0248-42cf-b017-9a0d1f994a17 req-6fd38906-0248-42cf-b017-9a0d1f994a17 ] Request (SecurityGroupsTestJSON:test_server_security_groups): 200 GET http://10.180.1.21/compute/v2.1/servers/ea703068-fa50-4dad-ba1f-2f47cde3400f 3.180s
2025-12-02 16:03:50.200 67261 INFO tempest.common.waiters [-] State transition "BUILD/spawning" ==> "ACTIVE/None" after 43 second wait
2025-12-02 16:03:50.203 67245 INFO tempest.lib.common.rest_client [req-dfa65c03-6176-48ed-a363-e0df941ee48f req-dfa65c03-6176-48ed-a363-e0df941ee48f ] Request (AZV2TestJSON:setUpClass): 200 GET http://10.180.1.21/identity/v3/domains?name=Default 0.040s
2025-12-02 16:03:50.226 67217 INFO tempest.lib.common.rest_client [req-e0e0ba0c-eb96-45fd-b2ba-1c5db8d65649 req-e0e0ba0c-eb96-45fd-b2ba-1c5db8d65649 ] Request (ServerDiskConfigTestJSON:test_resize_server_from_auto_to_manual): 200 GET http://10.180.1.21/compute/v2.1/servers/dadc09b5-2145-4df5-84f2-97a5d7d4eb19 3.065s
2025-12-02 16:03:50.253 67245 INFO tempest.lib.common.rest_client [req-44509a6a-cf8f-4056-9bc9-a49eef3152ed req-44509a6a-cf8f-4056-9bc9-a49eef3152ed ] Request (AZV2TestJSON:setUpClass): 201 POST http://10.180.1.21/identity/v3/projects 0.050s
2025-12-02 16:03:50.263 67253 INFO tempest.lib.common.rest_client [req-5a1d11f6-6b7b-4cb6-990a-56551bbc9d19 req-5a1d11f6-6b7b-4cb6-990a-56551bbc9d19 ] Request (MigrationsAdminTest:test_resize_server_revert_deleted_flavor): 200 GET http://10.180.1.21/compute/v2.1/servers/4161ffd6-2327-442b-b5c7-407b5d6a216d 3.040s
2025-12-02 16:03:50.273 67253 INFO tempest.common.waiters [-] State transition "BUILD/scheduling" ==> "BUILD/None" after 7 second wait
2025-12-02 16:03:50.306 67227 INFO tempest.lib.common.rest_client [req-e600faed-67c7-4f38-8e78-46758d7b148d req-e600faed-67c7-4f38-8e78-46758d7b148d ] Request (ListServersNegativeTestJSON:setUpClass): 200 GET http://10.180.1.21/compute/v2.1/servers/2862a358-d7ae-4256-b0b9-2a7e4bfabae7 3.048s
2025-12-02 16:03:50.334 67245 INFO tempest.lib.common.rest_client [req-b5da2dcb-2db6-463e-8252-e63371488cad req-b5da2dcb-2db6-463e-8252-e63371488cad ] Request (AZV2TestJSON:setUpClass): 201 POST http://10.180.1.21/identity/v3/users 0.080s
2025-12-02 16:03:50.334 67269 INFO tempest.lib.common.rest_client [req-a32d2db4-ca5a-4a24-b7ca-ed7cf2adac26 req-a32d2db4-ca5a-4a24-b7ca-ed7cf2adac26 ] Request (InstanceActionsNegativeTestJSON:setUpClass): 200 GET http://10.180.1.21/compute/v2.1/servers/7395e460-384d-4435-bc77-e1d88f0b330c 3.060s
2025-12-02 16:03:50.357 67245 INFO tempest.lib.common.rest_client [req-c94c1249-5027-4140-8c13-ec7a6b4c3881 req-c94c1249-5027-4140-8c13-ec7a6b4c3881 ] Request (AZV2TestJSON:setUpClass): 200 GET http://10.180.1.21/identity/v3/roles 0.022s
2025-12-02 16:03:50.466 67245 INFO tempest.lib.common.rest_client [req-325a5bd4-8988-4a46-a5d2-6a889c7929aa req-325a5bd4-8988-4a46-a5d2-6a889c7929aa ] Request (AZV2TestJSON:setUpClass): 204 PUT http://10.180.1.21/identity/v3/projects/7fdf848b2fa449a9ac2e3c9752d916a5/users/0687712b54884957bbc8c85086ad31e2/roles/0cb1e11e5b794f6d9694769b1f652da1 0.109s
2025-12-02 16:03:50.467 67245 INFO tempest.lib.common.dynamic_creds [-] Dynamic test user 0687712b54884957bbc8c85086ad31e2 is created with scope project and roles: ['member']
2025-12-02 16:03:50.467 67245 INFO tempest.lib.common.dynamic_creds [-] Acquired dynamic creds: credentials: Credentials: {'domain_id': 'default', 'domain_name': 'Default', 'username': 'tempest-AZV2TestJSON-235125834-project-member', 'project_domain_id': 'default', 'project_domain_name': 'Default', 'project_id': '7fdf848b2fa449a9ac2e3c9752d916a5', 'project_name': 'tempest-AZV2TestJSON-235125834', 'tenant_id': '7fdf848b2fa449a9ac2e3c9752d916a5', 'tenant_name': 'tempest-AZV2TestJSON-235125834', 'user_domain_id': 'default', 'user_domain_name': 'Default', 'user_id': '0687712b54884957bbc8c85086ad31e2', 'system': None}, Network: None, Subnet: None, Router: None
2025-12-02 16:03:50.467 67245 INFO tempest.lib.common.dynamic_creds [-] Created isolated network resources for: credentials: Credentials: {'domain_id': 'default', 'domain_name': 'Default', 'username': 'tempest-AZV2TestJSON-235125834-project-member', 'project_domain_id': 'default', 'project_domain_name': 'Default', 'project_id': '7fdf848b2fa449a9ac2e3c9752d916a5', 'project_name': 'tempest-AZV2TestJSON-235125834', 'tenant_id': '7fdf848b2fa449a9ac2e3c9752d916a5', 'tenant_name': 'tempest-AZV2TestJSON-235125834', 'user_domain_id': 'default', 'user_domain_name': 'Default', 'user_id': '0687712b54884957bbc8c85086ad31e2', 'system': None}, Network: None, Subnet: None, Router: None
2025-12-02 16:03:50.467 67223 INFO tempest.lib.common.rest_client [req-7db06629-4d50-4414-8302-703951612184 req-7db06629-4d50-4414-8302-703951612184 ] Request (ServicesAdminTestJSON:test_get_service_by_host_name): 200 GET http://10.180.1.21/compute/v2.1/os-services 3.106s
2025-12-02 16:03:50.551 67235 INFO tempest.lib.common.rest_client [req-0fc696e0-3d14-4b94-8e54-0b6401124467 req-0fc696e0-3d14-4b94-8e54-0b6401124467 ] Request (ServerPasswordTestJSON:setUpClass): 200 GET http://10.180.1.21/compute/v2.1/servers/86778ef9-bf1e-47c4-b42f-65b76419d34d 3.138s
2025-12-02 16:03:50.589 67245 INFO tempest.lib.common.rest_client [req-a9623a02-31bb-403c-a09b-71594c489ed0 req-a9623a02-31bb-403c-a09b-71594c489ed0 ] Request (AZV2TestJSON:setUpClass): 201 POST http://10.180.1.21/identity/v3/auth/tokens 0.114s
2025-12-02 16:03:50.627 67252 INFO tempest.lib.common.rest_client [req-8f4ce59c-5389-4c75-8c7a-406de5da91f3 req-8f4ce59c-5389-4c75-8c7a-406de5da91f3 ] Request (ServerDiagnosticsV248Test:test_get_server_diagnostics): 202 POST http://10.180.1.21/compute/v2.1/servers 3.273s
2025-12-02 16:03:50.705 67241 INFO tempest.lib.common.rest_client [req-bf3c74d4-0983-4e60-ba55-5085aa84f86f req-bf3c74d4-0983-4e60-ba55-5085aa84f86f ] Request (ServerShowV257Test:tearDownClass): 200 GET http://10.180.1.21/compute/v2.1/servers/7f0c6037-a9b1-4118-8320-3d73c8ddd606 3.212s
2025-12-02 16:03:50.755 67279 INFO tempest.lib.common.rest_client [req-fd6a36ff-bcb7-4601-ae68-2770a08d997f req-fd6a36ff-bcb7-4601-ae68-2770a08d997f ] Request (InstanceActionsTestJSON:test_list_instance_actions): 200 GET http://10.180.1.21/compute/v2.1/servers/a2d337e7-f84e-4079-aee9-72ebe0344f91 3.316s
2025-12-02 16:03:50.762 67279 INFO tempest.common.waiters [-] State transition "HARD_REBOOT/rebooting_hard" ==> "HARD_REBOOT/reboot_started_hard" after 4 second wait
2025-12-02 16:03:50.775 67239 INFO tempest.lib.common.rest_client [req-eed8b7d9-3fe1-4bc6-b282-6f5fb646a3ec req-eed8b7d9-3fe1-4bc6-b282-6f5fb646a3ec ] Request (ServerMetadataNegativeTestJSON:setUpClass): 200 GET http://10.180.1.21/compute/v2.1/servers/f77569bb-f2ed-4474-90ad-e4b8c56c08c2 3.266s
2025-12-02 16:03:50.910 67260 INFO tempest.lib.common.rest_client [req-6ead6218-ea33-4d60-a9e2-3d7a64207295 req-6ead6218-ea33-4d60-a9e2-3d7a64207295 ] Request (SecurityGroupRulesNegativeTestJSON:tearDownClass): 202 DELETE http://10.180.1.21/compute/v2.1/os-security-groups/e63058a4-86ef-4c7e-9c79-989b72909e12 3.012s
2025-12-02 16:03:50.924 67247 INFO tempest.lib.common.rest_client [req-1bf89a9c-ef7a-4d46-8f57-43da67052cda req-1bf89a9c-ef7a-4d46-8f57-43da67052cda ] Request (KeyPairsV22TestJSON:_run_cleanups): 204 DELETE http://10.180.1.21/compute/v2.1/os-keypairs/tempest-keypair-210417427 2.979s
2025-12-02 16:03:50.943 67265 INFO tempest.lib.common.rest_client [req-62eabe1c-f818-471f-bd77-872d43ac80eb req-62eabe1c-f818-471f-bd77-872d43ac80eb ] Request (ServersTestMultiNic:tearDownClass): 404 GET http://10.180.1.21/compute/v2.1/servers/16f06fb4-0833-42c5-a893-19c72bc08e7c 2.975s
