2025-12-02 16:04:23.222 67235 INFO tempest.lib.common.rest_client [req-7eb2c823-82c5-4b2d-a086-c6e9aebb4340 req-7eb2c823-82c5-4b2d-a086-c6e9aebb4340 ] Request (ServerPasswordTestJSON:setUpClass): 200 GET http://10.180.1.21/compute/v2.1/servers/86778ef9-bf1e-47c4-b42f-65b76419d34d 0.675s
2025-12-02 16:04:23.243 67247 INFO tempest.lib.common.rest_client [req-fb720586-653c-4b1c-a578-39052988e840 req-fb720586-653c-4b1c-a578-39052988e840 ] Request (ServerAddressesTestJSON:setUpClass): 200 GET http://10.180.1.21/compute/v2.1/servers/6d5271a2-7132-4ff0-a1f7-6c5b667c8fd4 0.690s
2025-12-02 16:04:23.391 67223 INFO tempest.lib.common.rest_client [req-08fe2c8b-5dfa-43f9-805b-16d78e817fac req-08fe2c8b-5dfa-43f9-805b-16d78e817fac ] Request (DeleteServersTestJSON:test_delete_active_server): 200 GET http://10.180.1.21/compute/v2.1/servers/150e50bd-966a-4d55-ab18-201310e1f45c 0.786s
2025-12-02 16:04:23.418 67229 INFO tempest.lib.common.rest_client [req-283ede78-8939-4759-a451-58ce6a97c6c1 req-283ede78-8939-4759-a451-58ce6a97c6c1 ] Request (ServersAdminNegativeTestJSON:tearDownClass): 200 GET http://10.180.1.21/compute/v2.1/servers/8216b160-e6d8-440d-b06c-7cc69a879d97 0.842s
2025-12-02 16:04:23.522 67227 INFO tempest.lib.common.rest_client [req-320fa996-68b5-4a22-8b28-8d529e45eb8e req-320fa996-68b5-4a22-8b28-8d529e45eb8e ] Request (ListServersNegativeTestJSON:tearDownClass): 204 DELETE http://10.180.1.21/compute/v2.1/servers/056fc846-f1da-4e51-89a5-e29da1c0ab1c 0.858s
2025-12-02 16:04:23.528 67269 INFO tempest.lib.common.rest_client [req-82c972ce-104d-415c-a722-287e48e174bd req-82c972ce-104d-415c-a722-287e48e174bd ] Request (InstanceActionsNegativeTestJSON:test_list_instance_actions_non_existent_server): 404 GET http://10.180.1.21/compute/v2.1/servers/69e99ea0-cfe8-481c-8679-3d16816ffb1a/os-instance-actions 0.733s
2025-12-02 16:04:23.541 67265 INFO tempest.lib.common.rest_client [req-3297b052-2271-4475-afa8-b6b0ea3f6551 req-3297b052-2271-4475-afa8-b6b0ea3f6551 ] Request (ServerAddressesNegativeTestJSON:setUpClass): 200 GET http://10.180.1.21/compute/v2.1/servers/26ff306c-2d39-44ec-8a47-8482f044cb25 0.784s
2025-12-02 16:04:23.738 67237 INFO tempest.lib.common.rest_client [req-2c1aa70b-d5b9-44d2-a05c-4d134768202a req-2c1aa70b-d5b9-44d2-a05c-4d134768202a ] Request (ServerActionsV293TestJSON:setUpClass): 200 GET http://10.180.1.21/compute/v2.1/servers/18f7affc-647e-4417-b961-82572058a1d5 0.889s
2025-12-02 16:04:24.170 67267 INFO tempest.lib.common.rest_client [req-cd5c5b9c-82da-4c9f-8fe9-0a4282599610 req-cd5c5b9c-82da-4c9f-8fe9-0a4282599610 ] Request (ServersWithSpecificFlavorTestJSON:test_verify_created_server_ephemeral_disk): 200 GET http://10.180.1.21/compute/v2.1/servers/c4e6cc6b-8d9b-4e77-9fd7-f787394d623c 1.312s
2025-12-02 16:04:24.182 67267 INFO tempest.lib.common.ssh [-] Creating ssh connection to '10.180.180.249:22' as 'cirros' with public key authentication
2025-12-02 16:04:24.184 67241 INFO tempest.lib.common.rest_client [req-20e3eda7-b7ab-4d5f-aecc-f4011c27e616 req-20e3eda7-b7ab-4d5f-aecc-f4011c27e616 ] Request (ServerShowV257Test:tearDownClass): 200 GET http://10.180.1.21/compute/v2.1/servers/7f0c6037-a9b1-4118-8320-3d73c8ddd606 1.210s
2025-12-02 16:04:24.282 67245 INFO tempest.lib.common.rest_client [req-88f9b472-20db-42cc-8962-9164632f8b71 req-88f9b472-20db-42cc-8962-9164632f8b71 ] Request (ListServerFiltersTestJSON:setUpClass): 200 GET http://10.180.1.21/compute/v2.1/servers/37b05ea8-ba31-4985-9c99-f150765932ed 1.215s
2025-12-02 16:04:24.298 67245 INFO tempest.common.waiters [-] State transition "BUILD/scheduling" ==> "BUILD/None" after 20 second wait
2025-12-02 16:04:24.305 67233 INFO tempest.lib.common.rest_client [req-e85475cc-10d3-4d15-b32e-b609b3238e91 req-e85475cc-10d3-4d15-b32e-b609b3238e91 ] Request (TenantUsagesTestJSON:tearDownClass): 200 GET http://10.180.1.21/compute/v2.1/servers/9877e401-3f0e-4b6f-841d-7954638cd74d 1.325s
2025-12-02 16:04:24.346 67219 INFO tempest.lib.common.rest_client [req-03809543-354d-4a76-85eb-68a9953717b3 req-03809543-354d-4a76-85eb-68a9953717b3 ] Request (ServerRescueNegativeTestJSON:test_rescued_vm_detach_volume): 200 POST http://10.180.1.21/compute/v2.1/os-keypairs 1.206s
2025-12-02 16:04:24.377 67279 INFO tempest.lib.common.rest_client [req-19a5f56b-0189-49c9-aee5-6e1b198e6461 req-19a5f56b-0189-49c9-aee5-6e1b198e6461 ] Request (InstanceActionsTestJSON:tearDownClass): 200 GET http://10.180.1.21/compute/v2.1/servers/a2d337e7-f84e-4079-aee9-72ebe0344f91 1.223s
2025-12-02 16:04:24.435 67232 INFO tempest.lib.common.rest_client [req-5134f7c0-53c1-4920-ad72-75dfedae2262 req-5134f7c0-53c1-4920-ad72-75dfedae2262 ] Request (ImagesOneServerNegativeTestJSON:_run_cleanups): 204 DELETE http://10.180.1.21/compute/v2.1/servers/1551bff5-78ef-4cf3-8ebf-c6e30ef94c01 1.231s
2025-12-02 16:04:24.473 67219 INFO tempest.lib.common.rest_client [req-31ea956c-a21c-4984-afb4-565c47696e2f req-31ea956c-a21c-4984-afb4-565c47696e2f ] Request (ServerRescueNegativeTestJSON:test_rescued_vm_detach_volume): 201 POST http://10.180.1.21/networking/v2.0/security-groups 0.125s
2025-12-02 16:04:24.494 67261 INFO tempest.lib.common.rest_client [req-47677829-02b1-48f1-99e3-35fc0a27e923 req-47677829-02b1-48f1-99e3-35fc0a27e923 ] Request (SecurityGroupsTestJSON:test_server_security_groups): 200 GET http://10.180.1.21/compute/v2.1/servers/ea703068-fa50-4dad-ba1f-2f47cde3400f 1.121s
2025-12-02 16:04:24.511 67239 INFO tempest.lib.common.rest_client [req-45c433c1-317a-4a19-a63d-7e083860a053 req-45c433c1-317a-4a19-a63d-7e083860a053 ] Request (ServerMetadataNegativeTestJSON:setUpClass): 200 GET http://10.180.1.21/compute/v2.1/servers/f77569bb-f2ed-4474-90ad-e4b8c56c08c2 1.030s
2025-12-02 16:04:24.604 67269 INFO tempest.lib.common.rest_client [req-6ed8d216-6dc7-484c-b590-be1ffec2658c req-6ed8d216-6dc7-484c-b590-be1ffec2658c ] Request (InstanceActionsNegativeTestJSON:tearDownClass): 204 DELETE http://10.180.1.21/compute/v2.1/servers/7395e460-384d-4435-bc77-e1d88f0b330c 1.074s
2025-12-02 16:04:24.611 67219 INFO tempest.lib.common.rest_client [req-190375e6-24fc-4ed1-95fb-3f4343a3fedb req-190375e6-24fc-4ed1-95fb-3f4343a3fedb ] Request (ServerRescueNegativeTestJSON:test_rescued_vm_detach_volume): 201 POST http://10.180.1.21/networking/v2.0/security-group-rules 0.137s
2025-12-02 16:04:24.644 67227 INFO tempest.lib.common.rest_client [req-5ebdeafd-eff4-411a-bde7-8fc9f364d4cf req-5ebdeafd-eff4-411a-bde7-8fc9f364d4cf ] Request (ListServersNegativeTestJSON:tearDownClass): 200 GET http://10.180.1.21/compute/v2.1/servers/b1d1e6a8-106f-459d-8a57-49cf0dcf30b5 1.122s
2025-12-02 16:04:24.720 67219 INFO tempest.lib.common.rest_client [req-e3082f28-0d95-4b56-90c0-d3a3df6ca3ec req-e3082f28-0d95-4b56-90c0-d3a3df6ca3ec ] Request (ServerRescueNegativeTestJSON:test_rescued_vm_detach_volume): 201 POST http://10.180.1.21/networking/v2.0/security-group-rules 0.108s
2025-12-02 16:04:24.742 67260 INFO tempest.lib.common.rest_client [req-acbce96c-880c-4972-9373-456a312ee0e8 req-acbce96c-880c-4972-9373-456a312ee0e8 ] Request (AttachInterfacesUnderV243Test:test_add_remove_fixed_ip): 200 GET http://10.180.1.21/compute/v2.1/servers/0ad8d175-9ac5-4b84-9c45-0d1812040412 1.088s
2025-12-02 16:04:24.760 67257 INFO tempest.lib.common.rest_client [req-8d8f96e3-eeb3-4d4c-81c8-f9c5e6f1ffe1 req-8d8f96e3-eeb3-4d4c-81c8-f9c5e6f1ffe1 ] Request (ServersNegativeTestMultiTenantJSON:setUpClass): 200 GET http://10.180.1.21/compute/v2.1/servers/a2fafee7-3bbd-48b4-8210-60626abe5caf 1.094s
2025-12-02 16:04:24.840 67225 WARNING tempest.lib.common.ssh [-] Failed to establish authenticated ssh connection to cirros@10.180.180.242 ([Errno None] Unable to connect to port 22 on 10.180.180.242). Number attempts: 10. Retry after 11 seconds.: paramiko.ssh_exception.NoValidConnectionsError: [Errno None] Unable to connect to port 22 on 10.180.180.242
2025-12-02 16:04:25.100 67252 INFO tempest.lib.common.rest_client [req-6edb68b5-0e1c-48b1-9d10-3f0068991f06 req-6edb68b5-0e1c-48b1-9d10-3f0068991f06 ] Request (ServerDiagnosticsV248Test:test_get_server_diagnostics): 200 GET http://10.180.1.21/compute/v2.1/servers/3ddb74f2-d092-4c94-b60e-5920637e68fa 1.364s
2025-12-02 16:04:25.176 67255 INFO tempest.lib.common.rest_client [req-619d9ae5-4eb3-463f-b197-0a3c06ce551d req-619d9ae5-4eb3-463f-b197-0a3c06ce551d ] Request (ServersListShow296Test:tearDownClass): 200 GET http://10.180.1.21/compute/v2.1/servers/33ea2805-4beb-4cdf-8a97-2642e3641677 1.416s
2025-12-02 16:04:25.251 67219 INFO tempest.lib.common.rest_client [req-d21def65-8ffe-4658-8ddb-7e2ab4d37fb2 req-d21def65-8ffe-4658-8ddb-7e2ab4d37fb2 ] Request (ServerRescueNegativeTestJSON:test_rescued_vm_detach_volume): 201 POST http://10.180.1.21/networking/v2.0/floatingips 0.531s
2025-12-02 16:04:25.356 67219 INFO tempest.lib.common.rest_client [req-dbb00740-d8e3-4242-82ab-d648e4b97d90 req-dbb00740-d8e3-4242-82ab-d648e4b97d90 ] Request (ServerRescueNegativeTestJSON:test_rescued_vm_detach_volume): 201 POST http://10.180.1.21/identity/v3/auth/tokens 0.101s
2025-12-02 16:04:25.357 67219 INFO tempest.lib.common.fixed_network [-] (ServerRescueNegativeTestJSON:test_rescued_vm_detach_volume) Found network {'id': 'd94f1a52-1e06-476c-bb4c-468aea49dd13', 'name': 'tempest-ServerRescueNegativeTestJSON-673358458-network', 'tenant_id': '0bd7fef76d824cfc9175d6936091f053', 'project_id': '0bd7fef76d824cfc9175d6936091f053', 'admin_state_up': True, 'mtu': 8950, 'status': 'ACTIVE', 'subnets': [], 'shared': False, 'port_security_enabled': True, 'router:external': False, 'provider:network_type': 'vlan', 'provider:physical_network': 'default', 'provider:segmentation_id': 406, 'availability_zone_hints': [], 'availability_zones': [], 'ipv4_address_scope': None, 'ipv6_address_scope': None, 'description': '', 'tags': [], 'created_at': '2025-12-02T16:02:43Z', 'updated_at': '2025-12-02T16:02:43Z', 'revision_number': 1} available for tenant
2025-12-02 16:04:25.438 67275 INFO tempest.lib.common.rest_client [req-08482e2c-91b5-4737-97f3-dc6054c12d7f req-08482e2c-91b5-4737-97f3-dc6054c12d7f ] Request (ServersAdminTestJSON:test_rebuild_server_in_error_state): 200 GET http://10.180.1.21/compute/v2.1/servers/f4e95bdc-8f65-4edd-91a1-9eafc34aeb77 1.503s
2025-12-02 16:04:25.439 67273 INFO tempest.lib.common.rest_client [req-753a281d-18df-47fd-9752-162ea8096cd5 req-753a281d-18df-47fd-9752-162ea8096cd5 ] Request (ServerActionsTestOtherB:setUpClass): 200 GET http://10.180.1.21/compute/v2.1/servers/6f280fd8-83d6-4843-8328-5118a76cdf43 1.461s
2025-12-02 16:04:25.445 67275 INFO tempest.common.waiters [-] State transition "REBUILD/rebuilding" ==> "REBUILD/rebuild_spawning" after 3 second wait
2025-12-02 16:04:25.544 67253 INFO tempest.lib.common.rest_client [req-3393566b-38b3-4850-a6ad-11688001578f req-3393566b-38b3-4850-a6ad-11688001578f ] Request (MigrationsAdminTest:test_resize_server_revert_deleted_flavor): 200 GET http://10.180.1.21/compute/v2.1/servers/4161ffd6-2327-442b-b5c7-407b5d6a216d 1.546s
2025-12-02 16:04:25.546 67217 INFO tempest.lib.common.rest_client [req-39723a51-88cd-4e91-b175-9021e7e78d5c req-39723a51-88cd-4e91-b175-9021e7e78d5c ] Request (ServerDiskConfigTestJSON:test_resize_server_from_auto_to_manual): 200 GET http://10.180.1.21/compute/v2.1/servers/dadc09b5-2145-4df5-84f2-97a5d7d4eb19 1.378s
2025-12-02 16:04:25.551 67253 INFO tempest.common.waiters [-] State transition "BUILD/networking" ==> "BUILD/spawning" after 42 second wait
2025-12-02 16:04:25.601 67235 INFO tempest.lib.common.rest_client [req-a613cdbd-8206-49b6-9724-bd4e0794f760 req-a613cdbd-8206-49b6-9724-bd4e0794f760 ] Request (ServerPasswordTestJSON:setUpClass): 200 GET http://10.180.1.21/compute/v2.1/servers/86778ef9-bf1e-47c4-b42f-65b76419d34d 1.370s
2025-12-02 16:04:25.607 67247 INFO tempest.lib.common.rest_client [req-d5342f87-12c7-4d2a-85d6-fa12b8343831 req-d5342f87-12c7-4d2a-85d6-fa12b8343831 ] Request (ServerAddressesTestJSON:setUpClass): 200 GET http://10.180.1.21/compute/v2.1/servers/6d5271a2-7132-4ff0-a1f7-6c5b667c8fd4 1.349s
2025-12-02 16:04:25.609 67235 INFO tempest.common.waiters [-] State transition "BUILD/None" ==> "BUILD/networking" after 41 second wait
2025-12-02 16:04:25.669 67223 INFO tempest.lib.common.rest_client [req-b0bfe7aa-8aff-4b4f-a25f-0bf6c19e68bc req-b0bfe7aa-8aff-4b4f-a25f-0bf6c19e68bc ] Request (DeleteServersTestJSON:test_delete_active_server): 200 GET http://10.180.1.21/compute/v2.1/servers/150e50bd-966a-4d55-ab18-201310e1f45c 1.268s
2025-12-02 16:04:25.676 67229 INFO tempest.lib.common.rest_client [req-e3aad617-c90b-42c7-b787-eef098f7e71a req-e3aad617-c90b-42c7-b787-eef098f7e71a ] Request (ServersAdminNegativeTestJSON:tearDownClass): 200 GET http://10.180.1.21/compute/v2.1/servers/8216b160-e6d8-440d-b06c-7cc69a879d97 1.241s
2025-12-02 16:04:25.738 67265 INFO tempest.lib.common.rest_client [req-66a37ba7-476e-4ae8-b141-3720a0704897 req-66a37ba7-476e-4ae8-b141-3720a0704897 ] Request (ServerAddressesNegativeTestJSON:setUpClass): 200 GET http://10.180.1.21/compute/v2.1/servers/26ff306c-2d39-44ec-8a47-8482f044cb25 1.189s
2025-12-02 16:04:25.869 67232 INFO tempest.lib.common.rest_client [req-18c25381-ff24-4b29-b1d8-d9c802719926 req-18c25381-ff24-4b29-b1d8-d9c802719926 ] Request (ImagesOneServerNegativeTestJSON:_run_cleanups): 200 GET http://10.180.1.21/compute/v2.1/servers/1551bff5-78ef-4cf3-8ebf-c6e30ef94c01 1.433s
2025-12-02 16:04:26.233 67269 INFO tempest.lib.common.rest_client [req-f76c9274-fd83-4ff5-aa12-c6872fab732b req-f76c9274-fd83-4ff5-aa12-c6872fab732b ] Request (InstanceActionsNegativeTestJSON:tearDownClass): 200 GET http://10.180.1.21/compute/v2.1/servers/7395e460-384d-4435-bc77-e1d88f0b330c 1.628s
2025-12-02 16:04:26.255 67237 INFO tempest.lib.common.rest_client [req-0e471645-ddb7-494e-b676-e0f301973452 req-0e471645-ddb7-494e-b676-e0f301973452 ] Request (ServerActionsV293TestJSON:setUpClass): 200 GET http://10.180.1.21/compute/v2.1/servers/18f7affc-647e-4417-b961-82572058a1d5 1.503s
2025-12-02 16:04:26.355 67245 INFO tempest.lib.common.rest_client [req-7c60679f-6a85-4c71-a2f7-9de96090a945 req-7c60679f-6a85-4c71-a2f7-9de96090a945 ] Request (ListServerFiltersTestJSON:setUpClass): 200 GET http://10.180.1.21/compute/v2.1/servers/37b05ea8-ba31-4985-9c99-f150765932ed 1.056s
2025-12-02 16:04:26.401 67241 INFO tempest.lib.common.rest_client [req-74418398-2166-47c9-922d-093b550706e1 req-74418398-2166-47c9-922d-093b550706e1 ] Request (ServerShowV257Test:tearDownClass): 200 GET http://10.180.1.21/compute/v2.1/servers/7f0c6037-a9b1-4118-8320-3d73c8ddd606 1.204s
2025-12-02 16:04:26.458 67233 INFO tempest.lib.common.rest_client [req-2bb73c13-8597-4c0b-b661-bd8e30f2803e req-2bb73c13-8597-4c0b-b661-bd8e30f2803e ] Request (TenantUsagesTestJSON:tearDownClass): 200 GET http://10.180.1.21/compute/v2.1/servers/9877e401-3f0e-4b6f-841d-7954638cd74d 1.144s
2025-12-02 16:04:26.577 67279 INFO tempest.lib.common.rest_client [req-c4977d25-6171-4fa3-845a-689653453d40 req-c4977d25-6171-4fa3-845a-689653453d40 ] Request (InstanceActionsTestJSON:tearDownClass): 200 GET http://10.180.1.21/compute/v2.1/servers/a2d337e7-f84e-4079-aee9-72ebe0344f91 1.187s
2025-12-02 16:04:27.182 67261 INFO tempest.lib.common.rest_client [req-230e8a60-5bc6-4fbf-abc2-bcc5342b4b4c req-230e8a60-5bc6-4fbf-abc2-bcc5342b4b4c ] Request (SecurityGroupsTestJSON:test_server_security_groups): 200 GET http://10.180.1.21/compute/v2.1/servers/ea703068-fa50-4dad-ba1f-2f47cde3400f 1.680s
2025-12-02 16:04:27.279 67267 WARNING tempest.lib.common.ssh [-] Failed to establish authenticated ssh connection to cirros@10.180.180.249 ([Errno None] Unable to connect to port 22 on 10.180.180.249). Number attempts: 1. Retry after 2 seconds.: paramiko.ssh_exception.NoValidConnectionsError: [Errno None] Unable to connect to port 22 on 10.180.180.249
2025-12-02 16:04:27.307 67219 INFO tempest.lib.common.rest_client [req-60c30d31-efbe-42c2-9405-c3835a8b8c72 req-60c30d31-efbe-42c2-9405-c3835a8b8c72 ] Request (ServerRescueNegativeTestJSON:test_rescued_vm_detach_volume): 202 POST http://10.180.1.21/compute/v2.1/servers 1.950s
2025-12-02 16:04:27.559 67239 INFO tempest.lib.common.rest_client [req-7c0a5239-5397-4443-89c6-a4022bd35a34 req-7c0a5239-5397-4443-89c6-a4022bd35a34 ] Request (ServerMetadataNegativeTestJSON:setUpClass): 200 GET http://10.180.1.21/compute/v2.1/servers/f77569bb-f2ed-4474-90ad-e4b8c56c08c2 2.039s
2025-12-02 16:04:27.572 67227 INFO tempest.lib.common.rest_client [req-e83069dc-25ab-4fc0-b7a2-97543260e90a req-e83069dc-25ab-4fc0-b7a2-97543260e90a ] Request (ListServersNegativeTestJSON:tearDownClass): 200 GET http://10.180.1.21/compute/v2.1/servers/b1d1e6a8-106f-459d-8a57-49cf0dcf30b5 1.919s
2025-12-02 16:04:27.582 67227 INFO tempest.common.waiters [-] State transition "ACTIVE/deleting" ==> "DELETED/None" after 3 second wait
2025-12-02 16:04:27.658 67260 INFO tempest.lib.common.rest_client [req-a90e2f68-701c-467d-b499-45da8053e450 req-a90e2f68-701c-467d-b499-45da8053e450 ] Request (AttachInterfacesUnderV243Test:test_add_remove_fixed_ip): 200 GET http://10.180.1.21/compute/v2.1/servers/0ad8d175-9ac5-4b84-9c45-0d1812040412 1.907s
2025-12-02 16:04:27.672 67257 INFO tempest.lib.common.rest_client [req-45c8e44c-23d6-4d6a-810a-83a1361dbd9a req-45c8e44c-23d6-4d6a-810a-83a1361dbd9a ] Request (ServersNegativeTestMultiTenantJSON:setUpClass): 200 GET http://10.180.1.21/compute/v2.1/servers/a2fafee7-3bbd-48b4-8210-60626abe5caf 1.897s
2025-12-02 16:04:27.778 67252 INFO tempest.lib.common.rest_client [req-aaaec0ac-09fd-4a54-bad0-cf9ba2b0d1d4 req-aaaec0ac-09fd-4a54-bad0-cf9ba2b0d1d4 ] Request (ServerDiagnosticsV248Test:test_get_server_diagnostics): 200 GET http://10.180.1.21/compute/v2.1/servers/3ddb74f2-d092-4c94-b60e-5920637e68fa 1.663s
2025-12-02 16:04:27.829 67255 INFO tempest.lib.common.rest_client [req-22d7a37d-78fa-4079-9f55-0ef7206a396b req-22d7a37d-78fa-4079-9f55-0ef7206a396b ] Request (ServersListShow296Test:tearDownClass): 200 GET http://10.180.1.21/compute/v2.1/servers/33ea2805-4beb-4cdf-8a97-2642e3641677 1.643s
2025-12-02 16:04:28.039 67273 INFO tempest.lib.common.rest_client [req-873526de-5f23-4404-83d9-201c729adb68 req-873526de-5f23-4404-83d9-201c729adb68 ] Request (ServerActionsTestOtherB:setUpClass): 200 GET http://10.180.1.21/compute/v2.1/servers/6f280fd8-83d6-4843-8328-5118a76cdf43 1.591s
2025-12-02 16:04:28.057 67275 INFO tempest.lib.common.rest_client [req-1d40e5e7-8eb1-48ca-8fd1-52c38345265c req-1d40e5e7-8eb1-48ca-8fd1-52c38345265c ] Request (ServersAdminTestJSON:test_rebuild_server_in_error_state): 200 GET http://10.180.1.21/compute/v2.1/servers/f4e95bdc-8f65-4edd-91a1-9eafc34aeb77 1.611s
2025-12-02 16:04:28.175 67253 INFO tempest.lib.common.rest_client [req-0d957ce1-6161-4d32-bf31-87280a83188a req-0d957ce1-6161-4d32-bf31-87280a83188a ] Request (MigrationsAdminTest:test_resize_server_revert_deleted_flavor): 200 GET http://10.180.1.21/compute/v2.1/servers/4161ffd6-2327-442b-b5c7-407b5d6a216d 1.623s
2025-12-02 16:04:28.234 67217 INFO tempest.lib.common.rest_client [req-5f6f9f9c-e576-4b78-95a9-52f814e92750 req-5f6f9f9c-e576-4b78-95a9-52f814e92750 ] Request (ServerDiskConfigTestJSON:test_resize_server_from_auto_to_manual): 200 GET http://10.180.1.21/compute/v2.1/servers/dadc09b5-2145-4df5-84f2-97a5d7d4eb19 1.678s
2025-12-02 16:04:28.293 67247 INFO tempest.lib.common.rest_client [req-d743bfca-bd13-45b9-a96c-2af9f86be4ba req-d743bfca-bd13-45b9-a96c-2af9f86be4ba ] Request (ServerAddressesTestJSON:setUpClass): 200 GET http://10.180.1.21/compute/v2.1/servers/6d5271a2-7132-4ff0-a1f7-6c5b667c8fd4 1.675s
2025-12-02 16:04:28.309 67235 INFO tempest.lib.common.rest_client [req-dd94a5ff-0a3e-4a1f-b1d2-37c309a16123 req-dd94a5ff-0a3e-4a1f-b1d2-37c309a16123 ] Request (ServerPasswordTestJSON:setUpClass): 200 GET http://10.180.1.21/compute/v2.1/servers/86778ef9-bf1e-47c4-b42f-65b76419d34d 1.699s
2025-12-02 16:04:28.315 67235 INFO tempest.common.waiters [-] State transition "BUILD/networking" ==> "BUILD/spawning" after 44 second wait
2025-12-02 16:04:28.349 67223 INFO tempest.lib.common.rest_client [req-2af9ef46-0b6b-4039-8132-de6675458466 req-2af9ef46-0b6b-4039-8132-de6675458466 ] Request (DeleteServersTestJSON:test_delete_active_server): 200 GET http://10.180.1.21/compute/v2.1/servers/150e50bd-966a-4d55-ab18-201310e1f45c 1.669s
2025-12-02 16:04:28.366 67249 WARNING tempest.lib.common.ssh [-] Failed to establish authenticated ssh connection to cirros@10.180.180.158 ([Errno None] Unable to connect to port 22 on 10.180.180.158). Number attempts: 3. Retry after 4 seconds.: paramiko.ssh_exception.NoValidConnectionsError: [Errno None] Unable to connect to port 22 on 10.180.180.158
2025-12-02 16:04:28.368 67229 INFO tempest.lib.common.rest_client [req-62877c99-04e4-4c29-b7f0-42bd8d6114f9 req-62877c99-04e4-4c29-b7f0-42bd8d6114f9 ] Request (ServersAdminNegativeTestJSON:tearDownClass): 200 GET http://10.180.1.21/compute/v2.1/servers/8216b160-e6d8-440d-b06c-7cc69a879d97 1.684s
2025-12-02 16:04:28.376 67229 INFO tempest.common.waiters [-] State transition "SUSPENDED/deleting" ==> "DELETED/None" after 5 second wait
2025-12-02 16:04:28.403 67265 INFO tempest.lib.common.rest_client [req-94491e39-4f7b-42c9-923e-078d30fd3e06 req-94491e39-4f7b-42c9-923e-078d30fd3e06 ] Request (ServerAddressesNegativeTestJSON:setUpClass): 200 GET http://10.180.1.21/compute/v2.1/servers/26ff306c-2d39-44ec-8a47-8482f044cb25 1.655s
2025-12-02 16:04:28.428 67232 INFO tempest.lib.common.rest_client [req-73321d7c-6d45-443e-a902-ac5a7985497e req-73321d7c-6d45-443e-a902-ac5a7985497e ] Request (ImagesOneServerNegativeTestJSON:_run_cleanups): 200 GET http://10.180.1.21/compute/v2.1/servers/1551bff5-78ef-4cf3-8ebf-c6e30ef94c01 1.547s
2025-12-02 16:04:28.435 67232 INFO tempest.common.waiters [-] State transition "ACTIVE/deleting" ==> "DELETED/None" after 3 second wait
2025-12-02 16:04:28.457 67269 INFO tempest.lib.common.rest_client [req-9e8b2224-aaa2-44f8-b799-78c481e09141 req-9e8b2224-aaa2-44f8-b799-78c481e09141 ] Request (InstanceActionsNegativeTestJSON:tearDownClass): 200 GET http://10.180.1.21/compute/v2.1/servers/7395e460-384d-4435-bc77-e1d88f0b330c 1.210s
2025-12-02 16:04:28.480 67237 INFO tempest.lib.common.rest_client [req-9aebea69-d9ce-4c3e-af47-6c8ba1b37cae req-9aebea69-d9ce-4c3e-af47-6c8ba1b37cae ] Request (ServerActionsV293TestJSON:setUpClass): 200 GET http://10.180.1.21/compute/v2.1/servers/18f7affc-647e-4417-b961-82572058a1d5 1.209s
2025-12-02 16:04:28.506 67219 INFO tempest.lib.common.rest_client [req-4ff231fa-b62a-4511-a0cc-5aa22f2ba1ae req-4ff231fa-b62a-4511-a0cc-5aa22f2ba1ae ] Request (ServerRescueNegativeTestJSON:test_rescued_vm_detach_volume): 200 GET http://10.180.1.21/compute/v2.1/servers/6a4fe12e-aabf-4396-b784-4e2e98d5286c 1.196s
2025-12-02 16:04:28.527 67241 INFO tempest.lib.common.rest_client [req-a4c4b367-30b3-4dd3-9230-189ddc6cb2f8 req-a4c4b367-30b3-4dd3-9230-189ddc6cb2f8 ] Request (ServerShowV257Test:tearDownClass): 404 GET http://10.180.1.21/compute/v2.1/servers/7f0c6037-a9b1-4118-8320-3d73c8ddd606 1.113s
2025-12-02 16:04:28.531 67245 INFO tempest.lib.common.rest_client [req-cf4a64c4-7a70-4e7b-95f3-a3d1c38d56e7 req-cf4a64c4-7a70-4e7b-95f3-a3d1c38d56e7 ] Request (ListServerFiltersTestJSON:setUpClass): 200 GET http://10.180.1.21/compute/v2.1/servers/37b05ea8-ba31-4985-9c99-f150765932ed 1.166s
2025-12-02 16:04:28.593 67233 INFO tempest.lib.common.rest_client [req-db5ec46a-ea09-4553-bd58-ff06aace5fae req-db5ec46a-ea09-4553-bd58-ff06aace5fae ] Request (TenantUsagesTestJSON:tearDownClass): 200 GET http://10.180.1.21/compute/v2.1/servers/9877e401-3f0e-4b6f-841d-7954638cd74d 1.121s
2025-12-02 16:04:28.601 67279 INFO tempest.lib.common.rest_client [req-2366970e-d7f0-4d99-bc6c-f170b37ddb99 req-2366970e-d7f0-4d99-bc6c-f170b37ddb99 ] Request (InstanceActionsTestJSON:tearDownClass): 200 GET http://10.180.1.21/compute/v2.1/servers/a2d337e7-f84e-4079-aee9-72ebe0344f91 1.015s
2025-12-02 16:04:28.634 67241 INFO tempest.lib.common.rest_client [req-8aca268c-8f39-4e10-8473-339f33d21014 req-8aca268c-8f39-4e10-8473-339f33d21014 ] Request (ServerShowV257Test:tearDownClass): 204 DELETE http://10.180.1.21/identity/v3/users/378f5e0a506a46868e4ed2b1ef74a8a4 0.106s
2025-12-02 16:04:28.635 67241 INFO tempest.lib.common.dynamic_creds [-] Deleting project and security group for project: b52378223e76483e8557d07f68512376
2025-12-02 16:04:28.672 67261 INFO tempest.lib.common.rest_client [req-d175ffd1-195f-4ac6-ad6f-ba70beb8e8a9 req-d175ffd1-195f-4ac6-ad6f-ba70beb8e8a9 ] Request (SecurityGroupsTestJSON:test_server_security_groups): 200 GET http://10.180.1.21/compute/v2.1/servers/ea703068-fa50-4dad-ba1f-2f47cde3400f 0.483s
2025-12-02 16:04:28.715 67241 INFO tempest.lib.common.rest_client [req-b218d162-32e4-4468-a816-8c59b3acdf88 req-b218d162-32e4-4468-a816-8c59b3acdf88 ] Request (ServerShowV257Test:tearDownClass): 201 POST http://10.180.1.21/identity/v3/auth/tokens 0.080s
2025-12-02 16:04:28.736 67239 INFO tempest.lib.common.rest_client [req-0eb8e5ef-54b6-441c-b8f5-f6dfdbf7c005 req-0eb8e5ef-54b6-441c-b8f5-f6dfdbf7c005 ] Request (ServerMetadataNegativeTestJSON:setUpClass): 200 GET http://10.180.1.21/compute/v2.1/servers/f77569bb-f2ed-4474-90ad-e4b8c56c08c2 0.163s
2025-12-02 16:04:28.748 67227 INFO tempest.lib.common.rest_client [req-6afd4a69-3689-4266-98e0-d7e4f319097a req-6afd4a69-3689-4266-98e0-d7e4f319097a ] Request (ListServersNegativeTestJSON:tearDownClass): 200 GET http://10.180.1.21/compute/v2.1/servers/b1d1e6a8-106f-459d-8a57-49cf0dcf30b5 0.166s
2025-12-02 16:04:28.794 67260 INFO tempest.lib.common.rest_client [req-8977cd95-cab0-4466-9bee-c0f93a7e6203 req-8977cd95-cab0-4466-9bee-c0f93a7e6203 ] Request (AttachInterfacesUnderV243Test:test_add_remove_fixed_ip): 200 GET http://10.180.1.21/compute/v2.1/servers/0ad8d175-9ac5-4b84-9c45-0d1812040412 0.124s
2025-12-02 16:04:28.808 67257 INFO tempest.lib.common.rest_client [req-2c906d7f-a032-4220-be04-a124fb1aaeb6 req-2c906d7f-a032-4220-be04-a124fb1aaeb6 ] Request (ServersNegativeTestMultiTenantJSON:setUpClass): 200 GET http://10.180.1.21/compute/v2.1/servers/a2fafee7-3bbd-48b4-8210-60626abe5caf 0.125s
2025-12-02 16:04:28.859 67252 INFO tempest.lib.common.rest_client [req-7b16a9e5-e76d-46a3-ab35-51d5fd16a0ba req-7b16a9e5-e76d-46a3-ab35-51d5fd16a0ba ] Request (ServerDiagnosticsV248Test:test_get_server_diagnostics): 200 GET http://10.180.1.21/compute/v2.1/servers/3ddb74f2-d092-4c94-b60e-5920637e68fa 0.069s
2025-12-02 16:04:28.916 67241 INFO tempest.lib.common.rest_client [req-18ba0b9e-3efd-4152-85fd-991646e44ee7 req-18ba0b9e-3efd-4152-85fd-991646e44ee7 ] Request (ServerShowV257Test:tearDownClass): 200 GET http://10.180.1.21/networking/v2.0/security-groups?tenant_id=b52378223e76483e8557d07f68512376&name=default 0.200s
2025-12-02 16:04:28.941 67255 INFO tempest.lib.common.rest_client [req-239efbe8-0688-4dad-ac44-5ca412cfc73b req-239efbe8-0688-4dad-ac44-5ca412cfc73b ] Request (ServersListShow296Test:tearDownClass): 200 GET http://10.180.1.21/compute/v2.1/servers/33ea2805-4beb-4cdf-8a97-2642e3641677 0.099s
2025-12-02 16:04:28.999 67241 INFO tempest.lib.common.rest_client [req-0fc081b7-5d60-49c9-9cd0-53aa5090ffae req-0fc081b7-5d60-49c9-9cd0-53aa5090ffae ] Request (ServerShowV257Test:tearDownClass): 204 DELETE http://10.180.1.21/networking/v2.0/security-groups/9f2fc420-a7cc-4798-8da0-448de082eb91 0.083s
2025-12-02 16:04:29.075 67241 INFO tempest.lib.common.rest_client [req-afd28dd0-2e23-439f-9ed1-9b7e32479a34 req-afd28dd0-2e23-439f-9ed1-9b7e32479a34 ] Request (ServerShowV257Test:tearDownClass): 204 DELETE http://10.180.1.21/identity/v3/projects/b52378223e76483e8557d07f68512376 0.075s
2025-12-02 16:04:29.184 67273 INFO tempest.lib.common.rest_client [req-3bdad47d-ec48-4aa7-9654-cd0ce06c8354 req-3bdad47d-ec48-4aa7-9654-cd0ce06c8354 ] Request (ServerActionsTestOtherB:setUpClass): 200 GET http://10.180.1.21/compute/v2.1/servers/6f280fd8-83d6-4843-8328-5118a76cdf43 0.135s
2025-12-02 16:04:29.200 67273 INFO tempest.common.waiters [-] State transition "BUILD/spawning" ==> "ACTIVE/None" after 46 second wait
2025-12-02 16:04:29.206 67275 INFO tempest.lib.common.rest_client [req-4401d723-0e96-48b8-a22f-ee57b5220e5c req-4401d723-0e96-48b8-a22f-ee57b5220e5c ] Request (ServersAdminTestJSON:test_rebuild_server_in_error_state): 200 GET http://10.180.1.21/compute/v2.1/servers/f4e95bdc-8f65-4edd-91a1-9eafc34aeb77 0.134s
2025-12-02 16:04:29.305 67273 INFO tempest.lib.common.rest_client [req-d97a57c9-d7a8-488c-9770-88539876146a req-d97a57c9-d7a8-488c-9770-88539876146a ] Request (ServerActionsTestOtherB:setUpClass): 200 GET http://10.180.1.21/compute/v2.1/servers/6f280fd8-83d6-4843-8328-5118a76cdf43/os-interface 0.102s
2025-12-02 16:04:29.342 67253 INFO tempest.lib.common.rest_client [req-db0550fc-e825-4475-b9e0-e7d38bfb405c req-db0550fc-e825-4475-b9e0-e7d38bfb405c ] Request (MigrationsAdminTest:test_resize_server_revert_deleted_flavor): 200 GET http://10.180.1.21/compute/v2.1/servers/4161ffd6-2327-442b-b5c7-407b5d6a216d 0.157s
2025-12-02 16:04:29.438 67247 INFO tempest.lib.common.rest_client [req-a4589d47-951c-41ac-b6bb-5e2ca3aa2752 req-a4589d47-951c-41ac-b6bb-5e2ca3aa2752 ] Request (ServerAddressesTestJSON:setUpClass): 200 GET http://10.180.1.21/compute/v2.1/servers/6d5271a2-7132-4ff0-a1f7-6c5b667c8fd4 0.136s
2025-12-02 16:04:29.463 67217 INFO tempest.lib.common.rest_client [req-7e0ab60e-a67a-4c3f-998c-c77882a5a32c req-7e0ab60e-a67a-4c3f-998c-c77882a5a32c ] Request (ServerDiskConfigTestJSON:test_resize_server_from_auto_to_manual): 200 GET http://10.180.1.21/compute/v2.1/servers/dadc09b5-2145-4df5-84f2-97a5d7d4eb19 0.221s
2025-12-02 16:04:29.578 67223 INFO tempest.lib.common.rest_client [req-ae55ef09-ea61-4b48-a766-6bd502d92838 req-ae55ef09-ea61-4b48-a766-6bd502d92838 ] Request (DeleteServersTestJSON:test_delete_active_server): 200 GET http://10.180.1.21/compute/v2.1/servers/150e50bd-966a-4d55-ab18-201310e1f45c 0.220s
2025-12-02 16:04:29.616 67235 INFO tempest.lib.common.rest_client [req-a161ff9c-9f22-4759-ae90-c0d093ff0d1b req-a161ff9c-9f22-4759-ae90-c0d093ff0d1b ] Request (ServerPasswordTestJSON:setUpClass): 200 GET http://10.180.1.21/compute/v2.1/servers/86778ef9-bf1e-47c4-b42f-65b76419d34d 0.299s
2025-12-02 16:04:29.678 67229 INFO tempest.lib.common.rest_client [req-53abe750-5df1-436f-b7f2-9968f327a7ec req-53abe750-5df1-436f-b7f2-9968f327a7ec ] Request (ServersAdminNegativeTestJSON:tearDownClass): 200 GET http://10.180.1.21/compute/v2.1/servers/8216b160-e6d8-440d-b06c-7cc69a879d97 0.302s
2025-12-02 16:04:29.689 67265 INFO tempest.lib.common.rest_client [req-b6259ded-b2a8-44bf-a856-95b0b79f2cc6 req-b6259ded-b2a8-44bf-a856-95b0b79f2cc6 ] Request (ServerAddressesNegativeTestJSON:setUpClass): 200 GET http://10.180.1.21/compute/v2.1/servers/26ff306c-2d39-44ec-8a47-8482f044cb25 0.279s
2025-12-02 16:04:29.754 67232 INFO tempest.lib.common.rest_client [req-0992720b-2e7e-4c33-8c10-6145582e9efa req-0992720b-2e7e-4c33-8c10-6145582e9efa ] Request (ImagesOneServerNegativeTestJSON:_run_cleanups): 200 GET http://10.180.1.21/compute/v2.1/servers/1551bff5-78ef-4cf3-8ebf-c6e30ef94c01 0.319s
2025-12-02 16:04:29.771 67269 INFO tempest.lib.common.rest_client [req-6d8045b0-2b78-42c6-924f-d606c4e1fed7 req-6d8045b0-2b78-42c6-924f-d606c4e1fed7 ] Request (InstanceActionsNegativeTestJSON:tearDownClass): 200 GET http://10.180.1.21/compute/v2.1/servers/7395e460-384d-4435-bc77-e1d88f0b330c 0.305s
2025-12-02 16:04:29.780 67269 INFO tempest.common.waiters [-] State transition "ACTIVE/deleting" ==> "DELETED/None" after 3 second wait
2025-12-02 16:04:29.824 67237 INFO tempest.lib.common.rest_client [req-c2089e8f-165d-4f45-8b3b-80d17e1cef3f req-c2089e8f-165d-4f45-8b3b-80d17e1cef3f ] Request (ServerActionsV293TestJSON:setUpClass): 200 GET http://10.180.1.21/compute/v2.1/servers/18f7affc-647e-4417-b961-82572058a1d5 0.334s
2025-12-02 16:04:29.853 67219 INFO tempest.lib.common.rest_client [req-b70de2be-3045-42c7-babf-a3a9242924c0 req-b70de2be-3045-42c7-babf-a3a9242924c0 ] Request (ServerRescueNegativeTestJSON:test_rescued_vm_detach_volume): 200 GET http://10.180.1.21/compute/v2.1/servers/6a4fe12e-aabf-4396-b784-4e2e98d5286c 0.335s
2025-12-02 16:04:29.913 67245 INFO tempest.lib.common.rest_client [req-0a0924a4-09a2-457b-8078-39f4674ff366 req-0a0924a4-09a2-457b-8078-39f4674ff366 ] Request (ListServerFiltersTestJSON:setUpClass): 200 GET http://10.180.1.21/compute/v2.1/servers/37b05ea8-ba31-4985-9c99-f150765932ed 0.370s
2025-12-02 16:04:29.942 67233 INFO tempest.lib.common.rest_client [req-64ea9e52-0fad-4dc9-8de7-6953bca1500d req-64ea9e52-0fad-4dc9-8de7-6953bca1500d ] Request (TenantUsagesTestJSON:tearDownClass): 200 GET http://10.180.1.21/compute/v2.1/servers/9877e401-3f0e-4b6f-841d-7954638cd74d 0.340s
2025-12-02 16:04:29.988 67279 INFO tempest.lib.common.rest_client [req-53052e83-9670-4863-a1ef-015f3c5e7fb5 req-53052e83-9670-4863-a1ef-015f3c5e7fb5 ] Request (InstanceActionsTestJSON:tearDownClass): 200 GET http://10.180.1.21/compute/v2.1/servers/a2d337e7-f84e-4079-aee9-72ebe0344f91 0.377s
2025-12-02 16:04:30.002 67261 INFO tempest.lib.common.rest_client [req-89ab284e-3a98-4226-a591-40fd995e9574 req-89ab284e-3a98-4226-a591-40fd995e9574 ] Request (SecurityGroupsTestJSON:test_server_security_groups): 200 GET http://10.180.1.21/compute/v2.1/servers/ea703068-fa50-4dad-ba1f-2f47cde3400f 0.314s
2025-12-02 16:04:30.050 67239 INFO tempest.lib.common.rest_client [req-3d333c61-a9db-4758-846c-5a41062185e7 req-3d333c61-a9db-4758-846c-5a41062185e7 ] Request (ServerMetadataNegativeTestJSON:setUpClass): 200 GET http://10.180.1.21/compute/v2.1/servers/f77569bb-f2ed-4474-90ad-e4b8c56c08c2 0.305s
2025-12-02 16:04:30.074 67227 INFO tempest.lib.common.rest_client [req-17e62635-a074-4550-bd18-1146859d207c req-17e62635-a074-4550-bd18-1146859d207c ] Request (ListServersNegativeTestJSON:tearDownClass): 200 GET http://10.180.1.21/compute/v2.1/servers/b1d1e6a8-106f-459d-8a57-49cf0dcf30b5 0.317s
2025-12-02 16:04:30.122 67260 INFO tempest.lib.common.rest_client [req-ca86fb0a-0593-4041-acdc-33faf64c6653 req-ca86fb0a-0593-4041-acdc-33faf64c6653 ] Request (AttachInterfacesUnderV243Test:test_add_remove_fixed_ip): 200 GET http://10.180.1.21/compute/v2.1/servers/0ad8d175-9ac5-4b84-9c45-0d1812040412 0.317s
2025-12-02 16:04:30.131 67260 INFO tempest.common.waiters [-] State transition "BUILD/scheduling" ==> "BUILD/None" after 20 second wait
2025-12-02 16:04:30.159 67257 INFO tempest.lib.common.rest_client [req-ee8f449d-f6c1-4ad7-878e-870deaf828a5 req-ee8f449d-f6c1-4ad7-878e-870deaf828a5 ] Request (ServersNegativeTestMultiTenantJSON:setUpClass): 200 GET http://10.180.1.21/compute/v2.1/servers/a2fafee7-3bbd-48b4-8210-60626abe5caf 0.342s
2025-12-02 16:04:30.191 67252 INFO tempest.lib.common.rest_client [req-c43bb868-50e2-44be-b4f7-bdcb0ed6a7d3 req-c43bb868-50e2-44be-b4f7-bdcb0ed6a7d3 ] Request (ServerDiagnosticsV248Test:test_get_server_diagnostics): 200 GET http://10.180.1.21/compute/v2.1/servers/3ddb74f2-d092-4c94-b60e-5920637e68fa 0.320s
2025-12-02 16:04:30.243 67255 INFO tempest.lib.common.rest_client [req-2d92a441-5786-4703-8004-785d3df175bb req-2d92a441-5786-4703-8004-785d3df175bb ] Request (ServersListShow296Test:tearDownClass): 200 GET http://10.180.1.21/compute/v2.1/servers/33ea2805-4beb-4cdf-8a97-2642e3641677 0.289s
2025-12-02 16:04:30.345 67273 INFO tempest.lib.common.rest_client [req-24e28168-de8a-449d-b011-a6603a186132 req-24e28168-de8a-449d-b011-a6603a186132 ] Request (ServerActionsTestOtherB:setUpClass): 200 PUT http://10.180.1.21/networking/v2.0/floatingips/44cbf624-8172-4ef8-95a0-393eeaaafbff 1.038s
2025-12-02 16:04:30.346 67273 INFO tempest.lib.common.ssh [-] Creating ssh connection to '10.180.180.187:22' as 'cirros' with public key authentication
2025-12-02 16:04:30.350 67267 WARNING tempest.lib.common.ssh [-] Failed to establish authenticated ssh connection to cirros@10.180.180.249 ([Errno None] Unable to connect to port 22 on 10.180.180.249). Number attempts: 2. Retry after 3 seconds.: paramiko.ssh_exception.NoValidConnectionsError: [Errno None] Unable to connect to port 22 on 10.180.180.249
2025-12-02 16:04:30.378 67275 INFO tempest.lib.common.rest_client [req-2608427a-c29f-4017-9494-3b0a60f951eb req-2608427a-c29f-4017-9494-3b0a60f951eb ] Request (ServersAdminTestJSON:test_rebuild_server_in_error_state): 200 GET http://10.180.1.21/compute/v2.1/servers/f4e95bdc-8f65-4edd-91a1-9eafc34aeb77 0.162s
2025-12-02 16:04:30.473 67253 INFO tempest.lib.common.rest_client [req-15d98b35-8754-4a27-9c6d-6095f44d1ffe req-15d98b35-8754-4a27-9c6d-6095f44d1ffe ] Request (MigrationsAdminTest:test_resize_server_revert_deleted_flavor): 200 GET http://10.180.1.21/compute/v2.1/servers/4161ffd6-2327-442b-b5c7-407b5d6a216d 0.123s
2025-12-02 16:04:30.498 67247 INFO tempest.lib.common.rest_client [req-df3aff64-1e06-4187-a811-c6210f7a7750 req-df3aff64-1e06-4187-a811-c6210f7a7750 ] Request (ServerAddressesTestJSON:setUpClass): 200 GET http://10.180.1.21/compute/v2.1/servers/6d5271a2-7132-4ff0-a1f7-6c5b667c8fd4 0.051s
2025-12-02 16:04:30.572 67217 INFO tempest.lib.common.rest_client [req-76f8372a-2a21-42ab-9239-71e620cb0d0f req-76f8372a-2a21-42ab-9239-71e620cb0d0f ] Request (ServerDiskConfigTestJSON:test_resize_server_from_auto_to_manual): 200 GET http://10.180.1.21/compute/v2.1/servers/dadc09b5-2145-4df5-84f2-97a5d7d4eb19 0.096s
2025-12-02 16:04:30.580 67217 INFO tempest.common.waiters [-] State transition "BUILD/spawning" ==> "ACTIVE/None" after 47 second wait
2025-12-02 16:04:30.666 67223 INFO tempest.lib.common.rest_client [req-2c931370-988c-42eb-9f37-44fd3847bebd req-2c931370-988c-42eb-9f37-44fd3847bebd ] Request (DeleteServersTestJSON:test_delete_active_server): 200 GET http://10.180.1.21/compute/v2.1/servers/150e50bd-966a-4d55-ab18-201310e1f45c 0.080s
2025-12-02 16:04:30.715 67217 INFO tempest.lib.common.rest_client [req-c77d8bd0-ac9f-4e48-96fe-9f36e478ef1e req-c77d8bd0-ac9f-4e48-96fe-9f36e478ef1e ] Request (ServerDiskConfigTestJSON:test_resize_server_from_auto_to_manual): 200 GET http://10.180.1.21/compute/v2.1/servers/dadc09b5-2145-4df5-84f2-97a5d7d4eb19 0.135s
2025-12-02 16:04:30.769 67235 INFO tempest.lib.common.rest_client [req-55c1923a-4df3-41a4-b6d6-b2bfaf74e45a req-55c1923a-4df3-41a4-b6d6-b2bfaf74e45a ] Request (ServerPasswordTestJSON:setUpClass): 200 GET http://10.180.1.21/compute/v2.1/servers/86778ef9-bf1e-47c4-b42f-65b76419d34d 0.141s
2025-12-02 16:04:30.809 67229 INFO tempest.lib.common.rest_client [req-4b076b47-7009-4da9-93ba-59af448236c9 req-4b076b47-7009-4da9-93ba-59af448236c9 ] Request (ServersAdminNegativeTestJSON:tearDownClass): 200 GET http://10.180.1.21/compute/v2.1/servers/8216b160-e6d8-440d-b06c-7cc69a879d97 0.119s
2025-12-02 16:04:30.828 67265 INFO tempest.lib.common.rest_client [req-7910307a-6681-454e-ba0f-a19629aa6ef5 req-7910307a-6681-454e-ba0f-a19629aa6ef5 ] Request (ServerAddressesNegativeTestJSON:setUpClass): 200 GET http://10.180.1.21/compute/v2.1/servers/26ff306c-2d39-44ec-8a47-8482f044cb25 0.130s
2025-12-02 16:04:30.886 67217 INFO tempest.lib.common.rest_client [req-53e249d8-c7ea-4503-98c2-f4a108e0922c req-53e249d8-c7ea-4503-98c2-f4a108e0922c ] Request (ServerDiskConfigTestJSON:test_resize_server_from_auto_to_manual): 200 PUT http://10.180.1.21/compute/v2.1/servers/dadc09b5-2145-4df5-84f2-97a5d7d4eb19 0.161s
2025-12-02 16:04:30.904 67232 INFO tempest.lib.common.rest_client [req-760660e6-9a4a-419b-add6-d444aad1ae8f req-760660e6-9a4a-419b-add6-d444aad1ae8f ] Request (ImagesOneServerNegativeTestJSON:_run_cleanups): 200 GET http://10.180.1.21/compute/v2.1/servers/1551bff5-78ef-4cf3-8ebf-c6e30ef94c01 0.137s
2025-12-02 16:04:30.954 67269 INFO tempest.lib.common.rest_client [req-fc2b79e7-a684-470c-9ce2-7d83e3417d3b req-fc2b79e7-a684-470c-9ce2-7d83e3417d3b ] Request (InstanceActionsNegativeTestJSON:tearDownClass): 200 GET http://10.180.1.21/compute/v2.1/servers/7395e460-384d-4435-bc77-e1d88f0b330c 0.172s
2025-12-02 16:04:30.975 67237 INFO tempest.lib.common.rest_client [req-61e6ec9a-27d4-4ae0-addc-025d321299d4 req-61e6ec9a-27d4-4ae0-addc-025d321299d4 ] Request (ServerActionsV293TestJSON:setUpClass): 200 GET http://10.180.1.21/compute/v2.1/servers/18f7affc-647e-4417-b961-82572058a1d5 0.128s
2025-12-02 16:04:31.006 67219 INFO tempest.lib.common.rest_client [req-045e8637-51b6-4ab9-a6e7-d844c5d62267 req-045e8637-51b6-4ab9-a6e7-d844c5d62267 ] Request (ServerRescueNegativeTestJSON:test_rescued_vm_detach_volume): 200 GET http://10.180.1.21/compute/v2.1/servers/6a4fe12e-aabf-4396-b784-4e2e98d5286c 0.144s
2025-12-02 16:04:31.056 67243 WARNING tempest.lib.common.ssh [-] Failed to establish authenticated ssh connection to cirros@10.180.180.211 ([Errno None] Unable to connect to port 22 on 10.180.180.211). Number attempts: 7. Retry after 8 seconds.: paramiko.ssh_exception.NoValidConnectionsError: [Errno None] Unable to connect to port 22 on 10.180.180.211
2025-12-02 16:04:31.067 67245 INFO tempest.lib.common.rest_client [req-0571dd3f-bf24-425a-9fa3-6ea477f26f08 req-0571dd3f-bf24-425a-9fa3-6ea477f26f08 ] Request (ListServerFiltersTestJSON:setUpClass): 200 GET http://10.180.1.21/compute/v2.1/servers/37b05ea8-ba31-4985-9c99-f150765932ed 0.142s
2025-12-02 16:04:31.095 67217 INFO tempest.lib.common.rest_client [req-2e3f86e2-33f2-40d7-8ae7-05bfc7f4b0b7 req-2e3f86e2-33f2-40d7-8ae7-05bfc7f4b0b7 ] Request (ServerDiskConfigTestJSON:test_resize_server_from_auto_to_manual): 200 GET http://10.180.1.21/compute/v2.1/servers/dadc09b5-2145-4df5-84f2-97a5d7d4eb19 0.202s
2025-12-02 16:04:31.138 67233 INFO tempest.lib.common.rest_client [req-bcc5dfe6-e24a-41cd-8b25-bdef867b0ad2 req-bcc5dfe6-e24a-41cd-8b25-bdef867b0ad2 ] Request (TenantUsagesTestJSON:tearDownClass): 200 GET http://10.180.1.21/compute/v2.1/servers/9877e401-3f0e-4b6f-841d-7954638cd74d 0.184s
2025-12-02 16:04:31.155 67279 INFO tempest.lib.common.rest_client [req-6ec75240-98c8-470d-abd1-f0767cbfcf42 req-6ec75240-98c8-470d-abd1-f0767cbfcf42 ] Request (InstanceActionsTestJSON:tearDownClass): 200 GET http://10.180.1.21/compute/v2.1/servers/a2d337e7-f84e-4079-aee9-72ebe0344f91 0.159s
2025-12-02 16:04:31.194 67261 INFO tempest.lib.common.rest_client [req-6995abce-f3ee-426c-9e3f-aa9bdd9b6300 req-6995abce-f3ee-426c-9e3f-aa9bdd9b6300 ] Request (SecurityGroupsTestJSON:test_server_security_groups): 200 GET http://10.180.1.21/compute/v2.1/servers/ea703068-fa50-4dad-ba1f-2f47cde3400f 0.184s
2025-12-02 16:04:31.211 67239 INFO tempest.lib.common.rest_client [req-f614bc73-92a8-46e9-a441-4c77658f97fc req-f614bc73-92a8-46e9-a441-4c77658f97fc ] Request (ServerMetadataNegativeTestJSON:setUpClass): 200 GET http://10.180.1.21/compute/v2.1/servers/f77569bb-f2ed-4474-90ad-e4b8c56c08c2 0.153s
2025-12-02 16:04:31.218 67239 INFO tempest.common.waiters [-] State transition "BUILD/None" ==> "BUILD/networking" after 47 second wait
2025-12-02 16:04:31.249 67227 INFO tempest.lib.common.rest_client [req-fed62122-5900-463e-9273-53baa8765355 req-fed62122-5900-463e-9273-53baa8765355 ] Request (ListServersNegativeTestJSON:tearDownClass): 200 GET http://10.180.1.21/compute/v2.1/servers/b1d1e6a8-106f-459d-8a57-49cf0dcf30b5 0.166s
2025-12-02 16:04:31.336 67260 INFO tempest.lib.common.rest_client [req-6d0119a4-9d1b-41d7-b9e8-1e5788437e71 req-6d0119a4-9d1b-41d7-b9e8-1e5788437e71 ] Request (AttachInterfacesUnderV243Test:test_add_remove_fixed_ip): 200 GET http://10.180.1.21/compute/v2.1/servers/0ad8d175-9ac5-4b84-9c45-0d1812040412 0.204s
2025-12-02 16:04:31.349 67217 INFO tempest.lib.common.rest_client [req-8741d76d-b176-45c7-ac00-7b9b3615fc56 req-8741d76d-b176-45c7-ac00-7b9b3615fc56 ] Request (ServerDiskConfigTestJSON:test_resize_server_from_auto_to_manual): 200 GET http://10.180.1.21/compute/v2.1/servers/dadc09b5-2145-4df5-84f2-97a5d7d4eb19 0.244s
2025-12-02 16:04:31.397 67257 INFO tempest.lib.common.rest_client [req-5fb0fcab-69a7-406c-b16f-3085c9515910 req-5fb0fcab-69a7-406c-b16f-3085c9515910 ] Request (ServersNegativeTestMultiTenantJSON:setUpClass): 200 GET http://10.180.1.21/compute/v2.1/servers/a2fafee7-3bbd-48b4-8210-60626abe5caf 0.230s
2025-12-02 16:04:31.455 67252 INFO tempest.lib.common.rest_client [req-d970864d-1dd5-4b82-9391-f848dc5e3511 req-d970864d-1dd5-4b82-9391-f848dc5e3511 ] Request (ServerDiagnosticsV248Test:test_get_server_diagnostics): 200 GET http://10.180.1.21/compute/v2.1/servers/3ddb74f2-d092-4c94-b60e-5920637e68fa 0.253s
2025-12-02 16:04:31.499 67255 INFO tempest.lib.common.rest_client [req-21a8e17c-dc5f-427f-a5a7-2d0e0d03dc92 req-21a8e17c-dc5f-427f-a5a7-2d0e0d03dc92 ] Request (ServersListShow296Test:tearDownClass): 200 GET http://10.180.1.21/compute/v2.1/servers/33ea2805-4beb-4cdf-8a97-2642e3641677 0.243s
2025-12-02 16:04:31.617 67217 INFO tempest.lib.common.rest_client [req-95b0a54a-602c-458f-8c44-2d829f70b458 req-95b0a54a-602c-458f-8c44-2d829f70b458 ] Request (ServerDiskConfigTestJSON:test_resize_server_from_auto_to_manual): 202 POST http://10.180.1.21/compute/v2.1/servers/dadc09b5-2145-4df5-84f2-97a5d7d4eb19/action 0.256s
2025-12-02 16:04:31.687 67275 INFO tempest.lib.common.rest_client [req-713035b2-9957-41e1-830c-892509afe1f6 req-713035b2-9957-41e1-830c-892509afe1f6 ] Request (ServersAdminTestJSON:test_rebuild_server_in_error_state): 200 GET http://10.180.1.21/compute/v2.1/servers/f4e95bdc-8f65-4edd-91a1-9eafc34aeb77 0.300s
2025-12-02 16:04:31.750 67253 INFO tempest.lib.common.rest_client [req-2eaddcf8-332c-46b5-acd0-c5b067bbf432 req-2eaddcf8-332c-46b5-acd0-c5b067bbf432 ] Request (MigrationsAdminTest:test_resize_server_revert_deleted_flavor): 200 GET http://10.180.1.21/compute/v2.1/servers/4161ffd6-2327-442b-b5c7-407b5d6a216d 0.266s
2025-12-02 16:04:31.766 67247 INFO tempest.lib.common.rest_client [req-64a250ac-6e93-4688-bb3c-4f6fd1f024e2 req-64a250ac-6e93-4688-bb3c-4f6fd1f024e2 ] Request (ServerAddressesTestJSON:setUpClass): 200 GET http://10.180.1.21/compute/v2.1/servers/6d5271a2-7132-4ff0-a1f7-6c5b667c8fd4 0.261s
2025-12-02 16:04:32.004 67223 INFO tempest.lib.common.rest_client [req-c1cbc5c9-3283-4716-ba32-eb17c08d6a22 req-c1cbc5c9-3283-4716-ba32-eb17c08d6a22 ] Request (DeleteServersTestJSON:test_delete_active_server): 200 GET http://10.180.1.21/compute/v2.1/servers/150e50bd-966a-4d55-ab18-201310e1f45c 0.329s
2025-12-02 16:04:32.046 67217 INFO tempest.lib.common.rest_client [req-ce3283d9-4990-4227-b8c1-b15981b2167f req-ce3283d9-4990-4227-b8c1-b15981b2167f ] Request (ServerDiskConfigTestJSON:test_resize_server_from_auto_to_manual): 200 GET http://10.180.1.21/compute/v2.1/servers/dadc09b5-2145-4df5-84f2-97a5d7d4eb19 0.428s
2025-12-02 16:04:32.146 67229 INFO tempest.lib.common.rest_client [req-e2f6e019-a952-42fc-8e9e-a21da322745a req-e2f6e019-a952-42fc-8e9e-a21da322745a ] Request (ServersAdminNegativeTestJSON:tearDownClass): 200 GET http://10.180.1.21/compute/v2.1/servers/8216b160-e6d8-440d-b06c-7cc69a879d97 0.327s
2025-12-02 16:04:32.173 67235 INFO tempest.lib.common.rest_client [req-f0831dae-f330-4067-8622-30de691d40dd req-f0831dae-f330-4067-8622-30de691d40dd ] Request (ServerPasswordTestJSON:setUpClass): 200 GET http://10.180.1.21/compute/v2.1/servers/86778ef9-bf1e-47c4-b42f-65b76419d34d 0.393s
2025-12-02 16:04:32.246 67265 INFO tempest.lib.common.rest_client [req-508a8a9d-234b-4d11-80c9-615a4e11d0a5 req-508a8a9d-234b-4d11-80c9-615a4e11d0a5 ] Request (ServerAddressesNegativeTestJSON:setUpClass): 200 GET http://10.180.1.21/compute/v2.1/servers/26ff306c-2d39-44ec-8a47-8482f044cb25 0.409s
2025-12-02 16:04:32.262 67232 INFO tempest.lib.common.rest_client [req-f4c92039-6e9f-487f-88b9-59cc275ab3a5 req-f4c92039-6e9f-487f-88b9-59cc275ab3a5 ] Request (ImagesOneServerNegativeTestJSON:_run_cleanups): 200 GET http://10.180.1.21/compute/v2.1/servers/1551bff5-78ef-4cf3-8ebf-c6e30ef94c01 0.346s
2025-12-02 16:04:32.324 67269 INFO tempest.lib.common.rest_client [req-7f98a8a4-d62a-4094-9998-1807bfb61ff0 req-7f98a8a4-d62a-4094-9998-1807bfb61ff0 ] Request (InstanceActionsNegativeTestJSON:tearDownClass): 200 GET http://10.180.1.21/compute/v2.1/servers/7395e460-384d-4435-bc77-e1d88f0b330c 0.363s
2025-12-02 16:04:32.350 67237 INFO tempest.lib.common.rest_client [req-13a14013-cb32-408a-9f74-75aa5c049a9d req-13a14013-cb32-408a-9f74-75aa5c049a9d ] Request (ServerActionsV293TestJSON:setUpClass): 200 GET http://10.180.1.21/compute/v2.1/servers/18f7affc-647e-4417-b961-82572058a1d5 0.358s
2025-12-02 16:04:32.378 67219 INFO tempest.lib.common.rest_client [req-63248c9e-6d9d-4a89-85e7-510220441adb req-63248c9e-6d9d-4a89-85e7-510220441adb ] Request (ServerRescueNegativeTestJSON:test_rescued_vm_detach_volume): 200 GET http://10.180.1.21/compute/v2.1/servers/6a4fe12e-aabf-4396-b784-4e2e98d5286c 0.361s
2025-12-02 16:04:32.409 67245 INFO tempest.lib.common.rest_client [req-5398f8bb-8de7-42bf-aa1d-cd3b47997229 req-5398f8bb-8de7-42bf-aa1d-cd3b47997229 ] Request (ListServerFiltersTestJSON:setUpClass): 200 GET http://10.180.1.21/compute/v2.1/servers/37b05ea8-ba31-4985-9c99-f150765932ed 0.335s
2025-12-02 16:04:32.442 67233 INFO tempest.lib.common.rest_client [req-e4eb79d5-0f73-4bed-9f5b-3e2526d610db req-e4eb79d5-0f73-4bed-9f5b-3e2526d610db ] Request (TenantUsagesTestJSON:tearDownClass): 200 GET http://10.180.1.21/compute/v2.1/servers/9877e401-3f0e-4b6f-841d-7954638cd74d 0.296s
2025-12-02 16:04:32.469 67279 INFO tempest.lib.common.rest_client [req-b6015b23-d997-42b4-871b-ade028b2d78f req-b6015b23-d997-42b4-871b-ade028b2d78f ] Request (InstanceActionsTestJSON:tearDownClass): 200 GET http://10.180.1.21/compute/v2.1/servers/a2d337e7-f84e-4079-aee9-72ebe0344f91 0.306s
2025-12-02 16:04:32.504 67261 INFO tempest.lib.common.rest_client [req-84897a12-c7c8-40bc-98b9-37bbf62c7f68 req-84897a12-c7c8-40bc-98b9-37bbf62c7f68 ] Request (SecurityGroupsTestJSON:test_server_security_groups): 200 GET http://10.180.1.21/compute/v2.1/servers/ea703068-fa50-4dad-ba1f-2f47cde3400f 0.302s
2025-12-02 16:04:32.570 67239 INFO tempest.lib.common.rest_client [req-149cd4a4-c455-4d72-85f5-8cfdf2b6b443 req-149cd4a4-c455-4d72-85f5-8cfdf2b6b443 ] Request (ServerMetadataNegativeTestJSON:setUpClass): 200 GET http://10.180.1.21/compute/v2.1/servers/f77569bb-f2ed-4474-90ad-e4b8c56c08c2 0.350s
2025-12-02 16:04:32.577 67239 INFO tempest.common.waiters [-] State transition "BUILD/networking" ==> "BUILD/spawning" after 48 second wait
