2025-12-09 00:17:18.738 66346 INFO tempest.lib.common.dynamic_creds [-] Acquired dynamic creds: credentials: Credentials: {'domain_id': 'default', 'domain_name': 'Default', 'username': 'tempest-HypervisorAdminNegativeUnderV252Test-1264011053-project-admin', 'project_domain_id': 'default', 'project_domain_name': 'Default', 'project_id': 'e7fe9f1f6f7b4f26b8cd76ffa24259b8', 'project_name': 'tempest-HypervisorAdminNegativeUnderV252Test-1264011053', 'tenant_id': 'e7fe9f1f6f7b4f26b8cd76ffa24259b8', 'tenant_name': 'tempest-HypervisorAdminNegativeUnderV252Test-1264011053', 'user_domain_id': 'default', 'user_domain_name': 'Default', 'user_id': '55f644923a724fffb9239c7f254e043e', 'system': None}, Network: None, Subnet: None, Router: None
2025-12-09 00:17:18.738 66346 INFO tempest.lib.common.dynamic_creds [-] Created isolated network resources for: credentials: Credentials: {'domain_id': 'default', 'domain_name': 'Default', 'username': 'tempest-HypervisorAdminNegativeUnderV252Test-1264011053-project-admin', 'project_domain_id': 'default', 'project_domain_name': 'Default', 'project_id': 'e7fe9f1f6f7b4f26b8cd76ffa24259b8', 'project_name': 'tempest-HypervisorAdminNegativeUnderV252Test-1264011053', 'tenant_id': 'e7fe9f1f6f7b4f26b8cd76ffa24259b8', 'tenant_name': 'tempest-HypervisorAdminNegativeUnderV252Test-1264011053', 'user_domain_id': 'default', 'user_domain_name': 'Default', 'user_id': '55f644923a724fffb9239c7f254e043e', 'system': None}, Network: None, Subnet: None, Router: None
2025-12-09 00:17:18.754 66328 INFO tempest.lib.common.rest_client [req-5c7017b9-29aa-4d8d-88e8-4b03c40028ee req-5c7017b9-29aa-4d8d-88e8-4b03c40028ee ] Request (SecurityGroupRulesTestJSON:tearDownClass): 200 PUT http://10.180.1.21/networking/v2.0/routers/2f54881b-9dc2-41b6-9007-77665193adc9/remove_router_interface 0.804s
2025-12-09 00:17:18.785 66356 INFO tempest.lib.common.rest_client [req-7b612445-b8ab-4602-aead-0dd2d95ef10a req-7b612445-b8ab-4602-aead-0dd2d95ef10a ] Request (ImagesTestJSON:test_create_image_from_suspended_server): 200 GET http://10.180.1.21/compute/v2.1/servers/f65594b1-9a02-4bf1-a353-6a0f1fa4f0c8 0.743s
2025-12-09 00:17:18.797 66356 INFO tempest.common.waiters [-] State transition "BUILD/scheduling" ==> "BUILD/None" after 1 second wait
2025-12-09 00:17:18.844 66346 INFO tempest.lib.common.rest_client [req-e26a9f04-fccb-4063-a2fb-4e11408062bf req-e26a9f04-fccb-4063-a2fb-4e11408062bf ] Request (HypervisorAdminNegativeUnderV252Test:setUpClass): 201 POST http://10.180.1.21/identity/v3/auth/tokens 0.103s
2025-12-09 00:17:18.872 66304 INFO tempest.lib.common.rest_client [req-132cc0a4-7b68-4d1b-af83-45bec9973469 req-132cc0a4-7b68-4d1b-af83-45bec9973469 ] Request (ServersAdminNegativeTestJSON:tearDownClass): 204 DELETE http://10.180.1.21/compute/v2.1/servers/191eb68c-d485-4d74-a100-da701663e98b 0.774s
2025-12-09 00:17:18.927 66300 INFO tempest.lib.common.rest_client [req-56114e59-7885-47c8-82e0-073d9f5783f4 req-56114e59-7885-47c8-82e0-073d9f5783f4 ] Request (ServersTestJSON:setUpClass): 200 PUT http://10.180.1.21/networking/v2.0/floatingips/732eeefd-6d6e-4fdd-a799-e5c2c74331a5 0.517s
2025-12-09 00:17:18.950 66316 INFO tempest.lib.common.rest_client [req-425fed7d-78c4-4fe8-8c02-6b3d6404a3f0 req-425fed7d-78c4-4fe8-8c02-6b3d6404a3f0 ] Request (NetworksTest:test_list_all_networks): 200 GET http://10.180.1.21/compute/v2.1/os-networks 0.896s
2025-12-09 00:17:19.131 66316 INFO tempest.lib.common.rest_client [req-39bbc306-5a66-4353-9276-1b8941328569 req-39bbc306-5a66-4353-9276-1b8941328569 ] Request (NetworksTest:tearDownClass): 204 DELETE http://10.180.1.21/identity/v3/users/9070bd93bf7740b184e813ea70ce3d65 0.178s
2025-12-09 00:17:19.142 66336 INFO tempest.lib.common.rest_client [req-09f65c8b-57a2-4a3f-b81b-120d7ae16953 req-09f65c8b-57a2-4a3f-b81b-120d7ae16953 ] Request (SecurityGroupsTestJSON:test_security_groups_create_list_delete): 200 POST http://10.180.1.21/compute/v2.1/os-security-groups 0.919s
2025-12-09 00:17:19.241 66360 INFO tempest.lib.common.rest_client [req-f770e263-a9ef-455b-82d8-6e04c3941867 req-f770e263-a9ef-455b-82d8-6e04c3941867 ] Request (MigrationsAdminTest:test_list_migrations_in_flavor_resize_situation): 200 GET http://10.180.1.21/compute/v2.1/servers/48f53e10-7bfe-46fc-b89b-502f7e80679e 1.097s
2025-12-09 00:17:19.251 66342 INFO tempest.lib.common.rest_client [req-9500e1be-1f36-4406-b992-6be6ca2278a7 req-9500e1be-1f36-4406-b992-6be6ca2278a7 ] Request (AttachVolumeTestJSON:test_attach_detach_volume): 200 GET http://10.180.1.21/compute/v2.1/servers/0c8a68c5-8f5a-4aab-9143-3b50df4685fc 1.025s
2025-12-09 00:17:19.283 66316 INFO tempest.lib.common.rest_client [req-3e332508-1d56-4aad-809a-559ec9cd3e91 req-3e332508-1d56-4aad-809a-559ec9cd3e91 ] Request (NetworksTest:tearDownClass): 204 DELETE http://10.180.1.21/identity/v3/users/414b52089dc946018912c9f783f9f5b8 0.152s
2025-12-09 00:17:19.284 66316 INFO tempest.lib.common.dynamic_creds [-] Deleting project and security group for project: b6bb8a12d05345f0a5fc1e821fc05d73
2025-12-09 00:17:19.335 66306 INFO tempest.lib.common.rest_client [req-b66bde02-4901-460a-a732-db4e206e2b86 req-b66bde02-4901-460a-a732-db4e206e2b86 ] Request (ServerTagsTestJSON:test_update_all_tags): 201 PUT http://10.180.1.21/compute/v2.1/servers/38faebf4-e447-4281-98a9-ba64efd8533f/tags/tempest-tag-474283073 1.041s
2025-12-09 00:17:19.358 66316 INFO tempest.lib.common.rest_client [req-d7b8adfb-6544-4497-95bb-cd6f3eeb5c4b req-d7b8adfb-6544-4497-95bb-cd6f3eeb5c4b ] Request (NetworksTest:tearDownClass): 201 POST http://10.180.1.21/identity/v3/auth/tokens 0.074s
2025-12-09 00:17:19.438 66328 INFO tempest.lib.common.rest_client [req-3709828e-6dc8-4d99-92ca-b95491055f13 req-3709828e-6dc8-4d99-92ca-b95491055f13 ] Request (SecurityGroupRulesTestJSON:tearDownClass): 204 DELETE http://10.180.1.21/networking/v2.0/routers/2f54881b-9dc2-41b6-9007-77665193adc9 0.683s
2025-12-09 00:17:19.481 66334 INFO tempest.lib.common.rest_client [req-09a07f22-29ba-4f40-862c-4cd69f5b7fd8 req-09a07f22-29ba-4f40-862c-4cd69f5b7fd8 ] Request (ServersTestFqdnHostnames:test_create_server_with_fqdn_name): 200 GET http://10.180.1.21/compute/v2.1/servers/277dffec-78d7-4397-886d-6cbf5f496c28 1.213s
2025-12-09 00:17:19.495 66296 INFO tempest.lib.common.rest_client [req-254ff953-1ffd-4510-bec2-3f15bd1d2c9e req-254ff953-1ffd-4510-bec2-3f15bd1d2c9e ] Request (ServerShowV247Test:tearDownClass): 200 GET http://10.180.1.21/compute/v2.1/servers/b898c149-dd97-4402-93ad-d540813453ab 1.190s
2025-12-09 00:17:19.495 66334 INFO tempest.common.waiters [-] State transition "BUILD/spawning" ==> "ACTIVE/None" after 29 second wait
2025-12-09 00:17:19.508 66296 INFO tempest.common.waiters [-] State transition "ACTIVE/deleting" ==> "DELETED/None" after 4 second wait
2025-12-09 00:17:19.517 66338 INFO tempest.lib.common.rest_client [req-d2441fd7-a03b-4df4-8ac0-04de52f13690 req-d2441fd7-a03b-4df4-8ac0-04de52f13690 ] Request (FlavorsAdminTestJSON:_run_cleanups): 202 DELETE http://10.180.1.21/compute/v2.1/flavors/115087632 1.131s
2025-12-09 00:17:19.521 66314 INFO tempest.lib.common.rest_client [req-2d010503-8535-465d-8b66-982e5269e162 req-2d010503-8535-465d-8b66-982e5269e162 ] Request (VolumesAssistedSnapshotsTest:test_volume_assisted_snapshot_create_delete): 200 GET http://10.180.1.21/volume/v3/volumes/9130cf44-5044-47ba-8aa4-076cfc5d3117 0.033s
2025-12-09 00:17:19.530 66314 INFO tempest.common.waiters [-] Attachment abb88828-c04d-401b-bc10-39978a5f5983 created for volume 9130cf44-5044-47ba-8aa4-076cfc5d3117 to server 2184444b-e12b-40b2-9dfb-b0b46c22244b after waiting for 7.530112 seconds
2025-12-09 00:17:19.565 66314 INFO tempest.lib.common.rest_client [req-31683f30-5834-46ae-91ed-1e8b424b1048 req-31683f30-5834-46ae-91ed-1e8b424b1048 ] Request (VolumesAssistedSnapshotsTest:test_volume_assisted_snapshot_create_delete): 200 GET http://10.180.1.21/volume/v3/volumes/9130cf44-5044-47ba-8aa4-076cfc5d3117 0.034s
2025-12-09 00:17:19.572 66314 INFO tempest.common.waiters [-] volume 9130cf44-5044-47ba-8aa4-076cfc5d3117 reached in-use after waiting for 0.572025 seconds
2025-12-09 00:17:19.617 66316 INFO tempest.lib.common.rest_client [req-cba8385d-babf-4356-9736-40e4023fedd4 req-cba8385d-babf-4356-9736-40e4023fedd4 ] Request (NetworksTest:tearDownClass): 200 GET http://10.180.1.21/networking/v2.0/security-groups?tenant_id=b6bb8a12d05345f0a5fc1e821fc05d73&name=default 0.258s
2025-12-09 00:17:19.642 66344 INFO tempest.lib.common.rest_client [req-72a623b9-5bb5-4e88-9729-27047fa33cb8 req-72a623b9-5bb5-4e88-9729-27047fa33cb8 ] Request (ServerRescueTestJSONUnderV235:setUpClass): 200 GET http://10.180.1.21/compute/v2.1/servers/b7434b90-010f-4770-b0f5-95fecbf67f85 1.045s
2025-12-09 00:17:19.692 66328 INFO tempest.lib.common.rest_client [req-13b0e070-36e1-4bb9-a120-a47c77f77b12 req-13b0e070-36e1-4bb9-a120-a47c77f77b12 ] Request (SecurityGroupRulesTestJSON:tearDownClass): 204 DELETE http://10.180.1.21/networking/v2.0/subnets/646befb5-7bdf-427e-a9ee-e269c491190c 0.253s
2025-12-09 00:17:19.716 66298 INFO tempest.lib.common.rest_client [req-1bd1404b-9e12-4d32-acaf-8ca239a65917 req-1bd1404b-9e12-4d32-acaf-8ca239a65917 ] Request (TenantUsagesTestJSON:tearDownClass): 200 GET http://10.180.1.21/compute/v2.1/servers/9143f060-b0da-4259-a598-defc5752076e 1.030s
2025-12-09 00:17:19.781 66316 INFO tempest.lib.common.rest_client [req-342f968c-8076-4850-8c6c-58504c7e6939 req-342f968c-8076-4850-8c6c-58504c7e6939 ] Request (NetworksTest:tearDownClass): 204 DELETE http://10.180.1.21/networking/v2.0/security-groups/bdfbda0e-32bc-4115-8037-f48a50699a5d 0.164s
2025-12-09 00:17:19.805 66322 INFO tempest.lib.common.rest_client [req-18c6f8ae-3e5e-43a7-b91b-d080e1299913 req-18c6f8ae-3e5e-43a7-b91b-d080e1299913 ] Request (ServersAdminTestJSON:test_inject_network_info): 200 GET http://10.180.1.21/compute/v2.1/servers/32df0a11-c848-4bc3-9f18-6187c59898ea 1.055s
2025-12-09 00:17:19.853 66316 INFO tempest.lib.common.rest_client [req-45fff245-e462-403f-87f5-e5c37c5800b6 req-45fff245-e462-403f-87f5-e5c37c5800b6 ] Request (NetworksTest:tearDownClass): 204 DELETE http://10.180.1.21/identity/v3/projects/b6bb8a12d05345f0a5fc1e821fc05d73 0.071s
2025-12-09 00:17:19.853 66316 INFO tempest.lib.common.dynamic_creds [-] Deleting project and security group for project: b0bff41ac9664736b22a37d296d0c385
2025-12-09 00:17:19.865 66320 INFO tempest.lib.common.rest_client [req-c795c471-dbc6-45f3-a973-2ad45c1720f3 req-c795c471-dbc6-45f3-a973-2ad45c1720f3 ] Request (ServerExternalEventsTest:tearDownClass): 200 GET http://10.180.1.21/compute/v2.1/servers/c01a2506-1644-45ae-87fe-7eade621043b 1.083s
2025-12-09 00:17:19.952 66328 INFO tempest.lib.common.rest_client [req-7e990e30-594b-4b0b-82f4-464585492413 req-7e990e30-594b-4b0b-82f4-464585492413 ] Request (SecurityGroupRulesTestJSON:tearDownClass): 204 DELETE http://10.180.1.21/networking/v2.0/networks/9851d041-6ab9-4ded-9725-4c780d895e82 0.260s
2025-12-09 00:17:19.965 66316 INFO tempest.lib.common.rest_client [req-9e746ab9-b478-4eb5-9cc6-abc2aba020d0 req-9e746ab9-b478-4eb5-9cc6-abc2aba020d0 ] Request (NetworksTest:tearDownClass): 200 GET http://10.180.1.21/networking/v2.0/security-groups?tenant_id=b0bff41ac9664736b22a37d296d0c385&name=default 0.112s
2025-12-09 00:17:20.039 66346 INFO tempest.lib.common.rest_client [req-a1d0e8fc-7cdf-4336-846c-cd72bccaaec0 req-a1d0e8fc-7cdf-4336-846c-cd72bccaaec0 ] Request (HypervisorAdminNegativeUnderV252Test:test_search_hypervisor_with_non_admin_user): 200 GET http://10.180.1.21/compute/v2.1/os-hypervisors 1.193s
2025-12-09 00:17:20.058 66350 INFO tempest.lib.common.rest_client [req-cc399412-5229-4ac7-901a-8a0a8150cc7e req-cc399412-5229-4ac7-901a-8a0a8150cc7e ] Request (ServerDiagnosticsV248Test:test_get_server_diagnostics): 200 GET http://10.180.1.21/compute/v2.1/servers/8ca44454-4033-4efc-b2bb-e6527bd10caf/diagnostics 1.512s
2025-12-09 00:17:20.082 66328 INFO tempest.lib.common.rest_client [req-f7d4193f-b0fe-424e-8f1e-e437afde6584 req-f7d4193f-b0fe-424e-8f1e-e437afde6584 ] Request (SecurityGroupRulesTestJSON:tearDownClass): 204 DELETE http://10.180.1.21/identity/v3/users/e67abf33721845ee924630959bb60a59 0.129s
2025-12-09 00:17:20.083 66328 INFO tempest.lib.common.dynamic_creds [-] Deleting project and security group for project: 1ff77798994f4b0a937b7bbaa5b36cba
2025-12-09 00:17:20.089 66316 INFO tempest.lib.common.rest_client [req-2e5c0f65-bef8-468a-9299-6655fdb40e77 req-2e5c0f65-bef8-468a-9299-6655fdb40e77 ] Request (NetworksTest:tearDownClass): 204 DELETE http://10.180.1.21/networking/v2.0/security-groups/81362d77-97e8-437c-9215-e853fa5db5fb 0.123s
2025-12-09 00:17:20.128 66328 INFO tempest.lib.common.rest_client [req-a2766b73-a454-414a-89bd-5ed86d8b17be req-a2766b73-a454-414a-89bd-5ed86d8b17be ] Request (SecurityGroupRulesTestJSON:tearDownClass): 200 GET http://10.180.1.21/networking/v2.0/security-groups?tenant_id=1ff77798994f4b0a937b7bbaa5b36cba&name=default 0.044s
2025-12-09 00:17:20.210 66316 INFO tempest.lib.common.rest_client [req-88142ade-c548-4c30-b32a-650d5333c48d req-88142ade-c548-4c30-b32a-650d5333c48d ] Request (NetworksTest:tearDownClass): 204 DELETE http://10.180.1.21/identity/v3/projects/b0bff41ac9664736b22a37d296d0c385 0.121s
2025-12-09 00:17:20.232 66300 INFO tempest.lib.common.rest_client [req-572530df-ec2e-4978-8f88-9a51f25b053f req-572530df-ec2e-4978-8f88-9a51f25b053f ] Request (ServersTestJSON:setUpClass): 200 GET http://10.180.1.21/compute/v2.1/servers/75a343cf-aa9b-49e3-a14d-b5492995e57b 1.305s
2025-12-09 00:17:20.242 66300 INFO tempest.lib.common.ssh [-] Creating ssh connection to '10.180.180.245:22' as 'cirros' with public key authentication
2025-12-09 00:17:20.259 66304 INFO tempest.lib.common.rest_client [req-f2ad7b08-2a1b-4058-bfea-305a9a3911d0 req-f2ad7b08-2a1b-4058-bfea-305a9a3911d0 ] Request (ServersAdminNegativeTestJSON:tearDownClass): 200 GET http://10.180.1.21/compute/v2.1/servers/191eb68c-d485-4d74-a100-da701663e98b 1.386s
2025-12-09 00:17:20.279 66328 INFO tempest.lib.common.rest_client [req-89a355d1-71a5-4efd-b0d3-859b6d01510c req-89a355d1-71a5-4efd-b0d3-859b6d01510c ] Request (SecurityGroupRulesTestJSON:tearDownClass): 204 DELETE http://10.180.1.21/networking/v2.0/security-groups/fc20931a-a431-436e-977c-9e716ed56ea2 0.150s
2025-12-09 00:17:20.297 66316 INFO tempest.lib.common.rest_client [req-58fcd864-e9d8-45d7-87e6-965b05dca2f4 req-58fcd864-e9d8-45d7-87e6-965b05dca2f4 ] Request (ServerRescueTestJSON:setUpClass): 201 POST http://10.180.1.21/identity/v3/auth/tokens 0.085s
2025-12-09 00:17:20.323 66340 INFO tempest.lib.common.rest_client [req-98051cf4-3346-4d79-8fe2-3307daca193b req-98051cf4-3346-4d79-8fe2-3307daca193b ] Request (ListImageFiltersTestJSON:setUpClass): 200 GET http://10.180.1.21/compute/v2.1/servers/04be04a7-b943-4701-abd9-ec8af496d3b1 1.346s
2025-12-09 00:17:20.330 66316 INFO tempest.lib.common.rest_client [req-6120e47c-a780-452e-9547-4c9c5f3c8886 req-6120e47c-a780-452e-9547-4c9c5f3c8886 ] Request (ServerRescueTestJSON:setUpClass): 201 POST http://10.180.1.21/identity/v3/auth/tokens 0.030s
2025-12-09 00:17:20.355 66316 INFO tempest.lib.common.rest_client [req-a6f5ba0a-4f7b-458b-a3d7-0ae45e7e282a req-a6f5ba0a-4f7b-458b-a3d7-0ae45e7e282a ] Request (ServerRescueTestJSON:setUpClass): 200 GET http://10.180.1.21/identity/v3/domains?name=Default 0.025s
2025-12-09 00:17:20.358 66308 INFO tempest.lib.common.rest_client [req-47a07445-184b-4bbd-8768-1af0325d8dfb req-47a07445-184b-4bbd-8768-1af0325d8dfb ] Request (ServersAdmin275Test:tearDownClass): 200 GET http://10.180.1.21/compute/v2.1/servers/e4bbbcf9-6b26-4c3f-8fde-b389b6456425 1.260s
2025-12-09 00:17:20.382 66316 INFO tempest.lib.common.rest_client [req-b0184ea2-73f6-46b5-b2f8-e1efce50fef5 req-b0184ea2-73f6-46b5-b2f8-e1efce50fef5 ] Request (ServerRescueTestJSON:setUpClass): 201 POST http://10.180.1.21/identity/v3/projects 0.026s
2025-12-09 00:17:20.393 66328 INFO tempest.lib.common.rest_client [req-74a2631d-dcef-40d0-841b-89e741f650fb req-74a2631d-dcef-40d0-841b-89e741f650fb ] Request (SecurityGroupRulesTestJSON:tearDownClass): 204 DELETE http://10.180.1.21/identity/v3/projects/1ff77798994f4b0a937b7bbaa5b36cba 0.113s
2025-12-09 00:17:20.408 66326 INFO tempest.lib.common.rest_client [req-9c792e20-dde3-4a6c-9088-b5253628d4f9 req-9c792e20-dde3-4a6c-9088-b5253628d4f9 ] Request (ServerRescueNegativeTestJSON:setUpClass): 200 GET http://10.180.1.21/compute/v2.1/servers/b1a02939-a2b3-4a9c-b9d6-f46a944fff2a 1.157s
2025-12-09 00:17:20.433 66328 INFO tempest.lib.common.rest_client [req-9353b672-3c96-4a0d-af4b-cbf5289e1799 req-9353b672-3c96-4a0d-af4b-cbf5289e1799 ] Request (ComputeTenantNetworksTest:setUpClass): 201 POST http://10.180.1.21/identity/v3/auth/tokens 0.038s
2025-12-09 00:17:20.436 66336 INFO tempest.lib.common.rest_client [req-81d98c08-c995-4571-9c1a-3bc02f93e663 req-81d98c08-c995-4571-9c1a-3bc02f93e663 ] Request (SecurityGroupsTestJSON:test_security_groups_create_list_delete): 200 POST http://10.180.1.21/compute/v2.1/os-security-groups 1.290s
2025-12-09 00:17:20.441 66316 INFO tempest.lib.common.rest_client [req-036b2a5a-a962-40b5-b9ab-ad9bc7cecdf3 req-036b2a5a-a962-40b5-b9ab-ad9bc7cecdf3 ] Request (ServerRescueTestJSON:setUpClass): 201 POST http://10.180.1.21/identity/v3/users 0.058s
2025-12-09 00:17:20.462 66328 INFO tempest.lib.common.rest_client [req-12610442-65c9-4622-8158-92159a4a54e2 req-12610442-65c9-4622-8158-92159a4a54e2 ] Request (ComputeTenantNetworksTest:setUpClass): 201 POST http://10.180.1.21/identity/v3/auth/tokens 0.025s
2025-12-09 00:17:20.462 66306 INFO tempest.lib.common.rest_client [req-47542832-a710-4289-9479-e30f3b04402d req-47542832-a710-4289-9479-e30f3b04402d ] Request (ServerTagsTestJSON:test_update_all_tags): 200 PUT http://10.180.1.21/compute/v2.1/servers/38faebf4-e447-4281-98a9-ba64efd8533f/tags 1.126s
2025-12-09 00:17:20.467 66316 INFO tempest.lib.common.rest_client [req-4508e455-10f7-4182-aa04-862b47ff31f2 req-4508e455-10f7-4182-aa04-862b47ff31f2 ] Request (ServerRescueTestJSON:setUpClass): 200 GET http://10.180.1.21/identity/v3/roles 0.025s
2025-12-09 00:17:20.484 66328 INFO tempest.lib.common.rest_client [req-2c7b2290-323e-4ae3-9d95-657c9eca4023 req-2c7b2290-323e-4ae3-9d95-657c9eca4023 ] Request (ComputeTenantNetworksTest:setUpClass): 200 GET http://10.180.1.21/identity/v3/domains?name=Default 0.021s
2025-12-09 00:17:20.499 66316 INFO tempest.lib.common.rest_client [req-42a017fe-cd84-4db6-b49c-5215b9549502 req-42a017fe-cd84-4db6-b49c-5215b9549502 ] Request (ServerRescueTestJSON:setUpClass): 204 PUT http://10.180.1.21/identity/v3/projects/e7d4bda7f70e49249d04a3c407be01e8/users/d29092fcc0364a5ba28ef9a47726ed47/roles/96556349ae644dbf84322051a96e7d8c 0.031s
2025-12-09 00:17:20.499 66316 INFO tempest.lib.common.dynamic_creds [-] Dynamic test user d29092fcc0364a5ba28ef9a47726ed47 is created with scope project and roles: ['member']
2025-12-09 00:17:20.500 66316 INFO tempest.lib.common.dynamic_creds [-] Acquired dynamic creds: credentials: Credentials: {'domain_id': 'default', 'domain_name': 'Default', 'username': 'tempest-ServerRescueTestJSON-2136903397-project-member', 'project_domain_id': 'default', 'project_domain_name': 'Default', 'project_id': 'e7d4bda7f70e49249d04a3c407be01e8', 'project_name': 'tempest-ServerRescueTestJSON-2136903397', 'tenant_id': 'e7d4bda7f70e49249d04a3c407be01e8', 'tenant_name': 'tempest-ServerRescueTestJSON-2136903397', 'user_domain_id': 'default', 'user_domain_name': 'Default', 'user_id': 'd29092fcc0364a5ba28ef9a47726ed47', 'system': None}, Network: None, Subnet: None, Router: None
2025-12-09 00:17:20.511 66328 INFO tempest.lib.common.rest_client [req-cdc27d73-53e4-488f-afd5-ebf159c3e3c9 req-cdc27d73-53e4-488f-afd5-ebf159c3e3c9 ] Request (ComputeTenantNetworksTest:setUpClass): 201 POST http://10.180.1.21/identity/v3/projects 0.026s
2025-12-09 00:17:20.518 66348 INFO tempest.lib.common.rest_client [req-bc929af9-55dd-4d61-8621-770c85d0277f req-bc929af9-55dd-4d61-8621-770c85d0277f ] Request (ServerShowV257Test:tearDownClass): 200 GET http://10.180.1.21/compute/v2.1/servers/8c0f1e4b-d1df-47bb-ada3-7b0666352510 1.146s
2025-12-09 00:17:20.560 66316 INFO tempest.lib.common.rest_client [req-d3dcd310-cc9a-42ec-8411-7777f8d8c4a1 req-d3dcd310-cc9a-42ec-8411-7777f8d8c4a1 ] Request (ServerRescueTestJSON:setUpClass): 201 POST http://10.180.1.21/identity/v3/auth/tokens 0.060s
2025-12-09 00:17:20.567 66328 INFO tempest.lib.common.rest_client [req-29ae562c-734a-4edf-b3e2-a5fbc4003c12 req-29ae562c-734a-4edf-b3e2-a5fbc4003c12 ] Request (ComputeTenantNetworksTest:setUpClass): 201 POST http://10.180.1.21/identity/v3/users 0.055s
2025-12-09 00:17:20.580 66324 INFO tempest.lib.common.rest_client [req-ee53baf7-a6e3-4d20-9d33-b07f5670b27c req-ee53baf7-a6e3-4d20-9d33-b07f5670b27c ] Request (ServerShowV254Test:tearDownClass): 200 GET http://10.180.1.21/compute/v2.1/servers/5e4e10fc-4601-4848-b21a-d856535a0f2b 1.133s
2025-12-09 00:17:20.588 66328 INFO tempest.lib.common.rest_client [req-2c755a35-c4e9-42a2-ba42-42a13758765e req-2c755a35-c4e9-42a2-ba42-42a13758765e ] Request (ComputeTenantNetworksTest:setUpClass): 200 GET http://10.180.1.21/identity/v3/roles 0.021s
2025-12-09 00:17:20.589 66324 INFO tempest.common.waiters [-] State transition "ACTIVE/deleting" ==> "DELETED/None" after 5 second wait
2025-12-09 00:17:20.598 66332 INFO tempest.lib.common.rest_client [req-2a05951a-bb61-49ca-9d28-9202983473fe req-2a05951a-bb61-49ca-9d28-9202983473fe ] Request (ServerDiskConfigTestJSON:test_rebuild_server_with_auto_disk_config): 200 GET http://10.180.1.21/compute/v2.1/servers/d695d950-80d1-4d56-b854-ea8e26572b06 1.243s
2025-12-09 00:17:20.608 66332 INFO tempest.common.waiters [-] State transition "REBUILD/rebuilding" ==> "REBUILD/rebuild_spawning" after 4 second wait
2025-12-09 00:17:20.623 66338 INFO tempest.lib.common.rest_client [req-21ee640f-5ca7-4be2-be73-1e6a885b105f req-21ee640f-5ca7-4be2-be73-1e6a885b105f ] Request (FlavorsAdminTestJSON:_run_cleanups): 200 GET http://10.180.1.21/compute/v2.1/flavors/detail 1.105s
2025-12-09 00:17:20.633 66328 INFO tempest.lib.common.rest_client [req-e6ef34ea-cfe8-4d0c-9c8e-275bd803b62c req-e6ef34ea-cfe8-4d0c-9c8e-275bd803b62c ] Request (ComputeTenantNetworksTest:setUpClass): 204 PUT http://10.180.1.21/identity/v3/projects/924bf1db442549ba9e7e92e1979663c9/users/d6b1d1a34f5c4534b20341c107ad741e/roles/96556349ae644dbf84322051a96e7d8c 0.044s
2025-12-09 00:17:20.633 66328 INFO tempest.lib.common.dynamic_creds [-] Dynamic test user d6b1d1a34f5c4534b20341c107ad741e is created with scope project and roles: ['member']
2025-12-09 00:17:20.633 66328 INFO tempest.lib.common.dynamic_creds [-] Acquired dynamic creds: credentials: Credentials: {'domain_id': 'default', 'domain_name': 'Default', 'username': 'tempest-ComputeTenantNetworksTest-1911699414-project-member', 'project_domain_id': 'default', 'project_domain_name': 'Default', 'project_id': '924bf1db442549ba9e7e92e1979663c9', 'project_name': 'tempest-ComputeTenantNetworksTest-1911699414', 'tenant_id': '924bf1db442549ba9e7e92e1979663c9', 'tenant_name': 'tempest-ComputeTenantNetworksTest-1911699414', 'user_domain_id': 'default', 'user_domain_name': 'Default', 'user_id': 'd6b1d1a34f5c4534b20341c107ad741e', 'system': None}, Network: None, Subnet: None, Router: None
2025-12-09 00:17:20.747 66328 INFO tempest.lib.common.rest_client [req-7aee3526-0c59-4745-b93c-08a2e2c95f01 req-7aee3526-0c59-4745-b93c-08a2e2c95f01 ] Request (ComputeTenantNetworksTest:setUpClass): 201 POST http://10.180.1.21/identity/v3/auth/tokens 0.113s
2025-12-09 00:17:20.801 66314 INFO tempest.lib.common.rest_client [req-2bee59a9-9239-47a6-bb8f-2a362a7dd943 req-2bee59a9-9239-47a6-bb8f-2a362a7dd943 ] Request (VolumesAssistedSnapshotsTest:test_volume_assisted_snapshot_create_delete): 200 POST http://10.180.1.21/compute/v2.1/os-assisted-volume-snapshots 1.229s
2025-12-09 00:17:20.929 66334 INFO tempest.lib.common.rest_client [req-badb9b74-797b-4c2f-aa2e-d98ecc42e96b req-badb9b74-797b-4c2f-aa2e-d98ecc42e96b ] Request (ServersTestFqdnHostnames:test_create_server_with_fqdn_name): 200 GET http://10.180.1.21/compute/v2.1/servers/277dffec-78d7-4397-886d-6cbf5f496c28/os-interface 1.433s
2025-12-09 00:17:20.951 66316 INFO tempest.lib.common.rest_client [req-30d728a7-b39d-4255-ae8d-7386ae379468 req-30d728a7-b39d-4255-ae8d-7386ae379468 ] Request (ServerRescueTestJSON:setUpClass): 201 POST http://10.180.1.21/networking/v2.0/networks 0.390s
2025-12-09 00:17:21.000 66346 INFO tempest.lib.common.rest_client [req-45cdad5a-3365-47eb-9585-00a587941fba req-45cdad5a-3365-47eb-9585-00a587941fba ] Request (HypervisorAdminNegativeUnderV252Test:test_search_hypervisor_with_non_admin_user): 403 GET http://10.180.1.21/compute/v2.1/os-hypervisors/domain-c8.fc996f14-c53b-4953-92e3-bdfa48f5cc28/search 0.959s
2025-12-09 00:17:21.008 66356 INFO tempest.lib.common.rest_client [req-1bcdd96a-e6ec-411b-bc3b-d7aba0169600 req-1bcdd96a-e6ec-411b-bc3b-d7aba0169600 ] Request (ImagesTestJSON:test_create_image_from_suspended_server): 200 GET http://10.180.1.21/compute/v2.1/servers/f65594b1-9a02-4bf1-a353-6a0f1fa4f0c8 1.210s
2025-12-09 00:17:21.140 66350 INFO tempest.lib.common.rest_client [req-fa8b3a43-62f6-47cb-a16c-d8c09191e0e1 req-fa8b3a43-62f6-47cb-a16c-d8c09191e0e1 ] Request (ServerDiagnosticsV248Test:tearDownClass): 204 DELETE http://10.180.1.21/compute/v2.1/servers/8ca44454-4033-4efc-b2bb-e6527bd10caf 1.074s
2025-12-09 00:17:21.196 66328 INFO tempest.lib.common.rest_client [req-1ea9c3b6-ca57-4dd5-abeb-4e4ef1e0f7a0 req-1ea9c3b6-ca57-4dd5-abeb-4e4ef1e0f7a0 ] Request (ComputeTenantNetworksTest:setUpClass): 201 POST http://10.180.1.21/networking/v2.0/networks 0.448s
2025-12-09 00:17:21.196 66328 INFO tempest.lib.common.dynamic_creds [-] Created isolated network resources for: credentials: Credentials: {'domain_id': 'default', 'domain_name': 'Default', 'username': 'tempest-ComputeTenantNetworksTest-1911699414-project-member', 'project_domain_id': 'default', 'project_domain_name': 'Default', 'project_id': '924bf1db442549ba9e7e92e1979663c9', 'project_name': 'tempest-ComputeTenantNetworksTest-1911699414', 'tenant_id': '924bf1db442549ba9e7e92e1979663c9', 'tenant_name': 'tempest-ComputeTenantNetworksTest-1911699414', 'user_domain_id': 'default', 'user_domain_name': 'Default', 'user_id': 'd6b1d1a34f5c4534b20341c107ad741e', 'system': None}, Network: {'id': '4265c573-0ffc-4129-a571-672e8d1ed75b', 'name': 'tempest-ComputeTenantNetworksTest-1239251487-network', 'tenant_id': '924bf1db442549ba9e7e92e1979663c9', 'project_id': '924bf1db442549ba9e7e92e1979663c9', 'admin_state_up': True, 'mtu': 8950, 'status': 'ACTIVE', 'subnets': [], 'shared': False, 'port_security_enabled': True, 'router:external': False, 'provider:network_type': 'vlan', 'provider:physical_network': 'default', 'provider:segmentation_id': 179, 'availability_zone_hints': [], 'availability_zones': [], 'ipv4_address_scope': None, 'ipv6_address_scope': None, 'description': '', 'tags': [], 'created_at': '2025-12-09T00:17:21Z', 'updated_at': '2025-12-09T00:17:21Z', 'revision_number': 1}, Subnet: None, Router: None
2025-12-09 00:17:21.261 66302 WARNING tempest.lib.common.ssh [-] Failed to establish authenticated ssh connection to cirros@10.180.180.173 ([Errno None] Unable to connect to port 22 on 10.180.180.173). Number attempts: 4. Retry after 5 seconds.: paramiko.ssh_exception.NoValidConnectionsError: [Errno None] Unable to connect to port 22 on 10.180.180.173
2025-12-09 00:17:21.286 66328 INFO tempest.lib.common.rest_client [req-a8ab8e69-9581-4a4e-9570-71032a0287b5 req-a8ab8e69-9581-4a4e-9570-71032a0287b5 ] Request (ComputeTenantNetworksTest:setUpClass): 201 POST http://10.180.1.21/identity/v3/auth/tokens 0.086s
2025-12-09 00:17:21.315 66328 INFO tempest.lib.common.rest_client [req-f3c75bed-ed14-4d9a-9fa7-b4347dc4b5f0 req-f3c75bed-ed14-4d9a-9fa7-b4347dc4b5f0 ] Request (ComputeTenantNetworksTest:setUpClass): 201 POST http://10.180.1.21/identity/v3/auth/tokens 0.025s
2025-12-09 00:17:21.315 66328 INFO tempest.lib.common.fixed_network [-] (ComputeTenantNetworksTest:setUpClass) Found network {'id': '4265c573-0ffc-4129-a571-672e8d1ed75b', 'name': 'tempest-ComputeTenantNetworksTest-1239251487-network', 'tenant_id': '924bf1db442549ba9e7e92e1979663c9', 'project_id': '924bf1db442549ba9e7e92e1979663c9', 'admin_state_up': True, 'mtu': 8950, 'status': 'ACTIVE', 'subnets': [], 'shared': False, 'port_security_enabled': True, 'router:external': False, 'provider:network_type': 'vlan', 'provider:physical_network': 'default', 'provider:segmentation_id': 179, 'availability_zone_hints': [], 'availability_zones': [], 'ipv4_address_scope': None, 'ipv6_address_scope': None, 'description': '', 'tags': [], 'created_at': '2025-12-09T00:17:21Z', 'updated_at': '2025-12-09T00:17:21Z', 'revision_number': 1} available for tenant
2025-12-09 00:17:21.345 66316 INFO tempest.lib.common.rest_client [req-236e0afe-7495-411f-9bbe-3e0838f618a0 req-236e0afe-7495-411f-9bbe-3e0838f618a0 ] Request (ServerRescueTestJSON:setUpClass): 201 POST http://10.180.1.21/networking/v2.0/subnets 0.394s
2025-12-09 00:17:21.435 66342 INFO tempest.lib.common.rest_client [req-526a6395-b9ae-4965-b4f1-21fa1bc40183 req-526a6395-b9ae-4965-b4f1-21fa1bc40183 ] Request (AttachVolumeTestJSON:test_attach_detach_volume): 200 GET http://10.180.1.21/compute/v2.1/servers/0c8a68c5-8f5a-4aab-9143-3b50df4685fc 1.168s
2025-12-09 00:17:21.442 66342 INFO tempest.common.waiters [-] State transition "BUILD/None" ==> "BUILD/networking" after 30 second wait
2025-12-09 00:17:21.553 66334 INFO tempest.lib.common.rest_client [req-903e7e49-c659-4db3-a0b8-e9fb523b2b65 req-903e7e49-c659-4db3-a0b8-e9fb523b2b65 ] Request (ServersTestFqdnHostnames:test_create_server_with_fqdn_name): 200 PUT http://10.180.1.21/networking/v2.0/floatingips/9cff7a44-024f-4f15-b44a-1f01d09afc04 0.622s
2025-12-09 00:17:21.555 66334 INFO tempest.lib.common.ssh [-] Creating ssh connection to '10.180.180.223:22' as 'cirros' with public key authentication
2025-12-09 00:17:21.621 66360 INFO tempest.lib.common.rest_client [req-bdb7d2d3-d3f4-4461-bc79-d8dbee1f6aa3 req-bdb7d2d3-d3f4-4461-bc79-d8dbee1f6aa3 ] Request (MigrationsAdminTest:test_list_migrations_in_flavor_resize_situation): 200 GET http://10.180.1.21/compute/v2.1/servers/48f53e10-7bfe-46fc-b89b-502f7e80679e 1.365s
2025-12-09 00:17:21.632 66360 INFO tempest.common.waiters [-] State transition "RESIZE/resize_prep" ==> "RESIZE/resize_migrating" after 23 second wait
2025-12-09 00:17:21.642 66306 INFO tempest.lib.common.rest_client [req-555d26a7-49fa-4e29-9fa4-b5c09a9a4201 req-555d26a7-49fa-4e29-9fa4-b5c09a9a4201 ] Request (ServerTagsTestJSON:test_update_all_tags): 200 GET http://10.180.1.21/compute/v2.1/servers/38faebf4-e447-4281-98a9-ba64efd8533f/tags 1.179s
2025-12-09 00:17:22.052 66296 INFO tempest.lib.common.rest_client [req-42da6254-665e-4a93-aeba-3ee0518f2866 req-42da6254-665e-4a93-aeba-3ee0518f2866 ] Request (ServerShowV247Test:tearDownClass): 200 GET http://10.180.1.21/compute/v2.1/servers/b898c149-dd97-4402-93ad-d540813453ab 1.543s
2025-12-09 00:17:22.073 66338 INFO tempest.lib.common.rest_client [req-4ab1f9a2-bdfb-4777-b30f-117dbf965df0 req-4ab1f9a2-bdfb-4777-b30f-117dbf965df0 ] Request (FlavorsAdminTestJSON:test_list_non_public_flavor): 200 POST http://10.180.1.21/compute/v2.1/flavors 1.441s
2025-12-09 00:17:22.116 66336 INFO tempest.lib.common.rest_client [req-00156dca-8b65-4b37-aa02-27760eec98d9 req-00156dca-8b65-4b37-aa02-27760eec98d9 ] Request (SecurityGroupsTestJSON:test_security_groups_create_list_delete): 200 GET http://10.180.1.21/compute/v2.1/os-security-groups 1.677s
2025-12-09 00:17:22.198 66316 INFO tempest.lib.common.rest_client [req-dbae38ba-a2e0-4545-ab66-c5c126e5378a req-dbae38ba-a2e0-4545-ab66-c5c126e5378a ] Request (ServerRescueTestJSON:setUpClass): 201 POST http://10.180.1.21/networking/v2.0/routers 0.852s
2025-12-09 00:17:22.218 66352 INFO paramiko.transport [-] Connected (version 2.0, client dropbear_2020.81)
2025-12-09 00:17:22.270 66344 INFO tempest.lib.common.rest_client [req-d0a66881-9cba-48e7-9c0f-4a3fc757b9f2 req-d0a66881-9cba-48e7-9c0f-4a3fc757b9f2 ] Request (ServerRescueTestJSONUnderV235:setUpClass): 200 GET http://10.180.1.21/compute/v2.1/servers/b7434b90-010f-4770-b0f5-95fecbf67f85 1.612s
2025-12-09 00:17:22.293 66298 INFO tempest.lib.common.rest_client [req-87c79219-bce7-40da-a4d6-4d32f295ec92 req-87c79219-bce7-40da-a4d6-4d32f295ec92 ] Request (TenantUsagesTestJSON:tearDownClass): 200 GET http://10.180.1.21/compute/v2.1/servers/9143f060-b0da-4259-a598-defc5752076e 1.569s
2025-12-09 00:17:22.302 66314 INFO tempest.lib.common.rest_client [req-b3c3d9cb-f0e4-4f4f-b04b-e8b7871038ab req-b3c3d9cb-f0e4-4f4f-b04b-e8b7871038ab ] Request (VolumesAssistedSnapshotsTest:test_volume_assisted_snapshot_create_delete): 204 DELETE http://10.180.1.21/compute/v2.1/os-assisted-volume-snapshots/None?delete_info=%7B%22volume_id%22%3A+%229130cf44-5044-47ba-8aa4-076cfc5d3117%22%7D 1.500s
2025-12-09 00:17:22.335 66352 INFO paramiko.transport [-] Authentication (publickey) successful!
2025-12-09 00:17:22.336 66352 INFO tempest.lib.common.ssh [-] ssh connection to cirros@10.180.180.219 successfully created
2025-12-09 00:17:22.337 66314 INFO tempest.lib.common.rest_client [req-c11fec1c-1f83-49b2-bd50-6d2513b83731 req-c11fec1c-1f83-49b2-bd50-6d2513b83731 ] Request (VolumesAssistedSnapshotsTest:_run_cleanups): 200 GET http://10.180.1.21/volume/v3/volumes/9130cf44-5044-47ba-8aa4-076cfc5d3117 0.035s
2025-12-09 00:17:23.311 66300 WARNING tempest.lib.common.ssh [-] Failed to establish authenticated ssh connection to cirros@10.180.180.245 ([Errno None] Unable to connect to port 22 on 10.180.180.245). Number attempts: 1. Retry after 2 seconds.: paramiko.ssh_exception.NoValidConnectionsError: [Errno None] Unable to connect to port 22 on 10.180.180.245
2025-12-09 00:17:23.529 66316 INFO tempest.lib.common.rest_client [req-0dacc77d-d434-42b1-97b4-8edabfbbe238 req-0dacc77d-d434-42b1-97b4-8edabfbbe238 ] Request (ServerRescueTestJSON:setUpClass): 200 PUT http://10.180.1.21/networking/v2.0/routers/e15bf4a6-f098-47a4-b9b1-846666a43bc6/add_router_interface 1.330s
2025-12-09 00:17:23.529 66316 INFO tempest.lib.common.dynamic_creds [-] Created isolated network resources for: credentials: Credentials: {'domain_id': 'default', 'domain_name': 'Default', 'username': 'tempest-ServerRescueTestJSON-2136903397-project-member', 'project_domain_id': 'default', 'project_domain_name': 'Default', 'project_id': 'e7d4bda7f70e49249d04a3c407be01e8', 'project_name': 'tempest-ServerRescueTestJSON-2136903397', 'tenant_id': 'e7d4bda7f70e49249d04a3c407be01e8', 'tenant_name': 'tempest-ServerRescueTestJSON-2136903397', 'user_domain_id': 'default', 'user_domain_name': 'Default', 'user_id': 'd29092fcc0364a5ba28ef9a47726ed47', 'system': None}, Network: {'id': '4673f3a6-eeb2-4fd7-8a35-8512d7488893', 'name': 'tempest-ServerRescueTestJSON-1459371978-network', 'tenant_id': 'e7d4bda7f70e49249d04a3c407be01e8', 'project_id': 'e7d4bda7f70e49249d04a3c407be01e8', 'admin_state_up': True, 'mtu': 8950, 'status': 'ACTIVE', 'subnets': [], 'shared': False, 'port_security_enabled': True, 'router:external': False, 'provider:network_type': 'vlan', 'provider:physical_network': 'default', 'provider:segmentation_id': 744, 'availability_zone_hints': [], 'availability_zones': [], 'ipv4_address_scope': None, 'ipv6_address_scope': None, 'description': '', 'tags': [], 'created_at': '2025-12-09T00:17:20Z', 'updated_at': '2025-12-09T00:17:20Z', 'revision_number': 1}, Subnet: {'id': 'ae805cfc-bcfa-4cd4-afaa-bb80f08fae04', 'name': 'tempest-ServerRescueTestJSON-1459371978-subnet', 'tenant_id': 'e7d4bda7f70e49249d04a3c407be01e8', 'network_id': '4673f3a6-eeb2-4fd7-8a35-8512d7488893', 'ip_version': 4, 'subnetpool_id': None, 'enable_dhcp': False, 'ipv6_ra_mode': None, 'ipv6_address_mode': None, 'gateway_ip': '192.168.128.1', 'cidr': '192.168.128.0/28', 'allocation_pools': [{'start': '192.168.128.2', 'end': '192.168.128.14'}], 'host_routes': [], 'dns_nameservers': [], 'description': '', 'router:external': False, 'service_types': [], 'tags': [], 'created_at': '2025-12-09T00:17:21Z', 'updated_at': '2025-12-09T00:17:21Z', 'revision_number': 0, 'project_id': 'e7d4bda7f70e49249d04a3c407be01e8'}, Router: {'id': 'e15bf4a6-f098-47a4-b9b1-846666a43bc6', 'name': 'tempest-ServerRescueTestJSON-1459371978-router', 'tenant_id': 'e7d4bda7f70e49249d04a3c407be01e8', 'admin_state_up': True, 'status': 'ACTIVE', 'external_gateway_info': {'network_id': '02416166-961a-464b-9426-9881b25089f4', 'external_fixed_ips': [{'subnet_id': '743a706d-fa41-48cd-ab73-58518bd53585', 'ip_address': '10.180.180.172'}], 'enable_snat': True}, 'description': '', 'availability_zones': [], 'distributed': False, 'ha': False, 'availability_zone_hints': [], 'routes': [], 'flavor_id': None, 'tags': [], 'created_at': '2025-12-09T00:17:21Z', 'updated_at': '2025-12-09T00:17:21Z', 'revision_number': 2, 'project_id': 'e7d4bda7f70e49249d04a3c407be01e8'}
2025-12-09 00:17:23.605 66322 INFO tempest.lib.common.rest_client [req-a926582d-4ecc-4dbd-bf8f-bc277c8651ea req-a926582d-4ecc-4dbd-bf8f-bc277c8651ea ] Request (ServersAdminTestJSON:test_inject_network_info): 200 GET http://10.180.1.21/compute/v2.1/servers/32df0a11-c848-4bc3-9f18-6187c59898ea 2.791s
2025-12-09 00:17:23.618 66346 INFO tempest.lib.common.rest_client [req-f46b0a61-82ab-495a-b1b1-8a14ce3f67c3 req-f46b0a61-82ab-495a-b1b1-8a14ce3f67c3 ] Request (HypervisorAdminNegativeUnderV252Test:test_search_nonexistent_hypervisor): 404 GET http://10.180.1.21/compute/v2.1/os-hypervisors/nonexistent_hypervisor_name/search 2.615s
2025-12-09 00:17:23.625 66320 INFO tempest.lib.common.rest_client [req-596f82b9-87f3-41fa-95a0-8c54064c74de req-596f82b9-87f3-41fa-95a0-8c54064c74de ] Request (ServerExternalEventsTest:tearDownClass): 200 GET http://10.180.1.21/compute/v2.1/servers/c01a2506-1644-45ae-87fe-7eade621043b 2.750s
2025-12-09 00:17:23.641 66316 INFO tempest.lib.common.rest_client [req-c5c72c21-4808-4e61-bca6-f63c13531732 req-c5c72c21-4808-4e61-bca6-f63c13531732 ] Request (ServerRescueTestJSON:setUpClass): 201 POST http://10.180.1.21/identity/v3/auth/tokens 0.106s
2025-12-09 00:17:23.681 66316 INFO tempest.lib.common.rest_client [req-5edb037a-8b1e-4763-b37e-d70eed2a6977 req-5edb037a-8b1e-4763-b37e-d70eed2a6977 ] Request (ServerRescueTestJSON:setUpClass): 201 POST http://10.180.1.21/identity/v3/auth/tokens 0.036s
2025-12-09 00:17:23.681 66316 INFO tempest.lib.common.fixed_network [-] (ServerRescueTestJSON:setUpClass) Found network {'id': '4673f3a6-eeb2-4fd7-8a35-8512d7488893', 'name': 'tempest-ServerRescueTestJSON-1459371978-network', 'tenant_id': 'e7d4bda7f70e49249d04a3c407be01e8', 'project_id': 'e7d4bda7f70e49249d04a3c407be01e8', 'admin_state_up': True, 'mtu': 8950, 'status': 'ACTIVE', 'subnets': [], 'shared': False, 'port_security_enabled': True, 'router:external': False, 'provider:network_type': 'vlan', 'provider:physical_network': 'default', 'provider:segmentation_id': 744, 'availability_zone_hints': [], 'availability_zones': [], 'ipv4_address_scope': None, 'ipv6_address_scope': None, 'description': '', 'tags': [], 'created_at': '2025-12-09T00:17:20Z', 'updated_at': '2025-12-09T00:17:20Z', 'revision_number': 1} available for tenant
2025-12-09 00:17:23.724 66350 INFO tempest.lib.common.rest_client [req-9dc8c984-1245-42e4-9f9b-ac942c43b2aa req-9dc8c984-1245-42e4-9f9b-ac942c43b2aa ] Request (ServerDiagnosticsV248Test:tearDownClass): 200 GET http://10.180.1.21/compute/v2.1/servers/8ca44454-4033-4efc-b2bb-e6527bd10caf 2.583s
2025-12-09 00:17:23.735 66304 INFO tempest.lib.common.rest_client [req-77c40a85-0083-476f-8b96-4beacdf5ff8d req-77c40a85-0083-476f-8b96-4beacdf5ff8d ] Request (ServersAdminNegativeTestJSON:tearDownClass): 200 GET http://10.180.1.21/compute/v2.1/servers/191eb68c-d485-4d74-a100-da701663e98b 2.464s
2025-12-09 00:17:23.742 66304 INFO tempest.common.waiters [-] State transition "SUSPENDED/deleting" ==> "DELETED/None" after 3 second wait
2025-12-09 00:17:23.810 66340 INFO tempest.lib.common.rest_client [req-06ffe581-b00f-4d6c-ac75-42ec984ae10c req-06ffe581-b00f-4d6c-ac75-42ec984ae10c ] Request (ListImageFiltersTestJSON:setUpClass): 200 GET http://10.180.1.21/compute/v2.1/servers/04be04a7-b943-4701-abd9-ec8af496d3b1 2.475s
2025-12-09 00:17:23.835 66328 INFO tempest.lib.common.rest_client [req-4d28a12c-3f02-4846-9a4e-fc3cde80b860 req-4d28a12c-3f02-4846-9a4e-fc3cde80b860 ] Request (ComputeTenantNetworksTest:test_list_show_tenant_networks): 200 GET http://10.180.1.21/compute/v2.1/os-tenant-networks 2.519s
2025-12-09 00:17:23.875 66308 INFO tempest.lib.common.rest_client [req-67740b4b-98ee-4852-a4c0-e962bba0f9b3 req-67740b4b-98ee-4852-a4c0-e962bba0f9b3 ] Request (ServersAdmin275Test:tearDownClass): 200 GET http://10.180.1.21/compute/v2.1/servers/e4bbbcf9-6b26-4c3f-8fde-b389b6456425 2.506s
2025-12-09 00:17:23.895 66326 INFO tempest.lib.common.rest_client [req-88d4b293-d18a-4af2-9063-434616750130 req-88d4b293-d18a-4af2-9063-434616750130 ] Request (ServerRescueNegativeTestJSON:setUpClass): 200 GET http://10.180.1.21/compute/v2.1/servers/b1a02939-a2b3-4a9c-b9d6-f46a944fff2a 2.480s
2025-12-09 00:17:23.939 66348 INFO tempest.lib.common.rest_client [req-b5887d32-1cf8-4c1e-ae31-d7e8568124b0 req-b5887d32-1cf8-4c1e-ae31-d7e8568124b0 ] Request (ServerShowV257Test:tearDownClass): 200 GET http://10.180.1.21/compute/v2.1/servers/8c0f1e4b-d1df-47bb-ada3-7b0666352510 2.411s
2025-12-09 00:17:23.955 66324 INFO tempest.lib.common.rest_client [req-9044f012-7179-41c7-9302-355b3ce7b8c6 req-9044f012-7179-41c7-9302-355b3ce7b8c6 ] Request (ServerShowV254Test:tearDownClass): 200 GET http://10.180.1.21/compute/v2.1/servers/5e4e10fc-4601-4848-b21a-d856535a0f2b 2.366s
2025-12-09 00:17:24.007 66306 INFO tempest.lib.common.rest_client [req-cd2e7130-b460-4583-9621-ccf9bbc10fd4 req-cd2e7130-b460-4583-9621-ccf9bbc10fd4 ] Request (ServerTagsTestJSON:_run_cleanups): 204 DELETE http://10.180.1.21/compute/v2.1/servers/38faebf4-e447-4281-98a9-ba64efd8533f/tags 2.363s
2025-12-09 00:17:24.013 66358 WARNING tempest.lib.common.ssh [-] Failed to establish authenticated ssh connection to cirros@10.180.180.189 ([Errno None] Unable to connect to port 22 on 10.180.180.189). Number attempts: 4. Retry after 5 seconds.: paramiko.ssh_exception.NoValidConnectionsError: [Errno None] Unable to connect to port 22 on 10.180.180.189
2025-12-09 00:17:24.052 66332 INFO tempest.lib.common.rest_client [req-4feec14a-9414-4721-aae4-b5930d2ef1db req-4feec14a-9414-4721-aae4-b5930d2ef1db ] Request (ServerDiskConfigTestJSON:test_rebuild_server_with_auto_disk_config): 200 GET http://10.180.1.21/compute/v2.1/servers/d695d950-80d1-4d56-b854-ea8e26572b06 2.442s
2025-12-09 00:17:24.077 66356 INFO tempest.lib.common.rest_client [req-d0da4ad7-050f-4ce5-957f-e673183433af req-d0da4ad7-050f-4ce5-957f-e673183433af ] Request (ImagesTestJSON:test_create_image_from_suspended_server): 200 GET http://10.180.1.21/compute/v2.1/servers/f65594b1-9a02-4bf1-a353-6a0f1fa4f0c8 2.059s
2025-12-09 00:17:24.078 66338 INFO tempest.lib.common.rest_client [req-c42ce305-1d73-4743-877a-6e60bf25ac29 req-c42ce305-1d73-4743-877a-6e60bf25ac29 ] Request (FlavorsAdminTestJSON:test_list_non_public_flavor): 200 GET http://10.180.1.21/compute/v2.1/flavors/detail 2.002s
2025-12-09 00:17:24.193 66336 INFO tempest.lib.common.rest_client [req-94ad6a72-488a-4fb3-849a-f4278b765eb8 req-94ad6a72-488a-4fb3-849a-f4278b765eb8 ] Request (SecurityGroupsTestJSON:test_security_groups_create_list_delete): 202 DELETE http://10.180.1.21/compute/v2.1/os-security-groups/d2c4895a-7615-4963-963c-ea5205598845 2.072s
2025-12-09 00:17:24.260 66314 INFO tempest.lib.common.rest_client [req-592346f9-1a8f-4349-843a-5a9bd2edf312 req-592346f9-1a8f-4349-843a-5a9bd2edf312 ] Request (VolumesAssistedSnapshotsTest:_run_cleanups): 202 DELETE http://10.180.1.21/compute/v2.1/servers/2184444b-e12b-40b2-9dfb-b0b46c22244b/os-volume_attachments/9130cf44-5044-47ba-8aa4-076cfc5d3117 1.913s
2025-12-09 00:17:24.316 66352 INFO tempest.lib.common.rest_client [req-319d268d-bd71-401f-8031-4fd7df21cb9f req-319d268d-bd71-401f-8031-4fd7df21cb9f ] Request (ServersTestManualDisk:test_list_servers): 200 GET http://10.180.1.21/compute/v2.1/servers 1.960s
2025-12-09 00:17:24.423 66342 INFO tempest.lib.common.rest_client [req-5d456172-f807-4ca0-bbb8-807b3d1613fe req-5d456172-f807-4ca0-bbb8-807b3d1613fe ] Request (AttachVolumeTestJSON:test_attach_detach_volume): 200 GET http://10.180.1.21/compute/v2.1/servers/0c8a68c5-8f5a-4aab-9143-3b50df4685fc 1.980s
2025-12-09 00:17:24.429 66342 INFO tempest.common.waiters [-] State transition "BUILD/networking" ==> "BUILD/spawning" after 33 second wait
2025-12-09 00:17:24.458 66360 INFO tempest.lib.common.rest_client [req-81ffa548-6520-4061-a7fd-740af582d2ca req-81ffa548-6520-4061-a7fd-740af582d2ca ] Request (MigrationsAdminTest:test_list_migrations_in_flavor_resize_situation): 200 GET http://10.180.1.21/compute/v2.1/servers/48f53e10-7bfe-46fc-b89b-502f7e80679e 1.824s
2025-12-09 00:17:24.486 66296 INFO tempest.lib.common.rest_client [req-d2b8064a-afdb-48a9-b8f8-a2ef2df32578 req-d2b8064a-afdb-48a9-b8f8-a2ef2df32578 ] Request (ServerShowV247Test:tearDownClass): 200 GET http://10.180.1.21/compute/v2.1/servers/b898c149-dd97-4402-93ad-d540813453ab 1.421s
2025-12-09 00:17:24.509 66344 INFO tempest.lib.common.rest_client [req-e3823c37-b6b1-436d-8739-7c54571302f9 req-e3823c37-b6b1-436d-8739-7c54571302f9 ] Request (ServerRescueTestJSONUnderV235:setUpClass): 200 GET http://10.180.1.21/compute/v2.1/servers/b7434b90-010f-4770-b0f5-95fecbf67f85 1.224s
2025-12-09 00:17:24.529 66346 INFO tempest.lib.common.rest_client [req-3c1f600d-5cc4-42a9-ba6a-82088c40db4f req-3c1f600d-5cc4-42a9-ba6a-82088c40db4f ] Request (HypervisorAdminNegativeUnderV252Test:test_show_servers_with_non_admin_user): 200 GET http://10.180.1.21/compute/v2.1/os-hypervisors 0.909s
2025-12-09 00:17:24.551 66298 INFO tempest.lib.common.rest_client [req-9677dca9-e351-4be5-8815-8731363eb0c8 req-9677dca9-e351-4be5-8815-8731363eb0c8 ] Request (TenantUsagesTestJSON:tearDownClass): 200 GET http://10.180.1.21/compute/v2.1/servers/9143f060-b0da-4259-a598-defc5752076e 1.246s
2025-12-09 00:17:24.598 66328 INFO tempest.lib.common.rest_client [req-d349efb4-0e3b-438d-8c73-4a21c6113645 req-d349efb4-0e3b-438d-8c73-4a21c6113645 ] Request (ComputeTenantNetworksTest:test_list_show_tenant_networks): 200 GET http://10.180.1.21/compute/v2.1/os-tenant-networks/4265c573-0ffc-4129-a571-672e8d1ed75b 0.761s
2025-12-09 00:17:24.683 66306 INFO tempest.lib.common.rest_client [req-17e5c2e0-d33a-4a17-b42c-2f5265a50468 req-17e5c2e0-d33a-4a17-b42c-2f5265a50468 ] Request (ServerTagsTestJSON:tearDownClass): 204 DELETE http://10.180.1.21/compute/v2.1/servers/38faebf4-e447-4281-98a9-ba64efd8533f 0.674s
2025-12-09 00:17:24.710 66338 INFO tempest.lib.common.rest_client [req-9e200c97-2193-4875-980b-c23ad26b45b2 req-9e200c97-2193-4875-980b-c23ad26b45b2 ] Request (FlavorsAdminTestJSON:test_list_non_public_flavor): 200 GET http://10.180.1.21/compute/v2.1/flavors/detail 0.626s
2025-12-09 00:17:24.755 66328 INFO tempest.lib.common.rest_client [req-7aab561e-e449-4396-8f42-5a0084291ceb req-7aab561e-e449-4396-8f42-5a0084291ceb ] Request (ComputeTenantNetworksTest:tearDownClass): 204 DELETE http://10.180.1.21/networking/v2.0/networks/4265c573-0ffc-4129-a571-672e8d1ed75b 0.155s
2025-12-09 00:17:24.769 66336 INFO tempest.lib.common.rest_client [req-420b6d97-4446-49e1-be4e-c3ce25550bfb req-420b6d97-4446-49e1-be4e-c3ce25550bfb ] Request (SecurityGroupsTestJSON:test_security_groups_create_list_delete): 404 GET http://10.180.1.21/compute/v2.1/os-security-groups/d2c4895a-7615-4963-963c-ea5205598845 0.576s
2025-12-09 00:17:24.817 66314 INFO tempest.lib.common.rest_client [req-74830c46-b981-467d-b2bc-06f1d589ff17 req-74830c46-b981-467d-b2bc-06f1d589ff17 ] Request (VolumesAssistedSnapshotsTest:_run_cleanups): 200 GET http://10.180.1.21/compute/v2.1/servers/2184444b-e12b-40b2-9dfb-b0b46c22244b/os-volume_attachments 0.556s
2025-12-09 00:17:24.857 66328 INFO tempest.lib.common.rest_client [req-ff059717-e43b-4393-b84b-b0a05ab01a88 req-ff059717-e43b-4393-b84b-b0a05ab01a88 ] Request (ComputeTenantNetworksTest:tearDownClass): 204 DELETE http://10.180.1.21/identity/v3/users/d6b1d1a34f5c4534b20341c107ad741e 0.102s
2025-12-09 00:17:24.858 66328 INFO tempest.lib.common.dynamic_creds [-] Deleting project and security group for project: 924bf1db442549ba9e7e92e1979663c9
2025-12-09 00:17:24.896 66328 INFO tempest.lib.common.rest_client [req-9447889e-519c-4650-a435-f2f1d8b03424 req-9447889e-519c-4650-a435-f2f1d8b03424 ] Request (ComputeTenantNetworksTest:tearDownClass): 200 GET http://10.180.1.21/networking/v2.0/security-groups?tenant_id=924bf1db442549ba9e7e92e1979663c9&name=default 0.038s
2025-12-09 00:17:24.973 66318 WARNING tempest.lib.common.ssh [-] Failed to establish authenticated ssh connection to cirros@10.180.180.161 ([Errno None] Unable to connect to port 22 on 10.180.180.161). Number attempts: 7. Retry after 8 seconds.: paramiko.ssh_exception.NoValidConnectionsError: [Errno None] Unable to connect to port 22 on 10.180.180.161
2025-12-09 00:17:25.041 66328 INFO tempest.lib.common.rest_client [req-0faf5211-d5fd-4b4b-b03a-6c955cf94586 req-0faf5211-d5fd-4b4b-b03a-6c955cf94586 ] Request (ComputeTenantNetworksTest:tearDownClass): 204 DELETE http://10.180.1.21/networking/v2.0/security-groups/3319008f-63c5-4668-abd7-3045f6ff2e15 0.144s
2025-12-09 00:17:25.131 66316 INFO tempest.lib.common.rest_client [req-986abbe8-d9f4-4882-b479-b8baffe81358 req-986abbe8-d9f4-4882-b479-b8baffe81358 ] Request (ServerRescueTestJSON:setUpClass): 202 POST http://10.180.1.21/compute/v2.1/servers 1.449s
2025-12-09 00:17:25.138 66346 INFO tempest.lib.common.rest_client [req-9fa86983-a112-4d7c-8de6-42638d9fb855 req-9fa86983-a112-4d7c-8de6-42638d9fb855 ] Request (HypervisorAdminNegativeUnderV252Test:test_show_servers_with_non_admin_user): 403 GET http://10.180.1.21/compute/v2.1/os-hypervisors/1/servers 0.607s
