2025-12-09 00:19:04.592 66338 INFO tempest.lib.common.rest_client [req-d1bae9dd-68c2-4cdf-9271-4e42e62a46b0 req-d1bae9dd-68c2-4cdf-9271-4e42e62a46b0 ] Request (InstanceActionsV221TestJSON:test_get_list_deleted_instance_actions): 200 GET http://10.180.1.21/compute/v2.1/servers/8dbd0f12-4351-4425-89ec-4340132c2f6b 0.082s
2025-12-09 00:19:04.627 66346 INFO tempest.lib.common.rest_client [req-97a75677-b607-459c-8a70-eb95a0add8da req-97a75677-b607-459c-8a70-eb95a0add8da ] Request (InstanceActionsNegativeTestJSON:tearDownClass): 200 GET http://10.180.1.21/compute/v2.1/servers/09b0d235-c65f-4fc8-a229-537db1eb7a76 0.105s
2025-12-09 00:19:04.688 66340 INFO tempest.lib.common.rest_client [req-9b41b722-643c-4ec6-bf4c-bf3d8a5e8e63 req-9b41b722-643c-4ec6-bf4c-bf3d8a5e8e63 ] Request (ListImageFiltersTestJSON:tearDownClass): 200 GET http://10.180.1.21/compute/v2.1/servers/04be04a7-b943-4701-abd9-ec8af496d3b1 0.093s
2025-12-09 00:19:04.694 66320 INFO tempest.lib.common.rest_client [req-e0dda997-7320-4855-a578-29ecb4831385 req-e0dda997-7320-4855-a578-29ecb4831385 ] Request (ListServersNegativeTestJSON:setUpClass): 200 GET http://10.180.1.21/compute/v2.1/servers/13978f46-bc24-45fa-9376-75e81ae0eca9 0.093s
2025-12-09 00:19:04.717 66342 INFO paramiko.transport [-] Connected (version 2.0, client dropbear_2020.81)
2025-12-09 00:19:04.719 66298 INFO tempest.lib.common.rest_client [req-17b6a026-7536-4aea-93f3-944cfd282509 req-17b6a026-7536-4aea-93f3-944cfd282509 ] Request (ImagesNegativeTestJSON:test_create_image_from_deleted_server): 404 GET http://10.180.1.21/compute/v2.1/servers/8ba26b00-fee2-4119-b0da-b39c0d93d18b 0.050s
2025-12-09 00:19:04.771 66336 INFO tempest.lib.common.rest_client [req-3a7bcdae-8127-4421-bdcb-0c7c366a6d94 req-3a7bcdae-8127-4421-bdcb-0c7c366a6d94 ] Request (SecurityGroupsTestJSON:test_server_security_groups): 200 GET http://10.180.1.21/compute/v2.1/servers/e4422259-8de2-45d8-9c12-644fb65a8473 0.097s
2025-12-09 00:19:04.786 66342 INFO paramiko.transport [-] Authentication (publickey) successful!
2025-12-09 00:19:04.786 66342 INFO tempest.lib.common.ssh [-] ssh connection to cirros@10.180.180.227 successfully created
2025-12-09 00:19:04.789 66306 INFO tempest.lib.common.rest_client [req-22651fbe-54ee-45bb-ae9e-63a9e595307f req-22651fbe-54ee-45bb-ae9e-63a9e595307f ] Request (ServersNegativeTestJSON:setUpClass): 200 GET http://10.180.1.21/compute/v2.1/servers/2e9a8604-a8bd-4444-9a50-057d5d0cf428 0.077s
2025-12-09 00:19:04.795 66298 INFO tempest.lib.common.rest_client [req-16022c6d-26ff-4e95-ba9e-2ee47c4c1a83 req-16022c6d-26ff-4e95-ba9e-2ee47c4c1a83 ] Request (ImagesNegativeTestJSON:test_create_image_from_deleted_server): 404 POST http://10.180.1.21/compute/v2.1/servers/8ba26b00-fee2-4119-b0da-b39c0d93d18b/action 0.074s
2025-12-09 00:19:04.798 66306 INFO tempest.common.waiters [-] State transition "BUILD/scheduling" ==> "BUILD/None" after 1 second wait
2025-12-09 00:19:04.804 66298 INFO tempest.lib.common.rest_client [req-39fe2786-b576-4e54-892a-e83c4f929fe1 req-39fe2786-b576-4e54-892a-e83c4f929fe1 ] Request (ImagesNegativeTestJSON:test_create_image_from_invalid_server): 404 POST http://10.180.1.21/compute/v2.1/servers/tempest-invalid-1678457173/action 0.008s
2025-12-09 00:19:04.816 66298 INFO tempest.lib.common.rest_client [req-0c5efaee-5c72-452f-ae8f-b386d89b01ae req-0c5efaee-5c72-452f-ae8f-b386d89b01ae ] Request (ImagesNegativeTestJSON:test_create_image_specify_uuid_35_characters_or_less): 404 POST http://10.180.1.21/compute/v2.1/servers/aaaaaaaaaaaaaaaaaaaaaaaaaaaaaaaaaaa/action 0.010s
2025-12-09 00:19:04.825 66298 INFO tempest.lib.common.rest_client [req-0206b80f-474d-4faf-a555-a8f4a580260f req-0206b80f-474d-4faf-a555-a8f4a580260f ] Request (ImagesNegativeTestJSON:test_create_image_specify_uuid_37_characters_or_more): 404 POST http://10.180.1.21/compute/v2.1/servers/aaaaaaaaaaaaaaaaaaaaaaaaaaaaaaaaaaaaa/action 0.008s
2025-12-09 00:19:04.829 66342 INFO tempest.lib.common.rest_client [req-08e0be86-82a7-4424-a125-dc4d04354d5d req-08e0be86-82a7-4424-a125-dc4d04354d5d ] Request (AttachVolumeTestJSON:test_attach_detach_volume): 200 GET http://10.180.1.21/compute/v2.1/servers/0c8a68c5-8f5a-4aab-9143-3b50df4685fc/ips 0.042s
2025-12-09 00:19:04.831 66342 INFO tempest.lib.common.ssh [-] Creating ssh connection to '10.180.180.227:22' as 'cirros' with public key authentication
2025-12-09 00:19:04.835 66342 INFO paramiko.transport [-] Connected (version 2.0, client dropbear_2020.81)
2025-12-09 00:19:04.853 66298 INFO tempest.lib.common.rest_client [req-10fd1359-2187-4f42-81d4-0d3ee05e20b1 req-10fd1359-2187-4f42-81d4-0d3ee05e20b1 ] Request (ImagesNegativeTestJSON:tearDownClass): 404 DELETE http://10.180.1.21/compute/v2.1/servers/8ba26b00-fee2-4119-b0da-b39c0d93d18b 0.026s
2025-12-09 00:19:04.880 66298 INFO tempest.lib.common.rest_client [req-b6d48fe5-28ef-419c-aa11-9d854561dc0c req-b6d48fe5-28ef-419c-aa11-9d854561dc0c ] Request (ImagesNegativeTestJSON:tearDownClass): 404 GET http://10.180.1.21/compute/v2.1/servers/8ba26b00-fee2-4119-b0da-b39c0d93d18b 0.026s
2025-12-09 00:19:04.935 66342 INFO paramiko.transport [-] Authentication (publickey) successful!
2025-12-09 00:19:04.935 66342 INFO tempest.lib.common.ssh [-] ssh connection to cirros@10.180.180.227 successfully created
2025-12-09 00:19:04.936 66342 INFO tempest.lib.common.ssh [-] Creating ssh connection to '10.180.180.227:22' as 'cirros' with public key authentication
2025-12-09 00:19:04.939 66342 INFO paramiko.transport [-] Connected (version 2.0, client dropbear_2020.81)
2025-12-09 00:19:04.996 66342 INFO paramiko.transport [-] Authentication (publickey) successful!
2025-12-09 00:19:04.996 66342 INFO tempest.lib.common.ssh [-] ssh connection to cirros@10.180.180.227 successfully created
2025-12-09 00:19:05.109 66300 INFO tempest.lib.common.rest_client [req-6faee3d2-b8ec-4f65-9395-10bbb5dd0025 req-6faee3d2-b8ec-4f65-9395-10bbb5dd0025 ] Request (ServersTestJSON:tearDownClass): 200 GET http://10.180.1.21/compute/v2.1/servers/75a343cf-aa9b-49e3-a14d-b5492995e57b 0.073s
2025-12-09 00:19:05.150 66352 INFO tempest.lib.common.rest_client [req-a7604416-a424-4e70-b511-a4b9c029148b req-a7604416-a424-4e70-b511-a4b9c029148b ] Request (ServerActionsTestOtherA:setUpClass): 200 GET http://10.180.1.21/compute/v2.1/servers/44be96ee-4462-4fc4-99a5-aa38395a5a60 0.140s
2025-12-09 00:19:05.170 66342 INFO tempest.lib.common.rest_client [req-3e7ace7a-8e33-42b9-9907-191935420929 req-3e7ace7a-8e33-42b9-9907-191935420929 ] Request (AttachVolumeTestJSON:test_attach_detach_volume): 202 POST http://10.180.1.21/volume/v3/volumes 0.165s
2025-12-09 00:19:05.187 66322 INFO tempest.lib.common.rest_client [req-8e5a20e2-6a70-40cd-86c7-e4e22f2cb3b0 req-8e5a20e2-6a70-40cd-86c7-e4e22f2cb3b0 ] Request (ServersAdminTestJSON:tearDownClass): 200 GET http://10.180.1.21/compute/v2.1/servers/32df0a11-c848-4bc3-9f18-6187c59898ea 0.109s
2025-12-09 00:19:05.196 66326 WARNING tempest.lib.common.ssh [-] Failed to establish authenticated ssh connection to cirros@10.180.180.218 ([Errno None] Unable to connect to port 22 on 10.180.180.218). Number attempts: 2. Retry after 3 seconds.: paramiko.ssh_exception.NoValidConnectionsError: [Errno None] Unable to connect to port 22 on 10.180.180.218
2025-12-09 00:19:05.204 66360 INFO tempest.lib.common.rest_client [req-6a316b23-5909-44a4-8daa-20f3960be883 req-6a316b23-5909-44a4-8daa-20f3960be883 ] Request (MigrationsAdminTest:test_resize_server_revert_deleted_flavor): 200 GET http://10.180.1.21/compute/v2.1/servers/43991b0c-99c1-4192-8700-f26bae2cdb35 0.108s
2025-12-09 00:19:05.207 66342 INFO tempest.lib.common.rest_client [req-fdce8205-dcb0-4dcb-981f-3f0b179b6ca1 req-fdce8205-dcb0-4dcb-981f-3f0b179b6ca1 ] Request (AttachVolumeTestJSON:test_attach_detach_volume): 200 GET http://10.180.1.21/volume/v3/volumes/ef284827-e786-4f98-a61e-2ce5aecf5272 0.030s
2025-12-09 00:19:05.245 66332 INFO tempest.lib.common.rest_client [req-cf271ee2-a824-454d-844b-f82f7313fb87 req-cf271ee2-a824-454d-844b-f82f7313fb87 ] Request (ServerDiskConfigTestJSON:test_resize_server_from_auto_to_manual): 200 GET http://10.180.1.21/compute/v2.1/servers/67dbfd52-4550-4eb9-a027-a36bd9612c18 0.069s
2025-12-09 00:19:05.289 66314 INFO tempest.lib.common.rest_client [req-a6ee774d-1cc2-4529-8c15-e27a9e119a4f req-a6ee774d-1cc2-4529-8c15-e27a9e119a4f ] Request (ServerDiagnosticsTest:test_get_server_diagnostics): 200 GET http://10.180.1.21/compute/v2.1/servers/bbd4c856-b85d-4b10-bcbd-be74e0688022 0.052s
2025-12-09 00:19:05.384 66344 INFO tempest.lib.common.rest_client [req-32c753d7-5fbd-41f3-9e0a-6095d3a17367 req-32c753d7-5fbd-41f3-9e0a-6095d3a17367 ] Request (ServersListShow2100Test:test_list_show_rebuild_update_server_2100): 200 GET http://10.180.1.21/compute/v2.1/servers/b9e9ff24-b211-4669-815d-acae5793c021 0.071s
2025-12-09 00:19:05.448 66304 INFO tempest.lib.common.rest_client [req-0ebe44f5-645c-4505-a54b-b54a222530db req-0ebe44f5-645c-4505-a54b-b54a222530db ] Request (ServersV294TestFqdnHostnames:setUpClass): 200 GET http://10.180.1.21/compute/v2.1/servers/ebaf7508-c857-4e45-86db-56c6c59b0931 0.058s
2025-12-09 00:19:05.515 66350 INFO tempest.lib.common.rest_client [req-4234e4ea-d0a7-49ff-838d-0100f8b23fa9 req-4234e4ea-d0a7-49ff-838d-0100f8b23fa9 ] Request (VolumesAdminNegativeTest:tearDownClass): 404 GET http://10.180.1.21/volume/v3/volumes/c81279f0-6920-40df-a6a6-0fde971a9289 0.016s
2025-12-09 00:19:05.516 66318 INFO tempest.lib.common.rest_client [req-afa08572-cc43-4537-ba4a-8dff05099c6f req-afa08572-cc43-4537-ba4a-8dff05099c6f ] Request (AttachInterfacesUnderV243Test:test_add_remove_fixed_ip): 200 GET http://10.180.1.21/compute/v2.1/servers/fa0f45fe-0f46-4ed4-a399-36e438fa81c6/ips 0.031s
2025-12-09 00:19:05.549 66316 INFO tempest.lib.common.rest_client [req-6ebbb498-f1a2-42c7-a781-d64d1c08a3f3 req-6ebbb498-f1a2-42c7-a781-d64d1c08a3f3 ] Request (ServerRescueTestJSON:test_rescue_unrescue_instance): 200 GET http://10.180.1.21/compute/v2.1/servers/b3edf617-aadb-4c11-a43b-6f9f701b2927 0.106s
2025-12-09 00:19:05.593 66350 INFO tempest.lib.common.rest_client [req-153b212a-ac1c-47cc-8518-37c85ea050ff req-153b212a-ac1c-47cc-8518-37c85ea050ff ] Request (VolumesAdminNegativeTest:tearDownClass): 204 DELETE http://10.180.1.21/compute/v2.1/servers/14a8e924-1d20-4bba-b3a2-58a4f8abe4b6 0.077s
2025-12-09 00:19:05.630 66298 INFO tempest.lib.common.rest_client [req-ab93b6e2-7755-4465-a195-540c71562dba req-ab93b6e2-7755-4465-a195-540c71562dba ] Request (ImagesNegativeTestJSON:tearDownClass): 200 PUT http://10.180.1.21/networking/v2.0/routers/27701f2f-ce9a-4b34-95b5-ec9e12368f15/remove_router_interface 0.749s
2025-12-09 00:19:06.152 66298 INFO tempest.lib.common.rest_client [req-a0fef664-7f1b-409a-90f6-3f12cea9c6fd req-a0fef664-7f1b-409a-90f6-3f12cea9c6fd ] Request (ImagesNegativeTestJSON:tearDownClass): 204 DELETE http://10.180.1.21/networking/v2.0/routers/27701f2f-ce9a-4b34-95b5-ec9e12368f15 0.521s
2025-12-09 00:19:06.210 66350 INFO tempest.lib.common.rest_client [req-9ea51af2-0803-42a6-abd1-25db78be6d7d req-9ea51af2-0803-42a6-abd1-25db78be6d7d ] Request (VolumesAdminNegativeTest:tearDownClass): 200 GET http://10.180.1.21/compute/v2.1/servers/14a8e924-1d20-4bba-b3a2-58a4f8abe4b6 0.617s
2025-12-09 00:19:06.250 66342 INFO tempest.lib.common.rest_client [req-fae9699e-706b-498f-97b2-4cded06c68e8 req-fae9699e-706b-498f-97b2-4cded06c68e8 ] Request (AttachVolumeTestJSON:test_attach_detach_volume): 200 GET http://10.180.1.21/volume/v3/volumes/ef284827-e786-4f98-a61e-2ce5aecf5272 0.036s
2025-12-09 00:19:06.261 66342 INFO tempest.common.waiters [-] volume ef284827-e786-4f98-a61e-2ce5aecf5272 reached available after waiting for 1.261693 seconds
2025-12-09 00:19:06.422 66298 INFO tempest.lib.common.rest_client [req-bb68353a-9a8e-462c-9acd-def4f9fdbd4a req-bb68353a-9a8e-462c-9acd-def4f9fdbd4a ] Request (ImagesNegativeTestJSON:tearDownClass): 204 DELETE http://10.180.1.21/networking/v2.0/subnets/ddf421bb-0182-442f-85ed-36ac9c92e877 0.269s
2025-12-09 00:19:06.437 66356 INFO tempest.lib.common.rest_client [req-bb42f3c8-bcd9-4604-9651-19aeceea1a86 req-bb42f3c8-bcd9-4604-9651-19aeceea1a86 ] Request (ImagesTestJSON:test_create_server_from_snapshot): 200 GET http://10.180.1.21/compute/v2.1/servers/8a57849a-699d-43b2-b6ef-e97e741273cf 0.891s
2025-12-09 00:19:06.460 66338 INFO tempest.lib.common.rest_client [req-4e973953-65d2-474d-8358-4391c1e1e991 req-4e973953-65d2-474d-8358-4391c1e1e991 ] Request (InstanceActionsV221TestJSON:test_get_list_deleted_instance_actions): 200 GET http://10.180.1.21/compute/v2.1/servers/8dbd0f12-4351-4425-89ec-4340132c2f6b 0.854s
2025-12-09 00:19:06.468 66346 INFO tempest.lib.common.rest_client [req-a789caae-fdcd-425d-9509-bfc9a367f45a req-a789caae-fdcd-425d-9509-bfc9a367f45a ] Request (InstanceActionsNegativeTestJSON:tearDownClass): 404 GET http://10.180.1.21/compute/v2.1/servers/09b0d235-c65f-4fc8-a229-537db1eb7a76 0.828s
2025-12-09 00:19:06.682 66298 INFO tempest.lib.common.rest_client [req-7cb81f7d-45a9-4519-a265-ec0ee4bde393 req-7cb81f7d-45a9-4519-a265-ec0ee4bde393 ] Request (ImagesNegativeTestJSON:tearDownClass): 204 DELETE http://10.180.1.21/networking/v2.0/networks/51507cbd-19d9-45a3-83e9-c921e74e62d7 0.260s
2025-12-09 00:19:06.708 66340 INFO tempest.lib.common.rest_client [req-7a765c7a-6442-49e6-956e-8cdbcae5b5bb req-7a765c7a-6442-49e6-956e-8cdbcae5b5bb ] Request (ListImageFiltersTestJSON:tearDownClass): 200 GET http://10.180.1.21/compute/v2.1/servers/04be04a7-b943-4701-abd9-ec8af496d3b1 1.007s
2025-12-09 00:19:06.761 66320 INFO tempest.lib.common.rest_client [req-81cc42db-092e-46f4-8123-001fa4a85899 req-81cc42db-092e-46f4-8123-001fa4a85899 ] Request (ListServersNegativeTestJSON:setUpClass): 200 GET http://10.180.1.21/compute/v2.1/servers/13978f46-bc24-45fa-9376-75e81ae0eca9 1.055s
2025-12-09 00:19:06.787 66298 INFO tempest.lib.common.rest_client [req-a762f6aa-a322-45b0-a165-20c5af2152bf req-a762f6aa-a322-45b0-a165-20c5af2152bf ] Request (ImagesNegativeTestJSON:tearDownClass): 204 DELETE http://10.180.1.21/identity/v3/users/a4afdbe433ba4f7db1e5687c5db2849e 0.104s
2025-12-09 00:19:06.787 66298 INFO tempest.lib.common.dynamic_creds [-] Deleting project and security group for project: 6d451b74ebbd4ce693435f90b5c30c34
2025-12-09 00:19:06.841 66336 INFO tempest.lib.common.rest_client [req-57dfc3cd-8dd3-440a-a54d-6e52ad543003 req-57dfc3cd-8dd3-440a-a54d-6e52ad543003 ] Request (SecurityGroupsTestJSON:test_server_security_groups): 200 GET http://10.180.1.21/compute/v2.1/servers/e4422259-8de2-45d8-9c12-644fb65a8473 1.062s
2025-12-09 00:19:06.856 66298 INFO tempest.lib.common.rest_client [req-22f2306b-636f-4a60-ac08-823d3491e8c0 req-22f2306b-636f-4a60-ac08-823d3491e8c0 ] Request (ImagesNegativeTestJSON:tearDownClass): 200 GET http://10.180.1.21/networking/v2.0/security-groups?tenant_id=6d451b74ebbd4ce693435f90b5c30c34&name=default 0.069s
2025-12-09 00:19:06.884 66306 INFO tempest.lib.common.rest_client [req-dc89595e-e813-4c02-a57f-54c941865c57 req-dc89595e-e813-4c02-a57f-54c941865c57 ] Request (ServersNegativeTestJSON:setUpClass): 200 GET http://10.180.1.21/compute/v2.1/servers/2e9a8604-a8bd-4444-9a50-057d5d0cf428 1.085s
2025-12-09 00:19:06.981 66298 INFO tempest.lib.common.rest_client [req-891b3030-d9e4-4654-9d64-537fa219ba61 req-891b3030-d9e4-4654-9d64-537fa219ba61 ] Request (ImagesNegativeTestJSON:tearDownClass): 204 DELETE http://10.180.1.21/networking/v2.0/security-groups/2b34f14e-85e3-4dba-b521-8fe20a3253e5 0.124s
2025-12-09 00:19:07.036 66300 INFO tempest.lib.common.rest_client [req-4f85de56-3ccf-4542-a505-a7d051eeb670 req-4f85de56-3ccf-4542-a505-a7d051eeb670 ] Request (ServersTestJSON:tearDownClass): 200 GET http://10.180.1.21/compute/v2.1/servers/75a343cf-aa9b-49e3-a14d-b5492995e57b 0.920s
2025-12-09 00:19:07.078 66298 INFO tempest.lib.common.rest_client [req-e09c4f49-4a19-4652-b23c-79530d0cea03 req-e09c4f49-4a19-4652-b23c-79530d0cea03 ] Request (ImagesNegativeTestJSON:tearDownClass): 204 DELETE http://10.180.1.21/identity/v3/projects/6d451b74ebbd4ce693435f90b5c30c34 0.096s
2025-12-09 00:19:07.171 66298 INFO tempest.lib.common.rest_client [req-7340177b-1a24-42eb-bb58-79eca4d228cb req-7340177b-1a24-42eb-bb58-79eca4d228cb ] Request (ServerMetadataTestJSON:setUpClass): 201 POST http://10.180.1.21/identity/v3/auth/tokens 0.089s
2025-12-09 00:19:07.202 66322 INFO tempest.lib.common.rest_client [req-7fa9d794-306d-4730-b3ca-921aa8105de3 req-7fa9d794-306d-4730-b3ca-921aa8105de3 ] Request (ServersAdminTestJSON:tearDownClass): 200 GET http://10.180.1.21/compute/v2.1/servers/32df0a11-c848-4bc3-9f18-6187c59898ea 1.007s
2025-12-09 00:19:07.218 66298 INFO tempest.lib.common.rest_client [req-e5060a2f-893e-4f72-84ef-4eeef3062326 req-e5060a2f-893e-4f72-84ef-4eeef3062326 ] Request (ServerMetadataTestJSON:setUpClass): 201 POST http://10.180.1.21/identity/v3/auth/tokens 0.043s
2025-12-09 00:19:07.241 66352 INFO tempest.lib.common.rest_client [req-c8f75a4d-5646-4e55-9451-6b571f06e927 req-c8f75a4d-5646-4e55-9451-6b571f06e927 ] Request (ServerActionsTestOtherA:setUpClass): 200 GET http://10.180.1.21/compute/v2.1/servers/44be96ee-4462-4fc4-99a5-aa38395a5a60 1.083s
2025-12-09 00:19:07.278 66298 INFO tempest.lib.common.rest_client [req-33fc1230-8a47-41e6-9f64-cfbff1da4079 req-33fc1230-8a47-41e6-9f64-cfbff1da4079 ] Request (ServerMetadataTestJSON:setUpClass): 200 GET http://10.180.1.21/identity/v3/domains?name=Default 0.059s
2025-12-09 00:19:07.315 66360 INFO tempest.lib.common.rest_client [req-db8e4a8b-bdea-436b-97ce-f1b259df7549 req-db8e4a8b-bdea-436b-97ce-f1b259df7549 ] Request (MigrationsAdminTest:test_resize_server_revert_deleted_flavor): 200 GET http://10.180.1.21/compute/v2.1/servers/43991b0c-99c1-4192-8700-f26bae2cdb35 1.102s
2025-12-09 00:19:07.325 66298 INFO tempest.lib.common.rest_client [req-08f6e378-04e0-40f6-bec7-218d7d900276 req-08f6e378-04e0-40f6-bec7-218d7d900276 ] Request (ServerMetadataTestJSON:setUpClass): 201 POST http://10.180.1.21/identity/v3/projects 0.047s
2025-12-09 00:19:07.332 66332 INFO tempest.lib.common.rest_client [req-02906057-f6cc-41e5-895a-bad6ecfe711e req-02906057-f6cc-41e5-895a-bad6ecfe711e ] Request (ServerDiskConfigTestJSON:test_resize_server_from_auto_to_manual): 200 GET http://10.180.1.21/compute/v2.1/servers/67dbfd52-4550-4eb9-a027-a36bd9612c18 1.079s
2025-12-09 00:19:07.369 66346 INFO tempest.lib.common.rest_client [req-d7006a4a-28b2-4cfc-9e29-bdcead230dcd req-d7006a4a-28b2-4cfc-9e29-bdcead230dcd ] Request (InstanceActionsNegativeTestJSON:tearDownClass): 200 PUT http://10.180.1.21/networking/v2.0/routers/4f58b54f-ab6b-4639-811c-da33fac75b8d/remove_router_interface 0.901s
2025-12-09 00:19:07.415 66314 INFO tempest.lib.common.rest_client [req-2f22ef47-da6d-4b50-88d7-69d0b6c03d03 req-2f22ef47-da6d-4b50-88d7-69d0b6c03d03 ] Request (ServerDiagnosticsTest:test_get_server_diagnostics): 200 GET http://10.180.1.21/compute/v2.1/servers/bbd4c856-b85d-4b10-bcbd-be74e0688022 1.118s
2025-12-09 00:19:07.438 66298 INFO tempest.lib.common.rest_client [req-1b556251-276b-477f-8ab0-9d43133d74ec req-1b556251-276b-477f-8ab0-9d43133d74ec ] Request (ServerMetadataTestJSON:setUpClass): 201 POST http://10.180.1.21/identity/v3/users 0.112s
2025-12-09 00:19:07.463 66298 INFO tempest.lib.common.rest_client [req-caca2e7d-9561-48b8-9d1b-3a36b155dda7 req-caca2e7d-9561-48b8-9d1b-3a36b155dda7 ] Request (ServerMetadataTestJSON:setUpClass): 200 GET http://10.180.1.21/identity/v3/roles 0.025s
2025-12-09 00:19:07.487 66344 INFO tempest.lib.common.rest_client [req-9d924a91-4672-40b5-9f33-1d7d2266cbc9 req-9d924a91-4672-40b5-9f33-1d7d2266cbc9 ] Request (ServersListShow2100Test:test_list_show_rebuild_update_server_2100): 200 GET http://10.180.1.21/compute/v2.1/servers/b9e9ff24-b211-4669-815d-acae5793c021 1.088s
2025-12-09 00:19:07.499 66298 INFO tempest.lib.common.rest_client [req-6d949599-3ae3-47a3-a3d3-eceb6fd8804c req-6d949599-3ae3-47a3-a3d3-eceb6fd8804c ] Request (ServerMetadataTestJSON:setUpClass): 204 PUT http://10.180.1.21/identity/v3/projects/90ef5629810c4b79b006d3618d4e25bf/users/c8dd4065471f47e3ad98b5992cc7b574/roles/96556349ae644dbf84322051a96e7d8c 0.035s
2025-12-09 00:19:07.499 66298 INFO tempest.lib.common.dynamic_creds [-] Dynamic test user c8dd4065471f47e3ad98b5992cc7b574 is created with scope project and roles: ['member']
2025-12-09 00:19:07.500 66298 INFO tempest.lib.common.dynamic_creds [-] Acquired dynamic creds: credentials: Credentials: {'domain_id': 'default', 'domain_name': 'Default', 'username': 'tempest-ServerMetadataTestJSON-1092565863-project-member', 'project_domain_id': 'default', 'project_domain_name': 'Default', 'project_id': '90ef5629810c4b79b006d3618d4e25bf', 'project_name': 'tempest-ServerMetadataTestJSON-1092565863', 'tenant_id': '90ef5629810c4b79b006d3618d4e25bf', 'tenant_name': 'tempest-ServerMetadataTestJSON-1092565863', 'user_domain_id': 'default', 'user_domain_name': 'Default', 'user_id': 'c8dd4065471f47e3ad98b5992cc7b574', 'system': None}, Network: None, Subnet: None, Router: None
2025-12-09 00:19:07.558 66298 INFO tempest.lib.common.rest_client [req-6dd0e9bc-ebbb-4de0-91a7-4900e6b8f51f req-6dd0e9bc-ebbb-4de0-91a7-4900e6b8f51f ] Request (ServerMetadataTestJSON:setUpClass): 201 POST http://10.180.1.21/identity/v3/auth/tokens 0.058s
2025-12-09 00:19:07.574 66304 INFO tempest.lib.common.rest_client [req-f33906f2-33c1-4e16-9139-c02c1f1f15db req-f33906f2-33c1-4e16-9139-c02c1f1f15db ] Request (ServersV294TestFqdnHostnames:setUpClass): 200 GET http://10.180.1.21/compute/v2.1/servers/ebaf7508-c857-4e45-86db-56c6c59b0931 1.112s
2025-12-09 00:19:07.601 66318 INFO tempest.lib.common.rest_client [req-1d7348ca-03ad-4fc0-9553-4dd1740a0da7 req-1d7348ca-03ad-4fc0-9553-4dd1740a0da7 ] Request (AttachInterfacesUnderV243Test:test_add_remove_fixed_ip): 200 GET http://10.180.1.21/compute/v2.1/servers/fa0f45fe-0f46-4ed4-a399-36e438fa81c6/ips 1.082s
2025-12-09 00:19:07.801 66346 INFO tempest.lib.common.rest_client [req-e94eb5af-15e8-409b-8eef-48661218a8b9 req-e94eb5af-15e8-409b-8eef-48661218a8b9 ] Request (InstanceActionsNegativeTestJSON:tearDownClass): 204 DELETE http://10.180.1.21/networking/v2.0/routers/4f58b54f-ab6b-4639-811c-da33fac75b8d 0.431s
2025-12-09 00:19:07.814 66298 INFO tempest.lib.common.rest_client [req-3caf6c78-5f83-4776-b0e5-5f8737629e51 req-3caf6c78-5f83-4776-b0e5-5f8737629e51 ] Request (ServerMetadataTestJSON:setUpClass): 201 POST http://10.180.1.21/networking/v2.0/networks 0.256s
2025-12-09 00:19:07.826 66316 INFO tempest.lib.common.rest_client [req-47587d5f-9006-4050-a279-df2e6114a7a2 req-47587d5f-9006-4050-a279-df2e6114a7a2 ] Request (ServerRescueTestJSON:test_rescue_unrescue_instance): 200 GET http://10.180.1.21/compute/v2.1/servers/b3edf617-aadb-4c11-a43b-6f9f701b2927 1.266s
2025-12-09 00:19:07.941 66346 INFO tempest.lib.common.rest_client [req-dbdb5a03-8510-4b22-8b04-f85d93d401c2 req-dbdb5a03-8510-4b22-8b04-f85d93d401c2 ] Request (InstanceActionsNegativeTestJSON:tearDownClass): 204 DELETE http://10.180.1.21/networking/v2.0/subnets/71330f58-481d-4a27-b755-bfec805a03d3 0.139s
2025-12-09 00:19:08.068 66298 INFO tempest.lib.common.rest_client [req-76a8a1d0-b4c3-42d2-9562-d46661f27f27 req-76a8a1d0-b4c3-42d2-9562-d46661f27f27 ] Request (ServerMetadataTestJSON:setUpClass): 201 POST http://10.180.1.21/networking/v2.0/subnets 0.253s
2025-12-09 00:19:08.233 66350 INFO tempest.lib.common.rest_client [req-6bc8bb82-8034-4af8-beea-4941437e1996 req-6bc8bb82-8034-4af8-beea-4941437e1996 ] Request (VolumesAdminNegativeTest:tearDownClass): 200 GET http://10.180.1.21/compute/v2.1/servers/14a8e924-1d20-4bba-b3a2-58a4f8abe4b6 1.008s
2025-12-09 00:19:08.318 66346 INFO tempest.lib.common.rest_client [req-96b0f083-2c69-40b9-9fa4-cf2352daeef9 req-96b0f083-2c69-40b9-9fa4-cf2352daeef9 ] Request (InstanceActionsNegativeTestJSON:tearDownClass): 204 DELETE http://10.180.1.21/networking/v2.0/networks/952e3c4f-e0e3-4cd3-b620-b8c9c54cc6eb 0.377s
2025-12-09 00:19:08.416 66346 INFO tempest.lib.common.rest_client [req-d6eb6aba-04a8-4502-ae66-dc35a3168535 req-d6eb6aba-04a8-4502-ae66-dc35a3168535 ] Request (InstanceActionsNegativeTestJSON:tearDownClass): 204 DELETE http://10.180.1.21/identity/v3/users/0997e9bf667f4dc98bfb0526f009c0e2 0.097s
2025-12-09 00:19:08.416 66346 INFO tempest.lib.common.dynamic_creds [-] Deleting project and security group for project: 8d51954793ed48bb872f2fb91f0902c4
2025-12-09 00:19:08.510 66342 INFO tempest.lib.common.rest_client [req-ef22bb6d-6c8f-4ad4-9e57-f32511141f56 req-ef22bb6d-6c8f-4ad4-9e57-f32511141f56 ] Request (AttachVolumeTestJSON:test_attach_detach_volume): 200 POST http://10.180.1.21/compute/v2.1/servers/0c8a68c5-8f5a-4aab-9143-3b50df4685fc/os-volume_attachments 2.248s
2025-12-09 00:19:08.520 66346 INFO tempest.lib.common.rest_client [req-5d7af91f-0a71-4415-b904-efa24e090e96 req-5d7af91f-0a71-4415-b904-efa24e090e96 ] Request (InstanceActionsNegativeTestJSON:tearDownClass): 200 GET http://10.180.1.21/networking/v2.0/security-groups?tenant_id=8d51954793ed48bb872f2fb91f0902c4&name=default 0.103s
2025-12-09 00:19:08.540 66342 INFO tempest.lib.common.rest_client [req-b4045891-ee9f-4777-8f11-87ad4db2e0fe req-b4045891-ee9f-4777-8f11-87ad4db2e0fe ] Request (AttachVolumeTestJSON:test_attach_detach_volume): 200 GET http://10.180.1.21/volume/v3/volumes/ef284827-e786-4f98-a61e-2ce5aecf5272 0.028s
2025-12-09 00:19:08.564 66334 INFO paramiko.transport [-] Connected (version 2.0, client dropbear_2020.81)
2025-12-09 00:19:08.577 66356 INFO tempest.lib.common.rest_client [req-fbb82d13-7a98-4a58-99d2-554d6b932155 req-fbb82d13-7a98-4a58-99d2-554d6b932155 ] Request (ImagesTestJSON:test_create_server_from_snapshot): 200 GET http://10.180.1.21/compute/v2.1/servers/8a57849a-699d-43b2-b6ef-e97e741273cf 1.132s
2025-12-09 00:19:08.661 66318 INFO tempest.lib.common.rest_client [req-09a64699-dd8e-4e07-9f5a-c8b44814efff req-09a64699-dd8e-4e07-9f5a-c8b44814efff ] Request (AttachInterfacesUnderV243Test:_run_cleanups): 204 DELETE http://10.180.1.21/compute/v2.1/servers/fa0f45fe-0f46-4ed4-a399-36e438fa81c6 1.059s
2025-12-09 00:19:08.671 66334 INFO paramiko.transport [-] Authentication (publickey) successful!
2025-12-09 00:19:08.671 66334 INFO tempest.lib.common.ssh [-] ssh connection to cirros@10.180.180.223 successfully created
2025-12-09 00:19:08.719 66346 INFO tempest.lib.common.rest_client [req-fa6bdd37-cec3-40b2-ac07-a2a41e3a0853 req-fa6bdd37-cec3-40b2-ac07-a2a41e3a0853 ] Request (InstanceActionsNegativeTestJSON:tearDownClass): 204 DELETE http://10.180.1.21/networking/v2.0/security-groups/7995b228-04de-4037-aa26-13ed6e127a8e 0.198s
2025-12-09 00:19:08.741 66338 INFO tempest.lib.common.rest_client [req-34539c94-056e-4fc1-b184-d12cc23bffd2 req-34539c94-056e-4fc1-b184-d12cc23bffd2 ] Request (InstanceActionsV221TestJSON:test_get_list_deleted_instance_actions): 200 GET http://10.180.1.21/compute/v2.1/servers/8dbd0f12-4351-4425-89ec-4340132c2f6b 1.265s
2025-12-09 00:19:08.787 66340 INFO tempest.lib.common.rest_client [req-c913f561-520f-485d-9b60-d452099a8e3d req-c913f561-520f-485d-9b60-d452099a8e3d ] Request (ListImageFiltersTestJSON:tearDownClass): 200 GET http://10.180.1.21/compute/v2.1/servers/04be04a7-b943-4701-abd9-ec8af496d3b1 1.071s
2025-12-09 00:19:08.818 66346 INFO tempest.lib.common.rest_client [req-b34e9098-0f67-484f-9911-1b2a6ea5c01e req-b34e9098-0f67-484f-9911-1b2a6ea5c01e ] Request (InstanceActionsNegativeTestJSON:tearDownClass): 204 DELETE http://10.180.1.21/identity/v3/projects/8d51954793ed48bb872f2fb91f0902c4 0.099s
2025-12-09 00:19:08.831 66320 INFO tempest.lib.common.rest_client [req-274018ff-d5e5-44dc-b23a-bec18d556f65 req-274018ff-d5e5-44dc-b23a-bec18d556f65 ] Request (ListServersNegativeTestJSON:setUpClass): 200 GET http://10.180.1.21/compute/v2.1/servers/13978f46-bc24-45fa-9376-75e81ae0eca9 1.062s
2025-12-09 00:19:08.881 66336 INFO tempest.lib.common.rest_client [req-daa665dc-25f3-4321-bbac-de2e2537ca8d req-daa665dc-25f3-4321-bbac-de2e2537ca8d ] Request (SecurityGroupsTestJSON:test_server_security_groups): 200 GET http://10.180.1.21/compute/v2.1/servers/e4422259-8de2-45d8-9c12-644fb65a8473 1.028s
2025-12-09 00:19:08.943 66306 INFO tempest.lib.common.rest_client [req-97cc6db3-ca4e-4d30-99ee-2a2967408a23 req-97cc6db3-ca4e-4d30-99ee-2a2967408a23 ] Request (ServersNegativeTestJSON:setUpClass): 200 GET http://10.180.1.21/compute/v2.1/servers/2e9a8604-a8bd-4444-9a50-057d5d0cf428 1.041s
2025-12-09 00:19:08.993 66300 INFO tempest.lib.common.rest_client [req-50ad3c00-e223-4304-b26e-ef9e572c25e2 req-50ad3c00-e223-4304-b26e-ef9e572c25e2 ] Request (ServersTestJSON:tearDownClass): 200 GET http://10.180.1.21/compute/v2.1/servers/75a343cf-aa9b-49e3-a14d-b5492995e57b 0.949s
2025-12-09 00:19:09.031 66298 INFO tempest.lib.common.rest_client [req-66eb2901-9269-44a6-9381-803f7b47669f req-66eb2901-9269-44a6-9381-803f7b47669f ] Request (ServerMetadataTestJSON:setUpClass): 201 POST http://10.180.1.21/networking/v2.0/routers 0.962s
2025-12-09 00:19:09.054 66322 INFO tempest.lib.common.rest_client [req-30b313cb-befd-4bd3-934e-812f903ed1d4 req-30b313cb-befd-4bd3-934e-812f903ed1d4 ] Request (ServersAdminTestJSON:tearDownClass): 200 GET http://10.180.1.21/compute/v2.1/servers/32df0a11-c848-4bc3-9f18-6187c59898ea 0.843s
2025-12-09 00:19:09.165 66360 INFO tempest.lib.common.rest_client [req-c40c81db-5450-4693-a5d0-15cde65cae2d req-c40c81db-5450-4693-a5d0-15cde65cae2d ] Request (MigrationsAdminTest:test_resize_server_revert_deleted_flavor): 200 GET http://10.180.1.21/compute/v2.1/servers/43991b0c-99c1-4192-8700-f26bae2cdb35 0.834s
2025-12-09 00:19:09.212 66352 INFO tempest.lib.common.rest_client [req-51511f1c-73fb-4c5e-85c4-a2362933fb91 req-51511f1c-73fb-4c5e-85c4-a2362933fb91 ] Request (ServerActionsTestOtherA:setUpClass): 200 GET http://10.180.1.21/compute/v2.1/servers/44be96ee-4462-4fc4-99a5-aa38395a5a60 0.961s
2025-12-09 00:19:09.220 66352 INFO tempest.common.waiters [-] State transition "BUILD/spawning" ==> "ACTIVE/None" after 37 second wait
2025-12-09 00:19:09.590 66342 INFO tempest.lib.common.rest_client [req-f56c9c9d-907e-4e22-8f6d-6dfe4fa6fc34 req-f56c9c9d-907e-4e22-8f6d-6dfe4fa6fc34 ] Request (AttachVolumeTestJSON:test_attach_detach_volume): 200 GET http://10.180.1.21/volume/v3/volumes/ef284827-e786-4f98-a61e-2ce5aecf5272 0.042s
2025-12-09 00:19:09.667 66332 INFO tempest.lib.common.rest_client [req-232bfc74-aaa0-49d5-82a4-c4ebc8649ece req-232bfc74-aaa0-49d5-82a4-c4ebc8649ece ] Request (ServerDiskConfigTestJSON:test_resize_server_from_auto_to_manual): 200 GET http://10.180.1.21/compute/v2.1/servers/67dbfd52-4550-4eb9-a027-a36bd9612c18 1.325s
2025-12-09 00:19:10.034 66298 INFO tempest.lib.common.rest_client [req-ad8c21e4-4170-4bf5-8e5a-287c67234ed6 req-ad8c21e4-4170-4bf5-8e5a-287c67234ed6 ] Request (ServerMetadataTestJSON:setUpClass): 200 PUT http://10.180.1.21/networking/v2.0/routers/f4929585-90df-4a9d-bba3-03219950c760/add_router_interface 1.002s
2025-12-09 00:19:10.034 66298 INFO tempest.lib.common.dynamic_creds [-] Created isolated network resources for: credentials: Credentials: {'domain_id': 'default', 'domain_name': 'Default', 'username': 'tempest-ServerMetadataTestJSON-1092565863-project-member', 'project_domain_id': 'default', 'project_domain_name': 'Default', 'project_id': '90ef5629810c4b79b006d3618d4e25bf', 'project_name': 'tempest-ServerMetadataTestJSON-1092565863', 'tenant_id': '90ef5629810c4b79b006d3618d4e25bf', 'tenant_name': 'tempest-ServerMetadataTestJSON-1092565863', 'user_domain_id': 'default', 'user_domain_name': 'Default', 'user_id': 'c8dd4065471f47e3ad98b5992cc7b574', 'system': None}, Network: {'id': 'a8e350a1-b393-475e-9a65-dd414b2cfd40', 'name': 'tempest-ServerMetadataTestJSON-1020772904-network', 'tenant_id': '90ef5629810c4b79b006d3618d4e25bf', 'project_id': '90ef5629810c4b79b006d3618d4e25bf', 'admin_state_up': True, 'mtu': 8950, 'status': 'ACTIVE', 'subnets': [], 'shared': False, 'port_security_enabled': True, 'router:external': False, 'provider:network_type': 'vlan', 'provider:physical_network': 'default', 'provider:segmentation_id': 939, 'availability_zone_hints': [], 'availability_zones': [], 'ipv4_address_scope': None, 'ipv6_address_scope': None, 'description': '', 'tags': [], 'created_at': '2025-12-09T00:19:07Z', 'updated_at': '2025-12-09T00:19:07Z', 'revision_number': 1}, Subnet: {'id': 'a517c1f5-1fd5-4426-9d14-96266d0541b6', 'name': 'tempest-ServerMetadataTestJSON-1020772904-subnet', 'tenant_id': '90ef5629810c4b79b006d3618d4e25bf', 'network_id': 'a8e350a1-b393-475e-9a65-dd414b2cfd40', 'ip_version': 4, 'subnetpool_id': None, 'enable_dhcp': True, 'ipv6_ra_mode': None, 'ipv6_address_mode': None, 'gateway_ip': '192.168.128.1', 'cidr': '192.168.128.0/28', 'allocation_pools': [{'start': '192.168.128.2', 'end': '192.168.128.14'}], 'host_routes': [], 'dns_nameservers': [], 'description': '', 'router:external': False, 'service_types': [], 'tags': [], 'created_at': '2025-12-09T00:19:07Z', 'updated_at': '2025-12-09T00:19:07Z', 'revision_number': 0, 'project_id': '90ef5629810c4b79b006d3618d4e25bf'}, Router: {'id': 'f4929585-90df-4a9d-bba3-03219950c760', 'name': 'tempest-ServerMetadataTestJSON-1020772904-router', 'tenant_id': '90ef5629810c4b79b006d3618d4e25bf', 'admin_state_up': True, 'status': 'ACTIVE', 'external_gateway_info': {'network_id': '02416166-961a-464b-9426-9881b25089f4', 'external_fixed_ips': [{'subnet_id': '743a706d-fa41-48cd-ab73-58518bd53585', 'ip_address': '10.180.180.240'}], 'enable_snat': True}, 'description': '', 'availability_zones': [], 'distributed': False, 'ha': False, 'availability_zone_hints': [], 'routes': [], 'flavor_id': None, 'tags': [], 'created_at': '2025-12-09T00:19:08Z', 'updated_at': '2025-12-09T00:19:08Z', 'revision_number': 2, 'project_id': '90ef5629810c4b79b006d3618d4e25bf'}
2025-12-09 00:19:10.093 66314 INFO tempest.lib.common.rest_client [req-47fc0412-3bb8-450f-bbf9-969b5e4639d6 req-47fc0412-3bb8-450f-bbf9-969b5e4639d6 ] Request (ServerDiagnosticsTest:test_get_server_diagnostics): 200 GET http://10.180.1.21/compute/v2.1/servers/bbd4c856-b85d-4b10-bcbd-be74e0688022 1.669s
2025-12-09 00:19:10.103 66314 INFO tempest.common.waiters [-] State transition "BUILD/None" ==> "BUILD/networking" after 37 second wait
2025-12-09 00:19:10.126 66344 INFO tempest.lib.common.rest_client [req-d809ae6a-8482-4eee-a5ed-16a8ec7c4ebf req-d809ae6a-8482-4eee-a5ed-16a8ec7c4ebf ] Request (ServersListShow2100Test:test_list_show_rebuild_update_server_2100): 200 GET http://10.180.1.21/compute/v2.1/servers/b9e9ff24-b211-4669-815d-acae5793c021 1.626s
2025-12-09 00:19:10.224 66298 INFO tempest.lib.common.rest_client [req-73808438-b412-4761-96e1-b2738ec0617f req-73808438-b412-4761-96e1-b2738ec0617f ] Request (ServerMetadataTestJSON:setUpClass): 201 POST http://10.180.1.21/identity/v3/auth/tokens 0.184s
2025-12-09 00:19:10.245 66304 INFO tempest.lib.common.rest_client [req-0431d7fd-4d46-4782-8377-13df0ca10598 req-0431d7fd-4d46-4782-8377-13df0ca10598 ] Request (ServersV294TestFqdnHostnames:setUpClass): 200 GET http://10.180.1.21/compute/v2.1/servers/ebaf7508-c857-4e45-86db-56c6c59b0931 1.654s
2025-12-09 00:19:10.267 66298 INFO tempest.lib.common.rest_client [req-7f737e9b-a0ec-4fe3-a7e9-b167c825f355 req-7f737e9b-a0ec-4fe3-a7e9-b167c825f355 ] Request (ServerMetadataTestJSON:setUpClass): 201 POST http://10.180.1.21/identity/v3/auth/tokens 0.038s
2025-12-09 00:19:10.267 66298 INFO tempest.lib.common.fixed_network [-] (ServerMetadataTestJSON:setUpClass) Found network {'id': 'a8e350a1-b393-475e-9a65-dd414b2cfd40', 'name': 'tempest-ServerMetadataTestJSON-1020772904-network', 'tenant_id': '90ef5629810c4b79b006d3618d4e25bf', 'project_id': '90ef5629810c4b79b006d3618d4e25bf', 'admin_state_up': True, 'mtu': 8950, 'status': 'ACTIVE', 'subnets': [], 'shared': False, 'port_security_enabled': True, 'router:external': False, 'provider:network_type': 'vlan', 'provider:physical_network': 'default', 'provider:segmentation_id': 939, 'availability_zone_hints': [], 'availability_zones': [], 'ipv4_address_scope': None, 'ipv6_address_scope': None, 'description': '', 'tags': [], 'created_at': '2025-12-09T00:19:07Z', 'updated_at': '2025-12-09T00:19:07Z', 'revision_number': 1} available for tenant
2025-12-09 00:19:10.353 66334 INFO tempest.lib.common.rest_client [req-983ac729-922c-4a08-89cd-c87c73506105 req-983ac729-922c-4a08-89cd-c87c73506105 ] Request (ServersTestFqdnHostnames:tearDownClass): 204 DELETE http://10.180.1.21/compute/v2.1/servers/277dffec-78d7-4397-886d-6cbf5f496c28 1.670s
2025-12-09 00:19:10.374 66318 INFO tempest.lib.common.rest_client [req-af14c8e2-43eb-4f7c-a971-2b442325a2c6 req-af14c8e2-43eb-4f7c-a971-2b442325a2c6 ] Request (AttachInterfacesUnderV243Test:_run_cleanups): 200 GET http://10.180.1.21/compute/v2.1/servers/fa0f45fe-0f46-4ed4-a399-36e438fa81c6 1.712s
2025-12-09 00:19:10.425 66316 INFO tempest.lib.common.rest_client [req-4c53006b-3948-443b-b9dc-6c0a022bc776 req-4c53006b-3948-443b-b9dc-6c0a022bc776 ] Request (ServerRescueTestJSON:test_rescue_unrescue_instance): 200 GET http://10.180.1.21/compute/v2.1/servers/b3edf617-aadb-4c11-a43b-6f9f701b2927 1.590s
2025-12-09 00:19:10.489 66352 INFO tempest.lib.common.rest_client [req-46144fb3-06db-4445-86b7-8e5f232e27d5 req-46144fb3-06db-4445-86b7-8e5f232e27d5 ] Request (ServerActionsTestOtherA:setUpClass): 200 GET http://10.180.1.21/compute/v2.1/servers/44be96ee-4462-4fc4-99a5-aa38395a5a60/os-interface 1.268s
2025-12-09 00:19:10.505 66350 INFO tempest.lib.common.rest_client [req-39c6a31a-ab83-414b-a09a-40e1a62e3a41 req-39c6a31a-ab83-414b-a09a-40e1a62e3a41 ] Request (VolumesAdminNegativeTest:tearDownClass): 200 GET http://10.180.1.21/compute/v2.1/servers/14a8e924-1d20-4bba-b3a2-58a4f8abe4b6 1.262s
2025-12-09 00:19:10.512 66350 INFO tempest.common.waiters [-] State transition "ACTIVE/deleting" ==> "DELETED/None" after 4 second wait
2025-12-09 00:19:10.636 66308 WARNING tempest.lib.common.ssh [-] Failed to establish authenticated ssh connection to cirros@10.180.180.135 ([Errno None] Unable to connect to port 22 on 10.180.180.135). Number attempts: 5. Retry after 6 seconds.: paramiko.ssh_exception.NoValidConnectionsError: [Errno None] Unable to connect to port 22 on 10.180.180.135
2025-12-09 00:19:10.640 66342 INFO tempest.lib.common.rest_client [req-991341e2-1f35-4759-b66b-f552c4b27a14 req-991341e2-1f35-4759-b66b-f552c4b27a14 ] Request (AttachVolumeTestJSON:test_attach_detach_volume): 200 GET http://10.180.1.21/volume/v3/volumes/ef284827-e786-4f98-a61e-2ce5aecf5272 0.041s
2025-12-09 00:19:11.014 66352 INFO tempest.lib.common.rest_client [req-b12cc37e-b96f-44e8-bce3-d39985990eb1 req-b12cc37e-b96f-44e8-bce3-d39985990eb1 ] Request (ServerActionsTestOtherA:setUpClass): 200 PUT http://10.180.1.21/networking/v2.0/floatingips/38864341-0174-468a-bbb9-9aaffc0e3585 0.522s
2025-12-09 00:19:11.015 66352 INFO tempest.lib.common.ssh [-] Creating ssh connection to '10.180.180.187:22' as 'cirros' with public key authentication
2025-12-09 00:19:11.123 66338 INFO tempest.lib.common.rest_client [req-9075578f-77bd-4f69-b6af-dee1aabe0447 req-9075578f-77bd-4f69-b6af-dee1aabe0447 ] Request (InstanceActionsV221TestJSON:test_get_list_deleted_instance_actions): 200 GET http://10.180.1.21/compute/v2.1/servers/8dbd0f12-4351-4425-89ec-4340132c2f6b 1.373s
2025-12-09 00:19:11.210 66356 INFO tempest.lib.common.rest_client [req-6063d0ae-e1b0-4833-a46c-3e09f67b7521 req-6063d0ae-e1b0-4833-a46c-3e09f67b7521 ] Request (ImagesTestJSON:test_create_server_from_snapshot): 200 GET http://10.180.1.21/compute/v2.1/servers/8a57849a-699d-43b2-b6ef-e97e741273cf 1.623s
2025-12-09 00:19:11.436 66340 INFO tempest.lib.common.rest_client [req-6690d755-d380-47c9-ace4-e408e011488f req-6690d755-d380-47c9-ace4-e408e011488f ] Request (ListImageFiltersTestJSON:tearDownClass): 200 GET http://10.180.1.21/compute/v2.1/servers/04be04a7-b943-4701-abd9-ec8af496d3b1 1.639s
2025-12-09 00:19:11.444 66320 INFO tempest.lib.common.rest_client [req-23b5167f-7061-4d89-9adb-d139e1974694 req-23b5167f-7061-4d89-9adb-d139e1974694 ] Request (ListServersNegativeTestJSON:setUpClass): 200 GET http://10.180.1.21/compute/v2.1/servers/13978f46-bc24-45fa-9376-75e81ae0eca9 1.604s
2025-12-09 00:19:11.501 66306 INFO tempest.lib.common.rest_client [req-348b8a49-ed86-4e19-bfce-d8d4b8da40d3 req-348b8a49-ed86-4e19-bfce-d8d4b8da40d3 ] Request (ServersNegativeTestJSON:setUpClass): 200 GET http://10.180.1.21/compute/v2.1/servers/2e9a8604-a8bd-4444-9a50-057d5d0cf428 1.537s
2025-12-09 00:19:11.515 66336 INFO tempest.lib.common.rest_client [req-aa6a58c7-078b-46c9-a508-bd102ba87045 req-aa6a58c7-078b-46c9-a508-bd102ba87045 ] Request (SecurityGroupsTestJSON:test_server_security_groups): 200 GET http://10.180.1.21/compute/v2.1/servers/e4422259-8de2-45d8-9c12-644fb65a8473 1.626s
2025-12-09 00:19:11.575 66322 INFO tempest.lib.common.rest_client [req-3af626a7-0141-4a7d-906a-d9cf06427a54 req-3af626a7-0141-4a7d-906a-d9cf06427a54 ] Request (ServersAdminTestJSON:tearDownClass): 200 GET http://10.180.1.21/compute/v2.1/servers/32df0a11-c848-4bc3-9f18-6187c59898ea 1.512s
2025-12-09 00:19:11.594 66300 INFO tempest.lib.common.rest_client [req-ef63caf0-4f77-4cef-bf51-2adb3f705b10 req-ef63caf0-4f77-4cef-bf51-2adb3f705b10 ] Request (ServersTestJSON:tearDownClass): 200 GET http://10.180.1.21/compute/v2.1/servers/75a343cf-aa9b-49e3-a14d-b5492995e57b 1.589s
2025-12-09 00:19:11.635 66360 INFO tempest.lib.common.rest_client [req-6f96c832-9cce-4c17-8147-bac17fcebb9b req-6f96c832-9cce-4c17-8147-bac17fcebb9b ] Request (MigrationsAdminTest:test_resize_server_revert_deleted_flavor): 200 GET http://10.180.1.21/compute/v2.1/servers/43991b0c-99c1-4192-8700-f26bae2cdb35 1.457s
2025-12-09 00:19:11.642 66360 INFO tempest.common.waiters [-] State transition "BUILD/None" ==> "BUILD/networking" after 37 second wait
2025-12-09 00:19:11.699 66342 INFO tempest.lib.common.rest_client [req-aa7744e0-605a-4f1e-8183-56b457da5f5b req-aa7744e0-605a-4f1e-8183-56b457da5f5b ] Request (AttachVolumeTestJSON:test_attach_detach_volume): 200 GET http://10.180.1.21/volume/v3/volumes/ef284827-e786-4f98-a61e-2ce5aecf5272 0.048s
2025-12-09 00:19:11.789 66326 WARNING tempest.lib.common.ssh [-] Failed to establish authenticated ssh connection to cirros@10.180.180.218 ([Errno None] Unable to connect to port 22 on 10.180.180.218). Number attempts: 3. Retry after 4 seconds.: paramiko.ssh_exception.NoValidConnectionsError: [Errno None] Unable to connect to port 22 on 10.180.180.218
2025-12-09 00:19:11.815 66334 INFO tempest.lib.common.rest_client [req-7f97327b-2509-4dc3-95c5-7bb4866ea54d req-7f97327b-2509-4dc3-95c5-7bb4866ea54d ] Request (ServersTestFqdnHostnames:tearDownClass): 200 GET http://10.180.1.21/compute/v2.1/servers/277dffec-78d7-4397-886d-6cbf5f496c28 1.462s
2025-12-09 00:19:11.878 66332 INFO tempest.lib.common.rest_client [req-0334071d-44ec-411a-82bd-85bb44d04d45 req-0334071d-44ec-411a-82bd-85bb44d04d45 ] Request (ServerDiskConfigTestJSON:test_resize_server_from_auto_to_manual): 200 GET http://10.180.1.21/compute/v2.1/servers/67dbfd52-4550-4eb9-a027-a36bd9612c18 1.202s
2025-12-09 00:19:12.096 66314 INFO tempest.lib.common.rest_client [req-d754c5a2-2408-43ce-b0a5-ad0f5af10d35 req-d754c5a2-2408-43ce-b0a5-ad0f5af10d35 ] Request (ServerDiagnosticsTest:test_get_server_diagnostics): 200 GET http://10.180.1.21/compute/v2.1/servers/bbd4c856-b85d-4b10-bcbd-be74e0688022 0.992s
2025-12-09 00:19:12.105 66314 INFO tempest.common.waiters [-] State transition "BUILD/networking" ==> "BUILD/spawning" after 39 second wait
2025-12-09 00:19:12.201 66344 INFO tempest.lib.common.rest_client [req-28788dad-0a89-447a-a5cc-7b0c12a5125c req-28788dad-0a89-447a-a5cc-7b0c12a5125c ] Request (ServersListShow2100Test:test_list_show_rebuild_update_server_2100): 200 GET http://10.180.1.21/compute/v2.1/servers/b9e9ff24-b211-4669-815d-acae5793c021 1.059s
2025-12-09 00:19:12.207 66298 INFO tempest.lib.common.rest_client [req-5b9c77f9-e26c-44f1-9a07-8d6e05dea50d req-5b9c77f9-e26c-44f1-9a07-8d6e05dea50d ] Request (ServerMetadataTestJSON:setUpClass): 202 POST http://10.180.1.21/compute/v2.1/servers 1.939s
2025-12-09 00:19:12.288 66304 INFO tempest.lib.common.rest_client [req-8f4805c4-e468-41cd-96c4-6d388da8ea1d req-8f4805c4-e468-41cd-96c4-6d388da8ea1d ] Request (ServersV294TestFqdnHostnames:setUpClass): 200 GET http://10.180.1.21/compute/v2.1/servers/ebaf7508-c857-4e45-86db-56c6c59b0931 1.028s
2025-12-09 00:19:12.304 66318 INFO tempest.lib.common.rest_client [req-0b709a44-4965-4462-81ee-78aac1bd228d req-0b709a44-4965-4462-81ee-78aac1bd228d ] Request (AttachInterfacesUnderV243Test:_run_cleanups): 200 GET http://10.180.1.21/compute/v2.1/servers/fa0f45fe-0f46-4ed4-a399-36e438fa81c6 0.918s
2025-12-09 00:19:12.359 66316 INFO tempest.lib.common.rest_client [req-4f2f0647-c5a6-4aae-8460-0c15c6d0346c req-4f2f0647-c5a6-4aae-8460-0c15c6d0346c ] Request (ServerRescueTestJSON:test_rescue_unrescue_instance): 200 GET http://10.180.1.21/compute/v2.1/servers/b3edf617-aadb-4c11-a43b-6f9f701b2927 0.925s
2025-12-09 00:19:12.383 66350 INFO tempest.lib.common.rest_client [req-9ec76310-d2ee-4d9c-b18e-52e0cc180163 req-9ec76310-d2ee-4d9c-b18e-52e0cc180163 ] Request (VolumesAdminNegativeTest:tearDownClass): 200 GET http://10.180.1.21/compute/v2.1/servers/14a8e924-1d20-4bba-b3a2-58a4f8abe4b6 0.870s
2025-12-09 00:19:12.433 66338 INFO tempest.lib.common.rest_client [req-d2cf08eb-7c23-4456-84d6-4c2c5840639e req-d2cf08eb-7c23-4456-84d6-4c2c5840639e ] Request (InstanceActionsV221TestJSON:test_get_list_deleted_instance_actions): 200 GET http://10.180.1.21/compute/v2.1/servers/8dbd0f12-4351-4425-89ec-4340132c2f6b 0.297s
2025-12-09 00:19:12.456 66298 INFO tempest.lib.common.rest_client [req-85fa0f68-cf14-4e5f-b2ad-f3f6949e9534 req-85fa0f68-cf14-4e5f-b2ad-f3f6949e9534 ] Request (ServerMetadataTestJSON:setUpClass): 200 GET http://10.180.1.21/compute/v2.1/servers/7f5fb954-8eb7-44bd-830e-33368d558c21 0.246s
2025-12-09 00:19:12.646 66340 INFO tempest.lib.common.rest_client [req-1532c756-b0cc-46f1-865d-454e198ab870 req-1532c756-b0cc-46f1-865d-454e198ab870 ] Request (ListImageFiltersTestJSON:tearDownClass): 200 GET http://10.180.1.21/compute/v2.1/servers/04be04a7-b943-4701-abd9-ec8af496d3b1 0.198s
2025-12-09 00:19:12.692 66356 INFO tempest.lib.common.rest_client [req-5413e0d7-2906-4262-8e8d-87c109ccdde5 req-5413e0d7-2906-4262-8e8d-87c109ccdde5 ] Request (ImagesTestJSON:test_create_server_from_snapshot): 200 GET http://10.180.1.21/compute/v2.1/servers/8a57849a-699d-43b2-b6ef-e97e741273cf 0.469s
2025-12-09 00:19:12.704 66356 INFO tempest.common.waiters [-] State transition "BUILD/spawning" ==> "ACTIVE/None" after 40 second wait
2025-12-09 00:19:12.760 66342 INFO tempest.lib.common.rest_client [req-956a1cee-2d56-4033-a1da-9d896906ea0c req-956a1cee-2d56-4033-a1da-9d896906ea0c ] Request (AttachVolumeTestJSON:test_attach_detach_volume): 200 GET http://10.180.1.21/volume/v3/volumes/ef284827-e786-4f98-a61e-2ce5aecf5272 0.044s
2025-12-09 00:19:12.770 66320 INFO tempest.lib.common.rest_client [req-e616439c-c074-4218-8612-8cf2b4d90ca3 req-e616439c-c074-4218-8612-8cf2b4d90ca3 ] Request (ListServersNegativeTestJSON:setUpClass): 200 GET http://10.180.1.21/compute/v2.1/servers/13978f46-bc24-45fa-9376-75e81ae0eca9 0.311s
2025-12-09 00:19:12.819 66306 INFO tempest.lib.common.rest_client [req-ac1a31c9-eda6-4e85-ba99-887897e289c2 req-ac1a31c9-eda6-4e85-ba99-887897e289c2 ] Request (ServersNegativeTestJSON:setUpClass): 200 GET http://10.180.1.21/compute/v2.1/servers/2e9a8604-a8bd-4444-9a50-057d5d0cf428 0.307s
2025-12-09 00:19:12.902 66336 INFO tempest.lib.common.rest_client [req-80498298-2a1b-4952-812a-87bc231a308e req-80498298-2a1b-4952-812a-87bc231a308e ] Request (SecurityGroupsTestJSON:test_server_security_groups): 200 GET http://10.180.1.21/compute/v2.1/servers/e4422259-8de2-45d8-9c12-644fb65a8473 0.377s
2025-12-09 00:19:12.955 66322 INFO tempest.lib.common.rest_client [req-608747a0-6a4b-4e40-90b9-6539abda363d req-608747a0-6a4b-4e40-90b9-6539abda363d ] Request (ServersAdminTestJSON:tearDownClass): 200 GET http://10.180.1.21/compute/v2.1/servers/32df0a11-c848-4bc3-9f18-6187c59898ea 0.368s
2025-12-09 00:19:13.040 66300 INFO tempest.lib.common.rest_client [req-49dcb324-9e7f-4014-9da7-096073e9b870 req-49dcb324-9e7f-4014-9da7-096073e9b870 ] Request (ServersTestJSON:tearDownClass): 200 GET http://10.180.1.21/compute/v2.1/servers/75a343cf-aa9b-49e3-a14d-b5492995e57b 0.437s
2025-12-09 00:19:13.209 66360 INFO tempest.lib.common.rest_client [req-5feb1570-03be-4332-9300-f238b8d78195 req-5feb1570-03be-4332-9300-f238b8d78195 ] Request (MigrationsAdminTest:test_resize_server_revert_deleted_flavor): 200 GET http://10.180.1.21/compute/v2.1/servers/43991b0c-99c1-4192-8700-f26bae2cdb35 0.565s
2025-12-09 00:19:13.219 66360 INFO tempest.common.waiters [-] State transition "BUILD/networking" ==> "BUILD/spawning" after 39 second wait
2025-12-09 00:19:13.575 66356 INFO tempest.lib.common.rest_client [req-790d3a3e-326a-422d-b0d8-b179c620d98d req-790d3a3e-326a-422d-b0d8-b179c620d98d ] Request (ImagesTestJSON:test_create_server_from_snapshot): 202 POST http://10.180.1.21/compute/v2.1/servers/8a57849a-699d-43b2-b6ef-e97e741273cf/action 0.871s
2025-12-09 00:19:13.666 66302 INFO paramiko.transport [-] Connected (version 2.0, client dropbear_2020.81)
2025-12-09 00:19:13.756 66334 INFO tempest.lib.common.rest_client [req-024010c4-ca84-4971-b5e5-32e4ed105245 req-024010c4-ca84-4971-b5e5-32e4ed105245 ] Request (ServersTestFqdnHostnames:tearDownClass): 200 GET http://10.180.1.21/compute/v2.1/servers/277dffec-78d7-4397-886d-6cbf5f496c28 0.933s
2025-12-09 00:19:13.772 66332 INFO tempest.lib.common.rest_client [req-1fa07b90-ca63-4eec-87da-5a3982f22c0d req-1fa07b90-ca63-4eec-87da-5a3982f22c0d ] Request (ServerDiskConfigTestJSON:test_resize_server_from_auto_to_manual): 200 GET http://10.180.1.21/compute/v2.1/servers/67dbfd52-4550-4eb9-a027-a36bd9612c18 0.884s
2025-12-09 00:19:13.779 66302 INFO paramiko.transport [-] Authentication (publickey) successful!
2025-12-09 00:19:13.780 66302 INFO tempest.lib.common.ssh [-] ssh connection to cirros@10.180.180.173 successfully created
