2025-12-09 00:15:51.552 66298 INFO tempest.lib.common.rest_client [req-e690990b-092a-4bcd-8c06-ad93489479e0 req-e690990b-092a-4bcd-8c06-ad93489479e0 ] Request (ServicesAdminNegativeTestJSON:test_get_service_by_invalid_params): 200 GET http://10.180.1.21/compute/v2.1/os-services?xxx=nova-compute 2.800s
2025-12-09 00:15:51.560 66296 INFO tempest.lib.common.rest_client [req-0155e2bf-7102-4880-8285-a634ba988678 req-0155e2bf-7102-4880-8285-a634ba988678 ] Request (ListImageFiltersNegativeTestJSON:tearDownClass): 201 POST http://10.180.1.21/identity/v3/auth/tokens 0.182s
2025-12-09 00:15:51.587 66324 INFO tempest.lib.common.rest_client [req-19b7a94b-5e42-48b4-a297-46868b5f4d51 req-19b7a94b-5e42-48b4-a297-46868b5f4d51 ] Request (KeyPairsNegativeTestJSON:setUpClass): 201 POST http://10.180.1.21/identity/v3/users 0.158s
2025-12-09 00:15:51.610 66324 INFO tempest.lib.common.rest_client [req-76ef4fab-dada-43c9-be41-ca9a16bbb2f3 req-76ef4fab-dada-43c9-be41-ca9a16bbb2f3 ] Request (KeyPairsNegativeTestJSON:setUpClass): 200 GET http://10.180.1.21/identity/v3/roles 0.022s
2025-12-09 00:15:51.638 66352 INFO tempest.lib.common.rest_client [req-46d972ec-ace2-4d89-92de-b734d832d699 req-46d972ec-ace2-4d89-92de-b734d832d699 ] Request (ServersTestManualDisk:setUpClass): 201 POST http://10.180.1.21/networking/v2.0/security-group-rules 0.299s
2025-12-09 00:15:51.641 66324 INFO tempest.lib.common.rest_client [req-48640e8c-44a8-4c24-88bc-f0a6ee870bd2 req-48640e8c-44a8-4c24-88bc-f0a6ee870bd2 ] Request (KeyPairsNegativeTestJSON:setUpClass): 204 PUT http://10.180.1.21/identity/v3/projects/ce8cd0d584354825b9795835ab0ab5f5/users/28b286f8c007430cbb4a43649763ba1a/roles/96556349ae644dbf84322051a96e7d8c 0.031s
2025-12-09 00:15:51.641 66324 INFO tempest.lib.common.dynamic_creds [-] Dynamic test user 28b286f8c007430cbb4a43649763ba1a is created with scope project and roles: ['member']
2025-12-09 00:15:51.641 66324 INFO tempest.lib.common.dynamic_creds [-] Acquired dynamic creds: credentials: Credentials: {'domain_id': 'default', 'domain_name': 'Default', 'username': 'tempest-KeyPairsNegativeTestJSON-262938213-project-member', 'project_domain_id': 'default', 'project_domain_name': 'Default', 'project_id': 'ce8cd0d584354825b9795835ab0ab5f5', 'project_name': 'tempest-KeyPairsNegativeTestJSON-262938213', 'tenant_id': 'ce8cd0d584354825b9795835ab0ab5f5', 'tenant_name': 'tempest-KeyPairsNegativeTestJSON-262938213', 'user_domain_id': 'default', 'user_domain_name': 'Default', 'user_id': '28b286f8c007430cbb4a43649763ba1a', 'system': None}, Network: None, Subnet: None, Router: None
2025-12-09 00:15:51.641 66324 INFO tempest.lib.common.dynamic_creds [-] Created isolated network resources for: credentials: Credentials: {'domain_id': 'default', 'domain_name': 'Default', 'username': 'tempest-KeyPairsNegativeTestJSON-262938213-project-member', 'project_domain_id': 'default', 'project_domain_name': 'Default', 'project_id': 'ce8cd0d584354825b9795835ab0ab5f5', 'project_name': 'tempest-KeyPairsNegativeTestJSON-262938213', 'tenant_id': 'ce8cd0d584354825b9795835ab0ab5f5', 'tenant_name': 'tempest-KeyPairsNegativeTestJSON-262938213', 'user_domain_id': 'default', 'user_domain_name': 'Default', 'user_id': '28b286f8c007430cbb4a43649763ba1a', 'system': None}, Network: None, Subnet: None, Router: None
2025-12-09 00:15:51.730 66324 INFO tempest.lib.common.rest_client [req-24dd6d9b-353c-4a08-b551-bcaa6fa6e05e req-24dd6d9b-353c-4a08-b551-bcaa6fa6e05e ] Request (KeyPairsNegativeTestJSON:setUpClass): 201 POST http://10.180.1.21/identity/v3/auth/tokens 0.084s
2025-12-09 00:15:52.128 66358 INFO tempest.lib.common.rest_client [req-22f7f1c3-b82a-4a77-9ac6-fd22cb25a92d req-22f7f1c3-b82a-4a77-9ac6-fd22cb25a92d ] Request (ServersTestBootFromVolume:setUpClass): 201 POST http://10.180.1.21/networking/v2.0/floatingips 0.692s
2025-12-09 00:15:52.144 66328 INFO tempest.lib.common.rest_client [req-cadd5524-7817-473d-9a5e-dc11e72de11f req-cadd5524-7817-473d-9a5e-dc11e72de11f ] Request (FloatingIPDetailsNegativeTestJSON:tearDownClass): 200 PUT http://10.180.1.21/networking/v2.0/routers/e746b0bb-b3d2-420f-b37e-e88731fcd3a5/remove_router_interface 1.304s
2025-12-09 00:15:52.201 66358 INFO tempest.lib.common.rest_client [req-f9205675-d647-4f61-8f82-8ba947bdab23 req-f9205675-d647-4f61-8f82-8ba947bdab23 ] Request (ServersTestBootFromVolume:setUpClass): 201 POST http://10.180.1.21/identity/v3/auth/tokens 0.069s
2025-12-09 00:15:52.201 66358 INFO tempest.lib.common.fixed_network [-] (ServersTestBootFromVolume:setUpClass) Found network {'id': '7054d3cf-064f-4897-bf5f-1ce35bc2352b', 'name': 'tempest-ServersTestBootFromVolume-416470236-network', 'tenant_id': 'c88a99644b32405eb60daf1a5c3b9082', 'project_id': 'c88a99644b32405eb60daf1a5c3b9082', 'admin_state_up': True, 'mtu': 8950, 'status': 'ACTIVE', 'subnets': [], 'shared': False, 'port_security_enabled': True, 'router:external': False, 'provider:network_type': 'vlan', 'provider:physical_network': 'default', 'provider:segmentation_id': 345, 'availability_zone_hints': [], 'availability_zones': [], 'ipv4_address_scope': None, 'ipv6_address_scope': None, 'description': '', 'tags': [], 'created_at': '2025-12-09T00:15:36Z', 'updated_at': '2025-12-09T00:15:37Z', 'revision_number': 1} available for tenant
2025-12-09 00:15:52.346 66314 INFO tempest.lib.common.rest_client [req-47e760e3-81d5-4ef2-a0a9-f54ba4eee85d req-47e760e3-81d5-4ef2-a0a9-f54ba4eee85d ] Request (VolumesAssistedSnapshotsTest:setUpClass): 201 POST http://10.180.1.21/networking/v2.0/networks 0.862s
2025-12-09 00:15:52.531 66318 INFO tempest.lib.common.rest_client [req-ff58c2a9-5c60-4334-b311-6dcfd7af28d4 req-ff58c2a9-5c60-4334-b311-6dcfd7af28d4 ] Request (ValidationResourcesFixture:setUp): 201 POST http://10.180.1.21/networking/v2.0/floatingips 1.011s
2025-12-09 00:15:52.554 66296 INFO tempest.lib.common.rest_client [req-ec253239-260d-4804-80c4-88a406a58a92 req-ec253239-260d-4804-80c4-88a406a58a92 ] Request (ListImageFiltersNegativeTestJSON:tearDownClass): 200 GET http://10.180.1.21/networking/v2.0/security-groups?tenant_id=01517993c49049c2b21a02580664d2b5&name=default 0.994s
2025-12-09 00:15:52.596 66318 INFO tempest.lib.common.rest_client [req-0fa3a30f-a5a2-4d6d-8f63-fb3b9bb11de7 req-0fa3a30f-a5a2-4d6d-8f63-fb3b9bb11de7 ] Request (AttachInterfacesUnderV243Test:test_add_remove_fixed_ip): 201 POST http://10.180.1.21/identity/v3/auth/tokens 0.062s
2025-12-09 00:15:52.596 66318 INFO tempest.lib.common.fixed_network [-] (AttachInterfacesUnderV243Test:test_add_remove_fixed_ip) Found network {'id': 'd13a0ae8-497e-403c-b4fc-5848b4f27967', 'name': 'tempest-AttachInterfacesUnderV243Test-1784512408-network', 'tenant_id': 'a4ecb4dc626742a4b4aa413d6379c135', 'project_id': 'a4ecb4dc626742a4b4aa413d6379c135', 'admin_state_up': True, 'mtu': 8950, 'status': 'ACTIVE', 'subnets': [], 'shared': False, 'port_security_enabled': True, 'router:external': False, 'provider:network_type': 'vlan', 'provider:physical_network': 'default', 'provider:segmentation_id': 962, 'availability_zone_hints': [], 'availability_zones': [], 'ipv4_address_scope': None, 'ipv6_address_scope': None, 'description': '', 'tags': [], 'created_at': '2025-12-09T00:15:38Z', 'updated_at': '2025-12-09T00:15:38Z', 'revision_number': 1} available for tenant
2025-12-09 00:15:52.656 66352 INFO tempest.lib.common.rest_client [req-213f45b4-72ce-4055-b824-4e40188540b4 req-213f45b4-72ce-4055-b824-4e40188540b4 ] Request (ServersTestManualDisk:setUpClass): 201 POST http://10.180.1.21/networking/v2.0/security-group-rules 1.017s
2025-12-09 00:15:52.725 66320 INFO tempest.lib.common.rest_client [req-487f62df-a9d0-4d17-a956-dbc61af400f3 req-487f62df-a9d0-4d17-a956-dbc61af400f3 ] Request (ServerDiagnosticsNegativeTest:test_get_server_diagnostics_by_non_admin): 200 GET http://10.180.1.21/compute/v2.1/servers/7f19ef02-616e-4a19-83d4-4b8a5f72f917 3.912s
2025-12-09 00:15:52.755 66350 INFO tempest.lib.common.rest_client [req-202cd3b1-c1e0-4adb-9d4d-4b0b180529f8 req-202cd3b1-c1e0-4adb-9d4d-4b0b180529f8 ] Request (FlavorsExtraSpecsTestJSON:test_flavor_non_admin_get_all_keys): 200 POST http://10.180.1.21/compute/v2.1/flavors/913429700/os-extra_specs 3.875s
2025-12-09 00:15:52.782 66358 INFO tempest.lib.common.rest_client [req-7d747216-c5f9-4efc-981a-9dd77ecab22b req-7d747216-c5f9-4efc-981a-9dd77ecab22b ] Request (ServersTestBootFromVolume:setUpClass): 202 POST http://10.180.1.21/volume/v3/volumes 0.580s
2025-12-09 00:15:52.867 66314 INFO tempest.lib.common.rest_client [req-68fe525e-7006-407e-a590-52cc843aa132 req-68fe525e-7006-407e-a590-52cc843aa132 ] Request (VolumesAssistedSnapshotsTest:setUpClass): 201 POST http://10.180.1.21/networking/v2.0/subnets 0.520s
2025-12-09 00:15:52.877 66358 INFO tempest.lib.common.rest_client [req-ed7dbc1a-ceac-4fa7-ba83-d8bda68e62f5 req-ed7dbc1a-ceac-4fa7-ba83-d8bda68e62f5 ] Request (ServersTestBootFromVolume:setUpClass): 200 GET http://10.180.1.21/volume/v3/volumes/01233154-01cd-48e7-a075-03a6b1613675 0.085s
2025-12-09 00:15:52.914 66316 INFO tempest.lib.common.rest_client [req-ec50e24a-17bd-482a-89e2-d0c1d28b2d35 req-ec50e24a-17bd-482a-89e2-d0c1d28b2d35 ] Request (FlavorsExtraSpecsNegativeTestJSON:test_flavor_get_nonexistent_key): 404 GET http://10.180.1.21/compute/v2.1/flavors/259035334/os-extra_specs/hw:cpu_thread_policy 3.922s
2025-12-09 00:15:52.948 66300 INFO tempest.lib.common.rest_client [req-66193c7f-c550-4897-9117-79df80f63253 req-66193c7f-c550-4897-9117-79df80f63253 ] Request (KeyPairsV22TestJSON:_run_cleanups): 204 DELETE http://10.180.1.21/compute/v2.1/os-keypairs/tempest-KeyPairsV22TestJSON-keypair-71876444 3.941s
2025-12-09 00:15:52.997 66326 INFO tempest.lib.common.rest_client [req-1ea5bb40-b52f-4c0b-a163-6815e64f7290 req-1ea5bb40-b52f-4c0b-a163-6815e64f7290 ] Request (HypervisorAdminTestJSON:test_get_hypervisor_list_details): 200 GET http://10.180.1.21/compute/v2.1/os-hypervisors/detail 3.866s
2025-12-09 00:15:53.017 66296 INFO tempest.lib.common.rest_client [req-53a47410-9891-4a56-9bb9-c6b18ff79860 req-53a47410-9891-4a56-9bb9-c6b18ff79860 ] Request (ListImageFiltersNegativeTestJSON:tearDownClass): 204 DELETE http://10.180.1.21/networking/v2.0/security-groups/e24ecda1-83ca-4702-b389-dd2b7f4ef8fb 0.462s
2025-12-09 00:15:53.036 66348 INFO tempest.lib.common.rest_client [req-9b79f6f1-1d46-4042-8ccb-e5ac4d8fc0c6 req-9b79f6f1-1d46-4042-8ccb-e5ac4d8fc0c6 ] Request (FloatingIPsTestJSON:test_allocate_floating_ip): 200 GET http://10.180.1.21/compute/v2.1/os-floating-ips/33df83ab-685a-43dc-bafe-e6f1b1fb94e8 4.441s
2025-12-09 00:15:53.098 66344 INFO tempest.lib.common.rest_client [req-5885b739-3400-41bd-ad26-665933373675 req-5885b739-3400-41bd-ad26-665933373675 ] Request (ImagesMetadataTestJSON:setUpClass): 200 GET http://10.180.1.21/compute/v2.1/images/a8170ab2-d1b1-4c24-95a8-691bcad54cba 3.738s
2025-12-09 00:15:53.109 66342 INFO tempest.lib.common.rest_client [req-71e20ca6-68a8-41fc-af6f-a5d2f07fddb5 req-71e20ca6-68a8-41fc-af6f-a5d2f07fddb5 ] Request (FlavorMetadataValidation:test_flavor_update_with_custom_namespace): 200 POST http://10.180.1.21/compute/v2.1/flavors/469446139/os-extra_specs 3.895s
2025-12-09 00:15:53.136 66340 INFO tempest.lib.common.rest_client [req-640ba0a6-4ece-465e-8a8d-dade29a4cc27 req-640ba0a6-4ece-465e-8a8d-dade29a4cc27 ] Request (HypervisorAdminV228Test:test_get_list_hypervisor_details): 200 GET http://10.180.1.21/compute/v2.1/os-hypervisors/1 3.673s
2025-12-09 00:15:53.153 66296 INFO tempest.lib.common.rest_client [req-5a1528d6-278f-4fca-9279-7da82a307161 req-5a1528d6-278f-4fca-9279-7da82a307161 ] Request (ListImageFiltersNegativeTestJSON:tearDownClass): 204 DELETE http://10.180.1.21/identity/v3/projects/01517993c49049c2b21a02580664d2b5 0.135s
2025-12-09 00:15:53.154 66296 INFO tempest.test [-] raised in ServerBootFromVolumeStableRescueTest.setUpClass. Invoking tearDownClass.
2025-12-09 00:15:53.195 66346 INFO tempest.lib.common.rest_client [req-47a310fc-b8c7-45e8-a101-8bee9f090b68 req-47a310fc-b8c7-45e8-a101-8bee9f090b68 ] Request (AggregatesAdminNegativeTestJSON:test_aggregate_add_existent_host): 200 POST http://10.180.1.21/compute/v2.1/os-aggregates 3.471s
2025-12-09 00:15:53.203 66328 INFO tempest.lib.common.rest_client [req-28720839-d3c8-42f8-856d-11a4d258595a req-28720839-d3c8-42f8-856d-11a4d258595a ] Request (FloatingIPDetailsNegativeTestJSON:tearDownClass): 204 DELETE http://10.180.1.21/networking/v2.0/routers/e746b0bb-b3d2-420f-b37e-e88731fcd3a5 1.059s
2025-12-09 00:15:53.253 66356 INFO tempest.lib.common.rest_client [req-8bd775a6-eae5-426e-a264-a5794aa500f9 req-8bd775a6-eae5-426e-a264-a5794aa500f9 ] Request (HypervisorAdminUnderV252Test:test_get_hypervisor_show_servers): 200 GET http://10.180.1.21/compute/v2.1/os-hypervisors/domain-c8.fc996f14-c53b-4953-92e3-bdfa48f5cc28/servers 3.520s
2025-12-09 00:15:53.282 66360 INFO tempest.lib.common.rest_client [req-1c99d0ca-213c-4902-a4ac-36a9858707c6 req-1c99d0ca-213c-4902-a4ac-36a9858707c6 ] Request (FlavorsV255TestJSON:test_crud_flavor): 200 GET http://10.180.1.21/compute/v2.1/flavors/1221624378 3.918s
2025-12-09 00:15:53.283 66336 INFO tempest.lib.common.rest_client [req-7ec924d9-76e4-41b6-a0b7-8ad07353cfc0 req-7ec924d9-76e4-41b6-a0b7-8ad07353cfc0 ] Request (HostsAdminTestJSON:test_list_hosts_with_a_blank_zone): 200 GET http://10.180.1.21/compute/v2.1/os-hosts?zone= 3.349s
2025-12-09 00:15:53.307 66340 INFO tempest.lib.common.rest_client [req-162a597b-e0b5-413a-9140-f43cb5e05732 req-162a597b-e0b5-413a-9140-f43cb5e05732 ] Request (HypervisorAdminV228Test:tearDownClass): 204 DELETE http://10.180.1.21/identity/v3/users/a6097bc80d124abcbea55f2bacd0766d 0.155s
2025-12-09 00:15:53.332 66296 INFO tempest.lib.common.rest_client [req-5c897c2a-5dd0-4b6c-8593-0eabdeb6008e req-5c897c2a-5dd0-4b6c-8593-0eabdeb6008e ] Request (ServerShowV247Test:setUpClass): 201 POST http://10.180.1.21/identity/v3/auth/tokens 0.176s
2025-12-09 00:15:53.508 66340 INFO tempest.lib.common.rest_client [req-de835a6b-fea4-4a73-b67f-b2a9384c5666 req-de835a6b-fea4-4a73-b67f-b2a9384c5666 ] Request (HypervisorAdminV228Test:tearDownClass): 204 DELETE http://10.180.1.21/identity/v3/users/cf0c21c974a74d67b33202e0a5a70fe2 0.200s
2025-12-09 00:15:53.509 66340 INFO tempest.lib.common.dynamic_creds [-] Deleting project and security group for project: 863c017b349049cda90d4e93c7c195c9
2025-12-09 00:15:53.516 66352 INFO tempest.lib.common.rest_client [req-26ecee81-0a7f-4db1-b85b-9d937e7431e1 req-26ecee81-0a7f-4db1-b85b-9d937e7431e1 ] Request (ServersTestManualDisk:setUpClass): 201 POST http://10.180.1.21/networking/v2.0/floatingips 0.859s
2025-12-09 00:15:53.543 66296 INFO tempest.lib.common.rest_client [req-45e1bf9a-b66e-4ac4-a5b7-5fca2cec8051 req-45e1bf9a-b66e-4ac4-a5b7-5fca2cec8051 ] Request (ServerShowV247Test:setUpClass): 201 POST http://10.180.1.21/identity/v3/auth/tokens 0.207s
2025-12-09 00:15:53.603 66340 INFO tempest.lib.common.rest_client [req-1585fd5d-e3ec-4b0b-b2a8-343e37819e2d req-1585fd5d-e3ec-4b0b-b2a8-343e37819e2d ] Request (HypervisorAdminV228Test:tearDownClass): 201 POST http://10.180.1.21/identity/v3/auth/tokens 0.093s
2025-12-09 00:15:53.626 66296 INFO tempest.lib.common.rest_client [req-7a118b22-ec97-4448-a8c8-a539d1433216 req-7a118b22-ec97-4448-a8c8-a539d1433216 ] Request (ServerShowV247Test:setUpClass): 200 GET http://10.180.1.21/identity/v3/domains?name=Default 0.083s
2025-12-09 00:15:53.643 66352 INFO tempest.lib.common.rest_client [req-7e0ffdd3-1cb0-4160-8fd4-06b73aaa2154 req-7e0ffdd3-1cb0-4160-8fd4-06b73aaa2154 ] Request (ServersTestManualDisk:setUpClass): 201 POST http://10.180.1.21/identity/v3/auth/tokens 0.123s
2025-12-09 00:15:53.643 66352 INFO tempest.lib.common.fixed_network [-] (ServersTestManualDisk:setUpClass) Found network {'id': 'b574f7c0-7f8f-4879-8fbb-ee82d3518f12', 'name': 'tempest-ServersTestManualDisk-466144330-network', 'tenant_id': '5021c057294c41ef83805ad7d0ea2cbc', 'project_id': '5021c057294c41ef83805ad7d0ea2cbc', 'admin_state_up': True, 'mtu': 8950, 'status': 'ACTIVE', 'subnets': [], 'shared': False, 'port_security_enabled': True, 'router:external': False, 'provider:network_type': 'vlan', 'provider:physical_network': 'default', 'provider:segmentation_id': 83, 'availability_zone_hints': [], 'availability_zones': [], 'ipv4_address_scope': None, 'ipv6_address_scope': None, 'description': '', 'tags': [], 'created_at': '2025-12-09T00:15:39Z', 'updated_at': '2025-12-09T00:15:39Z', 'revision_number': 1} available for tenant
2025-12-09 00:15:53.657 66296 INFO tempest.lib.common.rest_client [req-1d286234-891e-48df-b733-e5bd0f874f31 req-1d286234-891e-48df-b733-e5bd0f874f31 ] Request (ServerShowV247Test:setUpClass): 201 POST http://10.180.1.21/identity/v3/projects 0.030s
2025-12-09 00:15:53.665 66328 INFO tempest.lib.common.rest_client [req-c363ab8a-8cbb-4431-8535-98385ade7c40 req-c363ab8a-8cbb-4431-8535-98385ade7c40 ] Request (FloatingIPDetailsNegativeTestJSON:tearDownClass): 204 DELETE http://10.180.1.21/networking/v2.0/subnets/d52c5779-559a-4784-adba-e6bf42513dee 0.461s
2025-12-09 00:15:53.725 66296 INFO tempest.lib.common.rest_client [req-18a42d24-2567-4a71-bd13-c763e30aaeca req-18a42d24-2567-4a71-bd13-c763e30aaeca ] Request (ServerShowV247Test:setUpClass): 201 POST http://10.180.1.21/identity/v3/users 0.067s
2025-12-09 00:15:53.749 66296 INFO tempest.lib.common.rest_client [req-6435d2d5-9fb9-411c-8aca-3fb72b3e4200 req-6435d2d5-9fb9-411c-8aca-3fb72b3e4200 ] Request (ServerShowV247Test:setUpClass): 200 GET http://10.180.1.21/identity/v3/roles 0.024s
2025-12-09 00:15:53.779 66296 INFO tempest.lib.common.rest_client [req-37175119-dc3d-46b2-a173-8fce288ab1d1 req-37175119-dc3d-46b2-a173-8fce288ab1d1 ] Request (ServerShowV247Test:setUpClass): 204 PUT http://10.180.1.21/identity/v3/projects/1179ccedfdbe469e851458eaf49a201d/users/6a2620b6e7e14420990bf9ead0350071/roles/96556349ae644dbf84322051a96e7d8c 0.030s
2025-12-09 00:15:53.780 66296 INFO tempest.lib.common.dynamic_creds [-] Dynamic test user 6a2620b6e7e14420990bf9ead0350071 is created with scope project and roles: ['member']
2025-12-09 00:15:53.780 66296 INFO tempest.lib.common.dynamic_creds [-] Acquired dynamic creds: credentials: Credentials: {'domain_id': 'default', 'domain_name': 'Default', 'username': 'tempest-ServerShowV247Test-645888622-project-member', 'project_domain_id': 'default', 'project_domain_name': 'Default', 'project_id': '1179ccedfdbe469e851458eaf49a201d', 'project_name': 'tempest-ServerShowV247Test-645888622', 'tenant_id': '1179ccedfdbe469e851458eaf49a201d', 'tenant_name': 'tempest-ServerShowV247Test-645888622', 'user_domain_id': 'default', 'user_domain_name': 'Default', 'user_id': '6a2620b6e7e14420990bf9ead0350071', 'system': None}, Network: None, Subnet: None, Router: None
2025-12-09 00:15:53.780 66296 INFO tempest.lib.common.dynamic_creds [-] Created isolated network resources for: credentials: Credentials: {'domain_id': 'default', 'domain_name': 'Default', 'username': 'tempest-ServerShowV247Test-645888622-project-member', 'project_domain_id': 'default', 'project_domain_name': 'Default', 'project_id': '1179ccedfdbe469e851458eaf49a201d', 'project_name': 'tempest-ServerShowV247Test-645888622', 'tenant_id': '1179ccedfdbe469e851458eaf49a201d', 'tenant_name': 'tempest-ServerShowV247Test-645888622', 'user_domain_id': 'default', 'user_domain_name': 'Default', 'user_id': '6a2620b6e7e14420990bf9ead0350071', 'system': None}, Network: None, Subnet: None, Router: None
2025-12-09 00:15:53.795 66354 INFO tempest.lib.common.rest_client [req-843dd034-baac-4400-aaa5-2af834c756e9 req-843dd034-baac-4400-aaa5-2af834c756e9 ] Request (SecurityGroupsTestAdminJSON:test_list_security_groups_list_all_tenants_filter): 200 POST http://10.180.1.21/compute/v2.1/os-security-groups 3.463s
2025-12-09 00:15:53.874 66296 INFO tempest.lib.common.rest_client [req-1d94a6c4-0c43-4a50-8a6a-3b851cf5451b req-1d94a6c4-0c43-4a50-8a6a-3b851cf5451b ] Request (ServerShowV247Test:setUpClass): 201 POST http://10.180.1.21/identity/v3/auth/tokens 0.090s
2025-12-09 00:15:53.897 66314 INFO tempest.lib.common.rest_client [req-eca69f10-6d40-45b7-b054-7254390433aa req-eca69f10-6d40-45b7-b054-7254390433aa ] Request (VolumesAssistedSnapshotsTest:setUpClass): 201 POST http://10.180.1.21/networking/v2.0/routers 1.029s
2025-12-09 00:15:53.929 66358 INFO tempest.lib.common.rest_client [req-6d86736f-d21f-44b6-b222-f407a8e66063 req-6d86736f-d21f-44b6-b222-f407a8e66063 ] Request (ServersTestBootFromVolume:setUpClass): 200 GET http://10.180.1.21/volume/v3/volumes/01233154-01cd-48e7-a075-03a6b1613675 0.040s
2025-12-09 00:15:53.935 66308 INFO tempest.lib.common.rest_client [req-a3c58f7c-6a21-4dfd-9eaf-c176f1506f2b req-a3c58f7c-6a21-4dfd-9eaf-c176f1506f2b ] Request (QuotasAdminTestV257:test_get_updated_quotas): 200 GET http://10.180.1.21/compute/v2.1/os-quota-sets/ee24a06697aa465f94726196189cf07d/detail 3.421s
2025-12-09 00:15:53.968 66296 INFO tempest.lib.common.rest_client [req-ad1e79c3-7d60-4f2b-b26c-085ebd315ffc req-ad1e79c3-7d60-4f2b-b26c-085ebd315ffc ] Request (ServerShowV247Test:setUpClass): 200 GET http://10.180.1.21/identity/v3/projects/1179ccedfdbe469e851458eaf49a201d 0.093s
2025-12-09 00:15:53.968 66296 INFO tempest.lib.common.dynamic_creds [-] Using the existing project 1179ccedfdbe469e851458eaf49a201d for scope project and roles: ['reader']
2025-12-09 00:15:53.988 66308 INFO tempest.lib.common.rest_client [req-5e3ffa44-ed46-406f-980e-f547948ca7b2 req-5e3ffa44-ed46-406f-980e-f547948ca7b2 ] Request (QuotasAdminTestV257:test_get_updated_quotas): 200 GET http://10.180.1.21/identity/v3/domains?name=Default 0.049s
2025-12-09 00:15:54.006 66296 INFO tempest.lib.common.rest_client [req-47fbc8c6-6140-4ec8-85fd-06d4cb0b9de3 req-47fbc8c6-6140-4ec8-85fd-06d4cb0b9de3 ] Request (ServerShowV247Test:setUpClass): 201 POST http://10.180.1.21/identity/v3/users 0.037s
2025-12-09 00:15:54.015 66308 INFO tempest.lib.common.rest_client [req-fb6a840c-a92b-4585-91c4-065bcd0a421d req-fb6a840c-a92b-4585-91c4-065bcd0a421d ] Request (QuotasAdminTestV257:test_get_updated_quotas): 201 POST http://10.180.1.21/identity/v3/users 0.026s
2025-12-09 00:15:54.031 66296 INFO tempest.lib.common.rest_client [req-348d554a-506d-4b72-8db8-983380d6adc0 req-348d554a-506d-4b72-8db8-983380d6adc0 ] Request (ServerShowV247Test:setUpClass): 200 GET http://10.180.1.21/identity/v3/roles 0.024s
2025-12-09 00:15:54.043 66308 INFO tempest.lib.common.rest_client [req-e166d459-885f-4c64-8496-e1e1154aac13 req-e166d459-885f-4c64-8496-e1e1154aac13 ] Request (QuotasAdminTestV257:test_get_updated_quotas): 200 GET http://10.180.1.21/identity/v3/domains?name=Default 0.027s
2025-12-09 00:15:54.073 66296 INFO tempest.lib.common.rest_client [req-b5b849b9-ab0d-4596-8f52-5df944dfdeec req-b5b849b9-ab0d-4596-8f52-5df944dfdeec ] Request (ServerShowV247Test:setUpClass): 204 PUT http://10.180.1.21/identity/v3/projects/1179ccedfdbe469e851458eaf49a201d/users/00131cd6785a4a2e9672e33f25771452/roles/d3a4d5338f164ae78b0b113e70d4a65f 0.042s
2025-12-09 00:15:54.073 66296 INFO tempest.lib.common.dynamic_creds [-] Dynamic test user 00131cd6785a4a2e9672e33f25771452 is created with scope project and roles: ['reader']
2025-12-09 00:15:54.074 66296 INFO tempest.lib.common.dynamic_creds [-] Acquired dynamic creds: credentials: Credentials: {'domain_id': 'default', 'domain_name': 'Default', 'username': 'tempest-ServerShowV247Test-645888622-project-reader', 'project_domain_id': 'default', 'project_domain_name': 'Default', 'project_id': '1179ccedfdbe469e851458eaf49a201d', 'project_name': 'tempest-ServerShowV247Test-645888622', 'tenant_id': '1179ccedfdbe469e851458eaf49a201d', 'tenant_name': 'tempest-ServerShowV247Test-645888622', 'user_domain_id': 'default', 'user_domain_name': 'Default', 'user_id': '00131cd6785a4a2e9672e33f25771452', 'system': None}, Network: None, Subnet: None, Router: None
2025-12-09 00:15:54.074 66296 INFO tempest.lib.common.dynamic_creds [-] Network resources are not created for requested scope: project and credentials: Credentials: {'domain_id': 'default', 'domain_name': 'Default', 'username': 'tempest-ServerShowV247Test-645888622-project-reader', 'project_domain_id': 'default', 'project_domain_name': 'Default', 'project_id': '1179ccedfdbe469e851458eaf49a201d', 'project_name': 'tempest-ServerShowV247Test-645888622', 'tenant_id': '1179ccedfdbe469e851458eaf49a201d', 'tenant_name': 'tempest-ServerShowV247Test-645888622', 'user_domain_id': 'default', 'user_domain_name': 'Default', 'user_id': '00131cd6785a4a2e9672e33f25771452', 'system': None}, Network: None, Subnet: None, Router: None
2025-12-09 00:15:54.108 66340 INFO tempest.lib.common.rest_client [req-404be6e2-8f78-4e71-a821-2e97c1722e47 req-404be6e2-8f78-4e71-a821-2e97c1722e47 ] Request (HypervisorAdminV228Test:tearDownClass): 200 GET http://10.180.1.21/networking/v2.0/security-groups?tenant_id=863c017b349049cda90d4e93c7c195c9&name=default 0.504s
2025-12-09 00:15:54.150 66296 INFO tempest.lib.common.rest_client [req-feb24d9d-b229-42d2-a9d4-10d0ab0ac717 req-feb24d9d-b229-42d2-a9d4-10d0ab0ac717 ] Request (ServerShowV247Test:setUpClass): 201 POST http://10.180.1.21/identity/v3/auth/tokens 0.074s
2025-12-09 00:15:54.224 66296 INFO tempest.lib.common.rest_client [req-505340f9-ca5e-4f60-9626-d9e157ef7f8b req-505340f9-ca5e-4f60-9626-d9e157ef7f8b ] Request (ServerShowV247Test:test_show_server): 201 POST http://10.180.1.21/identity/v3/auth/tokens 0.068s
2025-12-09 00:15:54.224 66296 INFO tempest.lib.common.fixed_network [-] (ServerShowV247Test:test_show_server) Found network None available for tenant
2025-12-09 00:15:54.317 66328 INFO tempest.lib.common.rest_client [req-a19f2ba7-aa7c-40dd-b6be-1c48b43a4bd5 req-a19f2ba7-aa7c-40dd-b6be-1c48b43a4bd5 ] Request (FloatingIPDetailsNegativeTestJSON:tearDownClass): 204 DELETE http://10.180.1.21/networking/v2.0/networks/571c033d-2b27-466e-93fd-7ef28df1346a 0.652s
2025-12-09 00:15:54.363 66306 INFO tempest.lib.common.rest_client [req-071a0053-fa21-48ce-a34b-005b555df56a req-071a0053-fa21-48ce-a34b-005b555df56a ] Request (ServersAaction247Test:test_create_backup): 200 GET http://10.180.1.21/compute/v2.1/servers/0b0bfcb0-ed41-4929-ab77-0c9036635382 3.834s
2025-12-09 00:15:54.440 66328 INFO tempest.lib.common.rest_client [req-0a5b5351-0170-4aab-8204-9fb51ba87a3c req-0a5b5351-0170-4aab-8204-9fb51ba87a3c ] Request (FloatingIPDetailsNegativeTestJSON:tearDownClass): 204 DELETE http://10.180.1.21/identity/v3/users/b3441997fb00491d9afd9397f7bfa0fe 0.122s
2025-12-09 00:15:54.440 66328 INFO tempest.lib.common.dynamic_creds [-] Deleting project and security group for project: 2a14c7542079445b89f22c45af46d44e
2025-12-09 00:15:54.453 66340 INFO tempest.lib.common.rest_client [req-bc736e2d-63f3-4e8b-b19e-c970090f8b93 req-bc736e2d-63f3-4e8b-b19e-c970090f8b93 ] Request (HypervisorAdminV228Test:tearDownClass): 204 DELETE http://10.180.1.21/networking/v2.0/security-groups/ceb7292d-19f8-4cfd-a7a8-0367d42797c8 0.343s
2025-12-09 00:15:54.551 66340 INFO tempest.lib.common.rest_client [req-3fc40985-3b1f-4c93-8ef5-ead18a76885c req-3fc40985-3b1f-4c93-8ef5-ead18a76885c ] Request (HypervisorAdminV228Test:tearDownClass): 204 DELETE http://10.180.1.21/identity/v3/projects/863c017b349049cda90d4e93c7c195c9 0.098s
2025-12-09 00:15:54.552 66340 INFO tempest.lib.common.dynamic_creds [-] Deleting project and security group for project: 1789d1ecc7e245db969bcf9a23839207
2025-12-09 00:15:54.907 66314 INFO tempest.lib.common.rest_client [req-f15d3f8f-b12a-43a9-93d6-9b64968573fc req-f15d3f8f-b12a-43a9-93d6-9b64968573fc ] Request (VolumesAssistedSnapshotsTest:setUpClass): 200 PUT http://10.180.1.21/networking/v2.0/routers/3665026e-a972-4c94-b805-06d750b9c46d/add_router_interface 1.009s
2025-12-09 00:15:54.907 66314 INFO tempest.lib.common.dynamic_creds [-] Created isolated network resources for: credentials: Credentials: {'domain_id': 'default', 'domain_name': 'Default', 'username': 'tempest-VolumesAssistedSnapshotsTest-1926271459-project', 'project_domain_id': 'default', 'project_domain_name': 'Default', 'project_id': 'dcf57fb8c3f44252ad9a5a16a3b2c00c', 'project_name': 'tempest-VolumesAssistedSnapshotsTest-1926271459', 'tenant_id': 'dcf57fb8c3f44252ad9a5a16a3b2c00c', 'tenant_name': 'tempest-VolumesAssistedSnapshotsTest-1926271459', 'user_domain_id': 'default', 'user_domain_name': 'Default', 'user_id': '2f6d4cf3393a4909a952c5f63a27fff8', 'system': None}, Network: {'id': 'cedb3024-8416-4c33-8df5-985b83fad3ea', 'name': 'tempest-VolumesAssistedSnapshotsTest-68313263-network', 'tenant_id': 'dcf57fb8c3f44252ad9a5a16a3b2c00c', 'project_id': 'dcf57fb8c3f44252ad9a5a16a3b2c00c', 'admin_state_up': True, 'mtu': 8950, 'status': 'ACTIVE', 'subnets': [], 'shared': False, 'port_security_enabled': True, 'router:external': False, 'provider:network_type': 'vlan', 'provider:physical_network': 'default', 'provider:segmentation_id': 156, 'availability_zone_hints': [], 'availability_zones': [], 'ipv4_address_scope': None, 'ipv6_address_scope': None, 'description': '', 'tags': [], 'created_at': '2025-12-09T00:15:52Z', 'updated_at': '2025-12-09T00:15:52Z', 'revision_number': 1}, Subnet: {'id': '98dfd963-253f-47a2-93dc-b784c51fe68e', 'name': 'tempest-VolumesAssistedSnapshotsTest-68313263-subnet', 'tenant_id': 'dcf57fb8c3f44252ad9a5a16a3b2c00c', 'network_id': 'cedb3024-8416-4c33-8df5-985b83fad3ea', 'ip_version': 4, 'subnetpool_id': None, 'enable_dhcp': True, 'ipv6_ra_mode': None, 'ipv6_address_mode': None, 'gateway_ip': '192.168.128.1', 'cidr': '192.168.128.0/28', 'allocation_pools': [{'start': '192.168.128.2', 'end': '192.168.128.14'}], 'host_routes': [], 'dns_nameservers': [], 'description': '', 'router:external': False, 'service_types': [], 'tags': [], 'created_at': '2025-12-09T00:15:52Z', 'updated_at': '2025-12-09T00:15:52Z', 'revision_number': 0, 'project_id': 'dcf57fb8c3f44252ad9a5a16a3b2c00c'}, Router: {'id': '3665026e-a972-4c94-b805-06d750b9c46d', 'name': 'tempest-VolumesAssistedSnapshotsTest-68313263-router', 'tenant_id': 'dcf57fb8c3f44252ad9a5a16a3b2c00c', 'admin_state_up': True, 'status': 'ACTIVE', 'external_gateway_info': {'network_id': '02416166-961a-464b-9426-9881b25089f4', 'external_fixed_ips': [{'subnet_id': '743a706d-fa41-48cd-ab73-58518bd53585', 'ip_address': '10.180.180.166'}], 'enable_snat': True}, 'description': '', 'availability_zones': [], 'distributed': False, 'ha': False, 'availability_zone_hints': [], 'routes': [], 'flavor_id': None, 'tags': [], 'created_at': '2025-12-09T00:15:53Z', 'updated_at': '2025-12-09T00:15:53Z', 'revision_number': 2, 'project_id': 'dcf57fb8c3f44252ad9a5a16a3b2c00c'}
2025-12-09 00:15:54.944 66304 INFO tempest.lib.common.rest_client [req-f09d343b-8998-4cdf-93e5-ecda9a2e33cd req-f09d343b-8998-4cdf-93e5-ecda9a2e33cd ] Request (ServersAdminNegativeTestJSON:setUpClass): 200 GET http://10.180.1.21/compute/v2.1/servers/c07673ca-2067-481e-8020-602394227800 4.333s
2025-12-09 00:15:54.968 66328 INFO tempest.lib.common.rest_client [req-bd0dd6ec-ce34-420f-89d4-b6526dfaea8c req-bd0dd6ec-ce34-420f-89d4-b6526dfaea8c ] Request (FloatingIPDetailsNegativeTestJSON:tearDownClass): 200 GET http://10.180.1.21/networking/v2.0/security-groups?tenant_id=2a14c7542079445b89f22c45af46d44e&name=default 0.527s
2025-12-09 00:15:54.974 66358 INFO tempest.lib.common.rest_client [req-34edc5dd-8f29-4fbb-b50c-92d4c05083ce req-34edc5dd-8f29-4fbb-b50c-92d4c05083ce ] Request (ServersTestBootFromVolume:setUpClass): 200 GET http://10.180.1.21/volume/v3/volumes/01233154-01cd-48e7-a075-03a6b1613675 0.036s
2025-12-09 00:15:55.012 66334 INFO tempest.lib.common.rest_client [req-e57bbcaa-01c8-4ff4-9b8e-8df0415cf3be req-e57bbcaa-01c8-4ff4-9b8e-8df0415cf3be ] Request (KeyPairsV210TestJSON:test_admin_manage_keypairs_for_other_users): 201 POST http://10.180.1.21/compute/v2.1/os-keypairs 4.163s
2025-12-09 00:15:55.030 66314 INFO tempest.lib.common.rest_client [req-a1b72559-2f11-4252-8200-31f677893f3d req-a1b72559-2f11-4252-8200-31f677893f3d ] Request (VolumesAssistedSnapshotsTest:setUpClass): 201 POST http://10.180.1.21/identity/v3/auth/tokens 0.120s
2025-12-09 00:15:55.097 66340 INFO tempest.lib.common.rest_client [req-e19d3a97-495f-4f7b-b7f0-bbbe3e2cdff1 req-e19d3a97-495f-4f7b-b7f0-bbbe3e2cdff1 ] Request (HypervisorAdminV228Test:tearDownClass): 200 GET http://10.180.1.21/networking/v2.0/security-groups?tenant_id=1789d1ecc7e245db969bcf9a23839207&name=default 0.545s
2025-12-09 00:15:55.141 66310 INFO tempest.lib.common.rest_client [req-d2b63590-b223-4f21-ac5d-13ce90488541 req-d2b63590-b223-4f21-ac5d-13ce90488541 ] Request (FlavorsAccessTestJSON:test_flavor_access_add_remove): 200 GET http://10.180.1.21/compute/v2.1/flavors/detail 4.031s
2025-12-09 00:15:55.162 66338 INFO tempest.lib.common.rest_client [req-3e32b1c5-ad22-4302-8373-ab1ec25f98dd req-3e32b1c5-ad22-4302-8373-ab1ec25f98dd ] Request (FlavorsAdminTestJSON:_run_cleanups): 202 DELETE http://10.180.1.21/compute/v2.1/flavors/942353522 3.874s
2025-12-09 00:15:55.167 66328 INFO tempest.lib.common.rest_client [req-0f597e7d-5658-4e9f-93e8-3883b7a74815 req-0f597e7d-5658-4e9f-93e8-3883b7a74815 ] Request (FloatingIPDetailsNegativeTestJSON:tearDownClass): 204 DELETE http://10.180.1.21/networking/v2.0/security-groups/ec479ae7-3126-4354-b650-6c0d0d838afb 0.198s
2025-12-09 00:15:55.235 66312 INFO tempest.lib.common.rest_client [req-725b4cb0-d14e-4216-a077-547440cb19dd req-725b4cb0-d14e-4216-a077-547440cb19dd ] Request (ListImagesTestJSON:test_list_images): 200 GET http://10.180.1.21/compute/v2.1/images 3.823s
2025-12-09 00:15:55.269 66340 INFO tempest.lib.common.rest_client [req-4b754ce8-1ecd-43c0-9ecd-e0b9505d58e3 req-4b754ce8-1ecd-43c0-9ecd-e0b9505d58e3 ] Request (HypervisorAdminV228Test:tearDownClass): 204 DELETE http://10.180.1.21/networking/v2.0/security-groups/1d8acb97-a454-4b80-aab1-93e81b6e79df 0.171s
2025-12-09 00:15:55.333 66302 INFO tempest.lib.common.rest_client [req-0c45d854-a9a2-4320-b922-1a3ab422d763 req-0c45d854-a9a2-4320-b922-1a3ab422d763 ] Request (ServersWithSpecificFlavorTestJSON:test_verify_created_server_ephemeral_disk): 200 POST http://10.180.1.21/compute/v2.1/flavors 3.798s
2025-12-09 00:15:55.343 66328 INFO tempest.lib.common.rest_client [req-d56b4eb7-f6bb-4e49-9c13-e996c4fb7014 req-d56b4eb7-f6bb-4e49-9c13-e996c4fb7014 ] Request (FloatingIPDetailsNegativeTestJSON:tearDownClass): 204 DELETE http://10.180.1.21/identity/v3/projects/2a14c7542079445b89f22c45af46d44e 0.176s
2025-12-09 00:15:55.377 66328 INFO tempest.lib.common.rest_client [req-492853a0-3e76-4c4d-bed8-dcdd285e9f37 req-492853a0-3e76-4c4d-bed8-dcdd285e9f37 ] Request (ImagesDeleteNegativeTestJSON:setUpClass): 201 POST http://10.180.1.21/identity/v3/auth/tokens 0.032s
2025-12-09 00:15:55.406 66322 INFO tempest.lib.common.rest_client [req-2e49412a-f089-4584-a8de-f778cb078230 req-2e49412a-f089-4584-a8de-f778cb078230 ] Request (ServersAdminTestJSON:setUpClass): 202 POST http://10.180.1.21/compute/v2.1/servers 5.436s
2025-12-09 00:15:55.407 66340 INFO tempest.lib.common.rest_client [req-96af6f0d-455b-4c24-812c-453673258619 req-96af6f0d-455b-4c24-812c-453673258619 ] Request (HypervisorAdminV228Test:tearDownClass): 204 DELETE http://10.180.1.21/identity/v3/projects/1789d1ecc7e245db969bcf9a23839207 0.138s
2025-12-09 00:15:55.444 66328 INFO tempest.lib.common.rest_client [req-c6c9ab3b-6fc5-4800-90c6-ed3f5a9dbd01 req-c6c9ab3b-6fc5-4800-90c6-ed3f5a9dbd01 ] Request (ImagesDeleteNegativeTestJSON:setUpClass): 201 POST http://10.180.1.21/identity/v3/auth/tokens 0.065s
2025-12-09 00:15:55.488 66340 INFO tempest.lib.common.rest_client [req-273195f7-f052-4739-bf48-0b985c2888fc req-273195f7-f052-4739-bf48-0b985c2888fc ] Request (HypervisorAdminV253TestBase:setUpClass): 201 POST http://10.180.1.21/identity/v3/auth/tokens 0.079s
2025-12-09 00:15:55.514 66314 INFO tempest.lib.common.rest_client [req-cbb0593c-fa92-481a-8315-d41791671bf3 req-cbb0593c-fa92-481a-8315-d41791671bf3 ] Request (VolumesAssistedSnapshotsTest:test_volume_assisted_snapshot_create_delete): 202 POST http://10.180.1.21/volume/v3/volumes 0.481s
2025-12-09 00:15:55.534 66298 INFO tempest.lib.common.rest_client [req-0839790d-64c0-4230-a568-4423719d7ddb req-0839790d-64c0-4230-a568-4423719d7ddb ] Request (ServicesAdminNegativeTestJSON:test_get_service_by_invalid_service_and_valid_host): 200 GET http://10.180.1.21/compute/v2.1/os-services 3.972s
2025-12-09 00:15:55.549 66324 INFO tempest.lib.common.rest_client [req-5a2ed3d4-08bc-4a13-b739-8a3b35d8e2a7 req-5a2ed3d4-08bc-4a13-b739-8a3b35d8e2a7 ] Request (KeyPairsNegativeTestJSON:test_create_keypair_invalid_name): 400 POST http://10.180.1.21/compute/v2.1/os-keypairs 3.817s
2025-12-09 00:15:55.551 66322 INFO tempest.lib.common.rest_client [req-6e2dad61-8239-4b5d-a3d2-c28ee2da44be req-6e2dad61-8239-4b5d-a3d2-c28ee2da44be ] Request (ServersAdminTestJSON:setUpClass): 201 POST http://10.180.1.21/identity/v3/auth/tokens 0.138s
2025-12-09 00:15:55.551 66322 INFO tempest.lib.common.fixed_network [-] (ServersAdminTestJSON:setUpClass) Found network {'id': '817b1032-0c2f-4b0d-858d-89a5f833c658', 'name': 'tempest-ServersAdminTestJSON-1990430859-network', 'tenant_id': 'f75b30ae336c4487b364931dd3b2f8a8', 'project_id': 'f75b30ae336c4487b364931dd3b2f8a8', 'admin_state_up': True, 'mtu': 8950, 'status': 'ACTIVE', 'subnets': [], 'shared': False, 'port_security_enabled': True, 'router:external': False, 'provider:network_type': 'vlan', 'provider:physical_network': 'default', 'provider:segmentation_id': 890, 'availability_zone_hints': [], 'availability_zones': [], 'ipv4_address_scope': None, 'ipv6_address_scope': None, 'description': '', 'tags': [], 'created_at': '2025-12-09T00:15:38Z', 'updated_at': '2025-12-09T00:15:38Z', 'revision_number': 1} available for tenant
2025-12-09 00:15:55.559 66328 INFO tempest.lib.common.rest_client [req-2cd93581-2746-451e-afcc-c9a5715bd397 req-2cd93581-2746-451e-afcc-c9a5715bd397 ] Request (ImagesDeleteNegativeTestJSON:setUpClass): 200 GET http://10.180.1.21/identity/v3/domains?name=Default 0.114s
2025-12-09 00:15:55.580 66314 INFO tempest.lib.common.rest_client [req-e23d5fbb-55bd-48c0-9d88-f0fa36b74092 req-e23d5fbb-55bd-48c0-9d88-f0fa36b74092 ] Request (VolumesAssistedSnapshotsTest:test_volume_assisted_snapshot_create_delete): 200 GET http://10.180.1.21/volume/v3/volumes/9130cf44-5044-47ba-8aa4-076cfc5d3117 0.060s
2025-12-09 00:15:55.585 66340 INFO tempest.lib.common.rest_client [req-d2852a7e-72d9-4169-9b16-a8092ee7671f req-d2852a7e-72d9-4169-9b16-a8092ee7671f ] Request (HypervisorAdminV253TestBase:setUpClass): 201 POST http://10.180.1.21/identity/v3/auth/tokens 0.086s
2025-12-09 00:15:55.620 66328 INFO tempest.lib.common.rest_client [req-a8564b96-7eca-4cc2-92e1-92d79a272cdd req-a8564b96-7eca-4cc2-92e1-92d79a272cdd ] Request (ImagesDeleteNegativeTestJSON:setUpClass): 201 POST http://10.180.1.21/identity/v3/projects 0.059s
2025-12-09 00:15:55.637 66350 INFO tempest.lib.common.rest_client [req-fd279b62-cf12-4ce8-952c-d8e91b5d7041 req-fd279b62-cf12-4ce8-952c-d8e91b5d7041 ] Request (FlavorsExtraSpecsTestJSON:test_flavor_non_admin_get_all_keys): 200 GET http://10.180.1.21/compute/v2.1/flavors/913429700/os-extra_specs 2.880s
2025-12-09 00:15:55.649 66316 INFO tempest.lib.common.rest_client [req-0475df24-ffaf-4fcd-afa6-bf7e5318f140 req-0475df24-ffaf-4fcd-afa6-bf7e5318f140 ] Request (FlavorsExtraSpecsNegativeTestJSON:test_flavor_non_admin_set_keys): 403 POST http://10.180.1.21/compute/v2.1/flavors/259035334/os-extra_specs 2.717s
2025-12-09 00:15:55.675 66300 INFO tempest.lib.common.rest_client [req-93ea277d-9307-452c-bc40-0c0cf1e22e2f req-93ea277d-9307-452c-bc40-0c0cf1e22e2f ] Request (KeyPairsV22TestJSON:_run_cleanups): 204 DELETE http://10.180.1.21/compute/v2.1/os-keypairs/tempest-KeyPairsV22TestJSON-keypair-84730267 2.726s
2025-12-09 00:15:55.695 66340 INFO tempest.lib.common.rest_client [req-d25a8a97-856c-4ec6-9cbd-d84a3cc0249f req-d25a8a97-856c-4ec6-9cbd-d84a3cc0249f ] Request (HypervisorAdminV253TestBase:setUpClass): 200 GET http://10.180.1.21/identity/v3/domains?name=Default 0.109s
2025-12-09 00:15:55.701 66328 INFO tempest.lib.common.rest_client [req-343c3c4e-efde-4e38-9f2c-e8c2d412a772 req-343c3c4e-efde-4e38-9f2c-e8c2d412a772 ] Request (ImagesDeleteNegativeTestJSON:setUpClass): 201 POST http://10.180.1.21/identity/v3/users 0.080s
2025-12-09 00:15:55.710 66326 INFO tempest.lib.common.rest_client [req-cf4e699a-1e5e-416e-ba8d-44e417604e70 req-cf4e699a-1e5e-416e-ba8d-44e417604e70 ] Request (HypervisorAdminTestJSON:test_get_hypervisor_show_details): 200 GET http://10.180.1.21/compute/v2.1/os-hypervisors 2.701s
2025-12-09 00:15:55.731 66340 INFO tempest.lib.common.rest_client [req-81827c13-13c1-42f0-a481-8ff0356a5a4d req-81827c13-13c1-42f0-a481-8ff0356a5a4d ] Request (HypervisorAdminV253TestBase:setUpClass): 201 POST http://10.180.1.21/identity/v3/projects 0.035s
2025-12-09 00:15:55.735 66328 INFO tempest.lib.common.rest_client [req-82cb5920-5073-4cad-8849-0fc96b27121b req-82cb5920-5073-4cad-8849-0fc96b27121b ] Request (ImagesDeleteNegativeTestJSON:setUpClass): 200 GET http://10.180.1.21/identity/v3/roles 0.034s
2025-12-09 00:15:55.803 66340 INFO tempest.lib.common.rest_client [req-76e5d4ae-19bb-4714-a767-9bc5fc6a11b6 req-76e5d4ae-19bb-4714-a767-9bc5fc6a11b6 ] Request (HypervisorAdminV253TestBase:setUpClass): 201 POST http://10.180.1.21/identity/v3/users 0.071s
2025-12-09 00:15:55.822 66328 INFO tempest.lib.common.rest_client [req-013d8405-b181-43c3-8f02-99b15b12e301 req-013d8405-b181-43c3-8f02-99b15b12e301 ] Request (ImagesDeleteNegativeTestJSON:setUpClass): 204 PUT http://10.180.1.21/identity/v3/projects/ce1a01bb44f84c18a64cf53b33329d03/users/d7046ff9771442f3b8ee3ba0899acb9e/roles/96556349ae644dbf84322051a96e7d8c 0.086s
2025-12-09 00:15:55.822 66328 INFO tempest.lib.common.dynamic_creds [-] Dynamic test user d7046ff9771442f3b8ee3ba0899acb9e is created with scope project and roles: ['member']
2025-12-09 00:15:55.823 66328 INFO tempest.lib.common.dynamic_creds [-] Acquired dynamic creds: credentials: Credentials: {'domain_id': 'default', 'domain_name': 'Default', 'username': 'tempest-ImagesDeleteNegativeTestJSON-962091202-project-member', 'project_domain_id': 'default', 'project_domain_name': 'Default', 'project_id': 'ce1a01bb44f84c18a64cf53b33329d03', 'project_name': 'tempest-ImagesDeleteNegativeTestJSON-962091202', 'tenant_id': 'ce1a01bb44f84c18a64cf53b33329d03', 'tenant_name': 'tempest-ImagesDeleteNegativeTestJSON-962091202', 'user_domain_id': 'default', 'user_domain_name': 'Default', 'user_id': 'd7046ff9771442f3b8ee3ba0899acb9e', 'system': None}, Network: None, Subnet: None, Router: None
2025-12-09 00:15:55.823 66328 INFO tempest.lib.common.dynamic_creds [-] Created isolated network resources for: credentials: Credentials: {'domain_id': 'default', 'domain_name': 'Default', 'username': 'tempest-ImagesDeleteNegativeTestJSON-962091202-project-member', 'project_domain_id': 'default', 'project_domain_name': 'Default', 'project_id': 'ce1a01bb44f84c18a64cf53b33329d03', 'project_name': 'tempest-ImagesDeleteNegativeTestJSON-962091202', 'tenant_id': 'ce1a01bb44f84c18a64cf53b33329d03', 'tenant_name': 'tempest-ImagesDeleteNegativeTestJSON-962091202', 'user_domain_id': 'default', 'user_domain_name': 'Default', 'user_id': 'd7046ff9771442f3b8ee3ba0899acb9e', 'system': None}, Network: None, Subnet: None, Router: None
2025-12-09 00:15:55.825 66340 INFO tempest.lib.common.rest_client [req-4255dee6-2845-469c-869c-5760918a72ad req-4255dee6-2845-469c-869c-5760918a72ad ] Request (HypervisorAdminV253TestBase:setUpClass): 200 GET http://10.180.1.21/identity/v3/roles 0.021s
2025-12-09 00:15:55.916 66328 INFO tempest.lib.common.rest_client [req-9341d1eb-9705-48ef-97f5-c39a1fc3bba1 req-9341d1eb-9705-48ef-97f5-c39a1fc3bba1 ] Request (ImagesDeleteNegativeTestJSON:setUpClass): 201 POST http://10.180.1.21/identity/v3/auth/tokens 0.085s
2025-12-09 00:15:55.920 66340 INFO tempest.lib.common.rest_client [req-13416ff6-6b63-4726-ada0-5c8109b3ffed req-13416ff6-6b63-4726-ada0-5c8109b3ffed ] Request (HypervisorAdminV253TestBase:setUpClass): 204 PUT http://10.180.1.21/identity/v3/projects/2b40da9fc7334a8ca29d6c95de55df9f/users/13e69ebab9a54511a9be59454a66399e/roles/96556349ae644dbf84322051a96e7d8c 0.094s
2025-12-09 00:15:55.920 66340 INFO tempest.lib.common.dynamic_creds [-] Dynamic test user 13e69ebab9a54511a9be59454a66399e is created with scope project and roles: ['member']
2025-12-09 00:15:55.920 66340 INFO tempest.lib.common.dynamic_creds [-] Acquired dynamic creds: credentials: Credentials: {'domain_id': 'default', 'domain_name': 'Default', 'username': 'tempest-HypervisorAdminV253TestBase-1942505453-project-member', 'project_domain_id': 'default', 'project_domain_name': 'Default', 'project_id': '2b40da9fc7334a8ca29d6c95de55df9f', 'project_name': 'tempest-HypervisorAdminV253TestBase-1942505453', 'tenant_id': '2b40da9fc7334a8ca29d6c95de55df9f', 'tenant_name': 'tempest-HypervisorAdminV253TestBase-1942505453', 'user_domain_id': 'default', 'user_domain_name': 'Default', 'user_id': '13e69ebab9a54511a9be59454a66399e', 'system': None}, Network: None, Subnet: None, Router: None
2025-12-09 00:15:55.920 66340 INFO tempest.lib.common.dynamic_creds [-] Created isolated network resources for: credentials: Credentials: {'domain_id': 'default', 'domain_name': 'Default', 'username': 'tempest-HypervisorAdminV253TestBase-1942505453-project-member', 'project_domain_id': 'default', 'project_domain_name': 'Default', 'project_id': '2b40da9fc7334a8ca29d6c95de55df9f', 'project_name': 'tempest-HypervisorAdminV253TestBase-1942505453', 'tenant_id': '2b40da9fc7334a8ca29d6c95de55df9f', 'tenant_name': 'tempest-HypervisorAdminV253TestBase-1942505453', 'user_domain_id': 'default', 'user_domain_name': 'Default', 'user_id': '13e69ebab9a54511a9be59454a66399e', 'system': None}, Network: None, Subnet: None, Router: None
2025-12-09 00:15:56.024 66358 INFO tempest.lib.common.rest_client [req-96a95e6a-3f75-454a-ba41-d7cdf64f1c19 req-96a95e6a-3f75-454a-ba41-d7cdf64f1c19 ] Request (ServersTestBootFromVolume:setUpClass): 200 GET http://10.180.1.21/volume/v3/volumes/01233154-01cd-48e7-a075-03a6b1613675 0.042s
2025-12-09 00:15:56.031 66340 INFO tempest.lib.common.rest_client [req-fe9a9187-1221-483a-8196-42ddc61473f4 req-fe9a9187-1221-483a-8196-42ddc61473f4 ] Request (HypervisorAdminV253TestBase:setUpClass): 201 POST http://10.180.1.21/identity/v3/auth/tokens 0.106s
2025-12-09 00:15:56.103 66340 INFO tempest.lib.common.rest_client [req-49d47507-c30a-4173-b059-37a7bf4b6d8f req-49d47507-c30a-4173-b059-37a7bf4b6d8f ] Request (HypervisorAdminV253TestBase:setUpClass): 201 POST http://10.180.1.21/identity/v3/projects 0.072s
2025-12-09 00:15:56.185 66340 INFO tempest.lib.common.rest_client [req-666afcd3-bc2d-4199-bca7-8d422743c17e req-666afcd3-bc2d-4199-bca7-8d422743c17e ] Request (HypervisorAdminV253TestBase:setUpClass): 201 POST http://10.180.1.21/identity/v3/users 0.082s
2025-12-09 00:15:56.210 66340 INFO tempest.lib.common.rest_client [req-9236a7d0-46ed-49c7-98d3-cbf88552f7b5 req-9236a7d0-46ed-49c7-98d3-cbf88552f7b5 ] Request (HypervisorAdminV253TestBase:setUpClass): 200 GET http://10.180.1.21/identity/v3/roles 0.024s
2025-12-09 00:15:56.241 66340 INFO tempest.lib.common.rest_client [req-65e4410d-870a-4627-90c4-aa670edadfac req-65e4410d-870a-4627-90c4-aa670edadfac ] Request (HypervisorAdminV253TestBase:setUpClass): 204 PUT http://10.180.1.21/identity/v3/projects/8ead8169706b4127a2e1f3f1dd0fea86/users/21315273ff4c4850a3bee970cba26c5c/roles/6491e91d71a0490fa30645867d978920 0.030s
2025-12-09 00:15:56.302 66340 INFO tempest.lib.common.rest_client [req-95b7ae64-0688-487a-a72d-316c16202307 req-95b7ae64-0688-487a-a72d-316c16202307 ] Request (HypervisorAdminV253TestBase:setUpClass): 200 GET http://10.180.1.21/identity/v3/roles 0.061s
2025-12-09 00:15:56.316 66348 INFO tempest.lib.common.rest_client [req-1076a00d-cf2e-40fe-b1f0-b38e3b6d8a38 req-1076a00d-cf2e-40fe-b1f0-b38e3b6d8a38 ] Request (FloatingIPsTestJSON:test_allocate_floating_ip): 200 GET http://10.180.1.21/compute/v2.1/os-floating-ips 3.271s
2025-12-09 00:15:56.329 66340 INFO tempest.lib.common.rest_client [req-cd5f2ace-db3a-4a63-90bc-38305d0dc898 req-cd5f2ace-db3a-4a63-90bc-38305d0dc898 ] Request (HypervisorAdminV253TestBase:setUpClass): 204 PUT http://10.180.1.21/identity/v3/projects/8ead8169706b4127a2e1f3f1dd0fea86/users/21315273ff4c4850a3bee970cba26c5c/roles/6491e91d71a0490fa30645867d978920 0.026s
2025-12-09 00:15:56.329 66340 INFO tempest.lib.common.dynamic_creds [-] Dynamic test user 21315273ff4c4850a3bee970cba26c5c is created with scope project and roles: ['admin']
2025-12-09 00:15:56.329 66340 INFO tempest.lib.common.dynamic_creds [-] Acquired dynamic creds: credentials: Credentials: {'domain_id': 'default', 'domain_name': 'Default', 'username': 'tempest-HypervisorAdminV253TestBase-1394698145-project-admin', 'project_domain_id': 'default', 'project_domain_name': 'Default', 'project_id': '8ead8169706b4127a2e1f3f1dd0fea86', 'project_name': 'tempest-HypervisorAdminV253TestBase-1394698145', 'tenant_id': '8ead8169706b4127a2e1f3f1dd0fea86', 'tenant_name': 'tempest-HypervisorAdminV253TestBase-1394698145', 'user_domain_id': 'default', 'user_domain_name': 'Default', 'user_id': '21315273ff4c4850a3bee970cba26c5c', 'system': None}, Network: None, Subnet: None, Router: None
2025-12-09 00:15:56.329 66340 INFO tempest.lib.common.dynamic_creds [-] Created isolated network resources for: credentials: Credentials: {'domain_id': 'default', 'domain_name': 'Default', 'username': 'tempest-HypervisorAdminV253TestBase-1394698145-project-admin', 'project_domain_id': 'default', 'project_domain_name': 'Default', 'project_id': '8ead8169706b4127a2e1f3f1dd0fea86', 'project_name': 'tempest-HypervisorAdminV253TestBase-1394698145', 'tenant_id': '8ead8169706b4127a2e1f3f1dd0fea86', 'tenant_name': 'tempest-HypervisorAdminV253TestBase-1394698145', 'user_domain_id': 'default', 'user_domain_name': 'Default', 'user_id': '21315273ff4c4850a3bee970cba26c5c', 'system': None}, Network: None, Subnet: None, Router: None
