2025-12-09 00:19:20.876 66304 INFO tempest.lib.common.rest_client [req-b66fb29a-bf0a-4eed-8677-286dd9ac9e53 req-b66fb29a-bf0a-4eed-8677-286dd9ac9e53 ] Request (ServersV294TestFqdnHostnames:setUpClass): 200 GET http://10.180.1.21/compute/v2.1/servers/ebaf7508-c857-4e45-86db-56c6c59b0931 0.155s
2025-12-09 00:19:20.967 66356 INFO tempest.lib.common.rest_client [req-f3cf23d8-0252-4adc-b989-a80fdc543c38 req-f3cf23d8-0252-4adc-b989-a80fdc543c38 ] Request (ImagesTestJSON:test_create_server_from_snapshot): 200 GET http://10.180.1.21/compute/v2.1/images/91bc9cfe-7ad0-45de-b43f-810140525b9f 0.043s
2025-12-09 00:19:20.998 66314 INFO tempest.lib.common.rest_client [req-1f5005f3-0642-4c61-bb63-73ea1ac5aca4 req-1f5005f3-0642-4c61-bb63-73ea1ac5aca4 ] Request (ServerDiagnosticsTest:test_get_server_diagnostics): 200 GET http://10.180.1.21/compute/v2.1/servers/bbd4c856-b85d-4b10-bcbd-be74e0688022 0.108s
2025-12-09 00:19:21.007 66314 INFO tempest.common.waiters [-] State transition "BUILD/spawning" ==> "ACTIVE/None" after 48 second wait
2025-12-09 00:19:21.075 66318 INFO tempest.lib.common.rest_client [req-886aa12b-2ef9-4e1b-b1f0-8db937086f71 req-886aa12b-2ef9-4e1b-b1f0-8db937086f71 ] Request (AttachInterfacesUnderV243Test:_run_cleanups): 200 GET http://10.180.1.21/compute/v2.1/servers/fa0f45fe-0f46-4ed4-a399-36e438fa81c6 0.085s
2025-12-09 00:19:21.173 66350 INFO tempest.lib.common.rest_client [req-20dbcdd1-4dde-4d8e-8ccb-617362e3b252 req-20dbcdd1-4dde-4d8e-8ccb-617362e3b252 ] Request (VolumesAdminNegativeTest:tearDownClass): 200 GET http://10.180.1.21/compute/v2.1/servers/14a8e924-1d20-4bba-b3a2-58a4f8abe4b6 0.132s
2025-12-09 00:19:21.271 66338 INFO tempest.lib.common.rest_client [req-617f5f7e-080f-4696-952d-1e2b005957d0 req-617f5f7e-080f-4696-952d-1e2b005957d0 ] Request (InstanceActionsV221TestJSON:test_get_list_deleted_instance_actions): 200 GET http://10.180.1.21/compute/v2.1/servers/8dbd0f12-4351-4425-89ec-4340132c2f6b 0.211s
2025-12-09 00:19:21.362 66298 INFO tempest.lib.common.rest_client [req-d6d96495-812d-4109-a15d-686c0196a535 req-d6d96495-812d-4109-a15d-686c0196a535 ] Request (ServerMetadataTestJSON:setUpClass): 200 GET http://10.180.1.21/compute/v2.1/servers/7f5fb954-8eb7-44bd-830e-33368d558c21 0.221s
2025-12-09 00:19:21.364 66300 INFO tempest.lib.common.rest_client [req-bc12b810-857a-4526-94be-7fb5ccc0463a req-bc12b810-857a-4526-94be-7fb5ccc0463a ] Request (DeleteServersTestJSON:setUpClass): 201 POST http://10.180.1.21/networking/v2.0/routers 0.911s
2025-12-09 00:19:21.490 66342 INFO tempest.lib.common.rest_client [req-3dbdc44c-863f-41a5-a1b4-36b5be41e441 req-3dbdc44c-863f-41a5-a1b4-36b5be41e441 ] Request (AttachVolumeTestJSON:test_attach_detach_volume): 200 GET http://10.180.1.21/compute/v2.1/servers/0c8a68c5-8f5a-4aab-9143-3b50df4685fc 0.332s
2025-12-09 00:19:21.558 66340 INFO tempest.lib.common.rest_client [req-11cfe77d-2b89-46a9-87b5-5b8633d8a0c4 req-11cfe77d-2b89-46a9-87b5-5b8633d8a0c4 ] Request (ListImageFiltersTestJSON:tearDownClass): 200 GET http://10.180.1.21/compute/v2.1/servers/04be04a7-b943-4701-abd9-ec8af496d3b1 0.272s
2025-12-09 00:19:21.722 66314 INFO tempest.lib.common.rest_client [req-15b23e20-bee8-4386-84b1-0a447bba4e1a req-15b23e20-bee8-4386-84b1-0a447bba4e1a ] Request (ServerDiagnosticsTest:test_get_server_diagnostics): 200 GET http://10.180.1.21/compute/v2.1/servers/bbd4c856-b85d-4b10-bcbd-be74e0688022/diagnostics 0.714s
2025-12-09 00:19:21.888 66320 INFO tempest.lib.common.rest_client [req-59047601-afc6-4c41-89b9-305af9335a9b req-59047601-afc6-4c41-89b9-305af9335a9b ] Request (ListServersNegativeTestJSON:setUpClass): 200 GET http://10.180.1.21/compute/v2.1/servers/13978f46-bc24-45fa-9376-75e81ae0eca9 0.537s
2025-12-09 00:19:21.916 66316 INFO tempest.lib.common.rest_client [req-f67ca26c-d43c-479f-a1cd-2dc4bf7ea80a req-f67ca26c-d43c-479f-a1cd-2dc4bf7ea80a ] Request (ServerRescueTestJSON:test_rescue_unrescue_instance): 200 GET http://10.180.1.21/compute/v2.1/servers/b3edf617-aadb-4c11-a43b-6f9f701b2927 0.585s
2025-12-09 00:19:21.940 66336 INFO tempest.lib.common.rest_client [req-5acc5b12-7a5b-43f6-83a9-be567f53ecd6 req-5acc5b12-7a5b-43f6-83a9-be567f53ecd6 ] Request (SecurityGroupsTestJSON:test_server_security_groups): 404 GET http://10.180.1.21/compute/v2.1/servers/e4422259-8de2-45d8-9c12-644fb65a8473 0.522s
2025-12-09 00:19:21.950 66306 INFO tempest.lib.common.rest_client [req-679b0bc5-1d73-4615-8e36-7df404f63cf1 req-679b0bc5-1d73-4615-8e36-7df404f63cf1 ] Request (ServersNegativeTestJSON:setUpClass): 200 GET http://10.180.1.21/compute/v2.1/servers/2e9a8604-a8bd-4444-9a50-057d5d0cf428 0.562s
2025-12-09 00:19:22.019 66334 INFO tempest.lib.common.rest_client [req-33f870b0-f004-4e7e-abc8-c2cc96333da1 req-33f870b0-f004-4e7e-abc8-c2cc96333da1 ] Request (ServersTestFqdnHostnames:tearDownClass): 200 GET http://10.180.1.21/compute/v2.1/servers/277dffec-78d7-4397-886d-6cbf5f496c28 0.521s
2025-12-09 00:19:22.040 66332 INFO tempest.lib.common.rest_client [req-6516b98f-8274-485a-868a-18e53e26a8a6 req-6516b98f-8274-485a-868a-18e53e26a8a6 ] Request (ServerDiskConfigTestJSON:test_resize_server_from_auto_to_manual): 200 GET http://10.180.1.21/compute/v2.1/servers/67dbfd52-4550-4eb9-a027-a36bd9612c18 0.459s
2025-12-09 00:19:22.194 66344 INFO tempest.lib.common.rest_client [req-267b011a-b9fb-4f71-aa6d-9c66a95871d8 req-267b011a-b9fb-4f71-aa6d-9c66a95871d8 ] Request (ServersListShow2100Test:test_list_show_rebuild_update_server_2100): 200 GET http://10.180.1.21/compute/v2.1/servers/b9e9ff24-b211-4669-815d-acae5793c021 0.479s
2025-12-09 00:19:22.256 66360 INFO tempest.lib.common.rest_client [req-8d073f6f-3711-4468-91bc-07da6e458c52 req-8d073f6f-3711-4468-91bc-07da6e458c52 ] Request (MigrationsAdminTest:test_resize_server_revert_deleted_flavor): 200 GET http://10.180.1.21/compute/v2.1/servers/43991b0c-99c1-4192-8700-f26bae2cdb35 0.587s
2025-12-09 00:19:22.292 66314 INFO tempest.lib.common.rest_client [req-7c3e60cf-5a60-4f25-beb1-719c9f297657 req-7c3e60cf-5a60-4f25-beb1-719c9f297657 ] Request (ServerDiagnosticsTest:tearDownClass): 204 DELETE http://10.180.1.21/compute/v2.1/servers/bbd4c856-b85d-4b10-bcbd-be74e0688022 0.568s
2025-12-09 00:19:22.344 66302 INFO tempest.lib.common.rest_client [req-07a706da-53a8-4dc4-b231-511051927312 req-07a706da-53a8-4dc4-b231-511051927312 ] Request (ServersWithSpecificFlavorTestJSON:test_verify_created_server_ephemeral_disk): 200 GET http://10.180.1.21/compute/v2.1/servers/309ab413-d0cf-4535-b577-eeb3dcce594f 0.533s
2025-12-09 00:19:22.401 66322 INFO tempest.lib.common.rest_client [req-1dd70783-d340-4044-9fc4-7651bcd76cb5 req-1dd70783-d340-4044-9fc4-7651bcd76cb5 ] Request (ServersAdminTestJSON:tearDownClass): 200 GET http://10.180.1.21/compute/v2.1/servers/3b81135a-75aa-45a0-b70d-76db95548bda 0.547s
2025-12-09 00:19:22.456 66304 INFO tempest.lib.common.rest_client [req-bbb54083-3258-441c-97dc-225deba42455 req-bbb54083-3258-441c-97dc-225deba42455 ] Request (ServersV294TestFqdnHostnames:setUpClass): 200 GET http://10.180.1.21/compute/v2.1/servers/ebaf7508-c857-4e45-86db-56c6c59b0931 0.568s
2025-12-09 00:19:22.506 66356 INFO tempest.lib.common.rest_client [req-7aa33cbe-2d0c-4e0e-a42d-f3a96b923ebf req-7aa33cbe-2d0c-4e0e-a42d-f3a96b923ebf ] Request (ImagesTestJSON:test_create_server_from_snapshot): 200 GET http://10.180.1.21/compute/v2.1/images/91bc9cfe-7ad0-45de-b43f-810140525b9f 0.535s
2025-12-09 00:19:22.575 66336 INFO tempest.lib.common.rest_client [req-d029885b-d3f3-4cd2-a95e-b98c2900abd3 req-d029885b-d3f3-4cd2-a95e-b98c2900abd3 ] Request (SecurityGroupsTestJSON:test_server_security_groups): 202 DELETE http://10.180.1.21/compute/v2.1/os-security-groups/6b1cda03-9946-4a9d-8c39-70ef8ee98265 0.634s
2025-12-09 00:19:22.596 66318 INFO tempest.lib.common.rest_client [req-52d1a642-56c4-4d7b-9835-d8ccc8d67afb req-52d1a642-56c4-4d7b-9835-d8ccc8d67afb ] Request (AttachInterfacesUnderV243Test:_run_cleanups): 200 GET http://10.180.1.21/compute/v2.1/servers/fa0f45fe-0f46-4ed4-a399-36e438fa81c6 0.512s
2025-12-09 00:19:22.641 66350 INFO tempest.lib.common.rest_client [req-c155fb62-44ad-4e6a-b634-e1992c12546c req-c155fb62-44ad-4e6a-b634-e1992c12546c ] Request (VolumesAdminNegativeTest:tearDownClass): 200 GET http://10.180.1.21/compute/v2.1/servers/14a8e924-1d20-4bba-b3a2-58a4f8abe4b6 0.456s
2025-12-09 00:19:22.671 66338 INFO tempest.lib.common.rest_client [req-6253f442-1f55-4a9d-a280-e5c3737153f8 req-6253f442-1f55-4a9d-a280-e5c3737153f8 ] Request (InstanceActionsV221TestJSON:test_get_list_deleted_instance_actions): 200 GET http://10.180.1.21/compute/v2.1/servers/8dbd0f12-4351-4425-89ec-4340132c2f6b 0.389s
2025-12-09 00:19:22.736 66298 INFO tempest.lib.common.rest_client [req-2ec22dc4-0c2b-4193-a398-477eb82d7594 req-2ec22dc4-0c2b-4193-a398-477eb82d7594 ] Request (ServerMetadataTestJSON:setUpClass): 200 GET http://10.180.1.21/compute/v2.1/servers/7f5fb954-8eb7-44bd-830e-33368d558c21 0.365s
2025-12-09 00:19:22.770 66314 INFO tempest.lib.common.rest_client [req-884dd806-a19c-4857-ae60-7b4a0900b511 req-884dd806-a19c-4857-ae60-7b4a0900b511 ] Request (ServerDiagnosticsTest:tearDownClass): 200 GET http://10.180.1.21/compute/v2.1/servers/bbd4c856-b85d-4b10-bcbd-be74e0688022 0.477s
2025-12-09 00:19:22.770 66300 INFO tempest.lib.common.rest_client [req-ebcdb92a-6ed7-463f-845b-c4b16830d6b5 req-ebcdb92a-6ed7-463f-845b-c4b16830d6b5 ] Request (DeleteServersTestJSON:setUpClass): 200 PUT http://10.180.1.21/networking/v2.0/routers/03ef6a4a-fa2d-4586-97b5-b629b7d4615b/add_router_interface 1.406s
2025-12-09 00:19:22.771 66300 INFO tempest.lib.common.dynamic_creds [-] Created isolated network resources for: credentials: Credentials: {'domain_id': 'default', 'domain_name': 'Default', 'username': 'tempest-DeleteServersTestJSON-1878305039-project-member', 'project_domain_id': 'default', 'project_domain_name': 'Default', 'project_id': '923e635c641847bc8d005d5d944edd88', 'project_name': 'tempest-DeleteServersTestJSON-1878305039', 'tenant_id': '923e635c641847bc8d005d5d944edd88', 'tenant_name': 'tempest-DeleteServersTestJSON-1878305039', 'user_domain_id': 'default', 'user_domain_name': 'Default', 'user_id': '6a89a2de01704f9fbefeea2a6c65c210', 'system': None}, Network: {'id': '9ff7f2c5-ebe8-4c93-bf6f-6d6188ded2d9', 'name': 'tempest-DeleteServersTestJSON-1332823879-network', 'tenant_id': '923e635c641847bc8d005d5d944edd88', 'project_id': '923e635c641847bc8d005d5d944edd88', 'admin_state_up': True, 'mtu': 8950, 'status': 'ACTIVE', 'subnets': [], 'shared': False, 'port_security_enabled': True, 'router:external': False, 'provider:network_type': 'vlan', 'provider:physical_network': 'default', 'provider:segmentation_id': 420, 'availability_zone_hints': [], 'availability_zones': [], 'ipv4_address_scope': None, 'ipv6_address_scope': None, 'description': '', 'tags': [], 'created_at': '2025-12-09T00:19:20Z', 'updated_at': '2025-12-09T00:19:20Z', 'revision_number': 1}, Subnet: {'id': '756aa828-3018-4cd2-a067-46e49843ad61', 'name': 'tempest-DeleteServersTestJSON-1332823879-subnet', 'tenant_id': '923e635c641847bc8d005d5d944edd88', 'network_id': '9ff7f2c5-ebe8-4c93-bf6f-6d6188ded2d9', 'ip_version': 4, 'subnetpool_id': None, 'enable_dhcp': True, 'ipv6_ra_mode': None, 'ipv6_address_mode': None, 'gateway_ip': '192.168.128.1', 'cidr': '192.168.128.0/28', 'allocation_pools': [{'start': '192.168.128.2', 'end': '192.168.128.14'}], 'host_routes': [], 'dns_nameservers': [], 'description': '', 'router:external': False, 'service_types': [], 'tags': [], 'created_at': '2025-12-09T00:19:20Z', 'updated_at': '2025-12-09T00:19:20Z', 'revision_number': 0, 'project_id': '923e635c641847bc8d005d5d944edd88'}, Router: {'id': '03ef6a4a-fa2d-4586-97b5-b629b7d4615b', 'name': 'tempest-DeleteServersTestJSON-1332823879-router', 'tenant_id': '923e635c641847bc8d005d5d944edd88', 'admin_state_up': True, 'status': 'ACTIVE', 'external_gateway_info': {'network_id': '02416166-961a-464b-9426-9881b25089f4', 'external_fixed_ips': [{'subnet_id': '743a706d-fa41-48cd-ab73-58518bd53585', 'ip_address': '10.180.180.152'}], 'enable_snat': True}, 'description': '', 'availability_zones': [], 'distributed': False, 'ha': False, 'availability_zone_hints': [], 'routes': [], 'flavor_id': None, 'tags': [], 'created_at': '2025-12-09T00:19:20Z', 'updated_at': '2025-12-09T00:19:20Z', 'revision_number': 2, 'project_id': '923e635c641847bc8d005d5d944edd88'}
2025-12-09 00:19:22.845 66340 INFO tempest.lib.common.rest_client [req-1505b552-4311-4694-b71b-512981754ea4 req-1505b552-4311-4694-b71b-512981754ea4 ] Request (ListImageFiltersTestJSON:tearDownClass): 200 GET http://10.180.1.21/compute/v2.1/servers/04be04a7-b943-4701-abd9-ec8af496d3b1 0.277s
2025-12-09 00:19:22.865 66342 INFO tempest.lib.common.rest_client [req-bdb7b9dd-b5e3-47b3-aee0-4eb3e3f97b0d req-bdb7b9dd-b5e3-47b3-aee0-4eb3e3f97b0d ] Request (AttachVolumeTestJSON:test_attach_detach_volume): 200 GET http://10.180.1.21/compute/v2.1/servers/0c8a68c5-8f5a-4aab-9143-3b50df4685fc 0.365s
2025-12-09 00:19:22.881 66300 INFO tempest.lib.common.rest_client [req-852440ad-e055-4498-b3bb-32a519c943e4 req-852440ad-e055-4498-b3bb-32a519c943e4 ] Request (DeleteServersTestJSON:setUpClass): 201 POST http://10.180.1.21/identity/v3/auth/tokens 0.106s
2025-12-09 00:19:22.924 66300 INFO tempest.lib.common.rest_client [req-4dc7a3b0-dd39-4723-91bf-91497837c4ea req-4dc7a3b0-dd39-4723-91bf-91497837c4ea ] Request (DeleteServersTestJSON:test_delete_active_server): 201 POST http://10.180.1.21/identity/v3/auth/tokens 0.040s
2025-12-09 00:19:22.925 66300 INFO tempest.lib.common.fixed_network [-] (DeleteServersTestJSON:test_delete_active_server) Found network {'id': '9ff7f2c5-ebe8-4c93-bf6f-6d6188ded2d9', 'name': 'tempest-DeleteServersTestJSON-1332823879-network', 'tenant_id': '923e635c641847bc8d005d5d944edd88', 'project_id': '923e635c641847bc8d005d5d944edd88', 'admin_state_up': True, 'mtu': 8950, 'status': 'ACTIVE', 'subnets': [], 'shared': False, 'port_security_enabled': True, 'router:external': False, 'provider:network_type': 'vlan', 'provider:physical_network': 'default', 'provider:segmentation_id': 420, 'availability_zone_hints': [], 'availability_zones': [], 'ipv4_address_scope': None, 'ipv6_address_scope': None, 'description': '', 'tags': [], 'created_at': '2025-12-09T00:19:20Z', 'updated_at': '2025-12-09T00:19:20Z', 'revision_number': 1} available for tenant
2025-12-09 00:19:22.965 66336 INFO tempest.lib.common.rest_client [req-d80eb6f1-2084-4739-af31-e7c790edfbfd req-d80eb6f1-2084-4739-af31-e7c790edfbfd ] Request (SecurityGroupsTestJSON:test_server_security_groups): 202 DELETE http://10.180.1.21/compute/v2.1/os-security-groups/17505d36-f0de-4964-897f-a26334c41489 0.389s
2025-12-09 00:19:22.968 66320 INFO tempest.lib.common.rest_client [req-a5284607-6483-46c6-b910-1984ff5be5a9 req-a5284607-6483-46c6-b910-1984ff5be5a9 ] Request (ListServersNegativeTestJSON:setUpClass): 200 GET http://10.180.1.21/compute/v2.1/servers/13978f46-bc24-45fa-9376-75e81ae0eca9 0.072s
2025-12-09 00:19:23.092 66316 INFO tempest.lib.common.rest_client [req-c4b979d9-0c58-4d00-8f2b-b43e2b353833 req-c4b979d9-0c58-4d00-8f2b-b43e2b353833 ] Request (ServerRescueTestJSON:test_rescue_unrescue_instance): 200 GET http://10.180.1.21/compute/v2.1/servers/b3edf617-aadb-4c11-a43b-6f9f701b2927 0.167s
2025-12-09 00:19:23.101 66316 INFO tempest.common.waiters [-] State transition "BUILD/spawning" ==> "ACTIVE/None" after 45 second wait
2025-12-09 00:19:23.160 66306 INFO tempest.lib.common.rest_client [req-97f0e68e-4e5e-4e72-bc34-9a3e3b8c92e4 req-97f0e68e-4e5e-4e72-bc34-9a3e3b8c92e4 ] Request (ServersNegativeTestJSON:setUpClass): 200 GET http://10.180.1.21/compute/v2.1/servers/2e9a8604-a8bd-4444-9a50-057d5d0cf428 0.201s
2025-12-09 00:19:23.288 66336 INFO tempest.lib.common.rest_client [req-2a63927e-53b5-4ce3-bed0-a218670ca452 req-2a63927e-53b5-4ce3-bed0-a218670ca452 ] Request (SecurityGroupsTestJSON:test_update_security_groups): 200 POST http://10.180.1.21/compute/v2.1/os-security-groups 0.321s
2025-12-09 00:19:23.364 66334 INFO tempest.lib.common.rest_client [req-6a156cb5-dce5-481f-92e2-c1f28e9248da req-6a156cb5-dce5-481f-92e2-c1f28e9248da ] Request (ServersTestFqdnHostnames:tearDownClass): 200 GET http://10.180.1.21/compute/v2.1/servers/277dffec-78d7-4397-886d-6cbf5f496c28 0.335s
2025-12-09 00:19:23.396 66300 INFO tempest.lib.common.rest_client [req-202c1c6e-baa1-434c-8fc5-e08427932456 req-202c1c6e-baa1-434c-8fc5-e08427932456 ] Request (DeleteServersTestJSON:test_delete_active_server): 202 POST http://10.180.1.21/compute/v2.1/servers 0.470s
2025-12-09 00:19:23.430 66332 INFO tempest.lib.common.rest_client [req-9d584c5c-9a54-4312-acbc-17403533e315 req-9d584c5c-9a54-4312-acbc-17403533e315 ] Request (ServerDiskConfigTestJSON:test_resize_server_from_auto_to_manual): 200 GET http://10.180.1.21/compute/v2.1/servers/67dbfd52-4550-4eb9-a027-a36bd9612c18 0.376s
2025-12-09 00:19:23.477 66316 INFO tempest.lib.common.rest_client [req-8c1c5cfb-eae5-4b5a-949e-790fc5f987bb req-8c1c5cfb-eae5-4b5a-949e-790fc5f987bb ] Request (ServerRescueTestJSON:test_rescue_unrescue_instance): 200 POST http://10.180.1.21/compute/v2.1/servers/b3edf617-aadb-4c11-a43b-6f9f701b2927/action 0.375s
2025-12-09 00:19:23.498 66344 INFO tempest.lib.common.rest_client [req-f3ee406d-cb51-410d-bb40-7729c7039d72 req-f3ee406d-cb51-410d-bb40-7729c7039d72 ] Request (ServersListShow2100Test:test_list_show_rebuild_update_server_2100): 200 GET http://10.180.1.21/compute/v2.1/servers/b9e9ff24-b211-4669-815d-acae5793c021 0.290s
2025-12-09 00:19:23.612 66336 INFO tempest.lib.common.rest_client [req-113882d3-297d-4c84-9126-9160db97a6a3 req-113882d3-297d-4c84-9126-9160db97a6a3 ] Request (SecurityGroupsTestJSON:test_update_security_groups): 200 PUT http://10.180.1.21/compute/v2.1/os-security-groups/b89b7dcf-11d6-4852-be90-65a78033c213 0.320s
2025-12-09 00:19:23.633 66360 INFO tempest.lib.common.rest_client [req-8aa56c8c-9042-44d9-8583-ad7123e9b399 req-8aa56c8c-9042-44d9-8583-ad7123e9b399 ] Request (MigrationsAdminTest:test_resize_server_revert_deleted_flavor): 200 GET http://10.180.1.21/compute/v2.1/servers/43991b0c-99c1-4192-8700-f26bae2cdb35 0.366s
2025-12-09 00:19:23.642 66360 INFO tempest.common.waiters [-] State transition "BUILD/spawning" ==> "ACTIVE/None" after 49 second wait
2025-12-09 00:19:23.674 66302 INFO tempest.lib.common.rest_client [req-dbcf1fe9-a92c-403f-9d1f-3a5583f94ac3 req-dbcf1fe9-a92c-403f-9d1f-3a5583f94ac3 ] Request (ServersWithSpecificFlavorTestJSON:test_verify_created_server_ephemeral_disk): 200 GET http://10.180.1.21/compute/v2.1/servers/309ab413-d0cf-4535-b577-eeb3dcce594f 0.320s
2025-12-09 00:19:23.675 66300 INFO tempest.lib.common.rest_client [req-882f3bba-58d8-450d-9af0-f89eba413a7f req-882f3bba-58d8-450d-9af0-f89eba413a7f ] Request (DeleteServersTestJSON:test_delete_active_server): 200 GET http://10.180.1.21/compute/v2.1/servers/e8f0102a-ffc4-4069-8c3e-a44093d9a85f 0.277s
2025-12-09 00:19:23.740 66304 INFO tempest.lib.common.rest_client [req-4724df3c-0381-406a-8747-87419ee72bef req-4724df3c-0381-406a-8747-87419ee72bef ] Request (ServersV294TestFqdnHostnames:setUpClass): 200 GET http://10.180.1.21/compute/v2.1/servers/ebaf7508-c857-4e45-86db-56c6c59b0931 0.267s
2025-12-09 00:19:23.741 66322 INFO tempest.lib.common.rest_client [req-b8188aae-14df-4259-af30-383d5e6557b5 req-b8188aae-14df-4259-af30-383d5e6557b5 ] Request (ServersAdminTestJSON:tearDownClass): 200 GET http://10.180.1.21/compute/v2.1/servers/3b81135a-75aa-45a0-b70d-76db95548bda 0.332s
2025-12-09 00:19:23.755 66322 INFO tempest.common.waiters [-] State transition "ACTIVE/deleting" ==> "DELETED/None" after 4 second wait
2025-12-09 00:19:23.786 66356 INFO tempest.lib.common.rest_client [req-279f888d-a08c-4c52-b2d4-c4a173008b3f req-279f888d-a08c-4c52-b2d4-c4a173008b3f ] Request (ImagesTestJSON:test_create_server_from_snapshot): 200 GET http://10.180.1.21/compute/v2.1/images/91bc9cfe-7ad0-45de-b43f-810140525b9f 0.275s
2025-12-09 00:19:23.853 66318 INFO tempest.lib.common.rest_client [req-877fca1e-e142-456d-afea-224f65f34034 req-877fca1e-e142-456d-afea-224f65f34034 ] Request (AttachInterfacesUnderV243Test:_run_cleanups): 200 GET http://10.180.1.21/compute/v2.1/servers/fa0f45fe-0f46-4ed4-a399-36e438fa81c6 0.250s
2025-12-09 00:19:23.886 66336 INFO tempest.lib.common.rest_client [req-b0c6192f-eaa9-46ad-a166-3b05d4479ee9 req-b0c6192f-eaa9-46ad-a166-3b05d4479ee9 ] Request (SecurityGroupsTestJSON:test_update_security_groups): 200 GET http://10.180.1.21/compute/v2.1/os-security-groups/b89b7dcf-11d6-4852-be90-65a78033c213 0.271s
2025-12-09 00:19:23.900 66316 INFO tempest.lib.common.rest_client [req-681be46f-d57d-4441-879a-94adcbc3fe13 req-681be46f-d57d-4441-879a-94adcbc3fe13 ] Request (ServerRescueTestJSON:test_rescue_unrescue_instance): 200 GET http://10.180.1.21/compute/v2.1/servers/b3edf617-aadb-4c11-a43b-6f9f701b2927 0.421s
2025-12-09 00:19:23.972 66350 INFO tempest.lib.common.rest_client [req-adcb7b38-d1fd-4732-8c8b-56f7540287aa req-adcb7b38-d1fd-4732-8c8b-56f7540287aa ] Request (VolumesAdminNegativeTest:tearDownClass): 200 GET http://10.180.1.21/compute/v2.1/servers/14a8e924-1d20-4bba-b3a2-58a4f8abe4b6 0.324s
2025-12-09 00:19:23.985 66360 INFO tempest.lib.common.rest_client [req-a1c78171-0e72-4289-a4ad-26be6ab1d4c4 req-a1c78171-0e72-4289-a4ad-26be6ab1d4c4 ] Request (MigrationsAdminTest:test_resize_server_revert_deleted_flavor): 200 GET http://10.180.1.21/compute/v2.1/servers/43991b0c-99c1-4192-8700-f26bae2cdb35 0.343s
2025-12-09 00:19:24.053 66298 INFO tempest.lib.common.rest_client [req-34c793e7-459a-467e-9158-11739a75de8e req-34c793e7-459a-467e-9158-11739a75de8e ] Request (ServerMetadataTestJSON:setUpClass): 200 GET http://10.180.1.21/compute/v2.1/servers/7f5fb954-8eb7-44bd-830e-33368d558c21 0.305s
2025-12-09 00:19:24.060 66338 INFO tempest.lib.common.rest_client [req-4c8817db-7726-4bc4-af92-78427760bc37 req-4c8817db-7726-4bc4-af92-78427760bc37 ] Request (InstanceActionsV221TestJSON:test_get_list_deleted_instance_actions): 200 GET http://10.180.1.21/compute/v2.1/servers/8dbd0f12-4351-4425-89ec-4340132c2f6b 0.376s
2025-12-09 00:19:24.132 66340 INFO tempest.lib.common.rest_client [req-c6c1db85-f5f0-4897-8100-effe8b366cb6 req-c6c1db85-f5f0-4897-8100-effe8b366cb6 ] Request (ListImageFiltersTestJSON:tearDownClass): 200 GET http://10.180.1.21/compute/v2.1/servers/04be04a7-b943-4701-abd9-ec8af496d3b1 0.275s
2025-12-09 00:19:24.181 66314 INFO tempest.lib.common.rest_client [req-06a2fb87-7bf6-417f-adc1-ed8b91688810 req-06a2fb87-7bf6-417f-adc1-ed8b91688810 ] Request (ServerDiagnosticsTest:tearDownClass): 200 GET http://10.180.1.21/compute/v2.1/servers/bbd4c856-b85d-4b10-bcbd-be74e0688022 0.399s
2025-12-09 00:19:24.297 66336 INFO tempest.lib.common.rest_client [req-fe0d196e-583d-49f6-807a-e09c241a642f req-fe0d196e-583d-49f6-807a-e09c241a642f ] Request (SecurityGroupsTestJSON:tearDownClass): 202 DELETE http://10.180.1.21/compute/v2.1/os-security-groups/b89b7dcf-11d6-4852-be90-65a78033c213 0.407s
2025-12-09 00:19:24.313 66342 INFO tempest.lib.common.rest_client [req-8af9509f-470e-4238-b6cc-304a93e3897a req-8af9509f-470e-4238-b6cc-304a93e3897a ] Request (AttachVolumeTestJSON:test_attach_detach_volume): 200 GET http://10.180.1.21/compute/v2.1/servers/0c8a68c5-8f5a-4aab-9143-3b50df4685fc 0.439s
2025-12-09 00:19:24.335 66360 INFO tempest.lib.common.rest_client [req-e4c603b3-e8f0-411a-b985-f0f7d5848abf req-e4c603b3-e8f0-411a-b985-f0f7d5848abf ] Request (MigrationsAdminTest:test_resize_server_revert_deleted_flavor): 202 DELETE http://10.180.1.21/compute/v2.1/flavors/448a4c91-7c36-4f32-99c5-aad70b8a0bc9 0.334s
2025-12-09 00:19:24.373 66320 INFO tempest.lib.common.rest_client [req-525d0e08-86ac-4428-9b09-386067074bc4 req-525d0e08-86ac-4428-9b09-386067074bc4 ] Request (ListServersNegativeTestJSON:setUpClass): 200 GET http://10.180.1.21/compute/v2.1/servers/13978f46-bc24-45fa-9376-75e81ae0eca9 0.394s
2025-12-09 00:19:24.393 66306 INFO tempest.lib.common.rest_client [req-b92c59fb-b96c-4099-b5ed-b2aae6cbbdeb req-b92c59fb-b96c-4099-b5ed-b2aae6cbbdeb ] Request (ServersNegativeTestJSON:setUpClass): 200 GET http://10.180.1.21/compute/v2.1/servers/2e9a8604-a8bd-4444-9a50-057d5d0cf428 0.222s
2025-12-09 00:19:24.399 66336 INFO tempest.lib.common.rest_client [req-79142bff-be73-4104-bfb3-ea77d449c3df req-79142bff-be73-4104-bfb3-ea77d449c3df ] Request (SecurityGroupsTestJSON:tearDownClass): 404 DELETE http://10.180.1.21/compute/v2.1/servers/e4422259-8de2-45d8-9c12-644fb65a8473 0.102s
2025-12-09 00:19:24.420 66360 INFO tempest.lib.common.rest_client [req-3af0efdc-8c91-4e41-ba4d-216ff6095241 req-3af0efdc-8c91-4e41-ba4d-216ff6095241 ] Request (MigrationsAdminTest:test_resize_server_revert_deleted_flavor): 200 GET http://10.180.1.21/compute/v2.1/flavors/detail 0.084s
2025-12-09 00:19:24.443 66336 INFO tempest.lib.common.rest_client [req-deb63948-9b28-45b8-b8ce-e23bebc4d5d0 req-deb63948-9b28-45b8-b8ce-e23bebc4d5d0 ] Request (SecurityGroupsTestJSON:tearDownClass): 404 GET http://10.180.1.21/compute/v2.1/servers/e4422259-8de2-45d8-9c12-644fb65a8473 0.043s
2025-12-09 00:19:24.476 66334 INFO tempest.lib.common.rest_client [req-52bb8791-8d99-452b-851e-baaf01a3651c req-52bb8791-8d99-452b-851e-baaf01a3651c ] Request (ServersTestFqdnHostnames:tearDownClass): 200 GET http://10.180.1.21/compute/v2.1/servers/277dffec-78d7-4397-886d-6cbf5f496c28 0.098s
2025-12-09 00:19:24.584 66332 INFO tempest.lib.common.rest_client [req-a8cfc4b8-659b-45de-8a12-b9e7fd6f5a57 req-a8cfc4b8-659b-45de-8a12-b9e7fd6f5a57 ] Request (ServerDiskConfigTestJSON:test_resize_server_from_auto_to_manual): 200 GET http://10.180.1.21/compute/v2.1/servers/67dbfd52-4550-4eb9-a027-a36bd9612c18 0.144s
2025-12-09 00:19:24.630 66336 INFO tempest.lib.common.rest_client [req-693176db-fdae-4ffb-a91d-b897f471d428 req-693176db-fdae-4ffb-a91d-b897f471d428 ] Request (SecurityGroupsTestJSON:tearDownClass): 404 DELETE http://10.180.1.21/compute/v2.1/os-security-groups/17505d36-f0de-4964-897f-a26334c41489 0.186s
2025-12-09 00:19:24.633 66360 INFO tempest.lib.common.rest_client [req-86c896f0-cae6-4fde-9d28-9da583a5c195 req-86c896f0-cae6-4fde-9d28-9da583a5c195 ] Request (MigrationsAdminTest:test_resize_server_revert_deleted_flavor): 202 POST http://10.180.1.21/compute/v2.1/servers/43991b0c-99c1-4192-8700-f26bae2cdb35/action 0.207s
2025-12-09 00:19:24.659 66336 INFO tempest.lib.common.rest_client [req-d2bf3c14-dedf-4856-a069-69d64771156b req-d2bf3c14-dedf-4856-a069-69d64771156b ] Request (SecurityGroupsTestJSON:tearDownClass): 404 DELETE http://10.180.1.21/compute/v2.1/os-security-groups/6b1cda03-9946-4a9d-8c39-70ef8ee98265 0.028s
2025-12-09 00:19:24.748 66344 INFO tempest.lib.common.rest_client [req-19f7b686-8401-45d4-a643-0ca822654cdb req-19f7b686-8401-45d4-a643-0ca822654cdb ] Request (ServersListShow2100Test:test_list_show_rebuild_update_server_2100): 200 GET http://10.180.1.21/compute/v2.1/servers/b9e9ff24-b211-4669-815d-acae5793c021 0.237s
2025-12-09 00:19:24.781 66352 WARNING tempest.lib.common.ssh [-] Failed to establish authenticated ssh connection to cirros@10.180.180.187 ([Errno None] Unable to connect to port 22 on 10.180.180.187). Number attempts: 3. Retry after 4 seconds.: paramiko.ssh_exception.NoValidConnectionsError: [Errno None] Unable to connect to port 22 on 10.180.180.187
2025-12-09 00:19:24.806 66336 INFO tempest.lib.common.rest_client [req-25254ef8-15db-48f2-9439-7d4e39581bcb req-25254ef8-15db-48f2-9439-7d4e39581bcb ] Request (SecurityGroupsTestJSON:tearDownClass): 404 DELETE http://10.180.1.21/compute/v2.1/os-security-groups/373ba4d2-feb8-4412-8f3f-517515168dd9 0.147s
2025-12-09 00:19:24.846 66360 INFO tempest.lib.common.rest_client [req-f2ae9522-4f62-473c-b8c3-ff4699a98f14 req-f2ae9522-4f62-473c-b8c3-ff4699a98f14 ] Request (MigrationsAdminTest:test_resize_server_revert_deleted_flavor): 200 GET http://10.180.1.21/compute/v2.1/servers/43991b0c-99c1-4192-8700-f26bae2cdb35 0.213s
2025-12-09 00:19:24.878 66302 INFO tempest.lib.common.rest_client [req-cfbaa659-1650-469b-b3f3-ce328eea00f2 req-cfbaa659-1650-469b-b3f3-ce328eea00f2 ] Request (ServersWithSpecificFlavorTestJSON:test_verify_created_server_ephemeral_disk): 200 GET http://10.180.1.21/compute/v2.1/servers/309ab413-d0cf-4535-b577-eeb3dcce594f 0.195s
2025-12-09 00:19:24.912 66326 WARNING tempest.lib.common.ssh [-] Failed to establish authenticated ssh connection to cirros@10.180.180.218 ([Errno None] Unable to connect to port 22 on 10.180.180.218). Number attempts: 5. Retry after 6 seconds.: paramiko.ssh_exception.NoValidConnectionsError: [Errno None] Unable to connect to port 22 on 10.180.180.218
2025-12-09 00:19:24.914 66300 INFO tempest.lib.common.rest_client [req-6859df02-80ed-4ffd-a7f5-1a6873ae1558 req-6859df02-80ed-4ffd-a7f5-1a6873ae1558 ] Request (DeleteServersTestJSON:test_delete_active_server): 200 GET http://10.180.1.21/compute/v2.1/servers/e8f0102a-ffc4-4069-8c3e-a44093d9a85f 0.231s
2025-12-09 00:19:24.921 66300 INFO tempest.common.waiters [-] State transition "BUILD/scheduling" ==> "BUILD/None" after 1 second wait
2025-12-09 00:19:24.960 66304 INFO tempest.lib.common.rest_client [req-3e5cb46b-6ca1-49f9-8164-911583732716 req-3e5cb46b-6ca1-49f9-8164-911583732716 ] Request (ServersV294TestFqdnHostnames:setUpClass): 200 GET http://10.180.1.21/compute/v2.1/servers/ebaf7508-c857-4e45-86db-56c6c59b0931 0.204s
2025-12-09 00:19:24.980 66322 INFO tempest.lib.common.rest_client [req-1e796663-0842-4c53-a5a0-bd4b81084813 req-1e796663-0842-4c53-a5a0-bd4b81084813 ] Request (ServersAdminTestJSON:tearDownClass): 200 GET http://10.180.1.21/compute/v2.1/servers/3b81135a-75aa-45a0-b70d-76db95548bda 0.223s
2025-12-09 00:19:25.000 66336 INFO tempest.lib.common.rest_client [req-5acef3d6-3b8f-480b-87e1-74668b60a731 req-5acef3d6-3b8f-480b-87e1-74668b60a731 ] Request (SecurityGroupsTestJSON:tearDownClass): 404 DELETE http://10.180.1.21/compute/v2.1/os-security-groups/55a3f83b-e3a7-4096-b61a-acad2331f2ff 0.193s
2025-12-09 00:19:25.019 66356 INFO tempest.lib.common.rest_client [req-3859e05a-a39f-4a74-b33a-27086c77ec95 req-3859e05a-a39f-4a74-b33a-27086c77ec95 ] Request (ImagesTestJSON:test_create_server_from_snapshot): 200 GET http://10.180.1.21/compute/v2.1/images/91bc9cfe-7ad0-45de-b43f-810140525b9f 0.226s
2025-12-09 00:19:25.064 66318 INFO tempest.lib.common.rest_client [req-a84a4a6f-9d09-4688-b36b-85f8eee0a69e req-a84a4a6f-9d09-4688-b36b-85f8eee0a69e ] Request (AttachInterfacesUnderV243Test:_run_cleanups): 200 GET http://10.180.1.21/compute/v2.1/servers/fa0f45fe-0f46-4ed4-a399-36e438fa81c6 0.202s
2025-12-09 00:19:25.137 66350 INFO tempest.lib.common.rest_client [req-c1f7cafe-75f3-4015-a06f-de460e7996f4 req-c1f7cafe-75f3-4015-a06f-de460e7996f4 ] Request (VolumesAdminNegativeTest:tearDownClass): 200 GET http://10.180.1.21/compute/v2.1/servers/14a8e924-1d20-4bba-b3a2-58a4f8abe4b6 0.149s
2025-12-09 00:19:25.156 66316 INFO tempest.lib.common.rest_client [req-571d7800-fa94-4376-be24-13e11d09ecca req-571d7800-fa94-4376-be24-13e11d09ecca ] Request (ServerRescueTestJSON:test_rescue_unrescue_instance): 200 GET http://10.180.1.21/compute/v2.1/servers/b3edf617-aadb-4c11-a43b-6f9f701b2927 0.247s
2025-12-09 00:19:25.160 66336 INFO tempest.lib.common.rest_client [req-d2e8eb63-ac0a-4eb7-9ce3-b0cb9e36ea90 req-d2e8eb63-ac0a-4eb7-9ce3-b0cb9e36ea90 ] Request (SecurityGroupsTestJSON:tearDownClass): 404 DELETE http://10.180.1.21/compute/v2.1/os-security-groups/d2c4895a-7615-4963-963c-ea5205598845 0.160s
2025-12-09 00:19:25.238 66298 INFO tempest.lib.common.rest_client [req-ef7751dc-ce9a-4ebe-89fa-7bdb406a75d5 req-ef7751dc-ce9a-4ebe-89fa-7bdb406a75d5 ] Request (ServerMetadataTestJSON:setUpClass): 200 GET http://10.180.1.21/compute/v2.1/servers/7f5fb954-8eb7-44bd-830e-33368d558c21 0.177s
2025-12-09 00:19:25.254 66338 INFO tempest.lib.common.rest_client [req-1850a8ec-d7f8-49e4-ae66-e8018899f571 req-1850a8ec-d7f8-49e4-ae66-e8018899f571 ] Request (InstanceActionsV221TestJSON:test_get_list_deleted_instance_actions): 200 GET http://10.180.1.21/compute/v2.1/servers/8dbd0f12-4351-4425-89ec-4340132c2f6b 0.182s
2025-12-09 00:19:25.273 66336 INFO tempest.lib.common.rest_client [req-a4ebeafc-adc3-4462-b75d-527308072c7d req-a4ebeafc-adc3-4462-b75d-527308072c7d ] Request (SecurityGroupsTestJSON:tearDownClass): 404 DELETE http://10.180.1.21/compute/v2.1/os-security-groups/92882069-a1e2-41a0-a46e-0a1d1d754d28 0.112s
2025-12-09 00:19:25.308 66340 INFO tempest.lib.common.rest_client [req-40405bce-548e-4209-8eb4-43f22895a74f req-40405bce-548e-4209-8eb4-43f22895a74f ] Request (ListImageFiltersTestJSON:tearDownClass): 200 GET http://10.180.1.21/compute/v2.1/servers/04be04a7-b943-4701-abd9-ec8af496d3b1 0.165s
2025-12-09 00:19:25.326 66314 INFO tempest.lib.common.rest_client [req-f79bfb7a-0bff-45a9-9b27-6e31d56a3a00 req-f79bfb7a-0bff-45a9-9b27-6e31d56a3a00 ] Request (ServerDiagnosticsTest:tearDownClass): 200 GET http://10.180.1.21/compute/v2.1/servers/bbd4c856-b85d-4b10-bcbd-be74e0688022 0.136s
2025-12-09 00:19:25.389 66336 INFO tempest.lib.common.rest_client [req-2bb81ebf-516f-470b-855c-2cd94816398f req-2bb81ebf-516f-470b-855c-2cd94816398f ] Request (SecurityGroupsTestJSON:tearDownClass): 204 DELETE http://10.180.1.21/compute/v2.1/servers/6c2bc455-0ac4-4215-80b2-f652cb1d16cc 0.116s
2025-12-09 00:19:25.454 66320 INFO tempest.lib.common.rest_client [req-734bf9d4-9173-4570-aff0-5ef0e5fbb16e req-734bf9d4-9173-4570-aff0-5ef0e5fbb16e ] Request (ListServersNegativeTestJSON:setUpClass): 200 GET http://10.180.1.21/compute/v2.1/servers/13978f46-bc24-45fa-9376-75e81ae0eca9 0.073s
2025-12-09 00:19:25.495 66342 INFO tempest.lib.common.rest_client [req-c2657f7c-e83c-4c81-8d30-4d09d62326d9 req-c2657f7c-e83c-4c81-8d30-4d09d62326d9 ] Request (AttachVolumeTestJSON:test_attach_detach_volume): 200 GET http://10.180.1.21/compute/v2.1/servers/0c8a68c5-8f5a-4aab-9143-3b50df4685fc 0.174s
2025-12-09 00:19:25.503 66342 INFO tempest.common.waiters [-] State transition "SHUTOFF/powering-on" ==> "ACTIVE/None" after 5 second wait
2025-12-09 00:19:25.503 66342 INFO tempest.lib.common.ssh [-] Creating ssh connection to '10.180.180.227:22' as 'cirros' with public key authentication
2025-12-09 00:19:25.549 66306 INFO tempest.lib.common.rest_client [req-535c5782-1139-4b1d-ad47-420d47f55329 req-535c5782-1139-4b1d-ad47-420d47f55329 ] Request (ServersNegativeTestJSON:setUpClass): 200 GET http://10.180.1.21/compute/v2.1/servers/2e9a8604-a8bd-4444-9a50-057d5d0cf428 0.146s
2025-12-09 00:19:25.592 66336 INFO tempest.lib.common.rest_client [req-f8bb393b-1096-434b-a0df-fc04912b1bbb req-f8bb393b-1096-434b-a0df-fc04912b1bbb ] Request (SecurityGroupsTestJSON:tearDownClass): 200 GET http://10.180.1.21/compute/v2.1/servers/6c2bc455-0ac4-4215-80b2-f652cb1d16cc 0.202s
2025-12-09 00:19:25.619 66334 INFO tempest.lib.common.rest_client [req-31c036ab-5107-428c-bbe2-89105bcf65b5 req-31c036ab-5107-428c-bbe2-89105bcf65b5 ] Request (ServersTestFqdnHostnames:tearDownClass): 200 GET http://10.180.1.21/compute/v2.1/servers/277dffec-78d7-4397-886d-6cbf5f496c28 0.135s
2025-12-09 00:19:25.653 66332 INFO tempest.lib.common.rest_client [req-71ac4e1e-e46a-45d8-ac05-2c97841fd274 req-71ac4e1e-e46a-45d8-ac05-2c97841fd274 ] Request (ServerDiskConfigTestJSON:test_resize_server_from_auto_to_manual): 200 GET http://10.180.1.21/compute/v2.1/servers/67dbfd52-4550-4eb9-a027-a36bd9612c18 0.056s
2025-12-09 00:19:25.833 66344 INFO tempest.lib.common.rest_client [req-57a565ce-d014-44fe-a517-985761d4f7b1 req-57a565ce-d014-44fe-a517-985761d4f7b1 ] Request (ServersListShow2100Test:test_list_show_rebuild_update_server_2100): 200 GET http://10.180.1.21/compute/v2.1/servers/b9e9ff24-b211-4669-815d-acae5793c021 0.067s
2025-12-09 00:19:25.845 66344 INFO tempest.common.waiters [-] State transition "BUILD/None" ==> "BUILD/networking" after 41 second wait
2025-12-09 00:19:25.940 66302 INFO tempest.lib.common.rest_client [req-6b533ea2-d287-489a-bb1b-bfcfdaccf22a req-6b533ea2-d287-489a-bb1b-bfcfdaccf22a ] Request (ServersWithSpecificFlavorTestJSON:test_verify_created_server_ephemeral_disk): 200 GET http://10.180.1.21/compute/v2.1/servers/309ab413-d0cf-4535-b577-eeb3dcce594f 0.053s
2025-12-09 00:19:25.956 66360 INFO tempest.lib.common.rest_client [req-378fb8a3-265b-4c27-a2b8-ed184f8cd110 req-378fb8a3-265b-4c27-a2b8-ed184f8cd110 ] Request (MigrationsAdminTest:test_resize_server_revert_deleted_flavor): 200 GET http://10.180.1.21/compute/v2.1/servers/43991b0c-99c1-4192-8700-f26bae2cdb35 0.101s
2025-12-09 00:19:25.990 66300 INFO tempest.lib.common.rest_client [req-8c3ee1a6-6039-4d90-b792-f4597a0a2211 req-8c3ee1a6-6039-4d90-b792-f4597a0a2211 ] Request (DeleteServersTestJSON:test_delete_active_server): 200 GET http://10.180.1.21/compute/v2.1/servers/e8f0102a-ffc4-4069-8c3e-a44093d9a85f 0.067s
2025-12-09 00:19:26.031 66304 INFO tempest.lib.common.rest_client [req-c7beb8d4-373d-4209-8bb7-bbf646a5f43d req-c7beb8d4-373d-4209-8bb7-bbf646a5f43d ] Request (ServersV294TestFqdnHostnames:setUpClass): 200 GET http://10.180.1.21/compute/v2.1/servers/ebaf7508-c857-4e45-86db-56c6c59b0931 0.056s
2025-12-09 00:19:26.045 66322 INFO tempest.lib.common.rest_client [req-692ab93b-a4df-42df-9b41-b6b0ea528da5 req-692ab93b-a4df-42df-9b41-b6b0ea528da5 ] Request (ServersAdminTestJSON:tearDownClass): 200 GET http://10.180.1.21/compute/v2.1/servers/3b81135a-75aa-45a0-b70d-76db95548bda 0.056s
2025-12-09 00:19:26.063 66356 INFO tempest.lib.common.rest_client [req-4f79bd59-a2c2-400b-9d7f-3468fe2acab0 req-4f79bd59-a2c2-400b-9d7f-3468fe2acab0 ] Request (ImagesTestJSON:test_create_server_from_snapshot): 200 GET http://10.180.1.21/compute/v2.1/images/91bc9cfe-7ad0-45de-b43f-810140525b9f 0.039s
2025-12-09 00:19:26.155 66318 INFO tempest.lib.common.rest_client [req-0e3c1086-fd86-41f9-b770-0977f25c51b3 req-0e3c1086-fd86-41f9-b770-0977f25c51b3 ] Request (AttachInterfacesUnderV243Test:_run_cleanups): 200 GET http://10.180.1.21/compute/v2.1/servers/fa0f45fe-0f46-4ed4-a399-36e438fa81c6 0.078s
2025-12-09 00:19:26.210 66350 INFO tempest.lib.common.rest_client [req-9af5c1f1-6676-4c7c-bc9f-f41fddab2180 req-9af5c1f1-6676-4c7c-bc9f-f41fddab2180 ] Request (VolumesAdminNegativeTest:tearDownClass): 200 GET http://10.180.1.21/compute/v2.1/servers/14a8e924-1d20-4bba-b3a2-58a4f8abe4b6 0.062s
2025-12-09 00:19:26.307 66298 INFO tempest.lib.common.rest_client [req-59aa9c22-de29-4b35-bbbb-78871b9f7243 req-59aa9c22-de29-4b35-bbbb-78871b9f7243 ] Request (ServerMetadataTestJSON:setUpClass): 200 GET http://10.180.1.21/compute/v2.1/servers/7f5fb954-8eb7-44bd-830e-33368d558c21 0.060s
2025-12-09 00:19:26.328 66316 INFO tempest.lib.common.rest_client [req-125c360f-dd57-4b3f-b1d1-c2ffd5f5595f req-125c360f-dd57-4b3f-b1d1-c2ffd5f5595f ] Request (ServerRescueTestJSON:test_rescue_unrescue_instance): 200 GET http://10.180.1.21/compute/v2.1/servers/b3edf617-aadb-4c11-a43b-6f9f701b2927 0.160s
2025-12-09 00:19:26.434 66338 INFO tempest.lib.common.rest_client [req-be693128-58c4-4eba-b6da-d1764ad917a6 req-be693128-58c4-4eba-b6da-d1764ad917a6 ] Request (InstanceActionsV221TestJSON:test_get_list_deleted_instance_actions): 200 GET http://10.180.1.21/compute/v2.1/servers/8dbd0f12-4351-4425-89ec-4340132c2f6b 0.167s
2025-12-09 00:19:26.434 66340 INFO tempest.lib.common.rest_client [req-cb9327a2-80ab-4fe6-bb56-7bd8a6e09838 req-cb9327a2-80ab-4fe6-bb56-7bd8a6e09838 ] Request (ListImageFiltersTestJSON:tearDownClass): 200 GET http://10.180.1.21/compute/v2.1/servers/04be04a7-b943-4701-abd9-ec8af496d3b1 0.116s
2025-12-09 00:19:26.501 66314 INFO tempest.lib.common.rest_client [req-13a70cef-2881-4850-99a7-40c252fc8382 req-13a70cef-2881-4850-99a7-40c252fc8382 ] Request (ServerDiagnosticsTest:tearDownClass): 200 GET http://10.180.1.21/compute/v2.1/servers/bbd4c856-b85d-4b10-bcbd-be74e0688022 0.166s
2025-12-09 00:19:26.508 66314 INFO tempest.common.waiters [-] State transition "ACTIVE/deleting" ==> "DELETED/None" after 4 second wait
2025-12-09 00:19:26.537 66320 INFO tempest.lib.common.rest_client [req-59fe0b37-057f-4ad6-9102-0fa6f40c2410 req-59fe0b37-057f-4ad6-9102-0fa6f40c2410 ] Request (ListServersNegativeTestJSON:setUpClass): 200 GET http://10.180.1.21/compute/v2.1/servers/13978f46-bc24-45fa-9376-75e81ae0eca9 0.074s
2025-12-09 00:19:26.609 66306 INFO tempest.lib.common.rest_client [req-5a93377f-fad9-4e0d-bc69-846d099c2abf req-5a93377f-fad9-4e0d-bc69-846d099c2abf ] Request (ServersNegativeTestJSON:setUpClass): 200 GET http://10.180.1.21/compute/v2.1/servers/2e9a8604-a8bd-4444-9a50-057d5d0cf428 0.053s
2025-12-09 00:19:26.711 66334 INFO tempest.lib.common.rest_client [req-f66a78b0-1394-4239-b2af-21f3047ad042 req-f66a78b0-1394-4239-b2af-21f3047ad042 ] Request (ServersTestFqdnHostnames:tearDownClass): 200 GET http://10.180.1.21/compute/v2.1/servers/277dffec-78d7-4397-886d-6cbf5f496c28 0.085s
2025-12-09 00:19:26.757 66336 INFO tempest.lib.common.rest_client [req-18310fd4-8e82-4552-8849-dce091616cf4 req-18310fd4-8e82-4552-8849-dce091616cf4 ] Request (SecurityGroupsTestJSON:tearDownClass): 200 GET http://10.180.1.21/compute/v2.1/servers/6c2bc455-0ac4-4215-80b2-f652cb1d16cc 0.157s
2025-12-09 00:19:26.773 66332 INFO tempest.lib.common.rest_client [req-8bbeac68-38b0-4067-a598-5e4042efc640 req-8bbeac68-38b0-4067-a598-5e4042efc640 ] Request (ServerDiskConfigTestJSON:test_resize_server_from_auto_to_manual): 200 GET http://10.180.1.21/compute/v2.1/servers/67dbfd52-4550-4eb9-a027-a36bd9612c18 0.111s
2025-12-09 00:19:26.912 66344 INFO tempest.lib.common.rest_client [req-e7ca04bc-1fbd-487f-bfea-4e04a0be2745 req-e7ca04bc-1fbd-487f-bfea-4e04a0be2745 ] Request (ServersListShow2100Test:test_list_show_rebuild_update_server_2100): 200 GET http://10.180.1.21/compute/v2.1/servers/b9e9ff24-b211-4669-815d-acae5793c021 0.066s
2025-12-09 00:19:26.924 66344 INFO tempest.common.waiters [-] State transition "BUILD/networking" ==> "BUILD/block_device_mapping" after 42 second wait
2025-12-09 00:19:27.005 66302 INFO tempest.lib.common.rest_client [req-05d2ff6a-d295-4213-bc7c-700f90e8b3e3 req-05d2ff6a-d295-4213-bc7c-700f90e8b3e3 ] Request (ServersWithSpecificFlavorTestJSON:test_verify_created_server_ephemeral_disk): 200 GET http://10.180.1.21/compute/v2.1/servers/309ab413-d0cf-4535-b577-eeb3dcce594f 0.058s
2025-12-09 00:19:27.060 66300 INFO tempest.lib.common.rest_client [req-cf05d437-6ca6-4f3c-b659-0e4b1cba00b3 req-cf05d437-6ca6-4f3c-b659-0e4b1cba00b3 ] Request (DeleteServersTestJSON:test_delete_active_server): 200 GET http://10.180.1.21/compute/v2.1/servers/e8f0102a-ffc4-4069-8c3e-a44093d9a85f 0.062s
2025-12-09 00:19:27.076 66360 INFO tempest.lib.common.rest_client [req-cd4268ca-18fe-4a02-9259-54421f448bfc req-cd4268ca-18fe-4a02-9259-54421f448bfc ] Request (MigrationsAdminTest:test_resize_server_revert_deleted_flavor): 200 GET http://10.180.1.21/compute/v2.1/servers/43991b0c-99c1-4192-8700-f26bae2cdb35 0.112s
2025-12-09 00:19:27.126 66304 INFO tempest.lib.common.rest_client [req-8bc88a5f-0c40-4e24-b0ef-08df0419e993 req-8bc88a5f-0c40-4e24-b0ef-08df0419e993 ] Request (ServersV294TestFqdnHostnames:setUpClass): 200 GET http://10.180.1.21/compute/v2.1/servers/ebaf7508-c857-4e45-86db-56c6c59b0931 0.084s
2025-12-09 00:19:27.141 66322 INFO tempest.lib.common.rest_client [req-ed1572c7-ec11-41a9-b6ab-0e37614710c0 req-ed1572c7-ec11-41a9-b6ab-0e37614710c0 ] Request (ServersAdminTestJSON:tearDownClass): 200 GET http://10.180.1.21/compute/v2.1/servers/3b81135a-75aa-45a0-b70d-76db95548bda 0.088s
2025-12-09 00:19:27.169 66356 INFO tempest.lib.common.rest_client [req-0ad7731b-1d49-4f07-85e7-4d664f37b617 req-0ad7731b-1d49-4f07-85e7-4d664f37b617 ] Request (ImagesTestJSON:test_create_server_from_snapshot): 200 GET http://10.180.1.21/compute/v2.1/images/91bc9cfe-7ad0-45de-b43f-810140525b9f 0.102s
2025-12-09 00:19:27.245 66318 INFO tempest.lib.common.rest_client [req-25573926-f0f1-4c80-a695-74655ae92e7a req-25573926-f0f1-4c80-a695-74655ae92e7a ] Request (AttachInterfacesUnderV243Test:_run_cleanups): 200 GET http://10.180.1.21/compute/v2.1/servers/fa0f45fe-0f46-4ed4-a399-36e438fa81c6 0.082s
2025-12-09 00:19:27.278 66350 INFO tempest.lib.common.rest_client [req-6f8866e8-41aa-45b4-9f38-d8a6533e02c9 req-6f8866e8-41aa-45b4-9f38-d8a6533e02c9 ] Request (VolumesAdminNegativeTest:tearDownClass): 200 GET http://10.180.1.21/compute/v2.1/servers/14a8e924-1d20-4bba-b3a2-58a4f8abe4b6 0.059s
2025-12-09 00:19:27.367 66298 INFO tempest.lib.common.rest_client [req-7b321557-91cd-4512-9285-37efeb59c55f req-7b321557-91cd-4512-9285-37efeb59c55f ] Request (ServerMetadataTestJSON:setUpClass): 200 GET http://10.180.1.21/compute/v2.1/servers/7f5fb954-8eb7-44bd-830e-33368d558c21 0.052s
2025-12-09 00:19:27.436 66316 INFO tempest.lib.common.rest_client [req-0a667e2f-55b2-4bc2-8c94-34b81795355c req-0a667e2f-55b2-4bc2-8c94-34b81795355c ] Request (ServerRescueTestJSON:test_rescue_unrescue_instance): 200 GET http://10.180.1.21/compute/v2.1/servers/b3edf617-aadb-4c11-a43b-6f9f701b2927 0.099s
2025-12-09 00:19:27.515 66340 INFO tempest.lib.common.rest_client [req-3b005395-172c-43db-b95b-557de73be46e req-3b005395-172c-43db-b95b-557de73be46e ] Request (ListImageFiltersTestJSON:tearDownClass): 200 GET http://10.180.1.21/compute/v2.1/servers/04be04a7-b943-4701-abd9-ec8af496d3b1 0.073s
2025-12-09 00:19:27.517 66338 INFO tempest.lib.common.rest_client [req-696bb29f-867f-4cb1-904b-9d185ef97e48 req-696bb29f-867f-4cb1-904b-9d185ef97e48 ] Request (InstanceActionsV221TestJSON:test_get_list_deleted_instance_actions): 200 GET http://10.180.1.21/compute/v2.1/servers/8dbd0f12-4351-4425-89ec-4340132c2f6b 0.072s
2025-12-09 00:19:27.582 66314 INFO tempest.lib.common.rest_client [req-dda29c3c-3285-402b-b386-d1f69e373e63 req-dda29c3c-3285-402b-b386-d1f69e373e63 ] Request (ServerDiagnosticsTest:tearDownClass): 200 GET http://10.180.1.21/compute/v2.1/servers/bbd4c856-b85d-4b10-bcbd-be74e0688022 0.074s
2025-12-09 00:19:27.604 66320 INFO tempest.lib.common.rest_client [req-03c1cefb-5c98-41f4-841d-17c6e2f23c9e req-03c1cefb-5c98-41f4-841d-17c6e2f23c9e ] Request (ListServersNegativeTestJSON:setUpClass): 200 GET http://10.180.1.21/compute/v2.1/servers/13978f46-bc24-45fa-9376-75e81ae0eca9 0.059s
2025-12-09 00:19:27.674 66306 INFO tempest.lib.common.rest_client [req-73e77567-1ac7-49cf-9268-93d857fdeac9 req-73e77567-1ac7-49cf-9268-93d857fdeac9 ] Request (ServersNegativeTestJSON:setUpClass): 200 GET http://10.180.1.21/compute/v2.1/servers/2e9a8604-a8bd-4444-9a50-057d5d0cf428 0.057s
2025-12-09 00:19:27.788 66334 INFO tempest.lib.common.rest_client [req-17fcf195-9646-439d-ad13-e9bde65c3427 req-17fcf195-9646-439d-ad13-e9bde65c3427 ] Request (ServersTestFqdnHostnames:tearDownClass): 200 GET http://10.180.1.21/compute/v2.1/servers/277dffec-78d7-4397-886d-6cbf5f496c28 0.068s
2025-12-09 00:19:27.841 66336 INFO tempest.lib.common.rest_client [req-66730f00-5579-45ea-9419-cfadd55c1469 req-66730f00-5579-45ea-9419-cfadd55c1469 ] Request (SecurityGroupsTestJSON:tearDownClass): 200 GET http://10.180.1.21/compute/v2.1/servers/6c2bc455-0ac4-4215-80b2-f652cb1d16cc 0.072s
2025-12-09 00:19:27.849 66332 INFO tempest.lib.common.rest_client [req-eb01a27c-23d9-4064-9c10-99816cad1e99 req-eb01a27c-23d9-4064-9c10-99816cad1e99 ] Request (ServerDiskConfigTestJSON:test_resize_server_from_auto_to_manual): 200 GET http://10.180.1.21/compute/v2.1/servers/67dbfd52-4550-4eb9-a027-a36bd9612c18 0.068s
2025-12-09 00:19:27.997 66344 INFO tempest.lib.common.rest_client [req-5b6741d6-f0bd-4b54-80e7-6526a54afbec req-5b6741d6-f0bd-4b54-80e7-6526a54afbec ] Request (ServersListShow2100Test:test_list_show_rebuild_update_server_2100): 200 GET http://10.180.1.21/compute/v2.1/servers/b9e9ff24-b211-4669-815d-acae5793c021 0.071s
2025-12-09 00:19:28.011 66344 INFO tempest.common.waiters [-] State transition "BUILD/block_device_mapping" ==> "BUILD/spawning" after 44 second wait
2025-12-09 00:19:28.073 66302 INFO tempest.lib.common.rest_client [req-c7a09375-34a4-4d80-be2c-df2e2f01c7a2 req-c7a09375-34a4-4d80-be2c-df2e2f01c7a2 ] Request (ServersWithSpecificFlavorTestJSON:test_verify_created_server_ephemeral_disk): 200 GET http://10.180.1.21/compute/v2.1/servers/309ab413-d0cf-4535-b577-eeb3dcce594f 0.058s
2025-12-09 00:19:28.128 66300 INFO tempest.lib.common.rest_client [req-28cdcb1f-e77b-464d-b049-63ba38d7794c req-28cdcb1f-e77b-464d-b049-63ba38d7794c ] Request (DeleteServersTestJSON:test_delete_active_server): 200 GET http://10.180.1.21/compute/v2.1/servers/e8f0102a-ffc4-4069-8c3e-a44093d9a85f 0.061s
2025-12-09 00:19:28.205 66360 INFO tempest.lib.common.rest_client [req-62ca2dcb-14dc-48f4-9b6a-5c5ef294be28 req-62ca2dcb-14dc-48f4-9b6a-5c5ef294be28 ] Request (MigrationsAdminTest:test_resize_server_revert_deleted_flavor): 200 GET http://10.180.1.21/compute/v2.1/servers/43991b0c-99c1-4192-8700-f26bae2cdb35 0.120s
2025-12-09 00:19:28.211 66304 INFO tempest.lib.common.rest_client [req-29c6a65a-f6b6-42f0-b8e9-c8492ff36434 req-29c6a65a-f6b6-42f0-b8e9-c8492ff36434 ] Request (ServersV294TestFqdnHostnames:setUpClass): 200 GET http://10.180.1.21/compute/v2.1/servers/ebaf7508-c857-4e45-86db-56c6c59b0931 0.073s
2025-12-09 00:19:28.245 66356 INFO tempest.lib.common.rest_client [req-ed50c5c8-d0d4-492d-b1f4-9320c3285633 req-ed50c5c8-d0d4-492d-b1f4-9320c3285633 ] Request (ImagesTestJSON:test_create_server_from_snapshot): 200 GET http://10.180.1.21/compute/v2.1/images/91bc9cfe-7ad0-45de-b43f-810140525b9f 0.070s
2025-12-09 00:19:28.270 66322 INFO tempest.lib.common.rest_client [req-a1041035-fdf3-4f5f-b443-569c5d67b42f req-a1041035-fdf3-4f5f-b443-569c5d67b42f ] Request (ServersAdminTestJSON:tearDownClass): 200 GET http://10.180.1.21/compute/v2.1/servers/3b81135a-75aa-45a0-b70d-76db95548bda 0.120s
2025-12-09 00:19:28.329 66318 INFO tempest.lib.common.rest_client [req-b06c40b4-87b1-4d14-b9b2-782396fb4675 req-b06c40b4-87b1-4d14-b9b2-782396fb4675 ] Request (AttachInterfacesUnderV243Test:_run_cleanups): 200 GET http://10.180.1.21/compute/v2.1/servers/fa0f45fe-0f46-4ed4-a399-36e438fa81c6 0.076s
2025-12-09 00:19:28.358 66350 INFO tempest.lib.common.rest_client [req-4a62544c-6ff8-4c9b-a7e3-daaa4a48bc43 req-4a62544c-6ff8-4c9b-a7e3-daaa4a48bc43 ] Request (VolumesAdminNegativeTest:tearDownClass): 200 GET http://10.180.1.21/compute/v2.1/servers/14a8e924-1d20-4bba-b3a2-58a4f8abe4b6 0.072s
