2025-12-09 00:17:13.720 66296 INFO tempest.lib.common.rest_client [req-8d816df6-1b76-4185-b740-7b2851219373 req-8d816df6-1b76-4185-b740-7b2851219373 ] Request (ServerShowV247Test:tearDownClass): 404 GET http://10.180.1.21/compute/v2.1/servers/7b591521-075b-4b34-9803-ca44d5189a5f 1.195s
2025-12-09 00:17:13.727 66332 INFO tempest.lib.common.rest_client [req-284dd8c5-470d-483e-8953-a0d5b949e31e req-284dd8c5-470d-483e-8953-a0d5b949e31e ] Request (ServerDiskConfigTestJSON:test_rebuild_server_with_auto_disk_config): 200 GET http://10.180.1.21/compute/v2.1/servers/d695d950-80d1-4d56-b854-ea8e26572b06 1.295s
2025-12-09 00:17:13.739 66332 INFO tempest.common.waiters [-] State transition "BUILD/spawning" ==> "ACTIVE/None" after 26 second wait
2025-12-09 00:17:13.741 66310 INFO tempest.lib.common.rest_client [req-7e1f135e-c60f-46af-b438-2964499d1db9 req-7e1f135e-c60f-46af-b438-2964499d1db9 ] Request (ServicesAdminTestJSON:tearDownClass): 200 GET http://10.180.1.21/networking/v2.0/security-groups?tenant_id=a72a4ecad69d4340a49002ca8c4959d2&name=default 0.114s
2025-12-09 00:17:13.859 66356 INFO tempest.lib.common.rest_client [req-35f6e834-c06b-46b3-994e-9dd433526659 req-35f6e834-c06b-46b3-994e-9dd433526659 ] Request (ImagesTestJSON:_run_cleanups): 204 DELETE http://10.180.1.21/compute/v2.1/images/cf959aa3-9d57-4d59-a18f-0ba4b433e048 1.318s
2025-12-09 00:17:13.863 66304 INFO tempest.lib.common.rest_client [req-71673473-6d19-4bf9-8ec2-6815eed356ca req-71673473-6d19-4bf9-8ec2-6815eed356ca ] Request (ServersAdminNegativeTestJSON:test_resize_server_using_overlimit_vcpus): 200 GET http://10.180.1.21/compute/v2.1/os-quota-sets/3cd36a512d5a4b24a325f315d2864ff9 1.336s
2025-12-09 00:17:13.865 66310 INFO tempest.lib.common.rest_client [req-0ac734f8-166e-4d65-b013-ea51c06d6699 req-0ac734f8-166e-4d65-b013-ea51c06d6699 ] Request (ServicesAdminTestJSON:tearDownClass): 204 DELETE http://10.180.1.21/networking/v2.0/security-groups/0cc01fc8-6125-4bf5-b671-9e9cdb0c6e34 0.123s
2025-12-09 00:17:13.878 66316 INFO tempest.lib.common.rest_client [req-a721916b-34fe-4982-b9fd-eb8f5ee72feb req-a721916b-34fe-4982-b9fd-eb8f5ee72feb ] Request (InstanceUsageAuditLogTestJSON:test_list_instance_usage_audit_logs): 200 GET http://10.180.1.21/compute/v2.1/os-instance_usage_audit_log 1.278s
2025-12-09 00:17:13.934 66344 INFO tempest.lib.common.rest_client [req-7b67134a-cf8e-4140-a6ff-1a95ccd8d8d4 req-7b67134a-cf8e-4140-a6ff-1a95ccd8d8d4 ] Request (ServerRescueTestJSONUnderV235:setUpClass): 200 GET http://10.180.1.21/compute/v2.1/servers/b7434b90-010f-4770-b0f5-95fecbf67f85 0.992s
2025-12-09 00:17:13.948 66298 INFO tempest.lib.common.rest_client [req-bb04c97c-cc4b-4e95-bb99-08cdc8061cff req-bb04c97c-cc4b-4e95-bb99-08cdc8061cff ] Request (TenantUsagesTestJSON:tearDownClass): 200 GET http://10.180.1.21/compute/v2.1/servers/9143f060-b0da-4259-a598-defc5752076e 0.916s
2025-12-09 00:17:13.964 66338 INFO tempest.lib.common.rest_client [req-54cfdd52-5de8-4880-8e3f-28fcc54e9440 req-54cfdd52-5de8-4880-8e3f-28fcc54e9440 ] Request (FlavorsAdminTestJSON:test_is_public_string_variations): 200 GET http://10.180.1.21/compute/v2.1/flavors/detail?is_public=0 0.790s
2025-12-09 00:17:14.009 66310 INFO tempest.lib.common.rest_client [req-19420822-7aea-4e89-bd9e-f6ee5d47d177 req-19420822-7aea-4e89-bd9e-f6ee5d47d177 ] Request (ServicesAdminTestJSON:tearDownClass): 204 DELETE http://10.180.1.21/identity/v3/projects/a72a4ecad69d4340a49002ca8c4959d2 0.143s
2025-12-09 00:17:14.014 66316 INFO tempest.lib.common.rest_client [req-4b475d65-3268-4e84-b527-6f1e104cf14d req-4b475d65-3268-4e84-b527-6f1e104cf14d ] Request (InstanceUsageAuditLogTestJSON:tearDownClass): 204 DELETE http://10.180.1.21/identity/v3/users/1de2a3c9bff84424ab6fa86c6b14a61c 0.133s
2025-12-09 00:17:14.094 66324 INFO tempest.lib.common.rest_client [req-a3b6525e-d07e-4699-b993-1173f48fbdee req-a3b6525e-d07e-4699-b993-1173f48fbdee ] Request (ServerShowV254Test:tearDownClass): 204 DELETE http://10.180.1.21/compute/v2.1/servers/5e4e10fc-4601-4848-b21a-d856535a0f2b 0.888s
2025-12-09 00:17:14.129 66336 INFO tempest.lib.common.rest_client [req-e673b4c7-6e95-4eb8-9288-0085311a8124 req-e673b4c7-6e95-4eb8-9288-0085311a8124 ] Request (SecurityGroupsTestJSON:test_list_security_groups_by_server): 200 GET http://10.180.1.21/compute/v2.1/servers/6c2bc455-0ac4-4215-80b2-f652cb1d16cc/os-security-groups 0.980s
2025-12-09 00:17:14.184 66322 INFO tempest.lib.common.rest_client [req-b68f50c9-a5c5-4e2d-8952-24283d3b089d req-b68f50c9-a5c5-4e2d-8952-24283d3b089d ] Request (ServersAdminTestJSON:test_inject_network_info): 200 GET http://10.180.1.21/compute/v2.1/servers/32df0a11-c848-4bc3-9f18-6187c59898ea 0.927s
2025-12-09 00:17:14.254 66316 INFO tempest.lib.common.rest_client [req-b49245d2-c42f-44df-a3e4-ec12312806f2 req-b49245d2-c42f-44df-a3e4-ec12312806f2 ] Request (InstanceUsageAuditLogTestJSON:tearDownClass): 204 DELETE http://10.180.1.21/identity/v3/users/9d514f4411a949dca6be99c69d4081fb 0.239s
2025-12-09 00:17:14.254 66316 INFO tempest.lib.common.dynamic_creds [-] Deleting project and security group for project: 943bf877b257418e9ae3ae5ce2c849c2
2025-12-09 00:17:14.264 66314 INFO tempest.lib.common.rest_client [req-7b68d1d2-2fae-4564-baa7-7ac8fc04d15f req-7b68d1d2-2fae-4564-baa7-7ac8fc04d15f ] Request (VolumesAssistedSnapshotsTest:test_volume_assisted_snapshot_create_delete): 200 GET http://10.180.1.21/volume/v3/volumes/9130cf44-5044-47ba-8aa4-076cfc5d3117 0.035s
2025-12-09 00:17:14.327 66320 INFO tempest.lib.common.rest_client [req-a4e17150-12db-4742-ae17-7124792c71c5 req-a4e17150-12db-4742-ae17-7124792c71c5 ] Request (ServerExternalEventsTest:tearDownClass): 200 GET http://10.180.1.21/compute/v2.1/servers/c01a2506-1644-45ae-87fe-7eade621043b 0.801s
2025-12-09 00:17:14.327 66300 INFO tempest.lib.common.rest_client [req-881f16a6-93a4-4a87-bc96-f0d4b3ae5820 req-881f16a6-93a4-4a87-bc96-f0d4b3ae5820 ] Request (ServersTestJSON:setUpClass): 200 GET http://10.180.1.21/compute/v2.1/servers/75a343cf-aa9b-49e3-a14d-b5492995e57b 0.764s
2025-12-09 00:17:14.339 66316 INFO tempest.lib.common.rest_client [req-609ef943-7dd5-4ad2-bfdd-996265c13d8f req-609ef943-7dd5-4ad2-bfdd-996265c13d8f ] Request (InstanceUsageAuditLogTestJSON:tearDownClass): 201 POST http://10.180.1.21/identity/v3/auth/tokens 0.084s
2025-12-09 00:17:14.386 66306 INFO tempest.lib.common.rest_client [req-73297409-07b9-4bc7-a90f-6c94e3a2ea71 req-73297409-07b9-4bc7-a90f-6c94e3a2ea71 ] Request (ServerTagsTestJSON:test_delete_all_tags): 201 PUT http://10.180.1.21/compute/v2.1/servers/38faebf4-e447-4281-98a9-ba64efd8533f/tags/tempest-tag-1483457256 0.805s
2025-12-09 00:17:14.402 66308 INFO tempest.lib.common.rest_client [req-d74d27db-4007-4f8f-8074-3b0639fb83c1 req-d74d27db-4007-4f8f-8074-3b0639fb83c1 ] Request (ServersAdmin275Test:tearDownClass): 200 GET http://10.180.1.21/compute/v2.1/servers/e4bbbcf9-6b26-4c3f-8fde-b389b6456425 0.761s
2025-12-09 00:17:14.413 66318 WARNING tempest.lib.common.ssh [-] Failed to establish authenticated ssh connection to cirros@10.180.180.161 ([Errno None] Unable to connect to port 22 on 10.180.180.161). Number attempts: 6. Retry after 7 seconds.: paramiko.ssh_exception.NoValidConnectionsError: [Errno None] Unable to connect to port 22 on 10.180.180.161
2025-12-09 00:17:14.430 66346 INFO tempest.lib.common.rest_client [req-8e491aa8-8004-4a5f-b496-84b4270f484e req-8e491aa8-8004-4a5f-b496-84b4270f484e ] Request (AggregatesAdminNegativeTestJSON:_run_cleanups): 200 DELETE http://10.180.1.21/compute/v2.1/os-aggregates/7 0.770s
2025-12-09 00:17:14.450 66340 INFO tempest.lib.common.rest_client [req-d7a744e7-a5c2-4e72-9772-34e9712837ea req-d7a744e7-a5c2-4e72-9772-34e9712837ea ] Request (ListImageFiltersTestJSON:setUpClass): 200 GET http://10.180.1.21/compute/v2.1/servers/04be04a7-b943-4701-abd9-ec8af496d3b1 0.793s
2025-12-09 00:17:14.520 66316 INFO tempest.lib.common.rest_client [req-bf6dcb29-e804-4af2-9de6-e4928a0d2f66 req-bf6dcb29-e804-4af2-9de6-e4928a0d2f66 ] Request (InstanceUsageAuditLogTestJSON:tearDownClass): 200 GET http://10.180.1.21/networking/v2.0/security-groups?tenant_id=943bf877b257418e9ae3ae5ce2c849c2&name=default 0.181s
2025-12-09 00:17:14.526 66326 INFO tempest.lib.common.rest_client [req-5453ef6a-5cc9-47af-b433-57da6cc3b16d req-5453ef6a-5cc9-47af-b433-57da6cc3b16d ] Request (ServerRescueNegativeTestJSON:setUpClass): 200 GET http://10.180.1.21/compute/v2.1/servers/b1a02939-a2b3-4a9c-b9d6-f46a944fff2a 0.822s
2025-12-09 00:17:14.606 66328 INFO tempest.lib.common.rest_client [req-92a6f694-7966-4c68-9258-9017b195e840 req-92a6f694-7966-4c68-9258-9017b195e840 ] Request (SecurityGroupRulesTestJSON:tearDownClass): 202 DELETE http://10.180.1.21/compute/v2.1/os-security-groups/874c0d3f-cfde-474e-8df5-c59f03a5af14 0.908s
2025-12-09 00:17:14.644 66296 INFO tempest.lib.common.rest_client [req-a03ad9d7-d3f5-474f-a768-bb1ff293c373 req-a03ad9d7-d3f5-474f-a768-bb1ff293c373 ] Request (ServerShowV247Test:tearDownClass): 204 DELETE http://10.180.1.21/compute/v2.1/servers/b898c149-dd97-4402-93ad-d540813453ab 0.923s
2025-12-09 00:17:14.679 66316 INFO tempest.lib.common.rest_client [req-70c3aaa3-4eb4-43da-8df9-a34110a2f594 req-70c3aaa3-4eb4-43da-8df9-a34110a2f594 ] Request (InstanceUsageAuditLogTestJSON:tearDownClass): 204 DELETE http://10.180.1.21/networking/v2.0/security-groups/93eb433f-7e35-4c24-a0e0-a400945c8cfe 0.158s
2025-12-09 00:17:14.738 66348 INFO tempest.lib.common.rest_client [req-f185e09f-43b0-4312-9a15-24ba48e86179 req-f185e09f-43b0-4312-9a15-24ba48e86179 ] Request (ServerShowV257Test:tearDownClass): 200 GET http://10.180.1.21/compute/v2.1/servers/8c0f1e4b-d1df-47bb-ada3-7b0666352510 0.931s
2025-12-09 00:17:14.762 66316 INFO tempest.lib.common.rest_client [req-6dae3314-ff3b-401f-9cf2-c9b94b3fe641 req-6dae3314-ff3b-401f-9cf2-c9b94b3fe641 ] Request (InstanceUsageAuditLogTestJSON:tearDownClass): 204 DELETE http://10.180.1.21/identity/v3/projects/943bf877b257418e9ae3ae5ce2c849c2 0.082s
2025-12-09 00:17:14.762 66316 INFO tempest.lib.common.dynamic_creds [-] Deleting project and security group for project: 598dc409a912445d85c945959e91978f
2025-12-09 00:17:14.782 66332 INFO tempest.lib.common.rest_client [req-6ab89cec-2ea4-450f-abb4-659a43c3fe36 req-6ab89cec-2ea4-450f-abb4-659a43c3fe36 ] Request (ServerDiskConfigTestJSON:test_rebuild_server_with_auto_disk_config): 200 GET http://10.180.1.21/compute/v2.1/servers/d695d950-80d1-4d56-b854-ea8e26572b06 1.043s
2025-12-09 00:17:14.804 66304 INFO tempest.lib.common.rest_client [req-1e89e311-a59e-4832-98ae-1fbf749a4e15 req-1e89e311-a59e-4832-98ae-1fbf749a4e15 ] Request (ServersAdminNegativeTestJSON:test_resize_server_using_overlimit_vcpus): 200 POST http://10.180.1.21/compute/v2.1/flavors 0.938s
2025-12-09 00:17:14.849 66338 INFO tempest.lib.common.rest_client [req-738fe60a-d8b0-496e-a011-d4930961fd8b req-738fe60a-d8b0-496e-a011-d4930961fd8b ] Request (FlavorsAdminTestJSON:test_is_public_string_variations): 200 GET http://10.180.1.21/compute/v2.1/flavors/detail?is_public=t 0.881s
2025-12-09 00:17:14.855 66356 INFO tempest.lib.common.rest_client [req-43b85d6e-56c8-4388-9a61-7f4b8bdcb38f req-43b85d6e-56c8-4388-9a61-7f4b8bdcb38f ] Request (ImagesTestJSON:_run_cleanups): 204 DELETE http://10.180.1.21/compute/v2.1/servers/65916c95-3d9a-4bfc-a4c6-e18dbb9fb6fb 0.995s
2025-12-09 00:17:14.926 66316 INFO tempest.lib.common.rest_client [req-88981ee0-f761-47f9-8141-cd6d0ebf8919 req-88981ee0-f761-47f9-8141-cd6d0ebf8919 ] Request (InstanceUsageAuditLogTestJSON:tearDownClass): 200 GET http://10.180.1.21/networking/v2.0/security-groups?tenant_id=598dc409a912445d85c945959e91978f&name=default 0.163s
2025-12-09 00:17:14.944 66356 INFO tempest.lib.common.rest_client [req-b973de73-1264-4f85-9394-4eddcf2407cf req-b973de73-1264-4f85-9394-4eddcf2407cf ] Request (ImagesTestJSON:test_create_image_from_suspended_server): 201 POST http://10.180.1.21/identity/v3/auth/tokens 0.082s
2025-12-09 00:17:14.945 66356 INFO tempest.lib.common.fixed_network [-] (ImagesTestJSON:test_create_image_from_suspended_server) Found network {'id': '4f295021-cc7b-42c8-979f-d466ecefe4db', 'name': 'tempest-ImagesTestJSON-672357903-network', 'tenant_id': 'e1127b4c4d0341f59cae40c87ae9a51d', 'project_id': 'e1127b4c4d0341f59cae40c87ae9a51d', 'admin_state_up': True, 'mtu': 8950, 'status': 'ACTIVE', 'subnets': [], 'shared': False, 'port_security_enabled': True, 'router:external': False, 'provider:network_type': 'vlan', 'provider:physical_network': 'default', 'provider:segmentation_id': 618, 'availability_zone_hints': [], 'availability_zones': [], 'ipv4_address_scope': None, 'ipv6_address_scope': None, 'description': '', 'tags': [], 'created_at': '2025-12-09T00:16:02Z', 'updated_at': '2025-12-09T00:16:02Z', 'revision_number': 1} available for tenant
2025-12-09 00:17:15.019 66324 INFO tempest.lib.common.rest_client [req-af79e4f0-ef8a-408c-9055-93a3d3f7d943 req-af79e4f0-ef8a-408c-9055-93a3d3f7d943 ] Request (ServerShowV254Test:tearDownClass): 200 GET http://10.180.1.21/compute/v2.1/servers/5e4e10fc-4601-4848-b21a-d856535a0f2b 0.925s
2025-12-09 00:17:15.076 66336 INFO tempest.lib.common.rest_client [req-bb8c813e-099d-4991-9877-a53dd991a66f req-bb8c813e-099d-4991-9877-a53dd991a66f ] Request (SecurityGroupsTestJSON:test_security_group_create_get_delete): 200 POST http://10.180.1.21/compute/v2.1/os-security-groups 0.941s
2025-12-09 00:17:15.164 66316 INFO tempest.lib.common.rest_client [req-1e72537e-6258-438e-a6f6-dae76815ca15 req-1e72537e-6258-438e-a6f6-dae76815ca15 ] Request (InstanceUsageAuditLogTestJSON:tearDownClass): 204 DELETE http://10.180.1.21/networking/v2.0/security-groups/db7c0ba3-9848-4218-b4b4-9af1cc37570c 0.238s
2025-12-09 00:17:15.168 66306 INFO tempest.lib.common.rest_client [req-92039467-e9e2-493c-9a68-0f2136ce8808 req-92039467-e9e2-493c-9a68-0f2136ce8808 ] Request (ServerTagsTestJSON:test_delete_all_tags): 201 PUT http://10.180.1.21/compute/v2.1/servers/38faebf4-e447-4281-98a9-ba64efd8533f/tags/tempest-tag-370601794 0.780s
2025-12-09 00:17:15.202 66346 INFO tempest.lib.common.rest_client [req-0d3d9d22-7538-48d4-b4aa-866919fa787f req-0d3d9d22-7538-48d4-b4aa-866919fa787f ] Request (AggregatesAdminNegativeTestJSON:test_aggregate_remove_nonexistent_host): 200 POST http://10.180.1.21/compute/v2.1/os-aggregates 0.770s
2025-12-09 00:17:15.294 66360 INFO tempest.lib.common.rest_client [req-db5d924f-741d-4996-bebe-16ad90886cda req-db5d924f-741d-4996-bebe-16ad90886cda ] Request (MigrationsAdminTest:test_list_migrations_in_flavor_resize_situation): 200 GET http://10.180.1.21/compute/v2.1/servers/48f53e10-7bfe-46fc-b89b-502f7e80679e 0.868s
2025-12-09 00:17:15.312 66314 INFO tempest.lib.common.rest_client [req-eef72d0a-3b72-4cc9-80d1-1e0a99ba5002 req-eef72d0a-3b72-4cc9-80d1-1e0a99ba5002 ] Request (VolumesAssistedSnapshotsTest:test_volume_assisted_snapshot_create_delete): 200 GET http://10.180.1.21/volume/v3/volumes/9130cf44-5044-47ba-8aa4-076cfc5d3117 0.039s
2025-12-09 00:17:15.357 66334 INFO tempest.lib.common.rest_client [req-1d0a0daf-9218-4e04-a3b0-c55e9d272288 req-1d0a0daf-9218-4e04-a3b0-c55e9d272288 ] Request (ServersTestFqdnHostnames:test_create_server_with_fqdn_name): 200 GET http://10.180.1.21/compute/v2.1/servers/277dffec-78d7-4397-886d-6cbf5f496c28 0.891s
2025-12-09 00:17:15.371 66342 INFO tempest.lib.common.rest_client [req-fed776c0-44ec-4343-bd55-9549bdbef28b req-fed776c0-44ec-4343-bd55-9549bdbef28b ] Request (AttachVolumeTestJSON:test_attach_detach_volume): 200 GET http://10.180.1.21/compute/v2.1/servers/0c8a68c5-8f5a-4aab-9143-3b50df4685fc 0.835s
2025-12-09 00:17:15.448 66296 INFO tempest.lib.common.rest_client [req-8314b9c8-ba38-439e-9e60-ca3952219ac8 req-8314b9c8-ba38-439e-9e60-ca3952219ac8 ] Request (ServerShowV247Test:tearDownClass): 200 GET http://10.180.1.21/compute/v2.1/servers/b898c149-dd97-4402-93ad-d540813453ab 0.803s
2025-12-09 00:17:15.481 66316 INFO tempest.lib.common.rest_client [req-475e16f5-c717-4289-ab5c-07d69dfc346a req-475e16f5-c717-4289-ab5c-07d69dfc346a ] Request (InstanceUsageAuditLogTestJSON:tearDownClass): 204 DELETE http://10.180.1.21/identity/v3/projects/598dc409a912445d85c945959e91978f 0.316s
2025-12-09 00:17:15.525 66328 INFO tempest.lib.common.rest_client [req-8fadd261-27d6-4ac6-b746-2fcdf68f001f req-8fadd261-27d6-4ac6-b746-2fcdf68f001f ] Request (SecurityGroupRulesTestJSON:tearDownClass): 202 DELETE http://10.180.1.21/compute/v2.1/os-security-groups/9a0a2e0e-bfec-43b9-b2eb-972e97bc5abe 0.918s
2025-12-09 00:17:15.562 66316 INFO tempest.lib.common.rest_client [req-43130263-8213-44c1-870e-4c260e277654 req-43130263-8213-44c1-870e-4c260e277654 ] Request (NetworksTest:setUpClass): 201 POST http://10.180.1.21/identity/v3/auth/tokens 0.080s
2025-12-09 00:17:15.603 66316 INFO tempest.lib.common.rest_client [req-48bd15c5-715e-4119-a01e-5f1fb53a783f req-48bd15c5-715e-4119-a01e-5f1fb53a783f ] Request (NetworksTest:setUpClass): 201 POST http://10.180.1.21/identity/v3/auth/tokens 0.038s
2025-12-09 00:17:15.641 66316 INFO tempest.lib.common.rest_client [req-48ac7ab4-0e29-49da-a842-4dd9e030ad6f req-48ac7ab4-0e29-49da-a842-4dd9e030ad6f ] Request (NetworksTest:setUpClass): 200 GET http://10.180.1.21/identity/v3/domains?name=Default 0.037s
2025-12-09 00:17:15.658 66332 INFO tempest.lib.common.rest_client [req-6922811f-f1a4-4c68-87b0-1cf7fdda07bc req-6922811f-f1a4-4c68-87b0-1cf7fdda07bc ] Request (ServerDiskConfigTestJSON:test_rebuild_server_with_auto_disk_config): 202 POST http://10.180.1.21/compute/v2.1/servers/d695d950-80d1-4d56-b854-ea8e26572b06/action 0.866s
2025-12-09 00:17:15.684 66316 INFO tempest.lib.common.rest_client [req-3bc7d6dd-7f5f-4a87-bdf9-d1c68ef4715e req-3bc7d6dd-7f5f-4a87-bdf9-d1c68ef4715e ] Request (NetworksTest:setUpClass): 201 POST http://10.180.1.21/identity/v3/projects 0.043s
2025-12-09 00:17:15.705 66338 INFO tempest.lib.common.rest_client [req-faec5f9e-bf07-49d5-b5e6-66375b70c47c req-faec5f9e-bf07-49d5-b5e6-66375b70c47c ] Request (FlavorsAdminTestJSON:test_is_public_string_variations): 200 GET http://10.180.1.21/compute/v2.1/flavors/detail?is_public=true 0.850s
2025-12-09 00:17:15.753 66304 INFO tempest.lib.common.rest_client [req-b07c8cf2-125f-49d9-b66a-322760b1ce08 req-b07c8cf2-125f-49d9-b66a-322760b1ce08 ] Request (ServersAdminNegativeTestJSON:test_resize_server_using_overlimit_vcpus): 403 POST http://10.180.1.21/compute/v2.1/servers/c07673ca-2067-481e-8020-602394227800/action 0.946s
2025-12-09 00:17:15.784 66344 INFO tempest.lib.common.rest_client [req-e4a82ec3-93cc-493f-8135-b30abddfe580 req-e4a82ec3-93cc-493f-8135-b30abddfe580 ] Request (ServerRescueTestJSONUnderV235:setUpClass): 200 GET http://10.180.1.21/compute/v2.1/servers/b7434b90-010f-4770-b0f5-95fecbf67f85 0.842s
2025-12-09 00:17:15.801 66316 INFO tempest.lib.common.rest_client [req-af931740-9c89-45a8-a85a-665843995a2e req-af931740-9c89-45a8-a85a-665843995a2e ] Request (NetworksTest:setUpClass): 201 POST http://10.180.1.21/identity/v3/users 0.116s
2025-12-09 00:17:15.835 66316 INFO tempest.lib.common.rest_client [req-f3b1e50e-bd76-464e-b992-04ff0c368b7b req-f3b1e50e-bd76-464e-b992-04ff0c368b7b ] Request (NetworksTest:setUpClass): 200 GET http://10.180.1.21/identity/v3/roles 0.033s
2025-12-09 00:17:15.877 66316 INFO tempest.lib.common.rest_client [req-ca17d15f-4dea-4cee-b29e-457c2f36dbdd req-ca17d15f-4dea-4cee-b29e-457c2f36dbdd ] Request (NetworksTest:setUpClass): 204 PUT http://10.180.1.21/identity/v3/projects/b6bb8a12d05345f0a5fc1e821fc05d73/users/9070bd93bf7740b184e813ea70ce3d65/roles/96556349ae644dbf84322051a96e7d8c 0.042s
2025-12-09 00:17:15.878 66316 INFO tempest.lib.common.dynamic_creds [-] Dynamic test user 9070bd93bf7740b184e813ea70ce3d65 is created with scope project and roles: ['member']
2025-12-09 00:17:15.878 66316 INFO tempest.lib.common.dynamic_creds [-] Acquired dynamic creds: credentials: Credentials: {'domain_id': 'default', 'domain_name': 'Default', 'username': 'tempest-NetworksTest-268877011-project-member', 'project_domain_id': 'default', 'project_domain_name': 'Default', 'project_id': 'b6bb8a12d05345f0a5fc1e821fc05d73', 'project_name': 'tempest-NetworksTest-268877011', 'tenant_id': 'b6bb8a12d05345f0a5fc1e821fc05d73', 'tenant_name': 'tempest-NetworksTest-268877011', 'user_domain_id': 'default', 'user_domain_name': 'Default', 'user_id': '9070bd93bf7740b184e813ea70ce3d65', 'system': None}, Network: None, Subnet: None, Router: None
2025-12-09 00:17:15.878 66316 INFO tempest.lib.common.dynamic_creds [-] Created isolated network resources for: credentials: Credentials: {'domain_id': 'default', 'domain_name': 'Default', 'username': 'tempest-NetworksTest-268877011-project-member', 'project_domain_id': 'default', 'project_domain_name': 'Default', 'project_id': 'b6bb8a12d05345f0a5fc1e821fc05d73', 'project_name': 'tempest-NetworksTest-268877011', 'tenant_id': 'b6bb8a12d05345f0a5fc1e821fc05d73', 'tenant_name': 'tempest-NetworksTest-268877011', 'user_domain_id': 'default', 'user_domain_name': 'Default', 'user_id': '9070bd93bf7740b184e813ea70ce3d65', 'system': None}, Network: None, Subnet: None, Router: None
2025-12-09 00:17:15.881 66298 INFO tempest.lib.common.rest_client [req-38486093-6ce0-44b5-9b30-9a1b07181eb7 req-38486093-6ce0-44b5-9b30-9a1b07181eb7 ] Request (TenantUsagesTestJSON:tearDownClass): 200 GET http://10.180.1.21/compute/v2.1/servers/9143f060-b0da-4259-a598-defc5752076e 0.919s
2025-12-09 00:17:15.956 66336 INFO tempest.lib.common.rest_client [req-55b3d242-56d3-4b27-8450-39055e387239 req-55b3d242-56d3-4b27-8450-39055e387239 ] Request (SecurityGroupsTestJSON:test_security_group_create_get_delete): 200 GET http://10.180.1.21/compute/v2.1/os-security-groups/92882069-a1e2-41a0-a46e-0a1d1d754d28 0.873s
2025-12-09 00:17:15.975 66316 INFO tempest.lib.common.rest_client [req-4597c8c4-21fb-49b6-a3bf-e8e2aa5a9d8c req-4597c8c4-21fb-49b6-a3bf-e8e2aa5a9d8c ] Request (NetworksTest:setUpClass): 201 POST http://10.180.1.21/identity/v3/auth/tokens 0.093s
2025-12-09 00:17:16.044 66306 INFO tempest.lib.common.rest_client [req-761d3373-6d65-40e4-9d39-cd53569750a3 req-761d3373-6d65-40e4-9d39-cd53569750a3 ] Request (ServerTagsTestJSON:test_delete_all_tags): 204 DELETE http://10.180.1.21/compute/v2.1/servers/38faebf4-e447-4281-98a9-ba64efd8533f/tags 0.875s
2025-12-09 00:17:16.086 66316 INFO tempest.lib.common.rest_client [req-f6d84a5f-1aba-4c29-982a-e11b11b8d515 req-f6d84a5f-1aba-4c29-982a-e11b11b8d515 ] Request (NetworksTest:setUpClass): 201 POST http://10.180.1.21/identity/v3/projects 0.110s
2025-12-09 00:17:16.121 66322 INFO tempest.lib.common.rest_client [req-1350f9fa-2b57-404c-9c36-633309919291 req-1350f9fa-2b57-404c-9c36-633309919291 ] Request (ServersAdminTestJSON:test_inject_network_info): 200 GET http://10.180.1.21/compute/v2.1/servers/32df0a11-c848-4bc3-9f18-6187c59898ea 0.927s
2025-12-09 00:17:16.146 66346 INFO tempest.lib.common.rest_client [req-ef1cb52d-a10f-450e-94dc-01b86e6322e2 req-ef1cb52d-a10f-450e-94dc-01b86e6322e2 ] Request (AggregatesAdminNegativeTestJSON:test_aggregate_remove_nonexistent_host): 404 POST http://10.180.1.21/compute/v2.1/os-aggregates/8/action 0.941s
2025-12-09 00:17:16.162 66316 INFO tempest.lib.common.rest_client [req-af44defb-95dd-4803-b7ff-661a4dbde56d req-af44defb-95dd-4803-b7ff-661a4dbde56d ] Request (NetworksTest:setUpClass): 201 POST http://10.180.1.21/identity/v3/users 0.076s
2025-12-09 00:17:16.193 66316 INFO tempest.lib.common.rest_client [req-ab6a5f7b-30ee-4b9c-bfca-835186574532 req-ab6a5f7b-30ee-4b9c-bfca-835186574532 ] Request (NetworksTest:setUpClass): 200 GET http://10.180.1.21/identity/v3/roles 0.030s
2025-12-09 00:17:16.201 66356 INFO tempest.lib.common.rest_client [req-c09b58e6-9a85-43ea-a997-b5a8ef275e80 req-c09b58e6-9a85-43ea-a997-b5a8ef275e80 ] Request (ImagesTestJSON:test_create_image_from_suspended_server): 202 POST http://10.180.1.21/compute/v2.1/servers 1.256s
2025-12-09 00:17:16.224 66316 INFO tempest.lib.common.rest_client [req-fb62ff3c-19f5-447d-a879-8a1c11ac88d5 req-fb62ff3c-19f5-447d-a879-8a1c11ac88d5 ] Request (NetworksTest:setUpClass): 204 PUT http://10.180.1.21/identity/v3/projects/b0bff41ac9664736b22a37d296d0c385/users/414b52089dc946018912c9f783f9f5b8/roles/6491e91d71a0490fa30645867d978920 0.031s
2025-12-09 00:17:16.311 66316 INFO tempest.lib.common.rest_client [req-8374a76a-7120-43ec-9d37-2d77fb81fa94 req-8374a76a-7120-43ec-9d37-2d77fb81fa94 ] Request (NetworksTest:setUpClass): 200 GET http://10.180.1.21/identity/v3/roles 0.086s
2025-12-09 00:17:16.352 66316 INFO tempest.lib.common.rest_client [req-e1f8f535-3c44-4e75-85b6-5f3e8ceeaa0b req-e1f8f535-3c44-4e75-85b6-5f3e8ceeaa0b ] Request (NetworksTest:setUpClass): 204 PUT http://10.180.1.21/identity/v3/projects/b0bff41ac9664736b22a37d296d0c385/users/414b52089dc946018912c9f783f9f5b8/roles/6491e91d71a0490fa30645867d978920 0.040s
2025-12-09 00:17:16.352 66316 INFO tempest.lib.common.dynamic_creds [-] Dynamic test user 414b52089dc946018912c9f783f9f5b8 is created with scope project and roles: ['admin']
2025-12-09 00:17:16.352 66316 INFO tempest.lib.common.dynamic_creds [-] Acquired dynamic creds: credentials: Credentials: {'domain_id': 'default', 'domain_name': 'Default', 'username': 'tempest-NetworksTest-1282175550-project-admin', 'project_domain_id': 'default', 'project_domain_name': 'Default', 'project_id': 'b0bff41ac9664736b22a37d296d0c385', 'project_name': 'tempest-NetworksTest-1282175550', 'tenant_id': 'b0bff41ac9664736b22a37d296d0c385', 'tenant_name': 'tempest-NetworksTest-1282175550', 'user_domain_id': 'default', 'user_domain_name': 'Default', 'user_id': '414b52089dc946018912c9f783f9f5b8', 'system': None}, Network: None, Subnet: None, Router: None
2025-12-09 00:17:16.353 66316 INFO tempest.lib.common.dynamic_creds [-] Created isolated network resources for: credentials: Credentials: {'domain_id': 'default', 'domain_name': 'Default', 'username': 'tempest-NetworksTest-1282175550-project-admin', 'project_domain_id': 'default', 'project_domain_name': 'Default', 'project_id': 'b0bff41ac9664736b22a37d296d0c385', 'project_name': 'tempest-NetworksTest-1282175550', 'tenant_id': 'b0bff41ac9664736b22a37d296d0c385', 'tenant_name': 'tempest-NetworksTest-1282175550', 'user_domain_id': 'default', 'user_domain_name': 'Default', 'user_id': '414b52089dc946018912c9f783f9f5b8', 'system': None}, Network: None, Subnet: None, Router: None
2025-12-09 00:17:16.362 66320 INFO tempest.lib.common.rest_client [req-fc435c5b-fde1-477c-93cc-3deabb8f8279 req-fc435c5b-fde1-477c-93cc-3deabb8f8279 ] Request (ServerExternalEventsTest:tearDownClass): 200 GET http://10.180.1.21/compute/v2.1/servers/c01a2506-1644-45ae-87fe-7eade621043b 1.028s
2025-12-09 00:17:16.378 66314 INFO tempest.lib.common.rest_client [req-8c375688-a3ff-463b-af9a-12bdc7b24aac req-8c375688-a3ff-463b-af9a-12bdc7b24aac ] Request (VolumesAssistedSnapshotsTest:test_volume_assisted_snapshot_create_delete): 200 GET http://10.180.1.21/volume/v3/volumes/9130cf44-5044-47ba-8aa4-076cfc5d3117 0.056s
2025-12-09 00:17:16.382 66300 INFO tempest.lib.common.rest_client [req-18af04a4-25dc-434f-86d0-75f6dfbae1e2 req-18af04a4-25dc-434f-86d0-75f6dfbae1e2 ] Request (ServersTestJSON:setUpClass): 200 GET http://10.180.1.21/compute/v2.1/servers/75a343cf-aa9b-49e3-a14d-b5492995e57b 1.046s
2025-12-09 00:17:16.396 66358 WARNING tempest.lib.common.ssh [-] Failed to establish authenticated ssh connection to cirros@10.180.180.189 ([Errno None] Unable to connect to port 22 on 10.180.180.189). Number attempts: 3. Retry after 4 seconds.: paramiko.ssh_exception.NoValidConnectionsError: [Errno None] Unable to connect to port 22 on 10.180.180.189
2025-12-09 00:17:16.459 66316 INFO tempest.lib.common.rest_client [req-3a04c6d9-647c-47e0-b51f-fcf7f68a901d req-3a04c6d9-647c-47e0-b51f-fcf7f68a901d ] Request (NetworksTest:setUpClass): 201 POST http://10.180.1.21/identity/v3/auth/tokens 0.096s
2025-12-09 00:17:16.478 66340 INFO tempest.lib.common.rest_client [req-b96e4266-0d11-4687-a3d1-ad7cfc8339c1 req-b96e4266-0d11-4687-a3d1-ad7cfc8339c1 ] Request (ListImageFiltersTestJSON:setUpClass): 200 GET http://10.180.1.21/compute/v2.1/servers/04be04a7-b943-4701-abd9-ec8af496d3b1 1.018s
2025-12-09 00:17:16.510 66308 INFO tempest.lib.common.rest_client [req-b527fc4c-be0a-46de-8f53-94112394c886 req-b527fc4c-be0a-46de-8f53-94112394c886 ] Request (ServersAdmin275Test:tearDownClass): 200 GET http://10.180.1.21/compute/v2.1/servers/e4bbbcf9-6b26-4c3f-8fde-b389b6456425 1.095s
2025-12-09 00:17:16.646 66326 INFO tempest.lib.common.rest_client [req-af882e29-cd84-4c31-b006-560400fdeed2 req-af882e29-cd84-4c31-b006-560400fdeed2 ] Request (ServerRescueNegativeTestJSON:setUpClass): 200 GET http://10.180.1.21/compute/v2.1/servers/b1a02939-a2b3-4a9c-b9d6-f46a944fff2a 1.108s
2025-12-09 00:17:16.711 66328 INFO tempest.lib.common.rest_client [req-aca8f534-c14f-4bc7-94f3-635d47d6a79f req-aca8f534-c14f-4bc7-94f3-635d47d6a79f ] Request (SecurityGroupRulesTestJSON:tearDownClass): 202 DELETE http://10.180.1.21/compute/v2.1/os-security-groups/72cf842b-7df5-49b8-9e43-3f3cc2f3fe33 1.185s
2025-12-09 00:17:16.745 66338 INFO tempest.lib.common.rest_client [req-a1d52b48-aa76-44a2-a8a7-4fb7cce732d9 req-a1d52b48-aa76-44a2-a8a7-4fb7cce732d9 ] Request (FlavorsAdminTestJSON:test_is_public_string_variations): 200 GET http://10.180.1.21/compute/v2.1/flavors/detail?is_public=yes 1.033s
2025-12-09 00:17:16.786 66332 INFO tempest.lib.common.rest_client [req-246c0d01-670a-46ed-9e1d-fc65e4a3df5d req-246c0d01-670a-46ed-9e1d-fc65e4a3df5d ] Request (ServerDiskConfigTestJSON:test_rebuild_server_with_auto_disk_config): 200 GET http://10.180.1.21/compute/v2.1/servers/d695d950-80d1-4d56-b854-ea8e26572b06 1.115s
2025-12-09 00:17:16.806 66304 INFO tempest.lib.common.rest_client [req-dc5242f7-d538-4fde-8c3f-62b1ba23ea3b req-dc5242f7-d538-4fde-8c3f-62b1ba23ea3b ] Request (ServersAdminNegativeTestJSON:_run_cleanups): 202 DELETE http://10.180.1.21/compute/v2.1/flavors/37935347 1.052s
2025-12-09 00:17:16.829 66348 INFO tempest.lib.common.rest_client [req-4cdbd3b1-1d60-4ea6-93df-cfa2c0f6823d req-4cdbd3b1-1d60-4ea6-93df-cfa2c0f6823d ] Request (ServerShowV257Test:tearDownClass): 200 GET http://10.180.1.21/compute/v2.1/servers/8c0f1e4b-d1df-47bb-ada3-7b0666352510 1.080s
2025-12-09 00:17:16.933 66336 INFO tempest.lib.common.rest_client [req-530d5533-24a6-44ea-b81c-b0b1d86c9a42 req-530d5533-24a6-44ea-b81c-b0b1d86c9a42 ] Request (SecurityGroupsTestJSON:test_security_group_create_get_delete): 202 DELETE http://10.180.1.21/compute/v2.1/os-security-groups/92882069-a1e2-41a0-a46e-0a1d1d754d28 0.972s
2025-12-09 00:17:16.943 66324 INFO tempest.lib.common.rest_client [req-1b7ae89e-e3a7-4abb-9d29-b3f4ab31dd29 req-1b7ae89e-e3a7-4abb-9d29-b3f4ab31dd29 ] Request (ServerShowV254Test:tearDownClass): 200 GET http://10.180.1.21/compute/v2.1/servers/5e4e10fc-4601-4848-b21a-d856535a0f2b 0.906s
2025-12-09 00:17:16.954 66306 INFO tempest.lib.common.rest_client [req-8c08bcd8-7c6d-4c94-9b08-99e81e6888ff req-8c08bcd8-7c6d-4c94-9b08-99e81e6888ff ] Request (ServerTagsTestJSON:test_delete_all_tags): 200 GET http://10.180.1.21/compute/v2.1/servers/38faebf4-e447-4281-98a9-ba64efd8533f/tags 0.910s
2025-12-09 00:17:16.970 66346 INFO tempest.lib.common.rest_client [req-a2ed6a0d-8277-441b-9d03-0848b4ae7165 req-a2ed6a0d-8277-441b-9d03-0848b4ae7165 ] Request (AggregatesAdminNegativeTestJSON:_run_cleanups): 200 DELETE http://10.180.1.21/compute/v2.1/os-aggregates/8 0.823s
2025-12-09 00:17:17.030 66356 INFO tempest.lib.common.rest_client [req-a4558079-c57f-46f2-8ad7-69348fb8679a req-a4558079-c57f-46f2-8ad7-69348fb8679a ] Request (ImagesTestJSON:test_create_image_from_suspended_server): 200 GET http://10.180.1.21/compute/v2.1/servers/f65594b1-9a02-4bf1-a353-6a0f1fa4f0c8 0.827s
2025-12-09 00:17:17.127 66360 INFO tempest.lib.common.rest_client [req-683835a1-5b2f-447e-b67d-72280b2c0611 req-683835a1-5b2f-447e-b67d-72280b2c0611 ] Request (MigrationsAdminTest:test_list_migrations_in_flavor_resize_situation): 200 GET http://10.180.1.21/compute/v2.1/servers/48f53e10-7bfe-46fc-b89b-502f7e80679e 0.825s
2025-12-09 00:17:17.135 66346 INFO tempest.lib.common.rest_client [req-5159c545-fdbb-4a4c-8fbd-2b598afaa3ba req-5159c545-fdbb-4a4c-8fbd-2b598afaa3ba ] Request (AggregatesAdminNegativeTestJSON:tearDownClass): 204 DELETE http://10.180.1.21/identity/v3/users/c3f3e480e515401a954348dc8ac0ff5a 0.163s
2025-12-09 00:17:17.215 66342 INFO tempest.lib.common.rest_client [req-121d3574-32fa-4bab-84ee-fd4c840475e4 req-121d3574-32fa-4bab-84ee-fd4c840475e4 ] Request (AttachVolumeTestJSON:test_attach_detach_volume): 200 GET http://10.180.1.21/compute/v2.1/servers/0c8a68c5-8f5a-4aab-9143-3b50df4685fc 0.835s
2025-12-09 00:17:17.257 66334 INFO tempest.lib.common.rest_client [req-0a3b4f40-0326-45c2-ac53-0187c1ef8274 req-0a3b4f40-0326-45c2-ac53-0187c1ef8274 ] Request (ServersTestFqdnHostnames:test_create_server_with_fqdn_name): 200 GET http://10.180.1.21/compute/v2.1/servers/277dffec-78d7-4397-886d-6cbf5f496c28 0.892s
2025-12-09 00:17:17.279 66346 INFO tempest.lib.common.rest_client [req-5fdb0c0e-faaa-4365-874b-dd32862c8d74 req-5fdb0c0e-faaa-4365-874b-dd32862c8d74 ] Request (AggregatesAdminNegativeTestJSON:tearDownClass): 204 DELETE http://10.180.1.21/identity/v3/users/fde2d8a308a1473bbebb823b9814e7ce 0.144s
2025-12-09 00:17:17.280 66346 INFO tempest.lib.common.dynamic_creds [-] Deleting project and security group for project: 86271691fdc04f7099e6da33724d1ced
2025-12-09 00:17:17.291 66296 INFO tempest.lib.common.rest_client [req-e919e9e4-5163-4610-8c1e-f06f11ddd41c req-e919e9e4-5163-4610-8c1e-f06f11ddd41c ] Request (ServerShowV247Test:tearDownClass): 200 GET http://10.180.1.21/compute/v2.1/servers/b898c149-dd97-4402-93ad-d540813453ab 0.831s
2025-12-09 00:17:17.350 66346 INFO tempest.lib.common.rest_client [req-b0e187a5-0c49-43d3-bad4-d0d19bd5c856 req-b0e187a5-0c49-43d3-bad4-d0d19bd5c856 ] Request (AggregatesAdminNegativeTestJSON:tearDownClass): 201 POST http://10.180.1.21/identity/v3/auth/tokens 0.070s
2025-12-09 00:17:17.425 66314 INFO tempest.lib.common.rest_client [req-040f5027-4f91-444c-9d0a-5f9dce614d96 req-040f5027-4f91-444c-9d0a-5f9dce614d96 ] Request (VolumesAssistedSnapshotsTest:test_volume_assisted_snapshot_create_delete): 200 GET http://10.180.1.21/volume/v3/volumes/9130cf44-5044-47ba-8aa4-076cfc5d3117 0.037s
2025-12-09 00:17:17.448 66328 INFO tempest.lib.common.rest_client [req-85e3e95c-c991-41e4-be55-5e991d5f6b25 req-85e3e95c-c991-41e4-be55-5e991d5f6b25 ] Request (SecurityGroupRulesTestJSON:tearDownClass): 202 DELETE http://10.180.1.21/compute/v2.1/os-security-groups/e42eb073-d482-4448-82f4-d6c234cb9a04 0.737s
2025-12-09 00:17:17.474 66338 INFO tempest.lib.common.rest_client [req-6b8b2698-5340-40e0-8f07-16696f49f522 req-6b8b2698-5340-40e0-8f07-16696f49f522 ] Request (FlavorsAdminTestJSON:test_is_public_string_variations): 200 GET http://10.180.1.21/compute/v2.1/flavors/detail?is_public=1 0.724s
2025-12-09 00:17:17.567 66346 INFO tempest.lib.common.rest_client [req-21ceb5ec-ad3a-4502-882e-77dd966831a0 req-21ceb5ec-ad3a-4502-882e-77dd966831a0 ] Request (AggregatesAdminNegativeTestJSON:tearDownClass): 200 GET http://10.180.1.21/networking/v2.0/security-groups?tenant_id=86271691fdc04f7099e6da33724d1ced&name=default 0.217s
2025-12-09 00:17:17.588 66344 INFO tempest.lib.common.rest_client [req-d6ac3f9b-d18c-4b71-aa3f-e67145a5d9ae req-d6ac3f9b-d18c-4b71-aa3f-e67145a5d9ae ] Request (ServerRescueTestJSONUnderV235:setUpClass): 200 GET http://10.180.1.21/compute/v2.1/servers/b7434b90-010f-4770-b0f5-95fecbf67f85 0.792s
2025-12-09 00:17:17.608 66316 INFO tempest.lib.common.rest_client [req-2aeda8aa-ff6e-4893-b139-fe94021bea2f req-2aeda8aa-ff6e-4893-b139-fe94021bea2f ] Request (NetworksTest:test_get_network): 200 GET http://10.180.1.21/compute/v2.1/os-networks 1.147s
2025-12-09 00:17:17.614 66304 INFO tempest.lib.common.rest_client [req-8de78c9d-0aa3-41bf-bf86-70567fd2fa25 req-8de78c9d-0aa3-41bf-bf86-70567fd2fa25 ] Request (ServersAdminNegativeTestJSON:_run_cleanups): 200 GET http://10.180.1.21/compute/v2.1/flavors/detail 0.807s
2025-12-09 00:17:17.633 66336 INFO tempest.lib.common.rest_client [req-2c868276-8274-4a12-94da-70bdef2ca438 req-2c868276-8274-4a12-94da-70bdef2ca438 ] Request (SecurityGroupsTestJSON:test_security_group_create_get_delete): 404 GET http://10.180.1.21/compute/v2.1/os-security-groups/92882069-a1e2-41a0-a46e-0a1d1d754d28 0.700s
2025-12-09 00:17:17.664 66346 INFO tempest.lib.common.rest_client [req-b1579c9b-df59-4fa7-aeed-2a7f9aa6eafb req-b1579c9b-df59-4fa7-aeed-2a7f9aa6eafb ] Request (AggregatesAdminNegativeTestJSON:tearDownClass): 204 DELETE http://10.180.1.21/networking/v2.0/security-groups/926dc8a3-d080-4c49-a069-7b1d97a0f9f5 0.097s
2025-12-09 00:17:17.677 66298 INFO tempest.lib.common.rest_client [req-b9f582ae-dde9-433c-a6a9-7b9765b8cc8a req-b9f582ae-dde9-433c-a6a9-7b9765b8cc8a ] Request (TenantUsagesTestJSON:tearDownClass): 200 GET http://10.180.1.21/compute/v2.1/servers/9143f060-b0da-4259-a598-defc5752076e 0.786s
2025-12-09 00:17:17.684 66306 INFO tempest.lib.common.rest_client [req-c315c22b-7b94-4151-b050-6e8a9e080904 req-c315c22b-7b94-4151-b050-6e8a9e080904 ] Request (ServerTagsTestJSON:_run_cleanups): 204 DELETE http://10.180.1.21/compute/v2.1/servers/38faebf4-e447-4281-98a9-ba64efd8533f/tags 0.728s
2025-12-09 00:17:17.741 66322 INFO tempest.lib.common.rest_client [req-750ceef1-0596-4164-a967-be04d37c64ef req-750ceef1-0596-4164-a967-be04d37c64ef ] Request (ServersAdminTestJSON:test_inject_network_info): 200 GET http://10.180.1.21/compute/v2.1/servers/32df0a11-c848-4bc3-9f18-6187c59898ea 0.612s
2025-12-09 00:17:17.752 66346 INFO tempest.lib.common.rest_client [req-64137d21-543c-4c42-bd5e-b751f193aa8d req-64137d21-543c-4c42-bd5e-b751f193aa8d ] Request (AggregatesAdminNegativeTestJSON:tearDownClass): 204 DELETE http://10.180.1.21/identity/v3/projects/86271691fdc04f7099e6da33724d1ced 0.087s
2025-12-09 00:17:17.752 66346 INFO tempest.lib.common.dynamic_creds [-] Deleting project and security group for project: efdb973d4fe742aab1476690e787592e
2025-12-09 00:17:17.773 66320 INFO tempest.lib.common.rest_client [req-576589d0-a2e2-44da-8874-55785087c73e req-576589d0-a2e2-44da-8874-55785087c73e ] Request (ServerExternalEventsTest:tearDownClass): 200 GET http://10.180.1.21/compute/v2.1/servers/c01a2506-1644-45ae-87fe-7eade621043b 0.400s
2025-12-09 00:17:17.780 66320 INFO tempest.common.waiters [-] State transition "ACTIVE/deleting" ==> "DELETED/None" after 3 second wait
2025-12-09 00:17:17.849 66346 INFO tempest.lib.common.rest_client [req-691df4f2-fa3b-493c-a1b6-6f0f1578b8c6 req-691df4f2-fa3b-493c-a1b6-6f0f1578b8c6 ] Request (AggregatesAdminNegativeTestJSON:tearDownClass): 200 GET http://10.180.1.21/networking/v2.0/security-groups?tenant_id=efdb973d4fe742aab1476690e787592e&name=default 0.097s
2025-12-09 00:17:17.878 66300 INFO tempest.lib.common.rest_client [req-14f67bf1-c560-437d-b1eb-3bdcae0426cd req-14f67bf1-c560-437d-b1eb-3bdcae0426cd ] Request (ServersTestJSON:setUpClass): 200 GET http://10.180.1.21/compute/v2.1/servers/75a343cf-aa9b-49e3-a14d-b5492995e57b 0.484s
2025-12-09 00:17:17.886 66300 INFO tempest.common.waiters [-] State transition "BUILD/spawning" ==> "ACTIVE/None" after 28 second wait
2025-12-09 00:17:17.895 66338 INFO tempest.lib.common.rest_client [req-9146f0c5-72d9-4f2c-aca6-f868dd082edb req-9146f0c5-72d9-4f2c-aca6-f868dd082edb ] Request (FlavorsAdminTestJSON:_run_cleanups): 202 DELETE http://10.180.1.21/compute/v2.1/flavors/130732546 0.415s
2025-12-09 00:17:17.945 66346 INFO tempest.lib.common.rest_client [req-6e183576-c2ab-4888-80ca-64b77a29d019 req-6e183576-c2ab-4888-80ca-64b77a29d019 ] Request (AggregatesAdminNegativeTestJSON:tearDownClass): 204 DELETE http://10.180.1.21/networking/v2.0/security-groups/b402f7fc-7774-4d84-96fb-c8ed4ccca719 0.096s
2025-12-09 00:17:17.950 66328 INFO tempest.lib.common.rest_client [req-e596ede8-b84c-4ca7-bff7-85c365ca6612 req-e596ede8-b84c-4ca7-bff7-85c365ca6612 ] Request (SecurityGroupRulesTestJSON:tearDownClass): 202 DELETE http://10.180.1.21/compute/v2.1/os-security-groups/a5098176-4e74-4dbb-8c76-6fd05912f57d 0.501s
2025-12-09 00:17:17.966 66340 INFO tempest.lib.common.rest_client [req-65d1d4a0-3446-40d0-923c-05b4e1af3acf req-65d1d4a0-3446-40d0-923c-05b4e1af3acf ] Request (ListImageFiltersTestJSON:setUpClass): 200 GET http://10.180.1.21/compute/v2.1/servers/04be04a7-b943-4701-abd9-ec8af496d3b1 0.474s
2025-12-09 00:17:18.052 66316 INFO tempest.lib.common.rest_client [req-9340620f-bb6d-4b8b-a2fe-36d2513e1e79 req-9340620f-bb6d-4b8b-a2fe-36d2513e1e79 ] Request (NetworksTest:test_get_network): 200 GET http://10.180.1.21/compute/v2.1/os-networks/02416166-961a-464b-9426-9881b25089f4 0.442s
2025-12-09 00:17:18.083 66308 INFO tempest.lib.common.rest_client [req-1530a5bb-8c1d-43a1-914a-d7117530b9cd req-1530a5bb-8c1d-43a1-914a-d7117530b9cd ] Request (ServersAdmin275Test:tearDownClass): 200 GET http://10.180.1.21/compute/v2.1/servers/e4bbbcf9-6b26-4c3f-8fde-b389b6456425 0.550s
2025-12-09 00:17:18.097 66304 INFO tempest.lib.common.rest_client [req-bbce21f3-2d50-472f-8636-821d5aa650e6 req-bbce21f3-2d50-472f-8636-821d5aa650e6 ] Request (ServersAdminNegativeTestJSON:test_restore_server_invalid_state): 409 POST http://10.180.1.21/compute/v2.1/servers/c07673ca-2067-481e-8020-602394227800/action 0.476s
2025-12-09 00:17:18.101 66346 INFO tempest.lib.common.rest_client [req-6da6f9ae-096c-4169-acbf-4056b6ba0257 req-6da6f9ae-096c-4169-acbf-4056b6ba0257 ] Request (AggregatesAdminNegativeTestJSON:tearDownClass): 204 DELETE http://10.180.1.21/identity/v3/projects/efdb973d4fe742aab1476690e787592e 0.156s
2025-12-09 00:17:18.175 66346 INFO tempest.lib.common.rest_client [req-a5070e1f-2ac7-438e-ad44-abfdbc622be1 req-a5070e1f-2ac7-438e-ad44-abfdbc622be1 ] Request (HypervisorAdminNegativeUnderV252Test:setUpClass): 201 POST http://10.180.1.21/identity/v3/auth/tokens 0.071s
2025-12-09 00:17:18.215 66336 INFO tempest.lib.common.rest_client [req-cb53431a-ce7f-4191-a2f5-f10d62d4bb24 req-cb53431a-ce7f-4191-a2f5-f10d62d4bb24 ] Request (SecurityGroupsTestJSON:test_security_groups_create_list_delete): 200 POST http://10.180.1.21/compute/v2.1/os-security-groups 0.581s
2025-12-09 00:17:18.226 66346 INFO tempest.lib.common.rest_client [req-83b77496-48b0-4623-8975-d1e9a1899861 req-83b77496-48b0-4623-8975-d1e9a1899861 ] Request (HypervisorAdminNegativeUnderV252Test:setUpClass): 201 POST http://10.180.1.21/identity/v3/auth/tokens 0.047s
2025-12-09 00:17:18.237 66326 INFO tempest.lib.common.rest_client [req-50e6f555-3ee1-432a-bc59-d3b2d53f6da5 req-50e6f555-3ee1-432a-bc59-d3b2d53f6da5 ] Request (ServerRescueNegativeTestJSON:setUpClass): 200 GET http://10.180.1.21/compute/v2.1/servers/b1a02939-a2b3-4a9c-b9d6-f46a944fff2a 0.580s
2025-12-09 00:17:18.254 66346 INFO tempest.lib.common.rest_client [req-8a17bb5a-32e2-41b8-9448-421ab4fc36e0 req-8a17bb5a-32e2-41b8-9448-421ab4fc36e0 ] Request (HypervisorAdminNegativeUnderV252Test:setUpClass): 200 GET http://10.180.1.21/identity/v3/domains?name=Default 0.027s
2025-12-09 00:17:18.286 66346 INFO tempest.lib.common.rest_client [req-470d6e70-8bba-427e-9ace-6cefe70c324a req-470d6e70-8bba-427e-9ace-6cefe70c324a ] Request (HypervisorAdminNegativeUnderV252Test:setUpClass): 201 POST http://10.180.1.21/identity/v3/projects 0.031s
2025-12-09 00:17:18.293 66306 INFO tempest.lib.common.rest_client [req-fbd4a633-1285-48fa-810f-9d19b901e094 req-fbd4a633-1285-48fa-810f-9d19b901e094 ] Request (ServerTagsTestJSON:test_update_all_tags): 201 PUT http://10.180.1.21/compute/v2.1/servers/38faebf4-e447-4281-98a9-ba64efd8533f/tags/tempest-tag-1024911169 0.608s
2025-12-09 00:17:18.347 66332 INFO tempest.lib.common.rest_client [req-f538d617-df05-4c23-a992-964a6da5cc0e req-f538d617-df05-4c23-a992-964a6da5cc0e ] Request (ServerDiskConfigTestJSON:test_rebuild_server_with_auto_disk_config): 200 GET http://10.180.1.21/compute/v2.1/servers/d695d950-80d1-4d56-b854-ea8e26572b06 0.550s
2025-12-09 00:17:18.349 66346 INFO tempest.lib.common.rest_client [req-b284979a-c9e6-43e4-af77-52f181aecb3c req-b284979a-c9e6-43e4-af77-52f181aecb3c ] Request (HypervisorAdminNegativeUnderV252Test:setUpClass): 201 POST http://10.180.1.21/identity/v3/users 0.063s
2025-12-09 00:17:18.360 66348 INFO tempest.lib.common.rest_client [req-0e514755-e976-44be-8d3b-68d63c4dbae8 req-0e514755-e976-44be-8d3b-68d63c4dbae8 ] Request (ServerShowV257Test:tearDownClass): 200 GET http://10.180.1.21/compute/v2.1/servers/8c0f1e4b-d1df-47bb-ada3-7b0666352510 0.520s
2025-12-09 00:17:18.374 66346 INFO tempest.lib.common.rest_client [req-f7e88957-6014-40a2-993e-172781518c87 req-f7e88957-6014-40a2-993e-172781518c87 ] Request (HypervisorAdminNegativeUnderV252Test:setUpClass): 200 GET http://10.180.1.21/identity/v3/roles 0.024s
2025-12-09 00:17:18.381 66338 INFO tempest.lib.common.rest_client [req-4f38cc85-fa9b-4caa-b699-14fdec22ee9d req-4f38cc85-fa9b-4caa-b699-14fdec22ee9d ] Request (FlavorsAdminTestJSON:_run_cleanups): 200 GET http://10.180.1.21/compute/v2.1/flavors/detail 0.486s
2025-12-09 00:17:18.401 66346 INFO tempest.lib.common.rest_client [req-6587cded-b78b-4ede-86f9-66670134f624 req-6587cded-b78b-4ede-86f9-66670134f624 ] Request (HypervisorAdminNegativeUnderV252Test:setUpClass): 204 PUT http://10.180.1.21/identity/v3/projects/bdbdbc82d683452f88def972ad879581/users/6a981f9c28eb412f846852b7aa2479b6/roles/96556349ae644dbf84322051a96e7d8c 0.027s
2025-12-09 00:17:18.401 66346 INFO tempest.lib.common.dynamic_creds [-] Dynamic test user 6a981f9c28eb412f846852b7aa2479b6 is created with scope project and roles: ['member']
2025-12-09 00:17:18.402 66346 INFO tempest.lib.common.dynamic_creds [-] Acquired dynamic creds: credentials: Credentials: {'domain_id': 'default', 'domain_name': 'Default', 'username': 'tempest-HypervisorAdminNegativeUnderV252Test-633545423-project-member', 'project_domain_id': 'default', 'project_domain_name': 'Default', 'project_id': 'bdbdbc82d683452f88def972ad879581', 'project_name': 'tempest-HypervisorAdminNegativeUnderV252Test-633545423', 'tenant_id': 'bdbdbc82d683452f88def972ad879581', 'tenant_name': 'tempest-HypervisorAdminNegativeUnderV252Test-633545423', 'user_domain_id': 'default', 'user_domain_name': 'Default', 'user_id': '6a981f9c28eb412f846852b7aa2479b6', 'system': None}, Network: None, Subnet: None, Router: None
2025-12-09 00:17:18.402 66346 INFO tempest.lib.common.dynamic_creds [-] Created isolated network resources for: credentials: Credentials: {'domain_id': 'default', 'domain_name': 'Default', 'username': 'tempest-HypervisorAdminNegativeUnderV252Test-633545423-project-member', 'project_domain_id': 'default', 'project_domain_name': 'Default', 'project_id': 'bdbdbc82d683452f88def972ad879581', 'project_name': 'tempest-HypervisorAdminNegativeUnderV252Test-633545423', 'tenant_id': 'bdbdbc82d683452f88def972ad879581', 'tenant_name': 'tempest-HypervisorAdminNegativeUnderV252Test-633545423', 'user_domain_id': 'default', 'user_domain_name': 'Default', 'user_id': '6a981f9c28eb412f846852b7aa2479b6', 'system': None}, Network: None, Subnet: None, Router: None
2025-12-09 00:17:18.408 66300 INFO tempest.lib.common.rest_client [req-fc4bc6c1-cd12-4eb7-a2ca-b2525f33043b req-fc4bc6c1-cd12-4eb7-a2ca-b2525f33043b ] Request (ServersTestJSON:setUpClass): 200 GET http://10.180.1.21/compute/v2.1/servers/75a343cf-aa9b-49e3-a14d-b5492995e57b/os-interface 0.521s
2025-12-09 00:17:18.437 66324 INFO tempest.lib.common.rest_client [req-7dfc6bce-0207-42b1-8993-63bb8591e03e req-7dfc6bce-0207-42b1-8993-63bb8591e03e ] Request (ServerShowV254Test:tearDownClass): 200 GET http://10.180.1.21/compute/v2.1/servers/5e4e10fc-4601-4848-b21a-d856535a0f2b 0.479s
2025-12-09 00:17:18.480 66314 INFO tempest.lib.common.rest_client [req-e9ef15bc-7c02-4258-87fd-ecd93d3d31cb req-e9ef15bc-7c02-4258-87fd-ecd93d3d31cb ] Request (VolumesAssistedSnapshotsTest:test_volume_assisted_snapshot_create_delete): 200 GET http://10.180.1.21/volume/v3/volumes/9130cf44-5044-47ba-8aa4-076cfc5d3117 0.044s
2025-12-09 00:17:18.482 66346 INFO tempest.lib.common.rest_client [req-542926f0-9e01-47bb-a290-4b0ee8ecc514 req-542926f0-9e01-47bb-a290-4b0ee8ecc514 ] Request (HypervisorAdminNegativeUnderV252Test:setUpClass): 201 POST http://10.180.1.21/identity/v3/auth/tokens 0.077s
2025-12-09 00:17:18.545 66346 INFO tempest.lib.common.rest_client [req-10bf7f4a-6618-4970-8b36-33fc41e88649 req-10bf7f4a-6618-4970-8b36-33fc41e88649 ] Request (HypervisorAdminNegativeUnderV252Test:setUpClass): 201 POST http://10.180.1.21/identity/v3/projects 0.063s
2025-12-09 00:17:18.620 66346 INFO tempest.lib.common.rest_client [req-0a626310-df32-4cd4-90a5-52f144b2dbf4 req-0a626310-df32-4cd4-90a5-52f144b2dbf4 ] Request (HypervisorAdminNegativeUnderV252Test:setUpClass): 201 POST http://10.180.1.21/identity/v3/users 0.074s
2025-12-09 00:17:18.641 66346 INFO tempest.lib.common.rest_client [req-65971acb-95f3-4cde-b9af-36ea09793aec req-65971acb-95f3-4cde-b9af-36ea09793aec ] Request (HypervisorAdminNegativeUnderV252Test:setUpClass): 200 GET http://10.180.1.21/identity/v3/roles 0.020s
2025-12-09 00:17:18.667 66346 INFO tempest.lib.common.rest_client [req-86328477-bbe7-4487-9098-4786778e12da req-86328477-bbe7-4487-9098-4786778e12da ] Request (HypervisorAdminNegativeUnderV252Test:setUpClass): 204 PUT http://10.180.1.21/identity/v3/projects/e7fe9f1f6f7b4f26b8cd76ffa24259b8/users/55f644923a724fffb9239c7f254e043e/roles/6491e91d71a0490fa30645867d978920 0.026s
2025-12-09 00:17:18.720 66346 INFO tempest.lib.common.rest_client [req-05ac60a3-93e2-4032-aa6b-aed44ba0a618 req-05ac60a3-93e2-4032-aa6b-aed44ba0a618 ] Request (HypervisorAdminNegativeUnderV252Test:setUpClass): 200 GET http://10.180.1.21/identity/v3/roles 0.052s
2025-12-09 00:17:18.737 66346 INFO tempest.lib.common.rest_client [req-b0dc3d5b-c6c5-426e-a8ea-107b16f7d347 req-b0dc3d5b-c6c5-426e-a8ea-107b16f7d347 ] Request (HypervisorAdminNegativeUnderV252Test:setUpClass): 204 PUT http://10.180.1.21/identity/v3/projects/e7fe9f1f6f7b4f26b8cd76ffa24259b8/users/55f644923a724fffb9239c7f254e043e/roles/6491e91d71a0490fa30645867d978920 0.017s
2025-12-09 00:17:18.737 66346 INFO tempest.lib.common.dynamic_creds [-] Dynamic test user 55f644923a724fffb9239c7f254e043e is created with scope project and roles: ['admin']
