2025-12-09 00:19:28.436 66298 INFO tempest.lib.common.rest_client [req-19d08157-0cea-4eb8-8730-e7b487f5fb2f req-19d08157-0cea-4eb8-8730-e7b487f5fb2f ] Request (ServerMetadataTestJSON:setUpClass): 200 GET http://10.180.1.21/compute/v2.1/servers/7f5fb954-8eb7-44bd-830e-33368d558c21 0.061s
2025-12-09 00:19:28.552 66316 INFO tempest.lib.common.rest_client [req-1a6424e8-d355-4678-b731-a89943148786 req-1a6424e8-d355-4678-b731-a89943148786 ] Request (ServerRescueTestJSON:test_rescue_unrescue_instance): 200 GET http://10.180.1.21/compute/v2.1/servers/b3edf617-aadb-4c11-a43b-6f9f701b2927 0.109s
2025-12-09 00:19:28.585 66340 INFO tempest.lib.common.rest_client [req-c6594df0-4133-4a63-ba3b-90b56c349baf req-c6594df0-4133-4a63-ba3b-90b56c349baf ] Request (ListImageFiltersTestJSON:tearDownClass): 200 GET http://10.180.1.21/compute/v2.1/servers/04be04a7-b943-4701-abd9-ec8af496d3b1 0.061s
2025-12-09 00:19:28.609 66338 INFO tempest.lib.common.rest_client [req-b23bd674-270e-4f9d-9671-7d32e62138d3 req-b23bd674-270e-4f9d-9671-7d32e62138d3 ] Request (InstanceActionsV221TestJSON:test_get_list_deleted_instance_actions): 200 GET http://10.180.1.21/compute/v2.1/servers/8dbd0f12-4351-4425-89ec-4340132c2f6b 0.082s
2025-12-09 00:19:28.650 66314 INFO tempest.lib.common.rest_client [req-a97ae2ce-4669-4397-ad2e-97f29e164218 req-a97ae2ce-4669-4397-ad2e-97f29e164218 ] Request (ServerDiagnosticsTest:tearDownClass): 200 GET http://10.180.1.21/compute/v2.1/servers/bbd4c856-b85d-4b10-bcbd-be74e0688022 0.058s
2025-12-09 00:19:28.669 66320 INFO tempest.lib.common.rest_client [req-b2d3af6c-1365-473a-8b12-d03aa7a12b60 req-b2d3af6c-1365-473a-8b12-d03aa7a12b60 ] Request (ListServersNegativeTestJSON:setUpClass): 200 GET http://10.180.1.21/compute/v2.1/servers/13978f46-bc24-45fa-9376-75e81ae0eca9 0.057s
2025-12-09 00:19:28.733 66306 INFO tempest.lib.common.rest_client [req-2b1fd3ab-d411-438e-bf36-16bf9880cfbd req-2b1fd3ab-d411-438e-bf36-16bf9880cfbd ] Request (ServersNegativeTestJSON:setUpClass): 200 GET http://10.180.1.21/compute/v2.1/servers/2e9a8604-a8bd-4444-9a50-057d5d0cf428 0.051s
2025-12-09 00:19:28.755 66358 WARNING tempest.lib.common.ssh [-] Failed to establish authenticated ssh connection to cirros@10.180.180.189 ([Errno None] Unable to connect to port 22 on 10.180.180.189). Number attempts: 14. Retry after 15 seconds.: paramiko.ssh_exception.NoValidConnectionsError: [Errno None] Unable to connect to port 22 on 10.180.180.189
2025-12-09 00:19:28.863 66334 INFO tempest.lib.common.rest_client [req-015b49f5-8155-4ab5-91c0-a820ee7ef2e5 req-015b49f5-8155-4ab5-91c0-a820ee7ef2e5 ] Request (ServersTestFqdnHostnames:tearDownClass): 200 GET http://10.180.1.21/compute/v2.1/servers/277dffec-78d7-4397-886d-6cbf5f496c28 0.067s
2025-12-09 00:19:28.914 66332 INFO tempest.lib.common.rest_client [req-e5266f69-6043-4d0a-8af8-dd73e104a3a9 req-e5266f69-6043-4d0a-8af8-dd73e104a3a9 ] Request (ServerDiskConfigTestJSON:test_resize_server_from_auto_to_manual): 200 GET http://10.180.1.21/compute/v2.1/servers/67dbfd52-4550-4eb9-a027-a36bd9612c18 0.057s
2025-12-09 00:19:28.916 66336 INFO tempest.lib.common.rest_client [req-478be095-6f63-44f3-863f-4d4227cdab15 req-478be095-6f63-44f3-863f-4d4227cdab15 ] Request (SecurityGroupsTestJSON:tearDownClass): 200 GET http://10.180.1.21/compute/v2.1/servers/6c2bc455-0ac4-4215-80b2-f652cb1d16cc 0.065s
2025-12-09 00:19:28.922 66336 INFO tempest.common.waiters [-] State transition "ACTIVE/deleting" ==> "DELETED/None" after 3 second wait
2025-12-09 00:19:29.078 66344 INFO tempest.lib.common.rest_client [req-43ac2aea-4e13-4af9-a41f-b8f12462db19 req-43ac2aea-4e13-4af9-a41f-b8f12462db19 ] Request (ServersListShow2100Test:test_list_show_rebuild_update_server_2100): 200 GET http://10.180.1.21/compute/v2.1/servers/b9e9ff24-b211-4669-815d-acae5793c021 0.065s
2025-12-09 00:19:29.138 66302 INFO tempest.lib.common.rest_client [req-4fd0d7cb-e1bf-49e0-ad23-65dcd62bf839 req-4fd0d7cb-e1bf-49e0-ad23-65dcd62bf839 ] Request (ServersWithSpecificFlavorTestJSON:test_verify_created_server_ephemeral_disk): 200 GET http://10.180.1.21/compute/v2.1/servers/309ab413-d0cf-4535-b577-eeb3dcce594f 0.056s
2025-12-09 00:19:29.201 66300 INFO tempest.lib.common.rest_client [req-2070ec5b-f395-44b4-8418-a88372ea48cb req-2070ec5b-f395-44b4-8418-a88372ea48cb ] Request (DeleteServersTestJSON:test_delete_active_server): 200 GET http://10.180.1.21/compute/v2.1/servers/e8f0102a-ffc4-4069-8c3e-a44093d9a85f 0.060s
2025-12-09 00:19:29.282 66304 INFO tempest.lib.common.rest_client [req-03170e84-c995-4210-81a8-11add221e28d req-03170e84-c995-4210-81a8-11add221e28d ] Request (ServersV294TestFqdnHostnames:setUpClass): 200 GET http://10.180.1.21/compute/v2.1/servers/ebaf7508-c857-4e45-86db-56c6c59b0931 0.059s
2025-12-09 00:19:29.318 66356 INFO tempest.lib.common.rest_client [req-6fed9af7-b3f6-47f1-b04c-2bf6d7518732 req-6fed9af7-b3f6-47f1-b04c-2bf6d7518732 ] Request (ImagesTestJSON:test_create_server_from_snapshot): 200 GET http://10.180.1.21/compute/v2.1/images/91bc9cfe-7ad0-45de-b43f-810140525b9f 0.068s
2025-12-09 00:19:29.359 66360 INFO tempest.lib.common.rest_client [req-a6cbecd6-9303-4b93-a5ff-38141f43b2fc req-a6cbecd6-9303-4b93-a5ff-38141f43b2fc ] Request (MigrationsAdminTest:test_resize_server_revert_deleted_flavor): 200 GET http://10.180.1.21/compute/v2.1/servers/43991b0c-99c1-4192-8700-f26bae2cdb35 0.144s
2025-12-09 00:19:29.379 66322 INFO tempest.lib.common.rest_client [req-dd166c48-0693-4507-b1a5-640faf0d07b5 req-dd166c48-0693-4507-b1a5-640faf0d07b5 ] Request (ServersAdminTestJSON:tearDownClass): 200 GET http://10.180.1.21/compute/v2.1/servers/3b81135a-75aa-45a0-b70d-76db95548bda 0.100s
2025-12-09 00:19:29.419 66318 INFO tempest.lib.common.rest_client [req-fa986a57-a655-47a2-b908-755c43dc69f6 req-fa986a57-a655-47a2-b908-755c43dc69f6 ] Request (AttachInterfacesUnderV243Test:_run_cleanups): 200 GET http://10.180.1.21/compute/v2.1/servers/fa0f45fe-0f46-4ed4-a399-36e438fa81c6 0.079s
2025-12-09 00:19:29.434 66350 INFO tempest.lib.common.rest_client [req-6ce5d001-ea5b-4962-97de-75873f122b35 req-6ce5d001-ea5b-4962-97de-75873f122b35 ] Request (VolumesAdminNegativeTest:tearDownClass): 200 GET http://10.180.1.21/compute/v2.1/servers/14a8e924-1d20-4bba-b3a2-58a4f8abe4b6 0.069s
2025-12-09 00:19:29.494 66298 INFO tempest.lib.common.rest_client [req-fd50f456-1861-4750-a659-551cdfec3ee7 req-fd50f456-1861-4750-a659-551cdfec3ee7 ] Request (ServerMetadataTestJSON:setUpClass): 200 GET http://10.180.1.21/compute/v2.1/servers/7f5fb954-8eb7-44bd-830e-33368d558c21 0.049s
2025-12-09 00:19:29.648 66340 INFO tempest.lib.common.rest_client [req-38f75d88-dedc-4e80-a31c-c2ff953b278e req-38f75d88-dedc-4e80-a31c-c2ff953b278e ] Request (ListImageFiltersTestJSON:tearDownClass): 200 GET http://10.180.1.21/compute/v2.1/servers/04be04a7-b943-4701-abd9-ec8af496d3b1 0.055s
2025-12-09 00:19:29.659 66316 INFO tempest.lib.common.rest_client [req-7d7736ae-1cef-41f3-a03f-83800749c437 req-7d7736ae-1cef-41f3-a03f-83800749c437 ] Request (ServerRescueTestJSON:test_rescue_unrescue_instance): 200 GET http://10.180.1.21/compute/v2.1/servers/b3edf617-aadb-4c11-a43b-6f9f701b2927 0.098s
2025-12-09 00:19:29.705 66338 INFO tempest.lib.common.rest_client [req-d08a75fd-46ca-46ef-b16f-55aa6a655f4b req-d08a75fd-46ca-46ef-b16f-55aa6a655f4b ] Request (InstanceActionsV221TestJSON:test_get_list_deleted_instance_actions): 200 GET http://10.180.1.21/compute/v2.1/servers/8dbd0f12-4351-4425-89ec-4340132c2f6b 0.087s
2025-12-09 00:19:29.719 66314 INFO tempest.lib.common.rest_client [req-02906050-92b2-4c9f-b34a-c7e511281626 req-02906050-92b2-4c9f-b34a-c7e511281626 ] Request (ServerDiagnosticsTest:tearDownClass): 200 GET http://10.180.1.21/compute/v2.1/servers/bbd4c856-b85d-4b10-bcbd-be74e0688022 0.061s
2025-12-09 00:19:29.723 66320 INFO tempest.lib.common.rest_client [req-25eadcab-ea03-46fe-99f3-b0882af627ea req-25eadcab-ea03-46fe-99f3-b0882af627ea ] Request (ListServersNegativeTestJSON:setUpClass): 404 GET http://10.180.1.21/compute/v2.1/servers/13978f46-bc24-45fa-9376-75e81ae0eca9 0.046s
2025-12-09 00:19:29.745 66320 INFO tempest.lib.common.rest_client [req-60861dd6-ad80-46f3-a343-d1f56bacedb8 req-60861dd6-ad80-46f3-a343-d1f56bacedb8 ] Request (ListServersNegativeTestJSON:setUpClass): 404 GET http://10.180.1.21/compute/v2.1/servers/ce3d51ea-0895-45dd-a721-bddf1ff7e086 0.021s
2025-12-09 00:19:29.745 66320 INFO tempest.test [-] raised in ListServersNegativeTestJSON.setUpClass. Invoking tearDownClass.
2025-12-09 00:19:29.796 66306 INFO tempest.lib.common.rest_client [req-33dfad43-15e2-4c27-b652-9cfbc4c06d03 req-33dfad43-15e2-4c27-b652-9cfbc4c06d03 ] Request (ServersNegativeTestJSON:setUpClass): 200 GET http://10.180.1.21/compute/v2.1/servers/2e9a8604-a8bd-4444-9a50-057d5d0cf428 0.054s
2025-12-09 00:19:29.942 66334 INFO tempest.lib.common.rest_client [req-9eec9996-6447-43c7-a619-c9c6512cecab req-9eec9996-6447-43c7-a619-c9c6512cecab ] Request (ServersTestFqdnHostnames:tearDownClass): 200 GET http://10.180.1.21/compute/v2.1/servers/277dffec-78d7-4397-886d-6cbf5f496c28 0.071s
2025-12-09 00:19:29.977 66332 INFO tempest.lib.common.rest_client [req-00e10367-05f2-438b-a942-f4d8f615f5be req-00e10367-05f2-438b-a942-f4d8f615f5be ] Request (ServerDiskConfigTestJSON:test_resize_server_from_auto_to_manual): 200 GET http://10.180.1.21/compute/v2.1/servers/67dbfd52-4550-4eb9-a027-a36bd9612c18 0.054s
2025-12-09 00:19:29.992 66336 INFO tempest.lib.common.rest_client [req-d5c88903-e2fb-4663-bef0-04482381ba18 req-d5c88903-e2fb-4663-bef0-04482381ba18 ] Request (SecurityGroupsTestJSON:tearDownClass): 200 GET http://10.180.1.21/compute/v2.1/servers/6c2bc455-0ac4-4215-80b2-f652cb1d16cc 0.068s
2025-12-09 00:19:30.164 66344 INFO tempest.lib.common.rest_client [req-01f7b928-f556-4119-9898-032f3a662ddd req-01f7b928-f556-4119-9898-032f3a662ddd ] Request (ServersListShow2100Test:test_list_show_rebuild_update_server_2100): 200 GET http://10.180.1.21/compute/v2.1/servers/b9e9ff24-b211-4669-815d-acae5793c021 0.074s
2025-12-09 00:19:30.211 66302 INFO tempest.lib.common.rest_client [req-64e770f6-ea35-4f5c-bad5-321a564560b0 req-64e770f6-ea35-4f5c-bad5-321a564560b0 ] Request (ServersWithSpecificFlavorTestJSON:test_verify_created_server_ephemeral_disk): 200 GET http://10.180.1.21/compute/v2.1/servers/309ab413-d0cf-4535-b577-eeb3dcce594f 0.065s
2025-12-09 00:19:30.263 66300 INFO tempest.lib.common.rest_client [req-279b2665-1407-4b99-b09e-7c807d24b057 req-279b2665-1407-4b99-b09e-7c807d24b057 ] Request (DeleteServersTestJSON:test_delete_active_server): 200 GET http://10.180.1.21/compute/v2.1/servers/e8f0102a-ffc4-4069-8c3e-a44093d9a85f 0.055s
2025-12-09 00:19:30.359 66304 INFO tempest.lib.common.rest_client [req-f358df04-aef2-4981-99b5-a4a7685a4d83 req-f358df04-aef2-4981-99b5-a4a7685a4d83 ] Request (ServersV294TestFqdnHostnames:setUpClass): 200 GET http://10.180.1.21/compute/v2.1/servers/ebaf7508-c857-4e45-86db-56c6c59b0931 0.066s
2025-12-09 00:19:30.366 66356 INFO tempest.lib.common.rest_client [req-65e9f608-dc1d-4f33-9a69-a329c0c0b6ff req-65e9f608-dc1d-4f33-9a69-a329c0c0b6ff ] Request (ImagesTestJSON:test_create_server_from_snapshot): 200 GET http://10.180.1.21/compute/v2.1/images/91bc9cfe-7ad0-45de-b43f-810140525b9f 0.042s
2025-12-09 00:19:30.420 66356 INFO tempest.lib.common.rest_client [req-be786dc9-4f53-44dd-ad3b-2521449481e4 req-be786dc9-4f53-44dd-ad3b-2521449481e4 ] Request (ImagesTestJSON:test_create_server_from_snapshot): 200 GET http://10.180.1.21/compute/v2.1/images/91bc9cfe-7ad0-45de-b43f-810140525b9f 0.050s
2025-12-09 00:19:30.460 66320 INFO tempest.lib.common.rest_client [req-a3fe2959-409c-485f-85f4-87aa4ce3bf13 req-a3fe2959-409c-485f-85f4-87aa4ce3bf13 ] Request (ListServersNegativeTestJSON:tearDownClass): 200 PUT http://10.180.1.21/networking/v2.0/routers/962c40ab-af19-465a-9338-451f9e43fc5e/remove_router_interface 0.714s
2025-12-09 00:19:30.512 66356 INFO tempest.lib.common.rest_client [req-722b584e-2bed-46fb-b4c4-ed865aa28b13 req-722b584e-2bed-46fb-b4c4-ed865aa28b13 ] Request (ImagesTestJSON:test_create_server_from_snapshot): 201 POST http://10.180.1.21/identity/v3/auth/tokens 0.082s
2025-12-09 00:19:30.512 66356 INFO tempest.lib.common.fixed_network [-] (ImagesTestJSON:test_create_server_from_snapshot) Found network {'id': '4f295021-cc7b-42c8-979f-d466ecefe4db', 'name': 'tempest-ImagesTestJSON-672357903-network', 'tenant_id': 'e1127b4c4d0341f59cae40c87ae9a51d', 'project_id': 'e1127b4c4d0341f59cae40c87ae9a51d', 'admin_state_up': True, 'mtu': 8950, 'status': 'ACTIVE', 'subnets': [], 'shared': False, 'port_security_enabled': True, 'router:external': False, 'provider:network_type': 'vlan', 'provider:physical_network': 'default', 'provider:segmentation_id': 618, 'availability_zone_hints': [], 'availability_zones': [], 'ipv4_address_scope': None, 'ipv6_address_scope': None, 'description': '', 'tags': [], 'created_at': '2025-12-09T00:16:02Z', 'updated_at': '2025-12-09T00:16:02Z', 'revision_number': 1} available for tenant
2025-12-09 00:19:30.514 66322 INFO tempest.lib.common.rest_client [req-706e3f5b-bff5-43f3-a3a5-2a730e8e25d6 req-706e3f5b-bff5-43f3-a3a5-2a730e8e25d6 ] Request (ServersAdminTestJSON:tearDownClass): 200 GET http://10.180.1.21/compute/v2.1/servers/3b81135a-75aa-45a0-b70d-76db95548bda 0.127s
2025-12-09 00:19:30.543 66360 INFO tempest.lib.common.rest_client [req-f6a017de-d550-4d69-af10-a380d2f3eef4 req-f6a017de-d550-4d69-af10-a380d2f3eef4 ] Request (MigrationsAdminTest:test_resize_server_revert_deleted_flavor): 200 GET http://10.180.1.21/compute/v2.1/servers/43991b0c-99c1-4192-8700-f26bae2cdb35 0.175s
2025-12-09 00:19:30.590 66318 INFO tempest.lib.common.rest_client [req-285d23c3-c2d9-4abd-b830-c48522506c23 req-285d23c3-c2d9-4abd-b830-c48522506c23 ] Request (AttachInterfacesUnderV243Test:_run_cleanups): 200 GET http://10.180.1.21/compute/v2.1/servers/fa0f45fe-0f46-4ed4-a399-36e438fa81c6 0.163s
2025-12-09 00:19:30.612 66350 INFO tempest.lib.common.rest_client [req-c07a5760-c5b8-4f49-9a82-bf1acbf0653c req-c07a5760-c5b8-4f49-9a82-bf1acbf0653c ] Request (VolumesAdminNegativeTest:tearDownClass): 200 GET http://10.180.1.21/compute/v2.1/servers/14a8e924-1d20-4bba-b3a2-58a4f8abe4b6 0.169s
2025-12-09 00:19:30.655 66298 INFO tempest.lib.common.rest_client [req-2bd2ab0a-dab8-40be-b188-609c4ab6cb9b req-2bd2ab0a-dab8-40be-b188-609c4ab6cb9b ] Request (ServerMetadataTestJSON:setUpClass): 200 GET http://10.180.1.21/compute/v2.1/servers/7f5fb954-8eb7-44bd-830e-33368d558c21 0.153s
2025-12-09 00:19:30.750 66340 INFO tempest.lib.common.rest_client [req-f5a2e837-39c5-4ef7-a122-3967737d6148 req-f5a2e837-39c5-4ef7-a122-3967737d6148 ] Request (ListImageFiltersTestJSON:tearDownClass): 200 GET http://10.180.1.21/compute/v2.1/servers/04be04a7-b943-4701-abd9-ec8af496d3b1 0.091s
2025-12-09 00:19:30.797 66308 WARNING tempest.lib.common.ssh [-] Failed to establish authenticated ssh connection to cirros@10.180.180.135 ([Errno None] Unable to connect to port 22 on 10.180.180.135). Number attempts: 7. Retry after 8 seconds.: paramiko.ssh_exception.NoValidConnectionsError: [Errno None] Unable to connect to port 22 on 10.180.180.135
2025-12-09 00:19:30.872 66320 INFO tempest.lib.common.rest_client [req-328936e7-bc70-4236-b31d-ff4298d7906a req-328936e7-bc70-4236-b31d-ff4298d7906a ] Request (ListServersNegativeTestJSON:tearDownClass): 204 DELETE http://10.180.1.21/networking/v2.0/routers/962c40ab-af19-465a-9338-451f9e43fc5e 0.412s
2025-12-09 00:19:31.010 66316 INFO tempest.lib.common.rest_client [req-b87cebc1-f794-4edb-8cf8-112989dfd50a req-b87cebc1-f794-4edb-8cf8-112989dfd50a ] Request (ServerRescueTestJSON:test_rescue_unrescue_instance): 200 GET http://10.180.1.21/compute/v2.1/servers/b3edf617-aadb-4c11-a43b-6f9f701b2927 0.340s
2025-12-09 00:19:31.036 66320 INFO tempest.lib.common.rest_client [req-7d58ddfb-4bdc-4b61-83e9-1cc5b4be1efa req-7d58ddfb-4bdc-4b61-83e9-1cc5b4be1efa ] Request (ListServersNegativeTestJSON:tearDownClass): 204 DELETE http://10.180.1.21/networking/v2.0/subnets/ee9a1eac-a62c-41c6-b9d1-94e296f3e903 0.163s
2025-12-09 00:19:31.096 66338 INFO tempest.lib.common.rest_client [req-122c971c-51fd-4012-be80-802c0fdf793d req-122c971c-51fd-4012-be80-802c0fdf793d ] Request (InstanceActionsV221TestJSON:test_get_list_deleted_instance_actions): 200 GET http://10.180.1.21/compute/v2.1/servers/8dbd0f12-4351-4425-89ec-4340132c2f6b 0.381s
2025-12-09 00:19:31.142 66356 INFO tempest.lib.common.rest_client [req-f01e8e15-dcec-4a1d-a74f-263aff0cd464 req-f01e8e15-dcec-4a1d-a74f-263aff0cd464 ] Request (ImagesTestJSON:test_create_server_from_snapshot): 202 POST http://10.180.1.21/compute/v2.1/servers 0.629s
2025-12-09 00:19:31.180 66314 INFO tempest.lib.common.rest_client [req-8ef1ff29-e1c4-4ae4-ae0a-afce8086a69a req-8ef1ff29-e1c4-4ae4-ae0a-afce8086a69a ] Request (ServerDiagnosticsTest:tearDownClass): 200 GET http://10.180.1.21/compute/v2.1/servers/bbd4c856-b85d-4b10-bcbd-be74e0688022 0.452s
2025-12-09 00:19:31.209 66306 INFO tempest.lib.common.rest_client [req-8c2bf251-b053-4bdf-91eb-5fedaf0f3478 req-8c2bf251-b053-4bdf-91eb-5fedaf0f3478 ] Request (ServersNegativeTestJSON:setUpClass): 200 GET http://10.180.1.21/compute/v2.1/servers/2e9a8604-a8bd-4444-9a50-057d5d0cf428 0.401s
2025-12-09 00:19:31.254 66334 INFO tempest.lib.common.rest_client [req-c02292f8-0e9b-463c-8c3e-a34477e621b8 req-c02292f8-0e9b-463c-8c3e-a34477e621b8 ] Request (ServersTestFqdnHostnames:tearDownClass): 200 GET http://10.180.1.21/compute/v2.1/servers/277dffec-78d7-4397-886d-6cbf5f496c28 0.304s
2025-12-09 00:19:31.273 66332 INFO tempest.lib.common.rest_client [req-5de8b7e9-dddc-4416-8350-f58495a31974 req-5de8b7e9-dddc-4416-8350-f58495a31974 ] Request (ServerDiskConfigTestJSON:test_resize_server_from_auto_to_manual): 200 GET http://10.180.1.21/compute/v2.1/servers/67dbfd52-4550-4eb9-a027-a36bd9612c18 0.288s
2025-12-09 00:19:31.320 66356 INFO tempest.lib.common.rest_client [req-209d2bdc-538d-460f-8250-ff9fcaaddaeb req-209d2bdc-538d-460f-8250-ff9fcaaddaeb ] Request (ImagesTestJSON:test_create_server_from_snapshot): 200 GET http://10.180.1.21/compute/v2.1/servers/abd486cc-aac8-42e7-a624-4a51db3aa6be 0.175s
2025-12-09 00:19:31.339 66336 INFO tempest.lib.common.rest_client [req-c3436e1c-a020-421c-b54f-b7f6a4ab30f6 req-c3436e1c-a020-421c-b54f-b7f6a4ab30f6 ] Request (SecurityGroupsTestJSON:tearDownClass): 200 GET http://10.180.1.21/compute/v2.1/servers/6c2bc455-0ac4-4215-80b2-f652cb1d16cc 0.339s
2025-12-09 00:19:31.344 66320 INFO tempest.lib.common.rest_client [req-7ec10078-bf8a-403e-94ad-8ec7aed45628 req-7ec10078-bf8a-403e-94ad-8ec7aed45628 ] Request (ListServersNegativeTestJSON:tearDownClass): 204 DELETE http://10.180.1.21/networking/v2.0/networks/5c693b09-33f1-4ecd-8829-f9b62dee1650 0.305s
2025-12-09 00:19:31.394 66302 INFO tempest.lib.common.rest_client [req-3699e468-7118-465c-9500-6c64d8d3bdd4 req-3699e468-7118-465c-9500-6c64d8d3bdd4 ] Request (ServersWithSpecificFlavorTestJSON:test_verify_created_server_ephemeral_disk): 200 GET http://10.180.1.21/compute/v2.1/servers/309ab413-d0cf-4535-b577-eeb3dcce594f 0.175s
2025-12-09 00:19:31.396 66344 INFO tempest.lib.common.rest_client [req-323a676d-39d9-4c3b-a0dc-2c4804983c5e req-323a676d-39d9-4c3b-a0dc-2c4804983c5e ] Request (ServersListShow2100Test:test_list_show_rebuild_update_server_2100): 200 GET http://10.180.1.21/compute/v2.1/servers/b9e9ff24-b211-4669-815d-acae5793c021 0.218s
2025-12-09 00:19:31.421 66326 WARNING tempest.lib.common.ssh [-] Failed to establish authenticated ssh connection to cirros@10.180.180.218 ([Errno None] Unable to connect to port 22 on 10.180.180.218). Number attempts: 6. Retry after 7 seconds.: paramiko.ssh_exception.NoValidConnectionsError: [Errno None] Unable to connect to port 22 on 10.180.180.218
2025-12-09 00:19:31.452 66320 INFO tempest.lib.common.rest_client [req-2e49af03-12cc-4799-ab69-8de6c2f0e6f7 req-2e49af03-12cc-4799-ab69-8de6c2f0e6f7 ] Request (ListServersNegativeTestJSON:tearDownClass): 204 DELETE http://10.180.1.21/identity/v3/users/47015c29ec804fa0afa7832e50fb476f 0.107s
2025-12-09 00:19:31.452 66320 INFO tempest.lib.common.dynamic_creds [-] Deleting project and security group for project: 02ff58eac0994571bc456573ff5e3c66
2025-12-09 00:19:31.458 66300 INFO tempest.lib.common.rest_client [req-1549560e-cfaf-405e-8026-2c418cf2753a req-1549560e-cfaf-405e-8026-2c418cf2753a ] Request (DeleteServersTestJSON:test_delete_active_server): 200 GET http://10.180.1.21/compute/v2.1/servers/e8f0102a-ffc4-4069-8c3e-a44093d9a85f 0.185s
2025-12-09 00:19:31.462 66304 INFO tempest.lib.common.rest_client [req-a1ab751d-ce9b-45ce-9a43-3de4d6f4690f req-a1ab751d-ce9b-45ce-9a43-3de4d6f4690f ] Request (ServersV294TestFqdnHostnames:setUpClass): 200 GET http://10.180.1.21/compute/v2.1/servers/ebaf7508-c857-4e45-86db-56c6c59b0931 0.090s
2025-12-09 00:19:31.482 66320 INFO tempest.lib.common.rest_client [req-4e5f427d-a0a7-4b30-b3db-781f3d005902 req-4e5f427d-a0a7-4b30-b3db-781f3d005902 ] Request (ListServersNegativeTestJSON:tearDownClass): 200 GET http://10.180.1.21/networking/v2.0/security-groups?tenant_id=02ff58eac0994571bc456573ff5e3c66&name=default 0.029s
2025-12-09 00:19:31.568 66320 INFO tempest.lib.common.rest_client [req-2484bb44-924b-4f60-ac4e-210ba90c3a50 req-2484bb44-924b-4f60-ac4e-210ba90c3a50 ] Request (ListServersNegativeTestJSON:tearDownClass): 204 DELETE http://10.180.1.21/networking/v2.0/security-groups/1436152e-2c65-4bb8-962f-a85ea9660efe 0.085s
2025-12-09 00:19:31.590 66322 INFO tempest.lib.common.rest_client [req-c8d998d4-6ab0-4f2b-a67c-8052ff673b43 req-c8d998d4-6ab0-4f2b-a67c-8052ff673b43 ] Request (ServersAdminTestJSON:tearDownClass): 200 GET http://10.180.1.21/compute/v2.1/servers/3b81135a-75aa-45a0-b70d-76db95548bda 0.067s
2025-12-09 00:19:31.655 66360 INFO tempest.lib.common.rest_client [req-2fc867b8-d272-4e67-9947-f98ca0f35599 req-2fc867b8-d272-4e67-9947-f98ca0f35599 ] Request (MigrationsAdminTest:test_resize_server_revert_deleted_flavor): 200 GET http://10.180.1.21/compute/v2.1/servers/43991b0c-99c1-4192-8700-f26bae2cdb35 0.102s
2025-12-09 00:19:31.655 66320 INFO tempest.lib.common.rest_client [req-3ab263ae-f6d1-4a6a-81e6-6c2643c7ce12 req-3ab263ae-f6d1-4a6a-81e6-6c2643c7ce12 ] Request (ListServersNegativeTestJSON:tearDownClass): 204 DELETE http://10.180.1.21/identity/v3/projects/02ff58eac0994571bc456573ff5e3c66 0.087s
2025-12-09 00:19:31.658 66320 INFO tempest.test [-] raised in ServerStableDeviceRescueTest.setUpClass. Invoking tearDownClass.
2025-12-09 00:19:31.658 66318 INFO tempest.lib.common.rest_client [req-3dd79125-b598-4a1c-93d6-f82b2699e8fa req-3dd79125-b598-4a1c-93d6-f82b2699e8fa ] Request (AttachInterfacesUnderV243Test:_run_cleanups): 200 GET http://10.180.1.21/compute/v2.1/servers/fa0f45fe-0f46-4ed4-a399-36e438fa81c6 0.059s
2025-12-09 00:19:31.723 66350 INFO tempest.lib.common.rest_client [req-70dc97b4-446d-4459-a50c-665f929eb150 req-70dc97b4-446d-4459-a50c-665f929eb150 ] Request (VolumesAdminNegativeTest:tearDownClass): 200 GET http://10.180.1.21/compute/v2.1/servers/14a8e924-1d20-4bba-b3a2-58a4f8abe4b6 0.098s
2025-12-09 00:19:31.730 66298 INFO tempest.lib.common.rest_client [req-d2fa0ee3-e489-40f4-acce-497d78ff44e4 req-d2fa0ee3-e489-40f4-acce-497d78ff44e4 ] Request (ServerMetadataTestJSON:setUpClass): 200 GET http://10.180.1.21/compute/v2.1/servers/7f5fb954-8eb7-44bd-830e-33368d558c21 0.065s
2025-12-09 00:19:31.844 66340 INFO tempest.lib.common.rest_client [req-43737c14-ff68-46cd-89c3-a595916e9132 req-43737c14-ff68-46cd-89c3-a595916e9132 ] Request (ListImageFiltersTestJSON:tearDownClass): 200 GET http://10.180.1.21/compute/v2.1/servers/04be04a7-b943-4701-abd9-ec8af496d3b1 0.083s
2025-12-09 00:19:32.174 66316 INFO tempest.lib.common.rest_client [req-0f346c8b-7442-42ec-8207-01582a33a467 req-0f346c8b-7442-42ec-8207-01582a33a467 ] Request (ServerRescueTestJSON:test_rescue_unrescue_instance): 200 GET http://10.180.1.21/compute/v2.1/servers/b3edf617-aadb-4c11-a43b-6f9f701b2927 0.156s
2025-12-09 00:19:32.183 66316 INFO tempest.common.waiters [-] State transition "ACTIVE/rescuing" ==> "RESCUE/None" after 9 second wait
2025-12-09 00:19:32.195 66338 INFO tempest.lib.common.rest_client [req-beb6dbe5-af2d-4f6f-beed-fb07fb5b3c4a req-beb6dbe5-af2d-4f6f-beed-fb07fb5b3c4a ] Request (InstanceActionsV221TestJSON:test_get_list_deleted_instance_actions): 200 GET http://10.180.1.21/compute/v2.1/servers/8dbd0f12-4351-4425-89ec-4340132c2f6b 0.084s
2025-12-09 00:19:32.245 66316 INFO tempest.lib.common.rest_client [req-8972e1f3-3271-45ad-ae99-0991e461cdb5 req-8972e1f3-3271-45ad-ae99-0991e461cdb5 ] Request (ServerRescueTestJSON:test_rescue_unrescue_instance): 202 POST http://10.180.1.21/compute/v2.1/servers/b3edf617-aadb-4c11-a43b-6f9f701b2927/action 0.062s
2025-12-09 00:19:32.269 66314 INFO tempest.lib.common.rest_client [req-042f870d-67e1-4adf-bfe3-4c4ce01c0534 req-042f870d-67e1-4adf-bfe3-4c4ce01c0534 ] Request (ServerDiagnosticsTest:tearDownClass): 200 GET http://10.180.1.21/compute/v2.1/servers/bbd4c856-b85d-4b10-bcbd-be74e0688022 0.080s
2025-12-09 00:19:32.316 66306 INFO tempest.lib.common.rest_client [req-5d26ae41-af96-4bc0-9eaf-f128b0a7ceb6 req-5d26ae41-af96-4bc0-9eaf-f128b0a7ceb6 ] Request (ServersNegativeTestJSON:setUpClass): 200 GET http://10.180.1.21/compute/v2.1/servers/2e9a8604-a8bd-4444-9a50-057d5d0cf428 0.096s
2025-12-09 00:19:32.398 66352 WARNING tempest.lib.common.ssh [-] Failed to establish authenticated ssh connection to cirros@10.180.180.187 ([Errno None] Unable to connect to port 22 on 10.180.180.187). Number attempts: 4. Retry after 5 seconds.: paramiko.ssh_exception.NoValidConnectionsError: [Errno None] Unable to connect to port 22 on 10.180.180.187
2025-12-09 00:19:32.402 66316 INFO tempest.lib.common.rest_client [req-963a9a04-42b5-4df0-acce-d43fd799cb47 req-963a9a04-42b5-4df0-acce-d43fd799cb47 ] Request (ServerRescueTestJSON:test_rescue_unrescue_instance): 200 GET http://10.180.1.21/compute/v2.1/servers/b3edf617-aadb-4c11-a43b-6f9f701b2927 0.156s
2025-12-09 00:19:32.414 66334 INFO tempest.lib.common.rest_client [req-86da8952-7193-4eb0-b63c-00f93664c567 req-86da8952-7193-4eb0-b63c-00f93664c567 ] Request (ServersTestFqdnHostnames:tearDownClass): 200 GET http://10.180.1.21/compute/v2.1/servers/277dffec-78d7-4397-886d-6cbf5f496c28 0.149s
2025-12-09 00:19:32.468 66332 INFO tempest.lib.common.rest_client [req-48e30f9c-8c44-4f40-802d-33161571ba1c req-48e30f9c-8c44-4f40-802d-33161571ba1c ] Request (ServerDiskConfigTestJSON:test_resize_server_from_auto_to_manual): 200 GET http://10.180.1.21/compute/v2.1/servers/67dbfd52-4550-4eb9-a027-a36bd9612c18 0.186s
2025-12-09 00:19:32.481 66356 INFO tempest.lib.common.rest_client [req-5102385b-6b98-4bb8-aa69-97c2f4e5ac8d req-5102385b-6b98-4bb8-aa69-97c2f4e5ac8d ] Request (ImagesTestJSON:test_create_server_from_snapshot): 200 GET http://10.180.1.21/compute/v2.1/servers/abd486cc-aac8-42e7-a624-4a51db3aa6be 0.151s
2025-12-09 00:19:32.488 66356 INFO tempest.common.waiters [-] State transition "BUILD/scheduling" ==> "BUILD/None" after 1 second wait
2025-12-09 00:19:32.532 66336 INFO tempest.lib.common.rest_client [req-bb8fb3db-fe7d-4ac6-834b-36ceb419fc2d req-bb8fb3db-fe7d-4ac6-834b-36ceb419fc2d ] Request (SecurityGroupsTestJSON:tearDownClass): 200 GET http://10.180.1.21/compute/v2.1/servers/6c2bc455-0ac4-4215-80b2-f652cb1d16cc 0.183s
2025-12-09 00:19:32.549 66302 INFO tempest.lib.common.rest_client [req-9f5ca03c-34a3-4a2f-b921-3e530ef01dac req-9f5ca03c-34a3-4a2f-b921-3e530ef01dac ] Request (ServersWithSpecificFlavorTestJSON:test_verify_created_server_ephemeral_disk): 200 GET http://10.180.1.21/compute/v2.1/servers/309ab413-d0cf-4535-b577-eeb3dcce594f 0.147s
2025-12-09 00:19:32.598 66344 INFO tempest.lib.common.rest_client [req-929b7365-635a-462c-97df-3e55df19644a req-929b7365-635a-462c-97df-3e55df19644a ] Request (ServersListShow2100Test:test_list_show_rebuild_update_server_2100): 200 GET http://10.180.1.21/compute/v2.1/servers/b9e9ff24-b211-4669-815d-acae5793c021 0.184s
2025-12-09 00:19:32.608 66300 INFO tempest.lib.common.rest_client [req-06aecc6d-9432-4180-beab-449bf8b0df54 req-06aecc6d-9432-4180-beab-449bf8b0df54 ] Request (DeleteServersTestJSON:test_delete_active_server): 200 GET http://10.180.1.21/compute/v2.1/servers/e8f0102a-ffc4-4069-8c3e-a44093d9a85f 0.141s
2025-12-09 00:19:32.704 66322 INFO tempest.lib.common.rest_client [req-38cb8f8b-2f6d-4749-bd2c-b1c7fc2d5f99 req-38cb8f8b-2f6d-4749-bd2c-b1c7fc2d5f99 ] Request (ServersAdminTestJSON:tearDownClass): 200 GET http://10.180.1.21/compute/v2.1/servers/3b81135a-75aa-45a0-b70d-76db95548bda 0.107s
2025-12-09 00:19:32.728 66304 INFO tempest.lib.common.rest_client [req-30fb87e8-2a71-46fe-9a15-f85888e45770 req-30fb87e8-2a71-46fe-9a15-f85888e45770 ] Request (ServersV294TestFqdnHostnames:setUpClass): 200 GET http://10.180.1.21/compute/v2.1/servers/ebaf7508-c857-4e45-86db-56c6c59b0931 0.254s
2025-12-09 00:19:32.738 66304 INFO tempest.common.waiters [-] State transition "BUILD/None" ==> "BUILD/block_device_mapping" after 39 second wait
2025-12-09 00:19:32.790 66318 INFO tempest.lib.common.rest_client [req-fa5a0658-2784-4514-b1d7-24d621675abd req-fa5a0658-2784-4514-b1d7-24d621675abd ] Request (AttachInterfacesUnderV243Test:_run_cleanups): 200 GET http://10.180.1.21/compute/v2.1/servers/fa0f45fe-0f46-4ed4-a399-36e438fa81c6 0.123s
2025-12-09 00:19:32.813 66360 INFO tempest.lib.common.rest_client [req-7c703d67-6f6f-4eaf-b00d-bde6d8890400 req-7c703d67-6f6f-4eaf-b00d-bde6d8890400 ] Request (MigrationsAdminTest:test_resize_server_revert_deleted_flavor): 200 GET http://10.180.1.21/compute/v2.1/servers/43991b0c-99c1-4192-8700-f26bae2cdb35 0.150s
2025-12-09 00:19:32.850 66350 INFO tempest.lib.common.rest_client [req-f946245e-c0b9-4d54-b331-dbdbe02fa2f6 req-f946245e-c0b9-4d54-b331-dbdbe02fa2f6 ] Request (VolumesAdminNegativeTest:tearDownClass): 200 GET http://10.180.1.21/compute/v2.1/servers/14a8e924-1d20-4bba-b3a2-58a4f8abe4b6 0.117s
2025-12-09 00:19:32.865 66298 INFO tempest.lib.common.rest_client [req-2a3fed82-7679-407f-9606-17985fd1402f req-2a3fed82-7679-407f-9606-17985fd1402f ] Request (ServerMetadataTestJSON:setUpClass): 200 GET http://10.180.1.21/compute/v2.1/servers/7f5fb954-8eb7-44bd-830e-33368d558c21 0.124s
2025-12-09 00:19:32.915 66340 INFO tempest.lib.common.rest_client [req-c9c3961c-ee7c-4af4-9da8-5dc31354a3c6 req-c9c3961c-ee7c-4af4-9da8-5dc31354a3c6 ] Request (ListImageFiltersTestJSON:tearDownClass): 200 GET http://10.180.1.21/compute/v2.1/servers/04be04a7-b943-4701-abd9-ec8af496d3b1 0.060s
2025-12-09 00:19:33.311 66338 INFO tempest.lib.common.rest_client [req-5b20cd92-cd03-4085-8a39-871a5845182d req-5b20cd92-cd03-4085-8a39-871a5845182d ] Request (InstanceActionsV221TestJSON:test_get_list_deleted_instance_actions): 200 GET http://10.180.1.21/compute/v2.1/servers/8dbd0f12-4351-4425-89ec-4340132c2f6b 0.096s
2025-12-09 00:19:33.363 66314 INFO tempest.lib.common.rest_client [req-a8d05458-866e-463e-a904-83384de0689e req-a8d05458-866e-463e-a904-83384de0689e ] Request (ServerDiagnosticsTest:tearDownClass): 200 GET http://10.180.1.21/compute/v2.1/servers/bbd4c856-b85d-4b10-bcbd-be74e0688022 0.084s
2025-12-09 00:19:33.396 66306 INFO tempest.lib.common.rest_client [req-2f1da797-2253-4a98-86ab-cc31192eadd5 req-2f1da797-2253-4a98-86ab-cc31192eadd5 ] Request (ServersNegativeTestJSON:setUpClass): 200 GET http://10.180.1.21/compute/v2.1/servers/2e9a8604-a8bd-4444-9a50-057d5d0cf428 0.069s
2025-12-09 00:19:33.525 66334 INFO tempest.lib.common.rest_client [req-0b726207-e9e6-449c-8b16-0c8ba3b713d4 req-0b726207-e9e6-449c-8b16-0c8ba3b713d4 ] Request (ServersTestFqdnHostnames:tearDownClass): 200 GET http://10.180.1.21/compute/v2.1/servers/277dffec-78d7-4397-886d-6cbf5f496c28 0.102s
2025-12-09 00:19:33.597 66316 INFO tempest.lib.common.rest_client [req-ddfd18c0-dd2c-4f1c-9661-e3febad834f1 req-ddfd18c0-dd2c-4f1c-9661-e3febad834f1 ] Request (ServerRescueTestJSON:test_rescue_unrescue_instance): 200 GET http://10.180.1.21/compute/v2.1/servers/b3edf617-aadb-4c11-a43b-6f9f701b2927 0.183s
2025-12-09 00:19:33.610 66332 INFO tempest.lib.common.rest_client [req-b94b7c92-4396-4b7a-8b89-887a21dd7c47 req-b94b7c92-4396-4b7a-8b89-887a21dd7c47 ] Request (ServerDiskConfigTestJSON:test_resize_server_from_auto_to_manual): 200 GET http://10.180.1.21/compute/v2.1/servers/67dbfd52-4550-4eb9-a027-a36bd9612c18 0.134s
2025-12-09 00:19:33.660 66356 INFO tempest.lib.common.rest_client [req-88fef0d2-e98d-495b-86c7-bb5aa1333dd3 req-88fef0d2-e98d-495b-86c7-bb5aa1333dd3 ] Request (ImagesTestJSON:test_create_server_from_snapshot): 200 GET http://10.180.1.21/compute/v2.1/servers/abd486cc-aac8-42e7-a624-4a51db3aa6be 0.170s
2025-12-09 00:19:33.681 66336 INFO tempest.lib.common.rest_client [req-1cd71a66-9a0f-48da-bfcb-70c8ab6d84b1 req-1cd71a66-9a0f-48da-bfcb-70c8ab6d84b1 ] Request (SecurityGroupsTestJSON:tearDownClass): 200 GET http://10.180.1.21/compute/v2.1/servers/6c2bc455-0ac4-4215-80b2-f652cb1d16cc 0.137s
2025-12-09 00:19:33.710 66302 INFO tempest.lib.common.rest_client [req-fac9501d-8256-4c63-b6d5-57b529f42440 req-fac9501d-8256-4c63-b6d5-57b529f42440 ] Request (ServersWithSpecificFlavorTestJSON:test_verify_created_server_ephemeral_disk): 200 GET http://10.180.1.21/compute/v2.1/servers/309ab413-d0cf-4535-b577-eeb3dcce594f 0.150s
2025-12-09 00:19:33.745 66344 INFO tempest.lib.common.rest_client [req-f0fa25f4-a256-4404-ba0e-52d731dc2533 req-f0fa25f4-a256-4404-ba0e-52d731dc2533 ] Request (ServersListShow2100Test:test_list_show_rebuild_update_server_2100): 200 GET http://10.180.1.21/compute/v2.1/servers/b9e9ff24-b211-4669-815d-acae5793c021 0.133s
2025-12-09 00:19:33.755 66300 INFO tempest.lib.common.rest_client [req-0dafe6e5-72b8-45d5-ac7f-865399eb8e35 req-0dafe6e5-72b8-45d5-ac7f-865399eb8e35 ] Request (DeleteServersTestJSON:test_delete_active_server): 200 GET http://10.180.1.21/compute/v2.1/servers/e8f0102a-ffc4-4069-8c3e-a44093d9a85f 0.136s
2025-12-09 00:19:33.797 66322 INFO tempest.lib.common.rest_client [req-c3fb8140-3de4-4fdb-a63e-81102a0612b3 req-c3fb8140-3de4-4fdb-a63e-81102a0612b3 ] Request (ServersAdminTestJSON:tearDownClass): 200 GET http://10.180.1.21/compute/v2.1/servers/3b81135a-75aa-45a0-b70d-76db95548bda 0.083s
2025-12-09 00:19:33.865 66304 INFO tempest.lib.common.rest_client [req-7c55bed2-0480-43a0-ba3e-fedda57dcda6 req-7c55bed2-0480-43a0-ba3e-fedda57dcda6 ] Request (ServersV294TestFqdnHostnames:setUpClass): 200 GET http://10.180.1.21/compute/v2.1/servers/ebaf7508-c857-4e45-86db-56c6c59b0931 0.126s
2025-12-09 00:19:33.874 66304 INFO tempest.common.waiters [-] State transition "BUILD/block_device_mapping" ==> "BUILD/spawning" after 40 second wait
2025-12-09 00:19:33.878 66318 INFO tempest.lib.common.rest_client [req-0077fe70-7fa9-4f6c-b8a4-ec532c4de7ab req-0077fe70-7fa9-4f6c-b8a4-ec532c4de7ab ] Request (AttachInterfacesUnderV243Test:_run_cleanups): 200 GET http://10.180.1.21/compute/v2.1/servers/fa0f45fe-0f46-4ed4-a399-36e438fa81c6 0.080s
2025-12-09 00:19:33.939 66350 INFO tempest.lib.common.rest_client [req-df9fdf46-c1b5-4985-a257-79c57484c5ca req-df9fdf46-c1b5-4985-a257-79c57484c5ca ] Request (VolumesAdminNegativeTest:tearDownClass): 200 GET http://10.180.1.21/compute/v2.1/servers/14a8e924-1d20-4bba-b3a2-58a4f8abe4b6 0.081s
2025-12-09 00:19:33.966 66360 INFO tempest.lib.common.rest_client [req-a59526d1-8f8d-4ce6-a21d-125aa83d3f97 req-a59526d1-8f8d-4ce6-a21d-125aa83d3f97 ] Request (MigrationsAdminTest:test_resize_server_revert_deleted_flavor): 200 GET http://10.180.1.21/compute/v2.1/servers/43991b0c-99c1-4192-8700-f26bae2cdb35 0.144s
2025-12-09 00:19:33.986 66298 INFO tempest.lib.common.rest_client [req-501362cd-c092-45af-af70-8a4f4af0eda7 req-501362cd-c092-45af-af70-8a4f4af0eda7 ] Request (ServerMetadataTestJSON:setUpClass): 200 GET http://10.180.1.21/compute/v2.1/servers/7f5fb954-8eb7-44bd-830e-33368d558c21 0.112s
2025-12-09 00:19:34.020 66340 INFO tempest.lib.common.rest_client [req-dddacd28-a714-4135-bb8c-b528abc066b7 req-dddacd28-a714-4135-bb8c-b528abc066b7 ] Request (ListImageFiltersTestJSON:tearDownClass): 200 GET http://10.180.1.21/compute/v2.1/servers/04be04a7-b943-4701-abd9-ec8af496d3b1 0.097s
2025-12-09 00:19:34.343 66338 INFO tempest.lib.common.rest_client [req-d7839980-2cdb-4f2c-abdc-b1f609dd42cc req-d7839980-2cdb-4f2c-abdc-b1f609dd42cc ] Request (InstanceActionsV221TestJSON:test_get_list_deleted_instance_actions): 404 GET http://10.180.1.21/compute/v2.1/servers/8dbd0f12-4351-4425-89ec-4340132c2f6b 0.022s
2025-12-09 00:19:34.396 66338 INFO tempest.lib.common.rest_client [req-fac7cb90-84ee-4bfd-b667-7018131c6ebc req-fac7cb90-84ee-4bfd-b667-7018131c6ebc ] Request (InstanceActionsV221TestJSON:test_get_list_deleted_instance_actions): 200 GET http://10.180.1.21/compute/v2.1/servers/8dbd0f12-4351-4425-89ec-4340132c2f6b/os-instance-actions 0.053s
2025-12-09 00:19:34.438 66314 INFO tempest.lib.common.rest_client [req-2580b2e2-c8a5-4c0d-aae0-d7f2c7529473 req-2580b2e2-c8a5-4c0d-aae0-d7f2c7529473 ] Request (ServerDiagnosticsTest:tearDownClass): 200 GET http://10.180.1.21/compute/v2.1/servers/bbd4c856-b85d-4b10-bcbd-be74e0688022 0.067s
2025-12-09 00:19:34.459 66338 INFO tempest.lib.common.rest_client [req-f49b2c9c-d711-487f-bfb0-6475c9606361 req-f49b2c9c-d711-487f-bfb0-6475c9606361 ] Request (InstanceActionsV221TestJSON:tearDownClass): 404 DELETE http://10.180.1.21/compute/v2.1/servers/8dbd0f12-4351-4425-89ec-4340132c2f6b 0.053s
2025-12-09 00:19:34.459 66306 INFO tempest.lib.common.rest_client [req-d5476bf6-3592-48a6-a3e6-2a576607ad2d req-d5476bf6-3592-48a6-a3e6-2a576607ad2d ] Request (ServersNegativeTestJSON:setUpClass): 200 GET http://10.180.1.21/compute/v2.1/servers/2e9a8604-a8bd-4444-9a50-057d5d0cf428 0.056s
2025-12-09 00:19:34.478 66338 INFO tempest.lib.common.rest_client [req-e675f479-f759-43c2-87e1-ff0bdd731bb1 req-e675f479-f759-43c2-87e1-ff0bdd731bb1 ] Request (InstanceActionsV221TestJSON:tearDownClass): 404 GET http://10.180.1.21/compute/v2.1/servers/8dbd0f12-4351-4425-89ec-4340132c2f6b 0.018s
2025-12-09 00:19:34.593 66334 INFO tempest.lib.common.rest_client [req-9e6a0b6c-95bc-4039-adc1-17e3c9d7233a req-9e6a0b6c-95bc-4039-adc1-17e3c9d7233a ] Request (ServersTestFqdnHostnames:tearDownClass): 200 GET http://10.180.1.21/compute/v2.1/servers/277dffec-78d7-4397-886d-6cbf5f496c28 0.061s
2025-12-09 00:19:34.730 66332 INFO tempest.lib.common.rest_client [req-41b78aed-c4e4-4be9-a175-ad80b5eac290 req-41b78aed-c4e4-4be9-a175-ad80b5eac290 ] Request (ServerDiskConfigTestJSON:test_resize_server_from_auto_to_manual): 200 GET http://10.180.1.21/compute/v2.1/servers/67dbfd52-4550-4eb9-a027-a36bd9612c18 0.111s
2025-12-09 00:19:34.758 66316 INFO tempest.lib.common.rest_client [req-77c17538-b5e3-482c-b688-65c0d4a1ed7b req-77c17538-b5e3-482c-b688-65c0d4a1ed7b ] Request (ServerRescueTestJSON:test_rescue_unrescue_instance): 200 GET http://10.180.1.21/compute/v2.1/servers/b3edf617-aadb-4c11-a43b-6f9f701b2927 0.152s
2025-12-09 00:19:34.787 66356 INFO tempest.lib.common.rest_client [req-5ab0776d-a241-44a9-a532-9edec7ecb0b9 req-5ab0776d-a241-44a9-a532-9edec7ecb0b9 ] Request (ImagesTestJSON:test_create_server_from_snapshot): 200 GET http://10.180.1.21/compute/v2.1/servers/abd486cc-aac8-42e7-a624-4a51db3aa6be 0.117s
2025-12-09 00:19:34.835 66336 INFO tempest.lib.common.rest_client [req-d78bd112-96d1-4c41-9d3e-4735db261f93 req-d78bd112-96d1-4c41-9d3e-4735db261f93 ] Request (SecurityGroupsTestJSON:tearDownClass): 200 GET http://10.180.1.21/compute/v2.1/servers/6c2bc455-0ac4-4215-80b2-f652cb1d16cc 0.145s
2025-12-09 00:19:34.874 66302 INFO tempest.lib.common.rest_client [req-caa8d36a-57cc-4573-80f5-7d4f5ca9f097 req-caa8d36a-57cc-4573-80f5-7d4f5ca9f097 ] Request (ServersWithSpecificFlavorTestJSON:test_verify_created_server_ephemeral_disk): 200 GET http://10.180.1.21/compute/v2.1/servers/309ab413-d0cf-4535-b577-eeb3dcce594f 0.156s
2025-12-09 00:19:34.905 66344 INFO tempest.lib.common.rest_client [req-5db9f7e3-17c6-4557-b307-098ffe8db016 req-5db9f7e3-17c6-4557-b307-098ffe8db016 ] Request (ServersListShow2100Test:test_list_show_rebuild_update_server_2100): 200 GET http://10.180.1.21/compute/v2.1/servers/b9e9ff24-b211-4669-815d-acae5793c021 0.148s
2025-12-09 00:19:34.917 66344 INFO tempest.common.waiters [-] State transition "BUILD/spawning" ==> "ACTIVE/None" after 50 second wait
2025-12-09 00:19:34.944 66300 INFO tempest.lib.common.rest_client [req-b6c954b5-331b-41b3-a500-17fd594ba605 req-b6c954b5-331b-41b3-a500-17fd594ba605 ] Request (DeleteServersTestJSON:test_delete_active_server): 200 GET http://10.180.1.21/compute/v2.1/servers/e8f0102a-ffc4-4069-8c3e-a44093d9a85f 0.181s
2025-12-09 00:19:34.973 66322 INFO tempest.lib.common.rest_client [req-e5af5961-d277-4641-9248-ee3238f32085 req-e5af5961-d277-4641-9248-ee3238f32085 ] Request (ServersAdminTestJSON:tearDownClass): 200 GET http://10.180.1.21/compute/v2.1/servers/3b81135a-75aa-45a0-b70d-76db95548bda 0.165s
2025-12-09 00:19:35.065 66318 INFO tempest.lib.common.rest_client [req-d9d7b1d8-2b29-41e2-963b-5cef741f39b2 req-d9d7b1d8-2b29-41e2-963b-5cef741f39b2 ] Request (AttachInterfacesUnderV243Test:_run_cleanups): 200 GET http://10.180.1.21/compute/v2.1/servers/fa0f45fe-0f46-4ed4-a399-36e438fa81c6 0.177s
2025-12-09 00:19:35.091 66304 INFO tempest.lib.common.rest_client [req-7613ca2a-2121-4dbb-9e3d-5ea80e86c923 req-7613ca2a-2121-4dbb-9e3d-5ea80e86c923 ] Request (ServersV294TestFqdnHostnames:setUpClass): 200 GET http://10.180.1.21/compute/v2.1/servers/ebaf7508-c857-4e45-86db-56c6c59b0931 0.216s
2025-12-09 00:19:35.194 66350 INFO tempest.lib.common.rest_client [req-a958c81c-58d3-4a6e-b9f7-8b5221091592 req-a958c81c-58d3-4a6e-b9f7-8b5221091592 ] Request (VolumesAdminNegativeTest:tearDownClass): 200 GET http://10.180.1.21/compute/v2.1/servers/14a8e924-1d20-4bba-b3a2-58a4f8abe4b6 0.247s
2025-12-09 00:19:35.200 66338 INFO tempest.lib.common.rest_client [req-0768f5be-f1b6-431e-83c5-5f1b9e826ae2 req-0768f5be-f1b6-431e-83c5-5f1b9e826ae2 ] Request (InstanceActionsV221TestJSON:tearDownClass): 200 PUT http://10.180.1.21/networking/v2.0/routers/f3ec50a2-ef7a-44a0-9084-24e736ca90b0/remove_router_interface 0.721s
2025-12-09 00:19:35.244 66344 INFO tempest.lib.common.rest_client [req-0c5c52f3-9912-459e-b353-a63ea8edfe6b req-0c5c52f3-9912-459e-b353-a63ea8edfe6b ] Request (ServersListShow2100Test:test_list_show_rebuild_update_server_2100): 200 GET http://10.180.1.21/compute/v2.1/servers/detail 0.326s
2025-12-09 00:19:35.328 66298 INFO tempest.lib.common.rest_client [req-f8d2a6ab-e8d2-4c3b-9fd9-c50ef593a96e req-f8d2a6ab-e8d2-4c3b-9fd9-c50ef593a96e ] Request (ServerMetadataTestJSON:setUpClass): 200 GET http://10.180.1.21/compute/v2.1/servers/7f5fb954-8eb7-44bd-830e-33368d558c21 0.333s
2025-12-09 00:19:35.358 66360 INFO tempest.lib.common.rest_client [req-4101df06-9496-42d4-b7e9-dfe8d1bb607b req-4101df06-9496-42d4-b7e9-dfe8d1bb607b ] Request (MigrationsAdminTest:test_resize_server_revert_deleted_flavor): 200 GET http://10.180.1.21/compute/v2.1/servers/43991b0c-99c1-4192-8700-f26bae2cdb35 0.380s
2025-12-09 00:19:35.394 66340 INFO tempest.lib.common.rest_client [req-d649c33b-322d-4ee3-a297-04a84693cfb7 req-d649c33b-322d-4ee3-a297-04a84693cfb7 ] Request (ListImageFiltersTestJSON:tearDownClass): 200 GET http://10.180.1.21/compute/v2.1/servers/04be04a7-b943-4701-abd9-ec8af496d3b1 0.366s
2025-12-09 00:19:35.419 66344 INFO tempest.lib.common.rest_client [req-e9fde03d-9a80-4feb-9819-b123ae82a58f req-e9fde03d-9a80-4feb-9819-b123ae82a58f ] Request (ServersListShow2100Test:test_list_show_rebuild_update_server_2100): 200 GET http://10.180.1.21/compute/v2.1/servers/b9e9ff24-b211-4669-815d-acae5793c021 0.160s
2025-12-09 00:19:35.506 66344 INFO tempest.lib.common.rest_client [req-90f6de4c-e3d4-4566-a513-cf475e68ad6d req-90f6de4c-e3d4-4566-a513-cf475e68ad6d ] Request (ServersListShow2100Test:test_list_show_rebuild_update_server_2100): 200 PUT http://10.180.1.21/compute/v2.1/servers/b9e9ff24-b211-4669-815d-acae5793c021 0.075s
2025-12-09 00:19:35.520 66314 INFO tempest.lib.common.rest_client [req-61afe4bf-bc44-4554-b0a7-c47a090db49c req-61afe4bf-bc44-4554-b0a7-c47a090db49c ] Request (ServerDiagnosticsTest:tearDownClass): 200 GET http://10.180.1.21/compute/v2.1/servers/bbd4c856-b85d-4b10-bcbd-be74e0688022 0.072s
2025-12-09 00:19:35.554 66306 INFO tempest.lib.common.rest_client [req-51d18d7c-a90a-483f-b604-d0edc4315be5 req-51d18d7c-a90a-483f-b604-d0edc4315be5 ] Request (ServersNegativeTestJSON:setUpClass): 200 GET http://10.180.1.21/compute/v2.1/servers/2e9a8604-a8bd-4444-9a50-057d5d0cf428 0.087s
2025-12-09 00:19:35.578 66338 INFO tempest.lib.common.rest_client [req-6d8b89a7-fb63-4069-aa18-2f59a4f22e3e req-6d8b89a7-fb63-4069-aa18-2f59a4f22e3e ] Request (InstanceActionsV221TestJSON:tearDownClass): 204 DELETE http://10.180.1.21/networking/v2.0/routers/f3ec50a2-ef7a-44a0-9084-24e736ca90b0 0.377s
2025-12-09 00:19:35.596 66344 INFO tempest.lib.common.rest_client [req-de90ac18-4518-42b7-8977-d4a802c40f4a req-de90ac18-4518-42b7-8977-d4a802c40f4a ] Request (ServersListShow2100Test:test_list_show_rebuild_update_server_2100): 200 GET http://10.180.1.21/compute/v2.1/servers/b9e9ff24-b211-4669-815d-acae5793c021 0.078s
2025-12-09 00:19:35.677 66334 INFO tempest.lib.common.rest_client [req-7cb75bab-4d6e-40ca-838e-56282a08a9d7 req-7cb75bab-4d6e-40ca-838e-56282a08a9d7 ] Request (ServersTestFqdnHostnames:tearDownClass): 200 GET http://10.180.1.21/compute/v2.1/servers/277dffec-78d7-4397-886d-6cbf5f496c28 0.076s
2025-12-09 00:19:35.736 66338 INFO tempest.lib.common.rest_client [req-4c245618-c182-4253-abf2-fd641a524a48 req-4c245618-c182-4253-abf2-fd641a524a48 ] Request (InstanceActionsV221TestJSON:tearDownClass): 204 DELETE http://10.180.1.21/networking/v2.0/subnets/27a9f98a-24f1-4d02-bb0c-d46f4e7ee0b7 0.158s
2025-12-09 00:19:35.816 66332 INFO tempest.lib.common.rest_client [req-0847c5c0-24d4-4f53-a032-8df69f514daf req-0847c5c0-24d4-4f53-a032-8df69f514daf ] Request (ServerDiskConfigTestJSON:test_resize_server_from_auto_to_manual): 200 GET http://10.180.1.21/compute/v2.1/servers/67dbfd52-4550-4eb9-a027-a36bd9612c18 0.077s
2025-12-09 00:19:35.844 66344 INFO tempest.lib.common.rest_client [req-7e672c2b-9cf5-4a54-92a8-3882c54a052b req-7e672c2b-9cf5-4a54-92a8-3882c54a052b ] Request (ServersListShow2100Test:test_list_show_rebuild_update_server_2100): 202 POST http://10.180.1.21/compute/v2.1/servers/b9e9ff24-b211-4669-815d-acae5793c021/action 0.232s
2025-12-09 00:19:35.923 66356 INFO tempest.lib.common.rest_client [req-d4ad1a72-b0fe-4061-957a-24f8d573e325 req-d4ad1a72-b0fe-4061-957a-24f8d573e325 ] Request (ImagesTestJSON:test_create_server_from_snapshot): 200 GET http://10.180.1.21/compute/v2.1/servers/abd486cc-aac8-42e7-a624-4a51db3aa6be 0.126s
2025-12-09 00:19:35.949 66316 INFO tempest.lib.common.rest_client [req-8044b149-622a-46ae-af5f-d46c416f1292 req-8044b149-622a-46ae-af5f-d46c416f1292 ] Request (ServerRescueTestJSON:test_rescue_unrescue_instance): 200 GET http://10.180.1.21/compute/v2.1/servers/b3edf617-aadb-4c11-a43b-6f9f701b2927 0.181s
2025-12-09 00:19:36.009 66336 INFO tempest.lib.common.rest_client [req-65f6738f-cc26-4444-96cd-15b45ddb7811 req-65f6738f-cc26-4444-96cd-15b45ddb7811 ] Request (SecurityGroupsTestJSON:tearDownClass): 200 GET http://10.180.1.21/compute/v2.1/servers/6c2bc455-0ac4-4215-80b2-f652cb1d16cc 0.164s
2025-12-09 00:19:36.030 66344 INFO tempest.lib.common.rest_client [req-0b4c77ed-10bd-4b07-a89d-3bd1202e55b0 req-0b4c77ed-10bd-4b07-a89d-3bd1202e55b0 ] Request (ServersListShow2100Test:test_list_show_rebuild_update_server_2100): 200 GET http://10.180.1.21/compute/v2.1/servers/b9e9ff24-b211-4669-815d-acae5793c021 0.171s
2025-12-09 00:19:36.032 66338 INFO tempest.lib.common.rest_client [req-d563489f-d885-4a8f-b8e9-9eddb78c59b2 req-d563489f-d885-4a8f-b8e9-9eddb78c59b2 ] Request (InstanceActionsV221TestJSON:tearDownClass): 204 DELETE http://10.180.1.21/networking/v2.0/networks/af9672e1-f725-43f3-a4e0-41dddecb560d 0.295s
2025-12-09 00:19:36.073 66302 INFO tempest.lib.common.rest_client [req-2fff98e5-9343-43fb-a8eb-76eb5a4a4acb req-2fff98e5-9343-43fb-a8eb-76eb5a4a4acb ] Request (ServersWithSpecificFlavorTestJSON:test_verify_created_server_ephemeral_disk): 200 GET http://10.180.1.21/compute/v2.1/servers/309ab413-d0cf-4535-b577-eeb3dcce594f 0.188s
2025-12-09 00:19:36.114 66300 INFO tempest.lib.common.rest_client [req-ae7422ac-a2c9-41db-8963-3ced945e56cc req-ae7422ac-a2c9-41db-8963-3ced945e56cc ] Request (DeleteServersTestJSON:test_delete_active_server): 200 GET http://10.180.1.21/compute/v2.1/servers/e8f0102a-ffc4-4069-8c3e-a44093d9a85f 0.162s
2025-12-09 00:19:36.167 66322 INFO tempest.lib.common.rest_client [req-a0f79912-7faa-4866-a1ac-3fb6159d0092 req-a0f79912-7faa-4866-a1ac-3fb6159d0092 ] Request (ServersAdminTestJSON:tearDownClass): 200 GET http://10.180.1.21/compute/v2.1/servers/3b81135a-75aa-45a0-b70d-76db95548bda 0.185s
2025-12-09 00:19:36.219 66318 INFO tempest.lib.common.rest_client [req-d553467e-caa1-4340-b9e8-3e308856a536 req-d553467e-caa1-4340-b9e8-3e308856a536 ] Request (AttachInterfacesUnderV243Test:_run_cleanups): 200 GET http://10.180.1.21/compute/v2.1/servers/fa0f45fe-0f46-4ed4-a399-36e438fa81c6 0.143s
2025-12-09 00:19:36.314 66338 INFO tempest.lib.common.rest_client [req-dcc37b1d-4392-4625-af09-b2c056ef8470 req-dcc37b1d-4392-4625-af09-b2c056ef8470 ] Request (InstanceActionsV221TestJSON:tearDownClass): 204 DELETE http://10.180.1.21/identity/v3/users/d1d82cbbb7ec451a8dd356bfc22bb412 0.281s
2025-12-09 00:19:36.314 66338 INFO tempest.lib.common.dynamic_creds [-] Deleting project and security group for project: 8f9d2c80d90548548e616e3a25ad2747
2025-12-09 00:19:36.321 66350 INFO tempest.lib.common.rest_client [req-b40f20c2-d82f-41ec-8f50-3171aa26ee1d req-b40f20c2-d82f-41ec-8f50-3171aa26ee1d ] Request (VolumesAdminNegativeTest:tearDownClass): 200 GET http://10.180.1.21/compute/v2.1/servers/14a8e924-1d20-4bba-b3a2-58a4f8abe4b6 0.118s
2025-12-09 00:19:36.349 66338 INFO tempest.lib.common.rest_client [req-de9defea-b3c7-41f2-a12b-9d09cd95c501 req-de9defea-b3c7-41f2-a12b-9d09cd95c501 ] Request (InstanceActionsV221TestJSON:tearDownClass): 200 GET http://10.180.1.21/networking/v2.0/security-groups?tenant_id=8f9d2c80d90548548e616e3a25ad2747&name=default 0.035s
